2025-11-12 23:45:41.076 65675 INFO tempest.lib.common.rest_client [req-871285d0-5636-4481-bbf2-03f0d894641e req-871285d0-5636-4481-bbf2-03f0d894641e ] Request (ServerDiagnosticsNegativeTest:test_get_server_diagnostics_by_non_admin): 200 GET http://10.180.1.21/compute/v2.1/servers/d0584c99-6e9a-4b01-bbb9-0ffe1c7d8a4d 0.079s
2025-11-12 23:45:41.095 65697 WARNING tempest.lib.common.ssh [-] Failed to establish authenticated ssh connection to cirros@10.180.180.175 ([Errno None] Unable to connect to port 22 on 10.180.180.175). Number attempts: 1. Retry after 2 seconds.: paramiko.ssh_exception.NoValidConnectionsError: [Errno None] Unable to connect to port 22 on 10.180.180.175
2025-11-12 23:45:41.326 65721 INFO tempest.lib.common.rest_client [req-0468911f-ba70-4fd7-9b7f-d86c66ec237d req-0468911f-ba70-4fd7-9b7f-d86c66ec237d ] Request (MigrationsAdminTest:test_resize_server_revert_deleted_flavor): 200 GET http://10.180.1.21/compute/v2.1/servers/29bd979e-07b5-4c44-8c6a-2a35b12968ab 0.159s
2025-11-12 23:45:41.335 65717 INFO tempest.lib.common.rest_client [req-ea0a9679-fdee-4cd0-a6cd-ff68d20e4893 req-ea0a9679-fdee-4cd0-a6cd-ff68d20e4893 ] Request (ServerActionsTestOtherB:test_resize_server_confirm_from_stopped): 200 GET http://10.180.1.21/compute/v2.1/servers/de11687e-08cc-4ee7-91fa-789196241589 0.162s
2025-11-12 23:45:41.372 65663 INFO tempest.lib.common.rest_client [req-852c3b3f-a7f6-41c7-9e0c-05a99f24bde7 req-852c3b3f-a7f6-41c7-9e0c-05a99f24bde7 ] Request (ServerDiskConfigTestJSON:test_rebuild_server_with_manual_disk_config): 200 GET http://10.180.1.21/compute/v2.1/servers/b2ecdc7f-92d2-4884-bcf3-5be664c7d119 0.135s
2025-11-12 23:45:41.397 65715 INFO tempest.lib.common.rest_client [req-fd609992-dd15-442b-9b2f-89272310d401 req-fd609992-dd15-442b-9b2f-89272310d401 ] Request (ServersTestManualDisk:tearDownClass): 200 GET http://10.180.1.21/compute/v2.1/servers/01427136-c72c-4c87-9694-33be47498ce2 0.088s
2025-11-12 23:45:41.427 65665 INFO tempest.lib.common.rest_client [req-51ad53a1-68db-4962-af9f-d74eb3d9fcc7 req-51ad53a1-68db-4962-af9f-d74eb3d9fcc7 ] Request (ServerActionsTestJSON:test_rebuild_server): 200 GET http://10.180.1.21/compute/v2.1/servers/b0f10836-b45a-4a6d-88fd-5173cc4b460c 0.052s
2025-11-12 23:45:41.495 65703 INFO tempest.lib.common.rest_client [req-277c9e40-de16-4452-87bd-4899222d4270 req-277c9e40-de16-4452-87bd-4899222d4270 ] Request (FloatingIPsAssociationTestJSON:tearDownClass): 200 GET http://10.180.1.21/compute/v2.1/servers/b97bcc61-bebf-4d78-b07f-20e8f9ca3ede 0.059s
2025-11-12 23:45:41.513 65677 INFO tempest.lib.common.rest_client [req-9e85241b-ea58-4bb0-a559-e1484f9c1cdb req-9e85241b-ea58-4bb0-a559-e1484f9c1cdb ] Request (ServersV294TestFqdnHostnames:tearDownClass): 200 GET http://10.180.1.21/compute/v2.1/servers/8d1fc405-3a7c-44d6-a33d-07364bea6304 0.063s
2025-11-12 23:45:41.544 65699 INFO tempest.lib.common.rest_client [req-014ccc33-19f4-4fae-b0ec-ea8eea1b4b6d req-014ccc33-19f4-4fae-b0ec-ea8eea1b4b6d ] Request (ServersTestJSON:test_create_server_specify_multibyte_character_name): 200 GET http://10.180.1.21/compute/v2.1/servers/6a01330e-80b5-4208-a0eb-4ac7461e6d06 0.053s
2025-11-12 23:45:41.580 65692 INFO tempest.lib.common.rest_client [req-2200ccea-9bd3-4fdd-b676-957ebaf23f52 req-2200ccea-9bd3-4fdd-b676-957ebaf23f52 ] Request (ServersTestJSON:setUpClass): 200 GET http://10.180.1.21/compute/v2.1/servers/0ea275bb-4921-4eb8-89f3-118168d63a9b 0.076s
2025-11-12 23:45:41.611 65687 INFO tempest.lib.common.rest_client [req-142032e9-0584-43ad-952d-4c74db96bec8 req-142032e9-0584-43ad-952d-4c74db96bec8 ] Request (ServersListShow296Test:test_list_show_update_rebuild_server_296): 200 GET http://10.180.1.21/compute/v2.1/servers/aa425aee-d531-482a-9a1e-739cde5a260c 0.057s
2025-11-12 23:45:41.670 65723 INFO tempest.lib.common.rest_client [req-c420ae90-80ea-49dc-9e09-6c76e408fd66 req-c420ae90-80ea-49dc-9e09-6c76e408fd66 ] Request (InstanceActionsTestJSON:tearDownClass): 200 GET http://10.180.1.21/compute/v2.1/servers/97fe388a-ceaf-46a1-ba20-ab0249b4d592 0.057s
2025-11-12 23:45:41.713 65667 INFO tempest.lib.common.rest_client [req-56c85db6-4d49-4785-b594-5b11040b6132 req-56c85db6-4d49-4785-b594-5b11040b6132 ] Request (ServerMetadataTestJSON:setUpClass): 200 GET http://10.180.1.21/compute/v2.1/servers/6e09b5cf-8bef-477a-9fa7-fefab127952f 0.050s
2025-11-12 23:45:41.776 65685 INFO tempest.lib.common.rest_client [req-c3e0af39-c48e-4dc6-9b07-e9df226cc76a req-c3e0af39-c48e-4dc6-9b07-e9df226cc76a ] Request (ServerActionsV293TestJSON:setUpClass): 200 GET http://10.180.1.21/compute/v2.1/servers/ad17fbce-d679-4497-81a7-ed73b25b4843 0.101s
2025-11-12 23:45:41.779 65701 INFO tempest.lib.common.rest_client [req-bf5f195b-6e8b-4b76-9ecb-f785d64078bc req-bf5f195b-6e8b-4b76-9ecb-f785d64078bc ] Request (SecurityGroupsTestJSON:test_server_security_groups): 200 GET http://10.180.1.21/compute/v2.1/servers/c1cca378-855b-4231-a0df-caf830bf9276 0.055s
2025-11-12 23:45:41.785 65685 INFO tempest.common.waiters [-] State transition "BUILD/spawning" ==> "ACTIVE/None" after 77 second wait
2025-11-12 23:45:41.847 65673 INFO tempest.lib.common.rest_client [req-b1a67425-8aee-4508-898c-c077164dc66d req-b1a67425-8aee-4508-898c-c077164dc66d ] Request (ListImageFiltersTestJSON:tearDownClass): 200 GET http://10.180.1.21/compute/v2.1/servers/de853266-8d21-4230-8053-e6e9dbdc0d39 0.063s
2025-11-12 23:45:41.847 65711 INFO tempest.lib.common.rest_client [req-2983489a-3564-46bf-9508-73b5c2585c20 req-2983489a-3564-46bf-9508-73b5c2585c20 ] Request (ServersTestMultiNic:_run_cleanups): 200 GET http://10.180.1.21/compute/v2.1/servers/0da534e6-4151-4c9d-bec8-798548a683e6 0.118s
2025-11-12 23:45:41.908 65705 INFO tempest.lib.common.rest_client [req-f4f6fa56-6069-4bbd-b765-8f6916a3f617 req-f4f6fa56-6069-4bbd-b765-8f6916a3f617 ] Request (ServersAdminTestJSON:setUpClass): 200 GET http://10.180.1.21/compute/v2.1/servers/4f57c265-47d8-42d0-95bc-5102fbdd9874 0.121s
2025-11-12 23:45:41.934 65685 INFO tempest.lib.common.rest_client [req-1890ca30-cde6-4c3c-9f08-d46c62e72c0d req-1890ca30-cde6-4c3c-9f08-d46c62e72c0d ] Request (ServerActionsV293TestJSON:setUpClass): 200 GET http://10.180.1.21/compute/v2.1/servers/ad17fbce-d679-4497-81a7-ed73b25b4843/os-interface 0.148s
2025-11-12 23:45:41.985 65669 INFO tempest.lib.common.rest_client [req-9bc2792b-f80e-4825-a72c-6c143146c30b req-9bc2792b-f80e-4825-a72c-6c143146c30b ] Request (ServersAdmin275Test:tearDownClass): 200 GET http://10.180.1.21/compute/v2.1/servers/513bff4a-ee9c-406a-b8d9-52f449db2df9 0.132s
2025-11-12 23:45:42.002 65683 INFO tempest.lib.common.rest_client [req-d5b91a56-544e-4bf3-b429-598d688fa25e req-d5b91a56-544e-4bf3-b429-598d688fa25e ] Request (ServerRescueTestJSONUnderV235:tearDownClass): 200 GET http://10.180.1.21/compute/v2.1/servers/9ccfa8ec-1e4f-43a3-86b7-75453e4e3309 0.148s
2025-11-12 23:45:42.043 65719 INFO tempest.lib.common.rest_client [req-58b495d3-bec4-4b40-8c7a-3284dccb0bda req-58b495d3-bec4-4b40-8c7a-3284dccb0bda ] Request (ServerPasswordTestJSON:setUpClass): 200 GET http://10.180.1.21/compute/v2.1/servers/507aaabc-65c8-4b64-8ad4-370cb3a16ee7 0.138s
2025-11-12 23:45:42.056 65671 INFO tempest.lib.common.rest_client [req-99fe6c86-59f9-4e03-8ed2-1e3a7736c6b4 req-99fe6c86-59f9-4e03-8ed2-1e3a7736c6b4 ] Request (ImagesTestJSON:test_create_image_from_suspended_server): 200 GET http://10.180.1.21/compute/v2.1/servers/c9cf02b3-64da-42ec-8565-176fd7c0cf0a 0.145s
2025-11-12 23:45:42.116 65681 INFO tempest.lib.common.rest_client [req-18d74def-635b-4462-be32-8aa597f15229 req-18d74def-635b-4462-be32-8aa597f15229 ] Request (ImagesOneServerNegativeTestJSON:_run_cleanups): 200 GET http://10.180.1.21/compute/v2.1/servers/983ffc7a-5228-40de-925a-4e3ef49aafc3 0.102s
2025-11-12 23:45:42.197 65725 INFO tempest.lib.common.rest_client [req-891e5d28-44c0-45f7-bcab-ce743d14253c req-891e5d28-44c0-45f7-bcab-ce743d14253c ] Request (ServerAddressesNegativeTestJSON:setUpClass): 200 GET http://10.180.1.21/compute/v2.1/servers/c229e8f7-e776-4a79-8672-51f237f99194 0.174s
2025-11-12 23:45:42.213 65679 INFO tempest.lib.common.rest_client [req-73a72f6a-be0d-411f-9d7c-6e1721283a5a req-73a72f6a-be0d-411f-9d7c-6e1721283a5a ] Request (ServerAddressesTestJSON:tearDownClass): 200 GET http://10.180.1.21/compute/v2.1/servers/1a5390c7-30fb-4797-a535-b179a063ed6f 0.136s
2025-11-12 23:45:42.253 65675 INFO tempest.lib.common.rest_client [req-10f3a1b4-e251-4c1f-b5e0-808857b3b396 req-10f3a1b4-e251-4c1f-b5e0-808857b3b396 ] Request (ServerDiagnosticsNegativeTest:test_get_server_diagnostics_by_non_admin): 200 GET http://10.180.1.21/compute/v2.1/servers/d0584c99-6e9a-4b01-bbb9-0ffe1c7d8a4d 0.168s
2025-11-12 23:45:42.496 65721 INFO tempest.lib.common.rest_client [req-0315212b-b465-4427-a044-888a4a595cbb req-0315212b-b465-4427-a044-888a4a595cbb ] Request (MigrationsAdminTest:test_resize_server_revert_deleted_flavor): 200 GET http://10.180.1.21/compute/v2.1/servers/29bd979e-07b5-4c44-8c6a-2a35b12968ab 0.162s
2025-11-12 23:45:42.524 65717 INFO tempest.lib.common.rest_client [req-38c9f45f-6286-4c75-bb22-513dca0738eb req-38c9f45f-6286-4c75-bb22-513dca0738eb ] Request (ServerActionsTestOtherB:test_resize_server_confirm_from_stopped): 200 GET http://10.180.1.21/compute/v2.1/servers/de11687e-08cc-4ee7-91fa-789196241589 0.181s
2025-11-12 23:45:42.556 65663 INFO tempest.lib.common.rest_client [req-52422c83-25ce-44b2-a045-1951e08dfaa8 req-52422c83-25ce-44b2-a045-1951e08dfaa8 ] Request (ServerDiskConfigTestJSON:test_rebuild_server_with_manual_disk_config): 200 GET http://10.180.1.21/compute/v2.1/servers/b2ecdc7f-92d2-4884-bcf3-5be664c7d119 0.176s
2025-11-12 23:45:42.594 65715 INFO tempest.lib.common.rest_client [req-bc4c6bbf-5556-49f2-b86a-cb24702b35bf req-bc4c6bbf-5556-49f2-b86a-cb24702b35bf ] Request (ServersTestManualDisk:tearDownClass): 200 GET http://10.180.1.21/compute/v2.1/servers/01427136-c72c-4c87-9694-33be47498ce2 0.189s
2025-11-12 23:45:42.610 65665 INFO tempest.lib.common.rest_client [req-fabda1b7-ff2f-4328-9f96-3f2e24a48596 req-fabda1b7-ff2f-4328-9f96-3f2e24a48596 ] Request (ServerActionsTestJSON:test_rebuild_server): 200 GET http://10.180.1.21/compute/v2.1/servers/b0f10836-b45a-4a6d-88fd-5173cc4b460c 0.174s
2025-11-12 23:45:42.659 65703 INFO tempest.lib.common.rest_client [req-ba25e9b7-5733-4e1e-bef6-3d10426f5a74 req-ba25e9b7-5733-4e1e-bef6-3d10426f5a74 ] Request (FloatingIPsAssociationTestJSON:tearDownClass): 200 GET http://10.180.1.21/compute/v2.1/servers/b97bcc61-bebf-4d78-b07f-20e8f9ca3ede 0.156s
2025-11-12 23:45:42.694 65677 INFO tempest.lib.common.rest_client [req-7b06f07e-3848-4f95-81da-2859c708cbb2 req-7b06f07e-3848-4f95-81da-2859c708cbb2 ] Request (ServersV294TestFqdnHostnames:tearDownClass): 200 GET http://10.180.1.21/compute/v2.1/servers/8d1fc405-3a7c-44d6-a33d-07364bea6304 0.171s
2025-11-12 23:45:42.709 65699 INFO tempest.lib.common.rest_client [req-51e391cd-09f0-48da-8d75-9cf2901c3372 req-51e391cd-09f0-48da-8d75-9cf2901c3372 ] Request (ServersTestJSON:test_create_server_specify_multibyte_character_name): 200 GET http://10.180.1.21/compute/v2.1/servers/6a01330e-80b5-4208-a0eb-4ac7461e6d06 0.157s
2025-11-12 23:45:42.753 65692 INFO tempest.lib.common.rest_client [req-6696ed82-a499-40a4-a001-3c08e2d1f1d5 req-6696ed82-a499-40a4-a001-3c08e2d1f1d5 ] Request (ServersTestJSON:setUpClass): 200 GET http://10.180.1.21/compute/v2.1/servers/0ea275bb-4921-4eb8-89f3-118168d63a9b 0.164s
2025-11-12 23:45:42.781 65687 INFO tempest.lib.common.rest_client [req-624dd398-89f3-4efc-b081-c22a0c11961c req-624dd398-89f3-4efc-b081-c22a0c11961c ] Request (ServersListShow296Test:test_list_show_update_rebuild_server_296): 200 GET http://10.180.1.21/compute/v2.1/servers/aa425aee-d531-482a-9a1e-739cde5a260c 0.160s
2025-11-12 23:45:42.829 65723 INFO tempest.lib.common.rest_client [req-468e5615-c1de-4da9-9ca4-79d22a748728 req-468e5615-c1de-4da9-9ca4-79d22a748728 ] Request (InstanceActionsTestJSON:tearDownClass): 200 GET http://10.180.1.21/compute/v2.1/servers/97fe388a-ceaf-46a1-ba20-ab0249b4d592 0.151s
2025-11-12 23:45:42.838 65667 INFO tempest.lib.common.rest_client [req-21797a5e-1c87-44b3-aaa7-414b2490cc7d req-21797a5e-1c87-44b3-aaa7-414b2490cc7d ] Request (ServerMetadataTestJSON:setUpClass): 200 GET http://10.180.1.21/compute/v2.1/servers/6e09b5cf-8bef-477a-9fa7-fefab127952f 0.116s
2025-11-12 23:45:42.880 65701 INFO tempest.lib.common.rest_client [req-2a7775bf-1ad8-4bc8-b157-150ab3a6bf33 req-2a7775bf-1ad8-4bc8-b157-150ab3a6bf33 ] Request (SecurityGroupsTestJSON:test_server_security_groups): 200 GET http://10.180.1.21/compute/v2.1/servers/c1cca378-855b-4231-a0df-caf830bf9276 0.093s
2025-11-12 23:45:42.926 65673 INFO tempest.lib.common.rest_client [req-b0a71753-5d7e-4e41-9cb9-8451e298a316 req-b0a71753-5d7e-4e41-9cb9-8451e298a316 ] Request (ListImageFiltersTestJSON:tearDownClass): 200 GET http://10.180.1.21/compute/v2.1/servers/de853266-8d21-4230-8053-e6e9dbdc0d39 0.071s
2025-11-12 23:45:42.936 65685 INFO tempest.lib.common.rest_client [req-9edb80a9-4454-41fa-8ee7-34c8157077a6 req-9edb80a9-4454-41fa-8ee7-34c8157077a6 ] Request (ServerActionsV293TestJSON:setUpClass): 200 PUT http://10.180.1.21/networking/v2.0/floatingips/0117b0c7-c145-4df2-9483-313f7a18fad4 0.999s
2025-11-12 23:45:42.941 65711 INFO tempest.lib.common.rest_client [req-22f85fde-defd-4ed9-b77a-97300a7d7fd2 req-22f85fde-defd-4ed9-b77a-97300a7d7fd2 ] Request (ServersTestMultiNic:_run_cleanups): 200 GET http://10.180.1.21/compute/v2.1/servers/0da534e6-4151-4c9d-bec8-798548a683e6 0.085s
2025-11-12 23:45:42.979 65705 INFO tempest.lib.common.rest_client [req-58d60265-c185-40c6-a70a-18765d3bf9a1 req-58d60265-c185-40c6-a70a-18765d3bf9a1 ] Request (ServersAdminTestJSON:setUpClass): 200 GET http://10.180.1.21/compute/v2.1/servers/4f57c265-47d8-42d0-95bc-5102fbdd9874 0.055s
2025-11-12 23:45:43.050 65685 INFO tempest.lib.common.rest_client [req-932faff8-00c2-46a5-9d5b-a932fbbad85f req-932faff8-00c2-46a5-9d5b-a932fbbad85f ] Request (ServerActionsV293TestJSON:test_rebuild_volume_backed_server): 200 GET http://10.180.1.21/compute/v2.1/servers/ad17fbce-d679-4497-81a7-ed73b25b4843 0.113s
2025-11-12 23:45:43.085 65669 INFO tempest.lib.common.rest_client [req-c7d2394f-7e1d-43e4-b67c-35a429ac09ea req-c7d2394f-7e1d-43e4-b67c-35a429ac09ea ] Request (ServersAdmin275Test:tearDownClass): 200 GET http://10.180.1.21/compute/v2.1/servers/513bff4a-ee9c-406a-b8d9-52f449db2df9 0.089s
2025-11-12 23:45:43.096 65669 INFO tempest.common.waiters [-] State transition "ACTIVE/deleting" ==> "DELETED/None" after 5 second wait
2025-11-12 23:45:43.098 65685 INFO tempest.lib.common.rest_client [req-ebfc8804-19a5-4ef2-9ccf-cc3bddec76fb req-ebfc8804-19a5-4ef2-9ccf-cc3bddec76fb ] Request (ServerActionsV293TestJSON:test_rebuild_volume_backed_server): 200 GET http://10.180.1.21/volume/v3/volumes/7f2d45b0-bf9d-4813-a3e0-6cb31715d9b6 0.038s
2025-11-12 23:45:43.109 65683 INFO tempest.lib.common.rest_client [req-2fde48ac-6c5a-434f-b7ea-442a19d31005 req-2fde48ac-6c5a-434f-b7ea-442a19d31005 ] Request (ServerRescueTestJSONUnderV235:tearDownClass): 200 GET http://10.180.1.21/compute/v2.1/servers/9ccfa8ec-1e4f-43a3-86b7-75453e4e3309 0.096s
2025-11-12 23:45:43.112 65685 INFO tempest.lib.common.ssh [-] Creating ssh connection to '10.180.180.215:22' as 'cirros' with public key authentication
2025-11-12 23:45:43.146 65719 INFO tempest.lib.common.rest_client [req-a47d1585-af7c-4b04-aee9-dfc5305b396e req-a47d1585-af7c-4b04-aee9-dfc5305b396e ] Request (ServerPasswordTestJSON:setUpClass): 200 GET http://10.180.1.21/compute/v2.1/servers/507aaabc-65c8-4b64-8ad4-370cb3a16ee7 0.094s
2025-11-12 23:45:43.160 65671 INFO tempest.lib.common.rest_client [req-d73e7f1c-fd15-43dc-84a6-7a229212848c req-d73e7f1c-fd15-43dc-84a6-7a229212848c ] Request (ImagesTestJSON:test_create_image_from_suspended_server): 200 GET http://10.180.1.21/compute/v2.1/servers/c9cf02b3-64da-42ec-8565-176fd7c0cf0a 0.095s
2025-11-12 23:45:43.205 65681 INFO tempest.lib.common.rest_client [req-bcb6a424-5b2e-421a-8bc5-03d83079c2f6 req-bcb6a424-5b2e-421a-8bc5-03d83079c2f6 ] Request (ImagesOneServerNegativeTestJSON:_run_cleanups): 200 GET http://10.180.1.21/compute/v2.1/servers/983ffc7a-5228-40de-925a-4e3ef49aafc3 0.078s
2025-11-12 23:45:43.291 65679 INFO tempest.lib.common.rest_client [req-6f48d22a-66b0-408e-835e-bf7872e718e5 req-6f48d22a-66b0-408e-835e-bf7872e718e5 ] Request (ServerAddressesTestJSON:tearDownClass): 200 GET http://10.180.1.21/compute/v2.1/servers/1a5390c7-30fb-4797-a535-b179a063ed6f 0.068s
2025-11-12 23:45:43.342 65675 INFO tempest.lib.common.rest_client [req-4af0d763-79f4-41cd-b283-052b0811eaa6 req-4af0d763-79f4-41cd-b283-052b0811eaa6 ] Request (ServerDiagnosticsNegativeTest:test_get_server_diagnostics_by_non_admin): 200 GET http://10.180.1.21/compute/v2.1/servers/d0584c99-6e9a-4b01-bbb9-0ffe1c7d8a4d 0.081s
2025-11-12 23:45:43.355 65725 INFO tempest.lib.common.rest_client [req-1cbe82af-b36e-4845-b9e0-ef57e04c2607 req-1cbe82af-b36e-4845-b9e0-ef57e04c2607 ] Request (ServerAddressesNegativeTestJSON:setUpClass): 200 GET http://10.180.1.21/compute/v2.1/servers/c229e8f7-e776-4a79-8672-51f237f99194 0.149s
2025-11-12 23:45:43.648 65721 INFO tempest.lib.common.rest_client [req-d25c3348-d082-4a18-b803-bfcc4efdfc37 req-d25c3348-d082-4a18-b803-bfcc4efdfc37 ] Request (MigrationsAdminTest:test_resize_server_revert_deleted_flavor): 200 GET http://10.180.1.21/compute/v2.1/servers/29bd979e-07b5-4c44-8c6a-2a35b12968ab 0.144s
2025-11-12 23:45:43.665 65717 INFO tempest.lib.common.rest_client [req-2f98a7e2-d6d7-4a4c-aab3-bbc037c267be req-2f98a7e2-d6d7-4a4c-aab3-bbc037c267be ] Request (ServerActionsTestOtherB:test_resize_server_confirm_from_stopped): 200 GET http://10.180.1.21/compute/v2.1/servers/de11687e-08cc-4ee7-91fa-789196241589 0.133s
2025-11-12 23:45:43.708 65663 INFO tempest.lib.common.rest_client [req-f27ceec9-325d-4e30-a454-d4731198b09c req-f27ceec9-325d-4e30-a454-d4731198b09c ] Request (ServerDiskConfigTestJSON:test_rebuild_server_with_manual_disk_config): 200 GET http://10.180.1.21/compute/v2.1/servers/b2ecdc7f-92d2-4884-bcf3-5be664c7d119 0.139s
2025-11-12 23:45:43.723 65663 INFO tempest.common.waiters [-] State transition "BUILD/scheduling" ==> "BUILD/None" after 16 second wait
2025-11-12 23:45:43.730 65715 INFO tempest.lib.common.rest_client [req-55a1e0bc-dcfc-43b0-b6eb-6c66b42dd743 req-55a1e0bc-dcfc-43b0-b6eb-6c66b42dd743 ] Request (ServersTestManualDisk:tearDownClass): 200 GET http://10.180.1.21/compute/v2.1/servers/01427136-c72c-4c87-9694-33be47498ce2 0.128s
2025-11-12 23:45:43.764 65665 INFO tempest.lib.common.rest_client [req-08815a48-eac2-49b6-a48e-2b787b79c1c3 req-08815a48-eac2-49b6-a48e-2b787b79c1c3 ] Request (ServerActionsTestJSON:test_rebuild_server): 200 GET http://10.180.1.21/compute/v2.1/servers/b0f10836-b45a-4a6d-88fd-5173cc4b460c 0.143s
2025-11-12 23:45:43.820 65703 INFO tempest.lib.common.rest_client [req-68e5b1e5-882e-4b8e-9f67-85fda524cfd8 req-68e5b1e5-882e-4b8e-9f67-85fda524cfd8 ] Request (FloatingIPsAssociationTestJSON:tearDownClass): 200 GET http://10.180.1.21/compute/v2.1/servers/b97bcc61-bebf-4d78-b07f-20e8f9ca3ede 0.148s
2025-11-12 23:45:43.862 65677 INFO tempest.lib.common.rest_client [req-64a3dd4c-3895-40cb-875e-b6d8a713c963 req-64a3dd4c-3895-40cb-875e-b6d8a713c963 ] Request (ServersV294TestFqdnHostnames:tearDownClass): 200 GET http://10.180.1.21/compute/v2.1/servers/8d1fc405-3a7c-44d6-a33d-07364bea6304 0.157s
2025-11-12 23:45:43.879 65699 INFO tempest.lib.common.rest_client [req-3dd5b4e0-b7ab-4dc6-9e87-d235f9bf7355 req-3dd5b4e0-b7ab-4dc6-9e87-d235f9bf7355 ] Request (ServersTestJSON:test_create_server_specify_multibyte_character_name): 200 GET http://10.180.1.21/compute/v2.1/servers/6a01330e-80b5-4208-a0eb-4ac7461e6d06 0.160s
2025-11-12 23:45:43.920 65692 INFO tempest.lib.common.rest_client [req-57f43333-1eb4-4bdf-be35-488ddaf3c182 req-57f43333-1eb4-4bdf-be35-488ddaf3c182 ] Request (ServersTestJSON:setUpClass): 200 GET http://10.180.1.21/compute/v2.1/servers/0ea275bb-4921-4eb8-89f3-118168d63a9b 0.158s
2025-11-12 23:45:43.954 65687 INFO tempest.lib.common.rest_client [req-0436939e-cb7f-42de-b300-9a16de3cecb9 req-0436939e-cb7f-42de-b300-9a16de3cecb9 ] Request (ServersListShow296Test:test_list_show_update_rebuild_server_296): 200 GET http://10.180.1.21/compute/v2.1/servers/aa425aee-d531-482a-9a1e-739cde5a260c 0.160s
2025-11-12 23:45:43.964 65687 INFO tempest.common.waiters [-] State transition "REBUILD/rebuilding" ==> "REBUILD/rebuild_spawning" after 3 second wait
2025-11-12 23:45:43.983 65723 INFO tempest.lib.common.rest_client [req-05ea866d-d7f6-4207-8a0c-4f5585a2419b req-05ea866d-d7f6-4207-8a0c-4f5585a2419b ] Request (InstanceActionsTestJSON:tearDownClass): 200 GET http://10.180.1.21/compute/v2.1/servers/97fe388a-ceaf-46a1-ba20-ab0249b4d592 0.145s
2025-11-12 23:45:44.004 65667 INFO tempest.lib.common.rest_client [req-dbfea791-8e57-4593-9a1d-dadae620be55 req-dbfea791-8e57-4593-9a1d-dadae620be55 ] Request (ServerMetadataTestJSON:setUpClass): 200 GET http://10.180.1.21/compute/v2.1/servers/6e09b5cf-8bef-477a-9fa7-fefab127952f 0.158s
2025-11-12 23:45:44.034 65701 INFO tempest.lib.common.rest_client [req-6c96eec9-7275-4745-8b5d-cacce08f41ef req-6c96eec9-7275-4745-8b5d-cacce08f41ef ] Request (SecurityGroupsTestJSON:test_server_security_groups): 200 GET http://10.180.1.21/compute/v2.1/servers/c1cca378-855b-4231-a0df-caf830bf9276 0.144s
2025-11-12 23:45:44.060 65673 INFO tempest.lib.common.rest_client [req-0bd1a921-c438-4553-a44f-93d4b814408b req-0bd1a921-c438-4553-a44f-93d4b814408b ] Request (ListImageFiltersTestJSON:tearDownClass): 200 GET http://10.180.1.21/compute/v2.1/servers/de853266-8d21-4230-8053-e6e9dbdc0d39 0.126s
2025-11-12 23:45:44.093 65711 INFO tempest.lib.common.rest_client [req-024d86da-d076-4055-8552-4450d0217daf req-024d86da-d076-4055-8552-4450d0217daf ] Request (ServersTestMultiNic:_run_cleanups): 200 GET http://10.180.1.21/compute/v2.1/servers/0da534e6-4151-4c9d-bec8-798548a683e6 0.144s
2025-11-12 23:45:44.108 65705 INFO tempest.lib.common.rest_client [req-b5ff11a9-e306-46e5-97dd-502523308b0c req-b5ff11a9-e306-46e5-97dd-502523308b0c ] Request (ServersAdminTestJSON:setUpClass): 200 GET http://10.180.1.21/compute/v2.1/servers/4f57c265-47d8-42d0-95bc-5102fbdd9874 0.119s
2025-11-12 23:45:44.160 65669 INFO tempest.lib.common.rest_client [req-3c17f632-dc16-4121-9f64-2f1b9bb52868 req-3c17f632-dc16-4121-9f64-2f1b9bb52868 ] Request (ServersAdmin275Test:tearDownClass): 200 GET http://10.180.1.21/compute/v2.1/servers/513bff4a-ee9c-406a-b8d9-52f449db2df9 0.063s
2025-11-12 23:45:44.168 65697 WARNING tempest.lib.common.ssh [-] Failed to establish authenticated ssh connection to cirros@10.180.180.175 ([Errno None] Unable to connect to port 22 on 10.180.180.175). Number attempts: 2. Retry after 3 seconds.: paramiko.ssh_exception.NoValidConnectionsError: [Errno None] Unable to connect to port 22 on 10.180.180.175
2025-11-12 23:45:44.179 65683 INFO tempest.lib.common.rest_client [req-0b69a22c-4d90-447a-b943-e0f9259c0a21 req-0b69a22c-4d90-447a-b943-e0f9259c0a21 ] Request (ServerRescueTestJSONUnderV235:tearDownClass): 200 GET http://10.180.1.21/compute/v2.1/servers/9ccfa8ec-1e4f-43a3-86b7-75453e4e3309 0.060s
2025-11-12 23:45:44.210 65719 INFO tempest.lib.common.rest_client [req-4d191c37-9a8d-423c-8f07-37b11ddca1c0 req-4d191c37-9a8d-423c-8f07-37b11ddca1c0 ] Request (ServerPasswordTestJSON:setUpClass): 200 GET http://10.180.1.21/compute/v2.1/servers/507aaabc-65c8-4b64-8ad4-370cb3a16ee7 0.055s
2025-11-12 23:45:44.228 65671 INFO tempest.lib.common.rest_client [req-5ce0fd0d-e915-430e-92b9-1c9e86c2abac req-5ce0fd0d-e915-430e-92b9-1c9e86c2abac ] Request (ImagesTestJSON:test_create_image_from_suspended_server): 200 GET http://10.180.1.21/compute/v2.1/servers/c9cf02b3-64da-42ec-8565-176fd7c0cf0a 0.059s
2025-11-12 23:45:44.267 65681 INFO tempest.lib.common.rest_client [req-7427b8e8-43bc-4a3d-b8e7-54b0e4911247 req-7427b8e8-43bc-4a3d-b8e7-54b0e4911247 ] Request (ImagesOneServerNegativeTestJSON:_run_cleanups): 200 GET http://10.180.1.21/compute/v2.1/servers/983ffc7a-5228-40de-925a-4e3ef49aafc3 0.053s
2025-11-12 23:45:44.365 65679 INFO tempest.lib.common.rest_client [req-4050e7fb-a36a-4240-a01c-2910457904f4 req-4050e7fb-a36a-4240-a01c-2910457904f4 ] Request (ServerAddressesTestJSON:tearDownClass): 200 GET http://10.180.1.21/compute/v2.1/servers/1a5390c7-30fb-4797-a535-b179a063ed6f 0.063s
2025-11-12 23:45:44.405 65675 INFO tempest.lib.common.rest_client [req-03dbce9a-1257-458f-847f-6f9bbe791c2a req-03dbce9a-1257-458f-847f-6f9bbe791c2a ] Request (ServerDiagnosticsNegativeTest:test_get_server_diagnostics_by_non_admin): 200 GET http://10.180.1.21/compute/v2.1/servers/d0584c99-6e9a-4b01-bbb9-0ffe1c7d8a4d 0.055s
2025-11-12 23:45:44.494 65725 INFO tempest.lib.common.rest_client [req-4df9f670-955b-4a11-a06a-ccc5a3c17446 req-4df9f670-955b-4a11-a06a-ccc5a3c17446 ] Request (ServerAddressesNegativeTestJSON:setUpClass): 200 GET http://10.180.1.21/compute/v2.1/servers/c229e8f7-e776-4a79-8672-51f237f99194 0.131s
2025-11-12 23:45:44.776 65721 INFO tempest.lib.common.rest_client [req-b0b738b1-648e-4c80-bfba-907b11ed3ee5 req-b0b738b1-648e-4c80-bfba-907b11ed3ee5 ] Request (MigrationsAdminTest:test_resize_server_revert_deleted_flavor): 200 GET http://10.180.1.21/compute/v2.1/servers/29bd979e-07b5-4c44-8c6a-2a35b12968ab 0.117s
2025-11-12 23:45:44.779 65717 INFO tempest.lib.common.rest_client [req-d8e5b283-dd85-4e2e-9fb9-4e4c91e48081 req-d8e5b283-dd85-4e2e-9fb9-4e4c91e48081 ] Request (ServerActionsTestOtherB:test_resize_server_confirm_from_stopped): 200 GET http://10.180.1.21/compute/v2.1/servers/de11687e-08cc-4ee7-91fa-789196241589 0.105s
2025-11-12 23:45:44.835 65663 INFO tempest.lib.common.rest_client [req-aad8b13a-90df-4933-88a7-84b9ac77f0c5 req-aad8b13a-90df-4933-88a7-84b9ac77f0c5 ] Request (ServerDiskConfigTestJSON:test_rebuild_server_with_manual_disk_config): 200 GET http://10.180.1.21/compute/v2.1/servers/b2ecdc7f-92d2-4884-bcf3-5be664c7d119 0.110s
2025-11-12 23:45:44.845 65715 INFO tempest.lib.common.rest_client [req-a0ea6117-fca5-485f-86ea-17dd55b1f00b req-a0ea6117-fca5-485f-86ea-17dd55b1f00b ] Request (ServersTestManualDisk:tearDownClass): 200 GET http://10.180.1.21/compute/v2.1/servers/01427136-c72c-4c87-9694-33be47498ce2 0.107s
2025-11-12 23:45:44.888 65665 INFO tempest.lib.common.rest_client [req-7059eb31-4fb9-43a8-bc1d-9b7b54b9cc47 req-7059eb31-4fb9-43a8-bc1d-9b7b54b9cc47 ] Request (ServerActionsTestJSON:test_rebuild_server): 200 GET http://10.180.1.21/compute/v2.1/servers/b0f10836-b45a-4a6d-88fd-5173cc4b460c 0.116s
2025-11-12 23:45:44.905 65703 INFO tempest.lib.common.rest_client [req-da9b471f-e127-4814-88ee-156a1c52c29d req-da9b471f-e127-4814-88ee-156a1c52c29d ] Request (FloatingIPsAssociationTestJSON:tearDownClass): 200 GET http://10.180.1.21/compute/v2.1/servers/b97bcc61-bebf-4d78-b07f-20e8f9ca3ede 0.074s
2025-11-12 23:45:44.950 65677 INFO tempest.lib.common.rest_client [req-33c5fa8c-2296-4190-bf9e-e9e7d3d83ba1 req-33c5fa8c-2296-4190-bf9e-e9e7d3d83ba1 ] Request (ServersV294TestFqdnHostnames:tearDownClass): 200 GET http://10.180.1.21/compute/v2.1/servers/8d1fc405-3a7c-44d6-a33d-07364bea6304 0.073s
2025-11-12 23:45:44.955 65699 INFO tempest.lib.common.rest_client [req-62951151-99cb-4169-a7ee-7434e9804e45 req-62951151-99cb-4169-a7ee-7434e9804e45 ] Request (ServersTestJSON:test_create_server_specify_multibyte_character_name): 200 GET http://10.180.1.21/compute/v2.1/servers/6a01330e-80b5-4208-a0eb-4ac7461e6d06 0.068s
2025-11-12 23:45:44.998 65692 INFO tempest.lib.common.rest_client [req-0c0107d5-492e-4401-a4d3-c08ee375d895 req-0c0107d5-492e-4401-a4d3-c08ee375d895 ] Request (ServersTestJSON:setUpClass): 200 GET http://10.180.1.21/compute/v2.1/servers/0ea275bb-4921-4eb8-89f3-118168d63a9b 0.067s
2025-11-12 23:45:45.023 65687 INFO tempest.lib.common.rest_client [req-b7f12d23-58c3-4e5c-91cb-afb2c99171a0 req-b7f12d23-58c3-4e5c-91cb-afb2c99171a0 ] Request (ServersListShow296Test:test_list_show_update_rebuild_server_296): 200 GET http://10.180.1.21/compute/v2.1/servers/aa425aee-d531-482a-9a1e-739cde5a260c 0.058s
2025-11-12 23:45:45.052 65723 INFO tempest.lib.common.rest_client [req-2ec4bb77-20e8-4dbf-9f2f-d2cda405734b req-2ec4bb77-20e8-4dbf-9f2f-d2cda405734b ] Request (InstanceActionsTestJSON:tearDownClass): 200 GET http://10.180.1.21/compute/v2.1/servers/97fe388a-ceaf-46a1-ba20-ab0249b4d592 0.061s
2025-11-12 23:45:45.068 65667 INFO tempest.lib.common.rest_client [req-096f5c49-21aa-4b7a-b463-30471af6125a req-096f5c49-21aa-4b7a-b463-30471af6125a ] Request (ServerMetadataTestJSON:setUpClass): 200 GET http://10.180.1.21/compute/v2.1/servers/6e09b5cf-8bef-477a-9fa7-fefab127952f 0.056s
2025-11-12 23:45:45.100 65701 INFO tempest.lib.common.rest_client [req-ad4598ea-17e9-4253-b0ce-4214d0f02c8b req-ad4598ea-17e9-4253-b0ce-4214d0f02c8b ] Request (SecurityGroupsTestJSON:test_server_security_groups): 200 GET http://10.180.1.21/compute/v2.1/servers/c1cca378-855b-4231-a0df-caf830bf9276 0.057s
2025-11-12 23:45:45.122 65673 INFO tempest.lib.common.rest_client [req-39d49ed2-f189-452b-a747-fd2a7c460ba8 req-39d49ed2-f189-452b-a747-fd2a7c460ba8 ] Request (ListImageFiltersTestJSON:tearDownClass): 200 GET http://10.180.1.21/compute/v2.1/servers/de853266-8d21-4230-8053-e6e9dbdc0d39 0.054s
2025-11-12 23:45:45.158 65711 INFO tempest.lib.common.rest_client [req-ced512ef-ba5f-43be-be76-5a478f821c11 req-ced512ef-ba5f-43be-be76-5a478f821c11 ] Request (ServersTestMultiNic:_run_cleanups): 200 GET http://10.180.1.21/compute/v2.1/servers/0da534e6-4151-4c9d-bec8-798548a683e6 0.057s
2025-11-12 23:45:45.167 65705 INFO tempest.lib.common.rest_client [req-80b2a0ea-ef5b-47e7-8a73-9d998d312d7f req-80b2a0ea-ef5b-47e7-8a73-9d998d312d7f ] Request (ServersAdminTestJSON:setUpClass): 200 GET http://10.180.1.21/compute/v2.1/servers/4f57c265-47d8-42d0-95bc-5102fbdd9874 0.051s
2025-11-12 23:45:45.231 65669 INFO tempest.lib.common.rest_client [req-1e275953-579d-4c9c-8fb9-df2f0bca5115 req-1e275953-579d-4c9c-8fb9-df2f0bca5115 ] Request (ServersAdmin275Test:tearDownClass): 200 GET http://10.180.1.21/compute/v2.1/servers/513bff4a-ee9c-406a-b8d9-52f449db2df9 0.061s
2025-11-12 23:45:45.246 65683 INFO tempest.lib.common.rest_client [req-c8cfafd8-eb3a-4725-b03e-d6c02a770c7c req-c8cfafd8-eb3a-4725-b03e-d6c02a770c7c ] Request (ServerRescueTestJSONUnderV235:tearDownClass): 200 GET http://10.180.1.21/compute/v2.1/servers/9ccfa8ec-1e4f-43a3-86b7-75453e4e3309 0.058s
2025-11-12 23:45:45.278 65719 INFO tempest.lib.common.rest_client [req-0066f9d7-7bee-4c2b-8f21-47ebc67597a9 req-0066f9d7-7bee-4c2b-8f21-47ebc67597a9 ] Request (ServerPasswordTestJSON:setUpClass): 200 GET http://10.180.1.21/compute/v2.1/servers/507aaabc-65c8-4b64-8ad4-370cb3a16ee7 0.060s
2025-11-12 23:45:45.296 65671 INFO tempest.lib.common.rest_client [req-cf4d6794-e1c8-4dc5-bc9f-77fe6c5bf547 req-cf4d6794-e1c8-4dc5-bc9f-77fe6c5bf547 ] Request (ImagesTestJSON:test_create_image_from_suspended_server): 200 GET http://10.180.1.21/compute/v2.1/servers/c9cf02b3-64da-42ec-8565-176fd7c0cf0a 0.060s
2025-11-12 23:45:45.332 65681 INFO tempest.lib.common.rest_client [req-55efef40-cba7-4769-9865-5602954cf588 req-55efef40-cba7-4769-9865-5602954cf588 ] Request (ImagesOneServerNegativeTestJSON:_run_cleanups): 200 GET http://10.180.1.21/compute/v2.1/servers/983ffc7a-5228-40de-925a-4e3ef49aafc3 0.053s
2025-11-12 23:45:45.439 65679 INFO tempest.lib.common.rest_client [req-23b5afc6-d103-4eab-8d5f-9fc1b4693466 req-23b5afc6-d103-4eab-8d5f-9fc1b4693466 ] Request (ServerAddressesTestJSON:tearDownClass): 200 GET http://10.180.1.21/compute/v2.1/servers/1a5390c7-30fb-4797-a535-b179a063ed6f 0.065s
2025-11-12 23:45:45.474 65675 INFO tempest.lib.common.rest_client [req-82cfe746-3ddb-477c-88be-538d8c1a596a req-82cfe746-3ddb-477c-88be-538d8c1a596a ] Request (ServerDiagnosticsNegativeTest:test_get_server_diagnostics_by_non_admin): 200 GET http://10.180.1.21/compute/v2.1/servers/d0584c99-6e9a-4b01-bbb9-0ffe1c7d8a4d 0.062s
2025-11-12 23:45:45.615 65725 INFO tempest.lib.common.rest_client [req-5a86c898-1a06-469c-a4c9-12980ac30eb0 req-5a86c898-1a06-469c-a4c9-12980ac30eb0 ] Request (ServerAddressesNegativeTestJSON:setUpClass): 200 GET http://10.180.1.21/compute/v2.1/servers/c229e8f7-e776-4a79-8672-51f237f99194 0.113s
2025-11-12 23:45:45.891 65721 INFO tempest.lib.common.rest_client [req-02ecdece-5d0e-40df-80cb-aad04e6896d6 req-02ecdece-5d0e-40df-80cb-aad04e6896d6 ] Request (MigrationsAdminTest:test_resize_server_revert_deleted_flavor): 200 GET http://10.180.1.21/compute/v2.1/servers/29bd979e-07b5-4c44-8c6a-2a35b12968ab 0.108s
2025-11-12 23:45:45.895 65717 INFO tempest.lib.common.rest_client [req-9619a7fc-4e5f-4b00-a797-07c4bb7acdfd req-9619a7fc-4e5f-4b00-a797-07c4bb7acdfd ] Request (ServerActionsTestOtherB:test_resize_server_confirm_from_stopped): 200 GET http://10.180.1.21/compute/v2.1/servers/de11687e-08cc-4ee7-91fa-789196241589 0.108s
2025-11-12 23:45:45.946 65663 INFO tempest.lib.common.rest_client [req-3b50f7ff-b151-42c9-b869-cd0c2383d90c req-3b50f7ff-b151-42c9-b869-cd0c2383d90c ] Request (ServerDiskConfigTestJSON:test_rebuild_server_with_manual_disk_config): 200 GET http://10.180.1.21/compute/v2.1/servers/b2ecdc7f-92d2-4884-bcf3-5be664c7d119 0.102s
2025-11-12 23:45:45.964 65715 INFO tempest.lib.common.rest_client [req-5f66d5cc-8dad-4424-b230-18de22b10621 req-5f66d5cc-8dad-4424-b230-18de22b10621 ] Request (ServersTestManualDisk:tearDownClass): 200 GET http://10.180.1.21/compute/v2.1/servers/01427136-c72c-4c87-9694-33be47498ce2 0.109s
2025-11-12 23:45:46.020 65665 INFO tempest.lib.common.rest_client [req-d3f6a638-f8cc-40eb-bf6b-8c99c1d5a42f req-d3f6a638-f8cc-40eb-bf6b-8c99c1d5a42f ] Request (ServerActionsTestJSON:test_rebuild_server): 200 GET http://10.180.1.21/compute/v2.1/servers/b0f10836-b45a-4a6d-88fd-5173cc4b460c 0.121s
2025-11-12 23:45:46.029 65703 INFO tempest.lib.common.rest_client [req-8cff65c2-f242-4cd5-bd3b-94ca1000a6c4 req-8cff65c2-f242-4cd5-bd3b-94ca1000a6c4 ] Request (FloatingIPsAssociationTestJSON:tearDownClass): 200 GET http://10.180.1.21/compute/v2.1/servers/b97bcc61-bebf-4d78-b07f-20e8f9ca3ede 0.116s
2025-11-12 23:45:46.082 65699 INFO tempest.lib.common.rest_client [req-35e2fa97-21c4-4517-aae0-e095b36f7133 req-35e2fa97-21c4-4517-aae0-e095b36f7133 ] Request (ServersTestJSON:test_create_server_specify_multibyte_character_name): 200 GET http://10.180.1.21/compute/v2.1/servers/6a01330e-80b5-4208-a0eb-4ac7461e6d06 0.119s
2025-11-12 23:45:46.089 65677 INFO tempest.lib.common.rest_client [req-d2631624-f2c4-4aa7-8f20-ad8529c10bb3 req-d2631624-f2c4-4aa7-8f20-ad8529c10bb3 ] Request (ServersV294TestFqdnHostnames:tearDownClass): 200 GET http://10.180.1.21/compute/v2.1/servers/8d1fc405-3a7c-44d6-a33d-07364bea6304 0.129s
2025-11-12 23:45:46.137 65692 INFO tempest.lib.common.rest_client [req-1f634edf-b51f-43a3-9d67-6fcd6cd47f01 req-1f634edf-b51f-43a3-9d67-6fcd6cd47f01 ] Request (ServersTestJSON:setUpClass): 200 GET http://10.180.1.21/compute/v2.1/servers/0ea275bb-4921-4eb8-89f3-118168d63a9b 0.131s
2025-11-12 23:45:46.167 65687 INFO tempest.lib.common.rest_client [req-7dcb4882-a42c-4a50-8b68-94a9f6cd6f5f req-7dcb4882-a42c-4a50-8b68-94a9f6cd6f5f ] Request (ServersListShow296Test:test_list_show_update_rebuild_server_296): 200 GET http://10.180.1.21/compute/v2.1/servers/aa425aee-d531-482a-9a1e-739cde5a260c 0.134s
2025-11-12 23:45:46.207 65723 INFO tempest.lib.common.rest_client [req-464e06bf-72d0-42b7-b18f-10f4a183c077 req-464e06bf-72d0-42b7-b18f-10f4a183c077 ] Request (InstanceActionsTestJSON:tearDownClass): 200 GET http://10.180.1.21/compute/v2.1/servers/97fe388a-ceaf-46a1-ba20-ab0249b4d592 0.148s
2025-11-12 23:45:46.241 65667 INFO tempest.lib.common.rest_client [req-45e927e7-8abd-4fd6-9c79-dae15e266efe req-45e927e7-8abd-4fd6-9c79-dae15e266efe ] Request (ServerMetadataTestJSON:setUpClass): 200 GET http://10.180.1.21/compute/v2.1/servers/6e09b5cf-8bef-477a-9fa7-fefab127952f 0.165s
2025-11-12 23:45:46.259 65701 INFO tempest.lib.common.rest_client [req-eceb5a14-277d-4036-afec-52e97cddc29e req-eceb5a14-277d-4036-afec-52e97cddc29e ] Request (SecurityGroupsTestJSON:test_server_security_groups): 200 GET http://10.180.1.21/compute/v2.1/servers/c1cca378-855b-4231-a0df-caf830bf9276 0.151s
2025-11-12 23:45:46.302 65673 INFO tempest.lib.common.rest_client [req-84d930a3-c3b2-4d06-9340-924c3cc06964 req-84d930a3-c3b2-4d06-9340-924c3cc06964 ] Request (ListImageFiltersTestJSON:tearDownClass): 200 GET http://10.180.1.21/compute/v2.1/servers/de853266-8d21-4230-8053-e6e9dbdc0d39 0.172s
2025-11-12 23:45:46.326 65711 INFO tempest.lib.common.rest_client [req-f425f795-5464-4f32-b2f2-3681d0f6bd69 req-f425f795-5464-4f32-b2f2-3681d0f6bd69 ] Request (ServersTestMultiNic:_run_cleanups): 200 GET http://10.180.1.21/compute/v2.1/servers/0da534e6-4151-4c9d-bec8-798548a683e6 0.159s
2025-11-12 23:45:46.358 65705 INFO tempest.lib.common.rest_client [req-21dc7eee-f38c-46d9-abe0-915820faa102 req-21dc7eee-f38c-46d9-abe0-915820faa102 ] Request (ServersAdminTestJSON:setUpClass): 200 GET http://10.180.1.21/compute/v2.1/servers/4f57c265-47d8-42d0-95bc-5102fbdd9874 0.182s
2025-11-12 23:45:46.394 65669 INFO tempest.lib.common.rest_client [req-6a591f1c-b44d-4a85-a17f-9aad287350f2 req-6a591f1c-b44d-4a85-a17f-9aad287350f2 ] Request (ServersAdmin275Test:tearDownClass): 200 GET http://10.180.1.21/compute/v2.1/servers/513bff4a-ee9c-406a-b8d9-52f449db2df9 0.153s
2025-11-12 23:45:46.419 65683 INFO tempest.lib.common.rest_client [req-8e1ad6cd-7065-431d-9575-a5eb93d5ddf4 req-8e1ad6cd-7065-431d-9575-a5eb93d5ddf4 ] Request (ServerRescueTestJSONUnderV235:tearDownClass): 200 GET http://10.180.1.21/compute/v2.1/servers/9ccfa8ec-1e4f-43a3-86b7-75453e4e3309 0.165s
2025-11-12 23:45:46.454 65719 INFO tempest.lib.common.rest_client [req-fcbe0bf4-a2c6-48d5-ab9d-10ac818227b6 req-fcbe0bf4-a2c6-48d5-ab9d-10ac818227b6 ] Request (ServerPasswordTestJSON:setUpClass): 200 GET http://10.180.1.21/compute/v2.1/servers/507aaabc-65c8-4b64-8ad4-370cb3a16ee7 0.168s
2025-11-12 23:45:46.471 65671 INFO tempest.lib.common.rest_client [req-9cefe3b3-5d63-4648-9f84-ad42ba2b8996 req-9cefe3b3-5d63-4648-9f84-ad42ba2b8996 ] Request (ImagesTestJSON:test_create_image_from_suspended_server): 200 GET http://10.180.1.21/compute/v2.1/servers/c9cf02b3-64da-42ec-8565-176fd7c0cf0a 0.166s
2025-11-12 23:45:46.508 65681 INFO tempest.lib.common.rest_client [req-d911731f-fa46-4521-b8a4-42d21e542876 req-d911731f-fa46-4521-b8a4-42d21e542876 ] Request (ImagesOneServerNegativeTestJSON:_run_cleanups): 200 GET http://10.180.1.21/compute/v2.1/servers/983ffc7a-5228-40de-925a-4e3ef49aafc3 0.168s
2025-11-12 23:45:46.528 65679 INFO tempest.lib.common.rest_client [req-128bf66a-56ab-4e5e-969c-c8311bf83bda req-128bf66a-56ab-4e5e-969c-c8311bf83bda ] Request (ServerAddressesTestJSON:tearDownClass): 200 GET http://10.180.1.21/compute/v2.1/servers/1a5390c7-30fb-4797-a535-b179a063ed6f 0.077s
2025-11-12 23:45:46.556 65675 INFO tempest.lib.common.rest_client [req-a3468e05-a9f0-455f-937f-2c4bc5768aa7 req-a3468e05-a9f0-455f-937f-2c4bc5768aa7 ] Request (ServerDiagnosticsNegativeTest:test_get_server_diagnostics_by_non_admin): 200 GET http://10.180.1.21/compute/v2.1/servers/d0584c99-6e9a-4b01-bbb9-0ffe1c7d8a4d 0.074s
2025-11-12 23:45:46.718 65725 INFO tempest.lib.common.rest_client [req-d742d51b-f96e-4eb0-b04b-e94fe395f4fd req-d742d51b-f96e-4eb0-b04b-e94fe395f4fd ] Request (ServerAddressesNegativeTestJSON:setUpClass): 200 GET http://10.180.1.21/compute/v2.1/servers/c229e8f7-e776-4a79-8672-51f237f99194 0.094s
2025-11-12 23:45:46.725 65725 INFO tempest.common.waiters [-] State transition "BUILD/spawning" ==> "ACTIVE/None" after 80 second wait
2025-11-12 23:45:46.755 65725 INFO tempest.lib.common.rest_client [req-6552648b-ab80-4d91-87ae-5dc9bd442bca req-6552648b-ab80-4d91-87ae-5dc9bd442bca ] Request (ServerAddressesNegativeTestJSON:test_list_server_addresses_by_network_neg): 404 GET http://10.180.1.21/compute/v2.1/servers/c229e8f7-e776-4a79-8672-51f237f99194/ips/invalid 0.028s
2025-11-12 23:45:46.766 65725 INFO tempest.lib.common.rest_client [req-23d01b14-9c75-4b57-ab55-56f29651bd23 req-23d01b14-9c75-4b57-ab55-56f29651bd23 ] Request (ServerAddressesNegativeTestJSON:test_list_server_addresses_invalid_server_id): 404 GET http://10.180.1.21/compute/v2.1/servers/999/ips 0.010s
2025-11-12 23:45:46.853 65725 INFO tempest.lib.common.rest_client [req-a8bebd5a-af5b-4d3c-a2c6-e045f6315155 req-a8bebd5a-af5b-4d3c-a2c6-e045f6315155 ] Request (ServerAddressesNegativeTestJSON:tearDownClass): 204 DELETE http://10.180.1.21/compute/v2.1/servers/c229e8f7-e776-4a79-8672-51f237f99194 0.085s
2025-11-12 23:45:46.963 65725 INFO tempest.lib.common.rest_client [req-22702a72-e50c-48b7-b382-2814b236bbef req-22702a72-e50c-48b7-b382-2814b236bbef ] Request (ServerAddressesNegativeTestJSON:tearDownClass): 200 GET http://10.180.1.21/compute/v2.1/servers/c229e8f7-e776-4a79-8672-51f237f99194 0.109s
2025-11-12 23:45:47.049 65721 INFO tempest.lib.common.rest_client [req-c2d9eba7-922f-4dce-8464-90b13ec05b5b req-c2d9eba7-922f-4dce-8464-90b13ec05b5b ] Request (MigrationsAdminTest:test_resize_server_revert_deleted_flavor): 200 GET http://10.180.1.21/compute/v2.1/servers/29bd979e-07b5-4c44-8c6a-2a35b12968ab 0.149s
2025-11-12 23:45:47.105 65663 INFO tempest.lib.common.rest_client [req-79fd0f1e-f1fa-4518-af78-bd9c1a167024 req-79fd0f1e-f1fa-4518-af78-bd9c1a167024 ] Request (ServerDiskConfigTestJSON:test_rebuild_server_with_manual_disk_config): 200 GET http://10.180.1.21/compute/v2.1/servers/b2ecdc7f-92d2-4884-bcf3-5be664c7d119 0.149s
2025-11-12 23:45:47.123 65717 INFO tempest.lib.common.rest_client [req-c095d2c3-1ccb-41a0-acfd-ecb2a467ec70 req-c095d2c3-1ccb-41a0-acfd-ecb2a467ec70 ] Request (ServerActionsTestOtherB:test_resize_server_confirm_from_stopped): 200 GET http://10.180.1.21/compute/v2.1/servers/de11687e-08cc-4ee7-91fa-789196241589 0.218s
2025-11-12 23:45:47.168 65715 INFO tempest.lib.common.rest_client [req-be207872-ab66-49e5-b750-9ddcab06100c req-be207872-ab66-49e5-b750-9ddcab06100c ] Request (ServersTestManualDisk:tearDownClass): 200 GET http://10.180.1.21/compute/v2.1/servers/01427136-c72c-4c87-9694-33be47498ce2 0.195s
2025-11-12 23:45:47.176 65665 INFO tempest.lib.common.rest_client [req-096d6644-e54b-493e-9758-742f0dec769c req-096d6644-e54b-493e-9758-742f0dec769c ] Request (ServerActionsTestJSON:test_rebuild_server): 200 GET http://10.180.1.21/compute/v2.1/servers/b0f10836-b45a-4a6d-88fd-5173cc4b460c 0.148s
2025-11-12 23:45:47.223 65699 INFO tempest.lib.common.rest_client [req-58d7ca83-c016-4890-bb62-44b09376f3f9 req-58d7ca83-c016-4890-bb62-44b09376f3f9 ] Request (ServersTestJSON:test_create_server_specify_multibyte_character_name): 200 GET http://10.180.1.21/compute/v2.1/servers/6a01330e-80b5-4208-a0eb-4ac7461e6d06 0.131s
2025-11-12 23:45:47.226 65703 INFO tempest.lib.common.rest_client [req-99daef61-771d-43d2-b340-733841d05413 req-99daef61-771d-43d2-b340-733841d05413 ] Request (FloatingIPsAssociationTestJSON:tearDownClass): 200 GET http://10.180.1.21/compute/v2.1/servers/b97bcc61-bebf-4d78-b07f-20e8f9ca3ede 0.189s
2025-11-12 23:45:47.247 65685 WARNING tempest.lib.common.ssh [-] Failed to establish authenticated ssh connection to cirros@10.180.180.215 ([Errno None] Unable to connect to port 22 on 10.180.180.215). Number attempts: 1. Retry after 2 seconds.: paramiko.ssh_exception.NoValidConnectionsError: [Errno None] Unable to connect to port 22 on 10.180.180.215
2025-11-12 23:45:47.274 65692 INFO tempest.lib.common.rest_client [req-0c644051-16b9-4d34-92fd-c72d01004f89 req-0c644051-16b9-4d34-92fd-c72d01004f89 ] Request (ServersTestJSON:setUpClass): 200 GET http://10.180.1.21/compute/v2.1/servers/0ea275bb-4921-4eb8-89f3-118168d63a9b 0.127s
2025-11-12 23:45:47.286 65677 INFO tempest.lib.common.rest_client [req-d178505a-3f8d-41fe-8d79-cee6cd63c355 req-d178505a-3f8d-41fe-8d79-cee6cd63c355 ] Request (ServersV294TestFqdnHostnames:tearDownClass): 200 GET http://10.180.1.21/compute/v2.1/servers/8d1fc405-3a7c-44d6-a33d-07364bea6304 0.186s
2025-11-12 23:45:47.332 65687 INFO tempest.lib.common.rest_client [req-ce050fa9-b0bf-4762-8a44-8c864e83ff3f req-ce050fa9-b0bf-4762-8a44-8c864e83ff3f ] Request (ServersListShow296Test:test_list_show_update_rebuild_server_296): 200 GET http://10.180.1.21/compute/v2.1/servers/aa425aee-d531-482a-9a1e-739cde5a260c 0.153s
2025-11-12 23:45:47.343 65723 INFO tempest.lib.common.rest_client [req-b194f399-2414-4b04-9f27-3b3d9fb64f81 req-b194f399-2414-4b04-9f27-3b3d9fb64f81 ] Request (InstanceActionsTestJSON:tearDownClass): 200 GET http://10.180.1.21/compute/v2.1/servers/97fe388a-ceaf-46a1-ba20-ab0249b4d592 0.127s
2025-11-12 23:45:47.385 65667 INFO tempest.lib.common.rest_client [req-f4c3850c-f264-400c-a40f-b71deb5d8783 req-f4c3850c-f264-400c-a40f-b71deb5d8783 ] Request (ServerMetadataTestJSON:setUpClass): 200 GET http://10.180.1.21/compute/v2.1/servers/6e09b5cf-8bef-477a-9fa7-fefab127952f 0.135s
2025-11-12 23:45:47.395 65701 INFO tempest.lib.common.rest_client [req-34836664-d73a-4c67-bda4-13214a1dc458 req-34836664-d73a-4c67-bda4-13214a1dc458 ] Request (SecurityGroupsTestJSON:test_server_security_groups): 200 GET http://10.180.1.21/compute/v2.1/servers/c1cca378-855b-4231-a0df-caf830bf9276 0.125s
2025-11-12 23:45:47.439 65673 INFO tempest.lib.common.rest_client [req-ce983d4b-a38d-455f-bb7d-bc97ac577814 req-ce983d4b-a38d-455f-bb7d-bc97ac577814 ] Request (ListImageFiltersTestJSON:tearDownClass): 200 GET http://10.180.1.21/compute/v2.1/servers/de853266-8d21-4230-8053-e6e9dbdc0d39 0.130s
2025-11-12 23:45:47.450 65711 INFO tempest.lib.common.rest_client [req-c68d47c8-5e42-45df-8c13-dd2e6a792433 req-c68d47c8-5e42-45df-8c13-dd2e6a792433 ] Request (ServersTestMultiNic:_run_cleanups): 200 GET http://10.180.1.21/compute/v2.1/servers/0da534e6-4151-4c9d-bec8-798548a683e6 0.111s
2025-11-12 23:45:47.490 65705 INFO tempest.lib.common.rest_client [req-97f01b0e-59dd-423f-997e-3b7755a2594b req-97f01b0e-59dd-423f-997e-3b7755a2594b ] Request (ServersAdminTestJSON:setUpClass): 200 GET http://10.180.1.21/compute/v2.1/servers/4f57c265-47d8-42d0-95bc-5102fbdd9874 0.123s
2025-11-12 23:45:47.510 65669 INFO tempest.lib.common.rest_client [req-948d2020-131a-4a74-8861-e077f10ebbf4 req-948d2020-131a-4a74-8861-e077f10ebbf4 ] Request (ServersAdmin275Test:tearDownClass): 200 GET http://10.180.1.21/compute/v2.1/servers/513bff4a-ee9c-406a-b8d9-52f449db2df9 0.105s
2025-11-12 23:45:47.545 65683 INFO tempest.lib.common.rest_client [req-4d444b97-282b-409b-81c4-825e216f3f57 req-4d444b97-282b-409b-81c4-825e216f3f57 ] Request (ServerRescueTestJSONUnderV235:tearDownClass): 200 GET http://10.180.1.21/compute/v2.1/servers/9ccfa8ec-1e4f-43a3-86b7-75453e4e3309 0.118s
2025-11-12 23:45:47.556 65719 INFO tempest.lib.common.rest_client [req-592a4533-b523-4293-854a-b3684058116c req-592a4533-b523-4293-854a-b3684058116c ] Request (ServerPasswordTestJSON:setUpClass): 200 GET http://10.180.1.21/compute/v2.1/servers/507aaabc-65c8-4b64-8ad4-370cb3a16ee7 0.095s
2025-11-12 23:45:47.594 65671 INFO tempest.lib.common.rest_client [req-e823a74d-3a9c-4410-b23f-2b3580edaf0b req-e823a74d-3a9c-4410-b23f-2b3580edaf0b ] Request (ImagesTestJSON:test_create_image_from_suspended_server): 200 GET http://10.180.1.21/compute/v2.1/servers/c9cf02b3-64da-42ec-8565-176fd7c0cf0a 0.113s
2025-11-12 23:45:47.606 65681 INFO tempest.lib.common.rest_client [req-fcfb51db-7543-4ec4-8579-e120b98f591a req-fcfb51db-7543-4ec4-8579-e120b98f591a ] Request (ImagesOneServerNegativeTestJSON:_run_cleanups): 200 GET http://10.180.1.21/compute/v2.1/servers/983ffc7a-5228-40de-925a-4e3ef49aafc3 0.090s
2025-11-12 23:45:47.649 65679 INFO tempest.lib.common.rest_client [req-4e0525f0-c434-4aea-8cda-699bd214579b req-4e0525f0-c434-4aea-8cda-699bd214579b ] Request (ServerAddressesTestJSON:tearDownClass): 200 GET http://10.180.1.21/compute/v2.1/servers/1a5390c7-30fb-4797-a535-b179a063ed6f 0.114s
2025-11-12 23:45:47.661 65675 INFO tempest.lib.common.rest_client [req-2561b523-0e10-48d3-b256-5d1e7c2e7c6b req-2561b523-0e10-48d3-b256-5d1e7c2e7c6b ] Request (ServerDiagnosticsNegativeTest:test_get_server_diagnostics_by_non_admin): 200 GET http://10.180.1.21/compute/v2.1/servers/d0584c99-6e9a-4b01-bbb9-0ffe1c7d8a4d 0.098s
2025-11-12 23:45:48.102 65725 INFO tempest.lib.common.rest_client [req-16fc6b3a-0a82-4788-ae07-d36477e58883 req-16fc6b3a-0a82-4788-ae07-d36477e58883 ] Request (ServerAddressesNegativeTestJSON:tearDownClass): 200 GET http://10.180.1.21/compute/v2.1/servers/c229e8f7-e776-4a79-8672-51f237f99194 0.130s
2025-11-12 23:45:48.163 65721 INFO tempest.lib.common.rest_client [req-038721d0-5d47-4df6-9742-52786814fb32 req-038721d0-5d47-4df6-9742-52786814fb32 ] Request (MigrationsAdminTest:test_resize_server_revert_deleted_flavor): 200 GET http://10.180.1.21/compute/v2.1/servers/29bd979e-07b5-4c44-8c6a-2a35b12968ab 0.104s
2025-11-12 23:45:48.178 65663 INFO tempest.lib.common.rest_client [req-d9fe00ac-5120-4cd9-ba48-a3ababfd2956 req-d9fe00ac-5120-4cd9-ba48-a3ababfd2956 ] Request (ServerDiskConfigTestJSON:test_rebuild_server_with_manual_disk_config): 200 GET http://10.180.1.21/compute/v2.1/servers/b2ecdc7f-92d2-4884-bcf3-5be664c7d119 0.063s
2025-11-12 23:45:48.268 65715 INFO tempest.lib.common.rest_client [req-ae9ed7c9-e109-4b0f-815b-d3b1ea8d4a2c req-ae9ed7c9-e109-4b0f-815b-d3b1ea8d4a2c ] Request (ServersTestManualDisk:tearDownClass): 200 GET http://10.180.1.21/compute/v2.1/servers/01427136-c72c-4c87-9694-33be47498ce2 0.090s
2025-11-12 23:45:48.289 65717 INFO tempest.lib.common.rest_client [req-9acb1c8e-3f4b-4c76-af19-f92f495035b2 req-9acb1c8e-3f4b-4c76-af19-f92f495035b2 ] Request (ServerActionsTestOtherB:test_resize_server_confirm_from_stopped): 200 GET http://10.180.1.21/compute/v2.1/servers/de11687e-08cc-4ee7-91fa-789196241589 0.157s
2025-11-12 23:45:48.325 65665 INFO tempest.lib.common.rest_client [req-ab483f3d-b0f4-45b5-8e92-91cf7fec68b1 req-ab483f3d-b0f4-45b5-8e92-91cf7fec68b1 ] Request (ServerActionsTestJSON:test_rebuild_server): 200 GET http://10.180.1.21/compute/v2.1/servers/b0f10836-b45a-4a6d-88fd-5173cc4b460c 0.140s
