2025-11-12 23:42:17.769 65673 INFO tempest.lib.common.rest_client [req-88fbb293-83d1-471e-99ee-37e0237851a8 req-88fbb293-83d1-471e-99ee-37e0237851a8 ] Request (QuotasAdminTestJSON:_run_cleanups): 204 DELETE http://10.180.1.21/identity/v3/users/bfd3f66d21704af984460ab60b444f07 0.143s
2025-11-12 23:42:17.865 65665 INFO tempest.lib.common.rest_client [req-38dd6144-39bf-469a-af72-3eaf8b84ceeb req-38dd6144-39bf-469a-af72-3eaf8b84ceeb ] Request (SecurityGroupsTestAdminJSON:_run_cleanups): 202 DELETE http://10.180.1.21/compute/v2.1/os-security-groups/3d5c8798-6588-49ee-88ef-54a916821b90 4.879s
2025-11-12 23:42:17.915 65673 INFO tempest.lib.common.rest_client [req-aec023f3-515f-4519-8225-f03f333a6351 req-aec023f3-515f-4519-8225-f03f333a6351 ] Request (QuotasAdminTestJSON:_run_cleanups): 204 DELETE http://10.180.1.21/identity/v3/projects/2335bf09c1734301b3b6d740cafc8480 0.146s
2025-11-12 23:42:17.923 65725 INFO tempest.lib.common.rest_client [req-1ced6f6c-7921-4fc8-ad00-422ae5240552 req-1ced6f6c-7921-4fc8-ad00-422ae5240552 ] Request (ListServersNegativeTestJSON:setUpClass): 200 GET http://10.180.1.21/compute/v2.1/servers/1734aaef-fc63-4dc2-8727-ae5a1c59170d 4.702s
2025-11-12 23:42:17.932 65725 INFO tempest.common.waiters [-] State transition "BUILD/None" ==> "BUILD/spawning" after 5 second wait
2025-11-12 23:42:18.070 65721 INFO tempest.lib.common.rest_client [req-322dc0df-f4f0-42af-bbc4-1132556a9b1a req-322dc0df-f4f0-42af-bbc4-1132556a9b1a ] Request (MigrationsAdminTest:test_list_migrations_in_flavor_resize_situation): 200 GET http://10.180.1.21/compute/v2.1/servers/5278a1a0-3a1b-4d7b-9f26-46621b6b5d69 4.318s
2025-11-12 23:42:18.079 65721 INFO tempest.common.waiters [-] State transition "BUILD/spawning" ==> "ACTIVE/None" after 20 second wait
2025-11-12 23:42:18.085 65723 INFO tempest.lib.common.rest_client [req-a7dbce8a-9454-45ca-8ec3-93acd026251f req-a7dbce8a-9454-45ca-8ec3-93acd026251f ] Request (KeyPairsV2TestJSON:test_get_keypair_detail): 200 POST http://10.180.1.21/compute/v2.1/os-keypairs 4.756s
2025-11-12 23:42:18.250 65705 INFO tempest.lib.common.rest_client [req-6cab9a58-5774-4336-a1d0-daba091bc0a2 req-6cab9a58-5774-4336-a1d0-daba091bc0a2 ] Request (VolumesAssistedSnapshotsTest:test_volume_assisted_snapshot_create_delete): 200 GET http://10.180.1.21/compute/v2.1/servers/aa84762b-2d29-4e4b-aa49-8d44bdc4fd3a 3.914s
2025-11-12 23:42:18.479 65677 INFO tempest.lib.common.rest_client [req-b9ed115c-0f5d-47dd-a5e7-76f4d7415eaa req-b9ed115c-0f5d-47dd-a5e7-76f4d7415eaa ] Request (ServersTestFqdnHostnames:test_create_server_with_fqdn_name): 200 GET http://10.180.1.21/compute/v2.1/servers/8a22bb5e-fa9d-4d5c-b807-6be7d5a14af1 4.119s
2025-11-12 23:42:18.487 65677 INFO tempest.common.waiters [-] State transition "BUILD/spawning" ==> "ACTIVE/None" after 17 second wait
2025-11-12 23:42:18.503 65695 INFO tempest.lib.common.rest_client [req-c9469a3d-7712-4344-a57d-88842bcb98cb req-c9469a3d-7712-4344-a57d-88842bcb98cb ] Request (ServicesAdminTestJSON:test_get_service_by_host_name): 200 GET http://10.180.1.21/compute/v2.1/os-services?host=devstack 4.060s
2025-11-12 23:42:18.636 65685 INFO tempest.lib.common.rest_client [req-bed20fd0-2f69-4245-9107-eb79d7d7c597 req-bed20fd0-2f69-4245-9107-eb79d7d7c597 ] Request (MultipleCreateTestJSON:_run_cleanups): 204 DELETE http://10.180.1.21/compute/v2.1/servers/2e397b2e-58cf-4749-a3b3-7944b810118f 3.602s
2025-11-12 23:42:18.654 65697 INFO tempest.lib.common.rest_client [req-c29b8dca-44ea-4014-b052-53cc6ee08cf5 req-c29b8dca-44ea-4014-b052-53cc6ee08cf5 ] Request (FlavorsExtraSpecsNegativeTestJSON:test_flavor_update_more_key): 400 PUT http://10.180.1.21/compute/v2.1/flavors/1711098603/os-extra_specs/hw:numa_nodes 3.619s
2025-11-12 23:42:18.665 65681 INFO tempest.lib.common.rest_client [req-5ad5329a-8a43-45bc-80a7-70b6cd28c650 req-5ad5329a-8a43-45bc-80a7-70b6cd28c650 ] Request (HypervisorAdminNegativeTestJSON:test_get_hypervisor_list_with_non_admin_user): 403 GET http://10.180.1.21/compute/v2.1/os-hypervisors 3.562s
2025-11-12 23:42:18.707 65693 INFO tempest.lib.common.rest_client [req-b2f60e79-182c-4c46-a001-47a2a89d0e46 req-b2f60e79-182c-4c46-a001-47a2a89d0e46 ] Request (ServersWithSpecificFlavorTestJSON:test_verify_created_server_ephemeral_disk): 202 POST http://10.180.1.21/compute/v2.1/servers 4.423s
2025-11-12 23:42:19.210 65671 INFO tempest.lib.common.rest_client [req-85388ec0-ce12-4627-9bab-06220c7bd7ad req-85388ec0-ce12-4627-9bab-06220c7bd7ad ] Request (ServerExternalEventsTest:test_create_server_external_events): 200 GET http://10.180.1.21/compute/v2.1/servers/2e9e0611-b6c7-4fe5-9e70-f5aa63914bca 3.933s
2025-11-12 23:42:19.231 65719 INFO tempest.lib.common.rest_client [req-87607187-db7f-4ba6-ae2f-ee3b645ac11c req-87607187-db7f-4ba6-ae2f-ee3b645ac11c ] Request (FlavorsAccessTestJSON:_run_cleanups): 202 DELETE http://10.180.1.21/compute/v2.1/flavors/1976622088 3.935s
2025-11-12 23:42:19.271 65701 INFO tempest.lib.common.rest_client [req-f3423790-6676-4f6f-8b6e-441118c02aee req-f3423790-6676-4f6f-8b6e-441118c02aee ] Request (KeyPairsNegativeTestJSON:test_create_keypair_with_empty_public_key): 400 POST http://10.180.1.21/compute/v2.1/os-keypairs 3.966s
2025-11-12 23:42:19.275 65699 INFO tempest.lib.common.rest_client [req-b85aa1d7-d89b-45b3-ad45-b889e292111a req-b85aa1d7-d89b-45b3-ad45-b889e292111a ] Request (VolumesAdminNegativeTest:test_update_attached_volume_with_nonexistent_volume_in_uri): 200 GET http://10.180.1.21/compute/v2.1/servers/c45089f9-6b16-4e78-b557-d1a999199f97 4.019s
2025-11-12 23:42:19.502 65715 INFO tempest.lib.common.rest_client [req-5bdae152-1d43-40cb-9a30-14d80624afe5 req-5bdae152-1d43-40cb-9a30-14d80624afe5 ] Request (AttachInterfacesV270Test:test_create_get_list_interfaces): 200 GET http://10.180.1.21/compute/v2.1/servers/b3acc990-6aa8-4103-9503-a4a5ed2488eb 4.191s
2025-11-12 23:42:19.512 65715 INFO tempest.common.waiters [-] State transition "BUILD/spawning" ==> "ACTIVE/None" after 22 second wait
2025-11-12 23:42:19.653 65717 INFO tempest.lib.common.rest_client [req-f0125f57-9cea-4b26-b162-514e019c4571 req-f0125f57-9cea-4b26-b162-514e019c4571 ] Request (ServerActionsTestOtherB:setUpClass): 200 GET http://10.180.1.21/compute/v2.1/servers/de11687e-08cc-4ee7-91fa-789196241589 2.952s
2025-11-12 23:42:19.802 65707 INFO tempest.lib.common.rest_client [req-9183e391-ae7c-4b26-a4f9-955984d00ec8 req-9183e391-ae7c-4b26-a4f9-955984d00ec8 ] Request (QuotasAdminNegativeTest:_run_cleanups): 200 PUT http://10.180.1.21/compute/v2.1/os-quota-sets/62418bc4893a47dd83139d5a0e66bc05 2.701s
2025-11-12 23:42:20.017 65713 INFO tempest.lib.common.rest_client [req-ea6f03de-6aaf-410b-9593-5584fcb48240 req-ea6f03de-6aaf-410b-9593-5584fcb48240 ] Request (ServerMetadataNegativeTestJSON:setUpClass): 202 POST http://10.180.1.21/compute/v2.1/servers 3.533s
2025-11-12 23:42:20.180 65687 INFO tempest.lib.common.rest_client [req-d54d0788-e462-41bd-aafb-296585b643f7 req-d54d0788-e462-41bd-aafb-296585b643f7 ] Request (FloatingIPsAssociationNegativeTestJSON:test_associate_ip_to_server_with_floating_ip): 400 POST http://10.180.1.21/compute/v2.1/servers/e2756002-8969-4063-978f-5c4f60867aed/action 3.029s
2025-11-12 23:42:20.227 65667 INFO tempest.lib.common.rest_client [req-56b35105-a93b-4e0c-b307-88e33b9c3bd6 req-56b35105-a93b-4e0c-b307-88e33b9c3bd6 ] Request (ServersAdminNegativeTestJSON:test_migrate_server_invalid_state): 200 GET http://10.180.1.21/compute/v2.1/servers/8f6ef977-4ff9-42de-8a9b-2842b6edb934 2.724s
2025-11-12 23:42:20.262 65709 INFO tempest.lib.common.rest_client [req-2072799c-f29c-4ab6-b134-8c0fc59bc314 req-2072799c-f29c-4ab6-b134-8c0fc59bc314 ] Request (FlavorsAccessNegativeTestJSON:_run_cleanups): 200 GET http://10.180.1.21/compute/v2.1/flavors/detail 2.614s
2025-11-12 23:42:20.266 65683 INFO tempest.lib.common.rest_client [req-4fc1a527-277a-4a29-8a26-cf41b5f16eb5 req-4fc1a527-277a-4a29-8a26-cf41b5f16eb5 ] Request (HostsAdminNegativeTestJSON:test_update_host_with_invalid_maintenance_mode): 400 PUT http://10.180.1.21/compute/v2.1/os-hosts/devstack 2.601s
2025-11-12 23:42:20.295 65663 INFO tempest.lib.common.rest_client [req-d8ffab98-ddad-4cb8-9b96-5a2c100f17a6 req-d8ffab98-ddad-4cb8-9b96-5a2c100f17a6 ] Request (FlavorsExtraSpecsTestJSON:test_flavor_set_get_update_show_unset_keys): 200 DELETE http://10.180.1.21/compute/v2.1/flavors/1764602282/os-extra_specs/hw:cpu_policy 2.601s
2025-11-12 23:42:20.323 65669 INFO tempest.lib.common.rest_client [req-848ba08f-d69e-4e1f-9d65-9d09028be9b1 req-848ba08f-d69e-4e1f-9d65-9d09028be9b1 ] Request (FlavorsAdminTestJSON:test_create_flavor_with_none_id): 200 POST http://10.180.1.21/compute/v2.1/flavors 2.594s
2025-11-12 23:42:20.373 65679 INFO tempest.lib.common.rest_client [req-9aed78b3-fe94-45ef-a00c-c7452f91c9df req-9aed78b3-fe94-45ef-a00c-c7452f91c9df ] Request (AggregatesAdminNegativeTestJSON:test_aggregate_add_non_exist_host): 404 POST http://10.180.1.21/compute/v2.1/os-aggregates/3/action 2.618s
2025-11-12 23:42:21.052 65665 INFO tempest.lib.common.rest_client [req-3f43ef0e-fd80-49b9-9826-d99f2d84dd8c req-3f43ef0e-fd80-49b9-9826-d99f2d84dd8c ] Request (SecurityGroupsTestAdminJSON:_run_cleanups): 202 DELETE http://10.180.1.21/compute/v2.1/os-security-groups/4a67191d-3796-4f21-8e7a-23db8cbedfc7 3.186s
2025-11-12 23:42:21.122 65673 INFO tempest.lib.common.rest_client [req-e864c99d-8c95-4d5d-8920-5eb83e84971f req-e864c99d-8c95-4d5d-8920-5eb83e84971f ] Request (QuotasAdminTestJSON:test_update_all_quota_resources_for_tenant): 200 GET http://10.180.1.21/compute/v2.1/os-quota-sets/b35fc940003c4419bdb5fa0ea79a1820/defaults 3.205s
2025-11-12 23:42:21.168 65665 INFO tempest.lib.common.rest_client [req-6f1faa52-5bef-4c75-bbe8-e41909e52a41 req-6f1faa52-5bef-4c75-bbe8-e41909e52a41 ] Request (SecurityGroupsTestAdminJSON:tearDownClass): 204 DELETE http://10.180.1.21/identity/v3/users/33ebc6c5f6c64c83942a3368fb97ca05 0.115s
2025-11-12 23:42:21.271 65665 INFO tempest.lib.common.rest_client [req-4ddcc012-1b37-4345-9f50-8dc8ebc85962 req-4ddcc012-1b37-4345-9f50-8dc8ebc85962 ] Request (SecurityGroupsTestAdminJSON:tearDownClass): 204 DELETE http://10.180.1.21/identity/v3/users/eb42390201de4af389a4b16022f55784 0.102s
2025-11-12 23:42:21.271 65665 INFO tempest.lib.common.dynamic_creds [-] Deleting project and security group for project: 770547f334b34b1a8e1fae5811309280
2025-11-12 23:42:21.332 65665 INFO tempest.lib.common.rest_client [req-7d9c4533-a713-4865-ab12-6685eb2b25e1 req-7d9c4533-a713-4865-ab12-6685eb2b25e1 ] Request (SecurityGroupsTestAdminJSON:tearDownClass): 201 POST http://10.180.1.21/identity/v3/auth/tokens 0.060s
2025-11-12 23:42:21.398 65711 INFO tempest.lib.common.rest_client [req-25eafc07-3ce1-4180-ad21-79e6bf52209b req-25eafc07-3ce1-4180-ad21-79e6bf52209b ] Request (FloatingIPDetailsTestJSON:tearDownClass): 202 DELETE http://10.180.1.21/compute/v2.1/os-floating-ips/24bd6227-61ac-4fdc-8b56-1a1c5b553578 3.816s
2025-11-12 23:42:21.413 65723 INFO tempest.lib.common.rest_client [req-fd5791f3-dd7b-4511-9c67-30c20fcf7b86 req-fd5791f3-dd7b-4511-9c67-30c20fcf7b86 ] Request (KeyPairsV2TestJSON:test_get_keypair_detail): 200 GET http://10.180.1.21/compute/v2.1/os-keypairs/tempest-keypair-2142465040 3.323s
2025-11-12 23:42:21.582 65665 INFO tempest.lib.common.rest_client [req-b5d12337-16f0-4458-859a-9bac4308cdd6 req-b5d12337-16f0-4458-859a-9bac4308cdd6 ] Request (SecurityGroupsTestAdminJSON:tearDownClass): 200 GET http://10.180.1.21/networking/v2.0/security-groups?tenant_id=770547f334b34b1a8e1fae5811309280&name=default 0.249s
2025-11-12 23:42:21.589 65721 INFO tempest.lib.common.rest_client [req-dbb93c25-6013-4d2c-be5b-ddae21adeea9 req-dbb93c25-6013-4d2c-be5b-ddae21adeea9 ] Request (MigrationsAdminTest:test_list_migrations_in_flavor_resize_situation): 202 POST http://10.180.1.21/compute/v2.1/servers/5278a1a0-3a1b-4d7b-9f26-46621b6b5d69/action 3.508s
2025-11-12 23:42:21.611 65695 INFO tempest.lib.common.rest_client [req-ce57afad-94a4-4901-bf32-61cad1f166f6 req-ce57afad-94a4-4901-bf32-61cad1f166f6 ] Request (ServicesAdminTestJSON:test_get_service_by_service_binary_name): 200 GET http://10.180.1.21/compute/v2.1/os-services?binary=nova-compute 3.104s
2025-11-12 23:42:21.707 65677 INFO tempest.lib.common.rest_client [req-09fda4a2-f65a-4ea0-86b6-a305c67c68f3 req-09fda4a2-f65a-4ea0-86b6-a305c67c68f3 ] Request (ServersTestFqdnHostnames:test_create_server_with_fqdn_name): 200 GET http://10.180.1.21/compute/v2.1/servers/8a22bb5e-fa9d-4d5c-b807-6be7d5a14af1/os-interface 3.219s
2025-11-12 23:42:21.755 65697 INFO tempest.lib.common.rest_client [req-d5c8609e-28cb-4839-b084-3261c8f4ef79 req-d5c8609e-28cb-4839-b084-3261c8f4ef79 ] Request (FlavorsExtraSpecsNegativeTestJSON:tearDownClass): 202 DELETE http://10.180.1.21/compute/v2.1/flavors/1711098603 3.099s
2025-11-12 23:42:21.761 65681 INFO tempest.lib.common.rest_client [req-0034cd28-b023-409b-8c1d-795768cd9b8d req-0034cd28-b023-409b-8c1d-795768cd9b8d ] Request (HypervisorAdminNegativeTestJSON:test_get_hypervisor_stats_with_non_admin_user): 403 GET http://10.180.1.21/compute/v2.1/os-hypervisors/statistics 3.094s
2025-11-12 23:42:21.815 65685 INFO tempest.lib.common.rest_client [req-4844f951-83a8-4d17-88b5-05246c21a380 req-4844f951-83a8-4d17-88b5-05246c21a380 ] Request (MultipleCreateTestJSON:_run_cleanups): 204 DELETE http://10.180.1.21/compute/v2.1/servers/13e118c9-a6aa-4b79-879a-b432a112900e 3.178s
2025-11-12 23:42:22.151 65665 INFO tempest.lib.common.rest_client [req-6ab78362-1c2e-4204-aca8-0449668bbef0 req-6ab78362-1c2e-4204-aca8-0449668bbef0 ] Request (SecurityGroupsTestAdminJSON:tearDownClass): 204 DELETE http://10.180.1.21/networking/v2.0/security-groups/171049f4-1243-4cf5-bca7-89e67fc54c45 0.568s
2025-11-12 23:42:22.179 65693 INFO tempest.lib.common.rest_client [req-d2453a0b-a899-49bf-87f0-123397881501 req-d2453a0b-a899-49bf-87f0-123397881501 ] Request (ServersWithSpecificFlavorTestJSON:test_verify_created_server_ephemeral_disk): 200 GET http://10.180.1.21/compute/v2.1/servers/1ce5dc2f-9745-4953-9331-5748019048d8 3.469s
2025-11-12 23:42:22.238 65665 INFO tempest.lib.common.rest_client [req-05d5a10f-2964-4f2e-ae69-0d0139a41521 req-05d5a10f-2964-4f2e-ae69-0d0139a41521 ] Request (SecurityGroupsTestAdminJSON:tearDownClass): 204 DELETE http://10.180.1.21/identity/v3/projects/770547f334b34b1a8e1fae5811309280 0.087s
2025-11-12 23:42:22.239 65665 INFO tempest.lib.common.dynamic_creds [-] Deleting project and security group for project: eaaa0a35b951479f884c3a4a50621b24
2025-11-12 23:42:22.403 65689 INFO tempest.lib.common.rest_client [req-64eb4422-6182-4bfa-ab8f-51fd174c5a00 req-64eb4422-6182-4bfa-ab8f-51fd174c5a00 ] Request (DeleteServersAdminTestJSON:test_admin_delete_servers_of_others): 200 GET http://10.180.1.21/compute/v2.1/servers/5c1a2e41-feac-4687-ab2c-54ea1db131d0 3.704s
2025-11-12 23:42:22.434 65719 INFO tempest.lib.common.rest_client [req-9b61331d-9e22-448f-b479-4fa56d5e6034 req-9b61331d-9e22-448f-b479-4fa56d5e6034 ] Request (FlavorsAccessTestJSON:_run_cleanups): 200 GET http://10.180.1.21/compute/v2.1/flavors/detail 3.202s
2025-11-12 23:42:22.596 65719 INFO tempest.lib.common.rest_client [req-a435a418-5b38-4665-a0cd-2191e7f16dcf req-a435a418-5b38-4665-a0cd-2191e7f16dcf ] Request (FlavorsAccessTestJSON:tearDownClass): 204 DELETE http://10.180.1.21/identity/v3/users/6f86144c6e93445f8f5058d9319e85df 0.154s
2025-11-12 23:42:22.607 65665 INFO tempest.lib.common.rest_client [req-b8a6059a-f74d-4387-a189-9e22c7caaedc req-b8a6059a-f74d-4387-a189-9e22c7caaedc ] Request (SecurityGroupsTestAdminJSON:tearDownClass): 200 GET http://10.180.1.21/networking/v2.0/security-groups?tenant_id=eaaa0a35b951479f884c3a4a50621b24&name=default 0.368s
2025-11-12 23:42:22.750 65719 INFO tempest.lib.common.rest_client [req-e87f9dd2-2baa-4ebe-b5e9-a8cad8b1d2a9 req-e87f9dd2-2baa-4ebe-b5e9-a8cad8b1d2a9 ] Request (FlavorsAccessTestJSON:tearDownClass): 204 DELETE http://10.180.1.21/identity/v3/users/e909e90bb58f4cea91dab60f3d92da99 0.153s
2025-11-12 23:42:22.750 65719 INFO tempest.lib.common.dynamic_creds [-] Deleting project and security group for project: e8c78c6a16dc4499a4dd0abeb5bb0ab1
2025-11-12 23:42:22.821 65719 INFO tempest.lib.common.rest_client [req-67e5920a-eb16-4d93-84ab-1dccca195c90 req-67e5920a-eb16-4d93-84ab-1dccca195c90 ] Request (FlavorsAccessTestJSON:tearDownClass): 201 POST http://10.180.1.21/identity/v3/auth/tokens 0.071s
2025-11-12 23:42:22.855 65725 INFO tempest.lib.common.rest_client [req-d2fcecde-6518-4bfb-b050-9b06343fe18d req-d2fcecde-6518-4bfb-b050-9b06343fe18d ] Request (ListServersNegativeTestJSON:setUpClass): 200 GET http://10.180.1.21/compute/v2.1/servers/1734aaef-fc63-4dc2-8727-ae5a1c59170d 3.922s
2025-11-12 23:42:22.861 65701 INFO tempest.lib.common.rest_client [req-a9324fdf-b065-40aa-a908-86a0f90a50b0 req-a9324fdf-b065-40aa-a908-86a0f90a50b0 ] Request (KeyPairsNegativeTestJSON:test_create_keypair_with_long_keynames): 400 POST http://10.180.1.21/compute/v2.1/os-keypairs 3.582s
2025-11-12 23:42:22.863 65677 INFO tempest.lib.common.rest_client [req-6a995468-7ec0-4dc3-ad5d-209c9e256295 req-6a995468-7ec0-4dc3-ad5d-209c9e256295 ] Request (ServersTestFqdnHostnames:test_create_server_with_fqdn_name): 200 PUT http://10.180.1.21/networking/v2.0/floatingips/6a4d8747-a9ff-4e4e-9be1-e4cedd33df15 1.154s
2025-11-12 23:42:22.865 65677 INFO tempest.lib.common.ssh [-] Creating ssh connection to '10.180.180.193:22' as 'cirros' with public key authentication
2025-11-12 23:42:22.971 65705 INFO tempest.lib.common.rest_client [req-15efd127-cd2d-496a-a1f8-7a2cb2ed6376 req-15efd127-cd2d-496a-a1f8-7a2cb2ed6376 ] Request (VolumesAssistedSnapshotsTest:test_volume_assisted_snapshot_create_delete): 200 GET http://10.180.1.21/compute/v2.1/servers/aa84762b-2d29-4e4b-aa49-8d44bdc4fd3a 3.712s
2025-11-12 23:42:22.972 65665 INFO tempest.lib.common.rest_client [req-2494009d-fd5a-48d0-9fce-4b606f78fcf8 req-2494009d-fd5a-48d0-9fce-4b606f78fcf8 ] Request (SecurityGroupsTestAdminJSON:tearDownClass): 204 DELETE http://10.180.1.21/networking/v2.0/security-groups/a9e90b2f-b536-4b32-8714-2be67d6a2bfc 0.363s
2025-11-12 23:42:22.982 65707 INFO tempest.lib.common.rest_client [req-9d8e8a69-65af-4b80-a10a-183fa57aa15f req-9d8e8a69-65af-4b80-a10a-183fa57aa15f ] Request (QuotasAdminNegativeTest:test_update_quota_normal_user): 403 PUT http://10.180.1.21/compute/v2.1/os-quota-sets/62418bc4893a47dd83139d5a0e66bc05 3.175s
2025-11-12 23:42:22.984 65705 INFO tempest.common.waiters [-] State transition "BUILD/spawning" ==> "ACTIVE/None" after 17 second wait
2025-11-12 23:42:23.112 65665 INFO tempest.lib.common.rest_client [req-bd64031d-5065-47f5-95ee-2ef5c82340e7 req-bd64031d-5065-47f5-95ee-2ef5c82340e7 ] Request (SecurityGroupsTestAdminJSON:tearDownClass): 204 DELETE http://10.180.1.21/identity/v3/projects/eaaa0a35b951479f884c3a4a50621b24 0.140s
2025-11-12 23:42:23.206 65719 INFO tempest.lib.common.rest_client [req-b3562a0f-5d19-4387-86b8-560a90596c59 req-b3562a0f-5d19-4387-86b8-560a90596c59 ] Request (FlavorsAccessTestJSON:tearDownClass): 200 GET http://10.180.1.21/networking/v2.0/security-groups?tenant_id=e8c78c6a16dc4499a4dd0abeb5bb0ab1&name=default 0.383s
2025-11-12 23:42:23.246 65713 INFO tempest.lib.common.rest_client [req-46f41fc5-5acd-4335-b6f7-6fcc95e3f984 req-46f41fc5-5acd-4335-b6f7-6fcc95e3f984 ] Request (ServerMetadataNegativeTestJSON:setUpClass): 200 GET http://10.180.1.21/compute/v2.1/servers/f5e5da7c-3a76-42d5-9aa8-5b3d70596ac6 3.227s
2025-11-12 23:42:23.263 65707 INFO tempest.lib.common.rest_client [req-b3124306-a96f-4ba1-9b72-e252b49ee9db req-b3124306-a96f-4ba1-9b72-e252b49ee9db ] Request (QuotasAdminNegativeTest:tearDownClass): 204 DELETE http://10.180.1.21/identity/v3/users/c8033c85efbc44fcb01a4f7652bed96f 0.280s
2025-11-12 23:42:23.297 65665 INFO tempest.lib.common.rest_client [req-032b3de1-8d96-4166-95b6-b2fef270f04a req-032b3de1-8d96-4166-95b6-b2fef270f04a ] Request (ServerActionsTestJSON:setUpClass): 201 POST http://10.180.1.21/identity/v3/auth/tokens 0.182s
2025-11-12 23:42:23.386 65707 INFO tempest.lib.common.rest_client [req-1174edd4-42b1-4ebd-b280-eecab16d838b req-1174edd4-42b1-4ebd-b280-eecab16d838b ] Request (QuotasAdminNegativeTest:tearDownClass): 204 DELETE http://10.180.1.21/identity/v3/users/1d10fd7a8d704fd8ac145a246d194dff 0.122s
2025-11-12 23:42:23.386 65707 INFO tempest.lib.common.dynamic_creds [-] Deleting project and security group for project: 62418bc4893a47dd83139d5a0e66bc05
2025-11-12 23:42:23.456 65665 INFO tempest.lib.common.rest_client [req-96ac3387-1e52-4be1-a0ef-5684d0691c6c req-96ac3387-1e52-4be1-a0ef-5684d0691c6c ] Request (ServerActionsTestJSON:setUpClass): 201 POST http://10.180.1.21/identity/v3/auth/tokens 0.155s
2025-11-12 23:42:23.479 65707 INFO tempest.lib.common.rest_client [req-add61512-968e-44e5-aaaa-dbf7709fd3e7 req-add61512-968e-44e5-aaaa-dbf7709fd3e7 ] Request (QuotasAdminNegativeTest:tearDownClass): 201 POST http://10.180.1.21/identity/v3/auth/tokens 0.092s
2025-11-12 23:42:23.481 65665 INFO tempest.lib.common.rest_client [req-d799b95e-f4ff-44e7-8787-8785ddb58bdf req-d799b95e-f4ff-44e7-8787-8785ddb58bdf ] Request (ServerActionsTestJSON:setUpClass): 200 GET http://10.180.1.21/identity/v3/domains?name=Default 0.025s
2025-11-12 23:42:23.525 65665 INFO tempest.lib.common.rest_client [req-671802f1-54b9-4728-ad21-e86fb5c0747c req-671802f1-54b9-4728-ad21-e86fb5c0747c ] Request (ServerActionsTestJSON:setUpClass): 201 POST http://10.180.1.21/identity/v3/projects 0.043s
2025-11-12 23:42:23.629 65665 INFO tempest.lib.common.rest_client [req-0ebb5462-b9e3-42b7-981d-fd6bdd54ec96 req-0ebb5462-b9e3-42b7-981d-fd6bdd54ec96 ] Request (ServerActionsTestJSON:setUpClass): 201 POST http://10.180.1.21/identity/v3/users 0.103s
2025-11-12 23:42:23.659 65665 INFO tempest.lib.common.rest_client [req-c71cb62a-99ff-4f3f-b51f-fbe2f94e706f req-c71cb62a-99ff-4f3f-b51f-fbe2f94e706f ] Request (ServerActionsTestJSON:setUpClass): 200 GET http://10.180.1.21/identity/v3/roles 0.029s
2025-11-12 23:42:23.667 65719 INFO tempest.lib.common.rest_client [req-5313254c-d9ca-4feb-b7ef-db8cfa8facc6 req-5313254c-d9ca-4feb-b7ef-db8cfa8facc6 ] Request (FlavorsAccessTestJSON:tearDownClass): 204 DELETE http://10.180.1.21/networking/v2.0/security-groups/cf2d238b-2325-4a1f-8d9c-8ce32b620cf4 0.458s
2025-11-12 23:42:23.712 65665 INFO tempest.lib.common.rest_client [req-b4cf1381-f9ca-4bd5-a205-76e59dfd2018 req-b4cf1381-f9ca-4bd5-a205-76e59dfd2018 ] Request (ServerActionsTestJSON:setUpClass): 204 PUT http://10.180.1.21/identity/v3/projects/70f7d294f361449cb188fb4638fa1cbd/users/ec37e69455dc4e4cbc434bca91b975c5/roles/afce24c4b89e4d478f803445e61eb336 0.053s
2025-11-12 23:42:23.713 65665 INFO tempest.lib.common.dynamic_creds [-] Dynamic test user ec37e69455dc4e4cbc434bca91b975c5 is created with scope project and roles: ['member']
2025-11-12 23:42:23.713 65665 INFO tempest.lib.common.dynamic_creds [-] Acquired dynamic creds: credentials: Credentials: {'domain_id': 'default', 'domain_name': 'Default', 'username': 'tempest-ServerActionsTestJSON-437813836-project-member', 'project_domain_id': 'default', 'project_domain_name': 'Default', 'project_id': '70f7d294f361449cb188fb4638fa1cbd', 'project_name': 'tempest-ServerActionsTestJSON-437813836', 'tenant_id': '70f7d294f361449cb188fb4638fa1cbd', 'tenant_name': 'tempest-ServerActionsTestJSON-437813836', 'user_domain_id': 'default', 'user_domain_name': 'Default', 'user_id': 'ec37e69455dc4e4cbc434bca91b975c5', 'system': None}, Network: None, Subnet: None, Router: None
2025-11-12 23:42:23.811 65665 INFO tempest.lib.common.rest_client [req-29d33814-9ba0-4b07-847f-d77d68323185 req-29d33814-9ba0-4b07-847f-d77d68323185 ] Request (ServerActionsTestJSON:setUpClass): 201 POST http://10.180.1.21/identity/v3/auth/tokens 0.097s
2025-11-12 23:42:23.838 65719 INFO tempest.lib.common.rest_client [req-54c95332-0aeb-4228-8670-776db8a9b1d2 req-54c95332-0aeb-4228-8670-776db8a9b1d2 ] Request (FlavorsAccessTestJSON:tearDownClass): 204 DELETE http://10.180.1.21/identity/v3/projects/e8c78c6a16dc4499a4dd0abeb5bb0ab1 0.171s
2025-11-12 23:42:23.839 65719 INFO tempest.lib.common.dynamic_creds [-] Deleting project and security group for project: 5152f55a37914400995756dafe0f3e46
2025-11-12 23:42:23.839 65707 INFO tempest.lib.common.rest_client [req-2cc2f35d-5403-4260-98ad-0f77374ada28 req-2cc2f35d-5403-4260-98ad-0f77374ada28 ] Request (QuotasAdminNegativeTest:tearDownClass): 200 GET http://10.180.1.21/networking/v2.0/security-groups?tenant_id=62418bc4893a47dd83139d5a0e66bc05&name=default 0.359s
2025-11-12 23:42:24.268 65665 INFO tempest.lib.common.rest_client [req-9606f432-8805-4c35-b3f2-785edad5724f req-9606f432-8805-4c35-b3f2-785edad5724f ] Request (ServerActionsTestJSON:setUpClass): 201 POST http://10.180.1.21/networking/v2.0/networks 0.457s
2025-11-12 23:42:24.374 65719 INFO tempest.lib.common.rest_client [req-4f3441eb-4f9d-4ba4-9eb8-1f5f979e6791 req-4f3441eb-4f9d-4ba4-9eb8-1f5f979e6791 ] Request (FlavorsAccessTestJSON:tearDownClass): 200 GET http://10.180.1.21/networking/v2.0/security-groups?tenant_id=5152f55a37914400995756dafe0f3e46&name=default 0.535s
2025-11-12 23:42:24.483 65707 INFO tempest.lib.common.rest_client [req-e38b161f-1b55-4c59-a3a1-4f29aa4c3860 req-e38b161f-1b55-4c59-a3a1-4f29aa4c3860 ] Request (QuotasAdminNegativeTest:tearDownClass): 204 DELETE http://10.180.1.21/networking/v2.0/security-groups/1a0ca314-e29c-470f-8c20-86ff69a6f557 0.643s
2025-11-12 23:42:24.551 65707 INFO tempest.lib.common.rest_client [req-4999d5bf-a38f-4b79-99b5-6586f2db1fdb req-4999d5bf-a38f-4b79-99b5-6586f2db1fdb ] Request (QuotasAdminNegativeTest:tearDownClass): 204 DELETE http://10.180.1.21/identity/v3/projects/62418bc4893a47dd83139d5a0e66bc05 0.067s
2025-11-12 23:42:24.551 65707 INFO tempest.lib.common.dynamic_creds [-] Deleting project and security group for project: 576e636878894162947921174550d950
2025-11-12 23:42:24.853 65665 INFO tempest.lib.common.rest_client [req-385815aa-2fe0-45a3-919f-7129b5552030 req-385815aa-2fe0-45a3-919f-7129b5552030 ] Request (ServerActionsTestJSON:setUpClass): 201 POST http://10.180.1.21/networking/v2.0/subnets 0.584s
2025-11-12 23:42:24.960 65719 INFO tempest.lib.common.rest_client [req-139ae6aa-0356-4063-8b96-d62e420ef254 req-139ae6aa-0356-4063-8b96-d62e420ef254 ] Request (FlavorsAccessTestJSON:tearDownClass): 204 DELETE http://10.180.1.21/networking/v2.0/security-groups/981bfcb5-c6c7-4c34-bc08-97ddb1de35e8 0.585s
2025-11-12 23:42:25.099 65719 INFO tempest.lib.common.rest_client [req-8e3d5381-c599-47be-9425-6e3da97b880d req-8e3d5381-c599-47be-9425-6e3da97b880d ] Request (FlavorsAccessTestJSON:tearDownClass): 204 DELETE http://10.180.1.21/identity/v3/projects/5152f55a37914400995756dafe0f3e46 0.139s
2025-11-12 23:42:25.103 65707 INFO tempest.lib.common.rest_client [req-3f3e2cf8-d0cb-427f-89a8-6df5309534fb req-3f3e2cf8-d0cb-427f-89a8-6df5309534fb ] Request (QuotasAdminNegativeTest:tearDownClass): 200 GET http://10.180.1.21/networking/v2.0/security-groups?tenant_id=576e636878894162947921174550d950&name=default 0.552s
2025-11-12 23:42:25.173 65719 INFO tempest.lib.common.rest_client [req-fd6bb34b-83d9-4483-8d74-0da5e4006e73 req-fd6bb34b-83d9-4483-8d74-0da5e4006e73 ] Request (AttachInterfacesUnderV243Test:setUpClass): 201 POST http://10.180.1.21/identity/v3/auth/tokens 0.072s
2025-11-12 23:42:25.205 65719 INFO tempest.lib.common.rest_client [req-a6f18ac7-2177-4158-b1bd-933c92b95858 req-a6f18ac7-2177-4158-b1bd-933c92b95858 ] Request (AttachInterfacesUnderV243Test:setUpClass): 201 POST http://10.180.1.21/identity/v3/auth/tokens 0.029s
2025-11-12 23:42:25.246 65719 INFO tempest.lib.common.rest_client [req-860547f5-66a2-435e-93ea-46bb22f30799 req-860547f5-66a2-435e-93ea-46bb22f30799 ] Request (AttachInterfacesUnderV243Test:setUpClass): 200 GET http://10.180.1.21/identity/v3/domains?name=Default 0.041s
2025-11-12 23:42:25.279 65719 INFO tempest.lib.common.rest_client [req-1815a59f-2fed-4e89-97b2-9b1879418cef req-1815a59f-2fed-4e89-97b2-9b1879418cef ] Request (AttachInterfacesUnderV243Test:setUpClass): 201 POST http://10.180.1.21/identity/v3/projects 0.031s
2025-11-12 23:42:25.347 65719 INFO tempest.lib.common.rest_client [req-cfa7553f-9cf1-48bd-821b-140ccfdcdc09 req-cfa7553f-9cf1-48bd-821b-140ccfdcdc09 ] Request (AttachInterfacesUnderV243Test:setUpClass): 201 POST http://10.180.1.21/identity/v3/users 0.068s
2025-11-12 23:42:25.373 65719 INFO tempest.lib.common.rest_client [req-5b912835-0095-4c1e-83fe-86f626a87376 req-5b912835-0095-4c1e-83fe-86f626a87376 ] Request (AttachInterfacesUnderV243Test:setUpClass): 200 GET http://10.180.1.21/identity/v3/roles 0.025s
2025-11-12 23:42:25.408 65719 INFO tempest.lib.common.rest_client [req-7ab3addd-4916-4349-b59f-bb9a61274e21 req-7ab3addd-4916-4349-b59f-bb9a61274e21 ] Request (AttachInterfacesUnderV243Test:setUpClass): 204 PUT http://10.180.1.21/identity/v3/projects/ab707169b3a745529669b285a25eaff9/users/db8839d58dac42ee83c073973dec8e7e/roles/afce24c4b89e4d478f803445e61eb336 0.035s
2025-11-12 23:42:25.409 65719 INFO tempest.lib.common.dynamic_creds [-] Dynamic test user db8839d58dac42ee83c073973dec8e7e is created with scope project and roles: ['member']
2025-11-12 23:42:25.409 65719 INFO tempest.lib.common.dynamic_creds [-] Acquired dynamic creds: credentials: Credentials: {'domain_id': 'default', 'domain_name': 'Default', 'username': 'tempest-AttachInterfacesUnderV243Test-82564794-project-member', 'project_domain_id': 'default', 'project_domain_name': 'Default', 'project_id': 'ab707169b3a745529669b285a25eaff9', 'project_name': 'tempest-AttachInterfacesUnderV243Test-82564794', 'tenant_id': 'ab707169b3a745529669b285a25eaff9', 'tenant_name': 'tempest-AttachInterfacesUnderV243Test-82564794', 'user_domain_id': 'default', 'user_domain_name': 'Default', 'user_id': 'db8839d58dac42ee83c073973dec8e7e', 'system': None}, Network: None, Subnet: None, Router: None
2025-11-12 23:42:25.464 65719 INFO tempest.lib.common.rest_client [req-d0e18bc9-08ce-4128-93e7-e340055e3d45 req-d0e18bc9-08ce-4128-93e7-e340055e3d45 ] Request (AttachInterfacesUnderV243Test:setUpClass): 201 POST http://10.180.1.21/identity/v3/auth/tokens 0.055s
2025-11-12 23:42:25.557 65707 INFO tempest.lib.common.rest_client [req-1173f817-c154-4b8a-97f3-f3c7a3d309c3 req-1173f817-c154-4b8a-97f3-f3c7a3d309c3 ] Request (QuotasAdminNegativeTest:tearDownClass): 204 DELETE http://10.180.1.21/networking/v2.0/security-groups/78495beb-a4cc-41f3-98d4-fff793ae7b87 0.454s
2025-11-12 23:42:25.637 65707 INFO tempest.lib.common.rest_client [req-1b67b50c-0062-4e9a-8cab-0af52864f160 req-1b67b50c-0062-4e9a-8cab-0af52864f160 ] Request (QuotasAdminNegativeTest:tearDownClass): 204 DELETE http://10.180.1.21/identity/v3/projects/576e636878894162947921174550d950 0.079s
2025-11-12 23:42:25.728 65707 INFO tempest.lib.common.rest_client [req-7056a3b3-3560-4d17-8526-3036c4bc1b12 req-7056a3b3-3560-4d17-8526-3036c4bc1b12 ] Request (FloatingIPsNegativeTestJSON:setUpClass): 201 POST http://10.180.1.21/identity/v3/auth/tokens 0.089s
2025-11-12 23:42:25.768 65707 INFO tempest.lib.common.rest_client [req-de4436c7-7480-4eee-a47f-f8efb77ffdc1 req-de4436c7-7480-4eee-a47f-f8efb77ffdc1 ] Request (FloatingIPsNegativeTestJSON:setUpClass): 201 POST http://10.180.1.21/identity/v3/auth/tokens 0.037s
2025-11-12 23:42:25.804 65707 INFO tempest.lib.common.rest_client [req-02fc1f46-c518-4ab0-90f9-84318ab86468 req-02fc1f46-c518-4ab0-90f9-84318ab86468 ] Request (FloatingIPsNegativeTestJSON:setUpClass): 200 GET http://10.180.1.21/identity/v3/domains?name=Default 0.036s
2025-11-12 23:42:25.821 65687 INFO tempest.lib.common.rest_client [req-c9d2d5dc-2b61-44fe-99d2-aba8b7147bd8 req-c9d2d5dc-2b61-44fe-99d2-aba8b7147bd8 ] Request (FloatingIPsAssociationNegativeTestJSON:_run_cleanups): 202 DELETE http://10.180.1.21/compute/v2.1/os-floating-ips/0a468e0b-9b85-4dce-a427-b927f2abddf4 5.640s
2025-11-12 23:42:25.838 65707 INFO tempest.lib.common.rest_client [req-60da326f-79b5-4b87-be89-1164423fafa9 req-60da326f-79b5-4b87-be89-1164423fafa9 ] Request (FloatingIPsNegativeTestJSON:setUpClass): 201 POST http://10.180.1.21/identity/v3/projects 0.033s
2025-11-12 23:42:25.909 65707 INFO tempest.lib.common.rest_client [req-894a690d-e46e-4b05-9010-6126e88f1862 req-894a690d-e46e-4b05-9010-6126e88f1862 ] Request (FloatingIPsNegativeTestJSON:setUpClass): 201 POST http://10.180.1.21/identity/v3/users 0.070s
2025-11-12 23:42:25.932 65707 INFO tempest.lib.common.rest_client [req-2842c217-2dbb-4694-862d-40aebd5238d1 req-2842c217-2dbb-4694-862d-40aebd5238d1 ] Request (FloatingIPsNegativeTestJSON:setUpClass): 200 GET http://10.180.1.21/identity/v3/roles 0.023s
2025-11-12 23:42:25.960 65707 INFO tempest.lib.common.rest_client [req-8eba7a33-be4e-474d-99c4-5369d9cc8f3b req-8eba7a33-be4e-474d-99c4-5369d9cc8f3b ] Request (FloatingIPsNegativeTestJSON:setUpClass): 204 PUT http://10.180.1.21/identity/v3/projects/d5a975075ac5401badb7f26caaa578e8/users/192594747891427ca5e67a179411dd26/roles/afce24c4b89e4d478f803445e61eb336 0.027s
2025-11-12 23:42:25.960 65707 INFO tempest.lib.common.dynamic_creds [-] Dynamic test user 192594747891427ca5e67a179411dd26 is created with scope project and roles: ['member']
2025-11-12 23:42:25.960 65707 INFO tempest.lib.common.dynamic_creds [-] Acquired dynamic creds: credentials: Credentials: {'domain_id': 'default', 'domain_name': 'Default', 'username': 'tempest-FloatingIPsNegativeTestJSON-76171580-project-member', 'project_domain_id': 'default', 'project_domain_name': 'Default', 'project_id': 'd5a975075ac5401badb7f26caaa578e8', 'project_name': 'tempest-FloatingIPsNegativeTestJSON-76171580', 'tenant_id': 'd5a975075ac5401badb7f26caaa578e8', 'tenant_name': 'tempest-FloatingIPsNegativeTestJSON-76171580', 'user_domain_id': 'default', 'user_domain_name': 'Default', 'user_id': '192594747891427ca5e67a179411dd26', 'system': None}, Network: None, Subnet: None, Router: None
2025-11-12 23:42:26.024 65707 INFO tempest.lib.common.rest_client [req-efba54ed-90be-41aa-9f42-eda610169b53 req-efba54ed-90be-41aa-9f42-eda610169b53 ] Request (FloatingIPsNegativeTestJSON:setUpClass): 201 POST http://10.180.1.21/identity/v3/auth/tokens 0.063s
2025-11-12 23:42:26.120 65665 INFO tempest.lib.common.rest_client [req-c2d4bcbe-4f5f-47a2-bbc2-c85f4a08dcf8 req-c2d4bcbe-4f5f-47a2-bbc2-c85f4a08dcf8 ] Request (ServerActionsTestJSON:setUpClass): 201 POST http://10.180.1.21/networking/v2.0/routers 1.266s
2025-11-12 23:42:26.127 65719 INFO tempest.lib.common.rest_client [req-5e5fef74-a4d9-4b3b-b670-862b12e0f281 req-5e5fef74-a4d9-4b3b-b670-862b12e0f281 ] Request (AttachInterfacesUnderV243Test:setUpClass): 201 POST http://10.180.1.21/networking/v2.0/networks 0.663s
2025-11-12 23:42:26.468 65707 INFO tempest.lib.common.rest_client [req-f2673c71-28b3-4c7c-8986-d972120196b3 req-f2673c71-28b3-4c7c-8986-d972120196b3 ] Request (FloatingIPsNegativeTestJSON:setUpClass): 201 POST http://10.180.1.21/networking/v2.0/networks 0.444s
2025-11-12 23:42:26.629 65719 INFO tempest.lib.common.rest_client [req-c476d76b-3281-4dd0-929e-4d1ca0feec86 req-c476d76b-3281-4dd0-929e-4d1ca0feec86 ] Request (AttachInterfacesUnderV243Test:setUpClass): 201 POST http://10.180.1.21/networking/v2.0/subnets 0.501s
2025-11-12 23:42:26.715 65671 INFO tempest.lib.common.rest_client [req-0d268a6c-ae98-494b-a470-f3a5d3e9d210 req-0d268a6c-ae98-494b-a470-f3a5d3e9d210 ] Request (ServerExternalEventsTest:test_create_server_external_events): 200 GET http://10.180.1.21/compute/v2.1/servers/2e9e0611-b6c7-4fe5-9e70-f5aa63914bca 6.493s
2025-11-12 23:42:26.728 65671 INFO tempest.common.waiters [-] State transition "BUILD/None" ==> "BUILD/spawning" after 7 second wait
2025-11-12 23:42:26.728 65683 INFO tempest.lib.common.rest_client [req-8a5d47d1-a736-41e5-988d-a3005a5921a4 req-8a5d47d1-a736-41e5-988d-a3005a5921a4 ] Request (HostsAdminNegativeTestJSON:test_update_host_with_invalid_status): 400 PUT http://10.180.1.21/compute/v2.1/os-hosts/devstack 6.459s
2025-11-12 23:42:26.749 65709 INFO tempest.lib.common.rest_client [req-d92dcea4-913f-40f0-bef0-815b4aef077a req-d92dcea4-913f-40f0-bef0-815b4aef077a ] Request (FlavorsAccessNegativeTestJSON:test_flavor_non_admin_add): 200 POST http://10.180.1.21/compute/v2.1/flavors 6.474s
2025-11-12 23:42:26.928 65715 INFO tempest.lib.common.rest_client [req-fcd9a5ff-4399-479c-a281-7ead620b7a2d req-fcd9a5ff-4399-479c-a281-7ead620b7a2d ] Request (AttachInterfacesV270Test:test_create_get_list_interfaces): 400 POST http://10.180.1.21/compute/v2.1/servers/b3acc990-6aa8-4103-9503-a4a5ed2488eb/os-interface 7.415s
2025-11-12 23:42:26.949 65663 INFO tempest.lib.common.rest_client [req-88cb406d-0b9b-47e2-be17-5359a3249c6b req-88cb406d-0b9b-47e2-be17-5359a3249c6b ] Request (FlavorsExtraSpecsTestJSON:test_flavor_set_get_update_show_unset_keys): 200 GET http://10.180.1.21/compute/v2.1/flavors/1764602282/os-extra_specs 6.652s
2025-11-12 23:42:26.967 65707 INFO tempest.lib.common.rest_client [req-065b196e-6fa9-40e9-9c66-dffe25a86800 req-065b196e-6fa9-40e9-9c66-dffe25a86800 ] Request (FloatingIPsNegativeTestJSON:setUpClass): 201 POST http://10.180.1.21/networking/v2.0/subnets 0.498s
2025-11-12 23:42:26.967 65669 INFO tempest.lib.common.rest_client [req-c12ae642-54e7-4c57-a565-a658fa799319 req-c12ae642-54e7-4c57-a565-a658fa799319 ] Request (FlavorsAdminTestJSON:_run_cleanups): 202 DELETE http://10.180.1.21/compute/v2.1/flavors/adc64457-fadb-41af-a438-9174c37ef5cf 6.638s
2025-11-12 23:42:26.997 65679 INFO tempest.lib.common.rest_client [req-1f0f2ad5-add5-4d0b-84d4-c52cc93d0ec3 req-1f0f2ad5-add5-4d0b-84d4-c52cc93d0ec3 ] Request (AggregatesAdminNegativeTestJSON:_run_cleanups): 200 DELETE http://10.180.1.21/compute/v2.1/os-aggregates/3 6.624s
2025-11-12 23:42:27.407 65665 INFO tempest.lib.common.rest_client [req-d0ca9978-b8ed-48f1-ab79-03de266cb34e req-d0ca9978-b8ed-48f1-ab79-03de266cb34e ] Request (ServerActionsTestJSON:setUpClass): 200 PUT http://10.180.1.21/networking/v2.0/routers/4ffa0560-06c1-4b97-8d51-36ce43da79b3/add_router_interface 1.286s
2025-11-12 23:42:27.407 65665 INFO tempest.lib.common.dynamic_creds [-] Created isolated network resources for: credentials: Credentials: {'domain_id': 'default', 'domain_name': 'Default', 'username': 'tempest-ServerActionsTestJSON-437813836-project-member', 'project_domain_id': 'default', 'project_domain_name': 'Default', 'project_id': '70f7d294f361449cb188fb4638fa1cbd', 'project_name': 'tempest-ServerActionsTestJSON-437813836', 'tenant_id': '70f7d294f361449cb188fb4638fa1cbd', 'tenant_name': 'tempest-ServerActionsTestJSON-437813836', 'user_domain_id': 'default', 'user_domain_name': 'Default', 'user_id': 'ec37e69455dc4e4cbc434bca91b975c5', 'system': None}, Network: {'id': '9dcb480e-9e84-4d91-adbc-e2a706549a3a', 'name': 'tempest-ServerActionsTestJSON-990569781-network', 'tenant_id': '70f7d294f361449cb188fb4638fa1cbd', 'project_id': '70f7d294f361449cb188fb4638fa1cbd', 'admin_state_up': True, 'mtu': 8950, 'status': 'ACTIVE', 'subnets': [], 'shared': False, 'port_security_enabled': True, 'router:external': False, 'provider:network_type': 'vlan', 'provider:physical_network': 'default', 'provider:segmentation_id': 910, 'availability_zone_hints': [], 'availability_zones': [], 'ipv4_address_scope': None, 'ipv6_address_scope': None, 'description': '', 'tags': [], 'created_at': '2025-11-12T23:42:24Z', 'updated_at': '2025-11-12T23:42:24Z', 'revision_number': 1}, Subnet: {'id': 'c12c7efd-a3d2-4f04-ba66-4af2e4d2e52a', 'name': 'tempest-ServerActionsTestJSON-990569781-subnet', 'tenant_id': '70f7d294f361449cb188fb4638fa1cbd', 'network_id': '9dcb480e-9e84-4d91-adbc-e2a706549a3a', 'ip_version': 4, 'subnetpool_id': None, 'enable_dhcp': True, 'ipv6_ra_mode': None, 'ipv6_address_mode': None, 'gateway_ip': '192.168.128.1', 'cidr': '192.168.128.0/28', 'allocation_pools': [{'start': '192.168.128.2', 'end': '192.168.128.14'}], 'host_routes': [], 'dns_nameservers': [], 'description': '', 'router:external': False, 'service_types': [], 'tags': [], 'created_at': '2025-11-12T23:42:24Z', 'updated_at': '2025-11-12T23:42:24Z', 'revision_number': 0, 'project_id': '70f7d294f361449cb188fb4638fa1cbd'}, Router: {'id': '4ffa0560-06c1-4b97-8d51-36ce43da79b3', 'name': 'tempest-ServerActionsTestJSON-990569781-router', 'tenant_id': '70f7d294f361449cb188fb4638fa1cbd', 'admin_state_up': True, 'status': 'ACTIVE', 'external_gateway_info': {'network_id': 'f0910f11-7037-405d-8a6a-bd75ae57acac', 'external_fixed_ips': [{'subnet_id': '586268b9-0bd5-4354-a453-0eed1acc851e', 'ip_address': '10.180.180.232'}], 'enable_snat': True}, 'description': '', 'availability_zones': [], 'distributed': False, 'ha': False, 'availability_zone_hints': [], 'routes': [], 'flavor_id': None, 'tags': [], 'created_at': '2025-11-12T23:42:25Z', 'updated_at': '2025-11-12T23:42:25Z', 'revision_number': 2, 'project_id': '70f7d294f361449cb188fb4638fa1cbd'}
2025-11-12 23:42:27.530 65665 INFO tempest.lib.common.rest_client [req-b7de6fd5-1d97-47a6-a67e-0828e7c842f2 req-b7de6fd5-1d97-47a6-a67e-0828e7c842f2 ] Request (ServerActionsTestJSON:setUpClass): 201 POST http://10.180.1.21/identity/v3/auth/tokens 0.118s
2025-11-12 23:42:27.633 65719 INFO tempest.lib.common.rest_client [req-93432422-94c9-4110-8678-f6b29d96d1d7 req-93432422-94c9-4110-8678-f6b29d96d1d7 ] Request (AttachInterfacesUnderV243Test:setUpClass): 201 POST http://10.180.1.21/networking/v2.0/routers 1.003s
2025-11-12 23:42:27.794 65699 INFO tempest.lib.common.rest_client [req-96e4d7d9-9deb-4dfa-8fa8-2e97a14c1d0d req-96e4d7d9-9deb-4dfa-8fa8-2e97a14c1d0d ] Request (VolumesAdminNegativeTest:test_update_attached_volume_with_nonexistent_volume_in_uri): 200 GET http://10.180.1.21/compute/v2.1/servers/c45089f9-6b16-4e78-b557-d1a999199f97 7.504s
2025-11-12 23:42:27.802 65699 INFO tempest.common.waiters [-] State transition "BUILD/spawning" ==> "ACTIVE/None" after 21 second wait
2025-11-12 23:42:28.008 65677 WARNING tempest.lib.common.ssh [-] Failed to establish authenticated ssh connection to cirros@10.180.180.193 ([Errno None] Unable to connect to port 22 on 10.180.180.193). Number attempts: 1. Retry after 2 seconds.: paramiko.ssh_exception.NoValidConnectionsError: [Errno None] Unable to connect to port 22 on 10.180.180.193
2025-11-12 23:42:28.109 65673 INFO tempest.lib.common.rest_client [req-8bc1797b-e326-4976-bb52-ea8916a68a5f req-8bc1797b-e326-4976-bb52-ea8916a68a5f ] Request (QuotasAdminTestJSON:test_update_all_quota_resources_for_tenant): 200 PUT http://10.180.1.21/compute/v2.1/os-quota-sets/b35fc940003c4419bdb5fa0ea79a1820 6.984s
2025-11-12 23:42:28.236 65699 INFO tempest.lib.common.rest_client [req-142517af-82d4-4c5a-b7ba-4ae4efc1ffba req-142517af-82d4-4c5a-b7ba-4ae4efc1ffba ] Request (VolumesAdminNegativeTest:test_update_attached_volume_with_nonexistent_volume_in_uri): 202 POST http://10.180.1.21/volume/v3/volumes 0.433s
2025-11-12 23:42:28.304 65699 INFO tempest.lib.common.rest_client [req-79a3472b-9763-4cce-b4f1-633bce7f3bb7 req-79a3472b-9763-4cce-b4f1-633bce7f3bb7 ] Request (VolumesAdminNegativeTest:test_update_attached_volume_with_nonexistent_volume_in_uri): 200 GET http://10.180.1.21/volume/v3/volumes/006f211f-7e11-44f7-99c2-be066fad204f 0.062s
2025-11-12 23:42:28.369 65707 INFO tempest.lib.common.rest_client [req-d9f87efa-fe2d-4a52-85f3-c87e10b6726c req-d9f87efa-fe2d-4a52-85f3-c87e10b6726c ] Request (FloatingIPsNegativeTestJSON:setUpClass): 201 POST http://10.180.1.21/networking/v2.0/routers 1.401s
2025-11-12 23:42:28.411 65717 INFO tempest.lib.common.rest_client [req-6a77fc27-df6a-4290-b3e2-edd3a2b7a942 req-6a77fc27-df6a-4290-b3e2-edd3a2b7a942 ] Request (ServerActionsTestOtherB:setUpClass): 200 GET http://10.180.1.21/compute/v2.1/servers/de11687e-08cc-4ee7-91fa-789196241589 7.749s
2025-11-12 23:42:28.420 65717 INFO tempest.common.waiters [-] State transition "BUILD/spawning" ==> "ACTIVE/None" after 22 second wait
2025-11-12 23:42:28.834 65719 INFO tempest.lib.common.rest_client [req-22d832d4-b29f-448b-90a9-136f95a56a9c req-22d832d4-b29f-448b-90a9-136f95a56a9c ] Request (AttachInterfacesUnderV243Test:setUpClass): 200 PUT http://10.180.1.21/networking/v2.0/routers/d2dd9205-8afa-489f-8ec4-d4236868d2a4/add_router_interface 1.201s
2025-11-12 23:42:28.834 65719 INFO tempest.lib.common.dynamic_creds [-] Created isolated network resources for: credentials: Credentials: {'domain_id': 'default', 'domain_name': 'Default', 'username': 'tempest-AttachInterfacesUnderV243Test-82564794-project-member', 'project_domain_id': 'default', 'project_domain_name': 'Default', 'project_id': 'ab707169b3a745529669b285a25eaff9', 'project_name': 'tempest-AttachInterfacesUnderV243Test-82564794', 'tenant_id': 'ab707169b3a745529669b285a25eaff9', 'tenant_name': 'tempest-AttachInterfacesUnderV243Test-82564794', 'user_domain_id': 'default', 'user_domain_name': 'Default', 'user_id': 'db8839d58dac42ee83c073973dec8e7e', 'system': None}, Network: {'id': '366664a4-5163-4651-9bb4-3439587db04e', 'name': 'tempest-AttachInterfacesUnderV243Test-2123252730-network', 'tenant_id': 'ab707169b3a745529669b285a25eaff9', 'project_id': 'ab707169b3a745529669b285a25eaff9', 'admin_state_up': True, 'mtu': 8950, 'status': 'ACTIVE', 'subnets': [], 'shared': False, 'port_security_enabled': True, 'router:external': False, 'provider:network_type': 'vlan', 'provider:physical_network': 'default', 'provider:segmentation_id': 376, 'availability_zone_hints': [], 'availability_zones': [], 'ipv4_address_scope': None, 'ipv6_address_scope': None, 'description': '', 'tags': [], 'created_at': '2025-11-12T23:42:26Z', 'updated_at': '2025-11-12T23:42:26Z', 'revision_number': 1}, Subnet: {'id': '4a57d26e-5e54-43a8-80c8-793e1342f17e', 'name': 'tempest-AttachInterfacesUnderV243Test-2123252730-subnet', 'tenant_id': 'ab707169b3a745529669b285a25eaff9', 'network_id': '366664a4-5163-4651-9bb4-3439587db04e', 'ip_version': 4, 'subnetpool_id': None, 'enable_dhcp': True, 'ipv6_ra_mode': None, 'ipv6_address_mode': None, 'gateway_ip': '192.168.128.1', 'cidr': '192.168.128.0/28', 'allocation_pools': [{'start': '192.168.128.2', 'end': '192.168.128.14'}], 'host_routes': [], 'dns_nameservers': [], 'description': '', 'router:external': False, 'service_types': [], 'tags': [], 'created_at': '2025-11-12T23:42:26Z', 'updated_at': '2025-11-12T23:42:26Z', 'revision_number': 0, 'project_id': 'ab707169b3a745529669b285a25eaff9'}, Router: {'id': 'd2dd9205-8afa-489f-8ec4-d4236868d2a4', 'name': 'tempest-AttachInterfacesUnderV243Test-2123252730-router', 'tenant_id': 'ab707169b3a745529669b285a25eaff9', 'admin_state_up': True, 'status': 'ACTIVE', 'external_gateway_info': {'network_id': 'f0910f11-7037-405d-8a6a-bd75ae57acac', 'external_fixed_ips': [{'subnet_id': '586268b9-0bd5-4354-a453-0eed1acc851e', 'ip_address': '10.180.180.228'}], 'enable_snat': True}, 'description': '', 'availability_zones': [], 'distributed': False, 'ha': False, 'availability_zone_hints': [], 'routes': [], 'flavor_id': None, 'tags': [], 'created_at': '2025-11-12T23:42:26Z', 'updated_at': '2025-11-12T23:42:27Z', 'revision_number': 2, 'project_id': 'ab707169b3a745529669b285a25eaff9'}
2025-11-12 23:42:28.969 65719 INFO tempest.lib.common.rest_client [req-b4c21251-74c0-4c2a-b97f-575285c5aadc req-b4c21251-74c0-4c2a-b97f-575285c5aadc ] Request (AttachInterfacesUnderV243Test:setUpClass): 201 POST http://10.180.1.21/identity/v3/auth/tokens 0.129s
2025-11-12 23:42:29.347 65699 INFO tempest.lib.common.rest_client [req-890ed462-df8e-45fc-8fb2-54d14c020a9d req-890ed462-df8e-45fc-8fb2-54d14c020a9d ] Request (VolumesAdminNegativeTest:test_update_attached_volume_with_nonexistent_volume_in_uri): 200 GET http://10.180.1.21/volume/v3/volumes/006f211f-7e11-44f7-99c2-be066fad204f 0.035s
2025-11-12 23:42:29.357 65699 INFO tempest.common.waiters [-] volume 006f211f-7e11-44f7-99c2-be066fad204f reached available after waiting for 1.357233 seconds
2025-11-12 23:42:29.744 65707 INFO tempest.lib.common.rest_client [req-1031ead2-66fd-4b48-9d5b-fecf0ff0005c req-1031ead2-66fd-4b48-9d5b-fecf0ff0005c ] Request (FloatingIPsNegativeTestJSON:setUpClass): 200 PUT http://10.180.1.21/networking/v2.0/routers/e0faa83f-6d45-4800-a53f-981330153f57/add_router_interface 1.374s
