2025-11-12 23:44:07.979 65673 INFO tempest.lib.common.rest_client [req-3db45487-3424-4d8d-aa9c-604db96f91e7 req-3db45487-3424-4d8d-aa9c-604db96f91e7 ] Request (ListImageFiltersTestJSON:setUpClass): 200 GET http://10.180.1.21/compute/v2.1/images/12d1295b-34d7-4889-8a4f-ed251cdc084e 2.076s
2025-11-12 23:44:07.980 65669 INFO tempest.lib.common.rest_client [req-57f9f683-ce7d-4df4-ac36-dfcae2a296bf req-57f9f683-ce7d-4df4-ac36-dfcae2a296bf ] Request (FlavorsAdminTestJSON:tearDownClass): 204 DELETE http://10.180.1.21/identity/v3/users/812186667f9f46d5b4f59fc6e6de9197 0.142s
2025-11-12 23:44:08.071 65695 INFO tempest.lib.common.rest_client [req-b2029b0b-236f-4762-aa49-95edeb395054 req-b2029b0b-236f-4762-aa49-95edeb395054 ] Request (ServerShowV257Test:tearDownClass): 200 GET http://10.180.1.21/compute/v2.1/servers/c808ccb4-b62c-4ed9-b267-721633d74654 2.066s
2025-11-12 23:44:08.090 65669 INFO tempest.lib.common.rest_client [req-ea92ac4c-0677-44db-bb85-a4c1d52e45bf req-ea92ac4c-0677-44db-bb85-a4c1d52e45bf ] Request (FlavorsAdminTestJSON:tearDownClass): 204 DELETE http://10.180.1.21/identity/v3/users/ca93705891aa4f5780b0c0b86a9e43c6 0.110s
2025-11-12 23:44:08.090 65669 INFO tempest.lib.common.dynamic_creds [-] Deleting project and security group for project: 4fca046a27d1472fa0309a0d90201ea3
2025-11-12 23:44:08.175 65669 INFO tempest.lib.common.rest_client [req-30bf3ce6-bad0-4a6e-961b-e69453550509 req-30bf3ce6-bad0-4a6e-961b-e69453550509 ] Request (FlavorsAdminTestJSON:tearDownClass): 201 POST http://10.180.1.21/identity/v3/auth/tokens 0.084s
2025-11-12 23:44:08.203 65689 INFO tempest.lib.common.rest_client [req-014db05e-749a-4718-972f-d9a55c84da61 req-014db05e-749a-4718-972f-d9a55c84da61 ] Request (FlavorsV2NegativeTest:tearDownClass): 200 GET http://10.180.1.21/networking/v2.0/security-groups?tenant_id=a1b6069efb874b538e9e401afe13b5ea&name=default 0.313s
2025-11-12 23:44:08.208 65675 INFO tempest.lib.common.rest_client [req-d47b1bfb-3d22-4e10-9ebb-2c4c17b8e0be req-d47b1bfb-3d22-4e10-9ebb-2c4c17b8e0be ] Request (ServerDiagnosticsV248Test:test_get_server_diagnostics): 200 GET http://10.180.1.21/compute/v2.1/servers/263e7060-b659-4797-bf82-adf5d649c2c2/diagnostics 3.819s
2025-11-12 23:44:08.252 65687 INFO tempest.lib.common.rest_client [req-acc8ad44-383e-43ac-a25d-343d416385a7 req-acc8ad44-383e-43ac-a25d-343d416385a7 ] Request (SecurityGroupRulesTestJSON:tearDownClass): 202 DELETE http://10.180.1.21/compute/v2.1/os-security-groups/7e20e218-e28d-40e6-a0ff-450ebaa5124b 2.155s
2025-11-12 23:44:08.283 65719 INFO paramiko.transport [-] Connected (version 2.0, client dropbear_2020.81)
2025-11-12 23:44:08.397 65719 INFO paramiko.transport [-] Authentication (publickey) successful!
2025-11-12 23:44:08.397 65719 INFO tempest.lib.common.ssh [-] ssh connection to cirros@10.180.180.223 successfully created
2025-11-12 23:44:08.413 65689 INFO tempest.lib.common.rest_client [req-43106df2-d9e8-4a05-be1f-fa0a93de1e0c req-43106df2-d9e8-4a05-be1f-fa0a93de1e0c ] Request (FlavorsV2NegativeTest:tearDownClass): 204 DELETE http://10.180.1.21/networking/v2.0/security-groups/adf4bc66-ffcb-4074-8273-3dbed7cacb4a 0.209s
2025-11-12 23:44:08.428 65685 INFO tempest.lib.common.rest_client [req-230b1b3a-e0ca-4cf9-b123-c30e0fc720e0 req-230b1b3a-e0ca-4cf9-b123-c30e0fc720e0 ] Request (ServerActionsV293TestJSON:setUpClass): 200 GET http://10.180.1.21/volume/v3/volumes/7f2d45b0-bf9d-4813-a3e0-6cb31715d9b6 0.050s
2025-11-12 23:44:08.496 65679 INFO tempest.lib.common.rest_client [req-1c40a7d8-db75-4c5f-96de-38fd5a6e8da1 req-1c40a7d8-db75-4c5f-96de-38fd5a6e8da1 ] Request (ServerAddressesTestJSON:setUpClass): 200 GET http://10.180.1.21/compute/v2.1/servers/1a5390c7-30fb-4797-a535-b179a063ed6f 1.916s
2025-11-12 23:44:08.548 65689 INFO tempest.lib.common.rest_client [req-ed423675-ed4f-40fa-9339-d777eed3df0c req-ed423675-ed4f-40fa-9339-d777eed3df0c ] Request (FlavorsV2NegativeTest:tearDownClass): 204 DELETE http://10.180.1.21/identity/v3/projects/a1b6069efb874b538e9e401afe13b5ea 0.135s
2025-11-12 23:44:08.550 65669 INFO tempest.lib.common.rest_client [req-9d2828f1-b2b5-4a27-98df-8112dafb5328 req-9d2828f1-b2b5-4a27-98df-8112dafb5328 ] Request (FlavorsAdminTestJSON:tearDownClass): 200 GET http://10.180.1.21/networking/v2.0/security-groups?tenant_id=4fca046a27d1472fa0309a0d90201ea3&name=default 0.372s
2025-11-12 23:44:08.665 65689 INFO tempest.lib.common.rest_client [req-57180439-7026-4272-a85c-b2a6c5f230a3 req-57180439-7026-4272-a85c-b2a6c5f230a3 ] Request (SecurityGroupRulesNegativeTestJSON:setUpClass): 201 POST http://10.180.1.21/identity/v3/auth/tokens 0.115s
2025-11-12 23:44:08.697 65669 INFO tempest.lib.common.rest_client [req-94f30281-ed10-4873-8a6c-96539c8792ed req-94f30281-ed10-4873-8a6c-96539c8792ed ] Request (FlavorsAdminTestJSON:tearDownClass): 204 DELETE http://10.180.1.21/networking/v2.0/security-groups/112aa80c-2c37-42ae-94ce-dfa8fde9fa22 0.145s
2025-11-12 23:44:08.720 65689 INFO tempest.lib.common.rest_client [req-3868e82a-2f88-4db5-b358-3b64156e2f84 req-3868e82a-2f88-4db5-b358-3b64156e2f84 ] Request (SecurityGroupRulesNegativeTestJSON:setUpClass): 201 POST http://10.180.1.21/identity/v3/auth/tokens 0.051s
2025-11-12 23:44:08.763 65717 INFO tempest.lib.common.rest_client [req-1c70baa2-79da-4ae0-887f-59f8a01506e1 req-1c70baa2-79da-4ae0-887f-59f8a01506e1 ] Request (ServerActionsTestOtherB:test_create_backup): 200 GET http://10.180.1.21/compute/v2.1/servers/de11687e-08cc-4ee7-91fa-789196241589 2.152s
2025-11-12 23:44:08.868 65697 INFO tempest.lib.common.rest_client [req-58b3dacc-2f96-4bed-9c35-dd6221dedaf9 req-58b3dacc-2f96-4bed-9c35-dd6221dedaf9 ] Request (ServersTestBootFromVolume:setUpClass): 200 GET http://10.180.1.21/volume/v3/volumes/cd2ee0c6-33f7-47e5-9a0a-8d9ad88ea53d 0.057s
2025-11-12 23:44:08.887 65669 INFO tempest.lib.common.rest_client [req-c8da0db5-76d6-413d-a4ad-ef9fecc90a66 req-c8da0db5-76d6-413d-a4ad-ef9fecc90a66 ] Request (FlavorsAdminTestJSON:tearDownClass): 204 DELETE http://10.180.1.21/identity/v3/projects/4fca046a27d1472fa0309a0d90201ea3 0.190s
2025-11-12 23:44:08.887 65669 INFO tempest.lib.common.dynamic_creds [-] Deleting project and security group for project: f39f321421b54d8f9af458332fe20b22
2025-11-12 23:44:08.901 65667 INFO tempest.lib.common.rest_client [req-e5c1b39c-0527-488b-999c-217eeb521c10 req-e5c1b39c-0527-488b-999c-217eeb521c10 ] Request (ServersAdminNegativeTestJSON:tearDownClass): 200 GET http://10.180.1.21/compute/v2.1/servers/8f6ef977-4ff9-42de-8a9b-2842b6edb934 2.206s
2025-11-12 23:44:08.926 65689 INFO tempest.lib.common.rest_client [req-574ea51d-451c-4fdf-8023-6c4a1fc43acb req-574ea51d-451c-4fdf-8023-6c4a1fc43acb ] Request (SecurityGroupRulesNegativeTestJSON:setUpClass): 200 GET http://10.180.1.21/identity/v3/domains?name=Default 0.205s
2025-11-12 23:44:09.030 65669 INFO tempest.lib.common.rest_client [req-d5740d13-32f0-4585-9ace-29a72b401b4f req-d5740d13-32f0-4585-9ace-29a72b401b4f ] Request (FlavorsAdminTestJSON:tearDownClass): 200 GET http://10.180.1.21/networking/v2.0/security-groups?tenant_id=f39f321421b54d8f9af458332fe20b22&name=default 0.143s
2025-11-12 23:44:09.088 65689 INFO tempest.lib.common.rest_client [req-4d7c06cd-2a41-47e8-a9c6-d0b17a209814 req-4d7c06cd-2a41-47e8-a9c6-d0b17a209814 ] Request (SecurityGroupRulesNegativeTestJSON:setUpClass): 201 POST http://10.180.1.21/identity/v3/projects 0.162s
2025-11-12 23:44:09.182 65663 INFO tempest.lib.common.rest_client [req-e5aaf246-5e39-4877-82ba-35f9f39a4c61 req-e5aaf246-5e39-4877-82ba-35f9f39a4c61 ] Request (ServerDiskConfigTestJSON:test_rebuild_server_with_auto_disk_config): 202 POST http://10.180.1.21/compute/v2.1/servers 2.995s
2025-11-12 23:44:09.205 65669 INFO tempest.lib.common.rest_client [req-292aaf46-375e-4ece-9408-9dd7980692fe req-292aaf46-375e-4ece-9408-9dd7980692fe ] Request (FlavorsAdminTestJSON:tearDownClass): 204 DELETE http://10.180.1.21/networking/v2.0/security-groups/5dd7e113-ec4a-48e9-affc-3f915b890388 0.173s
2025-11-12 23:44:09.223 65689 INFO tempest.lib.common.rest_client [req-abc2d0da-7095-4704-a319-6520e92db3e7 req-abc2d0da-7095-4704-a319-6520e92db3e7 ] Request (SecurityGroupRulesNegativeTestJSON:setUpClass): 201 POST http://10.180.1.21/identity/v3/users 0.134s
2025-11-12 23:44:09.243 65681 INFO tempest.lib.common.rest_client [req-95573c7c-eca1-4b62-bdb8-a6e942a9d6b6 req-95573c7c-eca1-4b62-bdb8-a6e942a9d6b6 ] Request (ImagesOneServerNegativeTestJSON:test_create_second_image_when_first_image_is_being_saved): 409 POST http://10.180.1.21/compute/v2.1/servers/11e42b51-9f38-4386-aab0-5bc0e158d172/action 2.037s
2025-11-12 23:44:09.255 65715 WARNING tempest.lib.common.ssh [-] Failed to establish authenticated ssh connection to cirros@10.180.180.220 ([Errno None] Unable to connect to port 22 on 10.180.180.220). Number attempts: 5. Retry after 6 seconds.: paramiko.ssh_exception.NoValidConnectionsError: [Errno None] Unable to connect to port 22 on 10.180.180.220
2025-11-12 23:44:09.255 65689 INFO tempest.lib.common.rest_client [req-b2976f50-ec10-41f4-8a4d-7cbca13d37bc req-b2976f50-ec10-41f4-8a4d-7cbca13d37bc ] Request (SecurityGroupRulesNegativeTestJSON:setUpClass): 200 GET http://10.180.1.21/identity/v3/roles 0.032s
2025-11-12 23:44:09.387 65669 INFO tempest.lib.common.rest_client [req-6dff213e-5e9d-40c3-aaa5-673caeb36909 req-6dff213e-5e9d-40c3-aaa5-673caeb36909 ] Request (FlavorsAdminTestJSON:tearDownClass): 204 DELETE http://10.180.1.21/identity/v3/projects/f39f321421b54d8f9af458332fe20b22 0.180s
2025-11-12 23:44:09.446 65701 INFO tempest.lib.common.rest_client [req-4513bc40-4860-44d1-9d97-b8f7f343c8d0 req-4513bc40-4860-44d1-9d97-b8f7f343c8d0 ] Request (SecurityGroupsTestJSON:test_security_group_create_get_delete): 200 POST http://10.180.1.21/compute/v2.1/os-security-groups 2.024s
2025-11-12 23:44:09.493 65685 INFO tempest.lib.common.rest_client [req-df995561-3dee-42c1-bb83-f76999f4ed57 req-df995561-3dee-42c1-bb83-f76999f4ed57 ] Request (ServerActionsV293TestJSON:setUpClass): 200 GET http://10.180.1.21/volume/v3/volumes/7f2d45b0-bf9d-4813-a3e0-6cb31715d9b6 0.049s
2025-11-12 23:44:09.498 65669 INFO tempest.lib.common.rest_client [req-83605744-0777-409f-a6c3-56cd7ad54594 req-83605744-0777-409f-a6c3-56cd7ad54594 ] Request (ServersAdmin275Test:setUpClass): 201 POST http://10.180.1.21/identity/v3/auth/tokens 0.108s
2025-11-12 23:44:09.501 65689 INFO tempest.lib.common.rest_client [req-dadf8c5a-633a-4b0d-84ab-8d53aa27b9e2 req-dadf8c5a-633a-4b0d-84ab-8d53aa27b9e2 ] Request (SecurityGroupRulesNegativeTestJSON:setUpClass): 204 PUT http://10.180.1.21/identity/v3/projects/cefd4de0f9da438a915cb49f9b0e352b/users/cb2069829a2c470792addfe4ebfb1513/roles/afce24c4b89e4d478f803445e61eb336 0.244s
2025-11-12 23:44:09.501 65689 INFO tempest.lib.common.dynamic_creds [-] Dynamic test user cb2069829a2c470792addfe4ebfb1513 is created with scope project and roles: ['member']
2025-11-12 23:44:09.501 65689 INFO tempest.lib.common.dynamic_creds [-] Acquired dynamic creds: credentials: Credentials: {'domain_id': 'default', 'domain_name': 'Default', 'username': 'tempest-SecurityGroupRulesNegativeTestJSON-874329279-project-member', 'project_domain_id': 'default', 'project_domain_name': 'Default', 'project_id': 'cefd4de0f9da438a915cb49f9b0e352b', 'project_name': 'tempest-SecurityGroupRulesNegativeTestJSON-874329279', 'tenant_id': 'cefd4de0f9da438a915cb49f9b0e352b', 'tenant_name': 'tempest-SecurityGroupRulesNegativeTestJSON-874329279', 'user_domain_id': 'default', 'user_domain_name': 'Default', 'user_id': 'cb2069829a2c470792addfe4ebfb1513', 'system': None}, Network: None, Subnet: None, Router: None
2025-11-12 23:44:09.550 65705 INFO tempest.lib.common.rest_client [req-9328e463-4821-45a2-8fa7-c2edf49c54d5 req-9328e463-4821-45a2-8fa7-c2edf49c54d5 ] Request (VolumesAssistedSnapshotsTest:tearDownClass): 200 GET http://10.180.1.21/compute/v2.1/servers/aa84762b-2d29-4e4b-aa49-8d44bdc4fd3a 1.802s
2025-11-12 23:44:09.576 65689 INFO tempest.lib.common.rest_client [req-ed597848-2d27-4905-b575-6f92f938514c req-ed597848-2d27-4905-b575-6f92f938514c ] Request (SecurityGroupRulesNegativeTestJSON:setUpClass): 201 POST http://10.180.1.21/identity/v3/auth/tokens 0.075s
2025-11-12 23:44:09.598 65692 INFO tempest.lib.common.rest_client [req-a67e8e4c-35cc-4a5e-8b01-5b345b26ee2b req-a67e8e4c-35cc-4a5e-8b01-5b345b26ee2b ] Request (ServicesAdminNegativeV253TestJSON:test_get_service_by_invalid_params): 200 GET http://10.180.1.21/compute/v2.1/os-services 1.800s
2025-11-12 23:44:09.613 65669 INFO tempest.lib.common.rest_client [req-341949ae-2a5e-45d1-87b2-577019821b4f req-341949ae-2a5e-45d1-87b2-577019821b4f ] Request (ServersAdmin275Test:setUpClass): 201 POST http://10.180.1.21/identity/v3/auth/tokens 0.110s
2025-11-12 23:44:09.632 65723 INFO tempest.lib.common.rest_client [req-de63851c-5257-4529-ac66-b61754640848 req-de63851c-5257-4529-ac66-b61754640848 ] Request (InstanceActionsTestJSON:setUpClass): 202 POST http://10.180.1.21/compute/v2.1/servers 2.648s
2025-11-12 23:44:09.661 65703 INFO tempest.lib.common.rest_client [req-07343fa2-f699-43a6-bdf6-1292679032c0 req-07343fa2-f699-43a6-bdf6-1292679032c0 ] Request (FloatingIPsAssociationTestJSON:test_associate_already_associated_floating_ip): 200 GET http://10.180.1.21/compute/v2.1/servers/b97bcc61-bebf-4d78-b07f-20e8f9ca3ede 1.802s
2025-11-12 23:44:09.696 65669 INFO tempest.lib.common.rest_client [req-110b7b71-5a56-479a-96fe-78f41da9caa1 req-110b7b71-5a56-479a-96fe-78f41da9caa1 ] Request (ServersAdmin275Test:setUpClass): 200 GET http://10.180.1.21/identity/v3/domains?name=Default 0.083s
2025-11-12 23:44:09.731 65725 INFO tempest.lib.common.rest_client [req-64dead77-a9e2-451e-9387-19a8806cb165 req-64dead77-a9e2-451e-9387-19a8806cb165 ] Request (ListServersNegativeTestJSON:tearDownClass): 200 GET http://10.180.1.21/compute/v2.1/servers/6be80110-6348-4089-a97d-0133455aa421 1.798s
2025-11-12 23:44:09.747 65669 INFO tempest.lib.common.rest_client [req-30d1d76a-7e7b-4785-acbe-484e9d4c804b req-30d1d76a-7e7b-4785-acbe-484e9d4c804b ] Request (ServersAdmin275Test:setUpClass): 201 POST http://10.180.1.21/identity/v3/projects 0.050s
2025-11-12 23:44:09.778 65721 INFO tempest.lib.common.rest_client [req-733b9319-8cc3-42e3-8aa1-48c715a2d54d req-733b9319-8cc3-42e3-8aa1-48c715a2d54d ] Request (MigrationsAdminTest:test_resize_server_revert_deleted_flavor): 200 GET http://10.180.1.21/compute/v2.1/servers/29bd979e-07b5-4c44-8c6a-2a35b12968ab 1.845s
2025-11-12 23:44:09.873 65669 INFO tempest.lib.common.rest_client [req-92914ddc-c890-44c6-ab0f-53ceb30e46af req-92914ddc-c890-44c6-ab0f-53ceb30e46af ] Request (ServersAdmin275Test:setUpClass): 201 POST http://10.180.1.21/identity/v3/users 0.125s
2025-11-12 23:44:09.913 65669 INFO tempest.lib.common.rest_client [req-aae9547f-988e-442b-95ff-447c6ec90914 req-aae9547f-988e-442b-95ff-447c6ec90914 ] Request (ServersAdmin275Test:setUpClass): 200 GET http://10.180.1.21/identity/v3/roles 0.040s
2025-11-12 23:44:09.929 65697 INFO tempest.lib.common.rest_client [req-f104533e-1cd2-495d-b517-7b8de0edebf2 req-f104533e-1cd2-495d-b517-7b8de0edebf2 ] Request (ServersTestBootFromVolume:setUpClass): 200 GET http://10.180.1.21/volume/v3/volumes/cd2ee0c6-33f7-47e5-9a0a-8d9ad88ea53d 0.048s
2025-11-12 23:44:09.951 65669 INFO tempest.lib.common.rest_client [req-68b6b73b-de8f-4ac0-8f03-a131bedb2ef5 req-68b6b73b-de8f-4ac0-8f03-a131bedb2ef5 ] Request (ServersAdmin275Test:setUpClass): 204 PUT http://10.180.1.21/identity/v3/projects/d995de9b8f2045b4b878107a1e1376a9/users/8f4d54ad65cd479fa02a0551d5c1c57f/roles/afce24c4b89e4d478f803445e61eb336 0.037s
2025-11-12 23:44:09.951 65669 INFO tempest.lib.common.dynamic_creds [-] Dynamic test user 8f4d54ad65cd479fa02a0551d5c1c57f is created with scope project and roles: ['member']
2025-11-12 23:44:09.951 65669 INFO tempest.lib.common.dynamic_creds [-] Acquired dynamic creds: credentials: Credentials: {'domain_id': 'default', 'domain_name': 'Default', 'username': 'tempest-ServersAdmin275Test-1956395866-project-member', 'project_domain_id': 'default', 'project_domain_name': 'Default', 'project_id': 'd995de9b8f2045b4b878107a1e1376a9', 'project_name': 'tempest-ServersAdmin275Test-1956395866', 'tenant_id': 'd995de9b8f2045b4b878107a1e1376a9', 'tenant_name': 'tempest-ServersAdmin275Test-1956395866', 'user_domain_id': 'default', 'user_domain_name': 'Default', 'user_id': '8f4d54ad65cd479fa02a0551d5c1c57f', 'system': None}, Network: None, Subnet: None, Router: None
2025-11-12 23:44:09.952 65669 INFO tempest.lib.common.dynamic_creds [-] Created isolated network resources for: credentials: Credentials: {'domain_id': 'default', 'domain_name': 'Default', 'username': 'tempest-ServersAdmin275Test-1956395866-project-member', 'project_domain_id': 'default', 'project_domain_name': 'Default', 'project_id': 'd995de9b8f2045b4b878107a1e1376a9', 'project_name': 'tempest-ServersAdmin275Test-1956395866', 'tenant_id': 'd995de9b8f2045b4b878107a1e1376a9', 'tenant_name': 'tempest-ServersAdmin275Test-1956395866', 'user_domain_id': 'default', 'user_domain_name': 'Default', 'user_id': '8f4d54ad65cd479fa02a0551d5c1c57f', 'system': None}, Network: None, Subnet: None, Router: None
2025-11-12 23:44:09.976 65707 INFO tempest.lib.common.rest_client [req-dd8bed89-bcf5-4d96-90bf-5cb0fba7d649 req-dd8bed89-bcf5-4d96-90bf-5cb0fba7d649 ] Request (ServerShowV247Test:tearDownClass): 200 GET http://10.180.1.21/compute/v2.1/servers/162e0e75-50d1-4931-a83e-b360138b0841 1.775s
2025-11-12 23:44:10.012 65693 INFO tempest.lib.common.rest_client [req-17000cea-4ca3-461b-9bcf-fea0b0aa21d0 req-17000cea-4ca3-461b-9bcf-fea0b0aa21d0 ] Request (ServersWithSpecificFlavorTestJSON:test_verify_created_server_ephemeral_disk): 200 GET http://10.180.1.21/compute/v2.1/servers/cede9721-0daf-419b-b118-35f08ea84084 1.899s
2025-11-12 23:44:10.121 65689 INFO tempest.lib.common.rest_client [req-90db2817-539a-4080-a6d5-ef993baeae39 req-90db2817-539a-4080-a6d5-ef993baeae39 ] Request (SecurityGroupRulesNegativeTestJSON:setUpClass): 201 POST http://10.180.1.21/networking/v2.0/networks 0.545s
2025-11-12 23:44:10.138 65669 INFO tempest.lib.common.rest_client [req-261f6786-671f-4197-8a75-a7e5fc43c5f3 req-261f6786-671f-4197-8a75-a7e5fc43c5f3 ] Request (ServersAdmin275Test:setUpClass): 201 POST http://10.180.1.21/identity/v3/auth/tokens 0.183s
2025-11-12 23:44:10.147 65699 INFO tempest.lib.common.rest_client [req-fbcb742e-467a-44cc-9fb0-64f08dda494d req-fbcb742e-467a-44cc-9fb0-64f08dda494d ] Request (InstanceActionsNegativeTestJSON:setUpClass): 200 GET http://10.180.1.21/compute/v2.1/servers/90653f0c-813f-4d38-9c2c-a4017742b55c 1.878s
2025-11-12 23:44:10.188 65687 INFO tempest.lib.common.rest_client [req-aa736b2e-8e60-4529-b8a4-e56cfba58b34 req-aa736b2e-8e60-4529-b8a4-e56cfba58b34 ] Request (SecurityGroupRulesTestJSON:tearDownClass): 202 DELETE http://10.180.1.21/compute/v2.1/os-security-groups/baaa5f69-50b9-49ee-b6d6-41dec1d16ac1 1.935s
2025-11-12 23:44:10.221 65711 INFO tempest.lib.common.rest_client [req-d53c97db-74f4-498a-9508-ad4e8ed40c05 req-d53c97db-74f4-498a-9508-ad4e8ed40c05 ] Request (ServersTestMultiNic:test_verify_multiple_nics_order): 200 GET http://10.180.1.21/compute/v2.1/servers/0da534e6-4151-4c9d-bec8-798548a683e6 1.946s
2025-11-12 23:44:10.225 65669 INFO tempest.lib.common.rest_client [req-89595f91-bb98-4b90-a0f1-6769bb8d1c25 req-89595f91-bb98-4b90-a0f1-6769bb8d1c25 ] Request (ServersAdmin275Test:setUpClass): 201 POST http://10.180.1.21/identity/v3/projects 0.086s
2025-11-12 23:44:10.370 65669 INFO tempest.lib.common.rest_client [req-455abbe8-6ddf-4a36-9566-8241b65ddbd5 req-455abbe8-6ddf-4a36-9566-8241b65ddbd5 ] Request (ServersAdmin275Test:setUpClass): 201 POST http://10.180.1.21/identity/v3/users 0.143s
2025-11-12 23:44:10.388 65719 INFO tempest.lib.common.rest_client [req-cf0a241d-b00e-4978-84fc-ad447b67e6bd req-cf0a241d-b00e-4978-84fc-ad447b67e6bd ] Request (AttachInterfacesUnderV243Test:test_add_remove_fixed_ip): 200 GET http://10.180.1.21/compute/v2.1/servers/f9ccb936-d91b-44bc-9523-725daf1569fa/os-interface 1.990s
2025-11-12 23:44:10.406 65669 INFO tempest.lib.common.rest_client [req-cd7c938c-c5b2-417c-85fa-ac38d26be39a req-cd7c938c-c5b2-417c-85fa-ac38d26be39a ] Request (ServersAdmin275Test:setUpClass): 200 GET http://10.180.1.21/identity/v3/roles 0.035s
2025-11-12 23:44:10.448 65669 INFO tempest.lib.common.rest_client [req-b59ad124-bf90-45c1-a55b-fc9ab3710088 req-b59ad124-bf90-45c1-a55b-fc9ab3710088 ] Request (ServersAdmin275Test:setUpClass): 204 PUT http://10.180.1.21/identity/v3/projects/9f596c78a26346b3b06bd053410fe1f7/users/6604ac71b9b7440c9f11746244bf2097/roles/65da6b76e6a64718b3fb9d9151df212c 0.042s
2025-11-12 23:44:10.517 65665 INFO tempest.lib.common.rest_client [req-7d8334cd-a8ef-4aa2-9182-d6808c58e51e req-7d8334cd-a8ef-4aa2-9182-d6808c58e51e ] Request (ServerActionsTestJSON:test_lock_unlock_server): 200 GET http://10.180.1.21/compute/v2.1/servers/19b27509-93ab-419b-a558-7a14ac9b8abd 2.088s
2025-11-12 23:44:10.533 65665 INFO tempest.common.waiters [-] State transition "SHUTOFF/powering-on" ==> "ACTIVE/None" after 3 second wait
2025-11-12 23:44:10.562 65689 INFO tempest.lib.common.rest_client [req-05e37d53-6208-48d7-b118-d66787570589 req-05e37d53-6208-48d7-b118-d66787570589 ] Request (SecurityGroupRulesNegativeTestJSON:setUpClass): 201 POST http://10.180.1.21/networking/v2.0/subnets 0.440s
2025-11-12 23:44:10.565 65685 INFO tempest.lib.common.rest_client [req-dee374fd-0a78-478b-b75b-62f7c31402bf req-dee374fd-0a78-478b-b75b-62f7c31402bf ] Request (ServerActionsV293TestJSON:setUpClass): 200 GET http://10.180.1.21/volume/v3/volumes/7f2d45b0-bf9d-4813-a3e0-6cb31715d9b6 0.062s
2025-11-12 23:44:10.573 65713 INFO tempest.lib.common.rest_client [req-08633cb2-dc22-4483-8c15-cfb3e77e5b89 req-08633cb2-dc22-4483-8c15-cfb3e77e5b89 ] Request (ServerMetadataNegativeTestJSON:tearDownClass): 200 GET http://10.180.1.21/compute/v2.1/servers/f5e5da7c-3a76-42d5-9aa8-5b3d70596ac6 2.046s
2025-11-12 23:44:10.574 65669 INFO tempest.lib.common.rest_client [req-86cab720-5479-4812-9cf5-d1ef579321b9 req-86cab720-5479-4812-9cf5-d1ef579321b9 ] Request (ServersAdmin275Test:setUpClass): 200 GET http://10.180.1.21/identity/v3/roles 0.124s
2025-11-12 23:44:10.602 65669 INFO tempest.lib.common.rest_client [req-a0e490a7-02e8-4dc5-8f71-76ed4fef6908 req-a0e490a7-02e8-4dc5-8f71-76ed4fef6908 ] Request (ServersAdmin275Test:setUpClass): 204 PUT http://10.180.1.21/identity/v3/projects/9f596c78a26346b3b06bd053410fe1f7/users/6604ac71b9b7440c9f11746244bf2097/roles/65da6b76e6a64718b3fb9d9151df212c 0.027s
2025-11-12 23:44:10.602 65669 INFO tempest.lib.common.dynamic_creds [-] Dynamic test user 6604ac71b9b7440c9f11746244bf2097 is created with scope project and roles: ['admin']
2025-11-12 23:44:10.602 65669 INFO tempest.lib.common.dynamic_creds [-] Acquired dynamic creds: credentials: Credentials: {'domain_id': 'default', 'domain_name': 'Default', 'username': 'tempest-ServersAdmin275Test-134326747-project-admin', 'project_domain_id': 'default', 'project_domain_name': 'Default', 'project_id': '9f596c78a26346b3b06bd053410fe1f7', 'project_name': 'tempest-ServersAdmin275Test-134326747', 'tenant_id': '9f596c78a26346b3b06bd053410fe1f7', 'tenant_name': 'tempest-ServersAdmin275Test-134326747', 'user_domain_id': 'default', 'user_domain_name': 'Default', 'user_id': '6604ac71b9b7440c9f11746244bf2097', 'system': None}, Network: None, Subnet: None, Router: None
2025-11-12 23:44:10.602 65669 INFO tempest.lib.common.dynamic_creds [-] Created isolated network resources for: credentials: Credentials: {'domain_id': 'default', 'domain_name': 'Default', 'username': 'tempest-ServersAdmin275Test-134326747-project-admin', 'project_domain_id': 'default', 'project_domain_name': 'Default', 'project_id': '9f596c78a26346b3b06bd053410fe1f7', 'project_name': 'tempest-ServersAdmin275Test-134326747', 'tenant_id': '9f596c78a26346b3b06bd053410fe1f7', 'tenant_name': 'tempest-ServersAdmin275Test-134326747', 'user_domain_id': 'default', 'user_domain_name': 'Default', 'user_id': '6604ac71b9b7440c9f11746244bf2097', 'system': None}, Network: None, Subnet: None, Router: None
2025-11-12 23:44:10.629 65683 INFO tempest.lib.common.rest_client [req-8cbada49-6ab8-4670-99ff-085f1f8fdbfd req-8cbada49-6ab8-4670-99ff-085f1f8fdbfd ] Request (ServerRescueTestJSONUnderV235:setUpClass): 200 GET http://10.180.1.21/compute/v2.1/servers/9ccfa8ec-1e4f-43a3-86b7-75453e4e3309 2.050s
2025-11-12 23:44:10.733 65677 INFO tempest.lib.common.rest_client [req-e35eaa61-13d8-4b86-924b-09ac6675a59c req-e35eaa61-13d8-4b86-924b-09ac6675a59c ] Request (ServersV294TestFqdnHostnames:setUpClass): 200 GET http://10.180.1.21/compute/v2.1/servers/8d1fc405-3a7c-44d6-a33d-07364bea6304 2.067s
2025-11-12 23:44:10.755 65669 INFO tempest.lib.common.rest_client [req-a8eb7640-9cf4-4a2f-b4db-18f2ab9054cf req-a8eb7640-9cf4-4a2f-b4db-18f2ab9054cf ] Request (ServersAdmin275Test:setUpClass): 201 POST http://10.180.1.21/identity/v3/auth/tokens 0.150s
2025-11-12 23:44:10.851 65709 INFO tempest.lib.common.rest_client [req-4a6daed2-f127-4f79-9082-4b1b149a1c75 req-4a6daed2-f127-4f79-9082-4b1b149a1c75 ] Request (ServerShowV254Test:test_rebuild_server): 200 GET http://10.180.1.21/compute/v2.1/servers/9bf9cc18-f103-41ff-8049-49ac30901187 2.100s
2025-11-12 23:44:10.866 65709 INFO tempest.common.waiters [-] State transition "BUILD/None" ==> "BUILD/spawning" after 32 second wait
2025-11-12 23:44:10.868 65669 INFO tempest.lib.common.rest_client [req-3e9edcb0-84a5-4976-a74c-a772781928b1 req-3e9edcb0-84a5-4976-a74c-a772781928b1 ] Request (ServersAdmin275Test:test_rebuild_update_server_275): 201 POST http://10.180.1.21/identity/v3/auth/tokens 0.105s
2025-11-12 23:44:10.868 65669 INFO tempest.lib.common.fixed_network [-] (ServersAdmin275Test:test_rebuild_update_server_275) Found network None available for tenant
2025-11-12 23:44:10.870 65671 INFO tempest.lib.common.rest_client [req-e700f079-ee47-407d-9a5e-ede15758187b req-e700f079-ee47-407d-9a5e-ede15758187b ] Request (ImagesTestJSON:test_create_image_from_stopped_server): 200 GET http://10.180.1.21/compute/v2.1/servers/f65b9885-8544-4e64-8786-9e91226e41bd 1.963s
2025-11-12 23:44:10.908 65673 INFO tempest.lib.common.rest_client [req-a386788a-589f-4307-ae98-2e1a824624d4 req-a386788a-589f-4307-ae98-2e1a824624d4 ] Request (ListImageFiltersTestJSON:setUpClass): 200 GET http://10.180.1.21/compute/v2.1/images/12d1295b-34d7-4889-8a4f-ed251cdc084e 1.923s
2025-11-12 23:44:10.981 65697 INFO tempest.lib.common.rest_client [req-15125e30-a67a-45c1-bb23-e97b2d199c13 req-15125e30-a67a-45c1-bb23-e97b2d199c13 ] Request (ServersTestBootFromVolume:setUpClass): 200 GET http://10.180.1.21/volume/v3/volumes/cd2ee0c6-33f7-47e5-9a0a-8d9ad88ea53d 0.042s
2025-11-12 23:44:10.992 65663 INFO tempest.lib.common.rest_client [req-462fdbf1-eaa3-42f3-bd92-f275517faf17 req-462fdbf1-eaa3-42f3-bd92-f275517faf17 ] Request (ServerDiskConfigTestJSON:test_rebuild_server_with_auto_disk_config): 200 GET http://10.180.1.21/compute/v2.1/servers/a0382adf-e119-4c10-a995-c8154f2f2df7 1.808s
2025-11-12 23:44:11.009 65695 INFO tempest.lib.common.rest_client [req-9103c333-884a-40cc-94f2-29cd32a95b6f req-9103c333-884a-40cc-94f2-29cd32a95b6f ] Request (ServerShowV257Test:tearDownClass): 200 GET http://10.180.1.21/compute/v2.1/servers/c808ccb4-b62c-4ed9-b267-721633d74654 1.924s
2025-11-12 23:44:11.062 65701 INFO tempest.lib.common.rest_client [req-dd443e88-0b0c-47a0-85f9-5a7098c73940 req-dd443e88-0b0c-47a0-85f9-5a7098c73940 ] Request (SecurityGroupsTestJSON:test_security_group_create_get_delete): 200 GET http://10.180.1.21/compute/v2.1/os-security-groups/46b78e51-dcaf-47d5-bc6d-9a27719dcd72 1.609s
2025-11-12 23:44:11.104 65681 INFO tempest.lib.common.rest_client [req-48b42b66-01a6-40d0-b0f1-94222a8f6048 req-48b42b66-01a6-40d0-b0f1-94222a8f6048 ] Request (ImagesOneServerNegativeTestJSON:test_create_second_image_when_first_image_is_being_saved): 204 DELETE http://10.180.1.21/compute/v2.1/images/00024ac0-c706-4606-aab8-a29f6adcae19 1.860s
2025-11-12 23:44:11.124 65679 INFO tempest.lib.common.rest_client [req-19f25f33-74f0-4270-8af0-1bf70568c286 req-19f25f33-74f0-4270-8af0-1bf70568c286 ] Request (ServerAddressesTestJSON:setUpClass): 200 GET http://10.180.1.21/compute/v2.1/servers/1a5390c7-30fb-4797-a535-b179a063ed6f 1.612s
2025-11-12 23:44:11.128 65692 INFO tempest.lib.common.rest_client [req-5536f582-02c9-4e7a-8ea0-b48a31991b51 req-5536f582-02c9-4e7a-8ea0-b48a31991b51 ] Request (ServicesAdminNegativeV253TestJSON:test_get_service_by_invalid_params): 200 GET http://10.180.1.21/compute/v2.1/os-services?xxx=nova-compute 1.528s
2025-11-12 23:44:11.181 65723 INFO tempest.lib.common.rest_client [req-e3e7184e-bb27-4d02-8c54-d92d30b07f32 req-e3e7184e-bb27-4d02-8c54-d92d30b07f32 ] Request (InstanceActionsTestJSON:setUpClass): 200 GET http://10.180.1.21/compute/v2.1/servers/97fe388a-ceaf-46a1-ba20-ab0249b4d592 1.546s
2025-11-12 23:44:11.253 65717 INFO tempest.lib.common.rest_client [req-fe79d254-c756-43fd-85ce-7078700b2052 req-fe79d254-c756-43fd-85ce-7078700b2052 ] Request (ServerActionsTestOtherB:test_create_backup): 200 GET http://10.180.1.21/compute/v2.1/servers/de11687e-08cc-4ee7-91fa-789196241589 1.476s
2025-11-12 23:44:11.263 65717 INFO tempest.common.waiters [-] State transition "ACTIVE/image_pending_upload" ==> "ACTIVE/image_uploading" after 3 second wait
2025-11-12 23:44:11.271 65667 INFO tempest.lib.common.rest_client [req-ac4080f0-90d7-4808-9720-2dc6ea8c10ee req-ac4080f0-90d7-4808-9720-2dc6ea8c10ee ] Request (ServersAdminNegativeTestJSON:tearDownClass): 200 GET http://10.180.1.21/compute/v2.1/servers/8f6ef977-4ff9-42de-8a9b-2842b6edb934 1.355s
2025-11-12 23:44:11.396 65687 INFO tempest.lib.common.rest_client [req-2636a5ef-bff0-43d2-b170-963c031c7e7a req-2636a5ef-bff0-43d2-b170-963c031c7e7a ] Request (SecurityGroupRulesTestJSON:tearDownClass): 202 DELETE http://10.180.1.21/compute/v2.1/os-security-groups/79b02e70-ee26-4227-8483-ee14269b290f 1.207s
2025-11-12 23:44:11.439 65719 INFO tempest.lib.common.rest_client [req-f1889b99-71d5-4d47-9f9a-4f7482c8a004 req-f1889b99-71d5-4d47-9f9a-4f7482c8a004 ] Request (AttachInterfacesUnderV243Test:test_add_remove_fixed_ip): 200 GET http://10.180.1.21/compute/v2.1/servers/f9ccb936-d91b-44bc-9523-725daf1569fa/os-interface/c9f5e340-cd10-4011-b7e7-487fee143966 1.046s
2025-11-12 23:44:11.504 65689 INFO tempest.lib.common.rest_client [req-f4f6b6b6-316e-41c5-a40d-46deee20fbb5 req-f4f6b6b6-316e-41c5-a40d-46deee20fbb5 ] Request (SecurityGroupRulesNegativeTestJSON:setUpClass): 201 POST http://10.180.1.21/networking/v2.0/routers 0.941s
2025-11-12 23:44:11.510 65665 INFO tempest.lib.common.rest_client [req-0d7a44da-1fbc-4f2e-8842-c32a380fe857 req-0d7a44da-1fbc-4f2e-8842-c32a380fe857 ] Request (ServerActionsTestJSON:tearDown): 200 GET http://10.180.1.21/compute/v2.1/servers/19b27509-93ab-419b-a558-7a14ac9b8abd 0.976s
2025-11-12 23:44:11.533 65705 INFO tempest.lib.common.rest_client [req-733a253d-77fc-424a-8519-8a428e225452 req-733a253d-77fc-424a-8519-8a428e225452 ] Request (VolumesAssistedSnapshotsTest:tearDownClass): 200 GET http://10.180.1.21/compute/v2.1/servers/aa84762b-2d29-4e4b-aa49-8d44bdc4fd3a 0.969s
2025-11-12 23:44:11.573 65703 INFO tempest.lib.common.rest_client [req-1eb768fe-9898-440c-998f-092a6fb88a77 req-1eb768fe-9898-440c-998f-092a6fb88a77 ] Request (FloatingIPsAssociationTestJSON:test_associate_already_associated_floating_ip): 200 GET http://10.180.1.21/compute/v2.1/servers/b97bcc61-bebf-4d78-b07f-20e8f9ca3ede 0.903s
2025-11-12 23:44:11.614 65685 INFO tempest.lib.common.rest_client [req-684c83b6-0ad1-4eab-b957-826047614af3 req-684c83b6-0ad1-4eab-b957-826047614af3 ] Request (ServerActionsV293TestJSON:setUpClass): 200 GET http://10.180.1.21/volume/v3/volumes/7f2d45b0-bf9d-4813-a3e0-6cb31715d9b6 0.035s
2025-11-12 23:44:11.627 65725 INFO tempest.lib.common.rest_client [req-476a0c3f-fffd-4bf8-9ef1-ef6f1fe6d3a3 req-476a0c3f-fffd-4bf8-9ef1-ef6f1fe6d3a3 ] Request (ListServersNegativeTestJSON:tearDownClass): 200 GET http://10.180.1.21/compute/v2.1/servers/6be80110-6348-4089-a97d-0133455aa421 0.878s
2025-11-12 23:44:11.648 65721 INFO tempest.lib.common.rest_client [req-d135fbd3-0651-4fff-b7bf-f5eaf5caa34a req-d135fbd3-0651-4fff-b7bf-f5eaf5caa34a ] Request (MigrationsAdminTest:test_resize_server_revert_deleted_flavor): 200 GET http://10.180.1.21/compute/v2.1/servers/29bd979e-07b5-4c44-8c6a-2a35b12968ab 0.848s
2025-11-12 23:44:11.734 65707 INFO tempest.lib.common.rest_client [req-dc95bc4d-2596-470d-b92e-8ad8c35587b2 req-dc95bc4d-2596-470d-b92e-8ad8c35587b2 ] Request (ServerShowV247Test:tearDownClass): 200 GET http://10.180.1.21/compute/v2.1/servers/162e0e75-50d1-4931-a83e-b360138b0841 0.737s
2025-11-12 23:44:11.882 65693 INFO tempest.lib.common.rest_client [req-a5a6e6d6-9b0b-4ce0-b5af-2606683ffec8 req-a5a6e6d6-9b0b-4ce0-b5af-2606683ffec8 ] Request (ServersWithSpecificFlavorTestJSON:test_verify_created_server_ephemeral_disk): 200 GET http://10.180.1.21/compute/v2.1/servers/cede9721-0daf-419b-b118-35f08ea84084 0.861s
2025-11-12 23:44:11.928 65669 INFO tempest.lib.common.rest_client [req-31b81de3-5365-49cb-b2f7-e1afbbef7a66 req-31b81de3-5365-49cb-b2f7-e1afbbef7a66 ] Request (ServersAdmin275Test:test_rebuild_update_server_275): 202 POST http://10.180.1.21/compute/v2.1/servers 1.059s
2025-11-12 23:44:12.020 65701 INFO tempest.lib.common.rest_client [req-95b6e5c9-5bef-4d3a-a0fd-7f41297f7b5b req-95b6e5c9-5bef-4d3a-a0fd-7f41297f7b5b ] Request (SecurityGroupsTestJSON:test_security_group_create_get_delete): 202 DELETE http://10.180.1.21/compute/v2.1/os-security-groups/46b78e51-dcaf-47d5-bc6d-9a27719dcd72 0.955s
2025-11-12 23:44:12.044 65692 INFO tempest.lib.common.rest_client [req-3a21b86d-bd85-44a4-959d-144a21c5b375 req-3a21b86d-bd85-44a4-959d-144a21c5b375 ] Request (ServicesAdminNegativeV253TestJSON:test_get_service_by_invalid_service_and_valid_host): 200 GET http://10.180.1.21/compute/v2.1/os-services 0.911s
2025-11-12 23:44:12.052 65697 INFO tempest.lib.common.rest_client [req-9b580b5e-a346-4796-8bdc-6b009caf611c req-9b580b5e-a346-4796-8bdc-6b009caf611c ] Request (ServersTestBootFromVolume:setUpClass): 200 GET http://10.180.1.21/volume/v3/volumes/cd2ee0c6-33f7-47e5-9a0a-8d9ad88ea53d 0.060s
2025-11-12 23:44:12.113 65699 INFO tempest.lib.common.rest_client [req-407b85ed-e460-4a07-b46f-d09044f0e960 req-407b85ed-e460-4a07-b46f-d09044f0e960 ] Request (InstanceActionsNegativeTestJSON:setUpClass): 200 GET http://10.180.1.21/compute/v2.1/servers/90653f0c-813f-4d38-9c2c-a4017742b55c 0.950s
2025-11-12 23:44:12.149 65681 INFO tempest.lib.common.rest_client [req-535a8714-1ed8-4275-98a1-23bf28a5f702 req-535a8714-1ed8-4275-98a1-23bf28a5f702 ] Request (ImagesOneServerNegativeTestJSON:tearDown): 200 GET http://10.180.1.21/compute/v2.1/servers/11e42b51-9f38-4386-aab0-5bc0e158d172 1.045s
2025-11-12 23:44:12.188 65711 INFO tempest.lib.common.rest_client [req-69d9b79f-2289-4bd9-bb6d-51fb036e665f req-69d9b79f-2289-4bd9-bb6d-51fb036e665f ] Request (ServersTestMultiNic:test_verify_multiple_nics_order): 200 GET http://10.180.1.21/compute/v2.1/servers/0da534e6-4151-4c9d-bec8-798548a683e6 0.953s
2025-11-12 23:44:12.224 65719 INFO tempest.lib.common.rest_client [req-e6ab26a3-36c4-4ef8-9189-3b6ff65fa62b req-e6ab26a3-36c4-4ef8-9189-3b6ff65fa62b ] Request (AttachInterfacesUnderV243Test:test_add_remove_fixed_ip): 200 GET http://10.180.1.21/compute/v2.1/servers/f9ccb936-d91b-44bc-9523-725daf1569fa/ips 0.783s
2025-11-12 23:44:12.320 65665 INFO tempest.lib.common.rest_client [req-574035fa-a424-4ca1-bb59-b9a5aab68a9d req-574035fa-a424-4ca1-bb59-b9a5aab68a9d ] Request (ServerActionsTestJSON:_run_cleanups): 202 POST http://10.180.1.21/compute/v2.1/servers/19b27509-93ab-419b-a558-7a14ac9b8abd/action 0.802s
2025-11-12 23:44:12.333 65687 INFO tempest.lib.common.rest_client [req-efb7afa1-0810-4dde-ad7e-edfc88cfaf29 req-efb7afa1-0810-4dde-ad7e-edfc88cfaf29 ] Request (SecurityGroupRulesTestJSON:tearDownClass): 202 DELETE http://10.180.1.21/compute/v2.1/os-security-groups/70551157-f49c-4a5b-b996-47e02496d94e 0.937s
2025-11-12 23:44:12.421 65713 INFO tempest.lib.common.rest_client [req-d1f7c012-a7dd-4ae5-bebf-db8d9a068288 req-d1f7c012-a7dd-4ae5-bebf-db8d9a068288 ] Request (ServerMetadataNegativeTestJSON:tearDownClass): 200 GET http://10.180.1.21/compute/v2.1/servers/f5e5da7c-3a76-42d5-9aa8-5b3d70596ac6 0.835s
2025-11-12 23:44:12.439 65683 INFO tempest.lib.common.rest_client [req-f63c140d-4e02-4b53-af85-0ee5932fada6 req-f63c140d-4e02-4b53-af85-0ee5932fada6 ] Request (ServerRescueTestJSONUnderV235:setUpClass): 200 GET http://10.180.1.21/compute/v2.1/servers/9ccfa8ec-1e4f-43a3-86b7-75453e4e3309 0.801s
2025-11-12 23:44:12.508 65677 INFO tempest.lib.common.rest_client [req-48ef12fa-110a-496f-a8d0-943e0a3d8a91 req-48ef12fa-110a-496f-a8d0-943e0a3d8a91 ] Request (ServersV294TestFqdnHostnames:setUpClass): 200 GET http://10.180.1.21/compute/v2.1/servers/8d1fc405-3a7c-44d6-a33d-07364bea6304 0.756s
2025-11-12 23:44:12.523 65709 INFO tempest.lib.common.rest_client [req-d5dad02f-a068-49ab-a704-10a07fb93278 req-d5dad02f-a068-49ab-a704-10a07fb93278 ] Request (ServerShowV254Test:test_rebuild_server): 200 GET http://10.180.1.21/compute/v2.1/servers/9bf9cc18-f103-41ff-8049-49ac30901187 0.656s
2025-11-12 23:44:12.563 65671 INFO tempest.lib.common.rest_client [req-aef923b1-9b98-412a-a465-e497e9a97de1 req-aef923b1-9b98-412a-a465-e497e9a97de1 ] Request (ImagesTestJSON:test_create_image_from_stopped_server): 200 GET http://10.180.1.21/compute/v2.1/servers/f65b9885-8544-4e64-8786-9e91226e41bd 0.678s
2025-11-12 23:44:12.570 65673 INFO tempest.lib.common.rest_client [req-ca3d172a-2acb-41f8-999e-f4cf96056aec req-ca3d172a-2acb-41f8-999e-f4cf96056aec ] Request (ListImageFiltersTestJSON:setUpClass): 200 GET http://10.180.1.21/compute/v2.1/images/12d1295b-34d7-4889-8a4f-ed251cdc084e 0.657s
2025-11-12 23:44:12.621 65663 INFO tempest.lib.common.rest_client [req-6ebd74e1-a32e-46a2-bac0-9cf152848e33 req-6ebd74e1-a32e-46a2-bac0-9cf152848e33 ] Request (ServerDiskConfigTestJSON:test_rebuild_server_with_auto_disk_config): 200 GET http://10.180.1.21/compute/v2.1/servers/a0382adf-e119-4c10-a995-c8154f2f2df7 0.615s
2025-11-12 23:44:12.644 65701 INFO tempest.lib.common.rest_client [req-a8e486c1-1bd8-49ac-95d0-1cd13d88bf91 req-a8e486c1-1bd8-49ac-95d0-1cd13d88bf91 ] Request (SecurityGroupsTestJSON:test_security_group_create_get_delete): 404 GET http://10.180.1.21/compute/v2.1/os-security-groups/46b78e51-dcaf-47d5-bc6d-9a27719dcd72 0.623s
2025-11-12 23:44:12.665 65689 INFO tempest.lib.common.rest_client [req-bad5eaff-95e1-4f33-bdd2-45f6b721815d req-bad5eaff-95e1-4f33-bdd2-45f6b721815d ] Request (SecurityGroupRulesNegativeTestJSON:setUpClass): 200 PUT http://10.180.1.21/networking/v2.0/routers/9f6c5bd2-c9d6-4e69-b665-5ec5577136b9/add_router_interface 1.161s
2025-11-12 23:44:12.665 65685 INFO tempest.lib.common.rest_client [req-522bcd2b-fdd2-4e09-951a-842acffdbee6 req-522bcd2b-fdd2-4e09-951a-842acffdbee6 ] Request (ServerActionsV293TestJSON:setUpClass): 200 GET http://10.180.1.21/volume/v3/volumes/7f2d45b0-bf9d-4813-a3e0-6cb31715d9b6 0.041s
2025-11-12 23:44:12.665 65689 INFO tempest.lib.common.dynamic_creds [-] Created isolated network resources for: credentials: Credentials: {'domain_id': 'default', 'domain_name': 'Default', 'username': 'tempest-SecurityGroupRulesNegativeTestJSON-874329279-project-member', 'project_domain_id': 'default', 'project_domain_name': 'Default', 'project_id': 'cefd4de0f9da438a915cb49f9b0e352b', 'project_name': 'tempest-SecurityGroupRulesNegativeTestJSON-874329279', 'tenant_id': 'cefd4de0f9da438a915cb49f9b0e352b', 'tenant_name': 'tempest-SecurityGroupRulesNegativeTestJSON-874329279', 'user_domain_id': 'default', 'user_domain_name': 'Default', 'user_id': 'cb2069829a2c470792addfe4ebfb1513', 'system': None}, Network: {'id': 'bda9380a-88cc-4bc0-b37e-8d7a69e58351', 'name': 'tempest-SecurityGroupRulesNegativeTestJSON-1485347237-network', 'tenant_id': 'cefd4de0f9da438a915cb49f9b0e352b', 'project_id': 'cefd4de0f9da438a915cb49f9b0e352b', 'admin_state_up': True, 'mtu': 8950, 'status': 'ACTIVE', 'subnets': [], 'shared': False, 'port_security_enabled': True, 'router:external': False, 'provider:network_type': 'vlan', 'provider:physical_network': 'default', 'provider:segmentation_id': 820, 'availability_zone_hints': [], 'availability_zones': [], 'ipv4_address_scope': None, 'ipv6_address_scope': None, 'description': '', 'tags': [], 'created_at': '2025-11-12T23:44:09Z', 'updated_at': '2025-11-12T23:44:09Z', 'revision_number': 1}, Subnet: {'id': 'c85c3a93-2f34-43d4-b5af-effdeab26314', 'name': 'tempest-SecurityGroupRulesNegativeTestJSON-1485347237-subnet', 'tenant_id': 'cefd4de0f9da438a915cb49f9b0e352b', 'network_id': 'bda9380a-88cc-4bc0-b37e-8d7a69e58351', 'ip_version': 4, 'subnetpool_id': None, 'enable_dhcp': True, 'ipv6_ra_mode': None, 'ipv6_address_mode': None, 'gateway_ip': '192.168.128.1', 'cidr': '192.168.128.0/28', 'allocation_pools': [{'start': '192.168.128.2', 'end': '192.168.128.14'}], 'host_routes': [], 'dns_nameservers': [], 'description': '', 'router:external': False, 'service_types': [], 'tags': [], 'created_at': '2025-11-12T23:44:10Z', 'updated_at': '2025-11-12T23:44:10Z', 'revision_number': 0, 'project_id': 'cefd4de0f9da438a915cb49f9b0e352b'}, Router: {'id': '9f6c5bd2-c9d6-4e69-b665-5ec5577136b9', 'name': 'tempest-SecurityGroupRulesNegativeTestJSON-1485347237-router', 'tenant_id': 'cefd4de0f9da438a915cb49f9b0e352b', 'admin_state_up': True, 'status': 'ACTIVE', 'external_gateway_info': {'network_id': 'f0910f11-7037-405d-8a6a-bd75ae57acac', 'external_fixed_ips': [{'subnet_id': '586268b9-0bd5-4354-a453-0eed1acc851e', 'ip_address': '10.180.180.137'}], 'enable_snat': True}, 'description': '', 'availability_zones': [], 'distributed': False, 'ha': False, 'availability_zone_hints': [], 'routes': [], 'flavor_id': None, 'tags': [], 'created_at': '2025-11-12T23:44:10Z', 'updated_at': '2025-11-12T23:44:11Z', 'revision_number': 2, 'project_id': 'cefd4de0f9da438a915cb49f9b0e352b'}
2025-11-12 23:44:12.693 65669 INFO tempest.lib.common.rest_client [req-17f40f0f-d3b7-47c2-8937-453d7321c030 req-17f40f0f-d3b7-47c2-8937-453d7321c030 ] Request (ServersAdmin275Test:test_rebuild_update_server_275): 200 PUT http://10.180.1.21/compute/v2.1/servers/513bff4a-ee9c-406a-b8d9-52f449db2df9 0.761s
2025-11-12 23:44:12.719 65692 INFO tempest.lib.common.rest_client [req-a11e0fed-e413-4084-8337-4b046b88fa09 req-a11e0fed-e413-4084-8337-4b046b88fa09 ] Request (ServicesAdminNegativeV253TestJSON:test_get_service_by_invalid_service_and_valid_host): 200 GET http://10.180.1.21/compute/v2.1/os-services?host=devstack&binary=xxx 0.672s
2025-11-12 23:44:12.747 65695 INFO tempest.lib.common.rest_client [req-b1329b99-d5fd-4940-ae54-e7f2c827cf5c req-b1329b99-d5fd-4940-ae54-e7f2c827cf5c ] Request (ServerShowV257Test:tearDownClass): 200 GET http://10.180.1.21/compute/v2.1/servers/c808ccb4-b62c-4ed9-b267-721633d74654 0.723s
2025-11-12 23:44:12.778 65679 INFO tempest.lib.common.rest_client [req-a49c1b04-7060-47a9-9d02-0dbbfb62cae9 req-a49c1b04-7060-47a9-9d02-0dbbfb62cae9 ] Request (ServerAddressesTestJSON:setUpClass): 200 GET http://10.180.1.21/compute/v2.1/servers/1a5390c7-30fb-4797-a535-b179a063ed6f 0.646s
2025-11-12 23:44:12.803 65723 INFO tempest.lib.common.rest_client [req-6cd1e54f-901e-4dd9-ae87-8d316bbf6e5a req-6cd1e54f-901e-4dd9-ae87-8d316bbf6e5a ] Request (InstanceActionsTestJSON:setUpClass): 200 GET http://10.180.1.21/compute/v2.1/servers/97fe388a-ceaf-46a1-ba20-ab0249b4d592 0.610s
2025-11-12 23:44:12.806 65689 INFO tempest.lib.common.rest_client [req-f9df4cbc-d397-482a-8f8e-588c7603d30f req-f9df4cbc-d397-482a-8f8e-588c7603d30f ] Request (SecurityGroupRulesNegativeTestJSON:setUpClass): 201 POST http://10.180.1.21/identity/v3/auth/tokens 0.136s
2025-11-12 23:44:12.809 65719 INFO tempest.lib.common.rest_client [req-4f0b49c5-0199-43fa-893f-40e0cdf50f37 req-4f0b49c5-0199-43fa-893f-40e0cdf50f37 ] Request (AttachInterfacesUnderV243Test:test_add_remove_fixed_ip): 202 POST http://10.180.1.21/compute/v2.1/servers/f9ccb936-d91b-44bc-9523-725daf1569fa/action 0.582s
2025-11-12 23:44:12.875 65667 INFO tempest.lib.common.rest_client [req-cc43e629-7da2-45bc-ada1-8b639776bee3 req-cc43e629-7da2-45bc-ada1-8b639776bee3 ] Request (ServersAdminNegativeTestJSON:tearDownClass): 200 GET http://10.180.1.21/compute/v2.1/servers/8f6ef977-4ff9-42de-8a9b-2842b6edb934 0.594s
2025-11-12 23:44:12.921 65717 INFO tempest.lib.common.rest_client [req-3adaafb7-ac65-4c08-831d-c7edd1f358c2 req-3adaafb7-ac65-4c08-831d-c7edd1f358c2 ] Request (ServerActionsTestOtherB:test_create_backup): 200 GET http://10.180.1.21/compute/v2.1/servers/de11687e-08cc-4ee7-91fa-789196241589 0.656s
2025-11-12 23:44:13.025 65665 INFO tempest.lib.common.rest_client [req-708a0dc8-52f8-4dcf-95ef-8ed05161a13b req-708a0dc8-52f8-4dcf-95ef-8ed05161a13b ] Request (ServerActionsTestJSON:setUp): 200 GET http://10.180.1.21/compute/v2.1/servers/19b27509-93ab-419b-a558-7a14ac9b8abd 0.700s
2025-11-12 23:44:13.055 65687 INFO tempest.lib.common.rest_client [req-bf1801ca-50f7-4aa4-9e65-dab05cc9e171 req-bf1801ca-50f7-4aa4-9e65-dab05cc9e171 ] Request (SecurityGroupRulesTestJSON:tearDownClass): 202 DELETE http://10.180.1.21/compute/v2.1/os-security-groups/b87ce618-75ac-4ee1-9f82-c65f457565ef 0.722s
2025-11-12 23:44:13.105 65697 INFO tempest.lib.common.rest_client [req-9a672167-8c89-48a2-b5c6-2ed07ff9d7b9 req-9a672167-8c89-48a2-b5c6-2ed07ff9d7b9 ] Request (ServersTestBootFromVolume:setUpClass): 200 GET http://10.180.1.21/volume/v3/volumes/cd2ee0c6-33f7-47e5-9a0a-8d9ad88ea53d 0.041s
2025-11-12 23:44:13.116 65697 INFO tempest.common.waiters [-] volume cd2ee0c6-33f7-47e5-9a0a-8d9ad88ea53d reached available after waiting for 19.116857 seconds
2025-11-12 23:44:13.121 65705 INFO tempest.lib.common.rest_client [req-3af4e866-40a8-4389-9e9c-adbe43ff95e4 req-3af4e866-40a8-4389-9e9c-adbe43ff95e4 ] Request (VolumesAssistedSnapshotsTest:tearDownClass): 200 GET http://10.180.1.21/compute/v2.1/servers/aa84762b-2d29-4e4b-aa49-8d44bdc4fd3a 0.578s
2025-11-12 23:44:13.143 65725 INFO tempest.lib.common.rest_client [req-056275f1-af67-4e0b-963c-f88e542bf777 req-056275f1-af67-4e0b-963c-f88e542bf777 ] Request (ListServersNegativeTestJSON:tearDownClass): 404 GET http://10.180.1.21/compute/v2.1/servers/6be80110-6348-4089-a97d-0133455aa421 0.504s
2025-11-12 23:44:13.148 65703 INFO tempest.lib.common.rest_client [req-bdbaa335-70b2-4318-ad3e-2e495a0ec99e req-bdbaa335-70b2-4318-ad3e-2e495a0ec99e ] Request (FloatingIPsAssociationTestJSON:test_associate_already_associated_floating_ip): 200 GET http://10.180.1.21/compute/v2.1/servers/b97bcc61-bebf-4d78-b07f-20e8f9ca3ede 0.565s
2025-11-12 23:44:13.269 65701 INFO tempest.lib.common.rest_client [req-d1607219-0acd-4517-9e8e-823b51bfb9a7 req-d1607219-0acd-4517-9e8e-823b51bfb9a7 ] Request (SecurityGroupsTestJSON:test_security_groups_create_list_delete): 200 POST http://10.180.1.21/compute/v2.1/os-security-groups 0.623s
2025-11-12 23:44:13.295 65721 INFO tempest.lib.common.rest_client [req-609dd109-4ed9-4910-92b4-7ac1800bd2a5 req-609dd109-4ed9-4910-92b4-7ac1800bd2a5 ] Request (MigrationsAdminTest:test_resize_server_revert_deleted_flavor): 200 GET http://10.180.1.21/compute/v2.1/servers/29bd979e-07b5-4c44-8c6a-2a35b12968ab 0.638s
2025-11-12 23:44:13.318 65692 INFO tempest.lib.common.rest_client [req-40bdc936-7b85-44a2-8731-a33f7eef1729 req-40bdc936-7b85-44a2-8731-a33f7eef1729 ] Request (ServicesAdminNegativeV253TestJSON:test_get_service_with_valid_service_and_invalid_host): 200 GET http://10.180.1.21/compute/v2.1/os-services 0.595s
2025-11-12 23:44:13.342 65669 INFO tempest.lib.common.rest_client [req-42513f37-4c60-4b23-89aa-2a10487a0d38 req-42513f37-4c60-4b23-89aa-2a10487a0d38 ] Request (ServersAdmin275Test:test_rebuild_update_server_275): 200 GET http://10.180.1.21/compute/v2.1/servers/513bff4a-ee9c-406a-b8d9-52f449db2df9 0.635s
2025-11-12 23:44:13.392 65707 INFO tempest.lib.common.rest_client [req-bad010ab-b5d1-44d5-a459-a326b820ddd3 req-bad010ab-b5d1-44d5-a459-a326b820ddd3 ] Request (ServerShowV247Test:tearDownClass): 200 GET http://10.180.1.21/compute/v2.1/servers/162e0e75-50d1-4931-a83e-b360138b0841 0.642s
2025-11-12 23:44:13.425 65719 INFO tempest.lib.common.rest_client [req-a248e68f-9ef1-4649-83d7-7e8743a08fad req-a248e68f-9ef1-4649-83d7-7e8743a08fad ] Request (AttachInterfacesUnderV243Test:test_add_remove_fixed_ip): 200 GET http://10.180.1.21/compute/v2.1/servers/f9ccb936-d91b-44bc-9523-725daf1569fa/ips 0.615s
2025-11-12 23:44:13.600 65689 INFO tempest.lib.common.rest_client [req-507e341e-7317-4fb2-8e0e-468841493b1e req-507e341e-7317-4fb2-8e0e-468841493b1e ] Request (SecurityGroupRulesNegativeTestJSON:test_create_security_group_rule_duplicate): 200 POST http://10.180.1.21/compute/v2.1/os-security-groups 0.793s
2025-11-12 23:44:13.719 65685 INFO tempest.lib.common.rest_client [req-2ff5ff66-4ab8-46a9-8492-27e70ed950bd req-2ff5ff66-4ab8-46a9-8492-27e70ed950bd ] Request (ServerActionsV293TestJSON:setUpClass): 200 GET http://10.180.1.21/volume/v3/volumes/7f2d45b0-bf9d-4813-a3e0-6cb31715d9b6 0.044s
2025-11-12 23:44:13.933 65687 INFO tempest.lib.common.rest_client [req-a628b86f-b8fd-4757-8e99-e96c2b8bbb46 req-a628b86f-b8fd-4757-8e99-e96c2b8bbb46 ] Request (SecurityGroupRulesTestJSON:tearDownClass): 200 PUT http://10.180.1.21/networking/v2.0/routers/453d43d8-7693-4708-ad5f-d5de85c15f45/remove_router_interface 0.877s
2025-11-12 23:44:13.993 65693 INFO tempest.lib.common.rest_client [req-e6819a95-161e-48e8-a760-97229f0a19f2 req-e6819a95-161e-48e8-a760-97229f0a19f2 ] Request (ServersWithSpecificFlavorTestJSON:test_verify_created_server_ephemeral_disk): 200 GET http://10.180.1.21/compute/v2.1/servers/cede9721-0daf-419b-b118-35f08ea84084 1.101s
2025-11-12 23:44:14.152 65665 INFO tempest.lib.common.rest_client [req-1f0ce678-c689-49d2-a76c-aa5dee893822 req-1f0ce678-c689-49d2-a76c-aa5dee893822 ] Request (ServerActionsTestJSON:test_reboot_server_hard): 200 GET http://10.180.1.21/compute/v2.1/servers/19b27509-93ab-419b-a558-7a14ac9b8abd 1.120s
2025-11-12 23:44:14.169 65665 INFO tempest.lib.common.ssh [-] Creating ssh connection to '10.180.180.170:22' as 'cirros' with public key authentication
