2025-11-12 23:17:16.878 66015 INFO tempest.lib.common.rest_client [req-c09181bc-3f93-401b-95e0-6784aab9cf26 req-c09181bc-3f93-401b-95e0-6784aab9cf26 ] Request (ServerShowV254Test:test_rebuild_server): 200 GET http://10.180.1.21/compute/v2.1/servers/7311ea1e-911f-422f-b14e-2efbed95b1fe 0.938s
2025-11-12 23:17:16.927 65981 INFO tempest.lib.common.rest_client [req-760d5312-c242-4745-992c-293fdf235aef req-760d5312-c242-4745-992c-293fdf235aef ] Request (AttachInterfacesTestJSON:test_create_list_show_delete_interfaces_by_fixed_ip): 200 GET http://10.180.1.21/compute/v2.1/servers/88433ade-6449-40a4-9c92-122481cf79be 0.835s
2025-11-12 23:17:16.945 65993 INFO tempest.lib.common.rest_client [req-9d39f838-96f4-41d5-b0d5-cebaeb174dfb req-9d39f838-96f4-41d5-b0d5-cebaeb174dfb ] Request (MigrationsAdminTest:test_list_migrations_in_flavor_resize_situation): 200 GET http://10.180.1.21/compute/v2.1/servers/a7750ded-bcc4-43de-8c15-a50b30be9161 0.951s
2025-11-12 23:17:16.984 66005 INFO tempest.lib.common.rest_client [req-03486420-a8ce-4851-bcec-88d5432f5aca req-03486420-a8ce-4851-bcec-88d5432f5aca ] Request (ServersTestJSON:test_create_server_specify_multibyte_character_name): 200 GET http://10.180.1.21/compute/v2.1/servers/74c18370-1add-4673-ad90-374563808d15 0.891s
2025-11-12 23:17:16.986 66007 INFO tempest.lib.common.rest_client [req-8aa4b2f3-0cfe-4775-8a14-e84eb313f0a4 req-8aa4b2f3-0cfe-4775-8a14-e84eb313f0a4 ] Request (VolumesTestJSON:test_volume_list_with_details): 200 GET http://10.180.1.21/compute/v2.1/os-volumes/detail 0.688s
2025-11-12 23:17:17.038 66007 INFO tempest.lib.common.rest_client [req-c0de960f-b3e2-4315-abd1-4beb1c110710 req-c0de960f-b3e2-4315-abd1-4beb1c110710 ] Request (VolumesTestJSON:tearDownClass): 202 DELETE http://10.180.1.21/volume/v3/volumes/de71bdee-cd38-499e-a77d-a20bbe6a638e 0.044s
2025-11-12 23:17:17.082 66007 INFO tempest.lib.common.rest_client [req-c745f8fb-d434-41f1-af21-a4cdfb75a846 req-c745f8fb-d434-41f1-af21-a4cdfb75a846 ] Request (VolumesTestJSON:tearDownClass): 200 GET http://10.180.1.21/volume/v3/volumes/de71bdee-cd38-499e-a77d-a20bbe6a638e 0.043s
2025-11-12 23:17:17.132 65985 INFO tempest.lib.common.rest_client [req-581df7a9-4262-4db1-a46b-2ab0e9f558c2 req-581df7a9-4262-4db1-a46b-2ab0e9f558c2 ] Request (ServerActionsTestJSON:test_lock_unlock_server): 200 GET http://10.180.1.21/compute/v2.1/servers/8f928b15-6c59-43ac-b6b2-4dad5f05c8ca 0.694s
2025-11-12 23:17:17.376 66043 INFO tempest.lib.common.rest_client [req-90862262-794c-4598-adeb-7e6968c3e4fc req-90862262-794c-4598-adeb-7e6968c3e4fc ] Request (AttachVolumeTestJSON:test_attach_detach_volume): 200 GET http://10.180.1.21/compute/v2.1/servers/51ed186e-a115-447b-ae00-83211ccc0d7c 0.634s
2025-11-12 23:17:17.551 66035 INFO tempest.lib.common.rest_client [req-03263f04-c103-4024-8357-d93ac369c90b req-03263f04-c103-4024-8357-d93ac369c90b ] Request (ServerDiskConfigTestJSON:test_rebuild_server_with_manual_disk_config): 202 POST http://10.180.1.21/compute/v2.1/servers 1.164s
2025-11-12 23:17:17.553 66029 INFO tempest.lib.common.rest_client [req-1a2385e5-46c9-46de-a5cb-a117cdab3d58 req-1a2385e5-46c9-46de-a5cb-a117cdab3d58 ] Request (ImagesOneServerNegativeTestJSON:_run_cleanups): 200 GET http://10.180.1.21/compute/v2.1/servers/1a592784-f8cc-4b81-9651-5836efe737b7 0.775s
2025-11-12 23:17:17.644 66023 INFO tempest.lib.common.rest_client [req-4014d68f-02d6-462e-b584-e741680ceefa req-4014d68f-02d6-462e-b584-e741680ceefa ] Request (ListServerFiltersTestJSON:tearDownClass): 200 GET http://10.180.1.21/compute/v2.1/servers/fdcd27ae-a5dc-40fd-9371-c8fe4d571e66 0.683s
2025-11-12 23:17:17.718 66045 INFO tempest.lib.common.rest_client [req-36337149-cca4-4695-a907-2d5a74b4e57d req-36337149-cca4-4695-a907-2d5a74b4e57d ] Request (ServerPasswordTestJSON:tearDownClass): 200 GET http://10.180.1.21/compute/v2.1/servers/285a7564-ff38-40b7-9cb3-b82eb3dba45b 0.869s
2025-11-12 23:17:17.838 65991 INFO tempest.lib.common.rest_client [req-bef0ed1b-32ec-494c-9985-dd59412c6b94 req-bef0ed1b-32ec-494c-9985-dd59412c6b94 ] Request (ServerRescueNegativeTestJSON:test_rescued_vm_attach_volume): 200 GET http://10.180.1.21/compute/v2.1/servers/76b8ba30-a5b1-44ea-ac84-c47dea905c0a 0.854s
2025-11-12 23:17:17.866 66020 INFO tempest.lib.common.rest_client [req-355a064c-18b4-4e5b-8200-96bd0d547668 req-355a064c-18b4-4e5b-8200-96bd0d547668 ] Request (AttachVolumeShelveTestJSON:test_attach_volume_shelved_or_offload_server): 200 GET http://10.180.1.21/compute/v2.1/servers/46b7c0e4-3dc7-4ea5-a8d6-400ed4ab09d2 0.719s
2025-11-12 23:17:17.904 66009 INFO tempest.lib.common.rest_client [req-32395425-9aa3-405f-9023-0a5804531c4d req-32395425-9aa3-405f-9023-0a5804531c4d ] Request (ServersTestBootFromVolume:tearDownClass): 200 GET http://10.180.1.21/compute/v2.1/servers/5549a2e9-cb0a-4566-b675-fb8ca67665a7 0.738s
2025-11-12 23:17:17.931 65989 INFO tempest.lib.common.rest_client [req-3abc76c2-cc80-48a6-afac-7b7dd3524a88 req-3abc76c2-cc80-48a6-afac-7b7dd3524a88 ] Request (ListImageFiltersTestJSON:setUpClass): 200 GET http://10.180.1.21/compute/v2.1/images/bbeea06e-c835-4df8-ae48-d8faad744e4f 0.728s
2025-11-12 23:17:17.996 65983 INFO tempest.lib.common.rest_client [req-b527aa17-a4c1-4235-88fd-8c9b25c187c9 req-b527aa17-a4c1-4235-88fd-8c9b25c187c9 ] Request (DeleteServersTestJSON:test_delete_active_server): 200 GET http://10.180.1.21/compute/v2.1/servers/d7987023-1fb3-4c04-a111-128ecb53375c 0.786s
2025-11-12 23:17:18.016 66003 INFO tempest.lib.common.rest_client [req-339d19ea-6600-4db9-a899-33977880173a req-339d19ea-6600-4db9-a899-33977880173a ] Request (ServersNegativeTestJSON:setUpClass): 200 GET http://10.180.1.21/compute/v2.1/servers/cf06d3f8-6fbc-4c4d-a2b7-60f24327037c 0.750s
2025-11-12 23:17:18.063 66011 INFO tempest.lib.common.rest_client [req-05f78ea5-0f3f-4d76-b695-6d0ffe9c4651 req-05f78ea5-0f3f-4d76-b695-6d0ffe9c4651 ] Request (ServerRescueTestJSON:setUpClass): 200 GET http://10.180.1.21/compute/v2.1/servers/3a0a2d71-2163-494d-8646-016a8976bcae 0.705s
2025-11-12 23:17:18.071 66001 INFO tempest.lib.common.rest_client [req-939b91f8-0fd9-4691-9a27-7b2cb6e162ca req-939b91f8-0fd9-4691-9a27-7b2cb6e162ca ] Request (ServersNegativeTestMultiTenantJSON:setUpClass): 200 GET http://10.180.1.21/compute/v2.1/servers/8299e78d-ee90-4e1e-a997-e811a8995362 0.694s
2025-11-12 23:17:18.074 66011 INFO tempest.common.waiters [-] State transition "BUILD/None" ==> "BUILD/networking" after 28 second wait
2025-11-12 23:17:18.116 66007 INFO tempest.lib.common.rest_client [req-bffe2efe-51ec-4d7f-83d6-2616a584a24d req-bffe2efe-51ec-4d7f-83d6-2616a584a24d ] Request (VolumesTestJSON:tearDownClass): 404 GET http://10.180.1.21/volume/v3/volumes/de71bdee-cd38-499e-a77d-a20bbe6a638e 0.025s
2025-11-12 23:17:18.140 65987 INFO tempest.lib.common.rest_client [req-6c6005fd-4e03-4a2a-91a9-ff3df44fefb2 req-6c6005fd-4e03-4a2a-91a9-ff3df44fefb2 ] Request (SecurityGroupsTestJSON:test_server_security_groups): 200 GET http://10.180.1.21/compute/v2.1/servers/55a60070-607d-42de-b37f-58772bde1826 0.662s
2025-11-12 23:17:18.154 66033 INFO tempest.lib.common.rest_client [req-7d6cb0e0-80a6-4cfe-b407-91c87e85b625 req-7d6cb0e0-80a6-4cfe-b407-91c87e85b625 ] Request (ServersAdminTestJSON:tearDownClass): 200 GET http://10.180.1.21/compute/v2.1/servers/e50a73c0-c8c3-4c79-90a3-766a6c8c4012 0.694s
2025-11-12 23:17:18.198 66007 INFO tempest.lib.common.rest_client [req-bf7bb8fe-e45a-4f98-aa73-1ed0d7fdf4da req-bf7bb8fe-e45a-4f98-aa73-1ed0d7fdf4da ] Request (VolumesTestJSON:tearDownClass): 202 DELETE http://10.180.1.21/volume/v3/volumes/3d07d44a-1849-4959-a9a2-da47c3763681 0.081s
2025-11-12 23:17:18.220 66035 INFO tempest.lib.common.rest_client [req-567458a6-51ec-4834-9fc1-f16ebf33ef60 req-567458a6-51ec-4834-9fc1-f16ebf33ef60 ] Request (ServerDiskConfigTestJSON:test_rebuild_server_with_manual_disk_config): 200 GET http://10.180.1.21/compute/v2.1/servers/e7503c45-74f6-4f7b-886b-956ba0cf5aa0 0.667s
2025-11-12 23:17:18.236 66007 INFO tempest.lib.common.rest_client [req-0545de61-63e6-409c-9a86-80db0a2e147e req-0545de61-63e6-409c-9a86-80db0a2e147e ] Request (VolumesTestJSON:tearDownClass): 200 GET http://10.180.1.21/volume/v3/volumes/3d07d44a-1849-4959-a9a2-da47c3763681 0.038s
2025-11-12 23:17:18.257 65999 INFO tempest.lib.common.rest_client [req-8017d6f0-b829-4f19-bace-df85c549f37c req-8017d6f0-b829-4f19-bace-df85c549f37c ] Request (DeleteServersAdminTestJSON:test_admin_delete_servers_of_others): 200 GET http://10.180.1.21/compute/v2.1/servers/021603b8-ae7c-4b34-908f-49c4298a099f 0.501s
2025-11-12 23:17:18.346 66015 INFO tempest.lib.common.rest_client [req-cebb732d-61ae-4eb6-97c4-f6fa28ab0e26 req-cebb732d-61ae-4eb6-97c4-f6fa28ab0e26 ] Request (ServerShowV254Test:test_rebuild_server): 200 GET http://10.180.1.21/compute/v2.1/servers/7311ea1e-911f-422f-b14e-2efbed95b1fe 0.458s
2025-11-12 23:17:18.425 66038 INFO tempest.lib.common.rest_client [req-3a99446b-901c-4bb3-935b-a48200a1c711 req-3a99446b-901c-4bb3-935b-a48200a1c711 ] Request (ServerActionsTestOtherB:test_create_backup): 200 GET http://10.180.1.21/compute/v2.1/servers/f39da399-d63d-4fd1-bc3f-e1d8de517b96 0.604s
2025-11-12 23:17:18.445 65981 INFO tempest.lib.common.rest_client [req-538370a3-649a-4adc-a832-46b85c20c813 req-538370a3-649a-4adc-a832-46b85c20c813 ] Request (AttachInterfacesTestJSON:test_create_list_show_delete_interfaces_by_fixed_ip): 200 GET http://10.180.1.21/compute/v2.1/servers/88433ade-6449-40a4-9c92-122481cf79be 0.510s
2025-11-12 23:17:18.607 66005 INFO tempest.lib.common.rest_client [req-276257a3-52e0-433d-87cd-12de45ddfe29 req-276257a3-52e0-433d-87cd-12de45ddfe29 ] Request (ServersTestJSON:test_create_server_specify_multibyte_character_name): 200 GET http://10.180.1.21/compute/v2.1/servers/74c18370-1add-4673-ad90-374563808d15 0.614s
2025-11-12 23:17:18.875 65993 INFO tempest.lib.common.rest_client [req-7a6aba55-d43b-4d70-b230-0b852942546f req-7a6aba55-d43b-4d70-b230-0b852942546f ] Request (MigrationsAdminTest:test_list_migrations_in_flavor_resize_situation): 200 GET http://10.180.1.21/compute/v2.1/servers/a7750ded-bcc4-43de-8c15-a50b30be9161 0.921s
2025-11-12 23:17:18.962 65985 INFO tempest.lib.common.rest_client [req-42313e44-d058-4b74-ae46-5c2ae53908e8 req-42313e44-d058-4b74-ae46-5c2ae53908e8 ] Request (ServerActionsTestJSON:test_lock_unlock_server): 200 GET http://10.180.1.21/compute/v2.1/servers/8f928b15-6c59-43ac-b6b2-4dad5f05c8ca 0.817s
2025-11-12 23:17:18.976 65985 INFO tempest.common.waiters [-] State transition "SHUTOFF/powering-on" ==> "ACTIVE/None" after 5 second wait
2025-11-12 23:17:19.126 66043 INFO tempest.lib.common.rest_client [req-2205f3d6-9982-4a56-abd5-1e9a661b5a4d req-2205f3d6-9982-4a56-abd5-1e9a661b5a4d ] Request (AttachVolumeTestJSON:test_attach_detach_volume): 200 GET http://10.180.1.21/compute/v2.1/servers/51ed186e-a115-447b-ae00-83211ccc0d7c 0.740s
2025-11-12 23:17:19.135 66043 INFO tempest.common.waiters [-] State transition "SHUTOFF/powering-on" ==> "ACTIVE/None" after 6 second wait
2025-11-12 23:17:19.135 66043 INFO tempest.lib.common.ssh [-] Creating ssh connection to '10.180.180.136:22' as 'cirros' with public key authentication
2025-11-12 23:17:19.156 66029 INFO tempest.lib.common.rest_client [req-d8143874-2f69-4e75-bfef-e9c70744217d req-d8143874-2f69-4e75-bfef-e9c70744217d ] Request (ImagesOneServerNegativeTestJSON:_run_cleanups): 200 GET http://10.180.1.21/compute/v2.1/servers/1a592784-f8cc-4b81-9651-5836efe737b7 0.592s
2025-11-12 23:17:19.168 66029 INFO tempest.common.waiters [-] State transition "BUILD/spawning" ==> "ACTIVE/None" after 44 second wait
2025-11-12 23:17:19.208 66023 INFO tempest.lib.common.rest_client [req-b984fd94-1ab3-4e07-a1c0-3add5717d5db req-b984fd94-1ab3-4e07-a1c0-3add5717d5db ] Request (ListServerFiltersTestJSON:tearDownClass): 200 GET http://10.180.1.21/compute/v2.1/servers/fdcd27ae-a5dc-40fd-9371-c8fe4d571e66 0.555s
2025-11-12 23:17:19.220 66023 INFO tempest.common.waiters [-] State transition "ACTIVE/deleting" ==> "DELETED/None" after 6 second wait
2025-11-12 23:17:19.266 66007 INFO tempest.lib.common.rest_client [req-218f9530-3a51-4c18-828c-1a79f06a0574 req-218f9530-3a51-4c18-828c-1a79f06a0574 ] Request (VolumesTestJSON:tearDownClass): 404 GET http://10.180.1.21/volume/v3/volumes/3d07d44a-1849-4959-a9a2-da47c3763681 0.020s
2025-11-12 23:17:19.284 66045 INFO tempest.lib.common.rest_client [req-d472ecdc-7250-4c64-a6d8-046eee2f7e1f req-d472ecdc-7250-4c64-a6d8-046eee2f7e1f ] Request (ServerPasswordTestJSON:tearDownClass): 200 GET http://10.180.1.21/compute/v2.1/servers/285a7564-ff38-40b7-9cb3-b82eb3dba45b 0.554s
2025-11-12 23:17:19.327 66007 INFO tempest.lib.common.rest_client [req-b0738fad-ef2a-48e1-b371-45bc1867c3a0 req-b0738fad-ef2a-48e1-b371-45bc1867c3a0 ] Request (VolumesTestJSON:tearDownClass): 202 DELETE http://10.180.1.21/volume/v3/volumes/12492f30-2071-4289-8593-f2bafe08a28b 0.060s
2025-11-12 23:17:19.367 65991 INFO tempest.lib.common.rest_client [req-53bd0949-4d4d-428c-b97b-1dbefff5d08d req-53bd0949-4d4d-428c-b97b-1dbefff5d08d ] Request (ServerRescueNegativeTestJSON:test_rescued_vm_attach_volume): 200 GET http://10.180.1.21/compute/v2.1/servers/76b8ba30-a5b1-44ea-ac84-c47dea905c0a 0.518s
2025-11-12 23:17:19.370 66007 INFO tempest.lib.common.rest_client [req-aa8ee13e-3dee-426a-a956-2a3ddb192a84 req-aa8ee13e-3dee-426a-a956-2a3ddb192a84 ] Request (VolumesTestJSON:tearDownClass): 200 GET http://10.180.1.21/volume/v3/volumes/12492f30-2071-4289-8593-f2bafe08a28b 0.042s
2025-11-12 23:17:19.378 65991 INFO tempest.common.waiters [-] State transition "ACTIVE/rescuing" ==> "RESCUE/None" after 9 second wait
2025-11-12 23:17:19.469 66009 INFO tempest.lib.common.rest_client [req-36319a67-68dd-4d9b-b01b-3eadcb69d73f req-36319a67-68dd-4d9b-b01b-3eadcb69d73f ] Request (ServersTestBootFromVolume:tearDownClass): 200 GET http://10.180.1.21/compute/v2.1/servers/5549a2e9-cb0a-4566-b675-fb8ca67665a7 0.550s
2025-11-12 23:17:19.472 66020 INFO tempest.lib.common.rest_client [req-de20e882-268e-43b3-893c-dd5f3a5cc497 req-de20e882-268e-43b3-893c-dd5f3a5cc497 ] Request (AttachVolumeShelveTestJSON:test_attach_volume_shelved_or_offload_server): 200 GET http://10.180.1.21/compute/v2.1/servers/46b7c0e4-3dc7-4ea5-a8d6-400ed4ab09d2 0.596s
2025-11-12 23:17:19.540 65989 INFO tempest.lib.common.rest_client [req-0160fae3-8e3b-403e-a79f-3041f4b1be49 req-0160fae3-8e3b-403e-a79f-3041f4b1be49 ] Request (ListImageFiltersTestJSON:setUpClass): 200 GET http://10.180.1.21/compute/v2.1/images/bbeea06e-c835-4df8-ae48-d8faad744e4f 0.602s
2025-11-12 23:17:19.707 65983 INFO tempest.lib.common.rest_client [req-1c0cffc4-4cbc-47b0-9867-0c6c485bc066 req-1c0cffc4-4cbc-47b0-9867-0c6c485bc066 ] Request (DeleteServersTestJSON:test_delete_active_server): 200 GET http://10.180.1.21/compute/v2.1/servers/d7987023-1fb3-4c04-a111-128ecb53375c 0.700s
2025-11-12 23:17:20.005 65985 INFO tempest.lib.common.rest_client [req-9f517904-6d8f-4dea-9cd4-42c24c4814ae req-9f517904-6d8f-4dea-9cd4-42c24c4814ae ] Request (ServerActionsTestJSON:tearDown): 200 GET http://10.180.1.21/compute/v2.1/servers/8f928b15-6c59-43ac-b6b2-4dad5f05c8ca 1.029s
2025-11-12 23:17:20.021 66003 INFO tempest.lib.common.rest_client [req-0b60b7df-61c6-4a2b-af20-d8a8e851826f req-0b60b7df-61c6-4a2b-af20-d8a8e851826f ] Request (ServersNegativeTestJSON:setUpClass): 200 GET http://10.180.1.21/compute/v2.1/servers/cf06d3f8-6fbc-4c4d-a2b7-60f24327037c 0.989s
2025-11-12 23:17:20.142 66001 INFO tempest.lib.common.rest_client [req-342c8968-e8a6-4457-926a-005b97a1b5aa req-342c8968-e8a6-4457-926a-005b97a1b5aa ] Request (ServersNegativeTestMultiTenantJSON:setUpClass): 200 GET http://10.180.1.21/compute/v2.1/servers/8299e78d-ee90-4e1e-a997-e811a8995362 1.061s
2025-11-12 23:17:20.169 66011 INFO tempest.lib.common.rest_client [req-d1738cf3-18f7-4dc6-884d-9e104d500183 req-d1738cf3-18f7-4dc6-884d-9e104d500183 ] Request (ServerRescueTestJSON:setUpClass): 200 GET http://10.180.1.21/compute/v2.1/servers/3a0a2d71-2163-494d-8646-016a8976bcae 1.093s
2025-11-12 23:17:20.176 66011 INFO tempest.common.waiters [-] State transition "BUILD/networking" ==> "BUILD/spawning" after 30 second wait
2025-11-12 23:17:20.199 65987 INFO tempest.lib.common.rest_client [req-638c5908-7a86-40cc-b31e-37f546250118 req-638c5908-7a86-40cc-b31e-37f546250118 ] Request (SecurityGroupsTestJSON:test_server_security_groups): 200 GET http://10.180.1.21/compute/v2.1/servers/55a60070-607d-42de-b37f-58772bde1826 1.048s
2025-11-12 23:17:20.237 66033 INFO tempest.lib.common.rest_client [req-b009ac22-3e50-4b13-ad0b-19289b08f1cc req-b009ac22-3e50-4b13-ad0b-19289b08f1cc ] Request (ServersAdminTestJSON:tearDownClass): 200 GET http://10.180.1.21/compute/v2.1/servers/e50a73c0-c8c3-4c79-90a3-766a6c8c4012 1.069s
2025-11-12 23:17:20.329 66029 INFO tempest.lib.common.rest_client [req-83537499-e825-4acd-bec7-83a9120b8d1f req-83537499-e825-4acd-bec7-83a9120b8d1f ] Request (ImagesOneServerNegativeTestJSON:setUp): 200 GET http://10.180.1.21/compute/v2.1/servers/1a592784-f8cc-4b81-9651-5836efe737b7 1.158s
2025-11-12 23:17:20.362 66035 INFO tempest.lib.common.rest_client [req-b30da0b9-0e4d-41b4-84ab-2110042d41fe req-b30da0b9-0e4d-41b4-84ab-2110042d41fe ] Request (ServerDiskConfigTestJSON:test_rebuild_server_with_manual_disk_config): 200 GET http://10.180.1.21/compute/v2.1/servers/e7503c45-74f6-4f7b-886b-956ba0cf5aa0 1.130s
2025-11-12 23:17:20.374 66035 INFO tempest.common.waiters [-] State transition "BUILD/scheduling" ==> "BUILD/None" after 2 second wait
2025-11-12 23:17:20.405 66007 INFO tempest.lib.common.rest_client [req-98fa005e-ae0d-456a-8661-e658b072de4f req-98fa005e-ae0d-456a-8661-e658b072de4f ] Request (VolumesTestJSON:tearDownClass): 404 GET http://10.180.1.21/volume/v3/volumes/12492f30-2071-4289-8593-f2bafe08a28b 0.026s
2025-11-12 23:17:20.415 65999 INFO tempest.lib.common.rest_client [req-3842a84e-6913-444c-9fab-26021eedb16a req-3842a84e-6913-444c-9fab-26021eedb16a ] Request (DeleteServersAdminTestJSON:test_admin_delete_servers_of_others): 200 GET http://10.180.1.21/compute/v2.1/servers/021603b8-ae7c-4b34-908f-49c4298a099f 1.144s
2025-11-12 23:17:20.447 66015 INFO tempest.lib.common.rest_client [req-71608ab0-6411-48b8-8139-5165985d61f1 req-71608ab0-6411-48b8-8139-5165985d61f1 ] Request (ServerShowV254Test:test_rebuild_server): 200 GET http://10.180.1.21/compute/v2.1/servers/7311ea1e-911f-422f-b14e-2efbed95b1fe 1.089s
2025-11-12 23:17:20.474 65991 INFO tempest.lib.common.rest_client [req-40cef414-6af6-4cad-aefd-60774adbab5d req-40cef414-6af6-4cad-aefd-60774adbab5d ] Request (ServerRescueNegativeTestJSON:test_rescued_vm_attach_volume): 409 POST http://10.180.1.21/compute/v2.1/servers/76b8ba30-a5b1-44ea-ac84-c47dea905c0a/os-volume_attachments 1.095s
2025-11-12 23:17:20.578 66007 INFO tempest.lib.common.rest_client [req-2709b867-c6b6-40a6-8077-4d86e04ea6dc req-2709b867-c6b6-40a6-8077-4d86e04ea6dc ] Request (VolumesTestJSON:tearDownClass): 204 DELETE http://10.180.1.21/identity/v3/users/7d27574273964d28a822a4f1002e8b50 0.172s
2025-11-12 23:17:20.578 66007 INFO tempest.lib.common.dynamic_creds [-] Deleting project and security group for project: de48b9585d8943a880a2984107f95cdb
2025-11-12 23:17:20.581 65981 INFO tempest.lib.common.rest_client [req-86dfac64-023a-44e5-9f8b-3470ed9326ea req-86dfac64-023a-44e5-9f8b-3470ed9326ea ] Request (AttachInterfacesTestJSON:test_create_list_show_delete_interfaces_by_fixed_ip): 200 GET http://10.180.1.21/compute/v2.1/servers/88433ade-6449-40a4-9c92-122481cf79be 1.128s
2025-11-12 23:17:20.622 66038 INFO tempest.lib.common.rest_client [req-21ffccbd-fbe0-461d-84fc-0f233ec80e7b req-21ffccbd-fbe0-461d-84fc-0f233ec80e7b ] Request (ServerActionsTestOtherB:test_create_backup): 200 GET http://10.180.1.21/compute/v2.1/servers/f39da399-d63d-4fd1-bc3f-e1d8de517b96 1.185s
2025-11-12 23:17:20.665 66005 INFO tempest.lib.common.rest_client [req-faff60cf-dcd6-4827-a48e-7bbf29c63426 req-faff60cf-dcd6-4827-a48e-7bbf29c63426 ] Request (ServersTestJSON:test_create_server_specify_multibyte_character_name): 200 GET http://10.180.1.21/compute/v2.1/servers/74c18370-1add-4673-ad90-374563808d15 1.048s
2025-11-12 23:17:20.680 66007 INFO tempest.lib.common.rest_client [req-b2a4bce6-fc1c-4f64-9a65-977bd919859c req-b2a4bce6-fc1c-4f64-9a65-977bd919859c ] Request (VolumesTestJSON:tearDownClass): 201 POST http://10.180.1.21/identity/v3/auth/tokens 0.102s
2025-11-12 23:17:20.753 65985 INFO tempest.lib.common.rest_client [req-9c5be890-0f28-433c-a196-fe9335ca3b1d req-9c5be890-0f28-433c-a196-fe9335ca3b1d ] Request (ServerActionsTestJSON:_run_cleanups): 202 POST http://10.180.1.21/compute/v2.1/servers/8f928b15-6c59-43ac-b6b2-4dad5f05c8ca/action 0.739s
2025-11-12 23:17:20.812 65993 INFO tempest.lib.common.rest_client [req-861bc370-ca92-4feb-beea-6ab7f66342ba req-861bc370-ca92-4feb-beea-6ab7f66342ba ] Request (MigrationsAdminTest:test_list_migrations_in_flavor_resize_situation): 200 GET http://10.180.1.21/compute/v2.1/servers/a7750ded-bcc4-43de-8c15-a50b30be9161 0.928s
2025-11-12 23:17:20.869 66023 INFO tempest.lib.common.rest_client [req-ddb5f1d6-0f4b-455c-98f7-fc388d48baa7 req-ddb5f1d6-0f4b-455c-98f7-fc388d48baa7 ] Request (ListServerFiltersTestJSON:tearDownClass): 200 GET http://10.180.1.21/compute/v2.1/servers/fdcd27ae-a5dc-40fd-9371-c8fe4d571e66 0.647s
2025-11-12 23:17:20.887 66045 INFO tempest.lib.common.rest_client [req-8bb64e41-6428-438c-acbb-e3cb24ceabc8 req-8bb64e41-6428-438c-acbb-e3cb24ceabc8 ] Request (ServerPasswordTestJSON:tearDownClass): 200 GET http://10.180.1.21/compute/v2.1/servers/285a7564-ff38-40b7-9cb3-b82eb3dba45b 0.594s
2025-11-12 23:17:20.891 66007 INFO tempest.lib.common.rest_client [req-4e0fe123-b2b2-4b1b-b781-a60681c669cb req-4e0fe123-b2b2-4b1b-b781-a60681c669cb ] Request (VolumesTestJSON:tearDownClass): 200 GET http://10.180.1.21/networking/v2.0/security-groups?tenant_id=de48b9585d8943a880a2984107f95cdb&name=default 0.210s
2025-11-12 23:17:20.986 66009 INFO tempest.lib.common.rest_client [req-87697df2-75b3-416d-a9ab-aa65648d62b0 req-87697df2-75b3-416d-a9ab-aa65648d62b0 ] Request (ServersTestBootFromVolume:tearDownClass): 200 GET http://10.180.1.21/compute/v2.1/servers/5549a2e9-cb0a-4566-b675-fb8ca67665a7 0.508s
2025-11-12 23:17:20.997 66009 INFO tempest.common.waiters [-] State transition "ACTIVE/deleting" ==> "DELETED/None" after 6 second wait
2025-11-12 23:17:21.002 66007 INFO tempest.lib.common.rest_client [req-a755feb5-a96d-49dc-80b0-28c762970545 req-a755feb5-a96d-49dc-80b0-28c762970545 ] Request (VolumesTestJSON:tearDownClass): 204 DELETE http://10.180.1.21/networking/v2.0/security-groups/a56b0837-4dba-45f8-aeed-d2ca46959df3 0.109s
2025-11-12 23:17:21.054 65991 INFO tempest.lib.common.rest_client [req-bca095c4-9939-4e8a-bfff-5ae685964a2e req-bca095c4-9939-4e8a-bfff-5ae685964a2e ] Request (ServerRescueNegativeTestJSON:_run_cleanups): 202 POST http://10.180.1.21/compute/v2.1/servers/76b8ba30-a5b1-44ea-ac84-c47dea905c0a/action 0.576s
2025-11-12 23:17:21.071 66007 INFO tempest.lib.common.rest_client [req-e0ba8fbb-c4d7-4407-8655-29375530fd85 req-e0ba8fbb-c4d7-4407-8655-29375530fd85 ] Request (VolumesTestJSON:tearDownClass): 204 DELETE http://10.180.1.21/identity/v3/projects/de48b9585d8943a880a2984107f95cdb 0.069s
2025-11-12 23:17:21.192 66020 INFO tempest.lib.common.rest_client [req-27c16b20-4c9c-4308-ac1a-f4eb35965629 req-27c16b20-4c9c-4308-ac1a-f4eb35965629 ] Request (AttachVolumeShelveTestJSON:test_attach_volume_shelved_or_offload_server): 200 GET http://10.180.1.21/compute/v2.1/servers/46b7c0e4-3dc7-4ea5-a8d6-400ed4ab09d2 0.704s
2025-11-12 23:17:22.231 66013 WARNING tempest.lib.common.ssh [-] Failed to establish authenticated ssh connection to cirros@10.180.180.218 ([Errno None] Unable to connect to port 22 on 10.180.180.218). Number attempts: 16. Retry after 17 seconds.: paramiko.ssh_exception.NoValidConnectionsError: [Errno None] Unable to connect to port 22 on 10.180.180.218
2025-11-12 23:17:23.550 65989 INFO tempest.lib.common.rest_client [req-82aad171-2b75-49fb-bef1-636a229cad18 req-82aad171-2b75-49fb-bef1-636a229cad18 ] Request (ListImageFiltersTestJSON:setUpClass): 200 GET http://10.180.1.21/compute/v2.1/images/bbeea06e-c835-4df8-ae48-d8faad744e4f 3.002s
2025-11-12 23:17:23.607 66029 INFO tempest.lib.common.rest_client [req-35030a61-5b1a-490e-b6a3-1ed65dc307a9 req-35030a61-5b1a-490e-b6a3-1ed65dc307a9 ] Request (ImagesOneServerNegativeTestJSON:test_delete_image_that_is_not_yet_active): 202 POST http://10.180.1.21/compute/v2.1/servers/1a592784-f8cc-4b81-9651-5836efe737b7/action 3.267s
2025-11-12 23:17:23.645 65983 INFO tempest.lib.common.rest_client [req-c8fc8b3a-03d4-4f3b-b48c-68ef0a3f6cf1 req-c8fc8b3a-03d4-4f3b-b48c-68ef0a3f6cf1 ] Request (DeleteServersTestJSON:test_delete_active_server): 200 GET http://10.180.1.21/compute/v2.1/servers/d7987023-1fb3-4c04-a111-128ecb53375c 2.930s
2025-11-12 23:17:23.700 66003 INFO tempest.lib.common.rest_client [req-70e8f37a-4c69-4032-aa11-1e3fa9c14b7a req-70e8f37a-4c69-4032-aa11-1e3fa9c14b7a ] Request (ServersNegativeTestJSON:setUpClass): 200 GET http://10.180.1.21/compute/v2.1/servers/cf06d3f8-6fbc-4c4d-a2b7-60f24327037c 2.671s
2025-11-12 23:17:23.740 65985 INFO tempest.lib.common.rest_client [req-75deedb6-f464-4948-98a5-a1c9493480cd req-75deedb6-f464-4948-98a5-a1c9493480cd ] Request (ServerActionsTestJSON:setUp): 200 GET http://10.180.1.21/compute/v2.1/servers/8f928b15-6c59-43ac-b6b2-4dad5f05c8ca 2.986s
2025-11-12 23:17:23.794 66001 INFO tempest.lib.common.rest_client [req-f45104c2-b992-4fd5-b7d2-86195f60ab88 req-f45104c2-b992-4fd5-b7d2-86195f60ab88 ] Request (ServersNegativeTestMultiTenantJSON:setUpClass): 200 GET http://10.180.1.21/compute/v2.1/servers/8299e78d-ee90-4e1e-a997-e811a8995362 2.639s
2025-11-12 23:17:23.801 66001 INFO tempest.common.waiters [-] State transition "BUILD/None" ==> "BUILD/networking" after 31 second wait
2025-11-12 23:17:23.844 65991 INFO tempest.lib.common.rest_client [req-6c621f6e-b180-45b6-af31-1886695af994 req-6c621f6e-b180-45b6-af31-1886695af994 ] Request (ServerRescueNegativeTestJSON:_run_cleanups): 200 GET http://10.180.1.21/compute/v2.1/servers/76b8ba30-a5b1-44ea-ac84-c47dea905c0a 2.789s
2025-11-12 23:17:23.891 66011 INFO tempest.lib.common.rest_client [req-60798e28-c369-469b-93a2-6db975135e6c req-60798e28-c369-469b-93a2-6db975135e6c ] Request (ServerRescueTestJSON:setUpClass): 200 GET http://10.180.1.21/compute/v2.1/servers/3a0a2d71-2163-494d-8646-016a8976bcae 2.714s
2025-11-12 23:17:23.896 65987 INFO tempest.lib.common.rest_client [req-a2bb10ac-0240-4f16-b8c1-1fcfbcc3d776 req-a2bb10ac-0240-4f16-b8c1-1fcfbcc3d776 ] Request (SecurityGroupsTestJSON:test_server_security_groups): 200 GET http://10.180.1.21/compute/v2.1/servers/55a60070-607d-42de-b37f-58772bde1826 2.686s
2025-11-12 23:17:23.952 66035 INFO tempest.lib.common.rest_client [req-259924ec-7766-4afc-b214-6844e7a7d4d9 req-259924ec-7766-4afc-b214-6844e7a7d4d9 ] Request (ServerDiskConfigTestJSON:test_rebuild_server_with_manual_disk_config): 200 GET http://10.180.1.21/compute/v2.1/servers/e7503c45-74f6-4f7b-886b-956ba0cf5aa0 2.576s
2025-11-12 23:17:23.954 66033 INFO tempest.lib.common.rest_client [req-aa5953d3-af73-4552-9aae-902348611d80 req-aa5953d3-af73-4552-9aae-902348611d80 ] Request (ServersAdminTestJSON:tearDownClass): 200 GET http://10.180.1.21/compute/v2.1/servers/e50a73c0-c8c3-4c79-90a3-766a6c8c4012 2.708s
2025-11-12 23:17:24.012 66015 INFO tempest.lib.common.rest_client [req-8a5e21c9-4b52-45cb-a800-4b362301232b req-8a5e21c9-4b52-45cb-a800-4b362301232b ] Request (ServerShowV254Test:test_rebuild_server): 200 GET http://10.180.1.21/compute/v2.1/servers/7311ea1e-911f-422f-b14e-2efbed95b1fe 2.548s
2025-11-12 23:17:24.021 65999 INFO tempest.lib.common.rest_client [req-c8863710-8abc-4304-a91a-cccee41ac50e req-c8863710-8abc-4304-a91a-cccee41ac50e ] Request (DeleteServersAdminTestJSON:test_admin_delete_servers_of_others): 200 GET http://10.180.1.21/compute/v2.1/servers/021603b8-ae7c-4b34-908f-49c4298a099f 2.591s
2025-11-12 23:17:24.180 65981 INFO tempest.lib.common.rest_client [req-b1e32cfc-10ce-447d-b28b-0ef0fd182303 req-b1e32cfc-10ce-447d-b28b-0ef0fd182303 ] Request (AttachInterfacesTestJSON:test_create_list_show_delete_interfaces_by_fixed_ip): 200 GET http://10.180.1.21/compute/v2.1/servers/88433ade-6449-40a4-9c92-122481cf79be 2.590s
2025-11-12 23:17:24.188 65981 INFO tempest.common.waiters [-] State transition "BUILD/None" ==> "BUILD/spawning" after 33 second wait
2025-11-12 23:17:24.205 66038 INFO tempest.lib.common.rest_client [req-3e857bc4-0f42-4a54-b424-9c6c8f8ae819 req-3e857bc4-0f42-4a54-b424-9c6c8f8ae819 ] Request (ServerActionsTestOtherB:test_create_backup): 200 GET http://10.180.1.21/compute/v2.1/servers/f39da399-d63d-4fd1-bc3f-e1d8de517b96 2.572s
2025-11-12 23:17:24.242 66005 INFO tempest.lib.common.rest_client [req-3f426f3d-623c-404e-9f3c-4c12a10e6a57 req-3f426f3d-623c-404e-9f3c-4c12a10e6a57 ] Request (ServersTestJSON:test_create_server_specify_multibyte_character_name): 200 GET http://10.180.1.21/compute/v2.1/servers/74c18370-1add-4673-ad90-374563808d15 2.568s
2025-11-12 23:17:24.319 66023 INFO tempest.lib.common.rest_client [req-57804d88-8a32-440a-9d6b-703f3e54e34b req-57804d88-8a32-440a-9d6b-703f3e54e34b ] Request (ListServerFiltersTestJSON:tearDownClass): 200 GET http://10.180.1.21/compute/v2.1/servers/fdcd27ae-a5dc-40fd-9371-c8fe4d571e66 2.442s
2025-11-12 23:17:24.347 65993 INFO tempest.lib.common.rest_client [req-a7dd8692-8e3d-4753-b138-206efcff1c4c req-a7dd8692-8e3d-4753-b138-206efcff1c4c ] Request (MigrationsAdminTest:test_list_migrations_in_flavor_resize_situation): 200 GET http://10.180.1.21/compute/v2.1/servers/a7750ded-bcc4-43de-8c15-a50b30be9161 2.526s
2025-11-12 23:17:24.384 66045 INFO tempest.lib.common.rest_client [req-31e31e07-bcca-412e-a2c8-bf3ee9085361 req-31e31e07-bcca-412e-a2c8-bf3ee9085361 ] Request (ServerPasswordTestJSON:tearDownClass): 200 GET http://10.180.1.21/compute/v2.1/servers/285a7564-ff38-40b7-9cb3-b82eb3dba45b 2.489s
2025-11-12 23:17:24.392 66045 INFO tempest.common.waiters [-] State transition "ACTIVE/deleting" ==> "DELETED/None" after 7 second wait
2025-11-12 23:17:24.425 66009 INFO tempest.lib.common.rest_client [req-19e92993-2583-42bc-8b82-28b1d56f58e8 req-19e92993-2583-42bc-8b82-28b1d56f58e8 ] Request (ServersTestBootFromVolume:tearDownClass): 200 GET http://10.180.1.21/compute/v2.1/servers/5549a2e9-cb0a-4566-b675-fb8ca67665a7 2.426s
2025-11-12 23:17:24.583 66020 INFO tempest.lib.common.rest_client [req-b2e4afde-c9ce-4fcf-a051-c0f6b9de3b12 req-b2e4afde-c9ce-4fcf-a051-c0f6b9de3b12 ] Request (AttachVolumeShelveTestJSON:test_attach_volume_shelved_or_offload_server): 200 GET http://10.180.1.21/compute/v2.1/servers/46b7c0e4-3dc7-4ea5-a8d6-400ed4ab09d2 2.379s
2025-11-12 23:17:24.629 66029 INFO tempest.lib.common.rest_client [req-815f8720-f981-493a-9b8c-46e0bd24f0a8 req-815f8720-f981-493a-9b8c-46e0bd24f0a8 ] Request (ImagesOneServerNegativeTestJSON:test_delete_image_that_is_not_yet_active): 204 DELETE http://10.180.1.21/compute/v2.1/images/7363dd0c-71da-4a9b-8f05-8f04e2473fb9 1.020s
2025-11-12 23:17:24.676 65989 INFO tempest.lib.common.rest_client [req-04e8bdf3-29a0-49bb-bbdf-6d55e7603cb4 req-04e8bdf3-29a0-49bb-bbdf-6d55e7603cb4 ] Request (ListImageFiltersTestJSON:setUpClass): 200 GET http://10.180.1.21/compute/v2.1/images/bbeea06e-c835-4df8-ae48-d8faad744e4f 0.120s
2025-11-12 23:17:24.693 66029 INFO tempest.lib.common.rest_client [req-4414dc9f-075b-493c-9976-ad78c0fc88f8 req-4414dc9f-075b-493c-9976-ad78c0fc88f8 ] Request (ImagesOneServerNegativeTestJSON:test_delete_image_that_is_not_yet_active): 404 GET http://10.180.1.21/compute/v2.1/images/7363dd0c-71da-4a9b-8f05-8f04e2473fb9 0.063s
2025-11-12 23:17:24.799 65985 INFO tempest.lib.common.rest_client [req-de7ea2eb-30e6-4da9-9d9f-10bacacc903b req-de7ea2eb-30e6-4da9-9d9f-10bacacc903b ] Request (ServerActionsTestJSON:test_reboot_server_hard): 200 GET http://10.180.1.21/compute/v2.1/servers/8f928b15-6c59-43ac-b6b2-4dad5f05c8ca 1.052s
2025-11-12 23:17:24.810 65985 INFO tempest.lib.common.ssh [-] Creating ssh connection to '10.180.180.220:22' as 'cirros' with public key authentication
2025-11-12 23:17:24.817 65983 INFO tempest.lib.common.rest_client [req-34368ff9-3a08-4f77-958e-68e5ff8ca2d9 req-34368ff9-3a08-4f77-958e-68e5ff8ca2d9 ] Request (DeleteServersTestJSON:test_delete_active_server): 200 GET http://10.180.1.21/compute/v2.1/servers/d7987023-1fb3-4c04-a111-128ecb53375c 0.162s
2025-11-12 23:17:24.923 66003 INFO tempest.lib.common.rest_client [req-9e7c36ed-b348-4c01-85ba-2b539744f51f req-9e7c36ed-b348-4c01-85ba-2b539744f51f ] Request (ServersNegativeTestJSON:setUpClass): 200 GET http://10.180.1.21/compute/v2.1/servers/cf06d3f8-6fbc-4c4d-a2b7-60f24327037c 0.213s
2025-11-12 23:17:24.951 66029 INFO tempest.lib.common.rest_client [req-f430a0c7-0037-497a-9a46-8275222add86 req-f430a0c7-0037-497a-9a46-8275222add86 ] Request (ImagesOneServerNegativeTestJSON:tearDown): 200 GET http://10.180.1.21/compute/v2.1/servers/1a592784-f8cc-4b81-9651-5836efe737b7 0.257s
2025-11-12 23:17:25.162 66001 INFO tempest.lib.common.rest_client [req-c23fe8f5-c688-4e39-900e-3e34b4bab53a req-c23fe8f5-c688-4e39-900e-3e34b4bab53a ] Request (ServersNegativeTestMultiTenantJSON:setUpClass): 200 GET http://10.180.1.21/compute/v2.1/servers/8299e78d-ee90-4e1e-a997-e811a8995362 0.361s
2025-11-12 23:17:25.169 66001 INFO tempest.common.waiters [-] State transition "BUILD/networking" ==> "BUILD/block_device_mapping" after 33 second wait
2025-11-12 23:17:25.235 65991 INFO tempest.lib.common.rest_client [req-ecc1bba9-ff04-49bb-a752-4cc1502906ce req-ecc1bba9-ff04-49bb-a752-4cc1502906ce ] Request (ServerRescueNegativeTestJSON:_run_cleanups): 200 GET http://10.180.1.21/compute/v2.1/servers/76b8ba30-a5b1-44ea-ac84-c47dea905c0a 0.382s
2025-11-12 23:17:25.331 65987 INFO tempest.lib.common.rest_client [req-bfc12f8b-4f52-4a3a-ad74-6f07e86fd523 req-bfc12f8b-4f52-4a3a-ad74-6f07e86fd523 ] Request (SecurityGroupsTestJSON:test_server_security_groups): 200 GET http://10.180.1.21/compute/v2.1/servers/55a60070-607d-42de-b37f-58772bde1826 0.427s
2025-11-12 23:17:25.358 66011 INFO tempest.lib.common.rest_client [req-5f3beb5a-0bbe-4267-a091-7119af619904 req-5f3beb5a-0bbe-4267-a091-7119af619904 ] Request (ServerRescueTestJSON:setUpClass): 200 GET http://10.180.1.21/compute/v2.1/servers/3a0a2d71-2163-494d-8646-016a8976bcae 0.457s
2025-11-12 23:17:25.405 66033 INFO tempest.lib.common.rest_client [req-f148b339-42e5-4fb0-ab56-86c06f30cec0 req-f148b339-42e5-4fb0-ab56-86c06f30cec0 ] Request (ServersAdminTestJSON:tearDownClass): 200 GET http://10.180.1.21/compute/v2.1/servers/e50a73c0-c8c3-4c79-90a3-766a6c8c4012 0.443s
2025-11-12 23:17:25.448 66035 INFO tempest.lib.common.rest_client [req-0c47fa64-3ec3-444d-b74f-930431dca2ad req-0c47fa64-3ec3-444d-b74f-930431dca2ad ] Request (ServerDiskConfigTestJSON:test_rebuild_server_with_manual_disk_config): 200 GET http://10.180.1.21/compute/v2.1/servers/e7503c45-74f6-4f7b-886b-956ba0cf5aa0 0.485s
2025-11-12 23:17:25.536 66015 INFO tempest.lib.common.rest_client [req-0cdb1cb5-e26f-4382-925a-96ad82c0c11f req-0cdb1cb5-e26f-4382-925a-96ad82c0c11f ] Request (ServerShowV254Test:test_rebuild_server): 200 GET http://10.180.1.21/compute/v2.1/servers/7311ea1e-911f-422f-b14e-2efbed95b1fe 0.514s
2025-11-12 23:17:25.589 65999 INFO tempest.lib.common.rest_client [req-30ff397b-fae7-42cd-9fdc-feca208d4cea req-30ff397b-fae7-42cd-9fdc-feca208d4cea ] Request (DeleteServersAdminTestJSON:test_admin_delete_servers_of_others): 200 GET http://10.180.1.21/compute/v2.1/servers/021603b8-ae7c-4b34-908f-49c4298a099f 0.558s
2025-11-12 23:17:25.722 65981 INFO tempest.lib.common.rest_client [req-b9296f30-3e7a-4e6f-bab5-471fb6f6d4e4 req-b9296f30-3e7a-4e6f-bab5-471fb6f6d4e4 ] Request (AttachInterfacesTestJSON:test_create_list_show_delete_interfaces_by_fixed_ip): 200 GET http://10.180.1.21/compute/v2.1/servers/88433ade-6449-40a4-9c92-122481cf79be 0.534s
2025-11-12 23:17:25.749 66038 INFO tempest.lib.common.rest_client [req-45ac8c62-de3f-4e8d-a441-2657f960b1d3 req-45ac8c62-de3f-4e8d-a441-2657f960b1d3 ] Request (ServerActionsTestOtherB:test_create_backup): 200 GET http://10.180.1.21/compute/v2.1/servers/f39da399-d63d-4fd1-bc3f-e1d8de517b96 0.534s
2025-11-12 23:17:25.799 66005 INFO tempest.lib.common.rest_client [req-6617891f-64a5-458d-819a-0fd8adaa1630 req-6617891f-64a5-458d-819a-0fd8adaa1630 ] Request (ServersTestJSON:test_create_server_specify_multibyte_character_name): 200 GET http://10.180.1.21/compute/v2.1/servers/74c18370-1add-4673-ad90-374563808d15 0.549s
2025-11-12 23:17:25.823 66023 INFO tempest.lib.common.rest_client [req-b4b79b32-4ae1-4dfd-b7cd-b0d3c7117ada req-b4b79b32-4ae1-4dfd-b7cd-b0d3c7117ada ] Request (ListServerFiltersTestJSON:tearDownClass): 200 GET http://10.180.1.21/compute/v2.1/servers/fdcd27ae-a5dc-40fd-9371-c8fe4d571e66 0.494s
2025-11-12 23:17:25.906 66045 INFO tempest.lib.common.rest_client [req-60604c20-6021-4b00-813e-242852ff43c7 req-60604c20-6021-4b00-813e-242852ff43c7 ] Request (ServerPasswordTestJSON:tearDownClass): 200 GET http://10.180.1.21/compute/v2.1/servers/285a7564-ff38-40b7-9cb3-b82eb3dba45b 0.510s
2025-11-12 23:17:25.936 65993 INFO tempest.lib.common.rest_client [req-75617310-6d03-4851-bd0a-5a95dee61b10 req-75617310-6d03-4851-bd0a-5a95dee61b10 ] Request (MigrationsAdminTest:test_list_migrations_in_flavor_resize_situation): 200 GET http://10.180.1.21/compute/v2.1/servers/a7750ded-bcc4-43de-8c15-a50b30be9161 0.575s
2025-11-12 23:17:25.979 66009 INFO tempest.lib.common.rest_client [req-e601c204-5363-4237-a4c6-7a6b52fc16fa req-e601c204-5363-4237-a4c6-7a6b52fc16fa ] Request (ServersTestBootFromVolume:tearDownClass): 200 GET http://10.180.1.21/compute/v2.1/servers/5549a2e9-cb0a-4566-b675-fb8ca67665a7 0.542s
2025-11-12 23:17:26.024 65989 INFO tempest.lib.common.rest_client [req-77ec58dd-705e-4036-9faf-987bb8cb676a req-77ec58dd-705e-4036-9faf-987bb8cb676a ] Request (ListImageFiltersTestJSON:setUpClass): 200 GET http://10.180.1.21/compute/v2.1/images/bbeea06e-c835-4df8-ae48-d8faad744e4f 0.344s
2025-11-12 23:17:26.060 66020 INFO tempest.lib.common.rest_client [req-504212a5-fe26-42fb-bd3a-54b45d777a49 req-504212a5-fe26-42fb-bd3a-54b45d777a49 ] Request (AttachVolumeShelveTestJSON:test_attach_volume_shelved_or_offload_server): 200 GET http://10.180.1.21/compute/v2.1/servers/46b7c0e4-3dc7-4ea5-a8d6-400ed4ab09d2 0.461s
2025-11-12 23:17:26.070 66020 INFO tempest.common.waiters [-] State transition "BUILD/spawning" ==> "ACTIVE/None" after 42 second wait
2025-11-12 23:17:26.088 65983 INFO tempest.lib.common.rest_client [req-0a092a1f-f24a-4016-8e6a-e3508dabc0bd req-0a092a1f-f24a-4016-8e6a-e3508dabc0bd ] Request (DeleteServersTestJSON:test_delete_active_server): 200 GET http://10.180.1.21/compute/v2.1/servers/d7987023-1fb3-4c04-a111-128ecb53375c 0.256s
2025-11-12 23:17:26.123 66003 INFO tempest.lib.common.rest_client [req-23c8a398-368b-450c-ad13-c35ecb2fcb9b req-23c8a398-368b-450c-ad13-c35ecb2fcb9b ] Request (ServersNegativeTestJSON:setUpClass): 200 GET http://10.180.1.21/compute/v2.1/servers/cf06d3f8-6fbc-4c4d-a2b7-60f24327037c 0.190s
2025-11-12 23:17:26.205 66029 INFO tempest.lib.common.rest_client [req-35875bd6-42c7-4651-a1ef-3c83acc87f34 req-35875bd6-42c7-4651-a1ef-3c83acc87f34 ] Request (ImagesOneServerNegativeTestJSON:tearDown): 200 GET http://10.180.1.21/compute/v2.1/servers/1a592784-f8cc-4b81-9651-5836efe737b7 0.241s
2025-11-12 23:17:26.213 66029 INFO tempest.common.waiters [-] State transition "ACTIVE/image_snapshot" ==> "ACTIVE/image_pending_upload" after 2 second wait
2025-11-12 23:17:26.223 66020 INFO tempest.lib.common.rest_client [req-4cd42d27-7682-46c3-8c13-95872d68ff50 req-4cd42d27-7682-46c3-8c13-95872d68ff50 ] Request (AttachVolumeShelveTestJSON:test_attach_volume_shelved_or_offload_server): 200 GET http://10.180.1.21/compute/v2.1/servers/46b7c0e4-3dc7-4ea5-a8d6-400ed4ab09d2/os-interface 0.152s
2025-11-12 23:17:26.300 66001 INFO tempest.lib.common.rest_client [req-eba05a71-ad7d-48de-aa58-c6ea829e8a5d req-eba05a71-ad7d-48de-aa58-c6ea829e8a5d ] Request (ServersNegativeTestMultiTenantJSON:setUpClass): 200 GET http://10.180.1.21/compute/v2.1/servers/8299e78d-ee90-4e1e-a997-e811a8995362 0.130s
2025-11-12 23:17:26.308 66001 INFO tempest.common.waiters [-] State transition "BUILD/block_device_mapping" ==> "BUILD/spawning" after 34 second wait
2025-11-12 23:17:26.371 65991 INFO tempest.lib.common.rest_client [req-eb66058f-7cd5-4a13-a489-3585fc8fadc5 req-eb66058f-7cd5-4a13-a489-3585fc8fadc5 ] Request (ServerRescueNegativeTestJSON:_run_cleanups): 200 GET http://10.180.1.21/compute/v2.1/servers/76b8ba30-a5b1-44ea-ac84-c47dea905c0a 0.123s
2025-11-12 23:17:26.378 65991 INFO tempest.common.waiters [-] State transition "RESCUE/unrescuing" ==> "ACTIVE/None" after 3 second wait
2025-11-12 23:17:26.450 65987 INFO tempest.lib.common.rest_client [req-e0790ea4-86f0-462a-95a7-2f3c5e449505 req-e0790ea4-86f0-462a-95a7-2f3c5e449505 ] Request (SecurityGroupsTestJSON:test_server_security_groups): 200 GET http://10.180.1.21/compute/v2.1/servers/55a60070-607d-42de-b37f-58772bde1826 0.110s
2025-11-12 23:17:26.483 66033 INFO tempest.lib.common.rest_client [req-b04cf1c2-b6ae-4831-a27f-b0b8292ae401 req-b04cf1c2-b6ae-4831-a27f-b0b8292ae401 ] Request (ServersAdminTestJSON:tearDownClass): 404 GET http://10.180.1.21/compute/v2.1/servers/e50a73c0-c8c3-4c79-90a3-766a6c8c4012 0.066s
2025-11-12 23:17:26.585 66011 INFO tempest.lib.common.rest_client [req-634e5b11-64f3-493d-a092-32cf5d39ed47 req-634e5b11-64f3-493d-a092-32cf5d39ed47 ] Request (ServerRescueTestJSON:setUpClass): 200 GET http://10.180.1.21/compute/v2.1/servers/3a0a2d71-2163-494d-8646-016a8976bcae 0.217s
2025-11-12 23:17:26.585 65991 INFO tempest.lib.common.rest_client [req-6dd95af9-2e8e-409f-b05f-9a74c1b11b62 req-6dd95af9-2e8e-409f-b05f-9a74c1b11b62 ] Request (ServerRescueNegativeTestJSON:test_rescued_vm_detach_volume): 202 POST http://10.180.1.21/volume/v3/volumes 0.205s
2025-11-12 23:17:26.603 66035 INFO tempest.lib.common.rest_client [req-d0934da6-80e4-403f-bb8d-07ccc68bd90b req-d0934da6-80e4-403f-bb8d-07ccc68bd90b ] Request (ServerDiskConfigTestJSON:test_rebuild_server_with_manual_disk_config): 200 GET http://10.180.1.21/compute/v2.1/servers/e7503c45-74f6-4f7b-886b-956ba0cf5aa0 0.142s
2025-11-12 23:17:26.625 65991 INFO tempest.lib.common.rest_client [req-4b196bd7-7b6d-4836-8781-0d523a6e9524 req-4b196bd7-7b6d-4836-8781-0d523a6e9524 ] Request (ServerRescueNegativeTestJSON:test_rescued_vm_detach_volume): 200 GET http://10.180.1.21/volume/v3/volumes/a2ef888c-c507-4591-8307-05dd57cdf546 0.032s
2025-11-12 23:17:26.698 66033 INFO tempest.lib.common.rest_client [req-42f9184a-6f43-48f7-bfe9-193ff5441351 req-42f9184a-6f43-48f7-bfe9-193ff5441351 ] Request (ServersAdminTestJSON:tearDownClass): 204 DELETE http://10.180.1.21/compute/v2.1/servers/48b52243-7a82-4296-adcf-bc6e22dfaac9 0.213s
2025-11-12 23:17:26.703 66015 INFO tempest.lib.common.rest_client [req-b0d81a35-d8bf-4740-a1f4-0a50a0789ebd req-b0d81a35-d8bf-4740-a1f4-0a50a0789ebd ] Request (ServerShowV254Test:test_rebuild_server): 200 GET http://10.180.1.21/compute/v2.1/servers/7311ea1e-911f-422f-b14e-2efbed95b1fe 0.154s
2025-11-12 23:17:26.719 65999 INFO tempest.lib.common.rest_client [req-d432605b-a837-4492-b4ff-4b853f596a56 req-d432605b-a837-4492-b4ff-4b853f596a56 ] Request (DeleteServersAdminTestJSON:test_admin_delete_servers_of_others): 404 GET http://10.180.1.21/compute/v2.1/servers/021603b8-ae7c-4b34-908f-49c4298a099f 0.118s
2025-11-12 23:17:26.798 65999 INFO tempest.lib.common.rest_client [req-c4072642-2e0e-4ad2-a271-320463f50a64 req-c4072642-2e0e-4ad2-a271-320463f50a64 ] Request (DeleteServersAdminTestJSON:test_delete_server_while_in_error_state): 201 POST http://10.180.1.21/identity/v3/auth/tokens 0.072s
2025-11-12 23:17:26.798 65999 INFO tempest.lib.common.fixed_network [-] (DeleteServersAdminTestJSON:test_delete_server_while_in_error_state) Found network None available for tenant
2025-11-12 23:17:26.882 66020 INFO tempest.lib.common.rest_client [req-8b4064e2-df21-428e-8abb-2198caa0886b req-8b4064e2-df21-428e-8abb-2198caa0886b ] Request (AttachVolumeShelveTestJSON:test_attach_volume_shelved_or_offload_server): 200 PUT http://10.180.1.21/networking/v2.0/floatingips/2b3ac5b4-20d8-4f42-9944-76d52e16b7e4 0.656s
2025-11-12 23:17:26.884 66020 INFO tempest.lib.common.ssh [-] Creating ssh connection to '10.180.180.160:22' as 'cirros' with public key authentication
2025-11-12 23:17:26.921 66033 INFO tempest.lib.common.rest_client [req-c7cc0dd0-e508-4d91-9f64-f4007c0dec13 req-c7cc0dd0-e508-4d91-9f64-f4007c0dec13 ] Request (ServersAdminTestJSON:tearDownClass): 200 GET http://10.180.1.21/compute/v2.1/servers/48b52243-7a82-4296-adcf-bc6e22dfaac9 0.222s
2025-11-12 23:17:26.946 65981 INFO tempest.lib.common.rest_client [req-507e0482-d3f7-48a9-9766-5c44651eadd4 req-507e0482-d3f7-48a9-9766-5c44651eadd4 ] Request (AttachInterfacesTestJSON:test_create_list_show_delete_interfaces_by_fixed_ip): 200 GET http://10.180.1.21/compute/v2.1/servers/88433ade-6449-40a4-9c92-122481cf79be 0.212s
2025-11-12 23:17:27.021 66038 INFO tempest.lib.common.rest_client [req-0fd00e72-d246-4eb2-9d8c-0d77c2e79ef9 req-0fd00e72-d246-4eb2-9d8c-0d77c2e79ef9 ] Request (ServerActionsTestOtherB:test_create_backup): 200 GET http://10.180.1.21/compute/v2.1/servers/f39da399-d63d-4fd1-bc3f-e1d8de517b96 0.259s
2025-11-12 23:17:27.023 66021 WARNING tempest.lib.common.ssh [-] Failed to establish authenticated ssh connection to cirros@10.180.180.238 ([Errno None] Unable to connect to port 22 on 10.180.180.238). Number attempts: 9. Retry after 10 seconds.: paramiko.ssh_exception.NoValidConnectionsError: [Errno None] Unable to connect to port 22 on 10.180.180.238
2025-11-12 23:17:27.119 66005 INFO tempest.lib.common.rest_client [req-ded3071c-de27-4210-853c-97e711fffbca req-ded3071c-de27-4210-853c-97e711fffbca ] Request (ServersTestJSON:test_create_server_specify_multibyte_character_name): 200 GET http://10.180.1.21/compute/v2.1/servers/74c18370-1add-4673-ad90-374563808d15 0.306s
2025-11-12 23:17:27.128 66005 INFO tempest.common.waiters [-] State transition "BUILD/None" ==> "BUILD/networking" after 31 second wait
2025-11-12 23:17:27.197 66023 INFO tempest.lib.common.rest_client [req-a4f6de7c-d093-4dad-bd45-fd3600aad1b6 req-a4f6de7c-d093-4dad-bd45-fd3600aad1b6 ] Request (ListServerFiltersTestJSON:tearDownClass): 200 GET http://10.180.1.21/compute/v2.1/servers/fdcd27ae-a5dc-40fd-9371-c8fe4d571e66 0.365s
2025-11-12 23:17:27.233 65999 INFO tempest.lib.common.rest_client [req-a00bddc7-5285-4b65-b82c-ca9615b2af70 req-a00bddc7-5285-4b65-b82c-ca9615b2af70 ] Request (DeleteServersAdminTestJSON:test_delete_server_while_in_error_state): 202 POST http://10.180.1.21/compute/v2.1/servers 0.434s
2025-11-12 23:17:27.320 66045 INFO tempest.lib.common.rest_client [req-2e0cac0e-a967-407b-a729-f5116fe435e5 req-2e0cac0e-a967-407b-a729-f5116fe435e5 ] Request (ServerPasswordTestJSON:tearDownClass): 200 GET http://10.180.1.21/compute/v2.1/servers/285a7564-ff38-40b7-9cb3-b82eb3dba45b 0.403s
2025-11-12 23:17:27.448 66009 INFO tempest.lib.common.rest_client [req-c5455e55-292a-42ee-8d7f-4586ce653700 req-c5455e55-292a-42ee-8d7f-4586ce653700 ] Request (ServersTestBootFromVolume:tearDownClass): 200 GET http://10.180.1.21/compute/v2.1/servers/5549a2e9-cb0a-4566-b675-fb8ca67665a7 0.460s
2025-11-12 23:17:27.485 65993 INFO tempest.lib.common.rest_client [req-cb0248b7-2e6d-47cf-b05b-2488c042e242 req-cb0248b7-2e6d-47cf-b05b-2488c042e242 ] Request (MigrationsAdminTest:test_list_migrations_in_flavor_resize_situation): 200 GET http://10.180.1.21/compute/v2.1/servers/a7750ded-bcc4-43de-8c15-a50b30be9161 0.542s
2025-11-12 23:17:27.536 65989 INFO tempest.lib.common.rest_client [req-0a745189-0901-40d4-b28d-fb89225d8785 req-0a745189-0901-40d4-b28d-fb89225d8785 ] Request (ListImageFiltersTestJSON:setUpClass): 200 GET http://10.180.1.21/compute/v2.1/images/bbeea06e-c835-4df8-ae48-d8faad744e4f 0.508s
2025-11-12 23:17:27.676 65983 INFO tempest.lib.common.rest_client [req-8dc6ecb6-a7f4-4976-8d91-c19c1cb0a6c8 req-8dc6ecb6-a7f4-4976-8d91-c19c1cb0a6c8 ] Request (DeleteServersTestJSON:test_delete_active_server): 200 GET http://10.180.1.21/compute/v2.1/servers/d7987023-1fb3-4c04-a111-128ecb53375c 0.579s
2025-11-12 23:17:27.684 65991 INFO tempest.lib.common.rest_client [req-e99050da-e0f7-46ea-8edd-8892eb359eaf req-e99050da-e0f7-46ea-8edd-8892eb359eaf ] Request (ServerRescueNegativeTestJSON:test_rescued_vm_detach_volume): 200 GET http://10.180.1.21/volume/v3/volumes/a2ef888c-c507-4591-8307-05dd57cdf546 0.050s
2025-11-12 23:17:27.693 66003 INFO tempest.lib.common.rest_client [req-b68a165c-3b4e-4bfa-9b22-29e38754d771 req-b68a165c-3b4e-4bfa-9b22-29e38754d771 ] Request (ServersNegativeTestJSON:setUpClass): 200 GET http://10.180.1.21/compute/v2.1/servers/cf06d3f8-6fbc-4c4d-a2b7-60f24327037c 0.563s
2025-11-12 23:17:27.694 65991 INFO tempest.common.waiters [-] volume a2ef888c-c507-4591-8307-05dd57cdf546 reached available after waiting for 1.694659 seconds
2025-11-12 23:17:27.832 65999 INFO tempest.lib.common.rest_client [req-b8d0aec2-7b79-4c63-aac3-ce898c4bedae req-b8d0aec2-7b79-4c63-aac3-ce898c4bedae ] Request (DeleteServersAdminTestJSON:test_delete_server_while_in_error_state): 200 GET http://10.180.1.21/compute/v2.1/servers/1a985833-c349-41cd-b62b-46a26179454c 0.597s
2025-11-12 23:17:28.018 66029 INFO tempest.lib.common.rest_client [req-1b81f0f9-5947-4cff-9943-bd15cbe77abe req-1b81f0f9-5947-4cff-9943-bd15cbe77abe ] Request (ImagesOneServerNegativeTestJSON:tearDown): 200 GET http://10.180.1.21/compute/v2.1/servers/1a592784-f8cc-4b81-9651-5836efe737b7 0.804s
2025-11-12 23:17:28.026 66029 INFO tempest.common.waiters [-] State transition "ACTIVE/image_pending_upload" ==> "ACTIVE/image_uploading" after 4 second wait
2025-11-12 23:17:28.048 66001 INFO tempest.lib.common.rest_client [req-a041e191-a11c-4e4c-8a7f-7b8057ad1057 req-a041e191-a11c-4e4c-8a7f-7b8057ad1057 ] Request (ServersNegativeTestMultiTenantJSON:setUpClass): 200 GET http://10.180.1.21/compute/v2.1/servers/8299e78d-ee90-4e1e-a997-e811a8995362 0.735s
