2025-11-12 23:14:32.930 66017 INFO tempest.lib.common.rest_client [req-953471aa-1e3e-4a7d-9ac1-4e7ea21d22bc req-953471aa-1e3e-4a7d-9ac1-4e7ea21d22bc ] Request (VolumesAdminNegativeTest:tearDownClass): 204 DELETE http://10.180.1.21/networking/v2.0/subnets/89720091-8582-4718-ad94-041acd2fd98b 0.210s
2025-11-12 23:14:32.975 65985 INFO tempest.lib.common.rest_client [req-4f9e42ff-6cae-4770-87ee-c8ce65d0b54b req-4f9e42ff-6cae-4770-87ee-c8ce65d0b54b ] Request (TenantUsagesTestJSON:tearDownClass): 201 POST http://10.180.1.21/identity/v3/auth/tokens 0.084s
2025-11-12 23:14:33.061 66043 INFO tempest.lib.common.rest_client [req-b42dfbe2-2463-4cfa-b197-0ef57969dcbd req-b42dfbe2-2463-4cfa-b197-0ef57969dcbd ] Request (ValidationResourcesFixture:setUp): 201 POST http://10.180.1.21/networking/v2.0/security-group-rules 0.134s
2025-11-12 23:14:33.263 66017 INFO tempest.lib.common.rest_client [req-497d58f0-44ba-44e4-ad73-16e1cb82146d req-497d58f0-44ba-44e4-ad73-16e1cb82146d ] Request (VolumesAdminNegativeTest:tearDownClass): 204 DELETE http://10.180.1.21/networking/v2.0/networks/3ee50f66-8554-43df-96d4-e9fd85c2f623 0.332s
2025-11-12 23:14:33.363 65985 INFO tempest.lib.common.rest_client [req-b24b0e12-adf1-4b89-931f-27ca82763017 req-b24b0e12-adf1-4b89-931f-27ca82763017 ] Request (TenantUsagesTestJSON:tearDownClass): 200 GET http://10.180.1.21/networking/v2.0/security-groups?tenant_id=fd9f8aee521443a0ad71efb83bcdedf6&name=default 0.387s
2025-11-12 23:14:33.391 65989 INFO tempest.lib.common.rest_client [req-1031fed9-0592-4052-9e72-798063a0181b req-1031fed9-0592-4052-9e72-798063a0181b ] Request (SecurityGroupsTestAdminJSON:test_list_security_groups_list_all_tenants_filter): 200 GET http://10.180.1.21/compute/v2.1/os-security-groups?all_tenants=true 9.610s
2025-11-12 23:14:33.454 66043 INFO tempest.lib.common.rest_client [req-815b196c-b49c-4d2a-9636-5186ca00bdbc req-815b196c-b49c-4d2a-9636-5186ca00bdbc ] Request (ValidationResourcesFixture:setUp): 201 POST http://10.180.1.21/networking/v2.0/security-group-rules 0.392s
2025-11-12 23:14:33.608 65985 INFO tempest.lib.common.rest_client [req-85e96dac-ac3f-43bd-9e81-6fbc6feadc7f req-85e96dac-ac3f-43bd-9e81-6fbc6feadc7f ] Request (TenantUsagesTestJSON:tearDownClass): 204 DELETE http://10.180.1.21/networking/v2.0/security-groups/ef32dfc1-a9e9-454f-beb1-c938423e545f 0.245s
2025-11-12 23:14:33.659 66003 INFO tempest.lib.common.rest_client [req-b01b05a8-3bba-4a6e-a361-dcef63ab2fad req-b01b05a8-3bba-4a6e-a361-dcef63ab2fad ] Request (ServersTestFqdnHostnames:test_create_server_with_fqdn_name): 200 GET http://10.180.1.21/compute/v2.1/servers/2a7bbbcf-b04f-41cf-a8de-7b107eabf125 9.799s
2025-11-12 23:14:33.700 65985 INFO tempest.lib.common.rest_client [req-fe269b8b-c4a2-4334-8262-67b642dea70b req-fe269b8b-c4a2-4334-8262-67b642dea70b ] Request (TenantUsagesTestJSON:tearDownClass): 204 DELETE http://10.180.1.21/identity/v3/projects/fd9f8aee521443a0ad71efb83bcdedf6 0.091s
2025-11-12 23:14:33.700 65985 INFO tempest.lib.common.dynamic_creds [-] Deleting project and security group for project: 9f19a768fd2941fcb633040430d580a2
2025-11-12 23:14:33.757 66038 INFO tempest.lib.common.rest_client [req-64ef6613-48a2-4370-a9d5-d1adecf7f664 req-64ef6613-48a2-4370-a9d5-d1adecf7f664 ] Request (ServerDiagnosticsNegativeTest:tearDownClass): 204 DELETE http://10.180.1.21/compute/v2.1/servers/0194cc22-5b7c-4dd4-92a4-b8a1fc55e02e 9.862s
2025-11-12 23:14:34.106 66043 INFO tempest.lib.common.rest_client [req-56bd4013-dea1-44f0-ac08-7c57b49b3b2d req-56bd4013-dea1-44f0-ac08-7c57b49b3b2d ] Request (ValidationResourcesFixture:setUp): 201 POST http://10.180.1.21/networking/v2.0/floatingips 0.652s
2025-11-12 23:14:34.183 66043 INFO tempest.lib.common.rest_client [req-2c7bdee7-2542-4716-affb-01537a6c64a3 req-2c7bdee7-2542-4716-affb-01537a6c64a3 ] Request (AttachVolumeTestJSON:test_attach_detach_volume): 201 POST http://10.180.1.21/identity/v3/auth/tokens 0.074s
2025-11-12 23:14:34.183 66043 INFO tempest.lib.common.fixed_network [-] (AttachVolumeTestJSON:test_attach_detach_volume) Found network {'id': 'c93bae67-b654-4cb8-a80f-ccb88943e006', 'name': 'tempest-AttachVolumeTestJSON-1534070583-network', 'tenant_id': '0c2e53fc320d450dbab1ce8223f0cf18', 'project_id': '0c2e53fc320d450dbab1ce8223f0cf18', 'admin_state_up': True, 'mtu': 8950, 'status': 'ACTIVE', 'subnets': [], 'shared': False, 'port_security_enabled': True, 'router:external': False, 'provider:network_type': 'vlan', 'provider:physical_network': 'default', 'provider:segmentation_id': 124, 'availability_zone_hints': [], 'availability_zones': [], 'ipv4_address_scope': None, 'ipv6_address_scope': None, 'description': '', 'tags': [], 'created_at': '2025-11-12T23:14:19Z', 'updated_at': '2025-11-12T23:14:19Z', 'revision_number': 1} available for tenant
2025-11-12 23:14:34.186 66017 INFO tempest.lib.common.rest_client [req-b75f0207-1181-4610-bf34-438ef30e4cd5 req-b75f0207-1181-4610-bf34-438ef30e4cd5 ] Request (VolumesAdminNegativeTest:tearDownClass): 200 PUT http://10.180.1.21/networking/v2.0/routers/4dd4b468-2ee3-4e3a-81ee-8f19e09ef141/remove_router_interface 0.923s
2025-11-12 23:14:34.186 65983 INFO tempest.lib.common.rest_client [req-1ded50f5-a2d6-47f9-af42-a764f4ae221c req-1ded50f5-a2d6-47f9-af42-a764f4ae221c ] Request (FloatingIPsAssociationTestJSON:test_associate_already_associated_floating_ip): 202 POST http://10.180.1.21/compute/v2.1/servers/ac0a56b1-bfcc-463b-94d6-c11b1dafd5a8/action 16.773s
2025-11-12 23:14:34.232 65985 INFO tempest.lib.common.rest_client [req-7455ae1f-fcf2-468a-bb18-eaae740773e7 req-7455ae1f-fcf2-468a-bb18-eaae740773e7 ] Request (TenantUsagesTestJSON:tearDownClass): 200 GET http://10.180.1.21/networking/v2.0/security-groups?tenant_id=9f19a768fd2941fcb633040430d580a2&name=default 0.532s
2025-11-12 23:14:34.474 65985 INFO tempest.lib.common.rest_client [req-3fbc31e0-059c-43be-8a0b-afa147bed67f req-3fbc31e0-059c-43be-8a0b-afa147bed67f ] Request (TenantUsagesTestJSON:tearDownClass): 204 DELETE http://10.180.1.21/networking/v2.0/security-groups/4db90ff6-65fb-428b-b489-30d9d407642e 0.241s
2025-11-12 23:14:34.594 65985 INFO tempest.lib.common.rest_client [req-d4151d66-63ee-4e24-a573-98ea99904d79 req-d4151d66-63ee-4e24-a573-98ea99904d79 ] Request (TenantUsagesTestJSON:tearDownClass): 204 DELETE http://10.180.1.21/identity/v3/projects/9f19a768fd2941fcb633040430d580a2 0.120s
2025-11-12 23:14:34.634 66011 INFO tempest.lib.common.rest_client [req-6e9e9359-5a90-4dda-8d99-abf6880756d0 req-6e9e9359-5a90-4dda-8d99-abf6880756d0 ] Request (ListServersNegativeTestJSON:setUpClass): 200 GET http://10.180.1.21/compute/v2.1/servers/b6e6a491-b1b7-4dab-82b5-d30bd8b4094f 10.318s
2025-11-12 23:14:34.663 65985 INFO tempest.lib.common.rest_client [req-894c41b6-e8cf-4033-b197-0a06567afb21 req-894c41b6-e8cf-4033-b197-0a06567afb21 ] Request (FloatingIPDetailsTestJSON:setUpClass): 201 POST http://10.180.1.21/identity/v3/auth/tokens 0.067s
2025-11-12 23:14:34.695 65985 INFO tempest.lib.common.rest_client [req-da96638f-1f40-4980-be65-ef2c6f8734e4 req-da96638f-1f40-4980-be65-ef2c6f8734e4 ] Request (FloatingIPDetailsTestJSON:setUpClass): 201 POST http://10.180.1.21/identity/v3/auth/tokens 0.029s
2025-11-12 23:14:34.717 65985 INFO tempest.lib.common.rest_client [req-8c8ed125-8cb0-43d2-99ee-3ce60afed59b req-8c8ed125-8cb0-43d2-99ee-3ce60afed59b ] Request (FloatingIPDetailsTestJSON:setUpClass): 200 GET http://10.180.1.21/identity/v3/domains?name=Default 0.022s
2025-11-12 23:14:34.730 65997 INFO tempest.lib.common.rest_client [req-4e9ada45-2e29-45d0-bf69-b972c4944e20 req-4e9ada45-2e29-45d0-bf69-b972c4944e20 ] Request (ServerTagsTestJSON:setUpClass): 200 GET http://10.180.1.21/compute/v2.1/servers/6aef420d-e199-42b8-a734-4b4d165543e1 9.472s
2025-11-12 23:14:34.746 66017 INFO tempest.lib.common.rest_client [req-89883e63-2594-42e6-bab1-238136716fad req-89883e63-2594-42e6-bab1-238136716fad ] Request (VolumesAdminNegativeTest:tearDownClass): 204 DELETE http://10.180.1.21/networking/v2.0/routers/4dd4b468-2ee3-4e3a-81ee-8f19e09ef141 0.556s
2025-11-12 23:14:34.747 65997 INFO tempest.common.waiters [-] State transition "BUILD/spawning" ==> "ACTIVE/None" after 35 second wait
2025-11-12 23:14:34.748 65985 INFO tempest.lib.common.rest_client [req-eaabd980-eea8-446c-ba59-54105307f618 req-eaabd980-eea8-446c-ba59-54105307f618 ] Request (FloatingIPDetailsTestJSON:setUpClass): 201 POST http://10.180.1.21/identity/v3/projects 0.030s
2025-11-12 23:14:34.811 65985 INFO tempest.lib.common.rest_client [req-7c1994ba-4296-49b9-b580-2b97a90e2699 req-7c1994ba-4296-49b9-b580-2b97a90e2699 ] Request (FloatingIPDetailsTestJSON:setUpClass): 201 POST http://10.180.1.21/identity/v3/users 0.063s
2025-11-12 23:14:34.840 65985 INFO tempest.lib.common.rest_client [req-3b01c01b-1df0-4a99-838c-83e3a85b6e88 req-3b01c01b-1df0-4a99-838c-83e3a85b6e88 ] Request (FloatingIPDetailsTestJSON:setUpClass): 200 GET http://10.180.1.21/identity/v3/roles 0.028s
2025-11-12 23:14:34.885 65985 INFO tempest.lib.common.rest_client [req-4a02e49c-2f57-47f9-bac8-b659535dc614 req-4a02e49c-2f57-47f9-bac8-b659535dc614 ] Request (FloatingIPDetailsTestJSON:setUpClass): 204 PUT http://10.180.1.21/identity/v3/projects/a63a30410e43491788b4772f99ad1553/users/65482b4a0857436b8b7b7d1b66850039/roles/79b4195d1ad0406099e6eeae9c937994 0.040s
2025-11-12 23:14:34.885 65985 INFO tempest.lib.common.dynamic_creds [-] Dynamic test user 65482b4a0857436b8b7b7d1b66850039 is created with scope project and roles: ['member']
2025-11-12 23:14:34.885 65985 INFO tempest.lib.common.dynamic_creds [-] Acquired dynamic creds: credentials: Credentials: {'domain_id': 'default', 'domain_name': 'Default', 'username': 'tempest-FloatingIPDetailsTestJSON-1329775487-project-member', 'project_domain_id': 'default', 'project_domain_name': 'Default', 'project_id': 'a63a30410e43491788b4772f99ad1553', 'project_name': 'tempest-FloatingIPDetailsTestJSON-1329775487', 'tenant_id': 'a63a30410e43491788b4772f99ad1553', 'tenant_name': 'tempest-FloatingIPDetailsTestJSON-1329775487', 'user_domain_id': 'default', 'user_domain_name': 'Default', 'user_id': '65482b4a0857436b8b7b7d1b66850039', 'system': None}, Network: None, Subnet: None, Router: None
2025-11-12 23:14:34.888 66005 INFO tempest.lib.common.rest_client [req-80ae0e8f-79d3-4f7d-8f56-82504a9ae11a req-80ae0e8f-79d3-4f7d-8f56-82504a9ae11a ] Request (ServerMetadataNegativeTestJSON:setUpClass): 200 GET http://10.180.1.21/compute/v2.1/servers/17838ba9-4a28-42c9-91d9-69b87836f240 9.008s
2025-11-12 23:14:34.930 65987 INFO tempest.lib.common.rest_client [req-c73b00fb-0f0e-45c0-818d-03692bce2b2a req-c73b00fb-0f0e-45c0-818d-03692bce2b2a ] Request (ImagesNegativeTestJSON:test_create_image_from_deleted_server): 200 GET http://10.180.1.21/compute/v2.1/servers/79da7441-a5f2-442f-b900-84087479341e 9.252s
2025-11-12 23:14:34.939 65987 INFO tempest.common.waiters [-] State transition "BUILD/spawning" ==> "ACTIVE/None" after 35 second wait
2025-11-12 23:14:34.955 66041 INFO tempest.lib.common.rest_client [req-8990e3fd-197f-46e5-bf12-4ecbcacf3355 req-8990e3fd-197f-46e5-bf12-4ecbcacf3355 ] Request (FlavorsAdminTestJSON:test_create_server_with_non_public_flavor): 400 POST http://10.180.1.21/compute/v2.1/servers 8.786s
2025-11-12 23:14:34.973 66045 INFO tempest.lib.common.rest_client [req-e92df51d-5c82-4bfd-883f-bbe977cda1e2 req-e92df51d-5c82-4bfd-883f-bbe977cda1e2 ] Request (FlavorsAccessNegativeTestJSON:_run_cleanups): 200 GET http://10.180.1.21/compute/v2.1/flavors/detail 8.797s
2025-11-12 23:14:34.981 65985 INFO tempest.lib.common.rest_client [req-6fc81973-035c-49fb-9f11-db896644f3bd req-6fc81973-035c-49fb-9f11-db896644f3bd ] Request (FloatingIPDetailsTestJSON:setUpClass): 201 POST http://10.180.1.21/identity/v3/auth/tokens 0.095s
2025-11-12 23:14:35.002 66015 INFO tempest.lib.common.rest_client [req-85f26771-3c81-4b4a-a578-c0556ec24330 req-85f26771-3c81-4b4a-a578-c0556ec24330 ] Request (ServersTestMultiNic:test_verify_duplicate_network_nics): 200 GET http://10.180.1.21/compute/v2.1/servers/60fd1576-c30d-48e1-b1a1-20a5b17c1b0c 8.875s
2025-11-12 23:14:35.069 66017 INFO tempest.lib.common.rest_client [req-6b37bf97-08ff-4b4c-a976-63bfd6e436ab req-6b37bf97-08ff-4b4c-a976-63bfd6e436ab ] Request (VolumesAdminNegativeTest:tearDownClass): 204 DELETE http://10.180.1.21/networking/v2.0/subnets/5407fc0d-fcad-4e70-8c90-2ce4043423a3 0.322s
2025-11-12 23:14:35.115 66045 INFO tempest.lib.common.rest_client [req-c754a0a6-d719-427c-8344-11448184806c req-c754a0a6-d719-427c-8344-11448184806c ] Request (FlavorsAccessNegativeTestJSON:tearDownClass): 204 DELETE http://10.180.1.21/identity/v3/users/05a563c327be4790a9b2a3a15ccb6d00 0.130s
2025-11-12 23:14:35.193 66035 INFO tempest.lib.common.rest_client [req-f21ca35f-180f-4438-98fd-ba523d211159 req-f21ca35f-180f-4438-98fd-ba523d211159 ] Request (SecurityGroupRulesTestJSON:test_security_group_rules_create_with_optional_group_id): 200 POST http://10.180.1.21/compute/v2.1/os-security-groups 6.822s
2025-11-12 23:14:35.404 66045 INFO tempest.lib.common.rest_client [req-5fbb8c03-74d4-4ad7-a368-57fc454a2678 req-5fbb8c03-74d4-4ad7-a368-57fc454a2678 ] Request (FlavorsAccessNegativeTestJSON:tearDownClass): 204 DELETE http://10.180.1.21/identity/v3/users/bd9a871cae004797abcc84ae17d3257c 0.288s
2025-11-12 23:14:35.543 65981 INFO tempest.lib.common.rest_client [req-29760c53-8c12-4cdd-8574-93d52eb20dde req-29760c53-8c12-4cdd-8574-93d52eb20dde ] Request (QuotasAdminTestJSON:_run_cleanups): 200 PUT http://10.180.1.21/compute/v2.1/os-quota-sets/9c805f249fd34c7cb7c455a801a432ec 9.045s
2025-11-12 23:14:35.566 65995 INFO tempest.lib.common.rest_client [req-08fb3ed1-66e5-47da-872b-b54baa818a1f req-08fb3ed1-66e5-47da-872b-b54baa818a1f ] Request (FlavorsV2TestJSON:test_list_flavors_detailed_limit_results): 200 GET http://10.180.1.21/compute/v2.1/flavors/detail?limit=1 7.113s
2025-11-12 23:14:35.616 66045 INFO tempest.lib.common.rest_client [req-7e3ce175-a631-403a-8265-ac4759d3c8f8 req-7e3ce175-a631-403a-8265-ac4759d3c8f8 ] Request (FlavorsAccessNegativeTestJSON:tearDownClass): 204 DELETE http://10.180.1.21/identity/v3/users/a8568ef1c92245828018c81fcb537a52 0.212s
2025-11-12 23:14:35.619 65985 INFO tempest.lib.common.rest_client [req-9774a3c1-e135-47a6-8208-bb172c6d8d90 req-9774a3c1-e135-47a6-8208-bb172c6d8d90 ] Request (FloatingIPDetailsTestJSON:setUpClass): 201 POST http://10.180.1.21/networking/v2.0/networks 0.637s
2025-11-12 23:14:35.619 66045 INFO tempest.lib.common.dynamic_creds [-] Deleting project and security group for project: dd8a445ac8c149a0a9961314f4040514
2025-11-12 23:14:35.634 65999 WARNING tempest.lib.common.ssh [-] Failed to establish authenticated ssh connection to cirros@10.180.180.191 ([Errno None] Unable to connect to port 22 on 10.180.180.191). Number attempts: 8. Retry after 9 seconds.: paramiko.ssh_exception.NoValidConnectionsError: [Errno None] Unable to connect to port 22 on 10.180.180.191
2025-11-12 23:14:35.711 65981 INFO tempest.lib.common.rest_client [req-98260001-201e-473a-b099-408b428c5761 req-98260001-201e-473a-b099-408b428c5761 ] Request (QuotasAdminTestJSON:tearDownClass): 204 DELETE http://10.180.1.21/identity/v3/users/69959d41908e40d5a61ac30b659631e7 0.163s
2025-11-12 23:14:35.717 66017 INFO tempest.lib.common.rest_client [req-c54d7599-8b7e-4cc0-876f-2f9842ff907c req-c54d7599-8b7e-4cc0-876f-2f9842ff907c ] Request (VolumesAdminNegativeTest:tearDownClass): 204 DELETE http://10.180.1.21/networking/v2.0/networks/66e052fd-63a3-463c-b4d8-ab6814df4004 0.646s
2025-11-12 23:14:35.736 66023 INFO tempest.lib.common.rest_client [req-80eed9c0-27c5-42f2-9d28-0f378b1ec0f4 req-80eed9c0-27c5-42f2-9d28-0f378b1ec0f4 ] Request (QuotasAdminTestV257:test_get_updated_quotas): 200 GET http://10.180.1.21/identity/v3/domains?name=Default 0.183s
2025-11-12 23:14:35.802 66045 INFO tempest.lib.common.rest_client [req-a56bbba8-8ade-4a66-9d30-d9f11dbe572f req-a56bbba8-8ade-4a66-9d30-d9f11dbe572f ] Request (FlavorsAccessNegativeTestJSON:tearDownClass): 201 POST http://10.180.1.21/identity/v3/auth/tokens 0.183s
2025-11-12 23:14:35.865 65985 INFO tempest.lib.common.rest_client [req-adca81f1-4b45-493e-85ef-ff012f412a92 req-adca81f1-4b45-493e-85ef-ff012f412a92 ] Request (FloatingIPDetailsTestJSON:setUpClass): 201 POST http://10.180.1.21/networking/v2.0/subnets 0.245s
2025-11-12 23:14:35.870 65981 INFO tempest.lib.common.rest_client [req-51741b84-627c-431c-a3d0-a547a9fc0830 req-51741b84-627c-431c-a3d0-a547a9fc0830 ] Request (QuotasAdminTestJSON:tearDownClass): 204 DELETE http://10.180.1.21/identity/v3/users/359f75c3e4ce4235bf826d92e99a9c17 0.159s
2025-11-12 23:14:35.871 65981 INFO tempest.lib.common.dynamic_creds [-] Deleting project and security group for project: 9c805f249fd34c7cb7c455a801a432ec
2025-11-12 23:14:35.878 66017 INFO tempest.lib.common.rest_client [req-241ccb0d-d1fc-4fbc-882d-781ff6ce726c req-241ccb0d-d1fc-4fbc-882d-781ff6ce726c ] Request (VolumesAdminNegativeTest:tearDownClass): 204 DELETE http://10.180.1.21/identity/v3/users/60b0a0d715ee44e6827a09d3bf7420d6 0.161s
2025-11-12 23:14:36.012 66023 INFO tempest.lib.common.rest_client [req-53a063cb-199d-465a-ad1c-5d8a8a6684bc req-53a063cb-199d-465a-ad1c-5d8a8a6684bc ] Request (QuotasAdminTestV257:test_get_updated_quotas): 201 POST http://10.180.1.21/identity/v3/projects 0.276s
2025-11-12 23:14:36.036 66001 INFO tempest.lib.common.rest_client [req-e4e9db94-b61e-45b2-8958-e50376ed71b8 req-e4e9db94-b61e-45b2-8958-e50376ed71b8 ] Request (ServerRescueTestJSONUnderV235:setUpClass): 202 POST http://10.180.1.21/compute/v2.1/servers 7.620s
2025-11-12 23:14:36.067 65981 INFO tempest.lib.common.rest_client [req-7e4992af-c83d-4d18-b029-b8b4745241b5 req-7e4992af-c83d-4d18-b029-b8b4745241b5 ] Request (QuotasAdminTestJSON:tearDownClass): 201 POST http://10.180.1.21/identity/v3/auth/tokens 0.196s
2025-11-12 23:14:36.142 66017 INFO tempest.lib.common.rest_client [req-168fdb2a-d044-44dd-8830-77bc96698383 req-168fdb2a-d044-44dd-8830-77bc96698383 ] Request (VolumesAdminNegativeTest:tearDownClass): 204 DELETE http://10.180.1.21/identity/v3/users/60f252bb7e47458aad833e9d683a7ba1 0.263s
2025-11-12 23:14:36.188 66045 INFO tempest.lib.common.rest_client [req-09b55429-3ae8-4934-b465-a680116d7722 req-09b55429-3ae8-4934-b465-a680116d7722 ] Request (FlavorsAccessNegativeTestJSON:tearDownClass): 200 GET http://10.180.1.21/networking/v2.0/security-groups?tenant_id=dd8a445ac8c149a0a9961314f4040514&name=default 0.385s
2025-11-12 23:14:36.206 66023 INFO tempest.lib.common.rest_client [req-da3c0bcc-12d3-4f32-9cea-e1ebee3ac72e req-da3c0bcc-12d3-4f32-9cea-e1ebee3ac72e ] Request (QuotasAdminTestV257:test_get_updated_quotas): 200 GET http://10.180.1.21/identity/v3/domains?name=Default 0.192s
2025-11-12 23:14:36.207 66013 WARNING tempest.lib.common.ssh [-] Failed to establish authenticated ssh connection to cirros@10.180.180.218 ([Errno None] Unable to connect to port 22 on 10.180.180.218). Number attempts: 4. Retry after 5 seconds.: paramiko.ssh_exception.NoValidConnectionsError: [Errno None] Unable to connect to port 22 on 10.180.180.218
2025-11-12 23:14:36.390 66017 INFO tempest.lib.common.rest_client [req-f07f35c4-d7dd-41cf-b4bc-d1bc35e0a1e5 req-f07f35c4-d7dd-41cf-b4bc-d1bc35e0a1e5 ] Request (VolumesAdminNegativeTest:tearDownClass): 204 DELETE http://10.180.1.21/identity/v3/users/b561d92d51834d81b46ee01ab942a7d1 0.248s
2025-11-12 23:14:36.390 66017 INFO tempest.lib.common.dynamic_creds [-] Deleting project and security group for project: d1d54776bd8841c7a5fd6390b4a3d879
2025-11-12 23:14:36.596 65981 INFO tempest.lib.common.rest_client [req-1279d87a-7672-4a69-bf29-a3ad3d9c82f7 req-1279d87a-7672-4a69-bf29-a3ad3d9c82f7 ] Request (QuotasAdminTestJSON:tearDownClass): 200 GET http://10.180.1.21/networking/v2.0/security-groups?tenant_id=9c805f249fd34c7cb7c455a801a432ec&name=default 0.528s
2025-11-12 23:14:36.712 66045 INFO tempest.lib.common.rest_client [req-7473c996-61a1-40e4-8cf5-50f0f21d2231 req-7473c996-61a1-40e4-8cf5-50f0f21d2231 ] Request (FlavorsAccessNegativeTestJSON:tearDownClass): 204 DELETE http://10.180.1.21/networking/v2.0/security-groups/e6312ff7-bc35-45d4-97d9-38138b12e0ba 0.524s
2025-11-12 23:14:36.766 65985 INFO tempest.lib.common.rest_client [req-4057bf47-9dc9-40bc-a7f6-2b713b4b0573 req-4057bf47-9dc9-40bc-a7f6-2b713b4b0573 ] Request (FloatingIPDetailsTestJSON:setUpClass): 201 POST http://10.180.1.21/networking/v2.0/routers 0.901s
2025-11-12 23:14:36.814 66017 INFO tempest.lib.common.rest_client [req-724a2e88-6369-42a4-ba1c-b1148c4d0e0f req-724a2e88-6369-42a4-ba1c-b1148c4d0e0f ] Request (VolumesAdminNegativeTest:tearDownClass): 200 GET http://10.180.1.21/networking/v2.0/security-groups?tenant_id=d1d54776bd8841c7a5fd6390b4a3d879&name=default 0.424s
2025-11-12 23:14:36.855 66045 INFO tempest.lib.common.rest_client [req-43c823d5-27c9-4456-bd38-6cbf0e0259dc req-43c823d5-27c9-4456-bd38-6cbf0e0259dc ] Request (FlavorsAccessNegativeTestJSON:tearDownClass): 204 DELETE http://10.180.1.21/identity/v3/projects/dd8a445ac8c149a0a9961314f4040514 0.142s
2025-11-12 23:14:36.855 66045 INFO tempest.lib.common.dynamic_creds [-] Deleting project and security group for project: 397c1742095b48fba33a6895cf9484d9
2025-11-12 23:14:36.903 65981 INFO tempest.lib.common.rest_client [req-9ce5a719-f22c-414f-8911-2b2bf8fb326c req-9ce5a719-f22c-414f-8911-2b2bf8fb326c ] Request (QuotasAdminTestJSON:tearDownClass): 204 DELETE http://10.180.1.21/networking/v2.0/security-groups/30e059d7-587e-40ab-85d1-fa852391dfdd 0.307s
2025-11-12 23:14:37.041 65981 INFO tempest.lib.common.rest_client [req-508e96c7-185f-44d5-b7c1-f4e0615bd816 req-508e96c7-185f-44d5-b7c1-f4e0615bd816 ] Request (QuotasAdminTestJSON:tearDownClass): 204 DELETE http://10.180.1.21/identity/v3/projects/9c805f249fd34c7cb7c455a801a432ec 0.137s
2025-11-12 23:14:37.041 65981 INFO tempest.lib.common.dynamic_creds [-] Deleting project and security group for project: 4213d478f5f54f99a4b8fb5fc8a65026
2025-11-12 23:14:37.128 66017 INFO tempest.lib.common.rest_client [req-77d368ad-29bd-495d-a456-7ff04106ce1f req-77d368ad-29bd-495d-a456-7ff04106ce1f ] Request (VolumesAdminNegativeTest:tearDownClass): 204 DELETE http://10.180.1.21/networking/v2.0/security-groups/75d4fec5-3622-4c81-8157-299956ee54d2 0.313s
2025-11-12 23:14:37.222 66045 INFO tempest.lib.common.rest_client [req-7e24c6d6-80fc-4638-918f-d0f50792818f req-7e24c6d6-80fc-4638-918f-d0f50792818f ] Request (FlavorsAccessNegativeTestJSON:tearDownClass): 200 GET http://10.180.1.21/networking/v2.0/security-groups?tenant_id=397c1742095b48fba33a6895cf9484d9&name=default 0.366s
2025-11-12 23:14:37.247 66017 INFO tempest.lib.common.rest_client [req-c859122e-1e5c-4a46-a538-3e280488c249 req-c859122e-1e5c-4a46-a538-3e280488c249 ] Request (VolumesAdminNegativeTest:tearDownClass): 204 DELETE http://10.180.1.21/identity/v3/projects/d1d54776bd8841c7a5fd6390b4a3d879 0.119s
2025-11-12 23:14:37.248 66017 INFO tempest.lib.common.dynamic_creds [-] Deleting project and security group for project: f0e647873b4940d5a4d5ba8d38baa9fb
2025-11-12 23:14:37.426 65981 INFO tempest.lib.common.rest_client [req-d2c0a268-dcb5-4349-9037-1688e67315a0 req-d2c0a268-dcb5-4349-9037-1688e67315a0 ] Request (QuotasAdminTestJSON:tearDownClass): 200 GET http://10.180.1.21/networking/v2.0/security-groups?tenant_id=4213d478f5f54f99a4b8fb5fc8a65026&name=default 0.385s
2025-11-12 23:14:37.657 66045 INFO tempest.lib.common.rest_client [req-68d66e3e-9f31-41f1-9d15-f2c1a51e9edb req-68d66e3e-9f31-41f1-9d15-f2c1a51e9edb ] Request (FlavorsAccessNegativeTestJSON:tearDownClass): 204 DELETE http://10.180.1.21/networking/v2.0/security-groups/11eacd68-8427-4af4-9f42-aa4acac8e9c1 0.435s
2025-11-12 23:14:37.684 66017 INFO tempest.lib.common.rest_client [req-cc495b33-58ee-4abf-95d1-f71c5d58e73c req-cc495b33-58ee-4abf-95d1-f71c5d58e73c ] Request (VolumesAdminNegativeTest:tearDownClass): 200 GET http://10.180.1.21/networking/v2.0/security-groups?tenant_id=f0e647873b4940d5a4d5ba8d38baa9fb&name=default 0.435s
2025-11-12 23:14:37.775 66045 INFO tempest.lib.common.rest_client [req-72a0046d-d9c2-477c-a7ee-97163a5d461a req-72a0046d-d9c2-477c-a7ee-97163a5d461a ] Request (FlavorsAccessNegativeTestJSON:tearDownClass): 204 DELETE http://10.180.1.21/identity/v3/projects/397c1742095b48fba33a6895cf9484d9 0.117s
2025-11-12 23:14:37.775 66045 INFO tempest.lib.common.dynamic_creds [-] Deleting project and security group for project: d032180811164e3f95234663d90f6282
2025-11-12 23:14:37.805 65991 INFO tempest.lib.common.rest_client [req-b32d46a8-721a-4726-90e2-38b6c0ce77f5 req-b32d46a8-721a-4726-90e2-38b6c0ce77f5 ] Request (ServerAddressesTestJSON:setUpClass): 202 POST http://10.180.1.21/compute/v2.1/servers 8.265s
2025-11-12 23:14:37.809 65981 INFO tempest.lib.common.rest_client [req-c1683476-0b21-4534-8aaf-332abf4ccaaa req-c1683476-0b21-4534-8aaf-332abf4ccaaa ] Request (QuotasAdminTestJSON:tearDownClass): 204 DELETE http://10.180.1.21/networking/v2.0/security-groups/3871aec5-7914-46ed-ab11-a6ad11ed501b 0.382s
2025-11-12 23:14:37.810 66007 INFO tempest.lib.common.rest_client [req-dc8a7d39-e556-42f4-9b64-7426c2072f92 req-dc8a7d39-e556-42f4-9b64-7426c2072f92 ] Request (ServersAdminNegativeTestJSON:test_reset_state_server_invalid_state): 400 POST http://10.180.1.21/compute/v2.1/servers/0bca13d5-0620-4110-b8f2-a49f1f91352d/action 7.499s
2025-11-12 23:14:37.920 65981 INFO tempest.lib.common.rest_client [req-0616da2c-d309-4b0a-9800-328cb5cae152 req-0616da2c-d309-4b0a-9800-328cb5cae152 ] Request (QuotasAdminTestJSON:tearDownClass): 204 DELETE http://10.180.1.21/identity/v3/projects/4213d478f5f54f99a4b8fb5fc8a65026 0.111s
2025-11-12 23:14:37.924 66017 INFO tempest.lib.common.rest_client [req-fd6d9dae-0e8d-4719-b50b-cf7c78b254aa req-fd6d9dae-0e8d-4719-b50b-cf7c78b254aa ] Request (VolumesAdminNegativeTest:tearDownClass): 204 DELETE http://10.180.1.21/networking/v2.0/security-groups/795e5b47-6d90-4389-ada4-11ab665f964b 0.239s
2025-11-12 23:14:37.986 65985 INFO tempest.lib.common.rest_client [req-18c5e60d-5174-409d-a466-7fb81d2ac584 req-18c5e60d-5174-409d-a466-7fb81d2ac584 ] Request (FloatingIPDetailsTestJSON:setUpClass): 200 PUT http://10.180.1.21/networking/v2.0/routers/dc3b51d2-808c-4f2a-a83c-b0a9299bdd74/add_router_interface 1.219s
2025-11-12 23:14:37.986 65985 INFO tempest.lib.common.dynamic_creds [-] Created isolated network resources for: credentials: Credentials: {'domain_id': 'default', 'domain_name': 'Default', 'username': 'tempest-FloatingIPDetailsTestJSON-1329775487-project-member', 'project_domain_id': 'default', 'project_domain_name': 'Default', 'project_id': 'a63a30410e43491788b4772f99ad1553', 'project_name': 'tempest-FloatingIPDetailsTestJSON-1329775487', 'tenant_id': 'a63a30410e43491788b4772f99ad1553', 'tenant_name': 'tempest-FloatingIPDetailsTestJSON-1329775487', 'user_domain_id': 'default', 'user_domain_name': 'Default', 'user_id': '65482b4a0857436b8b7b7d1b66850039', 'system': None}, Network: {'id': '37876cc1-48e4-4474-9a88-444d35227576', 'name': 'tempest-FloatingIPDetailsTestJSON-997181665-network', 'tenant_id': 'a63a30410e43491788b4772f99ad1553', 'project_id': 'a63a30410e43491788b4772f99ad1553', 'admin_state_up': True, 'mtu': 8950, 'status': 'ACTIVE', 'subnets': [], 'shared': False, 'port_security_enabled': True, 'router:external': False, 'provider:network_type': 'vlan', 'provider:physical_network': 'default', 'provider:segmentation_id': 82, 'availability_zone_hints': [], 'availability_zones': [], 'ipv4_address_scope': None, 'ipv6_address_scope': None, 'description': '', 'tags': [], 'created_at': '2025-11-12T23:14:35Z', 'updated_at': '2025-11-12T23:14:35Z', 'revision_number': 1}, Subnet: {'id': 'b24e6494-dab9-48b2-96f8-4d591ee6940b', 'name': 'tempest-FloatingIPDetailsTestJSON-997181665-subnet', 'tenant_id': 'a63a30410e43491788b4772f99ad1553', 'network_id': '37876cc1-48e4-4474-9a88-444d35227576', 'ip_version': 4, 'subnetpool_id': None, 'enable_dhcp': True, 'ipv6_ra_mode': None, 'ipv6_address_mode': None, 'gateway_ip': '192.168.128.1', 'cidr': '192.168.128.0/28', 'allocation_pools': [{'start': '192.168.128.2', 'end': '192.168.128.14'}], 'host_routes': [], 'dns_nameservers': [], 'description': '', 'router:external': False, 'service_types': [], 'tags': [], 'created_at': '2025-11-12T23:14:35Z', 'updated_at': '2025-11-12T23:14:35Z', 'revision_number': 0, 'project_id': 'a63a30410e43491788b4772f99ad1553'}, Router: {'id': 'dc3b51d2-808c-4f2a-a83c-b0a9299bdd74', 'name': 'tempest-FloatingIPDetailsTestJSON-997181665-router', 'tenant_id': 'a63a30410e43491788b4772f99ad1553', 'admin_state_up': True, 'status': 'ACTIVE', 'external_gateway_info': {'network_id': 'b16a9161-83db-42c3-a8a4-3758a02aa686', 'external_fixed_ips': [{'subnet_id': 'c738600b-731a-48d0-a10b-cc7f20a4b8a1', 'ip_address': '10.180.180.175'}], 'enable_snat': True}, 'description': '', 'availability_zones': [], 'distributed': False, 'ha': False, 'availability_zone_hints': [], 'routes': [], 'flavor_id': None, 'tags': [], 'created_at': '2025-11-12T23:14:35Z', 'updated_at': '2025-11-12T23:14:36Z', 'revision_number': 2, 'project_id': 'a63a30410e43491788b4772f99ad1553'}
2025-11-12 23:14:38.018 65981 INFO tempest.lib.common.rest_client [req-13fa680b-0301-4622-b62b-3c4048069f2b req-13fa680b-0301-4622-b62b-3c4048069f2b ] Request (ServerDiagnosticsV248Test:setUpClass): 201 POST http://10.180.1.21/identity/v3/auth/tokens 0.096s
2025-11-12 23:14:38.068 66045 INFO tempest.lib.common.rest_client [req-fe2da7f1-cbcd-4c8e-855b-3b4969472e5b req-fe2da7f1-cbcd-4c8e-855b-3b4969472e5b ] Request (FlavorsAccessNegativeTestJSON:tearDownClass): 200 GET http://10.180.1.21/networking/v2.0/security-groups?tenant_id=d032180811164e3f95234663d90f6282&name=default 0.293s
2025-11-12 23:14:38.072 66017 INFO tempest.lib.common.rest_client [req-2ab79bce-1156-41b4-882d-0370fb60dba4 req-2ab79bce-1156-41b4-882d-0370fb60dba4 ] Request (VolumesAdminNegativeTest:tearDownClass): 204 DELETE http://10.180.1.21/identity/v3/projects/f0e647873b4940d5a4d5ba8d38baa9fb 0.148s
2025-11-12 23:14:38.072 66017 INFO tempest.lib.common.dynamic_creds [-] Deleting project and security group for project: b5c20cc6db22418d9436663e4dff18d0
2025-11-12 23:14:38.092 66009 INFO tempest.lib.common.rest_client [req-04ccb899-6552-4997-bead-521a9cde99e8 req-04ccb899-6552-4997-bead-521a9cde99e8 ] Request (ServersTestBootFromVolume:setUpClass): 200 GET http://10.180.1.21/compute/v2.1/servers/5549a2e9-cb0a-4566-b675-fb8ca67665a7/os-interface 7.274s
2025-11-12 23:14:38.116 66027 INFO tempest.lib.common.rest_client [req-ca96627e-7f26-4448-89b1-4a888cbcc65d req-ca96627e-7f26-4448-89b1-4a888cbcc65d ] Request (ServerExternalEventsTest:tearDownClass): 404 GET http://10.180.1.21/compute/v2.1/servers/c8ecab28-300b-4f23-9a6d-8c93f4250d1b 7.115s
2025-11-12 23:14:38.117 65985 INFO tempest.lib.common.rest_client [req-1ecad4f9-4fc4-444b-a5cc-83f0b783e52e req-1ecad4f9-4fc4-444b-a5cc-83f0b783e52e ] Request (FloatingIPDetailsTestJSON:setUpClass): 201 POST http://10.180.1.21/identity/v3/auth/tokens 0.126s
2025-11-12 23:14:38.149 65981 INFO tempest.lib.common.rest_client [req-f17194d6-9cc0-4eb2-9b68-00ce0b0401ed req-f17194d6-9cc0-4eb2-9b68-00ce0b0401ed ] Request (ServerDiagnosticsV248Test:setUpClass): 201 POST http://10.180.1.21/identity/v3/auth/tokens 0.128s
2025-11-12 23:14:38.154 66017 INFO tempest.lib.common.rest_client [req-7bf1b080-c228-4c96-b96c-80e3af4f0c70 req-7bf1b080-c228-4c96-b96c-80e3af4f0c70 ] Request (VolumesAdminNegativeTest:tearDownClass): 200 GET http://10.180.1.21/networking/v2.0/security-groups?tenant_id=b5c20cc6db22418d9436663e4dff18d0&name=default 0.081s
2025-11-12 23:14:38.175 65981 INFO tempest.lib.common.rest_client [req-214ad9ab-c1b6-4573-919c-c191bdc7ab68 req-214ad9ab-c1b6-4573-919c-c191bdc7ab68 ] Request (ServerDiagnosticsV248Test:setUpClass): 200 GET http://10.180.1.21/identity/v3/domains?name=Default 0.026s
2025-11-12 23:14:38.193 66031 INFO tempest.lib.common.rest_client [req-ba6358f9-39fb-496c-b72d-ce6f3039385a req-ba6358f9-39fb-496c-b72d-ce6f3039385a ] Request (ImagesOneServerTestJSON:setUpClass): 202 POST http://10.180.1.21/compute/v2.1/servers 8.109s
2025-11-12 23:14:38.209 65981 INFO tempest.lib.common.rest_client [req-00858775-b693-4952-aa4f-ae39a01af389 req-00858775-b693-4952-aa4f-ae39a01af389 ] Request (ServerDiagnosticsV248Test:setUpClass): 201 POST http://10.180.1.21/identity/v3/projects 0.032s
2025-11-12 23:14:38.226 66027 INFO tempest.lib.common.rest_client [req-a981db0d-5d06-4618-91e7-31e8e4b30a40 req-a981db0d-5d06-4618-91e7-31e8e4b30a40 ] Request (ServerExternalEventsTest:tearDownClass): 204 DELETE http://10.180.1.21/identity/v3/users/1a9fed2d01a64d0faab9f3b30b4ed12d 0.109s
2025-11-12 23:14:38.291 66045 INFO tempest.lib.common.rest_client [req-0952e803-d1a4-468c-8940-0417eded6e27 req-0952e803-d1a4-468c-8940-0417eded6e27 ] Request (FlavorsAccessNegativeTestJSON:tearDownClass): 204 DELETE http://10.180.1.21/networking/v2.0/security-groups/efbf77d7-7534-4beb-9ff1-9765efa4fd37 0.222s
2025-11-12 23:14:38.313 65981 INFO tempest.lib.common.rest_client [req-5d93c7e8-3ca1-4fcf-97fe-859d8e0c64b5 req-5d93c7e8-3ca1-4fcf-97fe-859d8e0c64b5 ] Request (ServerDiagnosticsV248Test:setUpClass): 201 POST http://10.180.1.21/identity/v3/users 0.103s
2025-11-12 23:14:38.402 66021 INFO tempest.lib.common.rest_client [req-1c6bbdfe-5dd8-4b55-99a2-27a6e43ffc8b req-1c6bbdfe-5dd8-4b55-99a2-27a6e43ffc8b ] Request (FloatingIPsAssociationNegativeTestJSON:tearDownClass): 204 DELETE http://10.180.1.21/compute/v2.1/servers/30d8c792-400c-42be-aa44-6144d11a2393 5.888s
2025-11-12 23:14:38.408 66045 INFO tempest.lib.common.rest_client [req-fa69dda8-db54-4e53-907d-447243c14280 req-fa69dda8-db54-4e53-907d-447243c14280 ] Request (FlavorsAccessNegativeTestJSON:tearDownClass): 204 DELETE http://10.180.1.21/identity/v3/projects/d032180811164e3f95234663d90f6282 0.116s
2025-11-12 23:14:38.449 65993 INFO tempest.lib.common.rest_client [req-a2e8083c-2ddb-4d41-8460-92a4ba6726f3 req-a2e8083c-2ddb-4d41-8460-92a4ba6726f3 ] Request (AggregatesAdminNegativeTestJSON:_run_cleanups): 200 DELETE http://10.180.1.21/compute/v2.1/os-aggregates/6 5.929s
2025-11-12 23:14:38.477 66027 INFO tempest.lib.common.rest_client [req-a140db1c-b0ee-4069-8e68-00b2e9ddb4b1 req-a140db1c-b0ee-4069-8e68-00b2e9ddb4b1 ] Request (ServerExternalEventsTest:tearDownClass): 204 DELETE http://10.180.1.21/identity/v3/users/a70e21bec18c4d29aa13e7fb6457534b 0.251s
2025-11-12 23:14:38.573 66020 INFO tempest.lib.common.rest_client [req-0d043d77-2200-4b0f-9ee5-d0814806ad3d req-0d043d77-2200-4b0f-9ee5-d0814806ad3d ] Request (ServerMetadataTestJSON:setUp): 200 PUT http://10.180.1.21/compute/v2.1/servers/bcbdf06f-8abb-449b-b289-a5509544dd0a/metadata 6.004s
2025-11-12 23:14:38.578 65981 INFO tempest.lib.common.rest_client [req-854a0527-3927-45bf-869b-af01b0a83ab0 req-854a0527-3927-45bf-869b-af01b0a83ab0 ] Request (ServerDiagnosticsV248Test:setUpClass): 200 GET http://10.180.1.21/identity/v3/roles 0.265s
2025-11-12 23:14:38.607 66045 INFO tempest.lib.common.rest_client [req-2c651157-0f93-4145-bcd7-c3c3d9923f47 req-2c651157-0f93-4145-bcd7-c3c3d9923f47 ] Request (ServerAddressesNegativeTestJSON:setUpClass): 201 POST http://10.180.1.21/identity/v3/auth/tokens 0.194s
2025-11-12 23:14:38.638 65981 INFO tempest.lib.common.rest_client [req-98f45059-4de9-4540-b364-582d758993b7 req-98f45059-4de9-4540-b364-582d758993b7 ] Request (ServerDiagnosticsV248Test:setUpClass): 204 PUT http://10.180.1.21/identity/v3/projects/6a0c3cef47694b798e09f4fb00121b3a/users/b5380462ecf04392b7095e0bdfbc0e2a/roles/79b4195d1ad0406099e6eeae9c937994 0.059s
2025-11-12 23:14:38.638 65981 INFO tempest.lib.common.dynamic_creds [-] Dynamic test user b5380462ecf04392b7095e0bdfbc0e2a is created with scope project and roles: ['member']
2025-11-12 23:14:38.639 65981 INFO tempest.lib.common.dynamic_creds [-] Acquired dynamic creds: credentials: Credentials: {'domain_id': 'default', 'domain_name': 'Default', 'username': 'tempest-ServerDiagnosticsV248Test-1166491871-project-member', 'project_domain_id': 'default', 'project_domain_name': 'Default', 'project_id': '6a0c3cef47694b798e09f4fb00121b3a', 'project_name': 'tempest-ServerDiagnosticsV248Test-1166491871', 'tenant_id': '6a0c3cef47694b798e09f4fb00121b3a', 'tenant_name': 'tempest-ServerDiagnosticsV248Test-1166491871', 'user_domain_id': 'default', 'user_domain_name': 'Default', 'user_id': 'b5380462ecf04392b7095e0bdfbc0e2a', 'system': None}, Network: None, Subnet: None, Router: None
2025-11-12 23:14:38.639 65981 INFO tempest.lib.common.dynamic_creds [-] Created isolated network resources for: credentials: Credentials: {'domain_id': 'default', 'domain_name': 'Default', 'username': 'tempest-ServerDiagnosticsV248Test-1166491871-project-member', 'project_domain_id': 'default', 'project_domain_name': 'Default', 'project_id': '6a0c3cef47694b798e09f4fb00121b3a', 'project_name': 'tempest-ServerDiagnosticsV248Test-1166491871', 'tenant_id': '6a0c3cef47694b798e09f4fb00121b3a', 'tenant_name': 'tempest-ServerDiagnosticsV248Test-1166491871', 'user_domain_id': 'default', 'user_domain_name': 'Default', 'user_id': 'b5380462ecf04392b7095e0bdfbc0e2a', 'system': None}, Network: None, Subnet: None, Router: None
2025-11-12 23:14:38.688 66017 INFO tempest.lib.common.rest_client [req-d64d051f-aa86-4bdb-bf30-636279712c94 req-d64d051f-aa86-4bdb-bf30-636279712c94 ] Request (VolumesAdminNegativeTest:tearDownClass): 204 DELETE http://10.180.1.21/networking/v2.0/security-groups/3cd1c6ab-c111-4ed9-adb8-faa330316c36 0.534s
2025-11-12 23:14:38.708 66027 INFO tempest.lib.common.rest_client [req-7ffe3d80-c792-49b1-89cd-a5c8b1f3eeda req-7ffe3d80-c792-49b1-89cd-a5c8b1f3eeda ] Request (ServerExternalEventsTest:tearDownClass): 204 DELETE http://10.180.1.21/identity/v3/users/919f897ef69948db9e936e95337c9e8e 0.231s
2025-11-12 23:14:38.709 66027 INFO tempest.lib.common.dynamic_creds [-] Deleting project and security group for project: 4b52d66154ed47b8a2b5fc281b22ed43
2025-11-12 23:14:38.714 66045 INFO tempest.lib.common.rest_client [req-4c6f8b08-25d2-43ff-af2c-c8c6d9f5527c req-4c6f8b08-25d2-43ff-af2c-c8c6d9f5527c ] Request (ServerAddressesNegativeTestJSON:setUpClass): 201 POST http://10.180.1.21/identity/v3/auth/tokens 0.102s
2025-11-12 23:14:38.815 65981 INFO tempest.lib.common.rest_client [req-e385b4a7-e0e8-419f-b2a3-71dd15dbc58c req-e385b4a7-e0e8-419f-b2a3-71dd15dbc58c ] Request (ServerDiagnosticsV248Test:setUpClass): 201 POST http://10.180.1.21/identity/v3/auth/tokens 0.170s
2025-11-12 23:14:38.853 66017 INFO tempest.lib.common.rest_client [req-d1a80a06-9889-4ab0-a5e6-9985a88b5efb req-d1a80a06-9889-4ab0-a5e6-9985a88b5efb ] Request (VolumesAdminNegativeTest:tearDownClass): 204 DELETE http://10.180.1.21/identity/v3/projects/b5c20cc6db22418d9436663e4dff18d0 0.163s
2025-11-12 23:14:38.918 66027 INFO tempest.lib.common.rest_client [req-e3b07b3a-9b97-4381-9d1e-55d19d0f7b56 req-e3b07b3a-9b97-4381-9d1e-55d19d0f7b56 ] Request (ServerExternalEventsTest:tearDownClass): 201 POST http://10.180.1.21/identity/v3/auth/tokens 0.208s
2025-11-12 23:14:38.924 66045 INFO tempest.lib.common.rest_client [req-5ee949ae-f2a2-452e-b2f7-39ca314b8cc3 req-5ee949ae-f2a2-452e-b2f7-39ca314b8cc3 ] Request (ServerAddressesNegativeTestJSON:setUpClass): 200 GET http://10.180.1.21/identity/v3/domains?name=Default 0.210s
2025-11-12 23:14:38.949 66017 INFO tempest.lib.common.rest_client [req-48dee203-885b-410c-a6cb-e8bfff177d7b req-48dee203-885b-410c-a6cb-e8bfff177d7b ] Request (FloatingIPsTestJSON:setUpClass): 201 POST http://10.180.1.21/identity/v3/auth/tokens 0.095s
2025-11-12 23:14:38.954 65981 INFO tempest.lib.common.rest_client [req-a8523205-9b14-4180-ac59-a6c758dd697c req-a8523205-9b14-4180-ac59-a6c758dd697c ] Request (ServerDiagnosticsV248Test:setUpClass): 201 POST http://10.180.1.21/identity/v3/projects 0.138s
2025-11-12 23:14:39.023 66045 INFO tempest.lib.common.rest_client [req-1b02875b-6607-473b-9f68-cf7123518d45 req-1b02875b-6607-473b-9f68-cf7123518d45 ] Request (ServerAddressesNegativeTestJSON:setUpClass): 201 POST http://10.180.1.21/identity/v3/projects 0.098s
2025-11-12 23:14:39.031 66017 INFO tempest.lib.common.rest_client [req-f0c4f547-d572-4996-90f2-7b1ca8ca3362 req-f0c4f547-d572-4996-90f2-7b1ca8ca3362 ] Request (FloatingIPsTestJSON:setUpClass): 201 POST http://10.180.1.21/identity/v3/auth/tokens 0.079s
2025-11-12 23:14:39.083 66009 INFO tempest.lib.common.rest_client [req-0868cba9-1807-44bc-abf3-6aeccb4f3946 req-0868cba9-1807-44bc-abf3-6aeccb4f3946 ] Request (ServersTestBootFromVolume:setUpClass): 200 PUT http://10.180.1.21/networking/v2.0/floatingips/35ec636d-2441-47d0-8ebe-cbdf32f006e4 0.988s
2025-11-12 23:14:39.089 66045 INFO tempest.lib.common.rest_client [req-4ce003ea-8039-49f1-8022-3b542dec007c req-4ce003ea-8039-49f1-8022-3b542dec007c ] Request (ServerAddressesNegativeTestJSON:setUpClass): 201 POST http://10.180.1.21/identity/v3/users 0.066s
2025-11-12 23:14:39.111 65981 INFO tempest.lib.common.rest_client [req-5167e0f0-af10-4c27-9f49-b3df984c268e req-5167e0f0-af10-4c27-9f49-b3df984c268e ] Request (ServerDiagnosticsV248Test:setUpClass): 201 POST http://10.180.1.21/identity/v3/users 0.156s
2025-11-12 23:14:39.115 66017 INFO tempest.lib.common.rest_client [req-849e1fa0-22cb-4f32-8b3c-2df9d8f1a762 req-849e1fa0-22cb-4f32-8b3c-2df9d8f1a762 ] Request (FloatingIPsTestJSON:setUpClass): 200 GET http://10.180.1.21/identity/v3/domains?name=Default 0.083s
2025-11-12 23:14:39.122 66033 INFO tempest.lib.common.rest_client [req-cc738c54-5b32-44a6-9223-b4e32f46b3aa req-cc738c54-5b32-44a6-9223-b4e32f46b3aa ] Request (ServersAdminTestJSON:test_create_server_with_scheduling_hint): 200 GET http://10.180.1.21/compute/v2.1/servers/48b52243-7a82-4296-adcf-bc6e22dfaac9 6.654s
2025-11-12 23:14:39.135 65981 INFO tempest.lib.common.rest_client [req-8043fbd9-9051-43dd-af74-6801221ca29c req-8043fbd9-9051-43dd-af74-6801221ca29c ] Request (ServerDiagnosticsV248Test:setUpClass): 200 GET http://10.180.1.21/identity/v3/roles 0.023s
2025-11-12 23:14:39.137 66033 INFO tempest.common.waiters [-] State transition "BUILD/spawning" ==> "ACTIVE/None" after 36 second wait
2025-11-12 23:14:39.147 66045 INFO tempest.lib.common.rest_client [req-b30a329d-cd54-4596-a76f-e91150598f92 req-b30a329d-cd54-4596-a76f-e91150598f92 ] Request (ServerAddressesNegativeTestJSON:setUpClass): 200 GET http://10.180.1.21/identity/v3/roles 0.057s
2025-11-12 23:14:39.162 66017 INFO tempest.lib.common.rest_client [req-6e3c2b4a-d247-444c-88cf-abbfe2a11eb3 req-6e3c2b4a-d247-444c-88cf-abbfe2a11eb3 ] Request (FloatingIPsTestJSON:setUpClass): 201 POST http://10.180.1.21/identity/v3/projects 0.046s
2025-11-12 23:14:39.180 65981 INFO tempest.lib.common.rest_client [req-29d37878-7ba8-4e60-b8d7-1667c1a76207 req-29d37878-7ba8-4e60-b8d7-1667c1a76207 ] Request (ServerDiagnosticsV248Test:setUpClass): 204 PUT http://10.180.1.21/identity/v3/projects/74b4aefee3a047d98de0c7eed38f9ded/users/42627111cc594646b1443bb57063f704/roles/affedd36993b40f3939b3e5809cc145e 0.044s
2025-11-12 23:14:39.233 66029 INFO tempest.lib.common.rest_client [req-2515ceaf-c3d2-4437-b6b0-b271f96dea80 req-2515ceaf-c3d2-4437-b6b0-b271f96dea80 ] Request (ImagesOneServerNegativeTestJSON:setUpClass): 200 GET http://10.180.1.21/compute/v2.1/servers/61335b38-5e93-4a82-bbc3-55045f7c5a82 5.904s
2025-11-12 23:14:39.247 66045 INFO tempest.lib.common.rest_client [req-58385a1b-c822-496f-9dea-c59109aa3cfa req-58385a1b-c822-496f-9dea-c59109aa3cfa ] Request (ServerAddressesNegativeTestJSON:setUpClass): 204 PUT http://10.180.1.21/identity/v3/projects/8bbb83a5f0e74bb1964d9d919e86973e/users/992826b0abc34dd19fdf9dc7a4751731/roles/79b4195d1ad0406099e6eeae9c937994 0.100s
2025-11-12 23:14:39.249 66045 INFO tempest.lib.common.dynamic_creds [-] Dynamic test user 992826b0abc34dd19fdf9dc7a4751731 is created with scope project and roles: ['member']
2025-11-12 23:14:39.250 66045 INFO tempest.lib.common.dynamic_creds [-] Acquired dynamic creds: credentials: Credentials: {'domain_id': 'default', 'domain_name': 'Default', 'username': 'tempest-ServerAddressesNegativeTestJSON-658209887-project-member', 'project_domain_id': 'default', 'project_domain_name': 'Default', 'project_id': '8bbb83a5f0e74bb1964d9d919e86973e', 'project_name': 'tempest-ServerAddressesNegativeTestJSON-658209887', 'tenant_id': '8bbb83a5f0e74bb1964d9d919e86973e', 'tenant_name': 'tempest-ServerAddressesNegativeTestJSON-658209887', 'user_domain_id': 'default', 'user_domain_name': 'Default', 'user_id': '992826b0abc34dd19fdf9dc7a4751731', 'system': None}, Network: None, Subnet: None, Router: None
2025-11-12 23:14:39.253 66033 INFO tempest.lib.common.rest_client [req-d6a8f0d8-782b-48c1-97db-60a9a99b7278 req-d6a8f0d8-782b-48c1-97db-60a9a99b7278 ] Request (ServersAdminTestJSON:test_inject_network_info): 201 POST http://10.180.1.21/identity/v3/auth/tokens 0.105s
2025-11-12 23:14:39.254 66033 INFO tempest.lib.common.fixed_network [-] (ServersAdminTestJSON:test_inject_network_info) Found network {'id': '985e8540-c442-4698-a19a-662bef8a8afd', 'name': 'tempest-ServersAdminTestJSON-1755425270-network', 'tenant_id': '49534560eac24ad3b6f856867509ea4a', 'project_id': '49534560eac24ad3b6f856867509ea4a', 'admin_state_up': True, 'mtu': 8950, 'status': 'ACTIVE', 'subnets': [], 'shared': False, 'port_security_enabled': True, 'router:external': False, 'provider:network_type': 'vlan', 'provider:physical_network': 'default', 'provider:segmentation_id': 492, 'availability_zone_hints': [], 'availability_zones': [], 'ipv4_address_scope': None, 'ipv6_address_scope': None, 'description': '', 'tags': [], 'created_at': '2025-11-12T23:13:05Z', 'updated_at': '2025-11-12T23:13:05Z', 'revision_number': 1} available for tenant
2025-11-12 23:14:39.345 66017 INFO tempest.lib.common.rest_client [req-651e8a63-9813-46ea-a367-ca0c7e4fdae2 req-651e8a63-9813-46ea-a367-ca0c7e4fdae2 ] Request (FloatingIPsTestJSON:setUpClass): 201 POST http://10.180.1.21/identity/v3/users 0.182s
2025-11-12 23:14:39.366 65981 INFO tempest.lib.common.rest_client [req-e2ade10e-f38c-4785-a174-1c52f4ace41d req-e2ade10e-f38c-4785-a174-1c52f4ace41d ] Request (ServerDiagnosticsV248Test:setUpClass): 200 GET http://10.180.1.21/identity/v3/roles 0.185s
2025-11-12 23:14:39.414 66045 INFO tempest.lib.common.rest_client [req-c3d46ffc-aa33-4dbe-82e6-b21f87e6690b req-c3d46ffc-aa33-4dbe-82e6-b21f87e6690b ] Request (ServerAddressesNegativeTestJSON:setUpClass): 201 POST http://10.180.1.21/identity/v3/auth/tokens 0.163s
2025-11-12 23:14:39.414 66017 INFO tempest.lib.common.rest_client [req-8c27d3b4-8dde-420c-9937-139465984157 req-8c27d3b4-8dde-420c-9937-139465984157 ] Request (FloatingIPsTestJSON:setUpClass): 200 GET http://10.180.1.21/identity/v3/roles 0.067s
2025-11-12 23:14:39.442 65981 INFO tempest.lib.common.rest_client [req-9ca5c06f-c722-4fa1-a7fe-f10af4b341a5 req-9ca5c06f-c722-4fa1-a7fe-f10af4b341a5 ] Request (ServerDiagnosticsV248Test:setUpClass): 204 PUT http://10.180.1.21/identity/v3/projects/74b4aefee3a047d98de0c7eed38f9ded/users/42627111cc594646b1443bb57063f704/roles/affedd36993b40f3939b3e5809cc145e 0.075s
2025-11-12 23:14:39.442 65981 INFO tempest.lib.common.dynamic_creds [-] Dynamic test user 42627111cc594646b1443bb57063f704 is created with scope project and roles: ['admin']
2025-11-12 23:14:39.442 65981 INFO tempest.lib.common.dynamic_creds [-] Acquired dynamic creds: credentials: Credentials: {'domain_id': 'default', 'domain_name': 'Default', 'username': 'tempest-ServerDiagnosticsV248Test-147034595-project-admin', 'project_domain_id': 'default', 'project_domain_name': 'Default', 'project_id': '74b4aefee3a047d98de0c7eed38f9ded', 'project_name': 'tempest-ServerDiagnosticsV248Test-147034595', 'tenant_id': '74b4aefee3a047d98de0c7eed38f9ded', 'tenant_name': 'tempest-ServerDiagnosticsV248Test-147034595', 'user_domain_id': 'default', 'user_domain_name': 'Default', 'user_id': '42627111cc594646b1443bb57063f704', 'system': None}, Network: None, Subnet: None, Router: None
2025-11-12 23:14:39.442 65981 INFO tempest.lib.common.dynamic_creds [-] Created isolated network resources for: credentials: Credentials: {'domain_id': 'default', 'domain_name': 'Default', 'username': 'tempest-ServerDiagnosticsV248Test-147034595-project-admin', 'project_domain_id': 'default', 'project_domain_name': 'Default', 'project_id': '74b4aefee3a047d98de0c7eed38f9ded', 'project_name': 'tempest-ServerDiagnosticsV248Test-147034595', 'tenant_id': '74b4aefee3a047d98de0c7eed38f9ded', 'tenant_name': 'tempest-ServerDiagnosticsV248Test-147034595', 'user_domain_id': 'default', 'user_domain_name': 'Default', 'user_id': '42627111cc594646b1443bb57063f704', 'system': None}, Network: None, Subnet: None, Router: None
2025-11-12 23:14:39.458 66017 INFO tempest.lib.common.rest_client [req-e3bb8d5a-e584-41a5-b3ab-475d68c77258 req-e3bb8d5a-e584-41a5-b3ab-475d68c77258 ] Request (FloatingIPsTestJSON:setUpClass): 204 PUT http://10.180.1.21/identity/v3/projects/68fb472a392b42e5ad7c7a0750856d6a/users/d9b24e4f1ae7405da6903f0f8089e0d4/roles/79b4195d1ad0406099e6eeae9c937994 0.044s
2025-11-12 23:14:39.458 66017 INFO tempest.lib.common.dynamic_creds [-] Dynamic test user d9b24e4f1ae7405da6903f0f8089e0d4 is created with scope project and roles: ['member']
2025-11-12 23:14:39.459 66017 INFO tempest.lib.common.dynamic_creds [-] Acquired dynamic creds: credentials: Credentials: {'domain_id': 'default', 'domain_name': 'Default', 'username': 'tempest-FloatingIPsTestJSON-1854864828-project-member', 'project_domain_id': 'default', 'project_domain_name': 'Default', 'project_id': '68fb472a392b42e5ad7c7a0750856d6a', 'project_name': 'tempest-FloatingIPsTestJSON-1854864828', 'tenant_id': '68fb472a392b42e5ad7c7a0750856d6a', 'tenant_name': 'tempest-FloatingIPsTestJSON-1854864828', 'user_domain_id': 'default', 'user_domain_name': 'Default', 'user_id': 'd9b24e4f1ae7405da6903f0f8089e0d4', 'system': None}, Network: None, Subnet: None, Router: None
2025-11-12 23:14:39.538 66027 INFO tempest.lib.common.rest_client [req-66ad3091-dc3a-4f25-a65a-02b497e391ec req-66ad3091-dc3a-4f25-a65a-02b497e391ec ] Request (ServerExternalEventsTest:tearDownClass): 200 GET http://10.180.1.21/networking/v2.0/security-groups?tenant_id=4b52d66154ed47b8a2b5fc281b22ed43&name=default 0.620s
