2025-11-12 23:13:04.545 66017 INFO tempest.lib.common.rest_client [req-b6fe2faa-f320-400f-8ad5-c1a535f5c059 req-b6fe2faa-f320-400f-8ad5-c1a535f5c059 ] Request (VolumesAdminNegativeTest:setUpClass): 200 GET http://10.180.1.21/identity/v3/roles 0.022s
2025-11-12 23:13:04.552 66033 INFO tempest.lib.common.rest_client [req-a7ebc173-192a-4e0e-848c-379229f42225 req-a7ebc173-192a-4e0e-848c-379229f42225 ] Request (ServersAdminTestJSON:setUpClass): 204 PUT http://10.180.1.21/identity/v3/projects/49534560eac24ad3b6f856867509ea4a/users/efad1240a98946f5a9c41f59363625e8/roles/79b4195d1ad0406099e6eeae9c937994 0.049s
2025-11-12 23:13:04.552 66033 INFO tempest.lib.common.dynamic_creds [-] Dynamic test user efad1240a98946f5a9c41f59363625e8 is created with scope project and roles: ['member']
2025-11-12 23:13:04.552 66033 INFO tempest.lib.common.dynamic_creds [-] Acquired dynamic creds: credentials: Credentials: {'domain_id': 'default', 'domain_name': 'Default', 'username': 'tempest-ServersAdminTestJSON-797541960-project-member', 'project_domain_id': 'default', 'project_domain_name': 'Default', 'project_id': '49534560eac24ad3b6f856867509ea4a', 'project_name': 'tempest-ServersAdminTestJSON-797541960', 'tenant_id': '49534560eac24ad3b6f856867509ea4a', 'tenant_name': 'tempest-ServersAdminTestJSON-797541960', 'user_domain_id': 'default', 'user_domain_name': 'Default', 'user_id': 'efad1240a98946f5a9c41f59363625e8', 'system': None}, Network: None, Subnet: None, Router: None
2025-11-12 23:13:04.609 66009 INFO tempest.lib.common.rest_client [req-a9b7ad0d-b0b0-439b-9277-afeb2f8480a4 req-a9b7ad0d-b0b0-439b-9277-afeb2f8480a4 ] Request (FlavorsV2NegativeTest:setUpClass): 201 POST http://10.180.1.21/identity/v3/projects 0.079s
2025-11-12 23:13:04.613 66017 INFO tempest.lib.common.rest_client [req-eb6f3fcd-6214-4529-b6ce-f1604cbc8e84 req-eb6f3fcd-6214-4529-b6ce-f1604cbc8e84 ] Request (VolumesAdminNegativeTest:setUpClass): 204 PUT http://10.180.1.21/identity/v3/projects/b5c20cc6db22418d9436663e4dff18d0/users/60b0a0d715ee44e6827a09d3bf7420d6/roles/79b4195d1ad0406099e6eeae9c937994 0.067s
2025-11-12 23:13:04.614 66017 INFO tempest.lib.common.dynamic_creds [-] Dynamic test user 60b0a0d715ee44e6827a09d3bf7420d6 is created with scope project and roles: ['member']
2025-11-12 23:13:04.614 66017 INFO tempest.lib.common.dynamic_creds [-] Acquired dynamic creds: credentials: Credentials: {'domain_id': 'default', 'domain_name': 'Default', 'username': 'tempest-VolumesAdminNegativeTest-1141332750-project-member', 'project_domain_id': 'default', 'project_domain_name': 'Default', 'project_id': 'b5c20cc6db22418d9436663e4dff18d0', 'project_name': 'tempest-VolumesAdminNegativeTest-1141332750', 'tenant_id': 'b5c20cc6db22418d9436663e4dff18d0', 'tenant_name': 'tempest-VolumesAdminNegativeTest-1141332750', 'user_domain_id': 'default', 'user_domain_name': 'Default', 'user_id': '60b0a0d715ee44e6827a09d3bf7420d6', 'system': None}, Network: None, Subnet: None, Router: None
2025-11-12 23:13:04.675 66009 INFO tempest.lib.common.rest_client [req-54725705-f1e3-44b2-bb50-70b034587ccd req-54725705-f1e3-44b2-bb50-70b034587ccd ] Request (FlavorsV2NegativeTest:setUpClass): 201 POST http://10.180.1.21/identity/v3/users 0.065s
2025-11-12 23:13:04.701 66033 INFO tempest.lib.common.rest_client [req-6d30cbf2-cfb0-4f94-b3a2-ac802ab574f8 req-6d30cbf2-cfb0-4f94-b3a2-ac802ab574f8 ] Request (ServersAdminTestJSON:setUpClass): 201 POST http://10.180.1.21/identity/v3/auth/tokens 0.148s
2025-11-12 23:13:04.715 66017 INFO tempest.lib.common.rest_client [req-3c0e3179-f81a-40cc-be48-3aa8305fe200 req-3c0e3179-f81a-40cc-be48-3aa8305fe200 ] Request (VolumesAdminNegativeTest:setUpClass): 201 POST http://10.180.1.21/identity/v3/auth/tokens 0.100s
2025-11-12 23:13:04.723 66009 INFO tempest.lib.common.rest_client [req-efe79128-8c6e-4923-aec2-38a5a6528580 req-efe79128-8c6e-4923-aec2-38a5a6528580 ] Request (FlavorsV2NegativeTest:setUpClass): 200 GET http://10.180.1.21/identity/v3/roles 0.048s
2025-11-12 23:13:04.755 66009 INFO tempest.lib.common.rest_client [req-35be28ce-6931-4be2-b396-140697e0ef9b req-35be28ce-6931-4be2-b396-140697e0ef9b ] Request (FlavorsV2NegativeTest:setUpClass): 204 PUT http://10.180.1.21/identity/v3/projects/d36bdcb733bd4a0c975e3b8bc6347e97/users/f64de99d67164f6ebc38f80a388c9e88/roles/79b4195d1ad0406099e6eeae9c937994 0.031s
2025-11-12 23:13:04.755 66009 INFO tempest.lib.common.dynamic_creds [-] Dynamic test user f64de99d67164f6ebc38f80a388c9e88 is created with scope project and roles: ['member']
2025-11-12 23:13:04.755 66009 INFO tempest.lib.common.dynamic_creds [-] Acquired dynamic creds: credentials: Credentials: {'domain_id': 'default', 'domain_name': 'Default', 'username': 'tempest-FlavorsV2NegativeTest-327942948-project-member', 'project_domain_id': 'default', 'project_domain_name': 'Default', 'project_id': 'd36bdcb733bd4a0c975e3b8bc6347e97', 'project_name': 'tempest-FlavorsV2NegativeTest-327942948', 'tenant_id': 'd36bdcb733bd4a0c975e3b8bc6347e97', 'tenant_name': 'tempest-FlavorsV2NegativeTest-327942948', 'user_domain_id': 'default', 'user_domain_name': 'Default', 'user_id': 'f64de99d67164f6ebc38f80a388c9e88', 'system': None}, Network: None, Subnet: None, Router: None
2025-11-12 23:13:04.755 66009 INFO tempest.lib.common.dynamic_creds [-] Created isolated network resources for: credentials: Credentials: {'domain_id': 'default', 'domain_name': 'Default', 'username': 'tempest-FlavorsV2NegativeTest-327942948-project-member', 'project_domain_id': 'default', 'project_domain_name': 'Default', 'project_id': 'd36bdcb733bd4a0c975e3b8bc6347e97', 'project_name': 'tempest-FlavorsV2NegativeTest-327942948', 'tenant_id': 'd36bdcb733bd4a0c975e3b8bc6347e97', 'tenant_name': 'tempest-FlavorsV2NegativeTest-327942948', 'user_domain_id': 'default', 'user_domain_name': 'Default', 'user_id': 'f64de99d67164f6ebc38f80a388c9e88', 'system': None}, Network: None, Subnet: None, Router: None
2025-11-12 23:13:04.837 66009 INFO tempest.lib.common.rest_client [req-801a058d-74aa-45a3-8e71-ebc768ffdf18 req-801a058d-74aa-45a3-8e71-ebc768ffdf18 ] Request (FlavorsV2NegativeTest:setUpClass): 201 POST http://10.180.1.21/identity/v3/auth/tokens 0.076s
2025-11-12 23:13:04.974 66005 INFO tempest.lib.common.rest_client [req-47117293-2e8f-4ab0-ae54-abb3c1241eb1 req-47117293-2e8f-4ab0-ae54-abb3c1241eb1 ] Request (InstanceActionsNegativeTestJSON:setUpClass): 201 POST http://10.180.1.21/networking/v2.0/routers 1.174s
2025-11-12 23:13:05.062 66003 INFO tempest.lib.common.rest_client [req-e41c525e-5cd7-45d3-8e67-ab24909425e6 req-e41c525e-5cd7-45d3-8e67-ab24909425e6 ] Request (ServicesAdminTestJSON:tearDownClass): 204 DELETE http://10.180.1.21/networking/v2.0/security-groups/441c3d63-20ea-4b66-97fa-03533f98f40f 1.225s
2025-11-12 23:13:05.099 65983 INFO tempest.lib.common.rest_client [req-13b305cf-0763-48ca-b756-9670394d67e1 req-13b305cf-0763-48ca-b756-9670394d67e1 ] Request (FloatingIPsAssociationTestJSON:setUpClass): 200 GET http://10.180.1.21/compute/v2.1/servers/4bda28ad-e4a9-44b7-bfc4-0e3612a7c4b1 4.433s
2025-11-12 23:13:05.109 65983 INFO tempest.common.waiters [-] State transition "BUILD/networking" ==> "BUILD/spawning" after 6 second wait
2025-11-12 23:13:05.207 66003 INFO tempest.lib.common.rest_client [req-d7f53f6b-ce89-4dea-8005-c0d3281f983a req-d7f53f6b-ce89-4dea-8005-c0d3281f983a ] Request (ServicesAdminTestJSON:tearDownClass): 204 DELETE http://10.180.1.21/identity/v3/projects/bfe85dabf30f485db7f2760b1ef8190f 0.144s
2025-11-12 23:13:05.207 66003 INFO tempest.lib.common.dynamic_creds [-] Deleting project and security group for project: 170e2184225b41009eaacae494b7cf8e
2025-11-12 23:13:05.277 65997 INFO tempest.lib.common.rest_client [req-45bbf598-2847-473e-a011-a801158b0c82 req-45bbf598-2847-473e-a011-a801158b0c82 ] Request (FlavorMetadataValidation:tearDownClass): 204 DELETE http://10.180.1.21/networking/v2.0/security-groups/2a5089f0-0225-4b8d-84e2-c13c88b03ed6 1.308s
2025-11-12 23:13:05.393 65997 INFO tempest.lib.common.rest_client [req-b6f4aab0-29cc-4dc1-bc43-3c5620a43c1f req-b6f4aab0-29cc-4dc1-bc43-3c5620a43c1f ] Request (FlavorMetadataValidation:tearDownClass): 204 DELETE http://10.180.1.21/identity/v3/projects/ecb80d1e729c49fea9363a9d2d01fc5e 0.115s
2025-11-12 23:13:05.496 65997 INFO tempest.lib.common.rest_client [req-1dcab9c6-6ca0-4766-82c3-488802830012 req-1dcab9c6-6ca0-4766-82c3-488802830012 ] Request (FlavorsV261TestJSON:setUpClass): 201 POST http://10.180.1.21/identity/v3/auth/tokens 0.102s
2025-11-12 23:13:05.528 65997 INFO tempest.lib.common.rest_client [req-3e23e934-546a-49eb-9118-119ffd447236 req-3e23e934-546a-49eb-9118-119ffd447236 ] Request (FlavorsV261TestJSON:setUpClass): 201 POST http://10.180.1.21/identity/v3/auth/tokens 0.029s
2025-11-12 23:13:05.559 65997 INFO tempest.lib.common.rest_client [req-0add7492-3867-4d8c-ad83-43c1757b4557 req-0add7492-3867-4d8c-ad83-43c1757b4557 ] Request (FlavorsV261TestJSON:setUpClass): 200 GET http://10.180.1.21/identity/v3/domains?name=Default 0.031s
2025-11-12 23:13:05.576 65993 INFO tempest.lib.common.rest_client [req-9c264a3a-77e1-4cb9-aafa-b679bd72ead4 req-9c264a3a-77e1-4cb9-aafa-b679bd72ead4 ] Request (AggregatesAdminNegativeTestJSON:_run_cleanups): 200 POST http://10.180.1.21/compute/v2.1/os-aggregates/1/action 4.588s
2025-11-12 23:13:05.596 65997 INFO tempest.lib.common.rest_client [req-3543789f-8264-42d8-9d9b-7d597767a216 req-3543789f-8264-42d8-9d9b-7d597767a216 ] Request (FlavorsV261TestJSON:setUpClass): 201 POST http://10.180.1.21/identity/v3/projects 0.036s
2025-11-12 23:13:05.665 66033 INFO tempest.lib.common.rest_client [req-0a1eb42b-7dff-4ed8-8b6d-8248aa99b4ce req-0a1eb42b-7dff-4ed8-8b6d-8248aa99b4ce ] Request (ServersAdminTestJSON:setUpClass): 201 POST http://10.180.1.21/networking/v2.0/networks 0.964s
2025-11-12 23:13:05.711 65997 INFO tempest.lib.common.rest_client [req-f7d68c7d-9dff-47aa-bd12-707b3ace8fa7 req-f7d68c7d-9dff-47aa-bd12-707b3ace8fa7 ] Request (FlavorsV261TestJSON:setUpClass): 201 POST http://10.180.1.21/identity/v3/users 0.114s
2025-11-12 23:13:05.732 65997 INFO tempest.lib.common.rest_client [req-fb3d05c2-913a-4b94-90e0-c40d990d28b1 req-fb3d05c2-913a-4b94-90e0-c40d990d28b1 ] Request (FlavorsV261TestJSON:setUpClass): 200 GET http://10.180.1.21/identity/v3/roles 0.021s
2025-11-12 23:13:05.762 65997 INFO tempest.lib.common.rest_client [req-ca00193a-1201-4475-8ff4-4f01fc8968cd req-ca00193a-1201-4475-8ff4-4f01fc8968cd ] Request (FlavorsV261TestJSON:setUpClass): 204 PUT http://10.180.1.21/identity/v3/projects/da0285bb567a44e0962b62b4a36cf62b/users/506b8872c34a403199c35fe86ceca4e1/roles/79b4195d1ad0406099e6eeae9c937994 0.029s
2025-11-12 23:13:05.762 65997 INFO tempest.lib.common.dynamic_creds [-] Dynamic test user 506b8872c34a403199c35fe86ceca4e1 is created with scope project and roles: ['member']
2025-11-12 23:13:05.763 65997 INFO tempest.lib.common.dynamic_creds [-] Acquired dynamic creds: credentials: Credentials: {'domain_id': 'default', 'domain_name': 'Default', 'username': 'tempest-FlavorsV261TestJSON-831168471-project-member', 'project_domain_id': 'default', 'project_domain_name': 'Default', 'project_id': 'da0285bb567a44e0962b62b4a36cf62b', 'project_name': 'tempest-FlavorsV261TestJSON-831168471', 'tenant_id': 'da0285bb567a44e0962b62b4a36cf62b', 'tenant_name': 'tempest-FlavorsV261TestJSON-831168471', 'user_domain_id': 'default', 'user_domain_name': 'Default', 'user_id': '506b8872c34a403199c35fe86ceca4e1', 'system': None}, Network: None, Subnet: None, Router: None
2025-11-12 23:13:05.763 65997 INFO tempest.lib.common.dynamic_creds [-] Created isolated network resources for: credentials: Credentials: {'domain_id': 'default', 'domain_name': 'Default', 'username': 'tempest-FlavorsV261TestJSON-831168471-project-member', 'project_domain_id': 'default', 'project_domain_name': 'Default', 'project_id': 'da0285bb567a44e0962b62b4a36cf62b', 'project_name': 'tempest-FlavorsV261TestJSON-831168471', 'tenant_id': 'da0285bb567a44e0962b62b4a36cf62b', 'tenant_name': 'tempest-FlavorsV261TestJSON-831168471', 'user_domain_id': 'default', 'user_domain_name': 'Default', 'user_id': '506b8872c34a403199c35fe86ceca4e1', 'system': None}, Network: None, Subnet: None, Router: None
2025-11-12 23:13:05.860 65997 INFO tempest.lib.common.rest_client [req-fd4bb803-a0c1-4e71-b032-8beb08eb9be2 req-fd4bb803-a0c1-4e71-b032-8beb08eb9be2 ] Request (FlavorsV261TestJSON:setUpClass): 201 POST http://10.180.1.21/identity/v3/auth/tokens 0.092s
2025-11-12 23:13:05.934 65997 INFO tempest.lib.common.rest_client [req-2edaf7c2-5193-427d-9644-9725520ed25e req-2edaf7c2-5193-427d-9644-9725520ed25e ] Request (FlavorsV261TestJSON:setUpClass): 201 POST http://10.180.1.21/identity/v3/projects 0.073s
2025-11-12 23:13:05.958 66017 INFO tempest.lib.common.rest_client [req-52c73bf4-2d3e-4f02-bcb4-9be85fc1fc87 req-52c73bf4-2d3e-4f02-bcb4-9be85fc1fc87 ] Request (VolumesAdminNegativeTest:setUpClass): 201 POST http://10.180.1.21/networking/v2.0/networks 1.242s
2025-11-12 23:13:05.999 65997 INFO tempest.lib.common.rest_client [req-09053313-0392-4ab3-95af-53daeca81495 req-09053313-0392-4ab3-95af-53daeca81495 ] Request (FlavorsV261TestJSON:setUpClass): 201 POST http://10.180.1.21/identity/v3/users 0.064s
2025-11-12 23:13:06.023 65997 INFO tempest.lib.common.rest_client [req-449cf5bf-8285-4052-be69-741c70e0b312 req-449cf5bf-8285-4052-be69-741c70e0b312 ] Request (FlavorsV261TestJSON:setUpClass): 200 GET http://10.180.1.21/identity/v3/roles 0.023s
2025-11-12 23:13:06.052 65997 INFO tempest.lib.common.rest_client [req-b0b57d42-61a0-4a7e-99bd-ac5f35bc824c req-b0b57d42-61a0-4a7e-99bd-ac5f35bc824c ] Request (FlavorsV261TestJSON:setUpClass): 204 PUT http://10.180.1.21/identity/v3/projects/b6ce442a52ed40e6b7fbb5f93d65188a/users/968989e9b707427cb5ddceb9243b497b/roles/affedd36993b40f3939b3e5809cc145e 0.029s
2025-11-12 23:13:06.107 65997 INFO tempest.lib.common.rest_client [req-62357bcb-b818-4f14-b658-67cf294623e4 req-62357bcb-b818-4f14-b658-67cf294623e4 ] Request (FlavorsV261TestJSON:setUpClass): 200 GET http://10.180.1.21/identity/v3/roles 0.054s
2025-11-12 23:13:06.128 65997 INFO tempest.lib.common.rest_client [req-3ee51a5f-cb92-4fc3-a5ad-fee4fb40d1b8 req-3ee51a5f-cb92-4fc3-a5ad-fee4fb40d1b8 ] Request (FlavorsV261TestJSON:setUpClass): 204 PUT http://10.180.1.21/identity/v3/projects/b6ce442a52ed40e6b7fbb5f93d65188a/users/968989e9b707427cb5ddceb9243b497b/roles/affedd36993b40f3939b3e5809cc145e 0.021s
2025-11-12 23:13:06.128 65997 INFO tempest.lib.common.dynamic_creds [-] Dynamic test user 968989e9b707427cb5ddceb9243b497b is created with scope project and roles: ['admin']
2025-11-12 23:13:06.128 65997 INFO tempest.lib.common.dynamic_creds [-] Acquired dynamic creds: credentials: Credentials: {'domain_id': 'default', 'domain_name': 'Default', 'username': 'tempest-FlavorsV261TestJSON-387872372-project-admin', 'project_domain_id': 'default', 'project_domain_name': 'Default', 'project_id': 'b6ce442a52ed40e6b7fbb5f93d65188a', 'project_name': 'tempest-FlavorsV261TestJSON-387872372', 'tenant_id': 'b6ce442a52ed40e6b7fbb5f93d65188a', 'tenant_name': 'tempest-FlavorsV261TestJSON-387872372', 'user_domain_id': 'default', 'user_domain_name': 'Default', 'user_id': '968989e9b707427cb5ddceb9243b497b', 'system': None}, Network: None, Subnet: None, Router: None
2025-11-12 23:13:06.130 65997 INFO tempest.lib.common.dynamic_creds [-] Created isolated network resources for: credentials: Credentials: {'domain_id': 'default', 'domain_name': 'Default', 'username': 'tempest-FlavorsV261TestJSON-387872372-project-admin', 'project_domain_id': 'default', 'project_domain_name': 'Default', 'project_id': 'b6ce442a52ed40e6b7fbb5f93d65188a', 'project_name': 'tempest-FlavorsV261TestJSON-387872372', 'tenant_id': 'b6ce442a52ed40e6b7fbb5f93d65188a', 'tenant_name': 'tempest-FlavorsV261TestJSON-387872372', 'user_domain_id': 'default', 'user_domain_name': 'Default', 'user_id': '968989e9b707427cb5ddceb9243b497b', 'system': None}, Network: None, Subnet: None, Router: None
2025-11-12 23:13:06.241 65997 INFO tempest.lib.common.rest_client [req-bf602073-b3e4-4718-a583-f168ad9b3be3 req-bf602073-b3e4-4718-a583-f168ad9b3be3 ] Request (FlavorsV261TestJSON:setUpClass): 201 POST http://10.180.1.21/identity/v3/auth/tokens 0.107s
2025-11-12 23:13:06.382 66003 INFO tempest.lib.common.rest_client [req-876973c0-8062-4e22-8748-045a24b335d1 req-876973c0-8062-4e22-8748-045a24b335d1 ] Request (ServicesAdminTestJSON:tearDownClass): 200 GET http://10.180.1.21/networking/v2.0/security-groups?tenant_id=170e2184225b41009eaacae494b7cf8e&name=default 1.175s
2025-11-12 23:13:06.575 66005 INFO tempest.lib.common.rest_client [req-af1a52a3-0a33-46df-ba4d-41d859d98fc2 req-af1a52a3-0a33-46df-ba4d-41d859d98fc2 ] Request (InstanceActionsNegativeTestJSON:setUpClass): 200 PUT http://10.180.1.21/networking/v2.0/routers/a88af5e7-8ae1-449a-a47b-cded8256dcae/add_router_interface 1.600s
2025-11-12 23:13:06.576 66005 INFO tempest.lib.common.dynamic_creds [-] Created isolated network resources for: credentials: Credentials: {'domain_id': 'default', 'domain_name': 'Default', 'username': 'tempest-InstanceActionsNegativeTestJSON-1796371831-project-member', 'project_domain_id': 'default', 'project_domain_name': 'Default', 'project_id': '2568fd95b49a48458517cd3a1a92bdc4', 'project_name': 'tempest-InstanceActionsNegativeTestJSON-1796371831', 'tenant_id': '2568fd95b49a48458517cd3a1a92bdc4', 'tenant_name': 'tempest-InstanceActionsNegativeTestJSON-1796371831', 'user_domain_id': 'default', 'user_domain_name': 'Default', 'user_id': 'b27f3b2e531b44a3a18b274df3c55aa5', 'system': None}, Network: {'id': '6b0adada-1065-41af-b1e8-302ac8db1ec0', 'name': 'tempest-InstanceActionsNegativeTestJSON-1073739678-network', 'tenant_id': '2568fd95b49a48458517cd3a1a92bdc4', 'project_id': '2568fd95b49a48458517cd3a1a92bdc4', 'admin_state_up': True, 'mtu': 8950, 'status': 'ACTIVE', 'subnets': [], 'shared': False, 'port_security_enabled': True, 'router:external': False, 'provider:network_type': 'vlan', 'provider:physical_network': 'default', 'provider:segmentation_id': 206, 'availability_zone_hints': [], 'availability_zones': [], 'ipv4_address_scope': None, 'ipv6_address_scope': None, 'description': '', 'tags': [], 'created_at': '2025-11-12T23:13:02Z', 'updated_at': '2025-11-12T23:13:02Z', 'revision_number': 1}, Subnet: {'id': '29d41da5-10b8-4c84-9ce8-7446d16dcdbb', 'name': 'tempest-InstanceActionsNegativeTestJSON-1073739678-subnet', 'tenant_id': '2568fd95b49a48458517cd3a1a92bdc4', 'network_id': '6b0adada-1065-41af-b1e8-302ac8db1ec0', 'ip_version': 4, 'subnetpool_id': None, 'enable_dhcp': True, 'ipv6_ra_mode': None, 'ipv6_address_mode': None, 'gateway_ip': '192.168.128.1', 'cidr': '192.168.128.0/28', 'allocation_pools': [{'start': '192.168.128.2', 'end': '192.168.128.14'}], 'host_routes': [], 'dns_nameservers': [], 'description': '', 'router:external': False, 'service_types': [], 'tags': [], 'created_at': '2025-11-12T23:13:03Z', 'updated_at': '2025-11-12T23:13:03Z', 'revision_number': 0, 'project_id': '2568fd95b49a48458517cd3a1a92bdc4'}, Router: {'id': 'a88af5e7-8ae1-449a-a47b-cded8256dcae', 'name': 'tempest-InstanceActionsNegativeTestJSON-1073739678-router', 'tenant_id': '2568fd95b49a48458517cd3a1a92bdc4', 'admin_state_up': True, 'status': 'ACTIVE', 'external_gateway_info': {'network_id': 'b16a9161-83db-42c3-a8a4-3758a02aa686', 'external_fixed_ips': [{'subnet_id': 'c738600b-731a-48d0-a10b-cc7f20a4b8a1', 'ip_address': '10.180.180.254'}], 'enable_snat': True}, 'description': '', 'availability_zones': [], 'distributed': False, 'ha': False, 'availability_zone_hints': [], 'routes': [], 'flavor_id': None, 'tags': [], 'created_at': '2025-11-12T23:13:04Z', 'updated_at': '2025-11-12T23:13:04Z', 'revision_number': 2, 'project_id': '2568fd95b49a48458517cd3a1a92bdc4'}
2025-11-12 23:13:06.689 66005 INFO tempest.lib.common.rest_client [req-847cd7af-cb64-49ef-94af-4f698064a138 req-847cd7af-cb64-49ef-94af-4f698064a138 ] Request (InstanceActionsNegativeTestJSON:setUpClass): 201 POST http://10.180.1.21/identity/v3/auth/tokens 0.109s
2025-11-12 23:13:06.695 66033 INFO tempest.lib.common.rest_client [req-7ab52345-a901-4431-a19a-e75745cc73d6 req-7ab52345-a901-4431-a19a-e75745cc73d6 ] Request (ServersAdminTestJSON:setUpClass): 201 POST http://10.180.1.21/networking/v2.0/subnets 1.029s
2025-11-12 23:13:06.732 66005 INFO tempest.lib.common.rest_client [req-67ea79cc-db42-40cd-b140-cb217f98c7c0 req-67ea79cc-db42-40cd-b140-cb217f98c7c0 ] Request (InstanceActionsNegativeTestJSON:setUpClass): 201 POST http://10.180.1.21/identity/v3/auth/tokens 0.039s
2025-11-12 23:13:06.732 66005 INFO tempest.lib.common.fixed_network [-] (InstanceActionsNegativeTestJSON:setUpClass) Found network {'id': '6b0adada-1065-41af-b1e8-302ac8db1ec0', 'name': 'tempest-InstanceActionsNegativeTestJSON-1073739678-network', 'tenant_id': '2568fd95b49a48458517cd3a1a92bdc4', 'project_id': '2568fd95b49a48458517cd3a1a92bdc4', 'admin_state_up': True, 'mtu': 8950, 'status': 'ACTIVE', 'subnets': [], 'shared': False, 'port_security_enabled': True, 'router:external': False, 'provider:network_type': 'vlan', 'provider:physical_network': 'default', 'provider:segmentation_id': 206, 'availability_zone_hints': [], 'availability_zones': [], 'ipv4_address_scope': None, 'ipv6_address_scope': None, 'description': '', 'tags': [], 'created_at': '2025-11-12T23:13:02Z', 'updated_at': '2025-11-12T23:13:02Z', 'revision_number': 1} available for tenant
2025-11-12 23:13:06.797 66017 INFO tempest.lib.common.rest_client [req-26198b8d-c668-4ac6-86f4-4f5a9b68bd87 req-26198b8d-c668-4ac6-86f4-4f5a9b68bd87 ] Request (VolumesAdminNegativeTest:setUpClass): 201 POST http://10.180.1.21/networking/v2.0/subnets 0.839s
2025-11-12 23:13:06.902 66003 INFO tempest.lib.common.rest_client [req-a80c21ff-5151-48ff-bae2-e2dd04a54500 req-a80c21ff-5151-48ff-bae2-e2dd04a54500 ] Request (ServicesAdminTestJSON:tearDownClass): 204 DELETE http://10.180.1.21/networking/v2.0/security-groups/259255f4-bc25-4611-8cc0-f6f4a954e34f 0.520s
2025-11-12 23:13:07.031 66003 INFO tempest.lib.common.rest_client [req-d4227fa7-1a84-42da-a006-de3aafc82075 req-d4227fa7-1a84-42da-a006-de3aafc82075 ] Request (ServicesAdminTestJSON:tearDownClass): 204 DELETE http://10.180.1.21/identity/v3/projects/170e2184225b41009eaacae494b7cf8e 0.128s
2025-11-12 23:13:07.052 66007 INFO tempest.lib.common.rest_client [req-c6cc7eab-44c8-4d28-83d2-6ee4fc2d0ced req-c6cc7eab-44c8-4d28-83d2-6ee4fc2d0ced ] Request (ServersAdminNegativeTestJSON:setUpClass): 200 GET http://10.180.1.21/compute/v2.1/servers/0bca13d5-0620-4110-b8f2-a49f1f91352d 6.034s
2025-11-12 23:13:07.060 66007 INFO tempest.common.waiters [-] State transition "BUILD/None" ==> "BUILD/spawning" after 7 second wait
2025-11-12 23:13:07.073 66045 INFO tempest.lib.common.rest_client [req-536df612-3cf0-4dc1-919c-6bbd52cd5115 req-536df612-3cf0-4dc1-919c-6bbd52cd5115 ] Request (FlavorsAccessNegativeTestJSON:_run_cleanups): 202 DELETE http://10.180.1.21/compute/v2.1/flavors/1978983199 5.906s
2025-11-12 23:13:07.093 65989 INFO tempest.lib.common.rest_client [req-2216bf31-a163-4508-a03d-7c56d8292e0c req-2216bf31-a163-4508-a03d-7c56d8292e0c ] Request (HostsAdminNegativeTestJSON:test_reboot_nonexistent_host): 404 GET http://10.180.1.21/compute/v2.1/os-hosts/nonexistent_hostname/reboot 5.924s
2025-11-12 23:13:07.126 66003 INFO tempest.lib.common.rest_client [req-13f88a3c-04cb-4cb8-85a4-8693e06b3590 req-13f88a3c-04cb-4cb8-85a4-8693e06b3590 ] Request (KeyPairsV2TestJSON:setUpClass): 201 POST http://10.180.1.21/identity/v3/auth/tokens 0.093s
2025-11-12 23:13:07.156 66003 INFO tempest.lib.common.rest_client [req-32e99966-ea76-46dc-8cf7-13d41bbcd8cf req-32e99966-ea76-46dc-8cf7-13d41bbcd8cf ] Request (KeyPairsV2TestJSON:setUpClass): 201 POST http://10.180.1.21/identity/v3/auth/tokens 0.028s
2025-11-12 23:13:07.185 66003 INFO tempest.lib.common.rest_client [req-a63ee3a6-fb3e-4f8f-9984-d01c79512e1e req-a63ee3a6-fb3e-4f8f-9984-d01c79512e1e ] Request (KeyPairsV2TestJSON:setUpClass): 200 GET http://10.180.1.21/identity/v3/domains?name=Default 0.028s
2025-11-12 23:13:07.216 66003 INFO tempest.lib.common.rest_client [req-27402939-7343-4df7-864c-78e34e806865 req-27402939-7343-4df7-864c-78e34e806865 ] Request (KeyPairsV2TestJSON:setUpClass): 201 POST http://10.180.1.21/identity/v3/projects 0.030s
2025-11-12 23:13:07.304 66003 INFO tempest.lib.common.rest_client [req-29fd8930-0281-4ef4-b231-c521e84f240f req-29fd8930-0281-4ef4-b231-c521e84f240f ] Request (KeyPairsV2TestJSON:setUpClass): 201 POST http://10.180.1.21/identity/v3/users 0.087s
2025-11-12 23:13:07.326 66003 INFO tempest.lib.common.rest_client [req-d1ac5760-159f-4305-a633-e2e1ace66181 req-d1ac5760-159f-4305-a633-e2e1ace66181 ] Request (KeyPairsV2TestJSON:setUpClass): 200 GET http://10.180.1.21/identity/v3/roles 0.021s
2025-11-12 23:13:07.353 66003 INFO tempest.lib.common.rest_client [req-237691f3-55d3-4349-a048-a79eee176b4a req-237691f3-55d3-4349-a048-a79eee176b4a ] Request (KeyPairsV2TestJSON:setUpClass): 204 PUT http://10.180.1.21/identity/v3/projects/9339c5f330774721afab5983422976a7/users/3a131b0a2ab547ba836848d12ca1d66f/roles/79b4195d1ad0406099e6eeae9c937994 0.027s
2025-11-12 23:13:07.353 66003 INFO tempest.lib.common.dynamic_creds [-] Dynamic test user 3a131b0a2ab547ba836848d12ca1d66f is created with scope project and roles: ['member']
2025-11-12 23:13:07.354 66003 INFO tempest.lib.common.dynamic_creds [-] Acquired dynamic creds: credentials: Credentials: {'domain_id': 'default', 'domain_name': 'Default', 'username': 'tempest-KeyPairsV2TestJSON-1544155210-project-member', 'project_domain_id': 'default', 'project_domain_name': 'Default', 'project_id': '9339c5f330774721afab5983422976a7', 'project_name': 'tempest-KeyPairsV2TestJSON-1544155210', 'tenant_id': '9339c5f330774721afab5983422976a7', 'tenant_name': 'tempest-KeyPairsV2TestJSON-1544155210', 'user_domain_id': 'default', 'user_domain_name': 'Default', 'user_id': '3a131b0a2ab547ba836848d12ca1d66f', 'system': None}, Network: None, Subnet: None, Router: None
2025-11-12 23:13:07.354 66003 INFO tempest.lib.common.dynamic_creds [-] Created isolated network resources for: credentials: Credentials: {'domain_id': 'default', 'domain_name': 'Default', 'username': 'tempest-KeyPairsV2TestJSON-1544155210-project-member', 'project_domain_id': 'default', 'project_domain_name': 'Default', 'project_id': '9339c5f330774721afab5983422976a7', 'project_name': 'tempest-KeyPairsV2TestJSON-1544155210', 'tenant_id': '9339c5f330774721afab5983422976a7', 'tenant_name': 'tempest-KeyPairsV2TestJSON-1544155210', 'user_domain_id': 'default', 'user_domain_name': 'Default', 'user_id': '3a131b0a2ab547ba836848d12ca1d66f', 'system': None}, Network: None, Subnet: None, Router: None
2025-11-12 23:13:07.419 66003 INFO tempest.lib.common.rest_client [req-42a63560-6946-43bf-b5b5-7be24e2f07df req-42a63560-6946-43bf-b5b5-7be24e2f07df ] Request (KeyPairsV2TestJSON:setUpClass): 201 POST http://10.180.1.21/identity/v3/auth/tokens 0.061s
2025-11-12 23:13:07.783 66033 INFO tempest.lib.common.rest_client [req-e347c53c-15e2-4198-9f7c-ed54178ba91f req-e347c53c-15e2-4198-9f7c-ed54178ba91f ] Request (ServersAdminTestJSON:setUpClass): 201 POST http://10.180.1.21/networking/v2.0/routers 1.088s
2025-11-12 23:13:08.961 66017 INFO tempest.lib.common.rest_client [req-5e50a3c5-5ac0-4d3d-9dac-c11b8425aa9c req-5e50a3c5-5ac0-4d3d-9dac-c11b8425aa9c ] Request (VolumesAdminNegativeTest:setUpClass): 201 POST http://10.180.1.21/networking/v2.0/routers 2.163s
2025-11-12 23:13:09.358 66033 INFO tempest.lib.common.rest_client [req-edfdd7de-41e6-439b-b5ab-4ccacacc81db req-edfdd7de-41e6-439b-b5ab-4ccacacc81db ] Request (ServersAdminTestJSON:setUpClass): 200 PUT http://10.180.1.21/networking/v2.0/routers/00bf8c0d-e4d9-490e-abfe-b7de0b15df50/add_router_interface 1.574s
2025-11-12 23:13:09.358 66033 INFO tempest.lib.common.dynamic_creds [-] Created isolated network resources for: credentials: Credentials: {'domain_id': 'default', 'domain_name': 'Default', 'username': 'tempest-ServersAdminTestJSON-797541960-project-member', 'project_domain_id': 'default', 'project_domain_name': 'Default', 'project_id': '49534560eac24ad3b6f856867509ea4a', 'project_name': 'tempest-ServersAdminTestJSON-797541960', 'tenant_id': '49534560eac24ad3b6f856867509ea4a', 'tenant_name': 'tempest-ServersAdminTestJSON-797541960', 'user_domain_id': 'default', 'user_domain_name': 'Default', 'user_id': 'efad1240a98946f5a9c41f59363625e8', 'system': None}, Network: {'id': '985e8540-c442-4698-a19a-662bef8a8afd', 'name': 'tempest-ServersAdminTestJSON-1755425270-network', 'tenant_id': '49534560eac24ad3b6f856867509ea4a', 'project_id': '49534560eac24ad3b6f856867509ea4a', 'admin_state_up': True, 'mtu': 8950, 'status': 'ACTIVE', 'subnets': [], 'shared': False, 'port_security_enabled': True, 'router:external': False, 'provider:network_type': 'vlan', 'provider:physical_network': 'default', 'provider:segmentation_id': 492, 'availability_zone_hints': [], 'availability_zones': [], 'ipv4_address_scope': None, 'ipv6_address_scope': None, 'description': '', 'tags': [], 'created_at': '2025-11-12T23:13:05Z', 'updated_at': '2025-11-12T23:13:05Z', 'revision_number': 1}, Subnet: {'id': 'ebcdaa6e-79cb-46c2-a82a-02ad2bcd1e0f', 'name': 'tempest-ServersAdminTestJSON-1755425270-subnet', 'tenant_id': '49534560eac24ad3b6f856867509ea4a', 'network_id': '985e8540-c442-4698-a19a-662bef8a8afd', 'ip_version': 4, 'subnetpool_id': None, 'enable_dhcp': True, 'ipv6_ra_mode': None, 'ipv6_address_mode': None, 'gateway_ip': '192.168.128.1', 'cidr': '192.168.128.0/28', 'allocation_pools': [{'start': '192.168.128.2', 'end': '192.168.128.14'}], 'host_routes': [], 'dns_nameservers': [], 'description': '', 'router:external': False, 'service_types': [], 'tags': [], 'created_at': '2025-11-12T23:13:06Z', 'updated_at': '2025-11-12T23:13:06Z', 'revision_number': 0, 'project_id': '49534560eac24ad3b6f856867509ea4a'}, Router: {'id': '00bf8c0d-e4d9-490e-abfe-b7de0b15df50', 'name': 'tempest-ServersAdminTestJSON-1755425270-router', 'tenant_id': '49534560eac24ad3b6f856867509ea4a', 'admin_state_up': True, 'status': 'ACTIVE', 'external_gateway_info': {'network_id': 'b16a9161-83db-42c3-a8a4-3758a02aa686', 'external_fixed_ips': [{'subnet_id': 'c738600b-731a-48d0-a10b-cc7f20a4b8a1', 'ip_address': '10.180.180.154'}], 'enable_snat': True}, 'description': '', 'availability_zones': [], 'distributed': False, 'ha': False, 'availability_zone_hints': [], 'routes': [], 'flavor_id': None, 'tags': [], 'created_at': '2025-11-12T23:13:07Z', 'updated_at': '2025-11-12T23:13:07Z', 'revision_number': 2, 'project_id': '49534560eac24ad3b6f856867509ea4a'}
2025-11-12 23:13:09.452 65991 INFO tempest.lib.common.rest_client [req-b24cc04c-3951-4675-9d87-53c31489fc01 req-b24cc04c-3951-4675-9d87-53c31489fc01 ] Request (InstanceActionsTestJSON:setUpClass): 200 GET http://10.180.1.21/compute/v2.1/servers/4a291f3b-d0cc-42ed-a7cc-c14ee9397a33 8.252s
2025-11-12 23:13:09.460 65991 INFO tempest.common.waiters [-] State transition "BUILD/None" ==> "BUILD/spawning" after 9 second wait
2025-11-12 23:13:09.467 66033 INFO tempest.lib.common.rest_client [req-1ddbabce-9e4b-4784-ba3e-72d94eff2d20 req-1ddbabce-9e4b-4784-ba3e-72d94eff2d20 ] Request (ServersAdminTestJSON:setUpClass): 201 POST http://10.180.1.21/identity/v3/auth/tokens 0.103s
2025-11-12 23:13:09.490 66011 INFO tempest.lib.common.rest_client [req-95140d44-466d-4af1-be1a-b3ae70b919cf req-95140d44-466d-4af1-be1a-b3ae70b919cf ] Request (ServersV294TestFqdnHostnames:setUpClass): 202 POST http://10.180.1.21/compute/v2.1/servers 8.531s
2025-11-12 23:13:09.517 66041 INFO tempest.lib.common.rest_client [req-b6656609-45f7-450b-9733-9bf3fe2bcdff req-b6656609-45f7-450b-9733-9bf3fe2bcdff ] Request (FlavorsAdminTestJSON:test_create_flavor_verify_entry_in_list_details): 200 POST http://10.180.1.21/compute/v2.1/flavors 8.234s
2025-11-12 23:13:09.561 66033 INFO tempest.lib.common.rest_client [req-4755a8d9-293e-477f-825d-9b57b001b212 req-4755a8d9-293e-477f-825d-9b57b001b212 ] Request (ServersAdminTestJSON:setUpClass): 201 POST http://10.180.1.21/identity/v3/projects 0.093s
2025-11-12 23:13:09.593 66038 INFO tempest.lib.common.rest_client [req-04f04100-e637-4615-a071-2feeb708cadb req-04f04100-e637-4615-a071-2feeb708cadb ] Request (HypervisorAdminNegativeTestJSON:test_get_hypervisor_uptime_with_non_admin_user): 200 GET http://10.180.1.21/compute/v2.1/os-hypervisors 8.317s
2025-11-12 23:13:09.619 66015 INFO tempest.lib.common.rest_client [req-b729be6f-97cc-4059-b72e-d7d6e8cc0ba0 req-b729be6f-97cc-4059-b72e-d7d6e8cc0ba0 ] Request (FlavorsExtraSpecsNegativeTestJSON:test_flavor_non_admin_unset_keys): 200 POST http://10.180.1.21/compute/v2.1/flavors/597947138/os-extra_specs 8.250s
2025-11-12 23:13:09.642 66033 INFO tempest.lib.common.rest_client [req-e7e156a0-b43b-491f-8d48-f4d1aebc7317 req-e7e156a0-b43b-491f-8d48-f4d1aebc7317 ] Request (ServersAdminTestJSON:setUpClass): 201 POST http://10.180.1.21/identity/v3/users 0.080s
2025-11-12 23:13:09.644 65987 INFO tempest.lib.common.rest_client [req-a5c0fcf0-f127-4dc6-9178-831ff34e627d req-a5c0fcf0-f127-4dc6-9178-831ff34e627d ] Request (HypervisorAdminUnderV252Test:test_search_hypervisor): 200 GET http://10.180.1.21/compute/v2.1/os-hypervisors/domain-c8.fc996f14-c53b-4953-92e3-bdfa48f5cc28/search 8.244s
2025-11-12 23:13:09.663 66033 INFO tempest.lib.common.rest_client [req-ccf88295-1aea-488b-94fd-7c3f001098eb req-ccf88295-1aea-488b-94fd-7c3f001098eb ] Request (ServersAdminTestJSON:setUpClass): 200 GET http://10.180.1.21/identity/v3/roles 0.021s
2025-11-12 23:13:09.666 66043 INFO tempest.lib.common.rest_client [req-0bedbac4-011d-406a-9cd4-22e6e07c2b40 req-0bedbac4-011d-406a-9cd4-22e6e07c2b40 ] Request (HypervisorAdminTestJSON:test_get_hypervisor_show_details): 200 GET http://10.180.1.21/compute/v2.1/os-hypervisors/1 8.234s
2025-11-12 23:13:09.697 66033 INFO tempest.lib.common.rest_client [req-7aaa6614-a814-48db-81dc-671882f63457 req-7aaa6614-a814-48db-81dc-671882f63457 ] Request (ServersAdminTestJSON:setUpClass): 204 PUT http://10.180.1.21/identity/v3/projects/4b68884f568e4202afbfe44dbcfad60e/users/02d2fb2bbd684deca0435c25eb648f28/roles/affedd36993b40f3939b3e5809cc145e 0.033s
2025-11-12 23:13:09.753 65987 INFO tempest.lib.common.rest_client [req-a02d3822-6459-430b-9d0f-b5826c10464d req-a02d3822-6459-430b-9d0f-b5826c10464d ] Request (HypervisorAdminUnderV252Test:tearDownClass): 204 DELETE http://10.180.1.21/identity/v3/users/851ea2b6364a4e268d97c753cc89411a 0.101s
2025-11-12 23:13:09.821 66033 INFO tempest.lib.common.rest_client [req-d1163b91-132e-414e-9b23-d1a6873d2511 req-d1163b91-132e-414e-9b23-d1a6873d2511 ] Request (ServersAdminTestJSON:setUpClass): 200 GET http://10.180.1.21/identity/v3/roles 0.123s
2025-11-12 23:13:09.872 65999 INFO tempest.lib.common.rest_client [req-a76e719d-c1b0-4736-b58f-04ff7430cccc req-a76e719d-c1b0-4736-b58f-04ff7430cccc ] Request (VolumesAssistedSnapshotsTest:test_volume_assisted_snapshot_create_delete): 200 POST http://10.180.1.21/compute/v2.1/os-keypairs 8.350s
2025-11-12 23:13:09.893 65987 INFO tempest.lib.common.rest_client [req-ff314fcc-b6d4-466f-8f84-6a35b76e1eec req-ff314fcc-b6d4-466f-8f84-6a35b76e1eec ] Request (HypervisorAdminUnderV252Test:tearDownClass): 204 DELETE http://10.180.1.21/identity/v3/users/9aaa974083f242f187b5cd1af9fe6f93 0.140s
2025-11-12 23:13:09.894 65987 INFO tempest.lib.common.dynamic_creds [-] Deleting project and security group for project: c598549e22784899aa7c02bbb1cbc647
2025-11-12 23:13:09.906 66035 INFO tempest.lib.common.rest_client [req-4f0f2a81-1861-43d5-a94d-02d6f767f498 req-4f0f2a81-1861-43d5-a94d-02d6f767f498 ] Request (FlavorsExtraSpecsTestJSON:test_flavor_non_admin_get_specific_key): 200 POST http://10.180.1.21/compute/v2.1/flavors/545869773/os-extra_specs 8.093s
2025-11-12 23:13:09.915 66033 INFO tempest.lib.common.rest_client [req-e25b3bea-8135-420c-b927-0d781bec1e39 req-e25b3bea-8135-420c-b927-0d781bec1e39 ] Request (ServersAdminTestJSON:setUpClass): 204 PUT http://10.180.1.21/identity/v3/projects/4b68884f568e4202afbfe44dbcfad60e/users/02d2fb2bbd684deca0435c25eb648f28/roles/affedd36993b40f3939b3e5809cc145e 0.093s
2025-11-12 23:13:09.915 66033 INFO tempest.lib.common.dynamic_creds [-] Dynamic test user 02d2fb2bbd684deca0435c25eb648f28 is created with scope project and roles: ['admin']
2025-11-12 23:13:09.916 66033 INFO tempest.lib.common.dynamic_creds [-] Acquired dynamic creds: credentials: Credentials: {'domain_id': 'default', 'domain_name': 'Default', 'username': 'tempest-ServersAdminTestJSON-1472488387-project-admin', 'project_domain_id': 'default', 'project_domain_name': 'Default', 'project_id': '4b68884f568e4202afbfe44dbcfad60e', 'project_name': 'tempest-ServersAdminTestJSON-1472488387', 'tenant_id': '4b68884f568e4202afbfe44dbcfad60e', 'tenant_name': 'tempest-ServersAdminTestJSON-1472488387', 'user_domain_id': 'default', 'user_domain_name': 'Default', 'user_id': '02d2fb2bbd684deca0435c25eb648f28', 'system': None}, Network: None, Subnet: None, Router: None
2025-11-12 23:13:09.982 65987 INFO tempest.lib.common.rest_client [req-c6ce7b89-df8c-43c0-9e13-508ccb20abf9 req-c6ce7b89-df8c-43c0-9e13-508ccb20abf9 ] Request (HypervisorAdminUnderV252Test:tearDownClass): 201 POST http://10.180.1.21/identity/v3/auth/tokens 0.088s
2025-11-12 23:13:10.325 66017 INFO tempest.lib.common.rest_client [req-2b1acffb-d533-452c-a17b-f6c6e48a4e2a req-2b1acffb-d533-452c-a17b-f6c6e48a4e2a ] Request (VolumesAdminNegativeTest:setUpClass): 200 PUT http://10.180.1.21/networking/v2.0/routers/67570b00-09d0-4edd-b243-37fbdd8f95b5/add_router_interface 1.363s
2025-11-12 23:13:10.325 66017 INFO tempest.lib.common.dynamic_creds [-] Created isolated network resources for: credentials: Credentials: {'domain_id': 'default', 'domain_name': 'Default', 'username': 'tempest-VolumesAdminNegativeTest-1141332750-project-member', 'project_domain_id': 'default', 'project_domain_name': 'Default', 'project_id': 'b5c20cc6db22418d9436663e4dff18d0', 'project_name': 'tempest-VolumesAdminNegativeTest-1141332750', 'tenant_id': 'b5c20cc6db22418d9436663e4dff18d0', 'tenant_name': 'tempest-VolumesAdminNegativeTest-1141332750', 'user_domain_id': 'default', 'user_domain_name': 'Default', 'user_id': '60b0a0d715ee44e6827a09d3bf7420d6', 'system': None}, Network: {'id': '9c82550a-795c-42c8-b67f-488699e444c7', 'name': 'tempest-VolumesAdminNegativeTest-1160237624-network', 'tenant_id': 'b5c20cc6db22418d9436663e4dff18d0', 'project_id': 'b5c20cc6db22418d9436663e4dff18d0', 'admin_state_up': True, 'mtu': 8950, 'status': 'ACTIVE', 'subnets': [], 'shared': False, 'port_security_enabled': True, 'router:external': False, 'provider:network_type': 'vlan', 'provider:physical_network': 'default', 'provider:segmentation_id': 596, 'availability_zone_hints': [], 'availability_zones': [], 'ipv4_address_scope': None, 'ipv6_address_scope': None, 'description': '', 'tags': [], 'created_at': '2025-11-12T23:13:05Z', 'updated_at': '2025-11-12T23:13:05Z', 'revision_number': 1}, Subnet: {'id': '60868970-2dec-448c-bcaf-71a67b153c5c', 'name': 'tempest-VolumesAdminNegativeTest-1160237624-subnet', 'tenant_id': 'b5c20cc6db22418d9436663e4dff18d0', 'network_id': '9c82550a-795c-42c8-b67f-488699e444c7', 'ip_version': 4, 'subnetpool_id': None, 'enable_dhcp': True, 'ipv6_ra_mode': None, 'ipv6_address_mode': None, 'gateway_ip': '192.168.128.1', 'cidr': '192.168.128.0/28', 'allocation_pools': [{'start': '192.168.128.2', 'end': '192.168.128.14'}], 'host_routes': [], 'dns_nameservers': [], 'description': '', 'router:external': False, 'service_types': [], 'tags': [], 'created_at': '2025-11-12T23:13:06Z', 'updated_at': '2025-11-12T23:13:06Z', 'revision_number': 0, 'project_id': 'b5c20cc6db22418d9436663e4dff18d0'}, Router: {'id': '67570b00-09d0-4edd-b243-37fbdd8f95b5', 'name': 'tempest-VolumesAdminNegativeTest-1160237624-router', 'tenant_id': 'b5c20cc6db22418d9436663e4dff18d0', 'admin_state_up': True, 'status': 'ACTIVE', 'external_gateway_info': {'network_id': 'b16a9161-83db-42c3-a8a4-3758a02aa686', 'external_fixed_ips': [{'subnet_id': 'c738600b-731a-48d0-a10b-cc7f20a4b8a1', 'ip_address': '10.180.180.143'}], 'enable_snat': True}, 'description': '', 'availability_zones': [], 'distributed': False, 'ha': False, 'availability_zone_hints': [], 'routes': [], 'flavor_id': None, 'tags': [], 'created_at': '2025-11-12T23:13:08Z', 'updated_at': '2025-11-12T23:13:08Z', 'revision_number': 2, 'project_id': 'b5c20cc6db22418d9436663e4dff18d0'}
2025-11-12 23:13:10.431 66017 INFO tempest.lib.common.rest_client [req-e19adc7f-e6d7-44ec-980f-108312dd2e7f req-e19adc7f-e6d7-44ec-980f-108312dd2e7f ] Request (VolumesAdminNegativeTest:setUpClass): 201 POST http://10.180.1.21/identity/v3/auth/tokens 0.102s
2025-11-12 23:13:10.452 66001 INFO tempest.lib.common.rest_client [req-84c43c67-9416-4bbd-8f04-570046461365 req-84c43c67-9416-4bbd-8f04-570046461365 ] Request (SecurityGroupRulesNegativeTestJSON:test_create_security_group_rule_duplicate): 400 POST http://10.180.1.21/compute/v2.1/os-security-group-rules 9.087s
2025-11-12 23:13:10.483 66017 INFO tempest.lib.common.rest_client [req-f44af53e-f30b-4b09-bebe-ccb4d9dfbc60 req-f44af53e-f30b-4b09-bebe-ccb4d9dfbc60 ] Request (VolumesAdminNegativeTest:setUpClass): 201 POST http://10.180.1.21/identity/v3/projects 0.051s
2025-11-12 23:13:10.544 66017 INFO tempest.lib.common.rest_client [req-df994cab-819e-4d40-9030-34a4d53d3097 req-df994cab-819e-4d40-9030-34a4d53d3097 ] Request (VolumesAdminNegativeTest:setUpClass): 201 POST http://10.180.1.21/identity/v3/users 0.061s
2025-11-12 23:13:10.559 65999 INFO tempest.lib.common.rest_client [req-f788c6a1-9167-41e9-bfdb-a238a6f66147 req-f788c6a1-9167-41e9-bfdb-a238a6f66147 ] Request (VolumesAssistedSnapshotsTest:test_volume_assisted_snapshot_create_delete): 201 POST http://10.180.1.21/networking/v2.0/security-groups 0.685s
2025-11-12 23:13:10.569 66017 INFO tempest.lib.common.rest_client [req-ee0116f5-6ab9-481f-867a-b74ad785f145 req-ee0116f5-6ab9-481f-867a-b74ad785f145 ] Request (VolumesAdminNegativeTest:setUpClass): 200 GET http://10.180.1.21/identity/v3/roles 0.024s
2025-11-12 23:13:10.607 66017 INFO tempest.lib.common.rest_client [req-43fc5121-9934-47dd-879c-fb1dcec04dc9 req-43fc5121-9934-47dd-879c-fb1dcec04dc9 ] Request (VolumesAdminNegativeTest:setUpClass): 204 PUT http://10.180.1.21/identity/v3/projects/d1d54776bd8841c7a5fd6390b4a3d879/users/60f252bb7e47458aad833e9d683a7ba1/roles/affedd36993b40f3939b3e5809cc145e 0.038s
2025-11-12 23:13:10.650 65985 INFO tempest.lib.common.rest_client [req-a7f0f6ea-6089-4dc9-8507-698e345f8526 req-a7f0f6ea-6089-4dc9-8507-698e345f8526 ] Request (QuotasAdminTestV236:test_get_updated_quotas): 200 GET http://10.180.1.21/compute/v2.1/os-quota-sets/fcc5f55b570e498092a0254f19cd415f?user_id=3a7a03f5c74a43a6905ec1326fe39358 8.348s
2025-11-12 23:13:10.692 66017 INFO tempest.lib.common.rest_client [req-c68032dc-0799-40e6-93ea-0256b9955a37 req-c68032dc-0799-40e6-93ea-0256b9955a37 ] Request (VolumesAdminNegativeTest:setUpClass): 200 GET http://10.180.1.21/identity/v3/roles 0.085s
2025-11-12 23:13:10.767 66017 INFO tempest.lib.common.rest_client [req-dd5f6301-dd26-4e05-9203-e58262b99f51 req-dd5f6301-dd26-4e05-9203-e58262b99f51 ] Request (VolumesAdminNegativeTest:setUpClass): 204 PUT http://10.180.1.21/identity/v3/projects/d1d54776bd8841c7a5fd6390b4a3d879/users/60f252bb7e47458aad833e9d683a7ba1/roles/affedd36993b40f3939b3e5809cc145e 0.074s
2025-11-12 23:13:10.767 66033 INFO tempest.lib.common.rest_client [req-d40cab14-dad6-411f-9285-20ae75029fc1 req-d40cab14-dad6-411f-9285-20ae75029fc1 ] Request (ServersAdminTestJSON:setUpClass): 201 POST http://10.180.1.21/networking/v2.0/networks 0.851s
2025-11-12 23:13:10.767 66017 INFO tempest.lib.common.dynamic_creds [-] Dynamic test user 60f252bb7e47458aad833e9d683a7ba1 is created with scope project and roles: ['admin']
2025-11-12 23:13:10.768 66017 INFO tempest.lib.common.dynamic_creds [-] Acquired dynamic creds: credentials: Credentials: {'domain_id': 'default', 'domain_name': 'Default', 'username': 'tempest-VolumesAdminNegativeTest-864888526-project-admin', 'project_domain_id': 'default', 'project_domain_name': 'Default', 'project_id': 'd1d54776bd8841c7a5fd6390b4a3d879', 'project_name': 'tempest-VolumesAdminNegativeTest-864888526', 'tenant_id': 'd1d54776bd8841c7a5fd6390b4a3d879', 'tenant_name': 'tempest-VolumesAdminNegativeTest-864888526', 'user_domain_id': 'default', 'user_domain_name': 'Default', 'user_id': '60f252bb7e47458aad833e9d683a7ba1', 'system': None}, Network: None, Subnet: None, Router: None
2025-11-12 23:13:10.854 65987 INFO tempest.lib.common.rest_client [req-2a61d43d-b893-43d4-b253-4348a5104555 req-2a61d43d-b893-43d4-b253-4348a5104555 ] Request (HypervisorAdminUnderV252Test:tearDownClass): 200 GET http://10.180.1.21/networking/v2.0/security-groups?tenant_id=c598549e22784899aa7c02bbb1cbc647&name=default 0.871s
2025-11-12 23:13:10.856 65985 INFO tempest.lib.common.rest_client [req-afdb388c-3a90-4454-9db9-4f4421c4d20c req-afdb388c-3a90-4454-9db9-4f4421c4d20c ] Request (QuotasAdminTestV236:_run_cleanups): 204 DELETE http://10.180.1.21/identity/v3/users/3a7a03f5c74a43a6905ec1326fe39358 0.203s
2025-11-12 23:13:10.930 66021 INFO tempest.lib.common.rest_client [req-58be346d-f8b0-482d-b166-c46cd8e14d2a req-58be346d-f8b0-482d-b166-c46cd8e14d2a ] Request (FloatingIPsAssociationNegativeTestJSON:setUpClass): 200 GET http://10.180.1.21/compute/v2.1/servers/30d8c792-400c-42be-aa44-6144d11a2393 9.003s
2025-11-12 23:13:10.937 66021 INFO tempest.common.waiters [-] State transition "BUILD/None" ==> "BUILD/spawning" after 10 second wait
2025-11-12 23:13:10.946 66013 INFO tempest.lib.common.rest_client [req-9fde010c-a188-4a83-b7bd-cdce79d00368 req-9fde010c-a188-4a83-b7bd-cdce79d00368 ] Request (ServersWithSpecificFlavorTestJSON:test_verify_created_server_ephemeral_disk): 200 GET http://10.180.1.21/compute/v2.1/flavors/42/os-extra_specs 8.189s
2025-11-12 23:13:10.974 65999 INFO tempest.lib.common.rest_client [req-54bbed39-b092-4511-98b6-c5e0cb4be37a req-54bbed39-b092-4511-98b6-c5e0cb4be37a ] Request (VolumesAssistedSnapshotsTest:test_volume_assisted_snapshot_create_delete): 201 POST http://10.180.1.21/networking/v2.0/security-group-rules 0.414s
2025-11-12 23:13:10.992 66031 INFO tempest.lib.common.rest_client [req-1ce056d5-557c-4c16-ad7c-4fb1e16ae30c req-1ce056d5-557c-4c16-ad7c-4fb1e16ae30c ] Request (KeyPairsV210TestJSON:test_admin_manage_keypairs_for_other_users): 201 POST http://10.180.1.21/compute/v2.1/os-keypairs 8.164s
2025-11-12 23:13:11.008 65985 INFO tempest.lib.common.rest_client [req-fe179508-0916-4023-a315-25b0947ccf04 req-fe179508-0916-4023-a315-25b0947ccf04 ] Request (QuotasAdminTestV236:_run_cleanups): 204 DELETE http://10.180.1.21/identity/v3/projects/fcc5f55b570e498092a0254f19cd415f 0.151s
2025-11-12 23:13:11.040 66029 INFO tempest.lib.common.rest_client [req-b1fd145e-516e-4418-992b-51f2e35f18a6 req-b1fd145e-516e-4418-992b-51f2e35f18a6 ] Request (ImagesMetadataTestJSON:test_delete_image_metadata_item): 200 GET http://10.180.1.21/compute/v2.1/images/407a228d-58ed-4c8f-996b-af053423ca8a/metadata 8.004s
2025-11-12 23:13:11.125 66017 INFO tempest.lib.common.rest_client [req-aefca79f-d40c-4b45-a625-7f8df34525f1 req-aefca79f-d40c-4b45-a625-7f8df34525f1 ] Request (VolumesAdminNegativeTest:setUpClass): 201 POST http://10.180.1.21/networking/v2.0/networks 0.356s
2025-11-12 23:13:11.139 66027 INFO tempest.lib.common.rest_client [req-2a811d68-9400-4f38-96ac-1259a0f43bba req-2a811d68-9400-4f38-96ac-1259a0f43bba ] Request (HypervisorAdminNegativeUnderV252Test:test_search_hypervisor_with_non_admin_user): 403 GET http://10.180.1.21/compute/v2.1/os-hypervisors/domain-c8.fc996f14-c53b-4953-92e3-bdfa48f5cc28/search 7.864s
2025-11-12 23:13:11.158 65985 INFO tempest.lib.common.rest_client [req-5cdfc19a-2537-4412-84fa-0540f261c4b1 req-5cdfc19a-2537-4412-84fa-0540f261c4b1 ] Request (QuotasAdminTestV236:tearDownClass): 204 DELETE http://10.180.1.21/identity/v3/users/979437563e80425196961d5c23d14456 0.149s
2025-11-12 23:13:11.198 66033 INFO tempest.lib.common.rest_client [req-4586928b-b878-4793-8c82-6612ada7c304 req-4586928b-b878-4793-8c82-6612ada7c304 ] Request (ServersAdminTestJSON:setUpClass): 201 POST http://10.180.1.21/networking/v2.0/subnets 0.430s
2025-11-12 23:13:11.292 65987 INFO tempest.lib.common.rest_client [req-4e597801-ff11-415b-babf-9c2edf0efe92 req-4e597801-ff11-415b-babf-9c2edf0efe92 ] Request (HypervisorAdminUnderV252Test:tearDownClass): 204 DELETE http://10.180.1.21/networking/v2.0/security-groups/fb8680f5-0b88-406a-a440-c98bb5df534d 0.437s
2025-11-12 23:13:11.328 65985 INFO tempest.lib.common.rest_client [req-b93fb222-2867-4342-a6a3-327f4b014611 req-b93fb222-2867-4342-a6a3-327f4b014611 ] Request (QuotasAdminTestV236:tearDownClass): 204 DELETE http://10.180.1.21/identity/v3/users/dac57b3ca50744449f5e06a0c20d26e5 0.169s
2025-11-12 23:13:11.328 65985 INFO tempest.lib.common.dynamic_creds [-] Deleting project and security group for project: 0db590d312c74f6b9e2ca4e8b3dfe921
2025-11-12 23:13:11.393 65999 INFO tempest.lib.common.rest_client [req-27ec61bb-459a-4388-a11a-51bd56ac7eb9 req-27ec61bb-459a-4388-a11a-51bd56ac7eb9 ] Request (VolumesAssistedSnapshotsTest:test_volume_assisted_snapshot_create_delete): 201 POST http://10.180.1.21/networking/v2.0/security-group-rules 0.418s
2025-11-12 23:13:11.396 65985 INFO tempest.lib.common.rest_client [req-a2617334-2044-439a-a03c-41982298cc53 req-a2617334-2044-439a-a03c-41982298cc53 ] Request (QuotasAdminTestV236:tearDownClass): 201 POST http://10.180.1.21/identity/v3/auth/tokens 0.066s
2025-11-12 23:13:11.419 65995 INFO tempest.lib.common.rest_client [req-13e4a317-2ed9-4b9c-badb-6755b15442a2 req-13e4a317-2ed9-4b9c-badb-6755b15442a2 ] Request (QuotasAdminNegativeTest:_run_cleanups): 200 PUT http://10.180.1.21/compute/v2.1/os-quota-sets/87a0dd1b15ac4cfaa99994994846ceb0 7.906s
2025-11-12 23:13:11.427 65987 INFO tempest.lib.common.rest_client [req-d361c7f0-1000-436e-b26a-ea63bdcaf8f5 req-d361c7f0-1000-436e-b26a-ea63bdcaf8f5 ] Request (HypervisorAdminUnderV252Test:tearDownClass): 204 DELETE http://10.180.1.21/identity/v3/projects/c598549e22784899aa7c02bbb1cbc647 0.134s
