2025-11-12 23:12:39.560 66031 INFO tempest.lib.common.dynamic_creds [-] Acquired dynamic creds: credentials: Credentials: {'domain_id': 'default', 'domain_name': 'Default', 'username': 'tempest-AZAdminNegativeTestJSON-1989769425-project-admin', 'project_domain_id': 'default', 'project_domain_name': 'Default', 'project_id': 'e94030870a674c0798f724a59811d541', 'project_name': 'tempest-AZAdminNegativeTestJSON-1989769425', 'tenant_id': 'e94030870a674c0798f724a59811d541', 'tenant_name': 'tempest-AZAdminNegativeTestJSON-1989769425', 'user_domain_id': 'default', 'user_domain_name': 'Default', 'user_id': '41fbed67b0f94e2a9d3e025688143214', 'system': None}, Network: None, Subnet: None, Router: None
2025-11-12 23:12:39.560 66031 INFO tempest.lib.common.dynamic_creds [-] Created isolated network resources for: credentials: Credentials: {'domain_id': 'default', 'domain_name': 'Default', 'username': 'tempest-AZAdminNegativeTestJSON-1989769425-project-admin', 'project_domain_id': 'default', 'project_domain_name': 'Default', 'project_id': 'e94030870a674c0798f724a59811d541', 'project_name': 'tempest-AZAdminNegativeTestJSON-1989769425', 'tenant_id': 'e94030870a674c0798f724a59811d541', 'tenant_name': 'tempest-AZAdminNegativeTestJSON-1989769425', 'user_domain_id': 'default', 'user_domain_name': 'Default', 'user_id': '41fbed67b0f94e2a9d3e025688143214', 'system': None}, Network: None, Subnet: None, Router: None
2025-11-12 23:12:39.598 66045 INFO tempest.lib.common.rest_client [req-0a0d0a8a-7e27-42a4-80b3-10de422a7b89 req-0a0d0a8a-7e27-42a4-80b3-10de422a7b89 ] Request (FlavorsAccessNegativeTestJSON:setUpClass): 200 GET http://10.180.1.21/identity/v3/roles 0.076s
2025-11-12 23:12:39.614 65983 INFO tempest.test [-] raised in LiveMigrationTest.setUpClass. Invoking tearDownClass.
2025-11-12 23:12:39.620 65993 INFO tempest.lib.common.rest_client [req-1dada8ed-4f1c-4fd4-b369-497962999377 req-1dada8ed-4f1c-4fd4-b369-497962999377 ] Request (AggregatesAdminNegativeTestJSON:setUpClass): 201 POST http://10.180.1.21/identity/v3/auth/tokens 0.081s
2025-11-12 23:12:39.626 66043 INFO tempest [-] Using tempest config file /opt/stack/testrun/etc/tempest.conf
2025-11-12 23:12:39.654 66045 INFO tempest.lib.common.rest_client [req-0bb7c625-4a68-4198-841c-23d75b3d0372 req-0bb7c625-4a68-4198-841c-23d75b3d0372 ] Request (FlavorsAccessNegativeTestJSON:setUpClass): 204 PUT http://10.180.1.21/identity/v3/projects/397c1742095b48fba33a6895cf9484d9/users/05a563c327be4790a9b2a3a15ccb6d00/roles/79b4195d1ad0406099e6eeae9c937994 0.054s
2025-11-12 23:12:39.654 66045 INFO tempest.lib.common.dynamic_creds [-] Dynamic test user 05a563c327be4790a9b2a3a15ccb6d00 is created with scope project and roles: ['member']
2025-11-12 23:12:39.654 66045 INFO tempest.lib.common.dynamic_creds [-] Acquired dynamic creds: credentials: Credentials: {'domain_id': 'default', 'domain_name': 'Default', 'username': 'tempest-FlavorsAccessNegativeTestJSON-1657113228-project-member', 'project_domain_id': 'default', 'project_domain_name': 'Default', 'project_id': '397c1742095b48fba33a6895cf9484d9', 'project_name': 'tempest-FlavorsAccessNegativeTestJSON-1657113228', 'tenant_id': '397c1742095b48fba33a6895cf9484d9', 'tenant_name': 'tempest-FlavorsAccessNegativeTestJSON-1657113228', 'user_domain_id': 'default', 'user_domain_name': 'Default', 'user_id': '05a563c327be4790a9b2a3a15ccb6d00', 'system': None}, Network: None, Subnet: None, Router: None
2025-11-12 23:12:39.654 66045 INFO tempest.lib.common.dynamic_creds [-] Created isolated network resources for: credentials: Credentials: {'domain_id': 'default', 'domain_name': 'Default', 'username': 'tempest-FlavorsAccessNegativeTestJSON-1657113228-project-member', 'project_domain_id': 'default', 'project_domain_name': 'Default', 'project_id': '397c1742095b48fba33a6895cf9484d9', 'project_name': 'tempest-FlavorsAccessNegativeTestJSON-1657113228', 'tenant_id': '397c1742095b48fba33a6895cf9484d9', 'tenant_name': 'tempest-FlavorsAccessNegativeTestJSON-1657113228', 'user_domain_id': 'default', 'user_domain_name': 'Default', 'user_id': '05a563c327be4790a9b2a3a15ccb6d00', 'system': None}, Network: None, Subnet: None, Router: None
2025-11-12 23:12:39.667 66043 WARNING oslo_config.cfg [-] Deprecated: Option "auth_version" from group "identity" is deprecated for removal (Identity v2 API was removed and v3 is the only available identity API version now). Its value may be silently ignored in the future.
2025-11-12 23:12:39.668 66043 WARNING oslo_config.cfg [-] Deprecated: Option "access_rules" from group "identity-feature-enabled" is deprecated for removal (Access rules for application credentials is a default feature since Train). Its value may be silently ignored in the future.
2025-11-12 23:12:39.669 66043 WARNING oslo_config.cfg [-] Deprecated: Option "import_image" from group "image-feature-enabled" is deprecated for removal (Issue with image import in WSGI mode was fixed in Victoria, and this feature works in any deployment architecture now.). Its value may be silently ignored in the future.
2025-11-12 23:12:39.669 66043 WARNING oslo_config.cfg [-] Deprecated: Option "os_glance_reserved" from group "image-feature-enabled" is deprecated for removal (os_glance namespace is always reserved since Wallaby). Its value may be silently ignored in the future.
2025-11-12 23:12:39.678 66031 INFO tempest.lib.common.rest_client [req-d565e6bd-53b3-48d8-9031-1afd0ccefa5d req-d565e6bd-53b3-48d8-9031-1afd0ccefa5d ] Request (AZAdminNegativeTestJSON:setUpClass): 201 POST http://10.180.1.21/identity/v3/auth/tokens 0.093s
2025-11-12 23:12:39.699 66001 INFO tempest.lib.common.rest_client [req-33459a15-1897-499b-8ce2-44100190e1a3 req-33459a15-1897-499b-8ce2-44100190e1a3 ] Request (KeyPairsV22TestJSON:test_get_keypair_detail): 201 POST http://10.180.1.21/compute/v2.1/os-keypairs 0.206s
2025-11-12 23:12:39.705 65993 INFO tempest.lib.common.rest_client [req-f4c16c2b-f37b-47c2-8b90-eb9df9be18d8 req-f4c16c2b-f37b-47c2-8b90-eb9df9be18d8 ] Request (AggregatesAdminNegativeTestJSON:setUpClass): 200 GET http://10.180.1.21/identity/v3/domains?name=Default 0.084s
2025-11-12 23:12:39.715 65983 INFO tempest.lib.common.rest_client [req-eb4d70c5-e5b9-4128-9197-a60ee166f54d req-eb4d70c5-e5b9-4128-9197-a60ee166f54d ] Request (FloatingIPsAssociationTestJSON:setUpClass): 201 POST http://10.180.1.21/identity/v3/auth/tokens 0.053s
2025-11-12 23:12:39.726 66001 INFO tempest.lib.common.rest_client [req-67a54130-ecfe-4431-8ba9-923c7707d235 req-67a54130-ecfe-4431-8ba9-923c7707d235 ] Request (KeyPairsV22TestJSON:test_get_keypair_detail): 200 GET http://10.180.1.21/compute/v2.1/os-keypairs/tempest-keypair-2139495460 0.025s
2025-11-12 23:12:39.745 66035 INFO tempest [-] Using tempest config file /opt/stack/testrun/etc/tempest.conf
2025-11-12 23:12:39.778 66035 WARNING oslo_config.cfg [-] Deprecated: Option "auth_version" from group "identity" is deprecated for removal (Identity v2 API was removed and v3 is the only available identity API version now). Its value may be silently ignored in the future.
2025-11-12 23:12:39.781 66045 INFO tempest.lib.common.rest_client [req-ceceacc2-f82f-4ca8-abb0-d3d827e8cbb4 req-ceceacc2-f82f-4ca8-abb0-d3d827e8cbb4 ] Request (FlavorsAccessNegativeTestJSON:setUpClass): 201 POST http://10.180.1.21/identity/v3/auth/tokens 0.104s
2025-11-12 23:12:39.796 66001 INFO tempest.lib.common.rest_client [req-46a15668-0fbb-47ee-b12f-3d716a58265e req-46a15668-0fbb-47ee-b12f-3d716a58265e ] Request (KeyPairsV22TestJSON:_run_cleanups): 204 DELETE http://10.180.1.21/compute/v2.1/os-keypairs/tempest-keypair-2139495460 0.068s
2025-11-12 23:12:39.804 66035 WARNING oslo_config.cfg [-] Deprecated: Option "access_rules" from group "identity-feature-enabled" is deprecated for removal (Access rules for application credentials is a default feature since Train). Its value may be silently ignored in the future.
2025-11-12 23:12:39.805 66035 WARNING oslo_config.cfg [-] Deprecated: Option "import_image" from group "image-feature-enabled" is deprecated for removal (Issue with image import in WSGI mode was fixed in Victoria, and this feature works in any deployment architecture now.). Its value may be silently ignored in the future.
2025-11-12 23:12:39.805 66035 WARNING oslo_config.cfg [-] Deprecated: Option "os_glance_reserved" from group "image-feature-enabled" is deprecated for removal (os_glance namespace is always reserved since Wallaby). Its value may be silently ignored in the future.
2025-11-12 23:12:39.818 65985 INFO tempest.test [-] raised in LiveMigrationRemoteConsolesV26Test.setUpClass. Invoking tearDownClass.
2025-11-12 23:12:39.841 66031 INFO tempest.lib.common.rest_client [req-56ea4800-60d8-40e5-9f94-5fdde352ad96 req-56ea4800-60d8-40e5-9f94-5fdde352ad96 ] Request (AZAdminNegativeTestJSON:test_get_availability_zone_list_detail_with_non_admin_user): 403 GET http://10.180.1.21/compute/v2.1/os-availability-zone/detail 0.147s
2025-11-12 23:12:39.872 65993 INFO tempest.lib.common.rest_client [req-0414a220-10f6-4e8e-8aa6-57e5b676cde9 req-0414a220-10f6-4e8e-8aa6-57e5b676cde9 ] Request (AggregatesAdminNegativeTestJSON:setUpClass): 201 POST http://10.180.1.21/identity/v3/projects 0.165s
2025-11-12 23:12:39.886 66001 INFO tempest.lib.common.rest_client [req-baa26265-c0a9-49b3-9fa6-37f21ee4ac2b req-baa26265-c0a9-49b3-9fa6-37f21ee4ac2b ] Request (KeyPairsV22TestJSON:test_keypair_create_delete): 201 POST http://10.180.1.21/compute/v2.1/os-keypairs 0.050s
2025-11-12 23:12:39.929 66001 INFO tempest.lib.common.rest_client [req-5d77a513-fd0a-42b3-b66e-e66741a53f27 req-5d77a513-fd0a-42b3-b66e-e66741a53f27 ] Request (KeyPairsV22TestJSON:_run_cleanups): 204 DELETE http://10.180.1.21/compute/v2.1/os-keypairs/tempest-keypair-1991404844 0.041s
2025-11-12 23:12:39.930 66045 INFO tempest.lib.common.rest_client [req-9fa31ca8-7d19-4480-b1a8-a54ba9dcbdb2 req-9fa31ca8-7d19-4480-b1a8-a54ba9dcbdb2 ] Request (FlavorsAccessNegativeTestJSON:setUpClass): 201 POST http://10.180.1.21/identity/v3/projects 0.126s
2025-11-12 23:12:39.945 65983 INFO tempest.lib.common.rest_client [req-d59321fc-edf7-40b7-a668-4ccc1b894e43 req-d59321fc-edf7-40b7-a668-4ccc1b894e43 ] Request (FloatingIPsAssociationTestJSON:setUpClass): 201 POST http://10.180.1.21/identity/v3/auth/tokens 0.202s
2025-11-12 23:12:39.977 66001 INFO tempest.lib.common.rest_client [req-f1a0c9d2-8cf6-4c10-a7ae-039adee75ad0 req-f1a0c9d2-8cf6-4c10-a7ae-039adee75ad0 ] Request (KeyPairsV22TestJSON:test_keypair_create_with_pub_key): 201 POST http://10.180.1.21/compute/v2.1/os-keypairs 0.046s
2025-11-12 23:12:40.002 65985 INFO tempest.lib.common.rest_client [req-ae4abd0b-6042-4318-a5bb-d6bd26ecc33a req-ae4abd0b-6042-4318-a5bb-d6bd26ecc33a ] Request (QuotasAdminTestV236:setUpClass): 201 POST http://10.180.1.21/identity/v3/auth/tokens 0.156s
2025-11-12 23:12:40.018 66001 INFO tempest.lib.common.rest_client [req-c82afc52-b1a2-4e2c-9081-62c6c6d3c9df req-c82afc52-b1a2-4e2c-9081-62c6c6d3c9df ] Request (KeyPairsV22TestJSON:_run_cleanups): 204 DELETE http://10.180.1.21/compute/v2.1/os-keypairs/tempest-keypair-961502624 0.039s
2025-11-12 23:12:40.032 66031 INFO tempest.lib.common.rest_client [req-ff1d7655-3d5a-4001-9cc3-3b2f22db2b58 req-ff1d7655-3d5a-4001-9cc3-3b2f22db2b58 ] Request (AZAdminNegativeTestJSON:tearDownClass): 204 DELETE http://10.180.1.21/identity/v3/users/b7ae8045bc784fe7a333c1edcb88843d 0.180s
2025-11-12 23:12:40.049 66020 INFO tempest.test [-] raised in LiveMigrationWithoutHostTest.setUpClass. Invoking tearDownClass.
2025-11-12 23:12:40.062 66029 INFO tempest.lib.common.rest_client [req-708aa2c3-3d05-4607-8331-361ecf2018ef req-708aa2c3-3d05-4607-8331-361ecf2018ef ] Request (ImagesMetadataTestJSON:setUpClass): 201 POST http://10.180.1.21/identity/v3/auth/tokens 0.188s
2025-11-12 23:12:40.074 66001 INFO tempest.lib.common.rest_client [req-1cd4eaf1-619d-4f4e-a797-0da0d3b54062 req-1cd4eaf1-619d-4f4e-a797-0da0d3b54062 ] Request (KeyPairsV22TestJSON:test_keypairs_create_list_delete): 201 POST http://10.180.1.21/compute/v2.1/os-keypairs 0.052s
2025-11-12 23:12:40.087 65997 INFO tempest.lib.common.rest_client [req-49a3350a-df31-4183-a357-f3d003d86ea2 req-49a3350a-df31-4183-a357-f3d003d86ea2 ] Request (FlavorMetadataValidation:setUpClass): 201 POST http://10.180.1.21/identity/v3/auth/tokens 0.208s
2025-11-12 23:12:40.101 65993 INFO tempest.lib.common.rest_client [req-54dfd001-cb39-4176-a955-eb452d0aa183 req-54dfd001-cb39-4176-a955-eb452d0aa183 ] Request (AggregatesAdminNegativeTestJSON:setUpClass): 201 POST http://10.180.1.21/identity/v3/users 0.219s
2025-11-12 23:12:40.102 66017 INFO tempest.test [-] raised in LiveMigrationNegativeTest.setUpClass. Invoking tearDownClass.
2025-11-12 23:12:40.111 66003 INFO tempest.lib.common.rest_client [req-63d83f0d-c53d-4486-851d-dc0b1fc489e1 req-63d83f0d-c53d-4486-851d-dc0b1fc489e1 ] Request (ServicesAdminTestJSON:setUpClass): 201 POST http://10.180.1.21/identity/v3/auth/tokens 0.210s
2025-11-12 23:12:40.130 66001 INFO tempest.lib.common.rest_client [req-830fd6ed-2692-4f60-baa5-8e8d7667aa10 req-830fd6ed-2692-4f60-baa5-8e8d7667aa10 ] Request (KeyPairsV22TestJSON:test_keypairs_create_list_delete): 201 POST http://10.180.1.21/compute/v2.1/os-keypairs 0.054s
2025-11-12 23:12:40.134 66045 INFO tempest.lib.common.rest_client [req-7e6068a8-b77c-4e27-8eef-9b430754c9a8 req-7e6068a8-b77c-4e27-8eef-9b430754c9a8 ] Request (FlavorsAccessNegativeTestJSON:setUpClass): 201 POST http://10.180.1.21/identity/v3/users 0.203s
2025-11-12 23:12:40.149 65983 INFO tempest.lib.common.rest_client [req-d41cb078-8da3-41b1-9b2e-c5c8434184ae req-d41cb078-8da3-41b1-9b2e-c5c8434184ae ] Request (FloatingIPsAssociationTestJSON:setUpClass): 200 GET http://10.180.1.21/identity/v3/domains?name=Default 0.203s
2025-11-12 23:12:40.159 66027 INFO tempest.lib.common.rest_client [req-88d04b45-9b58-4e8e-b305-3151b830c9b4 req-88d04b45-9b58-4e8e-b305-3151b830c9b4 ] Request (AZAdminV2TestJSON:setUpClass): 201 POST http://10.180.1.21/identity/v3/auth/tokens 0.188s
2025-11-12 23:12:40.168 65985 INFO tempest.lib.common.rest_client [req-643f8d47-b83d-4113-b422-b1956a59d063 req-643f8d47-b83d-4113-b422-b1956a59d063 ] Request (QuotasAdminTestV236:setUpClass): 201 POST http://10.180.1.21/identity/v3/auth/tokens 0.160s
2025-11-12 23:12:40.188 66001 INFO tempest.lib.common.rest_client [req-398653af-1af3-4af7-9267-a5e4ee58d99d req-398653af-1af3-4af7-9267-a5e4ee58d99d ] Request (KeyPairsV22TestJSON:test_keypairs_create_list_delete): 201 POST http://10.180.1.21/compute/v2.1/os-keypairs 0.049s
2025-11-12 23:12:40.188 66039 INFO tempest.test [-] raised in UnshelveToHostMultiNodesTest.setUpClass. Invoking tearDownClass.
2025-11-12 23:12:40.194 66023 INFO tempest.lib.common.rest_client [req-59e5cb50-8fc7-45b2-8314-517afc2066bb req-59e5cb50-8fc7-45b2-8314-517afc2066bb ] Request (FlavorsAccessTestJSON:setUpClass): 201 POST http://10.180.1.21/identity/v3/auth/tokens 0.156s
2025-11-12 23:12:40.208 66039 INFO tempest.test [-] raised in SpiceDirectConsoleTestJSON.setUpClass. Invoking tearDownClass.
2025-11-12 23:12:40.214 66001 INFO tempest.lib.common.rest_client [req-94a40be9-5e26-4c23-984d-547d89a9f104 req-94a40be9-5e26-4c23-984d-547d89a9f104 ] Request (KeyPairsV22TestJSON:test_keypairs_create_list_delete): 200 GET http://10.180.1.21/compute/v2.1/os-keypairs 0.024s
2025-11-12 23:12:40.224 66031 INFO tempest.lib.common.rest_client [req-476b877b-92b2-4e64-ad12-a0aa02555408 req-476b877b-92b2-4e64-ad12-a0aa02555408 ] Request (AZAdminNegativeTestJSON:tearDownClass): 204 DELETE http://10.180.1.21/identity/v3/users/41fbed67b0f94e2a9d3e025688143214 0.192s
2025-11-12 23:12:40.226 66031 INFO tempest.lib.common.dynamic_creds [-] Deleting project and security group for project: e94030870a674c0798f724a59811d541
2025-11-12 23:12:40.251 66020 INFO tempest.lib.common.rest_client [req-a864ab68-957b-4f07-9465-2fe51f643dc0 req-a864ab68-957b-4f07-9465-2fe51f643dc0 ] Request (ListImageFiltersNegativeTestJSON:setUpClass): 201 POST http://10.180.1.21/identity/v3/auth/tokens 0.195s
2025-11-12 23:12:40.252 66001 INFO tempest.lib.common.rest_client [req-b79dcfb1-6f99-4260-9b43-42f5b4c14ee5 req-b79dcfb1-6f99-4260-9b43-42f5b4c14ee5 ] Request (KeyPairsV22TestJSON:_run_cleanups): 204 DELETE http://10.180.1.21/compute/v2.1/os-keypairs/tempest-KeyPairsV22TestJSON-keypair-2088515520 0.035s
2025-11-12 23:12:40.276 66029 INFO tempest.lib.common.rest_client [req-dfda0239-5dd6-41a2-b16c-6d7381aae41b req-dfda0239-5dd6-41a2-b16c-6d7381aae41b ] Request (ImagesMetadataTestJSON:setUpClass): 201 POST http://10.180.1.21/identity/v3/auth/tokens 0.206s
2025-11-12 23:12:40.287 66001 INFO tempest.lib.common.rest_client [req-c09246fd-ca90-4e94-a041-65479bc7bb2e req-c09246fd-ca90-4e94-a041-65479bc7bb2e ] Request (KeyPairsV22TestJSON:_run_cleanups): 204 DELETE http://10.180.1.21/compute/v2.1/os-keypairs/tempest-KeyPairsV22TestJSON-keypair-1467618828 0.034s
2025-11-12 23:12:40.301 66017 INFO tempest.lib.common.rest_client [req-7ed30b18-3cf2-4e81-b91e-c7acd8ac6aa2 req-7ed30b18-3cf2-4e81-b91e-c7acd8ac6aa2 ] Request (NetworksTest:setUpClass): 201 POST http://10.180.1.21/identity/v3/auth/tokens 0.192s
2025-11-12 23:12:40.309 65993 INFO tempest.lib.common.rest_client [req-756693da-88cf-4cb9-bbe5-cee5ee46d627 req-756693da-88cf-4cb9-bbe5-cee5ee46d627 ] Request (AggregatesAdminNegativeTestJSON:setUpClass): 200 GET http://10.180.1.21/identity/v3/roles 0.208s
2025-11-12 23:12:40.311 66001 INFO tempest.lib.common.rest_client [req-c7b6b18e-0a99-499f-a33f-d1b298e176ad req-c7b6b18e-0a99-499f-a33f-d1b298e176ad ] Request (KeyPairsV22TestJSON:_run_cleanups): 204 DELETE http://10.180.1.21/compute/v2.1/os-keypairs/tempest-KeyPairsV22TestJSON-keypair-502226106 0.024s
2025-11-12 23:12:40.323 65997 INFO tempest.lib.common.rest_client [req-2fe1ab64-cf2b-43ac-ace2-3e8e39d8a3b7 req-2fe1ab64-cf2b-43ac-ace2-3e8e39d8a3b7 ] Request (FlavorMetadataValidation:setUpClass): 201 POST http://10.180.1.21/identity/v3/auth/tokens 0.207s
2025-11-12 23:12:40.344 66003 INFO tempest.lib.common.rest_client [req-a8d5e059-458f-4947-b906-6b6a579ae518 req-a8d5e059-458f-4947-b906-6b6a579ae518 ] Request (ServicesAdminTestJSON:setUpClass): 201 POST http://10.180.1.21/identity/v3/auth/tokens 0.225s
2025-11-12 23:12:40.345 66045 INFO tempest.lib.common.rest_client [req-eeec40e9-4751-4284-8910-2098aa6a1d54 req-eeec40e9-4751-4284-8910-2098aa6a1d54 ] Request (FlavorsAccessNegativeTestJSON:setUpClass): 200 GET http://10.180.1.21/identity/v3/roles 0.211s
2025-11-12 23:12:40.345 65995 INFO tempest.test [-] raised in LiveAutoBlockMigrationV225Test.setUpClass. Invoking tearDownClass.
2025-11-12 23:12:40.354 66001 INFO tempest.lib.common.rest_client [req-278d6330-99ee-45a9-9f12-4749465b48ef req-278d6330-99ee-45a9-9f12-4749465b48ef ] Request (KeyPairsV22TestJSON:test_keypairsv22_create_list_show): 201 POST http://10.180.1.21/compute/v2.1/os-keypairs 0.038s
2025-11-12 23:12:40.370 66027 INFO tempest.lib.common.rest_client [req-2246e765-2e8d-49e0-9282-f78782758d5a req-2246e765-2e8d-49e0-9282-f78782758d5a ] Request (AZAdminV2TestJSON:setUpClass): 201 POST http://10.180.1.21/identity/v3/auth/tokens 0.204s
2025-11-12 23:12:40.372 65991 INFO tempest.lib.common.rest_client [req-4f5656e5-e590-48c3-adc7-3475328e33e6 req-4f5656e5-e590-48c3-adc7-3475328e33e6 ] Request (InstanceActionsTestJSON:setUpClass): 201 POST http://10.180.1.21/identity/v3/auth/tokens 0.209s
2025-11-12 23:12:40.373 66001 INFO tempest.lib.common.rest_client [req-e899f4bc-657b-4d6a-aff9-c9a5dcc02fff req-e899f4bc-657b-4d6a-aff9-c9a5dcc02fff ] Request (KeyPairsV22TestJSON:test_keypairsv22_create_list_show): 200 GET http://10.180.1.21/compute/v2.1/os-keypairs/tempest-keypair-1844854262 0.017s
2025-11-12 23:12:40.389 66001 INFO tempest.lib.common.rest_client [req-eb948576-0c9b-44eb-93f0-0dc54e67cd5c req-eb948576-0c9b-44eb-93f0-0dc54e67cd5c ] Request (KeyPairsV22TestJSON:test_keypairsv22_create_list_show): 200 GET http://10.180.1.21/compute/v2.1/os-keypairs 0.014s
2025-11-12 23:12:40.397 65985 INFO tempest.lib.common.rest_client [req-32a3e301-b37d-4d8e-87a0-ab39eb7bd4c0 req-32a3e301-b37d-4d8e-87a0-ab39eb7bd4c0 ] Request (QuotasAdminTestV236:setUpClass): 200 GET http://10.180.1.21/identity/v3/domains?name=Default 0.228s
2025-11-12 23:12:40.402 65983 INFO tempest.lib.common.rest_client [req-5e028458-c333-4824-963c-1db5601cffc4 req-5e028458-c333-4824-963c-1db5601cffc4 ] Request (FloatingIPsAssociationTestJSON:setUpClass): 201 POST http://10.180.1.21/identity/v3/projects 0.246s
2025-11-12 23:12:40.412 66001 INFO tempest.lib.common.rest_client [req-9097ff62-f453-48a2-b184-c87f4889ea27 req-9097ff62-f453-48a2-b184-c87f4889ea27 ] Request (KeyPairsV22TestJSON:_run_cleanups): 204 DELETE http://10.180.1.21/compute/v2.1/os-keypairs/tempest-keypair-1844854262 0.019s
2025-11-12 23:12:40.460 66021 INFO tempest.lib.common.rest_client [req-79856ca1-2f71-4528-88fa-74e8ed7e98cb req-79856ca1-2f71-4528-88fa-74e8ed7e98cb ] Request (FloatingIPsAssociationNegativeTestJSON:setUpClass): 201 POST http://10.180.1.21/identity/v3/auth/tokens 0.273s
2025-11-12 23:12:40.460 66011 INFO tempest.lib.common.rest_client [req-e03bd56d-59c0-4de6-beb9-c84d97636590 req-e03bd56d-59c0-4de6-beb9-c84d97636590 ] Request (AbsoluteLimitsTestJSON:setUpClass): 201 POST http://10.180.1.21/identity/v3/auth/tokens 0.268s
2025-11-12 23:12:40.483 65999 INFO tempest.lib.common.rest_client [req-e8ccf497-6b65-4c57-b6f5-bab2cfe3c21c req-e8ccf497-6b65-4c57-b6f5-bab2cfe3c21c ] Request (VolumesAssistedSnapshotsTest:setUpClass): 201 POST http://10.180.1.21/identity/v3/auth/tokens 0.270s
2025-11-12 23:12:40.484 66023 INFO tempest.lib.common.rest_client [req-c98a3bd1-dcb7-4a68-8487-4591ca984ff7 req-c98a3bd1-dcb7-4a68-8487-4591ca984ff7 ] Request (FlavorsAccessTestJSON:setUpClass): 201 POST http://10.180.1.21/identity/v3/auth/tokens 0.270s
2025-11-12 23:12:40.504 66039 INFO tempest.lib.common.rest_client [req-27d73c21-4720-4f1b-8118-bb705158ccda req-27d73c21-4720-4f1b-8118-bb705158ccda ] Request (ServersListShow296Test:setUpClass): 201 POST http://10.180.1.21/identity/v3/auth/tokens 0.293s
2025-11-12 23:12:40.507 66031 INFO tempest.lib.common.rest_client [req-67161320-f8c0-4520-90e0-6d3f30fd2044 req-67161320-f8c0-4520-90e0-6d3f30fd2044 ] Request (AZAdminNegativeTestJSON:tearDownClass): 201 POST http://10.180.1.21/identity/v3/auth/tokens 0.281s
2025-11-12 23:12:40.527 66020 INFO tempest.lib.common.rest_client [req-1705cd75-fed7-4f99-ab1a-cec9550e9c74 req-1705cd75-fed7-4f99-ab1a-cec9550e9c74 ] Request (ListImageFiltersNegativeTestJSON:setUpClass): 201 POST http://10.180.1.21/identity/v3/auth/tokens 0.269s
2025-11-12 23:12:40.533 65989 INFO tempest.lib.common.rest_client [req-e94c5f30-395e-433f-93ba-389004ce8fad req-e94c5f30-395e-433f-93ba-389004ce8fad ] Request (HostsAdminNegativeTestJSON:setUpClass): 201 POST http://10.180.1.21/identity/v3/auth/tokens 0.272s
2025-11-12 23:12:40.552 66033 INFO tempest.lib.common.rest_client [req-c7d75be2-1e1f-437d-b2aa-c385f12c7ac3 req-c7d75be2-1e1f-437d-b2aa-c385f12c7ac3 ] Request (InstanceUsageAuditLogNegativeTestJSON:setUpClass): 201 POST http://10.180.1.21/identity/v3/auth/tokens 0.275s
2025-11-12 23:12:40.553 66029 INFO tempest.lib.common.rest_client [req-e07afd64-cbea-4569-9faf-35874ce586f5 req-e07afd64-cbea-4569-9faf-35874ce586f5 ] Request (ImagesMetadataTestJSON:setUpClass): 200 GET http://10.180.1.21/identity/v3/domains?name=Default 0.276s
2025-11-12 23:12:40.575 66013 INFO tempest.lib.common.rest_client [req-450420e8-ea1f-496d-8d97-74e915f8a9a8 req-450420e8-ea1f-496d-8d97-74e915f8a9a8 ] Request (ServersWithSpecificFlavorTestJSON:setUpClass): 201 POST http://10.180.1.21/identity/v3/auth/tokens 0.294s
2025-11-12 23:12:40.575 65981 INFO tempest.lib.common.rest_client [req-318f0a96-89d1-4693-9944-c3e59b740902 req-318f0a96-89d1-4693-9944-c3e59b740902 ] Request (HostsAdminTestJSON:setUpClass): 201 POST http://10.180.1.21/identity/v3/auth/tokens 0.276s
2025-11-12 23:12:40.595 65993 INFO tempest.lib.common.rest_client [req-59225e65-49c8-4e96-b6bc-ee8f452ee12c req-59225e65-49c8-4e96-b6bc-ee8f452ee12c ] Request (AggregatesAdminNegativeTestJSON:setUpClass): 204 PUT http://10.180.1.21/identity/v3/projects/d5825e129ed3453f8b5f6fc3594e4f1d/users/ac360b6beb0c4734afe43870e947ba7e/roles/79b4195d1ad0406099e6eeae9c937994 0.285s
2025-11-12 23:12:40.595 65993 INFO tempest.lib.common.dynamic_creds [-] Dynamic test user ac360b6beb0c4734afe43870e947ba7e is created with scope project and roles: ['member']
2025-11-12 23:12:40.595 65993 INFO tempest.lib.common.dynamic_creds [-] Acquired dynamic creds: credentials: Credentials: {'domain_id': 'default', 'domain_name': 'Default', 'username': 'tempest-AggregatesAdminNegativeTestJSON-646778901-project-member', 'project_domain_id': 'default', 'project_domain_name': 'Default', 'project_id': 'd5825e129ed3453f8b5f6fc3594e4f1d', 'project_name': 'tempest-AggregatesAdminNegativeTestJSON-646778901', 'tenant_id': 'd5825e129ed3453f8b5f6fc3594e4f1d', 'tenant_name': 'tempest-AggregatesAdminNegativeTestJSON-646778901', 'user_domain_id': 'default', 'user_domain_name': 'Default', 'user_id': 'ac360b6beb0c4734afe43870e947ba7e', 'system': None}, Network: None, Subnet: None, Router: None
2025-11-12 23:12:40.596 65993 INFO tempest.lib.common.dynamic_creds [-] Created isolated network resources for: credentials: Credentials: {'domain_id': 'default', 'domain_name': 'Default', 'username': 'tempest-AggregatesAdminNegativeTestJSON-646778901-project-member', 'project_domain_id': 'default', 'project_domain_name': 'Default', 'project_id': 'd5825e129ed3453f8b5f6fc3594e4f1d', 'project_name': 'tempest-AggregatesAdminNegativeTestJSON-646778901', 'tenant_id': 'd5825e129ed3453f8b5f6fc3594e4f1d', 'tenant_name': 'tempest-AggregatesAdminNegativeTestJSON-646778901', 'user_domain_id': 'default', 'user_domain_name': 'Default', 'user_id': 'ac360b6beb0c4734afe43870e947ba7e', 'system': None}, Network: None, Subnet: None, Router: None
2025-11-12 23:12:40.621 66017 INFO tempest.lib.common.rest_client [req-26088cdc-f325-498f-9cc5-7850ed3e48ea req-26088cdc-f325-498f-9cc5-7850ed3e48ea ] Request (NetworksTest:setUpClass): 201 POST http://10.180.1.21/identity/v3/auth/tokens 0.316s
2025-11-12 23:12:40.639 65997 INFO tempest.lib.common.rest_client [req-5d1cc815-381f-4b70-924e-a52f7a4bb02f req-5d1cc815-381f-4b70-924e-a52f7a4bb02f ] Request (FlavorMetadataValidation:setUpClass): 200 GET http://10.180.1.21/identity/v3/domains?name=Default 0.316s
2025-11-12 23:12:40.645 66009 INFO tempest.lib.common.rest_client [req-70516d3e-c88d-43e5-a5e0-5ee22009c120 req-70516d3e-c88d-43e5-a5e0-5ee22009c120 ] Request (HypervisorAdminV253TestBase:setUpClass): 201 POST http://10.180.1.21/identity/v3/auth/tokens 0.328s
2025-11-12 23:12:40.661 66045 INFO tempest.lib.common.rest_client [req-750af56b-9a7d-4b82-bca1-fa2ed6fd7859 req-750af56b-9a7d-4b82-bca1-fa2ed6fd7859 ] Request (FlavorsAccessNegativeTestJSON:setUpClass): 204 PUT http://10.180.1.21/identity/v3/projects/d032180811164e3f95234663d90f6282/users/bd9a871cae004797abcc84ae17d3257c/roles/affedd36993b40f3939b3e5809cc145e 0.315s
2025-11-12 23:12:40.663 66003 INFO tempest.lib.common.rest_client [req-d0f0aeae-8ccd-4145-853a-53f888bc0cef req-d0f0aeae-8ccd-4145-853a-53f888bc0cef ] Request (ServicesAdminTestJSON:setUpClass): 200 GET http://10.180.1.21/identity/v3/domains?name=Default 0.318s
2025-11-12 23:12:40.708 65995 INFO tempest.lib.common.rest_client [req-f0a9053a-9455-45af-baea-b7189eb35927 req-f0a9053a-9455-45af-baea-b7189eb35927 ] Request (QuotasAdminNegativeTest:setUpClass): 201 POST http://10.180.1.21/identity/v3/auth/tokens 0.355s
2025-11-12 23:12:40.712 66015 INFO tempest.lib.common.rest_client [req-da6c6f78-62a6-4e39-83f1-fc04a70e344d req-da6c6f78-62a6-4e39-83f1-fc04a70e344d ] Request (FlavorsExtraSpecsNegativeTestJSON:setUpClass): 201 POST http://10.180.1.21/identity/v3/auth/tokens 0.365s
2025-11-12 23:12:40.728 66027 INFO tempest.lib.common.rest_client [req-e715e621-431f-4f42-bf5f-a4ee2b3d30c1 req-e715e621-431f-4f42-bf5f-a4ee2b3d30c1 ] Request (AZAdminV2TestJSON:setUpClass): 200 GET http://10.180.1.21/identity/v3/domains?name=Default 0.357s
2025-11-12 23:12:40.733 66005 INFO tempest.lib.common.rest_client [req-8ee92066-457e-419b-aebc-bc3faff94af8 req-8ee92066-457e-419b-aebc-bc3faff94af8 ] Request (HypervisorAdminV228Test:setUpClass): 201 POST http://10.180.1.21/identity/v3/auth/tokens 0.360s
2025-11-12 23:12:40.751 66001 INFO tempest.lib.common.rest_client [req-0cbef545-9aae-4d7e-a5cd-d2006797e562 req-0cbef545-9aae-4d7e-a5cd-d2006797e562 ] Request (KeyPairsV22TestJSON:test_keypairsv22_create_list_show_with_type): 201 POST http://10.180.1.21/compute/v2.1/os-keypairs 0.338s
2025-11-12 23:12:40.753 65991 INFO tempest.lib.common.rest_client [req-a93a9aef-a6eb-4fcc-bc03-09fe6f5dd551 req-a93a9aef-a6eb-4fcc-bc03-09fe6f5dd551 ] Request (InstanceActionsTestJSON:setUpClass): 201 POST http://10.180.1.21/identity/v3/auth/tokens 0.372s
2025-11-12 23:12:40.758 65987 INFO tempest.lib.common.rest_client [req-9065cb14-0148-4304-a210-8fe3bd074df5 req-9065cb14-0148-4304-a210-8fe3bd074df5 ] Request (HypervisorAdminUnderV252Test:setUpClass): 201 POST http://10.180.1.21/identity/v3/auth/tokens 0.369s
2025-11-12 23:12:40.764 66001 INFO tempest.lib.common.rest_client [req-3fd66f81-124b-4c70-8fd3-7f24e7eb33c5 req-3fd66f81-124b-4c70-8fd3-7f24e7eb33c5 ] Request (KeyPairsV22TestJSON:test_keypairsv22_create_list_show_with_type): 200 GET http://10.180.1.21/compute/v2.1/os-keypairs/tempest-keypair-845408357 0.012s
2025-11-12 23:12:40.774 65983 INFO tempest.lib.common.rest_client [req-9e93394f-f36e-4723-83bb-cd3af67d181a req-9e93394f-f36e-4723-83bb-cd3af67d181a ] Request (FloatingIPsAssociationTestJSON:setUpClass): 201 POST http://10.180.1.21/identity/v3/users 0.371s
2025-11-12 23:12:40.779 66001 INFO tempest.lib.common.rest_client [req-d6f4f0a2-7f92-47d7-8267-3d29b7da8238 req-d6f4f0a2-7f92-47d7-8267-3d29b7da8238 ] Request (KeyPairsV22TestJSON:test_keypairsv22_create_list_show_with_type): 200 GET http://10.180.1.21/compute/v2.1/os-keypairs 0.012s
2025-11-12 23:12:40.779 65985 INFO tempest.lib.common.rest_client [req-c2d53666-47a6-4b48-a8cd-d8da26ebb020 req-c2d53666-47a6-4b48-a8cd-d8da26ebb020 ] Request (QuotasAdminTestV236:setUpClass): 201 POST http://10.180.1.21/identity/v3/projects 0.377s
2025-11-12 23:12:40.796 66001 INFO tempest.lib.common.rest_client [req-132e8717-9e21-45c9-8814-aa7518fe8d0f req-132e8717-9e21-45c9-8814-aa7518fe8d0f ] Request (KeyPairsV22TestJSON:_run_cleanups): 204 DELETE http://10.180.1.21/compute/v2.1/os-keypairs/tempest-keypair-845408357 0.015s
2025-11-12 23:12:40.823 66041 INFO tempest.lib.common.rest_client [req-1c3fa0b2-57ea-46a7-9280-714bff2f74c9 req-1c3fa0b2-57ea-46a7-9280-714bff2f74c9 ] Request (FlavorsAdminTestJSON:setUpClass): 201 POST http://10.180.1.21/identity/v3/auth/tokens 0.393s
2025-11-12 23:12:40.827 66007 INFO tempest.lib.common.rest_client [req-2bf21367-e302-4c16-9a22-4986d20cf43d req-2bf21367-e302-4c16-9a22-4986d20cf43d ] Request (ServersAdminNegativeTestJSON:setUpClass): 201 POST http://10.180.1.21/identity/v3/auth/tokens 0.375s
2025-11-12 23:12:40.843 66038 INFO tempest.lib.common.rest_client [req-d48a403d-e234-4957-a33a-a5d971d8c560 req-d48a403d-e234-4957-a33a-a5d971d8c560 ] Request (HypervisorAdminNegativeTestJSON:setUpClass): 201 POST http://10.180.1.21/identity/v3/auth/tokens 0.389s
2025-11-12 23:12:40.847 66011 INFO tempest.lib.common.rest_client [req-74c63c54-258b-4db6-a8b5-8ecb35631c28 req-74c63c54-258b-4db6-a8b5-8ecb35631c28 ] Request (AbsoluteLimitsTestJSON:setUpClass): 201 POST http://10.180.1.21/identity/v3/auth/tokens 0.384s
2025-11-12 23:12:40.863 66021 INFO tempest.lib.common.rest_client [req-a87dd514-c721-442e-98e7-a4c9dc9e2ab1 req-a87dd514-c721-442e-98e7-a4c9dc9e2ab1 ] Request (FloatingIPsAssociationNegativeTestJSON:setUpClass): 201 POST http://10.180.1.21/identity/v3/auth/tokens 0.399s
2025-11-12 23:12:40.866 66023 INFO tempest.lib.common.rest_client [req-97bc453d-2de6-49d6-8b4b-91db314f2b90 req-97bc453d-2de6-49d6-8b4b-91db314f2b90 ] Request (FlavorsAccessTestJSON:setUpClass): 200 GET http://10.180.1.21/identity/v3/domains?name=Default 0.382s
2025-11-12 23:12:40.884 65999 INFO tempest.lib.common.rest_client [req-6111b87d-4587-4a09-8466-e5bf4c4174b4 req-6111b87d-4587-4a09-8466-e5bf4c4174b4 ] Request (VolumesAssistedSnapshotsTest:setUpClass): 201 POST http://10.180.1.21/identity/v3/auth/tokens 0.398s
2025-11-12 23:12:40.886 66039 INFO tempest.lib.common.rest_client [req-404be790-3695-4a5e-9c72-c448bf7d6f21 req-404be790-3695-4a5e-9c72-c448bf7d6f21 ] Request (ServersListShow296Test:setUpClass): 201 POST http://10.180.1.21/identity/v3/auth/tokens 0.379s
2025-11-12 23:12:40.904 66020 INFO tempest.lib.common.rest_client [req-b9d2c5be-acb2-4363-99b9-e9fcc6cfb80e req-b9d2c5be-acb2-4363-99b9-e9fcc6cfb80e ] Request (ListImageFiltersNegativeTestJSON:setUpClass): 200 GET http://10.180.1.21/identity/v3/domains?name=Default 0.377s
2025-11-12 23:12:40.925 66035 INFO tempest.lib.common.rest_client [req-c2868ac1-9ab2-4551-88fd-230e22ed50ff req-c2868ac1-9ab2-4551-88fd-230e22ed50ff ] Request (FlavorsExtraSpecsTestJSON:setUpClass): 201 POST http://10.180.1.21/identity/v3/auth/tokens 0.395s
2025-11-12 23:12:40.946 65989 INFO tempest.lib.common.rest_client [req-e755ffc6-2a33-42c4-ba7c-db84e419c8d2 req-e755ffc6-2a33-42c4-ba7c-db84e419c8d2 ] Request (HostsAdminNegativeTestJSON:setUpClass): 201 POST http://10.180.1.21/identity/v3/auth/tokens 0.405s
2025-11-12 23:12:40.946 66043 INFO tempest.lib.common.rest_client [req-09e73ef0-a821-4216-9a4d-7191c0d99ab2 req-09e73ef0-a821-4216-9a4d-7191c0d99ab2 ] Request (HypervisorAdminTestJSON:setUpClass): 201 POST http://10.180.1.21/identity/v3/auth/tokens 0.396s
2025-11-12 23:12:40.972 66033 INFO tempest.lib.common.rest_client [req-716861d3-59ab-491d-aee5-a3292c350158 req-716861d3-59ab-491d-aee5-a3292c350158 ] Request (InstanceUsageAuditLogNegativeTestJSON:setUpClass): 201 POST http://10.180.1.21/identity/v3/auth/tokens 0.417s
2025-11-12 23:12:40.973 66029 INFO tempest.lib.common.rest_client [req-f3b6aeef-6d53-490b-bf60-09f733973b72 req-f3b6aeef-6d53-490b-bf60-09f733973b72 ] Request (ImagesMetadataTestJSON:setUpClass): 201 POST http://10.180.1.21/identity/v3/projects 0.417s
2025-11-12 23:12:41.020 66013 INFO tempest.lib.common.rest_client [req-b99d4766-dddb-4ea9-bb34-9e349d05d030 req-b99d4766-dddb-4ea9-bb34-9e349d05d030 ] Request (ServersWithSpecificFlavorTestJSON:setUpClass): 201 POST http://10.180.1.21/identity/v3/auth/tokens 0.442s
2025-11-12 23:12:41.024 65981 INFO tempest.lib.common.rest_client [req-37a2e891-d63b-4616-88e1-c063c3a9a49c req-37a2e891-d63b-4616-88e1-c063c3a9a49c ] Request (HostsAdminTestJSON:setUpClass): 201 POST http://10.180.1.21/identity/v3/auth/tokens 0.445s
2025-11-12 23:12:41.029 66031 INFO tempest.lib.common.rest_client [req-4eadc790-3328-4498-baf4-dde55388410a req-4eadc790-3328-4498-baf4-dde55388410a ] Request (AZAdminNegativeTestJSON:tearDownClass): 200 GET http://10.180.1.21/networking/v2.0/security-groups?tenant_id=e94030870a674c0798f724a59811d541&name=default 0.521s
2025-11-12 23:12:41.044 66017 INFO tempest.lib.common.rest_client [req-3cce39bc-5fe9-4fc6-ab5d-d494723c8d86 req-3cce39bc-5fe9-4fc6-ab5d-d494723c8d86 ] Request (NetworksTest:setUpClass): 200 GET http://10.180.1.21/identity/v3/domains?name=Default 0.423s
2025-11-12 23:12:41.067 65997 INFO tempest.lib.common.rest_client [req-73e56acc-ef1a-46a7-aa68-86a8d704f922 req-73e56acc-ef1a-46a7-aa68-86a8d704f922 ] Request (FlavorMetadataValidation:setUpClass): 201 POST http://10.180.1.21/identity/v3/projects 0.424s
2025-11-12 23:12:41.081 65993 INFO tempest.lib.common.rest_client [req-d14fdc1b-891b-41fb-9357-20cd57fbc37f req-d14fdc1b-891b-41fb-9357-20cd57fbc37f ] Request (AggregatesAdminNegativeTestJSON:setUpClass): 201 POST http://10.180.1.21/identity/v3/auth/tokens 0.480s
2025-11-12 23:12:41.115 66009 INFO tempest.lib.common.rest_client [req-23e4fa4a-433c-49e4-8a1e-04ada1bdfa5a req-23e4fa4a-433c-49e4-8a1e-04ada1bdfa5a ] Request (HypervisorAdminV253TestBase:setUpClass): 201 POST http://10.180.1.21/identity/v3/auth/tokens 0.466s
2025-11-12 23:12:41.123 66045 INFO tempest.lib.common.rest_client [req-9d387784-ba05-49f1-9f61-38d0efa4364f req-9d387784-ba05-49f1-9f61-38d0efa4364f ] Request (FlavorsAccessNegativeTestJSON:setUpClass): 200 GET http://10.180.1.21/identity/v3/roles 0.462s
2025-11-12 23:12:41.127 66031 INFO tempest.lib.common.rest_client [req-db9abd06-7b46-491b-b30e-876cffa175fb req-db9abd06-7b46-491b-b30e-876cffa175fb ] Request (AZAdminNegativeTestJSON:tearDownClass): 204 DELETE http://10.180.1.21/networking/v2.0/security-groups/57a3f426-720f-401c-881f-74af35b00d9b 0.098s
2025-11-12 23:12:41.138 66003 INFO tempest.lib.common.rest_client [req-bb3f7fcd-439a-4c61-892c-a1629b82373d req-bb3f7fcd-439a-4c61-892c-a1629b82373d ] Request (ServicesAdminTestJSON:setUpClass): 201 POST http://10.180.1.21/identity/v3/projects 0.473s
2025-11-12 23:12:41.170 65995 INFO tempest.lib.common.rest_client [req-bddf5e82-83d5-4e87-8464-630c3fad828c req-bddf5e82-83d5-4e87-8464-630c3fad828c ] Request (QuotasAdminNegativeTest:setUpClass): 201 POST http://10.180.1.21/identity/v3/auth/tokens 0.459s
2025-11-12 23:12:41.187 66015 INFO tempest.lib.common.rest_client [req-14681729-e6dd-4f33-9b9f-f8a2291d3934 req-14681729-e6dd-4f33-9b9f-f8a2291d3934 ] Request (FlavorsExtraSpecsNegativeTestJSON:setUpClass): 201 POST http://10.180.1.21/identity/v3/auth/tokens 0.471s
2025-11-12 23:12:41.191 66027 INFO tempest.lib.common.rest_client [req-be302d35-e3aa-4c4d-8330-a4f37104850e req-be302d35-e3aa-4c4d-8330-a4f37104850e ] Request (AZAdminV2TestJSON:setUpClass): 201 POST http://10.180.1.21/identity/v3/projects 0.461s
2025-11-12 23:12:41.233 66005 INFO tempest.lib.common.rest_client [req-2155fbdb-3765-4980-ae8d-d819e2f30466 req-2155fbdb-3765-4980-ae8d-d819e2f30466 ] Request (HypervisorAdminV228Test:setUpClass): 201 POST http://10.180.1.21/identity/v3/auth/tokens 0.496s
2025-11-12 23:12:41.235 65991 INFO tempest.lib.common.rest_client [req-c4956d6e-934f-4b6f-948f-d0c5959b3651 req-c4956d6e-934f-4b6f-948f-d0c5959b3651 ] Request (InstanceActionsTestJSON:setUpClass): 200 GET http://10.180.1.21/identity/v3/domains?name=Default 0.481s
2025-11-12 23:12:41.250 65983 INFO tempest.lib.common.rest_client [req-4b031f2e-27f9-4386-b07c-6b387114a31c req-4b031f2e-27f9-4386-b07c-6b387114a31c ] Request (FloatingIPsAssociationTestJSON:setUpClass): 200 GET http://10.180.1.21/identity/v3/roles 0.475s
2025-11-12 23:12:41.253 65987 INFO tempest.lib.common.rest_client [req-a35d7852-44e4-45d2-956a-4b6d228d97c6 req-a35d7852-44e4-45d2-956a-4b6d228d97c6 ] Request (HypervisorAdminUnderV252Test:setUpClass): 201 POST http://10.180.1.21/identity/v3/auth/tokens 0.492s
2025-11-12 23:12:41.270 65985 INFO tempest.lib.common.rest_client [req-6fb44e0f-86fe-40b8-a8e7-bfdacbe1f10d req-6fb44e0f-86fe-40b8-a8e7-bfdacbe1f10d ] Request (QuotasAdminTestV236:setUpClass): 201 POST http://10.180.1.21/identity/v3/users 0.490s
2025-11-12 23:12:41.291 66041 INFO tempest.lib.common.rest_client [req-1a505699-7b7f-489c-a1ed-b79d9cd44100 req-1a505699-7b7f-489c-a1ed-b79d9cd44100 ] Request (FlavorsAdminTestJSON:setUpClass): 201 POST http://10.180.1.21/identity/v3/auth/tokens 0.465s
2025-11-12 23:12:41.320 66001 INFO tempest.lib.common.rest_client [req-0202499b-1667-4fc9-8f4d-ed412d989588 req-0202499b-1667-4fc9-8f4d-ed412d989588 ] Request (KeyPairsV22TestJSON:tearDownClass): 204 DELETE http://10.180.1.21/identity/v3/users/5e1c551179f749418945f4a18ab89a52 0.522s
2025-11-12 23:12:41.320 66001 INFO tempest.lib.common.dynamic_creds [-] Deleting project and security group for project: 04513b558b594c1a87817c1cff91de72
2025-11-12 23:12:41.336 66007 INFO tempest.lib.common.rest_client [req-04d7a30d-6575-462e-9f3e-e84d38627d6d req-04d7a30d-6575-462e-9f3e-e84d38627d6d ] Request (ServersAdminNegativeTestJSON:setUpClass): 201 POST http://10.180.1.21/identity/v3/auth/tokens 0.506s
2025-11-12 23:12:41.367 66038 INFO tempest.lib.common.rest_client [req-66848e5f-c763-4553-a779-d4702aafa78d req-66848e5f-c763-4553-a779-d4702aafa78d ] Request (HypervisorAdminNegativeTestJSON:setUpClass): 201 POST http://10.180.1.21/identity/v3/auth/tokens 0.521s
2025-11-12 23:12:41.383 66011 INFO tempest.lib.common.rest_client [req-f503ecea-5e0e-4d85-8a7f-c624d08caed1 req-f503ecea-5e0e-4d85-8a7f-c624d08caed1 ] Request (AbsoluteLimitsTestJSON:setUpClass): 200 GET http://10.180.1.21/identity/v3/domains?name=Default 0.535s
2025-11-12 23:12:41.388 66021 INFO tempest.lib.common.rest_client [req-7b803351-c6a9-44b7-8d63-d9db72f5f42d req-7b803351-c6a9-44b7-8d63-d9db72f5f42d ] Request (FloatingIPsAssociationNegativeTestJSON:setUpClass): 200 GET http://10.180.1.21/identity/v3/domains?name=Default 0.524s
2025-11-12 23:12:41.410 65999 INFO tempest.lib.common.rest_client [req-412d8120-407c-49c6-aeeb-a1974de5081d req-412d8120-407c-49c6-aeeb-a1974de5081d ] Request (VolumesAssistedSnapshotsTest:setUpClass): 200 GET http://10.180.1.21/identity/v3/domains?name=Default 0.525s
2025-11-12 23:12:41.410 66023 INFO tempest.lib.common.rest_client [req-208f9a68-b79e-4831-86e9-e32d055bd2be req-208f9a68-b79e-4831-86e9-e32d055bd2be ] Request (FlavorsAccessTestJSON:setUpClass): 201 POST http://10.180.1.21/identity/v3/projects 0.541s
2025-11-12 23:12:41.454 66039 INFO tempest.lib.common.rest_client [req-e6f92629-01a2-45be-95c1-de454447c5a3 req-e6f92629-01a2-45be-95c1-de454447c5a3 ] Request (ServersListShow296Test:setUpClass): 200 GET http://10.180.1.21/identity/v3/domains?name=Default 0.568s
2025-11-12 23:12:41.463 66020 INFO tempest.lib.common.rest_client [req-02a34165-da4b-46d5-a383-0c3996ae5782 req-02a34165-da4b-46d5-a383-0c3996ae5782 ] Request (ListImageFiltersNegativeTestJSON:setUpClass): 201 POST http://10.180.1.21/identity/v3/projects 0.556s
2025-11-12 23:12:41.500 66035 INFO tempest.lib.common.rest_client [req-f07ad9ee-5d95-4741-9c1c-e22ae6f3734a req-f07ad9ee-5d95-4741-9c1c-e22ae6f3734a ] Request (FlavorsExtraSpecsTestJSON:setUpClass): 201 POST http://10.180.1.21/identity/v3/auth/tokens 0.572s
2025-11-12 23:12:41.508 65989 INFO tempest.lib.common.rest_client [req-06bfadee-82a1-457e-9257-594cd3e018d4 req-06bfadee-82a1-457e-9257-594cd3e018d4 ] Request (HostsAdminNegativeTestJSON:setUpClass): 200 GET http://10.180.1.21/identity/v3/domains?name=Default 0.562s
2025-11-12 23:12:41.520 66043 INFO tempest.lib.common.rest_client [req-bef31229-5254-4fe1-b454-e27bb66f7e60 req-bef31229-5254-4fe1-b454-e27bb66f7e60 ] Request (HypervisorAdminTestJSON:setUpClass): 201 POST http://10.180.1.21/identity/v3/auth/tokens 0.571s
2025-11-12 23:12:41.532 66029 INFO tempest.lib.common.rest_client [req-b9b41e8d-5fd1-47eb-a966-bba9e95447bf req-b9b41e8d-5fd1-47eb-a966-bba9e95447bf ] Request (ImagesMetadataTestJSON:setUpClass): 201 POST http://10.180.1.21/identity/v3/users 0.559s
2025-11-12 23:12:41.539 66033 INFO tempest.lib.common.rest_client [req-2b118292-8a79-4e43-84da-5a701a5ea0c0 req-2b118292-8a79-4e43-84da-5a701a5ea0c0 ] Request (InstanceUsageAuditLogNegativeTestJSON:setUpClass): 200 GET http://10.180.1.21/identity/v3/domains?name=Default 0.566s
2025-11-12 23:12:41.552 66013 INFO tempest.lib.common.rest_client [req-4663828c-4183-43d7-b829-2e1cb2772ecb req-4663828c-4183-43d7-b829-2e1cb2772ecb ] Request (ServersWithSpecificFlavorTestJSON:setUpClass): 200 GET http://10.180.1.21/identity/v3/domains?name=Default 0.531s
2025-11-12 23:12:41.560 65981 INFO tempest.lib.common.rest_client [req-e3968bf2-0556-4902-a645-f4ad8c7cbc0c req-e3968bf2-0556-4902-a645-f4ad8c7cbc0c ] Request (HostsAdminTestJSON:setUpClass): 200 GET http://10.180.1.21/identity/v3/domains?name=Default 0.536s
2025-11-12 23:12:41.580 66017 INFO tempest.lib.common.rest_client [req-62e9c6a5-2791-440a-8969-3770ed4d79c9 req-62e9c6a5-2791-440a-8969-3770ed4d79c9 ] Request (NetworksTest:setUpClass): 201 POST http://10.180.1.21/identity/v3/projects 0.533s
2025-11-12 23:12:41.583 65997 INFO tempest.lib.common.rest_client [req-9d87889b-cd23-4ae4-b631-0c29dbdbf40f req-9d87889b-cd23-4ae4-b631-0c29dbdbf40f ] Request (FlavorMetadataValidation:setUpClass): 201 POST http://10.180.1.21/identity/v3/users 0.515s
2025-11-12 23:12:41.629 66009 INFO tempest.lib.common.rest_client [req-1d6bf1a3-070d-4c2a-a8c7-a29ed1b590dc req-1d6bf1a3-070d-4c2a-a8c7-a29ed1b590dc ] Request (HypervisorAdminV253TestBase:setUpClass): 200 GET http://10.180.1.21/identity/v3/domains?name=Default 0.513s
2025-11-12 23:12:41.630 65993 INFO tempest.lib.common.rest_client [req-8712e96a-59c7-4a70-9c54-93021c8cfa34 req-8712e96a-59c7-4a70-9c54-93021c8cfa34 ] Request (AggregatesAdminNegativeTestJSON:setUpClass): 201 POST http://10.180.1.21/identity/v3/projects 0.549s
2025-11-12 23:12:41.671 66045 INFO tempest.lib.common.rest_client [req-ae8ae308-9b22-45f2-81fe-a89e014c9c4d req-ae8ae308-9b22-45f2-81fe-a89e014c9c4d ] Request (FlavorsAccessNegativeTestJSON:setUpClass): 204 PUT http://10.180.1.21/identity/v3/projects/d032180811164e3f95234663d90f6282/users/bd9a871cae004797abcc84ae17d3257c/roles/affedd36993b40f3939b3e5809cc145e 0.547s
2025-11-12 23:12:41.671 66045 INFO tempest.lib.common.dynamic_creds [-] Dynamic test user bd9a871cae004797abcc84ae17d3257c is created with scope project and roles: ['admin']
2025-11-12 23:12:41.671 66045 INFO tempest.lib.common.dynamic_creds [-] Acquired dynamic creds: credentials: Credentials: {'domain_id': 'default', 'domain_name': 'Default', 'username': 'tempest-FlavorsAccessNegativeTestJSON-99209419-project-admin', 'project_domain_id': 'default', 'project_domain_name': 'Default', 'project_id': 'd032180811164e3f95234663d90f6282', 'project_name': 'tempest-FlavorsAccessNegativeTestJSON-99209419', 'tenant_id': 'd032180811164e3f95234663d90f6282', 'tenant_name': 'tempest-FlavorsAccessNegativeTestJSON-99209419', 'user_domain_id': 'default', 'user_domain_name': 'Default', 'user_id': 'bd9a871cae004797abcc84ae17d3257c', 'system': None}, Network: None, Subnet: None, Router: None
2025-11-12 23:12:41.671 66045 INFO tempest.lib.common.dynamic_creds [-] Created isolated network resources for: credentials: Credentials: {'domain_id': 'default', 'domain_name': 'Default', 'username': 'tempest-FlavorsAccessNegativeTestJSON-99209419-project-admin', 'project_domain_id': 'default', 'project_domain_name': 'Default', 'project_id': 'd032180811164e3f95234663d90f6282', 'project_name': 'tempest-FlavorsAccessNegativeTestJSON-99209419', 'tenant_id': 'd032180811164e3f95234663d90f6282', 'tenant_name': 'tempest-FlavorsAccessNegativeTestJSON-99209419', 'user_domain_id': 'default', 'user_domain_name': 'Default', 'user_id': 'bd9a871cae004797abcc84ae17d3257c', 'system': None}, Network: None, Subnet: None, Router: None
2025-11-12 23:12:41.713 66031 INFO tempest.lib.common.rest_client [req-b975e8b2-e134-4ddb-9b41-f0d5a4201d0c req-b975e8b2-e134-4ddb-9b41-f0d5a4201d0c ] Request (AZAdminNegativeTestJSON:tearDownClass): 204 DELETE http://10.180.1.21/identity/v3/projects/e94030870a674c0798f724a59811d541 0.585s
2025-11-12 23:12:41.713 66031 INFO tempest.lib.common.dynamic_creds [-] Deleting project and security group for project: debeb3cd8bfe4709bf1a609ee14c32e4
2025-11-12 23:12:41.748 66003 INFO tempest.lib.common.rest_client [req-aeb433cf-a4c3-4974-8082-94ced184438a req-aeb433cf-a4c3-4974-8082-94ced184438a ] Request (ServicesAdminTestJSON:setUpClass): 201 POST http://10.180.1.21/identity/v3/users 0.610s
2025-11-12 23:12:41.758 65995 INFO tempest.lib.common.rest_client [req-45ed599a-bab4-4085-b4b8-2e721e9fdabb req-45ed599a-bab4-4085-b4b8-2e721e9fdabb ] Request (QuotasAdminNegativeTest:setUpClass): 200 GET http://10.180.1.21/identity/v3/domains?name=Default 0.588s
2025-11-12 23:12:41.768 66015 INFO tempest.lib.common.rest_client [req-cc2b4fc7-173d-4640-bfc7-a4adfd615fed req-cc2b4fc7-173d-4640-bfc7-a4adfd615fed ] Request (FlavorsExtraSpecsNegativeTestJSON:setUpClass): 200 GET http://10.180.1.21/identity/v3/domains?name=Default 0.581s
2025-11-12 23:12:41.782 66027 INFO tempest.lib.common.rest_client [req-32950dfb-8be5-4edd-b7c4-a212937f461b req-32950dfb-8be5-4edd-b7c4-a212937f461b ] Request (AZAdminV2TestJSON:setUpClass): 201 POST http://10.180.1.21/identity/v3/users 0.590s
2025-11-12 23:12:41.793 66005 INFO tempest.lib.common.rest_client [req-e8247789-a7c4-40d0-81d4-ff6646bc1386 req-e8247789-a7c4-40d0-81d4-ff6646bc1386 ] Request (HypervisorAdminV228Test:setUpClass): 200 GET http://10.180.1.21/identity/v3/domains?name=Default 0.559s
2025-11-12 23:12:41.797 66031 INFO tempest.lib.common.rest_client [req-2f73ea8a-5f57-49e3-97ed-2700ee31f88b req-2f73ea8a-5f57-49e3-97ed-2700ee31f88b ] Request (AZAdminNegativeTestJSON:tearDownClass): 200 GET http://10.180.1.21/networking/v2.0/security-groups?tenant_id=debeb3cd8bfe4709bf1a609ee14c32e4&name=default 0.083s
2025-11-12 23:12:41.810 65991 INFO tempest.lib.common.rest_client [req-531d4c72-b5bd-4680-9a10-44a60bddecd4 req-531d4c72-b5bd-4680-9a10-44a60bddecd4 ] Request (InstanceActionsTestJSON:setUpClass): 201 POST http://10.180.1.21/identity/v3/projects 0.573s
2025-11-12 23:12:41.821 65983 INFO tempest.lib.common.rest_client [req-811dc930-1dda-4901-bc28-d6c772f6d236 req-811dc930-1dda-4901-bc28-d6c772f6d236 ] Request (FloatingIPsAssociationTestJSON:setUpClass): 204 PUT http://10.180.1.21/identity/v3/projects/4980548203504b72bf140d299a9f0a87/users/e1a8539c18dd46a293ccb2b4e76beb0f/roles/79b4195d1ad0406099e6eeae9c937994 0.571s
2025-11-12 23:12:41.822 65983 INFO tempest.lib.common.dynamic_creds [-] Dynamic test user e1a8539c18dd46a293ccb2b4e76beb0f is created with scope project and roles: ['member']
