2024-10-09 14:47:23.692 62172 INFO tempest.lib.common.rest_client [req-73914412-3429-4b83-a7b4-7fe031e16cfa req-73914412-3429-4b83-a7b4-7fe031e16cfa ] Request (MigrationsAdminTest:test_list_migrations_in_flavor_resize_situation): 200 GET http://10.180.1.21/compute/v2.1/servers/4558e0ba-8bf4-4ee7-a16b-9e4929a21ab9 0.047s
2024-10-09 14:47:23.724 62200 INFO tempest.lib.common.rest_client [req-8316802e-cd31-4eae-bc46-27d22636df52 req-8316802e-cd31-4eae-bc46-27d22636df52 ] Request (AttachVolumeShelveTestJSON:test_attach_volume_shelved_or_offload_server): 200 GET http://10.180.1.21/compute/v2.1/servers/6ca2d77f-a62e-4eff-bf15-7855c94bb649 0.050s
2024-10-09 14:47:23.781 62175 INFO tempest.lib.common.rest_client [req-ad80275b-b9e9-41f2-adf4-0d27f281c86b req-ad80275b-b9e9-41f2-adf4-0d27f281c86b ] Request (ServerMetadataTestJSON:setUpClass): 200 GET http://10.180.1.21/compute/v2.1/servers/c8f37b6f-4f0c-43db-a1ea-3c45d3956f66 0.046s
2024-10-09 14:47:23.864 62160 INFO tempest.lib.common.rest_client [req-f207d1d6-da70-4b9d-b247-7f9e8e36cb93 req-f207d1d6-da70-4b9d-b247-7f9e8e36cb93 ] Request (ServersAdmin275Test:test_rebuild_update_server_275): 200 GET http://10.180.1.21/compute/v2.1/servers/607d29ad-2db6-4146-a0df-192f727e9d31 0.050s
2024-10-09 14:47:23.884 62202 INFO tempest.lib.common.rest_client [req-1983b21f-5fa3-4a4a-9d12-7a4c3bd5426f req-1983b21f-5fa3-4a4a-9d12-7a4c3bd5426f ] Request (ServerRescueNegativeTestJSON:setUpClass): 200 GET http://10.180.1.21/compute/v2.1/servers/46dbb96b-dc8b-4fc9-bc54-181c5a308916 0.045s
2024-10-09 14:47:23.931 62176 INFO tempest.lib.common.rest_client [req-651a956c-98b0-4b6c-adcd-09d4276d70ba req-651a956c-98b0-4b6c-adcd-09d4276d70ba ] Request (ServersTestBootFromVolume:setUpClass): 200 GET http://10.180.1.21/compute/v2.1/servers/30b75b32-6fde-4a81-af55-11b51f3e087d 0.043s
2024-10-09 14:47:23.968 62146 INFO tempest.lib.common.rest_client [req-daae1b42-2fe4-4d5c-96bd-1d6ea2c032ee req-daae1b42-2fe4-4d5c-96bd-1d6ea2c032ee ] Request (ServerActionsTestOtherA:setUpClass): 200 GET http://10.180.1.21/compute/v2.1/servers/947b697d-4120-491d-83ce-21681974c224 0.045s
2024-10-09 14:47:24.026 62189 INFO tempest.lib.common.rest_client [req-8d0df39f-d9d6-4e61-9e9c-5a03cf7911f3 req-8d0df39f-d9d6-4e61-9e9c-5a03cf7911f3 ] Request (ServerDiskConfigTestJSON:test_rebuild_server_with_manual_disk_config): 200 GET http://10.180.1.21/compute/v2.1/servers/8c1101f6-4263-47db-bbd6-2be773ea3380 0.043s
2024-10-09 14:47:24.079 62182 INFO tempest.lib.common.rest_client [req-77c5fd58-d27c-4543-9b08-65d069e254cf req-77c5fd58-d27c-4543-9b08-65d069e254cf ] Request (InstanceActionsNegativeTestJSON:setUpClass): 200 GET http://10.180.1.21/compute/v2.1/servers/8634de70-f66d-4f54-a13b-226737cb6d4a 0.045s
2024-10-09 14:47:24.132 62150 INFO tempest.lib.common.rest_client [req-2cfba544-6f09-4fb6-9883-6ceb1e0091e7 req-2cfba544-6f09-4fb6-9883-6ceb1e0091e7 ] Request (ServerTagsTestJSON:setUpClass): 200 GET http://10.180.1.21/compute/v2.1/servers/9f0c816d-e7e4-4ca9-aee7-8a0280bfe0cb 0.044s
2024-10-09 14:47:24.146 62186 INFO tempest.lib.common.rest_client [req-2afb4917-8efa-406a-8403-e01b57fe3ca2 req-2afb4917-8efa-406a-8403-e01b57fe3ca2 ] Request (VolumesTestJSON:setUpClass): 200 GET http://10.180.1.21/volume/v3/428dd82feb7d484eb6fa1cd58617cba3/volumes/e8d8105b-22e0-4cdb-b289-d468f6e0a972 0.022s
2024-10-09 14:47:24.152 62186 INFO tempest.common.waiters [-] volume e8d8105b-22e0-4cdb-b289-d468f6e0a972 reached available after waiting for 1.152284 seconds
2024-10-09 14:47:24.177 62192 INFO tempest.lib.common.rest_client [req-11ab2a86-bbcc-4f2f-812d-d9a010001ec0 req-11ab2a86-bbcc-4f2f-812d-d9a010001ec0 ] Request (ListImageFiltersTestJSON:setUpClass): 200 GET http://10.180.1.21/compute/v2.1/servers/683d40c9-b738-486a-806a-7e895637ee85 0.046s
2024-10-09 14:47:24.183 62186 INFO tempest.lib.common.rest_client [req-aa4f8dda-e563-4ddc-a27f-d05bbbb564fb req-aa4f8dda-e563-4ddc-a27f-d05bbbb564fb ] Request (VolumesTestJSON:setUpClass): 200 GET http://10.180.1.21/compute/v2.1/os-volumes/e8d8105b-22e0-4cdb-b289-d468f6e0a972 0.031s
2024-10-09 14:47:24.225 62190 INFO tempest.lib.common.rest_client [req-7989bcf9-88d0-4320-90b8-f0f5fad52348 req-7989bcf9-88d0-4320-90b8-f0f5fad52348 ] Request (DeleteServersTestJSON:test_delete_active_server): 200 GET http://10.180.1.21/compute/v2.1/servers/2eaab038-6c55-439a-8293-da80474d369a 0.045s
2024-10-09 14:47:24.237 62186 INFO tempest.lib.common.rest_client [req-17b687a1-d97e-4c26-a723-ecc3e00ab2cf req-17b687a1-d97e-4c26-a723-ecc3e00ab2cf ] Request (VolumesTestJSON:test_volume_list): 200 GET http://10.180.1.21/compute/v2.1/os-volumes 0.052s
2024-10-09 14:47:24.268 62170 INFO tempest.lib.common.rest_client [req-e2a0a9d4-707f-49cf-ae99-9690fc9f01f9 req-e2a0a9d4-707f-49cf-ae99-9690fc9f01f9 ] Request (ServersTestManualDisk:setUpClass): 200 GET http://10.180.1.21/compute/v2.1/servers/7612f830-fed2-4dd7-ba8f-f792e1aa5ac6 0.044s
2024-10-09 14:47:24.288 62186 INFO tempest.lib.common.rest_client [req-c7de344e-9a7a-43c4-80f4-abd5d0eaf438 req-c7de344e-9a7a-43c4-80f4-abd5d0eaf438 ] Request (VolumesTestJSON:test_volume_list_param_limit): 200 GET http://10.180.1.21/compute/v2.1/os-volumes?limit=2 0.047s
2024-10-09 14:47:24.320 62186 INFO tempest.lib.common.rest_client [req-4ebec266-b062-4f8f-89ee-ab5308401ae9 req-4ebec266-b062-4f8f-89ee-ab5308401ae9 ] Request (VolumesTestJSON:test_volume_list_param_offset_and_limit): 200 GET http://10.180.1.21/compute/v2.1/os-volumes 0.029s
2024-10-09 14:47:24.354 62186 INFO tempest.lib.common.rest_client [req-37fd42f7-1062-424c-909b-27c0c502d1da req-37fd42f7-1062-424c-909b-27c0c502d1da ] Request (VolumesTestJSON:test_volume_list_param_offset_and_limit): 200 GET http://10.180.1.21/compute/v2.1/os-volumes?offset=1&limit=1 0.031s
2024-10-09 14:47:24.398 62144 INFO tempest.lib.common.rest_client [req-f313e3eb-f8c9-4aa1-83b9-0a9b01ee1074 req-f313e3eb-f8c9-4aa1-83b9-0a9b01ee1074 ] Request (ServersTestJSON:setUpClass): 200 GET http://10.180.1.21/compute/v2.1/servers/b7d84a56-edb6-4d1e-b7e9-294078be79d8 0.059s
2024-10-09 14:47:24.433 62186 INFO tempest.lib.common.rest_client [req-44622dc3-d032-44a0-8b4f-e38d10eadf1d req-44622dc3-d032-44a0-8b4f-e38d10eadf1d ] Request (VolumesTestJSON:test_volume_list_with_detail_param_limit): 200 GET http://10.180.1.21/compute/v2.1/os-volumes/detail?limit=2 0.077s
2024-10-09 14:47:24.488 62142 INFO tempest.lib.common.rest_client [req-6121af90-0ce4-48e2-b2d9-de274dd4f015 req-6121af90-0ce4-48e2-b2d9-de274dd4f015 ] Request (ServerExternalEventsTest:test_create_server_external_events): 200 GET http://10.180.1.21/compute/v2.1/servers/d642bdb3-8e98-4667-9af7-71dae739e6b1 0.087s
2024-10-09 14:47:24.536 62166 INFO tempest.lib.common.rest_client [req-c0d1b43d-5eb0-4749-b223-980623634f1d req-c0d1b43d-5eb0-4749-b223-980623634f1d ] Request (ImagesTestJSON:test_create_image_from_suspended_server): 200 GET http://10.180.1.21/compute/v2.1/servers/9a54ca4f-e6ec-4413-b162-fca0cd824e00 0.133s
2024-10-09 14:47:24.545 62158 INFO tempest.lib.common.rest_client [req-ccae9ee3-b622-4a45-964b-193fe12a4350 req-ccae9ee3-b622-4a45-964b-193fe12a4350 ] Request (TenantUsagesTestJSON:setUpClass): 200 GET http://10.180.1.21/compute/v2.1/servers/d58f3c69-ae7a-48d5-a796-34898c6e704c 0.258s
2024-10-09 14:47:24.570 62186 INFO tempest.lib.common.rest_client [req-6f4e10c2-6347-4821-a969-2741d7197b1c req-6f4e10c2-6347-4821-a969-2741d7197b1c ] Request (VolumesTestJSON:test_volume_list_with_detail_param_offset_and_limit): 200 GET http://10.180.1.21/compute/v2.1/os-volumes/detail 0.133s
2024-10-09 14:47:24.593 62154 INFO tempest.lib.common.rest_client [req-741c4c69-ae39-4c17-bfe1-a51827f95c98 req-741c4c69-ae39-4c17-bfe1-a51827f95c98 ] Request (SecurityGroupsTestJSON:test_server_security_groups): 200 GET http://10.180.1.21/compute/v2.1/servers/2fc54703-5438-4c2a-b1e7-77431ce5177d 0.144s
2024-10-09 14:47:24.626 62148 INFO tempest.lib.common.rest_client [req-e269f834-c2e1-4e47-bf07-d50a9d888532 req-e269f834-c2e1-4e47-bf07-d50a9d888532 ] Request (ServerActionsTestJSON:setUpClass): 200 GET http://10.180.1.21/compute/v2.1/servers/94d9244e-bf54-442d-8947-71d15d3da551 0.170s
2024-10-09 14:47:24.642 62178 INFO tempest.lib.common.rest_client [req-d758a180-0617-402d-b706-ce617e6638b1 req-d758a180-0617-402d-b706-ce617e6638b1 ] Request (MultipleCreateTestJSON:test_multiple_create): 200 GET http://10.180.1.21/compute/v2.1/servers/86d9ab25-b3d6-4cc4-8b96-2ed2b3959f37 0.142s
2024-10-09 14:47:24.676 62162 INFO tempest.lib.common.rest_client [req-b4b4976a-05cb-4293-b6bc-b012359dbf92 req-b4b4976a-05cb-4293-b6bc-b012359dbf92 ] Request (ServerActionsTestOtherB:setUpClass): 200 GET http://10.180.1.21/compute/v2.1/servers/ab027a9d-f51d-4cb6-8aaf-ebd507548657 0.168s
2024-10-09 14:47:24.689 62184 INFO tempest.lib.common.rest_client [req-fe1b1440-0e96-4d4c-a7ac-9aa3d788ef3d req-fe1b1440-0e96-4d4c-a7ac-9aa3d788ef3d ] Request (ServerShowV247Test:test_update_rebuild_list_server): 200 GET http://10.180.1.21/compute/v2.1/servers/32fe176d-ebc2-46a4-8e93-3b2555a681d4 0.132s
2024-10-09 14:47:24.708 62186 INFO tempest.lib.common.rest_client [req-1b14b934-9ee3-4e68-b27c-b27995ef32c5 req-1b14b934-9ee3-4e68-b27c-b27995ef32c5 ] Request (VolumesTestJSON:test_volume_list_with_detail_param_offset_and_limit): 200 GET http://10.180.1.21/compute/v2.1/os-volumes/detail?offset=1&limit=1 0.135s
2024-10-09 14:47:24.736 62198 INFO tempest.lib.common.rest_client [req-d4076164-996f-4209-9ab3-3ef17a1d79e2 req-d4076164-996f-4209-9ab3-3ef17a1d79e2 ] Request (ServersTestFqdnHostnames:test_create_server_with_fqdn_name): 200 GET http://10.180.1.21/compute/v2.1/servers/b33f5bbe-fea2-40e1-bdcc-5c4788568e7d 0.128s
2024-10-09 14:47:24.762 62196 INFO tempest.lib.common.rest_client [req-a9ae56d2-5abe-44f6-b60a-80820b28bfaf req-a9ae56d2-5abe-44f6-b60a-80820b28bfaf ] Request (AttachInterfacesTestJSON:test_create_list_show_delete_interfaces_by_fixed_ip): 200 GET http://10.180.1.21/compute/v2.1/servers/8a4df3f1-67f3-404d-953f-caa6ba1b1641 0.113s
2024-10-09 14:47:24.786 62172 INFO tempest.lib.common.rest_client [req-bb2408b5-f820-49f4-be47-5cfa21127c11 req-bb2408b5-f820-49f4-be47-5cfa21127c11 ] Request (MigrationsAdminTest:test_list_migrations_in_flavor_resize_situation): 200 GET http://10.180.1.21/compute/v2.1/servers/4558e0ba-8bf4-4ee7-a16b-9e4929a21ab9 0.087s
2024-10-09 14:47:24.791 62186 INFO tempest.lib.common.rest_client [req-ab1cf912-6454-4792-ae1f-9bd9d6ff022f req-ab1cf912-6454-4792-ae1f-9bd9d6ff022f ] Request (VolumesTestJSON:test_volume_list_with_details): 200 GET http://10.180.1.21/compute/v2.1/os-volumes/detail 0.080s
2024-10-09 14:47:24.828 62186 INFO tempest.lib.common.rest_client [req-61ed007f-6fbf-4247-8bca-8452cd16d9d5 req-61ed007f-6fbf-4247-8bca-8452cd16d9d5 ] Request (VolumesTestJSON:tearDownClass): 202 DELETE http://10.180.1.21/volume/v3/428dd82feb7d484eb6fa1cd58617cba3/volumes/e8d8105b-22e0-4cdb-b289-d468f6e0a972 0.031s
2024-10-09 14:47:24.835 62200 INFO tempest.lib.common.rest_client [req-d5fc093a-4d34-48db-98cf-7ae5f82db91b req-d5fc093a-4d34-48db-98cf-7ae5f82db91b ] Request (AttachVolumeShelveTestJSON:test_attach_volume_shelved_or_offload_server): 200 GET http://10.180.1.21/compute/v2.1/servers/6ca2d77f-a62e-4eff-bf15-7855c94bb649 0.103s
2024-10-09 14:47:24.840 62175 INFO tempest.lib.common.rest_client [req-00d1fb14-7b5e-4079-a922-68a2099b6b83 req-00d1fb14-7b5e-4079-a922-68a2099b6b83 ] Request (ServerMetadataTestJSON:setUpClass): 200 GET http://10.180.1.21/compute/v2.1/servers/c8f37b6f-4f0c-43db-a1ea-3c45d3956f66 0.053s
2024-10-09 14:47:24.854 62186 INFO tempest.lib.common.rest_client [req-404253e5-4713-4ee0-9d73-560748074115 req-404253e5-4713-4ee0-9d73-560748074115 ] Request (VolumesTestJSON:tearDownClass): 200 GET http://10.180.1.21/volume/v3/428dd82feb7d484eb6fa1cd58617cba3/volumes/e8d8105b-22e0-4cdb-b289-d468f6e0a972 0.025s
2024-10-09 14:47:24.925 62160 INFO tempest.lib.common.rest_client [req-b7d8ed34-6481-4a2d-bcb0-01c72668c420 req-b7d8ed34-6481-4a2d-bcb0-01c72668c420 ] Request (ServersAdmin275Test:test_rebuild_update_server_275): 200 GET http://10.180.1.21/compute/v2.1/servers/607d29ad-2db6-4146-a0df-192f727e9d31 0.052s
2024-10-09 14:47:24.937 62202 INFO tempest.lib.common.rest_client [req-21696605-28de-4779-bf48-613970b05220 req-21696605-28de-4779-bf48-613970b05220 ] Request (ServerRescueNegativeTestJSON:setUpClass): 200 GET http://10.180.1.21/compute/v2.1/servers/46dbb96b-dc8b-4fc9-bc54-181c5a308916 0.047s
2024-10-09 14:47:24.983 62176 INFO tempest.lib.common.rest_client [req-446ccd8e-e929-407f-be83-181c370b632e req-446ccd8e-e929-407f-be83-181c370b632e ] Request (ServersTestBootFromVolume:setUpClass): 200 GET http://10.180.1.21/compute/v2.1/servers/30b75b32-6fde-4a81-af55-11b51f3e087d 0.045s
2024-10-09 14:47:25.018 62146 INFO tempest.lib.common.rest_client [req-58f25ffd-a415-4474-8b40-b675f8649168 req-58f25ffd-a415-4474-8b40-b675f8649168 ] Request (ServerActionsTestOtherA:setUpClass): 200 GET http://10.180.1.21/compute/v2.1/servers/947b697d-4120-491d-83ce-21681974c224 0.044s
2024-10-09 14:47:25.077 62189 INFO tempest.lib.common.rest_client [req-257adf18-223e-4414-b73f-7ebcc6d86396 req-257adf18-223e-4414-b73f-7ebcc6d86396 ] Request (ServerDiskConfigTestJSON:test_rebuild_server_with_manual_disk_config): 200 GET http://10.180.1.21/compute/v2.1/servers/8c1101f6-4263-47db-bbd6-2be773ea3380 0.042s
2024-10-09 14:47:25.130 62182 INFO tempest.lib.common.rest_client [req-f6dd5753-6778-4589-8d03-92ed74830311 req-f6dd5753-6778-4589-8d03-92ed74830311 ] Request (InstanceActionsNegativeTestJSON:setUpClass): 200 GET http://10.180.1.21/compute/v2.1/servers/8634de70-f66d-4f54-a13b-226737cb6d4a 0.044s
2024-10-09 14:47:25.185 62150 INFO tempest.lib.common.rest_client [req-2ec8cfea-75c0-41ec-a748-29d9940f6034 req-2ec8cfea-75c0-41ec-a748-29d9940f6034 ] Request (ServerTagsTestJSON:setUpClass): 200 GET http://10.180.1.21/compute/v2.1/servers/9f0c816d-e7e4-4ca9-aee7-8a0280bfe0cb 0.046s
2024-10-09 14:47:25.226 62192 INFO tempest.lib.common.rest_client [req-1e6fa548-ef0b-4f45-bb4b-71a60e2a3130 req-1e6fa548-ef0b-4f45-bb4b-71a60e2a3130 ] Request (ListImageFiltersTestJSON:setUpClass): 200 GET http://10.180.1.21/compute/v2.1/servers/683d40c9-b738-486a-806a-7e895637ee85 0.042s
2024-10-09 14:47:25.281 62190 INFO tempest.lib.common.rest_client [req-efd656c7-a75e-414a-a9f6-9d9d1865b9b4 req-efd656c7-a75e-414a-a9f6-9d9d1865b9b4 ] Request (DeleteServersTestJSON:test_delete_active_server): 200 GET http://10.180.1.21/compute/v2.1/servers/2eaab038-6c55-439a-8293-da80474d369a 0.049s
2024-10-09 14:47:25.321 62170 INFO tempest.lib.common.rest_client [req-83aeedba-f943-4dbc-9cf8-68e5aeff9a4e req-83aeedba-f943-4dbc-9cf8-68e5aeff9a4e ] Request (ServersTestManualDisk:setUpClass): 200 GET http://10.180.1.21/compute/v2.1/servers/7612f830-fed2-4dd7-ba8f-f792e1aa5ac6 0.045s
2024-10-09 14:47:25.454 62144 INFO tempest.lib.common.rest_client [req-68ea6caa-e325-4919-85a9-2173b3747ee7 req-68ea6caa-e325-4919-85a9-2173b3747ee7 ] Request (ServersTestJSON:setUpClass): 200 GET http://10.180.1.21/compute/v2.1/servers/b7d84a56-edb6-4d1e-b7e9-294078be79d8 0.049s
2024-10-09 14:47:25.540 62142 INFO tempest.lib.common.rest_client [req-c8dcd6d5-0d14-421b-9416-423afc333d41 req-c8dcd6d5-0d14-421b-9416-423afc333d41 ] Request (ServerExternalEventsTest:test_create_server_external_events): 200 GET http://10.180.1.21/compute/v2.1/servers/d642bdb3-8e98-4667-9af7-71dae739e6b1 0.044s
2024-10-09 14:47:25.589 62166 INFO tempest.lib.common.rest_client [req-fc8cf936-e121-4208-a46e-49e992f1a129 req-fc8cf936-e121-4208-a46e-49e992f1a129 ] Request (ImagesTestJSON:test_create_image_from_suspended_server): 200 GET http://10.180.1.21/compute/v2.1/servers/9a54ca4f-e6ec-4413-b162-fca0cd824e00 0.045s
2024-10-09 14:47:25.598 62158 INFO tempest.lib.common.rest_client [req-25aab7ae-610b-4ac3-8416-b1897389d12e req-25aab7ae-610b-4ac3-8416-b1897389d12e ] Request (TenantUsagesTestJSON:setUpClass): 200 GET http://10.180.1.21/compute/v2.1/servers/d58f3c69-ae7a-48d5-a796-34898c6e704c 0.044s
2024-10-09 14:47:25.644 62154 INFO tempest.lib.common.rest_client [req-eaf31cf1-ab32-45f4-9d03-3a0506cceaa4 req-eaf31cf1-ab32-45f4-9d03-3a0506cceaa4 ] Request (SecurityGroupsTestJSON:test_server_security_groups): 200 GET http://10.180.1.21/compute/v2.1/servers/2fc54703-5438-4c2a-b1e7-77431ce5177d 0.043s
2024-10-09 14:47:25.678 62148 INFO tempest.lib.common.rest_client [req-95290a8c-4aa2-4bbb-88c9-a87fdfce641e req-95290a8c-4aa2-4bbb-88c9-a87fdfce641e ] Request (ServerActionsTestJSON:setUpClass): 200 GET http://10.180.1.21/compute/v2.1/servers/94d9244e-bf54-442d-8947-71d15d3da551 0.045s
2024-10-09 14:47:25.692 62178 INFO tempest.lib.common.rest_client [req-0375c54d-3a09-42e8-bcd4-593e492ad22a req-0375c54d-3a09-42e8-bcd4-593e492ad22a ] Request (MultipleCreateTestJSON:test_multiple_create): 200 GET http://10.180.1.21/compute/v2.1/servers/86d9ab25-b3d6-4cc4-8b96-2ed2b3959f37 0.043s
2024-10-09 14:47:25.726 62162 INFO tempest.lib.common.rest_client [req-788fdbd0-0948-4495-b80b-09deb8ce4644 req-788fdbd0-0948-4495-b80b-09deb8ce4644 ] Request (ServerActionsTestOtherB:setUpClass): 200 GET http://10.180.1.21/compute/v2.1/servers/ab027a9d-f51d-4cb6-8aaf-ebd507548657 0.043s
2024-10-09 14:47:25.742 62184 INFO tempest.lib.common.rest_client [req-4f3ce0e5-161f-43c2-8509-6fc94c832b4e req-4f3ce0e5-161f-43c2-8509-6fc94c832b4e ] Request (ServerShowV247Test:test_update_rebuild_list_server): 200 GET http://10.180.1.21/compute/v2.1/servers/32fe176d-ebc2-46a4-8e93-3b2555a681d4 0.045s
2024-10-09 14:47:25.786 62198 INFO tempest.lib.common.rest_client [req-fd8d01bb-d926-439a-90e5-a913692bbe5e req-fd8d01bb-d926-439a-90e5-a913692bbe5e ] Request (ServersTestFqdnHostnames:test_create_server_with_fqdn_name): 200 GET http://10.180.1.21/compute/v2.1/servers/b33f5bbe-fea2-40e1-bdcc-5c4788568e7d 0.043s
2024-10-09 14:47:25.816 62196 INFO tempest.lib.common.rest_client [req-d4cd14e9-a6db-4a74-8321-75ce8a36e398 req-d4cd14e9-a6db-4a74-8321-75ce8a36e398 ] Request (AttachInterfacesTestJSON:test_create_list_show_delete_interfaces_by_fixed_ip): 200 GET http://10.180.1.21/compute/v2.1/servers/8a4df3f1-67f3-404d-953f-caa6ba1b1641 0.045s
2024-10-09 14:47:25.838 62172 INFO tempest.lib.common.rest_client [req-27f00532-e3ef-4e16-a7bd-9173366789fa req-27f00532-e3ef-4e16-a7bd-9173366789fa ] Request (MigrationsAdminTest:test_list_migrations_in_flavor_resize_situation): 200 GET http://10.180.1.21/compute/v2.1/servers/4558e0ba-8bf4-4ee7-a16b-9e4929a21ab9 0.043s
2024-10-09 14:47:25.873 62186 INFO tempest.lib.common.rest_client [req-d0f26333-bbf9-41fe-9557-b9b4da06be0b req-d0f26333-bbf9-41fe-9557-b9b4da06be0b ] Request (VolumesTestJSON:tearDownClass): 404 GET http://10.180.1.21/volume/v3/428dd82feb7d484eb6fa1cd58617cba3/volumes/e8d8105b-22e0-4cdb-b289-d468f6e0a972 0.012s
2024-10-09 14:47:25.889 62175 INFO tempest.lib.common.rest_client [req-b1d87e12-522d-4a36-b979-ffb920b68ed5 req-b1d87e12-522d-4a36-b979-ffb920b68ed5 ] Request (ServerMetadataTestJSON:setUpClass): 200 GET http://10.180.1.21/compute/v2.1/servers/c8f37b6f-4f0c-43db-a1ea-3c45d3956f66 0.042s
2024-10-09 14:47:25.893 62200 INFO tempest.lib.common.rest_client [req-bdd90a4f-99e0-4c85-8e0b-9fd1a78fc764 req-bdd90a4f-99e0-4c85-8e0b-9fd1a78fc764 ] Request (AttachVolumeShelveTestJSON:test_attach_volume_shelved_or_offload_server): 200 GET http://10.180.1.21/compute/v2.1/servers/6ca2d77f-a62e-4eff-bf15-7855c94bb649 0.050s
2024-10-09 14:47:25.903 62186 INFO tempest.lib.common.rest_client [req-af046395-314c-4e7b-9ec8-4c8d4c23510f req-af046395-314c-4e7b-9ec8-4c8d4c23510f ] Request (VolumesTestJSON:tearDownClass): 202 DELETE http://10.180.1.21/volume/v3/428dd82feb7d484eb6fa1cd58617cba3/volumes/a61f3288-38a9-4b2b-9801-41efca69b8b9 0.030s
2024-10-09 14:47:25.924 62186 INFO tempest.lib.common.rest_client [req-2dbf1640-5c12-44d8-b710-8a0ab916307e req-2dbf1640-5c12-44d8-b710-8a0ab916307e ] Request (VolumesTestJSON:tearDownClass): 200 GET http://10.180.1.21/volume/v3/428dd82feb7d484eb6fa1cd58617cba3/volumes/a61f3288-38a9-4b2b-9801-41efca69b8b9 0.021s
2024-10-09 14:47:25.987 62160 INFO tempest.lib.common.rest_client [req-b50d4b73-25e3-448e-9379-853dec50a7af req-b50d4b73-25e3-448e-9379-853dec50a7af ] Request (ServersAdmin275Test:test_rebuild_update_server_275): 200 GET http://10.180.1.21/compute/v2.1/servers/607d29ad-2db6-4146-a0df-192f727e9d31 0.053s
2024-10-09 14:47:25.991 62202 INFO tempest.lib.common.rest_client [req-d74fe01e-c5a2-4f3f-a61a-2116299ddf27 req-d74fe01e-c5a2-4f3f-a61a-2116299ddf27 ] Request (ServerRescueNegativeTestJSON:setUpClass): 200 GET http://10.180.1.21/compute/v2.1/servers/46dbb96b-dc8b-4fc9-bc54-181c5a308916 0.046s
2024-10-09 14:47:26.033 62176 INFO tempest.lib.common.rest_client [req-6d25ec09-2a2a-45f2-a18b-b5bd88a8c21e req-6d25ec09-2a2a-45f2-a18b-b5bd88a8c21e ] Request (ServersTestBootFromVolume:setUpClass): 200 GET http://10.180.1.21/compute/v2.1/servers/30b75b32-6fde-4a81-af55-11b51f3e087d 0.043s
2024-10-09 14:47:26.072 62146 INFO tempest.lib.common.rest_client [req-0228bc5c-06df-4227-98b1-502a281f7437 req-0228bc5c-06df-4227-98b1-502a281f7437 ] Request (ServerActionsTestOtherA:setUpClass): 200 GET http://10.180.1.21/compute/v2.1/servers/947b697d-4120-491d-83ce-21681974c224 0.046s
2024-10-09 14:47:26.128 62189 INFO tempest.lib.common.rest_client [req-3f8ae35f-c352-4c4d-aed5-e67f1798f1f3 req-3f8ae35f-c352-4c4d-aed5-e67f1798f1f3 ] Request (ServerDiskConfigTestJSON:test_rebuild_server_with_manual_disk_config): 200 GET http://10.180.1.21/compute/v2.1/servers/8c1101f6-4263-47db-bbd6-2be773ea3380 0.045s
2024-10-09 14:47:26.182 62182 INFO tempest.lib.common.rest_client [req-595b319a-0f83-4557-8dd8-cf4bddb7a0f7 req-595b319a-0f83-4557-8dd8-cf4bddb7a0f7 ] Request (InstanceActionsNegativeTestJSON:setUpClass): 200 GET http://10.180.1.21/compute/v2.1/servers/8634de70-f66d-4f54-a13b-226737cb6d4a 0.045s
2024-10-09 14:47:26.241 62150 INFO tempest.lib.common.rest_client [req-469070fe-2ec4-48f8-9145-c9cdc8f8f75b req-469070fe-2ec4-48f8-9145-c9cdc8f8f75b ] Request (ServerTagsTestJSON:setUpClass): 200 GET http://10.180.1.21/compute/v2.1/servers/9f0c816d-e7e4-4ca9-aee7-8a0280bfe0cb 0.048s
2024-10-09 14:47:26.278 62192 INFO tempest.lib.common.rest_client [req-090c2709-4e96-464a-b8d7-353848f58495 req-090c2709-4e96-464a-b8d7-353848f58495 ] Request (ListImageFiltersTestJSON:setUpClass): 200 GET http://10.180.1.21/compute/v2.1/servers/683d40c9-b738-486a-806a-7e895637ee85 0.045s
2024-10-09 14:47:26.333 62190 INFO tempest.lib.common.rest_client [req-78ee07a9-c8b6-4cff-9777-1af4a22180d8 req-78ee07a9-c8b6-4cff-9777-1af4a22180d8 ] Request (DeleteServersTestJSON:test_delete_active_server): 200 GET http://10.180.1.21/compute/v2.1/servers/2eaab038-6c55-439a-8293-da80474d369a 0.045s
2024-10-09 14:47:26.371 62170 INFO tempest.lib.common.rest_client [req-18c22865-72b6-4aec-85ff-09f7d2e0dd9d req-18c22865-72b6-4aec-85ff-09f7d2e0dd9d ] Request (ServersTestManualDisk:setUpClass): 200 GET http://10.180.1.21/compute/v2.1/servers/7612f830-fed2-4dd7-ba8f-f792e1aa5ac6 0.044s
2024-10-09 14:47:26.506 62144 INFO tempest.lib.common.rest_client [req-d49a9405-edee-4eae-9b90-f3157b5235c1 req-d49a9405-edee-4eae-9b90-f3157b5235c1 ] Request (ServersTestJSON:setUpClass): 200 GET http://10.180.1.21/compute/v2.1/servers/b7d84a56-edb6-4d1e-b7e9-294078be79d8 0.045s
2024-10-09 14:47:26.591 62142 INFO tempest.lib.common.rest_client [req-14e12702-f8d2-4482-932b-776441862071 req-14e12702-f8d2-4482-932b-776441862071 ] Request (ServerExternalEventsTest:test_create_server_external_events): 200 GET http://10.180.1.21/compute/v2.1/servers/d642bdb3-8e98-4667-9af7-71dae739e6b1 0.045s
2024-10-09 14:47:26.642 62166 INFO tempest.lib.common.rest_client [req-02fc6025-147f-4a33-9a96-8509c71a53a1 req-02fc6025-147f-4a33-9a96-8509c71a53a1 ] Request (ImagesTestJSON:test_create_image_from_suspended_server): 200 GET http://10.180.1.21/compute/v2.1/servers/9a54ca4f-e6ec-4413-b162-fca0cd824e00 0.045s
2024-10-09 14:47:26.647 62158 INFO tempest.lib.common.rest_client [req-643ac7e0-17bc-4e91-8e5c-59364447d74a req-643ac7e0-17bc-4e91-8e5c-59364447d74a ] Request (TenantUsagesTestJSON:setUpClass): 200 GET http://10.180.1.21/compute/v2.1/servers/d58f3c69-ae7a-48d5-a796-34898c6e704c 0.043s
2024-10-09 14:47:26.694 62154 INFO tempest.lib.common.rest_client [req-ef98401b-26ab-4ac4-ba5d-f6e17c9df121 req-ef98401b-26ab-4ac4-ba5d-f6e17c9df121 ] Request (SecurityGroupsTestJSON:test_server_security_groups): 200 GET http://10.180.1.21/compute/v2.1/servers/2fc54703-5438-4c2a-b1e7-77431ce5177d 0.044s
2024-10-09 14:47:26.733 62148 INFO tempest.lib.common.rest_client [req-f0375ade-bbae-4e87-ab13-01023cbb767b req-f0375ade-bbae-4e87-ab13-01023cbb767b ] Request (ServerActionsTestJSON:setUpClass): 200 GET http://10.180.1.21/compute/v2.1/servers/94d9244e-bf54-442d-8947-71d15d3da551 0.047s
2024-10-09 14:47:26.744 62178 INFO tempest.lib.common.rest_client [req-8553976b-2772-42c6-bb49-90cbdf310266 req-8553976b-2772-42c6-bb49-90cbdf310266 ] Request (MultipleCreateTestJSON:test_multiple_create): 200 GET http://10.180.1.21/compute/v2.1/servers/86d9ab25-b3d6-4cc4-8b96-2ed2b3959f37 0.046s
2024-10-09 14:47:26.780 62162 INFO tempest.lib.common.rest_client [req-d074e61d-cf9e-44d1-8f4f-42c51b3aed2c req-d074e61d-cf9e-44d1-8f4f-42c51b3aed2c ] Request (ServerActionsTestOtherB:setUpClass): 200 GET http://10.180.1.21/compute/v2.1/servers/ab027a9d-f51d-4cb6-8aaf-ebd507548657 0.047s
2024-10-09 14:47:26.799 62184 INFO tempest.lib.common.rest_client [req-f5b8c34d-451d-4967-a57a-a4c0dc3cb5cb req-f5b8c34d-451d-4967-a57a-a4c0dc3cb5cb ] Request (ServerShowV247Test:test_update_rebuild_list_server): 200 GET http://10.180.1.21/compute/v2.1/servers/32fe176d-ebc2-46a4-8e93-3b2555a681d4 0.049s
2024-10-09 14:47:26.836 62198 INFO tempest.lib.common.rest_client [req-d00a3703-ce66-4408-9f54-ccdfe8f91b3b req-d00a3703-ce66-4408-9f54-ccdfe8f91b3b ] Request (ServersTestFqdnHostnames:test_create_server_with_fqdn_name): 200 GET http://10.180.1.21/compute/v2.1/servers/b33f5bbe-fea2-40e1-bdcc-5c4788568e7d 0.043s
2024-10-09 14:47:26.866 62196 INFO tempest.lib.common.rest_client [req-84c03917-6349-4493-9ce9-a0a6ba46531b req-84c03917-6349-4493-9ce9-a0a6ba46531b ] Request (AttachInterfacesTestJSON:test_create_list_show_delete_interfaces_by_fixed_ip): 200 GET http://10.180.1.21/compute/v2.1/servers/8a4df3f1-67f3-404d-953f-caa6ba1b1641 0.043s
2024-10-09 14:47:26.887 62172 INFO tempest.lib.common.rest_client [req-4747878e-ddc9-4ebc-be07-4abda59b7143 req-4747878e-ddc9-4ebc-be07-4abda59b7143 ] Request (MigrationsAdminTest:test_list_migrations_in_flavor_resize_situation): 200 GET http://10.180.1.21/compute/v2.1/servers/4558e0ba-8bf4-4ee7-a16b-9e4929a21ab9 0.042s
2024-10-09 14:47:26.941 62175 INFO tempest.lib.common.rest_client [req-a450cd92-1f05-4b27-a7f3-966d25fef4d5 req-a450cd92-1f05-4b27-a7f3-966d25fef4d5 ] Request (ServerMetadataTestJSON:setUpClass): 200 GET http://10.180.1.21/compute/v2.1/servers/c8f37b6f-4f0c-43db-a1ea-3c45d3956f66 0.045s
2024-10-09 14:47:26.942 62186 INFO tempest.lib.common.rest_client [req-9e39fd2c-288e-40dc-a415-b7815c919cd9 req-9e39fd2c-288e-40dc-a415-b7815c919cd9 ] Request (VolumesTestJSON:tearDownClass): 404 GET http://10.180.1.21/volume/v3/428dd82feb7d484eb6fa1cd58617cba3/volumes/a61f3288-38a9-4b2b-9801-41efca69b8b9 0.012s
2024-10-09 14:47:26.944 62200 INFO tempest.lib.common.rest_client [req-26d2e1fc-1489-4602-bfeb-faa15c2eca27 req-26d2e1fc-1489-4602-bfeb-faa15c2eca27 ] Request (AttachVolumeShelveTestJSON:test_attach_volume_shelved_or_offload_server): 200 GET http://10.180.1.21/compute/v2.1/servers/6ca2d77f-a62e-4eff-bf15-7855c94bb649 0.044s
2024-10-09 14:47:26.968 62186 INFO tempest.lib.common.rest_client [req-2cba6d4b-c8a8-4e5e-8fef-142001cef5be req-2cba6d4b-c8a8-4e5e-8fef-142001cef5be ] Request (VolumesTestJSON:tearDownClass): 202 DELETE http://10.180.1.21/volume/v3/428dd82feb7d484eb6fa1cd58617cba3/volumes/be36a5e8-2fee-4b69-a792-1ffbe906a8bf 0.026s
2024-10-09 14:47:26.989 62186 INFO tempest.lib.common.rest_client [req-e175c1c7-3505-42c9-bea4-d0897cd7a9e7 req-e175c1c7-3505-42c9-bea4-d0897cd7a9e7 ] Request (VolumesTestJSON:tearDownClass): 200 GET http://10.180.1.21/volume/v3/428dd82feb7d484eb6fa1cd58617cba3/volumes/be36a5e8-2fee-4b69-a792-1ffbe906a8bf 0.020s
2024-10-09 14:47:27.044 62202 INFO tempest.lib.common.rest_client [req-e188aaba-1fb6-43bc-ac23-a6ab8e148120 req-e188aaba-1fb6-43bc-ac23-a6ab8e148120 ] Request (ServerRescueNegativeTestJSON:setUpClass): 200 GET http://10.180.1.21/compute/v2.1/servers/46dbb96b-dc8b-4fc9-bc54-181c5a308916 0.047s
2024-10-09 14:47:27.048 62160 INFO tempest.lib.common.rest_client [req-527c8d15-a1d1-4a4a-b555-9835f8f3ff03 req-527c8d15-a1d1-4a4a-b555-9835f8f3ff03 ] Request (ServersAdmin275Test:test_rebuild_update_server_275): 200 GET http://10.180.1.21/compute/v2.1/servers/607d29ad-2db6-4146-a0df-192f727e9d31 0.052s
2024-10-09 14:47:27.085 62176 INFO tempest.lib.common.rest_client [req-21147f01-3ff8-4507-b96b-623f75164de5 req-21147f01-3ff8-4507-b96b-623f75164de5 ] Request (ServersTestBootFromVolume:setUpClass): 200 GET http://10.180.1.21/compute/v2.1/servers/30b75b32-6fde-4a81-af55-11b51f3e087d 0.045s
2024-10-09 14:47:27.121 62146 INFO tempest.lib.common.rest_client [req-3c692c6b-5594-4ca6-b85f-52eba7a632f3 req-3c692c6b-5594-4ca6-b85f-52eba7a632f3 ] Request (ServerActionsTestOtherA:setUpClass): 200 GET http://10.180.1.21/compute/v2.1/servers/947b697d-4120-491d-83ce-21681974c224 0.042s
2024-10-09 14:47:27.177 62189 INFO tempest.lib.common.rest_client [req-47142f64-9f69-41b6-be0c-31e9076c62c1 req-47142f64-9f69-41b6-be0c-31e9076c62c1 ] Request (ServerDiskConfigTestJSON:test_rebuild_server_with_manual_disk_config): 200 GET http://10.180.1.21/compute/v2.1/servers/8c1101f6-4263-47db-bbd6-2be773ea3380 0.043s
2024-10-09 14:47:27.233 62182 INFO tempest.lib.common.rest_client [req-b3fe4b0d-ab4b-4923-8e47-391077049051 req-b3fe4b0d-ab4b-4923-8e47-391077049051 ] Request (InstanceActionsNegativeTestJSON:setUpClass): 200 GET http://10.180.1.21/compute/v2.1/servers/8634de70-f66d-4f54-a13b-226737cb6d4a 0.044s
2024-10-09 14:47:27.294 62150 INFO tempest.lib.common.rest_client [req-eb198f62-3d6b-4f07-bd44-7dc8538e3109 req-eb198f62-3d6b-4f07-bd44-7dc8538e3109 ] Request (ServerTagsTestJSON:setUpClass): 200 GET http://10.180.1.21/compute/v2.1/servers/9f0c816d-e7e4-4ca9-aee7-8a0280bfe0cb 0.045s
2024-10-09 14:47:27.330 62192 INFO tempest.lib.common.rest_client [req-35ca082a-17ca-4b0c-88b0-76787f0e4765 req-35ca082a-17ca-4b0c-88b0-76787f0e4765 ] Request (ListImageFiltersTestJSON:setUpClass): 200 GET http://10.180.1.21/compute/v2.1/servers/683d40c9-b738-486a-806a-7e895637ee85 0.045s
2024-10-09 14:47:27.388 62190 INFO tempest.lib.common.rest_client [req-c85ca696-7636-448c-8c6d-369445176f8f req-c85ca696-7636-448c-8c6d-369445176f8f ] Request (DeleteServersTestJSON:test_delete_active_server): 200 GET http://10.180.1.21/compute/v2.1/servers/2eaab038-6c55-439a-8293-da80474d369a 0.049s
2024-10-09 14:47:27.423 62170 INFO tempest.lib.common.rest_client [req-44181f96-c043-48f9-a30f-d030f31735c0 req-44181f96-c043-48f9-a30f-d030f31735c0 ] Request (ServersTestManualDisk:setUpClass): 200 GET http://10.180.1.21/compute/v2.1/servers/7612f830-fed2-4dd7-ba8f-f792e1aa5ac6 0.046s
2024-10-09 14:47:27.560 62144 INFO tempest.lib.common.rest_client [req-0571a6a3-8449-451f-896a-fae7970f0271 req-0571a6a3-8449-451f-896a-fae7970f0271 ] Request (ServersTestJSON:setUpClass): 200 GET http://10.180.1.21/compute/v2.1/servers/b7d84a56-edb6-4d1e-b7e9-294078be79d8 0.046s
2024-10-09 14:47:27.644 62142 INFO tempest.lib.common.rest_client [req-071f4151-b43e-482d-8b3a-8853a43866ae req-071f4151-b43e-482d-8b3a-8853a43866ae ] Request (ServerExternalEventsTest:test_create_server_external_events): 200 GET http://10.180.1.21/compute/v2.1/servers/d642bdb3-8e98-4667-9af7-71dae739e6b1 0.046s
2024-10-09 14:47:27.693 62166 INFO tempest.lib.common.rest_client [req-ed0a9cd9-43ba-4371-a4e2-f3118f9c6b60 req-ed0a9cd9-43ba-4371-a4e2-f3118f9c6b60 ] Request (ImagesTestJSON:test_create_image_from_suspended_server): 200 GET http://10.180.1.21/compute/v2.1/servers/9a54ca4f-e6ec-4413-b162-fca0cd824e00 0.045s
2024-10-09 14:47:27.700 62158 INFO tempest.lib.common.rest_client [req-b5ba2c6e-47f4-4416-83f1-60a4eb7b5cc2 req-b5ba2c6e-47f4-4416-83f1-60a4eb7b5cc2 ] Request (TenantUsagesTestJSON:setUpClass): 200 GET http://10.180.1.21/compute/v2.1/servers/d58f3c69-ae7a-48d5-a796-34898c6e704c 0.046s
2024-10-09 14:47:27.745 62154 INFO tempest.lib.common.rest_client [req-87b3881c-a603-4c44-85e1-df9250d24f93 req-87b3881c-a603-4c44-85e1-df9250d24f93 ] Request (SecurityGroupsTestJSON:test_server_security_groups): 200 GET http://10.180.1.21/compute/v2.1/servers/2fc54703-5438-4c2a-b1e7-77431ce5177d 0.044s
2024-10-09 14:47:27.785 62148 INFO tempest.lib.common.rest_client [req-2a6c7c08-f554-42fa-bce1-35d52c2723c8 req-2a6c7c08-f554-42fa-bce1-35d52c2723c8 ] Request (ServerActionsTestJSON:setUpClass): 200 GET http://10.180.1.21/compute/v2.1/servers/94d9244e-bf54-442d-8947-71d15d3da551 0.045s
2024-10-09 14:47:27.794 62178 INFO tempest.lib.common.rest_client [req-aeea35b8-273c-4aa5-9960-07e111cef14a req-aeea35b8-273c-4aa5-9960-07e111cef14a ] Request (MultipleCreateTestJSON:test_multiple_create): 200 GET http://10.180.1.21/compute/v2.1/servers/86d9ab25-b3d6-4cc4-8b96-2ed2b3959f37 0.043s
2024-10-09 14:47:27.830 62162 INFO tempest.lib.common.rest_client [req-949ce6f6-50a0-4c62-98b3-c23614784d89 req-949ce6f6-50a0-4c62-98b3-c23614784d89 ] Request (ServerActionsTestOtherB:setUpClass): 200 GET http://10.180.1.21/compute/v2.1/servers/ab027a9d-f51d-4cb6-8aaf-ebd507548657 0.044s
2024-10-09 14:47:27.853 62184 INFO tempest.lib.common.rest_client [req-8c73db18-0c38-4b66-be3b-b67bd765d1a5 req-8c73db18-0c38-4b66-be3b-b67bd765d1a5 ] Request (ServerShowV247Test:test_update_rebuild_list_server): 200 GET http://10.180.1.21/compute/v2.1/servers/32fe176d-ebc2-46a4-8e93-3b2555a681d4 0.045s
2024-10-09 14:47:27.888 62198 INFO tempest.lib.common.rest_client [req-5cb6775d-4f87-4e03-a378-312aaab00298 req-5cb6775d-4f87-4e03-a378-312aaab00298 ] Request (ServersTestFqdnHostnames:test_create_server_with_fqdn_name): 200 GET http://10.180.1.21/compute/v2.1/servers/b33f5bbe-fea2-40e1-bdcc-5c4788568e7d 0.045s
2024-10-09 14:47:27.921 62196 INFO tempest.lib.common.rest_client [req-41f58185-01b3-4855-ac8b-fc57293f38df req-41f58185-01b3-4855-ac8b-fc57293f38df ] Request (AttachInterfacesTestJSON:test_create_list_show_delete_interfaces_by_fixed_ip): 200 GET http://10.180.1.21/compute/v2.1/servers/8a4df3f1-67f3-404d-953f-caa6ba1b1641 0.048s
2024-10-09 14:47:27.941 62172 INFO tempest.lib.common.rest_client [req-c125beea-c65f-4c0d-950f-b05d24c8ece4 req-c125beea-c65f-4c0d-950f-b05d24c8ece4 ] Request (MigrationsAdminTest:test_list_migrations_in_flavor_resize_situation): 200 GET http://10.180.1.21/compute/v2.1/servers/4558e0ba-8bf4-4ee7-a16b-9e4929a21ab9 0.047s
2024-10-09 14:47:27.996 62175 INFO tempest.lib.common.rest_client [req-ac96e797-95d1-4d9c-8860-6ac35be3382e req-ac96e797-95d1-4d9c-8860-6ac35be3382e ] Request (ServerMetadataTestJSON:setUpClass): 200 GET http://10.180.1.21/compute/v2.1/servers/c8f37b6f-4f0c-43db-a1ea-3c45d3956f66 0.048s
2024-10-09 14:47:28.007 62186 INFO tempest.lib.common.rest_client [req-8b2b2598-e0aa-4f61-875d-78f967342852 req-8b2b2598-e0aa-4f61-875d-78f967342852 ] Request (VolumesTestJSON:tearDownClass): 404 GET http://10.180.1.21/volume/v3/428dd82feb7d484eb6fa1cd58617cba3/volumes/be36a5e8-2fee-4b69-a792-1ffbe906a8bf 0.012s
2024-10-09 14:47:28.008 62200 INFO tempest.lib.common.rest_client [req-9d4b8309-4070-487c-b5d9-01e1d18a774c req-9d4b8309-4070-487c-b5d9-01e1d18a774c ] Request (AttachVolumeShelveTestJSON:test_attach_volume_shelved_or_offload_server): 200 GET http://10.180.1.21/compute/v2.1/servers/6ca2d77f-a62e-4eff-bf15-7855c94bb649 0.056s
2024-10-09 14:47:28.098 62202 INFO tempest.lib.common.rest_client [req-d608e23c-02d5-4e95-8181-f9e55fa74d6d req-d608e23c-02d5-4e95-8181-f9e55fa74d6d ] Request (ServerRescueNegativeTestJSON:setUpClass): 200 GET http://10.180.1.21/compute/v2.1/servers/46dbb96b-dc8b-4fc9-bc54-181c5a308916 0.047s
2024-10-09 14:47:28.099 62186 INFO tempest.lib.common.rest_client [req-10615477-fd2d-458d-8637-2693d51761b4 req-10615477-fd2d-458d-8637-2693d51761b4 ] Request (VolumesTestJSON:tearDownClass): 204 DELETE http://10.180.1.21/identity/v3/users/7d593cd645c0471ca49804e2eff99934 0.092s
2024-10-09 14:47:28.100 62186 INFO tempest.lib.common.dynamic_creds [-] Deleting project and security group for project: 428dd82feb7d484eb6fa1cd58617cba3
2024-10-09 14:47:28.109 62160 INFO tempest.lib.common.rest_client [req-c04f5981-84e7-4ec5-a5fb-3cd4af8fad87 req-c04f5981-84e7-4ec5-a5fb-3cd4af8fad87 ] Request (ServersAdmin275Test:test_rebuild_update_server_275): 200 GET http://10.180.1.21/compute/v2.1/servers/607d29ad-2db6-4146-a0df-192f727e9d31 0.052s
2024-10-09 14:47:28.141 62176 INFO tempest.lib.common.rest_client [req-48c532bb-7007-4a9d-bdd4-d16bd8c08136 req-48c532bb-7007-4a9d-bdd4-d16bd8c08136 ] Request (ServersTestBootFromVolume:setUpClass): 200 GET http://10.180.1.21/compute/v2.1/servers/30b75b32-6fde-4a81-af55-11b51f3e087d 0.049s
2024-10-09 14:47:28.150 62186 INFO tempest.lib.common.rest_client [req-e4b13119-a4f2-4be5-b3d2-d652987fb28e req-e4b13119-a4f2-4be5-b3d2-d652987fb28e ] Request (VolumesTestJSON:tearDownClass): 201 POST http://10.180.1.21/identity/v3/auth/tokens 0.050s
2024-10-09 14:47:28.174 62146 INFO tempest.lib.common.rest_client [req-10533a9d-1ecc-41e2-a1bd-60310dc9d417 req-10533a9d-1ecc-41e2-a1bd-60310dc9d417 ] Request (ServerActionsTestOtherA:setUpClass): 200 GET http://10.180.1.21/compute/v2.1/servers/947b697d-4120-491d-83ce-21681974c224 0.045s
2024-10-09 14:47:28.231 62189 INFO tempest.lib.common.rest_client [req-72c98dac-abfc-4900-99e7-5d189bd074ae req-72c98dac-abfc-4900-99e7-5d189bd074ae ] Request (ServerDiskConfigTestJSON:test_rebuild_server_with_manual_disk_config): 200 GET http://10.180.1.21/compute/v2.1/servers/8c1101f6-4263-47db-bbd6-2be773ea3380 0.048s
2024-10-09 14:47:28.289 62182 INFO tempest.lib.common.rest_client [req-cfc3fef0-9724-43a1-bd40-2929c3626c2d req-cfc3fef0-9724-43a1-bd40-2929c3626c2d ] Request (InstanceActionsNegativeTestJSON:setUpClass): 200 GET http://10.180.1.21/compute/v2.1/servers/8634de70-f66d-4f54-a13b-226737cb6d4a 0.049s
2024-10-09 14:47:28.311 62186 INFO tempest.lib.common.rest_client [req-7ca9c7e2-9b8e-4ae3-bfa3-368fbd279189 req-7ca9c7e2-9b8e-4ae3-bfa3-368fbd279189 ] Request (VolumesTestJSON:tearDownClass): 200 GET http://10.180.1.21:9696/networking/v2.0/security-groups?tenant_id=428dd82feb7d484eb6fa1cd58617cba3&name=default 0.160s
2024-10-09 14:47:28.369 62150 INFO tempest.lib.common.rest_client [req-d2ecf646-1966-40a9-9378-b824b7300a53 req-d2ecf646-1966-40a9-9378-b824b7300a53 ] Request (ServerTagsTestJSON:setUpClass): 200 GET http://10.180.1.21/compute/v2.1/servers/9f0c816d-e7e4-4ca9-aee7-8a0280bfe0cb 0.065s
2024-10-09 14:47:28.384 62192 INFO tempest.lib.common.rest_client [req-1b513dc1-29b1-4021-88f5-74bd90e6fb40 req-1b513dc1-29b1-4021-88f5-74bd90e6fb40 ] Request (ListImageFiltersTestJSON:setUpClass): 200 GET http://10.180.1.21/compute/v2.1/servers/683d40c9-b738-486a-806a-7e895637ee85 0.047s
2024-10-09 14:47:28.410 62186 INFO tempest.lib.common.rest_client [req-5aaa7f83-d2d2-4fce-956c-f85663702587 req-5aaa7f83-d2d2-4fce-956c-f85663702587 ] Request (VolumesTestJSON:tearDownClass): 204 DELETE http://10.180.1.21:9696/networking/v2.0/security-groups/4d914e67-f2a8-4f51-883e-224cfb15d955 0.099s
2024-10-09 14:47:28.441 62190 INFO tempest.lib.common.rest_client [req-f7012c1a-cf4e-482e-b556-b1504745fb13 req-f7012c1a-cf4e-482e-b556-b1504745fb13 ] Request (DeleteServersTestJSON:test_delete_active_server): 200 GET http://10.180.1.21/compute/v2.1/servers/2eaab038-6c55-439a-8293-da80474d369a 0.047s
2024-10-09 14:47:28.463 62186 INFO tempest.lib.common.rest_client [req-1409c650-ed8a-4592-836c-2978ca744440 req-1409c650-ed8a-4592-836c-2978ca744440 ] Request (VolumesTestJSON:tearDownClass): 204 DELETE http://10.180.1.21/identity/v3/projects/428dd82feb7d484eb6fa1cd58617cba3 0.052s
2024-10-09 14:47:28.476 62170 INFO tempest.lib.common.rest_client [req-aa13aaef-0676-4bb8-bb5e-26641b6fd2b0 req-aa13aaef-0676-4bb8-bb5e-26641b6fd2b0 ] Request (ServersTestManualDisk:setUpClass): 200 GET http://10.180.1.21/compute/v2.1/servers/7612f830-fed2-4dd7-ba8f-f792e1aa5ac6 0.045s
2024-10-09 14:47:28.617 62144 INFO tempest.lib.common.rest_client [req-86cdc06f-a88c-484c-8c60-6f1e21e32f1d req-86cdc06f-a88c-484c-8c60-6f1e21e32f1d ] Request (ServersTestJSON:setUpClass): 200 GET http://10.180.1.21/compute/v2.1/servers/b7d84a56-edb6-4d1e-b7e9-294078be79d8 0.050s
2024-10-09 14:47:28.703 62142 INFO tempest.lib.common.rest_client [req-562ee1d5-c049-4890-8e3e-c2981ac0fbb0 req-562ee1d5-c049-4890-8e3e-c2981ac0fbb0 ] Request (ServerExternalEventsTest:test_create_server_external_events): 200 GET http://10.180.1.21/compute/v2.1/servers/d642bdb3-8e98-4667-9af7-71dae739e6b1 0.052s
2024-10-09 14:47:28.747 62166 INFO tempest.lib.common.rest_client [req-75fd75bf-8d29-488c-aa07-88dd8879f9f9 req-75fd75bf-8d29-488c-aa07-88dd8879f9f9 ] Request (ImagesTestJSON:test_create_image_from_suspended_server): 200 GET http://10.180.1.21/compute/v2.1/servers/9a54ca4f-e6ec-4413-b162-fca0cd824e00 0.046s
2024-10-09 14:47:28.763 62158 INFO tempest.lib.common.rest_client [req-c256d22b-a011-42da-892a-6ab2eec0a7e8 req-c256d22b-a011-42da-892a-6ab2eec0a7e8 ] Request (TenantUsagesTestJSON:setUpClass): 200 GET http://10.180.1.21/compute/v2.1/servers/d58f3c69-ae7a-48d5-a796-34898c6e704c 0.056s
2024-10-09 14:47:28.796 62154 INFO tempest.lib.common.rest_client [req-fff051f8-b39d-42c2-a28f-f442bac1dc60 req-fff051f8-b39d-42c2-a28f-f442bac1dc60 ] Request (SecurityGroupsTestJSON:test_server_security_groups): 200 GET http://10.180.1.21/compute/v2.1/servers/2fc54703-5438-4c2a-b1e7-77431ce5177d 0.044s
2024-10-09 14:47:28.844 62148 INFO tempest.lib.common.rest_client [req-015bdcc4-a47c-49ac-9a63-b122005e0822 req-015bdcc4-a47c-49ac-9a63-b122005e0822 ] Request (ServerActionsTestJSON:setUpClass): 200 GET http://10.180.1.21/compute/v2.1/servers/94d9244e-bf54-442d-8947-71d15d3da551 0.052s
2024-10-09 14:47:28.849 62178 INFO tempest.lib.common.rest_client [req-5e21f418-4c05-4d9f-8654-58fb07558ef5 req-5e21f418-4c05-4d9f-8654-58fb07558ef5 ] Request (MultipleCreateTestJSON:test_multiple_create): 200 GET http://10.180.1.21/compute/v2.1/servers/86d9ab25-b3d6-4cc4-8b96-2ed2b3959f37 0.047s
2024-10-09 14:47:28.894 62162 INFO tempest.lib.common.rest_client [req-1102738a-2cfb-4f23-a956-930c1667b0b9 req-1102738a-2cfb-4f23-a956-930c1667b0b9 ] Request (ServerActionsTestOtherB:setUpClass): 200 GET http://10.180.1.21/compute/v2.1/servers/ab027a9d-f51d-4cb6-8aaf-ebd507548657 0.058s
2024-10-09 14:47:28.908 62184 INFO tempest.lib.common.rest_client [req-bf63a388-d244-463c-b014-0352de00246e req-bf63a388-d244-463c-b014-0352de00246e ] Request (ServerShowV247Test:test_update_rebuild_list_server): 200 GET http://10.180.1.21/compute/v2.1/servers/32fe176d-ebc2-46a4-8e93-3b2555a681d4 0.047s
2024-10-09 14:47:28.938 62198 INFO tempest.lib.common.rest_client [req-df6e3cf7-1c1e-44dc-98cb-33ec2ae3f380 req-df6e3cf7-1c1e-44dc-98cb-33ec2ae3f380 ] Request (ServersTestFqdnHostnames:test_create_server_with_fqdn_name): 200 GET http://10.180.1.21/compute/v2.1/servers/b33f5bbe-fea2-40e1-bdcc-5c4788568e7d 0.044s
2024-10-09 14:47:28.972 62196 INFO tempest.lib.common.rest_client [req-ee85ef08-7fda-4e22-9bfb-8e21ed7a6419 req-ee85ef08-7fda-4e22-9bfb-8e21ed7a6419 ] Request (AttachInterfacesTestJSON:test_create_list_show_delete_interfaces_by_fixed_ip): 200 GET http://10.180.1.21/compute/v2.1/servers/8a4df3f1-67f3-404d-953f-caa6ba1b1641 0.044s
2024-10-09 14:47:28.993 62172 INFO tempest.lib.common.rest_client [req-dcb84291-4341-46ca-9eea-b79a5dd0c64a req-dcb84291-4341-46ca-9eea-b79a5dd0c64a ] Request (MigrationsAdminTest:test_list_migrations_in_flavor_resize_situation): 200 GET http://10.180.1.21/compute/v2.1/servers/4558e0ba-8bf4-4ee7-a16b-9e4929a21ab9 0.043s
2024-10-09 14:47:29.046 62175 INFO tempest.lib.common.rest_client [req-5ecdf58e-ae18-49ed-bdab-d10021b5d227 req-5ecdf58e-ae18-49ed-bdab-d10021b5d227 ] Request (ServerMetadataTestJSON:setUpClass): 200 GET http://10.180.1.21/compute/v2.1/servers/c8f37b6f-4f0c-43db-a1ea-3c45d3956f66 0.043s
2024-10-09 14:47:29.061 62200 INFO tempest.lib.common.rest_client [req-704ff53e-fefa-488b-8a1f-168f19e96339 req-704ff53e-fefa-488b-8a1f-168f19e96339 ] Request (AttachVolumeShelveTestJSON:test_attach_volume_shelved_or_offload_server): 200 GET http://10.180.1.21/compute/v2.1/servers/6ca2d77f-a62e-4eff-bf15-7855c94bb649 0.044s
2024-10-09 14:47:29.153 62202 INFO tempest.lib.common.rest_client [req-1573cf40-00ad-4e1a-89d5-70640cc2d20b req-1573cf40-00ad-4e1a-89d5-70640cc2d20b ] Request (ServerRescueNegativeTestJSON:setUpClass): 200 GET http://10.180.1.21/compute/v2.1/servers/46dbb96b-dc8b-4fc9-bc54-181c5a308916 0.047s
2024-10-09 14:47:29.168 62160 INFO tempest.lib.common.rest_client [req-94c7b8a4-b7eb-4ad4-bd1f-eeee7095bcb5 req-94c7b8a4-b7eb-4ad4-bd1f-eeee7095bcb5 ] Request (ServersAdmin275Test:test_rebuild_update_server_275): 200 GET http://10.180.1.21/compute/v2.1/servers/607d29ad-2db6-4146-a0df-192f727e9d31 0.049s
2024-10-09 14:47:29.194 62176 INFO tempest.lib.common.rest_client [req-9d22f1f1-e026-47a4-a9b0-f840265e483f req-9d22f1f1-e026-47a4-a9b0-f840265e483f ] Request (ServersTestBootFromVolume:setUpClass): 200 GET http://10.180.1.21/compute/v2.1/servers/30b75b32-6fde-4a81-af55-11b51f3e087d 0.047s
2024-10-09 14:47:29.225 62146 INFO tempest.lib.common.rest_client [req-6274971d-cf11-4676-b626-298cf2ac7990 req-6274971d-cf11-4676-b626-298cf2ac7990 ] Request (ServerActionsTestOtherA:setUpClass): 200 GET http://10.180.1.21/compute/v2.1/servers/947b697d-4120-491d-83ce-21681974c224 0.044s
2024-10-09 14:47:29.285 62189 INFO tempest.lib.common.rest_client [req-478f5d97-eb58-4665-be4f-78fdecb9f4bc req-478f5d97-eb58-4665-be4f-78fdecb9f4bc ] Request (ServerDiskConfigTestJSON:test_rebuild_server_with_manual_disk_config): 200 GET http://10.180.1.21/compute/v2.1/servers/8c1101f6-4263-47db-bbd6-2be773ea3380 0.047s
2024-10-09 14:47:29.344 62182 INFO tempest.lib.common.rest_client [req-7d10f170-1369-4cb3-8f98-cafee0e8e185 req-7d10f170-1369-4cb3-8f98-cafee0e8e185 ] Request (InstanceActionsNegativeTestJSON:setUpClass): 200 GET http://10.180.1.21/compute/v2.1/servers/8634de70-f66d-4f54-a13b-226737cb6d4a 0.047s
2024-10-09 14:47:29.425 62150 INFO tempest.lib.common.rest_client [req-7b3caa0d-8e6b-427b-be63-2249f69f6a7e req-7b3caa0d-8e6b-427b-be63-2249f69f6a7e ] Request (ServerTagsTestJSON:setUpClass): 200 GET http://10.180.1.21/compute/v2.1/servers/9f0c816d-e7e4-4ca9-aee7-8a0280bfe0cb 0.048s
2024-10-09 14:47:29.436 62192 INFO tempest.lib.common.rest_client [req-dd58c0a8-4ae9-480e-ac6b-7f1a940f50f1 req-dd58c0a8-4ae9-480e-ac6b-7f1a940f50f1 ] Request (ListImageFiltersTestJSON:setUpClass): 200 GET http://10.180.1.21/compute/v2.1/servers/683d40c9-b738-486a-806a-7e895637ee85 0.045s
2024-10-09 14:47:29.492 62190 INFO tempest.lib.common.rest_client [req-2d6d528f-90a1-40ab-b430-faa63b75f8f7 req-2d6d528f-90a1-40ab-b430-faa63b75f8f7 ] Request (DeleteServersTestJSON:test_delete_active_server): 200 GET http://10.180.1.21/compute/v2.1/servers/2eaab038-6c55-439a-8293-da80474d369a 0.044s
2024-10-09 14:47:29.527 62170 INFO tempest.lib.common.rest_client [req-9891b97e-f02d-48d5-aecc-ed27017b8563 req-9891b97e-f02d-48d5-aecc-ed27017b8563 ] Request (ServersTestManualDisk:setUpClass): 200 GET http://10.180.1.21/compute/v2.1/servers/7612f830-fed2-4dd7-ba8f-f792e1aa5ac6 0.044s
2024-10-09 14:47:29.669 62144 INFO tempest.lib.common.rest_client [req-94d90a3f-d653-4953-a41b-44965bf361d2 req-94d90a3f-d653-4953-a41b-44965bf361d2 ] Request (ServersTestJSON:setUpClass): 200 GET http://10.180.1.21/compute/v2.1/servers/b7d84a56-edb6-4d1e-b7e9-294078be79d8 0.045s
2024-10-09 14:47:29.759 62142 INFO tempest.lib.common.rest_client [req-e62db093-64ee-4c30-bfca-4694c73e0a99 req-e62db093-64ee-4c30-bfca-4694c73e0a99 ] Request (ServerExternalEventsTest:test_create_server_external_events): 200 GET http://10.180.1.21/compute/v2.1/servers/d642bdb3-8e98-4667-9af7-71dae739e6b1 0.049s
2024-10-09 14:47:29.802 62166 INFO tempest.lib.common.rest_client [req-5d80e55c-96b2-47d7-9cfe-3d8e66fc003f req-5d80e55c-96b2-47d7-9cfe-3d8e66fc003f ] Request (ImagesTestJSON:test_create_image_from_suspended_server): 200 GET http://10.180.1.21/compute/v2.1/servers/9a54ca4f-e6ec-4413-b162-fca0cd824e00 0.048s
2024-10-09 14:47:29.818 62158 INFO tempest.lib.common.rest_client [req-e9a31094-30a9-408f-9d07-be5c9b3ce407 req-e9a31094-30a9-408f-9d07-be5c9b3ce407 ] Request (TenantUsagesTestJSON:setUpClass): 200 GET http://10.180.1.21/compute/v2.1/servers/d58f3c69-ae7a-48d5-a796-34898c6e704c 0.048s
2024-10-09 14:47:29.849 62154 INFO tempest.lib.common.rest_client [req-f8a1c0f4-41e3-4953-8aab-cab53d72a7cd req-f8a1c0f4-41e3-4953-8aab-cab53d72a7cd ] Request (SecurityGroupsTestJSON:test_server_security_groups): 200 GET http://10.180.1.21/compute/v2.1/servers/2fc54703-5438-4c2a-b1e7-77431ce5177d 0.046s
2024-10-09 14:47:29.901 62148 INFO tempest.lib.common.rest_client [req-5ea1e900-aa69-41c5-9fce-db5c6b770dcd req-5ea1e900-aa69-41c5-9fce-db5c6b770dcd ] Request (ServerActionsTestJSON:setUpClass): 200 GET http://10.180.1.21/compute/v2.1/servers/94d9244e-bf54-442d-8947-71d15d3da551 0.048s
2024-10-09 14:47:29.905 62178 INFO tempest.lib.common.rest_client [req-ed183c45-8870-4a52-9a46-28be8859ecfb req-ed183c45-8870-4a52-9a46-28be8859ecfb ] Request (MultipleCreateTestJSON:test_multiple_create): 200 GET http://10.180.1.21/compute/v2.1/servers/86d9ab25-b3d6-4cc4-8b96-2ed2b3959f37 0.047s
2024-10-09 14:47:29.947 62162 INFO tempest.lib.common.rest_client [req-831f4780-8cb5-463c-a6c8-07e254f577db req-831f4780-8cb5-463c-a6c8-07e254f577db ] Request (ServerActionsTestOtherB:setUpClass): 200 GET http://10.180.1.21/compute/v2.1/servers/ab027a9d-f51d-4cb6-8aaf-ebd507548657 0.047s
