2024-10-09 14:47:03.091 62198 INFO tempest.common.waiters [-] State transition "BUILD/block_device_mapping" ==> "BUILD/spawning" after 75 second wait
2024-10-09 14:47:03.112 62180 INFO tempest.lib.common.rest_client [req-770c6e4c-091a-4e2a-b974-f0337350eef7 req-770c6e4c-091a-4e2a-b974-f0337350eef7 ] Request (KeyPairsV22TestJSON:test_keypairs_create_list_delete): 201 POST http://10.180.1.21/compute/v2.1/os-keypairs 0.044s
2024-10-09 14:47:03.123 62172 INFO tempest.lib.common.rest_client [req-69898a9e-38d6-4bcf-b1c2-91cc6e6f0d62 req-69898a9e-38d6-4bcf-b1c2-91cc6e6f0d62 ] Request (MigrationsAdminTest:test_list_migrations_in_flavor_resize_situation): 200 GET http://10.180.1.21/compute/v2.1/servers/4558e0ba-8bf4-4ee7-a16b-9e4929a21ab9 0.081s
2024-10-09 14:47:03.163 62204 INFO tempest.lib.common.rest_client [req-f28e3a93-f8cd-4d03-9d60-46e40ae16574 req-f28e3a93-f8cd-4d03-9d60-46e40ae16574 ] Request (FloatingIPsAssociationTestJSON:setUpClass): 200 GET http://10.180.1.21/compute/v2.1/servers/0a685616-f0ca-4de1-a78d-ecb1f40c0802 0.080s
2024-10-09 14:47:03.169 62196 INFO tempest.lib.common.rest_client [req-654eb4a0-5c7e-427d-92f1-a9119bb22e00 req-654eb4a0-5c7e-427d-92f1-a9119bb22e00 ] Request (AttachInterfacesTestJSON:test_create_list_show_delete_interfaces_by_fixed_ip): 200 GET http://10.180.1.21/compute/v2.1/servers/8a4df3f1-67f3-404d-953f-caa6ba1b1641 0.085s
2024-10-09 14:47:03.195 62180 INFO tempest.lib.common.rest_client [req-54bc9bff-df6a-4e69-9d89-a2675993206b req-54bc9bff-df6a-4e69-9d89-a2675993206b ] Request (KeyPairsV22TestJSON:test_keypairs_create_list_delete): 201 POST http://10.180.1.21/compute/v2.1/os-keypairs 0.081s
2024-10-09 14:47:03.214 62175 INFO tempest.lib.common.rest_client [req-bfd5a1f3-6832-4ac6-a86e-e99e66490703 req-bfd5a1f3-6832-4ac6-a86e-e99e66490703 ] Request (ServerMetadataTestJSON:setUpClass): 200 GET http://10.180.1.21/compute/v2.1/servers/c8f37b6f-4f0c-43db-a1ea-3c45d3956f66 0.069s
2024-10-09 14:47:03.238 62180 INFO tempest.lib.common.rest_client [req-12ec1d65-c25a-4bde-a8cf-f90d0209292a req-12ec1d65-c25a-4bde-a8cf-f90d0209292a ] Request (KeyPairsV22TestJSON:test_keypairs_create_list_delete): 201 POST http://10.180.1.21/compute/v2.1/os-keypairs 0.040s
2024-10-09 14:47:03.242 62200 INFO tempest.lib.common.rest_client [req-35f1e8fe-31d6-44ea-a638-dbaa2166ba11 req-35f1e8fe-31d6-44ea-a638-dbaa2166ba11 ] Request (AttachVolumeShelveTestJSON:test_attach_volume_shelved_or_offload_server): 200 GET http://10.180.1.21/compute/v2.1/servers/6ca2d77f-a62e-4eff-bf15-7855c94bb649 0.050s
2024-10-09 14:47:03.250 62200 INFO tempest.common.waiters [-] State transition "BUILD/None" ==> "BUILD/networking" after 72 second wait
2024-10-09 14:47:03.252 62180 INFO tempest.lib.common.rest_client [req-31582f10-fcd3-482b-8fa9-ef7a3b843fd0 req-31582f10-fcd3-482b-8fa9-ef7a3b843fd0 ] Request (KeyPairsV22TestJSON:test_keypairs_create_list_delete): 200 GET http://10.180.1.21/compute/v2.1/os-keypairs 0.011s
2024-10-09 14:47:03.268 62180 INFO tempest.lib.common.rest_client [req-7de62a9d-ad84-4e84-a698-99f163e3af32 req-7de62a9d-ad84-4e84-a698-99f163e3af32 ] Request (KeyPairsV22TestJSON:_run_cleanups): 204 DELETE http://10.180.1.21/compute/v2.1/os-keypairs/tempest-KeyPairsV22TestJSON-keypair-2064331380 0.014s
2024-10-09 14:47:03.281 62150 INFO tempest.lib.common.rest_client [req-40ebcb76-12bf-4b3c-b416-556707b63c21 req-40ebcb76-12bf-4b3c-b416-556707b63c21 ] Request (FloatingIPsAssociationNegativeTestJSON:tearDownClass): 204 DELETE http://10.180.1.21:9696/networking/v2.0/routers/717d7930-53d4-4c38-8309-7a5bd6bf6768 0.441s
2024-10-09 14:47:03.283 62180 INFO tempest.lib.common.rest_client [req-0ec85df5-d08c-4068-bcc8-221bf292c235 req-0ec85df5-d08c-4068-bcc8-221bf292c235 ] Request (KeyPairsV22TestJSON:_run_cleanups): 204 DELETE http://10.180.1.21/compute/v2.1/os-keypairs/tempest-KeyPairsV22TestJSON-keypair-237127056 0.015s
2024-10-09 14:47:03.287 62202 INFO tempest.lib.common.rest_client [req-848f520b-f5e5-4c35-86af-e7e13d78f6eb req-848f520b-f5e5-4c35-86af-e7e13d78f6eb ] Request (ServerRescueNegativeTestJSON:setUpClass): 200 GET http://10.180.1.21/compute/v2.1/servers/46dbb96b-dc8b-4fc9-bc54-181c5a308916 0.057s
2024-10-09 14:47:03.305 62180 INFO tempest.lib.common.rest_client [req-1f7f4e30-165e-4a5c-a1ac-30ed6ef0c268 req-1f7f4e30-165e-4a5c-a1ac-30ed6ef0c268 ] Request (KeyPairsV22TestJSON:_run_cleanups): 204 DELETE http://10.180.1.21/compute/v2.1/os-keypairs/tempest-KeyPairsV22TestJSON-keypair-937439578 0.020s
2024-10-09 14:47:03.331 62180 INFO tempest.lib.common.rest_client [req-10280635-dd66-4306-9088-be6f7ad7d0c3 req-10280635-dd66-4306-9088-be6f7ad7d0c3 ] Request (KeyPairsV22TestJSON:test_keypairsv22_create_list_show): 201 POST http://10.180.1.21/compute/v2.1/os-keypairs 0.024s
2024-10-09 14:47:03.341 62160 INFO tempest.lib.common.rest_client [req-791eb9fc-7f94-4e14-90f3-1b5aad4ba7ba req-791eb9fc-7f94-4e14-90f3-1b5aad4ba7ba ] Request (ServersAdmin275Test:test_rebuild_update_server_275): 200 GET http://10.180.1.21/compute/v2.1/servers/607d29ad-2db6-4146-a0df-192f727e9d31 0.054s
2024-10-09 14:47:03.348 62180 INFO tempest.lib.common.rest_client [req-295c3603-ab00-45e2-a0e2-783e89f676a4 req-295c3603-ab00-45e2-a0e2-783e89f676a4 ] Request (KeyPairsV22TestJSON:test_keypairsv22_create_list_show): 200 GET http://10.180.1.21/compute/v2.1/os-keypairs/tempest-keypair-646403445 0.015s
2024-10-09 14:47:03.360 62180 INFO tempest.lib.common.rest_client [req-b1e09cc3-fbc9-4397-9d4d-12dd821cf5bb req-b1e09cc3-fbc9-4397-9d4d-12dd821cf5bb ] Request (KeyPairsV22TestJSON:test_keypairsv22_create_list_show): 200 GET http://10.180.1.21/compute/v2.1/os-keypairs 0.009s
2024-10-09 14:47:03.377 62176 INFO tempest.lib.common.rest_client [req-97feb466-f079-4615-9ca7-fb8ac6baea6b req-97feb466-f079-4615-9ca7-fb8ac6baea6b ] Request (ServersTestBootFromVolume:setUpClass): 200 GET http://10.180.1.21/compute/v2.1/servers/30b75b32-6fde-4a81-af55-11b51f3e087d 0.070s
2024-10-09 14:47:03.400 62180 INFO tempest.lib.common.rest_client [req-a42cd97f-2262-4129-bb8f-bbe60e5f3c27 req-a42cd97f-2262-4129-bb8f-bbe60e5f3c27 ] Request (KeyPairsV22TestJSON:_run_cleanups): 204 DELETE http://10.180.1.21/compute/v2.1/os-keypairs/tempest-keypair-646403445 0.038s
2024-10-09 14:47:03.409 62150 INFO tempest.lib.common.rest_client [req-cde6891f-4acb-42de-847d-c3a6df471789 req-cde6891f-4acb-42de-847d-c3a6df471789 ] Request (FloatingIPsAssociationNegativeTestJSON:tearDownClass): 204 DELETE http://10.180.1.21:9696/networking/v2.0/subnets/f0c506ef-bad1-4629-97c3-2cebe4eef2e8 0.127s
2024-10-09 14:47:03.412 62146 INFO tempest.lib.common.rest_client [req-e20591a3-d5f1-4f13-8b5c-9fc784fe1653 req-e20591a3-d5f1-4f13-8b5c-9fc784fe1653 ] Request (ServerActionsTestOtherA:setUpClass): 200 GET http://10.180.1.21/compute/v2.1/servers/947b697d-4120-491d-83ce-21681974c224 0.051s
2024-10-09 14:47:03.457 62189 INFO tempest.lib.common.rest_client [req-c0a579ad-6715-4648-9df6-ef8794b638db req-c0a579ad-6715-4648-9df6-ef8794b638db ] Request (ServerDiskConfigTestJSON:test_rebuild_server_with_manual_disk_config): 200 GET http://10.180.1.21/compute/v2.1/servers/8c1101f6-4263-47db-bbd6-2be773ea3380 0.045s
2024-10-09 14:47:03.501 62182 INFO tempest.lib.common.rest_client [req-6d646574-fe61-48ec-be29-1387c1116a6a req-6d646574-fe61-48ec-be29-1387c1116a6a ] Request (InstanceActionsNegativeTestJSON:setUpClass): 200 GET http://10.180.1.21/compute/v2.1/servers/8634de70-f66d-4f54-a13b-226737cb6d4a 0.081s
2024-10-09 14:47:03.555 62192 INFO tempest.lib.common.rest_client [req-56379758-6337-49b6-b85c-97cb4f7c83fc req-56379758-6337-49b6-b85c-97cb4f7c83fc ] Request (ListImageFiltersTestJSON:setUpClass): 200 GET http://10.180.1.21/compute/v2.1/servers/683d40c9-b738-486a-806a-7e895637ee85 0.079s
2024-10-09 14:47:03.607 62190 INFO tempest.lib.common.rest_client [req-c636b731-ab15-48bb-958a-3dde6d127e1a req-c636b731-ab15-48bb-958a-3dde6d127e1a ] Request (DeleteServersTestJSON:test_delete_active_server): 200 GET http://10.180.1.21/compute/v2.1/servers/2eaab038-6c55-439a-8293-da80474d369a 0.113s
2024-10-09 14:47:03.641 62150 INFO tempest.lib.common.rest_client [req-98fde6aa-0738-4d73-87a4-2d22ea20a2e9 req-98fde6aa-0738-4d73-87a4-2d22ea20a2e9 ] Request (FloatingIPsAssociationNegativeTestJSON:tearDownClass): 204 DELETE http://10.180.1.21:9696/networking/v2.0/networks/f865a052-0a75-4b83-b380-83e126c0aa3c 0.232s
2024-10-09 14:47:03.670 62186 INFO tempest.lib.common.rest_client [req-d0ea3e2b-5622-409c-b365-58235dbffbe5 req-d0ea3e2b-5622-409c-b365-58235dbffbe5 ] Request (ServerRescueTestJSON:setUpClass): 200 GET http://10.180.1.21/compute/v2.1/servers/280efc93-f913-4e4a-9ef0-fb4174d7d4cc 0.128s
2024-10-09 14:47:03.728 62170 INFO tempest.lib.common.rest_client [req-a9317240-2144-4955-8f38-d2d0216f8c45 req-a9317240-2144-4955-8f38-d2d0216f8c45 ] Request (ServersTestManualDisk:setUpClass): 200 GET http://10.180.1.21/compute/v2.1/servers/7612f830-fed2-4dd7-ba8f-f792e1aa5ac6 0.157s
2024-10-09 14:47:03.762 62150 INFO tempest.lib.common.rest_client [req-6d228f07-f584-4cd4-9d1e-ca714bee282d req-6d228f07-f584-4cd4-9d1e-ca714bee282d ] Request (FloatingIPsAssociationNegativeTestJSON:tearDownClass): 204 DELETE http://10.180.1.21/identity/v3/users/e1a264a28e194e07a44bb478e52603fe 0.120s
2024-10-09 14:47:03.762 62150 INFO tempest.lib.common.dynamic_creds [-] Deleting project and security group for project: d1b46ccf47084b70965ef31d214d5783
2024-10-09 14:47:03.785 62144 INFO tempest.lib.common.rest_client [req-5ab48805-9e2c-4a06-9319-9f01580cf6a1 req-5ab48805-9e2c-4a06-9319-9f01580cf6a1 ] Request (ServersTestJSON:setUpClass): 200 GET http://10.180.1.21/compute/v2.1/servers/b7d84a56-edb6-4d1e-b7e9-294078be79d8 0.149s
2024-10-09 14:47:03.792 62180 INFO tempest.lib.common.rest_client [req-864b4164-d5dc-40b7-9dc4-172f84b1ac0e req-864b4164-d5dc-40b7-9dc4-172f84b1ac0e ] Request (KeyPairsV22TestJSON:test_keypairsv22_create_list_show_with_type): 201 POST http://10.180.1.21/compute/v2.1/os-keypairs 0.391s
2024-10-09 14:47:03.807 62150 INFO tempest.lib.common.rest_client [req-bc87fa71-9ddd-41cd-ac7b-3901efba2e1d req-bc87fa71-9ddd-41cd-ac7b-3901efba2e1d ] Request (FloatingIPsAssociationNegativeTestJSON:tearDownClass): 200 GET http://10.180.1.21:9696/networking/v2.0/security-groups?tenant_id=d1b46ccf47084b70965ef31d214d5783&name=default 0.045s
2024-10-09 14:47:03.846 62142 INFO tempest.lib.common.rest_client [req-36bfa3a0-7a59-4611-897c-691b74f5d199 req-36bfa3a0-7a59-4611-897c-691b74f5d199 ] Request (ServerExternalEventsTest:test_create_server_external_events): 200 GET http://10.180.1.21/compute/v2.1/servers/d642bdb3-8e98-4667-9af7-71dae739e6b1 0.178s
2024-10-09 14:47:03.849 62158 INFO tempest.lib.common.rest_client [req-dccf5f23-dee4-46e1-bf09-7833604851c4 req-dccf5f23-dee4-46e1-bf09-7833604851c4 ] Request (TenantUsagesTestJSON:setUpClass): 200 GET http://10.180.1.21/compute/v2.1/servers/d58f3c69-ae7a-48d5-a796-34898c6e704c 0.154s
2024-10-09 14:47:03.892 62166 INFO tempest.lib.common.rest_client [req-ab826b97-24f8-4cef-a882-09a3c31e75ff req-ab826b97-24f8-4cef-a882-09a3c31e75ff ] Request (ImagesTestJSON:test_create_image_from_suspended_server): 200 GET http://10.180.1.21/compute/v2.1/servers/9a54ca4f-e6ec-4413-b162-fca0cd824e00 0.165s
2024-10-09 14:47:03.903 62154 INFO tempest.lib.common.rest_client [req-e852bfe6-f337-43a5-bbe3-f464be26b769 req-e852bfe6-f337-43a5-bbe3-f464be26b769 ] Request (SecurityGroupsTestJSON:test_server_security_groups): 200 GET http://10.180.1.21/compute/v2.1/servers/2fc54703-5438-4c2a-b1e7-77431ce5177d 0.143s
2024-10-09 14:47:03.912 62180 INFO tempest.lib.common.rest_client [req-8b73e9d7-da99-417c-bba9-9a4da9852ac2 req-8b73e9d7-da99-417c-bba9-9a4da9852ac2 ] Request (KeyPairsV22TestJSON:test_keypairsv22_create_list_show_with_type): 200 GET http://10.180.1.21/compute/v2.1/os-keypairs/tempest-keypair-1200334475 0.118s
2024-10-09 14:47:03.929 62150 INFO tempest.lib.common.rest_client [req-675eff1e-1b26-41a2-a192-3323bda084b3 req-675eff1e-1b26-41a2-a192-3323bda084b3 ] Request (FloatingIPsAssociationNegativeTestJSON:tearDownClass): 204 DELETE http://10.180.1.21:9696/networking/v2.0/security-groups/f3dacb21-e6b0-4c03-a592-1d2e50e8ba88 0.121s
2024-10-09 14:47:03.946 62162 INFO tempest.lib.common.rest_client [req-ab642594-35f7-4ebc-ae70-7aadb5a91c44 req-ab642594-35f7-4ebc-ae70-7aadb5a91c44 ] Request (AttachInterfacesUnderV243Test:test_add_remove_fixed_ip): 200 GET http://10.180.1.21/compute/v2.1/servers/a759b902-a441-404b-9884-f08c5b8e2a71 0.158s
2024-10-09 14:47:03.959 62178 INFO tempest.lib.common.rest_client [req-b1d43fa1-091b-42da-bc41-14ae5c1b6554 req-b1d43fa1-091b-42da-bc41-14ae5c1b6554 ] Request (MultipleCreateTestJSON:test_multiple_create): 200 GET http://10.180.1.21/compute/v2.1/servers/86d9ab25-b3d6-4cc4-8b96-2ed2b3959f37 0.120s
2024-10-09 14:47:03.968 62180 INFO tempest.lib.common.rest_client [req-74135682-5ff1-49bc-8f08-fe6d5d7a8afb req-74135682-5ff1-49bc-8f08-fe6d5d7a8afb ] Request (KeyPairsV22TestJSON:test_keypairsv22_create_list_show_with_type): 200 GET http://10.180.1.21/compute/v2.1/os-keypairs 0.053s
2024-10-09 14:47:03.985 62180 INFO tempest.lib.common.rest_client [req-fb73ce16-4329-4f64-927c-ca62c5aa171a req-fb73ce16-4329-4f64-927c-ca62c5aa171a ] Request (KeyPairsV22TestJSON:_run_cleanups): 204 DELETE http://10.180.1.21/compute/v2.1/os-keypairs/tempest-keypair-1200334475 0.015s
2024-10-09 14:47:04.028 62150 INFO tempest.lib.common.rest_client [req-06355613-31d3-4ddc-873e-ec535f3ccf15 req-06355613-31d3-4ddc-873e-ec535f3ccf15 ] Request (FloatingIPsAssociationNegativeTestJSON:tearDownClass): 204 DELETE http://10.180.1.21/identity/v3/projects/d1b46ccf47084b70965ef31d214d5783 0.098s
2024-10-09 14:47:04.060 62150 INFO tempest.lib.common.rest_client [req-95f514dd-0164-48e2-ba29-01f06263654f req-95f514dd-0164-48e2-ba29-01f06263654f ] Request (ServerGroup264TestJSON:setUpClass): 201 POST http://10.180.1.21/identity/v3/auth/tokens 0.028s
2024-10-09 14:47:04.108 62180 INFO tempest.lib.common.rest_client [req-327ea0d8-5d56-405c-8fc6-cd8b91191b1b req-327ea0d8-5d56-405c-8fc6-cd8b91191b1b ] Request (KeyPairsV22TestJSON:tearDownClass): 204 DELETE http://10.180.1.21/identity/v3/users/7a80286cf63d4c22ad7b91d89be54774 0.117s
2024-10-09 14:47:04.108 62180 INFO tempest.lib.common.dynamic_creds [-] Deleting project and security group for project: ce80625a7c8d46cab63337a2c37b63ba
2024-10-09 14:47:04.118 62150 INFO tempest.lib.common.rest_client [req-fb2fe4ae-70be-4d28-86f6-effce7f814e8 req-fb2fe4ae-70be-4d28-86f6-effce7f814e8 ] Request (ServerGroup264TestJSON:setUpClass): 201 POST http://10.180.1.21/identity/v3/auth/tokens 0.054s
2024-10-09 14:47:04.124 62148 INFO tempest.lib.common.rest_client [req-38021842-6a2e-4168-a1c0-6d6e13946fba req-38021842-6a2e-4168-a1c0-6d6e13946fba ] Request (ServerActionsTestJSON:setUpClass): 200 GET http://10.180.1.21/compute/v2.1/servers/94d9244e-bf54-442d-8947-71d15d3da551 0.056s
2024-10-09 14:47:04.147 62184 INFO tempest.lib.common.rest_client [req-3c16ef9f-9682-4f8d-a782-4d277b29ea61 req-3c16ef9f-9682-4f8d-a782-4d277b29ea61 ] Request (ServerShowV247Test:test_update_rebuild_list_server): 200 GET http://10.180.1.21/compute/v2.1/servers/32fe176d-ebc2-46a4-8e93-3b2555a681d4 0.233s
2024-10-09 14:47:04.172 62198 INFO tempest.lib.common.rest_client [req-ec382c5b-0021-4b29-81da-72a0c2d89303 req-ec382c5b-0021-4b29-81da-72a0c2d89303 ] Request (ServersTestFqdnHostnames:test_create_server_with_fqdn_name): 200 GET http://10.180.1.21/compute/v2.1/servers/b33f5bbe-fea2-40e1-bdcc-5c4788568e7d 0.080s
2024-10-09 14:47:04.180 62150 INFO tempest.lib.common.rest_client [req-a0e23c07-90f1-454f-97cf-1a51418befaa req-a0e23c07-90f1-454f-97cf-1a51418befaa ] Request (ServerGroup264TestJSON:setUpClass): 200 GET http://10.180.1.21/identity/v3/domains?name=Default 0.061s
2024-10-09 14:47:04.186 62180 INFO tempest.lib.common.rest_client [req-34387c14-82fc-4247-a1ac-98fa8c9790ca req-34387c14-82fc-4247-a1ac-98fa8c9790ca ] Request (KeyPairsV22TestJSON:tearDownClass): 201 POST http://10.180.1.21/identity/v3/auth/tokens 0.077s
2024-10-09 14:47:04.208 62150 INFO tempest.lib.common.rest_client [req-97afadc0-782a-47b0-9e67-905637b9a15f req-97afadc0-782a-47b0-9e67-905637b9a15f ] Request (ServerGroup264TestJSON:setUpClass): 201 POST http://10.180.1.21/identity/v3/projects 0.027s
2024-10-09 14:47:04.209 62172 INFO tempest.lib.common.rest_client [req-b2f5be44-e343-47ab-abd3-b1d81868c795 req-b2f5be44-e343-47ab-abd3-b1d81868c795 ] Request (MigrationsAdminTest:test_list_migrations_in_flavor_resize_situation): 200 GET http://10.180.1.21/compute/v2.1/servers/4558e0ba-8bf4-4ee7-a16b-9e4929a21ab9 0.076s
2024-10-09 14:47:04.229 62204 INFO tempest.lib.common.rest_client [req-6c097060-620c-46bc-adfe-3de6129b6f90 req-6c097060-620c-46bc-adfe-3de6129b6f90 ] Request (FloatingIPsAssociationTestJSON:setUpClass): 200 GET http://10.180.1.21/compute/v2.1/servers/0a685616-f0ca-4de1-a78d-ecb1f40c0802 0.059s
2024-10-09 14:47:04.269 62150 INFO tempest.lib.common.rest_client [req-6ca3ac1b-3638-4dc9-ada2-d364e3ad4e79 req-6ca3ac1b-3638-4dc9-ada2-d364e3ad4e79 ] Request (ServerGroup264TestJSON:setUpClass): 201 POST http://10.180.1.21/identity/v3/users 0.060s
2024-10-09 14:47:04.275 62196 INFO tempest.lib.common.rest_client [req-b60cbf26-08e6-4e87-8cc0-c650ca1f0d39 req-b60cbf26-08e6-4e87-8cc0-c650ca1f0d39 ] Request (AttachInterfacesTestJSON:test_create_list_show_delete_interfaces_by_fixed_ip): 200 GET http://10.180.1.21/compute/v2.1/servers/8a4df3f1-67f3-404d-953f-caa6ba1b1641 0.094s
2024-10-09 14:47:04.284 62175 INFO tempest.lib.common.rest_client [req-bb8553e6-e073-441b-ba1a-05faf83e42c0 req-bb8553e6-e073-441b-ba1a-05faf83e42c0 ] Request (ServerMetadataTestJSON:setUpClass): 200 GET http://10.180.1.21/compute/v2.1/servers/c8f37b6f-4f0c-43db-a1ea-3c45d3956f66 0.063s
2024-10-09 14:47:04.288 62150 INFO tempest.lib.common.rest_client [req-3edd3b33-91d4-42bd-94fd-d7c5a97e44a1 req-3edd3b33-91d4-42bd-94fd-d7c5a97e44a1 ] Request (ServerGroup264TestJSON:setUpClass): 200 GET http://10.180.1.21/identity/v3/roles 0.019s
2024-10-09 14:47:04.324 62150 INFO tempest.lib.common.rest_client [req-ec21e150-8393-4e6d-a6af-8ea07d0da4bd req-ec21e150-8393-4e6d-a6af-8ea07d0da4bd ] Request (ServerGroup264TestJSON:setUpClass): 204 PUT http://10.180.1.21/identity/v3/projects/409f0332b09a4a3f956f30d7b2f1a400/users/ba661584ea374cd7a522bb7449725796/roles/2485a807dd4848b5ad3cb68d67b3527b 0.035s
2024-10-09 14:47:04.324 62150 INFO tempest.lib.common.dynamic_creds [-] Dynamic test user ba661584ea374cd7a522bb7449725796 is created with scope project and roles: ['member']
2024-10-09 14:47:04.324 62150 INFO tempest.lib.common.dynamic_creds [-] Acquired dynamic creds: credentials: Credentials: {'domain_id': 'default', 'domain_name': 'Default', 'username': 'tempest-ServerGroup264TestJSON-6577059-project-member', 'project_domain_id': 'default', 'project_domain_name': 'Default', 'project_id': '409f0332b09a4a3f956f30d7b2f1a400', 'project_name': 'tempest-ServerGroup264TestJSON-6577059', 'tenant_id': '409f0332b09a4a3f956f30d7b2f1a400', 'tenant_name': 'tempest-ServerGroup264TestJSON-6577059', 'user_domain_id': 'default', 'user_domain_name': 'Default', 'user_id': 'ba661584ea374cd7a522bb7449725796', 'system': None}, Network: None, Subnet: None, Router: None
2024-10-09 14:47:04.360 62202 INFO tempest.lib.common.rest_client [req-501a8476-156d-4088-8f6d-91bd8d18fd44 req-501a8476-156d-4088-8f6d-91bd8d18fd44 ] Request (ServerRescueNegativeTestJSON:setUpClass): 200 GET http://10.180.1.21/compute/v2.1/servers/46dbb96b-dc8b-4fc9-bc54-181c5a308916 0.059s
2024-10-09 14:47:04.385 62150 INFO tempest.lib.common.rest_client [req-42f35a91-4179-46c1-9215-aab35cd638cb req-42f35a91-4179-46c1-9215-aab35cd638cb ] Request (ServerGroup264TestJSON:setUpClass): 201 POST http://10.180.1.21/identity/v3/auth/tokens 0.061s
2024-10-09 14:47:04.394 62180 INFO tempest.lib.common.rest_client [req-702fb95e-f4c0-4d66-b311-96d9bedf5e80 req-702fb95e-f4c0-4d66-b311-96d9bedf5e80 ] Request (KeyPairsV22TestJSON:tearDownClass): 200 GET http://10.180.1.21:9696/networking/v2.0/security-groups?tenant_id=ce80625a7c8d46cab63337a2c37b63ba&name=default 0.207s
2024-10-09 14:47:04.428 62160 INFO tempest.lib.common.rest_client [req-dcb5364c-1597-4ce3-80cc-0bd0087eb8c4 req-dcb5364c-1597-4ce3-80cc-0bd0087eb8c4 ] Request (ServersAdmin275Test:test_rebuild_update_server_275): 200 GET http://10.180.1.21/compute/v2.1/servers/607d29ad-2db6-4146-a0df-192f727e9d31 0.077s
2024-10-09 14:47:04.483 62200 INFO tempest.lib.common.rest_client [req-bde4fab9-5060-4105-8abd-36e884671b86 req-bde4fab9-5060-4105-8abd-36e884671b86 ] Request (AttachVolumeShelveTestJSON:test_attach_volume_shelved_or_offload_server): 200 GET http://10.180.1.21/compute/v2.1/servers/6ca2d77f-a62e-4eff-bf15-7855c94bb649 0.232s
2024-10-09 14:47:04.486 62176 INFO tempest.lib.common.rest_client [req-0bd08bc5-d8f7-4257-9f0a-4134ec456741 req-0bd08bc5-d8f7-4257-9f0a-4134ec456741 ] Request (ServersTestBootFromVolume:setUpClass): 200 GET http://10.180.1.21/compute/v2.1/servers/30b75b32-6fde-4a81-af55-11b51f3e087d 0.100s
2024-10-09 14:47:04.490 62200 INFO tempest.common.waiters [-] State transition "BUILD/networking" ==> "BUILD/block_device_mapping" after 73 second wait
2024-10-09 14:47:04.542 62146 INFO tempest.lib.common.rest_client [req-98aa866e-0675-4b55-b102-4dfd2ab4569b req-98aa866e-0675-4b55-b102-4dfd2ab4569b ] Request (ServerActionsTestOtherA:setUpClass): 200 GET http://10.180.1.21/compute/v2.1/servers/947b697d-4120-491d-83ce-21681974c224 0.123s
2024-10-09 14:47:04.566 62189 INFO tempest.lib.common.rest_client [req-65c752bc-9549-405d-9ef9-e513a499d2b8 req-65c752bc-9549-405d-9ef9-e513a499d2b8 ] Request (ServerDiskConfigTestJSON:test_rebuild_server_with_manual_disk_config): 200 GET http://10.180.1.21/compute/v2.1/servers/8c1101f6-4263-47db-bbd6-2be773ea3380 0.101s
2024-10-09 14:47:04.575 62180 INFO tempest.lib.common.rest_client [req-67fe94f9-34c5-43fd-87f0-810c9c422884 req-67fe94f9-34c5-43fd-87f0-810c9c422884 ] Request (KeyPairsV22TestJSON:tearDownClass): 204 DELETE http://10.180.1.21:9696/networking/v2.0/security-groups/aa37debf-4815-421a-88a3-ef6bb2c5f530 0.181s
2024-10-09 14:47:04.589 62182 INFO tempest.lib.common.rest_client [req-679047ec-9440-433d-ace0-e3d8188a0ba4 req-679047ec-9440-433d-ace0-e3d8188a0ba4 ] Request (InstanceActionsNegativeTestJSON:setUpClass): 200 GET http://10.180.1.21/compute/v2.1/servers/8634de70-f66d-4f54-a13b-226737cb6d4a 0.081s
2024-10-09 14:47:04.616 62192 INFO tempest.lib.common.rest_client [req-981d0cdf-e72d-40b4-a73a-360aab27d130 req-981d0cdf-e72d-40b4-a73a-360aab27d130 ] Request (ListImageFiltersTestJSON:setUpClass): 200 GET http://10.180.1.21/compute/v2.1/servers/683d40c9-b738-486a-806a-7e895637ee85 0.051s
2024-10-09 14:47:04.646 62180 INFO tempest.lib.common.rest_client [req-077d8a4a-c341-4d85-b85a-a1ec9006e289 req-077d8a4a-c341-4d85-b85a-a1ec9006e289 ] Request (KeyPairsV22TestJSON:tearDownClass): 204 DELETE http://10.180.1.21/identity/v3/projects/ce80625a7c8d46cab63337a2c37b63ba 0.070s
2024-10-09 14:47:04.670 62150 INFO tempest.lib.common.rest_client [req-7d1c92f5-f616-489a-9322-23a122392127 req-7d1c92f5-f616-489a-9322-23a122392127 ] Request (ServerGroup264TestJSON:setUpClass): 201 POST http://10.180.1.21:9696/networking/v2.0/networks 0.284s
2024-10-09 14:47:04.678 62190 INFO tempest.lib.common.rest_client [req-be87d422-1944-4e69-97dd-d4daec02f978 req-be87d422-1944-4e69-97dd-d4daec02f978 ] Request (DeleteServersTestJSON:test_delete_active_server): 200 GET http://10.180.1.21/compute/v2.1/servers/2eaab038-6c55-439a-8293-da80474d369a 0.059s
2024-10-09 14:47:04.740 62186 INFO tempest.lib.common.rest_client [req-bc32ade7-7fa7-4823-9e24-05caba126236 req-bc32ade7-7fa7-4823-9e24-05caba126236 ] Request (ServerRescueTestJSON:setUpClass): 200 GET http://10.180.1.21/compute/v2.1/servers/280efc93-f913-4e4a-9ef0-fb4174d7d4cc 0.064s
2024-10-09 14:47:04.797 62170 INFO tempest.lib.common.rest_client [req-94483b96-7714-4af6-9577-8545816fe45f req-94483b96-7714-4af6-9577-8545816fe45f ] Request (ServersTestManualDisk:setUpClass): 200 GET http://10.180.1.21/compute/v2.1/servers/7612f830-fed2-4dd7-ba8f-f792e1aa5ac6 0.061s
2024-10-09 14:47:04.837 62150 INFO tempest.lib.common.rest_client [req-13edaea0-9ed3-4657-9f47-459f0bd42ec6 req-13edaea0-9ed3-4657-9f47-459f0bd42ec6 ] Request (ServerGroup264TestJSON:setUpClass): 201 POST http://10.180.1.21:9696/networking/v2.0/subnets 0.165s
2024-10-09 14:47:04.859 62144 INFO tempest.lib.common.rest_client [req-ac1b6822-26f7-43ca-96eb-d9d789587ee7 req-ac1b6822-26f7-43ca-96eb-d9d789587ee7 ] Request (ServersTestJSON:setUpClass): 200 GET http://10.180.1.21/compute/v2.1/servers/b7d84a56-edb6-4d1e-b7e9-294078be79d8 0.064s
2024-10-09 14:47:04.909 62158 INFO tempest.lib.common.rest_client [req-e26ddb59-6ea6-4a3a-a00e-db5539090f2a req-e26ddb59-6ea6-4a3a-a00e-db5539090f2a ] Request (TenantUsagesTestJSON:setUpClass): 200 GET http://10.180.1.21/compute/v2.1/servers/d58f3c69-ae7a-48d5-a796-34898c6e704c 0.050s
2024-10-09 14:47:04.920 62142 INFO tempest.lib.common.rest_client [req-4440b3a3-6d30-4503-9eb2-c2ac0b4143f2 req-4440b3a3-6d30-4503-9eb2-c2ac0b4143f2 ] Request (ServerExternalEventsTest:test_create_server_external_events): 200 GET http://10.180.1.21/compute/v2.1/servers/d642bdb3-8e98-4667-9af7-71dae739e6b1 0.063s
2024-10-09 14:47:04.952 62166 INFO tempest.lib.common.rest_client [req-09885e81-1c50-40e2-80e3-132bcb5d7b97 req-09885e81-1c50-40e2-80e3-132bcb5d7b97 ] Request (ImagesTestJSON:test_create_image_from_suspended_server): 200 GET http://10.180.1.21/compute/v2.1/servers/9a54ca4f-e6ec-4413-b162-fca0cd824e00 0.054s
2024-10-09 14:47:04.981 62154 INFO tempest.lib.common.rest_client [req-9a7de696-1019-4e45-a7a7-ebb30a4dcdfe req-9a7de696-1019-4e45-a7a7-ebb30a4dcdfe ] Request (SecurityGroupsTestJSON:test_server_security_groups): 200 GET http://10.180.1.21/compute/v2.1/servers/2fc54703-5438-4c2a-b1e7-77431ce5177d 0.071s
2024-10-09 14:47:05.000 62162 INFO tempest.lib.common.rest_client [req-965df0c8-78e4-42b8-8c74-ddfecc8b8eba req-965df0c8-78e4-42b8-8c74-ddfecc8b8eba ] Request (AttachInterfacesUnderV243Test:test_add_remove_fixed_ip): 200 GET http://10.180.1.21/compute/v2.1/servers/a759b902-a441-404b-9884-f08c5b8e2a71 0.046s
2024-10-09 14:47:05.030 62178 INFO tempest.lib.common.rest_client [req-5d098446-b574-4aba-9805-acfc49a4efc2 req-5d098446-b574-4aba-9805-acfc49a4efc2 ] Request (MultipleCreateTestJSON:test_multiple_create): 200 GET http://10.180.1.21/compute/v2.1/servers/86d9ab25-b3d6-4cc4-8b96-2ed2b3959f37 0.064s
2024-10-09 14:47:05.189 62148 INFO tempest.lib.common.rest_client [req-ed780b3d-b2b1-4e35-a179-4ecbb5433573 req-ed780b3d-b2b1-4e35-a179-4ecbb5433573 ] Request (ServerActionsTestJSON:setUpClass): 200 GET http://10.180.1.21/compute/v2.1/servers/94d9244e-bf54-442d-8947-71d15d3da551 0.051s
2024-10-09 14:47:05.223 62184 INFO tempest.lib.common.rest_client [req-7305a668-9b9f-46fa-b684-5ddad9abb815 req-7305a668-9b9f-46fa-b684-5ddad9abb815 ] Request (ServerShowV247Test:test_update_rebuild_list_server): 200 GET http://10.180.1.21/compute/v2.1/servers/32fe176d-ebc2-46a4-8e93-3b2555a681d4 0.068s
2024-10-09 14:47:05.234 62198 INFO tempest.lib.common.rest_client [req-55e6ebdb-0ec4-4733-ba6f-224a327e502d req-55e6ebdb-0ec4-4733-ba6f-224a327e502d ] Request (ServersTestFqdnHostnames:test_create_server_with_fqdn_name): 200 GET http://10.180.1.21/compute/v2.1/servers/b33f5bbe-fea2-40e1-bdcc-5c4788568e7d 0.050s
2024-10-09 14:47:05.282 62204 INFO tempest.lib.common.rest_client [req-b2e14727-53c6-4728-9ba5-b0b5d1a36590 req-b2e14727-53c6-4728-9ba5-b0b5d1a36590 ] Request (FloatingIPsAssociationTestJSON:setUpClass): 200 GET http://10.180.1.21/compute/v2.1/servers/0a685616-f0ca-4de1-a78d-ecb1f40c0802 0.046s
2024-10-09 14:47:05.289 62172 INFO tempest.lib.common.rest_client [req-cc2cb2aa-1162-4a8c-b73c-f6529d0e2152 req-cc2cb2aa-1162-4a8c-b73c-f6529d0e2152 ] Request (MigrationsAdminTest:test_list_migrations_in_flavor_resize_situation): 200 GET http://10.180.1.21/compute/v2.1/servers/4558e0ba-8bf4-4ee7-a16b-9e4929a21ab9 0.066s
2024-10-09 14:47:05.330 62196 INFO tempest.lib.common.rest_client [req-d4c842b7-c058-473b-8855-5340e36684b9 req-d4c842b7-c058-473b-8855-5340e36684b9 ] Request (AttachInterfacesTestJSON:test_create_list_show_delete_interfaces_by_fixed_ip): 200 GET http://10.180.1.21/compute/v2.1/servers/8a4df3f1-67f3-404d-953f-caa6ba1b1641 0.044s
2024-10-09 14:47:05.349 62175 INFO tempest.lib.common.rest_client [req-61bce5ae-c91e-401a-a31a-980838fce2f3 req-61bce5ae-c91e-401a-a31a-980838fce2f3 ] Request (ServerMetadataTestJSON:setUpClass): 200 GET http://10.180.1.21/compute/v2.1/servers/c8f37b6f-4f0c-43db-a1ea-3c45d3956f66 0.055s
2024-10-09 14:47:05.423 62202 INFO tempest.lib.common.rest_client [req-c71d746a-557c-43b1-8d45-acde5e51c41a req-c71d746a-557c-43b1-8d45-acde5e51c41a ] Request (ServerRescueNegativeTestJSON:setUpClass): 200 GET http://10.180.1.21/compute/v2.1/servers/46dbb96b-dc8b-4fc9-bc54-181c5a308916 0.052s
2024-10-09 14:47:05.519 62160 INFO tempest.lib.common.rest_client [req-d3355bb2-c4bf-470d-b71c-b2fae1bf327c req-d3355bb2-c4bf-470d-b71c-b2fae1bf327c ] Request (ServersAdmin275Test:test_rebuild_update_server_275): 200 GET http://10.180.1.21/compute/v2.1/servers/607d29ad-2db6-4146-a0df-192f727e9d31 0.071s
2024-10-09 14:47:05.551 62200 INFO tempest.lib.common.rest_client [req-35e73ebf-8583-404e-a881-c7fc029570a9 req-35e73ebf-8583-404e-a881-c7fc029570a9 ] Request (AttachVolumeShelveTestJSON:test_attach_volume_shelved_or_offload_server): 200 GET http://10.180.1.21/compute/v2.1/servers/6ca2d77f-a62e-4eff-bf15-7855c94bb649 0.060s
2024-10-09 14:47:05.558 62200 INFO tempest.common.waiters [-] State transition "BUILD/block_device_mapping" ==> "BUILD/spawning" after 74 second wait
2024-10-09 14:47:05.582 62176 INFO tempest.lib.common.rest_client [req-95dd2f48-b6f5-4205-8734-289af41c75c3 req-95dd2f48-b6f5-4205-8734-289af41c75c3 ] Request (ServersTestBootFromVolume:setUpClass): 200 GET http://10.180.1.21/compute/v2.1/servers/30b75b32-6fde-4a81-af55-11b51f3e087d 0.088s
2024-10-09 14:47:05.595 62146 INFO tempest.lib.common.rest_client [req-e98c6b15-86af-42e4-9a9d-ac91f900a239 req-e98c6b15-86af-42e4-9a9d-ac91f900a239 ] Request (ServerActionsTestOtherA:setUpClass): 200 GET http://10.180.1.21/compute/v2.1/servers/947b697d-4120-491d-83ce-21681974c224 0.045s
2024-10-09 14:47:05.640 62189 INFO tempest.lib.common.rest_client [req-959d8a2d-2c2c-4343-8223-d3ac8b7a29c1 req-959d8a2d-2c2c-4343-8223-d3ac8b7a29c1 ] Request (ServerDiskConfigTestJSON:test_rebuild_server_with_manual_disk_config): 200 GET http://10.180.1.21/compute/v2.1/servers/8c1101f6-4263-47db-bbd6-2be773ea3380 0.066s
2024-10-09 14:47:05.657 62182 INFO tempest.lib.common.rest_client [req-c1cb190d-3bd0-4980-82c7-ee573775b672 req-c1cb190d-3bd0-4980-82c7-ee573775b672 ] Request (InstanceActionsNegativeTestJSON:setUpClass): 200 GET http://10.180.1.21/compute/v2.1/servers/8634de70-f66d-4f54-a13b-226737cb6d4a 0.059s
2024-10-09 14:47:05.688 62192 INFO tempest.lib.common.rest_client [req-bcbbf40f-0d0b-46f8-ba71-c31850e3a339 req-bcbbf40f-0d0b-46f8-ba71-c31850e3a339 ] Request (ListImageFiltersTestJSON:setUpClass): 200 GET http://10.180.1.21/compute/v2.1/servers/683d40c9-b738-486a-806a-7e895637ee85 0.065s
2024-10-09 14:47:05.734 62190 INFO tempest.lib.common.rest_client [req-35bcbd38-b5c3-471a-9764-b52d559d555e req-35bcbd38-b5c3-471a-9764-b52d559d555e ] Request (DeleteServersTestJSON:test_delete_active_server): 200 GET http://10.180.1.21/compute/v2.1/servers/2eaab038-6c55-439a-8293-da80474d369a 0.047s
2024-10-09 14:47:05.741 62190 INFO tempest.common.waiters [-] State transition "BUILD/None" ==> "BUILD/networking" after 70 second wait
2024-10-09 14:47:05.804 62186 INFO tempest.lib.common.rest_client [req-04a92084-1e6e-4e8a-8d3d-3fc29bd48280 req-04a92084-1e6e-4e8a-8d3d-3fc29bd48280 ] Request (ServerRescueTestJSON:setUpClass): 200 GET http://10.180.1.21/compute/v2.1/servers/280efc93-f913-4e4a-9ef0-fb4174d7d4cc 0.056s
2024-10-09 14:47:05.812 62150 INFO tempest.lib.common.rest_client [req-8222caf0-4a37-4caf-8851-bafac83defc7 req-8222caf0-4a37-4caf-8851-bafac83defc7 ] Request (ServerGroup264TestJSON:setUpClass): 201 POST http://10.180.1.21:9696/networking/v2.0/routers 0.975s
2024-10-09 14:47:05.865 62170 INFO tempest.lib.common.rest_client [req-5b074516-9e5a-4360-824c-1c12dfea8ab0 req-5b074516-9e5a-4360-824c-1c12dfea8ab0 ] Request (ServersTestManualDisk:setUpClass): 200 GET http://10.180.1.21/compute/v2.1/servers/7612f830-fed2-4dd7-ba8f-f792e1aa5ac6 0.058s
2024-10-09 14:47:05.918 62144 INFO tempest.lib.common.rest_client [req-c4f4690e-b4bc-4113-af8e-d7a4009e42cd req-c4f4690e-b4bc-4113-af8e-d7a4009e42cd ] Request (ServersTestJSON:setUpClass): 200 GET http://10.180.1.21/compute/v2.1/servers/b7d84a56-edb6-4d1e-b7e9-294078be79d8 0.050s
2024-10-09 14:47:05.972 62158 INFO tempest.lib.common.rest_client [req-6a9eb9ce-ae93-4c3a-921d-36aad32498b8 req-6a9eb9ce-ae93-4c3a-921d-36aad32498b8 ] Request (TenantUsagesTestJSON:setUpClass): 200 GET http://10.180.1.21/compute/v2.1/servers/d58f3c69-ae7a-48d5-a796-34898c6e704c 0.056s
2024-10-09 14:47:05.984 62142 INFO tempest.lib.common.rest_client [req-866fad75-6870-4324-8948-ff25c136b148 req-866fad75-6870-4324-8948-ff25c136b148 ] Request (ServerExternalEventsTest:test_create_server_external_events): 200 GET http://10.180.1.21/compute/v2.1/servers/d642bdb3-8e98-4667-9af7-71dae739e6b1 0.058s
2024-10-09 14:47:06.036 62166 INFO tempest.lib.common.rest_client [req-b4fa5c0b-2cd8-4d0e-8469-ef3d1c7d2193 req-b4fa5c0b-2cd8-4d0e-8469-ef3d1c7d2193 ] Request (ImagesTestJSON:test_create_image_from_suspended_server): 200 GET http://10.180.1.21/compute/v2.1/servers/9a54ca4f-e6ec-4413-b162-fca0cd824e00 0.077s
2024-10-09 14:47:06.044 62154 INFO tempest.lib.common.rest_client [req-739abf37-5b06-4a3d-b954-99df3d183015 req-739abf37-5b06-4a3d-b954-99df3d183015 ] Request (SecurityGroupsTestJSON:test_server_security_groups): 200 GET http://10.180.1.21/compute/v2.1/servers/2fc54703-5438-4c2a-b1e7-77431ce5177d 0.054s
2024-10-09 14:47:06.084 62162 INFO tempest.lib.common.rest_client [req-f9f7fd7c-5803-4a9d-964d-5569cceab602 req-f9f7fd7c-5803-4a9d-964d-5569cceab602 ] Request (AttachInterfacesUnderV243Test:test_add_remove_fixed_ip): 200 GET http://10.180.1.21/compute/v2.1/servers/a759b902-a441-404b-9884-f08c5b8e2a71 0.075s
2024-10-09 14:47:06.099 62178 INFO tempest.lib.common.rest_client [req-0b209c6d-f2a1-4e8d-bf1b-13c8a4f3fa39 req-0b209c6d-f2a1-4e8d-bf1b-13c8a4f3fa39 ] Request (MultipleCreateTestJSON:test_multiple_create): 200 GET http://10.180.1.21/compute/v2.1/servers/86d9ab25-b3d6-4cc4-8b96-2ed2b3959f37 0.059s
2024-10-09 14:47:06.256 62148 INFO tempest.lib.common.rest_client [req-6dace627-f96b-421b-8456-ba3671be7918 req-6dace627-f96b-421b-8456-ba3671be7918 ] Request (ServerActionsTestJSON:setUpClass): 200 GET http://10.180.1.21/compute/v2.1/servers/94d9244e-bf54-442d-8947-71d15d3da551 0.060s
2024-10-09 14:47:06.297 62184 INFO tempest.lib.common.rest_client [req-8a76f7a1-cd31-462d-9c48-e2b47ad45973 req-8a76f7a1-cd31-462d-9c48-e2b47ad45973 ] Request (ServerShowV247Test:test_update_rebuild_list_server): 200 GET http://10.180.1.21/compute/v2.1/servers/32fe176d-ebc2-46a4-8e93-3b2555a681d4 0.065s
2024-10-09 14:47:06.355 62204 INFO tempest.lib.common.rest_client [req-4d828b47-b62c-47b1-82a1-ea684f6ae3b0 req-4d828b47-b62c-47b1-82a1-ea684f6ae3b0 ] Request (FloatingIPsAssociationTestJSON:setUpClass): 200 GET http://10.180.1.21/compute/v2.1/servers/0a685616-f0ca-4de1-a78d-ecb1f40c0802 0.061s
2024-10-09 14:47:06.410 62172 INFO tempest.lib.common.rest_client [req-70ab39ef-d01b-467e-8fe0-271db737d687 req-70ab39ef-d01b-467e-8fe0-271db737d687 ] Request (MigrationsAdminTest:test_list_migrations_in_flavor_resize_situation): 200 GET http://10.180.1.21/compute/v2.1/servers/4558e0ba-8bf4-4ee7-a16b-9e4929a21ab9 0.112s
2024-10-09 14:47:06.471 62198 INFO tempest.lib.common.rest_client [req-ef9ca93d-728a-4561-aecb-46862f46057d req-ef9ca93d-728a-4561-aecb-46862f46057d ] Request (ServersTestFqdnHostnames:test_create_server_with_fqdn_name): 200 GET http://10.180.1.21/compute/v2.1/servers/b33f5bbe-fea2-40e1-bdcc-5c4788568e7d 0.230s
2024-10-09 14:47:06.482 62196 INFO tempest.lib.common.rest_client [req-feae06bc-65ef-4f8f-912e-b65955cc3fd9 req-feae06bc-65ef-4f8f-912e-b65955cc3fd9 ] Request (AttachInterfacesTestJSON:test_create_list_show_delete_interfaces_by_fixed_ip): 200 GET http://10.180.1.21/compute/v2.1/servers/8a4df3f1-67f3-404d-953f-caa6ba1b1641 0.146s
2024-10-09 14:47:06.530 62175 INFO tempest.lib.common.rest_client [req-51f5e936-77f3-408a-8876-3c51649f70e6 req-51f5e936-77f3-408a-8876-3c51649f70e6 ] Request (ServerMetadataTestJSON:setUpClass): 200 GET http://10.180.1.21/compute/v2.1/servers/c8f37b6f-4f0c-43db-a1ea-3c45d3956f66 0.172s
2024-10-09 14:47:06.542 62202 INFO tempest.lib.common.rest_client [req-7fbec204-aef7-49bf-8d8d-e2d20a4a20f6 req-7fbec204-aef7-49bf-8d8d-e2d20a4a20f6 ] Request (ServerRescueNegativeTestJSON:setUpClass): 200 GET http://10.180.1.21/compute/v2.1/servers/46dbb96b-dc8b-4fc9-bc54-181c5a308916 0.112s
2024-10-09 14:47:06.612 62160 INFO tempest.lib.common.rest_client [req-f5aaf597-a785-4202-ae25-6887a8972802 req-f5aaf597-a785-4202-ae25-6887a8972802 ] Request (ServersAdmin275Test:test_rebuild_update_server_275): 200 GET http://10.180.1.21/compute/v2.1/servers/607d29ad-2db6-4146-a0df-192f727e9d31 0.080s
2024-10-09 14:47:06.616 62200 INFO tempest.lib.common.rest_client [req-0dff316a-a47b-4e07-b7d0-cd89a6f22f27 req-0dff316a-a47b-4e07-b7d0-cd89a6f22f27 ] Request (AttachVolumeShelveTestJSON:test_attach_volume_shelved_or_offload_server): 200 GET http://10.180.1.21/compute/v2.1/servers/6ca2d77f-a62e-4eff-bf15-7855c94bb649 0.056s
2024-10-09 14:47:06.668 62176 INFO tempest.lib.common.rest_client [req-46ffff77-f906-4630-9525-228dca30b84d req-46ffff77-f906-4630-9525-228dca30b84d ] Request (ServersTestBootFromVolume:setUpClass): 200 GET http://10.180.1.21/compute/v2.1/servers/30b75b32-6fde-4a81-af55-11b51f3e087d 0.079s
2024-10-09 14:47:06.674 62146 INFO tempest.lib.common.rest_client [req-46834e6b-497b-4ae9-8d57-359c3625558b req-46834e6b-497b-4ae9-8d57-359c3625558b ] Request (ServerActionsTestOtherA:setUpClass): 200 GET http://10.180.1.21/compute/v2.1/servers/947b697d-4120-491d-83ce-21681974c224 0.073s
2024-10-09 14:47:06.721 62189 INFO tempest.lib.common.rest_client [req-462f5fb5-533e-4fbd-a594-05ae5d9bfd3c req-462f5fb5-533e-4fbd-a594-05ae5d9bfd3c ] Request (ServerDiskConfigTestJSON:test_rebuild_server_with_manual_disk_config): 200 GET http://10.180.1.21/compute/v2.1/servers/8c1101f6-4263-47db-bbd6-2be773ea3380 0.071s
2024-10-09 14:47:06.729 62182 INFO tempest.lib.common.rest_client [req-539b083f-d513-41b1-b475-ea98a1166948 req-539b083f-d513-41b1-b475-ea98a1166948 ] Request (InstanceActionsNegativeTestJSON:setUpClass): 200 GET http://10.180.1.21/compute/v2.1/servers/8634de70-f66d-4f54-a13b-226737cb6d4a 0.065s
2024-10-09 14:47:06.777 62192 INFO tempest.lib.common.rest_client [req-05006a59-6343-4901-b8df-4954b245e6fa req-05006a59-6343-4901-b8df-4954b245e6fa ] Request (ListImageFiltersTestJSON:setUpClass): 200 GET http://10.180.1.21/compute/v2.1/servers/683d40c9-b738-486a-806a-7e895637ee85 0.081s
2024-10-09 14:47:06.872 62186 INFO tempest.lib.common.rest_client [req-18177829-0c2f-4fec-bb6c-1d90a347c2af req-18177829-0c2f-4fec-bb6c-1d90a347c2af ] Request (ServerRescueTestJSON:setUpClass): 200 GET http://10.180.1.21/compute/v2.1/servers/280efc93-f913-4e4a-9ef0-fb4174d7d4cc 0.059s
2024-10-09 14:47:06.923 62170 INFO tempest.lib.common.rest_client [req-93eb40c9-130a-4bf7-9298-847c7ead2e7c req-93eb40c9-130a-4bf7-9298-847c7ead2e7c ] Request (ServersTestManualDisk:setUpClass): 200 GET http://10.180.1.21/compute/v2.1/servers/7612f830-fed2-4dd7-ba8f-f792e1aa5ac6 0.052s
2024-10-09 14:47:06.930 62150 INFO tempest.lib.common.rest_client [req-2539994a-00fc-4ea1-afdc-1736d6533ff8 req-2539994a-00fc-4ea1-afdc-1736d6533ff8 ] Request (ServerGroup264TestJSON:setUpClass): 200 PUT http://10.180.1.21:9696/networking/v2.0/routers/3b47c701-f89d-4b1d-84d1-7a30118e9aaa/add_router_interface 1.117s
2024-10-09 14:47:06.930 62150 INFO tempest.lib.common.dynamic_creds [-] Created isolated network resources for: credentials: Credentials: {'domain_id': 'default', 'domain_name': 'Default', 'username': 'tempest-ServerGroup264TestJSON-6577059-project-member', 'project_domain_id': 'default', 'project_domain_name': 'Default', 'project_id': '409f0332b09a4a3f956f30d7b2f1a400', 'project_name': 'tempest-ServerGroup264TestJSON-6577059', 'tenant_id': '409f0332b09a4a3f956f30d7b2f1a400', 'tenant_name': 'tempest-ServerGroup264TestJSON-6577059', 'user_domain_id': 'default', 'user_domain_name': 'Default', 'user_id': 'ba661584ea374cd7a522bb7449725796', 'system': None}, Network: {'id': '975e81d7-77ce-4d6f-b92d-e678d6c9c32a', 'name': 'tempest-ServerGroup264TestJSON-769727653-network', 'tenant_id': '409f0332b09a4a3f956f30d7b2f1a400', 'admin_state_up': True, 'mtu': 8950, 'status': 'ACTIVE', 'subnets': [], 'shared': False, 'project_id': '409f0332b09a4a3f956f30d7b2f1a400', 'port_security_enabled': True, 'router:external': False, 'provider:network_type': 'vlan', 'provider:physical_network': 'default', 'provider:segmentation_id': 581, 'is_default': False, 'availability_zone_hints': [], 'availability_zones': [], 'ipv4_address_scope': None, 'ipv6_address_scope': None, 'description': '', 'tags': [], 'created_at': '2024-10-09T14:47:04Z', 'updated_at': '2024-10-09T14:47:04Z', 'revision_number': 1}, Subnet: {'id': 'cdd19758-a4c8-4989-9aa8-efa87352d70b', 'name': 'tempest-ServerGroup264TestJSON-769727653-subnet', 'tenant_id': '409f0332b09a4a3f956f30d7b2f1a400', 'network_id': '975e81d7-77ce-4d6f-b92d-e678d6c9c32a', 'ip_version': 4, 'subnetpool_id': None, 'enable_dhcp': True, 'ipv6_ra_mode': None, 'ipv6_address_mode': None, 'gateway_ip': '192.168.128.1', 'cidr': '192.168.128.0/28', 'allocation_pools': [{'start': '192.168.128.2', 'end': '192.168.128.14'}], 'host_routes': [], 'dns_nameservers': [], 'description': '', 'router:external': False, 'service_types': [], 'tags': [], 'created_at': '2024-10-09T14:47:04Z', 'updated_at': '2024-10-09T14:47:04Z', 'revision_number': 0, 'project_id': '409f0332b09a4a3f956f30d7b2f1a400'}, Router: {'id': '3b47c701-f89d-4b1d-84d1-7a30118e9aaa', 'name': 'tempest-ServerGroup264TestJSON-769727653-router', 'tenant_id': '409f0332b09a4a3f956f30d7b2f1a400', 'admin_state_up': True, 'status': 'ACTIVE', 'external_gateway_info': {'network_id': '4ff0c48e-c819-4b5d-a8dd-0dc47f9be8ce', 'external_fixed_ips': [{'subnet_id': '4d9bd5e8-d7d4-4acf-a3e5-18f102101ec0', 'ip_address': '10.180.180.167'}], 'enable_snat': True}, 'description': '', 'availability_zones': [], 'distributed': False, 'ha': False, 'availability_zone_hints': [], 'routes': [], 'flavor_id': None, 'tags': [], 'created_at': '2024-10-09T14:47:04Z', 'updated_at': '2024-10-09T14:47:05Z', 'revision_number': 2, 'project_id': '409f0332b09a4a3f956f30d7b2f1a400'}
2024-10-09 14:47:06.943 62190 INFO tempest.lib.common.rest_client [req-79cc9dd6-b525-452a-81bd-7eaa84e8e4f2 req-79cc9dd6-b525-452a-81bd-7eaa84e8e4f2 ] Request (DeleteServersTestJSON:test_delete_active_server): 200 GET http://10.180.1.21/compute/v2.1/servers/2eaab038-6c55-439a-8293-da80474d369a 0.201s
2024-10-09 14:47:06.949 62190 INFO tempest.common.waiters [-] State transition "BUILD/networking" ==> "BUILD/block_device_mapping" after 71 second wait
2024-10-09 14:47:06.973 62144 INFO tempest.lib.common.rest_client [req-9459c41d-3377-4bb9-9bfc-44561d71d880 req-9459c41d-3377-4bb9-9bfc-44561d71d880 ] Request (ServersTestJSON:setUpClass): 200 GET http://10.180.1.21/compute/v2.1/servers/b7d84a56-edb6-4d1e-b7e9-294078be79d8 0.048s
2024-10-09 14:47:07.018 62150 INFO tempest.lib.common.rest_client [req-fa01a6c2-83f5-4cf5-b398-70f4ea528576 req-fa01a6c2-83f5-4cf5-b398-70f4ea528576 ] Request (ServerGroup264TestJSON:setUpClass): 201 POST http://10.180.1.21/identity/v3/auth/tokens 0.085s
2024-10-09 14:47:07.055 62158 INFO tempest.lib.common.rest_client [req-bbbca2fc-8fb0-4df7-92b0-c59fb169322f req-bbbca2fc-8fb0-4df7-92b0-c59fb169322f ] Request (TenantUsagesTestJSON:setUpClass): 200 GET http://10.180.1.21/compute/v2.1/servers/d58f3c69-ae7a-48d5-a796-34898c6e704c 0.064s
2024-10-09 14:47:07.058 62142 INFO tempest.lib.common.rest_client [req-301fecbf-668c-46d3-9b88-7c0ef45a5cd6 req-301fecbf-668c-46d3-9b88-7c0ef45a5cd6 ] Request (ServerExternalEventsTest:test_create_server_external_events): 200 GET http://10.180.1.21/compute/v2.1/servers/d642bdb3-8e98-4667-9af7-71dae739e6b1 0.062s
2024-10-09 14:47:07.115 62166 INFO tempest.lib.common.rest_client [req-481a44e4-74b3-4ca1-bc64-9676ec3dc7e2 req-481a44e4-74b3-4ca1-bc64-9676ec3dc7e2 ] Request (ImagesTestJSON:test_create_image_from_suspended_server): 200 GET http://10.180.1.21/compute/v2.1/servers/9a54ca4f-e6ec-4413-b162-fca0cd824e00 0.069s
2024-10-09 14:47:07.173 62154 INFO tempest.lib.common.rest_client [req-304700a0-33c3-4b7a-ae48-03f63b77f0d8 req-304700a0-33c3-4b7a-ae48-03f63b77f0d8 ] Request (SecurityGroupsTestJSON:test_server_security_groups): 200 GET http://10.180.1.21/compute/v2.1/servers/2fc54703-5438-4c2a-b1e7-77431ce5177d 0.122s
2024-10-09 14:47:07.197 62150 INFO tempest.lib.common.rest_client [req-5a6a0866-2acc-4ecb-9e25-7082d4e756a3 req-5a6a0866-2acc-4ecb-9e25-7082d4e756a3 ] Request (ServerGroup264TestJSON:test_create_get_server_group): 200 POST http://10.180.1.21/compute/v2.1/os-server-groups 0.177s
2024-10-09 14:47:07.221 62162 INFO tempest.lib.common.rest_client [req-1c60ddf3-6ebe-4e76-9617-b13c0037cd1c req-1c60ddf3-6ebe-4e76-9617-b13c0037cd1c ] Request (AttachInterfacesUnderV243Test:test_add_remove_fixed_ip): 200 GET http://10.180.1.21/compute/v2.1/servers/a759b902-a441-404b-9884-f08c5b8e2a71 0.129s
2024-10-09 14:47:07.235 62150 INFO tempest.lib.common.rest_client [req-4dc733d5-950c-446d-bed0-fc322acc0f2a req-4dc733d5-950c-446d-bed0-fc322acc0f2a ] Request (ServerGroup264TestJSON:test_create_get_server_group): 200 GET http://10.180.1.21/compute/v2.1/os-server-groups 0.036s
2024-10-09 14:47:07.244 62178 INFO tempest.lib.common.rest_client [req-ba4163bb-5def-481c-ab29-5707a4ba0170 req-ba4163bb-5def-481c-ab29-5707a4ba0170 ] Request (MultipleCreateTestJSON:test_multiple_create): 200 GET http://10.180.1.21/compute/v2.1/servers/86d9ab25-b3d6-4cc4-8b96-2ed2b3959f37 0.136s
2024-10-09 14:47:07.260 62150 INFO tempest.lib.common.rest_client [req-fa5eacba-e7b6-4352-9ee8-b856b5f13363 req-fa5eacba-e7b6-4352-9ee8-b856b5f13363 ] Request (ServerGroup264TestJSON:test_create_get_server_group): 200 GET http://10.180.1.21/compute/v2.1/os-server-groups/eef3328e-51e7-4600-a91b-71506f26acb2 0.023s
2024-10-09 14:47:07.297 62150 INFO tempest.lib.common.rest_client [req-e1e3f703-664a-45b9-9347-d6dec9e3cf26 req-e1e3f703-664a-45b9-9347-d6dec9e3cf26 ] Request (ServerGroup264TestJSON:_run_cleanups): 204 DELETE http://10.180.1.21/compute/v2.1/os-server-groups/eef3328e-51e7-4600-a91b-71506f26acb2 0.036s
2024-10-09 14:47:07.307 62150 INFO tempest.lib.common.rest_client [req-1df34553-6d0c-4d8c-b3b7-4eb45762afdb req-1df34553-6d0c-4d8c-b3b7-4eb45762afdb ] Request (ServerGroup264TestJSON:tearDownClass): 404 DELETE http://10.180.1.21/compute/v2.1/os-server-groups/eef3328e-51e7-4600-a91b-71506f26acb2 0.008s
2024-10-09 14:47:07.320 62148 INFO tempest.lib.common.rest_client [req-5f1cbf5e-a1f7-4139-b7f4-6cc0845acd5c req-5f1cbf5e-a1f7-4139-b7f4-6cc0845acd5c ] Request (ServerActionsTestJSON:setUpClass): 200 GET http://10.180.1.21/compute/v2.1/servers/94d9244e-bf54-442d-8947-71d15d3da551 0.056s
2024-10-09 14:47:07.376 62184 INFO tempest.lib.common.rest_client [req-d16fa741-9e9a-4e6e-a92f-611bed8e19c4 req-d16fa741-9e9a-4e6e-a92f-611bed8e19c4 ] Request (ServerShowV247Test:test_update_rebuild_list_server): 200 GET http://10.180.1.21/compute/v2.1/servers/32fe176d-ebc2-46a4-8e93-3b2555a681d4 0.066s
2024-10-09 14:47:07.433 62204 INFO tempest.lib.common.rest_client [req-39f1b55c-9852-4baf-84d9-2bd032d96fb1 req-39f1b55c-9852-4baf-84d9-2bd032d96fb1 ] Request (FloatingIPsAssociationTestJSON:setUpClass): 200 GET http://10.180.1.21/compute/v2.1/servers/0a685616-f0ca-4de1-a78d-ecb1f40c0802 0.071s
2024-10-09 14:47:07.472 62172 INFO tempest.lib.common.rest_client [req-ef5520df-db30-477d-82a7-ed569b787140 req-ef5520df-db30-477d-82a7-ed569b787140 ] Request (MigrationsAdminTest:test_list_migrations_in_flavor_resize_situation): 200 GET http://10.180.1.21/compute/v2.1/servers/4558e0ba-8bf4-4ee7-a16b-9e4929a21ab9 0.055s
2024-10-09 14:47:07.555 62196 INFO tempest.lib.common.rest_client [req-0a262d80-1025-40d2-bb3a-9b5fee9332f0 req-0a262d80-1025-40d2-bb3a-9b5fee9332f0 ] Request (AttachInterfacesTestJSON:test_create_list_show_delete_interfaces_by_fixed_ip): 200 GET http://10.180.1.21/compute/v2.1/servers/8a4df3f1-67f3-404d-953f-caa6ba1b1641 0.062s
2024-10-09 14:47:07.555 62198 INFO tempest.lib.common.rest_client [req-9848938f-e004-4392-930d-57ae9a0bed3d req-9848938f-e004-4392-930d-57ae9a0bed3d ] Request (ServersTestFqdnHostnames:test_create_server_with_fqdn_name): 200 GET http://10.180.1.21/compute/v2.1/servers/b33f5bbe-fea2-40e1-bdcc-5c4788568e7d 0.070s
2024-10-09 14:47:07.615 62202 INFO tempest.lib.common.rest_client [req-6c859ae1-e4ae-449a-abd9-756cb893188e req-6c859ae1-e4ae-449a-abd9-756cb893188e ] Request (ServerRescueNegativeTestJSON:setUpClass): 200 GET http://10.180.1.21/compute/v2.1/servers/46dbb96b-dc8b-4fc9-bc54-181c5a308916 0.059s
2024-10-09 14:47:07.615 62175 INFO tempest.lib.common.rest_client [req-ba806e4f-c902-4d23-92c1-08c19af6ff30 req-ba806e4f-c902-4d23-92c1-08c19af6ff30 ] Request (ServerMetadataTestJSON:setUpClass): 200 GET http://10.180.1.21/compute/v2.1/servers/c8f37b6f-4f0c-43db-a1ea-3c45d3956f66 0.077s
2024-10-09 14:47:07.681 62200 INFO tempest.lib.common.rest_client [req-89c33744-ba6a-4178-9443-b43bb2331515 req-89c33744-ba6a-4178-9443-b43bb2331515 ] Request (AttachVolumeShelveTestJSON:test_attach_volume_shelved_or_offload_server): 200 GET http://10.180.1.21/compute/v2.1/servers/6ca2d77f-a62e-4eff-bf15-7855c94bb649 0.056s
