2024-10-09 14:45:12.340 62182 INFO tempest.lib.common.rest_client [req-6bdfce09-8c35-4738-8e9f-2efbb7bc3bad req-6bdfce09-8c35-4738-8e9f-2efbb7bc3bad ] Request (ServicesAdminTestJSON:tearDownClass): 201 POST http://10.180.1.21/identity/v3/auth/tokens 0.161s
2024-10-09 14:45:12.355 62200 INFO tempest.lib.common.rest_client [req-c201a65e-28f3-494f-9ccf-224357085c9b req-c201a65e-28f3-494f-9ccf-224357085c9b ] Request (HostsAdminTestJSON:test_list_hosts_with_nonexistent_zone): 200 GET http://10.180.1.21/compute/v2.1/os-hosts?zone=xxx 1.613s
2024-10-09 14:45:12.374 62142 INFO tempest.lib.common.rest_client [req-1ded8e98-8892-44b5-9218-25dc2eac01c0 req-1ded8e98-8892-44b5-9218-25dc2eac01c0 ] Request (ServersWithSpecificFlavorTestJSON:test_verify_created_server_ephemeral_disk): 200 GET http://10.180.1.21/compute/v2.1/flavors/42/os-extra_specs 1.414s
2024-10-09 14:45:12.377 62144 INFO tempest.lib.common.rest_client [req-4c73baee-bbb7-41f3-851b-3ad511f19e1a req-4c73baee-bbb7-41f3-851b-3ad511f19e1a ] Request (InstanceUsageAuditLogTestJSON:setUpClass): 200 GET http://10.180.1.21/identity/v3/roles 0.141s
2024-10-09 14:45:12.407 62164 INFO tempest.lib.common.rest_client [req-adf8e244-56d6-49c8-afba-6b1b73cf353d req-adf8e244-56d6-49c8-afba-6b1b73cf353d ] Request (ServerShowV254Test:setUpClass): 200 GET http://10.180.1.21/identity/v3/roles 0.132s
2024-10-09 14:45:12.424 62152 INFO tempest.lib.common.rest_client [req-e18dc52e-aa8f-4662-b4f4-8567c5c543b2 req-e18dc52e-aa8f-4662-b4f4-8567c5c543b2 ] Request (FlavorsAccessNegativeTestJSON:_run_cleanups): 200 POST http://10.180.1.21/compute/v2.1/flavors/1293797758/action 1.709s
2024-10-09 14:45:12.437 62162 INFO tempest.lib.common.rest_client [req-0cc6d11d-a3d4-4aaf-a777-955a3de7dc52 req-0cc6d11d-a3d4-4aaf-a777-955a3de7dc52 ] Request (FlavorsAccessTestJSON:test_flavor_access_add_remove): 200 GET http://10.180.1.21/compute/v2.1/flavors/detail 1.329s
2024-10-09 14:45:12.453 62168 INFO tempest.lib.common.rest_client [req-df17d058-ce55-460e-bfdf-12bd0f7fba7c req-df17d058-ce55-460e-bfdf-12bd0f7fba7c ] Request (FlavorMetadataValidation:tearDownClass): 200 GET http://10.180.1.21:9696/networking/v2.0/security-groups?tenant_id=4278fa2dec9342b8ab1008f31a024f83&name=default 0.544s
2024-10-09 14:45:12.478 62144 INFO tempest.lib.common.rest_client [req-29020646-06ad-4bf9-b468-7f0b55a98e51 req-29020646-06ad-4bf9-b468-7f0b55a98e51 ] Request (InstanceUsageAuditLogTestJSON:setUpClass): 204 PUT http://10.180.1.21/identity/v3/projects/3fc7a96d8ea045b0bb8ffe7247cd9d05/users/9ccf3afb3b8a42a0b9f9d33e7ba04bbf/roles/2485a807dd4848b5ad3cb68d67b3527b 0.101s
2024-10-09 14:45:12.479 62144 INFO tempest.lib.common.dynamic_creds [-] Dynamic test user 9ccf3afb3b8a42a0b9f9d33e7ba04bbf is created with scope project and roles: ['member']
2024-10-09 14:45:12.479 62144 INFO tempest.lib.common.dynamic_creds [-] Acquired dynamic creds: credentials: Credentials: {'domain_id': 'default', 'domain_name': 'Default', 'username': 'tempest-InstanceUsageAuditLogTestJSON-1741832843-project-member', 'project_domain_id': 'default', 'project_domain_name': 'Default', 'project_id': '3fc7a96d8ea045b0bb8ffe7247cd9d05', 'project_name': 'tempest-InstanceUsageAuditLogTestJSON-1741832843', 'tenant_id': '3fc7a96d8ea045b0bb8ffe7247cd9d05', 'tenant_name': 'tempest-InstanceUsageAuditLogTestJSON-1741832843', 'user_domain_id': 'default', 'user_domain_name': 'Default', 'user_id': '9ccf3afb3b8a42a0b9f9d33e7ba04bbf', 'system': None}, Network: None, Subnet: None, Router: None
2024-10-09 14:45:12.479 62144 INFO tempest.lib.common.dynamic_creds [-] Created isolated network resources for: credentials: Credentials: {'domain_id': 'default', 'domain_name': 'Default', 'username': 'tempest-InstanceUsageAuditLogTestJSON-1741832843-project-member', 'project_domain_id': 'default', 'project_domain_name': 'Default', 'project_id': '3fc7a96d8ea045b0bb8ffe7247cd9d05', 'project_name': 'tempest-InstanceUsageAuditLogTestJSON-1741832843', 'tenant_id': '3fc7a96d8ea045b0bb8ffe7247cd9d05', 'tenant_name': 'tempest-InstanceUsageAuditLogTestJSON-1741832843', 'user_domain_id': 'default', 'user_domain_name': 'Default', 'user_id': '9ccf3afb3b8a42a0b9f9d33e7ba04bbf', 'system': None}, Network: None, Subnet: None, Router: None
2024-10-09 14:45:12.480 62189 INFO tempest.lib.common.rest_client [req-2dcbe245-784e-438b-a089-901d2c5a6fce req-2dcbe245-784e-438b-a089-901d2c5a6fce ] Request (ServerDiskConfigTestJSON:setUpClass): 200 PUT http://10.180.1.21:9696/networking/v2.0/routers/3c31e430-006e-41b9-a485-da2d525789f2/add_router_interface 1.422s
2024-10-09 14:45:12.480 62189 INFO tempest.lib.common.dynamic_creds [-] Created isolated network resources for: credentials: Credentials: {'domain_id': 'default', 'domain_name': 'Default', 'username': 'tempest-ServerDiskConfigTestJSON-1795548106-project-member', 'project_domain_id': 'default', 'project_domain_name': 'Default', 'project_id': '51aa57efe97e453783044286f33d3f00', 'project_name': 'tempest-ServerDiskConfigTestJSON-1795548106', 'tenant_id': '51aa57efe97e453783044286f33d3f00', 'tenant_name': 'tempest-ServerDiskConfigTestJSON-1795548106', 'user_domain_id': 'default', 'user_domain_name': 'Default', 'user_id': 'f0337baafe604194a5bc93e99ca8078a', 'system': None}, Network: {'id': '0815faee-1ad6-4050-8dd4-1c269fd11fa1', 'name': 'tempest-ServerDiskConfigTestJSON-116591909-network', 'tenant_id': '51aa57efe97e453783044286f33d3f00', 'admin_state_up': True, 'mtu': 8950, 'status': 'ACTIVE', 'subnets': [], 'shared': False, 'project_id': '51aa57efe97e453783044286f33d3f00', 'port_security_enabled': True, 'router:external': False, 'provider:network_type': 'vlan', 'provider:physical_network': 'default', 'provider:segmentation_id': 177, 'is_default': False, 'availability_zone_hints': [], 'availability_zones': [], 'ipv4_address_scope': None, 'ipv6_address_scope': None, 'description': '', 'tags': [], 'created_at': '2024-10-09T14:45:08Z', 'updated_at': '2024-10-09T14:45:08Z', 'revision_number': 1}, Subnet: {'id': '13e73aca-b8d6-406f-9566-814f172516e4', 'name': 'tempest-ServerDiskConfigTestJSON-116591909-subnet', 'tenant_id': '51aa57efe97e453783044286f33d3f00', 'network_id': '0815faee-1ad6-4050-8dd4-1c269fd11fa1', 'ip_version': 4, 'subnetpool_id': None, 'enable_dhcp': True, 'ipv6_ra_mode': None, 'ipv6_address_mode': None, 'gateway_ip': '192.168.128.1', 'cidr': '192.168.128.0/28', 'allocation_pools': [{'start': '192.168.128.2', 'end': '192.168.128.14'}], 'host_routes': [], 'dns_nameservers': [], 'description': '', 'router:external': False, 'service_types': [], 'tags': [], 'created_at': '2024-10-09T14:45:09Z', 'updated_at': '2024-10-09T14:45:09Z', 'revision_number': 0, 'project_id': '51aa57efe97e453783044286f33d3f00'}, Router: {'id': '3c31e430-006e-41b9-a485-da2d525789f2', 'name': 'tempest-ServerDiskConfigTestJSON-116591909-router', 'tenant_id': '51aa57efe97e453783044286f33d3f00', 'admin_state_up': True, 'status': 'ACTIVE', 'external_gateway_info': {'network_id': '4ff0c48e-c819-4b5d-a8dd-0dc47f9be8ce', 'external_fixed_ips': [{'subnet_id': '4d9bd5e8-d7d4-4acf-a3e5-18f102101ec0', 'ip_address': '10.180.180.186'}], 'enable_snat': True}, 'description': '', 'availability_zones': [], 'distributed': False, 'ha': False, 'availability_zone_hints': [], 'routes': [], 'flavor_id': None, 'tags': [], 'created_at': '2024-10-09T14:45:09Z', 'updated_at': '2024-10-09T14:45:09Z', 'revision_number': 2, 'project_id': '51aa57efe97e453783044286f33d3f00'}
2024-10-09 14:45:12.505 62160 INFO tempest.lib.common.rest_client [req-e92fb26f-bd49-4b28-8803-630ca76adae2 req-e92fb26f-bd49-4b28-8803-630ca76adae2 ] Request (VolumesAssistedSnapshotsTest:test_volume_assisted_snapshot_create_delete): 202 POST http://10.180.1.21/volume/v3/8f39160f157e4abe91a41207fac10b03/volumes 0.604s
2024-10-09 14:45:12.508 62154 INFO tempest.lib.common.rest_client [req-3a4b3bef-293c-4346-a411-353cfd499ba9 req-3a4b3bef-293c-4346-a411-353cfd499ba9 ] Request (AbsoluteLimitsNegativeTestJSON:test_max_metadata_exceed_limit): 200 GET http://10.180.1.21/compute/v2.1/limits 1.480s
2024-10-09 14:45:12.515 62192 INFO tempest.lib.common.rest_client [req-0b914ca8-f9c2-41c0-8de2-4da1a1af60e6 req-0b914ca8-f9c2-41c0-8de2-4da1a1af60e6 ] Request (QuotasAdminTestV236:tearDownClass): 200 GET http://10.180.1.21:9696/networking/v2.0/security-groups?tenant_id=e6d868006dc349ff8d20a30790cde552&name=default 0.217s
2024-10-09 14:45:12.530 62158 INFO tempest.lib.common.rest_client [req-c3eee5b2-034b-4bbb-8b0d-a89df5611cc2 req-c3eee5b2-034b-4bbb-8b0d-a89df5611cc2 ] Request (AggregatesAdminNegativeTestJSON:test_aggregate_add_host_as_user): 200 POST http://10.180.1.21/compute/v2.1/os-aggregates 1.185s
2024-10-09 14:45:12.544 62175 INFO tempest.lib.common.rest_client [req-de76557b-f987-4780-9f65-b310f81f5df6 req-de76557b-f987-4780-9f65-b310f81f5df6 ] Request (FlavorsV261TestJSON:test_crud_flavor): 200 GET http://10.180.1.21/compute/v2.1/flavors 1.140s
2024-10-09 14:45:12.548 62164 INFO tempest.lib.common.rest_client [req-5a923c35-825a-4d33-bbc0-b07692c3e028 req-5a923c35-825a-4d33-bbc0-b07692c3e028 ] Request (ServerShowV254Test:setUpClass): 204 PUT http://10.180.1.21/identity/v3/projects/67477831abd44d088b9818b3f5958425/users/20962e305c414fa8a9dc9ec7f77e09d4/roles/2485a807dd4848b5ad3cb68d67b3527b 0.140s
2024-10-09 14:45:12.548 62164 INFO tempest.lib.common.dynamic_creds [-] Dynamic test user 20962e305c414fa8a9dc9ec7f77e09d4 is created with scope project and roles: ['member']
2024-10-09 14:45:12.548 62164 INFO tempest.lib.common.dynamic_creds [-] Acquired dynamic creds: credentials: Credentials: {'domain_id': 'default', 'domain_name': 'Default', 'username': 'tempest-ServerShowV254Test-479368687-project-member', 'project_domain_id': 'default', 'project_domain_name': 'Default', 'project_id': '67477831abd44d088b9818b3f5958425', 'project_name': 'tempest-ServerShowV254Test-479368687', 'tenant_id': '67477831abd44d088b9818b3f5958425', 'tenant_name': 'tempest-ServerShowV254Test-479368687', 'user_domain_id': 'default', 'user_domain_name': 'Default', 'user_id': '20962e305c414fa8a9dc9ec7f77e09d4', 'system': None}, Network: None, Subnet: None, Router: None
2024-10-09 14:45:12.549 62164 INFO tempest.lib.common.dynamic_creds [-] Created isolated network resources for: credentials: Credentials: {'domain_id': 'default', 'domain_name': 'Default', 'username': 'tempest-ServerShowV254Test-479368687-project-member', 'project_domain_id': 'default', 'project_domain_name': 'Default', 'project_id': '67477831abd44d088b9818b3f5958425', 'project_name': 'tempest-ServerShowV254Test-479368687', 'tenant_id': '67477831abd44d088b9818b3f5958425', 'tenant_name': 'tempest-ServerShowV254Test-479368687', 'user_domain_id': 'default', 'user_domain_name': 'Default', 'user_id': '20962e305c414fa8a9dc9ec7f77e09d4', 'system': None}, Network: None, Subnet: None, Router: None
2024-10-09 14:45:12.560 62204 INFO tempest.lib.common.rest_client [req-2bd90d64-e5fa-4bc6-99c3-971efc799b9e req-2bd90d64-e5fa-4bc6-99c3-971efc799b9e ] Request (HypervisorAdminTestJSON:test_get_hypervisor_stats): 200 GET http://10.180.1.21/compute/v2.1/os-hypervisors/statistics 1.137s
2024-10-09 14:45:12.581 62160 INFO tempest.lib.common.rest_client [req-4b4b0e8b-75dd-4908-85c7-3cf448550fb1 req-4b4b0e8b-75dd-4908-85c7-3cf448550fb1 ] Request (VolumesAssistedSnapshotsTest:test_volume_assisted_snapshot_create_delete): 200 GET http://10.180.1.21/volume/v3/8f39160f157e4abe91a41207fac10b03/volumes/b0c22e9c-c8f7-45a5-a99b-1a9fc0d0b522 0.069s
2024-10-09 14:45:12.596 62189 INFO tempest.lib.common.rest_client [req-9b26b1e8-fc46-4c92-85be-b03c595ed56b req-9b26b1e8-fc46-4c92-85be-b03c595ed56b ] Request (ServerDiskConfigTestJSON:setUpClass): 201 POST http://10.180.1.21/identity/v3/auth/tokens 0.111s
2024-10-09 14:45:12.619 62144 INFO tempest.lib.common.rest_client [req-b038e83d-d79e-4c63-b167-b08ad44640c6 req-b038e83d-d79e-4c63-b167-b08ad44640c6 ] Request (InstanceUsageAuditLogTestJSON:setUpClass): 201 POST http://10.180.1.21/identity/v3/auth/tokens 0.133s
2024-10-09 14:45:12.688 62182 INFO tempest.lib.common.rest_client [req-424057bf-3a3e-4bf9-8b04-098028eea989 req-424057bf-3a3e-4bf9-8b04-098028eea989 ] Request (ServicesAdminTestJSON:tearDownClass): 200 GET http://10.180.1.21:9696/networking/v2.0/security-groups?tenant_id=b45f6db7572548fba9d621194b67e298&name=default 0.347s
2024-10-09 14:45:12.699 62154 INFO tempest.lib.common.rest_client [req-6bd77f42-439c-4587-b3d6-9e7c44a979b6 req-6bd77f42-439c-4587-b3d6-9e7c44a979b6 ] Request (AbsoluteLimitsNegativeTestJSON:test_max_metadata_exceed_limit): 201 POST http://10.180.1.21/identity/v3/auth/tokens 0.183s
2024-10-09 14:45:12.700 62154 INFO tempest.lib.common.fixed_network [-] (AbsoluteLimitsNegativeTestJSON:test_max_metadata_exceed_limit) Found network None available for tenant
2024-10-09 14:45:12.719 62150 INFO tempest.lib.common.rest_client [req-2da008cd-53dd-49db-9b4f-1f234ba883f2 req-2da008cd-53dd-49db-9b4f-1f234ba883f2 ] Request (QuotasAdminNegativeTest:test_create_server_when_instances_quota_is_full): 200 GET http://10.180.1.21/compute/v2.1/os-quota-sets/93f0d0e39bfa4677be14cee2f4f104c2 1.448s
2024-10-09 14:45:12.751 62172 INFO tempest.lib.common.rest_client [req-4b30373c-cd09-4d68-af3d-4e1ffa44dbda req-4b30373c-cd09-4d68-af3d-4e1ffa44dbda ] Request (FlavorsAdminTestJSON:_run_cleanups): 202 DELETE http://10.180.1.21/compute/v2.1/flavors/1247117031 1.044s
2024-10-09 14:45:12.764 62192 INFO tempest.lib.common.rest_client [req-eeeeefdc-411f-4e9f-87d9-6d38667ba016 req-eeeeefdc-411f-4e9f-87d9-6d38667ba016 ] Request (QuotasAdminTestV236:tearDownClass): 204 DELETE http://10.180.1.21:9696/networking/v2.0/security-groups/9d4a523f-9c05-4ea5-b229-47e0f426b3f4 0.248s
2024-10-09 14:45:12.777 62178 INFO tempest.lib.common.rest_client [req-82392bc6-361a-49ce-8dc3-5018b74870e9 req-82392bc6-361a-49ce-8dc3-5018b74870e9 ] Request (FlavorsV255TestJSON:test_crud_flavor): 200 GET http://10.180.1.21/compute/v2.1/flavors 1.051s
2024-10-09 14:45:12.790 62198 INFO tempest.lib.common.rest_client [req-f9f22704-ccea-4313-bdb5-01b0a0c62de6 req-f9f22704-ccea-4313-bdb5-01b0a0c62de6 ] Request (FlavorsExtraSpecsTestJSON:test_flavor_non_admin_get_specific_key): 200 GET http://10.180.1.21/compute/v2.1/flavors/552025058/os-extra_specs/hw:numa_nodes 1.047s
2024-10-09 14:45:12.812 62164 INFO tempest.lib.common.rest_client [req-a2b9256c-8d4a-4b08-8a78-90f86010158f req-a2b9256c-8d4a-4b08-8a78-90f86010158f ] Request (ServerShowV254Test:setUpClass): 201 POST http://10.180.1.21/identity/v3/auth/tokens 0.258s
2024-10-09 14:45:12.822 62146 INFO tempest.lib.common.rest_client [req-ce73af56-6245-4832-adc3-621c34e77b7d req-ce73af56-6245-4832-adc3-621c34e77b7d ] Request (KeyPairsV2TestJSON:_run_cleanups): 202 DELETE http://10.180.1.21/compute/v2.1/os-keypairs/tempest-keypair-305033017 1.010s
2024-10-09 14:45:12.851 62194 INFO tempest.lib.common.rest_client [req-51aacef0-d52f-4fc3-8973-d92dda03b760 req-51aacef0-d52f-4fc3-8973-d92dda03b760 ] Request (KeyPairsV210TestJSON:_run_cleanups): 204 DELETE http://10.180.1.21/compute/v2.1/os-keypairs/tempest-KeyPairsV210TestJSON-keypair-1871506207 1.030s
2024-10-09 14:45:12.862 62204 INFO tempest.lib.common.rest_client [req-3d0c9f00-2e3a-4631-8a57-4ca74ef18145 req-3d0c9f00-2e3a-4631-8a57-4ca74ef18145 ] Request (HypervisorAdminTestJSON:tearDownClass): 204 DELETE http://10.180.1.21/identity/v3/users/6113f3ad4e3e44599e8846116b19565c 0.299s
2024-10-09 14:45:12.871 62189 INFO tempest.lib.common.rest_client [req-c4d13837-79b1-4401-9f6a-6bccffb26787 req-c4d13837-79b1-4401-9f6a-6bccffb26787 ] Request (ServerDiskConfigTestJSON:test_rebuild_server_with_auto_disk_config): 201 POST http://10.180.1.21/identity/v3/auth/tokens 0.269s
2024-10-09 14:45:12.872 62189 INFO tempest.lib.common.fixed_network [-] (ServerDiskConfigTestJSON:test_rebuild_server_with_auto_disk_config) Found network {'id': '0815faee-1ad6-4050-8dd4-1c269fd11fa1', 'name': 'tempest-ServerDiskConfigTestJSON-116591909-network', 'tenant_id': '51aa57efe97e453783044286f33d3f00', 'admin_state_up': True, 'mtu': 8950, 'status': 'ACTIVE', 'subnets': [], 'shared': False, 'project_id': '51aa57efe97e453783044286f33d3f00', 'port_security_enabled': True, 'router:external': False, 'provider:network_type': 'vlan', 'provider:physical_network': 'default', 'provider:segmentation_id': 177, 'is_default': False, 'availability_zone_hints': [], 'availability_zones': [], 'ipv4_address_scope': None, 'ipv6_address_scope': None, 'description': '', 'tags': [], 'created_at': '2024-10-09T14:45:08Z', 'updated_at': '2024-10-09T14:45:08Z', 'revision_number': 1} available for tenant
2024-10-09 14:45:12.876 62184 INFO tempest.lib.common.rest_client [req-ea6e5122-d49a-4929-a748-26900daf6ceb req-ea6e5122-d49a-4929-a748-26900daf6ceb ] Request (FlavorsExtraSpecsNegativeTestJSON:test_flavor_non_admin_update_specific_key): 200 POST http://10.180.1.21/compute/v2.1/flavors/1310674546/os-extra_specs 1.050s
2024-10-09 14:45:12.878 62182 INFO tempest.lib.common.rest_client [req-1136f61f-aba7-478a-9e73-a5df70e19e25 req-1136f61f-aba7-478a-9e73-a5df70e19e25 ] Request (ServicesAdminTestJSON:tearDownClass): 204 DELETE http://10.180.1.21:9696/networking/v2.0/security-groups/b7d1579c-9453-4e38-b45b-2a480b93a0db 0.190s
2024-10-09 14:45:12.904 62168 INFO tempest.lib.common.rest_client [req-9e09188f-cee6-4fce-8cf3-9ed24a9130ac req-9e09188f-cee6-4fce-8cf3-9ed24a9130ac ] Request (FlavorMetadataValidation:tearDownClass): 204 DELETE http://10.180.1.21:9696/networking/v2.0/security-groups/9f881362-9a27-4da7-990b-ea5fd83db7df 0.451s
2024-10-09 14:45:12.919 62196 INFO tempest.lib.common.rest_client [req-dfe3a2d1-c685-4eb9-809c-47e9affa1cf2 req-dfe3a2d1-c685-4eb9-809c-47e9affa1cf2 ] Request (SecurityGroupRulesNegativeTestJSON:test_create_security_group_rule_with_invalid_from_port): 200 POST http://10.180.1.21/compute/v2.1/os-security-groups 1.239s
2024-10-09 14:45:12.948 62144 INFO tempest.lib.common.rest_client [req-ba0ab28d-ee39-45c8-b040-1c328ce63d9d req-ba0ab28d-ee39-45c8-b040-1c328ce63d9d ] Request (InstanceUsageAuditLogTestJSON:setUpClass): 201 POST http://10.180.1.21/identity/v3/projects 0.329s
2024-10-09 14:45:12.954 62170 INFO tempest.lib.common.rest_client [req-9ce751bb-93c3-4f3e-8dae-a44a3d63d55d req-9ce751bb-93c3-4f3e-8dae-a44a3d63d55d ] Request (ServersAdminTestJSON:setUpClass): 201 POST http://10.180.1.21:9696/networking/v2.0/networks 0.929s
2024-10-09 14:45:12.956 62176 INFO tempest.lib.common.rest_client [req-619cd49a-f41a-4344-8bd6-c147bf7ab382 req-619cd49a-f41a-4344-8bd6-c147bf7ab382 ] Request (ImagesMetadataTestJSON:test_get_image_metadata_item): 200 GET http://10.180.1.21/compute/v2.1/images/6510de02-7284-4912-9207-704d1782117f/metadata/os_distro 0.926s
2024-10-09 14:45:12.964 62192 INFO tempest.lib.common.rest_client [req-4af73279-1e22-43d5-89e2-7bdb3e2835fd req-4af73279-1e22-43d5-89e2-7bdb3e2835fd ] Request (QuotasAdminTestV236:tearDownClass): 204 DELETE http://10.180.1.21/identity/v3/projects/e6d868006dc349ff8d20a30790cde552 0.200s
2024-10-09 14:45:13.007 62164 INFO tempest.lib.common.rest_client [req-3b2f00dd-e30a-418b-a754-28d7817f20de req-3b2f00dd-e30a-418b-a754-28d7817f20de ] Request (ServerShowV254Test:test_rebuild_server): 201 POST http://10.180.1.21/identity/v3/auth/tokens 0.189s
2024-10-09 14:45:13.008 62164 INFO tempest.lib.common.fixed_network [-] (ServerShowV254Test:test_rebuild_server) Found network None available for tenant
2024-10-09 14:45:13.048 62190 INFO tempest.lib.common.rest_client [req-848b6730-bce7-4380-80cd-b1dada898179 req-848b6730-bce7-4380-80cd-b1dada898179 ] Request (ServersAdminNegativeTestJSON:setUpClass): 200 GET http://10.180.1.21/compute/v2.1/servers/051c89d4-d10d-493d-abe9-8daed89fa01a 1.206s
2024-10-09 14:45:13.052 62202 INFO tempest.lib.common.rest_client [req-dfce9415-9e41-409e-9c9f-5e22a6ee3edd req-dfce9415-9e41-409e-9c9f-5e22a6ee3edd ] Request (ServerDiagnosticsV248Test:test_get_server_diagnostics): 200 GET http://10.180.1.21/compute/v2.1/servers/4a58670f-72ae-48a9-826d-afcff5260047 0.808s
2024-10-09 14:45:13.058 62190 INFO tempest.common.waiters [-] State transition "BUILD/block_device_mapping" ==> "BUILD/spawning" after 5 second wait
2024-10-09 14:45:13.065 62202 INFO tempest.common.waiters [-] State transition "BUILD/None" ==> "BUILD/block_device_mapping" after 5 second wait
2024-10-09 14:45:13.101 62182 INFO tempest.lib.common.rest_client [req-8f394bb4-9c3a-4495-98ce-4d0ac54f14af req-8f394bb4-9c3a-4495-98ce-4d0ac54f14af ] Request (ServicesAdminTestJSON:tearDownClass): 204 DELETE http://10.180.1.21/identity/v3/projects/b45f6db7572548fba9d621194b67e298 0.223s
2024-10-09 14:45:13.101 62182 INFO tempest.lib.common.dynamic_creds [-] Deleting project and security group for project: 5fe167a396054cf3a6dc342897a41439
2024-10-09 14:45:13.108 62180 INFO tempest.lib.common.rest_client [req-64bf2e64-af4a-4cd2-b15d-7fb30ae0c8a8 req-64bf2e64-af4a-4cd2-b15d-7fb30ae0c8a8 ] Request (DeleteServersAdminTestJSON:test_admin_delete_servers_of_others): 200 GET http://10.180.1.21/compute/v2.1/servers/8686b23b-452a-43a3-881c-bc8446714404 0.800s
2024-10-09 14:45:13.109 62204 INFO tempest.lib.common.rest_client [req-dba66ec3-e269-4eea-9db9-b65c4e889512 req-dba66ec3-e269-4eea-9db9-b65c4e889512 ] Request (HypervisorAdminTestJSON:tearDownClass): 204 DELETE http://10.180.1.21/identity/v3/users/b8365f65ae724eccafd1e2110b1883ca 0.246s
2024-10-09 14:45:13.110 62204 INFO tempest.lib.common.dynamic_creds [-] Deleting project and security group for project: 25a23afc9dc94d528ba1b65c5855fb41
2024-10-09 14:45:13.140 62200 INFO tempest.lib.common.rest_client [req-44b730da-98e3-48ce-b01f-0ca57ad84465 req-44b730da-98e3-48ce-b01f-0ca57ad84465 ] Request (HostsAdminTestJSON:test_list_hosts_with_zone): 200 GET http://10.180.1.21/compute/v2.1/os-hosts 0.780s
2024-10-09 14:45:13.170 62144 INFO tempest.lib.common.rest_client [req-adf4ae0f-02b7-4b80-97b6-509849bc4151 req-adf4ae0f-02b7-4b80-97b6-509849bc4151 ] Request (InstanceUsageAuditLogTestJSON:setUpClass): 201 POST http://10.180.1.21/identity/v3/users 0.221s
2024-10-09 14:45:13.192 62192 INFO tempest.lib.common.rest_client [req-7787ea85-07a7-4f67-b505-c727f4a73121 req-7787ea85-07a7-4f67-b505-c727f4a73121 ] Request (ImagesOneServerNegativeTestJSON:setUpClass): 201 POST http://10.180.1.21/identity/v3/auth/tokens 0.225s
2024-10-09 14:45:13.196 62156 INFO tempest.lib.common.rest_client [req-33f9538a-7329-4017-af88-4c659d849cdb req-33f9538a-7329-4017-af88-4c659d849cdb ] Request (ServerDiagnosticsTest:test_get_server_diagnostics): 200 GET http://10.180.1.21/compute/v2.1/servers/d6d0171d-d3dc-4ed6-87ff-3a4fc38a2bed 0.830s
2024-10-09 14:45:13.212 62168 INFO tempest.lib.common.rest_client [req-305b5c05-5732-411b-a714-c682da0c3ef2 req-305b5c05-5732-411b-a714-c682da0c3ef2 ] Request (FlavorMetadataValidation:tearDownClass): 204 DELETE http://10.180.1.21/identity/v3/projects/4278fa2dec9342b8ab1008f31a024f83 0.307s
2024-10-09 14:45:13.212 62168 INFO tempest.lib.common.dynamic_creds [-] Deleting project and security group for project: 22e99a896f7c4bacbe99d2bdabdc300a
2024-10-09 14:45:13.220 62142 INFO tempest.lib.common.rest_client [req-8a8b8eeb-3653-404e-bda8-e446c7189c74 req-8a8b8eeb-3653-404e-bda8-e446c7189c74 ] Request (ServersWithSpecificFlavorTestJSON:test_verify_created_server_ephemeral_disk): 200 POST http://10.180.1.21/compute/v2.1/flavors/727346553/os-extra_specs 0.845s
2024-10-09 14:45:13.229 62182 INFO tempest.lib.common.rest_client [req-4544f547-3690-44fe-a8e2-8912c94aae79 req-4544f547-3690-44fe-a8e2-8912c94aae79 ] Request (ServicesAdminTestJSON:tearDownClass): 200 GET http://10.180.1.21:9696/networking/v2.0/security-groups?tenant_id=5fe167a396054cf3a6dc342897a41439&name=default 0.127s
2024-10-09 14:45:13.244 62204 INFO tempest.lib.common.rest_client [req-ce325ab4-7a1b-4a58-afe4-78ad6afed8a2 req-ce325ab4-7a1b-4a58-afe4-78ad6afed8a2 ] Request (HypervisorAdminTestJSON:tearDownClass): 201 POST http://10.180.1.21/identity/v3/auth/tokens 0.134s
2024-10-09 14:45:13.262 62144 INFO tempest.lib.common.rest_client [req-d8d9aa67-a41b-4f8f-98ad-3b6d1256e767 req-d8d9aa67-a41b-4f8f-98ad-3b6d1256e767 ] Request (InstanceUsageAuditLogTestJSON:setUpClass): 200 GET http://10.180.1.21/identity/v3/roles 0.092s
2024-10-09 14:45:13.268 62192 INFO tempest.lib.common.rest_client [req-0d382f5d-f4df-48bb-957e-872f93746bc2 req-0d382f5d-f4df-48bb-957e-872f93746bc2 ] Request (ImagesOneServerNegativeTestJSON:setUpClass): 201 POST http://10.180.1.21/identity/v3/auth/tokens 0.074s
2024-10-09 14:45:13.269 62148 INFO tempest.lib.common.rest_client [req-e9ef1e72-ccde-4a6c-9a0d-7cab795822f2 req-e9ef1e72-ccde-4a6c-9a0d-7cab795822f2 ] Request (ListServersNegativeTestJSON:setUpClass): 200 GET http://10.180.1.21/compute/v2.1/servers/553d4ae0-a2bd-41db-91b2-dfdfa0a8dcd7 0.877s
2024-10-09 14:45:13.280 62152 INFO tempest.lib.common.rest_client [req-a4f634ff-2fec-4a60-98ed-d0f39a8dbb40 req-a4f634ff-2fec-4a60-98ed-d0f39a8dbb40 ] Request (FlavorsAccessNegativeTestJSON:_run_cleanups): 202 DELETE http://10.180.1.21/compute/v2.1/flavors/1293797758 0.854s
2024-10-09 14:45:13.289 62144 INFO tempest.lib.common.rest_client [req-2fa04032-1d5d-4d1c-88e9-1686182113b7 req-2fa04032-1d5d-4d1c-88e9-1686182113b7 ] Request (InstanceUsageAuditLogTestJSON:setUpClass): 204 PUT http://10.180.1.21/identity/v3/projects/1d2570e18bc54536b999fd8a86a7ecd3/users/74d44fe16c6041718c24f849b299842e/roles/e24ec632142f4ee9921c51a47a86dfcc 0.026s
2024-10-09 14:45:13.291 62162 INFO tempest.lib.common.rest_client [req-cd2c4eb1-5aac-46e2-8581-a19a0922f2ce req-cd2c4eb1-5aac-46e2-8581-a19a0922f2ce ] Request (FlavorsAccessTestJSON:_run_cleanups): 202 DELETE http://10.180.1.21/compute/v2.1/flavors/233347643 0.844s
2024-10-09 14:45:13.322 62168 INFO tempest.lib.common.rest_client [req-a91da9fa-c9bf-4e21-b816-b6cfdec801f2 req-a91da9fa-c9bf-4e21-b816-b6cfdec801f2 ] Request (FlavorMetadataValidation:tearDownClass): 200 GET http://10.180.1.21:9696/networking/v2.0/security-groups?tenant_id=22e99a896f7c4bacbe99d2bdabdc300a&name=default 0.109s
2024-10-09 14:45:13.336 62192 INFO tempest.lib.common.rest_client [req-e0be1485-5795-4696-a91c-aa624568490d req-e0be1485-5795-4696-a91c-aa624568490d ] Request (ImagesOneServerNegativeTestJSON:setUpClass): 200 GET http://10.180.1.21/identity/v3/domains?name=Default 0.068s
2024-10-09 14:45:13.343 62144 INFO tempest.lib.common.rest_client [req-2966a45d-e43b-46cc-8f30-4f40e92b5524 req-2966a45d-e43b-46cc-8f30-4f40e92b5524 ] Request (InstanceUsageAuditLogTestJSON:setUpClass): 200 GET http://10.180.1.21/identity/v3/roles 0.053s
2024-10-09 14:45:13.368 62192 INFO tempest.lib.common.rest_client [req-818af473-b2a8-4963-a37b-84ab0b1fbafb req-818af473-b2a8-4963-a37b-84ab0b1fbafb ] Request (ImagesOneServerNegativeTestJSON:setUpClass): 201 POST http://10.180.1.21/identity/v3/projects 0.031s
2024-10-09 14:45:13.396 62170 INFO tempest.lib.common.rest_client [req-2b5c90ca-c1e2-4456-8550-a7497603e1d3 req-2b5c90ca-c1e2-4456-8550-a7497603e1d3 ] Request (ServersAdminTestJSON:setUpClass): 201 POST http://10.180.1.21:9696/networking/v2.0/subnets 0.441s
2024-10-09 14:45:13.412 62144 INFO tempest.lib.common.rest_client [req-0ddddd34-19ce-4c75-97e4-df4b5e1f7e31 req-0ddddd34-19ce-4c75-97e4-df4b5e1f7e31 ] Request (InstanceUsageAuditLogTestJSON:setUpClass): 204 PUT http://10.180.1.21/identity/v3/projects/1d2570e18bc54536b999fd8a86a7ecd3/users/74d44fe16c6041718c24f849b299842e/roles/e24ec632142f4ee9921c51a47a86dfcc 0.069s
2024-10-09 14:45:13.412 62144 INFO tempest.lib.common.dynamic_creds [-] Dynamic test user 74d44fe16c6041718c24f849b299842e is created with scope project and roles: ['admin']
2024-10-09 14:45:13.412 62144 INFO tempest.lib.common.dynamic_creds [-] Acquired dynamic creds: credentials: Credentials: {'domain_id': 'default', 'domain_name': 'Default', 'username': 'tempest-InstanceUsageAuditLogTestJSON-424434581-project-admin', 'project_domain_id': 'default', 'project_domain_name': 'Default', 'project_id': '1d2570e18bc54536b999fd8a86a7ecd3', 'project_name': 'tempest-InstanceUsageAuditLogTestJSON-424434581', 'tenant_id': '1d2570e18bc54536b999fd8a86a7ecd3', 'tenant_name': 'tempest-InstanceUsageAuditLogTestJSON-424434581', 'user_domain_id': 'default', 'user_domain_name': 'Default', 'user_id': '74d44fe16c6041718c24f849b299842e', 'system': None}, Network: None, Subnet: None, Router: None
2024-10-09 14:45:13.412 62144 INFO tempest.lib.common.dynamic_creds [-] Created isolated network resources for: credentials: Credentials: {'domain_id': 'default', 'domain_name': 'Default', 'username': 'tempest-InstanceUsageAuditLogTestJSON-424434581-project-admin', 'project_domain_id': 'default', 'project_domain_name': 'Default', 'project_id': '1d2570e18bc54536b999fd8a86a7ecd3', 'project_name': 'tempest-InstanceUsageAuditLogTestJSON-424434581', 'tenant_id': '1d2570e18bc54536b999fd8a86a7ecd3', 'tenant_name': 'tempest-InstanceUsageAuditLogTestJSON-424434581', 'user_domain_id': 'default', 'user_domain_name': 'Default', 'user_id': '74d44fe16c6041718c24f849b299842e', 'system': None}, Network: None, Subnet: None, Router: None
2024-10-09 14:45:13.424 62168 INFO tempest.lib.common.rest_client [req-ff2aafec-b774-4cc0-b5e5-76921c763932 req-ff2aafec-b774-4cc0-b5e5-76921c763932 ] Request (FlavorMetadataValidation:tearDownClass): 204 DELETE http://10.180.1.21:9696/networking/v2.0/security-groups/971b30c7-0356-463c-bbfc-9a12fd6ae0f5 0.101s
2024-10-09 14:45:13.449 62158 INFO tempest.lib.common.rest_client [req-9c45db1a-b7ac-4de3-ae4e-96af9d206235 req-9c45db1a-b7ac-4de3-ae4e-96af9d206235 ] Request (AggregatesAdminNegativeTestJSON:test_aggregate_add_host_as_user): 403 POST http://10.180.1.21/compute/v2.1/os-aggregates/2/action 0.914s
2024-10-09 14:45:13.461 62175 INFO tempest.lib.common.rest_client [req-ebf94e11-8a35-4785-a19c-4348c5536418 req-ebf94e11-8a35-4785-a19c-4348c5536418 ] Request (FlavorsV261TestJSON:_run_cleanups): 202 DELETE http://10.180.1.21/compute/v2.1/flavors/1612635792 0.913s
2024-10-09 14:45:13.466 62192 INFO tempest.lib.common.rest_client [req-cfcd1e80-aeca-47e9-9bd4-d73eb0e76a11 req-cfcd1e80-aeca-47e9-9bd4-d73eb0e76a11 ] Request (ImagesOneServerNegativeTestJSON:setUpClass): 201 POST http://10.180.1.21/identity/v3/users 0.098s
2024-10-09 14:45:13.502 62144 INFO tempest.lib.common.rest_client [req-7fe64bfb-d3a6-40e4-adbc-c0a5f7f9f098 req-7fe64bfb-d3a6-40e4-adbc-c0a5f7f9f098 ] Request (InstanceUsageAuditLogTestJSON:setUpClass): 201 POST http://10.180.1.21/identity/v3/auth/tokens 0.084s
2024-10-09 14:45:13.513 62182 INFO tempest.lib.common.rest_client [req-137c3c83-b367-4797-a70f-f70f2d0f7da4 req-137c3c83-b367-4797-a70f-f70f2d0f7da4 ] Request (ServicesAdminTestJSON:tearDownClass): 204 DELETE http://10.180.1.21:9696/networking/v2.0/security-groups/5461267e-3977-4d85-90bf-7595ff105ac9 0.282s
2024-10-09 14:45:13.517 62168 INFO tempest.lib.common.rest_client [req-5bb18bab-c724-4e38-aba3-f46e7942685c req-5bb18bab-c724-4e38-aba3-f46e7942685c ] Request (FlavorMetadataValidation:tearDownClass): 204 DELETE http://10.180.1.21/identity/v3/projects/22e99a896f7c4bacbe99d2bdabdc300a 0.093s
2024-10-09 14:45:13.544 62192 INFO tempest.lib.common.rest_client [req-f1bb5f89-36c7-46d9-899f-1b5c9a8a0db7 req-f1bb5f89-36c7-46d9-899f-1b5c9a8a0db7 ] Request (ImagesOneServerNegativeTestJSON:setUpClass): 200 GET http://10.180.1.21/identity/v3/roles 0.077s
2024-10-09 14:45:13.567 62168 INFO tempest.lib.common.rest_client [req-504984d8-5394-4d21-88c5-bea6b8ccd12e req-504984d8-5394-4d21-88c5-bea6b8ccd12e ] Request (SecurityGroupsTestAdminJSON:setUpClass): 201 POST http://10.180.1.21/identity/v3/auth/tokens 0.047s
2024-10-09 14:45:13.594 62192 INFO tempest.lib.common.rest_client [req-2fcc2f16-959e-4b63-a22d-6388662b1d96 req-2fcc2f16-959e-4b63-a22d-6388662b1d96 ] Request (ImagesOneServerNegativeTestJSON:setUpClass): 204 PUT http://10.180.1.21/identity/v3/projects/5fde2b1c18b7480f99380e665331be6c/users/fc4cc2d59740437c86e7bfd138fe0bc1/roles/2485a807dd4848b5ad3cb68d67b3527b 0.050s
2024-10-09 14:45:13.594 62192 INFO tempest.lib.common.dynamic_creds [-] Dynamic test user fc4cc2d59740437c86e7bfd138fe0bc1 is created with scope project and roles: ['member']
2024-10-09 14:45:13.594 62192 INFO tempest.lib.common.dynamic_creds [-] Acquired dynamic creds: credentials: Credentials: {'domain_id': 'default', 'domain_name': 'Default', 'username': 'tempest-ImagesOneServerNegativeTestJSON-285194761-project-member', 'project_domain_id': 'default', 'project_domain_name': 'Default', 'project_id': '5fde2b1c18b7480f99380e665331be6c', 'project_name': 'tempest-ImagesOneServerNegativeTestJSON-285194761', 'tenant_id': '5fde2b1c18b7480f99380e665331be6c', 'tenant_name': 'tempest-ImagesOneServerNegativeTestJSON-285194761', 'user_domain_id': 'default', 'user_domain_name': 'Default', 'user_id': 'fc4cc2d59740437c86e7bfd138fe0bc1', 'system': None}, Network: None, Subnet: None, Router: None
2024-10-09 14:45:13.599 62204 INFO tempest.lib.common.rest_client [req-c2bfc084-6d8c-4c8f-889e-9e29ef60ba6c req-c2bfc084-6d8c-4c8f-889e-9e29ef60ba6c ] Request (HypervisorAdminTestJSON:tearDownClass): 200 GET http://10.180.1.21:9696/networking/v2.0/security-groups?tenant_id=25a23afc9dc94d528ba1b65c5855fb41&name=default 0.354s
2024-10-09 14:45:13.600 62182 INFO tempest.lib.common.rest_client [req-aac39560-b010-459d-bfcb-721751501522 req-aac39560-b010-459d-bfcb-721751501522 ] Request (ServicesAdminTestJSON:tearDownClass): 204 DELETE http://10.180.1.21/identity/v3/projects/5fe167a396054cf3a6dc342897a41439 0.086s
2024-10-09 14:45:13.629 62160 INFO tempest.lib.common.rest_client [req-f9e6480f-ba98-40a7-9321-fdd60ab85e5d req-f9e6480f-ba98-40a7-9321-fdd60ab85e5d ] Request (VolumesAssistedSnapshotsTest:test_volume_assisted_snapshot_create_delete): 200 GET http://10.180.1.21/volume/v3/8f39160f157e4abe91a41207fac10b03/volumes/b0c22e9c-c8f7-45a5-a99b-1a9fc0d0b522 0.038s
2024-10-09 14:45:13.635 62160 INFO tempest.common.waiters [-] volume b0c22e9c-c8f7-45a5-a99b-1a9fc0d0b522 reached available after waiting for 1.635629 seconds
2024-10-09 14:45:13.650 62168 INFO tempest.lib.common.rest_client [req-16604bce-7c8d-4551-a2f0-ec5a507db446 req-16604bce-7c8d-4551-a2f0-ec5a507db446 ] Request (SecurityGroupsTestAdminJSON:setUpClass): 201 POST http://10.180.1.21/identity/v3/auth/tokens 0.081s
2024-10-09 14:45:13.657 62192 INFO tempest.lib.common.rest_client [req-289e067d-be61-4f02-ba2f-306b549de25a req-289e067d-be61-4f02-ba2f-306b549de25a ] Request (ImagesOneServerNegativeTestJSON:setUpClass): 201 POST http://10.180.1.21/identity/v3/auth/tokens 0.062s
2024-10-09 14:45:13.675 62182 INFO tempest.lib.common.rest_client [req-9756466a-f81d-46bc-87a3-4b6cd4ab9550 req-9756466a-f81d-46bc-87a3-4b6cd4ab9550 ] Request (ServicesAdminNegativeV253TestJSON:setUpClass): 201 POST http://10.180.1.21/identity/v3/auth/tokens 0.073s
2024-10-09 14:45:13.677 62168 INFO tempest.lib.common.rest_client [req-60ccabb2-e00d-4916-9987-7143f872497a req-60ccabb2-e00d-4916-9987-7143f872497a ] Request (SecurityGroupsTestAdminJSON:setUpClass): 200 GET http://10.180.1.21/identity/v3/domains?name=Default 0.026s
2024-10-09 14:45:13.708 62182 INFO tempest.lib.common.rest_client [req-72a683d5-a444-4801-a012-a57a4b1fbd31 req-72a683d5-a444-4801-a012-a57a4b1fbd31 ] Request (ServicesAdminNegativeV253TestJSON:setUpClass): 201 POST http://10.180.1.21/identity/v3/auth/tokens 0.031s
2024-10-09 14:45:13.743 62168 INFO tempest.lib.common.rest_client [req-ca6c656f-99d5-43cd-95ac-bd1a4a688adc req-ca6c656f-99d5-43cd-95ac-bd1a4a688adc ] Request (SecurityGroupsTestAdminJSON:setUpClass): 201 POST http://10.180.1.21/identity/v3/projects 0.065s
2024-10-09 14:45:13.766 62154 INFO tempest.lib.common.rest_client [req-3a89689b-ea1e-4370-b040-92c92150dd77 req-3a89689b-ea1e-4370-b040-92c92150dd77 ] Request (AbsoluteLimitsNegativeTestJSON:test_max_metadata_exceed_limit): 403 POST http://10.180.1.21/compute/v2.1/servers 1.064s
2024-10-09 14:45:13.798 62182 INFO tempest.lib.common.rest_client [req-05d0f9af-a675-4bc5-82a1-a5c1cd8998bc req-05d0f9af-a675-4bc5-82a1-a5c1cd8998bc ] Request (ServicesAdminNegativeV253TestJSON:setUpClass): 200 GET http://10.180.1.21/identity/v3/domains?name=Default 0.089s
2024-10-09 14:45:13.813 62168 INFO tempest.lib.common.rest_client [req-228e82b5-bfaa-4501-9976-563c5a6b8ad4 req-228e82b5-bfaa-4501-9976-563c5a6b8ad4 ] Request (SecurityGroupsTestAdminJSON:setUpClass): 201 POST http://10.180.1.21/identity/v3/users 0.069s
2024-10-09 14:45:13.847 62182 INFO tempest.lib.common.rest_client [req-982111f5-bf52-48ba-b4fe-a017224452d8 req-982111f5-bf52-48ba-b4fe-a017224452d8 ] Request (ServicesAdminNegativeV253TestJSON:setUpClass): 201 POST http://10.180.1.21/identity/v3/projects 0.048s
2024-10-09 14:45:13.862 62154 INFO tempest.lib.common.rest_client [req-fb63d7ac-7124-405d-9cbf-5b887fee595b req-fb63d7ac-7124-405d-9cbf-5b887fee595b ] Request (AbsoluteLimitsNegativeTestJSON:tearDownClass): 204 DELETE http://10.180.1.21/identity/v3/users/e681630e65c7416193f7dc881abb0dc5 0.093s
2024-10-09 14:45:13.862 62154 INFO tempest.lib.common.dynamic_creds [-] Deleting project and security group for project: 4ccd199775344d7c90f26190d9e5d893
2024-10-09 14:45:13.893 62204 INFO tempest.lib.common.rest_client [req-8da4a693-50da-4d7a-9070-8d34e3fb821e req-8da4a693-50da-4d7a-9070-8d34e3fb821e ] Request (HypervisorAdminTestJSON:tearDownClass): 204 DELETE http://10.180.1.21:9696/networking/v2.0/security-groups/28aaae66-ccf6-433e-ae50-81d503621cb6 0.294s
2024-10-09 14:45:13.951 62168 INFO tempest.lib.common.rest_client [req-34a5ffc1-0736-4d5c-8f52-7f9ba1cf1708 req-34a5ffc1-0736-4d5c-8f52-7f9ba1cf1708 ] Request (SecurityGroupsTestAdminJSON:setUpClass): 200 GET http://10.180.1.21/identity/v3/roles 0.138s
2024-10-09 14:45:13.982 62182 INFO tempest.lib.common.rest_client [req-a4169644-f0d1-41ec-8b3d-e34a5dbdd1b8 req-a4169644-f0d1-41ec-8b3d-e34a5dbdd1b8 ] Request (ServicesAdminNegativeV253TestJSON:setUpClass): 201 POST http://10.180.1.21/identity/v3/users 0.134s
2024-10-09 14:45:14.001 62192 INFO tempest.lib.common.rest_client [req-1eab7e01-12d2-4881-a175-f914e0c577d0 req-1eab7e01-12d2-4881-a175-f914e0c577d0 ] Request (ImagesOneServerNegativeTestJSON:setUpClass): 201 POST http://10.180.1.21:9696/networking/v2.0/networks 0.344s
2024-10-09 14:45:14.007 62154 INFO tempest.lib.common.rest_client [req-6f67a659-18b9-4ffe-8e9b-a3f1e0d9ba10 req-6f67a659-18b9-4ffe-8e9b-a3f1e0d9ba10 ] Request (AbsoluteLimitsNegativeTestJSON:tearDownClass): 201 POST http://10.180.1.21/identity/v3/auth/tokens 0.145s
2024-10-09 14:45:14.035 62168 INFO tempest.lib.common.rest_client [req-4b4a4ed0-edcd-4e55-939b-15445b959975 req-4b4a4ed0-edcd-4e55-939b-15445b959975 ] Request (SecurityGroupsTestAdminJSON:setUpClass): 204 PUT http://10.180.1.21/identity/v3/projects/f51d5df5db7549098e124cbd7ac5e8eb/users/d5d61fc0eeb54242ab6d5006d45a4ae0/roles/2485a807dd4848b5ad3cb68d67b3527b 0.083s
2024-10-09 14:45:14.035 62168 INFO tempest.lib.common.dynamic_creds [-] Dynamic test user d5d61fc0eeb54242ab6d5006d45a4ae0 is created with scope project and roles: ['member']
2024-10-09 14:45:14.035 62168 INFO tempest.lib.common.dynamic_creds [-] Acquired dynamic creds: credentials: Credentials: {'domain_id': 'default', 'domain_name': 'Default', 'username': 'tempest-SecurityGroupsTestAdminJSON-165862953-project-member', 'project_domain_id': 'default', 'project_domain_name': 'Default', 'project_id': 'f51d5df5db7549098e124cbd7ac5e8eb', 'project_name': 'tempest-SecurityGroupsTestAdminJSON-165862953', 'tenant_id': 'f51d5df5db7549098e124cbd7ac5e8eb', 'tenant_name': 'tempest-SecurityGroupsTestAdminJSON-165862953', 'user_domain_id': 'default', 'user_domain_name': 'Default', 'user_id': 'd5d61fc0eeb54242ab6d5006d45a4ae0', 'system': None}, Network: None, Subnet: None, Router: None
2024-10-09 14:45:14.035 62168 INFO tempest.lib.common.dynamic_creds [-] Created isolated network resources for: credentials: Credentials: {'domain_id': 'default', 'domain_name': 'Default', 'username': 'tempest-SecurityGroupsTestAdminJSON-165862953-project-member', 'project_domain_id': 'default', 'project_domain_name': 'Default', 'project_id': 'f51d5df5db7549098e124cbd7ac5e8eb', 'project_name': 'tempest-SecurityGroupsTestAdminJSON-165862953', 'tenant_id': 'f51d5df5db7549098e124cbd7ac5e8eb', 'tenant_name': 'tempest-SecurityGroupsTestAdminJSON-165862953', 'user_domain_id': 'default', 'user_domain_name': 'Default', 'user_id': 'd5d61fc0eeb54242ab6d5006d45a4ae0', 'system': None}, Network: None, Subnet: None, Router: None
2024-10-09 14:45:14.037 62150 INFO tempest.lib.common.rest_client [req-f920f8a3-aa47-4edd-b831-7651b0e85e5e req-f920f8a3-aa47-4edd-b831-7651b0e85e5e ] Request (QuotasAdminNegativeTest:test_create_server_when_instances_quota_is_full): 200 PUT http://10.180.1.21/compute/v2.1/os-quota-sets/93f0d0e39bfa4677be14cee2f4f104c2 1.316s
2024-10-09 14:45:14.053 62204 INFO tempest.lib.common.rest_client [req-43220dcd-4073-4665-8631-7d1a6397395a req-43220dcd-4073-4665-8631-7d1a6397395a ] Request (HypervisorAdminTestJSON:tearDownClass): 204 DELETE http://10.180.1.21/identity/v3/projects/25a23afc9dc94d528ba1b65c5855fb41 0.157s
2024-10-09 14:45:14.053 62204 INFO tempest.lib.common.dynamic_creds [-] Deleting project and security group for project: eeadf6de2b8249fc8d786ae3dfbf0459
2024-10-09 14:45:14.055 62172 INFO tempest.lib.common.rest_client [req-091d4e0a-bbbc-4c71-a3bf-051b78416f47 req-091d4e0a-bbbc-4c71-a3bf-051b78416f47 ] Request (FlavorsAdminTestJSON:_run_cleanups): 200 GET http://10.180.1.21/compute/v2.1/flavors/detail 1.304s
2024-10-09 14:45:14.075 62178 INFO tempest.lib.common.rest_client [req-7e56653d-dfd3-446d-8970-ad034696dd60 req-7e56653d-dfd3-446d-8970-ad034696dd60 ] Request (FlavorsV255TestJSON:_run_cleanups): 202 DELETE http://10.180.1.21/compute/v2.1/flavors/1949113063 1.291s
2024-10-09 14:45:14.082 62182 INFO tempest.lib.common.rest_client [req-b69a5970-0be6-414e-abae-928bf7e98d08 req-b69a5970-0be6-414e-abae-928bf7e98d08 ] Request (ServicesAdminNegativeV253TestJSON:setUpClass): 200 GET http://10.180.1.21/identity/v3/roles 0.100s
2024-10-09 14:45:14.096 62198 INFO tempest.lib.common.rest_client [req-1e1bbef4-680d-4b35-82bc-b3bca4832f6b req-1e1bbef4-680d-4b35-82bc-b3bca4832f6b ] Request (FlavorsExtraSpecsTestJSON:test_flavor_set_get_update_show_unset_keys): 200 POST http://10.180.1.21/compute/v2.1/flavors/552025058/os-extra_specs 1.303s
2024-10-09 14:45:14.123 62146 INFO tempest.lib.common.rest_client [req-8dc8d047-b00e-4328-bca5-7159313303d0 req-8dc8d047-b00e-4328-bca5-7159313303d0 ] Request (KeyPairsV2TestJSON:test_keypair_create_with_pub_key): 200 POST http://10.180.1.21/compute/v2.1/os-keypairs 1.300s
2024-10-09 14:45:14.137 62194 INFO tempest.lib.common.rest_client [req-40a13391-c314-4a6d-9d0e-ff8087ee41ce req-40a13391-c314-4a6d-9d0e-ff8087ee41ce ] Request (KeyPairsV210TestJSON:_run_cleanups): 204 DELETE http://10.180.1.21/compute/v2.1/os-keypairs/tempest-keypair-1340917384?user_id=3ec3215dfbd243d29c73756b65778a84 1.286s
2024-10-09 14:45:14.144 62168 INFO tempest.lib.common.rest_client [req-acf5377e-23af-4c27-acd7-b5d8035acab1 req-acf5377e-23af-4c27-acd7-b5d8035acab1 ] Request (SecurityGroupsTestAdminJSON:setUpClass): 201 POST http://10.180.1.21/identity/v3/auth/tokens 0.105s
2024-10-09 14:45:14.176 62150 INFO tempest.lib.common.rest_client [req-0e84f01f-36f1-4c45-94cf-ee577daf771d req-0e84f01f-36f1-4c45-94cf-ee577daf771d ] Request (QuotasAdminNegativeTest:test_create_server_when_instances_quota_is_full): 201 POST http://10.180.1.21/identity/v3/auth/tokens 0.134s
2024-10-09 14:45:14.177 62150 INFO tempest.lib.common.fixed_network [-] (QuotasAdminNegativeTest:test_create_server_when_instances_quota_is_full) Found network None available for tenant
2024-10-09 14:45:14.181 62182 INFO tempest.lib.common.rest_client [req-732f3836-77ab-4abc-ad4b-0b5ec8842e1f req-732f3836-77ab-4abc-ad4b-0b5ec8842e1f ] Request (ServicesAdminNegativeV253TestJSON:setUpClass): 204 PUT http://10.180.1.21/identity/v3/projects/863abbdf56d64c4f81f979585d494066/users/083acff04d844541ab33a639e78b7a3c/roles/2485a807dd4848b5ad3cb68d67b3527b 0.098s
2024-10-09 14:45:14.181 62182 INFO tempest.lib.common.dynamic_creds [-] Dynamic test user 083acff04d844541ab33a639e78b7a3c is created with scope project and roles: ['member']
2024-10-09 14:45:14.181 62182 INFO tempest.lib.common.dynamic_creds [-] Acquired dynamic creds: credentials: Credentials: {'domain_id': 'default', 'domain_name': 'Default', 'username': 'tempest-ServicesAdminNegativeV253TestJSON-373507932-project-member', 'project_domain_id': 'default', 'project_domain_name': 'Default', 'project_id': '863abbdf56d64c4f81f979585d494066', 'project_name': 'tempest-ServicesAdminNegativeV253TestJSON-373507932', 'tenant_id': '863abbdf56d64c4f81f979585d494066', 'tenant_name': 'tempest-ServicesAdminNegativeV253TestJSON-373507932', 'user_domain_id': 'default', 'user_domain_name': 'Default', 'user_id': '083acff04d844541ab33a639e78b7a3c', 'system': None}, Network: None, Subnet: None, Router: None
2024-10-09 14:45:14.181 62182 INFO tempest.lib.common.dynamic_creds [-] Created isolated network resources for: credentials: Credentials: {'domain_id': 'default', 'domain_name': 'Default', 'username': 'tempest-ServicesAdminNegativeV253TestJSON-373507932-project-member', 'project_domain_id': 'default', 'project_domain_name': 'Default', 'project_id': '863abbdf56d64c4f81f979585d494066', 'project_name': 'tempest-ServicesAdminNegativeV253TestJSON-373507932', 'tenant_id': '863abbdf56d64c4f81f979585d494066', 'tenant_name': 'tempest-ServicesAdminNegativeV253TestJSON-373507932', 'user_domain_id': 'default', 'user_domain_name': 'Default', 'user_id': '083acff04d844541ab33a639e78b7a3c', 'system': None}, Network: None, Subnet: None, Router: None
2024-10-09 14:45:14.240 62168 INFO tempest.lib.common.rest_client [req-cac08e45-fb68-442a-80f5-c0c0a1b85d19 req-cac08e45-fb68-442a-80f5-c0c0a1b85d19 ] Request (SecurityGroupsTestAdminJSON:setUpClass): 201 POST http://10.180.1.21/identity/v3/projects 0.095s
2024-10-09 14:45:14.271 62186 INFO tempest.lib.common.rest_client [req-67e1cf19-6387-4000-ad5e-46bca93ec023 req-67e1cf19-6387-4000-ad5e-46bca93ec023 ] Request (FloatingIPDetailsTestJSON:test_get_floating_ip_details): 200 POST http://10.180.1.21/compute/v2.1/os-floating-ips 1.945s
2024-10-09 14:45:14.277 62204 INFO tempest.lib.common.rest_client [req-efce2b49-f0f3-4439-891f-101ccd9b5c2f req-efce2b49-f0f3-4439-891f-101ccd9b5c2f ] Request (HypervisorAdminTestJSON:tearDownClass): 200 GET http://10.180.1.21:9696/networking/v2.0/security-groups?tenant_id=eeadf6de2b8249fc8d786ae3dfbf0459&name=default 0.223s
2024-10-09 14:45:14.279 62184 INFO tempest.lib.common.rest_client [req-d6c464cf-1fee-43aa-b2e1-f64aa8f2b4f2 req-d6c464cf-1fee-43aa-b2e1-f64aa8f2b4f2 ] Request (FlavorsExtraSpecsNegativeTestJSON:test_flavor_non_admin_update_specific_key): 403 PUT http://10.180.1.21/compute/v2.1/flavors/1310674546/os-extra_specs/hw:numa_nodes 1.401s
2024-10-09 14:45:14.300 62182 INFO tempest.lib.common.rest_client [req-ad4e247c-d8a6-43bd-911d-ce4be3b3aff6 req-ad4e247c-d8a6-43bd-911d-ce4be3b3aff6 ] Request (ServicesAdminNegativeV253TestJSON:setUpClass): 201 POST http://10.180.1.21/identity/v3/auth/tokens 0.116s
2024-10-09 14:45:14.339 62196 INFO tempest.lib.common.rest_client [req-875d8acb-c0de-43b1-9337-d62163147478 req-875d8acb-c0de-43b1-9337-d62163147478 ] Request (SecurityGroupRulesNegativeTestJSON:test_create_security_group_rule_with_invalid_from_port): 400 POST http://10.180.1.21/compute/v2.1/os-security-group-rules 1.417s
2024-10-09 14:45:14.344 62154 INFO tempest.lib.common.rest_client [req-fdeb4a9f-075c-47af-b2e1-5be1cadd007c req-fdeb4a9f-075c-47af-b2e1-5be1cadd007c ] Request (AbsoluteLimitsNegativeTestJSON:tearDownClass): 200 GET http://10.180.1.21:9696/networking/v2.0/security-groups?tenant_id=4ccd199775344d7c90f26190d9e5d893&name=default 0.337s
2024-10-09 14:45:14.347 62168 INFO tempest.lib.common.rest_client [req-7bdf2fcd-5af7-4083-90f3-3a91a8350e68 req-7bdf2fcd-5af7-4083-90f3-3a91a8350e68 ] Request (SecurityGroupsTestAdminJSON:setUpClass): 201 POST http://10.180.1.21/identity/v3/users 0.106s
2024-10-09 14:45:14.362 62168 INFO tempest.lib.common.rest_client [req-b4668248-e544-4a65-bba0-030a09c1ace1 req-b4668248-e544-4a65-bba0-030a09c1ace1 ] Request (SecurityGroupsTestAdminJSON:setUpClass): 200 GET http://10.180.1.21/identity/v3/roles 0.014s
2024-10-09 14:45:14.367 62182 INFO tempest.lib.common.rest_client [req-e911ae67-ce5e-487e-aaf2-e266c992dc43 req-e911ae67-ce5e-487e-aaf2-e266c992dc43 ] Request (ServicesAdminNegativeV253TestJSON:setUpClass): 201 POST http://10.180.1.21/identity/v3/projects 0.066s
2024-10-09 14:45:14.419 62168 INFO tempest.lib.common.rest_client [req-c625b295-4988-4cd0-bf2e-ff64ee54921b req-c625b295-4988-4cd0-bf2e-ff64ee54921b ] Request (SecurityGroupsTestAdminJSON:setUpClass): 204 PUT http://10.180.1.21/identity/v3/projects/48ff1ce86ecd4be0a8c7e42c0eb0a22b/users/bb49411f94a142c88d9ffcfcf6e05cc4/roles/e24ec632142f4ee9921c51a47a86dfcc 0.057s
2024-10-09 14:45:14.421 62192 INFO tempest.lib.common.rest_client [req-a9a0f6d4-5a5b-4027-bae0-3fec339fdad5 req-a9a0f6d4-5a5b-4027-bae0-3fec339fdad5 ] Request (ImagesOneServerNegativeTestJSON:setUpClass): 201 POST http://10.180.1.21:9696/networking/v2.0/subnets 0.419s
2024-10-09 14:45:14.430 62182 INFO tempest.lib.common.rest_client [req-0ffeddd9-ca5f-4706-86a5-6e4f696066bb req-0ffeddd9-ca5f-4706-86a5-6e4f696066bb ] Request (ServicesAdminNegativeV253TestJSON:setUpClass): 201 POST http://10.180.1.21/identity/v3/users 0.062s
2024-10-09 14:45:14.465 62204 INFO tempest.lib.common.rest_client [req-638fe40c-da2f-45a2-a9f4-58ff330e6a0c req-638fe40c-da2f-45a2-a9f4-58ff330e6a0c ] Request (HypervisorAdminTestJSON:tearDownClass): 204 DELETE http://10.180.1.21:9696/networking/v2.0/security-groups/0f9ff77e-a631-4d82-a416-a3ad7983304f 0.188s
2024-10-09 14:45:14.466 62168 INFO tempest.lib.common.rest_client [req-13162610-9f13-4c4b-9a71-c64b6c45e275 req-13162610-9f13-4c4b-9a71-c64b6c45e275 ] Request (SecurityGroupsTestAdminJSON:setUpClass): 200 GET http://10.180.1.21/identity/v3/roles 0.046s
