2024-08-16 16:13:00.454 62425 INFO tempest.lib.common.rest_client [req-266f5839-1578-4cef-82d2-8174d1d999f2 req-266f5839-1578-4cef-82d2-8174d1d999f2 ] Request (ServersAdminTestJSON:setUpClass): 200 GET http://10.180.1.21/compute/v2.1/servers/8964e9dc-0ce7-45e9-885f-dc3307adf117 1.023s
2024-08-16 16:13:00.490 62437 INFO tempest.lib.common.rest_client [req-3c3f06e7-d0df-47db-8385-237421395895 req-3c3f06e7-d0df-47db-8385-237421395895 ] Request (FloatingIPsTestJSON:tearDownClass): 204 DELETE http://10.180.1.21:9696/networking/v2.0/security-groups/16f8f72a-8e23-4c4c-a64c-b4cca5096a1d 0.325s
2024-08-16 16:13:00.497 62419 INFO tempest.lib.common.rest_client [req-9a314ae2-ded9-4716-881a-5c96fcf47f83 req-9a314ae2-ded9-4716-881a-5c96fcf47f83 ] Request (ImagesOneServerTestJSON:setUpClass): 200 GET http://10.180.1.21/compute/v2.1/servers/dbb8f1c3-8d4b-4516-b102-7f21f89272a9 1.007s
2024-08-16 16:13:00.502 62419 INFO tempest.common.waiters [-] State transition "BUILD/spawning" ==> "BUILD/scheduling" after 38 second wait
2024-08-16 16:13:00.559 62409 INFO tempest.lib.common.rest_client [req-7d688709-02d6-4e07-a2ed-56307bf56a94 req-7d688709-02d6-4e07-a2ed-56307bf56a94 ] Request (FloatingIPDetailsNegativeTestJSON:setUpClass): 201 POST http://10.180.1.21:9696/networking/v2.0/networks 0.358s
2024-08-16 16:13:00.571 62437 INFO tempest.lib.common.rest_client [req-8ea87ccd-4bce-4641-b31f-a34447840b9a req-8ea87ccd-4bce-4641-b31f-a34447840b9a ] Request (FloatingIPsTestJSON:tearDownClass): 204 DELETE http://10.180.1.21/identity/v3/projects/10ef842804304eb481795eeb8e6c7f0b 0.081s
2024-08-16 16:13:00.573 62395 INFO tempest.lib.common.rest_client [req-ec71ba6e-cae3-4fe8-a5e3-16aa9fbb11c3 req-ec71ba6e-cae3-4fe8-a5e3-16aa9fbb11c3 ] Request (ServersWithSpecificFlavorTestJSON:test_verify_created_server_ephemeral_disk): 200 GET http://10.180.1.21/compute/v2.1/servers/c20d39e1-e0a5-456e-8f9c-4dc80b8f455e 0.942s
2024-08-16 16:13:00.651 62437 INFO tempest.lib.common.rest_client [req-d6450e1a-9ad2-41c7-9711-b6faee61e0a9 req-d6450e1a-9ad2-41c7-9711-b6faee61e0a9 ] Request (MultipleCreateNegativeTestJSON:setUpClass): 201 POST http://10.180.1.21/identity/v3/auth/tokens 0.078s
2024-08-16 16:13:00.666 62416 INFO tempest.lib.common.rest_client [req-2a2854b7-7f24-4a88-a622-9836cce540ea req-2a2854b7-7f24-4a88-a622-9836cce540ea ] Request (ServerGroupTestJSON:test_create_delete_multiple_server_groups_with_same_name_policy): 200 POST http://10.180.1.21/compute/v2.1/os-server-groups 1.031s
2024-08-16 16:13:00.680 62388 INFO tempest.lib.common.rest_client [req-f1fa995c-b3a4-48fc-ad1d-940c2a977048 req-f1fa995c-b3a4-48fc-ad1d-940c2a977048 ] Request (QuotasAdminTestV257:test_get_updated_quotas): 200 GET http://10.180.1.21/compute/v2.1/os-quota-sets/c7588ea80f5549319f25b6a6d28f0861?user_id=3bccdce5e0d34f9c9671736fc3f341fd 1.177s
2024-08-16 16:13:00.687 62437 INFO tempest.lib.common.rest_client [req-a4a3cf27-c5e5-473b-8604-9c6a6716938e req-a4a3cf27-c5e5-473b-8604-9c6a6716938e ] Request (MultipleCreateNegativeTestJSON:setUpClass): 201 POST http://10.180.1.21/identity/v3/auth/tokens 0.034s
2024-08-16 16:13:00.708 62437 INFO tempest.lib.common.rest_client [req-5e2b0bf8-5309-423a-9add-638d523f3979 req-5e2b0bf8-5309-423a-9add-638d523f3979 ] Request (MultipleCreateNegativeTestJSON:setUpClass): 200 GET http://10.180.1.21/identity/v3/domains?name=Default 0.021s
2024-08-16 16:13:00.737 62437 INFO tempest.lib.common.rest_client [req-69762434-5d21-4941-a662-4abbd87a17ea req-69762434-5d21-4941-a662-4abbd87a17ea ] Request (MultipleCreateNegativeTestJSON:setUpClass): 201 POST http://10.180.1.21/identity/v3/projects 0.028s
2024-08-16 16:13:00.759 62393 INFO tempest.lib.common.rest_client [req-d028e2dc-b254-42f0-bd59-7826e1821da4 req-d028e2dc-b254-42f0-bd59-7826e1821da4 ] Request (ServersAdmin275Test:test_rebuild_update_server_275): 200 GET http://10.180.1.21/compute/v2.1/servers/d3cf0925-7246-42b4-af88-f5abbea8f034 0.923s
2024-08-16 16:13:00.815 62388 INFO tempest.lib.common.rest_client [req-d3743de2-8e3a-480a-82b8-e9e891f03f98 req-d3743de2-8e3a-480a-82b8-e9e891f03f98 ] Request (QuotasAdminTestV257:_run_cleanups): 204 DELETE http://10.180.1.21/identity/v3/users/3bccdce5e0d34f9c9671736fc3f341fd 0.134s
2024-08-16 16:13:00.820 62391 INFO tempest.lib.common.rest_client [req-c29f9de3-10ad-471e-b4de-22f04b9fca49 req-c29f9de3-10ad-471e-b4de-22f04b9fca49 ] Request (ServerDiagnosticsV248Test:test_get_server_diagnostics): 200 GET http://10.180.1.21/compute/v2.1/servers/8975613a-4cbf-4ac4-970a-c27ff01a8fdc 1.081s
2024-08-16 16:13:00.843 62437 INFO tempest.lib.common.rest_client [req-91b46afb-ab31-40e8-acff-a49924528f46 req-91b46afb-ab31-40e8-acff-a49924528f46 ] Request (MultipleCreateNegativeTestJSON:setUpClass): 201 POST http://10.180.1.21/identity/v3/users 0.106s
2024-08-16 16:13:00.866 62379 INFO tempest.lib.common.rest_client [req-fc434d8a-6f80-4430-99c4-5fb928e17385 req-fc434d8a-6f80-4430-99c4-5fb928e17385 ] Request (ServerActionsTestOtherA:setUpClass): 200 GET http://10.180.1.21/compute/v2.1/servers/fef556c2-9874-4abd-938e-f89062d314f5 0.943s
2024-08-16 16:13:00.880 62377 INFO tempest.lib.common.rest_client [req-313771c6-2a0b-4400-83e2-b98bab80b13c req-313771c6-2a0b-4400-83e2-b98bab80b13c ] Request (ServerPasswordTestJSON:setUpClass): 201 POST http://10.180.1.21:9696/networking/v2.0/routers 1.686s
2024-08-16 16:13:00.897 62437 INFO tempest.lib.common.rest_client [req-4fc32d86-8a68-4cd0-a1d7-cd6b68eef957 req-4fc32d86-8a68-4cd0-a1d7-cd6b68eef957 ] Request (MultipleCreateNegativeTestJSON:setUpClass): 200 GET http://10.180.1.21/identity/v3/roles 0.054s
2024-08-16 16:13:00.901 62400 INFO tempest.lib.common.rest_client [req-89a2652e-6419-46f7-a630-85ecd2fe8fba req-89a2652e-6419-46f7-a630-85ecd2fe8fba ] Request (DeleteServersAdminTestJSON:test_admin_delete_servers_of_others): 404 GET http://10.180.1.21/compute/v2.1/servers/2959dd10-4ac3-4e85-9c29-2a9d9b2f8f2c 0.960s
2024-08-16 16:13:00.908 62411 INFO tempest.lib.common.rest_client [req-529fb25e-0e34-4066-8a8c-0f4e1a87915f req-529fb25e-0e34-4066-8a8c-0f4e1a87915f ] Request (AggregatesAdminNegativeTestJSON:test_aggregate_get_details_as_user): 403 GET http://10.180.1.21/compute/v2.1/os-aggregates/6 0.959s
2024-08-16 16:13:00.914 62417 INFO tempest.lib.common.rest_client [req-bbcec5e0-0bf7-4bca-8804-195f46538b34 req-bbcec5e0-0bf7-4bca-8804-195f46538b34 ] Request (ServersAdminNegativeTestJSON:setUpClass): 200 GET http://10.180.1.21/compute/v2.1/servers/bac03ff5-5847-48d6-9c6c-364421da1e44 0.975s
2024-08-16 16:13:00.927 62437 INFO tempest.lib.common.rest_client [req-cab94735-b0d6-40e4-9cf9-444545b0e287 req-cab94735-b0d6-40e4-9cf9-444545b0e287 ] Request (MultipleCreateNegativeTestJSON:setUpClass): 204 PUT http://10.180.1.21/identity/v3/projects/1d68277864764d1fa314b3410452e51b/users/b6b48fa18d704065b0faeba58b56af63/roles/174532a16dbc43438b3fcd4d0dbec533 0.029s
2024-08-16 16:13:00.927 62437 INFO tempest.lib.common.dynamic_creds [-] Dynamic test user b6b48fa18d704065b0faeba58b56af63 is created with scope project and roles: ['member']
2024-08-16 16:13:00.927 62437 INFO tempest.lib.common.dynamic_creds [-] Acquired dynamic creds: credentials: Credentials: {'domain_id': 'default', 'domain_name': 'Default', 'username': 'tempest-MultipleCreateNegativeTestJSON-1856508337-project-member', 'project_domain_id': 'default', 'project_domain_name': 'Default', 'project_id': '1d68277864764d1fa314b3410452e51b', 'project_name': 'tempest-MultipleCreateNegativeTestJSON-1856508337', 'tenant_id': '1d68277864764d1fa314b3410452e51b', 'tenant_name': 'tempest-MultipleCreateNegativeTestJSON-1856508337', 'user_domain_id': 'default', 'user_domain_name': 'Default', 'user_id': 'b6b48fa18d704065b0faeba58b56af63', 'system': None}, Network: None, Subnet: None, Router: None
2024-08-16 16:13:00.928 62437 INFO tempest.lib.common.dynamic_creds [-] Created isolated network resources for: credentials: Credentials: {'domain_id': 'default', 'domain_name': 'Default', 'username': 'tempest-MultipleCreateNegativeTestJSON-1856508337-project-member', 'project_domain_id': 'default', 'project_domain_name': 'Default', 'project_id': '1d68277864764d1fa314b3410452e51b', 'project_name': 'tempest-MultipleCreateNegativeTestJSON-1856508337', 'tenant_id': '1d68277864764d1fa314b3410452e51b', 'tenant_name': 'tempest-MultipleCreateNegativeTestJSON-1856508337', 'user_domain_id': 'default', 'user_domain_name': 'Default', 'user_id': 'b6b48fa18d704065b0faeba58b56af63', 'system': None}, Network: None, Subnet: None, Router: None
2024-08-16 16:13:00.934 62413 INFO tempest.lib.common.rest_client [req-ba32ce48-8af7-45ef-806d-27164d6f9d58 req-ba32ce48-8af7-45ef-806d-27164d6f9d58 ] Request (FlavorsAccessNegativeTestJSON:_run_cleanups): 200 GET http://10.180.1.21/compute/v2.1/flavors/detail 0.856s
2024-08-16 16:13:00.968 62433 INFO tempest.lib.common.rest_client [req-5d7a003e-747a-433b-bfc0-f167a4da6f2c req-5d7a003e-747a-433b-bfc0-f167a4da6f2c ] Request (ListImageFiltersTestJSON:setUpClass): 200 GET http://10.180.1.21/compute/v2.1/images/66d2e707-f228-488e-a7ce-622c5035f4df 0.824s
2024-08-16 16:13:00.975 62383 INFO tempest.lib.common.rest_client [req-d9739bf4-507f-49c3-81f7-334a3817bdd6 req-d9739bf4-507f-49c3-81f7-334a3817bdd6 ] Request (ServicesAdminNegativeV253TestJSON:test_get_service_with_valid_service_and_invalid_host): 200 GET http://10.180.1.21/compute/v2.1/os-services 0.800s
2024-08-16 16:13:00.983 62400 INFO tempest.lib.common.rest_client [req-18efa893-cb05-4c4a-a5d3-79f845ceb9a0 req-18efa893-cb05-4c4a-a5d3-79f845ceb9a0 ] Request (DeleteServersAdminTestJSON:test_delete_server_while_in_error_state): 201 POST http://10.180.1.21/identity/v3/auth/tokens 0.066s
2024-08-16 16:13:00.983 62400 INFO tempest.lib.common.fixed_network [-] (DeleteServersAdminTestJSON:test_delete_server_while_in_error_state) Found network None available for tenant
2024-08-16 16:13:00.992 62388 INFO tempest.lib.common.rest_client [req-c16e9783-3c4d-4a10-a7db-556ece293107 req-c16e9783-3c4d-4a10-a7db-556ece293107 ] Request (QuotasAdminTestV257:_run_cleanups): 204 DELETE http://10.180.1.21/identity/v3/projects/c7588ea80f5549319f25b6a6d28f0861 0.176s
2024-08-16 16:13:01.020 62373 INFO tempest.lib.common.rest_client [req-2adc0364-9918-41f2-a731-517e34565f00 req-2adc0364-9918-41f2-a731-517e34565f00 ] Request (KeyPairsV2TestJSON:_run_cleanups): 202 DELETE http://10.180.1.21/compute/v2.1/os-keypairs/tempest-KeyPairsV2TestJSON-keypair-1909729172 0.739s
2024-08-16 16:13:01.061 62381 INFO tempest.lib.common.rest_client [req-7b05c876-fd25-4db9-b3e5-87c2236855df req-7b05c876-fd25-4db9-b3e5-87c2236855df ] Request (ComputeTenantNetworksTest:setUpClass): 201 POST http://10.180.1.21:9696/networking/v2.0/networks 0.690s
2024-08-16 16:13:01.061 62381 INFO tempest.lib.common.dynamic_creds [-] Created isolated network resources for: credentials: Credentials: {'domain_id': 'default', 'domain_name': 'Default', 'username': 'tempest-ComputeTenantNetworksTest-514250213-project-member', 'project_domain_id': 'default', 'project_domain_name': 'Default', 'project_id': 'c0f0329980544b7eb4c60e8849efe7d1', 'project_name': 'tempest-ComputeTenantNetworksTest-514250213', 'tenant_id': 'c0f0329980544b7eb4c60e8849efe7d1', 'tenant_name': 'tempest-ComputeTenantNetworksTest-514250213', 'user_domain_id': 'default', 'user_domain_name': 'Default', 'user_id': '528f3d91bc564556b5438f47b52c2622', 'system': None}, Network: {'id': '8382b8bf-6d0f-4ecd-9e0c-2b27741090cf', 'name': 'tempest-ComputeTenantNetworksTest-1783747503-network', 'tenant_id': 'c0f0329980544b7eb4c60e8849efe7d1', 'admin_state_up': True, 'mtu': 8950, 'status': 'ACTIVE', 'subnets': [], 'shared': False, 'project_id': 'c0f0329980544b7eb4c60e8849efe7d1', 'port_security_enabled': True, 'router:external': False, 'provider:network_type': 'vlan', 'provider:physical_network': 'default', 'provider:segmentation_id': 53, 'is_default': False, 'availability_zone_hints': [], 'availability_zones': [], 'ipv4_address_scope': None, 'ipv6_address_scope': None, 'description': '', 'tags': [], 'created_at': '2024-08-16T16:13:00Z', 'updated_at': '2024-08-16T16:13:00Z', 'revision_number': 1}, Subnet: None, Router: None
2024-08-16 16:13:01.066 62437 INFO tempest.lib.common.rest_client [req-1b1d010f-07b2-40f6-b8f6-7f53b8b9d669 req-1b1d010f-07b2-40f6-b8f6-7f53b8b9d669 ] Request (MultipleCreateNegativeTestJSON:setUpClass): 201 POST http://10.180.1.21/identity/v3/auth/tokens 0.134s
2024-08-16 16:13:01.110 62416 INFO tempest.lib.common.rest_client [req-e57d473c-617d-431f-ac1c-58ee938c3c07 req-e57d473c-617d-431f-ac1c-58ee938c3c07 ] Request (ServerGroupTestJSON:test_create_delete_multiple_server_groups_with_same_name_policy): 200 POST http://10.180.1.21/compute/v2.1/os-server-groups 0.442s
2024-08-16 16:13:01.142 62388 INFO tempest.lib.common.rest_client [req-d19599d1-f53e-417d-b877-2cc1b90f9ce1 req-d19599d1-f53e-417d-b877-2cc1b90f9ce1 ] Request (QuotasAdminTestV257:tearDownClass): 204 DELETE http://10.180.1.21/identity/v3/users/26a3f9cfa64a4bb89a0d11817aea6405 0.149s
2024-08-16 16:13:01.144 62413 INFO tempest.lib.common.rest_client [req-c1ed7266-3675-47a7-972d-60ba44122cf6 req-c1ed7266-3675-47a7-972d-60ba44122cf6 ] Request (FlavorsAccessNegativeTestJSON:tearDownClass): 204 DELETE http://10.180.1.21/identity/v3/users/4c83b96c6a904b358f6f44f42ed8dabf 0.194s
2024-08-16 16:13:01.195 62409 INFO tempest.lib.common.rest_client [req-48d56bf7-06a0-4002-91e3-4914c3e3d405 req-48d56bf7-06a0-4002-91e3-4914c3e3d405 ] Request (FloatingIPDetailsNegativeTestJSON:setUpClass): 201 POST http://10.180.1.21:9696/networking/v2.0/subnets 0.635s
2024-08-16 16:13:01.203 62421 INFO tempest.lib.common.rest_client [req-5ae3c92f-d994-46f2-9b66-6ceeefe160c0 req-5ae3c92f-d994-46f2-9b66-6ceeefe160c0 ] Request (TenantUsagesTestJSON:setUpClass): 200 GET http://10.180.1.21/compute/v2.1/servers/8c251d9d-c45d-43f8-a2aa-bb8df3cd4444 0.496s
2024-08-16 16:13:01.267 62401 INFO tempest.lib.common.rest_client [req-48357fd9-0f75-4ef6-a43a-2a0bb1d05913 req-48357fd9-0f75-4ef6-a43a-2a0bb1d05913 ] Request (InstanceActionsTestJSON:setUpClass): 200 GET http://10.180.1.21/compute/v2.1/servers/259368b2-0191-4686-9825-a38468fd86f2 0.424s
2024-08-16 16:13:01.284 62373 INFO tempest.lib.common.rest_client [req-32d53d9f-84a9-4e28-83e6-fb1056629a82 req-32d53d9f-84a9-4e28-83e6-fb1056629a82 ] Request (KeyPairsV2TestJSON:tearDownClass): 204 DELETE http://10.180.1.21/identity/v3/users/e9b1a0b248f44f0991ad41a9d9f5567e 0.263s
2024-08-16 16:13:01.284 62373 INFO tempest.lib.common.dynamic_creds [-] Deleting project and security group for project: 553ec436c67b4a069a5b87dabdf947e8
2024-08-16 16:13:01.293 62411 INFO tempest.lib.common.rest_client [req-b0a24077-2f7e-44c0-9553-87e2d2b9f878 req-b0a24077-2f7e-44c0-9553-87e2d2b9f878 ] Request (AggregatesAdminNegativeTestJSON:_run_cleanups): 200 DELETE http://10.180.1.21/compute/v2.1/os-aggregates/6 0.385s
2024-08-16 16:13:01.344 62437 INFO tempest.lib.common.rest_client [req-716a7efd-cb7b-4c96-93fa-6a79393a095d req-716a7efd-cb7b-4c96-93fa-6a79393a095d ] Request (MultipleCreateNegativeTestJSON:test_max_count_less_than_min_count): 201 POST http://10.180.1.21/identity/v3/auth/tokens 0.274s
2024-08-16 16:13:01.344 62437 INFO tempest.lib.common.fixed_network [-] (MultipleCreateNegativeTestJSON:test_max_count_less_than_min_count) Found network None available for tenant
2024-08-16 16:13:01.360 62375 INFO tempest.lib.common.rest_client [req-3dc95a9a-b370-48da-9a43-b0896fd51bd2 req-3dc95a9a-b370-48da-9a43-b0896fd51bd2 ] Request (ImagesTestJSON:test_create_image_from_suspended_server): 200 GET http://10.180.1.21/compute/v2.1/servers/599345f1-0ec2-42b8-9170-372326851360 0.433s
2024-08-16 16:13:01.364 62381 INFO tempest.lib.common.rest_client [req-e26a4d3d-cd4e-41be-a761-02bdab724353 req-e26a4d3d-cd4e-41be-a761-02bdab724353 ] Request (ComputeTenantNetworksTest:setUpClass): 201 POST http://10.180.1.21/identity/v3/auth/tokens 0.300s
2024-08-16 16:13:01.389 62383 INFO tempest.lib.common.rest_client [req-5c2ffccc-51cd-4b19-8fd3-f19dfc8b0d30 req-5c2ffccc-51cd-4b19-8fd3-f19dfc8b0d30 ] Request (ServicesAdminNegativeV253TestJSON:test_get_service_with_valid_service_and_invalid_host): 200 GET http://10.180.1.21/compute/v2.1/os-services?host=xxx&binary=nova-scheduler 0.411s
2024-08-16 16:13:01.442 62388 INFO tempest.lib.common.rest_client [req-f805e969-117e-4148-b44c-13f6acb51c42 req-f805e969-117e-4148-b44c-13f6acb51c42 ] Request (QuotasAdminTestV257:tearDownClass): 204 DELETE http://10.180.1.21/identity/v3/users/d9bff4ecaff54d34883b2b06ddc78b24 0.300s
2024-08-16 16:13:01.443 62388 INFO tempest.lib.common.dynamic_creds [-] Deleting project and security group for project: e81e0a9feb28472098406c3053bac1c6
2024-08-16 16:13:01.486 62413 INFO tempest.lib.common.rest_client [req-caaecbf5-ea53-4b3b-b2a5-bbfb91ffad84 req-caaecbf5-ea53-4b3b-b2a5-bbfb91ffad84 ] Request (FlavorsAccessNegativeTestJSON:tearDownClass): 204 DELETE http://10.180.1.21/identity/v3/users/ebcafa7d431440a08e3b4c177ac13209 0.341s
2024-08-16 16:13:01.556 62373 INFO tempest.lib.common.rest_client [req-fba651e4-1289-4d74-9f12-93783c3a01c8 req-fba651e4-1289-4d74-9f12-93783c3a01c8 ] Request (KeyPairsV2TestJSON:tearDownClass): 201 POST http://10.180.1.21/identity/v3/auth/tokens 0.271s
2024-08-16 16:13:01.572 62381 INFO tempest.lib.common.rest_client [req-94ea3594-b383-4601-91bc-0b3381c52a12 req-94ea3594-b383-4601-91bc-0b3381c52a12 ] Request (ComputeTenantNetworksTest:setUpClass): 201 POST http://10.180.1.21/identity/v3/auth/tokens 0.204s
2024-08-16 16:13:01.573 62381 INFO tempest.lib.common.fixed_network [-] (ComputeTenantNetworksTest:setUpClass) Found network {'id': '8382b8bf-6d0f-4ecd-9e0c-2b27741090cf', 'name': 'tempest-ComputeTenantNetworksTest-1783747503-network', 'tenant_id': 'c0f0329980544b7eb4c60e8849efe7d1', 'admin_state_up': True, 'mtu': 8950, 'status': 'ACTIVE', 'subnets': [], 'shared': False, 'project_id': 'c0f0329980544b7eb4c60e8849efe7d1', 'port_security_enabled': True, 'router:external': False, 'provider:network_type': 'vlan', 'provider:physical_network': 'default', 'provider:segmentation_id': 53, 'is_default': False, 'availability_zone_hints': [], 'availability_zones': [], 'ipv4_address_scope': None, 'ipv6_address_scope': None, 'description': '', 'tags': [], 'created_at': '2024-08-16T16:13:00Z', 'updated_at': '2024-08-16T16:13:00Z', 'revision_number': 1} available for tenant
2024-08-16 16:13:01.592 62443 INFO tempest.lib.common.rest_client [req-40d1f6ad-ac5d-4dca-9f40-dd71a2e0a386 req-40d1f6ad-ac5d-4dca-9f40-dd71a2e0a386 ] Request (SecurityGroupsTestAdminJSON:_run_cleanups): 202 DELETE http://10.180.1.21/compute/v2.1/os-security-groups/a4ee3df5-ab9b-46a9-9986-f8130f8a750f 1.166s
2024-08-16 16:13:01.604 62388 INFO tempest.lib.common.rest_client [req-1b43dd7e-6d59-4468-b971-432eb0bc6170 req-1b43dd7e-6d59-4468-b971-432eb0bc6170 ] Request (QuotasAdminTestV257:tearDownClass): 201 POST http://10.180.1.21/identity/v3/auth/tokens 0.161s
2024-08-16 16:13:01.666 62413 INFO tempest.lib.common.rest_client [req-6fa0744a-f2c3-487c-83c3-0578043a1b59 req-6fa0744a-f2c3-487c-83c3-0578043a1b59 ] Request (FlavorsAccessNegativeTestJSON:tearDownClass): 204 DELETE http://10.180.1.21/identity/v3/users/f29152c4059f486f8a3ad8ff62b6ae49 0.179s
2024-08-16 16:13:01.666 62413 INFO tempest.lib.common.dynamic_creds [-] Deleting project and security group for project: e7a7519cdacb4ce3bc3b413a388aa5f4
2024-08-16 16:13:01.791 62413 INFO tempest.lib.common.rest_client [req-bada1da7-aeb2-4294-a6a1-575d95fb5eb7 req-bada1da7-aeb2-4294-a6a1-575d95fb5eb7 ] Request (FlavorsAccessNegativeTestJSON:tearDownClass): 201 POST http://10.180.1.21/identity/v3/auth/tokens 0.125s
2024-08-16 16:13:01.821 62400 INFO tempest.lib.common.rest_client [req-15e6c3e6-653c-4d83-be31-60060a6f0ac4 req-15e6c3e6-653c-4d83-be31-60060a6f0ac4 ] Request (DeleteServersAdminTestJSON:test_delete_server_while_in_error_state): 202 POST http://10.180.1.21/compute/v2.1/servers 0.838s
2024-08-16 16:13:01.883 62433 INFO tempest.lib.common.rest_client [req-ec671a22-fb91-4742-850f-f2558ecb06c5 req-ec671a22-fb91-4742-850f-f2558ecb06c5 ] Request (ListImageFiltersTestJSON:setUpClass): 201 POST http://10.180.1.21/image/v2/images 0.912s
2024-08-16 16:13:01.893 62431 INFO tempest.lib.common.rest_client [req-1711d100-2db2-4997-bc00-45a885e2f57d req-1711d100-2db2-4997-bc00-45a885e2f57d ] Request (FloatingIPDetailsTestJSON:tearDownClass): 200 PUT http://10.180.1.21:9696/networking/v2.0/routers/62a0ddec-7646-4554-85b6-a7f4461d8dca/remove_router_interface 2.139s
2024-08-16 16:13:01.931 62390 INFO tempest.lib.common.rest_client [req-46380a24-2646-4433-879d-a7398ab5c694 req-46380a24-2646-4433-879d-a7398ab5c694 ] Request (FloatingIPsAssociationNegativeTestJSON:setUpClass): 200 GET http://10.180.1.21/compute/v2.1/servers/d3905ca4-f0ba-4b67-8aa8-8c12994ffe97 0.865s
2024-08-16 16:13:01.981 62416 INFO tempest.lib.common.rest_client [req-69d87682-92c3-4b5d-bc71-30257500b5f5 req-69d87682-92c3-4b5d-bc71-30257500b5f5 ] Request (ServerGroupTestJSON:test_create_delete_multiple_server_groups_with_same_name_policy): 204 DELETE http://10.180.1.21/compute/v2.1/os-server-groups/18eeb64a-f5ac-4dc8-ac56-c46755ae4f37 0.870s
2024-08-16 16:13:01.987 62388 INFO tempest.lib.common.rest_client [req-22739858-9313-4fe2-a068-9f9aca0a3f1d req-22739858-9313-4fe2-a068-9f9aca0a3f1d ] Request (QuotasAdminTestV257:tearDownClass): 200 GET http://10.180.1.21:9696/networking/v2.0/security-groups?tenant_id=e81e0a9feb28472098406c3053bac1c6&name=default 0.383s
2024-08-16 16:13:02.004 62373 INFO tempest.lib.common.rest_client [req-92796e25-99f1-486b-abd4-63997e283d14 req-92796e25-99f1-486b-abd4-63997e283d14 ] Request (KeyPairsV2TestJSON:tearDownClass): 200 GET http://10.180.1.21:9696/networking/v2.0/security-groups?tenant_id=553ec436c67b4a069a5b87dabdf947e8&name=default 0.448s
2024-08-16 16:13:02.070 62397 INFO tempest.lib.common.rest_client [req-5d6e331a-49a3-4e74-93fb-48d6ca793270 req-5d6e331a-49a3-4e74-93fb-48d6ca793270 ] Request (ServerShowV247Test:test_update_rebuild_list_server): 200 GET http://10.180.1.21/compute/v2.1/servers/aa6c6d8e-f489-44a4-bb73-0bcc37f300b6 0.958s
2024-08-16 16:13:02.110 62413 INFO tempest.lib.common.rest_client [req-ec1b6d7c-b345-4ad5-b8e7-252a09f5dd3f req-ec1b6d7c-b345-4ad5-b8e7-252a09f5dd3f ] Request (FlavorsAccessNegativeTestJSON:tearDownClass): 200 GET http://10.180.1.21:9696/networking/v2.0/security-groups?tenant_id=e7a7519cdacb4ce3bc3b413a388aa5f4&name=default 0.319s
2024-08-16 16:13:02.119 62404 INFO tempest.lib.common.rest_client [req-491d0693-f132-4578-b70c-41fc480bf282 req-491d0693-f132-4578-b70c-41fc480bf282 ] Request (VolumesAssistedSnapshotsTest:test_volume_assisted_snapshot_create_delete): 200 GET http://10.180.1.21/compute/v2.1/servers/0ba9723d-2169-48a5-bd88-57f9458585ea 1.078s
2024-08-16 16:13:02.126 62404 INFO tempest.common.waiters [-] State transition "BUILD/networking" ==> "BUILD/spawning" after 21 second wait
2024-08-16 16:13:02.148 62385 INFO tempest.lib.common.rest_client [req-187511e6-df6f-4ba8-bf4e-975b4e878c8a req-187511e6-df6f-4ba8-bf4e-975b4e878c8a ] Request (SecurityGroupsTestJSON:test_list_security_groups_by_server): 200 GET http://10.180.1.21/compute/v2.1/servers/28fdd1e6-f112-415c-9e80-8ca8bc59f82a 0.981s
2024-08-16 16:13:02.216 62424 INFO tempest.lib.common.rest_client [req-f8e4e1b4-c6f8-4a2a-879d-5bb981e4d883 req-f8e4e1b4-c6f8-4a2a-879d-5bb981e4d883 ] Request (ServerExternalEventsTest:test_create_server_external_events): 200 GET http://10.180.1.21/compute/v2.1/servers/378a3186-fc1a-4550-827c-19706a75c871 0.970s
2024-08-16 16:13:02.227 62411 INFO tempest.lib.common.rest_client [req-9bd7e103-daac-405d-8a8d-c93d8918e930 req-9bd7e103-daac-405d-8a8d-c93d8918e930 ] Request (AggregatesAdminNegativeTestJSON:test_aggregate_get_details_with_invalid_id): 404 GET http://10.180.1.21/compute/v2.1/os-aggregates/-1 0.932s
2024-08-16 16:13:02.237 62405 INFO tempest.lib.common.rest_client [req-4c32fa7a-a4c5-440f-bbd0-c4d21292dbd5 req-4c32fa7a-a4c5-440f-bbd0-c4d21292dbd5 ] Request (ServerActionsTestJSON:setUpClass): 200 GET http://10.180.1.21/compute/v2.1/servers/cc8d9890-f553-4a4b-a351-62770a7b29d8 0.973s
2024-08-16 16:13:02.302 62407 INFO tempest.lib.common.rest_client [req-89fca499-d7de-4d42-aa6a-25dde516274b req-89fca499-d7de-4d42-aa6a-25dde516274b ] Request (AttachVolumeTestJSON:test_attach_detach_volume): 200 GET http://10.180.1.21/compute/v2.1/servers/62ddc060-415e-4866-919d-d8753a0ea852 0.922s
2024-08-16 16:13:02.317 62388 INFO tempest.lib.common.rest_client [req-f3906c55-c78a-40e8-8ec8-ae41dd647812 req-f3906c55-c78a-40e8-8ec8-ae41dd647812 ] Request (QuotasAdminTestV257:tearDownClass): 204 DELETE http://10.180.1.21:9696/networking/v2.0/security-groups/be16901e-39cb-40e5-8f1c-8a19424ee161 0.329s
2024-08-16 16:13:02.352 62437 INFO tempest.lib.common.rest_client [req-b4e153d1-55a4-4c62-abc2-d15a4c30dca1 req-b4e153d1-55a4-4c62-abc2-d15a4c30dca1 ] Request (MultipleCreateNegativeTestJSON:test_max_count_less_than_min_count): 400 POST http://10.180.1.21/compute/v2.1/servers 1.007s
2024-08-16 16:13:02.361 62413 INFO tempest.lib.common.rest_client [req-b0a86890-ec96-4823-88f9-cda5ffdb7e60 req-b0a86890-ec96-4823-88f9-cda5ffdb7e60 ] Request (FlavorsAccessNegativeTestJSON:tearDownClass): 204 DELETE http://10.180.1.21:9696/networking/v2.0/security-groups/93fa1ba6-2d53-4f77-b50c-3a18565c1304 0.250s
2024-08-16 16:13:02.366 62373 INFO tempest.lib.common.rest_client [req-8be81310-e3c0-49fb-a11c-d5266f99b2b1 req-8be81310-e3c0-49fb-a11c-d5266f99b2b1 ] Request (KeyPairsV2TestJSON:tearDownClass): 204 DELETE http://10.180.1.21:9696/networking/v2.0/security-groups/25107cc5-9eff-4103-80f0-bca9d99a4f41 0.361s
2024-08-16 16:13:02.387 62383 INFO tempest.lib.common.rest_client [req-890903d5-e336-417d-aef4-397a985c21b3 req-890903d5-e336-417d-aef4-397a985c21b3 ] Request (ServicesAdminNegativeV253TestJSON:test_list_services_with_non_admin_user): 403 GET http://10.180.1.21/compute/v2.1/os-services 0.996s
2024-08-16 16:13:02.445 62425 INFO tempest.lib.common.rest_client [req-aa9ac243-37e1-4483-94c8-60e9002f5796 req-aa9ac243-37e1-4483-94c8-60e9002f5796 ] Request (ServersAdminTestJSON:setUpClass): 200 GET http://10.180.1.21/compute/v2.1/servers/8964e9dc-0ce7-45e9-885f-dc3307adf117 0.984s
2024-08-16 16:13:02.447 62388 INFO tempest.lib.common.rest_client [req-64d8519a-caf7-4a67-bd54-9d92e1847623 req-64d8519a-caf7-4a67-bd54-9d92e1847623 ] Request (QuotasAdminTestV257:tearDownClass): 204 DELETE http://10.180.1.21/identity/v3/projects/e81e0a9feb28472098406c3053bac1c6 0.129s
2024-08-16 16:13:02.447 62388 INFO tempest.lib.common.dynamic_creds [-] Deleting project and security group for project: 7b5c4013ebf5442e9c3bc8d8a39ec39c
2024-08-16 16:13:02.455 62437 INFO tempest.lib.common.rest_client [req-23f79c49-5e0f-4754-b2b9-828e3014d57b req-23f79c49-5e0f-4754-b2b9-828e3014d57b ] Request (MultipleCreateNegativeTestJSON:test_max_count_less_than_one): 201 POST http://10.180.1.21/identity/v3/auth/tokens 0.098s
2024-08-16 16:13:02.456 62437 INFO tempest.lib.common.fixed_network [-] (MultipleCreateNegativeTestJSON:test_max_count_less_than_one) Found network None available for tenant
2024-08-16 16:13:02.481 62419 INFO tempest.lib.common.rest_client [req-b489e579-e00b-4f4e-a75c-7e6550e11504 req-b489e579-e00b-4f4e-a75c-7e6550e11504 ] Request (ImagesOneServerTestJSON:setUpClass): 200 GET http://10.180.1.21/compute/v2.1/servers/dbb8f1c3-8d4b-4516-b102-7f21f89272a9 0.978s
2024-08-16 16:13:02.488 62419 INFO tempest.common.waiters [-] State transition "BUILD/scheduling" ==> "ERROR/None" after 40 second wait
2024-08-16 16:13:02.481 62409 INFO tempest.lib.common.rest_client [req-bc567e96-5881-4d96-ac06-bc992045a3b1 req-bc567e96-5881-4d96-ac06-bc992045a3b1 ] Request (FloatingIPDetailsNegativeTestJSON:setUpClass): 201 POST http://10.180.1.21:9696/networking/v2.0/routers 1.286s
2024-08-16 16:13:02.539 62373 INFO tempest.lib.common.rest_client [req-1eabf706-756e-43be-b1b8-a626ffdb46ed req-1eabf706-756e-43be-b1b8-a626ffdb46ed ] Request (KeyPairsV2TestJSON:tearDownClass): 204 DELETE http://10.180.1.21/identity/v3/projects/553ec436c67b4a069a5b87dabdf947e8 0.172s
2024-08-16 16:13:02.556 62395 INFO tempest.lib.common.rest_client [req-3a7a4125-fa90-41f9-aa5a-cf5e9a667550 req-3a7a4125-fa90-41f9-aa5a-cf5e9a667550 ] Request (ServersWithSpecificFlavorTestJSON:test_verify_created_server_ephemeral_disk): 200 GET http://10.180.1.21/compute/v2.1/servers/c20d39e1-e0a5-456e-8f9c-4dc80b8f455e 0.976s
2024-08-16 16:13:02.581 62413 INFO tempest.lib.common.rest_client [req-25e6c88e-736f-4cb3-abb3-2a2e0151e2bc req-25e6c88e-736f-4cb3-abb3-2a2e0151e2bc ] Request (FlavorsAccessNegativeTestJSON:tearDownClass): 204 DELETE http://10.180.1.21/identity/v3/projects/e7a7519cdacb4ce3bc3b413a388aa5f4 0.219s
2024-08-16 16:13:02.581 62413 INFO tempest.lib.common.dynamic_creds [-] Deleting project and security group for project: 2ecdb1240fea4c4ca001b5c17dafa42f
2024-08-16 16:13:02.664 62383 INFO tempest.lib.common.rest_client [req-3859a0a3-1eca-45b6-9844-1772781015ff req-3859a0a3-1eca-45b6-9844-1772781015ff ] Request (ServicesAdminNegativeV253TestJSON:tearDownClass): 204 DELETE http://10.180.1.21/identity/v3/users/2e4c540ae8654dc4bb36994a6813a9d7 0.274s
2024-08-16 16:13:02.702 62388 INFO tempest.lib.common.rest_client [req-94ffee7b-0dc8-4352-93e8-4f12bccbcfea req-94ffee7b-0dc8-4352-93e8-4f12bccbcfea ] Request (QuotasAdminTestV257:tearDownClass): 200 GET http://10.180.1.21:9696/networking/v2.0/security-groups?tenant_id=7b5c4013ebf5442e9c3bc8d8a39ec39c&name=default 0.255s
2024-08-16 16:13:02.733 62373 INFO tempest.lib.common.rest_client [req-eed6e1f0-cfd2-498b-b1b4-714d9ff0a634 req-eed6e1f0-cfd2-498b-b1b4-714d9ff0a634 ] Request (AbsoluteLimitsNegativeTestJSON:setUpClass): 201 POST http://10.180.1.21/identity/v3/auth/tokens 0.192s
2024-08-16 16:13:02.771 62383 INFO tempest.lib.common.rest_client [req-621bc311-4993-4337-bb31-9ba43ba5002c req-621bc311-4993-4337-bb31-9ba43ba5002c ] Request (ServicesAdminNegativeV253TestJSON:tearDownClass): 204 DELETE http://10.180.1.21/identity/v3/users/aa92b1fea1bd406293b3f9d2117b231f 0.106s
2024-08-16 16:13:02.771 62383 INFO tempest.lib.common.dynamic_creds [-] Deleting project and security group for project: ebc9bf2b911a4cc983d2ccd72ba5b7ca
2024-08-16 16:13:02.790 62373 INFO tempest.lib.common.rest_client [req-1290a550-7ace-47a7-832a-8d474d977da2 req-1290a550-7ace-47a7-832a-8d474d977da2 ] Request (AbsoluteLimitsNegativeTestJSON:setUpClass): 201 POST http://10.180.1.21/identity/v3/auth/tokens 0.056s
2024-08-16 16:13:02.838 62373 INFO tempest.lib.common.rest_client [req-65f9e673-c1c8-4817-bbfb-cb346df5b21f req-65f9e673-c1c8-4817-bbfb-cb346df5b21f ] Request (AbsoluteLimitsNegativeTestJSON:setUpClass): 200 GET http://10.180.1.21/identity/v3/domains?name=Default 0.047s
2024-08-16 16:13:02.855 62383 INFO tempest.lib.common.rest_client [req-4a12bb91-2977-44b2-a73c-74e8816655ea req-4a12bb91-2977-44b2-a73c-74e8816655ea ] Request (ServicesAdminNegativeV253TestJSON:tearDownClass): 201 POST http://10.180.1.21/identity/v3/auth/tokens 0.083s
2024-08-16 16:13:02.861 62381 INFO tempest.lib.common.rest_client [req-e039b323-72b0-48b2-85d0-db338a54c153 req-e039b323-72b0-48b2-85d0-db338a54c153 ] Request (ComputeTenantNetworksTest:test_list_show_tenant_networks): 200 GET http://10.180.1.21/compute/v2.1/os-tenant-networks 1.287s
2024-08-16 16:13:02.870 62373 INFO tempest.lib.common.rest_client [req-3fc46703-147c-4ec6-85a6-821c447e6fd8 req-3fc46703-147c-4ec6-85a6-821c447e6fd8 ] Request (AbsoluteLimitsNegativeTestJSON:setUpClass): 201 POST http://10.180.1.21/identity/v3/projects 0.031s
2024-08-16 16:13:02.894 62413 INFO tempest.lib.common.rest_client [req-13841c08-a9fe-47a0-afd2-e090af68bf52 req-13841c08-a9fe-47a0-afd2-e090af68bf52 ] Request (FlavorsAccessNegativeTestJSON:tearDownClass): 200 GET http://10.180.1.21:9696/networking/v2.0/security-groups?tenant_id=2ecdb1240fea4c4ca001b5c17dafa42f&name=default 0.312s
2024-08-16 16:13:02.919 62443 INFO tempest.lib.common.rest_client [req-daade057-e0da-455f-8c26-3323ea1cd746 req-daade057-e0da-455f-8c26-3323ea1cd746 ] Request (SecurityGroupsTestAdminJSON:_run_cleanups): 202 DELETE http://10.180.1.21/compute/v2.1/os-security-groups/5c857eab-d887-47c1-bf60-62b2fe2f2f86 1.326s
2024-08-16 16:13:02.956 62373 INFO tempest.lib.common.rest_client [req-6077d2f3-64a2-4996-bd8a-5e30c562a50a req-6077d2f3-64a2-4996-bd8a-5e30c562a50a ] Request (AbsoluteLimitsNegativeTestJSON:setUpClass): 201 POST http://10.180.1.21/identity/v3/users 0.086s
2024-08-16 16:13:02.975 62373 INFO tempest.lib.common.rest_client [req-b187b3c7-23eb-479c-a962-eee4fdc1daa3 req-b187b3c7-23eb-479c-a962-eee4fdc1daa3 ] Request (AbsoluteLimitsNegativeTestJSON:setUpClass): 200 GET http://10.180.1.21/identity/v3/roles 0.018s
2024-08-16 16:13:02.979 62393 INFO tempest.lib.common.rest_client [req-0050c173-f49c-4807-8b6b-117e0df5c342 req-0050c173-f49c-4807-8b6b-117e0df5c342 ] Request (ServersAdmin275Test:test_rebuild_update_server_275): 200 GET http://10.180.1.21/compute/v2.1/servers/d3cf0925-7246-42b4-af88-f5abbea8f034 1.210s
2024-08-16 16:13:02.987 62393 INFO tempest.common.waiters [-] State transition "BUILD/scheduling" ==> "BUILD/None" after 10 second wait
2024-08-16 16:13:03.004 62373 INFO tempest.lib.common.rest_client [req-67937c45-7dff-431b-bccf-b5858ad3e8b0 req-67937c45-7dff-431b-bccf-b5858ad3e8b0 ] Request (AbsoluteLimitsNegativeTestJSON:setUpClass): 204 PUT http://10.180.1.21/identity/v3/projects/b5a4a199cfbc4c87affba91275d7cc9c/users/397074aeaddf4b519933c1d113694d50/roles/174532a16dbc43438b3fcd4d0dbec533 0.029s
2024-08-16 16:13:03.004 62373 INFO tempest.lib.common.dynamic_creds [-] Dynamic test user 397074aeaddf4b519933c1d113694d50 is created with scope project and roles: ['member']
2024-08-16 16:13:03.004 62373 INFO tempest.lib.common.dynamic_creds [-] Acquired dynamic creds: credentials: Credentials: {'domain_id': 'default', 'domain_name': 'Default', 'username': 'tempest-AbsoluteLimitsNegativeTestJSON-812064636-project-member', 'project_domain_id': 'default', 'project_domain_name': 'Default', 'project_id': 'b5a4a199cfbc4c87affba91275d7cc9c', 'project_name': 'tempest-AbsoluteLimitsNegativeTestJSON-812064636', 'tenant_id': 'b5a4a199cfbc4c87affba91275d7cc9c', 'tenant_name': 'tempest-AbsoluteLimitsNegativeTestJSON-812064636', 'user_domain_id': 'default', 'user_domain_name': 'Default', 'user_id': '397074aeaddf4b519933c1d113694d50', 'system': None}, Network: None, Subnet: None, Router: None
2024-08-16 16:13:03.005 62373 INFO tempest.lib.common.dynamic_creds [-] Created isolated network resources for: credentials: Credentials: {'domain_id': 'default', 'domain_name': 'Default', 'username': 'tempest-AbsoluteLimitsNegativeTestJSON-812064636-project-member', 'project_domain_id': 'default', 'project_domain_name': 'Default', 'project_id': 'b5a4a199cfbc4c87affba91275d7cc9c', 'project_name': 'tempest-AbsoluteLimitsNegativeTestJSON-812064636', 'tenant_id': 'b5a4a199cfbc4c87affba91275d7cc9c', 'tenant_name': 'tempest-AbsoluteLimitsNegativeTestJSON-812064636', 'user_domain_id': 'default', 'user_domain_name': 'Default', 'user_id': '397074aeaddf4b519933c1d113694d50', 'system': None}, Network: None, Subnet: None, Router: None
2024-08-16 16:13:03.049 62400 INFO tempest.lib.common.rest_client [req-b75e6259-abfb-4366-990d-3bd32208fd3c req-b75e6259-abfb-4366-990d-3bd32208fd3c ] Request (DeleteServersAdminTestJSON:test_delete_server_while_in_error_state): 200 GET http://10.180.1.21/compute/v2.1/servers/150621b7-b140-468e-ae86-19223353952c 1.226s
2024-08-16 16:13:03.103 62373 INFO tempest.lib.common.rest_client [req-1e0bf13b-7c8c-4e95-9073-e0ec1600da38 req-1e0bf13b-7c8c-4e95-9073-e0ec1600da38 ] Request (AbsoluteLimitsNegativeTestJSON:setUpClass): 201 POST http://10.180.1.21/identity/v3/auth/tokens 0.094s
2024-08-16 16:13:03.145 62391 INFO tempest.lib.common.rest_client [req-3f989ddd-34e5-4e87-88bb-cb01c8b8c8aa req-3f989ddd-34e5-4e87-88bb-cb01c8b8c8aa ] Request (ServerDiagnosticsV248Test:test_get_server_diagnostics): 200 GET http://10.180.1.21/compute/v2.1/servers/8975613a-4cbf-4ac4-970a-c27ff01a8fdc 1.313s
2024-08-16 16:13:03.146 62379 INFO tempest.lib.common.rest_client [req-85398492-1506-4607-a971-70ce5608393e req-85398492-1506-4607-a971-70ce5608393e ] Request (ServerActionsTestOtherA:setUpClass): 200 GET http://10.180.1.21/compute/v2.1/servers/fef556c2-9874-4abd-938e-f89062d314f5 1.271s
2024-08-16 16:13:03.171 62413 INFO tempest.lib.common.rest_client [req-bab3c2b9-8202-47fe-807c-3ecc2d9b55f6 req-bab3c2b9-8202-47fe-807c-3ecc2d9b55f6 ] Request (FlavorsAccessNegativeTestJSON:tearDownClass): 204 DELETE http://10.180.1.21:9696/networking/v2.0/security-groups/2c5b70c1-ec96-49de-9b4f-9fc9b135e06d 0.276s
2024-08-16 16:13:03.174 62416 INFO tempest.lib.common.rest_client [req-d3d4f76e-19a6-4cc5-be0b-81c9020880a4 req-d3d4f76e-19a6-4cc5-be0b-81c9020880a4 ] Request (ServerGroupTestJSON:test_create_delete_multiple_server_groups_with_same_name_policy): 200 GET http://10.180.1.21/compute/v2.1/os-server-groups 1.192s
2024-08-16 16:13:03.196 62388 INFO tempest.lib.common.rest_client [req-b1d035a1-e930-49c9-8af5-1e19eeb91f02 req-b1d035a1-e930-49c9-8af5-1e19eeb91f02 ] Request (QuotasAdminTestV257:tearDownClass): 204 DELETE http://10.180.1.21:9696/networking/v2.0/security-groups/0ee451f5-10b2-47bd-9c60-895b7afdbc42 0.493s
2024-08-16 16:13:03.229 62417 INFO tempest.lib.common.rest_client [req-74fbb088-b8eb-452b-ae4a-fe8904c96099 req-74fbb088-b8eb-452b-ae4a-fe8904c96099 ] Request (ServersAdminNegativeTestJSON:setUpClass): 200 GET http://10.180.1.21/compute/v2.1/servers/bac03ff5-5847-48d6-9c6c-364421da1e44 1.307s
2024-08-16 16:13:03.238 62411 INFO tempest.lib.common.rest_client [req-fca9e01e-60e1-4fd1-a5a1-2e4173e0744d req-fca9e01e-60e1-4fd1-a5a1-2e4173e0744d ] Request (AggregatesAdminNegativeTestJSON:test_aggregate_list_as_user): 403 GET http://10.180.1.21/compute/v2.1/os-aggregates 1.010s
2024-08-16 16:13:03.248 62431 INFO tempest.lib.common.rest_client [req-fec5fa0e-436c-4852-9255-32748bddc63c req-fec5fa0e-436c-4852-9255-32748bddc63c ] Request (FloatingIPDetailsTestJSON:tearDownClass): 204 DELETE http://10.180.1.21:9696/networking/v2.0/routers/62a0ddec-7646-4554-85b6-a7f4461d8dca 1.355s
2024-08-16 16:13:03.260 62383 INFO tempest.lib.common.rest_client [req-a8d1293f-32ef-40e7-b4f7-17a7bffbd252 req-a8d1293f-32ef-40e7-b4f7-17a7bffbd252 ] Request (ServicesAdminNegativeV253TestJSON:tearDownClass): 200 GET http://10.180.1.21:9696/networking/v2.0/security-groups?tenant_id=ebc9bf2b911a4cc983d2ccd72ba5b7ca&name=default 0.405s
2024-08-16 16:13:03.273 62421 INFO tempest.lib.common.rest_client [req-3b7d20b0-2df8-4700-b475-0af23b134150 req-3b7d20b0-2df8-4700-b475-0af23b134150 ] Request (TenantUsagesTestJSON:setUpClass): 200 GET http://10.180.1.21/compute/v2.1/servers/8c251d9d-c45d-43f8-a2aa-bb8df3cd4444 1.063s
2024-08-16 16:13:03.337 62413 INFO tempest.lib.common.rest_client [req-addc10c0-c4ee-4fb7-b981-130b69bcd842 req-addc10c0-c4ee-4fb7-b981-130b69bcd842 ] Request (FlavorsAccessNegativeTestJSON:tearDownClass): 204 DELETE http://10.180.1.21/identity/v3/projects/2ecdb1240fea4c4ca001b5c17dafa42f 0.166s
2024-08-16 16:13:03.337 62413 INFO tempest.lib.common.dynamic_creds [-] Deleting project and security group for project: a18171a0e539464ea0a7dfecf33b538b
2024-08-16 16:13:03.338 62388 INFO tempest.lib.common.rest_client [req-adf63fbb-d253-4f98-9e6c-8944eef14b80 req-adf63fbb-d253-4f98-9e6c-8944eef14b80 ] Request (QuotasAdminTestV257:tearDownClass): 204 DELETE http://10.180.1.21/identity/v3/projects/7b5c4013ebf5442e9c3bc8d8a39ec39c 0.142s
2024-08-16 16:13:03.339 62375 INFO tempest.lib.common.rest_client [req-46bc0127-8ebb-4141-a647-700806a35303 req-46bc0127-8ebb-4141-a647-700806a35303 ] Request (ImagesTestJSON:test_create_image_from_suspended_server): 200 GET http://10.180.1.21/compute/v2.1/servers/599345f1-0ec2-42b8-9170-372326851360 0.972s
2024-08-16 16:13:03.345 62437 INFO tempest.lib.common.rest_client [req-94fdd2c4-2ae0-47be-a7f8-3703700be873 req-94fdd2c4-2ae0-47be-a7f8-3703700be873 ] Request (MultipleCreateNegativeTestJSON:test_max_count_less_than_one): 400 POST http://10.180.1.21/compute/v2.1/servers 0.888s
2024-08-16 16:13:03.355 62401 INFO tempest.lib.common.rest_client [req-37637994-eb54-45fb-94e1-8bfc5155ded7 req-37637994-eb54-45fb-94e1-8bfc5155ded7 ] Request (InstanceActionsTestJSON:setUpClass): 200 GET http://10.180.1.21/compute/v2.1/servers/259368b2-0191-4686-9825-a38468fd86f2 1.081s
2024-08-16 16:13:03.451 62388 INFO tempest.lib.common.rest_client [req-2d5cb45e-ab0d-4c71-84b7-563bbbdc184e req-2d5cb45e-ab0d-4c71-84b7-563bbbdc184e ] Request (FloatingIPsAssociationTestJSON:setUpClass): 201 POST http://10.180.1.21/identity/v3/auth/tokens 0.111s
2024-08-16 16:13:03.481 62381 INFO tempest.lib.common.rest_client [req-2a074481-571e-4eeb-869a-518da650b450 req-2a074481-571e-4eeb-869a-518da650b450 ] Request (ComputeTenantNetworksTest:test_list_show_tenant_networks): 200 GET http://10.180.1.21/compute/v2.1/os-tenant-networks/8382b8bf-6d0f-4ecd-9e0c-2b27741090cf 0.618s
2024-08-16 16:13:03.511 62388 INFO tempest.lib.common.rest_client [req-47208954-79d6-40f6-bbd6-1ebd1288ff21 req-47208954-79d6-40f6-bbd6-1ebd1288ff21 ] Request (FloatingIPsAssociationTestJSON:setUpClass): 201 POST http://10.180.1.21/identity/v3/auth/tokens 0.058s
2024-08-16 16:13:03.515 62437 INFO tempest.lib.common.rest_client [req-07334e98-aa26-49b2-acbc-25682e7eec7b req-07334e98-aa26-49b2-acbc-25682e7eec7b ] Request (MultipleCreateNegativeTestJSON:test_max_count_non_integer): 201 POST http://10.180.1.21/identity/v3/auth/tokens 0.165s
2024-08-16 16:13:03.516 62437 INFO tempest.lib.common.fixed_network [-] (MultipleCreateNegativeTestJSON:test_max_count_non_integer) Found network None available for tenant
2024-08-16 16:13:03.523 62383 INFO tempest.lib.common.rest_client [req-d00676f6-806a-43bf-9f67-f72f352727af req-d00676f6-806a-43bf-9f67-f72f352727af ] Request (ServicesAdminNegativeV253TestJSON:tearDownClass): 204 DELETE http://10.180.1.21:9696/networking/v2.0/security-groups/f5b04007-7c55-4caf-a412-51e796f32a4a 0.262s
2024-08-16 16:13:03.533 62388 INFO tempest.lib.common.rest_client [req-c1802cab-1ed8-4a3a-a32b-bb3c2d12b496 req-c1802cab-1ed8-4a3a-a32b-bb3c2d12b496 ] Request (FloatingIPsAssociationTestJSON:setUpClass): 200 GET http://10.180.1.21/identity/v3/domains?name=Default 0.021s
2024-08-16 16:13:03.577 62419 INFO tempest.lib.common.rest_client [req-d3e037cd-d2bc-4e16-a450-a3af2013fc32 req-d3e037cd-d2bc-4e16-a450-a3af2013fc32 ] Request (ImagesOneServerTestJSON:setUpClass): 204 DELETE http://10.180.1.21/compute/v2.1/servers/dbb8f1c3-8d4b-4516-b102-7f21f89272a9 1.089s
2024-08-16 16:13:03.603 62383 INFO tempest.lib.common.rest_client [req-ce655521-b245-4fb2-a3a9-9eb256aa652f req-ce655521-b245-4fb2-a3a9-9eb256aa652f ] Request (ServicesAdminNegativeV253TestJSON:tearDownClass): 204 DELETE http://10.180.1.21/identity/v3/projects/ebc9bf2b911a4cc983d2ccd72ba5b7ca 0.080s
2024-08-16 16:13:03.604 62383 INFO tempest.lib.common.dynamic_creds [-] Deleting project and security group for project: eb26841d41cb458fa7831bb5bc188314
2024-08-16 16:13:03.642 62413 INFO tempest.lib.common.rest_client [req-be4636f3-7e0e-4b21-abcd-7cc4fc9ed72c req-be4636f3-7e0e-4b21-abcd-7cc4fc9ed72c ] Request (FlavorsAccessNegativeTestJSON:tearDownClass): 200 GET http://10.180.1.21:9696/networking/v2.0/security-groups?tenant_id=a18171a0e539464ea0a7dfecf33b538b&name=default 0.305s
2024-08-16 16:13:03.654 62390 INFO tempest.lib.common.rest_client [req-5a6be51b-6b16-4521-826d-c50b100762c7 req-5a6be51b-6b16-4521-826d-c50b100762c7 ] Request (FloatingIPsAssociationNegativeTestJSON:setUpClass): 200 GET http://10.180.1.21/compute/v2.1/servers/d3905ca4-f0ba-4b67-8aa8-8c12994ffe97 0.716s
2024-08-16 16:13:03.657 62431 INFO tempest.lib.common.rest_client [req-4163e83e-b099-4473-8b8d-4f3c04194064 req-4163e83e-b099-4473-8b8d-4f3c04194064 ] Request (FloatingIPDetailsTestJSON:tearDownClass): 204 DELETE http://10.180.1.21:9696/networking/v2.0/subnets/bde38415-4af6-46e4-b004-2fdb8816ec66 0.409s
2024-08-16 16:13:03.706 62388 INFO tempest.lib.common.rest_client [req-7d1c4177-44a7-4aa1-bc44-45ad04d68784 req-7d1c4177-44a7-4aa1-bc44-45ad04d68784 ] Request (FloatingIPsAssociationTestJSON:setUpClass): 201 POST http://10.180.1.21/identity/v3/projects 0.173s
2024-08-16 16:13:03.750 62397 INFO tempest.lib.common.rest_client [req-0bef045c-1173-425f-a8e4-2aec94ab32a8 req-0bef045c-1173-425f-a8e4-2aec94ab32a8 ] Request (ServerShowV247Test:test_update_rebuild_list_server): 200 GET http://10.180.1.21/compute/v2.1/servers/aa6c6d8e-f489-44a4-bb73-0bcc37f300b6 0.671s
2024-08-16 16:13:03.777 62388 INFO tempest.lib.common.rest_client [req-e8921455-a9e4-468f-919a-1bfece82195f req-e8921455-a9e4-468f-919a-1bfece82195f ] Request (FloatingIPsAssociationTestJSON:setUpClass): 201 POST http://10.180.1.21/identity/v3/users 0.070s
2024-08-16 16:13:03.818 62388 INFO tempest.lib.common.rest_client [req-bef23882-afc6-41f2-9f0e-f413829e2ccc req-bef23882-afc6-41f2-9f0e-f413829e2ccc ] Request (FloatingIPsAssociationTestJSON:setUpClass): 200 GET http://10.180.1.21/identity/v3/roles 0.041s
2024-08-16 16:13:03.907 62388 INFO tempest.lib.common.rest_client [req-dcd6db7b-7f4d-456d-b772-45f330437aeb req-dcd6db7b-7f4d-456d-b772-45f330437aeb ] Request (FloatingIPsAssociationTestJSON:setUpClass): 204 PUT http://10.180.1.21/identity/v3/projects/6bf5cdf1c1e046b59b8f5e85421e3072/users/f780eefb36604a40a8a4bcf3af5a6c30/roles/174532a16dbc43438b3fcd4d0dbec533 0.088s
2024-08-16 16:13:03.907 62388 INFO tempest.lib.common.dynamic_creds [-] Dynamic test user f780eefb36604a40a8a4bcf3af5a6c30 is created with scope project and roles: ['member']
2024-08-16 16:13:03.908 62388 INFO tempest.lib.common.dynamic_creds [-] Acquired dynamic creds: credentials: Credentials: {'domain_id': 'default', 'domain_name': 'Default', 'username': 'tempest-FloatingIPsAssociationTestJSON-1217404582-project-member', 'project_domain_id': 'default', 'project_domain_name': 'Default', 'project_id': '6bf5cdf1c1e046b59b8f5e85421e3072', 'project_name': 'tempest-FloatingIPsAssociationTestJSON-1217404582', 'tenant_id': '6bf5cdf1c1e046b59b8f5e85421e3072', 'tenant_name': 'tempest-FloatingIPsAssociationTestJSON-1217404582', 'user_domain_id': 'default', 'user_domain_name': 'Default', 'user_id': 'f780eefb36604a40a8a4bcf3af5a6c30', 'system': None}, Network: None, Subnet: None, Router: None
2024-08-16 16:13:03.914 62381 INFO tempest.lib.common.rest_client [req-29a9bb72-4389-43cf-83fb-fb8e0f944454 req-29a9bb72-4389-43cf-83fb-fb8e0f944454 ] Request (ComputeTenantNetworksTest:tearDownClass): 204 DELETE http://10.180.1.21:9696/networking/v2.0/networks/8382b8bf-6d0f-4ecd-9e0c-2b27741090cf 0.424s
2024-08-16 16:13:03.918 62443 INFO tempest.lib.common.rest_client [req-ac9e402c-093a-48c9-9312-5926606511b7 req-ac9e402c-093a-48c9-9312-5926606511b7 ] Request (SecurityGroupsTestAdminJSON:_run_cleanups): 202 DELETE http://10.180.1.21/compute/v2.1/os-security-groups/3b464ea0-8e62-4966-beba-3a4c73d66d11 0.999s
2024-08-16 16:13:03.922 62373 INFO tempest.lib.common.rest_client [req-be1b5811-6f37-4b21-aa72-08b01dd0c2c2 req-be1b5811-6f37-4b21-aa72-08b01dd0c2c2 ] Request (AbsoluteLimitsNegativeTestJSON:test_max_metadata_exceed_limit): 200 GET http://10.180.1.21/compute/v2.1/limits 0.817s
2024-08-16 16:13:03.926 62383 INFO tempest.lib.common.rest_client [req-37d40f10-cb18-4707-8538-2dc514878d45 req-37d40f10-cb18-4707-8538-2dc514878d45 ] Request (ServicesAdminNegativeV253TestJSON:tearDownClass): 200 GET http://10.180.1.21:9696/networking/v2.0/security-groups?tenant_id=eb26841d41cb458fa7831bb5bc188314&name=default 0.322s
2024-08-16 16:13:03.981 62433 INFO tempest.lib.common.rest_client [req-96549d30-8c50-4103-a7b8-8c693aae474a req-96549d30-8c50-4103-a7b8-8c693aae474a ] Request (ListImageFiltersTestJSON:setUpClass): 204 PUT http://10.180.1.21/image/v2/images/18babeec-b89b-4a6e-b4c6-4772d2ace26d/file 1.097s
2024-08-16 16:13:03.994 62413 INFO tempest.lib.common.rest_client [req-588f1aca-b86a-4386-82c6-a9ff7eb0795a req-588f1aca-b86a-4386-82c6-a9ff7eb0795a ] Request (FlavorsAccessNegativeTestJSON:tearDownClass): 204 DELETE http://10.180.1.21:9696/networking/v2.0/security-groups/3f476004-8a52-4231-944f-1791e10a6d10 0.351s
2024-08-16 16:13:04.008 62388 INFO tempest.lib.common.rest_client [req-10cb76b3-d710-4caf-98e3-50f20625d3c5 req-10cb76b3-d710-4caf-98e3-50f20625d3c5 ] Request (FloatingIPsAssociationTestJSON:setUpClass): 201 POST http://10.180.1.21/identity/v3/auth/tokens 0.100s
2024-08-16 16:13:04.058 62385 INFO tempest.lib.common.rest_client [req-33debe72-0d0f-4e33-b28d-2abd2e318924 req-33debe72-0d0f-4e33-b28d-2abd2e318924 ] Request (SecurityGroupsTestJSON:test_list_security_groups_by_server): 200 GET http://10.180.1.21/compute/v2.1/servers/28fdd1e6-f112-415c-9e80-8ca8bc59f82a 0.902s
2024-08-16 16:13:04.098 62416 INFO tempest.lib.common.rest_client [req-ca1098f1-cac3-489b-9d4a-247ed24387fa req-ca1098f1-cac3-489b-9d4a-247ed24387fa ] Request (ServerGroupTestJSON:test_create_delete_multiple_server_groups_with_same_name_policy): 204 DELETE http://10.180.1.21/compute/v2.1/os-server-groups/36798379-8350-4f26-9174-39924923b756 0.923s
2024-08-16 16:13:04.130 62381 INFO tempest.lib.common.rest_client [req-83dd368f-f49d-42d8-b4d4-b1635d3384cc req-83dd368f-f49d-42d8-b4d4-b1635d3384cc ] Request (ComputeTenantNetworksTest:tearDownClass): 204 DELETE http://10.180.1.21/identity/v3/users/528f3d91bc564556b5438f47b52c2622 0.216s
2024-08-16 16:13:04.130 62381 INFO tempest.lib.common.dynamic_creds [-] Deleting project and security group for project: c0f0329980544b7eb4c60e8849efe7d1
2024-08-16 16:13:04.183 62373 INFO tempest.lib.common.rest_client [req-962fb446-10ff-4075-a03c-9aedc2cfc8f7 req-962fb446-10ff-4075-a03c-9aedc2cfc8f7 ] Request (AbsoluteLimitsNegativeTestJSON:test_max_metadata_exceed_limit): 201 POST http://10.180.1.21/identity/v3/auth/tokens 0.252s
2024-08-16 16:13:04.183 62373 INFO tempest.lib.common.fixed_network [-] (AbsoluteLimitsNegativeTestJSON:test_max_metadata_exceed_limit) Found network None available for tenant
