2024-08-16 16:13:34.689 62413 INFO tempest.lib.common.rest_client [req-98fa8aaa-3a34-49ae-afd1-1c5bf7edfed1 req-98fa8aaa-3a34-49ae-afd1-1c5bf7edfed1 ] Request (MigrationsAdminTest:test_list_migrations_in_flavor_resize_situation): 200 GET http://10.180.1.21/compute/v2.1/servers/4b0701a5-a149-4b20-a03d-fe77b230008a 0.122s
2024-08-16 16:13:34.711 62391 INFO tempest.lib.common.rest_client [req-4ecb8aba-b639-4c60-9ed8-1cc924085fbb req-4ecb8aba-b639-4c60-9ed8-1cc924085fbb ] Request (ServerDiagnosticsV248Test:tearDownClass): 200 GET http://10.180.1.21/compute/v2.1/servers/8975613a-4cbf-4ac4-970a-c27ff01a8fdc 0.127s
2024-08-16 16:13:34.759 62424 INFO tempest.lib.common.rest_client [req-074b6f7f-4947-4fee-b24b-96d04f5cfada req-074b6f7f-4947-4fee-b24b-96d04f5cfada ] Request (AttachInterfacesUnderV243Test:test_add_remove_fixed_ip): 200 GET http://10.180.1.21/compute/v2.1/servers/fd0033d9-2ceb-41cc-81dd-6814a0fd4dd7 0.107s
2024-08-16 16:13:34.768 62397 INFO tempest.lib.common.rest_client [req-1690d87a-087d-46d2-acda-9ce05dd71d1f req-1690d87a-087d-46d2-acda-9ce05dd71d1f ] Request (ServerShowV247Test:test_update_rebuild_list_server): 200 GET http://10.180.1.21/compute/v2.1/servers/aa6c6d8e-f489-44a4-bb73-0bcc37f300b6 0.116s
2024-08-16 16:13:34.778 62395 INFO tempest.lib.common.rest_client [req-1a3a25ff-982a-4265-9ed0-31378e791819 req-1a3a25ff-982a-4265-9ed0-31378e791819 ] Request (FlavorsAdminTestJSON:tearDownClass): 204 DELETE http://10.180.1.21:9696/networking/v2.0/security-groups/83686517-cff1-4dde-b8de-61440aa09333 0.200s
2024-08-16 16:13:34.837 62443 INFO tempest.lib.common.rest_client [req-59131d9d-c610-48de-8730-7285cb00cecb req-59131d9d-c610-48de-8730-7285cb00cecb ] Request (ServerMetadataTestJSON:setUpClass): 200 GET http://10.180.1.21/compute/v2.1/servers/8510ba0b-1626-49a2-b685-8a512dafa949 0.135s
2024-08-16 16:13:34.867 62425 INFO tempest.lib.common.rest_client [req-cb7fda96-0a92-4c37-bdbe-f2f407788616 req-cb7fda96-0a92-4c37-bdbe-f2f407788616 ] Request (ServersAdminTestJSON:tearDownClass): 204 DELETE http://10.180.1.21:9696/networking/v2.0/networks/632318c6-c5d9-4363-8d4f-3e3a490e5a9e 0.640s
2024-08-16 16:13:34.902 62404 INFO tempest.lib.common.rest_client [req-1cb56c09-a291-403e-84e9-1280e5085259 req-1cb56c09-a291-403e-84e9-1280e5085259 ] Request (VolumesAssistedSnapshotsTest:tearDownClass): 204 DELETE http://10.180.1.21:9696/networking/v2.0/networks/becd7467-79b2-425f-881c-951c28ec40fe 0.259s
2024-08-16 16:13:34.904 62395 INFO tempest.lib.common.rest_client [req-7a48678e-1b34-4dd4-8102-bfaf61b38bb3 req-7a48678e-1b34-4dd4-8102-bfaf61b38bb3 ] Request (FlavorsAdminTestJSON:tearDownClass): 204 DELETE http://10.180.1.21/identity/v3/projects/cb8c16bfad3441b482b243249dc591f4 0.119s
2024-08-16 16:13:34.916 62385 INFO tempest.lib.common.rest_client [req-9f5a9e42-6f21-4ab2-adec-43adf28c5f96 req-9f5a9e42-6f21-4ab2-adec-43adf28c5f96 ] Request (SecurityGroupsTestJSON:test_list_security_groups_by_server): 200 GET http://10.180.1.21/compute/v2.1/servers/28fdd1e6-f112-415c-9e80-8ca8bc59f82a 0.144s
2024-08-16 16:13:34.925 62385 INFO tempest.common.waiters [-] State transition "BUILD/spawning" ==> "BUILD/scheduling" after 46 second wait
2024-08-16 16:13:34.986 62405 INFO tempest.lib.common.rest_client [req-93f7e2ea-1a81-4116-9068-ce7dcd24d843 req-93f7e2ea-1a81-4116-9068-ce7dcd24d843 ] Request (ServerActionsTestJSON:setUpClass): 200 GET http://10.180.1.21/compute/v2.1/servers/cc8d9890-f553-4a4b-a351-62770a7b29d8 0.140s
2024-08-16 16:13:35.021 62395 INFO tempest.lib.common.rest_client [req-3b0aea01-8846-4419-bb78-d66c36cf4b57 req-3b0aea01-8846-4419-bb78-d66c36cf4b57 ] Request (QuotasAdminTestV236:setUpClass): 201 POST http://10.180.1.21/identity/v3/auth/tokens 0.115s
2024-08-16 16:13:35.073 62388 INFO tempest.lib.common.rest_client [req-b73a01a8-20f7-48cb-9d76-7be4d2c18a3d req-b73a01a8-20f7-48cb-9d76-7be4d2c18a3d ] Request (FloatingIPsAssociationTestJSON:setUpClass): 200 GET http://10.180.1.21/compute/v2.1/servers/d0068b4a-a421-4693-b37c-34fc59efe361 0.209s
2024-08-16 16:13:35.083 62404 INFO tempest.lib.common.rest_client [req-3e1753f5-8af0-4787-ab43-3e36d78c53ef req-3e1753f5-8af0-4787-ab43-3e36d78c53ef ] Request (VolumesAssistedSnapshotsTest:tearDownClass): 204 DELETE http://10.180.1.21/identity/v3/users/8fce9e2d2abb4b57b8e1d436b828b8e6 0.180s
2024-08-16 16:13:35.136 62437 INFO tempest.lib.common.rest_client [req-a9c20e93-7170-4511-99f2-2cb74c188b69 req-a9c20e93-7170-4511-99f2-2cb74c188b69 ] Request (ServerShowV257Test:test_rebuild_server): 200 GET http://10.180.1.21/compute/v2.1/servers/f293d01e-a8e6-4ffd-888d-098e086440eb 0.171s
2024-08-16 16:13:35.145 62395 INFO tempest.lib.common.rest_client [req-047b8781-eb50-4360-8e57-610878c364e0 req-047b8781-eb50-4360-8e57-610878c364e0 ] Request (QuotasAdminTestV236:setUpClass): 201 POST http://10.180.1.21/identity/v3/auth/tokens 0.122s
2024-08-16 16:13:35.178 62395 INFO tempest.lib.common.rest_client [req-fdac44fb-b241-4f9a-93ee-0cc50beea3ae req-fdac44fb-b241-4f9a-93ee-0cc50beea3ae ] Request (QuotasAdminTestV236:setUpClass): 200 GET http://10.180.1.21/identity/v3/domains?name=Default 0.033s
2024-08-16 16:13:35.226 62395 INFO tempest.lib.common.rest_client [req-73d25c4e-a3a1-48b4-8932-5df5085d41c4 req-73d25c4e-a3a1-48b4-8932-5df5085d41c4 ] Request (QuotasAdminTestV236:setUpClass): 201 POST http://10.180.1.21/identity/v3/projects 0.047s
2024-08-16 16:13:35.228 62431 INFO tempest.lib.common.rest_client [req-37dd7f00-d777-4682-abc6-4aa395db3e91 req-37dd7f00-d777-4682-abc6-4aa395db3e91 ] Request (ServerActionsTestOtherB:setUpClass): 202 POST http://10.180.1.21/compute/v2.1/servers 0.566s
2024-08-16 16:13:35.250 62416 INFO tempest.lib.common.rest_client [req-3102fc9a-91ce-4262-95aa-8cbb797ff192 req-3102fc9a-91ce-4262-95aa-8cbb797ff192 ] Request (ServerGroupTestJSON:test_create_server_with_scheduler_hint_group): 200 GET http://10.180.1.21/compute/v2.1/servers/4ee5bd39-ad12-41a7-a7df-dfa234b1f905 0.200s
2024-08-16 16:13:35.286 62373 INFO tempest.lib.common.rest_client [req-2cb221d6-1e96-4751-9021-fc89c501ac98 req-2cb221d6-1e96-4751-9021-fc89c501ac98 ] Request (ServerActionsV293TestJSON:setUpClass): 200 GET http://10.180.1.21/volume/v3/681884acd1624f1386dfd471b81b9e96/volumes/991a76ae-7ba5-4655-ba2d-a23beec9aa5f 0.049s
2024-08-16 16:13:35.300 62395 INFO tempest.lib.common.rest_client [req-023ac4a6-66aa-4c8b-9855-21f5735caa91 req-023ac4a6-66aa-4c8b-9855-21f5735caa91 ] Request (QuotasAdminTestV236:setUpClass): 201 POST http://10.180.1.21/identity/v3/users 0.073s
2024-08-16 16:13:35.302 62404 INFO tempest.lib.common.rest_client [req-f053da89-a244-4a0e-942e-7ff375f04845 req-f053da89-a244-4a0e-942e-7ff375f04845 ] Request (VolumesAssistedSnapshotsTest:tearDownClass): 204 DELETE http://10.180.1.21/identity/v3/users/1029ba991a2c43ff870a80ba380ebc68 0.218s
2024-08-16 16:13:35.308 62400 INFO tempest.lib.common.rest_client [req-971a563a-2ee2-4dcd-b07b-003b95505d43 req-971a563a-2ee2-4dcd-b07b-003b95505d43 ] Request (DeleteServersAdminTestJSON:test_delete_server_while_in_error_state): 200 GET http://10.180.1.21/compute/v2.1/servers/150621b7-b140-468e-ae86-19223353952c 0.222s
2024-08-16 16:13:35.335 62379 INFO tempest.lib.common.rest_client [req-6c1b62c9-c7d9-47aa-9a2b-9cb9dc343183 req-6c1b62c9-c7d9-47aa-9a2b-9cb9dc343183 ] Request (ServerActionsTestOtherA:setUpClass): 200 GET http://10.180.1.21/compute/v2.1/servers/fef556c2-9874-4abd-938e-f89062d314f5 0.183s
2024-08-16 16:13:35.394 62407 INFO tempest.lib.common.rest_client [req-7290b406-17bf-459b-b716-6a1ab326b8df req-7290b406-17bf-459b-b716-6a1ab326b8df ] Request (AttachVolumeTestJSON:test_attach_detach_volume): 200 GET http://10.180.1.21/compute/v2.1/servers/62ddc060-415e-4866-919d-d8753a0ea852 0.239s
2024-08-16 16:13:35.402 62395 INFO tempest.lib.common.rest_client [req-c4ae368d-5610-41eb-9e57-d5fde69f98ab req-c4ae368d-5610-41eb-9e57-d5fde69f98ab ] Request (QuotasAdminTestV236:setUpClass): 200 GET http://10.180.1.21/identity/v3/roles 0.101s
2024-08-16 16:13:35.427 62421 INFO tempest.lib.common.rest_client [req-e983571b-68f3-44b1-a39d-c4fdb62b3044 req-e983571b-68f3-44b1-a39d-c4fdb62b3044 ] Request (TenantUsagesTestJSON:setUpClass): 200 GET http://10.180.1.21/compute/v2.1/servers/8c251d9d-c45d-43f8-a2aa-bb8df3cd4444 0.218s
2024-08-16 16:13:35.446 62395 INFO tempest.lib.common.rest_client [req-da0f52e0-d957-4254-b58c-bf0782f00662 req-da0f52e0-d957-4254-b58c-bf0782f00662 ] Request (QuotasAdminTestV236:setUpClass): 204 PUT http://10.180.1.21/identity/v3/projects/7e0840d65ea44f6aa86442d1dbb8657e/users/27a4af64824e4dfd8c83ca0bed3bf690/roles/174532a16dbc43438b3fcd4d0dbec533 0.044s
2024-08-16 16:13:35.447 62395 INFO tempest.lib.common.dynamic_creds [-] Dynamic test user 27a4af64824e4dfd8c83ca0bed3bf690 is created with scope project and roles: ['member']
2024-08-16 16:13:35.447 62395 INFO tempest.lib.common.dynamic_creds [-] Acquired dynamic creds: credentials: Credentials: {'domain_id': 'default', 'domain_name': 'Default', 'username': 'tempest-QuotasAdminTestV236-1141075469-project-member', 'project_domain_id': 'default', 'project_domain_name': 'Default', 'project_id': '7e0840d65ea44f6aa86442d1dbb8657e', 'project_name': 'tempest-QuotasAdminTestV236-1141075469', 'tenant_id': '7e0840d65ea44f6aa86442d1dbb8657e', 'tenant_name': 'tempest-QuotasAdminTestV236-1141075469', 'user_domain_id': 'default', 'user_domain_name': 'Default', 'user_id': '27a4af64824e4dfd8c83ca0bed3bf690', 'system': None}, Network: None, Subnet: None, Router: None
2024-08-16 16:13:35.447 62395 INFO tempest.lib.common.dynamic_creds [-] Created isolated network resources for: credentials: Credentials: {'domain_id': 'default', 'domain_name': 'Default', 'username': 'tempest-QuotasAdminTestV236-1141075469-project-member', 'project_domain_id': 'default', 'project_domain_name': 'Default', 'project_id': '7e0840d65ea44f6aa86442d1dbb8657e', 'project_name': 'tempest-QuotasAdminTestV236-1141075469', 'tenant_id': '7e0840d65ea44f6aa86442d1dbb8657e', 'tenant_name': 'tempest-QuotasAdminTestV236-1141075469', 'user_domain_id': 'default', 'user_domain_name': 'Default', 'user_id': '27a4af64824e4dfd8c83ca0bed3bf690', 'system': None}, Network: None, Subnet: None, Router: None
2024-08-16 16:13:35.468 62433 INFO tempest.lib.common.rest_client [req-a1a6b94d-2d6b-472f-9b8f-2e8f76f6f49d req-a1a6b94d-2d6b-472f-9b8f-2e8f76f6f49d ] Request (ListImageFiltersTestJSON:setUpClass): 200 GET http://10.180.1.21/compute/v2.1/servers/da26844b-5630-4779-88db-d68e0ec69698 0.253s
2024-08-16 16:13:35.474 62404 INFO tempest.lib.common.rest_client [req-4a998805-cb51-4564-8302-9d353c3afad4 req-4a998805-cb51-4564-8302-9d353c3afad4 ] Request (VolumesAssistedSnapshotsTest:tearDownClass): 204 DELETE http://10.180.1.21/identity/v3/users/0cfafd77a388433383f70f364cfef392 0.172s
2024-08-16 16:13:35.474 62404 INFO tempest.lib.common.dynamic_creds [-] Deleting project and security group for project: 6606b7938c274fb2ab945a28cddca3dc
2024-08-16 16:13:35.475 62431 INFO tempest.lib.common.rest_client [req-e759e2c1-1f74-4921-9948-07c9db3cdc9d req-e759e2c1-1f74-4921-9948-07c9db3cdc9d ] Request (ServerActionsTestOtherB:setUpClass): 200 GET http://10.180.1.21/compute/v2.1/servers/9310cbc2-548a-43a2-9446-38c922cef645 0.245s
2024-08-16 16:13:35.532 62417 INFO tempest.lib.common.rest_client [req-128ae886-2ec7-4397-a6ce-03a31f613041 req-128ae886-2ec7-4397-a6ce-03a31f613041 ] Request (ServersAdminNegativeTestJSON:setUpClass): 200 GET http://10.180.1.21/compute/v2.1/servers/bac03ff5-5847-48d6-9c6c-364421da1e44 0.242s
2024-08-16 16:13:35.538 62395 INFO tempest.lib.common.rest_client [req-00720f31-2b45-4807-bc4e-86aa38453e04 req-00720f31-2b45-4807-bc4e-86aa38453e04 ] Request (QuotasAdminTestV236:setUpClass): 201 POST http://10.180.1.21/identity/v3/auth/tokens 0.086s
2024-08-16 16:13:35.547 62404 INFO tempest.lib.common.rest_client [req-5311c8ac-9152-4fd1-ba7a-82d1ad34250f req-5311c8ac-9152-4fd1-ba7a-82d1ad34250f ] Request (VolumesAssistedSnapshotsTest:tearDownClass): 200 GET http://10.180.1.21:9696/networking/v2.0/security-groups?tenant_id=6606b7938c274fb2ab945a28cddca3dc&name=default 0.073s
2024-08-16 16:13:35.558 62375 INFO tempest.lib.common.rest_client [req-517d1c74-a71a-44dc-9a54-c474b5f93d3d req-517d1c74-a71a-44dc-9a54-c474b5f93d3d ] Request (ImagesTestJSON:test_create_image_from_suspended_server): 200 GET http://10.180.1.21/compute/v2.1/servers/599345f1-0ec2-42b8-9170-372326851360 0.212s
2024-08-16 16:13:35.602 62393 INFO tempest.lib.common.rest_client [req-14b3d19c-d0d9-4200-ad3f-180924c45a87 req-14b3d19c-d0d9-4200-ad3f-180924c45a87 ] Request (ServersAdmin275Test:test_rebuild_update_server_275): 200 GET http://10.180.1.21/compute/v2.1/servers/d3cf0925-7246-42b4-af88-f5abbea8f034 0.135s
2024-08-16 16:13:35.610 62395 INFO tempest.lib.common.rest_client [req-5d178caf-e3a5-4bbe-8cc2-4db9cbbff0be req-5d178caf-e3a5-4bbe-8cc2-4db9cbbff0be ] Request (QuotasAdminTestV236:setUpClass): 201 POST http://10.180.1.21/identity/v3/projects 0.071s
2024-08-16 16:13:35.614 62419 INFO tempest.lib.common.rest_client [req-821f8538-a644-4423-8da8-b8a3afe716d5 req-821f8538-a644-4423-8da8-b8a3afe716d5 ] Request (ServersTestFqdnHostnames:test_create_server_with_fqdn_name): 200 GET http://10.180.1.21/compute/v2.1/servers/a68daa13-d1c7-4f1b-98ed-bc0cf7661c27 0.090s
2024-08-16 16:13:35.672 62401 INFO tempest.lib.common.rest_client [req-2c54af8f-cfa5-42d8-87fe-fca6a53b5925 req-2c54af8f-cfa5-42d8-87fe-fca6a53b5925 ] Request (InstanceActionsTestJSON:setUpClass): 200 GET http://10.180.1.21/compute/v2.1/servers/259368b2-0191-4686-9825-a38468fd86f2 0.104s
2024-08-16 16:13:35.677 62395 INFO tempest.lib.common.rest_client [req-89774742-9c11-4969-affd-f7f5a9f86688 req-89774742-9c11-4969-affd-f7f5a9f86688 ] Request (QuotasAdminTestV236:setUpClass): 201 POST http://10.180.1.21/identity/v3/users 0.066s
2024-08-16 16:13:35.695 62395 INFO tempest.lib.common.rest_client [req-f17a3f21-c675-4f4c-b500-20e7d635f625 req-f17a3f21-c675-4f4c-b500-20e7d635f625 ] Request (QuotasAdminTestV236:setUpClass): 200 GET http://10.180.1.21/identity/v3/roles 0.018s
2024-08-16 16:13:35.697 62404 INFO tempest.lib.common.rest_client [req-0abf1b06-1326-436d-a2f1-9b1955f556c5 req-0abf1b06-1326-436d-a2f1-9b1955f556c5 ] Request (VolumesAssistedSnapshotsTest:tearDownClass): 204 DELETE http://10.180.1.21:9696/networking/v2.0/security-groups/a725ef7e-acea-4007-8470-2fc8efcbf196 0.149s
2024-08-16 16:13:35.702 62390 INFO tempest.lib.common.rest_client [req-283037c8-0401-4c67-8e67-1525094a2dc1 req-283037c8-0401-4c67-8e67-1525094a2dc1 ] Request (FloatingIPsAssociationNegativeTestJSON:setUpClass): 200 GET http://10.180.1.21/compute/v2.1/servers/d3905ca4-f0ba-4b67-8aa8-8c12994ffe97 0.070s
2024-08-16 16:13:35.733 62377 INFO tempest.lib.common.rest_client [req-1b21c563-aa3a-4fe3-b0c4-c0972ca0a554 req-1b21c563-aa3a-4fe3-b0c4-c0972ca0a554 ] Request (ServerPasswordTestJSON:setUpClass): 200 GET http://10.180.1.21/compute/v2.1/servers/15483781-7d72-418d-9c42-4bb680a6c0b1 0.085s
2024-08-16 16:13:35.739 62395 INFO tempest.lib.common.rest_client [req-d4ff2b98-3067-4cf1-bd4e-81116bec703b req-d4ff2b98-3067-4cf1-bd4e-81116bec703b ] Request (QuotasAdminTestV236:setUpClass): 204 PUT http://10.180.1.21/identity/v3/projects/05a202cedc3f4e80b19b451f45e0df14/users/c3d7074392d9484ca33b8d8923275946/roles/093d82f6ab8a42978a5ef3e361f13ab5 0.042s
2024-08-16 16:13:35.767 62413 INFO tempest.lib.common.rest_client [req-53ffe2af-87ae-4832-acb9-8cb34f550927 req-53ffe2af-87ae-4832-acb9-8cb34f550927 ] Request (MigrationsAdminTest:test_list_migrations_in_flavor_resize_situation): 200 GET http://10.180.1.21/compute/v2.1/servers/4b0701a5-a149-4b20-a03d-fe77b230008a 0.072s
2024-08-16 16:13:35.770 62404 INFO tempest.lib.common.rest_client [req-769c58b1-28ed-47ac-84f7-4f9cde62a218 req-769c58b1-28ed-47ac-84f7-4f9cde62a218 ] Request (VolumesAssistedSnapshotsTest:tearDownClass): 204 DELETE http://10.180.1.21/identity/v3/projects/6606b7938c274fb2ab945a28cddca3dc 0.073s
2024-08-16 16:13:35.771 62404 INFO tempest.lib.common.dynamic_creds [-] Deleting project and security group for project: 09b3012cb7a74a659c8080b624577648
2024-08-16 16:13:35.808 62391 INFO tempest.lib.common.rest_client [req-90302f1c-6881-4999-8e6f-3c8eef8b8df3 req-90302f1c-6881-4999-8e6f-3c8eef8b8df3 ] Request (ServerDiagnosticsV248Test:tearDownClass): 200 GET http://10.180.1.21/compute/v2.1/servers/8975613a-4cbf-4ac4-970a-c27ff01a8fdc 0.088s
2024-08-16 16:13:35.820 62404 INFO tempest.lib.common.rest_client [req-28b91470-4915-4908-bb07-1db21a7f1989 req-28b91470-4915-4908-bb07-1db21a7f1989 ] Request (VolumesAssistedSnapshotsTest:tearDownClass): 200 GET http://10.180.1.21:9696/networking/v2.0/security-groups?tenant_id=09b3012cb7a74a659c8080b624577648&name=default 0.049s
2024-08-16 16:13:35.824 62424 INFO tempest.lib.common.rest_client [req-dbd81536-7e86-4b8e-8e0f-92b0cda27dd3 req-dbd81536-7e86-4b8e-8e0f-92b0cda27dd3 ] Request (AttachInterfacesUnderV243Test:test_add_remove_fixed_ip): 200 GET http://10.180.1.21/compute/v2.1/servers/fd0033d9-2ceb-41cc-81dd-6814a0fd4dd7 0.057s
2024-08-16 16:13:35.843 62395 INFO tempest.lib.common.rest_client [req-09358345-da56-48bc-8ea5-fef80536f563 req-09358345-da56-48bc-8ea5-fef80536f563 ] Request (QuotasAdminTestV236:setUpClass): 200 GET http://10.180.1.21/identity/v3/roles 0.104s
2024-08-16 16:13:35.867 62395 INFO tempest.lib.common.rest_client [req-db2f3fe3-9be4-46aa-b018-68b962764741 req-db2f3fe3-9be4-46aa-b018-68b962764741 ] Request (QuotasAdminTestV236:setUpClass): 204 PUT http://10.180.1.21/identity/v3/projects/05a202cedc3f4e80b19b451f45e0df14/users/c3d7074392d9484ca33b8d8923275946/roles/093d82f6ab8a42978a5ef3e361f13ab5 0.023s
2024-08-16 16:13:35.868 62395 INFO tempest.lib.common.dynamic_creds [-] Dynamic test user c3d7074392d9484ca33b8d8923275946 is created with scope project and roles: ['admin']
2024-08-16 16:13:35.868 62395 INFO tempest.lib.common.dynamic_creds [-] Acquired dynamic creds: credentials: Credentials: {'domain_id': 'default', 'domain_name': 'Default', 'username': 'tempest-QuotasAdminTestV236-1092268471-project-admin', 'project_domain_id': 'default', 'project_domain_name': 'Default', 'project_id': '05a202cedc3f4e80b19b451f45e0df14', 'project_name': 'tempest-QuotasAdminTestV236-1092268471', 'tenant_id': '05a202cedc3f4e80b19b451f45e0df14', 'tenant_name': 'tempest-QuotasAdminTestV236-1092268471', 'user_domain_id': 'default', 'user_domain_name': 'Default', 'user_id': 'c3d7074392d9484ca33b8d8923275946', 'system': None}, Network: None, Subnet: None, Router: None
2024-08-16 16:13:35.868 62395 INFO tempest.lib.common.dynamic_creds [-] Created isolated network resources for: credentials: Credentials: {'domain_id': 'default', 'domain_name': 'Default', 'username': 'tempest-QuotasAdminTestV236-1092268471-project-admin', 'project_domain_id': 'default', 'project_domain_name': 'Default', 'project_id': '05a202cedc3f4e80b19b451f45e0df14', 'project_name': 'tempest-QuotasAdminTestV236-1092268471', 'tenant_id': '05a202cedc3f4e80b19b451f45e0df14', 'tenant_name': 'tempest-QuotasAdminTestV236-1092268471', 'user_domain_id': 'default', 'user_domain_name': 'Default', 'user_id': 'c3d7074392d9484ca33b8d8923275946', 'system': None}, Network: None, Subnet: None, Router: None
2024-08-16 16:13:35.877 62425 INFO tempest.lib.common.rest_client [req-c45402ec-6f3c-419a-a3a4-5bd1f6ad7466 req-c45402ec-6f3c-419a-a3a4-5bd1f6ad7466 ] Request (ServersAdminTestJSON:tearDownClass): 200 PUT http://10.180.1.21:9696/networking/v2.0/routers/d7bec308-1419-4b8d-9d66-dcd36033a8cc/remove_router_interface 1.010s
2024-08-16 16:13:35.877 62397 INFO tempest.lib.common.rest_client [req-62b583a8-c2a8-434f-8515-f285d6c33796 req-62b583a8-c2a8-434f-8515-f285d6c33796 ] Request (ServerShowV247Test:test_update_rebuild_list_server): 200 GET http://10.180.1.21/compute/v2.1/servers/aa6c6d8e-f489-44a4-bb73-0bcc37f300b6 0.096s
2024-08-16 16:13:35.906 62443 INFO tempest.lib.common.rest_client [req-98133e3a-503f-4e78-9bf0-ba3da4e0a864 req-98133e3a-503f-4e78-9bf0-ba3da4e0a864 ] Request (ServerMetadataTestJSON:setUpClass): 200 GET http://10.180.1.21/compute/v2.1/servers/8510ba0b-1626-49a2-b685-8a512dafa949 0.058s
2024-08-16 16:13:35.930 62404 INFO tempest.lib.common.rest_client [req-13b61780-85b5-4663-b8a8-62c5e17a1566 req-13b61780-85b5-4663-b8a8-62c5e17a1566 ] Request (VolumesAssistedSnapshotsTest:tearDownClass): 204 DELETE http://10.180.1.21:9696/networking/v2.0/security-groups/49751303-58e0-4ffb-a963-65e093e4f41b 0.109s
2024-08-16 16:13:35.950 62395 INFO tempest.lib.common.rest_client [req-5ad09d89-771b-4b57-a50f-a1394ba4d065 req-5ad09d89-771b-4b57-a50f-a1394ba4d065 ] Request (QuotasAdminTestV236:setUpClass): 201 POST http://10.180.1.21/identity/v3/auth/tokens 0.079s
2024-08-16 16:13:35.950 62395 WARNING tempest.lib.common.rest_client [-] Deprecated: "tenant_id" property is deprecated for removal, use "project_id" instead
2024-08-16 16:13:35.972 62395 INFO tempest.lib.common.rest_client [req-e2e26550-06ca-49b2-91a8-2dc970f0a1ab req-e2e26550-06ca-49b2-91a8-2dc970f0a1ab ] Request (QuotasAdminTestV236:test_get_updated_quotas): 200 GET http://10.180.1.21/identity/v3/domains?name=Default 0.020s
2024-08-16 16:13:35.994 62385 INFO tempest.lib.common.rest_client [req-11ccfb1c-b1a0-4fa0-99e1-25fdbbb2e293 req-11ccfb1c-b1a0-4fa0-99e1-25fdbbb2e293 ] Request (SecurityGroupsTestJSON:test_list_security_groups_by_server): 200 GET http://10.180.1.21/compute/v2.1/servers/28fdd1e6-f112-415c-9e80-8ca8bc59f82a 0.067s
2024-08-16 16:13:36.001 62385 INFO tempest.common.waiters [-] State transition "BUILD/scheduling" ==> "ERROR/None" after 48 second wait
2024-08-16 16:13:36.004 62395 INFO tempest.lib.common.rest_client [req-2fb51315-1fa1-4c09-9cf4-8c93801ac8ec req-2fb51315-1fa1-4c09-9cf4-8c93801ac8ec ] Request (QuotasAdminTestV236:test_get_updated_quotas): 201 POST http://10.180.1.21/identity/v3/projects 0.032s
2024-08-16 16:13:36.041 62404 INFO tempest.lib.common.rest_client [req-8a7cd460-3304-4bc8-8f11-d79dbe2a35b4 req-8a7cd460-3304-4bc8-8f11-d79dbe2a35b4 ] Request (VolumesAssistedSnapshotsTest:tearDownClass): 204 DELETE http://10.180.1.21/identity/v3/projects/09b3012cb7a74a659c8080b624577648 0.111s
2024-08-16 16:13:36.041 62404 INFO tempest.lib.common.dynamic_creds [-] Deleting project and security group for project: f5a10591c68c47afa7848c5ac389d96f
2024-08-16 16:13:36.085 62395 INFO tempest.lib.common.rest_client [req-20d60bca-748f-48aa-b6cf-a11bbbae1135 req-20d60bca-748f-48aa-b6cf-a11bbbae1135 ] Request (QuotasAdminTestV236:test_get_updated_quotas): 200 GET http://10.180.1.21/identity/v3/domains?name=Default 0.080s
2024-08-16 16:13:36.096 62405 INFO tempest.lib.common.rest_client [req-0fe0ed4a-b086-4b88-9c18-a2e8cbd7fb16 req-0fe0ed4a-b086-4b88-9c18-a2e8cbd7fb16 ] Request (ServerActionsTestJSON:setUpClass): 200 GET http://10.180.1.21/compute/v2.1/servers/cc8d9890-f553-4a4b-a351-62770a7b29d8 0.101s
2024-08-16 16:13:36.117 62404 INFO tempest.lib.common.rest_client [req-63e5d13f-4995-4713-af2b-27e1df4dd9fb req-63e5d13f-4995-4713-af2b-27e1df4dd9fb ] Request (VolumesAssistedSnapshotsTest:tearDownClass): 200 GET http://10.180.1.21:9696/networking/v2.0/security-groups?tenant_id=f5a10591c68c47afa7848c5ac389d96f&name=default 0.076s
2024-08-16 16:13:36.175 62388 INFO tempest.lib.common.rest_client [req-b8004109-1150-4fcf-86a8-39576fc559cd req-b8004109-1150-4fcf-86a8-39576fc559cd ] Request (FloatingIPsAssociationTestJSON:setUpClass): 200 GET http://10.180.1.21/compute/v2.1/servers/d0068b4a-a421-4693-b37c-34fc59efe361 0.094s
2024-08-16 16:13:36.240 62404 INFO tempest.lib.common.rest_client [req-6be078d2-9e57-4371-9752-0067efda931c req-6be078d2-9e57-4371-9752-0067efda931c ] Request (VolumesAssistedSnapshotsTest:tearDownClass): 204 DELETE http://10.180.1.21:9696/networking/v2.0/security-groups/f91c600e-1cbb-49ce-b80a-21d28456532c 0.123s
2024-08-16 16:13:36.297 62385 INFO tempest.lib.common.rest_client [req-360665e6-79f2-482a-80a0-e5246ae7f648 req-360665e6-79f2-482a-80a0-e5246ae7f648 ] Request (SecurityGroupsTestJSON:test_list_security_groups_by_server): 204 DELETE http://10.180.1.21/compute/v2.1/servers/28fdd1e6-f112-415c-9e80-8ca8bc59f82a 0.295s
2024-08-16 16:13:36.322 62373 INFO tempest.lib.common.rest_client [req-b2502937-72dc-4d96-9756-3c092b60d27c req-b2502937-72dc-4d96-9756-3c092b60d27c ] Request (ServerActionsV293TestJSON:setUpClass): 200 GET http://10.180.1.21/volume/v3/681884acd1624f1386dfd471b81b9e96/volumes/991a76ae-7ba5-4655-ba2d-a23beec9aa5f 0.028s
2024-08-16 16:13:36.332 62373 INFO tempest.common.waiters [-] volume 991a76ae-7ba5-4655-ba2d-a23beec9aa5f reached available after waiting for 19.332093 seconds
2024-08-16 16:13:36.339 62425 INFO tempest.lib.common.rest_client [req-7d81516e-f596-4f09-a937-228baa172f02 req-7d81516e-f596-4f09-a937-228baa172f02 ] Request (ServersAdminTestJSON:tearDownClass): 204 DELETE http://10.180.1.21:9696/networking/v2.0/routers/d7bec308-1419-4b8d-9d66-dcd36033a8cc 0.461s
2024-08-16 16:13:36.351 62437 INFO tempest.lib.common.rest_client [req-75884763-6887-4b62-8211-b1a17ba3fa44 req-75884763-6887-4b62-8211-b1a17ba3fa44 ] Request (ServerShowV257Test:test_rebuild_server): 200 GET http://10.180.1.21/compute/v2.1/servers/f293d01e-a8e6-4ffd-888d-098e086440eb 0.205s
2024-08-16 16:13:36.358 62404 INFO tempest.lib.common.rest_client [req-bb2f5933-2cc0-4914-99cb-9eecf05d6a91 req-bb2f5933-2cc0-4914-99cb-9eecf05d6a91 ] Request (VolumesAssistedSnapshotsTest:tearDownClass): 204 DELETE http://10.180.1.21/identity/v3/projects/f5a10591c68c47afa7848c5ac389d96f 0.117s
2024-08-16 16:13:36.383 62395 INFO tempest.lib.common.rest_client [req-3ed607e0-dcd2-4c12-9f16-57667868d301 req-3ed607e0-dcd2-4c12-9f16-57667868d301 ] Request (QuotasAdminTestV236:test_get_updated_quotas): 200 PUT http://10.180.1.21/compute/v2.1/os-quota-sets/87322071e8524341a5bbc2e6ee1d3979 0.297s
2024-08-16 16:13:36.413 62416 INFO tempest.lib.common.rest_client [req-68c523f3-7777-4ddb-80ad-795384e1bb54 req-68c523f3-7777-4ddb-80ad-795384e1bb54 ] Request (ServerGroupTestJSON:test_create_server_with_scheduler_hint_group): 200 GET http://10.180.1.21/compute/v2.1/servers/4ee5bd39-ad12-41a7-a7df-dfa234b1f905 0.153s
2024-08-16 16:13:36.417 62385 INFO tempest.lib.common.rest_client [req-38ae59cb-9fda-449a-b80e-e3d169cc6b8f req-38ae59cb-9fda-449a-b80e-e3d169cc6b8f ] Request (SecurityGroupsTestJSON:test_list_security_groups_by_server): 404 GET http://10.180.1.21/compute/v2.1/servers/28fdd1e6-f112-415c-9e80-8ca8bc59f82a 0.120s
2024-08-16 16:13:36.438 62404 INFO tempest.lib.common.rest_client [req-69d14d4d-e720-4c7c-8f12-75ba21e64614 req-69d14d4d-e720-4c7c-8f12-75ba21e64614 ] Request (HostsAdminTestJSON:setUpClass): 201 POST http://10.180.1.21/identity/v3/auth/tokens 0.078s
2024-08-16 16:13:36.468 62400 INFO tempest.lib.common.rest_client [req-bc6907f6-adcd-4140-aa27-0dfdb29068fe req-bc6907f6-adcd-4140-aa27-0dfdb29068fe ] Request (DeleteServersAdminTestJSON:test_delete_server_while_in_error_state): 200 GET http://10.180.1.21/compute/v2.1/servers/150621b7-b140-468e-ae86-19223353952c 0.146s
2024-08-16 16:13:36.481 62404 INFO tempest.lib.common.rest_client [req-197061fb-2eb2-462a-bb82-ed07cec00974 req-197061fb-2eb2-462a-bb82-ed07cec00974 ] Request (HostsAdminTestJSON:setUpClass): 201 POST http://10.180.1.21/identity/v3/auth/tokens 0.039s
2024-08-16 16:13:36.500 62404 INFO tempest.lib.common.rest_client [req-e4c74ced-1b7f-41d4-a021-bff00aa9a8f3 req-e4c74ced-1b7f-41d4-a021-bff00aa9a8f3 ] Request (HostsAdminTestJSON:setUpClass): 200 GET http://10.180.1.21/identity/v3/domains?name=Default 0.019s
2024-08-16 16:13:36.516 62379 INFO tempest.lib.common.rest_client [req-469b002e-9d49-472c-a71a-7ef176f8a220 req-469b002e-9d49-472c-a71a-7ef176f8a220 ] Request (ServerActionsTestOtherA:setUpClass): 200 GET http://10.180.1.21/compute/v2.1/servers/fef556c2-9874-4abd-938e-f89062d314f5 0.173s
2024-08-16 16:13:36.519 62425 INFO tempest.lib.common.rest_client [req-3e5a7d60-df77-47c5-922a-4c86a07fd3bf req-3e5a7d60-df77-47c5-922a-4c86a07fd3bf ] Request (ServersAdminTestJSON:tearDownClass): 204 DELETE http://10.180.1.21:9696/networking/v2.0/subnets/15495525-7107-474a-aacb-1a652557926c 0.180s
2024-08-16 16:13:36.541 62404 INFO tempest.lib.common.rest_client [req-45f521b5-f385-4252-9852-29425239aa48 req-45f521b5-f385-4252-9852-29425239aa48 ] Request (HostsAdminTestJSON:setUpClass): 201 POST http://10.180.1.21/identity/v3/projects 0.040s
2024-08-16 16:13:36.608 62404 INFO tempest.lib.common.rest_client [req-f472853d-afdc-4345-ab1d-080f66005fdb req-f472853d-afdc-4345-ab1d-080f66005fdb ] Request (HostsAdminTestJSON:setUpClass): 201 POST http://10.180.1.21/identity/v3/users 0.066s
2024-08-16 16:13:36.628 62404 INFO tempest.lib.common.rest_client [req-0c15372c-7f08-4cc7-bba8-dcff4741f3de req-0c15372c-7f08-4cc7-bba8-dcff4741f3de ] Request (HostsAdminTestJSON:setUpClass): 200 GET http://10.180.1.21/identity/v3/roles 0.019s
2024-08-16 16:13:36.657 62404 INFO tempest.lib.common.rest_client [req-c401db06-edb4-412f-ba71-75b3a7c237be req-c401db06-edb4-412f-ba71-75b3a7c237be ] Request (HostsAdminTestJSON:setUpClass): 204 PUT http://10.180.1.21/identity/v3/projects/7a396fbd3333426184ffa2d11877b611/users/255c1829865742e5af2127a077576ca2/roles/174532a16dbc43438b3fcd4d0dbec533 0.029s
2024-08-16 16:13:36.658 62404 INFO tempest.lib.common.dynamic_creds [-] Dynamic test user 255c1829865742e5af2127a077576ca2 is created with scope project and roles: ['member']
2024-08-16 16:13:36.658 62404 INFO tempest.lib.common.dynamic_creds [-] Acquired dynamic creds: credentials: Credentials: {'domain_id': 'default', 'domain_name': 'Default', 'username': 'tempest-HostsAdminTestJSON-1486832812-project-member', 'project_domain_id': 'default', 'project_domain_name': 'Default', 'project_id': '7a396fbd3333426184ffa2d11877b611', 'project_name': 'tempest-HostsAdminTestJSON-1486832812', 'tenant_id': '7a396fbd3333426184ffa2d11877b611', 'tenant_name': 'tempest-HostsAdminTestJSON-1486832812', 'user_domain_id': 'default', 'user_domain_name': 'Default', 'user_id': '255c1829865742e5af2127a077576ca2', 'system': None}, Network: None, Subnet: None, Router: None
2024-08-16 16:13:36.658 62404 INFO tempest.lib.common.dynamic_creds [-] Created isolated network resources for: credentials: Credentials: {'domain_id': 'default', 'domain_name': 'Default', 'username': 'tempest-HostsAdminTestJSON-1486832812-project-member', 'project_domain_id': 'default', 'project_domain_name': 'Default', 'project_id': '7a396fbd3333426184ffa2d11877b611', 'project_name': 'tempest-HostsAdminTestJSON-1486832812', 'tenant_id': '7a396fbd3333426184ffa2d11877b611', 'tenant_name': 'tempest-HostsAdminTestJSON-1486832812', 'user_domain_id': 'default', 'user_domain_name': 'Default', 'user_id': '255c1829865742e5af2127a077576ca2', 'system': None}, Network: None, Subnet: None, Router: None
2024-08-16 16:13:36.673 62395 INFO tempest.lib.common.rest_client [req-19e76810-63ba-449a-ba93-ed35eeede0b2 req-19e76810-63ba-449a-ba93-ed35eeede0b2 ] Request (QuotasAdminTestV236:test_get_updated_quotas): 200 GET http://10.180.1.21/compute/v2.1/os-quota-sets/87322071e8524341a5bbc2e6ee1d3979/detail 0.288s
2024-08-16 16:13:36.723 62404 INFO tempest.lib.common.rest_client [req-37aebf16-010f-4bd5-ab00-dc3d369acd89 req-37aebf16-010f-4bd5-ab00-dc3d369acd89 ] Request (HostsAdminTestJSON:setUpClass): 201 POST http://10.180.1.21/identity/v3/auth/tokens 0.062s
2024-08-16 16:13:36.731 62395 INFO tempest.lib.common.rest_client [req-177a16dd-708f-432d-a0b9-704ebabab0b8 req-177a16dd-708f-432d-a0b9-704ebabab0b8 ] Request (QuotasAdminTestV236:test_get_updated_quotas): 200 GET http://10.180.1.21/identity/v3/domains?name=Default 0.055s
2024-08-16 16:13:36.758 62395 INFO tempest.lib.common.rest_client [req-9aa62883-9130-4c22-ba66-10ae0ffa5b2c req-9aa62883-9130-4c22-ba66-10ae0ffa5b2c ] Request (QuotasAdminTestV236:test_get_updated_quotas): 201 POST http://10.180.1.21/identity/v3/users 0.026s
2024-08-16 16:13:36.768 62425 INFO tempest.lib.common.rest_client [req-837f8942-50e4-431b-a766-cf12fc1f9054 req-837f8942-50e4-431b-a766-cf12fc1f9054 ] Request (ServersAdminTestJSON:tearDownClass): 204 DELETE http://10.180.1.21:9696/networking/v2.0/networks/c75a0468-3dcc-4d4b-acf6-9e3a9b2dbcc7 0.248s
2024-08-16 16:13:36.773 62407 INFO tempest.lib.common.rest_client [req-7dd54ffd-7f9d-4f4c-904c-cb7d21a01371 req-7dd54ffd-7f9d-4f4c-904c-cb7d21a01371 ] Request (AttachVolumeTestJSON:test_attach_detach_volume): 200 GET http://10.180.1.21/compute/v2.1/servers/62ddc060-415e-4866-919d-d8753a0ea852 0.371s
2024-08-16 16:13:36.777 62404 INFO tempest.lib.common.rest_client [req-82b6dae3-cc2a-4d3a-ba9e-031b3832e5c7 req-82b6dae3-cc2a-4d3a-ba9e-031b3832e5c7 ] Request (HostsAdminTestJSON:setUpClass): 201 POST http://10.180.1.21/identity/v3/projects 0.054s
2024-08-16 16:13:36.779 62407 INFO tempest.common.waiters [-] State transition "BUILD/spawning" ==> "BUILD/scheduling" after 48 second wait
2024-08-16 16:13:36.789 62395 INFO tempest.lib.common.rest_client [req-3846c03c-223f-47ea-95d9-0673aa30e7dc req-3846c03c-223f-47ea-95d9-0673aa30e7dc ] Request (QuotasAdminTestV236:test_get_updated_quotas): 200 GET http://10.180.1.21/identity/v3/domains?name=Default 0.030s
2024-08-16 16:13:36.844 62404 INFO tempest.lib.common.rest_client [req-701be416-7487-41ff-9b01-3f36069df7c8 req-701be416-7487-41ff-9b01-3f36069df7c8 ] Request (HostsAdminTestJSON:setUpClass): 201 POST http://10.180.1.21/identity/v3/users 0.066s
2024-08-16 16:13:36.858 62404 INFO tempest.lib.common.rest_client [req-4d86fe7b-73ce-45c2-8563-9f4c8f12b9c2 req-4d86fe7b-73ce-45c2-8563-9f4c8f12b9c2 ] Request (HostsAdminTestJSON:setUpClass): 200 GET http://10.180.1.21/identity/v3/roles 0.014s
2024-08-16 16:13:36.883 62385 INFO tempest.lib.common.rest_client [req-91f2ebeb-524b-43ca-9347-efa4592d324a req-91f2ebeb-524b-43ca-9347-efa4592d324a ] Request (SecurityGroupsTestJSON:test_security_group_create_get_delete): 200 POST http://10.180.1.21/compute/v2.1/os-security-groups 0.464s
2024-08-16 16:13:36.890 62425 INFO tempest.lib.common.rest_client [req-e8dddcb7-ddb7-49fa-8d51-c9fc675dd105 req-e8dddcb7-ddb7-49fa-8d51-c9fc675dd105 ] Request (ServersAdminTestJSON:tearDownClass): 204 DELETE http://10.180.1.21/identity/v3/users/9914c93489c348ca9b6916b924f2dad3 0.121s
2024-08-16 16:13:36.892 62404 INFO tempest.lib.common.rest_client [req-1bd12f55-31dd-48c9-a65e-7f7dc9fc93e7 req-1bd12f55-31dd-48c9-a65e-7f7dc9fc93e7 ] Request (HostsAdminTestJSON:setUpClass): 204 PUT http://10.180.1.21/identity/v3/projects/7a4d56ad3c1442a4b208bada71fb1ba7/users/e4c5d8ea399347528387c4a7337f0030/roles/093d82f6ab8a42978a5ef3e361f13ab5 0.033s
2024-08-16 16:13:36.898 62373 INFO tempest.lib.common.rest_client [req-8bd42452-014f-4b27-bfb0-b51b576b060a req-8bd42452-014f-4b27-bfb0-b51b576b060a ] Request (ServerActionsV293TestJSON:setUpClass): 202 POST http://10.180.1.21/compute/v2.1/servers 0.566s
2024-08-16 16:13:36.947 62421 INFO tempest.lib.common.rest_client [req-144d225f-a904-4723-9bfd-909a9f0d8f39 req-144d225f-a904-4723-9bfd-909a9f0d8f39 ] Request (TenantUsagesTestJSON:setUpClass): 200 GET http://10.180.1.21/compute/v2.1/servers/8c251d9d-c45d-43f8-a2aa-bb8df3cd4444 0.511s
2024-08-16 16:13:36.998 62433 INFO tempest.lib.common.rest_client [req-985dc010-e2b3-435e-8d29-7549e7e0224e req-985dc010-e2b3-435e-8d29-7549e7e0224e ] Request (ListImageFiltersTestJSON:setUpClass): 200 GET http://10.180.1.21/compute/v2.1/servers/da26844b-5630-4779-88db-d68e0ec69698 0.522s
2024-08-16 16:13:37.005 62431 INFO tempest.lib.common.rest_client [req-d86d5ee1-5305-4a70-80bf-bf19bb55b71f req-d86d5ee1-5305-4a70-80bf-bf19bb55b71f ] Request (ServerActionsTestOtherB:setUpClass): 200 GET http://10.180.1.21/compute/v2.1/servers/9310cbc2-548a-43a2-9446-38c922cef645 0.523s
2024-08-16 16:13:37.022 62404 INFO tempest.lib.common.rest_client [req-364baae3-a265-4286-b782-038f6dfb66ed req-364baae3-a265-4286-b782-038f6dfb66ed ] Request (HostsAdminTestJSON:setUpClass): 200 GET http://10.180.1.21/identity/v3/roles 0.129s
2024-08-16 16:13:37.072 62425 INFO tempest.lib.common.rest_client [req-9093a41f-ca5d-4242-9da9-90c74c728fbd req-9093a41f-ca5d-4242-9da9-90c74c728fbd ] Request (ServersAdminTestJSON:tearDownClass): 204 DELETE http://10.180.1.21/identity/v3/users/17cb9678644848f8933c769651cff32f 0.182s
2024-08-16 16:13:37.072 62425 INFO tempest.lib.common.dynamic_creds [-] Deleting project and security group for project: 97a6e7e3c3914efebc5bbf3368b700cb
2024-08-16 16:13:37.083 62417 INFO tempest.lib.common.rest_client [req-23327418-e165-4ee1-a6b2-c1815370ff3a req-23327418-e165-4ee1-a6b2-c1815370ff3a ] Request (ServersAdminNegativeTestJSON:setUpClass): 200 GET http://10.180.1.21/compute/v2.1/servers/bac03ff5-5847-48d6-9c6c-364421da1e44 0.545s
2024-08-16 16:13:37.085 62375 INFO tempest.lib.common.rest_client [req-4af62939-2afd-474f-a8e1-e1ae9a54367c req-4af62939-2afd-474f-a8e1-e1ae9a54367c ] Request (ImagesTestJSON:test_create_image_from_suspended_server): 200 GET http://10.180.1.21/compute/v2.1/servers/599345f1-0ec2-42b8-9170-372326851360 0.517s
2024-08-16 16:13:37.088 62404 INFO tempest.lib.common.rest_client [req-e14b3e12-c72e-4def-83ac-f3e3f5e5d24f req-e14b3e12-c72e-4def-83ac-f3e3f5e5d24f ] Request (HostsAdminTestJSON:setUpClass): 204 PUT http://10.180.1.21/identity/v3/projects/7a4d56ad3c1442a4b208bada71fb1ba7/users/e4c5d8ea399347528387c4a7337f0030/roles/093d82f6ab8a42978a5ef3e361f13ab5 0.066s
2024-08-16 16:13:37.088 62404 INFO tempest.lib.common.dynamic_creds [-] Dynamic test user e4c5d8ea399347528387c4a7337f0030 is created with scope project and roles: ['admin']
2024-08-16 16:13:37.089 62404 INFO tempest.lib.common.dynamic_creds [-] Acquired dynamic creds: credentials: Credentials: {'domain_id': 'default', 'domain_name': 'Default', 'username': 'tempest-HostsAdminTestJSON-849337243-project-admin', 'project_domain_id': 'default', 'project_domain_name': 'Default', 'project_id': '7a4d56ad3c1442a4b208bada71fb1ba7', 'project_name': 'tempest-HostsAdminTestJSON-849337243', 'tenant_id': '7a4d56ad3c1442a4b208bada71fb1ba7', 'tenant_name': 'tempest-HostsAdminTestJSON-849337243', 'user_domain_id': 'default', 'user_domain_name': 'Default', 'user_id': 'e4c5d8ea399347528387c4a7337f0030', 'system': None}, Network: None, Subnet: None, Router: None
2024-08-16 16:13:37.089 62404 INFO tempest.lib.common.dynamic_creds [-] Created isolated network resources for: credentials: Credentials: {'domain_id': 'default', 'domain_name': 'Default', 'username': 'tempest-HostsAdminTestJSON-849337243-project-admin', 'project_domain_id': 'default', 'project_domain_name': 'Default', 'project_id': '7a4d56ad3c1442a4b208bada71fb1ba7', 'project_name': 'tempest-HostsAdminTestJSON-849337243', 'tenant_id': '7a4d56ad3c1442a4b208bada71fb1ba7', 'tenant_name': 'tempest-HostsAdminTestJSON-849337243', 'user_domain_id': 'default', 'user_domain_name': 'Default', 'user_id': 'e4c5d8ea399347528387c4a7337f0030', 'system': None}, Network: None, Subnet: None, Router: None
2024-08-16 16:13:37.128 62425 INFO tempest.lib.common.rest_client [req-69356e96-9637-440a-9938-81bf71afe7bc req-69356e96-9637-440a-9938-81bf71afe7bc ] Request (ServersAdminTestJSON:tearDownClass): 200 GET http://10.180.1.21:9696/networking/v2.0/security-groups?tenant_id=97a6e7e3c3914efebc5bbf3368b700cb&name=default 0.055s
2024-08-16 16:13:37.171 62404 INFO tempest.lib.common.rest_client [req-f3bc7495-5910-4c65-9aa6-84eb9fd44f98 req-f3bc7495-5910-4c65-9aa6-84eb9fd44f98 ] Request (HostsAdminTestJSON:setUpClass): 201 POST http://10.180.1.21/identity/v3/auth/tokens 0.079s
2024-08-16 16:13:37.189 62419 INFO tempest.lib.common.rest_client [req-e85860b4-4512-4a19-9b00-ceeecc2521ac req-e85860b4-4512-4a19-9b00-ceeecc2521ac ] Request (ServersTestFqdnHostnames:test_create_server_with_fqdn_name): 200 GET http://10.180.1.21/compute/v2.1/servers/a68daa13-d1c7-4f1b-98ed-bc0cf7661c27 0.567s
2024-08-16 16:13:37.204 62393 INFO tempest.lib.common.rest_client [req-5a46adc8-3a38-4734-83e4-ff0b3ea206fb req-5a46adc8-3a38-4734-83e4-ff0b3ea206fb ] Request (ServersAdmin275Test:test_rebuild_update_server_275): 200 GET http://10.180.1.21/compute/v2.1/servers/d3cf0925-7246-42b4-af88-f5abbea8f034 0.591s
2024-08-16 16:13:37.255 62401 INFO tempest.lib.common.rest_client [req-312dde5c-c553-40c5-84b9-344f93886615 req-312dde5c-c553-40c5-84b9-344f93886615 ] Request (InstanceActionsTestJSON:setUpClass): 200 GET http://10.180.1.21/compute/v2.1/servers/259368b2-0191-4686-9825-a38468fd86f2 0.574s
2024-08-16 16:13:37.261 62401 INFO tempest.common.waiters [-] State transition "BUILD/scheduling" ==> "BUILD/None" after 38 second wait
2024-08-16 16:13:37.274 62425 INFO tempest.lib.common.rest_client [req-598b07d4-1d39-403b-97c7-882d82bfb320 req-598b07d4-1d39-403b-97c7-882d82bfb320 ] Request (ServersAdminTestJSON:tearDownClass): 204 DELETE http://10.180.1.21:9696/networking/v2.0/security-groups/5afc6660-651c-4e35-9f7c-564d29579c16 0.146s
2024-08-16 16:13:37.285 62390 INFO tempest.lib.common.rest_client [req-ed4fc69f-6d05-4baa-a9ee-f82c8fd7b0a3 req-ed4fc69f-6d05-4baa-a9ee-f82c8fd7b0a3 ] Request (FloatingIPsAssociationNegativeTestJSON:setUpClass): 200 GET http://10.180.1.21/compute/v2.1/servers/d3905ca4-f0ba-4b67-8aa8-8c12994ffe97 0.577s
2024-08-16 16:13:37.294 62390 INFO tempest.common.waiters [-] State transition "BUILD/None" ==> "BUILD/networking" after 44 second wait
2024-08-16 16:13:37.303 62377 INFO tempest.lib.common.rest_client [req-97ae0f2f-fb8b-499b-8e7c-709b37665b48 req-97ae0f2f-fb8b-499b-8e7c-709b37665b48 ] Request (ServerPasswordTestJSON:setUpClass): 200 GET http://10.180.1.21/compute/v2.1/servers/15483781-7d72-418d-9c42-4bb680a6c0b1 0.561s
2024-08-16 16:13:37.338 62413 INFO tempest.lib.common.rest_client [req-649acce3-9f2f-4869-975e-c376b5216144 req-649acce3-9f2f-4869-975e-c376b5216144 ] Request (MigrationsAdminTest:test_list_migrations_in_flavor_resize_situation): 200 GET http://10.180.1.21/compute/v2.1/servers/4b0701a5-a149-4b20-a03d-fe77b230008a 0.563s
2024-08-16 16:13:37.398 62391 INFO tempest.lib.common.rest_client [req-e1411f98-2d19-40c1-b97e-861e667f904f req-e1411f98-2d19-40c1-b97e-861e667f904f ] Request (ServerDiagnosticsV248Test:tearDownClass): 200 GET http://10.180.1.21/compute/v2.1/servers/8975613a-4cbf-4ac4-970a-c27ff01a8fdc 0.582s
2024-08-16 16:13:37.399 62425 INFO tempest.lib.common.rest_client [req-27584658-6760-4979-93af-cd8c866441f5 req-27584658-6760-4979-93af-cd8c866441f5 ] Request (ServersAdminTestJSON:tearDownClass): 204 DELETE http://10.180.1.21/identity/v3/projects/97a6e7e3c3914efebc5bbf3368b700cb 0.125s
2024-08-16 16:13:37.399 62425 INFO tempest.lib.common.dynamic_creds [-] Deleting project and security group for project: e76cd427a88f4393b23360fd507b3662
2024-08-16 16:13:37.439 62425 INFO tempest.lib.common.rest_client [req-e24338ec-3520-41a5-9826-b18251b39956 req-e24338ec-3520-41a5-9826-b18251b39956 ] Request (ServersAdminTestJSON:tearDownClass): 200 GET http://10.180.1.21:9696/networking/v2.0/security-groups?tenant_id=e76cd427a88f4393b23360fd507b3662&name=default 0.039s
2024-08-16 16:13:37.450 62424 INFO tempest.lib.common.rest_client [req-50508bb4-5178-4b8d-8d49-466173f2f524 req-50508bb4-5178-4b8d-8d49-466173f2f524 ] Request (AttachInterfacesUnderV243Test:test_add_remove_fixed_ip): 200 GET http://10.180.1.21/compute/v2.1/servers/fd0033d9-2ceb-41cc-81dd-6814a0fd4dd7 0.618s
2024-08-16 16:13:37.498 62385 INFO tempest.lib.common.rest_client [req-5a61a860-7ff3-4835-81cf-15b8856f298f req-5a61a860-7ff3-4835-81cf-15b8856f298f ] Request (SecurityGroupsTestJSON:test_security_group_create_get_delete): 200 GET http://10.180.1.21/compute/v2.1/os-security-groups/9f2e6b3f-e2ba-43d5-8d84-fd18cddfb472 0.612s
2024-08-16 16:13:37.536 62425 INFO tempest.lib.common.rest_client [req-a7f39056-c12d-4c52-b0c4-92726daead9f req-a7f39056-c12d-4c52-b0c4-92726daead9f ] Request (ServersAdminTestJSON:tearDownClass): 204 DELETE http://10.180.1.21:9696/networking/v2.0/security-groups/9819a4cf-99a8-4663-88ee-d8a46841bc37 0.095s
2024-08-16 16:13:37.559 62397 INFO tempest.lib.common.rest_client [req-e454a554-aa3f-44fa-a259-1ae0e8d9fdc9 req-e454a554-aa3f-44fa-a259-1ae0e8d9fdc9 ] Request (ServerShowV247Test:test_update_rebuild_list_server): 200 GET http://10.180.1.21/compute/v2.1/servers/aa6c6d8e-f489-44a4-bb73-0bcc37f300b6 0.668s
2024-08-16 16:13:37.605 62373 INFO tempest.lib.common.rest_client [req-95ffcbc8-fc28-435c-b9c1-af1af4c6401a req-95ffcbc8-fc28-435c-b9c1-af1af4c6401a ] Request (ServerActionsV293TestJSON:setUpClass): 200 GET http://10.180.1.21/compute/v2.1/servers/386c9550-2cc1-4923-806b-ffdc1a82e9d5 0.705s
2024-08-16 16:13:37.620 62425 INFO tempest.lib.common.rest_client [req-44efe4cb-848e-4725-b19d-951c73f55781 req-44efe4cb-848e-4725-b19d-951c73f55781 ] Request (ServersAdminTestJSON:tearDownClass): 204 DELETE http://10.180.1.21/identity/v3/projects/e76cd427a88f4393b23360fd507b3662 0.084s
2024-08-16 16:13:37.656 62443 INFO tempest.lib.common.rest_client [req-4d8e5325-03a9-447b-a662-e06dbeb837ac req-4d8e5325-03a9-447b-a662-e06dbeb837ac ] Request (ServerMetadataTestJSON:setUpClass): 200 GET http://10.180.1.21/compute/v2.1/servers/8510ba0b-1626-49a2-b685-8a512dafa949 0.742s
2024-08-16 16:13:37.659 62395 INFO tempest.lib.common.rest_client [req-bd37a123-c2cb-4371-b841-991755351259 req-bd37a123-c2cb-4371-b841-991755351259 ] Request (QuotasAdminTestV236:test_get_updated_quotas): 200 PUT http://10.180.1.21/compute/v2.1/os-quota-sets/87322071e8524341a5bbc2e6ee1d3979?user_id=a6a947e14814446eaec3879c1fb80208 0.870s
2024-08-16 16:13:37.686 62425 INFO tempest.lib.common.rest_client [req-093393a8-d0c5-4a2e-8b4b-a8ee3f890002 req-093393a8-d0c5-4a2e-8b4b-a8ee3f890002 ] Request (ServicesAdminNegativeTestJSON:setUpClass): 201 POST http://10.180.1.21/identity/v3/auth/tokens 0.063s
2024-08-16 16:13:37.704 62405 INFO tempest.lib.common.rest_client [req-d6f60a81-9199-49c0-b1b1-44dcb2061e05 req-d6f60a81-9199-49c0-b1b1-44dcb2061e05 ] Request (ServerActionsTestJSON:setUpClass): 200 GET http://10.180.1.21/compute/v2.1/servers/cc8d9890-f553-4a4b-a351-62770a7b29d8 0.600s
2024-08-16 16:13:37.713 62425 INFO tempest.lib.common.rest_client [req-3c91105c-af3f-4a51-aaef-6590d5864ce6 req-3c91105c-af3f-4a51-aaef-6590d5864ce6 ] Request (ServicesAdminNegativeTestJSON:setUpClass): 201 POST http://10.180.1.21/identity/v3/auth/tokens 0.024s
2024-08-16 16:13:37.733 62425 INFO tempest.lib.common.rest_client [req-4d291ac8-265a-4166-aff3-0ad66b46178b req-4d291ac8-265a-4166-aff3-0ad66b46178b ] Request (ServicesAdminNegativeTestJSON:setUpClass): 200 GET http://10.180.1.21/identity/v3/domains?name=Default 0.019s
2024-08-16 16:13:37.754 62388 INFO tempest.lib.common.rest_client [req-8adcf8c8-fb57-44a3-8dc9-b38f837ac559 req-8adcf8c8-fb57-44a3-8dc9-b38f837ac559 ] Request (FloatingIPsAssociationTestJSON:setUpClass): 200 GET http://10.180.1.21/compute/v2.1/servers/d0068b4a-a421-4693-b37c-34fc59efe361 0.572s
2024-08-16 16:13:37.760 62425 INFO tempest.lib.common.rest_client [req-db88c9fd-6fe6-4bcc-925e-e801cdc7cf69 req-db88c9fd-6fe6-4bcc-925e-e801cdc7cf69 ] Request (ServicesAdminNegativeTestJSON:setUpClass): 201 POST http://10.180.1.21/identity/v3/projects 0.027s
2024-08-16 16:13:37.768 62404 INFO tempest.lib.common.rest_client [req-37f6eeee-0d6b-4e34-9f6c-833538ea1f3c req-37f6eeee-0d6b-4e34-9f6c-833538ea1f3c ] Request (HostsAdminTestJSON:test_list_hosts): 200 GET http://10.180.1.21/compute/v2.1/os-hosts 0.596s
2024-08-16 16:13:37.810 62437 INFO tempest.lib.common.rest_client [req-22acc44e-7966-460d-ab06-21d10fb3140e req-22acc44e-7966-460d-ab06-21d10fb3140e ] Request (ServerShowV257Test:test_rebuild_server): 200 GET http://10.180.1.21/compute/v2.1/servers/f293d01e-a8e6-4ffd-888d-098e086440eb 0.450s
2024-08-16 16:13:37.815 62425 INFO tempest.lib.common.rest_client [req-01023adc-f0bf-485c-b8a3-999921f687b8 req-01023adc-f0bf-485c-b8a3-999921f687b8 ] Request (ServicesAdminNegativeTestJSON:setUpClass): 201 POST http://10.180.1.21/identity/v3/users 0.054s
2024-08-16 16:13:37.824 62416 INFO tempest.lib.common.rest_client [req-068fc4ef-41c2-4d9c-9503-14f20f7199a8 req-068fc4ef-41c2-4d9c-9503-14f20f7199a8 ] Request (ServerGroupTestJSON:test_create_server_with_scheduler_hint_group): 200 GET http://10.180.1.21/compute/v2.1/servers/4ee5bd39-ad12-41a7-a7df-dfa234b1f905 0.402s
2024-08-16 16:13:37.834 62425 INFO tempest.lib.common.rest_client [req-b77f4812-2c9e-4b9c-85dd-9c8701f6fbcb req-b77f4812-2c9e-4b9c-85dd-9c8701f6fbcb ] Request (ServicesAdminNegativeTestJSON:setUpClass): 200 GET http://10.180.1.21/identity/v3/roles 0.019s
2024-08-16 16:13:37.857 62400 INFO tempest.lib.common.rest_client [req-34fc385a-0561-4672-8108-1751a4318b25 req-34fc385a-0561-4672-8108-1751a4318b25 ] Request (DeleteServersAdminTestJSON:test_delete_server_while_in_error_state): 200 GET http://10.180.1.21/compute/v2.1/servers/150621b7-b140-468e-ae86-19223353952c 0.381s
2024-08-16 16:13:37.865 62425 INFO tempest.lib.common.rest_client [req-c18931f5-1a3b-481f-9c19-760de28590cd req-c18931f5-1a3b-481f-9c19-760de28590cd ] Request (ServicesAdminNegativeTestJSON:setUpClass): 204 PUT http://10.180.1.21/identity/v3/projects/2fea08b2f0f3416299b8eb95dbee2154/users/1a330257816c48aaab4cbfb4bab1a94c/roles/174532a16dbc43438b3fcd4d0dbec533 0.030s
2024-08-16 16:13:37.865 62425 INFO tempest.lib.common.dynamic_creds [-] Dynamic test user 1a330257816c48aaab4cbfb4bab1a94c is created with scope project and roles: ['member']
2024-08-16 16:13:37.865 62425 INFO tempest.lib.common.dynamic_creds [-] Acquired dynamic creds: credentials: Credentials: {'domain_id': 'default', 'domain_name': 'Default', 'username': 'tempest-ServicesAdminNegativeTestJSON-1360060769-project-member', 'project_domain_id': 'default', 'project_domain_name': 'Default', 'project_id': '2fea08b2f0f3416299b8eb95dbee2154', 'project_name': 'tempest-ServicesAdminNegativeTestJSON-1360060769', 'tenant_id': '2fea08b2f0f3416299b8eb95dbee2154', 'tenant_name': 'tempest-ServicesAdminNegativeTestJSON-1360060769', 'user_domain_id': 'default', 'user_domain_name': 'Default', 'user_id': '1a330257816c48aaab4cbfb4bab1a94c', 'system': None}, Network: None, Subnet: None, Router: None
