2024-08-16 16:12:43.332 62379 INFO tempest.lib.common.rest_client [req-17bac13f-95fb-42ab-a938-b574d312e1af req-17bac13f-95fb-42ab-a938-b574d312e1af ] Request (QuotasAdminNegativeTest:tearDownClass): 204 DELETE http://10.180.1.21/identity/v3/users/3191ebaa4e7c4a269c82103c169a8377 0.218s
2024-08-16 16:12:43.332 62379 INFO tempest.lib.common.dynamic_creds [-] Deleting project and security group for project: 3e16e63616394b24be421a55c43a2038
2024-08-16 16:12:43.359 62417 INFO tempest.lib.common.rest_client [req-6757c37e-dd17-40d2-b568-f64a29a64ac8 req-6757c37e-dd17-40d2-b568-f64a29a64ac8 ] Request (FlavorsExtraSpecsTestJSON:tearDownClass): 204 DELETE http://10.180.1.21/identity/v3/projects/448382a390534eedb3c05f2d867f95cd 0.334s
2024-08-16 16:12:43.430 62393 INFO tempest.lib.common.rest_client [req-e9ada257-e78a-4332-a344-65a8ee30ffc4 req-e9ada257-e78a-4332-a344-65a8ee30ffc4 ] Request (HostsAdminNegativeTestJSON:tearDownClass): 200 GET http://10.180.1.21:9696/networking/v2.0/security-groups?tenant_id=26597e11394843b892f25e4e6e12a17c&name=default 0.294s
2024-08-16 16:12:43.450 62390 INFO tempest.lib.common.rest_client [req-63de022e-f2b5-4ac7-b667-25db37cce7f8 req-63de022e-f2b5-4ac7-b667-25db37cce7f8 ] Request (QuotasAdminTestJSON:tearDownClass): 204 DELETE http://10.180.1.21/identity/v3/users/e230c69ad23f4e138f65df88378657c2 0.306s
2024-08-16 16:12:43.502 62379 INFO tempest.lib.common.rest_client [req-8a816eb6-18b2-45ae-bc3e-3634136cecb4 req-8a816eb6-18b2-45ae-bc3e-3634136cecb4 ] Request (QuotasAdminNegativeTest:tearDownClass): 201 POST http://10.180.1.21/identity/v3/auth/tokens 0.170s
2024-08-16 16:12:43.514 62417 INFO tempest.lib.common.rest_client [req-028bebb8-205d-445f-9f0f-07ec50855d47 req-028bebb8-205d-445f-9f0f-07ec50855d47 ] Request (ServersAdminNegativeTestJSON:setUpClass): 201 POST http://10.180.1.21/identity/v3/auth/tokens 0.154s
2024-08-16 16:12:43.580 62390 INFO tempest.lib.common.rest_client [req-0e7d4fda-4c47-4792-815f-bd5ea75f202a req-0e7d4fda-4c47-4792-815f-bd5ea75f202a ] Request (QuotasAdminTestJSON:tearDownClass): 204 DELETE http://10.180.1.21/identity/v3/users/bd9a9cdc53b24e84b01967da59af2a50 0.130s
2024-08-16 16:12:43.581 62390 INFO tempest.lib.common.dynamic_creds [-] Deleting project and security group for project: 7ba9dae32ab44bdd80ead58eb6a54729
2024-08-16 16:12:43.596 62385 INFO tempest.lib.common.rest_client [req-354f1c6e-c112-48de-a577-09f113e4ffcc req-354f1c6e-c112-48de-a577-09f113e4ffcc ] Request (SecurityGroupsTestJSON:test_list_security_groups_by_server): 200 POST http://10.180.1.21/compute/v2.1/os-security-groups 1.426s
2024-08-16 16:12:43.644 62417 INFO tempest.lib.common.rest_client [req-9707cece-549d-4107-893f-9244e61d643a req-9707cece-549d-4107-893f-9244e61d643a ] Request (ServersAdminNegativeTestJSON:setUpClass): 201 POST http://10.180.1.21/identity/v3/auth/tokens 0.080s
2024-08-16 16:12:43.666 62390 INFO tempest.lib.common.rest_client [req-9b398820-2619-42e1-b43d-24392ea00877 req-9b398820-2619-42e1-b43d-24392ea00877 ] Request (QuotasAdminTestJSON:tearDownClass): 201 POST http://10.180.1.21/identity/v3/auth/tokens 0.085s
2024-08-16 16:12:43.682 62417 INFO tempest.lib.common.rest_client [req-84294af5-2a63-414f-a47b-35153322a00d req-84294af5-2a63-414f-a47b-35153322a00d ] Request (ServersAdminNegativeTestJSON:setUpClass): 200 GET http://10.180.1.21/identity/v3/domains?name=Default 0.037s
2024-08-16 16:12:43.706 62385 INFO tempest.lib.common.rest_client [req-01e7e4b4-a838-456e-b000-70d39a128ae0 req-01e7e4b4-a838-456e-b000-70d39a128ae0 ] Request (SecurityGroupsTestJSON:test_list_security_groups_by_server): 201 POST http://10.180.1.21/identity/v3/auth/tokens 0.102s
2024-08-16 16:12:43.706 62385 INFO tempest.lib.common.fixed_network [-] (SecurityGroupsTestJSON:test_list_security_groups_by_server) Found network {'id': '52f6ab08-c22f-479f-b21d-65bedf64a653', 'name': 'tempest-SecurityGroupsTestJSON-248910217-network', 'tenant_id': '61615b7656774307a49ab045538ec915', 'admin_state_up': True, 'mtu': 8950, 'status': 'ACTIVE', 'subnets': [], 'shared': False, 'project_id': '61615b7656774307a49ab045538ec915', 'port_security_enabled': True, 'router:external': False, 'provider:network_type': 'vlan', 'provider:physical_network': 'default', 'provider:segmentation_id': 180, 'is_default': False, 'availability_zone_hints': [], 'availability_zones': [], 'ipv4_address_scope': None, 'ipv6_address_scope': None, 'description': '', 'tags': [], 'created_at': '2024-08-16T16:12:33Z', 'updated_at': '2024-08-16T16:12:33Z', 'revision_number': 1} available for tenant
2024-08-16 16:12:43.738 62417 INFO tempest.lib.common.rest_client [req-8162d82d-4588-4970-bcf6-a23e4c711060 req-8162d82d-4588-4970-bcf6-a23e4c711060 ] Request (ServersAdminNegativeTestJSON:setUpClass): 201 POST http://10.180.1.21/identity/v3/projects 0.055s
2024-08-16 16:12:43.820 62417 INFO tempest.lib.common.rest_client [req-06f81332-220c-4115-a827-97cf7a214734 req-06f81332-220c-4115-a827-97cf7a214734 ] Request (ServersAdminNegativeTestJSON:setUpClass): 201 POST http://10.180.1.21/identity/v3/users 0.082s
2024-08-16 16:12:43.837 62417 INFO tempest.lib.common.rest_client [req-d2597790-5e4d-4066-844a-c80001119b65 req-d2597790-5e4d-4066-844a-c80001119b65 ] Request (ServersAdminNegativeTestJSON:setUpClass): 200 GET http://10.180.1.21/identity/v3/roles 0.016s
2024-08-16 16:12:43.846 62381 INFO tempest.lib.common.rest_client [req-46db5219-00ff-45f1-b746-9d530dbd3960 req-46db5219-00ff-45f1-b746-9d530dbd3960 ] Request (FloatingIPsNegativeTestJSON:tearDownClass): 204 DELETE http://10.180.1.21:9696/networking/v2.0/networks/5a0b6a13-c434-4c88-90d8-896990809e76 0.629s
2024-08-16 16:12:43.866 62417 INFO tempest.lib.common.rest_client [req-b0718c8f-e57f-42fa-8e6c-504ff6f3b87f req-b0718c8f-e57f-42fa-8e6c-504ff6f3b87f ] Request (ServersAdminNegativeTestJSON:setUpClass): 204 PUT http://10.180.1.21/identity/v3/projects/87843b18caf44ac488afa97399b83616/users/86e14b372deb4c5e96d43711478a0da8/roles/174532a16dbc43438b3fcd4d0dbec533 0.029s
2024-08-16 16:12:43.867 62417 INFO tempest.lib.common.dynamic_creds [-] Dynamic test user 86e14b372deb4c5e96d43711478a0da8 is created with scope project and roles: ['member']
2024-08-16 16:12:43.867 62417 INFO tempest.lib.common.dynamic_creds [-] Acquired dynamic creds: credentials: Credentials: {'domain_id': 'default', 'domain_name': 'Default', 'username': 'tempest-ServersAdminNegativeTestJSON-70506408-project-member', 'project_domain_id': 'default', 'project_domain_name': 'Default', 'project_id': '87843b18caf44ac488afa97399b83616', 'project_name': 'tempest-ServersAdminNegativeTestJSON-70506408', 'tenant_id': '87843b18caf44ac488afa97399b83616', 'tenant_name': 'tempest-ServersAdminNegativeTestJSON-70506408', 'user_domain_id': 'default', 'user_domain_name': 'Default', 'user_id': '86e14b372deb4c5e96d43711478a0da8', 'system': None}, Network: None, Subnet: None, Router: None
2024-08-16 16:12:43.867 62417 INFO tempest.lib.common.dynamic_creds [-] Created isolated network resources for: credentials: Credentials: {'domain_id': 'default', 'domain_name': 'Default', 'username': 'tempest-ServersAdminNegativeTestJSON-70506408-project-member', 'project_domain_id': 'default', 'project_domain_name': 'Default', 'project_id': '87843b18caf44ac488afa97399b83616', 'project_name': 'tempest-ServersAdminNegativeTestJSON-70506408', 'tenant_id': '87843b18caf44ac488afa97399b83616', 'tenant_name': 'tempest-ServersAdminNegativeTestJSON-70506408', 'user_domain_id': 'default', 'user_domain_name': 'Default', 'user_id': '86e14b372deb4c5e96d43711478a0da8', 'system': None}, Network: None, Subnet: None, Router: None
2024-08-16 16:12:43.870 62393 INFO tempest.lib.common.rest_client [req-81c1f19a-a047-4721-8869-f100cbfc890b req-81c1f19a-a047-4721-8869-f100cbfc890b ] Request (HostsAdminNegativeTestJSON:tearDownClass): 204 DELETE http://10.180.1.21:9696/networking/v2.0/security-groups/8fbfcded-7078-4636-a0a5-d17464b0952a 0.440s
2024-08-16 16:12:43.911 62383 INFO tempest.lib.common.rest_client [req-cedfe469-9023-4dca-af4c-b3ecaa128c5a req-cedfe469-9023-4dca-af4c-b3ecaa128c5a ] Request (NetworksTest:tearDownClass): 200 GET http://10.180.1.21:9696/networking/v2.0/security-groups?tenant_id=18f32bf2ca5847589513386f66769f2d&name=default 0.688s
2024-08-16 16:12:43.917 62405 INFO tempest.lib.common.rest_client [req-5907f47f-4c57-436a-a6da-509c3b287622 req-5907f47f-4c57-436a-a6da-509c3b287622 ] Request (ServerActionsTestJSON:setUpClass): 200 PUT http://10.180.1.21:9696/networking/v2.0/routers/fa1475d7-ffed-447b-b4e1-7f699a46e356/add_router_interface 2.330s
2024-08-16 16:12:43.918 62405 INFO tempest.lib.common.dynamic_creds [-] Created isolated network resources for: credentials: Credentials: {'domain_id': 'default', 'domain_name': 'Default', 'username': 'tempest-ServerActionsTestJSON-894341338-project-member', 'project_domain_id': 'default', 'project_domain_name': 'Default', 'project_id': '05600d8ce105432d8fef28705de9df3c', 'project_name': 'tempest-ServerActionsTestJSON-894341338', 'tenant_id': '05600d8ce105432d8fef28705de9df3c', 'tenant_name': 'tempest-ServerActionsTestJSON-894341338', 'user_domain_id': 'default', 'user_domain_name': 'Default', 'user_id': '07478dfac7454cfa9df3011b5d6713c4', 'system': None}, Network: {'id': '28beed7b-9c74-4e16-ae5c-c2a1c7d525c3', 'name': 'tempest-ServerActionsTestJSON-1941222488-network', 'tenant_id': '05600d8ce105432d8fef28705de9df3c', 'admin_state_up': True, 'mtu': 8950, 'status': 'ACTIVE', 'subnets': [], 'shared': False, 'project_id': '05600d8ce105432d8fef28705de9df3c', 'port_security_enabled': True, 'router:external': False, 'provider:network_type': 'vlan', 'provider:physical_network': 'default', 'provider:segmentation_id': 941, 'is_default': False, 'availability_zone_hints': [], 'availability_zones': [], 'ipv4_address_scope': None, 'ipv6_address_scope': None, 'description': '', 'tags': [], 'created_at': '2024-08-16T16:12:39Z', 'updated_at': '2024-08-16T16:12:39Z', 'revision_number': 1}, Subnet: {'id': '789ac739-de11-4ea6-b4ad-3b686f980c5f', 'name': 'tempest-ServerActionsTestJSON-1941222488-subnet', 'tenant_id': '05600d8ce105432d8fef28705de9df3c', 'network_id': '28beed7b-9c74-4e16-ae5c-c2a1c7d525c3', 'ip_version': 4, 'subnetpool_id': None, 'enable_dhcp': True, 'ipv6_ra_mode': None, 'ipv6_address_mode': None, 'gateway_ip': '192.168.128.1', 'cidr': '192.168.128.0/28', 'allocation_pools': [{'start': '192.168.128.2', 'end': '192.168.128.14'}], 'host_routes': [], 'dns_nameservers': [], 'description': '', 'router:external': False, 'service_types': [], 'tags': [], 'created_at': '2024-08-16T16:12:39Z', 'updated_at': '2024-08-16T16:12:39Z', 'revision_number': 0, 'project_id': '05600d8ce105432d8fef28705de9df3c'}, Router: {'id': 'fa1475d7-ffed-447b-b4e1-7f699a46e356', 'name': 'tempest-ServerActionsTestJSON-1941222488-router', 'tenant_id': '05600d8ce105432d8fef28705de9df3c', 'admin_state_up': True, 'status': 'ACTIVE', 'external_gateway_info': {'network_id': '658274b6-3cc3-4f8f-b55f-c038e1c78a53', 'external_fixed_ips': [{'subnet_id': '32b74527-36cb-4809-8063-ab56f856581f', 'ip_address': '10.180.180.243'}], 'enable_snat': True}, 'description': '', 'availability_zones': [], 'distributed': False, 'ha': False, 'availability_zone_hints': [], 'routes': [], 'flavor_id': None, 'tags': [], 'created_at': '2024-08-16T16:12:40Z', 'updated_at': '2024-08-16T16:12:40Z', 'revision_number': 2, 'project_id': '05600d8ce105432d8fef28705de9df3c'}
2024-08-16 16:12:43.959 62375 INFO tempest.lib.common.rest_client [req-d3199041-f998-4028-8bac-94e819665fef req-d3199041-f998-4028-8bac-94e819665fef ] Request (ImagesTestJSON:test_create_image_from_stopped_server): 204 DELETE http://10.180.1.21/compute/v2.1/servers/47536c25-e25d-490e-ad1e-9e65155af8f5 1.655s
2024-08-16 16:12:43.984 62379 INFO tempest.lib.common.rest_client [req-c4783023-0e40-4308-9c9d-5b7b0f9ac411 req-c4783023-0e40-4308-9c9d-5b7b0f9ac411 ] Request (QuotasAdminNegativeTest:tearDownClass): 200 GET http://10.180.1.21:9696/networking/v2.0/security-groups?tenant_id=3e16e63616394b24be421a55c43a2038&name=default 0.482s
2024-08-16 16:12:43.990 62381 INFO tempest.lib.common.rest_client [req-44642e63-3e1c-4603-b1b9-48bc73aa1ad4 req-44642e63-3e1c-4603-b1b9-48bc73aa1ad4 ] Request (FloatingIPsNegativeTestJSON:tearDownClass): 204 DELETE http://10.180.1.21/identity/v3/users/deed3eee89ed4e8eafe7c19051508600 0.143s
2024-08-16 16:12:43.990 62381 INFO tempest.lib.common.dynamic_creds [-] Deleting project and security group for project: eebfaf9ba7044105863ffd5744a5dda3
2024-08-16 16:12:43.993 62417 INFO tempest.lib.common.rest_client [req-30bc2cf3-2451-4728-9f78-672ca3c01a9a req-30bc2cf3-2451-4728-9f78-672ca3c01a9a ] Request (ServersAdminNegativeTestJSON:setUpClass): 201 POST http://10.180.1.21/identity/v3/auth/tokens 0.123s
2024-08-16 16:12:44.004 62390 INFO tempest.lib.common.rest_client [req-9682bc1a-9200-4b04-8980-9df6c4092c71 req-9682bc1a-9200-4b04-8980-9df6c4092c71 ] Request (QuotasAdminTestJSON:tearDownClass): 200 GET http://10.180.1.21:9696/networking/v2.0/security-groups?tenant_id=7ba9dae32ab44bdd80ead58eb6a54729&name=default 0.337s
2024-08-16 16:12:44.082 62381 INFO tempest.lib.common.rest_client [req-b7ddfb6e-67b0-4f33-bcb6-a0dabd93cd5e req-b7ddfb6e-67b0-4f33-bcb6-a0dabd93cd5e ] Request (FloatingIPsNegativeTestJSON:tearDownClass): 200 GET http://10.180.1.21:9696/networking/v2.0/security-groups?tenant_id=eebfaf9ba7044105863ffd5744a5dda3&name=default 0.092s
2024-08-16 16:12:44.093 62393 INFO tempest.lib.common.rest_client [req-f35c0d47-6a7d-4148-a84a-97b71620ffb3 req-f35c0d47-6a7d-4148-a84a-97b71620ffb3 ] Request (HostsAdminNegativeTestJSON:tearDownClass): 204 DELETE http://10.180.1.21/identity/v3/projects/26597e11394843b892f25e4e6e12a17c 0.222s
2024-08-16 16:12:44.170 62405 INFO tempest.lib.common.rest_client [req-ea85a2d4-dd47-4c9f-b840-da9dcb7c573d req-ea85a2d4-dd47-4c9f-b840-da9dcb7c573d ] Request (ServerActionsTestJSON:setUpClass): 201 POST http://10.180.1.21/identity/v3/auth/tokens 0.249s
2024-08-16 16:12:44.171 62417 INFO tempest.lib.common.rest_client [req-b75ad283-dd1c-4561-9c2d-201c70ce97c6 req-b75ad283-dd1c-4561-9c2d-201c70ce97c6 ] Request (ServersAdminNegativeTestJSON:setUpClass): 201 POST http://10.180.1.21/identity/v3/projects 0.177s
2024-08-16 16:12:44.226 62393 INFO tempest.lib.common.rest_client [req-9e0b5f31-067e-4f22-a860-35580202e0b0 req-9e0b5f31-067e-4f22-a860-35580202e0b0 ] Request (ServersAdmin275Test:setUpClass): 201 POST http://10.180.1.21/identity/v3/auth/tokens 0.132s
2024-08-16 16:12:44.227 62407 INFO tempest.lib.common.rest_client [req-2cadac2e-031c-4d87-911f-7cb582aeec99 req-2cadac2e-031c-4d87-911f-7cb582aeec99 ] Request (ValidationResourcesFixture:setUp): 201 POST http://10.180.1.21:9696/networking/v2.0/floatingips 1.144s
2024-08-16 16:12:44.245 62383 INFO tempest.lib.common.rest_client [req-ca37074a-7206-40f7-98be-3b5871e4dce5 req-ca37074a-7206-40f7-98be-3b5871e4dce5 ] Request (NetworksTest:tearDownClass): 204 DELETE http://10.180.1.21:9696/networking/v2.0/security-groups/45ded06f-b911-4fcc-8828-413f986a935b 0.334s
2024-08-16 16:12:44.259 62379 INFO tempest.lib.common.rest_client [req-a549ae50-35f1-4de8-94ef-ad6067d28b28 req-a549ae50-35f1-4de8-94ef-ad6067d28b28 ] Request (QuotasAdminNegativeTest:tearDownClass): 204 DELETE http://10.180.1.21:9696/networking/v2.0/security-groups/a08686ca-04b2-4693-a13c-fbb179eee0d7 0.274s
2024-08-16 16:12:44.263 62390 INFO tempest.lib.common.rest_client [req-b12dccbd-d7fd-4b6a-a94c-94fc356d5141 req-b12dccbd-d7fd-4b6a-a94c-94fc356d5141 ] Request (QuotasAdminTestJSON:tearDownClass): 204 DELETE http://10.180.1.21:9696/networking/v2.0/security-groups/eeaf4874-d8b5-4b0a-85d7-aa48a21df04f 0.259s
2024-08-16 16:12:44.265 62417 INFO tempest.lib.common.rest_client [req-29afee00-3f2d-4ad2-99cb-3f0f5dc21573 req-29afee00-3f2d-4ad2-99cb-3f0f5dc21573 ] Request (ServersAdminNegativeTestJSON:setUpClass): 201 POST http://10.180.1.21/identity/v3/users 0.093s
2024-08-16 16:12:44.301 62381 INFO tempest.lib.common.rest_client [req-40e2abc5-5af2-4dec-be0d-0e081947fd47 req-40e2abc5-5af2-4dec-be0d-0e081947fd47 ] Request (FloatingIPsNegativeTestJSON:tearDownClass): 204 DELETE http://10.180.1.21:9696/networking/v2.0/security-groups/39c1b8ce-d506-4a31-b7e6-33e31fbcfca6 0.219s
2024-08-16 16:12:44.311 62407 INFO tempest.lib.common.rest_client [req-c793a4e6-9aea-4bfd-b8f8-328344c6e554 req-c793a4e6-9aea-4bfd-b8f8-328344c6e554 ] Request (AttachVolumeTestJSON:test_attach_detach_volume): 201 POST http://10.180.1.21/identity/v3/auth/tokens 0.081s
2024-08-16 16:12:44.312 62407 INFO tempest.lib.common.fixed_network [-] (AttachVolumeTestJSON:test_attach_detach_volume) Found network {'id': 'd360fd97-567d-4204-885c-d92a1bb945b9', 'name': 'tempest-AttachVolumeTestJSON-790326956-network', 'tenant_id': 'fbe6b11e50f04c7bbf30f8b628874a31', 'admin_state_up': True, 'mtu': 8950, 'status': 'ACTIVE', 'subnets': [], 'shared': False, 'project_id': 'fbe6b11e50f04c7bbf30f8b628874a31', 'port_security_enabled': True, 'router:external': False, 'provider:network_type': 'vlan', 'provider:physical_network': 'default', 'provider:segmentation_id': 499, 'is_default': False, 'availability_zone_hints': [], 'availability_zones': [], 'ipv4_address_scope': None, 'ipv6_address_scope': None, 'description': '', 'tags': [], 'created_at': '2024-08-16T16:12:32Z', 'updated_at': '2024-08-16T16:12:32Z', 'revision_number': 1} available for tenant
2024-08-16 16:12:44.347 62383 INFO tempest.lib.common.rest_client [req-1c49381f-d77a-48b1-902e-193e9983bfdb req-1c49381f-d77a-48b1-902e-193e9983bfdb ] Request (NetworksTest:tearDownClass): 204 DELETE http://10.180.1.21/identity/v3/projects/18f32bf2ca5847589513386f66769f2d 0.101s
2024-08-16 16:12:44.347 62383 INFO tempest.lib.common.dynamic_creds [-] Deleting project and security group for project: fb8f080c40de45a4940cbe3c9ccc3a30
2024-08-16 16:12:44.391 62379 INFO tempest.lib.common.rest_client [req-a9095b1f-a814-4972-9692-bec94adc3db1 req-a9095b1f-a814-4972-9692-bec94adc3db1 ] Request (QuotasAdminNegativeTest:tearDownClass): 204 DELETE http://10.180.1.21/identity/v3/projects/3e16e63616394b24be421a55c43a2038 0.131s
2024-08-16 16:12:44.391 62379 INFO tempest.lib.common.dynamic_creds [-] Deleting project and security group for project: 9e261123e3e84d42ad319689d52f9673
2024-08-16 16:12:44.401 62390 INFO tempest.lib.common.rest_client [req-ea8cf056-0540-4154-ac33-671a12aaa394 req-ea8cf056-0540-4154-ac33-671a12aaa394 ] Request (QuotasAdminTestJSON:tearDownClass): 204 DELETE http://10.180.1.21/identity/v3/projects/7ba9dae32ab44bdd80ead58eb6a54729 0.137s
2024-08-16 16:12:44.401 62390 INFO tempest.lib.common.dynamic_creds [-] Deleting project and security group for project: 6cd799a173bc43469177bbb72c46b67d
2024-08-16 16:12:44.451 62393 INFO tempest.lib.common.rest_client [req-dc57d8c8-be33-4774-9918-c0e759586977 req-dc57d8c8-be33-4774-9918-c0e759586977 ] Request (ServersAdmin275Test:setUpClass): 201 POST http://10.180.1.21/identity/v3/auth/tokens 0.179s
2024-08-16 16:12:44.473 62417 INFO tempest.lib.common.rest_client [req-db34c80e-9e77-4de9-b692-3afbcb6f9221 req-db34c80e-9e77-4de9-b692-3afbcb6f9221 ] Request (ServersAdminNegativeTestJSON:setUpClass): 200 GET http://10.180.1.21/identity/v3/roles 0.208s
2024-08-16 16:12:44.490 62393 INFO tempest.lib.common.rest_client [req-edd4d116-e216-47f8-ac9d-1533bfe32af0 req-edd4d116-e216-47f8-ac9d-1533bfe32af0 ] Request (ServersAdmin275Test:setUpClass): 200 GET http://10.180.1.21/identity/v3/domains?name=Default 0.038s
2024-08-16 16:12:44.507 62381 INFO tempest.lib.common.rest_client [req-89c43bb5-0b45-40ef-a231-3d20f766fc3f req-89c43bb5-0b45-40ef-a231-3d20f766fc3f ] Request (FloatingIPsNegativeTestJSON:tearDownClass): 204 DELETE http://10.180.1.21/identity/v3/projects/eebfaf9ba7044105863ffd5744a5dda3 0.205s
2024-08-16 16:12:44.517 62443 INFO tempest.lib.common.rest_client [req-f91035fd-679c-4ad1-8211-252fbcae1dec req-f91035fd-679c-4ad1-8211-252fbcae1dec ] Request (SecurityGroupsTestAdminJSON:test_list_security_groups_list_all_tenants_filter): 200 POST http://10.180.1.21/compute/v2.1/os-security-groups 2.125s
2024-08-16 16:12:44.576 62417 INFO tempest.lib.common.rest_client [req-02947bc3-459f-4ba7-a344-f539664fc803 req-02947bc3-459f-4ba7-a344-f539664fc803 ] Request (ServersAdminNegativeTestJSON:setUpClass): 204 PUT http://10.180.1.21/identity/v3/projects/c5ab6cf126dd4148be98f24844d17b4b/users/d5d22b27567b459abc632e7c807630ab/roles/093d82f6ab8a42978a5ef3e361f13ab5 0.103s
2024-08-16 16:12:44.579 62393 INFO tempest.lib.common.rest_client [req-449c0c9f-3de9-44f2-a6ab-a9c907fab4d7 req-449c0c9f-3de9-44f2-a6ab-a9c907fab4d7 ] Request (ServersAdmin275Test:setUpClass): 201 POST http://10.180.1.21/identity/v3/projects 0.089s
2024-08-16 16:12:44.622 62377 INFO tempest.lib.common.rest_client [req-ef65e296-fc24-45bb-9174-d30e4413a8b9 req-ef65e296-fc24-45bb-9174-d30e4413a8b9 ] Request (ImagesNegativeTestJSON:test_create_image_from_deleted_server): 200 GET http://10.180.1.21/compute/v2.1/servers/efc0a6cc-78f0-4eb8-9612-0e12f232a283 2.165s
2024-08-16 16:12:44.628 62377 INFO tempest.common.waiters [-] State transition "BUILD/spawning" ==> "ERROR/None" after 24 second wait
2024-08-16 16:12:44.630 62417 INFO tempest.lib.common.rest_client [req-2df6fcfb-ea1f-4d86-a0ce-542ee4545e58 req-2df6fcfb-ea1f-4d86-a0ce-542ee4545e58 ] Request (ServersAdminNegativeTestJSON:setUpClass): 200 GET http://10.180.1.21/identity/v3/roles 0.053s
2024-08-16 16:12:44.635 62381 INFO tempest.lib.common.rest_client [req-891796fd-647c-45e6-bbd0-a84f203aa855 req-891796fd-647c-45e6-bbd0-a84f203aa855 ] Request (ImagesDeleteNegativeTestJSON:setUpClass): 201 POST http://10.180.1.21/identity/v3/auth/tokens 0.126s
2024-08-16 16:12:44.649 62417 INFO tempest.lib.common.rest_client [req-17e2c2e1-120d-48cf-a917-17f201cc99d4 req-17e2c2e1-120d-48cf-a917-17f201cc99d4 ] Request (ServersAdminNegativeTestJSON:setUpClass): 204 PUT http://10.180.1.21/identity/v3/projects/c5ab6cf126dd4148be98f24844d17b4b/users/d5d22b27567b459abc632e7c807630ab/roles/093d82f6ab8a42978a5ef3e361f13ab5 0.018s
2024-08-16 16:12:44.649 62417 INFO tempest.lib.common.dynamic_creds [-] Dynamic test user d5d22b27567b459abc632e7c807630ab is created with scope project and roles: ['admin']
2024-08-16 16:12:44.649 62417 INFO tempest.lib.common.dynamic_creds [-] Acquired dynamic creds: credentials: Credentials: {'domain_id': 'default', 'domain_name': 'Default', 'username': 'tempest-ServersAdminNegativeTestJSON-1336837975-project-admin', 'project_domain_id': 'default', 'project_domain_name': 'Default', 'project_id': 'c5ab6cf126dd4148be98f24844d17b4b', 'project_name': 'tempest-ServersAdminNegativeTestJSON-1336837975', 'tenant_id': 'c5ab6cf126dd4148be98f24844d17b4b', 'tenant_name': 'tempest-ServersAdminNegativeTestJSON-1336837975', 'user_domain_id': 'default', 'user_domain_name': 'Default', 'user_id': 'd5d22b27567b459abc632e7c807630ab', 'system': None}, Network: None, Subnet: None, Router: None
2024-08-16 16:12:44.649 62417 INFO tempest.lib.common.dynamic_creds [-] Created isolated network resources for: credentials: Credentials: {'domain_id': 'default', 'domain_name': 'Default', 'username': 'tempest-ServersAdminNegativeTestJSON-1336837975-project-admin', 'project_domain_id': 'default', 'project_domain_name': 'Default', 'project_id': 'c5ab6cf126dd4148be98f24844d17b4b', 'project_name': 'tempest-ServersAdminNegativeTestJSON-1336837975', 'tenant_id': 'c5ab6cf126dd4148be98f24844d17b4b', 'tenant_name': 'tempest-ServersAdminNegativeTestJSON-1336837975', 'user_domain_id': 'default', 'user_domain_name': 'Default', 'user_id': 'd5d22b27567b459abc632e7c807630ab', 'system': None}, Network: None, Subnet: None, Router: None
2024-08-16 16:12:44.657 62393 INFO tempest.lib.common.rest_client [req-940df528-dcdb-480f-b830-f05d12b650de req-940df528-dcdb-480f-b830-f05d12b650de ] Request (ServersAdmin275Test:setUpClass): 201 POST http://10.180.1.21/identity/v3/users 0.077s
2024-08-16 16:12:44.662 62379 INFO tempest.lib.common.rest_client [req-ee48f466-dd27-49c4-85a7-55dba8539ec6 req-ee48f466-dd27-49c4-85a7-55dba8539ec6 ] Request (QuotasAdminNegativeTest:tearDownClass): 200 GET http://10.180.1.21:9696/networking/v2.0/security-groups?tenant_id=9e261123e3e84d42ad319689d52f9673&name=default 0.271s
2024-08-16 16:12:44.682 62390 INFO tempest.lib.common.rest_client [req-75a1522d-dee1-434d-863e-dab34b2564c3 req-75a1522d-dee1-434d-863e-dab34b2564c3 ] Request (QuotasAdminTestJSON:tearDownClass): 200 GET http://10.180.1.21:9696/networking/v2.0/security-groups?tenant_id=6cd799a173bc43469177bbb72c46b67d&name=default 0.281s
2024-08-16 16:12:44.689 62404 INFO tempest.lib.common.rest_client [req-eb2e989c-bf80-407f-8364-1a20f9a767da req-eb2e989c-bf80-407f-8364-1a20f9a767da ] Request (VolumesAssistedSnapshotsTest:test_volume_assisted_snapshot_create_delete): 200 GET http://10.180.1.21/compute/v2.1/servers/0ba9723d-2169-48a5-bd88-57f9458585ea 2.169s
2024-08-16 16:12:44.698 62381 INFO tempest.lib.common.rest_client [req-45749485-1685-4334-b8fb-96f3446b6c84 req-45749485-1685-4334-b8fb-96f3446b6c84 ] Request (ImagesDeleteNegativeTestJSON:setUpClass): 201 POST http://10.180.1.21/identity/v3/auth/tokens 0.061s
2024-08-16 16:12:44.706 62383 INFO tempest.lib.common.rest_client [req-d6c169bd-eb21-4486-9c67-6f8501c750ab req-d6c169bd-eb21-4486-9c67-6f8501c750ab ] Request (NetworksTest:tearDownClass): 200 GET http://10.180.1.21:9696/networking/v2.0/security-groups?tenant_id=fb8f080c40de45a4940cbe3c9ccc3a30&name=default 0.358s
2024-08-16 16:12:44.711 62393 INFO tempest.lib.common.rest_client [req-7378cce2-daf4-45d0-96ef-55ced75e857f req-7378cce2-daf4-45d0-96ef-55ced75e857f ] Request (ServersAdmin275Test:setUpClass): 200 GET http://10.180.1.21/identity/v3/roles 0.053s
2024-08-16 16:12:44.727 62381 INFO tempest.lib.common.rest_client [req-64078fb6-8e07-472e-bed9-75575def513b req-64078fb6-8e07-472e-bed9-75575def513b ] Request (ImagesDeleteNegativeTestJSON:setUpClass): 200 GET http://10.180.1.21/identity/v3/domains?name=Default 0.028s
2024-08-16 16:12:44.730 62417 INFO tempest.lib.common.rest_client [req-34326e8d-316a-49ba-8a84-9b3cc7df3608 req-34326e8d-316a-49ba-8a84-9b3cc7df3608 ] Request (ServersAdminNegativeTestJSON:setUpClass): 201 POST http://10.180.1.21/identity/v3/auth/tokens 0.078s
2024-08-16 16:12:44.731 62417 WARNING tempest.lib.common.rest_client [-] Deprecated: "tenant_id" property is deprecated for removal, use "project_id" instead
2024-08-16 16:12:44.752 62393 INFO tempest.lib.common.rest_client [req-880f8ed7-9f49-41be-87ea-9e8aeb76c5f4 req-880f8ed7-9f49-41be-87ea-9e8aeb76c5f4 ] Request (ServersAdmin275Test:setUpClass): 204 PUT http://10.180.1.21/identity/v3/projects/6e8ec98a79214275964bd6276e9f6e61/users/e0a57b69dcff47f98e568ba90a063086/roles/174532a16dbc43438b3fcd4d0dbec533 0.041s
2024-08-16 16:12:44.752 62393 INFO tempest.lib.common.dynamic_creds [-] Dynamic test user e0a57b69dcff47f98e568ba90a063086 is created with scope project and roles: ['member']
2024-08-16 16:12:44.753 62393 INFO tempest.lib.common.dynamic_creds [-] Acquired dynamic creds: credentials: Credentials: {'domain_id': 'default', 'domain_name': 'Default', 'username': 'tempest-ServersAdmin275Test-1617698362-project-member', 'project_domain_id': 'default', 'project_domain_name': 'Default', 'project_id': '6e8ec98a79214275964bd6276e9f6e61', 'project_name': 'tempest-ServersAdmin275Test-1617698362', 'tenant_id': '6e8ec98a79214275964bd6276e9f6e61', 'tenant_name': 'tempest-ServersAdmin275Test-1617698362', 'user_domain_id': 'default', 'user_domain_name': 'Default', 'user_id': 'e0a57b69dcff47f98e568ba90a063086', 'system': None}, Network: None, Subnet: None, Router: None
2024-08-16 16:12:44.753 62393 INFO tempest.lib.common.dynamic_creds [-] Created isolated network resources for: credentials: Credentials: {'domain_id': 'default', 'domain_name': 'Default', 'username': 'tempest-ServersAdmin275Test-1617698362-project-member', 'project_domain_id': 'default', 'project_domain_name': 'Default', 'project_id': '6e8ec98a79214275964bd6276e9f6e61', 'project_name': 'tempest-ServersAdmin275Test-1617698362', 'tenant_id': '6e8ec98a79214275964bd6276e9f6e61', 'tenant_name': 'tempest-ServersAdmin275Test-1617698362', 'user_domain_id': 'default', 'user_domain_name': 'Default', 'user_id': 'e0a57b69dcff47f98e568ba90a063086', 'system': None}, Network: None, Subnet: None, Router: None
2024-08-16 16:12:44.767 62381 INFO tempest.lib.common.rest_client [req-50234357-2ea3-4af6-9f16-6137ea9f2a22 req-50234357-2ea3-4af6-9f16-6137ea9f2a22 ] Request (ImagesDeleteNegativeTestJSON:setUpClass): 201 POST http://10.180.1.21/identity/v3/projects 0.039s
2024-08-16 16:12:44.774 62431 INFO tempest.lib.common.rest_client [req-68f14dae-1ba7-4a72-a61f-41d5081e66ff req-68f14dae-1ba7-4a72-a61f-41d5081e66ff ] Request (FloatingIPDetailsTestJSON:test_get_floating_ip_details): 200 POST http://10.180.1.21/compute/v2.1/os-floating-ips 2.971s
2024-08-16 16:12:44.800 62417 INFO tempest.lib.common.rest_client [req-f7986f7f-6f63-4ebe-b956-3051588c4415 req-f7986f7f-6f63-4ebe-b956-3051588c4415 ] Request (ServersAdminNegativeTestJSON:setUpClass): 201 POST http://10.180.1.21/identity/v3/auth/tokens 0.059s
2024-08-16 16:12:44.801 62417 INFO tempest.lib.common.fixed_network [-] (ServersAdminNegativeTestJSON:setUpClass) Found network None available for tenant
2024-08-16 16:12:44.801 62373 INFO tempest.lib.common.rest_client [req-21b39654-98df-486d-8e03-eed9764b0311 req-21b39654-98df-486d-8e03-eed9764b0311 ] Request (KeyPairsV2TestJSON:_run_cleanups): 202 DELETE http://10.180.1.21/compute/v2.1/os-keypairs/tempest-keypair-443195831 2.071s
2024-08-16 16:12:44.839 62393 INFO tempest.lib.common.rest_client [req-9c5e4d52-7e41-4766-9ef8-b9674f64d47a req-9c5e4d52-7e41-4766-9ef8-b9674f64d47a ] Request (ServersAdmin275Test:setUpClass): 201 POST http://10.180.1.21/identity/v3/auth/tokens 0.083s
2024-08-16 16:12:44.846 62381 INFO tempest.lib.common.rest_client [req-974e48c5-aa33-4050-b537-cb180727c85b req-974e48c5-aa33-4050-b537-cb180727c85b ] Request (ImagesDeleteNegativeTestJSON:setUpClass): 201 POST http://10.180.1.21/identity/v3/users 0.079s
2024-08-16 16:12:44.854 62383 INFO tempest.lib.common.rest_client [req-8bd3baaf-4cec-4c76-b136-566dcd2731ba req-8bd3baaf-4cec-4c76-b136-566dcd2731ba ] Request (NetworksTest:tearDownClass): 204 DELETE http://10.180.1.21:9696/networking/v2.0/security-groups/d4dfe8a6-46ba-4609-b30c-40734206b707 0.148s
2024-08-16 16:12:44.877 62393 INFO tempest.lib.common.rest_client [req-01fa7329-6fcc-47d8-bc69-63433c974d3f req-01fa7329-6fcc-47d8-bc69-63433c974d3f ] Request (ServersAdmin275Test:setUpClass): 201 POST http://10.180.1.21/identity/v3/projects 0.036s
2024-08-16 16:12:44.924 62381 INFO tempest.lib.common.rest_client [req-38f46e82-3226-45bc-a2d1-93172c86de3f req-38f46e82-3226-45bc-a2d1-93172c86de3f ] Request (ImagesDeleteNegativeTestJSON:setUpClass): 200 GET http://10.180.1.21/identity/v3/roles 0.077s
2024-08-16 16:12:44.927 62390 INFO tempest.lib.common.rest_client [req-b7634afd-9cc0-48ee-8e20-f0fc5f437c8c req-b7634afd-9cc0-48ee-8e20-f0fc5f437c8c ] Request (QuotasAdminTestJSON:tearDownClass): 204 DELETE http://10.180.1.21:9696/networking/v2.0/security-groups/29170ea2-87e1-4a50-8798-f0c8584e9469 0.244s
2024-08-16 16:12:44.953 62437 INFO tempest.lib.common.rest_client [req-12a42e82-30ec-4ed5-b977-a4f193ce47ec req-12a42e82-30ec-4ed5-b977-a4f193ce47ec ] Request (FloatingIPsTestJSON:test_allocate_floating_ip): 200 GET http://10.180.1.21/compute/v2.1/os-floating-ips 2.277s
2024-08-16 16:12:44.970 62379 INFO tempest.lib.common.rest_client [req-560e8f32-600f-4598-b3ab-d834dcdc125c req-560e8f32-600f-4598-b3ab-d834dcdc125c ] Request (QuotasAdminNegativeTest:tearDownClass): 204 DELETE http://10.180.1.21:9696/networking/v2.0/security-groups/16887861-02bb-4619-be74-d327e6ac7dda 0.307s
2024-08-16 16:12:45.006 62413 INFO tempest.lib.common.rest_client [req-f10ee659-d0f9-4272-98e2-44ef0cc6be73 req-f10ee659-d0f9-4272-98e2-44ef0cc6be73 ] Request (FlavorsAccessNegativeTestJSON:test_flavor_non_admin_remove): 200 POST http://10.180.1.21/compute/v2.1/flavors/530245420/action 2.246s
2024-08-16 16:12:45.027 62383 INFO tempest.lib.common.rest_client [req-06e13565-d8b9-4988-b8a2-f1910560d7ca req-06e13565-d8b9-4988-b8a2-f1910560d7ca ] Request (NetworksTest:tearDownClass): 204 DELETE http://10.180.1.21/identity/v3/projects/fb8f080c40de45a4940cbe3c9ccc3a30 0.173s
2024-08-16 16:12:45.032 62411 INFO tempest.lib.common.rest_client [req-21bfeacc-0d22-4248-a584-b37db51b5351 req-21bfeacc-0d22-4248-a584-b37db51b5351 ] Request (AggregatesAdminNegativeTestJSON:test_aggregate_create_with_existent_aggregate_name): 200 POST http://10.180.1.21/compute/v2.1/os-aggregates 2.117s
2024-08-16 16:12:45.066 62393 INFO tempest.lib.common.rest_client [req-1f930c94-bd05-4e59-8c68-f779f18d5341 req-1f930c94-bd05-4e59-8c68-f779f18d5341 ] Request (ServersAdmin275Test:setUpClass): 201 POST http://10.180.1.21/identity/v3/users 0.189s
2024-08-16 16:12:45.070 62381 INFO tempest.lib.common.rest_client [req-07e09113-b6a5-4ab4-be67-04969caa0975 req-07e09113-b6a5-4ab4-be67-04969caa0975 ] Request (ImagesDeleteNegativeTestJSON:setUpClass): 204 PUT http://10.180.1.21/identity/v3/projects/6f23b457e5724fe0853a6f9a2fda4b70/users/c1c7b6f34cad41bd83827e95bda03daa/roles/174532a16dbc43438b3fcd4d0dbec533 0.145s
2024-08-16 16:12:45.070 62381 INFO tempest.lib.common.dynamic_creds [-] Dynamic test user c1c7b6f34cad41bd83827e95bda03daa is created with scope project and roles: ['member']
2024-08-16 16:12:45.070 62381 INFO tempest.lib.common.dynamic_creds [-] Acquired dynamic creds: credentials: Credentials: {'domain_id': 'default', 'domain_name': 'Default', 'username': 'tempest-ImagesDeleteNegativeTestJSON-862687864-project-member', 'project_domain_id': 'default', 'project_domain_name': 'Default', 'project_id': '6f23b457e5724fe0853a6f9a2fda4b70', 'project_name': 'tempest-ImagesDeleteNegativeTestJSON-862687864', 'tenant_id': '6f23b457e5724fe0853a6f9a2fda4b70', 'tenant_name': 'tempest-ImagesDeleteNegativeTestJSON-862687864', 'user_domain_id': 'default', 'user_domain_name': 'Default', 'user_id': 'c1c7b6f34cad41bd83827e95bda03daa', 'system': None}, Network: None, Subnet: None, Router: None
2024-08-16 16:12:45.070 62381 INFO tempest.lib.common.dynamic_creds [-] Created isolated network resources for: credentials: Credentials: {'domain_id': 'default', 'domain_name': 'Default', 'username': 'tempest-ImagesDeleteNegativeTestJSON-862687864-project-member', 'project_domain_id': 'default', 'project_domain_name': 'Default', 'project_id': '6f23b457e5724fe0853a6f9a2fda4b70', 'project_name': 'tempest-ImagesDeleteNegativeTestJSON-862687864', 'tenant_id': '6f23b457e5724fe0853a6f9a2fda4b70', 'tenant_name': 'tempest-ImagesDeleteNegativeTestJSON-862687864', 'user_domain_id': 'default', 'user_domain_name': 'Default', 'user_id': 'c1c7b6f34cad41bd83827e95bda03daa', 'system': None}, Network: None, Subnet: None, Router: None
2024-08-16 16:12:45.196 62390 INFO tempest.lib.common.rest_client [req-2140303e-bd43-4568-ace0-d3a857adb693 req-2140303e-bd43-4568-ace0-d3a857adb693 ] Request (QuotasAdminTestJSON:tearDownClass): 204 DELETE http://10.180.1.21/identity/v3/projects/6cd799a173bc43469177bbb72c46b67d 0.269s
2024-08-16 16:12:45.198 62379 INFO tempest.lib.common.rest_client [req-91e5cfd1-eaf2-42e5-a719-b697ad0c786b req-91e5cfd1-eaf2-42e5-a719-b697ad0c786b ] Request (QuotasAdminNegativeTest:tearDownClass): 204 DELETE http://10.180.1.21/identity/v3/projects/9e261123e3e84d42ad319689d52f9673 0.228s
2024-08-16 16:12:45.258 62401 INFO tempest.lib.common.rest_client [req-34301add-e346-4798-9930-61336c924278 req-34301add-e346-4798-9930-61336c924278 ] Request (ServerDiagnosticsNegativeTest:test_get_server_diagnostics_by_non_admin): 204 DELETE http://10.180.1.21/compute/v2.1/servers/e7005d00-68c5-4cf2-a1a0-4111ac04cad5 2.387s
2024-08-16 16:12:45.265 62383 INFO tempest.lib.common.rest_client [req-a16ea8a8-85ec-42e9-93bf-96024f3567e2 req-a16ea8a8-85ec-42e9-93bf-96024f3567e2 ] Request (ServicesAdminNegativeV253TestJSON:setUpClass): 201 POST http://10.180.1.21/identity/v3/auth/tokens 0.236s
2024-08-16 16:12:45.287 62393 INFO tempest.lib.common.rest_client [req-e295497e-e966-4004-9171-b68056a45700 req-e295497e-e966-4004-9171-b68056a45700 ] Request (ServersAdmin275Test:setUpClass): 200 GET http://10.180.1.21/identity/v3/roles 0.220s
2024-08-16 16:12:45.311 62421 INFO tempest.lib.common.rest_client [req-9bf23fb1-f83b-460b-9cde-f173a55f139c req-9bf23fb1-f83b-460b-9cde-f173a55f139c ] Request (QuotaClassesAdminTestJSON:test_update_default_quotas): 200 GET http://10.180.1.21/compute/v2.1/os-quota-class-sets/default 2.167s
2024-08-16 16:12:45.326 62390 INFO tempest.lib.common.rest_client [req-8dd9fc66-6921-4d8f-a021-23cc89e12274 req-8dd9fc66-6921-4d8f-a021-23cc89e12274 ] Request (FloatingIPsAssociationNegativeTestJSON:setUpClass): 201 POST http://10.180.1.21/identity/v3/auth/tokens 0.128s
2024-08-16 16:12:45.364 62379 INFO tempest.lib.common.rest_client [req-c7e5d7e9-6c16-4e4d-b0b2-c647174b0597 req-c7e5d7e9-6c16-4e4d-b0b2-c647174b0597 ] Request (ServerActionsTestOtherA:setUpClass): 201 POST http://10.180.1.21/identity/v3/auth/tokens 0.164s
2024-08-16 16:12:45.388 62381 INFO tempest.lib.common.rest_client [req-a562422c-9caf-4414-a1a4-81b70ccf796b req-a562422c-9caf-4414-a1a4-81b70ccf796b ] Request (ImagesDeleteNegativeTestJSON:setUpClass): 201 POST http://10.180.1.21/identity/v3/auth/tokens 0.314s
2024-08-16 16:12:45.391 62383 INFO tempest.lib.common.rest_client [req-395995aa-e3b6-4640-90b3-697fe8d356c6 req-395995aa-e3b6-4640-90b3-697fe8d356c6 ] Request (ServicesAdminNegativeV253TestJSON:setUpClass): 201 POST http://10.180.1.21/identity/v3/auth/tokens 0.123s
2024-08-16 16:12:45.419 62379 INFO tempest.lib.common.rest_client [req-1da5e3ec-0cbb-4e49-b5a9-67da8d92b2a9 req-1da5e3ec-0cbb-4e49-b5a9-67da8d92b2a9 ] Request (ServerActionsTestOtherA:setUpClass): 201 POST http://10.180.1.21/identity/v3/auth/tokens 0.050s
2024-08-16 16:12:45.438 62393 INFO tempest.lib.common.rest_client [req-b10200c7-a086-4918-9d42-23d34a19a042 req-b10200c7-a086-4918-9d42-23d34a19a042 ] Request (ServersAdmin275Test:setUpClass): 204 PUT http://10.180.1.21/identity/v3/projects/6e5e4c92a90b41a98642dcc81ff93973/users/e4343f917c754eb1bb877514a361dd91/roles/093d82f6ab8a42978a5ef3e361f13ab5 0.150s
2024-08-16 16:12:45.470 62390 INFO tempest.lib.common.rest_client [req-fd14405a-f58e-4b03-879e-9cfe9934e9c7 req-fd14405a-f58e-4b03-879e-9cfe9934e9c7 ] Request (FloatingIPsAssociationNegativeTestJSON:setUpClass): 201 POST http://10.180.1.21/identity/v3/auth/tokens 0.099s
2024-08-16 16:12:45.488 62379 INFO tempest.lib.common.rest_client [req-07ffd876-d39c-4fb0-b976-489e76754054 req-07ffd876-d39c-4fb0-b976-489e76754054 ] Request (ServerActionsTestOtherA:setUpClass): 200 GET http://10.180.1.21/identity/v3/domains?name=Default 0.068s
2024-08-16 16:12:45.503 62393 INFO tempest.lib.common.rest_client [req-90fff71f-a989-485f-8a8a-2389a557e0ec req-90fff71f-a989-485f-8a8a-2389a557e0ec ] Request (ServersAdmin275Test:setUpClass): 200 GET http://10.180.1.21/identity/v3/roles 0.064s
2024-08-16 16:12:45.504 62383 INFO tempest.lib.common.rest_client [req-c0eae72d-c7e7-45a5-8cba-8ef1ac4121b1 req-c0eae72d-c7e7-45a5-8cba-8ef1ac4121b1 ] Request (ServicesAdminNegativeV253TestJSON:setUpClass): 200 GET http://10.180.1.21/identity/v3/domains?name=Default 0.112s
2024-08-16 16:12:45.520 62390 INFO tempest.lib.common.rest_client [req-743c428e-c7a4-4766-8509-0cbced146f7c req-743c428e-c7a4-4766-8509-0cbced146f7c ] Request (FloatingIPsAssociationNegativeTestJSON:setUpClass): 200 GET http://10.180.1.21/identity/v3/domains?name=Default 0.050s
2024-08-16 16:12:45.528 62397 INFO tempest.lib.common.rest_client [req-da8dd3a1-5bb8-48fc-bc04-780ba4430051 req-da8dd3a1-5bb8-48fc-bc04-780ba4430051 ] Request (ImagesMetadataTestJSON:test_update_image_metadata): 200 POST http://10.180.1.21/compute/v2.1/images/8561f797-b042-47f9-9de1-cbaf46faa27c/metadata 2.361s
2024-08-16 16:12:45.535 62393 INFO tempest.lib.common.rest_client [req-9a9a2cb1-48b6-4dd6-bb8c-5e0457ffdf64 req-9a9a2cb1-48b6-4dd6-bb8c-5e0457ffdf64 ] Request (ServersAdmin275Test:setUpClass): 204 PUT http://10.180.1.21/identity/v3/projects/6e5e4c92a90b41a98642dcc81ff93973/users/e4343f917c754eb1bb877514a361dd91/roles/093d82f6ab8a42978a5ef3e361f13ab5 0.032s
2024-08-16 16:12:45.535 62393 INFO tempest.lib.common.dynamic_creds [-] Dynamic test user e4343f917c754eb1bb877514a361dd91 is created with scope project and roles: ['admin']
2024-08-16 16:12:45.535 62393 INFO tempest.lib.common.dynamic_creds [-] Acquired dynamic creds: credentials: Credentials: {'domain_id': 'default', 'domain_name': 'Default', 'username': 'tempest-ServersAdmin275Test-1265697399-project-admin', 'project_domain_id': 'default', 'project_domain_name': 'Default', 'project_id': '6e5e4c92a90b41a98642dcc81ff93973', 'project_name': 'tempest-ServersAdmin275Test-1265697399', 'tenant_id': '6e5e4c92a90b41a98642dcc81ff93973', 'tenant_name': 'tempest-ServersAdmin275Test-1265697399', 'user_domain_id': 'default', 'user_domain_name': 'Default', 'user_id': 'e4343f917c754eb1bb877514a361dd91', 'system': None}, Network: None, Subnet: None, Router: None
2024-08-16 16:12:45.535 62393 INFO tempest.lib.common.dynamic_creds [-] Created isolated network resources for: credentials: Credentials: {'domain_id': 'default', 'domain_name': 'Default', 'username': 'tempest-ServersAdmin275Test-1265697399-project-admin', 'project_domain_id': 'default', 'project_domain_name': 'Default', 'project_id': '6e5e4c92a90b41a98642dcc81ff93973', 'project_name': 'tempest-ServersAdmin275Test-1265697399', 'tenant_id': '6e5e4c92a90b41a98642dcc81ff93973', 'tenant_name': 'tempest-ServersAdmin275Test-1265697399', 'user_domain_id': 'default', 'user_domain_name': 'Default', 'user_id': 'e4343f917c754eb1bb877514a361dd91', 'system': None}, Network: None, Subnet: None, Router: None
2024-08-16 16:12:45.537 62379 INFO tempest.lib.common.rest_client [req-01e585e7-051a-476c-9e98-19136344c6c3 req-01e585e7-051a-476c-9e98-19136344c6c3 ] Request (ServerActionsTestOtherA:setUpClass): 201 POST http://10.180.1.21/identity/v3/projects 0.049s
2024-08-16 16:12:45.574 62433 INFO tempest.lib.common.rest_client [req-6ea57711-90ea-417a-b6d6-cb127f951670 req-6ea57711-90ea-417a-b6d6-cb127f951670 ] Request (ServerDiagnosticsTest:test_get_server_diagnostics): 200 GET http://10.180.1.21/compute/v2.1/servers/f116a1da-cebf-4f7d-b7d6-02b2fe665f82 2.364s
2024-08-16 16:12:45.595 62390 INFO tempest.lib.common.rest_client [req-008ebedc-0fcf-4c87-81e3-1a426e686166 req-008ebedc-0fcf-4c87-81e3-1a426e686166 ] Request (FloatingIPsAssociationNegativeTestJSON:setUpClass): 201 POST http://10.180.1.21/identity/v3/projects 0.074s
2024-08-16 16:12:45.599 62383 INFO tempest.lib.common.rest_client [req-213ff272-06bd-4903-a1c2-1213eb988f6f req-213ff272-06bd-4903-a1c2-1213eb988f6f ] Request (ServicesAdminNegativeV253TestJSON:setUpClass): 201 POST http://10.180.1.21/identity/v3/projects 0.094s
2024-08-16 16:12:45.632 62400 INFO tempest.lib.common.rest_client [req-fc61d831-20ae-4bce-972f-700dcff169c7 req-fc61d831-20ae-4bce-972f-700dcff169c7 ] Request (DeleteServersAdminTestJSON:test_admin_delete_servers_of_others): 200 GET http://10.180.1.21/compute/v2.1/servers/2959dd10-4ac3-4e85-9c29-2a9d9b2f8f2c 2.391s
2024-08-16 16:12:45.652 62409 INFO tempest.lib.common.rest_client [req-16b206ca-c2ba-424b-a998-06ca3e342d44 req-16b206ca-c2ba-424b-a998-06ca3e342d44 ] Request (HypervisorAdminUnderV252Test:test_search_hypervisor): 200 GET http://10.180.1.21/compute/v2.1/os-hypervisors 2.373s
2024-08-16 16:12:45.670 62379 INFO tempest.lib.common.rest_client [req-65611aae-bb6d-400d-b825-3207acccd1fe req-65611aae-bb6d-400d-b825-3207acccd1fe ] Request (ServerActionsTestOtherA:setUpClass): 201 POST http://10.180.1.21/identity/v3/users 0.132s
2024-08-16 16:12:45.674 62393 INFO tempest.lib.common.rest_client [req-2a8e0455-4156-4449-b7eb-3e7557ebdc91 req-2a8e0455-4156-4449-b7eb-3e7557ebdc91 ] Request (ServersAdmin275Test:setUpClass): 201 POST http://10.180.1.21/identity/v3/auth/tokens 0.136s
2024-08-16 16:12:45.688 62390 INFO tempest.lib.common.rest_client [req-9abcd0a1-bdee-428e-ba42-4943eb01ad0b req-9abcd0a1-bdee-428e-ba42-4943eb01ad0b ] Request (FloatingIPsAssociationNegativeTestJSON:setUpClass): 201 POST http://10.180.1.21/identity/v3/users 0.092s
2024-08-16 16:12:45.696 62425 INFO tempest.lib.common.rest_client [req-434dcf2a-81fc-4025-9ee7-7533d27e7cb7 req-434dcf2a-81fc-4025-9ee7-7533d27e7cb7 ] Request (ServersAdminTestJSON:setUpClass): 200 GET http://10.180.1.21/compute/v2.1/servers/8964e9dc-0ce7-45e9-885f-dc3307adf117 2.380s
2024-08-16 16:12:45.696 62383 INFO tempest.lib.common.rest_client [req-1919c1d6-62cf-4422-a295-95333fd832d7 req-1919c1d6-62cf-4422-a295-95333fd832d7 ] Request (ServicesAdminNegativeV253TestJSON:setUpClass): 201 POST http://10.180.1.21/identity/v3/users 0.096s
2024-08-16 16:12:45.700 62379 INFO tempest.lib.common.rest_client [req-6cdfc7b7-6ea4-49c8-8e26-9490531f89bd req-6cdfc7b7-6ea4-49c8-8e26-9490531f89bd ] Request (ServerActionsTestOtherA:setUpClass): 200 GET http://10.180.1.21/identity/v3/roles 0.030s
2024-08-16 16:12:45.711 62390 INFO tempest.lib.common.rest_client [req-878285ad-d290-4ca4-a19b-3f4a3a1daeae req-878285ad-d290-4ca4-a19b-3f4a3a1daeae ] Request (FloatingIPsAssociationNegativeTestJSON:setUpClass): 200 GET http://10.180.1.21/identity/v3/roles 0.023s
2024-08-16 16:12:45.722 62383 INFO tempest.lib.common.rest_client [req-128bcf78-23d9-436b-8e3e-eac33b8039e1 req-128bcf78-23d9-436b-8e3e-eac33b8039e1 ] Request (ServicesAdminNegativeV253TestJSON:setUpClass): 200 GET http://10.180.1.21/identity/v3/roles 0.025s
2024-08-16 16:12:45.745 62393 INFO tempest.lib.common.rest_client [req-17dcf1dd-7405-4865-bc33-c1a8c9bad68c req-17dcf1dd-7405-4865-bc33-c1a8c9bad68c ] Request (ServersAdmin275Test:test_rebuild_update_server_275): 201 POST http://10.180.1.21/identity/v3/auth/tokens 0.067s
2024-08-16 16:12:45.748 62393 INFO tempest.lib.common.fixed_network [-] (ServersAdmin275Test:test_rebuild_update_server_275) Found network None available for tenant
2024-08-16 16:12:45.754 62424 INFO tempest.lib.common.rest_client [req-bf0acff7-e1b8-4138-b0c5-ef63299a1912 req-bf0acff7-e1b8-4138-b0c5-ef63299a1912 ] Request (ServerExternalEventsTest:test_create_server_external_events): 200 GET http://10.180.1.21/compute/v2.1/servers/378a3186-fc1a-4550-827c-19706a75c871 2.355s
2024-08-16 16:12:45.755 62379 INFO tempest.lib.common.rest_client [req-ec160822-bba1-40bc-80f3-bfca61a962c5 req-ec160822-bba1-40bc-80f3-bfca61a962c5 ] Request (ServerActionsTestOtherA:setUpClass): 204 PUT http://10.180.1.21/identity/v3/projects/8339e1b5bc024a90a3a7d1934f9623e8/users/f09f6754fef4412b8098a9656582386f/roles/174532a16dbc43438b3fcd4d0dbec533 0.054s
2024-08-16 16:12:45.755 62379 INFO tempest.lib.common.dynamic_creds [-] Dynamic test user f09f6754fef4412b8098a9656582386f is created with scope project and roles: ['member']
2024-08-16 16:12:45.755 62379 INFO tempest.lib.common.dynamic_creds [-] Acquired dynamic creds: credentials: Credentials: {'domain_id': 'default', 'domain_name': 'Default', 'username': 'tempest-ServerActionsTestOtherA-276371936-project-member', 'project_domain_id': 'default', 'project_domain_name': 'Default', 'project_id': '8339e1b5bc024a90a3a7d1934f9623e8', 'project_name': 'tempest-ServerActionsTestOtherA-276371936', 'tenant_id': '8339e1b5bc024a90a3a7d1934f9623e8', 'tenant_name': 'tempest-ServerActionsTestOtherA-276371936', 'user_domain_id': 'default', 'user_domain_name': 'Default', 'user_id': 'f09f6754fef4412b8098a9656582386f', 'system': None}, Network: None, Subnet: None, Router: None
2024-08-16 16:12:45.770 62390 INFO tempest.lib.common.rest_client [req-7a3cfcf4-36bf-4bca-84b8-5076837f106e req-7a3cfcf4-36bf-4bca-84b8-5076837f106e ] Request (FloatingIPsAssociationNegativeTestJSON:setUpClass): 204 PUT http://10.180.1.21/identity/v3/projects/e469ce1d6f0c4b2fa2e9acecb230ddc7/users/d8587eea971d4ae4ae81dc2b180c1fe5/roles/174532a16dbc43438b3fcd4d0dbec533 0.059s
2024-08-16 16:12:45.771 62390 INFO tempest.lib.common.dynamic_creds [-] Dynamic test user d8587eea971d4ae4ae81dc2b180c1fe5 is created with scope project and roles: ['member']
2024-08-16 16:12:45.772 62390 INFO tempest.lib.common.dynamic_creds [-] Acquired dynamic creds: credentials: Credentials: {'domain_id': 'default', 'domain_name': 'Default', 'username': 'tempest-FloatingIPsAssociationNegativeTestJSON-1003842535-project-member', 'project_domain_id': 'default', 'project_domain_name': 'Default', 'project_id': 'e469ce1d6f0c4b2fa2e9acecb230ddc7', 'project_name': 'tempest-FloatingIPsAssociationNegativeTestJSON-1003842535', 'tenant_id': 'e469ce1d6f0c4b2fa2e9acecb230ddc7', 'tenant_name': 'tempest-FloatingIPsAssociationNegativeTestJSON-1003842535', 'user_domain_id': 'default', 'user_domain_name': 'Default', 'user_id': 'd8587eea971d4ae4ae81dc2b180c1fe5', 'system': None}, Network: None, Subnet: None, Router: None
2024-08-16 16:12:45.806 62419 INFO tempest.lib.common.rest_client [req-1fce2820-7b55-4873-8e2a-be96b601c19e req-1fce2820-7b55-4873-8e2a-be96b601c19e ] Request (ImagesOneServerTestJSON:setUpClass): 200 GET http://10.180.1.21/compute/v2.1/servers/dbb8f1c3-8d4b-4516-b102-7f21f89272a9 2.321s
2024-08-16 16:12:45.834 62379 INFO tempest.lib.common.rest_client [req-f14dc611-295c-4c51-bea8-e7f409bd94e7 req-f14dc611-295c-4c51-bea8-e7f409bd94e7 ] Request (ServerActionsTestOtherA:setUpClass): 201 POST http://10.180.1.21/identity/v3/auth/tokens 0.078s
2024-08-16 16:12:45.835 62383 INFO tempest.lib.common.rest_client [req-4ee506d7-73d8-4b24-9b63-aa86c84c2af5 req-4ee506d7-73d8-4b24-9b63-aa86c84c2af5 ] Request (ServicesAdminNegativeV253TestJSON:setUpClass): 204 PUT http://10.180.1.21/identity/v3/projects/ebc9bf2b911a4cc983d2ccd72ba5b7ca/users/2e4c540ae8654dc4bb36994a6813a9d7/roles/174532a16dbc43438b3fcd4d0dbec533 0.112s
2024-08-16 16:12:45.835 62383 INFO tempest.lib.common.dynamic_creds [-] Dynamic test user 2e4c540ae8654dc4bb36994a6813a9d7 is created with scope project and roles: ['member']
