2024-08-16 16:12:45.838 62383 INFO tempest.lib.common.dynamic_creds [-] Acquired dynamic creds: credentials: Credentials: {'domain_id': 'default', 'domain_name': 'Default', 'username': 'tempest-ServicesAdminNegativeV253TestJSON-1469472722-project-member', 'project_domain_id': 'default', 'project_domain_name': 'Default', 'project_id': 'ebc9bf2b911a4cc983d2ccd72ba5b7ca', 'project_name': 'tempest-ServicesAdminNegativeV253TestJSON-1469472722', 'tenant_id': 'ebc9bf2b911a4cc983d2ccd72ba5b7ca', 'tenant_name': 'tempest-ServicesAdminNegativeV253TestJSON-1469472722', 'user_domain_id': 'default', 'user_domain_name': 'Default', 'user_id': '2e4c540ae8654dc4bb36994a6813a9d7', 'system': None}, Network: None, Subnet: None, Router: None
2024-08-16 16:12:45.839 62383 INFO tempest.lib.common.dynamic_creds [-] Created isolated network resources for: credentials: Credentials: {'domain_id': 'default', 'domain_name': 'Default', 'username': 'tempest-ServicesAdminNegativeV253TestJSON-1469472722-project-member', 'project_domain_id': 'default', 'project_domain_name': 'Default', 'project_id': 'ebc9bf2b911a4cc983d2ccd72ba5b7ca', 'project_name': 'tempest-ServicesAdminNegativeV253TestJSON-1469472722', 'tenant_id': 'ebc9bf2b911a4cc983d2ccd72ba5b7ca', 'tenant_name': 'tempest-ServicesAdminNegativeV253TestJSON-1469472722', 'user_domain_id': 'default', 'user_domain_name': 'Default', 'user_id': '2e4c540ae8654dc4bb36994a6813a9d7', 'system': None}, Network: None, Subnet: None, Router: None
2024-08-16 16:12:45.881 62416 INFO tempest.lib.common.rest_client [req-f4d8c37c-04e9-484c-817b-677f751dbb4c req-f4d8c37c-04e9-484c-817b-677f751dbb4c ] Request (KeyPairsV22TestJSON:test_keypairsv22_create_list_show_with_type): 201 POST http://10.180.1.21/compute/v2.1/os-keypairs 2.687s
2024-08-16 16:12:45.894 62390 INFO tempest.lib.common.rest_client [req-fa3a0cdd-7ade-4dbc-b8a9-d7d4a24e5430 req-fa3a0cdd-7ade-4dbc-b8a9-d7d4a24e5430 ] Request (FloatingIPsAssociationNegativeTestJSON:setUpClass): 201 POST http://10.180.1.21/identity/v3/auth/tokens 0.121s
2024-08-16 16:12:45.905 62375 INFO tempest.lib.common.rest_client [req-fe49ea4d-efd2-4971-a4e4-23c27ff9f618 req-fe49ea4d-efd2-4971-a4e4-23c27ff9f618 ] Request (ImagesTestJSON:test_create_image_from_stopped_server): 404 GET http://10.180.1.21/compute/v2.1/servers/47536c25-e25d-490e-ad1e-9e65155af8f5 1.946s
2024-08-16 16:12:45.974 62383 INFO tempest.lib.common.rest_client [req-5a3208f4-3e31-43d8-b421-3e316b4d94d0 req-5a3208f4-3e31-43d8-b421-3e316b4d94d0 ] Request (ServicesAdminNegativeV253TestJSON:setUpClass): 201 POST http://10.180.1.21/identity/v3/auth/tokens 0.132s
2024-08-16 16:12:46.018 62375 INFO tempest.lib.common.rest_client [req-41ae2bb1-9618-4aab-8d06-336682782076 req-41ae2bb1-9618-4aab-8d06-336682782076 ] Request (ImagesTestJSON:test_create_image_from_suspended_server): 201 POST http://10.180.1.21/identity/v3/auth/tokens 0.061s
2024-08-16 16:12:46.018 62375 INFO tempest.lib.common.fixed_network [-] (ImagesTestJSON:test_create_image_from_suspended_server) Found network {'id': '212224c8-8987-485a-92c3-6fd678d8f656', 'name': 'tempest-ImagesTestJSON-725182377-network', 'tenant_id': 'e47585c841cf4573a208f5c564aaea5a', 'admin_state_up': True, 'mtu': 8950, 'status': 'ACTIVE', 'subnets': [], 'shared': False, 'project_id': 'e47585c841cf4573a208f5c564aaea5a', 'port_security_enabled': True, 'router:external': False, 'provider:network_type': 'vlan', 'provider:physical_network': 'default', 'provider:segmentation_id': 805, 'is_default': False, 'availability_zone_hints': [], 'availability_zones': [], 'ipv4_address_scope': None, 'ipv6_address_scope': None, 'description': '', 'tags': [], 'created_at': '2024-08-16T16:12:05Z', 'updated_at': '2024-08-16T16:12:05Z', 'revision_number': 1} available for tenant
2024-08-16 16:12:46.037 62383 INFO tempest.lib.common.rest_client [req-8fd4c3ff-231a-4985-bb24-4ae0f91c9100 req-8fd4c3ff-231a-4985-bb24-4ae0f91c9100 ] Request (ServicesAdminNegativeV253TestJSON:setUpClass): 201 POST http://10.180.1.21/identity/v3/projects 0.063s
2024-08-16 16:12:46.057 62405 INFO tempest.lib.common.rest_client [req-70d3d874-8bef-4bf7-a5ab-61fabc996298 req-70d3d874-8bef-4bf7-a5ab-61fabc996298 ] Request (ServerActionsTestJSON:setUpClass): 200 POST http://10.180.1.21/compute/v2.1/os-keypairs 1.885s
2024-08-16 16:12:46.098 62383 INFO tempest.lib.common.rest_client [req-3acc0dde-d30e-4939-8044-1ee041100629 req-3acc0dde-d30e-4939-8044-1ee041100629 ] Request (ServicesAdminNegativeV253TestJSON:setUpClass): 201 POST http://10.180.1.21/identity/v3/users 0.060s
2024-08-16 16:12:46.115 62383 INFO tempest.lib.common.rest_client [req-4267bf8c-76af-47fd-8069-d571bdafa9a6 req-4267bf8c-76af-47fd-8069-d571bdafa9a6 ] Request (ServicesAdminNegativeV253TestJSON:setUpClass): 200 GET http://10.180.1.21/identity/v3/roles 0.016s
2024-08-16 16:12:46.125 62379 INFO tempest.lib.common.rest_client [req-5a07185f-31cf-41b1-9d98-c9d6cb9cd07f req-5a07185f-31cf-41b1-9d98-c9d6cb9cd07f ] Request (ServerActionsTestOtherA:setUpClass): 201 POST http://10.180.1.21:9696/networking/v2.0/networks 0.291s
2024-08-16 16:12:46.137 62395 INFO tempest.lib.common.rest_client [req-5904ef21-5fb9-4b45-a174-95083a1fce9c req-5904ef21-5fb9-4b45-a174-95083a1fce9c ] Request (ServersWithSpecificFlavorTestJSON:test_verify_created_server_ephemeral_disk): 200 GET http://10.180.1.21/compute/v2.1/servers/c20d39e1-e0a5-456e-8f9c-4dc80b8f455e 1.912s
2024-08-16 16:12:46.153 62383 INFO tempest.lib.common.rest_client [req-2daee928-d9fe-4a3f-bb31-4b3d17aedc2e req-2daee928-d9fe-4a3f-bb31-4b3d17aedc2e ] Request (ServicesAdminNegativeV253TestJSON:setUpClass): 204 PUT http://10.180.1.21/identity/v3/projects/eb26841d41cb458fa7831bb5bc188314/users/aa92b1fea1bd406293b3f9d2117b231f/roles/093d82f6ab8a42978a5ef3e361f13ab5 0.037s
2024-08-16 16:12:46.201 62383 INFO tempest.lib.common.rest_client [req-dc0a4923-29df-41ec-8446-fa7cdce34371 req-dc0a4923-29df-41ec-8446-fa7cdce34371 ] Request (ServicesAdminNegativeV253TestJSON:setUpClass): 200 GET http://10.180.1.21/identity/v3/roles 0.048s
2024-08-16 16:12:46.217 62383 INFO tempest.lib.common.rest_client [req-227b8e4f-23b1-4383-ace5-ea26e1909500 req-227b8e4f-23b1-4383-ace5-ea26e1909500 ] Request (ServicesAdminNegativeV253TestJSON:setUpClass): 204 PUT http://10.180.1.21/identity/v3/projects/eb26841d41cb458fa7831bb5bc188314/users/aa92b1fea1bd406293b3f9d2117b231f/roles/093d82f6ab8a42978a5ef3e361f13ab5 0.016s
2024-08-16 16:12:46.217 62383 INFO tempest.lib.common.dynamic_creds [-] Dynamic test user aa92b1fea1bd406293b3f9d2117b231f is created with scope project and roles: ['admin']
2024-08-16 16:12:46.217 62383 INFO tempest.lib.common.dynamic_creds [-] Acquired dynamic creds: credentials: Credentials: {'domain_id': 'default', 'domain_name': 'Default', 'username': 'tempest-ServicesAdminNegativeV253TestJSON-1527024165-project-admin', 'project_domain_id': 'default', 'project_domain_name': 'Default', 'project_id': 'eb26841d41cb458fa7831bb5bc188314', 'project_name': 'tempest-ServicesAdminNegativeV253TestJSON-1527024165', 'tenant_id': 'eb26841d41cb458fa7831bb5bc188314', 'tenant_name': 'tempest-ServicesAdminNegativeV253TestJSON-1527024165', 'user_domain_id': 'default', 'user_domain_name': 'Default', 'user_id': 'aa92b1fea1bd406293b3f9d2117b231f', 'system': None}, Network: None, Subnet: None, Router: None
2024-08-16 16:12:46.218 62383 INFO tempest.lib.common.dynamic_creds [-] Created isolated network resources for: credentials: Credentials: {'domain_id': 'default', 'domain_name': 'Default', 'username': 'tempest-ServicesAdminNegativeV253TestJSON-1527024165-project-admin', 'project_domain_id': 'default', 'project_domain_name': 'Default', 'project_id': 'eb26841d41cb458fa7831bb5bc188314', 'project_name': 'tempest-ServicesAdminNegativeV253TestJSON-1527024165', 'tenant_id': 'eb26841d41cb458fa7831bb5bc188314', 'tenant_name': 'tempest-ServicesAdminNegativeV253TestJSON-1527024165', 'user_domain_id': 'default', 'user_domain_name': 'Default', 'user_id': 'aa92b1fea1bd406293b3f9d2117b231f', 'system': None}, Network: None, Subnet: None, Router: None
2024-08-16 16:12:46.242 62390 INFO tempest.lib.common.rest_client [req-7a7806bc-4540-4c9c-9f2d-62246281b985 req-7a7806bc-4540-4c9c-9f2d-62246281b985 ] Request (FloatingIPsAssociationNegativeTestJSON:setUpClass): 201 POST http://10.180.1.21:9696/networking/v2.0/networks 0.347s
2024-08-16 16:12:46.266 62405 INFO tempest.lib.common.rest_client [req-ec0d873e-67f7-4488-9d15-ee713ae10805 req-ec0d873e-67f7-4488-9d15-ee713ae10805 ] Request (ServerActionsTestJSON:setUpClass): 201 POST http://10.180.1.21:9696/networking/v2.0/security-groups 0.208s
2024-08-16 16:12:46.290 62385 INFO tempest.lib.common.rest_client [req-304d920a-1cf8-4aa5-9426-a50f27171ceb req-304d920a-1cf8-4aa5-9426-a50f27171ceb ] Request (SecurityGroupsTestJSON:test_list_security_groups_by_server): 202 POST http://10.180.1.21/compute/v2.1/servers 2.583s
2024-08-16 16:12:46.298 62383 INFO tempest.lib.common.rest_client [req-fa497cd7-c29f-4803-a33c-2f41606fb46d req-fa497cd7-c29f-4803-a33c-2f41606fb46d ] Request (ServicesAdminNegativeV253TestJSON:setUpClass): 201 POST http://10.180.1.21/identity/v3/auth/tokens 0.077s
2024-08-16 16:12:46.353 62405 INFO tempest.lib.common.rest_client [req-2bd75ed2-fd9d-4687-9e96-18c76695dde3 req-2bd75ed2-fd9d-4687-9e96-18c76695dde3 ] Request (ServerActionsTestJSON:setUpClass): 201 POST http://10.180.1.21:9696/networking/v2.0/security-group-rules 0.087s
2024-08-16 16:12:46.380 62391 INFO tempest.lib.common.rest_client [req-d9dddc6d-16c3-4925-9b4a-55f91858befe req-d9dddc6d-16c3-4925-9b4a-55f91858befe ] Request (ServerDiagnosticsV248Test:test_get_server_diagnostics): 200 GET http://10.180.1.21/compute/v2.1/servers/8975613a-4cbf-4ac4-970a-c27ff01a8fdc 2.046s
2024-08-16 16:12:46.480 62379 INFO tempest.lib.common.rest_client [req-d55b717a-eb20-49b0-bf43-290bbb72f669 req-d55b717a-eb20-49b0-bf43-290bbb72f669 ] Request (ServerActionsTestOtherA:setUpClass): 201 POST http://10.180.1.21:9696/networking/v2.0/subnets 0.354s
2024-08-16 16:12:46.515 62443 INFO tempest.lib.common.rest_client [req-01e19937-2ea6-4a40-a89d-35841542abcc req-01e19937-2ea6-4a40-a89d-35841542abcc ] Request (SecurityGroupsTestAdminJSON:test_list_security_groups_list_all_tenants_filter): 200 POST http://10.180.1.21/compute/v2.1/os-security-groups 1.996s
2024-08-16 16:12:46.531 62405 INFO tempest.lib.common.rest_client [req-7a11720e-132f-4a7a-9e4d-e722ccdc8319 req-7a11720e-132f-4a7a-9e4d-e722ccdc8319 ] Request (ServerActionsTestJSON:setUpClass): 201 POST http://10.180.1.21:9696/networking/v2.0/security-group-rules 0.177s
2024-08-16 16:12:46.653 62390 INFO tempest.lib.common.rest_client [req-419f6848-082e-460b-b34b-267a5713e936 req-419f6848-082e-460b-b34b-267a5713e936 ] Request (FloatingIPsAssociationNegativeTestJSON:setUpClass): 201 POST http://10.180.1.21:9696/networking/v2.0/subnets 0.411s
2024-08-16 16:12:46.751 62377 INFO tempest.lib.common.rest_client [req-347ad809-74be-4001-bfd2-880593a6ff39 req-347ad809-74be-4001-bfd2-880593a6ff39 ] Request (ImagesNegativeTestJSON:test_create_image_from_deleted_server): 204 DELETE http://10.180.1.21/compute/v2.1/servers/efc0a6cc-78f0-4eb8-9612-0e12f232a283 2.123s
2024-08-16 16:12:46.784 62407 INFO tempest.lib.common.rest_client [req-8fbf2dfc-d2c2-4e43-8d09-9a9deda47e69 req-8fbf2dfc-d2c2-4e43-8d09-9a9deda47e69 ] Request (AttachVolumeTestJSON:test_attach_detach_volume): 202 POST http://10.180.1.21/compute/v2.1/servers 2.471s
2024-08-16 16:12:47.076 62431 INFO tempest.lib.common.rest_client [req-0b7bc1c3-c400-4674-8b6e-6d6f441f56ba req-0b7bc1c3-c400-4674-8b6e-6d6f441f56ba ] Request (FloatingIPDetailsTestJSON:test_get_floating_ip_details): 200 GET http://10.180.1.21/compute/v2.1/os-floating-ips/29d23f7d-52fc-43b8-b8f3-55caa44107ef 2.300s
2024-08-16 16:12:47.129 62373 INFO tempest.lib.common.rest_client [req-00460ef5-f8c4-4499-b5b7-e1b88af7911d req-00460ef5-f8c4-4499-b5b7-e1b88af7911d ] Request (KeyPairsV2TestJSON:test_keypair_create_with_pub_key): 200 POST http://10.180.1.21/compute/v2.1/os-keypairs 2.326s
2024-08-16 16:12:47.173 62405 INFO tempest.lib.common.rest_client [req-0ec310d0-5aed-47fa-a25a-831bf5fc0e9d req-0ec310d0-5aed-47fa-a25a-831bf5fc0e9d ] Request (ServerActionsTestJSON:setUpClass): 201 POST http://10.180.1.21:9696/networking/v2.0/floatingips 0.642s
2024-08-16 16:12:47.287 62405 INFO tempest.lib.common.rest_client [req-b3403de3-8d53-4697-88b7-737279c0171f req-b3403de3-8d53-4697-88b7-737279c0171f ] Request (ServerActionsTestJSON:setUpClass): 201 POST http://10.180.1.21/identity/v3/auth/tokens 0.109s
2024-08-16 16:12:47.288 62405 INFO tempest.lib.common.fixed_network [-] (ServerActionsTestJSON:setUpClass) Found network {'id': '28beed7b-9c74-4e16-ae5c-c2a1c7d525c3', 'name': 'tempest-ServerActionsTestJSON-1941222488-network', 'tenant_id': '05600d8ce105432d8fef28705de9df3c', 'admin_state_up': True, 'mtu': 8950, 'status': 'ACTIVE', 'subnets': [], 'shared': False, 'project_id': '05600d8ce105432d8fef28705de9df3c', 'port_security_enabled': True, 'router:external': False, 'provider:network_type': 'vlan', 'provider:physical_network': 'default', 'provider:segmentation_id': 941, 'is_default': False, 'availability_zone_hints': [], 'availability_zones': [], 'ipv4_address_scope': None, 'ipv6_address_scope': None, 'description': '', 'tags': [], 'created_at': '2024-08-16T16:12:39Z', 'updated_at': '2024-08-16T16:12:39Z', 'revision_number': 1} available for tenant
2024-08-16 16:12:47.419 62417 INFO tempest.lib.common.rest_client [req-457b710e-463e-4e47-b29b-b8ffb317b100 req-457b710e-463e-4e47-b29b-b8ffb317b100 ] Request (ServersAdminNegativeTestJSON:setUpClass): 202 POST http://10.180.1.21/compute/v2.1/servers 2.618s
2024-08-16 16:12:47.427 62413 INFO tempest.lib.common.rest_client [req-b983112b-46d5-4c5c-ac48-7b616215a4d2 req-b983112b-46d5-4c5c-ac48-7b616215a4d2 ] Request (FlavorsAccessNegativeTestJSON:test_flavor_non_admin_remove): 403 POST http://10.180.1.21/compute/v2.1/flavors/530245420/action 2.420s
2024-08-16 16:12:47.450 62411 INFO tempest.lib.common.rest_client [req-e65d4c7c-d833-4ee1-b06b-b1d2c04ba8a6 req-e65d4c7c-d833-4ee1-b06b-b1d2c04ba8a6 ] Request (AggregatesAdminNegativeTestJSON:test_aggregate_create_with_existent_aggregate_name): 409 POST http://10.180.1.21/compute/v2.1/os-aggregates 2.414s
2024-08-16 16:12:47.475 62401 INFO tempest.lib.common.rest_client [req-181bc7e4-1265-42a5-b7d9-b54d353c29d8 req-181bc7e4-1265-42a5-b7d9-b54d353c29d8 ] Request (ServerDiagnosticsNegativeTest:test_get_server_diagnostics_by_non_admin): 404 GET http://10.180.1.21/compute/v2.1/servers/e7005d00-68c5-4cf2-a1a0-4111ac04cad5 2.217s
2024-08-16 16:12:47.578 62437 INFO tempest.lib.common.rest_client [req-5b36a22b-ccfd-4a5f-a3e3-98e7ee02aaf2 req-5b36a22b-ccfd-4a5f-a3e3-98e7ee02aaf2 ] Request (FloatingIPsTestJSON:_run_cleanups): 202 DELETE http://10.180.1.21/compute/v2.1/os-floating-ips/46e1463d-1b1c-476d-bbc1-7d2b821e739d 2.623s
2024-08-16 16:12:47.659 62381 INFO tempest.lib.common.rest_client [req-50fbcdf1-3534-4cd0-9495-56ee46507bb6 req-50fbcdf1-3534-4cd0-9495-56ee46507bb6 ] Request (ImagesDeleteNegativeTestJSON:test_delete_image_blank_id): 404 DELETE http://10.180.1.21/compute/v2.1/images/ 2.269s
2024-08-16 16:12:47.681 62421 INFO tempest.lib.common.rest_client [req-c81c4452-ad59-4dd7-a58e-ab7950682e3f req-c81c4452-ad59-4dd7-a58e-ab7950682e3f ] Request (QuotaClassesAdminTestJSON:test_update_default_quotas): 200 PUT http://10.180.1.21/compute/v2.1/os-quota-class-sets/default 2.368s
2024-08-16 16:12:47.699 62401 INFO tempest.lib.common.rest_client [req-4d33e7b5-0738-456b-b5b4-8b9362d3b07a req-4d33e7b5-0738-456b-b5b4-8b9362d3b07a ] Request (ServerDiagnosticsNegativeTest:tearDownClass): 204 DELETE http://10.180.1.21/identity/v3/users/bb4c58d0c88f4e86aa9228d4c6fa4dd0 0.216s
2024-08-16 16:12:47.711 62409 INFO tempest.lib.common.rest_client [req-a8057908-2a7f-4b60-83e2-14b99b121714 req-a8057908-2a7f-4b60-83e2-14b99b121714 ] Request (HypervisorAdminUnderV252Test:test_search_hypervisor): 200 GET http://10.180.1.21/compute/v2.1/os-hypervisors/domain-c8.fc996f14-c53b-4953-92e3-bdfa48f5cc28/search 2.057s
2024-08-16 16:12:47.711 62397 INFO tempest.lib.common.rest_client [req-d3330042-5765-4492-ba8d-4548248e7141 req-d3330042-5765-4492-ba8d-4548248e7141 ] Request (ImagesMetadataTestJSON:test_update_image_metadata): 200 GET http://10.180.1.21/compute/v2.1/images/8561f797-b042-47f9-9de1-cbaf46faa27c/metadata 2.181s
2024-08-16 16:12:47.791 62404 INFO tempest.lib.common.rest_client [req-1b7a197e-5874-4e0e-95ec-32d7b9c74083 req-1b7a197e-5874-4e0e-95ec-32d7b9c74083 ] Request (VolumesAssistedSnapshotsTest:test_volume_assisted_snapshot_create_delete): 200 GET http://10.180.1.21/compute/v2.1/servers/0ba9723d-2169-48a5-bd88-57f9458585ea 2.094s
2024-08-16 16:12:47.808 62416 INFO tempest.lib.common.rest_client [req-c7370ec2-993a-486b-9e44-52278aea9842 req-c7370ec2-993a-486b-9e44-52278aea9842 ] Request (KeyPairsV22TestJSON:test_keypairsv22_create_list_show_with_type): 200 GET http://10.180.1.21/compute/v2.1/os-keypairs/tempest-keypair-346329518 1.926s
2024-08-16 16:12:47.809 62397 INFO tempest.lib.common.rest_client [req-2d3451a8-5296-48d0-a3fb-6566879cc59c req-2d3451a8-5296-48d0-a3fb-6566879cc59c ] Request (ImagesMetadataTestJSON:tearDownClass): 204 DELETE http://10.180.1.21/image/v2/images/8561f797-b042-47f9-9de1-cbaf46faa27c 0.095s
2024-08-16 16:12:47.822 62401 INFO tempest.lib.common.rest_client [req-c4a43d76-4a9d-42a9-a013-ddf6e675ce51 req-c4a43d76-4a9d-42a9-a013-ddf6e675ce51 ] Request (ServerDiagnosticsNegativeTest:tearDownClass): 204 DELETE http://10.180.1.21/identity/v3/users/a92a3c2a10344c5ba357eb8813262f2e 0.123s
2024-08-16 16:12:47.823 62401 INFO tempest.lib.common.dynamic_creds [-] Deleting project and security group for project: 99d214451f7d455299e26e8518f8451a
2024-08-16 16:12:47.833 62409 INFO tempest.lib.common.rest_client [req-d087f123-247c-4102-9cf8-8f5e371eef49 req-d087f123-247c-4102-9cf8-8f5e371eef49 ] Request (HypervisorAdminUnderV252Test:tearDownClass): 204 DELETE http://10.180.1.21/identity/v3/users/b9e0722e06254af6828779ed4ffc7bfc 0.120s
2024-08-16 16:12:47.929 62397 INFO tempest.lib.common.rest_client [req-5ab50731-3e27-48e8-b8f4-38aedc1712dd req-5ab50731-3e27-48e8-b8f4-38aedc1712dd ] Request (ImagesMetadataTestJSON:tearDownClass): 204 DELETE http://10.180.1.21/identity/v3/users/986b0be7679d49a99ebf4024064ac5bb 0.119s
2024-08-16 16:12:47.929 62397 INFO tempest.lib.common.dynamic_creds [-] Deleting project and security group for project: bffc33389f2f4e5e9c0dc078980e0012
2024-08-16 16:12:48.010 62401 INFO tempest.lib.common.rest_client [req-a8ed61c2-21d7-4b1f-99d0-b309c07a83c5 req-a8ed61c2-21d7-4b1f-99d0-b309c07a83c5 ] Request (ServerDiagnosticsNegativeTest:tearDownClass): 201 POST http://10.180.1.21/identity/v3/auth/tokens 0.187s
2024-08-16 16:12:48.049 62397 INFO tempest.lib.common.rest_client [req-561bc22c-87b3-409d-9d9f-4e59867c5a28 req-561bc22c-87b3-409d-9d9f-4e59867c5a28 ] Request (ImagesMetadataTestJSON:tearDownClass): 201 POST http://10.180.1.21/identity/v3/auth/tokens 0.120s
2024-08-16 16:12:48.120 62379 INFO tempest.lib.common.rest_client [req-1e9a4d63-ee69-4aaa-a701-b2a0bd618f48 req-1e9a4d63-ee69-4aaa-a701-b2a0bd618f48 ] Request (ServerActionsTestOtherA:setUpClass): 201 POST http://10.180.1.21:9696/networking/v2.0/routers 1.640s
2024-08-16 16:12:48.142 62393 INFO tempest.lib.common.rest_client [req-33659747-df73-4d1a-949e-79bc9cf2006c req-33659747-df73-4d1a-949e-79bc9cf2006c ] Request (ServersAdmin275Test:test_rebuild_update_server_275): 202 POST http://10.180.1.21/compute/v2.1/servers 2.393s
2024-08-16 16:12:48.229 62409 INFO tempest.lib.common.rest_client [req-14825977-12ba-4aa8-a508-30864259249e req-14825977-12ba-4aa8-a508-30864259249e ] Request (HypervisorAdminUnderV252Test:tearDownClass): 204 DELETE http://10.180.1.21/identity/v3/users/5313ced9be2b4b1f92cda0a5930ba5ff 0.396s
2024-08-16 16:12:48.230 62409 INFO tempest.lib.common.dynamic_creds [-] Deleting project and security group for project: 3caf4f7084fe40839147e654a93d4ce5
2024-08-16 16:12:48.233 62385 INFO tempest.lib.common.rest_client [req-7b5d748b-3c56-410b-b4c9-91bb7dd500e8 req-7b5d748b-3c56-410b-b4c9-91bb7dd500e8 ] Request (SecurityGroupsTestJSON:test_list_security_groups_by_server): 200 GET http://10.180.1.21/compute/v2.1/servers/28fdd1e6-f112-415c-9e80-8ca8bc59f82a 1.941s
2024-08-16 16:12:48.277 62375 INFO tempest.lib.common.rest_client [req-c2d693c6-13ee-4e6d-b68a-e9df771f23d2 req-c2d693c6-13ee-4e6d-b68a-e9df771f23d2 ] Request (ImagesTestJSON:test_create_image_from_suspended_server): 202 POST http://10.180.1.21/compute/v2.1/servers 2.258s
2024-08-16 16:12:48.282 62390 INFO tempest.lib.common.rest_client [req-461fa167-5dfe-4917-b2df-fdb108bbdc74 req-461fa167-5dfe-4917-b2df-fdb108bbdc74 ] Request (FloatingIPsAssociationNegativeTestJSON:setUpClass): 201 POST http://10.180.1.21:9696/networking/v2.0/routers 1.628s
2024-08-16 16:12:48.331 62409 INFO tempest.lib.common.rest_client [req-d40c6d60-c36a-4a61-a938-09faac5705ab req-d40c6d60-c36a-4a61-a938-09faac5705ab ] Request (HypervisorAdminUnderV252Test:tearDownClass): 201 POST http://10.180.1.21/identity/v3/auth/tokens 0.101s
2024-08-16 16:12:48.353 62401 INFO tempest.lib.common.rest_client [req-7fddaa73-a736-4b8f-bd98-ddbdebb07296 req-7fddaa73-a736-4b8f-bd98-ddbdebb07296 ] Request (ServerDiagnosticsNegativeTest:tearDownClass): 200 GET http://10.180.1.21:9696/networking/v2.0/security-groups?tenant_id=99d214451f7d455299e26e8518f8451a&name=default 0.342s
2024-08-16 16:12:48.393 62397 INFO tempest.lib.common.rest_client [req-37104748-7576-4a42-8b7e-ccb22a12dbed req-37104748-7576-4a42-8b7e-ccb22a12dbed ] Request (ImagesMetadataTestJSON:tearDownClass): 200 GET http://10.180.1.21:9696/networking/v2.0/security-groups?tenant_id=bffc33389f2f4e5e9c0dc078980e0012&name=default 0.344s
2024-08-16 16:12:48.398 62383 INFO tempest.lib.common.rest_client [req-7f6f3962-d826-4c45-a051-372f0483dba1 req-7f6f3962-d826-4c45-a051-372f0483dba1 ] Request (ServicesAdminNegativeV253TestJSON:test_disable_log_reason_with_invalid_service_id): 404 PUT http://10.180.1.21/compute/v2.1/os-services/668f8bc4-c0e3-4217-94b6-d9fb92ad6f2e 2.098s
2024-08-16 16:12:48.521 62433 INFO tempest.lib.common.rest_client [req-f3ec43cd-8112-43da-a79a-8540ebde474f req-f3ec43cd-8112-43da-a79a-8540ebde474f ] Request (ServerDiagnosticsTest:test_get_server_diagnostics): 200 GET http://10.180.1.21/compute/v2.1/servers/f116a1da-cebf-4f7d-b7d6-02b2fe665f82 1.938s
2024-08-16 16:12:48.583 62400 INFO tempest.lib.common.rest_client [req-adaf3903-76fd-496c-9832-8cd4cdb80723 req-adaf3903-76fd-496c-9832-8cd4cdb80723 ] Request (DeleteServersAdminTestJSON:test_admin_delete_servers_of_others): 200 GET http://10.180.1.21/compute/v2.1/servers/2959dd10-4ac3-4e85-9c29-2a9d9b2f8f2c 1.944s
2024-08-16 16:12:48.649 62409 INFO tempest.lib.common.rest_client [req-b627554f-45aa-4022-8bae-e1a4d0ec3d5b req-b627554f-45aa-4022-8bae-e1a4d0ec3d5b ] Request (HypervisorAdminUnderV252Test:tearDownClass): 200 GET http://10.180.1.21:9696/networking/v2.0/security-groups?tenant_id=3caf4f7084fe40839147e654a93d4ce5&name=default 0.317s
2024-08-16 16:12:48.669 62425 INFO tempest.lib.common.rest_client [req-0dd8a28b-d3b5-43fc-b2e3-3c230060f8cb req-0dd8a28b-d3b5-43fc-b2e3-3c230060f8cb ] Request (ServersAdminTestJSON:setUpClass): 200 GET http://10.180.1.21/compute/v2.1/servers/8964e9dc-0ce7-45e9-885f-dc3307adf117 1.966s
2024-08-16 16:12:48.671 62401 INFO tempest.lib.common.rest_client [req-86515f4d-9302-4aa1-b175-37779c347f06 req-86515f4d-9302-4aa1-b175-37779c347f06 ] Request (ServerDiagnosticsNegativeTest:tearDownClass): 204 DELETE http://10.180.1.21:9696/networking/v2.0/security-groups/3dd67e92-877a-4f5b-9d02-2a366cb68f14 0.318s
2024-08-16 16:12:48.694 62377 INFO tempest.lib.common.rest_client [req-15c011cc-2bbb-4d3a-bf6c-413fa461585e req-15c011cc-2bbb-4d3a-bf6c-413fa461585e ] Request (ImagesNegativeTestJSON:test_create_image_from_deleted_server): 404 GET http://10.180.1.21/compute/v2.1/servers/efc0a6cc-78f0-4eb8-9612-0e12f232a283 1.942s
2024-08-16 16:12:48.721 62397 INFO tempest.lib.common.rest_client [req-dd42a332-6f85-47cc-aed3-5ff957fadd05 req-dd42a332-6f85-47cc-aed3-5ff957fadd05 ] Request (ImagesMetadataTestJSON:tearDownClass): 204 DELETE http://10.180.1.21:9696/networking/v2.0/security-groups/6f5ffa89-6b55-46e9-b2d4-2b1b09429f14 0.327s
2024-08-16 16:12:48.772 62424 INFO tempest.lib.common.rest_client [req-b31b08b6-a450-49a2-b02c-35dc1823f404 req-b31b08b6-a450-49a2-b02c-35dc1823f404 ] Request (ServerExternalEventsTest:test_create_server_external_events): 200 GET http://10.180.1.21/compute/v2.1/servers/378a3186-fc1a-4550-827c-19706a75c871 2.011s
2024-08-16 16:12:48.789 62401 INFO tempest.lib.common.rest_client [req-fde4fe3a-211d-48a3-b00a-5a8c4bdebcb8 req-fde4fe3a-211d-48a3-b00a-5a8c4bdebcb8 ] Request (ServerDiagnosticsNegativeTest:tearDownClass): 204 DELETE http://10.180.1.21/identity/v3/projects/99d214451f7d455299e26e8518f8451a 0.117s
2024-08-16 16:12:48.789 62401 INFO tempest.lib.common.dynamic_creds [-] Deleting project and security group for project: 26f35dd3c09b458685de085e01425a02
2024-08-16 16:12:48.801 62397 INFO tempest.lib.common.rest_client [req-0d04cc1b-f554-4318-a079-62fe94852dca req-0d04cc1b-f554-4318-a079-62fe94852dca ] Request (ImagesMetadataTestJSON:tearDownClass): 204 DELETE http://10.180.1.21/identity/v3/projects/bffc33389f2f4e5e9c0dc078980e0012 0.079s
2024-08-16 16:12:48.803 62443 INFO tempest.lib.common.rest_client [req-ee2bcc7f-a3af-4703-975e-84dd2929568b req-ee2bcc7f-a3af-4703-975e-84dd2929568b ] Request (SecurityGroupsTestAdminJSON:test_list_security_groups_list_all_tenants_filter): 200 POST http://10.180.1.21/compute/v2.1/os-security-groups 2.285s
2024-08-16 16:12:48.809 62409 INFO tempest.lib.common.rest_client [req-60322c0f-ae55-4cd2-a0d0-c400f0487933 req-60322c0f-ae55-4cd2-a0d0-c400f0487933 ] Request (HypervisorAdminUnderV252Test:tearDownClass): 204 DELETE http://10.180.1.21:9696/networking/v2.0/security-groups/f9e32d30-151d-4950-8948-034e5bdf6068 0.160s
2024-08-16 16:12:48.860 62397 INFO tempest.lib.common.rest_client [req-132dbc38-02ec-42e3-bc04-de4b4102e4b1 req-132dbc38-02ec-42e3-bc04-de4b4102e4b1 ] Request (ServerShowV247Test:setUpClass): 201 POST http://10.180.1.21/identity/v3/auth/tokens 0.058s
2024-08-16 16:12:48.864 62407 INFO tempest.lib.common.rest_client [req-bf681372-8df1-48ef-85c9-eceaaa360cd2 req-bf681372-8df1-48ef-85c9-eceaaa360cd2 ] Request (AttachVolumeTestJSON:test_attach_detach_volume): 200 GET http://10.180.1.21/compute/v2.1/servers/62ddc060-415e-4866-919d-d8753a0ea852 2.078s
2024-08-16 16:12:48.873 62419 INFO tempest.lib.common.rest_client [req-97fd91f9-9e1a-42a8-a7ef-808b4b14324d req-97fd91f9-9e1a-42a8-a7ef-808b4b14324d ] Request (ImagesOneServerTestJSON:setUpClass): 200 GET http://10.180.1.21/compute/v2.1/servers/dbb8f1c3-8d4b-4516-b102-7f21f89272a9 2.060s
2024-08-16 16:12:48.889 62401 INFO tempest.lib.common.rest_client [req-5ec43feb-0bb2-42ee-903d-0c2168ee420c req-5ec43feb-0bb2-42ee-903d-0c2168ee420c ] Request (ServerDiagnosticsNegativeTest:tearDownClass): 200 GET http://10.180.1.21:9696/networking/v2.0/security-groups?tenant_id=26f35dd3c09b458685de085e01425a02&name=default 0.099s
2024-08-16 16:12:48.893 62373 INFO tempest.lib.common.rest_client [req-5b50f245-d23f-4b43-8944-8cd185ac5b99 req-5b50f245-d23f-4b43-8944-8cd185ac5b99 ] Request (KeyPairsV2TestJSON:_run_cleanups): 202 DELETE http://10.180.1.21/compute/v2.1/os-keypairs/tempest-keypair-332775455 1.763s
2024-08-16 16:12:48.912 62409 INFO tempest.lib.common.rest_client [req-443af00c-3a51-43f7-9f11-225fbf66022b req-443af00c-3a51-43f7-9f11-225fbf66022b ] Request (HypervisorAdminUnderV252Test:tearDownClass): 204 DELETE http://10.180.1.21/identity/v3/projects/3caf4f7084fe40839147e654a93d4ce5 0.102s
2024-08-16 16:12:48.912 62409 INFO tempest.lib.common.dynamic_creds [-] Deleting project and security group for project: 1c202e9cec1e4041bd27520d449e27ad
2024-08-16 16:12:48.930 62397 INFO tempest.lib.common.rest_client [req-8b65b451-8138-423d-b581-8d7be505de15 req-8b65b451-8138-423d-b581-8d7be505de15 ] Request (ServerShowV247Test:setUpClass): 201 POST http://10.180.1.21/identity/v3/auth/tokens 0.067s
2024-08-16 16:12:48.970 62397 INFO tempest.lib.common.rest_client [req-72a817c4-25bc-496f-9b09-325998cedb63 req-72a817c4-25bc-496f-9b09-325998cedb63 ] Request (ServerShowV247Test:setUpClass): 200 GET http://10.180.1.21/identity/v3/domains?name=Default 0.040s
2024-08-16 16:12:48.989 62395 INFO tempest.lib.common.rest_client [req-adcc5237-4dcc-4ab6-80a1-6112b27e9936 req-adcc5237-4dcc-4ab6-80a1-6112b27e9936 ] Request (ServersWithSpecificFlavorTestJSON:test_verify_created_server_ephemeral_disk): 200 GET http://10.180.1.21/compute/v2.1/servers/c20d39e1-e0a5-456e-8f9c-4dc80b8f455e 1.844s
2024-08-16 16:12:49.014 62397 INFO tempest.lib.common.rest_client [req-320f09e0-7f6d-46cf-8afb-f5425ffc23a7 req-320f09e0-7f6d-46cf-8afb-f5425ffc23a7 ] Request (ServerShowV247Test:setUpClass): 201 POST http://10.180.1.21/identity/v3/projects 0.043s
2024-08-16 16:12:49.115 62397 INFO tempest.lib.common.rest_client [req-0336238d-af17-4ead-a851-a5fd4f7e6811 req-0336238d-af17-4ead-a851-a5fd4f7e6811 ] Request (ServerShowV247Test:setUpClass): 201 POST http://10.180.1.21/identity/v3/users 0.101s
2024-08-16 16:12:49.138 62397 INFO tempest.lib.common.rest_client [req-68fd3d50-c07e-4db6-a999-4864437b418e req-68fd3d50-c07e-4db6-a999-4864437b418e ] Request (ServerShowV247Test:setUpClass): 200 GET http://10.180.1.21/identity/v3/roles 0.022s
2024-08-16 16:12:49.152 62409 INFO tempest.lib.common.rest_client [req-3bffd0e6-5415-4dee-ad01-ee130b73c4b1 req-3bffd0e6-5415-4dee-ad01-ee130b73c4b1 ] Request (HypervisorAdminUnderV252Test:tearDownClass): 200 GET http://10.180.1.21:9696/networking/v2.0/security-groups?tenant_id=1c202e9cec1e4041bd27520d449e27ad&name=default 0.240s
2024-08-16 16:12:49.179 62397 INFO tempest.lib.common.rest_client [req-bc461f46-a147-421c-8aad-3b173e269d18 req-bc461f46-a147-421c-8aad-3b173e269d18 ] Request (ServerShowV247Test:setUpClass): 204 PUT http://10.180.1.21/identity/v3/projects/f67bdb299ead46b5a9b9f0040e9ea4c5/users/0e05652e0d384fc299f35b0c328687a4/roles/174532a16dbc43438b3fcd4d0dbec533 0.041s
2024-08-16 16:12:49.179 62397 INFO tempest.lib.common.dynamic_creds [-] Dynamic test user 0e05652e0d384fc299f35b0c328687a4 is created with scope project and roles: ['member']
2024-08-16 16:12:49.179 62397 INFO tempest.lib.common.dynamic_creds [-] Acquired dynamic creds: credentials: Credentials: {'domain_id': 'default', 'domain_name': 'Default', 'username': 'tempest-ServerShowV247Test-917097934-project-member', 'project_domain_id': 'default', 'project_domain_name': 'Default', 'project_id': 'f67bdb299ead46b5a9b9f0040e9ea4c5', 'project_name': 'tempest-ServerShowV247Test-917097934', 'tenant_id': 'f67bdb299ead46b5a9b9f0040e9ea4c5', 'tenant_name': 'tempest-ServerShowV247Test-917097934', 'user_domain_id': 'default', 'user_domain_name': 'Default', 'user_id': '0e05652e0d384fc299f35b0c328687a4', 'system': None}, Network: None, Subnet: None, Router: None
2024-08-16 16:12:49.180 62397 INFO tempest.lib.common.dynamic_creds [-] Created isolated network resources for: credentials: Credentials: {'domain_id': 'default', 'domain_name': 'Default', 'username': 'tempest-ServerShowV247Test-917097934-project-member', 'project_domain_id': 'default', 'project_domain_name': 'Default', 'project_id': 'f67bdb299ead46b5a9b9f0040e9ea4c5', 'project_name': 'tempest-ServerShowV247Test-917097934', 'tenant_id': 'f67bdb299ead46b5a9b9f0040e9ea4c5', 'tenant_name': 'tempest-ServerShowV247Test-917097934', 'user_domain_id': 'default', 'user_domain_name': 'Default', 'user_id': '0e05652e0d384fc299f35b0c328687a4', 'system': None}, Network: None, Subnet: None, Router: None
2024-08-16 16:12:49.310 62397 INFO tempest.lib.common.rest_client [req-fadee113-c2cc-4edd-a907-49d172cb8cd1 req-fadee113-c2cc-4edd-a907-49d172cb8cd1 ] Request (ServerShowV247Test:setUpClass): 201 POST http://10.180.1.21/identity/v3/auth/tokens 0.086s
2024-08-16 16:12:49.348 62397 INFO tempest.lib.common.rest_client [req-f3a64b0c-9b08-4035-9b58-a6ae99514f20 req-f3a64b0c-9b08-4035-9b58-a6ae99514f20 ] Request (ServerShowV247Test:setUpClass): 200 GET http://10.180.1.21/identity/v3/projects/f67bdb299ead46b5a9b9f0040e9ea4c5 0.038s
2024-08-16 16:12:49.349 62397 INFO tempest.lib.common.dynamic_creds [-] Using the existing project f67bdb299ead46b5a9b9f0040e9ea4c5 for scope project and roles: ['reader']
2024-08-16 16:12:49.375 62397 INFO tempest.lib.common.rest_client [req-f61cd86c-7572-4309-b7e2-c5c5b4d9e536 req-f61cd86c-7572-4309-b7e2-c5c5b4d9e536 ] Request (ServerShowV247Test:setUpClass): 201 POST http://10.180.1.21/identity/v3/users 0.026s
2024-08-16 16:12:49.391 62397 INFO tempest.lib.common.rest_client [req-4c4cca1e-6778-4b3b-824a-55a04098e5bb req-4c4cca1e-6778-4b3b-824a-55a04098e5bb ] Request (ServerShowV247Test:setUpClass): 200 GET http://10.180.1.21/identity/v3/roles 0.016s
2024-08-16 16:12:49.425 62397 INFO tempest.lib.common.rest_client [req-90d2dc2e-80d7-4d61-a14a-217787f24c44 req-90d2dc2e-80d7-4d61-a14a-217787f24c44 ] Request (ServerShowV247Test:setUpClass): 204 PUT http://10.180.1.21/identity/v3/projects/f67bdb299ead46b5a9b9f0040e9ea4c5/users/f62b443b12be415caecd2d2c3d4d9506/roles/1f666da12c2449398de3f809bf12402f 0.033s
2024-08-16 16:12:49.425 62397 INFO tempest.lib.common.dynamic_creds [-] Dynamic test user f62b443b12be415caecd2d2c3d4d9506 is created with scope project and roles: ['reader']
2024-08-16 16:12:49.425 62397 INFO tempest.lib.common.dynamic_creds [-] Acquired dynamic creds: credentials: Credentials: {'domain_id': 'default', 'domain_name': 'Default', 'username': 'tempest-ServerShowV247Test-917097934-project-reader', 'project_domain_id': 'default', 'project_domain_name': 'Default', 'project_id': 'f67bdb299ead46b5a9b9f0040e9ea4c5', 'project_name': 'tempest-ServerShowV247Test-917097934', 'tenant_id': 'f67bdb299ead46b5a9b9f0040e9ea4c5', 'tenant_name': 'tempest-ServerShowV247Test-917097934', 'user_domain_id': 'default', 'user_domain_name': 'Default', 'user_id': 'f62b443b12be415caecd2d2c3d4d9506', 'system': None}, Network: None, Subnet: None, Router: None
2024-08-16 16:12:49.425 62397 INFO tempest.lib.common.dynamic_creds [-] Network resources are not created for requested scope: project and credentials: Credentials: {'domain_id': 'default', 'domain_name': 'Default', 'username': 'tempest-ServerShowV247Test-917097934-project-reader', 'project_domain_id': 'default', 'project_domain_name': 'Default', 'project_id': 'f67bdb299ead46b5a9b9f0040e9ea4c5', 'project_name': 'tempest-ServerShowV247Test-917097934', 'tenant_id': 'f67bdb299ead46b5a9b9f0040e9ea4c5', 'tenant_name': 'tempest-ServerShowV247Test-917097934', 'user_domain_id': 'default', 'user_domain_name': 'Default', 'user_id': 'f62b443b12be415caecd2d2c3d4d9506', 'system': None}, Network: None, Subnet: None, Router: None
2024-08-16 16:12:49.505 62397 INFO tempest.lib.common.rest_client [req-2483dc3f-1655-467f-949f-552ec0fcbf0d req-2483dc3f-1655-467f-949f-552ec0fcbf0d ] Request (ServerShowV247Test:setUpClass): 201 POST http://10.180.1.21/identity/v3/auth/tokens 0.078s
2024-08-16 16:12:49.527 62401 INFO tempest.lib.common.rest_client [req-485ecf1a-d2e7-4bf9-ad2a-b5fd3285c21e req-485ecf1a-d2e7-4bf9-ad2a-b5fd3285c21e ] Request (ServerDiagnosticsNegativeTest:tearDownClass): 204 DELETE http://10.180.1.21:9696/networking/v2.0/security-groups/93389f46-e2c9-4a55-a6ba-fa8e6b52cef3 0.638s
2024-08-16 16:12:49.578 62397 INFO tempest.lib.common.rest_client [req-463fd765-a2de-419a-b9b9-a9d7ee25ccf5 req-463fd765-a2de-419a-b9b9-a9d7ee25ccf5 ] Request (ServerShowV247Test:test_show_server): 201 POST http://10.180.1.21/identity/v3/auth/tokens 0.069s
2024-08-16 16:12:49.578 62397 INFO tempest.lib.common.fixed_network [-] (ServerShowV247Test:test_show_server) Found network None available for tenant
2024-08-16 16:12:49.606 62405 INFO tempest.lib.common.rest_client [req-9cd9ee53-fb85-4baf-8384-933ac062544e req-9cd9ee53-fb85-4baf-8384-933ac062544e ] Request (ServerActionsTestJSON:setUpClass): 202 POST http://10.180.1.21/compute/v2.1/servers 2.317s
2024-08-16 16:12:49.677 62401 INFO tempest.lib.common.rest_client [req-eb772615-9bf3-4195-845d-e896dc32eed8 req-eb772615-9bf3-4195-845d-e896dc32eed8 ] Request (ServerDiagnosticsNegativeTest:tearDownClass): 204 DELETE http://10.180.1.21/identity/v3/projects/26f35dd3c09b458685de085e01425a02 0.149s
2024-08-16 16:12:49.683 62390 INFO tempest.lib.common.rest_client [req-cfcb1b55-0b50-4b71-991d-de782eae9918 req-cfcb1b55-0b50-4b71-991d-de782eae9918 ] Request (FloatingIPsAssociationNegativeTestJSON:setUpClass): 200 PUT http://10.180.1.21:9696/networking/v2.0/routers/f39873f0-c964-424d-a1d3-b3add4804c97/add_router_interface 1.400s
2024-08-16 16:12:49.683 62390 INFO tempest.lib.common.dynamic_creds [-] Created isolated network resources for: credentials: Credentials: {'domain_id': 'default', 'domain_name': 'Default', 'username': 'tempest-FloatingIPsAssociationNegativeTestJSON-1003842535-project-member', 'project_domain_id': 'default', 'project_domain_name': 'Default', 'project_id': 'e469ce1d6f0c4b2fa2e9acecb230ddc7', 'project_name': 'tempest-FloatingIPsAssociationNegativeTestJSON-1003842535', 'tenant_id': 'e469ce1d6f0c4b2fa2e9acecb230ddc7', 'tenant_name': 'tempest-FloatingIPsAssociationNegativeTestJSON-1003842535', 'user_domain_id': 'default', 'user_domain_name': 'Default', 'user_id': 'd8587eea971d4ae4ae81dc2b180c1fe5', 'system': None}, Network: {'id': 'bfcc2863-0c27-4ae4-a667-882a219736eb', 'name': 'tempest-FloatingIPsAssociationNegativeTestJSON-909084139-network', 'tenant_id': 'e469ce1d6f0c4b2fa2e9acecb230ddc7', 'admin_state_up': True, 'mtu': 8950, 'status': 'ACTIVE', 'subnets': [], 'shared': False, 'project_id': 'e469ce1d6f0c4b2fa2e9acecb230ddc7', 'port_security_enabled': True, 'router:external': False, 'provider:network_type': 'vlan', 'provider:physical_network': 'default', 'provider:segmentation_id': 368, 'is_default': False, 'availability_zone_hints': [], 'availability_zones': [], 'ipv4_address_scope': None, 'ipv6_address_scope': None, 'description': '', 'tags': [], 'created_at': '2024-08-16T16:12:46Z', 'updated_at': '2024-08-16T16:12:46Z', 'revision_number': 1}, Subnet: {'id': '19066769-cb8c-4332-9118-8f4149a45bcd', 'name': 'tempest-FloatingIPsAssociationNegativeTestJSON-909084139-subnet', 'tenant_id': 'e469ce1d6f0c4b2fa2e9acecb230ddc7', 'network_id': 'bfcc2863-0c27-4ae4-a667-882a219736eb', 'ip_version': 4, 'subnetpool_id': None, 'enable_dhcp': True, 'ipv6_ra_mode': None, 'ipv6_address_mode': None, 'gateway_ip': '192.168.128.1', 'cidr': '192.168.128.0/28', 'allocation_pools': [{'start': '192.168.128.2', 'end': '192.168.128.14'}], 'host_routes': [], 'dns_nameservers': [], 'description': '', 'router:external': False, 'service_types': [], 'tags': [], 'created_at': '2024-08-16T16:12:46Z', 'updated_at': '2024-08-16T16:12:46Z', 'revision_number': 0, 'project_id': 'e469ce1d6f0c4b2fa2e9acecb230ddc7'}, Router: {'id': 'f39873f0-c964-424d-a1d3-b3add4804c97', 'name': 'tempest-FloatingIPsAssociationNegativeTestJSON-909084139-router', 'tenant_id': 'e469ce1d6f0c4b2fa2e9acecb230ddc7', 'admin_state_up': True, 'status': 'ACTIVE', 'external_gateway_info': {'network_id': '658274b6-3cc3-4f8f-b55f-c038e1c78a53', 'external_fixed_ips': [{'subnet_id': '32b74527-36cb-4809-8063-ab56f856581f', 'ip_address': '10.180.180.221'}], 'enable_snat': True}, 'description': '', 'availability_zones': [], 'distributed': False, 'ha': False, 'availability_zone_hints': [], 'routes': [], 'flavor_id': None, 'tags': [], 'created_at': '2024-08-16T16:12:46Z', 'updated_at': '2024-08-16T16:12:47Z', 'revision_number': 2, 'project_id': 'e469ce1d6f0c4b2fa2e9acecb230ddc7'}
2024-08-16 16:12:49.688 62391 INFO tempest.lib.common.rest_client [req-f13abae1-0780-4037-aaaa-731c06d522ab req-f13abae1-0780-4037-aaaa-731c06d522ab ] Request (ServerDiagnosticsV248Test:test_get_server_diagnostics): 200 GET http://10.180.1.21/compute/v2.1/servers/8975613a-4cbf-4ac4-970a-c27ff01a8fdc 2.300s
2024-08-16 16:12:49.743 62417 INFO tempest.lib.common.rest_client [req-320730be-a878-4d1b-89c0-59833db9b366 req-320730be-a878-4d1b-89c0-59833db9b366 ] Request (ServersAdminNegativeTestJSON:setUpClass): 200 GET http://10.180.1.21/compute/v2.1/servers/bac03ff5-5847-48d6-9c6c-364421da1e44 2.322s
2024-08-16 16:12:49.777 62401 INFO tempest.lib.common.rest_client [req-e3bdfdf9-f8ed-4152-8128-aee5f00c801a req-e3bdfdf9-f8ed-4152-8128-aee5f00c801a ] Request (InstanceActionsTestJSON:setUpClass): 201 POST http://10.180.1.21/identity/v3/auth/tokens 0.098s
2024-08-16 16:12:49.788 62390 INFO tempest.lib.common.rest_client [req-c767e605-2b22-49d7-aed1-47edbee1ec7e req-c767e605-2b22-49d7-aed1-47edbee1ec7e ] Request (FloatingIPsAssociationNegativeTestJSON:setUpClass): 201 POST http://10.180.1.21/identity/v3/auth/tokens 0.101s
2024-08-16 16:12:49.809 62401 INFO tempest.lib.common.rest_client [req-232988fe-6a4e-4ae1-b89b-0b23cfdeca91 req-232988fe-6a4e-4ae1-b89b-0b23cfdeca91 ] Request (InstanceActionsTestJSON:setUpClass): 201 POST http://10.180.1.21/identity/v3/auth/tokens 0.030s
2024-08-16 16:12:49.847 62390 INFO tempest.lib.common.rest_client [req-e4586ee4-4158-48b8-a938-8ec4dcd57018 req-e4586ee4-4158-48b8-a938-8ec4dcd57018 ] Request (FloatingIPsAssociationNegativeTestJSON:setUpClass): 201 POST http://10.180.1.21/identity/v3/auth/tokens 0.056s
2024-08-16 16:12:49.848 62390 INFO tempest.lib.common.fixed_network [-] (FloatingIPsAssociationNegativeTestJSON:setUpClass) Found network {'id': 'bfcc2863-0c27-4ae4-a667-882a219736eb', 'name': 'tempest-FloatingIPsAssociationNegativeTestJSON-909084139-network', 'tenant_id': 'e469ce1d6f0c4b2fa2e9acecb230ddc7', 'admin_state_up': True, 'mtu': 8950, 'status': 'ACTIVE', 'subnets': [], 'shared': False, 'project_id': 'e469ce1d6f0c4b2fa2e9acecb230ddc7', 'port_security_enabled': True, 'router:external': False, 'provider:network_type': 'vlan', 'provider:physical_network': 'default', 'provider:segmentation_id': 368, 'is_default': False, 'availability_zone_hints': [], 'availability_zones': [], 'ipv4_address_scope': None, 'ipv6_address_scope': None, 'description': '', 'tags': [], 'created_at': '2024-08-16T16:12:46Z', 'updated_at': '2024-08-16T16:12:46Z', 'revision_number': 1} available for tenant
2024-08-16 16:12:49.864 62401 INFO tempest.lib.common.rest_client [req-d6fd6b6e-e381-474f-8008-ac5b2da5aae5 req-d6fd6b6e-e381-474f-8008-ac5b2da5aae5 ] Request (InstanceActionsTestJSON:setUpClass): 200 GET http://10.180.1.21/identity/v3/domains?name=Default 0.054s
2024-08-16 16:12:49.889 62401 INFO tempest.lib.common.rest_client [req-5370e097-7211-4588-b979-6b5eb74ca96a req-5370e097-7211-4588-b979-6b5eb74ca96a ] Request (InstanceActionsTestJSON:setUpClass): 201 POST http://10.180.1.21/identity/v3/projects 0.025s
2024-08-16 16:12:49.910 62413 INFO tempest.lib.common.rest_client [req-c16409a9-fc6d-43db-b600-40d25c6c240d req-c16409a9-fc6d-43db-b600-40d25c6c240d ] Request (FlavorsAccessNegativeTestJSON:_run_cleanups): 200 POST http://10.180.1.21/compute/v2.1/flavors/530245420/action 2.482s
2024-08-16 16:12:49.941 62411 INFO tempest.lib.common.rest_client [req-426443a7-6c88-4c58-8efa-3605452ab91e req-426443a7-6c88-4c58-8efa-3605452ab91e ] Request (AggregatesAdminNegativeTestJSON:_run_cleanups): 200 DELETE http://10.180.1.21/compute/v2.1/os-aggregates/4 2.491s
2024-08-16 16:12:49.953 62409 INFO tempest.lib.common.rest_client [req-8a8e17fa-ea23-4732-bd5d-8fe02a604730 req-8a8e17fa-ea23-4732-bd5d-8fe02a604730 ] Request (HypervisorAdminUnderV252Test:tearDownClass): 204 DELETE http://10.180.1.21:9696/networking/v2.0/security-groups/aa4a8467-a820-4ca5-b650-b660a5598ba2 0.800s
2024-08-16 16:12:50.033 62401 INFO tempest.lib.common.rest_client [req-1f0f5885-b72d-46b4-bb6c-332b9ef1c1f5 req-1f0f5885-b72d-46b4-bb6c-332b9ef1c1f5 ] Request (InstanceActionsTestJSON:setUpClass): 201 POST http://10.180.1.21/identity/v3/users 0.143s
2024-08-16 16:12:50.057 62401 INFO tempest.lib.common.rest_client [req-8f1f3c88-dddc-4a70-b2d1-2d25a2ef076a req-8f1f3c88-dddc-4a70-b2d1-2d25a2ef076a ] Request (InstanceActionsTestJSON:setUpClass): 200 GET http://10.180.1.21/identity/v3/roles 0.023s
2024-08-16 16:12:50.142 62379 INFO tempest.lib.common.rest_client [req-29c112d7-f09b-40f9-9074-3bd7d541bb0d req-29c112d7-f09b-40f9-9074-3bd7d541bb0d ] Request (ServerActionsTestOtherA:setUpClass): 200 PUT http://10.180.1.21:9696/networking/v2.0/routers/9fc1903b-e9ec-4290-a3aa-d1eb2f339598/add_router_interface 2.021s
2024-08-16 16:12:50.142 62379 INFO tempest.lib.common.dynamic_creds [-] Created isolated network resources for: credentials: Credentials: {'domain_id': 'default', 'domain_name': 'Default', 'username': 'tempest-ServerActionsTestOtherA-276371936-project-member', 'project_domain_id': 'default', 'project_domain_name': 'Default', 'project_id': '8339e1b5bc024a90a3a7d1934f9623e8', 'project_name': 'tempest-ServerActionsTestOtherA-276371936', 'tenant_id': '8339e1b5bc024a90a3a7d1934f9623e8', 'tenant_name': 'tempest-ServerActionsTestOtherA-276371936', 'user_domain_id': 'default', 'user_domain_name': 'Default', 'user_id': 'f09f6754fef4412b8098a9656582386f', 'system': None}, Network: {'id': '8171bfdb-7861-491f-bed2-3aa38df6c3fa', 'name': 'tempest-ServerActionsTestOtherA-169030052-network', 'tenant_id': '8339e1b5bc024a90a3a7d1934f9623e8', 'admin_state_up': True, 'mtu': 8950, 'status': 'ACTIVE', 'subnets': [], 'shared': False, 'project_id': '8339e1b5bc024a90a3a7d1934f9623e8', 'port_security_enabled': True, 'router:external': False, 'provider:network_type': 'vlan', 'provider:physical_network': 'default', 'provider:segmentation_id': 11, 'is_default': False, 'availability_zone_hints': [], 'availability_zones': [], 'ipv4_address_scope': None, 'ipv6_address_scope': None, 'description': '', 'tags': [], 'created_at': '2024-08-16T16:12:46Z', 'updated_at': '2024-08-16T16:12:46Z', 'revision_number': 1}, Subnet: {'id': 'a580d02b-3143-4678-9df2-586ed776a015', 'name': 'tempest-ServerActionsTestOtherA-169030052-subnet', 'tenant_id': '8339e1b5bc024a90a3a7d1934f9623e8', 'network_id': '8171bfdb-7861-491f-bed2-3aa38df6c3fa', 'ip_version': 4, 'subnetpool_id': None, 'enable_dhcp': True, 'ipv6_ra_mode': None, 'ipv6_address_mode': None, 'gateway_ip': '192.168.128.1', 'cidr': '192.168.128.0/28', 'allocation_pools': [{'start': '192.168.128.2', 'end': '192.168.128.14'}], 'host_routes': [], 'dns_nameservers': [], 'description': '', 'router:external': False, 'service_types': [], 'tags': [], 'created_at': '2024-08-16T16:12:46Z', 'updated_at': '2024-08-16T16:12:46Z', 'revision_number': 0, 'project_id': '8339e1b5bc024a90a3a7d1934f9623e8'}, Router: {'id': '9fc1903b-e9ec-4290-a3aa-d1eb2f339598', 'name': 'tempest-ServerActionsTestOtherA-169030052-router', 'tenant_id': '8339e1b5bc024a90a3a7d1934f9623e8', 'admin_state_up': True, 'status': 'ACTIVE', 'external_gateway_info': {'network_id': '658274b6-3cc3-4f8f-b55f-c038e1c78a53', 'external_fixed_ips': [{'subnet_id': '32b74527-36cb-4809-8063-ab56f856581f', 'ip_address': '10.180.180.163'}], 'enable_snat': True}, 'description': '', 'availability_zones': [], 'distributed': False, 'ha': False, 'availability_zone_hints': [], 'routes': [], 'flavor_id': None, 'tags': [], 'created_at': '2024-08-16T16:12:46Z', 'updated_at': '2024-08-16T16:12:47Z', 'revision_number': 2, 'project_id': '8339e1b5bc024a90a3a7d1934f9623e8'}
2024-08-16 16:12:50.153 62401 INFO tempest.lib.common.rest_client [req-805b6569-22c5-4b34-8ca2-df6ebdf46ea8 req-805b6569-22c5-4b34-8ca2-df6ebdf46ea8 ] Request (InstanceActionsTestJSON:setUpClass): 204 PUT http://10.180.1.21/identity/v3/projects/dbad1e252e464d479ca6b5b21caab13c/users/c0ffa6ea5c8c4177a6e32ed0d92ce2fd/roles/174532a16dbc43438b3fcd4d0dbec533 0.096s
2024-08-16 16:12:50.153 62401 INFO tempest.lib.common.dynamic_creds [-] Dynamic test user c0ffa6ea5c8c4177a6e32ed0d92ce2fd is created with scope project and roles: ['member']
2024-08-16 16:12:50.154 62401 INFO tempest.lib.common.dynamic_creds [-] Acquired dynamic creds: credentials: Credentials: {'domain_id': 'default', 'domain_name': 'Default', 'username': 'tempest-InstanceActionsTestJSON-696388211-project-member', 'project_domain_id': 'default', 'project_domain_name': 'Default', 'project_id': 'dbad1e252e464d479ca6b5b21caab13c', 'project_name': 'tempest-InstanceActionsTestJSON-696388211', 'tenant_id': 'dbad1e252e464d479ca6b5b21caab13c', 'tenant_name': 'tempest-InstanceActionsTestJSON-696388211', 'user_domain_id': 'default', 'user_domain_name': 'Default', 'user_id': 'c0ffa6ea5c8c4177a6e32ed0d92ce2fd', 'system': None}, Network: None, Subnet: None, Router: None
2024-08-16 16:12:50.161 62409 INFO tempest.lib.common.rest_client [req-2bbf40c1-8fd9-4b7c-97bf-98f683cd4804 req-2bbf40c1-8fd9-4b7c-97bf-98f683cd4804 ] Request (HypervisorAdminUnderV252Test:tearDownClass): 204 DELETE http://10.180.1.21/identity/v3/projects/1c202e9cec1e4041bd27520d449e27ad 0.206s
2024-08-16 16:12:50.252 62401 INFO tempest.lib.common.rest_client [req-da873730-a955-47c6-b647-edc39d5aca09 req-da873730-a955-47c6-b647-edc39d5aca09 ] Request (InstanceActionsTestJSON:setUpClass): 201 POST http://10.180.1.21/identity/v3/auth/tokens 0.099s
2024-08-16 16:12:50.253 62379 INFO tempest.lib.common.rest_client [req-832d23f4-8cbf-45ad-8e8b-04476abeb0a5 req-832d23f4-8cbf-45ad-8e8b-04476abeb0a5 ] Request (ServerActionsTestOtherA:setUpClass): 201 POST http://10.180.1.21/identity/v3/auth/tokens 0.108s
2024-08-16 16:12:50.296 62409 INFO tempest.lib.common.rest_client [req-533a9bae-8a1c-48ef-b694-57f05b9094dd req-533a9bae-8a1c-48ef-b694-57f05b9094dd ] Request (HypervisorAdminV253TestBase:setUpClass): 201 POST http://10.180.1.21/identity/v3/auth/tokens 0.133s
2024-08-16 16:12:50.304 62431 INFO tempest.lib.common.rest_client [req-5fe8d67c-650e-4b49-a4d8-706dc4c6b989 req-5fe8d67c-650e-4b49-a4d8-706dc4c6b989 ] Request (FloatingIPDetailsTestJSON:_run_cleanups): 202 DELETE http://10.180.1.21/compute/v2.1/os-floating-ips/29d23f7d-52fc-43b8-b8f3-55caa44107ef 3.226s
