2024-08-16 16:13:50.758 62417 INFO tempest.lib.common.rest_client [req-9fc77e2f-7ebc-41fb-975c-a5fe63220f33 req-9fc77e2f-7ebc-41fb-975c-a5fe63220f33 ] Request (ServersTestManualDisk:setUpClass): 201 POST http://10.180.1.21:9696/networking/v2.0/security-group-rules 0.431s
2024-08-16 16:13:50.782 62401 INFO tempest.lib.common.rest_client [req-ab18bff2-520a-4abb-b379-249030bfd227 req-ab18bff2-520a-4abb-b379-249030bfd227 ] Request (InstanceActionsTestJSON:setUpClass): 200 GET http://10.180.1.21/compute/v2.1/servers/259368b2-0191-4686-9825-a38468fd86f2 0.073s
2024-08-16 16:13:50.868 62390 INFO tempest.lib.common.rest_client [req-5b76c2e0-9db7-4b67-8e9a-5104054c2b7f req-5b76c2e0-9db7-4b67-8e9a-5104054c2b7f ] Request (FloatingIPsAssociationNegativeTestJSON:setUpClass): 200 GET http://10.180.1.21/compute/v2.1/servers/d3905ca4-f0ba-4b67-8aa8-8c12994ffe97 0.092s
2024-08-16 16:13:50.898 62419 INFO tempest.lib.common.rest_client [req-b8691eea-7dce-4035-9905-654799c9305c req-b8691eea-7dce-4035-9905-654799c9305c ] Request (ServersTestFqdnHostnames:test_create_server_with_fqdn_name): 200 GET http://10.180.1.21/compute/v2.1/servers/a68daa13-d1c7-4f1b-98ed-bc0cf7661c27 0.056s
2024-08-16 16:13:50.969 62413 INFO tempest.lib.common.rest_client [req-75cb7633-47c3-4de3-8e69-c7f7d6422be1 req-75cb7633-47c3-4de3-8e69-c7f7d6422be1 ] Request (MigrationsAdminTest:test_list_migrations_in_flavor_resize_situation): 200 GET http://10.180.1.21/compute/v2.1/servers/4b0701a5-a149-4b20-a03d-fe77b230008a 0.047s
2024-08-16 16:13:50.998 62377 INFO tempest.lib.common.rest_client [req-b492678b-affc-4c81-9bd7-7e1d436ccb29 req-b492678b-affc-4c81-9bd7-7e1d436ccb29 ] Request (ServerPasswordTestJSON:setUpClass): 200 GET http://10.180.1.21/compute/v2.1/servers/15483781-7d72-418d-9c42-4bb680a6c0b1 0.094s
2024-08-16 16:13:51.041 62424 INFO tempest.lib.common.rest_client [req-45ae3241-8503-4857-a08b-ff0bbe98992a req-45ae3241-8503-4857-a08b-ff0bbe98992a ] Request (AttachInterfacesUnderV243Test:test_add_remove_fixed_ip): 200 GET http://10.180.1.21/compute/v2.1/servers/fd0033d9-2ceb-41cc-81dd-6814a0fd4dd7 0.062s
2024-08-16 16:13:51.120 62393 INFO tempest.lib.common.rest_client [req-619abb0e-8a28-4d0a-b628-414fe826558e req-619abb0e-8a28-4d0a-b628-414fe826558e ] Request (ServersAdmin275Test:tearDownClass): 200 GET http://10.180.1.21/compute/v2.1/servers/d3cf0925-7246-42b4-af88-f5abbea8f034 0.066s
2024-08-16 16:13:51.131 62404 INFO tempest.lib.common.rest_client [req-b156c032-a924-4d8c-abcc-79a8c07b2ca5 req-b156c032-a924-4d8c-abcc-79a8c07b2ca5 ] Request (ServersTestJSON:setUpClass): 200 GET http://10.180.1.21/compute/v2.1/servers/0ac84b40-bfd7-42e5-a949-93eb1fbf323b 0.089s
2024-08-16 16:13:51.173 62373 INFO tempest.lib.common.rest_client [req-745594c2-9efb-45e4-b0e9-871c96ec8bd3 req-745594c2-9efb-45e4-b0e9-871c96ec8bd3 ] Request (ServerActionsV293TestJSON:setUpClass): 200 GET http://10.180.1.21/compute/v2.1/servers/386c9550-2cc1-4923-806b-ffdc1a82e9d5 0.053s
2024-08-16 16:13:51.200 62417 INFO tempest.lib.common.rest_client [req-5d21bae5-9b2c-4229-b04a-a4c3f1f08c4f req-5d21bae5-9b2c-4229-b04a-a4c3f1f08c4f ] Request (ServersTestManualDisk:setUpClass): 201 POST http://10.180.1.21:9696/networking/v2.0/security-group-rules 0.442s
2024-08-16 16:13:51.218 62397 INFO tempest.lib.common.rest_client [req-2d13eb6a-d843-46d5-bafb-bafd4c034883 req-2d13eb6a-d843-46d5-bafb-bafd4c034883 ] Request (ServerShowV247Test:test_update_rebuild_list_server): 200 GET http://10.180.1.21/compute/v2.1/servers/aa6c6d8e-f489-44a4-bb73-0bcc37f300b6 0.077s
2024-08-16 16:13:51.226 62397 INFO tempest.common.waiters [-] State transition "BUILD/spawning" ==> "ACTIVE/None" after 51 second wait
2024-08-16 16:13:51.235 62395 INFO tempest.lib.common.rest_client [req-2b662e5f-9989-47a4-8b00-da86b388cd0c req-2b662e5f-9989-47a4-8b00-da86b388cd0c ] Request (VolumesAdminNegativeTest:test_update_attached_volume_with_nonexistent_volume_in_body): 201 POST http://10.180.1.21:9696/networking/v2.0/floatingips 1.336s
2024-08-16 16:13:51.255 62443 INFO tempest.lib.common.rest_client [req-f0bd8e97-4534-446b-8d9b-9ce3eae39884 req-f0bd8e97-4534-446b-8d9b-9ce3eae39884 ] Request (ServerMetadataTestJSON:setUpClass): 200 GET http://10.180.1.21/compute/v2.1/servers/8510ba0b-1626-49a2-b685-8a512dafa949 0.080s
2024-08-16 16:13:51.272 62395 INFO tempest.lib.common.rest_client [req-258e7f30-ece1-4fa6-b528-b49be249b206 req-258e7f30-ece1-4fa6-b528-b49be249b206 ] Request (VolumesAdminNegativeTest:test_update_attached_volume_with_nonexistent_volume_in_body): 201 POST http://10.180.1.21/identity/v3/auth/tokens 0.034s
2024-08-16 16:13:51.273 62395 INFO tempest.lib.common.fixed_network [-] (VolumesAdminNegativeTest:test_update_attached_volume_with_nonexistent_volume_in_body) Found network {'id': 'f70a96bc-6e3b-4143-bb36-73706ac36474', 'name': 'tempest-VolumesAdminNegativeTest-402545833-network', 'tenant_id': 'e9d820178c954dd7b6066ed5a00b7018', 'admin_state_up': True, 'mtu': 8950, 'status': 'ACTIVE', 'subnets': [], 'shared': False, 'project_id': 'e9d820178c954dd7b6066ed5a00b7018', 'port_security_enabled': True, 'router:external': False, 'provider:network_type': 'vlan', 'provider:physical_network': 'default', 'provider:segmentation_id': 917, 'is_default': False, 'availability_zone_hints': [], 'availability_zones': [], 'ipv4_address_scope': None, 'ipv6_address_scope': None, 'description': '', 'tags': [], 'created_at': '2024-08-16T16:13:40Z', 'updated_at': '2024-08-16T16:13:40Z', 'revision_number': 1} available for tenant
2024-08-16 16:13:51.379 62397 INFO tempest.lib.common.rest_client [req-0eba46f1-da0c-4804-a984-d2265f9407c7 req-0eba46f1-da0c-4804-a984-d2265f9407c7 ] Request (ServerShowV247Test:test_update_rebuild_list_server): 202 POST http://10.180.1.21/compute/v2.1/servers/aa6c6d8e-f489-44a4-bb73-0bcc37f300b6/action 0.153s
2024-08-16 16:13:51.425 62405 INFO tempest.lib.common.rest_client [req-a8f6fcc5-2bb4-41d1-896c-e4cc63469776 req-a8f6fcc5-2bb4-41d1-896c-e4cc63469776 ] Request (ServerActionsTestJSON:setUpClass): 200 GET http://10.180.1.21/compute/v2.1/servers/cc8d9890-f553-4a4b-a351-62770a7b29d8 0.197s
2024-08-16 16:13:51.431 62405 INFO tempest.common.waiters [-] State transition "BUILD/scheduling" ==> "ERROR/None" after 60 second wait
2024-08-16 16:13:51.450 62385 INFO tempest.lib.common.rest_client [req-40f12173-db3d-4a01-a12b-5c4e7425419c req-40f12173-db3d-4a01-a12b-5c4e7425419c ] Request (SecurityGroupsTestJSON:test_server_security_groups): 200 GET http://10.180.1.21/compute/v2.1/servers/14b8e902-f986-4b88-a538-18ca4ac94b44 0.208s
2024-08-16 16:13:51.522 62388 INFO tempest.lib.common.rest_client [req-be79e993-3d74-4a5a-a55d-ec0849fdbe58 req-be79e993-3d74-4a5a-a55d-ec0849fdbe58 ] Request (FloatingIPsAssociationTestJSON:setUpClass): 200 GET http://10.180.1.21/compute/v2.1/servers/d0068b4a-a421-4693-b37c-34fc59efe361 0.246s
2024-08-16 16:13:51.687 62437 INFO tempest.lib.common.rest_client [req-c08fd9eb-1cad-4237-bc6a-4f8c772446c4 req-c08fd9eb-1cad-4237-bc6a-4f8c772446c4 ] Request (ServerShowV257Test:test_rebuild_server): 200 GET http://10.180.1.21/compute/v2.1/servers/f293d01e-a8e6-4ffd-888d-098e086440eb 0.360s
2024-08-16 16:13:51.766 62417 INFO tempest.lib.common.rest_client [req-fde5115c-9c07-4fa0-800c-e4e2af38d53e req-fde5115c-9c07-4fa0-800c-e4e2af38d53e ] Request (ServersTestManualDisk:setUpClass): 201 POST http://10.180.1.21:9696/networking/v2.0/floatingips 0.565s
2024-08-16 16:13:51.771 62400 INFO tempest.lib.common.rest_client [req-941f2518-c8da-404f-b5d2-30ecc0c45458 req-941f2518-c8da-404f-b5d2-30ecc0c45458 ] Request (DeleteServersAdminTestJSON:test_delete_server_while_in_error_state): 200 GET http://10.180.1.21/compute/v2.1/servers/150621b7-b140-468e-ae86-19223353952c 0.425s
2024-08-16 16:13:51.801 62417 INFO tempest.lib.common.rest_client [req-04522ca1-536a-4ff6-9fc7-eb4cada40924 req-04522ca1-536a-4ff6-9fc7-eb4cada40924 ] Request (ServersTestManualDisk:setUpClass): 201 POST http://10.180.1.21/identity/v3/auth/tokens 0.032s
2024-08-16 16:13:51.802 62417 INFO tempest.lib.common.fixed_network [-] (ServersTestManualDisk:setUpClass) Found network {'id': '8fd03f57-cc0d-43a0-baa6-c0791db20a6a', 'name': 'tempest-ServersTestManualDisk-2013116393-network', 'tenant_id': 'd6f525157d1b4013aca6863f7723d9c9', 'admin_state_up': True, 'mtu': 8950, 'status': 'ACTIVE', 'subnets': [], 'shared': False, 'project_id': 'd6f525157d1b4013aca6863f7723d9c9', 'port_security_enabled': True, 'router:external': False, 'provider:network_type': 'vlan', 'provider:physical_network': 'default', 'provider:segmentation_id': 9, 'is_default': False, 'availability_zone_hints': [], 'availability_zones': [], 'ipv4_address_scope': None, 'ipv6_address_scope': None, 'description': '', 'tags': [], 'created_at': '2024-08-16T16:13:45Z', 'updated_at': '2024-08-16T16:13:45Z', 'revision_number': 1} available for tenant
2024-08-16 16:13:51.841 62397 INFO tempest.lib.common.rest_client [req-3a3b1184-0cac-499d-833f-72b3d3f6ac47 req-3a3b1184-0cac-499d-833f-72b3d3f6ac47 ] Request (ServerShowV247Test:test_update_rebuild_list_server): 200 GET http://10.180.1.21/compute/v2.1/servers/aa6c6d8e-f489-44a4-bb73-0bcc37f300b6 0.457s
2024-08-16 16:13:51.903 62416 INFO tempest.lib.common.rest_client [req-7cc18e32-85ce-4c98-9bf5-583234ec48b6 req-7cc18e32-85ce-4c98-9bf5-583234ec48b6 ] Request (ServerGroupTestJSON:test_create_server_with_scheduler_hint_group): 200 GET http://10.180.1.21/compute/v2.1/servers/4ee5bd39-ad12-41a7-a7df-dfa234b1f905 0.493s
2024-08-16 16:13:51.903 62395 INFO tempest.lib.common.rest_client [req-cc095bc6-7b44-4fb1-b6a4-1f723a5d50aa req-cc095bc6-7b44-4fb1-b6a4-1f723a5d50aa ] Request (VolumesAdminNegativeTest:test_update_attached_volume_with_nonexistent_volume_in_body): 202 POST http://10.180.1.21/compute/v2.1/servers 0.629s
2024-08-16 16:13:51.909 62416 INFO tempest.common.waiters [-] State transition "BUILD/scheduling" ==> "BUILD/None" after 38 second wait
2024-08-16 16:13:52.102 62379 INFO tempest.lib.common.rest_client [req-d43fdf72-1c88-4219-be0b-92633f30aa13 req-d43fdf72-1c88-4219-be0b-92633f30aa13 ] Request (ServerActionsTestOtherA:setUpClass): 200 GET http://10.180.1.21/compute/v2.1/servers/fef556c2-9874-4abd-938e-f89062d314f5 0.654s
2024-08-16 16:13:52.108 62379 INFO tempest.common.waiters [-] State transition "BUILD/networking" ==> "BUILD/spawning" after 54 second wait
2024-08-16 16:13:52.158 62425 INFO tempest.lib.common.rest_client [req-fa716173-60be-4246-bf37-d15abf09f0fc req-fa716173-60be-4246-bf37-d15abf09f0fc ] Request (InstanceActionsNegativeTestJSON:setUpClass): 200 GET http://10.180.1.21/compute/v2.1/servers/b4fdba31-cb7b-4085-9047-5489578fa69f 0.684s
2024-08-16 16:13:52.166 62405 INFO tempest.lib.common.rest_client [req-8887df0c-6c38-446a-b5c8-26ac17d1aaa9 req-8887df0c-6c38-446a-b5c8-26ac17d1aaa9 ] Request (ServerActionsTestJSON:setUpClass): 204 DELETE http://10.180.1.21/compute/v2.1/servers/cc8d9890-f553-4a4b-a351-62770a7b29d8 0.735s
2024-08-16 16:13:52.213 62375 INFO tempest.lib.common.rest_client [req-3313e6e8-fc46-4caa-aa30-071bf9eb5af2 req-3313e6e8-fc46-4caa-aa30-071bf9eb5af2 ] Request (ImagesTestJSON:test_create_server_from_snapshot): 200 GET http://10.180.1.21/compute/v2.1/servers/cd5a8fd9-5f2b-41fd-85a1-26dbc3225e3e 0.677s
2024-08-16 16:13:52.223 62421 INFO tempest.lib.common.rest_client [req-bfe0a110-6d37-4f85-ab61-5ae2344da39b req-bfe0a110-6d37-4f85-ab61-5ae2344da39b ] Request (TenantUsagesTestJSON:setUpClass): 200 GET http://10.180.1.21/compute/v2.1/servers/8c251d9d-c45d-43f8-a2aa-bb8df3cd4444 0.651s
2024-08-16 16:13:52.230 62421 INFO tempest.common.waiters [-] State transition "BUILD/None" ==> "BUILD/networking" after 53 second wait
2024-08-16 16:13:52.268 62433 INFO tempest.lib.common.rest_client [req-266ca427-6324-4385-9c12-c08aa9b4829b req-266ca427-6324-4385-9c12-c08aa9b4829b ] Request (ListImageFiltersTestJSON:setUpClass): 200 GET http://10.180.1.21/compute/v2.1/servers/da26844b-5630-4779-88db-d68e0ec69698 0.629s
2024-08-16 16:13:52.271 62391 INFO tempest.lib.common.rest_client [req-519b2d16-bfeb-421d-95a2-f8d2b7d966c6 req-519b2d16-bfeb-421d-95a2-f8d2b7d966c6 ] Request (ImagesOneServerNegativeTestJSON:setUpClass): 200 PUT http://10.180.1.21:9696/networking/v2.0/routers/c7c045cf-e80a-4096-9150-8bdab54c0668/add_router_interface 2.215s
2024-08-16 16:13:52.272 62391 INFO tempest.lib.common.dynamic_creds [-] Created isolated network resources for: credentials: Credentials: {'domain_id': 'default', 'domain_name': 'Default', 'username': 'tempest-ImagesOneServerNegativeTestJSON-1662414965-project-member', 'project_domain_id': 'default', 'project_domain_name': 'Default', 'project_id': '69b323f0d2f64cfda7b6e5a692847b47', 'project_name': 'tempest-ImagesOneServerNegativeTestJSON-1662414965', 'tenant_id': '69b323f0d2f64cfda7b6e5a692847b47', 'tenant_name': 'tempest-ImagesOneServerNegativeTestJSON-1662414965', 'user_domain_id': 'default', 'user_domain_name': 'Default', 'user_id': '72a8ae830f1c4d12b1109ecf0817fec5', 'system': None}, Network: {'id': '15cc6f57-ced2-436a-86bd-4c8a0fb97ca2', 'name': 'tempest-ImagesOneServerNegativeTestJSON-1596754079-network', 'tenant_id': '69b323f0d2f64cfda7b6e5a692847b47', 'admin_state_up': True, 'mtu': 8950, 'status': 'ACTIVE', 'subnets': [], 'shared': False, 'project_id': '69b323f0d2f64cfda7b6e5a692847b47', 'port_security_enabled': True, 'router:external': False, 'provider:network_type': 'vlan', 'provider:physical_network': 'default', 'provider:segmentation_id': 257, 'is_default': False, 'availability_zone_hints': [], 'availability_zones': [], 'ipv4_address_scope': None, 'ipv6_address_scope': None, 'description': '', 'tags': [], 'created_at': '2024-08-16T16:13:48Z', 'updated_at': '2024-08-16T16:13:48Z', 'revision_number': 1}, Subnet: {'id': '102a3a5d-897e-4515-8cb3-0823a560776d', 'name': 'tempest-ImagesOneServerNegativeTestJSON-1596754079-subnet', 'tenant_id': '69b323f0d2f64cfda7b6e5a692847b47', 'network_id': '15cc6f57-ced2-436a-86bd-4c8a0fb97ca2', 'ip_version': 4, 'subnetpool_id': None, 'enable_dhcp': True, 'ipv6_ra_mode': None, 'ipv6_address_mode': None, 'gateway_ip': '192.168.128.1', 'cidr': '192.168.128.0/28', 'allocation_pools': [{'start': '192.168.128.2', 'end': '192.168.128.14'}], 'host_routes': [], 'dns_nameservers': [], 'description': '', 'router:external': False, 'service_types': [], 'tags': [], 'created_at': '2024-08-16T16:13:48Z', 'updated_at': '2024-08-16T16:13:48Z', 'revision_number': 0, 'project_id': '69b323f0d2f64cfda7b6e5a692847b47'}, Router: {'id': 'c7c045cf-e80a-4096-9150-8bdab54c0668', 'name': 'tempest-ImagesOneServerNegativeTestJSON-1596754079-router', 'tenant_id': '69b323f0d2f64cfda7b6e5a692847b47', 'admin_state_up': True, 'status': 'ACTIVE', 'external_gateway_info': {'network_id': '658274b6-3cc3-4f8f-b55f-c038e1c78a53', 'external_fixed_ips': [{'subnet_id': '32b74527-36cb-4809-8063-ab56f856581f', 'ip_address': '10.180.180.144'}], 'enable_snat': True}, 'description': '', 'availability_zones': [], 'distributed': False, 'ha': False, 'availability_zone_hints': [], 'routes': [], 'flavor_id': None, 'tags': [], 'created_at': '2024-08-16T16:13:48Z', 'updated_at': '2024-08-16T16:13:49Z', 'revision_number': 2, 'project_id': '69b323f0d2f64cfda7b6e5a692847b47'}
2024-08-16 16:13:52.309 62431 INFO tempest.lib.common.rest_client [req-aafbf7cd-639c-4065-ae18-5ad29ca107f1 req-aafbf7cd-639c-4065-ae18-5ad29ca107f1 ] Request (ServerActionsTestOtherB:setUpClass): 200 GET http://10.180.1.21/compute/v2.1/servers/9310cbc2-548a-43a2-9446-38c922cef645 0.667s
2024-08-16 16:13:52.324 62407 INFO tempest.lib.common.rest_client [req-19f29556-a819-48b7-8d57-e5c4318d1f8a req-19f29556-a819-48b7-8d57-e5c4318d1f8a ] Request (AttachVolumeTestJSON:test_list_get_volume_attachments): 200 GET http://10.180.1.21/compute/v2.1/servers/1763d3e1-4eb0-4c87-b1b5-58ce42716204 0.616s
2024-08-16 16:13:52.355 62391 INFO tempest.lib.common.rest_client [req-75c69475-ec5b-4fbd-aa16-dfdfe5c68fbf req-75c69475-ec5b-4fbd-aa16-dfdfe5c68fbf ] Request (ImagesOneServerNegativeTestJSON:setUpClass): 201 POST http://10.180.1.21/identity/v3/auth/tokens 0.079s
2024-08-16 16:13:52.385 62401 INFO tempest.lib.common.rest_client [req-69460cd2-8dbf-46db-8997-b489b9cf5ee5 req-69460cd2-8dbf-46db-8997-b489b9cf5ee5 ] Request (InstanceActionsTestJSON:setUpClass): 200 GET http://10.180.1.21/compute/v2.1/servers/259368b2-0191-4686-9825-a38468fd86f2 0.596s
2024-08-16 16:13:52.395 62391 INFO tempest.lib.common.rest_client [req-3a39d30d-a7a9-4094-8c2c-bfc14122c6b7 req-3a39d30d-a7a9-4094-8c2c-bfc14122c6b7 ] Request (ImagesOneServerNegativeTestJSON:setUpClass): 201 POST http://10.180.1.21/identity/v3/auth/tokens 0.033s
2024-08-16 16:13:52.396 62391 INFO tempest.lib.common.fixed_network [-] (ImagesOneServerNegativeTestJSON:setUpClass) Found network {'id': '15cc6f57-ced2-436a-86bd-4c8a0fb97ca2', 'name': 'tempest-ImagesOneServerNegativeTestJSON-1596754079-network', 'tenant_id': '69b323f0d2f64cfda7b6e5a692847b47', 'admin_state_up': True, 'mtu': 8950, 'status': 'ACTIVE', 'subnets': [], 'shared': False, 'project_id': '69b323f0d2f64cfda7b6e5a692847b47', 'port_security_enabled': True, 'router:external': False, 'provider:network_type': 'vlan', 'provider:physical_network': 'default', 'provider:segmentation_id': 257, 'is_default': False, 'availability_zone_hints': [], 'availability_zones': [], 'ipv4_address_scope': None, 'ipv6_address_scope': None, 'description': '', 'tags': [], 'created_at': '2024-08-16T16:13:48Z', 'updated_at': '2024-08-16T16:13:48Z', 'revision_number': 1} available for tenant
2024-08-16 16:13:52.460 62390 INFO tempest.lib.common.rest_client [req-ff5af8bb-5ed3-4adc-bdac-914329d59b48 req-ff5af8bb-5ed3-4adc-bdac-914329d59b48 ] Request (FloatingIPsAssociationNegativeTestJSON:setUpClass): 200 GET http://10.180.1.21/compute/v2.1/servers/d3905ca4-f0ba-4b67-8aa8-8c12994ffe97 0.585s
2024-08-16 16:13:52.503 62395 INFO tempest.lib.common.rest_client [req-3dc10e89-d963-4f73-9960-6812f46f280a req-3dc10e89-d963-4f73-9960-6812f46f280a ] Request (VolumesAdminNegativeTest:test_update_attached_volume_with_nonexistent_volume_in_body): 200 GET http://10.180.1.21/compute/v2.1/servers/3f307b46-fe84-4d69-bfb3-fa7bdeb8f6af 0.599s
2024-08-16 16:13:52.569 62419 INFO tempest.lib.common.rest_client [req-f8de29f8-56bc-40fd-9722-ebeb31bff492 req-f8de29f8-56bc-40fd-9722-ebeb31bff492 ] Request (ServersTestFqdnHostnames:test_create_server_with_fqdn_name): 200 GET http://10.180.1.21/compute/v2.1/servers/a68daa13-d1c7-4f1b-98ed-bc0cf7661c27 0.664s
2024-08-16 16:13:52.653 62413 INFO tempest.lib.common.rest_client [req-a5fd3268-6fa6-406d-a6d6-659998bcee2b req-a5fd3268-6fa6-406d-a6d6-659998bcee2b ] Request (MigrationsAdminTest:test_list_migrations_in_flavor_resize_situation): 200 GET http://10.180.1.21/compute/v2.1/servers/4b0701a5-a149-4b20-a03d-fe77b230008a 0.677s
2024-08-16 16:13:52.708 62417 INFO tempest.lib.common.rest_client [req-f9a77d40-eb7d-49e8-84c1-337b83da7c51 req-f9a77d40-eb7d-49e8-84c1-337b83da7c51 ] Request (ServersTestManualDisk:setUpClass): 202 POST http://10.180.1.21/compute/v2.1/servers 0.905s
2024-08-16 16:13:52.710 62377 INFO tempest.lib.common.rest_client [req-5e48479e-aaf5-4910-ae9e-28a903381031 req-5e48479e-aaf5-4910-ae9e-28a903381031 ] Request (ServerPasswordTestJSON:setUpClass): 200 GET http://10.180.1.21/compute/v2.1/servers/15483781-7d72-418d-9c42-4bb680a6c0b1 0.703s
2024-08-16 16:13:52.765 62424 INFO tempest.lib.common.rest_client [req-161912c0-f0fe-4309-ab1e-410bcb521828 req-161912c0-f0fe-4309-ab1e-410bcb521828 ] Request (AttachInterfacesUnderV243Test:test_add_remove_fixed_ip): 200 GET http://10.180.1.21/compute/v2.1/servers/fd0033d9-2ceb-41cc-81dd-6814a0fd4dd7 0.716s
2024-08-16 16:13:52.805 62393 INFO tempest.lib.common.rest_client [req-296121e0-9e93-4035-b1e0-917b8b847e31 req-296121e0-9e93-4035-b1e0-917b8b847e31 ] Request (ServersAdmin275Test:tearDownClass): 200 GET http://10.180.1.21/compute/v2.1/servers/d3cf0925-7246-42b4-af88-f5abbea8f034 0.676s
2024-08-16 16:13:52.821 62404 INFO tempest.lib.common.rest_client [req-1017da31-bbe7-47fd-aefb-ef3e1c9cc76a req-1017da31-bbe7-47fd-aefb-ef3e1c9cc76a ] Request (ServersTestJSON:setUpClass): 200 GET http://10.180.1.21/compute/v2.1/servers/0ac84b40-bfd7-42e5-a949-93eb1fbf323b 0.683s
2024-08-16 16:13:52.836 62405 INFO tempest.lib.common.rest_client [req-5df6d8e9-8b6c-4b21-b491-f68e59d3f675 req-5df6d8e9-8b6c-4b21-b491-f68e59d3f675 ] Request (ServerActionsTestJSON:setUpClass): 404 GET http://10.180.1.21/compute/v2.1/servers/cc8d9890-f553-4a4b-a351-62770a7b29d8 0.669s
2024-08-16 16:13:52.836 62405 INFO tempest.test [-] raised in ServerActionsTestJSON.setUpClass. Invoking tearDownClass.
2024-08-16 16:13:52.881 62373 INFO tempest.lib.common.rest_client [req-dc1be63c-9a67-4f7a-b067-d7c1bc05bf2e req-dc1be63c-9a67-4f7a-b067-d7c1bc05bf2e ] Request (ServerActionsV293TestJSON:setUpClass): 200 GET http://10.180.1.21/compute/v2.1/servers/386c9550-2cc1-4923-806b-ffdc1a82e9d5 0.697s
2024-08-16 16:13:53.069 62443 INFO tempest.lib.common.rest_client [req-5aac6618-58b6-407a-9b2e-9c8415942dcf req-5aac6618-58b6-407a-9b2e-9c8415942dcf ] Request (ServerMetadataTestJSON:setUpClass): 200 GET http://10.180.1.21/compute/v2.1/servers/8510ba0b-1626-49a2-b685-8a512dafa949 0.806s
2024-08-16 16:13:53.136 62385 INFO tempest.lib.common.rest_client [req-0f442190-cf6a-4ccb-86bb-65f952cb0271 req-0f442190-cf6a-4ccb-86bb-65f952cb0271 ] Request (SecurityGroupsTestJSON:test_server_security_groups): 200 GET http://10.180.1.21/compute/v2.1/servers/14b8e902-f986-4b88-a538-18ca4ac94b44 0.678s
2024-08-16 16:13:53.222 62391 INFO tempest.lib.common.rest_client [req-ca454a1e-f925-4ceb-a98d-9f67a8d85726 req-ca454a1e-f925-4ceb-a98d-9f67a8d85726 ] Request (ImagesOneServerNegativeTestJSON:setUpClass): 202 POST http://10.180.1.21/compute/v2.1/servers 0.825s
2024-08-16 16:13:53.273 62437 INFO tempest.lib.common.rest_client [req-442a36bc-3c29-4133-97e1-a51e488f3f3b req-442a36bc-3c29-4133-97e1-a51e488f3f3b ] Request (ServerShowV257Test:test_rebuild_server): 200 GET http://10.180.1.21/compute/v2.1/servers/f293d01e-a8e6-4ffd-888d-098e086440eb 0.578s
2024-08-16 16:13:53.303 62388 INFO tempest.lib.common.rest_client [req-709f3691-985d-4882-b83c-a30d17e79e57 req-709f3691-985d-4882-b83c-a30d17e79e57 ] Request (FloatingIPsAssociationTestJSON:setUpClass): 200 GET http://10.180.1.21/compute/v2.1/servers/d0068b4a-a421-4693-b37c-34fc59efe361 0.775s
2024-08-16 16:13:53.317 62417 INFO tempest.lib.common.rest_client [req-4ea90a35-7bf8-458e-ab59-c902f85d8a8a req-4ea90a35-7bf8-458e-ab59-c902f85d8a8a ] Request (ServersTestManualDisk:setUpClass): 200 GET http://10.180.1.21/compute/v2.1/servers/105ebe59-672c-4448-9f77-bc33853dd9d0 0.608s
2024-08-16 16:13:53.344 62405 INFO tempest.lib.common.rest_client [req-056607b3-5c85-4a56-9524-a3db79912e23 req-056607b3-5c85-4a56-9524-a3db79912e23 ] Request (ServerActionsTestJSON:tearDownClass): 202 DELETE http://10.180.1.21/compute/v2.1/os-keypairs/tempest-keypair-1708190841 0.507s
2024-08-16 16:13:53.388 62400 INFO tempest.lib.common.rest_client [req-3ecab3f0-2f39-4a56-8034-310823db7b3e req-3ecab3f0-2f39-4a56-8034-310823db7b3e ] Request (DeleteServersAdminTestJSON:test_delete_server_while_in_error_state): 200 GET http://10.180.1.21/compute/v2.1/servers/150621b7-b140-468e-ae86-19223353952c 0.610s
2024-08-16 16:13:53.426 62397 INFO tempest.lib.common.rest_client [req-fd847f9e-715d-4c62-999c-37e60bc45c1a req-fd847f9e-715d-4c62-999c-37e60bc45c1a ] Request (ServerShowV247Test:test_update_rebuild_list_server): 200 GET http://10.180.1.21/compute/v2.1/servers/aa6c6d8e-f489-44a4-bb73-0bcc37f300b6 0.575s
2024-08-16 16:13:53.449 62416 INFO tempest.lib.common.rest_client [req-186ff817-f617-4376-a882-103b79b5b2a9 req-186ff817-f617-4376-a882-103b79b5b2a9 ] Request (ServerGroupTestJSON:test_create_server_with_scheduler_hint_group): 200 GET http://10.180.1.21/compute/v2.1/servers/4ee5bd39-ad12-41a7-a7df-dfa234b1f905 0.538s
2024-08-16 16:13:53.492 62379 INFO tempest.lib.common.rest_client [req-dd59fc5c-c551-4dad-b19d-2b1044c05a67 req-dd59fc5c-c551-4dad-b19d-2b1044c05a67 ] Request (ServerActionsTestOtherA:setUpClass): 200 GET http://10.180.1.21/compute/v2.1/servers/fef556c2-9874-4abd-938e-f89062d314f5 0.383s
2024-08-16 16:13:53.498 62405 INFO tempest.lib.common.rest_client [req-f24ae38a-6d04-40e0-8312-8aa2478295cc req-f24ae38a-6d04-40e0-8312-8aa2478295cc ] Request (ServerActionsTestJSON:tearDownClass): 204 DELETE http://10.180.1.21:9696/networking/v2.0/security-groups/72dd0b56-7c04-4aab-bd3c-f9f5793a5ab2 0.153s
2024-08-16 16:13:53.514 62425 INFO tempest.lib.common.rest_client [req-0577d669-d180-4bdb-8e68-8c64686f7f49 req-0577d669-d180-4bdb-8e68-8c64686f7f49 ] Request (InstanceActionsNegativeTestJSON:setUpClass): 200 GET http://10.180.1.21/compute/v2.1/servers/b4fdba31-cb7b-4085-9047-5489578fa69f 0.348s
2024-08-16 16:13:53.521 62405 INFO tempest.lib.common.rest_client [req-5c240eb7-30f5-4822-8e95-7af061a130fe req-5c240eb7-30f5-4822-8e95-7af061a130fe ] Request (ServerActionsTestJSON:tearDownClass): 404 GET http://10.180.1.21:9696/networking/v2.0/security-groups/72dd0b56-7c04-4aab-bd3c-f9f5793a5ab2 0.023s
2024-08-16 16:13:53.540 62375 INFO tempest.lib.common.rest_client [req-db47312d-b892-4f18-b2be-20cac98a9f01 req-db47312d-b892-4f18-b2be-20cac98a9f01 ] Request (ImagesTestJSON:test_create_server_from_snapshot): 200 GET http://10.180.1.21/compute/v2.1/servers/cd5a8fd9-5f2b-41fd-85a1-26dbc3225e3e 0.320s
2024-08-16 16:13:53.568 62391 INFO tempest.lib.common.rest_client [req-10a45aa0-7337-40d5-8b83-4ceb73e53bb9 req-10a45aa0-7337-40d5-8b83-4ceb73e53bb9 ] Request (ImagesOneServerNegativeTestJSON:setUpClass): 200 GET http://10.180.1.21/compute/v2.1/servers/806db019-402b-43df-8903-6c7602be1252 0.344s
2024-08-16 16:13:53.639 62433 INFO tempest.lib.common.rest_client [req-45775b29-6c8e-4649-b9dd-393ba9b9ac25 req-45775b29-6c8e-4649-b9dd-393ba9b9ac25 ] Request (ListImageFiltersTestJSON:setUpClass): 200 GET http://10.180.1.21/compute/v2.1/servers/da26844b-5630-4779-88db-d68e0ec69698 0.358s
2024-08-16 16:13:53.689 62431 INFO tempest.lib.common.rest_client [req-96f13731-f14f-4424-9dc7-7febfa60d056 req-96f13731-f14f-4424-9dc7-7febfa60d056 ] Request (ServerActionsTestOtherB:setUpClass): 200 GET http://10.180.1.21/compute/v2.1/servers/9310cbc2-548a-43a2-9446-38c922cef645 0.373s
2024-08-16 16:13:53.704 62421 INFO tempest.lib.common.rest_client [req-b250f1bf-5b45-430b-acbe-c45e8c9fa19f req-b250f1bf-5b45-430b-acbe-c45e8c9fa19f ] Request (TenantUsagesTestJSON:setUpClass): 200 GET http://10.180.1.21/compute/v2.1/servers/8c251d9d-c45d-43f8-a2aa-bb8df3cd4444 0.472s
2024-08-16 16:13:53.710 62421 INFO tempest.common.waiters [-] State transition "BUILD/networking" ==> "BUILD/block_device_mapping" after 54 second wait
2024-08-16 16:13:53.758 62407 INFO tempest.lib.common.rest_client [req-212438cd-c0fe-46c8-82e6-9c010d5ef53c req-212438cd-c0fe-46c8-82e6-9c010d5ef53c ] Request (AttachVolumeTestJSON:test_list_get_volume_attachments): 200 GET http://10.180.1.21/compute/v2.1/servers/1763d3e1-4eb0-4c87-b1b5-58ce42716204 0.428s
2024-08-16 16:13:53.766 62401 INFO tempest.lib.common.rest_client [req-2f0f991a-a12b-43a2-8534-f5824bf1d664 req-2f0f991a-a12b-43a2-8534-f5824bf1d664 ] Request (InstanceActionsTestJSON:setUpClass): 200 GET http://10.180.1.21/compute/v2.1/servers/259368b2-0191-4686-9825-a38468fd86f2 0.373s
2024-08-16 16:13:53.821 62395 INFO tempest.lib.common.rest_client [req-08985a1f-55e4-4ecc-bc6a-00c23291f75b req-08985a1f-55e4-4ecc-bc6a-00c23291f75b ] Request (VolumesAdminNegativeTest:test_update_attached_volume_with_nonexistent_volume_in_body): 200 GET http://10.180.1.21/compute/v2.1/servers/3f307b46-fe84-4d69-bfb3-fa7bdeb8f6af 0.310s
2024-08-16 16:13:53.825 62390 INFO tempest.lib.common.rest_client [req-69061e1b-3763-4a5c-b3bb-6b0f5fb2fbab req-69061e1b-3763-4a5c-b3bb-6b0f5fb2fbab ] Request (FloatingIPsAssociationNegativeTestJSON:setUpClass): 200 GET http://10.180.1.21/compute/v2.1/servers/d3905ca4-f0ba-4b67-8aa8-8c12994ffe97 0.356s
2024-08-16 16:13:53.869 62419 INFO tempest.lib.common.rest_client [req-13f4b62b-9ed8-426b-8205-e0eadd43551b req-13f4b62b-9ed8-426b-8205-e0eadd43551b ] Request (ServersTestFqdnHostnames:test_create_server_with_fqdn_name): 200 GET http://10.180.1.21/compute/v2.1/servers/a68daa13-d1c7-4f1b-98ed-bc0cf7661c27 0.293s
2024-08-16 16:13:53.882 62413 INFO tempest.lib.common.rest_client [req-9a8dbd57-56bd-4fa6-b166-43bb06b3ac9f req-9a8dbd57-56bd-4fa6-b166-43bb06b3ac9f ] Request (MigrationsAdminTest:test_list_migrations_in_flavor_resize_situation): 200 GET http://10.180.1.21/compute/v2.1/servers/4b0701a5-a149-4b20-a03d-fe77b230008a 0.222s
2024-08-16 16:13:53.914 62377 INFO tempest.lib.common.rest_client [req-d8a34316-b525-4930-bbb6-b63c6425cc47 req-d8a34316-b525-4930-bbb6-b63c6425cc47 ] Request (ServerPasswordTestJSON:setUpClass): 200 GET http://10.180.1.21/compute/v2.1/servers/15483781-7d72-418d-9c42-4bb680a6c0b1 0.196s
2024-08-16 16:13:53.933 62424 INFO tempest.lib.common.rest_client [req-46fce911-2b7c-4e63-a274-1ecdd780572e req-46fce911-2b7c-4e63-a274-1ecdd780572e ] Request (AttachInterfacesUnderV243Test:test_add_remove_fixed_ip): 200 GET http://10.180.1.21/compute/v2.1/servers/fd0033d9-2ceb-41cc-81dd-6814a0fd4dd7 0.161s
2024-08-16 16:13:53.940 62405 INFO tempest.lib.common.rest_client [req-a226019e-2aca-4bf3-aa28-21e8b101f2c7 req-a226019e-2aca-4bf3-aa28-21e8b101f2c7 ] Request (ServerActionsTestJSON:tearDownClass): 204 DELETE http://10.180.1.21:9696/networking/v2.0/floatingips/4124f0a6-cbc6-4a2b-887f-ff46b46e79de 0.419s
2024-08-16 16:13:53.983 62404 INFO tempest.lib.common.rest_client [req-a421ae51-aa58-4f3d-b513-8be07f00bd64 req-a421ae51-aa58-4f3d-b513-8be07f00bd64 ] Request (ServersTestJSON:setUpClass): 200 GET http://10.180.1.21/compute/v2.1/servers/0ac84b40-bfd7-42e5-a949-93eb1fbf323b 0.155s
2024-08-16 16:13:53.992 62393 INFO tempest.lib.common.rest_client [req-b51fdd6c-9900-4854-adc8-7d4e997e9231 req-b51fdd6c-9900-4854-adc8-7d4e997e9231 ] Request (ServersAdmin275Test:tearDownClass): 200 GET http://10.180.1.21/compute/v2.1/servers/d3cf0925-7246-42b4-af88-f5abbea8f034 0.178s
2024-08-16 16:13:54.042 62373 INFO tempest.lib.common.rest_client [req-b6485f84-f177-440a-81ed-4f05ae0a0f36 req-b6485f84-f177-440a-81ed-4f05ae0a0f36 ] Request (ServerActionsV293TestJSON:setUpClass): 200 GET http://10.180.1.21/compute/v2.1/servers/386c9550-2cc1-4923-806b-ffdc1a82e9d5 0.151s
2024-08-16 16:13:54.141 62443 INFO tempest.lib.common.rest_client [req-f11b2f39-64cd-438d-95a5-fe45d923f084 req-f11b2f39-64cd-438d-95a5-fe45d923f084 ] Request (ServerMetadataTestJSON:setUpClass): 200 GET http://10.180.1.21/compute/v2.1/servers/8510ba0b-1626-49a2-b685-8a512dafa949 0.063s
2024-08-16 16:13:54.196 62385 INFO tempest.lib.common.rest_client [req-202afb55-3c11-4d4d-bc1f-3eba068f8440 req-202afb55-3c11-4d4d-bc1f-3eba068f8440 ] Request (SecurityGroupsTestJSON:test_server_security_groups): 200 GET http://10.180.1.21/compute/v2.1/servers/14b8e902-f986-4b88-a538-18ca4ac94b44 0.052s
2024-08-16 16:13:54.342 62437 INFO tempest.lib.common.rest_client [req-c754d9f3-c1a3-435c-9a60-2ef8b398be15 req-c754d9f3-c1a3-435c-9a60-2ef8b398be15 ] Request (ServerShowV257Test:test_rebuild_server): 200 GET http://10.180.1.21/compute/v2.1/servers/f293d01e-a8e6-4ffd-888d-098e086440eb 0.061s
2024-08-16 16:13:54.402 62388 INFO tempest.lib.common.rest_client [req-872a2e3e-fa2b-491f-9c55-c7086442c363 req-872a2e3e-fa2b-491f-9c55-c7086442c363 ] Request (FloatingIPsAssociationTestJSON:setUpClass): 200 GET http://10.180.1.21/compute/v2.1/servers/d0068b4a-a421-4693-b37c-34fc59efe361 0.090s
2024-08-16 16:13:54.412 62417 INFO tempest.lib.common.rest_client [req-5896840d-fd17-42d9-9347-3a1d684b63c4 req-5896840d-fd17-42d9-9347-3a1d684b63c4 ] Request (ServersTestManualDisk:setUpClass): 200 GET http://10.180.1.21/compute/v2.1/servers/105ebe59-672c-4448-9f77-bc33853dd9d0 0.088s
2024-08-16 16:13:54.455 62400 INFO tempest.lib.common.rest_client [req-3b12bd3e-0de4-4b12-97ba-fdea3b9dc60e req-3b12bd3e-0de4-4b12-97ba-fdea3b9dc60e ] Request (DeleteServersAdminTestJSON:test_delete_server_while_in_error_state): 200 GET http://10.180.1.21/compute/v2.1/servers/150621b7-b140-468e-ae86-19223353952c 0.059s
2024-08-16 16:13:54.499 62397 INFO tempest.lib.common.rest_client [req-762d753e-0dc6-4553-bded-631deb86aa7a req-762d753e-0dc6-4553-bded-631deb86aa7a ] Request (ServerShowV247Test:test_update_rebuild_list_server): 200 GET http://10.180.1.21/compute/v2.1/servers/aa6c6d8e-f489-44a4-bb73-0bcc37f300b6 0.064s
2024-08-16 16:13:54.507 62397 INFO tempest.common.waiters [-] State transition "REBUILD/rebuilding" ==> "REBUILD/rebuild_spawning" after 3 second wait
2024-08-16 16:13:54.512 62416 INFO tempest.lib.common.rest_client [req-eac3107e-7a45-417a-a4fa-de84b24503b7 req-eac3107e-7a45-417a-a4fa-de84b24503b7 ] Request (ServerGroupTestJSON:test_create_server_with_scheduler_hint_group): 200 GET http://10.180.1.21/compute/v2.1/servers/4ee5bd39-ad12-41a7-a7df-dfa234b1f905 0.057s
2024-08-16 16:13:54.574 62379 INFO tempest.lib.common.rest_client [req-0a962f36-38c3-43f9-a7a7-8af751163d9f req-0a962f36-38c3-43f9-a7a7-8af751163d9f ] Request (ServerActionsTestOtherA:setUpClass): 200 GET http://10.180.1.21/compute/v2.1/servers/fef556c2-9874-4abd-938e-f89062d314f5 0.071s
2024-08-16 16:13:54.576 62425 INFO tempest.lib.common.rest_client [req-57386006-6f38-4b92-a904-e9cdff94d49c req-57386006-6f38-4b92-a904-e9cdff94d49c ] Request (InstanceActionsNegativeTestJSON:setUpClass): 200 GET http://10.180.1.21/compute/v2.1/servers/b4fdba31-cb7b-4085-9047-5489578fa69f 0.054s
2024-08-16 16:13:54.616 62375 INFO tempest.lib.common.rest_client [req-9cd42954-a640-4806-bdae-f8807f0d7c7f req-9cd42954-a640-4806-bdae-f8807f0d7c7f ] Request (ImagesTestJSON:test_create_server_from_snapshot): 200 GET http://10.180.1.21/compute/v2.1/servers/cd5a8fd9-5f2b-41fd-85a1-26dbc3225e3e 0.068s
2024-08-16 16:13:54.623 62391 INFO tempest.lib.common.rest_client [req-af8b0ce0-ec2d-44c4-818d-68ac402ebed7 req-af8b0ce0-ec2d-44c4-818d-68ac402ebed7 ] Request (ImagesOneServerNegativeTestJSON:setUpClass): 200 GET http://10.180.1.21/compute/v2.1/servers/806db019-402b-43df-8903-6c7602be1252 0.047s
2024-08-16 16:13:54.661 62405 INFO tempest.lib.common.rest_client [req-6871c663-05b7-46e6-bf6f-ce751a0ab7e3 req-6871c663-05b7-46e6-bf6f-ce751a0ab7e3 ] Request (ServerActionsTestJSON:tearDownClass): 200 PUT http://10.180.1.21:9696/networking/v2.0/routers/fa1475d7-ffed-447b-b4e1-7f699a46e356/remove_router_interface 0.721s
2024-08-16 16:13:54.704 62433 INFO tempest.lib.common.rest_client [req-fc143a25-49f7-4d2d-88c6-6d05bc36ee70 req-fc143a25-49f7-4d2d-88c6-6d05bc36ee70 ] Request (ListImageFiltersTestJSON:setUpClass): 200 GET http://10.180.1.21/compute/v2.1/servers/da26844b-5630-4779-88db-d68e0ec69698 0.056s
2024-08-16 16:13:54.767 62421 INFO tempest.lib.common.rest_client [req-2695f5e4-bf44-4f08-b106-e4004dfc4c8d req-2695f5e4-bf44-4f08-b106-e4004dfc4c8d ] Request (TenantUsagesTestJSON:setUpClass): 200 GET http://10.180.1.21/compute/v2.1/servers/8c251d9d-c45d-43f8-a2aa-bb8df3cd4444 0.056s
2024-08-16 16:13:54.773 62421 INFO tempest.common.waiters [-] State transition "BUILD/block_device_mapping" ==> "BUILD/spawning" after 55 second wait
2024-08-16 16:13:54.777 62431 INFO tempest.lib.common.rest_client [req-bc719abd-e57c-4303-afab-4712848372f9 req-bc719abd-e57c-4303-afab-4712848372f9 ] Request (ServerActionsTestOtherB:setUpClass): 200 GET http://10.180.1.21/compute/v2.1/servers/9310cbc2-548a-43a2-9446-38c922cef645 0.081s
2024-08-16 16:13:54.825 62407 INFO tempest.lib.common.rest_client [req-0017cc84-7cc7-431d-8d54-62ccabf9788d req-0017cc84-7cc7-431d-8d54-62ccabf9788d ] Request (AttachVolumeTestJSON:test_list_get_volume_attachments): 200 GET http://10.180.1.21/compute/v2.1/servers/1763d3e1-4eb0-4c87-b1b5-58ce42716204 0.059s
2024-08-16 16:13:54.905 62395 INFO tempest.lib.common.rest_client [req-d7d670b2-1bf1-46ea-bf08-549603e80841 req-d7d670b2-1bf1-46ea-bf08-549603e80841 ] Request (VolumesAdminNegativeTest:test_update_attached_volume_with_nonexistent_volume_in_body): 200 GET http://10.180.1.21/compute/v2.1/servers/3f307b46-fe84-4d69-bfb3-fa7bdeb8f6af 0.071s
2024-08-16 16:13:54.905 62401 INFO tempest.lib.common.rest_client [req-3eae3087-df91-479e-bf06-2235cf710873 req-3eae3087-df91-479e-bf06-2235cf710873 ] Request (InstanceActionsTestJSON:setUpClass): 200 GET http://10.180.1.21/compute/v2.1/servers/259368b2-0191-4686-9825-a38468fd86f2 0.132s
2024-08-16 16:13:54.961 62390 INFO tempest.lib.common.rest_client [req-7a68b298-bea5-4d8e-b4d3-8b9bc6d65a95 req-7a68b298-bea5-4d8e-b4d3-8b9bc6d65a95 ] Request (FloatingIPsAssociationNegativeTestJSON:setUpClass): 200 GET http://10.180.1.21/compute/v2.1/servers/d3905ca4-f0ba-4b67-8aa8-8c12994ffe97 0.124s
2024-08-16 16:13:54.970 62419 INFO tempest.lib.common.rest_client [req-6e69b51f-d278-4236-9d37-7cb25364d704 req-6e69b51f-d278-4236-9d37-7cb25364d704 ] Request (ServersTestFqdnHostnames:test_create_server_with_fqdn_name): 200 GET http://10.180.1.21/compute/v2.1/servers/a68daa13-d1c7-4f1b-98ed-bc0cf7661c27 0.094s
2024-08-16 16:13:55.024 62405 INFO tempest.lib.common.rest_client [req-86603ea6-6d9f-494c-a9f8-0e42e2279dff req-86603ea6-6d9f-494c-a9f8-0e42e2279dff ] Request (ServerActionsTestJSON:tearDownClass): 204 DELETE http://10.180.1.21:9696/networking/v2.0/routers/fa1475d7-ffed-447b-b4e1-7f699a46e356 0.363s
2024-08-16 16:13:55.028 62413 INFO tempest.lib.common.rest_client [req-2345f6d9-c5f6-4c4b-90b8-a09fa9e01e52 req-2345f6d9-c5f6-4c4b-90b8-a09fa9e01e52 ] Request (MigrationsAdminTest:test_list_migrations_in_flavor_resize_situation): 200 GET http://10.180.1.21/compute/v2.1/servers/4b0701a5-a149-4b20-a03d-fe77b230008a 0.139s
2024-08-16 16:13:55.042 62377 INFO tempest.lib.common.rest_client [req-9fabb6bb-2cbc-4eea-9735-88192bc37e70 req-9fabb6bb-2cbc-4eea-9735-88192bc37e70 ] Request (ServerPasswordTestJSON:setUpClass): 200 GET http://10.180.1.21/compute/v2.1/servers/15483781-7d72-418d-9c42-4bb680a6c0b1 0.120s
2024-08-16 16:13:55.098 62404 INFO tempest.lib.common.rest_client [req-d266c4c0-132f-457c-8273-69f87bad8941 req-d266c4c0-132f-457c-8273-69f87bad8941 ] Request (ServersTestJSON:setUpClass): 200 GET http://10.180.1.21/compute/v2.1/servers/0ac84b40-bfd7-42e5-a949-93eb1fbf323b 0.101s
2024-08-16 16:13:55.137 62424 INFO tempest.lib.common.rest_client [req-d317236d-c2a3-4d1b-93cb-3a81cbead532 req-d317236d-c2a3-4d1b-93cb-3a81cbead532 ] Request (AttachInterfacesUnderV243Test:test_add_remove_fixed_ip): 200 GET http://10.180.1.21/compute/v2.1/servers/fd0033d9-2ceb-41cc-81dd-6814a0fd4dd7 0.197s
2024-08-16 16:13:55.167 62393 INFO tempest.lib.common.rest_client [req-6ab687ca-df99-47c3-8c47-6e95124f9a2a req-6ab687ca-df99-47c3-8c47-6e95124f9a2a ] Request (ServersAdmin275Test:tearDownClass): 200 GET http://10.180.1.21/compute/v2.1/servers/d3cf0925-7246-42b4-af88-f5abbea8f034 0.165s
2024-08-16 16:13:55.175 62393 INFO tempest.common.waiters [-] State transition "ACTIVE/deleting" ==> "DELETED/None" after 5 second wait
2024-08-16 16:13:55.200 62373 INFO tempest.lib.common.rest_client [req-ef6b2118-9671-43b5-a469-ae2bee20d55c req-ef6b2118-9671-43b5-a469-ae2bee20d55c ] Request (ServerActionsV293TestJSON:setUpClass): 200 GET http://10.180.1.21/compute/v2.1/servers/386c9550-2cc1-4923-806b-ffdc1a82e9d5 0.148s
2024-08-16 16:13:55.210 62405 INFO tempest.lib.common.rest_client [req-840e61ef-e9d5-4aa6-8f1e-bed32b8a208e req-840e61ef-e9d5-4aa6-8f1e-bed32b8a208e ] Request (ServerActionsTestJSON:tearDownClass): 204 DELETE http://10.180.1.21:9696/networking/v2.0/subnets/789ac739-de11-4ea6-b4ad-3b686f980c5f 0.186s
2024-08-16 16:13:55.227 62443 INFO tempest.lib.common.rest_client [req-8bd8ccbb-e5e2-46ef-ab44-c5a1c060a375 req-8bd8ccbb-e5e2-46ef-ab44-c5a1c060a375 ] Request (ServerMetadataTestJSON:setUpClass): 200 GET http://10.180.1.21/compute/v2.1/servers/8510ba0b-1626-49a2-b685-8a512dafa949 0.080s
2024-08-16 16:13:55.276 62385 INFO tempest.lib.common.rest_client [req-54e2929b-262c-4268-b0eb-4eb314348773 req-54e2929b-262c-4268-b0eb-4eb314348773 ] Request (SecurityGroupsTestJSON:test_server_security_groups): 200 GET http://10.180.1.21/compute/v2.1/servers/14b8e902-f986-4b88-a538-18ca4ac94b44 0.072s
2024-08-16 16:13:55.404 62437 INFO tempest.lib.common.rest_client [req-8e50e2a3-5cca-4db7-a3aa-1560d087aa9f req-8e50e2a3-5cca-4db7-a3aa-1560d087aa9f ] Request (ServerShowV257Test:test_rebuild_server): 200 GET http://10.180.1.21/compute/v2.1/servers/f293d01e-a8e6-4ffd-888d-098e086440eb 0.053s
2024-08-16 16:13:55.462 62405 INFO tempest.lib.common.rest_client [req-30094bfb-12cf-4158-8927-88af80530784 req-30094bfb-12cf-4158-8927-88af80530784 ] Request (ServerActionsTestJSON:tearDownClass): 204 DELETE http://10.180.1.21:9696/networking/v2.0/networks/28beed7b-9c74-4e16-ae5c-c2a1c7d525c3 0.251s
2024-08-16 16:13:55.471 62388 INFO tempest.lib.common.rest_client [req-f863916e-0d2e-40f9-a9f7-e2c304310053 req-f863916e-0d2e-40f9-a9f7-e2c304310053 ] Request (FloatingIPsAssociationTestJSON:setUpClass): 200 GET http://10.180.1.21/compute/v2.1/servers/d0068b4a-a421-4693-b37c-34fc59efe361 0.062s
2024-08-16 16:13:55.487 62417 INFO tempest.lib.common.rest_client [req-d4c2ff07-0688-47fc-a58e-3f85a3a251d6 req-d4c2ff07-0688-47fc-a58e-3f85a3a251d6 ] Request (ServersTestManualDisk:setUpClass): 200 GET http://10.180.1.21/compute/v2.1/servers/105ebe59-672c-4448-9f77-bc33853dd9d0 0.067s
2024-08-16 16:13:55.525 62400 INFO tempest.lib.common.rest_client [req-1c21c1a8-fc52-4342-9b96-aef49aede536 req-1c21c1a8-fc52-4342-9b96-aef49aede536 ] Request (DeleteServersAdminTestJSON:test_delete_server_while_in_error_state): 200 GET http://10.180.1.21/compute/v2.1/servers/150621b7-b140-468e-ae86-19223353952c 0.063s
2024-08-16 16:13:55.557 62405 INFO tempest.lib.common.rest_client [req-d71bf620-df56-4328-9cc2-f2997a53df21 req-d71bf620-df56-4328-9cc2-f2997a53df21 ] Request (ServerActionsTestJSON:tearDownClass): 204 DELETE http://10.180.1.21/identity/v3/users/07478dfac7454cfa9df3011b5d6713c4 0.095s
2024-08-16 16:13:55.557 62405 INFO tempest.lib.common.dynamic_creds [-] Deleting project and security group for project: 05600d8ce105432d8fef28705de9df3c
2024-08-16 16:13:55.575 62397 INFO tempest.lib.common.rest_client [req-4b94d0e2-c309-4c98-ad57-745245039f68 req-4b94d0e2-c309-4c98-ad57-745245039f68 ] Request (ServerShowV247Test:test_update_rebuild_list_server): 200 GET http://10.180.1.21/compute/v2.1/servers/aa6c6d8e-f489-44a4-bb73-0bcc37f300b6 0.067s
2024-08-16 16:13:55.590 62416 INFO tempest.lib.common.rest_client [req-7d0c4f3e-be28-46c8-8a85-42e070b600da req-7d0c4f3e-be28-46c8-8a85-42e070b600da ] Request (ServerGroupTestJSON:test_create_server_with_scheduler_hint_group): 200 GET http://10.180.1.21/compute/v2.1/servers/4ee5bd39-ad12-41a7-a7df-dfa234b1f905 0.071s
2024-08-16 16:13:55.609 62405 INFO tempest.lib.common.rest_client [req-2c34c446-08e3-4a96-8fc8-7fbc1a9f8556 req-2c34c446-08e3-4a96-8fc8-7fbc1a9f8556 ] Request (ServerActionsTestJSON:tearDownClass): 200 GET http://10.180.1.21:9696/networking/v2.0/security-groups?tenant_id=05600d8ce105432d8fef28705de9df3c&name=default 0.051s
2024-08-16 16:13:55.643 62425 INFO tempest.lib.common.rest_client [req-be148e28-aafe-467a-a77b-e8a87e7e4600 req-be148e28-aafe-467a-a77b-e8a87e7e4600 ] Request (InstanceActionsNegativeTestJSON:setUpClass): 200 GET http://10.180.1.21/compute/v2.1/servers/b4fdba31-cb7b-4085-9047-5489578fa69f 0.060s
2024-08-16 16:13:55.646 62379 INFO tempest.lib.common.rest_client [req-6675729a-ed91-4714-8980-e575af74be1a req-6675729a-ed91-4714-8980-e575af74be1a ] Request (ServerActionsTestOtherA:setUpClass): 200 GET http://10.180.1.21/compute/v2.1/servers/fef556c2-9874-4abd-938e-f89062d314f5 0.064s
2024-08-16 16:13:55.693 62375 INFO tempest.lib.common.rest_client [req-29ef9788-8622-4c1e-9c5e-5949dd5b36a7 req-29ef9788-8622-4c1e-9c5e-5949dd5b36a7 ] Request (ImagesTestJSON:test_create_server_from_snapshot): 200 GET http://10.180.1.21/compute/v2.1/servers/cd5a8fd9-5f2b-41fd-85a1-26dbc3225e3e 0.070s
2024-08-16 16:13:55.700 62391 INFO tempest.lib.common.rest_client [req-ed6448bf-7291-4bd5-a50d-2520504e4b1f req-ed6448bf-7291-4bd5-a50d-2520504e4b1f ] Request (ImagesOneServerNegativeTestJSON:setUpClass): 200 GET http://10.180.1.21/compute/v2.1/servers/806db019-402b-43df-8903-6c7602be1252 0.070s
2024-08-16 16:13:55.731 62405 INFO tempest.lib.common.rest_client [req-cbe2cf46-9c89-4f15-8cef-dda0e8d8b01c req-cbe2cf46-9c89-4f15-8cef-dda0e8d8b01c ] Request (ServerActionsTestJSON:tearDownClass): 204 DELETE http://10.180.1.21:9696/networking/v2.0/security-groups/e69f7190-4f25-4216-9ec5-8b9c8583428d 0.122s
2024-08-16 16:13:55.782 62433 INFO tempest.lib.common.rest_client [req-50135505-f9eb-4f96-a3ce-67511ea80cba req-50135505-f9eb-4f96-a3ce-67511ea80cba ] Request (ListImageFiltersTestJSON:setUpClass): 200 GET http://10.180.1.21/compute/v2.1/servers/da26844b-5630-4779-88db-d68e0ec69698 0.071s
2024-08-16 16:13:55.829 62405 INFO tempest.lib.common.rest_client [req-382a57fa-8462-44bd-9726-1812c56b6646 req-382a57fa-8462-44bd-9726-1812c56b6646 ] Request (ServerActionsTestJSON:tearDownClass): 204 DELETE http://10.180.1.21/identity/v3/projects/05600d8ce105432d8fef28705de9df3c 0.097s
2024-08-16 16:13:55.840 62431 INFO tempest.lib.common.rest_client [req-cad2bf78-3922-4382-ada0-dfd010e70345 req-cad2bf78-3922-4382-ada0-dfd010e70345 ] Request (ServerActionsTestOtherB:setUpClass): 200 GET http://10.180.1.21/compute/v2.1/servers/9310cbc2-548a-43a2-9446-38c922cef645 0.056s
2024-08-16 16:13:55.846 62421 INFO tempest.lib.common.rest_client [req-cb49e5b0-8266-4baa-a462-b62140ab5629 req-cb49e5b0-8266-4baa-a462-b62140ab5629 ] Request (TenantUsagesTestJSON:setUpClass): 200 GET http://10.180.1.21/compute/v2.1/servers/8c251d9d-c45d-43f8-a2aa-bb8df3cd4444 0.071s
2024-08-16 16:13:55.894 62405 INFO tempest.lib.common.rest_client [req-ae37b231-ba25-4804-81cd-3652a680c465 req-ae37b231-ba25-4804-81cd-3652a680c465 ] Request (ServerAddressesNegativeTestJSON:setUpClass): 201 POST http://10.180.1.21/identity/v3/auth/tokens 0.062s
2024-08-16 16:13:55.898 62407 INFO tempest.lib.common.rest_client [req-d6140c4c-dd68-4f7d-841c-8dd1f5a83c52 req-d6140c4c-dd68-4f7d-841c-8dd1f5a83c52 ] Request (AttachVolumeTestJSON:test_list_get_volume_attachments): 200 GET http://10.180.1.21/compute/v2.1/servers/1763d3e1-4eb0-4c87-b1b5-58ce42716204 0.066s
2024-08-16 16:13:55.928 62405 INFO tempest.lib.common.rest_client [req-9aa5741a-cab4-4e39-a7b4-ea71eda84aa3 req-9aa5741a-cab4-4e39-a7b4-ea71eda84aa3 ] Request (ServerAddressesNegativeTestJSON:setUpClass): 201 POST http://10.180.1.21/identity/v3/auth/tokens 0.032s
2024-08-16 16:13:55.959 62405 INFO tempest.lib.common.rest_client [req-48b9f966-348f-45b0-b2a6-302c01d452a5 req-48b9f966-348f-45b0-b2a6-302c01d452a5 ] Request (ServerAddressesNegativeTestJSON:setUpClass): 200 GET http://10.180.1.21/identity/v3/domains?name=Default 0.030s
2024-08-16 16:13:55.986 62405 INFO tempest.lib.common.rest_client [req-0c65e17c-e2ef-44d1-8a64-575c8747afcc req-0c65e17c-e2ef-44d1-8a64-575c8747afcc ] Request (ServerAddressesNegativeTestJSON:setUpClass): 201 POST http://10.180.1.21/identity/v3/projects 0.026s
2024-08-16 16:13:56.017 62395 INFO tempest.lib.common.rest_client [req-f1ad530e-19dc-4feb-833b-4ce44208086c req-f1ad530e-19dc-4feb-833b-4ce44208086c ] Request (VolumesAdminNegativeTest:test_update_attached_volume_with_nonexistent_volume_in_body): 200 GET http://10.180.1.21/compute/v2.1/servers/3f307b46-fe84-4d69-bfb3-fa7bdeb8f6af 0.105s
2024-08-16 16:13:56.076 62405 INFO tempest.lib.common.rest_client [req-9f37d25f-80ae-4130-b9f1-6bd1d3b0e9d9 req-9f37d25f-80ae-4130-b9f1-6bd1d3b0e9d9 ] Request (ServerAddressesNegativeTestJSON:setUpClass): 201 POST http://10.180.1.21/identity/v3/users 0.090s
2024-08-16 16:13:56.081 62401 INFO tempest.lib.common.rest_client [req-611a6e8a-7646-4fbd-a182-962b63ebf7e6 req-611a6e8a-7646-4fbd-a182-962b63ebf7e6 ] Request (InstanceActionsTestJSON:setUpClass): 200 GET http://10.180.1.21/compute/v2.1/servers/259368b2-0191-4686-9825-a38468fd86f2 0.169s
2024-08-16 16:13:56.087 62401 INFO tempest.common.waiters [-] State transition "BUILD/None" ==> "BUILD/block_device_mapping" after 57 second wait
2024-08-16 16:13:56.100 62405 INFO tempest.lib.common.rest_client [req-cf66bad0-a335-4273-a92e-b4b5d59043ca req-cf66bad0-a335-4273-a92e-b4b5d59043ca ] Request (ServerAddressesNegativeTestJSON:setUpClass): 200 GET http://10.180.1.21/identity/v3/roles 0.023s
2024-08-16 16:13:56.106 62390 INFO tempest.lib.common.rest_client [req-6cbb0cbd-9081-453e-afab-077dccbb8a73 req-6cbb0cbd-9081-453e-afab-077dccbb8a73 ] Request (FloatingIPsAssociationNegativeTestJSON:setUpClass): 200 GET http://10.180.1.21/compute/v2.1/servers/d3905ca4-f0ba-4b67-8aa8-8c12994ffe97 0.134s
2024-08-16 16:13:56.140 62419 INFO tempest.lib.common.rest_client [req-272a8e66-b536-483d-8ed8-8c44dc538c9e req-272a8e66-b536-483d-8ed8-8c44dc538c9e ] Request (ServersTestFqdnHostnames:test_create_server_with_fqdn_name): 200 GET http://10.180.1.21/compute/v2.1/servers/a68daa13-d1c7-4f1b-98ed-bc0cf7661c27 0.163s
2024-08-16 16:13:56.142 62405 INFO tempest.lib.common.rest_client [req-1f8bc429-aae3-407e-9cad-3cc9b7e5c5bf req-1f8bc429-aae3-407e-9cad-3cc9b7e5c5bf ] Request (ServerAddressesNegativeTestJSON:setUpClass): 204 PUT http://10.180.1.21/identity/v3/projects/b474a57861b8494c96c9026814a96038/users/e292a95dae7a4520af9a5a46f6068371/roles/174532a16dbc43438b3fcd4d0dbec533 0.041s
2024-08-16 16:13:56.142 62405 INFO tempest.lib.common.dynamic_creds [-] Dynamic test user e292a95dae7a4520af9a5a46f6068371 is created with scope project and roles: ['member']
