2024-08-16 16:14:12.897 62437 INFO tempest.lib.common.rest_client [req-c138032c-9e7c-4907-ba30-d8cde6407eb2 req-c138032c-9e7c-4907-ba30-d8cde6407eb2 ] Request (ServerShowV257Test:test_rebuild_server): 200 GET http://10.180.1.21/compute/v2.1/servers/f293d01e-a8e6-4ffd-888d-098e086440eb 0.052s
2024-08-16 16:14:12.944 62385 INFO tempest.lib.common.rest_client [req-c76c4c58-7d3d-40e9-861c-d305c25ada21 req-c76c4c58-7d3d-40e9-861c-d305c25ada21 ] Request (SecurityGroupsTestJSON:test_server_security_groups): 200 GET http://10.180.1.21/compute/v2.1/servers/14b8e902-f986-4b88-a538-18ca4ac94b44 0.068s
2024-08-16 16:14:13.002 62400 INFO tempest.lib.common.rest_client [req-f094e54c-0b21-4d79-9db4-52d496df6fa5 req-f094e54c-0b21-4d79-9db4-52d496df6fa5 ] Request (DeleteServersAdminTestJSON:test_delete_server_while_in_error_state): 200 GET http://10.180.1.21/compute/v2.1/servers/150621b7-b140-468e-ae86-19223353952c 0.105s
2024-08-16 16:14:13.054 62417 INFO tempest.lib.common.rest_client [req-0ef19537-f004-4a04-ba42-fb2b4e718454 req-0ef19537-f004-4a04-ba42-fb2b4e718454 ] Request (ServersTestManualDisk:setUpClass): 200 GET http://10.180.1.21/compute/v2.1/servers/105ebe59-672c-4448-9f77-bc33853dd9d0 0.118s
2024-08-16 16:14:13.069 62390 INFO tempest.lib.common.rest_client [req-897d10db-0114-45d9-bb1a-926187630d84 req-897d10db-0114-45d9-bb1a-926187630d84 ] Request (SecurityGroupRulesNegativeTestJSON:test_create_security_group_rule_duplicate): 200 POST http://10.180.1.21/compute/v2.1/os-security-groups 0.204s
2024-08-16 16:14:13.110 62416 INFO tempest.lib.common.rest_client [req-09efe627-05fe-4239-88d8-788dcff36b31 req-09efe627-05fe-4239-88d8-788dcff36b31 ] Request (ServerGroupTestJSON:test_create_server_with_scheduler_hint_group): 200 GET http://10.180.1.21/compute/v2.1/servers/4ee5bd39-ad12-41a7-a7df-dfa234b1f905 0.150s
2024-08-16 16:14:13.116 62416 INFO tempest.common.waiters [-] State transition "BUILD/None" ==> "BUILD/networking" after 60 second wait
2024-08-16 16:14:13.118 62425 INFO tempest.lib.common.rest_client [req-6c98129e-0ac4-45f0-ba35-533e77683e17 req-6c98129e-0ac4-45f0-ba35-533e77683e17 ] Request (InstanceActionsNegativeTestJSON:setUpClass): 200 GET http://10.180.1.21/compute/v2.1/servers/b4fdba31-cb7b-4085-9047-5489578fa69f 0.126s
2024-08-16 16:14:13.162 62379 INFO tempest.lib.common.rest_client [req-7ab6f5ad-cfbe-4336-99bc-44cc31055b0c req-7ab6f5ad-cfbe-4336-99bc-44cc31055b0c ] Request (ServerActionsTestOtherA:setUpClass): 200 GET http://10.180.1.21/compute/v2.1/servers/fef556c2-9874-4abd-938e-f89062d314f5 0.142s
2024-08-16 16:14:13.167 62375 INFO tempest.lib.common.rest_client [req-375017b4-2425-4714-afbc-26e5476deeb7 req-375017b4-2425-4714-afbc-26e5476deeb7 ] Request (ImagesTestJSON:test_create_server_from_snapshot): 200 GET http://10.180.1.21/compute/v2.1/servers/cd5a8fd9-5f2b-41fd-85a1-26dbc3225e3e 0.108s
2024-08-16 16:14:13.212 62433 INFO tempest.lib.common.rest_client [req-e0df73c4-2962-44e5-ad16-766b286cd849 req-e0df73c4-2962-44e5-ad16-766b286cd849 ] Request (ListImageFiltersTestJSON:setUpClass): 200 GET http://10.180.1.21/compute/v2.1/servers/da26844b-5630-4779-88db-d68e0ec69698 0.145s
2024-08-16 16:14:13.262 62421 INFO tempest.lib.common.rest_client [req-2b80a1d1-97e0-45d9-bde9-33b6fe87b6ac req-2b80a1d1-97e0-45d9-bde9-33b6fe87b6ac ] Request (TenantUsagesTestJSON:setUpClass): 200 GET http://10.180.1.21/compute/v2.1/servers/8c251d9d-c45d-43f8-a2aa-bb8df3cd4444 0.126s
2024-08-16 16:14:13.333 62397 INFO tempest.lib.common.rest_client [req-e02b1435-2b0d-4c0e-bcf5-d2ed5c8d7ca4 req-e02b1435-2b0d-4c0e-bcf5-d2ed5c8d7ca4 ] Request (ServerShowV247Test:tearDownClass): 200 GET http://10.180.1.21/compute/v2.1/servers/aa6c6d8e-f489-44a4-bb73-0bcc37f300b6 0.194s
2024-08-16 16:14:13.382 62431 INFO tempest.lib.common.rest_client [req-a664cd67-4c37-43cb-a02d-4160cc16ee29 req-a664cd67-4c37-43cb-a02d-4160cc16ee29 ] Request (ServerActionsTestOtherB:setUpClass): 200 GET http://10.180.1.21/compute/v2.1/servers/9310cbc2-548a-43a2-9446-38c922cef645 0.188s
2024-08-16 16:14:13.409 62390 INFO tempest.lib.common.rest_client [req-f3548c7f-f007-403f-87f3-29c58f1eb7ec req-f3548c7f-f007-403f-87f3-29c58f1eb7ec ] Request (SecurityGroupRulesNegativeTestJSON:test_create_security_group_rule_duplicate): 200 POST http://10.180.1.21/compute/v2.1/os-security-group-rules 0.338s
2024-08-16 16:14:13.434 62391 INFO tempest.lib.common.rest_client [req-f7d72ff2-286a-4681-bb59-d387143db7f5 req-f7d72ff2-286a-4681-bb59-d387143db7f5 ] Request (ImagesOneServerNegativeTestJSON:setUpClass): 200 GET http://10.180.1.21/compute/v2.1/servers/806db019-402b-43df-8903-6c7602be1252 0.238s
2024-08-16 16:14:13.478 62405 INFO tempest.lib.common.rest_client [req-8679e51b-d532-4fd9-a1d2-7ab73c652ec6 req-8679e51b-d532-4fd9-a1d2-7ab73c652ec6 ] Request (ServerAddressesNegativeTestJSON:setUpClass): 200 GET http://10.180.1.21/compute/v2.1/servers/fc9b29b3-9aed-49aa-a4d3-365f6bd06a6f 0.172s
2024-08-16 16:14:13.511 62407 INFO tempest.lib.common.rest_client [req-1092151d-d0e8-4384-836e-1e1f4fd43aa7 req-1092151d-d0e8-4384-836e-1e1f4fd43aa7 ] Request (AttachVolumeTestJSON:test_list_get_volume_attachments): 200 GET http://10.180.1.21/compute/v2.1/servers/1763d3e1-4eb0-4c87-b1b5-58ce42716204 0.227s
2024-08-16 16:14:13.525 62395 INFO tempest.lib.common.rest_client [req-56337128-de87-44b7-99ab-4be0408b0b79 req-56337128-de87-44b7-99ab-4be0408b0b79 ] Request (VolumesAdminNegativeTest:test_update_attached_volume_with_nonexistent_volume_in_body): 200 GET http://10.180.1.21/compute/v2.1/servers/3f307b46-fe84-4d69-bfb3-fa7bdeb8f6af 0.157s
2024-08-16 16:14:13.564 62401 INFO tempest.lib.common.rest_client [req-51a53c12-0c85-4f0d-a6c8-5a07629a5da2 req-51a53c12-0c85-4f0d-a6c8-5a07629a5da2 ] Request (InstanceActionsTestJSON:setUpClass): 200 GET http://10.180.1.21/compute/v2.1/servers/259368b2-0191-4686-9825-a38468fd86f2 0.178s
2024-08-16 16:14:13.580 62390 INFO tempest.lib.common.rest_client [req-ea7400ca-3398-4263-b334-0ac4754be4e0 req-ea7400ca-3398-4263-b334-0ac4754be4e0 ] Request (SecurityGroupRulesNegativeTestJSON:test_create_security_group_rule_duplicate): 400 POST http://10.180.1.21/compute/v2.1/os-security-group-rules 0.169s
2024-08-16 16:14:13.615 62419 INFO tempest.lib.common.rest_client [req-bb1a914b-f671-495e-a584-131b88c2555c req-bb1a914b-f671-495e-a584-131b88c2555c ] Request (ServersTestFqdnHostnames:test_create_server_with_fqdn_name): 200 GET http://10.180.1.21/compute/v2.1/servers/a68daa13-d1c7-4f1b-98ed-bc0cf7661c27 0.191s
2024-08-16 16:14:13.632 62377 INFO tempest.lib.common.rest_client [req-a8e81d7c-ca65-4687-9442-ca94210ecac6 req-a8e81d7c-ca65-4687-9442-ca94210ecac6 ] Request (ServerPasswordTestJSON:setUpClass): 200 GET http://10.180.1.21/compute/v2.1/servers/15483781-7d72-418d-9c42-4bb680a6c0b1 0.149s
2024-08-16 16:14:13.660 62424 INFO tempest.lib.common.rest_client [req-628a6b21-a794-484e-8599-a6972b0294a5 req-628a6b21-a794-484e-8599-a6972b0294a5 ] Request (AttachInterfacesUnderV243Test:test_add_remove_fixed_ip): 200 GET http://10.180.1.21/compute/v2.1/servers/fd0033d9-2ceb-41cc-81dd-6814a0fd4dd7 0.141s
2024-08-16 16:14:13.745 62390 INFO tempest.lib.common.rest_client [req-418182b3-8bbb-4536-9786-8bbeb50b27b1 req-418182b3-8bbb-4536-9786-8bbeb50b27b1 ] Request (SecurityGroupRulesNegativeTestJSON:_run_cleanups): 202 DELETE http://10.180.1.21/compute/v2.1/os-security-group-rules/8773e8ef-17bb-4dab-b591-9252dc87b18e 0.165s
2024-08-16 16:14:13.751 62404 INFO tempest.lib.common.rest_client [req-90d8cefe-dd29-4440-b1bb-e0662cec99b3 req-90d8cefe-dd29-4440-b1bb-e0662cec99b3 ] Request (ServersTestJSON:setUpClass): 200 GET http://10.180.1.21/compute/v2.1/servers/0ac84b40-bfd7-42e5-a949-93eb1fbf323b 0.072s
2024-08-16 16:14:13.798 62443 INFO tempest.lib.common.rest_client [req-279968ad-7135-44b0-b49b-8fc8907bcaa7 req-279968ad-7135-44b0-b49b-8fc8907bcaa7 ] Request (ServerMetadataTestJSON:setUpClass): 200 GET http://10.180.1.21/compute/v2.1/servers/8510ba0b-1626-49a2-b685-8a512dafa949 0.067s
2024-08-16 16:14:13.809 62373 INFO tempest.lib.common.rest_client [req-6ec6ebea-608d-4148-b5da-4110d4599dd9 req-6ec6ebea-608d-4148-b5da-4110d4599dd9 ] Request (ServerActionsV293TestJSON:setUpClass): 200 GET http://10.180.1.21/compute/v2.1/servers/386c9550-2cc1-4923-806b-ffdc1a82e9d5 0.110s
2024-08-16 16:14:13.862 62413 INFO tempest.lib.common.rest_client [req-ba4954d8-ec60-47b2-b586-290456cd356b req-ba4954d8-ec60-47b2-b586-290456cd356b ] Request (MigrationsAdminTest:test_list_migrations_in_flavor_resize_situation): 200 GET http://10.180.1.21/compute/v2.1/servers/4b0701a5-a149-4b20-a03d-fe77b230008a 0.050s
2024-08-16 16:14:13.921 62393 INFO tempest.lib.common.rest_client [req-3647594c-c276-4eb1-895c-61f58c375f48 req-3647594c-c276-4eb1-895c-61f58c375f48 ] Request (ServersAdmin275Test:tearDownClass): 200 GET http://10.180.1.21/compute/v2.1/servers/d3cf0925-7246-42b4-af88-f5abbea8f034 0.083s
2024-08-16 16:14:13.957 62390 INFO tempest.lib.common.rest_client [req-32d6b857-3083-4d4a-99fb-38e3c1da9e0c req-32d6b857-3083-4d4a-99fb-38e3c1da9e0c ] Request (SecurityGroupRulesNegativeTestJSON:test_create_security_group_rule_with_invalid_from_port): 200 POST http://10.180.1.21/compute/v2.1/os-security-groups 0.210s
2024-08-16 16:14:13.964 62388 INFO tempest.lib.common.rest_client [req-3a9f5896-1f3c-488f-a587-b2c82191ee89 req-3a9f5896-1f3c-488f-a587-b2c82191ee89 ] Request (FloatingIPsAssociationTestJSON:setUpClass): 200 GET http://10.180.1.21/compute/v2.1/servers/d0068b4a-a421-4693-b37c-34fc59efe361 0.083s
2024-08-16 16:14:14.009 62437 INFO tempest.lib.common.rest_client [req-1172a6bf-2aa9-47f8-bccf-d0d70c6a5289 req-1172a6bf-2aa9-47f8-bccf-d0d70c6a5289 ] Request (ServerShowV257Test:test_rebuild_server): 200 GET http://10.180.1.21/compute/v2.1/servers/f293d01e-a8e6-4ffd-888d-098e086440eb 0.101s
2024-08-16 16:14:14.021 62385 INFO tempest.lib.common.rest_client [req-0451a77b-f299-45ad-bef4-2bf681a6b259 req-0451a77b-f299-45ad-bef4-2bf681a6b259 ] Request (SecurityGroupsTestJSON:test_server_security_groups): 200 GET http://10.180.1.21/compute/v2.1/servers/14b8e902-f986-4b88-a538-18ca4ac94b44 0.069s
2024-08-16 16:14:14.058 62390 INFO tempest.lib.common.rest_client [req-879204ff-8482-40a0-bd9c-04d9fbbf7186 req-879204ff-8482-40a0-bd9c-04d9fbbf7186 ] Request (SecurityGroupRulesNegativeTestJSON:test_create_security_group_rule_with_invalid_from_port): 400 POST http://10.180.1.21/compute/v2.1/os-security-group-rules 0.098s
2024-08-16 16:14:14.070 62390 INFO tempest.lib.common.rest_client [req-6c0df3ff-f97f-45e8-9c7b-ce07aa13f692 req-6c0df3ff-f97f-45e8-9c7b-ce07aa13f692 ] Request (SecurityGroupRulesNegativeTestJSON:test_create_security_group_rule_with_invalid_id): 400 POST http://10.180.1.21/compute/v2.1/os-security-group-rules 0.009s
2024-08-16 16:14:14.087 62400 INFO tempest.lib.common.rest_client [req-b943a3d7-23d0-4f9e-aa8c-fb033c37d3ad req-b943a3d7-23d0-4f9e-aa8c-fb033c37d3ad ] Request (DeleteServersAdminTestJSON:test_delete_server_while_in_error_state): 200 GET http://10.180.1.21/compute/v2.1/servers/150621b7-b140-468e-ae86-19223353952c 0.078s
2024-08-16 16:14:14.116 62417 INFO tempest.lib.common.rest_client [req-8e5fef5b-2413-4073-8dd7-dcd9e16f6eb7 req-8e5fef5b-2413-4073-8dd7-dcd9e16f6eb7 ] Request (ServersTestManualDisk:setUpClass): 200 GET http://10.180.1.21/compute/v2.1/servers/105ebe59-672c-4448-9f77-bc33853dd9d0 0.055s
2024-08-16 16:14:14.185 62390 INFO tempest.lib.common.rest_client [req-5e99ef2f-549f-4bef-87d1-631a6c9f0a5d req-5e99ef2f-549f-4bef-87d1-631a6c9f0a5d ] Request (SecurityGroupRulesNegativeTestJSON:test_create_security_group_rule_with_invalid_ip_protocol): 200 POST http://10.180.1.21/compute/v2.1/os-security-groups 0.113s
2024-08-16 16:14:14.248 62425 INFO tempest.lib.common.rest_client [req-e001c393-bed1-4db5-b0fe-bbce723297e5 req-e001c393-bed1-4db5-b0fe-bbce723297e5 ] Request (InstanceActionsNegativeTestJSON:setUpClass): 200 GET http://10.180.1.21/compute/v2.1/servers/b4fdba31-cb7b-4085-9047-5489578fa69f 0.123s
2024-08-16 16:14:14.293 62379 INFO tempest.lib.common.rest_client [req-c4e8d542-03d5-44a6-ad18-9663fd4a6154 req-c4e8d542-03d5-44a6-ad18-9663fd4a6154 ] Request (ServerActionsTestOtherA:setUpClass): 200 GET http://10.180.1.21/compute/v2.1/servers/fef556c2-9874-4abd-938e-f89062d314f5 0.123s
2024-08-16 16:14:14.305 62416 INFO tempest.lib.common.rest_client [req-feeb2872-1ef7-4681-a91d-d9907661b485 req-feeb2872-1ef7-4681-a91d-d9907661b485 ] Request (ServerGroupTestJSON:test_create_server_with_scheduler_hint_group): 200 GET http://10.180.1.21/compute/v2.1/servers/4ee5bd39-ad12-41a7-a7df-dfa234b1f905 0.188s
2024-08-16 16:14:14.312 62416 INFO tempest.common.waiters [-] State transition "BUILD/networking" ==> "BUILD/spawning" after 61 second wait
2024-08-16 16:14:14.336 62375 INFO tempest.lib.common.rest_client [req-03d275bd-72bc-4197-a047-a3bcc50a4c57 req-03d275bd-72bc-4197-a047-a3bcc50a4c57 ] Request (ImagesTestJSON:test_create_server_from_snapshot): 200 GET http://10.180.1.21/compute/v2.1/servers/cd5a8fd9-5f2b-41fd-85a1-26dbc3225e3e 0.162s
2024-08-16 16:14:14.367 62390 INFO tempest.lib.common.rest_client [req-ca2e12df-c79b-4618-bea4-346bdc66c7df req-ca2e12df-c79b-4618-bea4-346bdc66c7df ] Request (SecurityGroupRulesNegativeTestJSON:test_create_security_group_rule_with_invalid_ip_protocol): 400 POST http://10.180.1.21/compute/v2.1/os-security-group-rules 0.179s
2024-08-16 16:14:14.386 62433 INFO tempest.lib.common.rest_client [req-0fa77e94-46a5-4de5-8eef-e683e6d33a47 req-0fa77e94-46a5-4de5-8eef-e683e6d33a47 ] Request (ListImageFiltersTestJSON:setUpClass): 200 GET http://10.180.1.21/compute/v2.1/servers/da26844b-5630-4779-88db-d68e0ec69698 0.166s
2024-08-16 16:14:14.415 62421 INFO tempest.lib.common.rest_client [req-1c1f17fe-1327-4d22-945f-1cecfc12b9a9 req-1c1f17fe-1327-4d22-945f-1cecfc12b9a9 ] Request (TenantUsagesTestJSON:setUpClass): 200 GET http://10.180.1.21/compute/v2.1/servers/8c251d9d-c45d-43f8-a2aa-bb8df3cd4444 0.145s
2024-08-16 16:14:14.440 62397 INFO tempest.lib.common.rest_client [req-53bd150b-bd62-4600-8deb-0a8f54bfeb26 req-53bd150b-bd62-4600-8deb-0a8f54bfeb26 ] Request (ServerShowV247Test:tearDownClass): 200 GET http://10.180.1.21/compute/v2.1/servers/aa6c6d8e-f489-44a4-bb73-0bcc37f300b6 0.096s
2024-08-16 16:14:14.483 62431 INFO tempest.lib.common.rest_client [req-e40733c1-8bd8-4440-8aaa-6362eb24d2c3 req-e40733c1-8bd8-4440-8aaa-6362eb24d2c3 ] Request (ServerActionsTestOtherB:setUpClass): 200 GET http://10.180.1.21/compute/v2.1/servers/9310cbc2-548a-43a2-9446-38c922cef645 0.087s
2024-08-16 16:14:14.535 62391 INFO tempest.lib.common.rest_client [req-68520513-f481-4303-bf80-76cec2cb6010 req-68520513-f481-4303-bf80-76cec2cb6010 ] Request (ImagesOneServerNegativeTestJSON:setUpClass): 200 GET http://10.180.1.21/compute/v2.1/servers/806db019-402b-43df-8903-6c7602be1252 0.095s
2024-08-16 16:14:14.596 62405 INFO tempest.lib.common.rest_client [req-beaa45e1-e09e-4a07-b722-f8e75835b243 req-beaa45e1-e09e-4a07-b722-f8e75835b243 ] Request (ServerAddressesNegativeTestJSON:setUpClass): 200 GET http://10.180.1.21/compute/v2.1/servers/fc9b29b3-9aed-49aa-a4d3-365f6bd06a6f 0.111s
2024-08-16 16:14:14.622 62390 INFO tempest.lib.common.rest_client [req-1ac3060e-86f0-475b-b060-3e34b48a7bdd req-1ac3060e-86f0-475b-b060-3e34b48a7bdd ] Request (SecurityGroupRulesNegativeTestJSON:test_create_security_group_rule_with_invalid_port_range): 200 POST http://10.180.1.21/compute/v2.1/os-security-groups 0.254s
2024-08-16 16:14:14.661 62407 INFO tempest.lib.common.rest_client [req-9315a8b8-c8ca-40ee-95be-211df53ca7a5 req-9315a8b8-c8ca-40ee-95be-211df53ca7a5 ] Request (AttachVolumeTestJSON:test_list_get_volume_attachments): 200 GET http://10.180.1.21/compute/v2.1/servers/1763d3e1-4eb0-4c87-b1b5-58ce42716204 0.142s
2024-08-16 16:14:14.697 62395 INFO tempest.lib.common.rest_client [req-d346df63-d1d6-4d5f-bcfb-4c19cae201fc req-d346df63-d1d6-4d5f-bcfb-4c19cae201fc ] Request (VolumesAdminNegativeTest:test_update_attached_volume_with_nonexistent_volume_in_body): 200 GET http://10.180.1.21/compute/v2.1/servers/3f307b46-fe84-4d69-bfb3-fa7bdeb8f6af 0.164s
2024-08-16 16:14:14.716 62401 INFO tempest.lib.common.rest_client [req-a26d4e45-f2ff-4ef5-8f1a-744277d33144 req-a26d4e45-f2ff-4ef5-8f1a-744277d33144 ] Request (InstanceActionsTestJSON:setUpClass): 200 GET http://10.180.1.21/compute/v2.1/servers/259368b2-0191-4686-9825-a38468fd86f2 0.144s
2024-08-16 16:14:14.753 62390 INFO tempest.lib.common.rest_client [req-61a7ce52-2fe6-4d06-a9ae-36d5bf3aaecb req-61a7ce52-2fe6-4d06-a9ae-36d5bf3aaecb ] Request (SecurityGroupRulesNegativeTestJSON:test_create_security_group_rule_with_invalid_port_range): 400 POST http://10.180.1.21/compute/v2.1/os-security-group-rules 0.128s
2024-08-16 16:14:14.769 62419 INFO tempest.lib.common.rest_client [req-d9f6f0a7-e20c-4395-af5a-3b0b9c818440 req-d9f6f0a7-e20c-4395-af5a-3b0b9c818440 ] Request (ServersTestFqdnHostnames:test_create_server_with_fqdn_name): 200 GET http://10.180.1.21/compute/v2.1/servers/a68daa13-d1c7-4f1b-98ed-bc0cf7661c27 0.147s
2024-08-16 16:14:14.800 62377 INFO tempest.lib.common.rest_client [req-96f0d987-7a31-4f02-b518-ca3c9f720e84 req-96f0d987-7a31-4f02-b518-ca3c9f720e84 ] Request (ServerPasswordTestJSON:setUpClass): 200 GET http://10.180.1.21/compute/v2.1/servers/15483781-7d72-418d-9c42-4bb680a6c0b1 0.162s
2024-08-16 16:14:14.862 62424 INFO tempest.lib.common.rest_client [req-da3f9d38-b14b-4565-a57c-ff4ac50dfe36 req-da3f9d38-b14b-4565-a57c-ff4ac50dfe36 ] Request (AttachInterfacesUnderV243Test:test_add_remove_fixed_ip): 200 GET http://10.180.1.21/compute/v2.1/servers/fd0033d9-2ceb-41cc-81dd-6814a0fd4dd7 0.195s
2024-08-16 16:14:14.907 62390 INFO tempest.lib.common.rest_client [req-70320609-6475-4dfa-8a0f-37d81dedb3f0 req-70320609-6475-4dfa-8a0f-37d81dedb3f0 ] Request (SecurityGroupRulesNegativeTestJSON:test_create_security_group_rule_with_invalid_to_port): 200 POST http://10.180.1.21/compute/v2.1/os-security-groups 0.153s
2024-08-16 16:14:14.948 62404 INFO tempest.lib.common.rest_client [req-4730cd00-3024-4788-a8db-ef3c2f9125ba req-4730cd00-3024-4788-a8db-ef3c2f9125ba ] Request (ServersTestJSON:setUpClass): 200 GET http://10.180.1.21/compute/v2.1/servers/0ac84b40-bfd7-42e5-a949-93eb1fbf323b 0.190s
2024-08-16 16:14:15.078 62373 INFO tempest.lib.common.rest_client [req-b821fc52-0d72-4e4f-b2e3-b862ba64b6ca req-b821fc52-0d72-4e4f-b2e3-b862ba64b6ca ] Request (ServerActionsV293TestJSON:setUpClass): 200 GET http://10.180.1.21/compute/v2.1/servers/386c9550-2cc1-4923-806b-ffdc1a82e9d5 0.259s
2024-08-16 16:14:15.133 62413 INFO tempest.lib.common.rest_client [req-d1074023-4db5-44a4-875d-c3fb809fd488 req-d1074023-4db5-44a4-875d-c3fb809fd488 ] Request (MigrationsAdminTest:test_list_migrations_in_flavor_resize_situation): 200 GET http://10.180.1.21/compute/v2.1/servers/4b0701a5-a149-4b20-a03d-fe77b230008a 0.260s
2024-08-16 16:14:15.165 62443 INFO tempest.lib.common.rest_client [req-77656106-7da8-46e0-9bcd-52c36649bb63 req-77656106-7da8-46e0-9bcd-52c36649bb63 ] Request (ServerMetadataTestJSON:setUpClass): 200 GET http://10.180.1.21/compute/v2.1/servers/8510ba0b-1626-49a2-b685-8a512dafa949 0.360s
2024-08-16 16:14:15.187 62390 INFO tempest.lib.common.rest_client [req-9eedd5a4-396d-4426-939d-a042a1593aef req-9eedd5a4-396d-4426-939d-a042a1593aef ] Request (SecurityGroupRulesNegativeTestJSON:test_create_security_group_rule_with_invalid_to_port): 400 POST http://10.180.1.21/compute/v2.1/os-security-group-rules 0.278s
2024-08-16 16:14:15.219 62393 INFO tempest.lib.common.rest_client [req-9453da3f-79fe-4cc3-9164-d5c0866122b8 req-9453da3f-79fe-4cc3-9164-d5c0866122b8 ] Request (ServersAdmin275Test:tearDownClass): 200 GET http://10.180.1.21/compute/v2.1/servers/d3cf0925-7246-42b4-af88-f5abbea8f034 0.288s
2024-08-16 16:14:15.235 62388 INFO tempest.lib.common.rest_client [req-60cdb27c-4846-4e61-a592-33ffb54e825b req-60cdb27c-4846-4e61-a592-33ffb54e825b ] Request (FloatingIPsAssociationTestJSON:setUpClass): 200 GET http://10.180.1.21/compute/v2.1/servers/d0068b4a-a421-4693-b37c-34fc59efe361 0.263s
2024-08-16 16:14:15.277 62437 INFO tempest.lib.common.rest_client [req-1cbc6465-aba0-4e0d-8e55-6b528a0e4343 req-1cbc6465-aba0-4e0d-8e55-6b528a0e4343 ] Request (ServerShowV257Test:test_rebuild_server): 200 GET http://10.180.1.21/compute/v2.1/servers/f293d01e-a8e6-4ffd-888d-098e086440eb 0.259s
2024-08-16 16:14:15.284 62437 INFO tempest.common.waiters [-] State transition "BUILD/spawning" ==> "ACTIVE/None" after 65 second wait
2024-08-16 16:14:15.290 62385 INFO tempest.lib.common.rest_client [req-4f81142f-2b2d-4c02-80d0-1f76a5e56927 req-4f81142f-2b2d-4c02-80d0-1f76a5e56927 ] Request (SecurityGroupsTestJSON:test_server_security_groups): 200 GET http://10.180.1.21/compute/v2.1/servers/14b8e902-f986-4b88-a538-18ca4ac94b44 0.261s
2024-08-16 16:14:15.330 62400 INFO tempest.lib.common.rest_client [req-09b99020-b231-4576-aad0-44d89b0134af req-09b99020-b231-4576-aad0-44d89b0134af ] Request (DeleteServersAdminTestJSON:test_delete_server_while_in_error_state): 200 GET http://10.180.1.21/compute/v2.1/servers/150621b7-b140-468e-ae86-19223353952c 0.235s
2024-08-16 16:14:15.347 62417 INFO tempest.lib.common.rest_client [req-77c944fa-465d-4464-a5f0-dcbdeff01a6e req-77c944fa-465d-4464-a5f0-dcbdeff01a6e ] Request (ServersTestManualDisk:setUpClass): 200 GET http://10.180.1.21/compute/v2.1/servers/105ebe59-672c-4448-9f77-bc33853dd9d0 0.224s
2024-08-16 16:14:15.355 62390 INFO tempest.lib.common.rest_client [req-28035fac-69f8-42ed-af49-fab08ee1d4c7 req-28035fac-69f8-42ed-af49-fab08ee1d4c7 ] Request (SecurityGroupRulesNegativeTestJSON:test_create_security_group_rule_with_non_existent_id): 404 POST http://10.180.1.21/compute/v2.1/os-security-group-rules 0.166s
2024-08-16 16:14:15.406 62425 INFO tempest.lib.common.rest_client [req-a158da0d-0bd9-4db2-9051-6785ef558052 req-a158da0d-0bd9-4db2-9051-6785ef558052 ] Request (InstanceActionsNegativeTestJSON:setUpClass): 200 GET http://10.180.1.21/compute/v2.1/servers/b4fdba31-cb7b-4085-9047-5489578fa69f 0.151s
2024-08-16 16:14:15.459 62379 INFO tempest.lib.common.rest_client [req-a94c626c-8383-4f7c-8174-451d693f5e9e req-a94c626c-8383-4f7c-8174-451d693f5e9e ] Request (ServerActionsTestOtherA:setUpClass): 200 GET http://10.180.1.21/compute/v2.1/servers/fef556c2-9874-4abd-938e-f89062d314f5 0.159s
2024-08-16 16:14:15.534 62437 INFO tempest.lib.common.rest_client [req-d74806b6-07af-48e0-a0d9-a25bbd968cd9 req-d74806b6-07af-48e0-a0d9-a25bbd968cd9 ] Request (ServerShowV257Test:test_rebuild_server): 202 POST http://10.180.1.21/compute/v2.1/servers/f293d01e-a8e6-4ffd-888d-098e086440eb/action 0.249s
2024-08-16 16:14:15.550 62416 INFO tempest.lib.common.rest_client [req-db410509-964c-438e-ad0c-9c3676b8d80c req-db410509-964c-438e-ad0c-9c3676b8d80c ] Request (ServerGroupTestJSON:test_create_server_with_scheduler_hint_group): 200 GET http://10.180.1.21/compute/v2.1/servers/4ee5bd39-ad12-41a7-a7df-dfa234b1f905 0.238s
2024-08-16 16:14:15.578 62390 INFO tempest.lib.common.rest_client [req-e2736e90-5bba-4b34-85f2-76fe0be55f09 req-e2736e90-5bba-4b34-85f2-76fe0be55f09 ] Request (SecurityGroupRulesNegativeTestJSON:test_delete_security_group_rule_with_non_existent_id): 404 DELETE http://10.180.1.21/compute/v2.1/os-security-group-rules/6c7c5b74-fd8a-42eb-a7e6-d0a92dbb04e7 0.222s
2024-08-16 16:14:15.580 62375 INFO tempest.lib.common.rest_client [req-bfd621a3-2554-4473-a510-971b66ebb56f req-bfd621a3-2554-4473-a510-971b66ebb56f ] Request (ImagesTestJSON:test_create_server_from_snapshot): 200 GET http://10.180.1.21/compute/v2.1/servers/cd5a8fd9-5f2b-41fd-85a1-26dbc3225e3e 0.236s
2024-08-16 16:14:15.626 62421 INFO tempest.lib.common.rest_client [req-69e78877-3f48-4e20-8978-09f22567eaa5 req-69e78877-3f48-4e20-8978-09f22567eaa5 ] Request (TenantUsagesTestJSON:setUpClass): 200 GET http://10.180.1.21/compute/v2.1/servers/8c251d9d-c45d-43f8-a2aa-bb8df3cd4444 0.204s
2024-08-16 16:14:15.627 62433 INFO tempest.lib.common.rest_client [req-90ca5cb1-a49a-4eb4-b812-547cc4d4c02a req-90ca5cb1-a49a-4eb4-b812-547cc4d4c02a ] Request (ListImageFiltersTestJSON:setUpClass): 200 GET http://10.180.1.21/compute/v2.1/servers/da26844b-5630-4779-88db-d68e0ec69698 0.229s
2024-08-16 16:14:15.667 62431 INFO tempest.lib.common.rest_client [req-6c4297fb-fcd2-44e6-bda2-13c5a5a92d6c req-6c4297fb-fcd2-44e6-bda2-13c5a5a92d6c ] Request (ServerActionsTestOtherB:setUpClass): 200 GET http://10.180.1.21/compute/v2.1/servers/9310cbc2-548a-43a2-9446-38c922cef645 0.177s
2024-08-16 16:14:15.685 62397 INFO tempest.lib.common.rest_client [req-572fec98-5572-4ad6-af35-b14494cd73d3 req-572fec98-5572-4ad6-af35-b14494cd73d3 ] Request (ServerShowV247Test:tearDownClass): 200 GET http://10.180.1.21/compute/v2.1/servers/aa6c6d8e-f489-44a4-bb73-0bcc37f300b6 0.236s
2024-08-16 16:14:15.729 62437 INFO tempest.lib.common.rest_client [req-6f8d7948-91a6-4e4b-b356-1cf97cff20b5 req-6f8d7948-91a6-4e4b-b356-1cf97cff20b5 ] Request (ServerShowV257Test:test_rebuild_server): 200 GET http://10.180.1.21/compute/v2.1/servers/f293d01e-a8e6-4ffd-888d-098e086440eb 0.189s
2024-08-16 16:14:15.729 62391 INFO tempest.lib.common.rest_client [req-b5e06bb1-5a5b-4a35-a196-88e931e0d28e req-b5e06bb1-5a5b-4a35-a196-88e931e0d28e ] Request (ImagesOneServerNegativeTestJSON:setUpClass): 200 GET http://10.180.1.21/compute/v2.1/servers/806db019-402b-43df-8903-6c7602be1252 0.186s
2024-08-16 16:14:15.784 62405 INFO tempest.lib.common.rest_client [req-54449a8c-e814-41bc-83bf-b1f610cf4897 req-54449a8c-e814-41bc-83bf-b1f610cf4897 ] Request (ServerAddressesNegativeTestJSON:setUpClass): 200 GET http://10.180.1.21/compute/v2.1/servers/fc9b29b3-9aed-49aa-a4d3-365f6bd06a6f 0.181s
2024-08-16 16:14:15.827 62407 INFO tempest.lib.common.rest_client [req-1890558b-09e7-4b1c-9108-79484755fa79 req-1890558b-09e7-4b1c-9108-79484755fa79 ] Request (AttachVolumeTestJSON:test_list_get_volume_attachments): 200 GET http://10.180.1.21/compute/v2.1/servers/1763d3e1-4eb0-4c87-b1b5-58ce42716204 0.157s
2024-08-16 16:14:15.874 62395 INFO tempest.lib.common.rest_client [req-1f429e8e-6dfa-413e-ac41-bc33a1385eb5 req-1f429e8e-6dfa-413e-ac41-bc33a1385eb5 ] Request (VolumesAdminNegativeTest:test_update_attached_volume_with_nonexistent_volume_in_body): 200 GET http://10.180.1.21/compute/v2.1/servers/3f307b46-fe84-4d69-bfb3-fa7bdeb8f6af 0.169s
2024-08-16 16:14:15.878 62390 INFO tempest.lib.common.rest_client [req-483e178b-1c64-46b8-aa2e-ad8710f76a4e req-483e178b-1c64-46b8-aa2e-ad8710f76a4e ] Request (SecurityGroupRulesNegativeTestJSON:tearDownClass): 202 DELETE http://10.180.1.21/compute/v2.1/os-security-groups/4946bc61-bf92-4a6c-a3f0-23ff4f2af0da 0.299s
2024-08-16 16:14:15.923 62401 INFO tempest.lib.common.rest_client [req-273dd5e0-57ab-48ce-bd9d-4495c7c7634b req-273dd5e0-57ab-48ce-bd9d-4495c7c7634b ] Request (InstanceActionsTestJSON:setUpClass): 200 GET http://10.180.1.21/compute/v2.1/servers/259368b2-0191-4686-9825-a38468fd86f2 0.199s
2024-08-16 16:14:15.929 62419 INFO tempest.lib.common.rest_client [req-b37d68ba-c17a-4db2-93b0-bb2d0112ab7c req-b37d68ba-c17a-4db2-93b0-bb2d0112ab7c ] Request (ServersTestFqdnHostnames:test_create_server_with_fqdn_name): 200 GET http://10.180.1.21/compute/v2.1/servers/a68daa13-d1c7-4f1b-98ed-bc0cf7661c27 0.153s
2024-08-16 16:14:15.967 62377 INFO tempest.lib.common.rest_client [req-4927e162-769a-4b0d-b729-61c64162cdd8 req-4927e162-769a-4b0d-b729-61c64162cdd8 ] Request (ServerPasswordTestJSON:setUpClass): 200 GET http://10.180.1.21/compute/v2.1/servers/15483781-7d72-418d-9c42-4bb680a6c0b1 0.158s
2024-08-16 16:14:15.984 62424 INFO tempest.lib.common.rest_client [req-1f98e5fb-f64b-47d9-b79f-5e96da548bf9 req-1f98e5fb-f64b-47d9-b79f-5e96da548bf9 ] Request (AttachInterfacesUnderV243Test:test_add_remove_fixed_ip): 200 GET http://10.180.1.21/compute/v2.1/servers/fd0033d9-2ceb-41cc-81dd-6814a0fd4dd7 0.114s
2024-08-16 16:14:16.053 62404 INFO tempest.lib.common.rest_client [req-acaee22e-5324-4d06-8454-6ba9c720d727 req-acaee22e-5324-4d06-8454-6ba9c720d727 ] Request (ServersTestJSON:setUpClass): 200 GET http://10.180.1.21/compute/v2.1/servers/0ac84b40-bfd7-42e5-a949-93eb1fbf323b 0.098s
2024-08-16 16:14:16.074 62390 INFO tempest.lib.common.rest_client [req-7156a1b3-b2fe-4492-b0c8-143e9e80b924 req-7156a1b3-b2fe-4492-b0c8-143e9e80b924 ] Request (SecurityGroupRulesNegativeTestJSON:tearDownClass): 202 DELETE http://10.180.1.21/compute/v2.1/os-security-groups/92456248-24af-4349-b65b-740f7e564e74 0.196s
2024-08-16 16:14:16.157 62373 INFO tempest.lib.common.rest_client [req-c3a0fa9a-a125-4a5d-8126-3ebc765fe053 req-c3a0fa9a-a125-4a5d-8126-3ebc765fe053 ] Request (ServerActionsV293TestJSON:setUpClass): 200 GET http://10.180.1.21/compute/v2.1/servers/386c9550-2cc1-4923-806b-ffdc1a82e9d5 0.068s
2024-08-16 16:14:16.204 62413 INFO tempest.lib.common.rest_client [req-b17e1c61-08cb-4c50-9987-df2090231748 req-b17e1c61-08cb-4c50-9987-df2090231748 ] Request (MigrationsAdminTest:test_list_migrations_in_flavor_resize_situation): 200 GET http://10.180.1.21/compute/v2.1/servers/4b0701a5-a149-4b20-a03d-fe77b230008a 0.064s
2024-08-16 16:14:16.250 62443 INFO tempest.lib.common.rest_client [req-949d18f9-1fc7-4e7b-8a21-09ced598c606 req-949d18f9-1fc7-4e7b-8a21-09ced598c606 ] Request (ServerMetadataTestJSON:setUpClass): 200 GET http://10.180.1.21/compute/v2.1/servers/8510ba0b-1626-49a2-b685-8a512dafa949 0.079s
2024-08-16 16:14:16.256 62390 INFO tempest.lib.common.rest_client [req-449b6319-93cb-4f69-a846-6b35864fec90 req-449b6319-93cb-4f69-a846-6b35864fec90 ] Request (SecurityGroupRulesNegativeTestJSON:tearDownClass): 202 DELETE http://10.180.1.21/compute/v2.1/os-security-groups/e04cdd45-532c-407b-8b0e-69639b4ebc7d 0.181s
2024-08-16 16:14:16.278 62393 INFO tempest.lib.common.rest_client [req-056ea31f-fcf6-441b-b94a-de766865ede6 req-056ea31f-fcf6-441b-b94a-de766865ede6 ] Request (ServersAdmin275Test:tearDownClass): 404 GET http://10.180.1.21/compute/v2.1/servers/d3cf0925-7246-42b4-af88-f5abbea8f034 0.050s
2024-08-16 16:14:16.316 62388 INFO tempest.lib.common.rest_client [req-c1a85ffc-a50e-4315-87d6-d66d140988df req-c1a85ffc-a50e-4315-87d6-d66d140988df ] Request (FloatingIPsAssociationTestJSON:setUpClass): 200 GET http://10.180.1.21/compute/v2.1/servers/d0068b4a-a421-4693-b37c-34fc59efe361 0.074s
2024-08-16 16:14:16.358 62393 INFO tempest.lib.common.rest_client [req-051d8a4e-cfc0-4a97-a6f8-b1108569469f req-051d8a4e-cfc0-4a97-a6f8-b1108569469f ] Request (ServersAdmin275Test:tearDownClass): 204 DELETE http://10.180.1.21/identity/v3/users/e0a57b69dcff47f98e568ba90a063086 0.079s
2024-08-16 16:14:16.431 62390 INFO tempest.lib.common.rest_client [req-54733e6e-ebd3-4afb-a4c1-633e20759903 req-54733e6e-ebd3-4afb-a4c1-633e20759903 ] Request (SecurityGroupRulesNegativeTestJSON:tearDownClass): 202 DELETE http://10.180.1.21/compute/v2.1/os-security-groups/15a23203-2a14-467e-8715-a78c7e51b39c 0.174s
2024-08-16 16:14:16.445 62393 INFO tempest.lib.common.rest_client [req-313d60e5-7a75-475f-888c-c8033120e7b7 req-313d60e5-7a75-475f-888c-c8033120e7b7 ] Request (ServersAdmin275Test:tearDownClass): 204 DELETE http://10.180.1.21/identity/v3/users/e4343f917c754eb1bb877514a361dd91 0.087s
2024-08-16 16:14:16.445 62393 INFO tempest.lib.common.dynamic_creds [-] Deleting project and security group for project: 6e5e4c92a90b41a98642dcc81ff93973
2024-08-16 16:14:16.480 62400 INFO tempest.lib.common.rest_client [req-cf94d6f2-dcc6-4d2b-8657-2c05e8afa1ce req-cf94d6f2-dcc6-4d2b-8657-2c05e8afa1ce ] Request (DeleteServersAdminTestJSON:test_delete_server_while_in_error_state): 200 GET http://10.180.1.21/compute/v2.1/servers/150621b7-b140-468e-ae86-19223353952c 0.144s
2024-08-16 16:14:16.495 62393 INFO tempest.lib.common.rest_client [req-5248b674-8635-426a-b79c-19fe91ff60b8 req-5248b674-8635-426a-b79c-19fe91ff60b8 ] Request (ServersAdmin275Test:tearDownClass): 201 POST http://10.180.1.21/identity/v3/auth/tokens 0.050s
2024-08-16 16:14:16.519 62385 INFO tempest.lib.common.rest_client [req-9e3473b8-f498-4992-aac7-f57c88f3681f req-9e3473b8-f498-4992-aac7-f57c88f3681f ] Request (SecurityGroupsTestJSON:test_server_security_groups): 200 GET http://10.180.1.21/compute/v2.1/servers/14b8e902-f986-4b88-a538-18ca4ac94b44 0.220s
2024-08-16 16:14:16.529 62417 INFO tempest.lib.common.rest_client [req-4eb8ee51-929b-4998-8602-3ea2a284967f req-4eb8ee51-929b-4998-8602-3ea2a284967f ] Request (ServersTestManualDisk:setUpClass): 200 GET http://10.180.1.21/compute/v2.1/servers/105ebe59-672c-4448-9f77-bc33853dd9d0 0.174s
2024-08-16 16:14:16.580 62425 INFO tempest.lib.common.rest_client [req-750823ed-fe0b-4e7a-84a4-4e1764e50096 req-750823ed-fe0b-4e7a-84a4-4e1764e50096 ] Request (InstanceActionsNegativeTestJSON:setUpClass): 200 GET http://10.180.1.21/compute/v2.1/servers/b4fdba31-cb7b-4085-9047-5489578fa69f 0.168s
2024-08-16 16:14:16.633 62379 INFO tempest.lib.common.rest_client [req-1c79b9a4-1bc3-4045-af4b-bf382f9a87cd req-1c79b9a4-1bc3-4045-af4b-bf382f9a87cd ] Request (ServerActionsTestOtherA:setUpClass): 200 GET http://10.180.1.21/compute/v2.1/servers/fef556c2-9874-4abd-938e-f89062d314f5 0.167s
2024-08-16 16:14:16.719 62393 INFO tempest.lib.common.rest_client [req-33f00d1c-9269-4bdf-b0ca-c39e713e9a4c req-33f00d1c-9269-4bdf-b0ca-c39e713e9a4c ] Request (ServersAdmin275Test:tearDownClass): 200 GET http://10.180.1.21:9696/networking/v2.0/security-groups?tenant_id=6e5e4c92a90b41a98642dcc81ff93973&name=default 0.223s
2024-08-16 16:14:16.743 62390 INFO tempest.lib.common.rest_client [req-9b9ce511-92c6-4169-abb4-1215df4f91eb req-9b9ce511-92c6-4169-abb4-1215df4f91eb ] Request (SecurityGroupRulesNegativeTestJSON:tearDownClass): 202 DELETE http://10.180.1.21/compute/v2.1/os-security-groups/1b816664-8913-4871-9cdb-b8e4a4df171c 0.311s
2024-08-16 16:14:16.769 62416 INFO tempest.lib.common.rest_client [req-073535d2-55ab-4523-b26c-988d767dc6f7 req-073535d2-55ab-4523-b26c-988d767dc6f7 ] Request (ServerGroupTestJSON:test_create_server_with_scheduler_hint_group): 200 GET http://10.180.1.21/compute/v2.1/servers/4ee5bd39-ad12-41a7-a7df-dfa234b1f905 0.211s
2024-08-16 16:14:16.830 62375 INFO tempest.lib.common.rest_client [req-5787cb11-fb1b-4a32-b272-fec0827d99ec req-5787cb11-fb1b-4a32-b272-fec0827d99ec ] Request (ImagesTestJSON:test_create_server_from_snapshot): 200 GET http://10.180.1.21/compute/v2.1/servers/cd5a8fd9-5f2b-41fd-85a1-26dbc3225e3e 0.243s
2024-08-16 16:14:16.851 62421 INFO tempest.lib.common.rest_client [req-91d3e6aa-0ec5-4579-98ff-b356630feaee req-91d3e6aa-0ec5-4579-98ff-b356630feaee ] Request (TenantUsagesTestJSON:setUpClass): 200 GET http://10.180.1.21/compute/v2.1/servers/8c251d9d-c45d-43f8-a2aa-bb8df3cd4444 0.218s
2024-08-16 16:14:16.892 62433 INFO tempest.lib.common.rest_client [req-53e6e758-51d7-41a9-8771-d5602cd7a86d req-53e6e758-51d7-41a9-8771-d5602cd7a86d ] Request (ListImageFiltersTestJSON:setUpClass): 200 GET http://10.180.1.21/compute/v2.1/servers/da26844b-5630-4779-88db-d68e0ec69698 0.258s
2024-08-16 16:14:16.898 62433 INFO tempest.common.waiters [-] State transition "BUILD/scheduling" ==> "BUILD/None" after 61 second wait
2024-08-16 16:14:16.903 62431 INFO tempest.lib.common.rest_client [req-51dba0ec-9b90-4611-a6bf-42b82c706129 req-51dba0ec-9b90-4611-a6bf-42b82c706129 ] Request (ServerActionsTestOtherB:setUpClass): 200 GET http://10.180.1.21/compute/v2.1/servers/9310cbc2-548a-43a2-9446-38c922cef645 0.228s
2024-08-16 16:14:16.933 62393 INFO tempest.lib.common.rest_client [req-80f7cbd1-139b-4022-85b1-58b00899b910 req-80f7cbd1-139b-4022-85b1-58b00899b910 ] Request (ServersAdmin275Test:tearDownClass): 204 DELETE http://10.180.1.21:9696/networking/v2.0/security-groups/ecc9f073-a7c2-4ae5-8ae2-b9c10af71951 0.214s
2024-08-16 16:14:16.948 62391 INFO tempest.lib.common.rest_client [req-0524a633-4d29-454e-9cad-8bf9da32d6af req-0524a633-4d29-454e-9cad-8bf9da32d6af ] Request (ImagesOneServerNegativeTestJSON:setUpClass): 200 GET http://10.180.1.21/compute/v2.1/servers/806db019-402b-43df-8903-6c7602be1252 0.210s
2024-08-16 16:14:16.962 62397 INFO tempest.lib.common.rest_client [req-262fa1bc-270c-4b5b-a9c8-179401daa21f req-262fa1bc-270c-4b5b-a9c8-179401daa21f ] Request (ServerShowV247Test:tearDownClass): 200 GET http://10.180.1.21/compute/v2.1/servers/aa6c6d8e-f489-44a4-bb73-0bcc37f300b6 0.268s
2024-08-16 16:14:17.010 62437 INFO tempest.lib.common.rest_client [req-a66e1230-4966-4baa-a4c2-f05149341e94 req-a66e1230-4966-4baa-a4c2-f05149341e94 ] Request (ServerShowV257Test:test_rebuild_server): 200 GET http://10.180.1.21/compute/v2.1/servers/f293d01e-a8e6-4ffd-888d-098e086440eb 0.272s
2024-08-16 16:14:17.011 62393 INFO tempest.lib.common.rest_client [req-d4f42107-e104-44ab-b2fa-28d73ad16389 req-d4f42107-e104-44ab-b2fa-28d73ad16389 ] Request (ServersAdmin275Test:tearDownClass): 204 DELETE http://10.180.1.21/identity/v3/projects/6e5e4c92a90b41a98642dcc81ff93973 0.077s
2024-08-16 16:14:17.011 62405 INFO tempest.lib.common.rest_client [req-54399895-ec63-4bb1-9dbc-0bb22d6f93e0 req-54399895-ec63-4bb1-9dbc-0bb22d6f93e0 ] Request (ServerAddressesNegativeTestJSON:setUpClass): 200 GET http://10.180.1.21/compute/v2.1/servers/fc9b29b3-9aed-49aa-a4d3-365f6bd06a6f 0.220s
2024-08-16 16:14:17.011 62393 INFO tempest.lib.common.dynamic_creds [-] Deleting project and security group for project: 6e8ec98a79214275964bd6276e9f6e61
2024-08-16 16:14:17.069 62407 INFO tempest.lib.common.rest_client [req-1ee62ed5-5301-47fd-b7d6-f9d448400fc8 req-1ee62ed5-5301-47fd-b7d6-f9d448400fc8 ] Request (AttachVolumeTestJSON:test_list_get_volume_attachments): 200 GET http://10.180.1.21/compute/v2.1/servers/1763d3e1-4eb0-4c87-b1b5-58ce42716204 0.233s
2024-08-16 16:14:17.078 62395 INFO tempest.lib.common.rest_client [req-11a56f9f-60a9-4b4c-b034-338d93082e2f req-11a56f9f-60a9-4b4c-b034-338d93082e2f ] Request (VolumesAdminNegativeTest:test_update_attached_volume_with_nonexistent_volume_in_body): 200 GET http://10.180.1.21/compute/v2.1/servers/3f307b46-fe84-4d69-bfb3-fa7bdeb8f6af 0.195s
2024-08-16 16:14:17.122 62401 INFO tempest.lib.common.rest_client [req-a9f13384-5409-492d-b9f1-d3da67882752 req-a9f13384-5409-492d-b9f1-d3da67882752 ] Request (InstanceActionsTestJSON:setUpClass): 200 GET http://10.180.1.21/compute/v2.1/servers/259368b2-0191-4686-9825-a38468fd86f2 0.192s
2024-08-16 16:14:17.130 62419 INFO tempest.lib.common.rest_client [req-27b4e600-5eb0-4b07-93d3-1e4d54227058 req-27b4e600-5eb0-4b07-93d3-1e4d54227058 ] Request (ServersTestFqdnHostnames:test_create_server_with_fqdn_name): 200 GET http://10.180.1.21/compute/v2.1/servers/a68daa13-d1c7-4f1b-98ed-bc0cf7661c27 0.194s
2024-08-16 16:14:17.174 62393 INFO tempest.lib.common.rest_client [req-19935c32-799b-4002-a4bb-d6f0d1b68090 req-19935c32-799b-4002-a4bb-d6f0d1b68090 ] Request (ServersAdmin275Test:tearDownClass): 200 GET http://10.180.1.21:9696/networking/v2.0/security-groups?tenant_id=6e8ec98a79214275964bd6276e9f6e61&name=default 0.163s
2024-08-16 16:14:17.178 62424 INFO tempest.lib.common.rest_client [req-9fde8aa8-9b77-436b-b36e-59571ededc52 req-9fde8aa8-9b77-436b-b36e-59571ededc52 ] Request (AttachInterfacesUnderV243Test:test_add_remove_fixed_ip): 200 GET http://10.180.1.21/compute/v2.1/servers/fd0033d9-2ceb-41cc-81dd-6814a0fd4dd7 0.186s
2024-08-16 16:14:17.187 62377 INFO tempest.lib.common.rest_client [req-39a45f69-352c-4bfd-9391-48d73e2966d2 req-39a45f69-352c-4bfd-9391-48d73e2966d2 ] Request (ServerPasswordTestJSON:setUpClass): 200 GET http://10.180.1.21/compute/v2.1/servers/15483781-7d72-418d-9c42-4bb680a6c0b1 0.213s
2024-08-16 16:14:17.247 62404 INFO tempest.lib.common.rest_client [req-9867a2fa-9e18-415f-a0a6-b38a6aff6369 req-9867a2fa-9e18-415f-a0a6-b38a6aff6369 ] Request (ServersTestJSON:setUpClass): 200 GET http://10.180.1.21/compute/v2.1/servers/0ac84b40-bfd7-42e5-a949-93eb1fbf323b 0.188s
2024-08-16 16:14:17.251 62373 INFO tempest.lib.common.rest_client [req-9ee46a03-40af-4bc0-b9e6-2c461465c856 req-9ee46a03-40af-4bc0-b9e6-2c461465c856 ] Request (ServerActionsV293TestJSON:setUpClass): 200 GET http://10.180.1.21/compute/v2.1/servers/386c9550-2cc1-4923-806b-ffdc1a82e9d5 0.085s
2024-08-16 16:14:17.305 62443 INFO tempest.lib.common.rest_client [req-30213919-5dbe-4104-bf5c-bb35da97b932 req-30213919-5dbe-4104-bf5c-bb35da97b932 ] Request (ServerMetadataTestJSON:setUpClass): 200 GET http://10.180.1.21/compute/v2.1/servers/8510ba0b-1626-49a2-b685-8a512dafa949 0.046s
2024-08-16 16:14:17.319 62413 INFO tempest.lib.common.rest_client [req-cd6b039f-749e-48e2-bdf7-d4213dc37763 req-cd6b039f-749e-48e2-bdf7-d4213dc37763 ] Request (MigrationsAdminTest:test_list_migrations_in_flavor_resize_situation): 200 GET http://10.180.1.21/compute/v2.1/servers/4b0701a5-a149-4b20-a03d-fe77b230008a 0.107s
2024-08-16 16:14:17.375 62388 INFO tempest.lib.common.rest_client [req-b641b742-0ef4-49d2-9105-8d8248a9ca73 req-b641b742-0ef4-49d2-9105-8d8248a9ca73 ] Request (FloatingIPsAssociationTestJSON:setUpClass): 200 GET http://10.180.1.21/compute/v2.1/servers/d0068b4a-a421-4693-b37c-34fc59efe361 0.052s
2024-08-16 16:14:17.400 62393 INFO tempest.lib.common.rest_client [req-c836d73d-a6da-4b1b-9ec9-f4e5aa66bafd req-c836d73d-a6da-4b1b-9ec9-f4e5aa66bafd ] Request (ServersAdmin275Test:tearDownClass): 204 DELETE http://10.180.1.21:9696/networking/v2.0/security-groups/d82f907a-00c9-4298-a4d1-6ad4ccf3593f 0.225s
2024-08-16 16:14:17.487 62393 INFO tempest.lib.common.rest_client [req-3e0d4bc0-c1b0-4582-a8c7-d044a156e9fc req-3e0d4bc0-c1b0-4582-a8c7-d044a156e9fc ] Request (ServersAdmin275Test:tearDownClass): 204 DELETE http://10.180.1.21/identity/v3/projects/6e8ec98a79214275964bd6276e9f6e61 0.087s
2024-08-16 16:14:17.542 62393 INFO tempest.lib.common.rest_client [req-59acb540-851d-49f8-9bde-18f5d9596844 req-59acb540-851d-49f8-9bde-18f5d9596844 ] Request (ListImagesTestJSON:setUpClass): 201 POST http://10.180.1.21/identity/v3/auth/tokens 0.053s
2024-08-16 16:14:17.569 62393 INFO tempest.lib.common.rest_client [req-12282752-7d3c-4515-87ca-4b6dbe9149a8 req-12282752-7d3c-4515-87ca-4b6dbe9149a8 ] Request (ListImagesTestJSON:setUpClass): 201 POST http://10.180.1.21/identity/v3/auth/tokens 0.024s
2024-08-16 16:14:17.579 62385 INFO tempest.lib.common.rest_client [req-06491c0a-c4b3-416f-80c1-011e859df612 req-06491c0a-c4b3-416f-80c1-011e859df612 ] Request (SecurityGroupsTestJSON:test_server_security_groups): 200 GET http://10.180.1.21/compute/v2.1/servers/14b8e902-f986-4b88-a538-18ca4ac94b44 0.052s
2024-08-16 16:14:17.587 62393 INFO tempest.lib.common.rest_client [req-e8c0936f-64b8-44d9-b8de-129b6bcddbc2 req-e8c0936f-64b8-44d9-b8de-129b6bcddbc2 ] Request (ListImagesTestJSON:setUpClass): 200 GET http://10.180.1.21/identity/v3/domains?name=Default 0.018s
2024-08-16 16:14:17.610 62393 INFO tempest.lib.common.rest_client [req-af96bb0a-a62c-43ae-8198-1b192ba7b023 req-af96bb0a-a62c-43ae-8198-1b192ba7b023 ] Request (ListImagesTestJSON:setUpClass): 201 POST http://10.180.1.21/identity/v3/projects 0.022s
2024-08-16 16:14:17.627 62417 INFO tempest.lib.common.rest_client [req-6caa19bb-7471-4cf8-8309-df6b7f4d932c req-6caa19bb-7471-4cf8-8309-df6b7f4d932c ] Request (ServersTestManualDisk:setUpClass): 200 GET http://10.180.1.21/compute/v2.1/servers/105ebe59-672c-4448-9f77-bc33853dd9d0 0.091s
2024-08-16 16:14:17.658 62400 INFO tempest.lib.common.rest_client [req-a91dc912-640a-469a-a124-f0265fd6bc17 req-a91dc912-640a-469a-a124-f0265fd6bc17 ] Request (DeleteServersAdminTestJSON:test_delete_server_while_in_error_state): 200 GET http://10.180.1.21/compute/v2.1/servers/150621b7-b140-468e-ae86-19223353952c 0.171s
2024-08-16 16:14:17.673 62393 INFO tempest.lib.common.rest_client [req-98ca5cd8-4968-4b44-aeb7-d42e0cfcd597 req-98ca5cd8-4968-4b44-aeb7-d42e0cfcd597 ] Request (ListImagesTestJSON:setUpClass): 201 POST http://10.180.1.21/identity/v3/users 0.062s
2024-08-16 16:14:17.676 62425 INFO tempest.lib.common.rest_client [req-a2e84b3d-10bd-46ff-bd5a-bdacd46d6209 req-a2e84b3d-10bd-46ff-bd5a-bdacd46d6209 ] Request (InstanceActionsNegativeTestJSON:setUpClass): 200 GET http://10.180.1.21/compute/v2.1/servers/b4fdba31-cb7b-4085-9047-5489578fa69f 0.089s
2024-08-16 16:14:17.691 62393 INFO tempest.lib.common.rest_client [req-99034b80-d982-409e-b117-8e7a4ffe4c04 req-99034b80-d982-409e-b117-8e7a4ffe4c04 ] Request (ListImagesTestJSON:setUpClass): 200 GET http://10.180.1.21/identity/v3/roles 0.017s
2024-08-16 16:14:17.741 62393 INFO tempest.lib.common.rest_client [req-61efd7aa-3f06-4062-a1ac-6fa9539c93ac req-61efd7aa-3f06-4062-a1ac-6fa9539c93ac ] Request (ListImagesTestJSON:setUpClass): 204 PUT http://10.180.1.21/identity/v3/projects/365f376cdca6459aba76b2a705b2208e/users/91cf8f25ff754d2987140275d828e629/roles/174532a16dbc43438b3fcd4d0dbec533 0.050s
2024-08-16 16:14:17.741 62393 INFO tempest.lib.common.dynamic_creds [-] Dynamic test user 91cf8f25ff754d2987140275d828e629 is created with scope project and roles: ['member']
2024-08-16 16:14:17.742 62393 INFO tempest.lib.common.dynamic_creds [-] Acquired dynamic creds: credentials: Credentials: {'domain_id': 'default', 'domain_name': 'Default', 'username': 'tempest-ListImagesTestJSON-1006152552-project-member', 'project_domain_id': 'default', 'project_domain_name': 'Default', 'project_id': '365f376cdca6459aba76b2a705b2208e', 'project_name': 'tempest-ListImagesTestJSON-1006152552', 'tenant_id': '365f376cdca6459aba76b2a705b2208e', 'tenant_name': 'tempest-ListImagesTestJSON-1006152552', 'user_domain_id': 'default', 'user_domain_name': 'Default', 'user_id': '91cf8f25ff754d2987140275d828e629', 'system': None}, Network: None, Subnet: None, Router: None
2024-08-16 16:14:17.742 62393 INFO tempest.lib.common.dynamic_creds [-] Created isolated network resources for: credentials: Credentials: {'domain_id': 'default', 'domain_name': 'Default', 'username': 'tempest-ListImagesTestJSON-1006152552-project-member', 'project_domain_id': 'default', 'project_domain_name': 'Default', 'project_id': '365f376cdca6459aba76b2a705b2208e', 'project_name': 'tempest-ListImagesTestJSON-1006152552', 'tenant_id': '365f376cdca6459aba76b2a705b2208e', 'tenant_name': 'tempest-ListImagesTestJSON-1006152552', 'user_domain_id': 'default', 'user_domain_name': 'Default', 'user_id': '91cf8f25ff754d2987140275d828e629', 'system': None}, Network: None, Subnet: None, Router: None
2024-08-16 16:14:17.749 62379 INFO tempest.lib.common.rest_client [req-dd497589-89e1-488f-b437-879766ae84da req-dd497589-89e1-488f-b437-879766ae84da ] Request (ServerActionsTestOtherA:setUpClass): 200 GET http://10.180.1.21/compute/v2.1/servers/fef556c2-9874-4abd-938e-f89062d314f5 0.106s
2024-08-16 16:14:17.811 62393 INFO tempest.lib.common.rest_client [req-22fd1181-30ff-4ed6-903e-6542856e8979 req-22fd1181-30ff-4ed6-903e-6542856e8979 ] Request (ListImagesTestJSON:setUpClass): 201 POST http://10.180.1.21/identity/v3/auth/tokens 0.065s
2024-08-16 16:14:17.821 62390 INFO tempest.lib.common.rest_client [req-4d43f307-a294-4f02-a8c4-b9de5fa30a47 req-4d43f307-a294-4f02-a8c4-b9de5fa30a47 ] Request (SecurityGroupRulesNegativeTestJSON:tearDownClass): 200 PUT http://10.180.1.21:9696/networking/v2.0/routers/5c986058-1bf9-49ae-9d0a-58440c92382e/remove_router_interface 1.077s
2024-08-16 16:14:17.829 62416 INFO tempest.lib.common.rest_client [req-48737807-86d0-47f0-abbd-66b58e6107e3 req-48737807-86d0-47f0-abbd-66b58e6107e3 ] Request (ServerGroupTestJSON:test_create_server_with_scheduler_hint_group): 200 GET http://10.180.1.21/compute/v2.1/servers/4ee5bd39-ad12-41a7-a7df-dfa234b1f905 0.052s
2024-08-16 16:14:17.904 62375 INFO tempest.lib.common.rest_client [req-1ab1c3a1-5084-4219-92f2-7babe1c0d27e req-1ab1c3a1-5084-4219-92f2-7babe1c0d27e ] Request (ImagesTestJSON:test_create_server_from_snapshot): 200 GET http://10.180.1.21/compute/v2.1/servers/cd5a8fd9-5f2b-41fd-85a1-26dbc3225e3e 0.067s
2024-08-16 16:14:17.916 62393 INFO tempest.lib.common.rest_client [req-91335cdb-7137-489f-ad23-78c8b0484a54 req-91335cdb-7137-489f-ad23-78c8b0484a54 ] Request (ListImagesTestJSON:test_get_image): 200 GET http://10.180.1.21/compute/v2.1/images/fbcadcb9-415f-4242-8305-04a15f262512 0.104s
2024-08-16 16:14:17.954 62421 INFO tempest.lib.common.rest_client [req-ca42249a-89be-434d-aab6-e5352121b094 req-ca42249a-89be-434d-aab6-e5352121b094 ] Request (TenantUsagesTestJSON:setUpClass): 200 GET http://10.180.1.21/compute/v2.1/servers/8c251d9d-c45d-43f8-a2aa-bb8df3cd4444 0.095s
2024-08-16 16:14:18.002 62431 INFO tempest.lib.common.rest_client [req-8f3a15bc-8328-4127-a930-2d1477292de2 req-8f3a15bc-8328-4127-a930-2d1477292de2 ] Request (ServerActionsTestOtherB:setUpClass): 200 GET http://10.180.1.21/compute/v2.1/servers/9310cbc2-548a-43a2-9446-38c922cef645 0.092s
2024-08-16 16:14:18.034 62433 INFO tempest.lib.common.rest_client [req-63a3578c-d565-4b95-a954-70fa80de7949 req-63a3578c-d565-4b95-a954-70fa80de7949 ] Request (ListImageFiltersTestJSON:setUpClass): 200 GET http://10.180.1.21/compute/v2.1/servers/da26844b-5630-4779-88db-d68e0ec69698 0.135s
2024-08-16 16:14:18.056 62393 INFO tempest.lib.common.rest_client [req-91524a46-99a9-46b4-85f1-061b72e70de3 req-91524a46-99a9-46b4-85f1-061b72e70de3 ] Request (ListImagesTestJSON:test_list_images): 200 GET http://10.180.1.21/compute/v2.1/images 0.135s
2024-08-16 16:14:18.093 62391 INFO tempest.lib.common.rest_client [req-ef3f1d7e-9514-42e8-a848-5b88b63f6adb req-ef3f1d7e-9514-42e8-a848-5b88b63f6adb ] Request (ImagesOneServerNegativeTestJSON:setUpClass): 200 GET http://10.180.1.21/compute/v2.1/servers/806db019-402b-43df-8903-6c7602be1252 0.138s
2024-08-16 16:14:18.120 62397 INFO tempest.lib.common.rest_client [req-dc9f73db-eb54-4350-9ef0-09711813d860 req-dc9f73db-eb54-4350-9ef0-09711813d860 ] Request (ServerShowV247Test:tearDownClass): 200 GET http://10.180.1.21/compute/v2.1/servers/aa6c6d8e-f489-44a4-bb73-0bcc37f300b6 0.149s
2024-08-16 16:14:18.150 62405 INFO tempest.lib.common.rest_client [req-d69d98aa-90ce-4ab5-89c7-dc2a3fe564bf req-d69d98aa-90ce-4ab5-89c7-dc2a3fe564bf ] Request (ServerAddressesNegativeTestJSON:setUpClass): 200 GET http://10.180.1.21/compute/v2.1/servers/fc9b29b3-9aed-49aa-a4d3-365f6bd06a6f 0.132s
