2024-08-16 16:13:11.318 62388 INFO tempest.lib.common.fixed_network [-] (FloatingIPsAssociationTestJSON:setUpClass) Found network {'id': '710d543f-522e-4aac-a16b-5fad7dd3580f', 'name': 'tempest-FloatingIPsAssociationTestJSON-1026662375-network', 'tenant_id': '6bf5cdf1c1e046b59b8f5e85421e3072', 'admin_state_up': True, 'mtu': 8950, 'status': 'ACTIVE', 'subnets': [], 'shared': False, 'project_id': '6bf5cdf1c1e046b59b8f5e85421e3072', 'port_security_enabled': True, 'router:external': False, 'provider:network_type': 'vlan', 'provider:physical_network': 'default', 'provider:segmentation_id': 766, 'is_default': False, 'availability_zone_hints': [], 'availability_zones': [], 'ipv4_address_scope': None, 'ipv6_address_scope': None, 'description': '', 'tags': [], 'created_at': '2024-08-16T16:13:04Z', 'updated_at': '2024-08-16T16:13:04Z', 'revision_number': 1} available for tenant
2024-08-16 16:13:11.375 62419 INFO tempest.lib.common.rest_client [req-190688f4-b489-463a-bfce-dd71909a6864 req-190688f4-b489-463a-bfce-dd71909a6864 ] Request (ImagesOneServerTestJSON:tearDownClass): 200 GET http://10.180.1.21:9696/networking/v2.0/security-groups?tenant_id=3cdc3626932d4e769257c537de2db4a2&name=default 0.122s
2024-08-16 16:13:11.516 62409 INFO tempest.lib.common.rest_client [req-85b78b74-24c3-4652-9de2-655a35d3378f req-85b78b74-24c3-4652-9de2-655a35d3378f ] Request (FloatingIPDetailsNegativeTestJSON:tearDownClass): 204 DELETE http://10.180.1.21:9696/networking/v2.0/routers/105ac591-fab0-4f84-98a7-c8d4ceded18a 1.650s
2024-08-16 16:13:11.561 62411 INFO tempest.lib.common.rest_client [req-00ce4b26-0e4e-4d5d-a31e-4b84ddabbf2c req-00ce4b26-0e4e-4d5d-a31e-4b84ddabbf2c ] Request (AggregatesAdminNegativeTestJSON:tearDownClass): 200 GET http://10.180.1.21:9696/networking/v2.0/security-groups?tenant_id=7724c87265014d4eab97fa17e92de99f&name=default 0.706s
2024-08-16 16:13:11.568 62424 INFO tempest.lib.common.rest_client [req-9e95eac3-bfc5-4fef-b1f5-43627b4c753a req-9e95eac3-bfc5-4fef-b1f5-43627b4c753a ] Request (ServerExternalEventsTest:tearDownClass): 204 DELETE http://10.180.1.21:9696/networking/v2.0/security-groups/95d4ee78-5eed-4fac-8777-4900a5f41866 0.798s
2024-08-16 16:13:11.615 62425 INFO tempest.lib.common.rest_client [req-c54c0ba2-c52c-456e-a929-f4116a4fc262 req-c54c0ba2-c52c-456e-a929-f4116a4fc262 ] Request (ServersAdminTestJSON:setUpClass): 200 GET http://10.180.1.21/compute/v2.1/servers/8964e9dc-0ce7-45e9-885f-dc3307adf117 1.614s
2024-08-16 16:13:11.632 62416 INFO tempest.lib.common.rest_client [req-aace0b4c-bcbb-448a-a013-1d0735635508 req-aace0b4c-bcbb-448a-a013-1d0735635508 ] Request (ServerGroupTestJSON:test_create_server_with_scheduler_hint_group): 202 POST http://10.180.1.21/compute/v2.1/servers 2.720s
2024-08-16 16:13:11.675 62424 INFO tempest.lib.common.rest_client [req-26063493-bfa5-44bd-9e67-abf2007b7701 req-26063493-bfa5-44bd-9e67-abf2007b7701 ] Request (ServerExternalEventsTest:tearDownClass): 204 DELETE http://10.180.1.21/identity/v3/projects/7433a8ca165640b792e28f8399545b4c 0.107s
2024-08-16 16:13:11.717 62377 INFO tempest.lib.common.rest_client [req-d4b26736-7890-40d5-ba19-b417457ed7f0 req-d4b26736-7890-40d5-ba19-b417457ed7f0 ] Request (ServerPasswordTestJSON:setUpClass): 200 GET http://10.180.1.21/compute/v2.1/servers/15483781-7d72-418d-9c42-4bb680a6c0b1 1.452s
2024-08-16 16:13:11.729 62413 INFO tempest.lib.common.rest_client [req-e25120ca-cfc0-41a5-8fcc-344f9cc6fcb1 req-e25120ca-cfc0-41a5-8fcc-344f9cc6fcb1 ] Request (MigrationsAdminTest:test_list_migrations_in_flavor_resize_situation): 200 GET http://10.180.1.21/compute/v2.1/servers/4b0701a5-a149-4b20-a03d-fe77b230008a 1.543s
2024-08-16 16:13:11.765 62424 INFO tempest.lib.common.rest_client [req-b064a542-21d9-4162-b79f-c770fc303334 req-b064a542-21d9-4162-b79f-c770fc303334 ] Request (AttachInterfacesUnderV243Test:setUpClass): 201 POST http://10.180.1.21/identity/v3/auth/tokens 0.088s
2024-08-16 16:13:11.804 62424 INFO tempest.lib.common.rest_client [req-ee64af91-ddcf-4480-980e-e02009dcb862 req-ee64af91-ddcf-4480-980e-e02009dcb862 ] Request (AttachInterfacesUnderV243Test:setUpClass): 201 POST http://10.180.1.21/identity/v3/auth/tokens 0.036s
2024-08-16 16:13:11.824 62397 INFO tempest.lib.common.rest_client [req-e0083af6-5678-4e6b-ac58-e2682caf0ef4 req-e0083af6-5678-4e6b-ac58-e2682caf0ef4 ] Request (ServerShowV247Test:test_update_rebuild_list_server): 200 GET http://10.180.1.21/compute/v2.1/servers/aa6c6d8e-f489-44a4-bb73-0bcc37f300b6 1.452s
2024-08-16 16:13:11.836 62424 INFO tempest.lib.common.rest_client [req-62d9246b-ec5a-4db3-a550-d4c2c7c8588a req-62d9246b-ec5a-4db3-a550-d4c2c7c8588a ] Request (AttachInterfacesUnderV243Test:setUpClass): 200 GET http://10.180.1.21/identity/v3/domains?name=Default 0.032s
2024-08-16 16:13:11.872 62424 INFO tempest.lib.common.rest_client [req-55ce5f42-212c-4002-9394-d70da6be70db req-55ce5f42-212c-4002-9394-d70da6be70db ] Request (AttachInterfacesUnderV243Test:setUpClass): 201 POST http://10.180.1.21/identity/v3/projects 0.035s
2024-08-16 16:13:11.872 62419 INFO tempest.lib.common.rest_client [req-6828bffd-5dee-4003-bee1-ffdc21d3ca33 req-6828bffd-5dee-4003-bee1-ffdc21d3ca33 ] Request (ImagesOneServerTestJSON:tearDownClass): 204 DELETE http://10.180.1.21:9696/networking/v2.0/security-groups/27fa04e4-d1b2-4908-a669-1fe659f50b0d 0.497s
2024-08-16 16:13:11.933 62390 INFO tempest.lib.common.rest_client [req-2debc8c8-8d96-4dd4-9fe8-0739c4db6114 req-2debc8c8-8d96-4dd4-9fe8-0739c4db6114 ] Request (FloatingIPsAssociationNegativeTestJSON:setUpClass): 200 GET http://10.180.1.21/compute/v2.1/servers/d3905ca4-f0ba-4b67-8aa8-8c12994ffe97 1.503s
2024-08-16 16:13:11.944 62424 INFO tempest.lib.common.rest_client [req-033cab5a-e8e7-4f75-9d2a-97005e478913 req-033cab5a-e8e7-4f75-9d2a-97005e478913 ] Request (AttachInterfacesUnderV243Test:setUpClass): 201 POST http://10.180.1.21/identity/v3/users 0.072s
2024-08-16 16:13:11.968 62443 INFO tempest.lib.common.rest_client [req-3a5331b3-a0e6-4162-87e3-9f562ce0ec19 req-3a5331b3-a0e6-4162-87e3-9f562ce0ec19 ] Request (ServerMetadataTestJSON:setUpClass): 201 POST http://10.180.1.21:9696/networking/v2.0/routers 2.923s
2024-08-16 16:13:12.026 62405 INFO tempest.lib.common.rest_client [req-59de0b0b-34db-4090-a60b-85bcac9844ae req-59de0b0b-34db-4090-a60b-85bcac9844ae ] Request (ServerActionsTestJSON:setUpClass): 200 GET http://10.180.1.21/compute/v2.1/servers/cc8d9890-f553-4a4b-a351-62770a7b29d8 1.476s
2024-08-16 16:13:12.026 62419 INFO tempest.lib.common.rest_client [req-d4fc80e4-c3a6-470f-9064-abd35cbb5586 req-d4fc80e4-c3a6-470f-9064-abd35cbb5586 ] Request (ImagesOneServerTestJSON:tearDownClass): 204 DELETE http://10.180.1.21/identity/v3/projects/3cdc3626932d4e769257c537de2db4a2 0.153s
2024-08-16 16:13:12.031 62424 INFO tempest.lib.common.rest_client [req-3abd216f-edbb-4196-bf7d-3ac3dee469c1 req-3abd216f-edbb-4196-bf7d-3ac3dee469c1 ] Request (AttachInterfacesUnderV243Test:setUpClass): 200 GET http://10.180.1.21/identity/v3/roles 0.086s
2024-08-16 16:13:12.032 62405 INFO tempest.common.waiters [-] State transition "BUILD/scheduling" ==> "BUILD/None" after 21 second wait
2024-08-16 16:13:12.056 62411 INFO tempest.lib.common.rest_client [req-0e8e62c6-672a-4c31-9669-f4565b6591fc req-0e8e62c6-672a-4c31-9669-f4565b6591fc ] Request (AggregatesAdminNegativeTestJSON:tearDownClass): 204 DELETE http://10.180.1.21:9696/networking/v2.0/security-groups/ee1d1d44-ae08-4946-bda1-4be354f160ee 0.494s
2024-08-16 16:13:12.072 62419 INFO tempest.lib.common.rest_client [req-c38de377-aa2f-4877-8900-4e6068b9c33a req-c38de377-aa2f-4877-8900-4e6068b9c33a ] Request (ServersTestFqdnHostnames:setUpClass): 201 POST http://10.180.1.21/identity/v3/auth/tokens 0.042s
2024-08-16 16:13:12.124 62409 INFO tempest.lib.common.rest_client [req-abf651f7-d6e8-4ef6-b7cd-01cbc6e159d1 req-abf651f7-d6e8-4ef6-b7cd-01cbc6e159d1 ] Request (FloatingIPDetailsNegativeTestJSON:tearDownClass): 204 DELETE http://10.180.1.21:9696/networking/v2.0/subnets/29264b20-c932-482b-8f99-7a0e7fcd49a6 0.607s
2024-08-16 16:13:12.139 62424 INFO tempest.lib.common.rest_client [req-69916da2-4c2c-4671-8284-3424efb503be req-69916da2-4c2c-4671-8284-3424efb503be ] Request (AttachInterfacesUnderV243Test:setUpClass): 204 PUT http://10.180.1.21/identity/v3/projects/bf88ce06012c4490836e0a5fa9f03979/users/921f1712fbfc4e2d8c54a2849a4df30a/roles/174532a16dbc43438b3fcd4d0dbec533 0.108s
2024-08-16 16:13:12.140 62424 INFO tempest.lib.common.dynamic_creds [-] Dynamic test user 921f1712fbfc4e2d8c54a2849a4df30a is created with scope project and roles: ['member']
2024-08-16 16:13:12.140 62424 INFO tempest.lib.common.dynamic_creds [-] Acquired dynamic creds: credentials: Credentials: {'domain_id': 'default', 'domain_name': 'Default', 'username': 'tempest-AttachInterfacesUnderV243Test-410217035-project-member', 'project_domain_id': 'default', 'project_domain_name': 'Default', 'project_id': 'bf88ce06012c4490836e0a5fa9f03979', 'project_name': 'tempest-AttachInterfacesUnderV243Test-410217035', 'tenant_id': 'bf88ce06012c4490836e0a5fa9f03979', 'tenant_name': 'tempest-AttachInterfacesUnderV243Test-410217035', 'user_domain_id': 'default', 'user_domain_name': 'Default', 'user_id': '921f1712fbfc4e2d8c54a2849a4df30a', 'system': None}, Network: None, Subnet: None, Router: None
2024-08-16 16:13:12.250 62419 INFO tempest.lib.common.rest_client [req-ef39b263-3817-4d46-9c63-38fd8e174346 req-ef39b263-3817-4d46-9c63-38fd8e174346 ] Request (ServersTestFqdnHostnames:setUpClass): 201 POST http://10.180.1.21/identity/v3/auth/tokens 0.128s
2024-08-16 16:13:12.255 62433 INFO tempest.lib.common.rest_client [req-c3c2d056-5541-493e-8e48-6c5b6dbc4d1b req-c3c2d056-5541-493e-8e48-6c5b6dbc4d1b ] Request (ListImageFiltersTestJSON:setUpClass): 202 POST http://10.180.1.21/compute/v2.1/servers 1.899s
2024-08-16 16:13:12.284 62424 INFO tempest.lib.common.rest_client [req-aa434dda-6a2f-4157-aaa5-190e1f2fa01c req-aa434dda-6a2f-4157-aaa5-190e1f2fa01c ] Request (AttachInterfacesUnderV243Test:setUpClass): 201 POST http://10.180.1.21/identity/v3/auth/tokens 0.144s
2024-08-16 16:13:12.347 62419 INFO tempest.lib.common.rest_client [req-9dc3af0f-5707-4b56-af15-778ce7fb593f req-9dc3af0f-5707-4b56-af15-778ce7fb593f ] Request (ServersTestFqdnHostnames:setUpClass): 200 GET http://10.180.1.21/identity/v3/domains?name=Default 0.096s
2024-08-16 16:13:12.356 62411 INFO tempest.lib.common.rest_client [req-b05290b3-668b-421c-a0f4-bc4745043a53 req-b05290b3-668b-421c-a0f4-bc4745043a53 ] Request (AggregatesAdminNegativeTestJSON:tearDownClass): 204 DELETE http://10.180.1.21/identity/v3/projects/7724c87265014d4eab97fa17e92de99f 0.299s
2024-08-16 16:13:12.377 62404 INFO tempest.lib.common.rest_client [req-3e3fa06b-725d-4ad2-93dc-a41067c25fc4 req-3e3fa06b-725d-4ad2-93dc-a41067c25fc4 ] Request (VolumesAssistedSnapshotsTest:test_volume_assisted_snapshot_create_delete): 200 GET http://10.180.1.21/compute/v2.1/servers/0ba9723d-2169-48a5-bd88-57f9458585ea 1.299s
2024-08-16 16:13:12.444 62433 INFO tempest.lib.common.rest_client [req-600d1c0f-0427-480b-88ad-bdb1d48038e9 req-600d1c0f-0427-480b-88ad-bdb1d48038e9 ] Request (ListImageFiltersTestJSON:setUpClass): 201 POST http://10.180.1.21/identity/v3/auth/tokens 0.185s
2024-08-16 16:13:12.444 62433 INFO tempest.lib.common.fixed_network [-] (ListImageFiltersTestJSON:setUpClass) Found network None available for tenant
2024-08-16 16:13:12.479 62419 INFO tempest.lib.common.rest_client [req-ad654756-d38f-48cd-863e-4fb00af0cec5 req-ad654756-d38f-48cd-863e-4fb00af0cec5 ] Request (ServersTestFqdnHostnames:setUpClass): 201 POST http://10.180.1.21/identity/v3/projects 0.132s
2024-08-16 16:13:12.536 62411 INFO tempest.lib.common.rest_client [req-c4d5ef1a-7905-4320-8db4-052d0590639f req-c4d5ef1a-7905-4320-8db4-052d0590639f ] Request (QuotaClassesAdmin257Test:setUpClass): 201 POST http://10.180.1.21/identity/v3/auth/tokens 0.179s
2024-08-16 16:13:12.539 62419 INFO tempest.lib.common.rest_client [req-ef59fb30-f49f-47e5-bbe0-94cb4f4f1e93 req-ef59fb30-f49f-47e5-bbe0-94cb4f4f1e93 ] Request (ServersTestFqdnHostnames:setUpClass): 201 POST http://10.180.1.21/identity/v3/users 0.059s
2024-08-16 16:13:12.551 62431 INFO tempest.lib.common.rest_client [req-7bd0ee9b-663d-48e2-8ce3-508218e35f53 req-7bd0ee9b-663d-48e2-8ce3-508218e35f53 ] Request (SecurityGroupRulesTestJSON:setUpClass): 201 POST http://10.180.1.21:9696/networking/v2.0/routers 3.537s
2024-08-16 16:13:12.560 62419 INFO tempest.lib.common.rest_client [req-e38c9cf0-12ed-494c-9564-9b8d4c7d13cd req-e38c9cf0-12ed-494c-9564-9b8d4c7d13cd ] Request (ServersTestFqdnHostnames:setUpClass): 200 GET http://10.180.1.21/identity/v3/roles 0.020s
2024-08-16 16:13:12.575 62411 INFO tempest.lib.common.rest_client [req-a56d061b-797d-4d81-a13a-6616510ff5ae req-a56d061b-797d-4d81-a13a-6616510ff5ae ] Request (QuotaClassesAdmin257Test:setUpClass): 201 POST http://10.180.1.21/identity/v3/auth/tokens 0.036s
2024-08-16 16:13:12.588 62419 INFO tempest.lib.common.rest_client [req-b81aeaaa-1b80-4e22-b6e1-7087291e2061 req-b81aeaaa-1b80-4e22-b6e1-7087291e2061 ] Request (ServersTestFqdnHostnames:setUpClass): 204 PUT http://10.180.1.21/identity/v3/projects/2ea7b9f3eb794ea0a724b69f029f480b/users/0a261047ad734b2fba8147b5a2446434/roles/174532a16dbc43438b3fcd4d0dbec533 0.027s
2024-08-16 16:13:12.588 62419 INFO tempest.lib.common.dynamic_creds [-] Dynamic test user 0a261047ad734b2fba8147b5a2446434 is created with scope project and roles: ['member']
2024-08-16 16:13:12.588 62419 INFO tempest.lib.common.dynamic_creds [-] Acquired dynamic creds: credentials: Credentials: {'domain_id': 'default', 'domain_name': 'Default', 'username': 'tempest-ServersTestFqdnHostnames-2114109008-project-member', 'project_domain_id': 'default', 'project_domain_name': 'Default', 'project_id': '2ea7b9f3eb794ea0a724b69f029f480b', 'project_name': 'tempest-ServersTestFqdnHostnames-2114109008', 'tenant_id': '2ea7b9f3eb794ea0a724b69f029f480b', 'tenant_name': 'tempest-ServersTestFqdnHostnames-2114109008', 'user_domain_id': 'default', 'user_domain_name': 'Default', 'user_id': '0a261047ad734b2fba8147b5a2446434', 'system': None}, Network: None, Subnet: None, Router: None
2024-08-16 16:13:12.641 62411 INFO tempest.lib.common.rest_client [req-0622146c-9886-47d9-9270-26289d8866f7 req-0622146c-9886-47d9-9270-26289d8866f7 ] Request (QuotaClassesAdmin257Test:setUpClass): 200 GET http://10.180.1.21/identity/v3/domains?name=Default 0.065s
2024-08-16 16:13:12.656 62419 INFO tempest.lib.common.rest_client [req-4a0b2bee-406c-4910-af70-bf69bc6927fc req-4a0b2bee-406c-4910-af70-bf69bc6927fc ] Request (ServersTestFqdnHostnames:setUpClass): 201 POST http://10.180.1.21/identity/v3/auth/tokens 0.067s
2024-08-16 16:13:12.658 62385 INFO tempest.lib.common.rest_client [req-45fbcfba-1ddf-4eb7-a4ae-ed556c46b73a req-45fbcfba-1ddf-4eb7-a4ae-ed556c46b73a ] Request (SecurityGroupsTestJSON:test_list_security_groups_by_server): 200 GET http://10.180.1.21/compute/v2.1/servers/28fdd1e6-f112-415c-9e80-8ca8bc59f82a 1.525s
2024-08-16 16:13:12.688 62411 INFO tempest.lib.common.rest_client [req-4b4700e0-d060-45c5-8a9c-ec749bbc4757 req-4b4700e0-d060-45c5-8a9c-ec749bbc4757 ] Request (QuotaClassesAdmin257Test:setUpClass): 201 POST http://10.180.1.21/identity/v3/projects 0.047s
2024-08-16 16:13:12.769 62411 INFO tempest.lib.common.rest_client [req-cdbf2d7b-a77b-4c60-8dcb-e61039c9a78d req-cdbf2d7b-a77b-4c60-8dcb-e61039c9a78d ] Request (QuotaClassesAdmin257Test:setUpClass): 201 POST http://10.180.1.21/identity/v3/users 0.080s
2024-08-16 16:13:12.788 62411 INFO tempest.lib.common.rest_client [req-4a9f5c49-2e9a-4cdf-a329-ebb8322c6bb1 req-4a9f5c49-2e9a-4cdf-a329-ebb8322c6bb1 ] Request (QuotaClassesAdmin257Test:setUpClass): 200 GET http://10.180.1.21/identity/v3/roles 0.018s
2024-08-16 16:13:12.798 62373 INFO tempest.lib.common.rest_client [req-c6f1753f-7484-406c-9111-5d44d4c8eb82 req-c6f1753f-7484-406c-9111-5d44d4c8eb82 ] Request (ServerActionsV293TestJSON:setUpClass): 201 POST http://10.180.1.21:9696/networking/v2.0/routers 3.035s
2024-08-16 16:13:12.824 62391 INFO tempest.lib.common.rest_client [req-ea19372d-defb-45df-9700-15fad4ff6638 req-ea19372d-defb-45df-9700-15fad4ff6638 ] Request (ServerDiagnosticsV248Test:test_get_server_diagnostics): 200 GET http://10.180.1.21/compute/v2.1/servers/8975613a-4cbf-4ac4-970a-c27ff01a8fdc/diagnostics 2.167s
2024-08-16 16:13:12.830 62411 INFO tempest.lib.common.rest_client [req-bba63187-2c5c-4373-bb28-f0faedabb9b4 req-bba63187-2c5c-4373-bb28-f0faedabb9b4 ] Request (QuotaClassesAdmin257Test:setUpClass): 204 PUT http://10.180.1.21/identity/v3/projects/76833de897b94ed78472efc349b0d5b3/users/46f53105e45f4a82ba4a357a3fa1f392/roles/174532a16dbc43438b3fcd4d0dbec533 0.041s
2024-08-16 16:13:12.830 62411 INFO tempest.lib.common.dynamic_creds [-] Dynamic test user 46f53105e45f4a82ba4a357a3fa1f392 is created with scope project and roles: ['member']
2024-08-16 16:13:12.830 62411 INFO tempest.lib.common.dynamic_creds [-] Acquired dynamic creds: credentials: Credentials: {'domain_id': 'default', 'domain_name': 'Default', 'username': 'tempest-QuotaClassesAdmin257Test-1886634244-project-member', 'project_domain_id': 'default', 'project_domain_name': 'Default', 'project_id': '76833de897b94ed78472efc349b0d5b3', 'project_name': 'tempest-QuotaClassesAdmin257Test-1886634244', 'tenant_id': '76833de897b94ed78472efc349b0d5b3', 'tenant_name': 'tempest-QuotaClassesAdmin257Test-1886634244', 'user_domain_id': 'default', 'user_domain_name': 'Default', 'user_id': '46f53105e45f4a82ba4a357a3fa1f392', 'system': None}, Network: None, Subnet: None, Router: None
2024-08-16 16:13:12.830 62411 INFO tempest.lib.common.dynamic_creds [-] Created isolated network resources for: credentials: Credentials: {'domain_id': 'default', 'domain_name': 'Default', 'username': 'tempest-QuotaClassesAdmin257Test-1886634244-project-member', 'project_domain_id': 'default', 'project_domain_name': 'Default', 'project_id': '76833de897b94ed78472efc349b0d5b3', 'project_name': 'tempest-QuotaClassesAdmin257Test-1886634244', 'tenant_id': '76833de897b94ed78472efc349b0d5b3', 'tenant_name': 'tempest-QuotaClassesAdmin257Test-1886634244', 'user_domain_id': 'default', 'user_domain_name': 'Default', 'user_id': '46f53105e45f4a82ba4a357a3fa1f392', 'system': None}, Network: None, Subnet: None, Router: None
2024-08-16 16:13:12.930 62395 INFO tempest.lib.common.rest_client [req-e7474763-5aa0-4b33-b9ad-c46b45775cd2 req-e7474763-5aa0-4b33-b9ad-c46b45775cd2 ] Request (ServersWithSpecificFlavorTestJSON:test_verify_created_server_ephemeral_disk): 200 GET http://10.180.1.21/compute/v2.1/servers/c20d39e1-e0a5-456e-8f9c-4dc80b8f455e 1.667s
2024-08-16 16:13:12.950 62411 INFO tempest.lib.common.rest_client [req-3b70fdb6-382e-47c3-9d03-368d6ef791f6 req-3b70fdb6-382e-47c3-9d03-368d6ef791f6 ] Request (QuotaClassesAdmin257Test:setUpClass): 201 POST http://10.180.1.21/identity/v3/auth/tokens 0.116s
2024-08-16 16:13:13.037 62411 INFO tempest.lib.common.rest_client [req-e789ee28-32c7-4dd8-ae12-951b10cc430e req-e789ee28-32c7-4dd8-ae12-951b10cc430e ] Request (QuotaClassesAdmin257Test:setUpClass): 201 POST http://10.180.1.21/identity/v3/projects 0.087s
2024-08-16 16:13:13.141 62411 INFO tempest.lib.common.rest_client [req-35f7b0ae-8fed-4ca4-ba22-a83fbd1a0d1b req-35f7b0ae-8fed-4ca4-ba22-a83fbd1a0d1b ] Request (QuotaClassesAdmin257Test:setUpClass): 201 POST http://10.180.1.21/identity/v3/users 0.103s
2024-08-16 16:13:13.160 62411 INFO tempest.lib.common.rest_client [req-54f88439-8566-4c9a-b7cb-84e01a2f7077 req-54f88439-8566-4c9a-b7cb-84e01a2f7077 ] Request (QuotaClassesAdmin257Test:setUpClass): 200 GET http://10.180.1.21/identity/v3/roles 0.018s
2024-08-16 16:13:13.164 62383 INFO tempest.lib.common.rest_client [req-312ab4f0-edae-4639-8219-0363fb44dae8 req-312ab4f0-edae-4639-8219-0363fb44dae8 ] Request (VolumesSnapshotsTestJSON:test_volume_snapshot_create_get_list_delete): 200 POST http://10.180.1.21/compute/v2.1/os-snapshots 1.869s
2024-08-16 16:13:13.195 62411 INFO tempest.lib.common.rest_client [req-670de9dc-94cd-4ea1-83bc-4b5b92df007d req-670de9dc-94cd-4ea1-83bc-4b5b92df007d ] Request (QuotaClassesAdmin257Test:setUpClass): 204 PUT http://10.180.1.21/identity/v3/projects/034e38719d0a41a4ab25e4b2d2897682/users/e46441daa9cd49ec892cd28d2b92d92f/roles/093d82f6ab8a42978a5ef3e361f13ab5 0.035s
2024-08-16 16:13:13.240 62407 INFO tempest.lib.common.rest_client [req-da49449f-efe3-4a0a-8638-b82e0dab677e req-da49449f-efe3-4a0a-8638-b82e0dab677e ] Request (AttachVolumeTestJSON:test_attach_detach_volume): 200 GET http://10.180.1.21/compute/v2.1/servers/62ddc060-415e-4866-919d-d8753a0ea852 2.051s
2024-08-16 16:13:13.246 62407 INFO tempest.common.waiters [-] State transition "BUILD/networking" ==> "BUILD/spawning" after 25 second wait
2024-08-16 16:13:13.248 62409 INFO tempest.lib.common.rest_client [req-7e9fb1e2-f614-4e12-9630-4dce141147ed req-7e9fb1e2-f614-4e12-9630-4dce141147ed ] Request (FloatingIPDetailsNegativeTestJSON:tearDownClass): 204 DELETE http://10.180.1.21:9696/networking/v2.0/networks/87b5a2fb-ab97-4c12-a653-bc78ede0e367 1.124s
2024-08-16 16:13:13.327 62411 INFO tempest.lib.common.rest_client [req-1a3977e2-a414-4074-ba5e-7c35112eb865 req-1a3977e2-a414-4074-ba5e-7c35112eb865 ] Request (QuotaClassesAdmin257Test:setUpClass): 200 GET http://10.180.1.21/identity/v3/roles 0.131s
2024-08-16 16:13:13.392 62393 INFO tempest.lib.common.rest_client [req-d9641c88-7bab-40a4-a2d2-71b882fff2c0 req-d9641c88-7bab-40a4-a2d2-71b882fff2c0 ] Request (ServersAdmin275Test:test_rebuild_update_server_275): 200 GET http://10.180.1.21/compute/v2.1/servers/d3cf0925-7246-42b4-af88-f5abbea8f034 2.010s
2024-08-16 16:13:13.435 62409 INFO tempest.lib.common.rest_client [req-19530789-abb9-4612-b8e3-9c531a974c80 req-19530789-abb9-4612-b8e3-9c531a974c80 ] Request (FloatingIPDetailsNegativeTestJSON:tearDownClass): 204 DELETE http://10.180.1.21/identity/v3/users/337d830c282e4fd1b5702834312ed1f3 0.186s
2024-08-16 16:13:13.435 62409 INFO tempest.lib.common.dynamic_creds [-] Deleting project and security group for project: b487a0e66f9d4f489b8e9f0757657b14
2024-08-16 16:13:13.468 62411 INFO tempest.lib.common.rest_client [req-aa57c292-f47d-4251-a0fb-9d0c199d356a req-aa57c292-f47d-4251-a0fb-9d0c199d356a ] Request (QuotaClassesAdmin257Test:setUpClass): 204 PUT http://10.180.1.21/identity/v3/projects/034e38719d0a41a4ab25e4b2d2897682/users/e46441daa9cd49ec892cd28d2b92d92f/roles/093d82f6ab8a42978a5ef3e361f13ab5 0.141s
2024-08-16 16:13:13.468 62411 INFO tempest.lib.common.dynamic_creds [-] Dynamic test user e46441daa9cd49ec892cd28d2b92d92f is created with scope project and roles: ['admin']
2024-08-16 16:13:13.468 62411 INFO tempest.lib.common.dynamic_creds [-] Acquired dynamic creds: credentials: Credentials: {'domain_id': 'default', 'domain_name': 'Default', 'username': 'tempest-QuotaClassesAdmin257Test-2092143988-project-admin', 'project_domain_id': 'default', 'project_domain_name': 'Default', 'project_id': '034e38719d0a41a4ab25e4b2d2897682', 'project_name': 'tempest-QuotaClassesAdmin257Test-2092143988', 'tenant_id': '034e38719d0a41a4ab25e4b2d2897682', 'tenant_name': 'tempest-QuotaClassesAdmin257Test-2092143988', 'user_domain_id': 'default', 'user_domain_name': 'Default', 'user_id': 'e46441daa9cd49ec892cd28d2b92d92f', 'system': None}, Network: None, Subnet: None, Router: None
2024-08-16 16:13:13.469 62411 INFO tempest.lib.common.dynamic_creds [-] Created isolated network resources for: credentials: Credentials: {'domain_id': 'default', 'domain_name': 'Default', 'username': 'tempest-QuotaClassesAdmin257Test-2092143988-project-admin', 'project_domain_id': 'default', 'project_domain_name': 'Default', 'project_id': '034e38719d0a41a4ab25e4b2d2897682', 'project_name': 'tempest-QuotaClassesAdmin257Test-2092143988', 'tenant_id': '034e38719d0a41a4ab25e4b2d2897682', 'tenant_name': 'tempest-QuotaClassesAdmin257Test-2092143988', 'user_domain_id': 'default', 'user_domain_name': 'Default', 'user_id': 'e46441daa9cd49ec892cd28d2b92d92f', 'system': None}, Network: None, Subnet: None, Router: None
2024-08-16 16:13:13.517 62400 INFO tempest.lib.common.rest_client [req-3c80d064-2cac-4a01-ba92-43cb00581121 req-3c80d064-2cac-4a01-ba92-43cb00581121 ] Request (DeleteServersAdminTestJSON:test_delete_server_while_in_error_state): 200 GET http://10.180.1.21/compute/v2.1/servers/150621b7-b140-468e-ae86-19223353952c 2.057s
2024-08-16 16:13:13.556 62424 INFO tempest.lib.common.rest_client [req-450bf449-1b62-4668-856d-5f612175bbd0 req-450bf449-1b62-4668-856d-5f612175bbd0 ] Request (AttachInterfacesUnderV243Test:setUpClass): 201 POST http://10.180.1.21:9696/networking/v2.0/networks 1.271s
2024-08-16 16:13:13.579 62411 INFO tempest.lib.common.rest_client [req-339cf048-c0ec-4d08-a826-661c249bce54 req-339cf048-c0ec-4d08-a826-661c249bce54 ] Request (QuotaClassesAdmin257Test:setUpClass): 201 POST http://10.180.1.21/identity/v3/auth/tokens 0.107s
2024-08-16 16:13:13.704 62409 INFO tempest.lib.common.rest_client [req-ed567230-98dd-4b82-b6a2-a570811d9c3d req-ed567230-98dd-4b82-b6a2-a570811d9c3d ] Request (FloatingIPDetailsNegativeTestJSON:tearDownClass): 200 GET http://10.180.1.21:9696/networking/v2.0/security-groups?tenant_id=b487a0e66f9d4f489b8e9f0757657b14&name=default 0.268s
2024-08-16 16:13:13.716 62437 INFO tempest.lib.common.rest_client [req-64c7373d-9f39-4182-8be3-23faa7f4a420 req-64c7373d-9f39-4182-8be3-23faa7f4a420 ] Request (ServerShowV257Test:test_rebuild_server): 200 GET http://10.180.1.21/compute/v2.1/servers/f293d01e-a8e6-4ffd-888d-098e086440eb 2.166s
2024-08-16 16:13:13.804 62416 INFO tempest.lib.common.rest_client [req-35181f01-5121-4d65-bb6a-89fd0abd0c0d req-35181f01-5121-4d65-bb6a-89fd0abd0c0d ] Request (ServerGroupTestJSON:test_create_server_with_scheduler_hint_group): 200 GET http://10.180.1.21/compute/v2.1/servers/4ee5bd39-ad12-41a7-a7df-dfa234b1f905 2.171s
2024-08-16 16:13:13.872 62379 INFO tempest.lib.common.rest_client [req-ead9678f-b5e7-449d-97cc-6cb686c12205 req-ead9678f-b5e7-449d-97cc-6cb686c12205 ] Request (ServerActionsTestOtherA:setUpClass): 200 GET http://10.180.1.21/compute/v2.1/servers/fef556c2-9874-4abd-938e-f89062d314f5 1.967s
2024-08-16 16:13:13.966 62419 INFO tempest.lib.common.rest_client [req-dc2e87f8-71f0-4806-b4c1-636fec8f46e7 req-dc2e87f8-71f0-4806-b4c1-636fec8f46e7 ] Request (ServersTestFqdnHostnames:setUpClass): 201 POST http://10.180.1.21:9696/networking/v2.0/networks 1.309s
2024-08-16 16:13:14.132 62417 INFO tempest.lib.common.rest_client [req-323073aa-93cc-4c29-82ad-f0fdef821464 req-323073aa-93cc-4c29-82ad-f0fdef821464 ] Request (ServersAdminNegativeTestJSON:setUpClass): 200 GET http://10.180.1.21/compute/v2.1/servers/bac03ff5-5847-48d6-9c6c-364421da1e44 2.139s
2024-08-16 16:13:14.138 62417 INFO tempest.common.waiters [-] State transition "BUILD/None" ==> "BUILD/networking" after 25 second wait
2024-08-16 16:13:14.205 62409 INFO tempest.lib.common.rest_client [req-867f4373-0846-4437-bef7-3fab036793e2 req-867f4373-0846-4437-bef7-3fab036793e2 ] Request (FloatingIPDetailsNegativeTestJSON:tearDownClass): 204 DELETE http://10.180.1.21:9696/networking/v2.0/security-groups/08dede3f-4ba2-4dda-b57f-4c7161e54dec 0.500s
2024-08-16 16:13:14.227 62375 INFO tempest.lib.common.rest_client [req-b15e1b85-8df7-4698-bdee-91be1ea261dd req-b15e1b85-8df7-4698-bdee-91be1ea261dd ] Request (ImagesTestJSON:test_create_image_from_suspended_server): 200 GET http://10.180.1.21/compute/v2.1/servers/599345f1-0ec2-42b8-9170-372326851360 2.135s
2024-08-16 16:13:14.320 62421 INFO tempest.lib.common.rest_client [req-10ea94df-4e9a-4489-ae52-9360feb3e804 req-10ea94df-4e9a-4489-ae52-9360feb3e804 ] Request (TenantUsagesTestJSON:setUpClass): 200 GET http://10.180.1.21/compute/v2.1/servers/8c251d9d-c45d-43f8-a2aa-bb8df3cd4444 2.148s
2024-08-16 16:13:14.326 62409 INFO tempest.lib.common.rest_client [req-becf3282-999a-4b04-a5e9-1c78b2eb751d req-becf3282-999a-4b04-a5e9-1c78b2eb751d ] Request (FloatingIPDetailsNegativeTestJSON:tearDownClass): 204 DELETE http://10.180.1.21/identity/v3/projects/b487a0e66f9d4f489b8e9f0757657b14 0.121s
2024-08-16 16:13:14.374 62424 INFO tempest.lib.common.rest_client [req-d3c649e9-4ed4-4934-aba1-b363eaa8a194 req-d3c649e9-4ed4-4934-aba1-b363eaa8a194 ] Request (AttachInterfacesUnderV243Test:setUpClass): 201 POST http://10.180.1.21:9696/networking/v2.0/subnets 0.817s
2024-08-16 16:13:14.402 62401 INFO tempest.lib.common.rest_client [req-a3bca3c7-2b57-455a-a8b8-9b4569bc581a req-a3bca3c7-2b57-455a-a8b8-9b4569bc581a ] Request (InstanceActionsTestJSON:setUpClass): 200 GET http://10.180.1.21/compute/v2.1/servers/259368b2-0191-4686-9825-a38468fd86f2 2.161s
2024-08-16 16:13:14.523 62388 INFO tempest.lib.common.rest_client [req-36f59fe0-cd28-4d23-b3b6-bb8f0fc58725 req-36f59fe0-cd28-4d23-b3b6-bb8f0fc58725 ] Request (FloatingIPsAssociationTestJSON:setUpClass): 202 POST http://10.180.1.21/compute/v2.1/servers 3.204s
2024-08-16 16:13:14.616 62425 INFO tempest.lib.common.rest_client [req-bb8278e2-0b60-4f08-974b-ae0cbeffd6b5 req-bb8278e2-0b60-4f08-974b-ae0cbeffd6b5 ] Request (ServersAdminTestJSON:setUpClass): 200 GET http://10.180.1.21/compute/v2.1/servers/8964e9dc-0ce7-45e9-885f-dc3307adf117 1.994s
2024-08-16 16:13:14.684 62419 INFO tempest.lib.common.rest_client [req-03ba20f4-e1b4-4435-b8c3-9bee02c2cd7c req-03ba20f4-e1b4-4435-b8c3-9bee02c2cd7c ] Request (ServersTestFqdnHostnames:setUpClass): 201 POST http://10.180.1.21:9696/networking/v2.0/subnets 0.717s
2024-08-16 16:13:14.688 62377 INFO tempest.lib.common.rest_client [req-0c4cdf39-cd20-42e8-8f30-39399b1a3685 req-0c4cdf39-cd20-42e8-8f30-39399b1a3685 ] Request (ServerPasswordTestJSON:setUpClass): 200 GET http://10.180.1.21/compute/v2.1/servers/15483781-7d72-418d-9c42-4bb680a6c0b1 1.965s
2024-08-16 16:13:14.769 62413 INFO tempest.lib.common.rest_client [req-276816f0-0a66-405b-92d4-c7c064cc05ff req-276816f0-0a66-405b-92d4-c7c064cc05ff ] Request (MigrationsAdminTest:test_list_migrations_in_flavor_resize_situation): 200 GET http://10.180.1.21/compute/v2.1/servers/4b0701a5-a149-4b20-a03d-fe77b230008a 2.033s
2024-08-16 16:13:14.885 62433 INFO tempest.lib.common.rest_client [req-887e4c2d-d149-44d9-b4b1-b4d9193a8f4a req-887e4c2d-d149-44d9-b4b1-b4d9193a8f4a ] Request (ListImageFiltersTestJSON:setUpClass): 202 POST http://10.180.1.21/compute/v2.1/servers 2.440s
2024-08-16 16:13:14.994 62390 INFO tempest.lib.common.rest_client [req-6121ab3f-89e7-4d03-af5b-10382e74bef3 req-6121ab3f-89e7-4d03-af5b-10382e74bef3 ] Request (FloatingIPsAssociationNegativeTestJSON:setUpClass): 200 GET http://10.180.1.21/compute/v2.1/servers/d3905ca4-f0ba-4b67-8aa8-8c12994ffe97 2.052s
2024-08-16 16:13:15.011 62397 INFO tempest.lib.common.rest_client [req-ad5c767d-c758-4937-bb2e-dc956a800f23 req-ad5c767d-c758-4937-bb2e-dc956a800f23 ] Request (ServerShowV247Test:test_update_rebuild_list_server): 200 GET http://10.180.1.21/compute/v2.1/servers/aa6c6d8e-f489-44a4-bb73-0bcc37f300b6 2.177s
2024-08-16 16:13:15.061 62383 INFO tempest.lib.common.rest_client [req-3e44f0ac-a77e-4a46-b7ee-18c9c6508596 req-3e44f0ac-a77e-4a46-b7ee-18c9c6508596 ] Request (VolumesSnapshotsTestJSON:test_volume_snapshot_create_get_list_delete): 200 GET http://10.180.1.21/compute/v2.1/os-snapshots/c1f4273a-f27c-451f-afca-ed2b0c5131f8 1.895s
2024-08-16 16:13:15.080 62405 INFO tempest.lib.common.rest_client [req-10414bbd-efb4-4b1c-9908-5536b38555c4 req-10414bbd-efb4-4b1c-9908-5536b38555c4 ] Request (ServerActionsTestJSON:setUpClass): 200 GET http://10.180.1.21/compute/v2.1/servers/cc8d9890-f553-4a4b-a351-62770a7b29d8 2.046s
2024-08-16 16:13:15.144 62373 INFO tempest.lib.common.rest_client [req-ad4b6a6a-9570-4384-bf88-62b1c4f013d9 req-ad4b6a6a-9570-4384-bf88-62b1c4f013d9 ] Request (ServerActionsV293TestJSON:setUpClass): 200 PUT http://10.180.1.21:9696/networking/v2.0/routers/0836fde0-4d41-4fa0-bc8c-2d03fc32f956/add_router_interface 2.346s
2024-08-16 16:13:15.145 62373 INFO tempest.lib.common.dynamic_creds [-] Created isolated network resources for: credentials: Credentials: {'domain_id': 'default', 'domain_name': 'Default', 'username': 'tempest-ServerActionsV293TestJSON-731005333-project-member', 'project_domain_id': 'default', 'project_domain_name': 'Default', 'project_id': '681884acd1624f1386dfd471b81b9e96', 'project_name': 'tempest-ServerActionsV293TestJSON-731005333', 'tenant_id': '681884acd1624f1386dfd471b81b9e96', 'tenant_name': 'tempest-ServerActionsV293TestJSON-731005333', 'user_domain_id': 'default', 'user_domain_name': 'Default', 'user_id': '046df2e26e314dc78637a3fb6ec33c58', 'system': None}, Network: {'id': 'f8103864-bfef-4899-b5a5-9146e41b3d13', 'name': 'tempest-ServerActionsV293TestJSON-1029650826-network', 'tenant_id': '681884acd1624f1386dfd471b81b9e96', 'admin_state_up': True, 'mtu': 8950, 'status': 'ACTIVE', 'subnets': [], 'shared': False, 'project_id': '681884acd1624f1386dfd471b81b9e96', 'port_security_enabled': True, 'router:external': False, 'provider:network_type': 'vlan', 'provider:physical_network': 'default', 'provider:segmentation_id': 576, 'is_default': False, 'availability_zone_hints': [], 'availability_zones': [], 'ipv4_address_scope': None, 'ipv6_address_scope': None, 'description': '', 'tags': [], 'created_at': '2024-08-16T16:13:08Z', 'updated_at': '2024-08-16T16:13:08Z', 'revision_number': 1}, Subnet: {'id': '2c29007b-88a9-4f22-ac86-1d7dca9e3ba5', 'name': 'tempest-ServerActionsV293TestJSON-1029650826-subnet', 'tenant_id': '681884acd1624f1386dfd471b81b9e96', 'network_id': 'f8103864-bfef-4899-b5a5-9146e41b3d13', 'ip_version': 4, 'subnetpool_id': None, 'enable_dhcp': True, 'ipv6_ra_mode': None, 'ipv6_address_mode': None, 'gateway_ip': '192.168.128.1', 'cidr': '192.168.128.0/28', 'allocation_pools': [{'start': '192.168.128.2', 'end': '192.168.128.14'}], 'host_routes': [], 'dns_nameservers': [], 'description': '', 'router:external': False, 'service_types': [], 'tags': [], 'created_at': '2024-08-16T16:13:08Z', 'updated_at': '2024-08-16T16:13:08Z', 'revision_number': 0, 'project_id': '681884acd1624f1386dfd471b81b9e96'}, Router: {'id': '0836fde0-4d41-4fa0-bc8c-2d03fc32f956', 'name': 'tempest-ServerActionsV293TestJSON-1029650826-router', 'tenant_id': '681884acd1624f1386dfd471b81b9e96', 'admin_state_up': True, 'status': 'ACTIVE', 'external_gateway_info': {'network_id': '658274b6-3cc3-4f8f-b55f-c038e1c78a53', 'external_fixed_ips': [{'subnet_id': '32b74527-36cb-4809-8063-ab56f856581f', 'ip_address': '10.180.180.145'}], 'enable_snat': True}, 'description': '', 'availability_zones': [], 'distributed': False, 'ha': False, 'availability_zone_hints': [], 'routes': [], 'flavor_id': None, 'tags': [], 'created_at': '2024-08-16T16:13:09Z', 'updated_at': '2024-08-16T16:13:11Z', 'revision_number': 2, 'project_id': '681884acd1624f1386dfd471b81b9e96'}
2024-08-16 16:13:15.175 62404 INFO tempest.lib.common.rest_client [req-0fe7d177-7aa2-499d-9d79-614bd7311e2c req-0fe7d177-7aa2-499d-9d79-614bd7311e2c ] Request (VolumesAssistedSnapshotsTest:test_volume_assisted_snapshot_create_delete): 200 GET http://10.180.1.21/compute/v2.1/servers/0ba9723d-2169-48a5-bd88-57f9458585ea 1.791s
2024-08-16 16:13:15.217 62411 INFO tempest.lib.common.rest_client [req-c032b143-df5d-4e83-8eed-a1f339c671c0 req-c032b143-df5d-4e83-8eed-a1f339c671c0 ] Request (QuotaClassesAdmin257Test:test_update_default_quotas): 200 GET http://10.180.1.21/compute/v2.1/os-quota-class-sets/default 1.636s
2024-08-16 16:13:15.275 62373 INFO tempest.lib.common.rest_client [req-fddb1408-8a24-4292-a084-bfb1c048e0cd req-fddb1408-8a24-4292-a084-bfb1c048e0cd ] Request (ServerActionsV293TestJSON:setUpClass): 201 POST http://10.180.1.21/identity/v3/auth/tokens 0.127s
2024-08-16 16:13:15.301 62385 INFO tempest.lib.common.rest_client [req-0273062b-31d1-41c2-95bc-227b6d1da3fa req-0273062b-31d1-41c2-95bc-227b6d1da3fa ] Request (SecurityGroupsTestJSON:test_list_security_groups_by_server): 200 GET http://10.180.1.21/compute/v2.1/servers/28fdd1e6-f112-415c-9e80-8ca8bc59f82a 1.633s
2024-08-16 16:13:15.329 62395 INFO tempest.lib.common.rest_client [req-1e4e3736-f8dd-4db7-b149-e1db108914b3 req-1e4e3736-f8dd-4db7-b149-e1db108914b3 ] Request (ServersWithSpecificFlavorTestJSON:test_verify_created_server_ephemeral_disk): 200 GET http://10.180.1.21/compute/v2.1/servers/c20d39e1-e0a5-456e-8f9c-4dc80b8f455e 1.392s
2024-08-16 16:13:15.412 62393 INFO tempest.lib.common.rest_client [req-1a28d7a2-3ba3-46f3-9280-febd4ce28b5f req-1a28d7a2-3ba3-46f3-9280-febd4ce28b5f ] Request (ServersAdmin275Test:test_rebuild_update_server_275): 200 GET http://10.180.1.21/compute/v2.1/servers/d3cf0925-7246-42b4-af88-f5abbea8f034 1.005s
2024-08-16 16:13:15.479 62388 INFO tempest.lib.common.rest_client [req-4c6ca99a-f2bc-45d7-aa84-0af2bae15d6e req-4c6ca99a-f2bc-45d7-aa84-0af2bae15d6e ] Request (FloatingIPsAssociationTestJSON:setUpClass): 200 GET http://10.180.1.21/compute/v2.1/servers/d0068b4a-a421-4693-b37c-34fc59efe361 0.954s
2024-08-16 16:13:15.541 62400 INFO tempest.lib.common.rest_client [req-163ab277-47ab-4ad6-8d2d-fa1fb88923d6 req-163ab277-47ab-4ad6-8d2d-fa1fb88923d6 ] Request (DeleteServersAdminTestJSON:test_delete_server_while_in_error_state): 200 GET http://10.180.1.21/compute/v2.1/servers/150621b7-b140-468e-ae86-19223353952c 1.016s
2024-08-16 16:13:15.597 62437 INFO tempest.lib.common.rest_client [req-b44ba3b2-1a90-4c22-9048-dc73ef7909fd req-b44ba3b2-1a90-4c22-9048-dc73ef7909fd ] Request (ServerShowV257Test:test_rebuild_server): 200 GET http://10.180.1.21/compute/v2.1/servers/f293d01e-a8e6-4ffd-888d-098e086440eb 0.871s
2024-08-16 16:13:15.661 62431 INFO tempest.lib.common.rest_client [req-190ad33e-f738-4f12-b545-10fbb041e059 req-190ad33e-f738-4f12-b545-10fbb041e059 ] Request (SecurityGroupRulesTestJSON:setUpClass): 200 PUT http://10.180.1.21:9696/networking/v2.0/routers/e297cc61-65e4-4d47-a70f-fe78974e4ec7/add_router_interface 3.110s
2024-08-16 16:13:15.662 62431 INFO tempest.lib.common.dynamic_creds [-] Created isolated network resources for: credentials: Credentials: {'domain_id': 'default', 'domain_name': 'Default', 'username': 'tempest-SecurityGroupRulesTestJSON-216628690-project-member', 'project_domain_id': 'default', 'project_domain_name': 'Default', 'project_id': '94bee5d3836c44b99cb13e4de1e57031', 'project_name': 'tempest-SecurityGroupRulesTestJSON-216628690', 'tenant_id': '94bee5d3836c44b99cb13e4de1e57031', 'tenant_name': 'tempest-SecurityGroupRulesTestJSON-216628690', 'user_domain_id': 'default', 'user_domain_name': 'Default', 'user_id': '436f53e2a56749b7a34856804bf68e42', 'system': None}, Network: {'id': 'f7146908-d48d-4447-9f57-df81bc97ca4f', 'name': 'tempest-SecurityGroupRulesTestJSON-2074607068-network', 'tenant_id': '94bee5d3836c44b99cb13e4de1e57031', 'admin_state_up': True, 'mtu': 8950, 'status': 'ACTIVE', 'subnets': [], 'shared': False, 'project_id': '94bee5d3836c44b99cb13e4de1e57031', 'port_security_enabled': True, 'router:external': False, 'provider:network_type': 'vlan', 'provider:physical_network': 'default', 'provider:segmentation_id': 716, 'is_default': False, 'availability_zone_hints': [], 'availability_zones': [], 'ipv4_address_scope': None, 'ipv6_address_scope': None, 'description': '', 'tags': [], 'created_at': '2024-08-16T16:13:07Z', 'updated_at': '2024-08-16T16:13:07Z', 'revision_number': 1}, Subnet: {'id': '949ea416-46a9-46fc-9804-ca772811fbae', 'name': 'tempest-SecurityGroupRulesTestJSON-2074607068-subnet', 'tenant_id': '94bee5d3836c44b99cb13e4de1e57031', 'network_id': 'f7146908-d48d-4447-9f57-df81bc97ca4f', 'ip_version': 4, 'subnetpool_id': None, 'enable_dhcp': True, 'ipv6_ra_mode': None, 'ipv6_address_mode': None, 'gateway_ip': '192.168.128.1', 'cidr': '192.168.128.0/28', 'allocation_pools': [{'start': '192.168.128.2', 'end': '192.168.128.14'}], 'host_routes': [], 'dns_nameservers': [], 'description': '', 'router:external': False, 'service_types': [], 'tags': [], 'created_at': '2024-08-16T16:13:07Z', 'updated_at': '2024-08-16T16:13:07Z', 'revision_number': 0, 'project_id': '94bee5d3836c44b99cb13e4de1e57031'}, Router: {'id': 'e297cc61-65e4-4d47-a70f-fe78974e4ec7', 'name': 'tempest-SecurityGroupRulesTestJSON-2074607068-router', 'tenant_id': '94bee5d3836c44b99cb13e4de1e57031', 'admin_state_up': True, 'status': 'ACTIVE', 'external_gateway_info': {'network_id': '658274b6-3cc3-4f8f-b55f-c038e1c78a53', 'external_fixed_ips': [{'subnet_id': '32b74527-36cb-4809-8063-ab56f856581f', 'ip_address': '10.180.180.227'}], 'enable_snat': True}, 'description': '', 'availability_zones': [], 'distributed': False, 'ha': False, 'availability_zone_hints': [], 'routes': [], 'flavor_id': None, 'tags': [], 'created_at': '2024-08-16T16:13:09Z', 'updated_at': '2024-08-16T16:13:11Z', 'revision_number': 2, 'project_id': '94bee5d3836c44b99cb13e4de1e57031'}
2024-08-16 16:13:15.662 62416 INFO tempest.lib.common.rest_client [req-98f65034-dfdf-4c18-9e58-c9e504fc8fe0 req-98f65034-dfdf-4c18-9e58-c9e504fc8fe0 ] Request (ServerGroupTestJSON:test_create_server_with_scheduler_hint_group): 200 GET http://10.180.1.21/compute/v2.1/servers/4ee5bd39-ad12-41a7-a7df-dfa234b1f905 0.850s
2024-08-16 16:13:15.731 62379 INFO tempest.lib.common.rest_client [req-e453c078-26d0-4a5a-b41e-3658335c8184 req-e453c078-26d0-4a5a-b41e-3658335c8184 ] Request (ServerActionsTestOtherA:setUpClass): 200 GET http://10.180.1.21/compute/v2.1/servers/fef556c2-9874-4abd-938e-f89062d314f5 0.852s
2024-08-16 16:13:15.748 62431 INFO tempest.lib.common.rest_client [req-77da0bee-57df-4bd8-9a42-00bd70f8ab2d req-77da0bee-57df-4bd8-9a42-00bd70f8ab2d ] Request (SecurityGroupRulesTestJSON:setUpClass): 201 POST http://10.180.1.21/identity/v3/auth/tokens 0.083s
2024-08-16 16:13:15.796 62433 INFO tempest.lib.common.rest_client [req-764ea931-08f6-4e8e-9020-95a3e4b68740 req-764ea931-08f6-4e8e-9020-95a3e4b68740 ] Request (ListImageFiltersTestJSON:setUpClass): 200 GET http://10.180.1.21/compute/v2.1/servers/da26844b-5630-4779-88db-d68e0ec69698 0.909s
2024-08-16 16:13:15.825 62383 INFO tempest.lib.common.rest_client [req-d82d82ad-2071-49bc-a592-c9168d2f9053 req-d82d82ad-2071-49bc-a592-c9168d2f9053 ] Request (VolumesSnapshotsTestJSON:test_volume_snapshot_create_get_list_delete): 200 GET http://10.180.1.21/compute/v2.1/os-snapshots 0.762s
2024-08-16 16:13:15.875 62417 INFO tempest.lib.common.rest_client [req-ae6c5bb0-628f-4402-9f6e-1f5c7a158452 req-ae6c5bb0-628f-4402-9f6e-1f5c7a158452 ] Request (ServersAdminNegativeTestJSON:setUpClass): 200 GET http://10.180.1.21/compute/v2.1/servers/bac03ff5-5847-48d6-9c6c-364421da1e44 0.736s
2024-08-16 16:13:15.886 62417 INFO tempest.common.waiters [-] State transition "BUILD/networking" ==> "BUILD/spawning" after 26 second wait
2024-08-16 16:13:15.935 62411 INFO tempest.lib.common.rest_client [req-1a92b4ba-7483-465b-be49-2d90bcdfabcf req-1a92b4ba-7483-465b-be49-2d90bcdfabcf ] Request (QuotaClassesAdmin257Test:test_update_default_quotas): 200 PUT http://10.180.1.21/compute/v2.1/os-quota-class-sets/default 0.716s
2024-08-16 16:13:15.972 62407 INFO tempest.lib.common.rest_client [req-4454616f-2e18-4b99-9de4-958ada3f7a0e req-4454616f-2e18-4b99-9de4-958ada3f7a0e ] Request (AttachVolumeTestJSON:test_attach_detach_volume): 200 GET http://10.180.1.21/compute/v2.1/servers/62ddc060-415e-4866-919d-d8753a0ea852 1.724s
2024-08-16 16:13:15.994 62375 INFO tempest.lib.common.rest_client [req-67b6102c-a4c0-4933-9ea6-ea20de39a223 req-67b6102c-a4c0-4933-9ea6-ea20de39a223 ] Request (ImagesTestJSON:test_create_image_from_suspended_server): 200 GET http://10.180.1.21/compute/v2.1/servers/599345f1-0ec2-42b8-9170-372326851360 0.757s
2024-08-16 16:13:16.053 62373 INFO tempest.lib.common.rest_client [req-1b80ad4c-afc0-4ae8-82e2-6d70fa619580 req-1b80ad4c-afc0-4ae8-82e2-6d70fa619580 ] Request (ServerActionsV293TestJSON:setUpClass): 201 POST http://10.180.1.21/compute/v2.1/os-keypairs 0.776s
2024-08-16 16:13:16.061 62421 INFO tempest.lib.common.rest_client [req-eceea032-2f53-4301-9346-54fc447491a2 req-eceea032-2f53-4301-9346-54fc447491a2 ] Request (TenantUsagesTestJSON:setUpClass): 200 GET http://10.180.1.21/compute/v2.1/servers/8c251d9d-c45d-43f8-a2aa-bb8df3cd4444 0.734s
2024-08-16 16:13:16.151 62401 INFO tempest.lib.common.rest_client [req-3624b446-89dc-4a15-a7ae-4da9fdcc57f5 req-3624b446-89dc-4a15-a7ae-4da9fdcc57f5 ] Request (InstanceActionsTestJSON:setUpClass): 200 GET http://10.180.1.21/compute/v2.1/servers/259368b2-0191-4686-9825-a38468fd86f2 0.732s
2024-08-16 16:13:16.171 62373 INFO tempest.lib.common.rest_client [req-32e79865-849c-4d9a-b666-85a28c7663df req-32e79865-849c-4d9a-b666-85a28c7663df ] Request (ServerActionsV293TestJSON:setUpClass): 201 POST http://10.180.1.21:9696/networking/v2.0/security-groups 0.116s
2024-08-16 16:13:16.220 62377 INFO tempest.lib.common.rest_client [req-78058cef-d8b0-4bcb-b212-a3439d0244cb req-78058cef-d8b0-4bcb-b212-a3439d0244cb ] Request (ServerPasswordTestJSON:setUpClass): 200 GET http://10.180.1.21/compute/v2.1/servers/15483781-7d72-418d-9c42-4bb680a6c0b1 0.525s
2024-08-16 16:13:16.239 62425 INFO tempest.lib.common.rest_client [req-669ed4ca-2211-43f9-94d1-b6f3b90ec1c8 req-669ed4ca-2211-43f9-94d1-b6f3b90ec1c8 ] Request (ServersAdminTestJSON:setUpClass): 200 GET http://10.180.1.21/compute/v2.1/servers/8964e9dc-0ce7-45e9-885f-dc3307adf117 0.615s
2024-08-16 16:13:16.373 62373 INFO tempest.lib.common.rest_client [req-324e295f-92eb-4dad-892b-2201e44f454b req-324e295f-92eb-4dad-892b-2201e44f454b ] Request (ServerActionsV293TestJSON:setUpClass): 201 POST http://10.180.1.21:9696/networking/v2.0/security-group-rules 0.202s
2024-08-16 16:13:16.436 62413 INFO tempest.lib.common.rest_client [req-1037f938-f8dd-46d5-b983-3c0b207414f3 req-1037f938-f8dd-46d5-b983-3c0b207414f3 ] Request (MigrationsAdminTest:test_list_migrations_in_flavor_resize_situation): 200 GET http://10.180.1.21/compute/v2.1/servers/4b0701a5-a149-4b20-a03d-fe77b230008a 0.660s
2024-08-16 16:13:16.460 62383 INFO tempest.lib.common.rest_client [req-5e83a510-2504-4da3-aa8f-4257bef80118 req-5e83a510-2504-4da3-aa8f-4257bef80118 ] Request (VolumesSnapshotsTestJSON:_run_cleanups): 200 GET http://10.180.1.21/compute/v2.1/os-snapshots/c1f4273a-f27c-451f-afca-ed2b0c5131f8 0.634s
2024-08-16 16:13:16.462 62383 INFO tempest.common.waiters [-] snapshot c1f4273a-f27c-451f-afca-ed2b0c5131f8 reached available after waiting for 0.462280 seconds
2024-08-16 16:13:16.473 62411 INFO tempest.lib.common.rest_client [req-19fbd34f-7975-4b4e-b2b2-d5e5efd66f8a req-19fbd34f-7975-4b4e-b2b2-d5e5efd66f8a ] Request (QuotaClassesAdmin257Test:test_update_default_quotas): 200 GET http://10.180.1.21/compute/v2.1/os-quota-class-sets/default 0.537s
2024-08-16 16:13:16.496 62431 INFO tempest.lib.common.rest_client [req-e56e39d3-4756-4e68-8b26-ac78724a3d8e req-e56e39d3-4756-4e68-8b26-ac78724a3d8e ] Request (SecurityGroupRulesTestJSON:test_security_group_rules_create): 200 POST http://10.180.1.21/compute/v2.1/os-security-groups 0.746s
2024-08-16 16:13:16.541 62443 INFO tempest.lib.common.rest_client [req-28e7ca28-06d0-4115-a058-4ba1358ef525 req-28e7ca28-06d0-4115-a058-4ba1358ef525 ] Request (ServerMetadataTestJSON:setUpClass): 200 PUT http://10.180.1.21:9696/networking/v2.0/routers/064b4b41-5e48-4314-9dfe-01335e792759/add_router_interface 4.573s
2024-08-16 16:13:16.541 62443 INFO tempest.lib.common.dynamic_creds [-] Created isolated network resources for: credentials: Credentials: {'domain_id': 'default', 'domain_name': 'Default', 'username': 'tempest-ServerMetadataTestJSON-602794235-project-member', 'project_domain_id': 'default', 'project_domain_name': 'Default', 'project_id': 'b94a5af2c63f4c60ab42a7c8af565287', 'project_name': 'tempest-ServerMetadataTestJSON-602794235', 'tenant_id': 'b94a5af2c63f4c60ab42a7c8af565287', 'tenant_name': 'tempest-ServerMetadataTestJSON-602794235', 'user_domain_id': 'default', 'user_domain_name': 'Default', 'user_id': 'b8ff81caaad942138e2f82d7706a8cff', 'system': None}, Network: {'id': '87f60ec4-87e3-4a98-b55f-8928654c4d58', 'name': 'tempest-ServerMetadataTestJSON-1830115812-network', 'tenant_id': 'b94a5af2c63f4c60ab42a7c8af565287', 'admin_state_up': True, 'mtu': 8950, 'status': 'ACTIVE', 'subnets': [], 'shared': False, 'project_id': 'b94a5af2c63f4c60ab42a7c8af565287', 'port_security_enabled': True, 'router:external': False, 'provider:network_type': 'vlan', 'provider:physical_network': 'default', 'provider:segmentation_id': 861, 'is_default': False, 'availability_zone_hints': [], 'availability_zones': [], 'ipv4_address_scope': None, 'ipv6_address_scope': None, 'description': '', 'tags': [], 'created_at': '2024-08-16T16:13:07Z', 'updated_at': '2024-08-16T16:13:07Z', 'revision_number': 1}, Subnet: {'id': 'fd14925b-d325-4056-9e46-801b9219ecdb', 'name': 'tempest-ServerMetadataTestJSON-1830115812-subnet', 'tenant_id': 'b94a5af2c63f4c60ab42a7c8af565287', 'network_id': '87f60ec4-87e3-4a98-b55f-8928654c4d58', 'ip_version': 4, 'subnetpool_id': None, 'enable_dhcp': True, 'ipv6_ra_mode': None, 'ipv6_address_mode': None, 'gateway_ip': '192.168.128.1', 'cidr': '192.168.128.0/28', 'allocation_pools': [{'start': '192.168.128.2', 'end': '192.168.128.14'}], 'host_routes': [], 'dns_nameservers': [], 'description': '', 'router:external': False, 'service_types': [], 'tags': [], 'created_at': '2024-08-16T16:13:08Z', 'updated_at': '2024-08-16T16:13:08Z', 'revision_number': 0, 'project_id': 'b94a5af2c63f4c60ab42a7c8af565287'}, Router: {'id': '064b4b41-5e48-4314-9dfe-01335e792759', 'name': 'tempest-ServerMetadataTestJSON-1830115812-router', 'tenant_id': 'b94a5af2c63f4c60ab42a7c8af565287', 'admin_state_up': True, 'status': 'ACTIVE', 'external_gateway_info': {'network_id': '658274b6-3cc3-4f8f-b55f-c038e1c78a53', 'external_fixed_ips': [{'subnet_id': '32b74527-36cb-4809-8063-ab56f856581f', 'ip_address': '10.180.180.188'}], 'enable_snat': True}, 'description': '', 'availability_zones': [], 'distributed': False, 'ha': False, 'availability_zone_hints': [], 'routes': [], 'flavor_id': None, 'tags': [], 'created_at': '2024-08-16T16:13:09Z', 'updated_at': '2024-08-16T16:13:10Z', 'revision_number': 2, 'project_id': 'b94a5af2c63f4c60ab42a7c8af565287'}
