2024-05-29 03:12:12.026 61186 INFO tempest.lib.common.rest_client [req-74cb67c4-2810-4492-8f37-5d1c5db6b9f7 req-74cb67c4-2810-4492-8f37-5d1c5db6b9f7 ] Request (ServerActionsTestJSON:setUpClass): 200 GET http://10.180.1.21/compute/v2.1/servers/d7b02983-4e3c-46f2-9c64-6ebbd4163e76 0.208s
2024-05-29 03:12:12.042 61196 INFO tempest.lib.common.rest_client [req-5642e21f-3391-44b5-a684-e4f198eb7d81 req-5642e21f-3391-44b5-a684-e4f198eb7d81 ] Request (AttachInterfacesUnderV243Test:_run_cleanups): 204 DELETE http://10.180.1.21:9696/networking/v2.0/security-groups/b793b885-c9b6-4327-a03a-e1e6236a1a59 0.087s
2024-05-29 03:12:12.073 61229 INFO tempest.lib.common.rest_client [req-9f04021c-6e7a-48ae-a5ba-c6705804f4ea req-9f04021c-6e7a-48ae-a5ba-c6705804f4ea ] Request (VolumesAdminNegativeTest:test_update_attached_volume_with_nonexistent_volume_in_body): 200 GET http://10.180.1.21/compute/v2.1/servers/cf4a0f4c-1497-4082-b676-2403fce90905 0.218s
2024-05-29 03:12:12.078 61196 INFO tempest.lib.common.rest_client [req-2f342aa3-8b56-4b4d-a468-558b8f63b00c req-2f342aa3-8b56-4b4d-a468-558b8f63b00c ] Request (AttachInterfacesUnderV243Test:_run_cleanups): 404 GET http://10.180.1.21:9696/networking/v2.0/security-groups/b793b885-c9b6-4327-a03a-e1e6236a1a59 0.035s
2024-05-29 03:12:12.087 61198 INFO tempest.lib.common.rest_client [req-ca250fae-1ebe-4a4d-8cfe-ffeb0d2c90f2 req-ca250fae-1ebe-4a4d-8cfe-ffeb0d2c90f2 ] Request (ServerDiskConfigTestJSON:test_rebuild_server_with_manual_disk_config): 200 GET http://10.180.1.21/compute/v2.1/servers/b3df0be8-a4fd-4a71-8db7-312f7a32f9a9 0.201s
2024-05-29 03:12:12.136 61201 INFO tempest.lib.common.rest_client [req-f1959e0d-0f40-4d23-8091-326aa6a300cf req-f1959e0d-0f40-4d23-8091-326aa6a300cf ] Request (ServersTestBootFromVolume:setUpClass): 200 GET http://10.180.1.21/volume/v3/f1ff785f6f704f70aa975a07a1c8693a/volumes/2d2475a9-d5c6-4a2a-86cf-0aeb252163c2 0.034s
2024-05-29 03:12:12.151 61203 INFO tempest.lib.common.rest_client [req-b6eeea8c-711a-4b1f-8318-c3c098013877 req-b6eeea8c-711a-4b1f-8318-c3c098013877 ] Request (ServersTestJSON:setUpClass): 200 GET http://10.180.1.21/compute/v2.1/servers/ad0ea37a-3fa8-4906-90fd-a924d429e4be 0.106s
2024-05-29 03:12:12.335 61235 INFO tempest.lib.common.rest_client [req-9728d4f8-9107-461b-a855-3ca2383c2cdf req-9728d4f8-9107-461b-a855-3ca2383c2cdf ] Request (ServerActionsV293TestJSON:setUpClass): 200 GET http://10.180.1.21/compute/v2.1/servers/aab3e30c-0030-4fec-8ca4-67a9bbffc31a 0.205s
2024-05-29 03:12:12.409 61232 INFO tempest.lib.common.rest_client [req-e051f868-553c-4626-9b5b-dc2aa74139f6 req-e051f868-553c-4626-9b5b-dc2aa74139f6 ] Request (ServerMetadataNegativeTestJSON:setUpClass): 200 GET http://10.180.1.21/compute/v2.1/servers/6fa471ca-84ec-481b-9dcb-96e5defc9231 0.202s
2024-05-29 03:12:12.706 61196 INFO tempest.lib.common.rest_client [req-ed85a4d4-6dda-41c2-a692-b6357c86be99 req-ed85a4d4-6dda-41c2-a692-b6357c86be99 ] Request (AttachInterfacesUnderV243Test:_run_cleanups): 204 DELETE http://10.180.1.21:9696/networking/v2.0/floatingips/64b7f57d-3353-4a0f-b94c-49b1e7f423bd 0.627s
2024-05-29 03:12:12.767 61188 INFO tempest.lib.common.rest_client [req-df5a7d6e-392e-4db3-89fc-080034e1a4ba req-df5a7d6e-392e-4db3-89fc-080034e1a4ba ] Request (ServersNegativeTestMultiTenantJSON:setUpClass): 200 GET http://10.180.1.21/compute/v2.1/servers/8f9ce572-bc54-4a2c-afab-5e795b2a4845 0.501s
2024-05-29 03:12:12.768 61254 INFO tempest.lib.common.rest_client [req-1ab22601-4290-46c5-b8b3-280f9f64401c req-1ab22601-4290-46c5-b8b3-280f9f64401c ] Request (InstanceActionsV221TestJSON:test_get_list_deleted_instance_actions): 200 GET http://10.180.1.21/compute/v2.1/servers/332fbcd9-6284-4b4f-a9af-26bb0044adfc 0.637s
2024-05-29 03:12:12.836 61238 INFO tempest.lib.common.rest_client [req-6c7551b8-1724-4b4b-8cfa-85f38a316144 req-6c7551b8-1724-4b4b-8cfa-85f38a316144 ] Request (ImagesTestJSON:test_create_image_from_stopped_server): 200 GET http://10.180.1.21/compute/v2.1/servers/c2446148-17fc-43cc-a2e8-97a9be3390b3 0.515s
2024-05-29 03:12:12.900 61247 INFO tempest.lib.common.rest_client [req-90124f20-444e-4d26-a22f-922bef15048c req-90124f20-444e-4d26-a22f-922bef15048c ] Request (ServerAddressesNegativeTestJSON:setUpClass): 200 GET http://10.180.1.21/compute/v2.1/servers/cf437b85-c015-4348-9889-e727d08e424c 0.571s
2024-05-29 03:12:12.959 61216 INFO tempest.lib.common.rest_client [req-266fd842-3176-4228-b2a2-5a45a429c793 req-266fd842-3176-4228-b2a2-5a45a429c793 ] Request (ServerRescueTestJSONUnderV235:setUpClass): 200 GET http://10.180.1.21/compute/v2.1/servers/fa6a4d15-eab2-47e8-8f96-4c818b0dca6b 0.690s
2024-05-29 03:12:12.963 61194 INFO tempest.lib.common.rest_client [req-fda7ee97-debc-45f5-9605-b987c7d7c624 req-fda7ee97-debc-45f5-9605-b987c7d7c624 ] Request (ServerAddressesTestJSON:setUpClass): 200 GET http://10.180.1.21/compute/v2.1/servers/1febcc1e-9da0-4ddc-b0dd-b8cac7df27f6 0.594s
2024-05-29 03:12:12.969 61194 INFO tempest.common.waiters [-] State transition "BUILD/spawning" ==> "BUILD/scheduling" after 99 second wait
2024-05-29 03:12:13.066 61256 INFO tempest.lib.common.rest_client [req-cf89aeb5-34eb-4352-aa32-114c925223a0 req-cf89aeb5-34eb-4352-aa32-114c925223a0 ] Request (AttachVolumeTestJSON:test_attach_detach_volume): 200 GET http://10.180.1.21/compute/v2.1/servers/364699fb-1883-4c85-9966-3c2ea5329a48 0.680s
2024-05-29 03:12:13.071 61192 INFO tempest.lib.common.rest_client [req-d66c73c9-d462-4fef-8571-404cde57c264 req-d66c73c9-d462-4fef-8571-404cde57c264 ] Request (ServerPasswordTestJSON:setUpClass): 200 GET http://10.180.1.21/compute/v2.1/servers/7dcec1ef-6d10-4a76-affe-63d8aedbab4f 0.659s
2024-05-29 03:12:13.142 61208 INFO tempest.lib.common.rest_client [req-a0332110-db7d-4cac-9ea0-05b04939c3c8 req-a0332110-db7d-4cac-9ea0-05b04939c3c8 ] Request (ListServerFiltersTestJSON:setUpClass): 200 GET http://10.180.1.21/compute/v2.1/servers/a63a6334-04bb-4e9c-a27b-074745a8e2a1 0.713s
2024-05-29 03:12:13.160 61220 INFO tempest.lib.common.rest_client [req-2120721b-fc04-463a-bdde-44178698303b req-2120721b-fc04-463a-bdde-44178698303b ] Request (AttachVolumeShelveTestJSON:test_attach_volume_shelved_or_offload_server): 200 GET http://10.180.1.21/compute/v2.1/servers/c6579b1a-e214-42db-acfc-6308fa194ece 0.703s
2024-05-29 03:12:13.178 61201 INFO tempest.lib.common.rest_client [req-9c972051-7406-491c-ac22-190ad86a2e3c req-9c972051-7406-491c-ac22-190ad86a2e3c ] Request (ServersTestBootFromVolume:setUpClass): 200 GET http://10.180.1.21/volume/v3/f1ff785f6f704f70aa975a07a1c8693a/volumes/2d2475a9-d5c6-4a2a-86cf-0aeb252163c2 0.035s
2024-05-29 03:12:13.234 61224 INFO tempest.lib.common.rest_client [req-8a6941e6-b406-4bac-82de-26e27647cd71 req-8a6941e6-b406-4bac-82de-26e27647cd71 ] Request (AttachInterfacesTestJSON:test_create_list_show_delete_interfaces_by_network_port): 200 GET http://10.180.1.21/compute/v2.1/servers/54e745e7-1e21-48e9-a8bd-b30166a677aa 0.732s
2024-05-29 03:12:13.252 61252 INFO tempest.lib.common.rest_client [req-ed1022a7-1024-4591-9cc2-367d2f70fa18 req-ed1022a7-1024-4591-9cc2-367d2f70fa18 ] Request (ServerRescueTestJSON:setUpClass): 200 GET http://10.180.1.21/compute/v2.1/servers/a38aa560-f880-4674-9c30-c25ac3726407 0.766s
2024-05-29 03:12:13.444 61215 INFO tempest.lib.common.rest_client [req-46cc549a-69e4-499b-8448-977a017912cf req-46cc549a-69e4-499b-8448-977a017912cf ] Request (ListServersNegativeTestJSON:setUpClass): 200 GET http://10.180.1.21/compute/v2.1/servers/3d4be181-4efc-4290-9c05-4dd4760173be 0.910s
2024-05-29 03:12:13.740 61210 INFO tempest.lib.common.rest_client [req-169d6638-d1ff-4ede-aa0a-02f0fc0b6c1e req-169d6638-d1ff-4ede-aa0a-02f0fc0b6c1e ] Request (ServersTestMultiNic:test_verify_multiple_nics_order): 200 GET http://10.180.1.21/compute/v2.1/servers/5672ad4d-17c5-475b-8f85-d03a880f2265 0.817s
2024-05-29 03:12:13.767 61242 INFO tempest.lib.common.rest_client [req-33ce22a7-f8c1-4c0a-a773-7771e23b3742 req-33ce22a7-f8c1-4c0a-a773-7771e23b3742 ] Request (SecurityGroupsTestJSON:test_server_security_groups): 200 GET http://10.180.1.21/compute/v2.1/servers/049d21cd-c5d1-4a9f-9a5b-11f6543a0d75 0.819s
2024-05-29 03:12:13.847 61249 INFO tempest.lib.common.rest_client [req-70ed0858-3d55-4efa-a18e-39ea2b5a4488 req-70ed0858-3d55-4efa-a18e-39ea2b5a4488 ] Request (ListImageFiltersTestJSON:setUpClass): 200 GET http://10.180.1.21/compute/v2.1/servers/1adb76d3-e3b9-41ff-be7b-72f4a35b2cc5 0.869s
2024-05-29 03:12:13.864 61218 INFO tempest.lib.common.rest_client [req-46e18e6f-6ca3-47b3-ab15-25bbfd7f578d req-46e18e6f-6ca3-47b3-ab15-25bbfd7f578d ] Request (DeleteServersTestJSON:test_delete_active_server): 200 GET http://10.180.1.21/compute/v2.1/servers/e55de558-e230-4549-943d-ed9ca76e5251 0.842s
2024-05-29 03:12:13.923 61186 INFO tempest.lib.common.rest_client [req-88e864a8-17c9-474d-a1f5-a651e6413868 req-88e864a8-17c9-474d-a1f5-a651e6413868 ] Request (ServerActionsTestJSON:setUpClass): 200 GET http://10.180.1.21/compute/v2.1/servers/d7b02983-4e3c-46f2-9c64-6ebbd4163e76 0.890s
2024-05-29 03:12:13.937 61229 INFO tempest.lib.common.rest_client [req-69039cb1-f3c5-4abe-98f2-d07d1b29a8bb req-69039cb1-f3c5-4abe-98f2-d07d1b29a8bb ] Request (VolumesAdminNegativeTest:test_update_attached_volume_with_nonexistent_volume_in_body): 200 GET http://10.180.1.21/compute/v2.1/servers/cf4a0f4c-1497-4082-b676-2403fce90905 0.857s
2024-05-29 03:12:13.979 61198 INFO tempest.lib.common.rest_client [req-1eac2c3c-6df7-4247-9774-f030febe9d17 req-1eac2c3c-6df7-4247-9774-f030febe9d17 ] Request (ServerDiskConfigTestJSON:test_rebuild_server_with_manual_disk_config): 200 GET http://10.180.1.21/compute/v2.1/servers/b3df0be8-a4fd-4a71-8db7-312f7a32f9a9 0.884s
2024-05-29 03:12:13.985 61198 INFO tempest.common.waiters [-] State transition "BUILD/scheduling" ==> "BUILD/None" after 67 second wait
2024-05-29 03:12:14.023 61203 INFO tempest.lib.common.rest_client [req-cd4b2a0f-8cb7-4ade-85c4-552202e99b5e req-cd4b2a0f-8cb7-4ade-85c4-552202e99b5e ] Request (ServersTestJSON:setUpClass): 200 GET http://10.180.1.21/compute/v2.1/servers/ad0ea37a-3fa8-4906-90fd-a924d429e4be 0.864s
2024-05-29 03:12:14.051 61235 INFO tempest.lib.common.rest_client [req-ae295883-5150-41fc-b6ea-b89fd730368a req-ae295883-5150-41fc-b6ea-b89fd730368a ] Request (ServerActionsV293TestJSON:setUpClass): 200 GET http://10.180.1.21/compute/v2.1/servers/aab3e30c-0030-4fec-8ca4-67a9bbffc31a 0.705s
2024-05-29 03:12:14.100 61232 INFO tempest.lib.common.rest_client [req-8d7ee72c-3a2b-4554-bb63-0d998ae2f52b req-8d7ee72c-3a2b-4554-bb63-0d998ae2f52b ] Request (ServerMetadataNegativeTestJSON:setUpClass): 200 GET http://10.180.1.21/compute/v2.1/servers/6fa471ca-84ec-481b-9dcb-96e5defc9231 0.683s
2024-05-29 03:12:14.181 61188 INFO tempest.lib.common.rest_client [req-7f1fbb65-452d-4448-bd40-3a5e184254a0 req-7f1fbb65-452d-4448-bd40-3a5e184254a0 ] Request (ServersNegativeTestMultiTenantJSON:setUpClass): 200 GET http://10.180.1.21/compute/v2.1/servers/8f9ce572-bc54-4a2c-afab-5e795b2a4845 0.407s
2024-05-29 03:12:14.207 61201 INFO tempest.lib.common.rest_client [req-b770e496-1f7d-4a64-93a8-ab28b21ea739 req-b770e496-1f7d-4a64-93a8-ab28b21ea739 ] Request (ServersTestBootFromVolume:setUpClass): 200 GET http://10.180.1.21/volume/v3/f1ff785f6f704f70aa975a07a1c8693a/volumes/2d2475a9-d5c6-4a2a-86cf-0aeb252163c2 0.022s
2024-05-29 03:12:14.522 61254 INFO tempest.lib.common.rest_client [req-d75e7365-5f9a-4290-949b-3972daea791a req-d75e7365-5f9a-4290-949b-3972daea791a ] Request (InstanceActionsV221TestJSON:test_get_list_deleted_instance_actions): 200 GET http://10.180.1.21/compute/v2.1/servers/332fbcd9-6284-4b4f-a9af-26bb0044adfc 0.745s
2024-05-29 03:12:14.559 61238 INFO tempest.lib.common.rest_client [req-e48fc231-dcda-4609-99b4-4944a7a28535 req-e48fc231-dcda-4609-99b4-4944a7a28535 ] Request (ImagesTestJSON:test_create_image_from_stopped_server): 200 GET http://10.180.1.21/compute/v2.1/servers/c2446148-17fc-43cc-a2e8-97a9be3390b3 0.715s
2024-05-29 03:12:14.582 61247 INFO tempest.lib.common.rest_client [req-3028c649-f81c-406d-acd9-bb3d71a1d35e req-3028c649-f81c-406d-acd9-bb3d71a1d35e ] Request (ServerAddressesNegativeTestJSON:setUpClass): 200 GET http://10.180.1.21/compute/v2.1/servers/cf437b85-c015-4348-9889-e727d08e424c 0.675s
2024-05-29 03:12:14.585 61196 INFO tempest.lib.common.rest_client [req-6f80a28d-ade5-4282-942a-4513a644b8e3 req-6f80a28d-ade5-4282-942a-4513a644b8e3 ] Request (AttachInterfacesUnderV243Test:tearDownClass): 200 PUT http://10.180.1.21:9696/networking/v2.0/routers/18620d28-1e66-4115-9966-a2ee78c1e445/remove_router_interface 1.875s
2024-05-29 03:12:14.657 61216 INFO tempest.lib.common.rest_client [req-82837706-2752-4614-85df-dda0a7633961 req-82837706-2752-4614-85df-dda0a7633961 ] Request (ServerRescueTestJSONUnderV235:setUpClass): 200 GET http://10.180.1.21/compute/v2.1/servers/fa6a4d15-eab2-47e8-8f96-4c818b0dca6b 0.691s
2024-05-29 03:12:14.683 61194 INFO tempest.lib.common.rest_client [req-e53f4350-1b7b-4c02-adf2-02d1d2244c18 req-e53f4350-1b7b-4c02-adf2-02d1d2244c18 ] Request (ServerAddressesTestJSON:setUpClass): 200 GET http://10.180.1.21/compute/v2.1/servers/1febcc1e-9da0-4ddc-b0dd-b8cac7df27f6 0.713s
2024-05-29 03:12:14.689 61194 INFO tempest.common.waiters [-] State transition "BUILD/scheduling" ==> "ERROR/None" after 101 second wait
2024-05-29 03:12:14.753 61256 INFO tempest.lib.common.rest_client [req-5196f7fa-56ff-4444-83ef-96c5c7e748de req-5196f7fa-56ff-4444-83ef-96c5c7e748de ] Request (AttachVolumeTestJSON:test_attach_detach_volume): 200 GET http://10.180.1.21/compute/v2.1/servers/364699fb-1883-4c85-9966-3c2ea5329a48 0.679s
2024-05-29 03:12:14.770 61192 INFO tempest.lib.common.rest_client [req-24322acd-4937-4b5a-b59e-ee272765e9a2 req-24322acd-4937-4b5a-b59e-ee272765e9a2 ] Request (ServerPasswordTestJSON:setUpClass): 200 GET http://10.180.1.21/compute/v2.1/servers/7dcec1ef-6d10-4a76-affe-63d8aedbab4f 0.691s
2024-05-29 03:12:14.869 61220 INFO tempest.lib.common.rest_client [req-33d516eb-2206-4040-ae0c-8c5a665e87a6 req-33d516eb-2206-4040-ae0c-8c5a665e87a6 ] Request (AttachVolumeShelveTestJSON:test_attach_volume_shelved_or_offload_server): 200 GET http://10.180.1.21/compute/v2.1/servers/c6579b1a-e214-42db-acfc-6308fa194ece 0.701s
2024-05-29 03:12:14.874 61208 INFO tempest.lib.common.rest_client [req-2626e9d5-c502-44a1-bb5d-c6a3d53f928f req-2626e9d5-c502-44a1-bb5d-c6a3d53f928f ] Request (ListServerFiltersTestJSON:setUpClass): 200 GET http://10.180.1.21/compute/v2.1/servers/a63a6334-04bb-4e9c-a27b-074745a8e2a1 0.724s
2024-05-29 03:12:14.922 61224 INFO tempest.lib.common.rest_client [req-052c04db-4d5a-49ce-87ad-481be52d2707 req-052c04db-4d5a-49ce-87ad-481be52d2707 ] Request (AttachInterfacesTestJSON:test_create_list_show_delete_interfaces_by_network_port): 200 GET http://10.180.1.21/compute/v2.1/servers/54e745e7-1e21-48e9-a8bd-b30166a677aa 0.680s
2024-05-29 03:12:14.951 61252 INFO tempest.lib.common.rest_client [req-d694664e-fdeb-49fa-9865-18cdc0818b0c req-d694664e-fdeb-49fa-9865-18cdc0818b0c ] Request (ServerRescueTestJSON:setUpClass): 200 GET http://10.180.1.21/compute/v2.1/servers/a38aa560-f880-4674-9c30-c25ac3726407 0.692s
2024-05-29 03:12:14.968 61215 INFO tempest.lib.common.rest_client [req-474f1610-d119-4174-ad5c-c3974b086feb req-474f1610-d119-4174-ad5c-c3974b086feb ] Request (ListServersNegativeTestJSON:setUpClass): 200 GET http://10.180.1.21/compute/v2.1/servers/3d4be181-4efc-4290-9c05-4dd4760173be 0.517s
2024-05-29 03:12:15.114 61210 INFO tempest.lib.common.rest_client [req-8257d838-a0d9-4451-a7a2-6af3f964eb4a req-8257d838-a0d9-4451-a7a2-6af3f964eb4a ] Request (ServersTestMultiNic:test_verify_multiple_nics_order): 200 GET http://10.180.1.21/compute/v2.1/servers/5672ad4d-17c5-475b-8f85-d03a880f2265 0.367s
2024-05-29 03:12:15.148 61194 INFO tempest.lib.common.rest_client [req-32a17c58-1a9c-4f67-a27d-66972d5a50fe req-32a17c58-1a9c-4f67-a27d-66972d5a50fe ] Request (ServerAddressesTestJSON:setUpClass): 204 DELETE http://10.180.1.21/compute/v2.1/servers/1febcc1e-9da0-4ddc-b0dd-b8cac7df27f6 0.458s
2024-05-29 03:12:15.213 61249 INFO tempest.lib.common.rest_client [req-24fb3741-f2cd-46c7-8789-f6c5c2ec131e req-24fb3741-f2cd-46c7-8789-f6c5c2ec131e ] Request (ListImageFiltersTestJSON:setUpClass): 200 GET http://10.180.1.21/compute/v2.1/servers/1adb76d3-e3b9-41ff-be7b-72f4a35b2cc5 0.356s
2024-05-29 03:12:15.239 61201 INFO tempest.lib.common.rest_client [req-4c98b72d-ef91-470a-980f-c0ec8114a527 req-4c98b72d-ef91-470a-980f-c0ec8114a527 ] Request (ServersTestBootFromVolume:setUpClass): 200 GET http://10.180.1.21/volume/v3/f1ff785f6f704f70aa975a07a1c8693a/volumes/2d2475a9-d5c6-4a2a-86cf-0aeb252163c2 0.025s
2024-05-29 03:12:15.245 61201 INFO tempest.common.waiters [-] volume 2d2475a9-d5c6-4a2a-86cf-0aeb252163c2 reached available after waiting for 19.245143 seconds
2024-05-29 03:12:15.364 61196 INFO tempest.lib.common.rest_client [req-54910da3-8323-4fa7-b134-85e689f0c858 req-54910da3-8323-4fa7-b134-85e689f0c858 ] Request (AttachInterfacesUnderV243Test:tearDownClass): 204 DELETE http://10.180.1.21:9696/networking/v2.0/routers/18620d28-1e66-4115-9966-a2ee78c1e445 0.778s
2024-05-29 03:12:15.369 61218 INFO tempest.lib.common.rest_client [req-93d003c9-3b43-493f-a47a-3670040d356c req-93d003c9-3b43-493f-a47a-3670040d356c ] Request (DeleteServersTestJSON:test_delete_active_server): 200 GET http://10.180.1.21/compute/v2.1/servers/e55de558-e230-4549-943d-ed9ca76e5251 0.495s
2024-05-29 03:12:15.391 61242 INFO tempest.lib.common.rest_client [req-46a02157-61d9-4f10-8c17-70cf87228dcb req-46a02157-61d9-4f10-8c17-70cf87228dcb ] Request (SecurityGroupsTestJSON:test_server_security_groups): 200 GET http://10.180.1.21/compute/v2.1/servers/049d21cd-c5d1-4a9f-9a5b-11f6543a0d75 0.617s
2024-05-29 03:12:15.454 61186 INFO tempest.lib.common.rest_client [req-dbc30fac-2352-4558-aae5-ddac4792a7b2 req-dbc30fac-2352-4558-aae5-ddac4792a7b2 ] Request (ServerActionsTestJSON:setUpClass): 200 GET http://10.180.1.21/compute/v2.1/servers/d7b02983-4e3c-46f2-9c64-6ebbd4163e76 0.523s
2024-05-29 03:12:15.458 61229 INFO tempest.lib.common.rest_client [req-165a2cee-94f6-4229-a452-a7e2a8fc3e9d req-165a2cee-94f6-4229-a452-a7e2a8fc3e9d ] Request (VolumesAdminNegativeTest:test_update_attached_volume_with_nonexistent_volume_in_body): 200 GET http://10.180.1.21/compute/v2.1/servers/cf4a0f4c-1497-4082-b676-2403fce90905 0.513s
2024-05-29 03:12:15.504 61203 INFO tempest.lib.common.rest_client [req-1ece8169-7acf-4e8a-93c4-a515afc3d8b6 req-1ece8169-7acf-4e8a-93c4-a515afc3d8b6 ] Request (ServersTestJSON:setUpClass): 200 GET http://10.180.1.21/compute/v2.1/servers/ad0ea37a-3fa8-4906-90fd-a924d429e4be 0.474s
2024-05-29 03:12:15.520 61196 INFO tempest.lib.common.rest_client [req-f55a3729-8bf2-426c-a1e3-8f3ab86f7489 req-f55a3729-8bf2-426c-a1e3-8f3ab86f7489 ] Request (AttachInterfacesUnderV243Test:tearDownClass): 204 DELETE http://10.180.1.21:9696/networking/v2.0/subnets/80f18ffc-51c5-438b-803f-a9132ab8d817 0.156s
2024-05-29 03:12:15.520 61198 INFO tempest.lib.common.rest_client [req-43d76ba2-e412-455a-ac50-991ab100cfcd req-43d76ba2-e412-455a-ac50-991ab100cfcd ] Request (ServerDiskConfigTestJSON:test_rebuild_server_with_manual_disk_config): 200 GET http://10.180.1.21/compute/v2.1/servers/b3df0be8-a4fd-4a71-8db7-312f7a32f9a9 0.533s
2024-05-29 03:12:15.585 61232 INFO tempest.lib.common.rest_client [req-b1be9627-90bf-4beb-a897-c075ca028d78 req-b1be9627-90bf-4beb-a897-c075ca028d78 ] Request (ServerMetadataNegativeTestJSON:setUpClass): 200 GET http://10.180.1.21/compute/v2.1/servers/6fa471ca-84ec-481b-9dcb-96e5defc9231 0.476s
2024-05-29 03:12:15.593 61232 INFO tempest.common.waiters [-] State transition "BUILD/scheduling" ==> "BUILD/None" after 68 second wait
2024-05-29 03:12:15.600 61235 INFO tempest.lib.common.rest_client [req-701fc79b-120f-4d59-be9d-570eba92deb6 req-701fc79b-120f-4d59-be9d-570eba92deb6 ] Request (ServerActionsV293TestJSON:setUpClass): 200 GET http://10.180.1.21/compute/v2.1/servers/aab3e30c-0030-4fec-8ca4-67a9bbffc31a 0.541s
2024-05-29 03:12:15.607 61194 INFO tempest.lib.common.rest_client [req-7a4e1287-a782-4849-997a-11018d55d43c req-7a4e1287-a782-4849-997a-11018d55d43c ] Request (ServerAddressesTestJSON:setUpClass): 404 GET http://10.180.1.21/compute/v2.1/servers/1febcc1e-9da0-4ddc-b0dd-b8cac7df27f6 0.458s
2024-05-29 03:12:15.607 61194 INFO tempest.test [-] raised in ServerAddressesTestJSON.setUpClass. Invoking tearDownClass.
2024-05-29 03:12:15.609 61235 INFO tempest.common.waiters [-] State transition "BUILD/spawning" ==> "ERROR/None" after 101 second wait
2024-05-29 03:12:15.659 61188 INFO tempest.lib.common.rest_client [req-fa5c114a-e5e8-4420-8eb3-3f4dc343a60b req-fa5c114a-e5e8-4420-8eb3-3f4dc343a60b ] Request (ServersNegativeTestMultiTenantJSON:setUpClass): 200 GET http://10.180.1.21/compute/v2.1/servers/8f9ce572-bc54-4a2c-afab-5e795b2a4845 0.470s
2024-05-29 03:12:15.715 61254 INFO tempest.lib.common.rest_client [req-5d92818c-9f52-4efa-963c-3488f79b4125 req-5d92818c-9f52-4efa-963c-3488f79b4125 ] Request (InstanceActionsV221TestJSON:test_get_list_deleted_instance_actions): 200 GET http://10.180.1.21/compute/v2.1/servers/332fbcd9-6284-4b4f-a9af-26bb0044adfc 0.185s
2024-05-29 03:12:15.779 61238 INFO tempest.lib.common.rest_client [req-5f73a655-58ca-429e-a519-97d81681d852 req-5f73a655-58ca-429e-a519-97d81681d852 ] Request (ImagesTestJSON:test_create_image_from_stopped_server): 200 GET http://10.180.1.21/compute/v2.1/servers/c2446148-17fc-43cc-a2e8-97a9be3390b3 0.213s
2024-05-29 03:12:15.861 61247 INFO tempest.lib.common.rest_client [req-4e01cabc-fb77-4832-aa55-c8e60228fadd req-4e01cabc-fb77-4832-aa55-c8e60228fadd ] Request (ServerAddressesNegativeTestJSON:setUpClass): 200 GET http://10.180.1.21/compute/v2.1/servers/cf437b85-c015-4348-9889-e727d08e424c 0.271s
2024-05-29 03:12:16.099 61196 INFO tempest.lib.common.rest_client [req-4a860b20-8532-4856-a244-5ad5fbeeb5ac req-4a860b20-8532-4856-a244-5ad5fbeeb5ac ] Request (AttachInterfacesUnderV243Test:tearDownClass): 204 DELETE http://10.180.1.21:9696/networking/v2.0/networks/d87c6387-9934-4a7b-a634-7b900560570f 0.578s
2024-05-29 03:12:16.161 61196 INFO tempest.lib.common.rest_client [req-683a0e66-7d48-412a-aabd-58298f4511b9 req-683a0e66-7d48-412a-aabd-58298f4511b9 ] Request (AttachInterfacesUnderV243Test:tearDownClass): 204 DELETE http://10.180.1.21/identity/v3/users/e90778d438bb44bcb1002f622f297cd9 0.061s
2024-05-29 03:12:16.161 61196 INFO tempest.lib.common.dynamic_creds [-] Deleting project and security group for project: 712d7edff5f5472cab8529bcc535e43b
2024-05-29 03:12:16.185 61235 INFO tempest.lib.common.rest_client [req-48f10f59-59b6-4eb0-9c78-4ae6432cc9e1 req-48f10f59-59b6-4eb0-9c78-4ae6432cc9e1 ] Request (ServerActionsV293TestJSON:setUpClass): 204 DELETE http://10.180.1.21/compute/v2.1/servers/aab3e30c-0030-4fec-8ca4-67a9bbffc31a 0.576s
2024-05-29 03:12:16.194 61196 INFO tempest.lib.common.rest_client [req-852aabfb-f857-4318-b899-027f3d499f7c req-852aabfb-f857-4318-b899-027f3d499f7c ] Request (AttachInterfacesUnderV243Test:tearDownClass): 200 GET http://10.180.1.21:9696/networking/v2.0/security-groups?tenant_id=712d7edff5f5472cab8529bcc535e43b&name=default 0.033s
2024-05-29 03:12:16.248 61216 INFO tempest.lib.common.rest_client [req-4c910670-3997-4eca-8714-523b7f48b6b8 req-4c910670-3997-4eca-8714-523b7f48b6b8 ] Request (ServerRescueTestJSONUnderV235:setUpClass): 200 GET http://10.180.1.21/compute/v2.1/servers/fa6a4d15-eab2-47e8-8f96-4c818b0dca6b 0.585s
2024-05-29 03:12:16.310 61256 INFO tempest.lib.common.rest_client [req-a9b41632-34ad-43ea-aa41-72a049f8b20f req-a9b41632-34ad-43ea-aa41-72a049f8b20f ] Request (AttachVolumeTestJSON:test_attach_detach_volume): 200 GET http://10.180.1.21/compute/v2.1/servers/364699fb-1883-4c85-9966-3c2ea5329a48 0.549s
2024-05-29 03:12:16.319 61196 INFO tempest.lib.common.rest_client [req-eec7273c-4810-42ee-84d8-61d3413fac9f req-eec7273c-4810-42ee-84d8-61d3413fac9f ] Request (AttachInterfacesUnderV243Test:tearDownClass): 204 DELETE http://10.180.1.21:9696/networking/v2.0/security-groups/9621efd6-f72f-4845-a1fb-65e5ac43b331 0.124s
2024-05-29 03:12:16.330 61201 INFO tempest.lib.common.rest_client [req-5a6b13fd-aff6-4e20-8794-92d377a15ae2 req-5a6b13fd-aff6-4e20-8794-92d377a15ae2 ] Request (ServersTestBootFromVolume:setUpClass): 202 POST http://10.180.1.21/compute/v2.1/servers 1.085s
2024-05-29 03:12:16.354 61192 INFO tempest.lib.common.rest_client [req-3946ee12-84fa-4379-93ab-d81fda542fb2 req-3946ee12-84fa-4379-93ab-d81fda542fb2 ] Request (ServerPasswordTestJSON:setUpClass): 200 GET http://10.180.1.21/compute/v2.1/servers/7dcec1ef-6d10-4a76-affe-63d8aedbab4f 0.577s
2024-05-29 03:12:16.390 61220 INFO tempest.lib.common.rest_client [req-9d906ecc-9684-440c-acf5-8428d515ac5d req-9d906ecc-9684-440c-acf5-8428d515ac5d ] Request (AttachVolumeShelveTestJSON:test_attach_volume_shelved_or_offload_server): 200 GET http://10.180.1.21/compute/v2.1/servers/c6579b1a-e214-42db-acfc-6308fa194ece 0.512s
2024-05-29 03:12:16.410 61208 INFO tempest.lib.common.rest_client [req-a43f7edf-d735-4acd-ad85-2af446bdd28d req-a43f7edf-d735-4acd-ad85-2af446bdd28d ] Request (ListServerFiltersTestJSON:setUpClass): 200 GET http://10.180.1.21/compute/v2.1/servers/a63a6334-04bb-4e9c-a27b-074745a8e2a1 0.523s
2024-05-29 03:12:16.415 61196 INFO tempest.lib.common.rest_client [req-bc38add0-4ccc-4170-a43a-541d01918b10 req-bc38add0-4ccc-4170-a43a-541d01918b10 ] Request (AttachInterfacesUnderV243Test:tearDownClass): 204 DELETE http://10.180.1.21/identity/v3/projects/712d7edff5f5472cab8529bcc535e43b 0.096s
2024-05-29 03:12:16.461 61224 INFO tempest.lib.common.rest_client [req-c6cd26e4-71b8-479a-8205-3efeaab0658a req-c6cd26e4-71b8-479a-8205-3efeaab0658a ] Request (AttachInterfacesTestJSON:test_create_list_show_delete_interfaces_by_network_port): 200 GET http://10.180.1.21/compute/v2.1/servers/54e745e7-1e21-48e9-a8bd-b30166a677aa 0.531s
2024-05-29 03:12:16.473 61252 INFO tempest.lib.common.rest_client [req-f7e33190-e5b9-42ae-8dee-cd768830a4cf req-f7e33190-e5b9-42ae-8dee-cd768830a4cf ] Request (ServerRescueTestJSON:setUpClass): 200 GET http://10.180.1.21/compute/v2.1/servers/a38aa560-f880-4674-9c30-c25ac3726407 0.515s
2024-05-29 03:12:16.517 61194 INFO tempest.lib.common.rest_client [req-1bcdcf7d-f65c-4871-abee-bf0288ca5538 req-1bcdcf7d-f65c-4871-abee-bf0288ca5538 ] Request (ServerAddressesTestJSON:tearDownClass): 200 PUT http://10.180.1.21:9696/networking/v2.0/routers/df1a2e13-a90e-4416-931c-4a0d4f570979/remove_router_interface 0.909s
2024-05-29 03:12:16.531 61196 INFO tempest.lib.common.rest_client [req-6379a2bc-9b8c-471a-87b2-b267a742b854 req-6379a2bc-9b8c-471a-87b2-b267a742b854 ] Request (ServerActionsTestOtherB:setUpClass): 201 POST http://10.180.1.21/identity/v3/auth/tokens 0.113s
2024-05-29 03:12:16.541 61215 INFO tempest.lib.common.rest_client [req-7951fa08-f6e3-4c62-bef5-585e70d05eed req-7951fa08-f6e3-4c62-bef5-585e70d05eed ] Request (ListServersNegativeTestJSON:setUpClass): 200 GET http://10.180.1.21/compute/v2.1/servers/3d4be181-4efc-4290-9c05-4dd4760173be 0.565s
2024-05-29 03:12:16.561 61235 INFO tempest.lib.common.rest_client [req-b4beb9f8-aed3-4242-ba50-e833eb90aa1a req-b4beb9f8-aed3-4242-ba50-e833eb90aa1a ] Request (ServerActionsV293TestJSON:setUpClass): 404 GET http://10.180.1.21/compute/v2.1/servers/aab3e30c-0030-4fec-8ca4-67a9bbffc31a 0.374s
2024-05-29 03:12:16.561 61235 INFO tempest.test [-] raised in ServerActionsV293TestJSON.setUpClass. Invoking tearDownClass.
2024-05-29 03:12:16.564 61196 INFO tempest.lib.common.rest_client [req-0a448665-99b9-4ace-a95f-f1326af4a310 req-0a448665-99b9-4ace-a95f-f1326af4a310 ] Request (ServerActionsTestOtherB:setUpClass): 201 POST http://10.180.1.21/identity/v3/auth/tokens 0.030s
2024-05-29 03:12:16.609 61196 INFO tempest.lib.common.rest_client [req-d0506cfd-af16-4cca-948d-a66ea6f0183e req-d0506cfd-af16-4cca-948d-a66ea6f0183e ] Request (ServerActionsTestOtherB:setUpClass): 200 GET http://10.180.1.21/identity/v3/domains?name=Default 0.045s
2024-05-29 03:12:16.641 61196 INFO tempest.lib.common.rest_client [req-198372e6-7fe6-4036-86fb-1e6736b236c9 req-198372e6-7fe6-4036-86fb-1e6736b236c9 ] Request (ServerActionsTestOtherB:setUpClass): 201 POST http://10.180.1.21/identity/v3/projects 0.031s
2024-05-29 03:12:16.703 61196 INFO tempest.lib.common.rest_client [req-e7d3260e-1dd3-4034-a58d-beef5cbcc762 req-e7d3260e-1dd3-4034-a58d-beef5cbcc762 ] Request (ServerActionsTestOtherB:setUpClass): 201 POST http://10.180.1.21/identity/v3/users 0.062s
2024-05-29 03:12:16.718 61196 INFO tempest.lib.common.rest_client [req-701efa0a-975a-4255-8115-098778cbcade req-701efa0a-975a-4255-8115-098778cbcade ] Request (ServerActionsTestOtherB:setUpClass): 200 GET http://10.180.1.21/identity/v3/roles 0.014s
2024-05-29 03:12:16.744 61196 INFO tempest.lib.common.rest_client [req-b4fcb983-99fc-4f80-ba2e-a3ede6d31323 req-b4fcb983-99fc-4f80-ba2e-a3ede6d31323 ] Request (ServerActionsTestOtherB:setUpClass): 204 PUT http://10.180.1.21/identity/v3/projects/94474d1648ae48f7bc6dad0acc142ff1/users/bbcb1c2549c945a9bf234533ea658531/roles/641688dde63540b0bd243696e3b65e64 0.025s
2024-05-29 03:12:16.744 61196 INFO tempest.lib.common.dynamic_creds [-] Dynamic test user bbcb1c2549c945a9bf234533ea658531 is created with scope project and roles: ['member']
2024-05-29 03:12:16.744 61196 INFO tempest.lib.common.dynamic_creds [-] Acquired dynamic creds: credentials: Credentials: {'domain_id': 'default', 'domain_name': 'Default', 'username': 'tempest-ServerActionsTestOtherB-474905873-project-member', 'project_domain_id': 'default', 'project_domain_name': 'Default', 'project_id': '94474d1648ae48f7bc6dad0acc142ff1', 'project_name': 'tempest-ServerActionsTestOtherB-474905873', 'tenant_id': '94474d1648ae48f7bc6dad0acc142ff1', 'tenant_name': 'tempest-ServerActionsTestOtherB-474905873', 'user_domain_id': 'default', 'user_domain_name': 'Default', 'user_id': 'bbcb1c2549c945a9bf234533ea658531', 'system': None}, Network: None, Subnet: None, Router: None
2024-05-29 03:12:16.804 61196 INFO tempest.lib.common.rest_client [req-a2950704-dec4-4893-99d2-9a88812d281e req-a2950704-dec4-4893-99d2-9a88812d281e ] Request (ServerActionsTestOtherB:setUpClass): 201 POST http://10.180.1.21/identity/v3/auth/tokens 0.060s
2024-05-29 03:12:16.991 61249 INFO tempest.lib.common.rest_client [req-9770e89b-2165-4240-9a8f-8c54545190cc req-9770e89b-2165-4240-9a8f-8c54545190cc ] Request (ListImageFiltersTestJSON:setUpClass): 200 GET http://10.180.1.21/compute/v2.1/servers/1adb76d3-e3b9-41ff-be7b-72f4a35b2cc5 0.772s
2024-05-29 03:12:17.085 61210 INFO tempest.lib.common.rest_client [req-a11895ff-a695-49e7-ba59-ae919753f6b9 req-a11895ff-a695-49e7-ba59-ae919753f6b9 ] Request (ServersTestMultiNic:test_verify_multiple_nics_order): 200 GET http://10.180.1.21/compute/v2.1/servers/5672ad4d-17c5-475b-8f85-d03a880f2265 0.963s
2024-05-29 03:12:17.102 61201 INFO tempest.lib.common.rest_client [req-09fc6738-5b42-457d-a62f-b62a561fdf35 req-09fc6738-5b42-457d-a62f-b62a561fdf35 ] Request (ServersTestBootFromVolume:setUpClass): 200 GET http://10.180.1.21/compute/v2.1/servers/9bc3dcc0-17c0-4379-9f3c-c8771316ed2d 0.771s
2024-05-29 03:12:17.162 61218 INFO tempest.lib.common.rest_client [req-9e1c2f95-eeb1-4c20-9d31-5704c2fdf622 req-9e1c2f95-eeb1-4c20-9d31-5704c2fdf622 ] Request (DeleteServersTestJSON:test_delete_active_server): 200 GET http://10.180.1.21/compute/v2.1/servers/e55de558-e230-4549-943d-ed9ca76e5251 0.785s
2024-05-29 03:12:17.194 61196 INFO tempest.lib.common.rest_client [req-518fd2e3-1d0e-44ed-826c-d2a242a2cbaa req-518fd2e3-1d0e-44ed-826c-d2a242a2cbaa ] Request (ServerActionsTestOtherB:setUpClass): 201 POST http://10.180.1.21:9696/networking/v2.0/networks 0.389s
2024-05-29 03:12:17.239 61186 INFO tempest.lib.common.rest_client [req-14b094d6-4c11-4d6a-a898-8e4fa3dc56bf req-14b094d6-4c11-4d6a-a898-8e4fa3dc56bf ] Request (ServerActionsTestJSON:setUpClass): 200 GET http://10.180.1.21/compute/v2.1/servers/d7b02983-4e3c-46f2-9c64-6ebbd4163e76 0.777s
2024-05-29 03:12:17.313 61229 INFO tempest.lib.common.rest_client [req-9cc22e48-e015-49d3-ba68-398067ea47a2 req-9cc22e48-e015-49d3-ba68-398067ea47a2 ] Request (VolumesAdminNegativeTest:test_update_attached_volume_with_nonexistent_volume_in_body): 200 GET http://10.180.1.21/compute/v2.1/servers/cf4a0f4c-1497-4082-b676-2403fce90905 0.846s
2024-05-29 03:12:17.341 61242 INFO tempest.lib.common.rest_client [req-93a8ca3b-9431-4a2a-a632-1ddf6df01a0a req-93a8ca3b-9431-4a2a-a632-1ddf6df01a0a ] Request (SecurityGroupsTestJSON:test_server_security_groups): 200 GET http://10.180.1.21/compute/v2.1/servers/049d21cd-c5d1-4a9f-9a5b-11f6543a0d75 0.942s
2024-05-29 03:12:17.361 61196 INFO tempest.lib.common.rest_client [req-779b243e-79cd-4fae-bb78-632c7b432866 req-779b243e-79cd-4fae-bb78-632c7b432866 ] Request (ServerActionsTestOtherB:setUpClass): 201 POST http://10.180.1.21:9696/networking/v2.0/subnets 0.167s
2024-05-29 03:12:17.376 61203 INFO tempest.lib.common.rest_client [req-f3b75e94-be10-4977-b8ae-6ce402d9d269 req-f3b75e94-be10-4977-b8ae-6ce402d9d269 ] Request (ServersTestJSON:setUpClass): 200 GET http://10.180.1.21/compute/v2.1/servers/ad0ea37a-3fa8-4906-90fd-a924d429e4be 0.865s
2024-05-29 03:12:17.393 61235 INFO tempest.lib.common.rest_client [req-01fccc3d-c6a9-4af2-896b-e48d9a904c59 req-01fccc3d-c6a9-4af2-896b-e48d9a904c59 ] Request (ServerActionsV293TestJSON:tearDownClass): 204 DELETE http://10.180.1.21/compute/v2.1/os-keypairs/tempest-keypair-1861308201 0.831s
2024-05-29 03:12:17.411 61198 INFO tempest.lib.common.rest_client [req-3980c4b6-a396-413f-974a-397284dcad8b req-3980c4b6-a396-413f-974a-397284dcad8b ] Request (ServerDiskConfigTestJSON:test_rebuild_server_with_manual_disk_config): 200 GET http://10.180.1.21/compute/v2.1/servers/b3df0be8-a4fd-4a71-8db7-312f7a32f9a9 0.883s
2024-05-29 03:12:17.482 61232 INFO tempest.lib.common.rest_client [req-484c01d3-50c2-460f-945b-1b1da4e6679c req-484c01d3-50c2-460f-945b-1b1da4e6679c ] Request (ServerMetadataNegativeTestJSON:setUpClass): 200 GET http://10.180.1.21/compute/v2.1/servers/6fa471ca-84ec-481b-9dcb-96e5defc9231 0.888s
2024-05-29 03:12:17.502 61188 INFO tempest.lib.common.rest_client [req-c3b37629-7d22-43c4-ad6f-c236a29b2a80 req-c3b37629-7d22-43c4-ad6f-c236a29b2a80 ] Request (ServersNegativeTestMultiTenantJSON:setUpClass): 200 GET http://10.180.1.21/compute/v2.1/servers/8f9ce572-bc54-4a2c-afab-5e795b2a4845 0.835s
2024-05-29 03:12:17.511 61188 INFO tempest.common.waiters [-] State transition "BUILD/spawning" ==> "BUILD/scheduling" after 103 second wait
2024-05-29 03:12:17.573 61254 INFO tempest.lib.common.rest_client [req-67cd66a3-ad92-42c5-834e-97a04111b720 req-67cd66a3-ad92-42c5-834e-97a04111b720 ] Request (InstanceActionsV221TestJSON:test_get_list_deleted_instance_actions): 200 GET http://10.180.1.21/compute/v2.1/servers/332fbcd9-6284-4b4f-a9af-26bb0044adfc 0.850s
2024-05-29 03:12:17.586 61238 INFO tempest.lib.common.rest_client [req-a936c84e-c585-407c-a3ab-47e88c51fa3d req-a936c84e-c585-407c-a3ab-47e88c51fa3d ] Request (ImagesTestJSON:test_create_image_from_stopped_server): 200 GET http://10.180.1.21/compute/v2.1/servers/c2446148-17fc-43cc-a2e8-97a9be3390b3 0.800s
2024-05-29 03:12:17.633 61235 INFO tempest.lib.common.rest_client [req-0cfe73a0-a4ef-41bd-bec4-f12f48f4145a req-0cfe73a0-a4ef-41bd-bec4-f12f48f4145a ] Request (ServerActionsV293TestJSON:tearDownClass): 204 DELETE http://10.180.1.21:9696/networking/v2.0/security-groups/3bb9e017-30be-4857-a6a1-0e9c64fc53eb 0.240s
2024-05-29 03:12:17.655 61235 INFO tempest.lib.common.rest_client [req-1e9b1767-b2ca-42eb-94fe-45d1dcf902f7 req-1e9b1767-b2ca-42eb-94fe-45d1dcf902f7 ] Request (ServerActionsV293TestJSON:tearDownClass): 404 GET http://10.180.1.21:9696/networking/v2.0/security-groups/3bb9e017-30be-4857-a6a1-0e9c64fc53eb 0.022s
2024-05-29 03:12:17.662 61247 INFO tempest.lib.common.rest_client [req-552cc496-d5b8-4662-ae52-76c9f0045729 req-552cc496-d5b8-4662-ae52-76c9f0045729 ] Request (ServerAddressesNegativeTestJSON:setUpClass): 200 GET http://10.180.1.21/compute/v2.1/servers/cf437b85-c015-4348-9889-e727d08e424c 0.793s
2024-05-29 03:12:17.669 61216 INFO tempest.lib.common.rest_client [req-98994a3a-ba9f-4b90-abb8-d8cb69062594 req-98994a3a-ba9f-4b90-abb8-d8cb69062594 ] Request (ServerRescueTestJSONUnderV235:setUpClass): 200 GET http://10.180.1.21/compute/v2.1/servers/fa6a4d15-eab2-47e8-8f96-4c818b0dca6b 0.414s
2024-05-29 03:12:17.696 61194 INFO tempest.lib.common.rest_client [req-b4492b54-b883-459f-8af9-87ce064c5405 req-b4492b54-b883-459f-8af9-87ce064c5405 ] Request (ServerAddressesTestJSON:tearDownClass): 204 DELETE http://10.180.1.21:9696/networking/v2.0/routers/df1a2e13-a90e-4416-931c-4a0d4f570979 1.178s
2024-05-29 03:12:17.742 61256 INFO tempest.lib.common.rest_client [req-65d86bc8-47dd-458c-a020-5489e63d688a req-65d86bc8-47dd-458c-a020-5489e63d688a ] Request (AttachVolumeTestJSON:test_attach_detach_volume): 200 GET http://10.180.1.21/compute/v2.1/servers/364699fb-1883-4c85-9966-3c2ea5329a48 0.425s
2024-05-29 03:12:17.756 61192 INFO tempest.lib.common.rest_client [req-3fde1517-088d-4c43-9160-c6f7c08d044f req-3fde1517-088d-4c43-9160-c6f7c08d044f ] Request (ServerPasswordTestJSON:setUpClass): 200 GET http://10.180.1.21/compute/v2.1/servers/7dcec1ef-6d10-4a76-affe-63d8aedbab4f 0.394s
2024-05-29 03:12:17.810 61220 INFO tempest.lib.common.rest_client [req-41d9726b-5a75-48af-bd69-c2a715586b47 req-41d9726b-5a75-48af-bd69-c2a715586b47 ] Request (AttachVolumeShelveTestJSON:test_attach_volume_shelved_or_offload_server): 200 GET http://10.180.1.21/compute/v2.1/servers/c6579b1a-e214-42db-acfc-6308fa194ece 0.412s
2024-05-29 03:12:17.818 61220 INFO tempest.common.waiters [-] State transition "BUILD/scheduling" ==> "BUILD/None" after 68 second wait
2024-05-29 03:12:17.847 61208 INFO tempest.lib.common.rest_client [req-895c56aa-e060-4586-b191-9db06cdd04ce req-895c56aa-e060-4586-b191-9db06cdd04ce ] Request (ListServerFiltersTestJSON:setUpClass): 200 GET http://10.180.1.21/compute/v2.1/servers/a63a6334-04bb-4e9c-a27b-074745a8e2a1 0.428s
2024-05-29 03:12:17.875 61224 INFO tempest.lib.common.rest_client [req-d0e0ec1f-95a8-47f0-9753-071ca0989c49 req-d0e0ec1f-95a8-47f0-9753-071ca0989c49 ] Request (AttachInterfacesTestJSON:test_create_list_show_delete_interfaces_by_network_port): 200 GET http://10.180.1.21/compute/v2.1/servers/54e745e7-1e21-48e9-a8bd-b30166a677aa 0.408s
2024-05-29 03:12:17.887 61194 INFO tempest.lib.common.rest_client [req-2a829678-8c46-4e70-a13c-7a121c08b85d req-2a829678-8c46-4e70-a13c-7a121c08b85d ] Request (ServerAddressesTestJSON:tearDownClass): 204 DELETE http://10.180.1.21:9696/networking/v2.0/subnets/71483fd5-b510-4418-bc08-5ecc0301723a 0.190s
2024-05-29 03:12:17.910 61252 INFO tempest.lib.common.rest_client [req-d002f36d-535b-4ad7-8dd7-bbf7e5b9f3ec req-d002f36d-535b-4ad7-8dd7-bbf7e5b9f3ec ] Request (ServerRescueTestJSON:setUpClass): 200 GET http://10.180.1.21/compute/v2.1/servers/a38aa560-f880-4674-9c30-c25ac3726407 0.429s
2024-05-29 03:12:17.948 61215 INFO tempest.lib.common.rest_client [req-1c22c268-14ce-410e-aff8-8ef06e403b52 req-1c22c268-14ce-410e-aff8-8ef06e403b52 ] Request (ListServersNegativeTestJSON:setUpClass): 200 GET http://10.180.1.21/compute/v2.1/servers/3d4be181-4efc-4290-9c05-4dd4760173be 0.399s
2024-05-29 03:12:18.002 61235 INFO tempest.lib.common.rest_client [req-3ad027bd-962d-46d9-ba27-9ff62901bb4a req-3ad027bd-962d-46d9-ba27-9ff62901bb4a ] Request (ServerActionsV293TestJSON:tearDownClass): 204 DELETE http://10.180.1.21:9696/networking/v2.0/floatingips/3bc93d47-7837-463c-8df6-81d359d05199 0.346s
2024-05-29 03:12:18.056 61249 INFO tempest.lib.common.rest_client [req-5cfa7c33-ee99-4e69-bb06-b37dc94f0cdb req-5cfa7c33-ee99-4e69-bb06-b37dc94f0cdb ] Request (ListImageFiltersTestJSON:setUpClass): 200 GET http://10.180.1.21/compute/v2.1/servers/1adb76d3-e3b9-41ff-be7b-72f4a35b2cc5 0.057s
2024-05-29 03:12:18.213 61201 INFO tempest.lib.common.rest_client [req-3d025903-792e-4ddb-9036-e65cae154c7c req-3d025903-792e-4ddb-9036-e65cae154c7c ] Request (ServersTestBootFromVolume:setUpClass): 200 GET http://10.180.1.21/compute/v2.1/servers/9bc3dcc0-17c0-4379-9f3c-c8771316ed2d 0.103s
2024-05-29 03:12:18.325 61218 INFO tempest.lib.common.rest_client [req-4a122637-f798-4087-95d6-8b8a3e745669 req-4a122637-f798-4087-95d6-8b8a3e745669 ] Request (DeleteServersTestJSON:test_delete_active_server): 200 GET http://10.180.1.21/compute/v2.1/servers/e55de558-e230-4549-943d-ed9ca76e5251 0.156s
2024-05-29 03:12:18.425 61186 INFO tempest.lib.common.rest_client [req-14f08d54-0981-41f5-ae88-290b046d86c9 req-14f08d54-0981-41f5-ae88-290b046d86c9 ] Request (ServerActionsTestJSON:setUpClass): 200 GET http://10.180.1.21/compute/v2.1/servers/d7b02983-4e3c-46f2-9c64-6ebbd4163e76 0.178s
2024-05-29 03:12:18.492 61196 INFO tempest.lib.common.rest_client [req-1f973e5d-f83f-471e-8029-80901c7ef368 req-1f973e5d-f83f-471e-8029-80901c7ef368 ] Request (ServerActionsTestOtherB:setUpClass): 201 POST http://10.180.1.21:9696/networking/v2.0/routers 1.131s
2024-05-29 03:12:18.552 61229 INFO tempest.lib.common.rest_client [req-7f67139a-4d59-4acd-ac72-7d5a6e53cc32 req-7f67139a-4d59-4acd-ac72-7d5a6e53cc32 ] Request (VolumesAdminNegativeTest:test_update_attached_volume_with_nonexistent_volume_in_body): 200 GET http://10.180.1.21/compute/v2.1/servers/cf4a0f4c-1497-4082-b676-2403fce90905 0.231s
2024-05-29 03:12:18.615 61194 INFO tempest.lib.common.rest_client [req-f8319454-5906-44a0-860a-82f690cdbb66 req-f8319454-5906-44a0-860a-82f690cdbb66 ] Request (ServerAddressesTestJSON:tearDownClass): 204 DELETE http://10.180.1.21:9696/networking/v2.0/networks/2992c4ca-7b39-4bd4-82c8-0bc2afefbe9a 0.728s
2024-05-29 03:12:18.668 61210 INFO tempest.lib.common.rest_client [req-bc097abc-d9ef-4fdb-9bef-624dd2f66fcc req-bc097abc-d9ef-4fdb-9bef-624dd2f66fcc ] Request (ServersTestMultiNic:test_verify_multiple_nics_order): 200 GET http://10.180.1.21/compute/v2.1/servers/5672ad4d-17c5-475b-8f85-d03a880f2265 0.574s
2024-05-29 03:12:18.696 61194 INFO tempest.lib.common.rest_client [req-68dd7a56-c65b-42f8-a755-8b1de69a713a req-68dd7a56-c65b-42f8-a755-8b1de69a713a ] Request (ServerAddressesTestJSON:tearDownClass): 204 DELETE http://10.180.1.21/identity/v3/users/fa053307ff9b413ab10f09eb1c80745b 0.081s
2024-05-29 03:12:18.696 61194 INFO tempest.lib.common.dynamic_creds [-] Deleting project and security group for project: ff3a5995300d4b7984c2ee894821b94c
2024-05-29 03:12:19.066 61203 INFO tempest.lib.common.rest_client [req-b8a0cf48-c3de-4545-9c53-64a42210c55a req-b8a0cf48-c3de-4545-9c53-64a42210c55a ] Request (ServersTestJSON:setUpClass): 200 GET http://10.180.1.21/compute/v2.1/servers/ad0ea37a-3fa8-4906-90fd-a924d429e4be 0.683s
2024-05-29 03:12:19.128 61194 INFO tempest.lib.common.rest_client [req-8b643344-731b-4c9c-bd74-d0eef1cc28c3 req-8b643344-731b-4c9c-bd74-d0eef1cc28c3 ] Request (ServerAddressesTestJSON:tearDownClass): 200 GET http://10.180.1.21:9696/networking/v2.0/security-groups?tenant_id=ff3a5995300d4b7984c2ee894821b94c&name=default 0.431s
2024-05-29 03:12:19.171 61198 INFO tempest.lib.common.rest_client [req-e605aa56-2e22-40fc-ae91-252190126dfd req-e605aa56-2e22-40fc-ae91-252190126dfd ] Request (ServerDiskConfigTestJSON:test_rebuild_server_with_manual_disk_config): 200 GET http://10.180.1.21/compute/v2.1/servers/b3df0be8-a4fd-4a71-8db7-312f7a32f9a9 0.753s
2024-05-29 03:12:19.177 61198 INFO tempest.common.waiters [-] State transition "BUILD/None" ==> "BUILD/networking" after 73 second wait
2024-05-29 03:12:19.256 61232 INFO tempest.lib.common.rest_client [req-c579a1b4-7fd6-44d1-82f4-ab7267ea7510 req-c579a1b4-7fd6-44d1-82f4-ab7267ea7510 ] Request (ServerMetadataNegativeTestJSON:setUpClass): 200 GET http://10.180.1.21/compute/v2.1/servers/6fa471ca-84ec-481b-9dcb-96e5defc9231 0.767s
2024-05-29 03:12:19.257 61242 INFO tempest.lib.common.rest_client [req-0bdf70cf-e318-44b2-afef-2650aff5372e req-0bdf70cf-e318-44b2-afef-2650aff5372e ] Request (SecurityGroupsTestJSON:test_server_security_groups): 200 GET http://10.180.1.21/compute/v2.1/servers/049d21cd-c5d1-4a9f-9a5b-11f6543a0d75 0.909s
2024-05-29 03:12:19.375 61188 INFO tempest.lib.common.rest_client [req-7196bad8-e764-4dc2-9d08-020c7ac15e89 req-7196bad8-e764-4dc2-9d08-020c7ac15e89 ] Request (ServersNegativeTestMultiTenantJSON:setUpClass): 200 GET http://10.180.1.21/compute/v2.1/servers/8f9ce572-bc54-4a2c-afab-5e795b2a4845 0.862s
2024-05-29 03:12:19.381 61188 INFO tempest.common.waiters [-] State transition "BUILD/scheduling" ==> "ERROR/None" after 105 second wait
2024-05-29 03:12:19.414 61254 INFO tempest.lib.common.rest_client [req-592412c2-f3c9-45a2-86d3-bc3fdb66c382 req-592412c2-f3c9-45a2-86d3-bc3fdb66c382 ] Request (InstanceActionsV221TestJSON:test_get_list_deleted_instance_actions): 200 GET http://10.180.1.21/compute/v2.1/servers/332fbcd9-6284-4b4f-a9af-26bb0044adfc 0.833s
2024-05-29 03:12:19.512 61238 INFO tempest.lib.common.rest_client [req-f2cd3888-a81c-4a1f-b3f1-ac1540c8f979 req-f2cd3888-a81c-4a1f-b3f1-ac1540c8f979 ] Request (ImagesTestJSON:test_create_image_from_stopped_server): 200 GET http://10.180.1.21/compute/v2.1/servers/c2446148-17fc-43cc-a2e8-97a9be3390b3 0.917s
2024-05-29 03:12:19.524 61194 INFO tempest.lib.common.rest_client [req-7941be20-bea5-4be1-b985-2adb278f3c93 req-7941be20-bea5-4be1-b985-2adb278f3c93 ] Request (ServerAddressesTestJSON:tearDownClass): 204 DELETE http://10.180.1.21:9696/networking/v2.0/security-groups/1538012f-82a5-4574-a999-175298ec5721 0.395s
2024-05-29 03:12:19.556 61247 INFO tempest.lib.common.rest_client [req-7c618ce5-79f0-40c5-bb3a-92f8e9abc6ed req-7c618ce5-79f0-40c5-bb3a-92f8e9abc6ed ] Request (ServerAddressesNegativeTestJSON:setUpClass): 200 GET http://10.180.1.21/compute/v2.1/servers/cf437b85-c015-4348-9889-e727d08e424c 0.887s
2024-05-29 03:12:19.626 61216 INFO tempest.lib.common.rest_client [req-42509036-cdf1-465f-8f9d-9b06e82c063e req-42509036-cdf1-465f-8f9d-9b06e82c063e ] Request (ServerRescueTestJSONUnderV235:setUpClass): 200 GET http://10.180.1.21/compute/v2.1/servers/fa6a4d15-eab2-47e8-8f96-4c818b0dca6b 0.949s
2024-05-29 03:12:19.641 61194 INFO tempest.lib.common.rest_client [req-baaf613a-747c-4e70-8ac0-529130331dd0 req-baaf613a-747c-4e70-8ac0-529130331dd0 ] Request (ServerAddressesTestJSON:tearDownClass): 204 DELETE http://10.180.1.21/identity/v3/projects/ff3a5995300d4b7984c2ee894821b94c 0.117s
2024-05-29 03:12:19.644 61194 INFO tempest.test [-] raised in ServerStableDeviceRescueTest.setUpClass. Invoking tearDownClass.
2024-05-29 03:12:19.677 61256 INFO tempest.lib.common.rest_client [req-ecd78ad3-d28a-4a95-b13e-ba1a5fa7eaa2 req-ecd78ad3-d28a-4a95-b13e-ba1a5fa7eaa2 ] Request (AttachVolumeTestJSON:test_attach_detach_volume): 200 GET http://10.180.1.21/compute/v2.1/servers/364699fb-1883-4c85-9966-3c2ea5329a48 0.927s
2024-05-29 03:12:19.683 61256 INFO tempest.common.waiters [-] State transition "BUILD/spawning" ==> "BUILD/scheduling" after 99 second wait
2024-05-29 03:12:19.699 61192 INFO tempest.lib.common.rest_client [req-679a20b4-1a9e-4bfe-b0c1-c8ab8fa274fd req-679a20b4-1a9e-4bfe-b0c1-c8ab8fa274fd ] Request (ServerPasswordTestJSON:setUpClass): 200 GET http://10.180.1.21/compute/v2.1/servers/7dcec1ef-6d10-4a76-affe-63d8aedbab4f 0.936s
2024-05-29 03:12:19.706 61194 INFO tempest.lib.common.rest_client [req-9c6f055e-2b5c-4b65-8524-8db63fe937d4 req-9c6f055e-2b5c-4b65-8524-8db63fe937d4 ] Request (VolumesGetTestJSON:setUpClass): 201 POST http://10.180.1.21/identity/v3/auth/tokens 0.060s
2024-05-29 03:12:19.741 61194 INFO tempest.lib.common.rest_client [req-8fa47cbd-8234-4085-a51a-7b06d70e497f req-8fa47cbd-8234-4085-a51a-7b06d70e497f ] Request (VolumesGetTestJSON:setUpClass): 201 POST http://10.180.1.21/identity/v3/auth/tokens 0.032s
2024-05-29 03:12:19.767 61194 INFO tempest.lib.common.rest_client [req-43cc46e1-fd95-44a2-a842-bbd8c28a8999 req-43cc46e1-fd95-44a2-a842-bbd8c28a8999 ] Request (VolumesGetTestJSON:setUpClass): 200 GET http://10.180.1.21/identity/v3/domains?name=Default 0.026s
2024-05-29 03:12:19.806 61194 INFO tempest.lib.common.rest_client [req-b5b4193a-cccc-420d-94cc-98f4326c2a95 req-b5b4193a-cccc-420d-94cc-98f4326c2a95 ] Request (VolumesGetTestJSON:setUpClass): 201 POST http://10.180.1.21/identity/v3/projects 0.039s
2024-05-29 03:12:19.810 61208 INFO tempest.lib.common.rest_client [req-57811c6e-b787-457d-8f78-9b55b3420159 req-57811c6e-b787-457d-8f78-9b55b3420159 ] Request (ListServerFiltersTestJSON:setUpClass): 200 GET http://10.180.1.21/compute/v2.1/servers/a63a6334-04bb-4e9c-a27b-074745a8e2a1 0.956s
2024-05-29 03:12:19.818 61220 INFO tempest.lib.common.rest_client [req-a0d1ac62-b3f4-4afc-89e3-1c3034f618e5 req-a0d1ac62-b3f4-4afc-89e3-1c3034f618e5 ] Request (AttachVolumeShelveTestJSON:test_attach_volume_shelved_or_offload_server): 200 GET http://10.180.1.21/compute/v2.1/servers/c6579b1a-e214-42db-acfc-6308fa194ece 0.999s
2024-05-29 03:12:19.886 61194 INFO tempest.lib.common.rest_client [req-4570a9d8-64c6-4278-befb-03d2d0ce2688 req-4570a9d8-64c6-4278-befb-03d2d0ce2688 ] Request (VolumesGetTestJSON:setUpClass): 201 POST http://10.180.1.21/identity/v3/users 0.079s
2024-05-29 03:12:19.905 61194 INFO tempest.lib.common.rest_client [req-03fd2e8f-6f71-4be0-8402-42a8718fbde5 req-03fd2e8f-6f71-4be0-8402-42a8718fbde5 ] Request (VolumesGetTestJSON:setUpClass): 200 GET http://10.180.1.21/identity/v3/roles 0.019s
2024-05-29 03:12:19.921 61252 INFO tempest.lib.common.rest_client [req-84104292-18f0-45f7-8b5c-22b9f628c2ac req-84104292-18f0-45f7-8b5c-22b9f628c2ac ] Request (ServerRescueTestJSON:setUpClass): 200 GET http://10.180.1.21/compute/v2.1/servers/a38aa560-f880-4674-9c30-c25ac3726407 1.004s
2024-05-29 03:12:19.922 61224 INFO tempest.lib.common.rest_client [req-aa31aa17-3a34-4f07-99d5-d66d619140ed req-aa31aa17-3a34-4f07-99d5-d66d619140ed ] Request (AttachInterfacesTestJSON:test_create_list_show_delete_interfaces_by_network_port): 200 GET http://10.180.1.21/compute/v2.1/servers/54e745e7-1e21-48e9-a8bd-b30166a677aa 1.040s
2024-05-29 03:12:19.927 61252 INFO tempest.common.waiters [-] State transition "BUILD/scheduling" ==> "BUILD/None" after 70 second wait
