2024-05-29 03:11:06.334 61208 INFO tempest.lib.common.rest_client [req-e2186c1f-3bf4-4ce7-b35c-387cab749caa req-e2186c1f-3bf4-4ce7-b35c-387cab749caa ] Request (ServerDiagnosticsV248Test:tearDownClass): 204 DELETE http://10.180.1.21/identity/v3/users/67d7cfecce0c4b65ba465783482c436a 0.131s
2024-05-29 03:11:06.334 61208 INFO tempest.lib.common.dynamic_creds [-] Deleting project and security group for project: 4143e9c0fdc34901b5897fd2180eba07
2024-05-29 03:11:06.387 61233 INFO tempest.lib.common.rest_client [req-35cbd331-78c0-494f-b4f9-dce15dd3aa0b req-35cbd331-78c0-494f-b4f9-dce15dd3aa0b ] Request (InstanceUsageAuditLogNegativeTestJSON:tearDownClass): 204 DELETE http://10.180.1.21:9696/networking/v2.0/security-groups/65ef011c-0909-4696-ad09-174b55ca12f8 0.141s
2024-05-29 03:11:06.387 61208 INFO tempest.lib.common.rest_client [req-ca2e88bf-8195-42c8-a7c7-b0db323b5e4c req-ca2e88bf-8195-42c8-a7c7-b0db323b5e4c ] Request (ServerDiagnosticsV248Test:tearDownClass): 201 POST http://10.180.1.21/identity/v3/auth/tokens 0.053s
2024-05-29 03:11:06.404 61216 INFO tempest.lib.common.rest_client [req-190ab94c-7044-4a90-9d66-71fbc57fcb5d req-190ab94c-7044-4a90-9d66-71fbc57fcb5d ] Request (ServerRescueTestJSONUnderV235:setUpClass): 200 GET http://10.180.1.21/compute/v2.1/servers/fa6a4d15-eab2-47e8-8f96-4c818b0dca6b 2.365s
2024-05-29 03:11:06.410 61196 INFO tempest.lib.common.rest_client [req-6753a732-961c-4ef0-88f8-19598ec6c745 req-6753a732-961c-4ef0-88f8-19598ec6c745 ] Request (AttachInterfacesUnderV243Test:test_add_remove_fixed_ip): 200 GET http://10.180.1.21/compute/v2.1/servers/c2817d47-8c68-4c7f-93a2-44e0029e6256 2.329s
2024-05-29 03:11:06.454 61233 INFO tempest.lib.common.rest_client [req-1b7543d1-9c2c-49df-a992-3cf92d19a6e8 req-1b7543d1-9c2c-49df-a992-3cf92d19a6e8 ] Request (InstanceUsageAuditLogNegativeTestJSON:tearDownClass): 204 DELETE http://10.180.1.21/identity/v3/projects/3f66800aafc84a83a8e292fa2132fc4d 0.066s
2024-05-29 03:11:06.454 61233 INFO tempest.lib.common.dynamic_creds [-] Deleting project and security group for project: 20ba67965db8434880324a3c2ee7f900
2024-05-29 03:11:06.539 61241 INFO tempest.lib.common.rest_client [req-3bfe7d32-bc3e-46d2-8063-247a76988c9b req-3bfe7d32-bc3e-46d2-8063-247a76988c9b ] Request (AttachInterfacesV270Test:test_create_get_list_interfaces): 200 GET http://10.180.1.21/compute/v2.1/servers/665b60d1-0417-4fdf-86fa-6862aa270994 2.353s
2024-05-29 03:11:06.571 61203 INFO tempest.lib.common.rest_client [req-f9b2ef28-6201-4726-b1bc-e3157433ecf8 req-f9b2ef28-6201-4726-b1bc-e3157433ecf8 ] Request (FloatingIPsAssociationNegativeTestJSON:setUpClass): 200 GET http://10.180.1.21/compute/v2.1/servers/3acd6f40-8c3b-49f4-b883-828558a1aef4 2.453s
2024-05-29 03:11:06.625 61249 INFO tempest.lib.common.rest_client [req-d68f9e4a-2963-4be2-8087-65d51965ca3c req-d68f9e4a-2963-4be2-8087-65d51965ca3c ] Request (DeleteServersAdminTestJSON:test_delete_server_while_in_error_state): 200 GET http://10.180.1.21/compute/v2.1/servers/b4a41ed4-9814-4f55-a685-335955c943cc 2.246s
2024-05-29 03:11:06.642 61226 INFO tempest.lib.common.rest_client [req-16f42c34-8926-493f-9406-1fd5cd2733d1 req-16f42c34-8926-493f-9406-1fd5cd2733d1 ] Request (ServerTagsTestJSON:setUpClass): 200 GET http://10.180.1.21/compute/v2.1/servers/cd16ccda-442c-42d5-a995-79231636db2c 2.159s
2024-05-29 03:11:06.645 61233 INFO tempest.lib.common.rest_client [req-6a944948-e1bb-45e3-bd83-93078592e13e req-6a944948-e1bb-45e3-bd83-93078592e13e ] Request (InstanceUsageAuditLogNegativeTestJSON:tearDownClass): 200 GET http://10.180.1.21:9696/networking/v2.0/security-groups?tenant_id=20ba67965db8434880324a3c2ee7f900&name=default 0.190s
2024-05-29 03:11:06.727 61208 INFO tempest.lib.common.rest_client [req-dcd2c0d3-255b-4e98-bc9e-8ee370b6df5a req-dcd2c0d3-255b-4e98-bc9e-8ee370b6df5a ] Request (ServerDiagnosticsV248Test:tearDownClass): 200 GET http://10.180.1.21:9696/networking/v2.0/security-groups?tenant_id=4143e9c0fdc34901b5897fd2180eba07&name=default 0.339s
2024-05-29 03:11:06.751 61194 INFO tempest.lib.common.rest_client [req-29c05f66-2a77-48a3-adf3-f3719d603689 req-29c05f66-2a77-48a3-adf3-f3719d603689 ] Request (ServerAddressesTestJSON:setUpClass): 200 GET http://10.180.1.21/compute/v2.1/servers/1febcc1e-9da0-4ddc-b0dd-b8cac7df27f6 2.177s
2024-05-29 03:11:06.862 61208 INFO tempest.lib.common.rest_client [req-47f82fff-cfe6-4505-871d-1afb19b05aba req-47f82fff-cfe6-4505-871d-1afb19b05aba ] Request (ServerDiagnosticsV248Test:tearDownClass): 204 DELETE http://10.180.1.21:9696/networking/v2.0/security-groups/4d86d62b-0f76-44d0-a283-1160dc07d5fc 0.135s
2024-05-29 03:11:06.867 61229 INFO tempest.lib.common.rest_client [req-b1845cb2-31d9-44fe-aad0-65f766d9be8d req-b1845cb2-31d9-44fe-aad0-65f766d9be8d ] Request (ServersAdmin275Test:tearDownClass): 200 GET http://10.180.1.21/compute/v2.1/servers/535d7148-8722-4cf9-8f55-9b44beccb5f4 1.922s
2024-05-29 03:11:06.920 61208 INFO tempest.lib.common.rest_client [req-84c938f0-0450-4387-9898-2e686d44b60e req-84c938f0-0450-4387-9898-2e686d44b60e ] Request (ServerDiagnosticsV248Test:tearDownClass): 204 DELETE http://10.180.1.21/identity/v3/projects/4143e9c0fdc34901b5897fd2180eba07 0.057s
2024-05-29 03:11:06.920 61208 INFO tempest.lib.common.dynamic_creds [-] Deleting project and security group for project: 9d9fe06be85c40e79055455d51b258c5
2024-05-29 03:11:06.973 61198 INFO tempest.lib.common.rest_client [req-082a313a-0b5e-41f6-98eb-bbf4e514835d req-082a313a-0b5e-41f6-98eb-bbf4e514835d ] Request (ServerDiskConfigTestJSON:test_rebuild_server_with_manual_disk_config): 200 GET http://10.180.1.21/compute/v2.1/servers/b3df0be8-a4fd-4a71-8db7-312f7a32f9a9 1.873s
2024-05-29 03:11:07.036 61224 INFO tempest.lib.common.rest_client [req-08c87fed-789c-471d-b2c9-cfa3aec29c55 req-08c87fed-789c-471d-b2c9-cfa3aec29c55 ] Request (AttachInterfacesTestJSON:test_create_list_show_delete_interfaces_by_fixed_ip): 200 GET http://10.180.1.21/compute/v2.1/servers/2ad6abc2-047b-48bc-8233-851c994cda05 2.094s
2024-05-29 03:11:07.061 61222 INFO tempest.lib.common.rest_client [req-5f4d9fcf-1962-433e-a9f3-9298d4cfdea4 req-5f4d9fcf-1962-433e-a9f3-9298d4cfdea4 ] Request (ServerActionsTestOtherA:tearDownClass): 204 DELETE http://10.180.1.21:9696/networking/v2.0/routers/e6f0c454-b6ea-45b7-80c4-daca2287875a 1.879s
2024-05-29 03:11:07.072 61233 INFO tempest.lib.common.rest_client [req-5d65990e-c703-4348-b027-4f53679b4d3f req-5d65990e-c703-4348-b027-4f53679b4d3f ] Request (InstanceUsageAuditLogNegativeTestJSON:tearDownClass): 204 DELETE http://10.180.1.21:9696/networking/v2.0/security-groups/6cdb5b51-999c-49da-91be-1529ff9a655c 0.426s
2024-05-29 03:11:07.084 61208 INFO tempest.lib.common.rest_client [req-0c4cefdd-984c-47e8-9719-2aaebc199a36 req-0c4cefdd-984c-47e8-9719-2aaebc199a36 ] Request (ServerDiagnosticsV248Test:tearDownClass): 200 GET http://10.180.1.21:9696/networking/v2.0/security-groups?tenant_id=9d9fe06be85c40e79055455d51b258c5&name=default 0.164s
2024-05-29 03:11:07.110 61232 INFO tempest.lib.common.rest_client [req-c74db185-ef81-4ff0-986b-768031ed6a89 req-c74db185-ef81-4ff0-986b-768031ed6a89 ] Request (ServerMetadataNegativeTestJSON:setUpClass): 200 GET http://10.180.1.21/compute/v2.1/servers/6fa471ca-84ec-481b-9dcb-96e5defc9231 1.593s
2024-05-29 03:11:07.159 61233 INFO tempest.lib.common.rest_client [req-acc819e5-1a77-4671-b2f9-524a577a984e req-acc819e5-1a77-4671-b2f9-524a577a984e ] Request (InstanceUsageAuditLogNegativeTestJSON:tearDownClass): 204 DELETE http://10.180.1.21/identity/v3/projects/20ba67965db8434880324a3c2ee7f900 0.087s
2024-05-29 03:11:07.218 61233 INFO tempest.lib.common.rest_client [req-57acf865-c2cb-4532-941d-64c976461b58 req-57acf865-c2cb-4532-941d-64c976461b58 ] Request (FloatingIPsNegativeTestJSON:setUpClass): 201 POST http://10.180.1.21/identity/v3/auth/tokens 0.057s
2024-05-29 03:11:07.250 61233 INFO tempest.lib.common.rest_client [req-de156d79-9a82-4e43-b88b-ed9849354fc4 req-de156d79-9a82-4e43-b88b-ed9849354fc4 ] Request (FloatingIPsNegativeTestJSON:setUpClass): 201 POST http://10.180.1.21/identity/v3/auth/tokens 0.030s
2024-05-29 03:11:07.279 61233 INFO tempest.lib.common.rest_client [req-bc5eaeeb-efbd-45e7-b8b2-e3dc28752ee1 req-bc5eaeeb-efbd-45e7-b8b2-e3dc28752ee1 ] Request (FloatingIPsNegativeTestJSON:setUpClass): 200 GET http://10.180.1.21/identity/v3/domains?name=Default 0.028s
2024-05-29 03:11:07.286 61208 INFO tempest.lib.common.rest_client [req-5d4a33b8-adcf-47c3-8b85-ccae8e79ed0b req-5d4a33b8-adcf-47c3-8b85-ccae8e79ed0b ] Request (ServerDiagnosticsV248Test:tearDownClass): 204 DELETE http://10.180.1.21:9696/networking/v2.0/security-groups/7fa0f098-7e5c-4535-b7a0-6a25775b672d 0.201s
2024-05-29 03:11:07.314 61222 INFO tempest.lib.common.rest_client [req-18051151-23aa-4178-b02f-d2083d3c9ac7 req-18051151-23aa-4178-b02f-d2083d3c9ac7 ] Request (ServerActionsTestOtherA:tearDownClass): 204 DELETE http://10.180.1.21:9696/networking/v2.0/subnets/7a07637b-c973-4caa-b2b1-40cd0a4268b4 0.253s
2024-05-29 03:11:07.315 61233 INFO tempest.lib.common.rest_client [req-336fa60a-3861-48d6-953a-dbdeb51a65a9 req-336fa60a-3861-48d6-953a-dbdeb51a65a9 ] Request (FloatingIPsNegativeTestJSON:setUpClass): 201 POST http://10.180.1.21/identity/v3/projects 0.036s
2024-05-29 03:11:07.353 61208 INFO tempest.lib.common.rest_client [req-31b64b3d-1d95-43cd-a983-e7b25ef0f81a req-31b64b3d-1d95-43cd-a983-e7b25ef0f81a ] Request (ServerDiagnosticsV248Test:tearDownClass): 204 DELETE http://10.180.1.21/identity/v3/projects/9d9fe06be85c40e79055455d51b258c5 0.066s
2024-05-29 03:11:07.399 61208 INFO tempest.lib.common.rest_client [req-2913c336-6578-4ef2-ac38-a50c5d285784 req-2913c336-6578-4ef2-ac38-a50c5d285784 ] Request (ListImageFiltersNegativeTestJSON:setUpClass): 201 POST http://10.180.1.21/identity/v3/auth/tokens 0.045s
2024-05-29 03:11:07.405 61233 INFO tempest.lib.common.rest_client [req-1f5a84c3-7de1-4be4-ad87-08bb0d5e001d req-1f5a84c3-7de1-4be4-ad87-08bb0d5e001d ] Request (FloatingIPsNegativeTestJSON:setUpClass): 201 POST http://10.180.1.21/identity/v3/users 0.089s
2024-05-29 03:11:07.420 61208 INFO tempest.lib.common.rest_client [req-69152fdd-473d-48f0-a04f-18e93652e70b req-69152fdd-473d-48f0-a04f-18e93652e70b ] Request (ListImageFiltersNegativeTestJSON:setUpClass): 201 POST http://10.180.1.21/identity/v3/auth/tokens 0.019s
2024-05-29 03:11:07.423 61233 INFO tempest.lib.common.rest_client [req-76481368-de9f-4574-840e-b568108273a9 req-76481368-de9f-4574-840e-b568108273a9 ] Request (FloatingIPsNegativeTestJSON:setUpClass): 200 GET http://10.180.1.21/identity/v3/roles 0.018s
2024-05-29 03:11:07.437 61208 INFO tempest.lib.common.rest_client [req-f73638c6-3cee-43f5-9f0c-8673fa002b18 req-f73638c6-3cee-43f5-9f0c-8673fa002b18 ] Request (ListImageFiltersNegativeTestJSON:setUpClass): 200 GET http://10.180.1.21/identity/v3/domains?name=Default 0.016s
2024-05-29 03:11:07.440 61201 INFO tempest.lib.common.rest_client [req-1ab7e3dc-4df6-4848-b516-5e88dab33cd3 req-1ab7e3dc-4df6-4848-b516-5e88dab33cd3 ] Request (ServersAdminNegativeTestJSON:setUpClass): 200 GET http://10.180.1.21/compute/v2.1/servers/ba77a483-6dff-4062-a84a-1f088ee0f359 1.874s
2024-05-29 03:11:07.460 61233 INFO tempest.lib.common.rest_client [req-24b34145-b948-471c-b5aa-95e1cc15e655 req-24b34145-b948-471c-b5aa-95e1cc15e655 ] Request (FloatingIPsNegativeTestJSON:setUpClass): 204 PUT http://10.180.1.21/identity/v3/projects/5317d9ff410f44208039047fc3a3fd98/users/9104cb5eab4f496d9574d08ad21d0fdb/roles/641688dde63540b0bd243696e3b65e64 0.037s
2024-05-29 03:11:07.461 61233 INFO tempest.lib.common.dynamic_creds [-] Dynamic test user 9104cb5eab4f496d9574d08ad21d0fdb is created with scope project and roles: ['member']
2024-05-29 03:11:07.461 61233 INFO tempest.lib.common.dynamic_creds [-] Acquired dynamic creds: credentials: Credentials: {'domain_id': 'default', 'domain_name': 'Default', 'username': 'tempest-FloatingIPsNegativeTestJSON-524237579-project-member', 'project_domain_id': 'default', 'project_domain_name': 'Default', 'project_id': '5317d9ff410f44208039047fc3a3fd98', 'project_name': 'tempest-FloatingIPsNegativeTestJSON-524237579', 'tenant_id': '5317d9ff410f44208039047fc3a3fd98', 'tenant_name': 'tempest-FloatingIPsNegativeTestJSON-524237579', 'user_domain_id': 'default', 'user_domain_name': 'Default', 'user_id': '9104cb5eab4f496d9574d08ad21d0fdb', 'system': None}, Network: None, Subnet: None, Router: None
2024-05-29 03:11:07.462 61208 INFO tempest.lib.common.rest_client [req-4927ab68-fa92-4f5e-8664-f72b2e223172 req-4927ab68-fa92-4f5e-8664-f72b2e223172 ] Request (ListImageFiltersNegativeTestJSON:setUpClass): 201 POST http://10.180.1.21/identity/v3/projects 0.024s
2024-05-29 03:11:07.507 61233 INFO tempest.lib.common.rest_client [req-acf4ae09-c07e-4971-8656-addeb3a2a239 req-acf4ae09-c07e-4971-8656-addeb3a2a239 ] Request (FloatingIPsNegativeTestJSON:setUpClass): 201 POST http://10.180.1.21/identity/v3/auth/tokens 0.046s
2024-05-29 03:11:07.528 61235 INFO tempest.lib.common.rest_client [req-61169ae1-1f8c-42db-8b80-0961a3bc8379 req-61169ae1-1f8c-42db-8b80-0961a3bc8379 ] Request (ServerActionsV293TestJSON:setUpClass): 200 GET http://10.180.1.21/compute/v2.1/servers/aab3e30c-0030-4fec-8ca4-67a9bbffc31a 1.850s
2024-05-29 03:11:07.533 61208 INFO tempest.lib.common.rest_client [req-b42b6430-676d-4339-b225-15c441ec56d4 req-b42b6430-676d-4339-b225-15c441ec56d4 ] Request (ListImageFiltersNegativeTestJSON:setUpClass): 201 POST http://10.180.1.21/identity/v3/users 0.071s
2024-05-29 03:11:07.590 61208 INFO tempest.lib.common.rest_client [req-2a609ef1-2e8b-4571-af58-1e3a5e0db3f5 req-2a609ef1-2e8b-4571-af58-1e3a5e0db3f5 ] Request (ListImageFiltersNegativeTestJSON:setUpClass): 200 GET http://10.180.1.21/identity/v3/roles 0.056s
2024-05-29 03:11:07.623 61208 INFO tempest.lib.common.rest_client [req-b027b84b-48fe-4292-a7d6-325a61683c76 req-b027b84b-48fe-4292-a7d6-325a61683c76 ] Request (ListImageFiltersNegativeTestJSON:setUpClass): 204 PUT http://10.180.1.21/identity/v3/projects/a8e7b08770644309a28e9812db0d158b/users/97c91065e9654e41aed8afa3fa6b64a6/roles/641688dde63540b0bd243696e3b65e64 0.033s
2024-05-29 03:11:07.624 61208 INFO tempest.lib.common.dynamic_creds [-] Dynamic test user 97c91065e9654e41aed8afa3fa6b64a6 is created with scope project and roles: ['member']
2024-05-29 03:11:07.624 61208 INFO tempest.lib.common.dynamic_creds [-] Acquired dynamic creds: credentials: Credentials: {'domain_id': 'default', 'domain_name': 'Default', 'username': 'tempest-ListImageFiltersNegativeTestJSON-1361592186-project-member', 'project_domain_id': 'default', 'project_domain_name': 'Default', 'project_id': 'a8e7b08770644309a28e9812db0d158b', 'project_name': 'tempest-ListImageFiltersNegativeTestJSON-1361592186', 'tenant_id': 'a8e7b08770644309a28e9812db0d158b', 'tenant_name': 'tempest-ListImageFiltersNegativeTestJSON-1361592186', 'user_domain_id': 'default', 'user_domain_name': 'Default', 'user_id': '97c91065e9654e41aed8afa3fa6b64a6', 'system': None}, Network: None, Subnet: None, Router: None
2024-05-29 03:11:07.624 61208 INFO tempest.lib.common.dynamic_creds [-] Created isolated network resources for: credentials: Credentials: {'domain_id': 'default', 'domain_name': 'Default', 'username': 'tempest-ListImageFiltersNegativeTestJSON-1361592186-project-member', 'project_domain_id': 'default', 'project_domain_name': 'Default', 'project_id': 'a8e7b08770644309a28e9812db0d158b', 'project_name': 'tempest-ListImageFiltersNegativeTestJSON-1361592186', 'tenant_id': 'a8e7b08770644309a28e9812db0d158b', 'tenant_name': 'tempest-ListImageFiltersNegativeTestJSON-1361592186', 'user_domain_id': 'default', 'user_domain_name': 'Default', 'user_id': '97c91065e9654e41aed8afa3fa6b64a6', 'system': None}, Network: None, Subnet: None, Router: None
2024-05-29 03:11:07.684 61208 INFO tempest.lib.common.rest_client [req-e2da6466-a55e-4218-9f0e-7914e53b6e1c req-e2da6466-a55e-4218-9f0e-7914e53b6e1c ] Request (ListImageFiltersNegativeTestJSON:setUpClass): 201 POST http://10.180.1.21/identity/v3/auth/tokens 0.057s
2024-05-29 03:11:07.803 61233 INFO tempest.lib.common.rest_client [req-4e976418-5f90-4deb-89b5-78759b8743a0 req-4e976418-5f90-4deb-89b5-78759b8743a0 ] Request (FloatingIPsNegativeTestJSON:setUpClass): 201 POST http://10.180.1.21:9696/networking/v2.0/networks 0.296s
2024-05-29 03:11:07.959 61233 INFO tempest.lib.common.rest_client [req-873b119d-2f6e-4f3e-afdf-fe2dd7648f77 req-873b119d-2f6e-4f3e-afdf-fe2dd7648f77 ] Request (FloatingIPsNegativeTestJSON:setUpClass): 201 POST http://10.180.1.21:9696/networking/v2.0/subnets 0.154s
2024-05-29 03:11:08.188 61220 INFO tempest.lib.common.rest_client [req-261e0541-30c7-405d-a97d-e49fb203607a req-261e0541-30c7-405d-a97d-e49fb203607a ] Request (AttachVolumeShelveTestJSON:test_attach_volume_shelved_or_offload_server): 202 POST http://10.180.1.21/compute/v2.1/servers 2.717s
2024-05-29 03:11:08.292 61186 INFO tempest.lib.common.rest_client [req-bac367c2-0678-4048-b718-c43bfb43f02e req-bac367c2-0678-4048-b718-c43bfb43f02e ] Request (MigrationsAdminTest:test_resize_server_revert_deleted_flavor): 200 GET http://10.180.1.21/compute/v2.1/servers/aadc100f-31be-49fb-a807-0796b41bd90e 2.115s
2024-05-29 03:11:08.298 61186 INFO tempest.common.waiters [-] State transition "BUILD/spawning" ==> "ERROR/None" after 69 second wait
2024-05-29 03:11:08.374 61192 INFO tempest.lib.common.rest_client [req-49c1e57e-69e6-4120-a66f-b29ed9b9fa6b req-49c1e57e-69e6-4120-a66f-b29ed9b9fa6b ] Request (FloatingIPsAssociationTestJSON:setUpClass): 200 GET http://10.180.1.21/compute/v2.1/servers/ac699bb1-5866-46f2-8e51-a8b970b128d1 1.499s
2024-05-29 03:11:08.479 61215 INFO tempest.lib.common.rest_client [req-be9d7c5e-78e6-4383-93f8-88ab17b21f5b req-be9d7c5e-78e6-4383-93f8-88ab17b21f5b ] Request (ServersTestFqdnHostnames:test_create_server_with_fqdn_name): 200 GET http://10.180.1.21/compute/v2.1/servers/1c392cb0-ea88-48c9-9633-10b335cc414e 1.597s
2024-05-29 03:11:08.485 61222 INFO tempest.lib.common.rest_client [req-fb0c963c-54ec-4d3a-9b81-b771a37f4031 req-fb0c963c-54ec-4d3a-9b81-b771a37f4031 ] Request (ServerActionsTestOtherA:tearDownClass): 204 DELETE http://10.180.1.21:9696/networking/v2.0/networks/b6d8a629-fceb-4e01-a7b8-4226a5e9a6bd 1.170s
2024-05-29 03:11:08.550 61247 INFO tempest.lib.common.rest_client [req-908d9c5f-02a0-424c-8cf2-23a7e6a7862d req-908d9c5f-02a0-424c-8cf2-23a7e6a7862d ] Request (ServerAddressesNegativeTestJSON:setUpClass): 200 GET http://10.180.1.21/compute/v2.1/servers/cf437b85-c015-4348-9889-e727d08e424c 1.576s
2024-05-29 03:11:08.565 61222 INFO tempest.lib.common.rest_client [req-4dc855cb-062b-40e2-b57c-6faebece2b48 req-4dc855cb-062b-40e2-b57c-6faebece2b48 ] Request (ServerActionsTestOtherA:tearDownClass): 204 DELETE http://10.180.1.21/identity/v3/users/99a1edd29cd84ffdb341070c4c9366ec 0.080s
2024-05-29 03:11:08.565 61222 INFO tempest.lib.common.dynamic_creds [-] Deleting project and security group for project: 10cff6fc3fb64a988f30e74fc0f94942
2024-05-29 03:11:08.619 61252 INFO tempest.lib.common.rest_client [req-7134130e-571c-4de4-9df2-e78616e40b7e req-7134130e-571c-4de4-9df2-e78616e40b7e ] Request (ServerRescueTestJSON:setUpClass): 202 POST http://10.180.1.21/compute/v2.1/servers 2.464s
2024-05-29 03:11:08.642 61218 INFO tempest.lib.common.rest_client [req-effec834-5b5f-471c-81f7-1310e0316e1b req-effec834-5b5f-471c-81f7-1310e0316e1b ] Request (ServersTestManualDisk:setUpClass): 200 GET http://10.180.1.21/compute/v2.1/servers/9c1e8f9b-abec-4df0-a8f8-41b9d2f94a5d 1.652s
2024-05-29 03:11:08.651 61222 INFO tempest.lib.common.rest_client [req-71090464-b80d-48bd-8062-f6fe1bcd9ce5 req-71090464-b80d-48bd-8062-f6fe1bcd9ce5 ] Request (ServerActionsTestOtherA:tearDownClass): 200 GET http://10.180.1.21:9696/networking/v2.0/security-groups?tenant_id=10cff6fc3fb64a988f30e74fc0f94942&name=default 0.085s
2024-05-29 03:11:08.711 61242 INFO tempest.lib.common.rest_client [req-aab264e4-7545-4abb-bab7-4faa2bddffd0 req-aab264e4-7545-4abb-bab7-4faa2bddffd0 ] Request (SecurityGroupsTestJSON:test_server_security_groups): 200 GET http://10.180.1.21/compute/v2.1/servers/049d21cd-c5d1-4a9f-9a5b-11f6543a0d75 1.597s
2024-05-29 03:11:08.715 61210 INFO tempest.lib.common.rest_client [req-3479b785-9310-46aa-8a35-149c163635ce req-3479b785-9310-46aa-8a35-149c163635ce ] Request (ServersTestMultiNic:test_verify_multiple_nics_order): 200 GET http://10.180.1.21/compute/v2.1/servers/5672ad4d-17c5-475b-8f85-d03a880f2265 1.642s
2024-05-29 03:11:08.794 61188 INFO tempest.lib.common.rest_client [req-37f590d7-f455-4887-9928-f99b6d7f844f req-37f590d7-f455-4887-9928-f99b6d7f844f ] Request (ServersNegativeTestMultiTenantJSON:setUpClass): 200 GET http://10.180.1.21/compute/v2.1/servers/8f9ce572-bc54-4a2c-afab-5e795b2a4845 1.519s
2024-05-29 03:11:08.798 61254 INFO tempest.lib.common.rest_client [req-59559d18-5076-4a66-828c-ae1c83fe9ee8 req-59559d18-5076-4a66-828c-ae1c83fe9ee8 ] Request (InstanceActionsV221TestJSON:test_get_list_deleted_instance_actions): 200 GET http://10.180.1.21/compute/v2.1/servers/332fbcd9-6284-4b4f-a9af-26bb0044adfc 1.631s
2024-05-29 03:11:08.823 61238 INFO tempest.lib.common.rest_client [req-bbede787-e589-4193-a37b-327d546b85f8 req-bbede787-e589-4193-a37b-327d546b85f8 ] Request (ImagesTestJSON:setUpClass): 200 PUT http://10.180.1.21:9696/networking/v2.0/routers/c27ff129-094f-45d4-ae83-8727840ab267/add_router_interface 3.401s
2024-05-29 03:11:08.823 61238 INFO tempest.lib.common.dynamic_creds [-] Created isolated network resources for: credentials: Credentials: {'domain_id': 'default', 'domain_name': 'Default', 'username': 'tempest-ImagesTestJSON-1988647792-project-member', 'project_domain_id': 'default', 'project_domain_name': 'Default', 'project_id': 'd421cb4a85e845679dd380d3594022af', 'project_name': 'tempest-ImagesTestJSON-1988647792', 'tenant_id': 'd421cb4a85e845679dd380d3594022af', 'tenant_name': 'tempest-ImagesTestJSON-1988647792', 'user_domain_id': 'default', 'user_domain_name': 'Default', 'user_id': '3721688c5b4a4e598676125d7e6238f9', 'system': None}, Network: {'id': '760b115b-3336-47fd-a0ff-af865f99c75a', 'name': 'tempest-ImagesTestJSON-859521156-network', 'tenant_id': 'd421cb4a85e845679dd380d3594022af', 'admin_state_up': True, 'mtu': 8950, 'status': 'ACTIVE', 'subnets': [], 'shared': False, 'project_id': 'd421cb4a85e845679dd380d3594022af', 'port_security_enabled': True, 'router:external': False, 'provider:network_type': 'vlan', 'provider:physical_network': 'default', 'provider:segmentation_id': 754, 'is_default': False, 'availability_zone_hints': [], 'availability_zones': [], 'ipv4_address_scope': None, 'ipv6_address_scope': None, 'description': '', 'tags': [], 'created_at': '2024-05-29T03:11:02Z', 'updated_at': '2024-05-29T03:11:02Z', 'revision_number': 1}, Subnet: {'id': '5d38c294-c8a6-43f2-bec3-d3a8950fd46e', 'name': 'tempest-ImagesTestJSON-859521156-subnet', 'tenant_id': 'd421cb4a85e845679dd380d3594022af', 'network_id': '760b115b-3336-47fd-a0ff-af865f99c75a', 'ip_version': 4, 'subnetpool_id': None, 'enable_dhcp': True, 'ipv6_ra_mode': None, 'ipv6_address_mode': None, 'gateway_ip': '192.168.128.1', 'cidr': '192.168.128.0/28', 'allocation_pools': [{'start': '192.168.128.2', 'end': '192.168.128.14'}], 'host_routes': [], 'dns_nameservers': [], 'description': '', 'service_types': [], 'tags': [], 'created_at': '2024-05-29T03:11:02Z', 'updated_at': '2024-05-29T03:11:02Z', 'revision_number': 0, 'project_id': 'd421cb4a85e845679dd380d3594022af'}, Router: {'id': 'c27ff129-094f-45d4-ae83-8727840ab267', 'name': 'tempest-ImagesTestJSON-859521156-router', 'tenant_id': 'd421cb4a85e845679dd380d3594022af', 'admin_state_up': True, 'status': 'ACTIVE', 'external_gateway_info': {'network_id': '1e8228cd-91e9-413c-ab8c-97527fdb22f5', 'external_fixed_ips': [{'subnet_id': 'c26c83e3-ab03-4573-82a9-d9fdd7e2daac', 'ip_address': '10.180.180.177'}], 'enable_snat': True}, 'description': '', 'availability_zones': [], 'distributed': False, 'ha': False, 'availability_zone_hints': [], 'routes': [], 'flavor_id': None, 'tags': [], 'created_at': '2024-05-29T03:11:02Z', 'updated_at': '2024-05-29T03:11:04Z', 'revision_number': 2, 'project_id': 'd421cb4a85e845679dd380d3594022af'}
2024-05-29 03:11:08.858 61256 INFO tempest.lib.common.rest_client [req-ac9a0b0f-1e97-4c1a-80f3-963fe6ab0964 req-ac9a0b0f-1e97-4c1a-80f3-963fe6ab0964 ] Request (AttachVolumeTestJSON:test_attach_detach_volume): 200 GET http://10.180.1.21/compute/v2.1/servers/364699fb-1883-4c85-9966-3c2ea5329a48 1.565s
2024-05-29 03:11:08.859 61216 INFO tempest.lib.common.rest_client [req-bc6b7e1b-4f27-4464-ba8a-45ddfc6cd839 req-bc6b7e1b-4f27-4464-ba8a-45ddfc6cd839 ] Request (ServerRescueTestJSONUnderV235:setUpClass): 200 GET http://10.180.1.21/compute/v2.1/servers/fa6a4d15-eab2-47e8-8f96-4c818b0dca6b 1.448s
2024-05-29 03:11:08.861 61222 INFO tempest.lib.common.rest_client [req-1cfb8c53-c9f1-4d4a-a333-7c0a2045329d req-1cfb8c53-c9f1-4d4a-a333-7c0a2045329d ] Request (ServerActionsTestOtherA:tearDownClass): 204 DELETE http://10.180.1.21:9696/networking/v2.0/security-groups/563ef8f2-1bac-4f76-ad56-ad269e8f3c30 0.209s
2024-05-29 03:11:08.908 61238 INFO tempest.lib.common.rest_client [req-5cd02c14-f45d-4a91-a999-918d2bbd1499 req-5cd02c14-f45d-4a91-a999-918d2bbd1499 ] Request (ImagesTestJSON:setUpClass): 201 POST http://10.180.1.21/identity/v3/auth/tokens 0.081s
2024-05-29 03:11:08.932 61238 INFO tempest.lib.common.rest_client [req-469592b2-70f5-48c6-9f59-898228449ec8 req-469592b2-70f5-48c6-9f59-898228449ec8 ] Request (ImagesTestJSON:test_create_image_from_stopped_server): 201 POST http://10.180.1.21/identity/v3/auth/tokens 0.020s
2024-05-29 03:11:08.932 61238 INFO tempest.lib.common.fixed_network [-] (ImagesTestJSON:test_create_image_from_stopped_server) Found network {'id': '760b115b-3336-47fd-a0ff-af865f99c75a', 'name': 'tempest-ImagesTestJSON-859521156-network', 'tenant_id': 'd421cb4a85e845679dd380d3594022af', 'admin_state_up': True, 'mtu': 8950, 'status': 'ACTIVE', 'subnets': [], 'shared': False, 'project_id': 'd421cb4a85e845679dd380d3594022af', 'port_security_enabled': True, 'router:external': False, 'provider:network_type': 'vlan', 'provider:physical_network': 'default', 'provider:segmentation_id': 754, 'is_default': False, 'availability_zone_hints': [], 'availability_zones': [], 'ipv4_address_scope': None, 'ipv6_address_scope': None, 'description': '', 'tags': [], 'created_at': '2024-05-29T03:11:02Z', 'updated_at': '2024-05-29T03:11:02Z', 'revision_number': 1} available for tenant
2024-05-29 03:11:08.941 61196 INFO tempest.lib.common.rest_client [req-adef9b60-450a-4b9f-85bd-d8b02c6551f1 req-adef9b60-450a-4b9f-85bd-d8b02c6551f1 ] Request (AttachInterfacesUnderV243Test:test_add_remove_fixed_ip): 200 GET http://10.180.1.21/compute/v2.1/servers/c2817d47-8c68-4c7f-93a2-44e0029e6256 1.523s
2024-05-29 03:11:08.943 61241 INFO tempest.lib.common.rest_client [req-7a33e16f-a4bd-422f-bce6-3efc89a34ee6 req-7a33e16f-a4bd-422f-bce6-3efc89a34ee6 ] Request (AttachInterfacesV270Test:test_create_get_list_interfaces): 200 GET http://10.180.1.21/compute/v2.1/servers/665b60d1-0417-4fdf-86fa-6862aa270994 1.394s
2024-05-29 03:11:08.947 61196 INFO tempest.common.waiters [-] State transition "BUILD/scheduling" ==> "BUILD/None" after 37 second wait
2024-05-29 03:11:08.974 61222 INFO tempest.lib.common.rest_client [req-011b1916-6bd0-44b5-bf74-a6e0908fe995 req-011b1916-6bd0-44b5-bf74-a6e0908fe995 ] Request (ServerActionsTestOtherA:tearDownClass): 204 DELETE http://10.180.1.21/identity/v3/projects/10cff6fc3fb64a988f30e74fc0f94942 0.113s
2024-05-29 03:11:08.989 61203 INFO tempest.lib.common.rest_client [req-dad5879c-5283-4574-906e-ead64ee3c973 req-dad5879c-5283-4574-906e-ead64ee3c973 ] Request (FloatingIPsAssociationNegativeTestJSON:setUpClass): 200 GET http://10.180.1.21/compute/v2.1/servers/3acd6f40-8c3b-49f4-b883-828558a1aef4 1.409s
2024-05-29 03:11:09.005 61249 INFO tempest.lib.common.rest_client [req-6fd714e3-c89e-4b22-ab52-2d5e978c4827 req-6fd714e3-c89e-4b22-ab52-2d5e978c4827 ] Request (DeleteServersAdminTestJSON:test_delete_server_while_in_error_state): 200 GET http://10.180.1.21/compute/v2.1/servers/b4a41ed4-9814-4f55-a685-335955c943cc 1.373s
2024-05-29 03:11:09.052 61226 INFO tempest.lib.common.rest_client [req-34c930f6-9e25-44ff-8d0b-bfd43da777bc req-34c930f6-9e25-44ff-8d0b-bfd43da777bc ] Request (ServerTagsTestJSON:setUpClass): 200 GET http://10.180.1.21/compute/v2.1/servers/cd16ccda-442c-42d5-a995-79231636db2c 1.402s
2024-05-29 03:11:09.102 61194 INFO tempest.lib.common.rest_client [req-c08d2948-620c-4e96-8989-4eaa4aa4630a req-c08d2948-620c-4e96-8989-4eaa4aa4630a ] Request (ServerAddressesTestJSON:setUpClass): 200 GET http://10.180.1.21/compute/v2.1/servers/1febcc1e-9da0-4ddc-b0dd-b8cac7df27f6 1.345s
2024-05-29 03:11:09.174 61229 INFO tempest.lib.common.rest_client [req-0ead5df0-7d99-496a-8217-dc776d50a2f7 req-0ead5df0-7d99-496a-8217-dc776d50a2f7 ] Request (ServersAdmin275Test:tearDownClass): 200 GET http://10.180.1.21/compute/v2.1/servers/535d7148-8722-4cf9-8f55-9b44beccb5f4 1.296s
2024-05-29 03:11:09.181 61208 INFO tempest.lib.common.rest_client [req-bbf15282-35b3-4ab4-ac34-100031503295 req-bbf15282-35b3-4ab4-ac34-100031503295 ] Request (ListImageFiltersNegativeTestJSON:test_get_nonexistent_image): 404 GET http://10.180.1.21/compute/v2.1/images/2fcfbd41-4e68-44c1-b713-9ba89876c31d 1.495s
2024-05-29 03:11:09.236 61198 INFO tempest.lib.common.rest_client [req-4f724414-44ca-4284-872b-2e016f0b9162 req-4f724414-44ca-4284-872b-2e016f0b9162 ] Request (ServerDiskConfigTestJSON:test_rebuild_server_with_manual_disk_config): 200 GET http://10.180.1.21/compute/v2.1/servers/b3df0be8-a4fd-4a71-8db7-312f7a32f9a9 1.256s
2024-05-29 03:11:09.282 61208 INFO tempest.lib.common.rest_client [req-5aba81ad-fa39-41e7-8b1e-53fa6787c9d3 req-5aba81ad-fa39-41e7-8b1e-53fa6787c9d3 ] Request (ListImageFiltersNegativeTestJSON:tearDownClass): 204 DELETE http://10.180.1.21/identity/v3/users/97c91065e9654e41aed8afa3fa6b64a6 0.099s
2024-05-29 03:11:09.282 61208 INFO tempest.lib.common.dynamic_creds [-] Deleting project and security group for project: a8e7b08770644309a28e9812db0d158b
2024-05-29 03:11:09.312 61232 INFO tempest.lib.common.rest_client [req-8dfc0225-465e-43ad-84cb-25cf25d1080d req-8dfc0225-465e-43ad-84cb-25cf25d1080d ] Request (ServerMetadataNegativeTestJSON:setUpClass): 200 GET http://10.180.1.21/compute/v2.1/servers/6fa471ca-84ec-481b-9dcb-96e5defc9231 1.194s
2024-05-29 03:11:09.339 61208 INFO tempest.lib.common.rest_client [req-05246654-f9e9-4b7e-8a00-94fbfc378a01 req-05246654-f9e9-4b7e-8a00-94fbfc378a01 ] Request (ListImageFiltersNegativeTestJSON:tearDownClass): 201 POST http://10.180.1.21/identity/v3/auth/tokens 0.057s
2024-05-29 03:11:09.371 61220 INFO tempest.lib.common.rest_client [req-07c5abd6-a187-4e8e-b056-523a1cc4a964 req-07c5abd6-a187-4e8e-b056-523a1cc4a964 ] Request (AttachVolumeShelveTestJSON:test_attach_volume_shelved_or_offload_server): 200 GET http://10.180.1.21/compute/v2.1/servers/c6579b1a-e214-42db-acfc-6308fa194ece 1.181s
2024-05-29 03:11:09.382 61224 INFO tempest.lib.common.rest_client [req-58f4f6af-08dc-45d1-a82c-c675b7a74ae2 req-58f4f6af-08dc-45d1-a82c-c675b7a74ae2 ] Request (AttachInterfacesTestJSON:test_create_list_show_delete_interfaces_by_fixed_ip): 200 GET http://10.180.1.21/compute/v2.1/servers/2ad6abc2-047b-48bc-8233-851c994cda05 1.339s
2024-05-29 03:11:09.398 61233 INFO tempest.lib.common.rest_client [req-84dc94de-49ac-49eb-b97e-e567add3ba0a req-84dc94de-49ac-49eb-b97e-e567add3ba0a ] Request (FloatingIPsNegativeTestJSON:setUpClass): 201 POST http://10.180.1.21:9696/networking/v2.0/routers 1.439s
2024-05-29 03:11:09.586 61208 INFO tempest.lib.common.rest_client [req-aa037861-081f-45b7-9b45-489662365480 req-aa037861-081f-45b7-9b45-489662365480 ] Request (ListImageFiltersNegativeTestJSON:tearDownClass): 200 GET http://10.180.1.21:9696/networking/v2.0/security-groups?tenant_id=a8e7b08770644309a28e9812db0d158b&name=default 0.247s
2024-05-29 03:11:09.589 61186 INFO tempest.lib.common.rest_client [req-3f67a92f-10c4-49ac-94d4-08cf24d24b5a req-3f67a92f-10c4-49ac-94d4-08cf24d24b5a ] Request (MigrationsAdminTest:test_resize_server_revert_deleted_flavor): 204 DELETE http://10.180.1.21/compute/v2.1/servers/aadc100f-31be-49fb-a807-0796b41bd90e 1.291s
2024-05-29 03:11:09.625 61201 INFO tempest.lib.common.rest_client [req-7ef05f56-b172-4bfa-b25a-2c09c9f3a1b9 req-7ef05f56-b172-4bfa-b25a-2c09c9f3a1b9 ] Request (ServersAdminNegativeTestJSON:setUpClass): 200 GET http://10.180.1.21/compute/v2.1/servers/ba77a483-6dff-4062-a84a-1f088ee0f359 1.178s
2024-05-29 03:11:09.660 61235 INFO tempest.lib.common.rest_client [req-beb16e9b-4937-46ee-a442-c2866f5c52c1 req-beb16e9b-4937-46ee-a442-c2866f5c52c1 ] Request (ServerActionsV293TestJSON:setUpClass): 200 GET http://10.180.1.21/compute/v2.1/servers/aab3e30c-0030-4fec-8ca4-67a9bbffc31a 1.123s
2024-05-29 03:11:09.703 61252 INFO tempest.lib.common.rest_client [req-34b0dbd7-bedb-4d29-8344-9ab8eadd03bf req-34b0dbd7-bedb-4d29-8344-9ab8eadd03bf ] Request (ServerRescueTestJSON:setUpClass): 200 GET http://10.180.1.21/compute/v2.1/servers/a38aa560-f880-4674-9c30-c25ac3726407 1.083s
2024-05-29 03:11:09.732 61208 INFO tempest.lib.common.rest_client [req-55becdaf-7cbf-4d22-8dd4-5b6366e641de req-55becdaf-7cbf-4d22-8dd4-5b6366e641de ] Request (ListImageFiltersNegativeTestJSON:tearDownClass): 204 DELETE http://10.180.1.21:9696/networking/v2.0/security-groups/c3c9e1e2-bfa5-497d-aedd-61dc08b4a52a 0.144s
2024-05-29 03:11:09.786 61192 INFO tempest.lib.common.rest_client [req-6899ea24-c2cc-4c59-b3fc-34a8eb18ce2a req-6899ea24-c2cc-4c59-b3fc-34a8eb18ce2a ] Request (FloatingIPsAssociationTestJSON:setUpClass): 200 GET http://10.180.1.21/compute/v2.1/servers/ac699bb1-5866-46f2-8e51-a8b970b128d1 0.405s
2024-05-29 03:11:09.795 61208 INFO tempest.lib.common.rest_client [req-06bf471c-5b15-46ba-905a-b26c58ff04b8 req-06bf471c-5b15-46ba-905a-b26c58ff04b8 ] Request (ListImageFiltersNegativeTestJSON:tearDownClass): 204 DELETE http://10.180.1.21/identity/v3/projects/a8e7b08770644309a28e9812db0d158b 0.063s
2024-05-29 03:11:09.872 61208 INFO tempest.lib.common.rest_client [req-7cb506b6-edd4-4cb7-97d1-77e220f04714 req-7cb506b6-edd4-4cb7-97d1-77e220f04714 ] Request (ListServerFiltersTestJSON:setUpClass): 201 POST http://10.180.1.21/identity/v3/auth/tokens 0.075s
2024-05-29 03:11:09.875 61215 INFO tempest.lib.common.rest_client [req-f6b20afb-18be-45d4-ac03-2b9b8dd422cb req-f6b20afb-18be-45d4-ac03-2b9b8dd422cb ] Request (ServersTestFqdnHostnames:test_create_server_with_fqdn_name): 200 GET http://10.180.1.21/compute/v2.1/servers/1c392cb0-ea88-48c9-9633-10b335cc414e 0.389s
2024-05-29 03:11:09.910 61208 INFO tempest.lib.common.rest_client [req-2d8f62b1-462f-4397-8137-17f49597926e req-2d8f62b1-462f-4397-8137-17f49597926e ] Request (ListServerFiltersTestJSON:setUpClass): 201 POST http://10.180.1.21/identity/v3/auth/tokens 0.035s
2024-05-29 03:11:09.932 61208 INFO tempest.lib.common.rest_client [req-5e6b3397-b763-45a6-9383-187e473b4253 req-5e6b3397-b763-45a6-9383-187e473b4253 ] Request (ListServerFiltersTestJSON:setUpClass): 200 GET http://10.180.1.21/identity/v3/domains?name=Default 0.022s
2024-05-29 03:11:09.955 61247 INFO tempest.lib.common.rest_client [req-8922e2ba-44f5-4929-9f6d-ea7716a5c8da req-8922e2ba-44f5-4929-9f6d-ea7716a5c8da ] Request (ServerAddressesNegativeTestJSON:setUpClass): 200 GET http://10.180.1.21/compute/v2.1/servers/cf437b85-c015-4348-9889-e727d08e424c 0.398s
2024-05-29 03:11:09.962 61208 INFO tempest.lib.common.rest_client [req-75125b48-657b-4059-9023-032ce5753064 req-75125b48-657b-4059-9023-032ce5753064 ] Request (ListServerFiltersTestJSON:setUpClass): 201 POST http://10.180.1.21/identity/v3/projects 0.029s
2024-05-29 03:11:09.981 61186 INFO tempest.lib.common.rest_client [req-33406e1b-35ea-4add-9c72-7d5385495fda req-33406e1b-35ea-4add-9c72-7d5385495fda ] Request (MigrationsAdminTest:test_resize_server_revert_deleted_flavor): 404 GET http://10.180.1.21/compute/v2.1/servers/aadc100f-31be-49fb-a807-0796b41bd90e 0.391s
2024-05-29 03:11:10.042 61208 INFO tempest.lib.common.rest_client [req-b63b4800-9a8a-4e9a-9de7-5ed76efe34a9 req-b63b4800-9a8a-4e9a-9de7-5ed76efe34a9 ] Request (ListServerFiltersTestJSON:setUpClass): 201 POST http://10.180.1.21/identity/v3/users 0.079s
2024-05-29 03:11:10.059 61218 INFO tempest.lib.common.rest_client [req-57a28514-465a-48d1-87e5-b6b34a19c063 req-57a28514-465a-48d1-87e5-b6b34a19c063 ] Request (ServersTestManualDisk:setUpClass): 200 GET http://10.180.1.21/compute/v2.1/servers/9c1e8f9b-abec-4df0-a8f8-41b9d2f94a5d 0.410s
2024-05-29 03:11:10.059 61208 INFO tempest.lib.common.rest_client [req-c515a095-5b88-4d3e-a8f9-1fa1426e4ee5 req-c515a095-5b88-4d3e-a8f9-1fa1426e4ee5 ] Request (ListServerFiltersTestJSON:setUpClass): 200 GET http://10.180.1.21/identity/v3/roles 0.016s
2024-05-29 03:11:10.086 61208 INFO tempest.lib.common.rest_client [req-bf0100a6-9fc9-4fdf-b964-5c2b945a7e0e req-bf0100a6-9fc9-4fdf-b964-5c2b945a7e0e ] Request (ListServerFiltersTestJSON:setUpClass): 204 PUT http://10.180.1.21/identity/v3/projects/846ba989fe0541d0a675de6c148ff1d0/users/5dcec442338f4df8b90288da8c4ea320/roles/641688dde63540b0bd243696e3b65e64 0.026s
2024-05-29 03:11:10.086 61208 INFO tempest.lib.common.dynamic_creds [-] Dynamic test user 5dcec442338f4df8b90288da8c4ea320 is created with scope project and roles: ['member']
2024-05-29 03:11:10.086 61208 INFO tempest.lib.common.dynamic_creds [-] Acquired dynamic creds: credentials: Credentials: {'domain_id': 'default', 'domain_name': 'Default', 'username': 'tempest-ListServerFiltersTestJSON-1155765768-project-member', 'project_domain_id': 'default', 'project_domain_name': 'Default', 'project_id': '846ba989fe0541d0a675de6c148ff1d0', 'project_name': 'tempest-ListServerFiltersTestJSON-1155765768', 'tenant_id': '846ba989fe0541d0a675de6c148ff1d0', 'tenant_name': 'tempest-ListServerFiltersTestJSON-1155765768', 'user_domain_id': 'default', 'user_domain_name': 'Default', 'user_id': '5dcec442338f4df8b90288da8c4ea320', 'system': None}, Network: None, Subnet: None, Router: None
2024-05-29 03:11:10.140 61210 INFO tempest.lib.common.rest_client [req-f4e44c08-e5ca-4882-a5fa-ffaad2a21982 req-f4e44c08-e5ca-4882-a5fa-ffaad2a21982 ] Request (ServersTestMultiNic:test_verify_multiple_nics_order): 200 GET http://10.180.1.21/compute/v2.1/servers/5672ad4d-17c5-475b-8f85-d03a880f2265 0.418s
2024-05-29 03:11:10.143 61208 INFO tempest.lib.common.rest_client [req-ccc4a82f-c94c-4fd2-9962-02ff0a0a981c req-ccc4a82f-c94c-4fd2-9962-02ff0a0a981c ] Request (ListServerFiltersTestJSON:setUpClass): 201 POST http://10.180.1.21/identity/v3/auth/tokens 0.056s
2024-05-29 03:11:10.237 61242 INFO tempest.lib.common.rest_client [req-1367c42c-d1fc-4674-a4e4-d99c05fd1c52 req-1367c42c-d1fc-4674-a4e4-d99c05fd1c52 ] Request (SecurityGroupsTestJSON:test_server_security_groups): 200 GET http://10.180.1.21/compute/v2.1/servers/049d21cd-c5d1-4a9f-9a5b-11f6543a0d75 0.512s
2024-05-29 03:11:10.254 61238 INFO tempest.lib.common.rest_client [req-c482887b-f530-4e35-b2ee-479718ca5139 req-c482887b-f530-4e35-b2ee-479718ca5139 ] Request (ImagesTestJSON:test_create_image_from_stopped_server): 202 POST http://10.180.1.21/compute/v2.1/servers 1.321s
2024-05-29 03:11:10.321 61188 INFO tempest.lib.common.rest_client [req-eb4ae0d5-8f05-40c4-9d2a-9766a60b66df req-eb4ae0d5-8f05-40c4-9d2a-9766a60b66df ] Request (ServersNegativeTestMultiTenantJSON:setUpClass): 200 GET http://10.180.1.21/compute/v2.1/servers/8f9ce572-bc54-4a2c-afab-5e795b2a4845 0.520s
2024-05-29 03:11:10.339 61254 INFO tempest.lib.common.rest_client [req-ecff301f-e31e-4905-b840-f1ae2500cd3b req-ecff301f-e31e-4905-b840-f1ae2500cd3b ] Request (InstanceActionsV221TestJSON:test_get_list_deleted_instance_actions): 200 GET http://10.180.1.21/compute/v2.1/servers/332fbcd9-6284-4b4f-a9af-26bb0044adfc 0.532s
2024-05-29 03:11:10.387 61256 INFO tempest.lib.common.rest_client [req-62afcf18-ae0a-4b64-bac4-a4f2262d1e52 req-62afcf18-ae0a-4b64-bac4-a4f2262d1e52 ] Request (AttachVolumeTestJSON:test_attach_detach_volume): 200 GET http://10.180.1.21/compute/v2.1/servers/364699fb-1883-4c85-9966-3c2ea5329a48 0.520s
2024-05-29 03:11:10.402 61216 INFO tempest.lib.common.rest_client [req-659469ce-71fb-413a-9ce2-26ea27f1850f req-659469ce-71fb-413a-9ce2-26ea27f1850f ] Request (ServerRescueTestJSONUnderV235:setUpClass): 200 GET http://10.180.1.21/compute/v2.1/servers/fa6a4d15-eab2-47e8-8f96-4c818b0dca6b 0.535s
2024-05-29 03:11:10.409 61233 INFO tempest.lib.common.rest_client [req-ea6302b2-9529-46e2-8caf-0a445590320f req-ea6302b2-9529-46e2-8caf-0a445590320f ] Request (FloatingIPsNegativeTestJSON:setUpClass): 200 PUT http://10.180.1.21:9696/networking/v2.0/routers/614cb6d8-43e2-491b-8b20-5d948c1e2a26/add_router_interface 1.010s
2024-05-29 03:11:10.409 61233 INFO tempest.lib.common.dynamic_creds [-] Created isolated network resources for: credentials: Credentials: {'domain_id': 'default', 'domain_name': 'Default', 'username': 'tempest-FloatingIPsNegativeTestJSON-524237579-project-member', 'project_domain_id': 'default', 'project_domain_name': 'Default', 'project_id': '5317d9ff410f44208039047fc3a3fd98', 'project_name': 'tempest-FloatingIPsNegativeTestJSON-524237579', 'tenant_id': '5317d9ff410f44208039047fc3a3fd98', 'tenant_name': 'tempest-FloatingIPsNegativeTestJSON-524237579', 'user_domain_id': 'default', 'user_domain_name': 'Default', 'user_id': '9104cb5eab4f496d9574d08ad21d0fdb', 'system': None}, Network: {'id': 'f5291e3d-ba6d-46ba-bb3b-abad33b2fe3b', 'name': 'tempest-FloatingIPsNegativeTestJSON-1740078635-network', 'tenant_id': '5317d9ff410f44208039047fc3a3fd98', 'admin_state_up': True, 'mtu': 8950, 'status': 'ACTIVE', 'subnets': [], 'shared': False, 'project_id': '5317d9ff410f44208039047fc3a3fd98', 'port_security_enabled': True, 'router:external': False, 'provider:network_type': 'vlan', 'provider:physical_network': 'default', 'provider:segmentation_id': 274, 'is_default': False, 'availability_zone_hints': [], 'availability_zones': [], 'ipv4_address_scope': None, 'ipv6_address_scope': None, 'description': '', 'tags': [], 'created_at': '2024-05-29T03:11:07Z', 'updated_at': '2024-05-29T03:11:07Z', 'revision_number': 1}, Subnet: {'id': 'ea6e8b61-5d04-42ce-bf1d-39581bc1e5d3', 'name': 'tempest-FloatingIPsNegativeTestJSON-1740078635-subnet', 'tenant_id': '5317d9ff410f44208039047fc3a3fd98', 'network_id': 'f5291e3d-ba6d-46ba-bb3b-abad33b2fe3b', 'ip_version': 4, 'subnetpool_id': None, 'enable_dhcp': True, 'ipv6_ra_mode': None, 'ipv6_address_mode': None, 'gateway_ip': '192.168.128.1', 'cidr': '192.168.128.0/28', 'allocation_pools': [{'start': '192.168.128.2', 'end': '192.168.128.14'}], 'host_routes': [], 'dns_nameservers': [], 'description': '', 'service_types': [], 'tags': [], 'created_at': '2024-05-29T03:11:07Z', 'updated_at': '2024-05-29T03:11:07Z', 'revision_number': 0, 'project_id': '5317d9ff410f44208039047fc3a3fd98'}, Router: {'id': '614cb6d8-43e2-491b-8b20-5d948c1e2a26', 'name': 'tempest-FloatingIPsNegativeTestJSON-1740078635-router', 'tenant_id': '5317d9ff410f44208039047fc3a3fd98', 'admin_state_up': True, 'status': 'ACTIVE', 'external_gateway_info': {'network_id': '1e8228cd-91e9-413c-ab8c-97527fdb22f5', 'external_fixed_ips': [{'subnet_id': 'c26c83e3-ab03-4573-82a9-d9fdd7e2daac', 'ip_address': '10.180.180.152'}], 'enable_snat': True}, 'description': '', 'availability_zones': [], 'distributed': False, 'ha': False, 'availability_zone_hints': [], 'routes': [], 'flavor_id': None, 'tags': [], 'created_at': '2024-05-29T03:11:07Z', 'updated_at': '2024-05-29T03:11:08Z', 'revision_number': 2, 'project_id': '5317d9ff410f44208039047fc3a3fd98'}
2024-05-29 03:11:10.474 61233 INFO tempest.lib.common.rest_client [req-cbcc7e95-90dc-4c64-83f3-c22862955d28 req-cbcc7e95-90dc-4c64-83f3-c22862955d28 ] Request (FloatingIPsNegativeTestJSON:setUpClass): 201 POST http://10.180.1.21/identity/v3/auth/tokens 0.061s
2024-05-29 03:11:10.485 61196 INFO tempest.lib.common.rest_client [req-6a879a05-d3d1-4ad3-affd-034a2e4de1ea req-6a879a05-d3d1-4ad3-affd-034a2e4de1ea ] Request (AttachInterfacesUnderV243Test:test_add_remove_fixed_ip): 200 GET http://10.180.1.21/compute/v2.1/servers/c2817d47-8c68-4c7f-93a2-44e0029e6256 0.537s
2024-05-29 03:11:10.500 61186 INFO tempest.lib.common.rest_client [req-a5f74aa5-8c25-4d4d-ac67-e5ae5a8c7121 req-a5f74aa5-8c25-4d4d-ac67-e5ae5a8c7121 ] Request (MigrationsAdminTest:_run_cleanups): 202 DELETE http://10.180.1.21/compute/v2.1/flavors/a2ff73e7-fc8c-4c6d-8822-6d82cc1d03f6 0.518s
2024-05-29 03:11:10.577 61208 INFO tempest.lib.common.rest_client [req-696b4f46-e165-4522-9984-b4e926c13368 req-696b4f46-e165-4522-9984-b4e926c13368 ] Request (ListServerFiltersTestJSON:setUpClass): 201 POST http://10.180.1.21:9696/networking/v2.0/networks 0.433s
2024-05-29 03:11:10.578 61241 INFO tempest.lib.common.rest_client [req-fa0ad054-9433-4d60-89a8-fad24066dd7a req-fa0ad054-9433-4d60-89a8-fad24066dd7a ] Request (AttachInterfacesV270Test:test_create_get_list_interfaces): 200 GET http://10.180.1.21/compute/v2.1/servers/665b60d1-0417-4fdf-86fa-6862aa270994 0.625s
2024-05-29 03:11:10.581 61203 INFO tempest.lib.common.rest_client [req-11d2baa5-3be8-4d12-bb06-1e39419c3085 req-11d2baa5-3be8-4d12-bb06-1e39419c3085 ] Request (FloatingIPsAssociationNegativeTestJSON:setUpClass): 200 GET http://10.180.1.21/compute/v2.1/servers/3acd6f40-8c3b-49f4-b883-828558a1aef4 0.584s
2024-05-29 03:11:10.633 61249 INFO tempest.lib.common.rest_client [req-152a99c0-5767-43d7-8920-873e88c7d31b req-152a99c0-5767-43d7-8920-873e88c7d31b ] Request (DeleteServersAdminTestJSON:test_delete_server_while_in_error_state): 200 GET http://10.180.1.21/compute/v2.1/servers/b4a41ed4-9814-4f55-a685-335955c943cc 0.620s
2024-05-29 03:11:10.650 61226 INFO tempest.lib.common.rest_client [req-25a17328-5556-4dc6-8ee3-c1b67e793b5a req-25a17328-5556-4dc6-8ee3-c1b67e793b5a ] Request (ServerTagsTestJSON:setUpClass): 200 GET http://10.180.1.21/compute/v2.1/servers/cd16ccda-442c-42d5-a995-79231636db2c 0.589s
2024-05-29 03:11:10.678 61194 INFO tempest.lib.common.rest_client [req-f601863d-a695-46e5-8467-ca7095febc5a req-f601863d-a695-46e5-8467-ca7095febc5a ] Request (ServerAddressesTestJSON:setUpClass): 200 GET http://10.180.1.21/compute/v2.1/servers/1febcc1e-9da0-4ddc-b0dd-b8cac7df27f6 0.566s
2024-05-29 03:11:10.736 61229 INFO tempest.lib.common.rest_client [req-36e1e991-0e3e-403d-b2ea-c6884dfce7ad req-36e1e991-0e3e-403d-b2ea-c6884dfce7ad ] Request (ServersAdmin275Test:tearDownClass): 200 GET http://10.180.1.21/compute/v2.1/servers/535d7148-8722-4cf9-8f55-9b44beccb5f4 0.553s
2024-05-29 03:11:10.748 61208 INFO tempest.lib.common.rest_client [req-05c75b1e-9269-4bff-97b6-fa259b9ce994 req-05c75b1e-9269-4bff-97b6-fa259b9ce994 ] Request (ListServerFiltersTestJSON:setUpClass): 201 POST http://10.180.1.21:9696/networking/v2.0/subnets 0.170s
2024-05-29 03:11:10.748 61208 INFO tempest.lib.common.dynamic_creds [-] Created isolated network resources for: credentials: Credentials: {'domain_id': 'default', 'domain_name': 'Default', 'username': 'tempest-ListServerFiltersTestJSON-1155765768-project-member', 'project_domain_id': 'default', 'project_domain_name': 'Default', 'project_id': '846ba989fe0541d0a675de6c148ff1d0', 'project_name': 'tempest-ListServerFiltersTestJSON-1155765768', 'tenant_id': '846ba989fe0541d0a675de6c148ff1d0', 'tenant_name': 'tempest-ListServerFiltersTestJSON-1155765768', 'user_domain_id': 'default', 'user_domain_name': 'Default', 'user_id': '5dcec442338f4df8b90288da8c4ea320', 'system': None}, Network: {'id': '308e8e44-59da-4723-b5b5-1dbdeb8818b7', 'name': 'tempest-ListServerFiltersTestJSON-114088203-network', 'tenant_id': '846ba989fe0541d0a675de6c148ff1d0', 'admin_state_up': True, 'mtu': 8950, 'status': 'ACTIVE', 'subnets': [], 'shared': False, 'project_id': '846ba989fe0541d0a675de6c148ff1d0', 'port_security_enabled': True, 'router:external': False, 'provider:network_type': 'vlan', 'provider:physical_network': 'default', 'provider:segmentation_id': 627, 'is_default': False, 'availability_zone_hints': [], 'availability_zones': [], 'ipv4_address_scope': None, 'ipv6_address_scope': None, 'description': '', 'tags': [], 'created_at': '2024-05-29T03:11:10Z', 'updated_at': '2024-05-29T03:11:10Z', 'revision_number': 1}, Subnet: {'id': '98c38f1b-0dde-4631-86d8-a87c9aecf99d', 'name': 'tempest-ListServerFiltersTestJSON-114088203-subnet', 'tenant_id': '846ba989fe0541d0a675de6c148ff1d0', 'network_id': '308e8e44-59da-4723-b5b5-1dbdeb8818b7', 'ip_version': 4, 'subnetpool_id': None, 'enable_dhcp': True, 'ipv6_ra_mode': None, 'ipv6_address_mode': None, 'gateway_ip': '192.168.128.1', 'cidr': '192.168.128.0/28', 'allocation_pools': [{'start': '192.168.128.2', 'end': '192.168.128.14'}], 'host_routes': [], 'dns_nameservers': [], 'description': '', 'service_types': [], 'tags': [], 'created_at': '2024-05-29T03:11:10Z', 'updated_at': '2024-05-29T03:11:10Z', 'revision_number': 0, 'project_id': '846ba989fe0541d0a675de6c148ff1d0'}, Router: None
2024-05-29 03:11:10.761 61198 INFO tempest.lib.common.rest_client [req-bd6173e4-2a82-45e5-a9d4-d3b8bd56b1ab req-bd6173e4-2a82-45e5-a9d4-d3b8bd56b1ab ] Request (ServerDiskConfigTestJSON:test_rebuild_server_with_manual_disk_config): 200 GET http://10.180.1.21/compute/v2.1/servers/b3df0be8-a4fd-4a71-8db7-312f7a32f9a9 0.518s
2024-05-29 03:11:10.789 61238 INFO tempest.lib.common.rest_client [req-8c5fee33-2631-44a9-93bc-4a79c1468e9f req-8c5fee33-2631-44a9-93bc-4a79c1468e9f ] Request (ImagesTestJSON:test_create_image_from_stopped_server): 200 GET http://10.180.1.21/compute/v2.1/servers/c2446148-17fc-43cc-a2e8-97a9be3390b3 0.533s
2024-05-29 03:11:10.817 61208 INFO tempest.lib.common.rest_client [req-01ecbf4d-4d6a-48ee-87f6-ca8801070438 req-01ecbf4d-4d6a-48ee-87f6-ca8801070438 ] Request (ListServerFiltersTestJSON:setUpClass): 201 POST http://10.180.1.21/identity/v3/auth/tokens 0.065s
2024-05-29 03:11:10.827 61232 INFO tempest.lib.common.rest_client [req-48f9e6d9-0cd3-44ff-90fe-31f57dbc3dfc req-48f9e6d9-0cd3-44ff-90fe-31f57dbc3dfc ] Request (ServerMetadataNegativeTestJSON:setUpClass): 200 GET http://10.180.1.21/compute/v2.1/servers/6fa471ca-84ec-481b-9dcb-96e5defc9231 0.508s
