2024-05-29 03:09:11.639 61192 INFO tempest.lib.common.rest_client [req-15a26a26-6349-4ac7-ab25-3f9c6561dc23 req-15a26a26-6349-4ac7-ab25-3f9c6561dc23 ] Request (TenantUsagesTestJSON:setUpClass): 200 GET http://10.180.1.21/identity/v3/roles 0.136s
2024-05-29 03:09:11.653 61222 INFO tempest.lib.common.rest_client [req-234b3195-0adf-404a-8b20-de1df91d2723 req-234b3195-0adf-404a-8b20-de1df91d2723 ] Request (KeyPairsNegativeTestJSON:setUpClass): 200 GET http://10.180.1.21/identity/v3/roles 0.133s
2024-05-29 03:09:11.681 61196 INFO tempest.lib.common.rest_client [req-317d8b23-4b19-4f70-ab24-11cd9c00b682 req-317d8b23-4b19-4f70-ab24-11cd9c00b682 ] Request (ServerDiagnosticsNegativeTest:setUpClass): 201 POST http://10.180.1.21/identity/v3/users 0.131s
2024-05-29 03:09:11.691 61241 INFO tempest.lib.common.rest_client [req-fe62cd67-a73d-4125-9928-56e3132be41f req-fe62cd67-a73d-4125-9928-56e3132be41f ] Request (QuotasAdminTestV236:test_get_updated_quotas): 200 PUT http://10.180.1.21/compute/v2.1/os-quota-sets/d272672ff2eb40c08f48f4b5c7beadc4?user_id=39e4081fd264440f8aa474bd8d530e8f 2.333s
2024-05-29 03:09:11.707 61192 INFO tempest.lib.common.rest_client [req-42e893e9-8e20-4048-9231-a9f2065f0c67 req-42e893e9-8e20-4048-9231-a9f2065f0c67 ] Request (TenantUsagesTestJSON:setUpClass): 204 PUT http://10.180.1.21/identity/v3/projects/5b8c40dce23345ffb537688a70e67748/users/899854d474fd4101bad3dcb72cc5e5b8/roles/dcf3bf4cef1149ec96bc1bb89e15f3ff 0.067s
2024-05-29 03:09:11.757 61222 INFO tempest.lib.common.rest_client [req-08951dd1-c945-4542-b015-29e64ed44472 req-08951dd1-c945-4542-b015-29e64ed44472 ] Request (KeyPairsNegativeTestJSON:setUpClass): 204 PUT http://10.180.1.21/identity/v3/projects/31dfc9ddb9194abd80ed8d8b1e64ae5f/users/fc4abf8638a74541a858fb2b8ccb8a50/roles/641688dde63540b0bd243696e3b65e64 0.104s
2024-05-29 03:09:11.757 61222 INFO tempest.lib.common.dynamic_creds [-] Dynamic test user fc4abf8638a74541a858fb2b8ccb8a50 is created with scope project and roles: ['member']
2024-05-29 03:09:11.757 61222 INFO tempest.lib.common.dynamic_creds [-] Acquired dynamic creds: credentials: Credentials: {'domain_id': 'default', 'domain_name': 'Default', 'username': 'tempest-KeyPairsNegativeTestJSON-1557898341-project-member', 'project_domain_id': 'default', 'project_domain_name': 'Default', 'project_id': '31dfc9ddb9194abd80ed8d8b1e64ae5f', 'project_name': 'tempest-KeyPairsNegativeTestJSON-1557898341', 'tenant_id': '31dfc9ddb9194abd80ed8d8b1e64ae5f', 'tenant_name': 'tempest-KeyPairsNegativeTestJSON-1557898341', 'user_domain_id': 'default', 'user_domain_name': 'Default', 'user_id': 'fc4abf8638a74541a858fb2b8ccb8a50', 'system': None}, Network: None, Subnet: None, Router: None
2024-05-29 03:09:11.757 61222 INFO tempest.lib.common.dynamic_creds [-] Created isolated network resources for: credentials: Credentials: {'domain_id': 'default', 'domain_name': 'Default', 'username': 'tempest-KeyPairsNegativeTestJSON-1557898341-project-member', 'project_domain_id': 'default', 'project_domain_name': 'Default', 'project_id': '31dfc9ddb9194abd80ed8d8b1e64ae5f', 'project_name': 'tempest-KeyPairsNegativeTestJSON-1557898341', 'tenant_id': '31dfc9ddb9194abd80ed8d8b1e64ae5f', 'tenant_name': 'tempest-KeyPairsNegativeTestJSON-1557898341', 'user_domain_id': 'default', 'user_domain_name': 'Default', 'user_id': 'fc4abf8638a74541a858fb2b8ccb8a50', 'system': None}, Network: None, Subnet: None, Router: None
2024-05-29 03:09:11.790 61196 INFO tempest.lib.common.rest_client [req-51658eb9-8488-4039-a69f-8e1a1ca310aa req-51658eb9-8488-4039-a69f-8e1a1ca310aa ] Request (ServerDiagnosticsNegativeTest:setUpClass): 200 GET http://10.180.1.21/identity/v3/roles 0.108s
2024-05-29 03:09:11.805 61192 INFO tempest.lib.common.rest_client [req-2cb6a215-c990-4601-8c84-1b27ac96bb08 req-2cb6a215-c990-4601-8c84-1b27ac96bb08 ] Request (TenantUsagesTestJSON:setUpClass): 200 GET http://10.180.1.21/identity/v3/roles 0.097s
2024-05-29 03:09:11.859 61222 INFO tempest.lib.common.rest_client [req-ca547838-bb6d-4235-bfa1-95b5c406dbaa req-ca547838-bb6d-4235-bfa1-95b5c406dbaa ] Request (KeyPairsNegativeTestJSON:setUpClass): 201 POST http://10.180.1.21/identity/v3/auth/tokens 0.099s
2024-05-29 03:09:11.860 61238 INFO tempest.lib.common.rest_client [req-f900a79f-c952-4291-9df5-a9c285f3cfa2 req-f900a79f-c952-4291-9df5-a9c285f3cfa2 ] Request (FlavorsAccessNegativeTestJSON:test_add_flavor_access_duplicate): 200 POST http://10.180.1.21/compute/v2.1/flavors 2.395s
2024-05-29 03:09:11.870 61196 INFO tempest.lib.common.rest_client [req-91097269-9e7d-48c0-bbbd-8ac52ed53ebc req-91097269-9e7d-48c0-bbbd-8ac52ed53ebc ] Request (ServerDiagnosticsNegativeTest:setUpClass): 204 PUT http://10.180.1.21/identity/v3/projects/d6ad2bec27144b9b93430648f73141ea/users/f67306f2450f471c8ca78b6191dc2a23/roles/641688dde63540b0bd243696e3b65e64 0.080s
2024-05-29 03:09:11.870 61196 INFO tempest.lib.common.dynamic_creds [-] Dynamic test user f67306f2450f471c8ca78b6191dc2a23 is created with scope project and roles: ['member']
2024-05-29 03:09:11.870 61196 INFO tempest.lib.common.dynamic_creds [-] Acquired dynamic creds: credentials: Credentials: {'domain_id': 'default', 'domain_name': 'Default', 'username': 'tempest-ServerDiagnosticsNegativeTest-178938466-project-member', 'project_domain_id': 'default', 'project_domain_name': 'Default', 'project_id': 'd6ad2bec27144b9b93430648f73141ea', 'project_name': 'tempest-ServerDiagnosticsNegativeTest-178938466', 'tenant_id': 'd6ad2bec27144b9b93430648f73141ea', 'tenant_name': 'tempest-ServerDiagnosticsNegativeTest-178938466', 'user_domain_id': 'default', 'user_domain_name': 'Default', 'user_id': 'f67306f2450f471c8ca78b6191dc2a23', 'system': None}, Network: None, Subnet: None, Router: None
2024-05-29 03:09:11.870 61196 INFO tempest.lib.common.dynamic_creds [-] Created isolated network resources for: credentials: Credentials: {'domain_id': 'default', 'domain_name': 'Default', 'username': 'tempest-ServerDiagnosticsNegativeTest-178938466-project-member', 'project_domain_id': 'default', 'project_domain_name': 'Default', 'project_id': 'd6ad2bec27144b9b93430648f73141ea', 'project_name': 'tempest-ServerDiagnosticsNegativeTest-178938466', 'tenant_id': 'd6ad2bec27144b9b93430648f73141ea', 'tenant_name': 'tempest-ServerDiagnosticsNegativeTest-178938466', 'user_domain_id': 'default', 'user_domain_name': 'Default', 'user_id': 'f67306f2450f471c8ca78b6191dc2a23', 'system': None}, Network: None, Subnet: None, Router: None
2024-05-29 03:09:11.926 61192 INFO tempest.lib.common.rest_client [req-a4ce9ce0-6346-4a31-a1b6-55e54b264e58 req-a4ce9ce0-6346-4a31-a1b6-55e54b264e58 ] Request (TenantUsagesTestJSON:setUpClass): 204 PUT http://10.180.1.21/identity/v3/projects/5b8c40dce23345ffb537688a70e67748/users/899854d474fd4101bad3dcb72cc5e5b8/roles/dcf3bf4cef1149ec96bc1bb89e15f3ff 0.121s
2024-05-29 03:09:11.926 61192 INFO tempest.lib.common.dynamic_creds [-] Dynamic test user 899854d474fd4101bad3dcb72cc5e5b8 is created with scope project and roles: ['admin']
2024-05-29 03:09:11.927 61192 INFO tempest.lib.common.dynamic_creds [-] Acquired dynamic creds: credentials: Credentials: {'domain_id': 'default', 'domain_name': 'Default', 'username': 'tempest-TenantUsagesTestJSON-1907757732-project-admin', 'project_domain_id': 'default', 'project_domain_name': 'Default', 'project_id': '5b8c40dce23345ffb537688a70e67748', 'project_name': 'tempest-TenantUsagesTestJSON-1907757732', 'tenant_id': '5b8c40dce23345ffb537688a70e67748', 'tenant_name': 'tempest-TenantUsagesTestJSON-1907757732', 'user_domain_id': 'default', 'user_domain_name': 'Default', 'user_id': '899854d474fd4101bad3dcb72cc5e5b8', 'system': None}, Network: None, Subnet: None, Router: None
2024-05-29 03:09:11.927 61192 INFO tempest.lib.common.dynamic_creds [-] Created isolated network resources for: credentials: Credentials: {'domain_id': 'default', 'domain_name': 'Default', 'username': 'tempest-TenantUsagesTestJSON-1907757732-project-admin', 'project_domain_id': 'default', 'project_domain_name': 'Default', 'project_id': '5b8c40dce23345ffb537688a70e67748', 'project_name': 'tempest-TenantUsagesTestJSON-1907757732', 'tenant_id': '5b8c40dce23345ffb537688a70e67748', 'tenant_name': 'tempest-TenantUsagesTestJSON-1907757732', 'user_domain_id': 'default', 'user_domain_name': 'Default', 'user_id': '899854d474fd4101bad3dcb72cc5e5b8', 'system': None}, Network: None, Subnet: None, Router: None
2024-05-29 03:09:11.980 61196 INFO tempest.lib.common.rest_client [req-a4182cdb-73eb-45d8-b9b4-1acb645c5edd req-a4182cdb-73eb-45d8-b9b4-1acb645c5edd ] Request (ServerDiagnosticsNegativeTest:setUpClass): 201 POST http://10.180.1.21/identity/v3/auth/tokens 0.106s
2024-05-29 03:09:12.021 61252 INFO tempest.lib.common.rest_client [req-cc5713e3-d30b-4629-834c-a4f2a9b8f03e req-cc5713e3-d30b-4629-834c-a4f2a9b8f03e ] Request (FlavorsExtraSpecsNegativeTestJSON:test_flavor_get_nonexistent_key): 404 GET http://10.180.1.21/compute/v2.1/flavors/2092982668/os-extra_specs/hw:cpu_thread_policy 2.470s
2024-05-29 03:09:12.047 61201 INFO tempest.lib.common.rest_client [req-cf64730f-a141-4c11-8206-83f31449fee1 req-cf64730f-a141-4c11-8206-83f31449fee1 ] Request (HypervisorAdminV253TestBase:test_list_show_detail_hypervisors): 200 GET http://10.180.1.21/compute/v2.1/os-hypervisors?with_servers=True 2.476s
2024-05-29 03:09:12.065 61190 INFO tempest.lib.common.rest_client [req-fdabb680-2d9f-4456-ab3f-cb443264042e req-fdabb680-2d9f-4456-ab3f-cb443264042e ] Request (HypervisorAdminTestJSON:test_get_hypervisor_list_details): 200 GET http://10.180.1.21/compute/v2.1/os-hypervisors/detail 2.227s
2024-05-29 03:09:12.070 61192 INFO tempest.lib.common.rest_client [req-80584c36-fbdd-4098-82fa-1e4b4fc3e00c req-80584c36-fbdd-4098-82fa-1e4b4fc3e00c ] Request (TenantUsagesTestJSON:setUpClass): 201 POST http://10.180.1.21/identity/v3/auth/tokens 0.141s
2024-05-29 03:09:12.071 61192 WARNING tempest.lib.common.rest_client [-] Deprecated: "tenant_id" property is deprecated for removal, use "project_id" instead
2024-05-29 03:09:12.082 61194 INFO tempest.lib.common.rest_client [req-68e716b2-1b05-43f2-bc25-1349eb6f242e req-68e716b2-1b05-43f2-bc25-1349eb6f242e ] Request (AggregatesAdminNegativeTestJSON:test_aggregate_add_existent_host): 200 POST http://10.180.1.21/compute/v2.1/os-aggregates/1/action 2.825s
2024-05-29 03:09:12.085 61196 INFO tempest.lib.common.rest_client [req-e984e738-9f9d-4771-b43c-e6cc8c70dcb4 req-e984e738-9f9d-4771-b43c-e6cc8c70dcb4 ] Request (ServerDiagnosticsNegativeTest:setUpClass): 201 POST http://10.180.1.21/identity/v3/projects 0.105s
2024-05-29 03:09:12.118 61215 INFO tempest.lib.common.rest_client [req-5d5bf4e8-241b-4515-918b-60fb4945f08a req-5d5bf4e8-241b-4515-918b-60fb4945f08a ] Request (HypervisorAdminUnderV252Test:test_get_hypervisor_show_servers): 200 GET http://10.180.1.21/compute/v2.1/os-hypervisors/domain-c8.fc996f14-c53b-4953-92e3-bdfa48f5cc28/servers 2.027s
2024-05-29 03:09:12.127 61192 INFO tempest.lib.common.rest_client [req-4196344e-1880-410d-932a-cf89c059e764 req-4196344e-1880-410d-932a-cf89c059e764 ] Request (TenantUsagesTestJSON:setUpClass): 201 POST http://10.180.1.21/identity/v3/auth/tokens 0.052s
2024-05-29 03:09:12.127 61192 INFO tempest.lib.common.fixed_network [-] (TenantUsagesTestJSON:setUpClass) Found network None available for tenant
2024-05-29 03:09:12.133 61206 INFO tempest.lib.common.rest_client [req-494755f4-1f2a-4276-8e0a-466f8a352f13 req-494755f4-1f2a-4276-8e0a-466f8a352f13 ] Request (HypervisorAdminV228Test:tearDownClass): 200 GET http://10.180.1.21:9696/networking/v2.0/security-groups?tenant_id=dbb60a94532049788819fe4651ab08c9&name=default 0.610s
2024-05-29 03:09:12.140 61249 INFO tempest.lib.common.rest_client [req-a8d7069a-1bbc-4cec-bfd7-7382734c20dd req-a8d7069a-1bbc-4cec-bfd7-7382734c20dd ] Request (AZAdminV2TestJSON:tearDownClass): 200 GET http://10.180.1.21:9696/networking/v2.0/security-groups?tenant_id=96f38759b4204897ad2ae361743b0067&name=default 0.573s
2024-05-29 03:09:12.142 61198 INFO tempest.lib.common.rest_client [req-c4735847-f1e6-4cf6-a7d9-7702de0f77ae req-c4735847-f1e6-4cf6-a7d9-7702de0f77ae ] Request (KeyPairsV2TestJSON:_run_cleanups): 202 DELETE http://10.180.1.21/compute/v2.1/os-keypairs/tempest-keypair-677489073 2.041s
2024-05-29 03:09:12.177 61196 INFO tempest.lib.common.rest_client [req-3634b253-7e17-4aa2-b825-16a7e4dbcdab req-3634b253-7e17-4aa2-b825-16a7e4dbcdab ] Request (ServerDiagnosticsNegativeTest:setUpClass): 201 POST http://10.180.1.21/identity/v3/users 0.091s
2024-05-29 03:09:12.212 61196 INFO tempest.lib.common.rest_client [req-371d87a4-21d2-4bb3-a3b2-37624e2748f1 req-371d87a4-21d2-4bb3-a3b2-37624e2748f1 ] Request (ServerDiagnosticsNegativeTest:setUpClass): 200 GET http://10.180.1.21/identity/v3/roles 0.034s
2024-05-29 03:09:12.240 61226 INFO tempest.lib.common.rest_client [req-76c5186d-ad92-477b-9175-7161fa0fe09a req-76c5186d-ad92-477b-9175-7161fa0fe09a ] Request (HostsAdminNegativeTestJSON:test_list_hosts_with_non_admin_user): 403 GET http://10.180.1.21/compute/v2.1/os-hosts 2.104s
2024-05-29 03:09:12.249 61196 INFO tempest.lib.common.rest_client [req-6fc208cf-92df-4912-9681-57764ebeb5e8 req-6fc208cf-92df-4912-9681-57764ebeb5e8 ] Request (ServerDiagnosticsNegativeTest:setUpClass): 204 PUT http://10.180.1.21/identity/v3/projects/b377c69f79ae4d9680a96851ec8718ba/users/04f040d365414b53b26488bb6b8a5970/roles/dcf3bf4cef1149ec96bc1bb89e15f3ff 0.037s
2024-05-29 03:09:12.328 61196 INFO tempest.lib.common.rest_client [req-a4a5f10f-96dc-47ee-b585-0ff061e7c194 req-a4a5f10f-96dc-47ee-b585-0ff061e7c194 ] Request (ServerDiagnosticsNegativeTest:setUpClass): 200 GET http://10.180.1.21/identity/v3/roles 0.079s
2024-05-29 03:09:12.347 61196 INFO tempest.lib.common.rest_client [req-cd5e9311-a5be-428e-b5f9-1c163613d955 req-cd5e9311-a5be-428e-b5f9-1c163613d955 ] Request (ServerDiagnosticsNegativeTest:setUpClass): 204 PUT http://10.180.1.21/identity/v3/projects/b377c69f79ae4d9680a96851ec8718ba/users/04f040d365414b53b26488bb6b8a5970/roles/dcf3bf4cef1149ec96bc1bb89e15f3ff 0.018s
2024-05-29 03:09:12.348 61196 INFO tempest.lib.common.dynamic_creds [-] Dynamic test user 04f040d365414b53b26488bb6b8a5970 is created with scope project and roles: ['admin']
2024-05-29 03:09:12.348 61196 INFO tempest.lib.common.dynamic_creds [-] Acquired dynamic creds: credentials: Credentials: {'domain_id': 'default', 'domain_name': 'Default', 'username': 'tempest-ServerDiagnosticsNegativeTest-1144204712-project-admin', 'project_domain_id': 'default', 'project_domain_name': 'Default', 'project_id': 'b377c69f79ae4d9680a96851ec8718ba', 'project_name': 'tempest-ServerDiagnosticsNegativeTest-1144204712', 'tenant_id': 'b377c69f79ae4d9680a96851ec8718ba', 'tenant_name': 'tempest-ServerDiagnosticsNegativeTest-1144204712', 'user_domain_id': 'default', 'user_domain_name': 'Default', 'user_id': '04f040d365414b53b26488bb6b8a5970', 'system': None}, Network: None, Subnet: None, Router: None
2024-05-29 03:09:12.348 61196 INFO tempest.lib.common.dynamic_creds [-] Created isolated network resources for: credentials: Credentials: {'domain_id': 'default', 'domain_name': 'Default', 'username': 'tempest-ServerDiagnosticsNegativeTest-1144204712-project-admin', 'project_domain_id': 'default', 'project_domain_name': 'Default', 'project_id': 'b377c69f79ae4d9680a96851ec8718ba', 'project_name': 'tempest-ServerDiagnosticsNegativeTest-1144204712', 'tenant_id': 'b377c69f79ae4d9680a96851ec8718ba', 'tenant_name': 'tempest-ServerDiagnosticsNegativeTest-1144204712', 'user_domain_id': 'default', 'user_domain_name': 'Default', 'user_id': '04f040d365414b53b26488bb6b8a5970', 'system': None}, Network: None, Subnet: None, Router: None
2024-05-29 03:09:12.413 61196 INFO tempest.lib.common.rest_client [req-69e739a6-cc20-40a5-b335-b959638453b2 req-69e739a6-cc20-40a5-b335-b959638453b2 ] Request (ServerDiagnosticsNegativeTest:setUpClass): 201 POST http://10.180.1.21/identity/v3/auth/tokens 0.063s
2024-05-29 03:09:12.463 61196 INFO tempest.lib.common.rest_client [req-f0e2bd15-dd11-4f44-a427-b70a1c79c1be req-f0e2bd15-dd11-4f44-a427-b70a1c79c1be ] Request (ServerDiagnosticsNegativeTest:test_get_server_diagnostics_by_non_admin): 201 POST http://10.180.1.21/identity/v3/auth/tokens 0.046s
2024-05-29 03:09:12.464 61196 INFO tempest.lib.common.fixed_network [-] (ServerDiagnosticsNegativeTest:test_get_server_diagnostics_by_non_admin) Found network None available for tenant
2024-05-29 03:09:12.468 61206 INFO tempest.lib.common.rest_client [req-a2fbd3a0-9d34-4f63-865e-243adc97ba9c req-a2fbd3a0-9d34-4f63-865e-243adc97ba9c ] Request (HypervisorAdminV228Test:tearDownClass): 204 DELETE http://10.180.1.21:9696/networking/v2.0/security-groups/09d4eb96-964c-4ebd-92de-3fbaac32afde 0.334s
2024-05-29 03:09:12.482 61249 INFO tempest.lib.common.rest_client [req-a720c22b-eecd-4681-9733-e67f0823f084 req-a720c22b-eecd-4681-9733-e67f0823f084 ] Request (AZAdminV2TestJSON:tearDownClass): 204 DELETE http://10.180.1.21:9696/networking/v2.0/security-groups/9acfc430-d712-4ebb-b74d-e24a8ef907c2 0.342s
2024-05-29 03:09:12.548 61247 INFO tempest.lib.common.rest_client [req-bd161c3a-ffb0-4650-8cbe-01b969794123 req-bd161c3a-ffb0-4650-8cbe-01b969794123 ] Request (VolumesAssistedSnapshotsTest:setUpClass): 200 PUT http://10.180.1.21:9696/networking/v2.0/routers/7e004b88-8b03-4194-9c7d-0f63767782bb/add_router_interface 1.315s
2024-05-29 03:09:12.548 61247 INFO tempest.lib.common.dynamic_creds [-] Created isolated network resources for: credentials: Credentials: {'domain_id': 'default', 'domain_name': 'Default', 'username': 'tempest-VolumesAssistedSnapshotsTest-1482678190-project-admin', 'project_domain_id': 'default', 'project_domain_name': 'Default', 'project_id': 'b29669ae38f248bda37f0e7f0e92f7dd', 'project_name': 'tempest-VolumesAssistedSnapshotsTest-1482678190', 'tenant_id': 'b29669ae38f248bda37f0e7f0e92f7dd', 'tenant_name': 'tempest-VolumesAssistedSnapshotsTest-1482678190', 'user_domain_id': 'default', 'user_domain_name': 'Default', 'user_id': '4a457278cdb34b579f7754593db7ad1b', 'system': None}, Network: {'id': '182a51bd-a2a5-4aac-938c-9cf3cf297363', 'name': 'tempest-VolumesAssistedSnapshotsTest-561242120-network', 'tenant_id': 'b29669ae38f248bda37f0e7f0e92f7dd', 'admin_state_up': True, 'mtu': 8950, 'status': 'ACTIVE', 'subnets': [], 'shared': False, 'project_id': 'b29669ae38f248bda37f0e7f0e92f7dd', 'port_security_enabled': True, 'router:external': False, 'provider:network_type': 'vlan', 'provider:physical_network': 'default', 'provider:segmentation_id': 886, 'is_default': False, 'availability_zone_hints': [], 'availability_zones': [], 'ipv4_address_scope': None, 'ipv6_address_scope': None, 'description': '', 'tags': [], 'created_at': '2024-05-29T03:09:09Z', 'updated_at': '2024-05-29T03:09:09Z', 'revision_number': 1}, Subnet: {'id': '7bb56aa4-1c59-41ae-a635-6de28e9932b5', 'name': 'tempest-VolumesAssistedSnapshotsTest-561242120-subnet', 'tenant_id': 'b29669ae38f248bda37f0e7f0e92f7dd', 'network_id': '182a51bd-a2a5-4aac-938c-9cf3cf297363', 'ip_version': 4, 'subnetpool_id': None, 'enable_dhcp': True, 'ipv6_ra_mode': None, 'ipv6_address_mode': None, 'gateway_ip': '192.168.128.1', 'cidr': '192.168.128.0/28', 'allocation_pools': [{'start': '192.168.128.2', 'end': '192.168.128.14'}], 'host_routes': [], 'dns_nameservers': [], 'description': '', 'service_types': [], 'tags': [], 'created_at': '2024-05-29T03:09:09Z', 'updated_at': '2024-05-29T03:09:09Z', 'revision_number': 0, 'project_id': 'b29669ae38f248bda37f0e7f0e92f7dd'}, Router: {'id': '7e004b88-8b03-4194-9c7d-0f63767782bb', 'name': 'tempest-VolumesAssistedSnapshotsTest-561242120-router', 'tenant_id': 'b29669ae38f248bda37f0e7f0e92f7dd', 'admin_state_up': True, 'status': 'ACTIVE', 'external_gateway_info': {'network_id': '1e8228cd-91e9-413c-ab8c-97527fdb22f5', 'external_fixed_ips': [{'subnet_id': 'c26c83e3-ab03-4573-82a9-d9fdd7e2daac', 'ip_address': '10.180.180.209'}], 'enable_snat': True}, 'description': '', 'availability_zones': [], 'distributed': False, 'ha': False, 'availability_zone_hints': [], 'routes': [], 'flavor_id': None, 'tags': [], 'created_at': '2024-05-29T03:09:10Z', 'updated_at': '2024-05-29T03:09:10Z', 'revision_number': 2, 'project_id': 'b29669ae38f248bda37f0e7f0e92f7dd'}
2024-05-29 03:09:12.553 61206 INFO tempest.lib.common.rest_client [req-cc176474-b02d-4236-ac1f-ffc90272d4c8 req-cc176474-b02d-4236-ac1f-ffc90272d4c8 ] Request (HypervisorAdminV228Test:tearDownClass): 204 DELETE http://10.180.1.21/identity/v3/projects/dbb60a94532049788819fe4651ab08c9 0.085s
2024-05-29 03:09:12.554 61206 INFO tempest.lib.common.dynamic_creds [-] Deleting project and security group for project: 7f274b0920ca4f3389b007f4353e4dac
2024-05-29 03:09:12.582 61249 INFO tempest.lib.common.rest_client [req-d15b5df3-bdf3-483d-b604-8110384d3e93 req-d15b5df3-bdf3-483d-b604-8110384d3e93 ] Request (AZAdminV2TestJSON:tearDownClass): 204 DELETE http://10.180.1.21/identity/v3/projects/96f38759b4204897ad2ae361743b0067 0.100s
2024-05-29 03:09:12.616 61247 INFO tempest.lib.common.rest_client [req-90a91ca8-fcdc-48cc-a33a-6226706c5088 req-90a91ca8-fcdc-48cc-a33a-6226706c5088 ] Request (VolumesAssistedSnapshotsTest:setUpClass): 201 POST http://10.180.1.21/identity/v3/auth/tokens 0.065s
2024-05-29 03:09:12.631 61249 INFO tempest.lib.common.rest_client [req-3ecef85d-486a-44e7-9072-860467b1b427 req-3ecef85d-486a-44e7-9072-860467b1b427 ] Request (DeleteServersAdminTestJSON:setUpClass): 201 POST http://10.180.1.21/identity/v3/auth/tokens 0.047s
2024-05-29 03:09:12.660 61206 INFO tempest.lib.common.rest_client [req-5bad6fbb-a170-4aab-b4e4-afbbab0536a6 req-5bad6fbb-a170-4aab-b4e4-afbbab0536a6 ] Request (HypervisorAdminV228Test:tearDownClass): 200 GET http://10.180.1.21:9696/networking/v2.0/security-groups?tenant_id=7f274b0920ca4f3389b007f4353e4dac&name=default 0.106s
2024-05-29 03:09:12.691 61247 INFO tempest.lib.common.rest_client [req-c2ea0b98-b728-4f35-9ff5-acf9f44682a4 req-c2ea0b98-b728-4f35-9ff5-acf9f44682a4 ] Request (VolumesAssistedSnapshotsTest:setUpClass): 201 POST http://10.180.1.21/identity/v3/projects 0.074s
2024-05-29 03:09:12.746 61249 INFO tempest.lib.common.rest_client [req-c9d35558-054c-40c1-a7ee-a95af5673103 req-c9d35558-054c-40c1-a7ee-a95af5673103 ] Request (DeleteServersAdminTestJSON:setUpClass): 201 POST http://10.180.1.21/identity/v3/auth/tokens 0.063s
2024-05-29 03:09:12.751 61206 INFO tempest.lib.common.rest_client [req-cbc97ebd-2bf0-4365-adc6-3ace487d6593 req-cbc97ebd-2bf0-4365-adc6-3ace487d6593 ] Request (HypervisorAdminV228Test:tearDownClass): 204 DELETE http://10.180.1.21:9696/networking/v2.0/security-groups/f14ebee7-9101-44cb-95c1-22298bee3c40 0.091s
2024-05-29 03:09:12.756 61247 INFO tempest.lib.common.rest_client [req-6e5c1829-7fc4-4728-a2f5-747a471b7b5d req-6e5c1829-7fc4-4728-a2f5-747a471b7b5d ] Request (VolumesAssistedSnapshotsTest:setUpClass): 201 POST http://10.180.1.21/identity/v3/users 0.065s
2024-05-29 03:09:12.771 61249 INFO tempest.lib.common.rest_client [req-e77140a5-d4a1-4bcc-a5b4-eb99dcbcab8f req-e77140a5-d4a1-4bcc-a5b4-eb99dcbcab8f ] Request (DeleteServersAdminTestJSON:setUpClass): 200 GET http://10.180.1.21/identity/v3/domains?name=Default 0.025s
2024-05-29 03:09:12.786 61247 INFO tempest.lib.common.rest_client [req-08c5498c-2ead-42d7-950e-b9bd088810e0 req-08c5498c-2ead-42d7-950e-b9bd088810e0 ] Request (VolumesAssistedSnapshotsTest:setUpClass): 200 GET http://10.180.1.21/identity/v3/roles 0.029s
2024-05-29 03:09:12.805 61249 INFO tempest.lib.common.rest_client [req-fdaaec5a-16fd-4ecb-ba84-99c1f39551ac req-fdaaec5a-16fd-4ecb-ba84-99c1f39551ac ] Request (DeleteServersAdminTestJSON:setUpClass): 201 POST http://10.180.1.21/identity/v3/projects 0.032s
2024-05-29 03:09:12.815 61206 INFO tempest.lib.common.rest_client [req-4286cd3e-2cae-4dcb-b982-557ce096a077 req-4286cd3e-2cae-4dcb-b982-557ce096a077 ] Request (HypervisorAdminV228Test:tearDownClass): 204 DELETE http://10.180.1.21/identity/v3/projects/7f274b0920ca4f3389b007f4353e4dac 0.063s
2024-05-29 03:09:12.863 61247 INFO tempest.lib.common.rest_client [req-a9e9c689-05df-4349-85ef-3b0dc224acbd req-a9e9c689-05df-4349-85ef-3b0dc224acbd ] Request (VolumesAssistedSnapshotsTest:setUpClass): 204 PUT http://10.180.1.21/identity/v3/projects/a1244968887749c19d6904f7a2edc74f/users/41ee738cfe3b47cd9154936979c6886e/roles/dcf3bf4cef1149ec96bc1bb89e15f3ff 0.077s
2024-05-29 03:09:12.911 61206 INFO tempest.lib.common.rest_client [req-40c43e19-bfa3-4cf9-aea2-c37f1691edfe req-40c43e19-bfa3-4cf9-aea2-c37f1691edfe ] Request (HypervisorAdminNegativeUnderV252Test:setUpClass): 201 POST http://10.180.1.21/identity/v3/auth/tokens 0.095s
2024-05-29 03:09:12.917 61249 INFO tempest.lib.common.rest_client [req-3ccc3f70-516c-49a3-a69e-ee3565e7b082 req-3ccc3f70-516c-49a3-a69e-ee3565e7b082 ] Request (DeleteServersAdminTestJSON:setUpClass): 201 POST http://10.180.1.21/identity/v3/users 0.112s
2024-05-29 03:09:12.931 61186 INFO tempest.lib.common.rest_client [req-1078d676-1c71-4182-afe6-febf289a28e8 req-1078d676-1c71-4182-afe6-febf289a28e8 ] Request (MigrationsAdminTest:test_list_migrations_in_flavor_resize_situation): 202 POST http://10.180.1.21/compute/v2.1/servers 2.744s
2024-05-29 03:09:12.939 61247 INFO tempest.lib.common.rest_client [req-9600ed85-e318-4883-862a-6ae5e18f8f08 req-9600ed85-e318-4883-862a-6ae5e18f8f08 ] Request (VolumesAssistedSnapshotsTest:setUpClass): 200 GET http://10.180.1.21/identity/v3/roles 0.075s
2024-05-29 03:09:12.953 61232 INFO tempest.lib.common.rest_client [req-83b89b9d-2742-4f77-9341-bee329914d95 req-83b89b9d-2742-4f77-9341-bee329914d95 ] Request (FlavorsAdminTestJSON:_run_cleanups): 202 DELETE http://10.180.1.21/compute/v2.1/flavors/1107177613 2.512s
2024-05-29 03:09:12.956 61249 INFO tempest.lib.common.rest_client [req-cd539cc4-cdae-4d17-a85e-ebe4cf52eac9 req-cd539cc4-cdae-4d17-a85e-ebe4cf52eac9 ] Request (DeleteServersAdminTestJSON:setUpClass): 200 GET http://10.180.1.21/identity/v3/roles 0.038s
2024-05-29 03:09:12.975 61208 INFO tempest.lib.common.rest_client [req-96ab17a4-a059-4b2b-99b6-913871d4d264 req-96ab17a4-a059-4b2b-99b6-913871d4d264 ] Request (FlavorsExtraSpecsTestJSON:test_flavor_non_admin_get_all_keys): 200 POST http://10.180.1.21/compute/v2.1/flavors/1218685462/os-extra_specs 2.450s
2024-05-29 03:09:12.990 61247 INFO tempest.lib.common.rest_client [req-0fd0fa44-bf04-48d7-bca9-33b14f9e3dc2 req-0fd0fa44-bf04-48d7-bca9-33b14f9e3dc2 ] Request (VolumesAssistedSnapshotsTest:setUpClass): 204 PUT http://10.180.1.21/identity/v3/projects/a1244968887749c19d6904f7a2edc74f/users/41ee738cfe3b47cd9154936979c6886e/roles/810f5add51524005b9ee81a71cc67446 0.051s
2024-05-29 03:09:12.990 61247 INFO tempest.lib.common.dynamic_creds [-] Dynamic test user 41ee738cfe3b47cd9154936979c6886e is created with scope project and roles: ['admin', 'service']
2024-05-29 03:09:12.990 61247 INFO tempest.lib.common.dynamic_creds [-] Acquired dynamic creds: credentials: Credentials: {'domain_id': 'default', 'domain_name': 'Default', 'username': 'tempest-VolumesAssistedSnapshotsTest-790554600-project', 'project_domain_id': 'default', 'project_domain_name': 'Default', 'project_id': 'a1244968887749c19d6904f7a2edc74f', 'project_name': 'tempest-VolumesAssistedSnapshotsTest-790554600', 'tenant_id': 'a1244968887749c19d6904f7a2edc74f', 'tenant_name': 'tempest-VolumesAssistedSnapshotsTest-790554600', 'user_domain_id': 'default', 'user_domain_name': 'Default', 'user_id': '41ee738cfe3b47cd9154936979c6886e', 'system': None}, Network: None, Subnet: None, Router: None
2024-05-29 03:09:13.014 61233 INFO tempest.lib.common.rest_client [req-dd35f03b-b1cd-477f-8de4-48653fc25bb6 req-dd35f03b-b1cd-477f-8de4-48653fc25bb6 ] Request (ServersWithSpecificFlavorTestJSON:setUpClass): 201 POST http://10.180.1.21:9696/networking/v2.0/routers 1.637s
2024-05-29 03:09:13.049 61249 INFO tempest.lib.common.rest_client [req-9d046fbc-17df-42df-bc42-13402b265206 req-9d046fbc-17df-42df-bc42-13402b265206 ] Request (DeleteServersAdminTestJSON:setUpClass): 204 PUT http://10.180.1.21/identity/v3/projects/4c4be7da2eca43759234de500acffb5b/users/1f8445bc961943eca1b0c9dc9e60778f/roles/641688dde63540b0bd243696e3b65e64 0.092s
2024-05-29 03:09:13.049 61249 INFO tempest.lib.common.dynamic_creds [-] Dynamic test user 1f8445bc961943eca1b0c9dc9e60778f is created with scope project and roles: ['member']
2024-05-29 03:09:13.049 61249 INFO tempest.lib.common.dynamic_creds [-] Acquired dynamic creds: credentials: Credentials: {'domain_id': 'default', 'domain_name': 'Default', 'username': 'tempest-DeleteServersAdminTestJSON-1848928913-project-member', 'project_domain_id': 'default', 'project_domain_name': 'Default', 'project_id': '4c4be7da2eca43759234de500acffb5b', 'project_name': 'tempest-DeleteServersAdminTestJSON-1848928913', 'tenant_id': '4c4be7da2eca43759234de500acffb5b', 'tenant_name': 'tempest-DeleteServersAdminTestJSON-1848928913', 'user_domain_id': 'default', 'user_domain_name': 'Default', 'user_id': '1f8445bc961943eca1b0c9dc9e60778f', 'system': None}, Network: None, Subnet: None, Router: None
2024-05-29 03:09:13.049 61249 INFO tempest.lib.common.dynamic_creds [-] Created isolated network resources for: credentials: Credentials: {'domain_id': 'default', 'domain_name': 'Default', 'username': 'tempest-DeleteServersAdminTestJSON-1848928913-project-member', 'project_domain_id': 'default', 'project_domain_name': 'Default', 'project_id': '4c4be7da2eca43759234de500acffb5b', 'project_name': 'tempest-DeleteServersAdminTestJSON-1848928913', 'tenant_id': '4c4be7da2eca43759234de500acffb5b', 'tenant_name': 'tempest-DeleteServersAdminTestJSON-1848928913', 'user_domain_id': 'default', 'user_domain_name': 'Default', 'user_id': '1f8445bc961943eca1b0c9dc9e60778f', 'system': None}, Network: None, Subnet: None, Router: None
2024-05-29 03:09:13.085 61206 INFO tempest.lib.common.rest_client [req-3fb63fd2-509a-4489-971d-8a26bade05d6 req-3fb63fd2-509a-4489-971d-8a26bade05d6 ] Request (HypervisorAdminNegativeUnderV252Test:setUpClass): 201 POST http://10.180.1.21/identity/v3/auth/tokens 0.118s
2024-05-29 03:09:13.127 61206 INFO tempest.lib.common.rest_client [req-5e0ef0cb-a0c2-4bd0-aad5-4aa0122696bd req-5e0ef0cb-a0c2-4bd0-aad5-4aa0122696bd ] Request (HypervisorAdminNegativeUnderV252Test:setUpClass): 200 GET http://10.180.1.21/identity/v3/domains?name=Default 0.042s
2024-05-29 03:09:13.139 61249 INFO tempest.lib.common.rest_client [req-eed1fe7e-8462-459f-b157-eb2af125d310 req-eed1fe7e-8462-459f-b157-eb2af125d310 ] Request (DeleteServersAdminTestJSON:setUpClass): 201 POST http://10.180.1.21/identity/v3/auth/tokens 0.086s
2024-05-29 03:09:13.168 61206 INFO tempest.lib.common.rest_client [req-f6a06a12-578f-4ea3-86e2-cb0abf31dd7c req-f6a06a12-578f-4ea3-86e2-cb0abf31dd7c ] Request (HypervisorAdminNegativeUnderV252Test:setUpClass): 201 POST http://10.180.1.21/identity/v3/projects 0.040s
2024-05-29 03:09:13.179 61247 INFO tempest.lib.common.rest_client [req-3def1f9a-7623-4db9-9e16-bdd490850934 req-3def1f9a-7623-4db9-9e16-bdd490850934 ] Request (VolumesAssistedSnapshotsTest:setUpClass): 201 POST http://10.180.1.21:9696/networking/v2.0/networks 0.189s
2024-05-29 03:09:13.227 61249 INFO tempest.lib.common.rest_client [req-e40ec12f-508f-49cf-9007-62f1d59ee3f4 req-e40ec12f-508f-49cf-9007-62f1d59ee3f4 ] Request (DeleteServersAdminTestJSON:setUpClass): 201 POST http://10.180.1.21/identity/v3/projects 0.088s
2024-05-29 03:09:13.253 61220 INFO tempest.lib.common.rest_client [req-ca3e7153-ab35-417b-98bc-67675b092b78 req-ca3e7153-ab35-417b-98bc-67675b092b78 ] Request (FlavorsAccessTestJSON:test_flavor_access_add_remove): 200 POST http://10.180.1.21/compute/v2.1/flavors/249034188/action 2.330s
2024-05-29 03:09:13.258 61218 INFO tempest.lib.common.rest_client [req-c276dc5e-8584-453a-a9ef-e7c21997c75b req-c276dc5e-8584-453a-a9ef-e7c21997c75b ] Request (SecurityGroupRulesNegativeTestJSON:test_create_security_group_rule_with_invalid_id): 400 POST http://10.180.1.21/compute/v2.1/os-security-group-rules 2.268s
2024-05-29 03:09:13.274 61256 INFO tempest.lib.common.rest_client [req-f55ff519-7a42-456f-b16a-6b554164bfbd req-f55ff519-7a42-456f-b16a-6b554164bfbd ] Request (ImagesDeleteNegativeTestJSON:test_delete_image_with_invalid_image_id): 404 DELETE http://10.180.1.21/compute/v2.1/images/tempest-invalid-922968138 2.269s
2024-05-29 03:09:13.287 61249 INFO tempest.lib.common.rest_client [req-be2b3cb6-8ed3-4d2e-9270-5a9c43b945c4 req-be2b3cb6-8ed3-4d2e-9270-5a9c43b945c4 ] Request (DeleteServersAdminTestJSON:setUpClass): 201 POST http://10.180.1.21/identity/v3/users 0.060s
2024-05-29 03:09:13.290 61216 INFO tempest.lib.common.rest_client [req-6c2fdc2b-0d08-4244-b841-e2b05fe6bf9d req-6c2fdc2b-0d08-4244-b841-e2b05fe6bf9d ] Request (ServicesAdminNegativeV253TestJSON:test_enable_service_with_invalid_service_id): 404 PUT http://10.180.1.21/compute/v2.1/os-services/e5a48384-0b52-4e15-9e9e-6bb0529f9e46 2.266s
2024-05-29 03:09:13.295 61206 INFO tempest.lib.common.rest_client [req-89e0b1d1-8de1-43cf-b755-db5325ca7647 req-89e0b1d1-8de1-43cf-b755-db5325ca7647 ] Request (HypervisorAdminNegativeUnderV252Test:setUpClass): 201 POST http://10.180.1.21/identity/v3/users 0.126s
2024-05-29 03:09:13.302 61249 INFO tempest.lib.common.rest_client [req-95226611-30b9-4799-b006-ad2b0fb7a6aa req-95226611-30b9-4799-b006-ad2b0fb7a6aa ] Request (DeleteServersAdminTestJSON:setUpClass): 200 GET http://10.180.1.21/identity/v3/roles 0.014s
2024-05-29 03:09:13.318 61206 INFO tempest.lib.common.rest_client [req-120417e1-b636-4cd2-b707-a4e7c3a0f176 req-120417e1-b636-4cd2-b707-a4e7c3a0f176 ] Request (HypervisorAdminNegativeUnderV252Test:setUpClass): 200 GET http://10.180.1.21/identity/v3/roles 0.022s
2024-05-29 03:09:13.346 61249 INFO tempest.lib.common.rest_client [req-f4382f40-4a5b-4c9d-86bd-2adcd373aabf req-f4382f40-4a5b-4c9d-86bd-2adcd373aabf ] Request (DeleteServersAdminTestJSON:setUpClass): 204 PUT http://10.180.1.21/identity/v3/projects/69d1a47d1eb147e9aae92241f548515c/users/24f61d35da564e84b3e9a2213d2e0aeb/roles/dcf3bf4cef1149ec96bc1bb89e15f3ff 0.043s
2024-05-29 03:09:13.383 61224 INFO tempest.lib.common.rest_client [req-5333803c-0981-42d1-9568-a0b2a13fdcfd req-5333803c-0981-42d1-9568-a0b2a13fdcfd ] Request (ImagesOneServerTestJSON:setUpClass): 202 POST http://10.180.1.21/compute/v2.1/servers 3.405s
2024-05-29 03:09:13.390 61247 INFO tempest.lib.common.rest_client [req-d7c3c0ae-f25b-46ac-8c3a-d324dc3726a8 req-d7c3c0ae-f25b-46ac-8c3a-d324dc3726a8 ] Request (VolumesAssistedSnapshotsTest:setUpClass): 201 POST http://10.180.1.21:9696/networking/v2.0/subnets 0.210s
2024-05-29 03:09:13.424 61249 INFO tempest.lib.common.rest_client [req-932fae67-dad6-40b2-b750-a988080b1fd5 req-932fae67-dad6-40b2-b750-a988080b1fd5 ] Request (DeleteServersAdminTestJSON:setUpClass): 200 GET http://10.180.1.21/identity/v3/roles 0.078s
2024-05-29 03:09:13.428 61206 INFO tempest.lib.common.rest_client [req-4d560443-84ee-4b92-9c86-32a9a16bb763 req-4d560443-84ee-4b92-9c86-32a9a16bb763 ] Request (HypervisorAdminNegativeUnderV252Test:setUpClass): 204 PUT http://10.180.1.21/identity/v3/projects/06679015e6654659af81485ba418208e/users/b486c8354197425d94cfb5abef439d3e/roles/641688dde63540b0bd243696e3b65e64 0.110s
2024-05-29 03:09:13.429 61206 INFO tempest.lib.common.dynamic_creds [-] Dynamic test user b486c8354197425d94cfb5abef439d3e is created with scope project and roles: ['member']
2024-05-29 03:09:13.429 61206 INFO tempest.lib.common.dynamic_creds [-] Acquired dynamic creds: credentials: Credentials: {'domain_id': 'default', 'domain_name': 'Default', 'username': 'tempest-HypervisorAdminNegativeUnderV252Test-1118132354-project-member', 'project_domain_id': 'default', 'project_domain_name': 'Default', 'project_id': '06679015e6654659af81485ba418208e', 'project_name': 'tempest-HypervisorAdminNegativeUnderV252Test-1118132354', 'tenant_id': '06679015e6654659af81485ba418208e', 'tenant_name': 'tempest-HypervisorAdminNegativeUnderV252Test-1118132354', 'user_domain_id': 'default', 'user_domain_name': 'Default', 'user_id': 'b486c8354197425d94cfb5abef439d3e', 'system': None}, Network: None, Subnet: None, Router: None
2024-05-29 03:09:13.429 61206 INFO tempest.lib.common.dynamic_creds [-] Created isolated network resources for: credentials: Credentials: {'domain_id': 'default', 'domain_name': 'Default', 'username': 'tempest-HypervisorAdminNegativeUnderV252Test-1118132354-project-member', 'project_domain_id': 'default', 'project_domain_name': 'Default', 'project_id': '06679015e6654659af81485ba418208e', 'project_name': 'tempest-HypervisorAdminNegativeUnderV252Test-1118132354', 'tenant_id': '06679015e6654659af81485ba418208e', 'tenant_name': 'tempest-HypervisorAdminNegativeUnderV252Test-1118132354', 'user_domain_id': 'default', 'user_domain_name': 'Default', 'user_id': 'b486c8354197425d94cfb5abef439d3e', 'system': None}, Network: None, Subnet: None, Router: None
2024-05-29 03:09:13.471 61249 INFO tempest.lib.common.rest_client [req-5af248a9-550b-4d39-b78f-72c4ac7d8c24 req-5af248a9-550b-4d39-b78f-72c4ac7d8c24 ] Request (DeleteServersAdminTestJSON:setUpClass): 204 PUT http://10.180.1.21/identity/v3/projects/69d1a47d1eb147e9aae92241f548515c/users/24f61d35da564e84b3e9a2213d2e0aeb/roles/dcf3bf4cef1149ec96bc1bb89e15f3ff 0.046s
2024-05-29 03:09:13.471 61249 INFO tempest.lib.common.dynamic_creds [-] Dynamic test user 24f61d35da564e84b3e9a2213d2e0aeb is created with scope project and roles: ['admin']
2024-05-29 03:09:13.471 61249 INFO tempest.lib.common.dynamic_creds [-] Acquired dynamic creds: credentials: Credentials: {'domain_id': 'default', 'domain_name': 'Default', 'username': 'tempest-DeleteServersAdminTestJSON-509676648-project-admin', 'project_domain_id': 'default', 'project_domain_name': 'Default', 'project_id': '69d1a47d1eb147e9aae92241f548515c', 'project_name': 'tempest-DeleteServersAdminTestJSON-509676648', 'tenant_id': '69d1a47d1eb147e9aae92241f548515c', 'tenant_name': 'tempest-DeleteServersAdminTestJSON-509676648', 'user_domain_id': 'default', 'user_domain_name': 'Default', 'user_id': '24f61d35da564e84b3e9a2213d2e0aeb', 'system': None}, Network: None, Subnet: None, Router: None
2024-05-29 03:09:13.471 61249 INFO tempest.lib.common.dynamic_creds [-] Created isolated network resources for: credentials: Credentials: {'domain_id': 'default', 'domain_name': 'Default', 'username': 'tempest-DeleteServersAdminTestJSON-509676648-project-admin', 'project_domain_id': 'default', 'project_domain_name': 'Default', 'project_id': '69d1a47d1eb147e9aae92241f548515c', 'project_name': 'tempest-DeleteServersAdminTestJSON-509676648', 'tenant_id': '69d1a47d1eb147e9aae92241f548515c', 'tenant_name': 'tempest-DeleteServersAdminTestJSON-509676648', 'user_domain_id': 'default', 'user_domain_name': 'Default', 'user_id': '24f61d35da564e84b3e9a2213d2e0aeb', 'system': None}, Network: None, Subnet: None, Router: None
2024-05-29 03:09:13.487 61206 INFO tempest.lib.common.rest_client [req-a9355f65-a87b-47b7-b2d4-682e90326c75 req-a9355f65-a87b-47b7-b2d4-682e90326c75 ] Request (HypervisorAdminNegativeUnderV252Test:setUpClass): 201 POST http://10.180.1.21/identity/v3/auth/tokens 0.055s
2024-05-29 03:09:13.533 61249 INFO tempest.lib.common.rest_client [req-85b352c4-80e7-48b5-bd3a-9b21ad5ebc06 req-85b352c4-80e7-48b5-bd3a-9b21ad5ebc06 ] Request (DeleteServersAdminTestJSON:setUpClass): 201 POST http://10.180.1.21/identity/v3/auth/tokens 0.060s
2024-05-29 03:09:13.545 61206 INFO tempest.lib.common.rest_client [req-cf7f2c10-6a28-49a9-9905-62a3dbd9b43b req-cf7f2c10-6a28-49a9-9905-62a3dbd9b43b ] Request (HypervisorAdminNegativeUnderV252Test:setUpClass): 201 POST http://10.180.1.21/identity/v3/projects 0.057s
2024-05-29 03:09:13.605 61249 INFO tempest.lib.common.rest_client [req-f2358c24-28c9-4b49-b6e6-0181b160dbcd req-f2358c24-28c9-4b49-b6e6-0181b160dbcd ] Request (DeleteServersAdminTestJSON:test_admin_delete_servers_of_others): 201 POST http://10.180.1.21/identity/v3/auth/tokens 0.068s
2024-05-29 03:09:13.606 61249 INFO tempest.lib.common.fixed_network [-] (DeleteServersAdminTestJSON:test_admin_delete_servers_of_others) Found network None available for tenant
2024-05-29 03:09:13.608 61206 INFO tempest.lib.common.rest_client [req-ce651e5c-8077-46dd-bd28-c5e4f36e0b24 req-ce651e5c-8077-46dd-bd28-c5e4f36e0b24 ] Request (HypervisorAdminNegativeUnderV252Test:setUpClass): 201 POST http://10.180.1.21/identity/v3/users 0.063s
2024-05-29 03:09:13.624 61206 INFO tempest.lib.common.rest_client [req-e4796728-ee6d-4293-9ca8-2b0c22820a79 req-e4796728-ee6d-4293-9ca8-2b0c22820a79 ] Request (HypervisorAdminNegativeUnderV252Test:setUpClass): 200 GET http://10.180.1.21/identity/v3/roles 0.015s
2024-05-29 03:09:13.648 61206 INFO tempest.lib.common.rest_client [req-7ad8764b-c567-4ccc-8283-4d85e347c97b req-7ad8764b-c567-4ccc-8283-4d85e347c97b ] Request (HypervisorAdminNegativeUnderV252Test:setUpClass): 204 PUT http://10.180.1.21/identity/v3/projects/1a860fd91dfe47828c749fce0ea5d365/users/59b67e06baba478da83d2533786a739e/roles/dcf3bf4cef1149ec96bc1bb89e15f3ff 0.024s
2024-05-29 03:09:13.699 61206 INFO tempest.lib.common.rest_client [req-3fa200a8-8cd5-4854-af8f-03b80ed4ebdb req-3fa200a8-8cd5-4854-af8f-03b80ed4ebdb ] Request (HypervisorAdminNegativeUnderV252Test:setUpClass): 200 GET http://10.180.1.21/identity/v3/roles 0.050s
2024-05-29 03:09:13.706 61235 INFO tempest.lib.common.rest_client [req-7d68d49c-690d-42df-87c2-52a5ce9cc487 req-7d68d49c-690d-42df-87c2-52a5ce9cc487 ] Request (SecurityGroupsTestAdminJSON:test_list_security_groups_list_all_tenants_filter): 200 POST http://10.180.1.21/compute/v2.1/os-security-groups 2.526s
2024-05-29 03:09:13.715 61206 INFO tempest.lib.common.rest_client [req-8afe46eb-ab2b-4b20-8549-96e70241c763 req-8afe46eb-ab2b-4b20-8549-96e70241c763 ] Request (HypervisorAdminNegativeUnderV252Test:setUpClass): 204 PUT http://10.180.1.21/identity/v3/projects/1a860fd91dfe47828c749fce0ea5d365/users/59b67e06baba478da83d2533786a739e/roles/dcf3bf4cef1149ec96bc1bb89e15f3ff 0.016s
2024-05-29 03:09:13.715 61206 INFO tempest.lib.common.dynamic_creds [-] Dynamic test user 59b67e06baba478da83d2533786a739e is created with scope project and roles: ['admin']
2024-05-29 03:09:13.716 61206 INFO tempest.lib.common.dynamic_creds [-] Acquired dynamic creds: credentials: Credentials: {'domain_id': 'default', 'domain_name': 'Default', 'username': 'tempest-HypervisorAdminNegativeUnderV252Test-2102378504-project-admin', 'project_domain_id': 'default', 'project_domain_name': 'Default', 'project_id': '1a860fd91dfe47828c749fce0ea5d365', 'project_name': 'tempest-HypervisorAdminNegativeUnderV252Test-2102378504', 'tenant_id': '1a860fd91dfe47828c749fce0ea5d365', 'tenant_name': 'tempest-HypervisorAdminNegativeUnderV252Test-2102378504', 'user_domain_id': 'default', 'user_domain_name': 'Default', 'user_id': '59b67e06baba478da83d2533786a739e', 'system': None}, Network: None, Subnet: None, Router: None
2024-05-29 03:09:13.716 61206 INFO tempest.lib.common.dynamic_creds [-] Created isolated network resources for: credentials: Credentials: {'domain_id': 'default', 'domain_name': 'Default', 'username': 'tempest-HypervisorAdminNegativeUnderV252Test-2102378504-project-admin', 'project_domain_id': 'default', 'project_domain_name': 'Default', 'project_id': '1a860fd91dfe47828c749fce0ea5d365', 'project_name': 'tempest-HypervisorAdminNegativeUnderV252Test-2102378504', 'tenant_id': '1a860fd91dfe47828c749fce0ea5d365', 'tenant_name': 'tempest-HypervisorAdminNegativeUnderV252Test-2102378504', 'user_domain_id': 'default', 'user_domain_name': 'Default', 'user_id': '59b67e06baba478da83d2533786a739e', 'system': None}, Network: None, Subnet: None, Router: None
2024-05-29 03:09:13.734 61210 INFO tempest.lib.common.rest_client [req-e3b32cde-5367-474d-8764-2a2adba0683f req-e3b32cde-5367-474d-8764-2a2adba0683f ] Request (FlavorsV261TestJSON:test_crud_flavor): 200 PUT http://10.180.1.21/compute/v2.1/flavors/934316565 2.476s
2024-05-29 03:09:13.787 61206 INFO tempest.lib.common.rest_client [req-d4c98a1e-ffae-4e00-aecf-837947b2ec09 req-d4c98a1e-ffae-4e00-aecf-837947b2ec09 ] Request (HypervisorAdminNegativeUnderV252Test:setUpClass): 201 POST http://10.180.1.21/identity/v3/auth/tokens 0.068s
2024-05-29 03:09:14.251 61242 INFO tempest.lib.common.rest_client [req-8e31bfdc-fb69-4d0e-9d91-48026c728086 req-8e31bfdc-fb69-4d0e-9d91-48026c728086 ] Request (FlavorsV2NegativeTest:test_boot_with_low_ram): 400 POST http://10.180.1.21/compute/v2.1/servers 2.890s
2024-05-29 03:09:14.288 61204 INFO tempest.lib.common.rest_client [req-f069065f-bc1a-42b0-b421-4c1d904b8f5f req-f069065f-bc1a-42b0-b421-4c1d904b8f5f ] Request (FlavorsV255TestJSON:test_crud_flavor): 200 PUT http://10.180.1.21/compute/v2.1/flavors/1820265478 2.892s
2024-05-29 03:09:14.310 61242 INFO tempest.lib.common.rest_client [req-f7db8624-e793-4944-bb42-9714a187b89e req-f7db8624-e793-4944-bb42-9714a187b89e ] Request (FlavorsV2NegativeTest:_run_cleanups): 204 DELETE http://10.180.1.21/image/v2/images/70dd2db7-6da3-4b01-a5e3-c64d3f275688 0.058s
2024-05-29 03:09:14.342 61254 INFO tempest.lib.common.rest_client [req-7822e553-e07e-4ba7-bcc4-856f16924eb0 req-7822e553-e07e-4ba7-bcc4-856f16924eb0 ] Request (ServersAdminTestJSON:setUpClass): 202 POST http://10.180.1.21/compute/v2.1/servers 3.269s
2024-05-29 03:09:14.414 61242 INFO tempest.lib.common.rest_client [req-d210a7ca-54a2-4fef-bbc2-4de14101745f req-d210a7ca-54a2-4fef-bbc2-4de14101745f ] Request (FlavorsV2NegativeTest:tearDownClass): 204 DELETE http://10.180.1.21/identity/v3/users/5fa9d5319ee241d1b640beff9d5aeccc 0.099s
2024-05-29 03:09:14.415 61242 INFO tempest.lib.common.dynamic_creds [-] Deleting project and security group for project: e7582d1e6cd5462cabf4251cc0dab95f
2024-05-29 03:09:14.459 61254 INFO tempest.lib.common.rest_client [req-cc40e0d2-1372-41a8-af35-f534750e0e4e req-cc40e0d2-1372-41a8-af35-f534750e0e4e ] Request (ServersAdminTestJSON:setUpClass): 201 POST http://10.180.1.21/identity/v3/auth/tokens 0.113s
2024-05-29 03:09:14.460 61254 INFO tempest.lib.common.fixed_network [-] (ServersAdminTestJSON:setUpClass) Found network {'id': '4bde5ee8-4fa5-4ce8-a76b-3094d192c4fb', 'name': 'tempest-ServersAdminTestJSON-633325659-network', 'tenant_id': '747cdd0d82ea4412a3045feba2159153', 'admin_state_up': True, 'mtu': 8950, 'status': 'ACTIVE', 'subnets': [], 'shared': False, 'project_id': '747cdd0d82ea4412a3045feba2159153', 'port_security_enabled': True, 'router:external': False, 'provider:network_type': 'vlan', 'provider:physical_network': 'default', 'provider:segmentation_id': 802, 'is_default': False, 'availability_zone_hints': [], 'availability_zones': [], 'ipv4_address_scope': None, 'ipv6_address_scope': None, 'description': '', 'tags': [], 'created_at': '2024-05-29T03:09:00Z', 'updated_at': '2024-05-29T03:09:00Z', 'revision_number': 1} available for tenant
2024-05-29 03:09:14.465 61241 INFO tempest.lib.common.rest_client [req-1090075c-f4f6-4575-8295-3bab30f1e0d1 req-1090075c-f4f6-4575-8295-3bab30f1e0d1 ] Request (QuotasAdminTestV236:test_get_updated_quotas): 200 GET http://10.180.1.21/compute/v2.1/os-quota-sets/d272672ff2eb40c08f48f4b5c7beadc4?user_id=39e4081fd264440f8aa474bd8d530e8f 2.772s
2024-05-29 03:09:14.513 61242 INFO tempest.lib.common.rest_client [req-ef5952de-61f6-4d8e-b49b-36fd1a12310c req-ef5952de-61f6-4d8e-b49b-36fd1a12310c ] Request (FlavorsV2NegativeTest:tearDownClass): 201 POST http://10.180.1.21/identity/v3/auth/tokens 0.099s
2024-05-29 03:09:14.575 61222 INFO tempest.lib.common.rest_client [req-1304c8cb-7f83-4339-97de-7544b95b7fa7 req-1304c8cb-7f83-4339-97de-7544b95b7fa7 ] Request (KeyPairsNegativeTestJSON:test_create_keypair_invalid_name): 400 POST http://10.180.1.21/compute/v2.1/os-keypairs 2.714s
2024-05-29 03:09:14.581 61252 INFO tempest.lib.common.rest_client [req-aebaf27c-7afb-4e8f-bbaa-9f7a0fb47d6f req-aebaf27c-7afb-4e8f-bbaa-9f7a0fb47d6f ] Request (FlavorsExtraSpecsNegativeTestJSON:test_flavor_non_admin_set_keys): 403 POST http://10.180.1.21/compute/v2.1/flavors/2092982668/os-extra_specs 2.555s
2024-05-29 03:09:14.608 61201 INFO tempest.lib.common.rest_client [req-302abd97-11e5-45b7-9d5a-b37f56c8fe4a req-302abd97-11e5-45b7-9d5a-b37f56c8fe4a ] Request (HypervisorAdminV253TestBase:test_list_show_detail_hypervisors): 200 GET http://10.180.1.21/compute/v2.1/os-hypervisors/1049625f-9dcb-4c60-926f-660f6663c4ee 2.559s
2024-05-29 03:09:14.625 61241 INFO tempest.lib.common.rest_client [req-c67ba55c-a18f-4a22-9dec-253d562a9fe8 req-c67ba55c-a18f-4a22-9dec-253d562a9fe8 ] Request (QuotasAdminTestV236:_run_cleanups): 204 DELETE http://10.180.1.21/identity/v3/users/39e4081fd264440f8aa474bd8d530e8f 0.158s
2024-05-29 03:09:14.630 61190 INFO tempest.lib.common.rest_client [req-529b0519-c6d3-40bc-b0c8-eaf208f02a99 req-529b0519-c6d3-40bc-b0c8-eaf208f02a99 ] Request (HypervisorAdminTestJSON:test_get_hypervisor_show_details): 200 GET http://10.180.1.21/compute/v2.1/os-hypervisors 2.561s
2024-05-29 03:09:14.671 61194 INFO tempest.lib.common.rest_client [req-9b977628-e639-47d2-b90f-d430e1a44ea4 req-9b977628-e639-47d2-b90f-d430e1a44ea4 ] Request (AggregatesAdminNegativeTestJSON:test_aggregate_add_existent_host): 409 POST http://10.180.1.21/compute/v2.1/os-aggregates/1/action 2.587s
2024-05-29 03:09:14.685 61215 INFO tempest.lib.common.rest_client [req-c5cc0fe5-570c-4e75-a583-d0fc909cc3e4 req-c5cc0fe5-570c-4e75-a583-d0fc909cc3e4 ] Request (HypervisorAdminUnderV252Test:test_search_hypervisor): 200 GET http://10.180.1.21/compute/v2.1/os-hypervisors 2.560s
2024-05-29 03:09:14.724 61238 INFO tempest.lib.common.rest_client [req-d27dbe63-7928-41f9-ac17-c88dc769a804 req-d27dbe63-7928-41f9-ac17-c88dc769a804 ] Request (FlavorsAccessNegativeTestJSON:test_add_flavor_access_duplicate): 200 POST http://10.180.1.21/compute/v2.1/flavors/1914489355/action 2.862s
2024-05-29 03:09:14.762 61198 INFO tempest.lib.common.rest_client [req-543c6b2b-85fa-49a0-89d4-bc5c0d0d31b8 req-543c6b2b-85fa-49a0-89d4-bc5c0d0d31b8 ] Request (KeyPairsV2TestJSON:test_keypair_create_delete): 200 POST http://10.180.1.21/compute/v2.1/os-keypairs 2.618s
