2024-05-29 03:10:38.303 61203 INFO tempest.lib.common.rest_client [req-5614bf82-3485-477c-a6d8-9ed7dea22774 req-5614bf82-3485-477c-a6d8-9ed7dea22774 ] Request (FloatingIPsAssociationNegativeTestJSON:setUpClass): 200 GET http://10.180.1.21/compute/v2.1/servers/3acd6f40-8c3b-49f4-b883-828558a1aef4 1.086s
2024-05-29 03:10:38.304 61224 INFO tempest.lib.common.rest_client [req-3d159ca6-cec6-4eb5-8f6a-6532a024b701 req-3d159ca6-cec6-4eb5-8f6a-6532a024b701 ] Request (AttachInterfacesTestJSON:test_create_list_show_delete_interfaces_by_fixed_ip): 200 GET http://10.180.1.21/compute/v2.1/servers/2ad6abc2-047b-48bc-8233-851c994cda05 1.104s
2024-05-29 03:10:38.383 61194 INFO tempest.lib.common.rest_client [req-f0eade40-5938-4fe4-af29-c75ecc545f58 req-f0eade40-5938-4fe4-af29-c75ecc545f58 ] Request (ServerAddressesTestJSON:setUpClass): 200 GET http://10.180.1.21/compute/v2.1/servers/1febcc1e-9da0-4ddc-b0dd-b8cac7df27f6 1.081s
2024-05-29 03:10:38.400 61192 INFO tempest.lib.common.rest_client [req-c2d86b4c-a49e-4519-a675-d841291e045a req-c2d86b4c-a49e-4519-a675-d841291e045a ] Request (FloatingIPsAssociationTestJSON:setUpClass): 200 GET http://10.180.1.21/compute/v2.1/servers/ac699bb1-5866-46f2-8e51-a8b970b128d1 1.117s
2024-05-29 03:10:38.485 61201 INFO tempest.lib.common.rest_client [req-33544066-d261-4854-9b6d-54fafe6c9e5b req-33544066-d261-4854-9b6d-54fafe6c9e5b ] Request (ServersAdminNegativeTestJSON:setUpClass): 200 GET http://10.180.1.21/compute/v2.1/servers/ba77a483-6dff-4062-a84a-1f088ee0f359 0.983s
2024-05-29 03:10:38.572 61235 INFO tempest.lib.common.rest_client [req-69ab0531-94f0-4bfe-a32a-085494135fd3 req-69ab0531-94f0-4bfe-a32a-085494135fd3 ] Request (ServerActionsV293TestJSON:setUpClass): 200 GET http://10.180.1.21/compute/v2.1/servers/aab3e30c-0030-4fec-8ca4-67a9bbffc31a 1.055s
2024-05-29 03:10:38.622 61247 INFO tempest.lib.common.rest_client [req-a3c60088-60c2-4422-a924-8e038123608d req-a3c60088-60c2-4422-a924-8e038123608d ] Request (VolumesAssistedSnapshotsTest:tearDownClass): 204 DELETE http://10.180.1.21:9696/networking/v2.0/security-groups/de19e144-d8e0-42e1-96ad-2c242bba4f38 0.329s
2024-05-29 03:10:38.640 61198 INFO tempest.lib.common.rest_client [req-16a54eb9-4da6-4e16-82a0-843807cdb65b req-16a54eb9-4da6-4e16-82a0-843807cdb65b ] Request (ServerDiskConfigTestJSON:test_rebuild_server_with_auto_disk_config): 200 GET http://10.180.1.21/compute/v2.1/servers/81818668-fedc-4740-abeb-3a411adf3db9 1.044s
2024-05-29 03:10:38.711 61247 INFO tempest.lib.common.rest_client [req-bae30bae-3d4b-4ab4-b137-4fa972fa648c req-bae30bae-3d4b-4ab4-b137-4fa972fa648c ] Request (VolumesAssistedSnapshotsTest:tearDownClass): 204 DELETE http://10.180.1.21/identity/v3/projects/b9b51474e7134816a5855708a57a600f 0.088s
2024-05-29 03:10:38.712 61247 INFO tempest.test [-] raised in UnshelveToHostMultiNodesTest.setUpClass. Invoking tearDownClass.
2024-05-29 03:10:38.741 61229 INFO tempest.lib.common.rest_client [req-9520ce50-638d-4723-bc4c-4bec0c358f82 req-9520ce50-638d-4723-bc4c-4bec0c358f82 ] Request (ServersAdmin275Test:test_rebuild_update_server_275): 200 GET http://10.180.1.21/compute/v2.1/servers/535d7148-8722-4cf9-8f55-9b44beccb5f4 1.040s
2024-05-29 03:10:38.749 61229 INFO tempest.common.waiters [-] State transition "REBUILD/rebuilding" ==> "REBUILD/rebuild_spawning" after 2 second wait
2024-05-29 03:10:38.757 61254 INFO tempest.lib.common.rest_client [req-cd82ebed-a658-4eec-aa35-9100fd617b78 req-cd82ebed-a658-4eec-aa35-9100fd617b78 ] Request (FloatingIPDetailsNegativeTestJSON:tearDownClass): 204 DELETE http://10.180.1.21:9696/networking/v2.0/subnets/36a67cc6-0bb3-451c-a061-94072789a144 0.459s
2024-05-29 03:10:38.785 61247 INFO tempest.lib.common.rest_client [req-f5aadab8-9316-494e-984c-7294b1fb4d12 req-f5aadab8-9316-494e-984c-7294b1fb4d12 ] Request (ServerAddressesNegativeTestJSON:setUpClass): 201 POST http://10.180.1.21/identity/v3/auth/tokens 0.068s
2024-05-29 03:10:38.812 61247 INFO tempest.lib.common.rest_client [req-c9cbe09f-e1b2-47c4-99d9-6abf8dad5bc7 req-c9cbe09f-e1b2-47c4-99d9-6abf8dad5bc7 ] Request (ServerAddressesNegativeTestJSON:setUpClass): 201 POST http://10.180.1.21/identity/v3/auth/tokens 0.023s
2024-05-29 03:10:38.836 61247 INFO tempest.lib.common.rest_client [req-565b15e5-93c0-4ae0-803f-7352a3296a2a req-565b15e5-93c0-4ae0-803f-7352a3296a2a ] Request (ServerAddressesNegativeTestJSON:setUpClass): 200 GET http://10.180.1.21/identity/v3/domains?name=Default 0.022s
2024-05-29 03:10:38.863 61247 INFO tempest.lib.common.rest_client [req-0fe576f9-7694-42eb-85f2-f957f25a53f4 req-0fe576f9-7694-42eb-85f2-f957f25a53f4 ] Request (ServerAddressesNegativeTestJSON:setUpClass): 201 POST http://10.180.1.21/identity/v3/projects 0.027s
2024-05-29 03:10:38.922 61247 INFO tempest.lib.common.rest_client [req-6df8158b-dee5-4b64-b36a-64fb4dd1d34a req-6df8158b-dee5-4b64-b36a-64fb4dd1d34a ] Request (ServerAddressesNegativeTestJSON:setUpClass): 201 POST http://10.180.1.21/identity/v3/users 0.058s
2024-05-29 03:10:38.938 61247 INFO tempest.lib.common.rest_client [req-e397a5be-1331-491d-8ac7-a2f26bb81e2b req-e397a5be-1331-491d-8ac7-a2f26bb81e2b ] Request (ServerAddressesNegativeTestJSON:setUpClass): 200 GET http://10.180.1.21/identity/v3/roles 0.016s
2024-05-29 03:10:38.970 61247 INFO tempest.lib.common.rest_client [req-cff25a26-1c53-460a-982e-cff571cb08a1 req-cff25a26-1c53-460a-982e-cff571cb08a1 ] Request (ServerAddressesNegativeTestJSON:setUpClass): 204 PUT http://10.180.1.21/identity/v3/projects/f92223efd3504af18fdc0b472455ce8d/users/e4f9266ada7e4b1aac74fea567b5d698/roles/641688dde63540b0bd243696e3b65e64 0.031s
2024-05-29 03:10:38.970 61247 INFO tempest.lib.common.dynamic_creds [-] Dynamic test user e4f9266ada7e4b1aac74fea567b5d698 is created with scope project and roles: ['member']
2024-05-29 03:10:38.971 61247 INFO tempest.lib.common.dynamic_creds [-] Acquired dynamic creds: credentials: Credentials: {'domain_id': 'default', 'domain_name': 'Default', 'username': 'tempest-ServerAddressesNegativeTestJSON-33518691-project-member', 'project_domain_id': 'default', 'project_domain_name': 'Default', 'project_id': 'f92223efd3504af18fdc0b472455ce8d', 'project_name': 'tempest-ServerAddressesNegativeTestJSON-33518691', 'tenant_id': 'f92223efd3504af18fdc0b472455ce8d', 'tenant_name': 'tempest-ServerAddressesNegativeTestJSON-33518691', 'user_domain_id': 'default', 'user_domain_name': 'Default', 'user_id': 'e4f9266ada7e4b1aac74fea567b5d698', 'system': None}, Network: None, Subnet: None, Router: None
2024-05-29 03:10:39.006 61204 INFO tempest.lib.common.rest_client [req-0eb1a35d-b310-4140-80fc-7614d52c0db8 req-0eb1a35d-b310-4140-80fc-7614d52c0db8 ] Request (FloatingIPDetailsTestJSON:test_list_floating_ips): 200 GET http://10.180.1.21/compute/v2.1/os-floating-ips 1.288s
2024-05-29 03:10:39.040 61247 INFO tempest.lib.common.rest_client [req-cfad5158-a9f0-4328-812a-81580f963e4f req-cfad5158-a9f0-4328-812a-81580f963e4f ] Request (ServerAddressesNegativeTestJSON:setUpClass): 201 POST http://10.180.1.21/identity/v3/auth/tokens 0.069s
2024-05-29 03:10:39.072 61252 INFO tempest.lib.common.rest_client [req-5371bd8d-0d64-4909-bcba-27264a32de81 req-5371bd8d-0d64-4909-bcba-27264a32de81 ] Request (ServersAaction247Test:tearDownClass): 200 GET http://10.180.1.21/compute/v2.1/servers/a4d82323-de64-4638-b7cb-0ec298e47eb6 1.304s
2024-05-29 03:10:39.085 61233 INFO tempest.lib.common.rest_client [req-91f294fe-0354-411d-8de3-e3cf78f6ef2b req-91f294fe-0354-411d-8de3-e3cf78f6ef2b ] Request (ServersWithSpecificFlavorTestJSON:_run_cleanups): 202 DELETE http://10.180.1.21/compute/v2.1/os-keypairs/tempest-keypair-1890146109 1.204s
2024-05-29 03:10:39.100 61232 INFO tempest.lib.common.rest_client [req-9d567846-29d1-4617-afca-4d429d073858 req-9d567846-29d1-4617-afca-4d429d073858 ] Request (FlavorsAdminTestJSON:_run_cleanups): 200 GET http://10.180.1.21/compute/v2.1/flavors/detail 1.130s
2024-05-29 03:10:39.177 61254 INFO tempest.lib.common.rest_client [req-4502d0a8-22a9-4208-8925-6f754670b281 req-4502d0a8-22a9-4208-8925-6f754670b281 ] Request (FloatingIPDetailsNegativeTestJSON:tearDownClass): 204 DELETE http://10.180.1.21:9696/networking/v2.0/networks/fa333c8d-6b6c-48aa-a896-c552bc2f0d7c 0.420s
2024-05-29 03:10:39.196 61256 INFO tempest.lib.common.rest_client [req-227e182e-1df9-4b07-87d9-35005ebf9f2f req-227e182e-1df9-4b07-87d9-35005ebf9f2f ] Request (AttachVolumeTestJSON:test_attach_detach_volume): 202 POST http://10.180.1.21/compute/v2.1/servers 1.774s
2024-05-29 03:10:39.201 61216 INFO tempest.lib.common.rest_client [req-535193af-c9b7-4fa7-b56f-4d62284b701f req-535193af-c9b7-4fa7-b56f-4d62284b701f ] Request (ImagesNegativeTestJSON:test_create_image_specify_uuid_35_characters_or_less): 404 POST http://10.180.1.21/compute/v2.1/servers/aaaaaaaaaaaaaaaaaaaaaaaaaaaaaaaaaaa/action 1.158s
2024-05-29 03:10:39.224 61233 INFO tempest.lib.common.rest_client [req-808934e1-d937-4745-963e-e4a01fa1dcc0 req-808934e1-d937-4745-963e-e4a01fa1dcc0 ] Request (ServersWithSpecificFlavorTestJSON:_run_cleanups): 204 DELETE http://10.180.1.21:9696/networking/v2.0/security-groups/8134488e-808b-4584-8894-97046f2381dc 0.139s
2024-05-29 03:10:39.236 61233 INFO tempest.lib.common.rest_client [req-5c501070-1732-4537-85c5-e20bcfdf8374 req-5c501070-1732-4537-85c5-e20bcfdf8374 ] Request (ServersWithSpecificFlavorTestJSON:_run_cleanups): 404 GET http://10.180.1.21:9696/networking/v2.0/security-groups/8134488e-808b-4584-8894-97046f2381dc 0.011s
2024-05-29 03:10:39.260 61254 INFO tempest.lib.common.rest_client [req-44701ca9-8991-4941-b063-7c713d0fa6bf req-44701ca9-8991-4941-b063-7c713d0fa6bf ] Request (FloatingIPDetailsNegativeTestJSON:tearDownClass): 204 DELETE http://10.180.1.21/identity/v3/users/9724443c75e8447a834a40bd31af4e0b 0.082s
2024-05-29 03:10:39.260 61254 INFO tempest.lib.common.dynamic_creds [-] Deleting project and security group for project: 4a7bb3e6177248e387855ea5197b6416
2024-05-29 03:10:39.262 61242 INFO tempest.lib.common.rest_client [req-8e516f41-0af1-4f3c-9b2e-c70be792c190 req-8e516f41-0af1-4f3c-9b2e-c70be792c190 ] Request (SecurityGroupsTestJSON:test_security_groups_create_list_delete): 200 POST http://10.180.1.21/compute/v2.1/os-security-groups 1.223s
2024-05-29 03:10:39.358 61254 INFO tempest.lib.common.rest_client [req-44b1fc7b-c696-49d2-9766-57bf5abf5d7b req-44b1fc7b-c696-49d2-9766-57bf5abf5d7b ] Request (FloatingIPDetailsNegativeTestJSON:tearDownClass): 200 GET http://10.180.1.21:9696/networking/v2.0/security-groups?tenant_id=4a7bb3e6177248e387855ea5197b6416&name=default 0.098s
2024-05-29 03:10:39.412 61218 INFO tempest.lib.common.rest_client [req-c656ab2d-6352-4d52-abdd-789641f6295a req-c656ab2d-6352-4d52-abdd-789641f6295a ] Request (ServersTestManualDisk:setUpClass): 200 GET http://10.180.1.21/compute/v2.1/servers/9c1e8f9b-abec-4df0-a8f8-41b9d2f94a5d 1.352s
2024-05-29 03:10:39.418 61218 INFO tempest.common.waiters [-] State transition "BUILD/block_device_mapping" ==> "BUILD/spawning" after 32 second wait
2024-05-29 03:10:39.455 61206 INFO tempest.lib.common.rest_client [req-c6fe2e95-d7b3-45d7-8617-4ed208db462b req-c6fe2e95-d7b3-45d7-8617-4ed208db462b ] Request (QuotasTestJSON:test_compare_tenant_quotas_with_default_quotas): 200 GET http://10.180.1.21/compute/v2.1/os-quota-sets/375c178b15e942d58443da062daf99fe/defaults 1.276s
2024-05-29 03:10:39.468 61247 INFO tempest.lib.common.rest_client [req-447fea03-25a9-4b4c-af85-07e072ae957e req-447fea03-25a9-4b4c-af85-07e072ae957e ] Request (ServerAddressesNegativeTestJSON:setUpClass): 201 POST http://10.180.1.21:9696/networking/v2.0/networks 0.427s
2024-05-29 03:10:39.511 61233 INFO tempest.lib.common.rest_client [req-5c177a49-0c51-4cc1-82ff-46ac95f1ba6c req-5c177a49-0c51-4cc1-82ff-46ac95f1ba6c ] Request (ServersWithSpecificFlavorTestJSON:_run_cleanups): 204 DELETE http://10.180.1.21:9696/networking/v2.0/floatingips/619de4ac-bcfb-4480-8248-badb86c27050 0.275s
2024-05-29 03:10:39.618 61254 INFO tempest.lib.common.rest_client [req-2bcb9747-6653-4ea9-a15e-c2f199f5c621 req-2bcb9747-6653-4ea9-a15e-c2f199f5c621 ] Request (FloatingIPDetailsNegativeTestJSON:tearDownClass): 204 DELETE http://10.180.1.21:9696/networking/v2.0/security-groups/ef4fb9dc-e029-4c7a-b08f-d2f28d656b35 0.259s
2024-05-29 03:10:39.667 61186 INFO tempest.lib.common.rest_client [req-ea49de60-7f70-402f-aa03-22728ff6073b req-ea49de60-7f70-402f-aa03-22728ff6073b ] Request (MigrationsAdminTest:test_resize_server_revert_deleted_flavor): 200 GET http://10.180.1.21/compute/v2.1/servers/aadc100f-31be-49fb-a807-0796b41bd90e 1.424s
2024-05-29 03:10:39.731 61254 INFO tempest.lib.common.rest_client [req-298e6a6c-4a91-4060-ac24-ae1c85360db3 req-298e6a6c-4a91-4060-ac24-ae1c85360db3 ] Request (FloatingIPDetailsNegativeTestJSON:tearDownClass): 204 DELETE http://10.180.1.21/identity/v3/projects/4a7bb3e6177248e387855ea5197b6416 0.113s
2024-05-29 03:10:39.746 61222 INFO tempest.lib.common.rest_client [req-af128771-185c-4ab9-8def-7cd90f5e6228 req-af128771-185c-4ab9-8def-7cd90f5e6228 ] Request (ServerActionsTestOtherA:setUpClass): 200 GET http://10.180.1.21/compute/v2.1/servers/c3abf998-dab6-4326-aace-8722b0e7ac29 1.419s
2024-05-29 03:10:39.788 61254 INFO tempest.lib.common.rest_client [req-92058072-f8a7-46ae-86a1-34feaf825827 req-92058072-f8a7-46ae-86a1-34feaf825827 ] Request (InstanceActionsV221TestJSON:setUpClass): 201 POST http://10.180.1.21/identity/v3/auth/tokens 0.055s
2024-05-29 03:10:39.790 61238 INFO tempest.lib.common.rest_client [req-8d7470a6-c45c-4e95-b533-f0baad9de75b req-8d7470a6-c45c-4e95-b533-f0baad9de75b ] Request (QuotasAdminNegativeTest:test_create_server_when_cpu_quota_is_full): 403 POST http://10.180.1.21/compute/v2.1/servers 1.549s
2024-05-29 03:10:39.805 61215 INFO tempest.lib.common.rest_client [req-37e1a3f7-eb93-4cae-9874-175132d95510 req-37e1a3f7-eb93-4cae-9874-175132d95510 ] Request (ServersTestFqdnHostnames:test_create_server_with_fqdn_name): 200 GET http://10.180.1.21/compute/v2.1/servers/1c392cb0-ea88-48c9-9633-10b335cc414e 1.103s
2024-05-29 03:10:39.815 61254 INFO tempest.lib.common.rest_client [req-76d0a609-e365-4c76-b475-41d30f9623a4 req-76d0a609-e365-4c76-b475-41d30f9623a4 ] Request (InstanceActionsV221TestJSON:setUpClass): 201 POST http://10.180.1.21/identity/v3/auth/tokens 0.025s
2024-05-29 03:10:39.840 61254 INFO tempest.lib.common.rest_client [req-478eb94a-a62d-44eb-a4e4-61e5548dc1bf req-478eb94a-a62d-44eb-a4e4-61e5548dc1bf ] Request (InstanceActionsV221TestJSON:setUpClass): 200 GET http://10.180.1.21/identity/v3/domains?name=Default 0.024s
2024-05-29 03:10:39.848 61210 INFO tempest.lib.common.rest_client [req-36aafe3f-d937-4c45-a286-dc621d406849 req-36aafe3f-d937-4c45-a286-dc621d406849 ] Request (ServersTestMultiNic:test_verify_duplicate_network_nics): 200 GET http://10.180.1.21/compute/v2.1/servers/8fcf1d4c-3aea-4409-b376-cd8c1c98c0e5 1.071s
2024-05-29 03:10:39.864 61254 INFO tempest.lib.common.rest_client [req-3085587a-49c5-4f02-b4e5-c70bae394ef8 req-3085587a-49c5-4f02-b4e5-c70bae394ef8 ] Request (InstanceActionsV221TestJSON:setUpClass): 201 POST http://10.180.1.21/identity/v3/projects 0.024s
2024-05-29 03:10:39.914 61254 INFO tempest.lib.common.rest_client [req-c0fb0e8b-c8e8-4819-9a78-6384947f6859 req-c0fb0e8b-c8e8-4819-9a78-6384947f6859 ] Request (InstanceActionsV221TestJSON:setUpClass): 201 POST http://10.180.1.21/identity/v3/users 0.049s
2024-05-29 03:10:39.925 61247 INFO tempest.lib.common.rest_client [req-2d071838-9370-47a3-b635-7f0f845e91f3 req-2d071838-9370-47a3-b635-7f0f845e91f3 ] Request (ServerAddressesNegativeTestJSON:setUpClass): 201 POST http://10.180.1.21:9696/networking/v2.0/subnets 0.456s
2024-05-29 03:10:39.929 61241 INFO tempest.lib.common.rest_client [req-cc119bcc-7eeb-4a20-947f-e627dc76d4a9 req-cc119bcc-7eeb-4a20-947f-e627dc76d4a9 ] Request (AttachInterfacesV270Test:test_create_get_list_interfaces): 200 GET http://10.180.1.21/compute/v2.1/servers/665b60d1-0417-4fdf-86fa-6862aa270994 1.087s
2024-05-29 03:10:39.929 61254 INFO tempest.lib.common.rest_client [req-b35c6ea3-4d73-4ad8-b8aa-bd4c3c8d2190 req-b35c6ea3-4d73-4ad8-b8aa-bd4c3c8d2190 ] Request (InstanceActionsV221TestJSON:setUpClass): 200 GET http://10.180.1.21/identity/v3/roles 0.015s
2024-05-29 03:10:39.931 61188 INFO tempest.lib.common.rest_client [req-03ebbd2a-93ad-4dad-b47e-6e8820a6b298 req-03ebbd2a-93ad-4dad-b47e-6e8820a6b298 ] Request (ServersNegativeTestMultiTenantJSON:setUpClass): 200 GET http://10.180.1.21/compute/v2.1/servers/8f9ce572-bc54-4a2c-afab-5e795b2a4845 1.068s
2024-05-29 03:10:39.955 61254 INFO tempest.lib.common.rest_client [req-7b1431d1-d4c5-4e9d-a67e-7b557ef05f7d req-7b1431d1-d4c5-4e9d-a67e-7b557ef05f7d ] Request (InstanceActionsV221TestJSON:setUpClass): 204 PUT http://10.180.1.21/identity/v3/projects/345cf9a9be014fe89e0e255e5a336f0f/users/0a67522a63094043b7ce14a6ff446ad0/roles/641688dde63540b0bd243696e3b65e64 0.025s
2024-05-29 03:10:39.955 61254 INFO tempest.lib.common.dynamic_creds [-] Dynamic test user 0a67522a63094043b7ce14a6ff446ad0 is created with scope project and roles: ['member']
2024-05-29 03:10:39.955 61254 INFO tempest.lib.common.dynamic_creds [-] Acquired dynamic creds: credentials: Credentials: {'domain_id': 'default', 'domain_name': 'Default', 'username': 'tempest-InstanceActionsV221TestJSON-1586176728-project-member', 'project_domain_id': 'default', 'project_domain_name': 'Default', 'project_id': '345cf9a9be014fe89e0e255e5a336f0f', 'project_name': 'tempest-InstanceActionsV221TestJSON-1586176728', 'tenant_id': '345cf9a9be014fe89e0e255e5a336f0f', 'tenant_name': 'tempest-InstanceActionsV221TestJSON-1586176728', 'user_domain_id': 'default', 'user_domain_name': 'Default', 'user_id': '0a67522a63094043b7ce14a6ff446ad0', 'system': None}, Network: None, Subnet: None, Router: None
2024-05-29 03:10:40.002 61254 INFO tempest.lib.common.rest_client [req-038ea830-b2bc-4eda-bf34-3f525946bbf3 req-038ea830-b2bc-4eda-bf34-3f525946bbf3 ] Request (InstanceActionsV221TestJSON:setUpClass): 201 POST http://10.180.1.21/identity/v3/auth/tokens 0.046s
2024-05-29 03:10:40.016 61196 INFO tempest.lib.common.rest_client [req-34e5fbb0-4491-47ac-91a5-6f645a29f3a4 req-34e5fbb0-4491-47ac-91a5-6f645a29f3a4 ] Request (AttachInterfacesUnderV243Test:test_add_remove_fixed_ip): 200 GET http://10.180.1.21/compute/v2.1/servers/c2817d47-8c68-4c7f-93a2-44e0029e6256 1.062s
2024-05-29 03:10:40.024 61232 INFO tempest.lib.common.rest_client [req-fc1d08a2-1f9d-4c3c-81ae-a547c6df36e9 req-fc1d08a2-1f9d-4c3c-81ae-a547c6df36e9 ] Request (FlavorsAdminTestJSON:test_list_public_flavor_with_other_user): 200 POST http://10.180.1.21/compute/v2.1/flavors 0.918s
2024-05-29 03:10:40.108 61226 INFO tempest.lib.common.rest_client [req-64c1277a-384f-42dd-b679-5a44dcaa7a6e req-64c1277a-384f-42dd-b679-5a44dcaa7a6e ] Request (ServerTagsTestJSON:setUpClass): 200 GET http://10.180.1.21/compute/v2.1/servers/cd16ccda-442c-42d5-a995-79231636db2c 0.939s
2024-05-29 03:10:40.186 61256 INFO tempest.lib.common.rest_client [req-aef33660-64b7-4c9a-b424-0cd1154d1f73 req-aef33660-64b7-4c9a-b424-0cd1154d1f73 ] Request (AttachVolumeTestJSON:test_attach_detach_volume): 200 GET http://10.180.1.21/compute/v2.1/servers/364699fb-1883-4c85-9966-3c2ea5329a48 0.989s
2024-05-29 03:10:40.192 61216 INFO tempest.lib.common.rest_client [req-f01d11ba-a5d6-41db-8fbd-b71d31ffeabf req-f01d11ba-a5d6-41db-8fbd-b71d31ffeabf ] Request (ImagesNegativeTestJSON:test_create_image_specify_uuid_37_characters_or_more): 404 POST http://10.180.1.21/compute/v2.1/servers/aaaaaaaaaaaaaaaaaaaaaaaaaaaaaaaaaaaaa/action 0.989s
2024-05-29 03:10:40.246 61249 INFO tempest.lib.common.rest_client [req-1ddfd702-5ad1-4200-be03-e4716a6657e4 req-1ddfd702-5ad1-4200-be03-e4716a6657e4 ] Request (DeleteServersAdminTestJSON:test_delete_server_while_in_error_state): 200 GET http://10.180.1.21/compute/v2.1/servers/b4a41ed4-9814-4f55-a685-335955c943cc 1.033s
2024-05-29 03:10:40.570 61254 INFO tempest.lib.common.rest_client [req-b2dccb05-badc-4a92-86b2-6dae59d7fd1b req-b2dccb05-badc-4a92-86b2-6dae59d7fd1b ] Request (InstanceActionsV221TestJSON:setUpClass): 201 POST http://10.180.1.21:9696/networking/v2.0/networks 0.568s
2024-05-29 03:10:40.653 61220 INFO tempest.lib.common.rest_client [req-3ace766b-8f0f-4461-b2ba-e8176b1980d9 req-3ace766b-8f0f-4461-b2ba-e8176b1980d9 ] Request (ImagesOneServerNegativeTestJSON:setUpClass): 200 GET http://10.180.1.21/compute/v2.1/servers/c97cf0d0-0dfb-4507-9eb6-9ff643b1f658 1.426s
2024-05-29 03:10:40.868 61204 INFO tempest.lib.common.rest_client [req-c6c7bfc3-2a03-4bec-9224-78e1baeeee27 req-c6c7bfc3-2a03-4bec-9224-78e1baeeee27 ] Request (FloatingIPDetailsTestJSON:tearDownClass): 202 DELETE http://10.180.1.21/compute/v2.1/os-floating-ips/ef68b123-c5e7-4e49-84a1-cdaa9e0c21a3 1.858s
2024-05-29 03:10:40.956 61242 INFO tempest.lib.common.rest_client [req-85a0ac25-7f2c-424d-9ff2-e05dd6fa20ce req-85a0ac25-7f2c-424d-9ff2-e05dd6fa20ce ] Request (SecurityGroupsTestJSON:test_security_groups_create_list_delete): 200 POST http://10.180.1.21/compute/v2.1/os-security-groups 1.689s
2024-05-29 03:10:40.956 61203 INFO tempest.lib.common.rest_client [req-09998e49-6cfa-4af0-b6ae-fa7d13944feb req-09998e49-6cfa-4af0-b6ae-fa7d13944feb ] Request (FloatingIPsAssociationNegativeTestJSON:setUpClass): 200 GET http://10.180.1.21/compute/v2.1/servers/3acd6f40-8c3b-49f4-b883-828558a1aef4 1.645s
2024-05-29 03:10:41.038 61194 INFO tempest.lib.common.rest_client [req-43118f3f-6cbf-4062-9ae4-3fc8a70fb804 req-43118f3f-6cbf-4062-9ae4-3fc8a70fb804 ] Request (ServerAddressesTestJSON:setUpClass): 200 GET http://10.180.1.21/compute/v2.1/servers/1febcc1e-9da0-4ddc-b0dd-b8cac7df27f6 1.647s
2024-05-29 03:10:41.040 61224 INFO tempest.lib.common.rest_client [req-269846e5-c3e2-4550-933e-1ae37533a4d3 req-269846e5-c3e2-4550-933e-1ae37533a4d3 ] Request (AttachInterfacesTestJSON:test_create_list_show_delete_interfaces_by_fixed_ip): 200 GET http://10.180.1.21/compute/v2.1/servers/2ad6abc2-047b-48bc-8233-851c994cda05 1.729s
2024-05-29 03:10:41.094 61254 INFO tempest.lib.common.rest_client [req-3a0814bf-2029-4045-a411-eedf48cda7b3 req-3a0814bf-2029-4045-a411-eedf48cda7b3 ] Request (InstanceActionsV221TestJSON:setUpClass): 201 POST http://10.180.1.21:9696/networking/v2.0/subnets 0.523s
2024-05-29 03:10:41.128 61192 INFO tempest.lib.common.rest_client [req-ea8fcf06-cd2f-4c04-a1b2-3c52f485c697 req-ea8fcf06-cd2f-4c04-a1b2-3c52f485c697 ] Request (FloatingIPsAssociationTestJSON:setUpClass): 200 GET http://10.180.1.21/compute/v2.1/servers/ac699bb1-5866-46f2-8e51-a8b970b128d1 1.720s
2024-05-29 03:10:41.151 61206 INFO tempest.lib.common.rest_client [req-06b6ddda-fd4b-4e72-8455-94e2a9006edb req-06b6ddda-fd4b-4e72-8455-94e2a9006edb ] Request (QuotasTestJSON:test_compare_tenant_quotas_with_default_quotas): 200 GET http://10.180.1.21/compute/v2.1/os-quota-sets/375c178b15e942d58443da062daf99fe 1.694s
2024-05-29 03:10:41.172 61233 INFO tempest.lib.common.rest_client [req-895fb401-e0af-4738-a032-15689b98e5be req-895fb401-e0af-4738-a032-15689b98e5be ] Request (ServersWithSpecificFlavorTestJSON:_run_cleanups): 202 DELETE http://10.180.1.21/compute/v2.1/flavors/2115258046 1.660s
2024-05-29 03:10:41.244 61201 INFO tempest.lib.common.rest_client [req-c3f26ef0-ad72-4d3d-b654-efa255292693 req-c3f26ef0-ad72-4d3d-b654-efa255292693 ] Request (ServersAdminNegativeTestJSON:setUpClass): 200 GET http://10.180.1.21/compute/v2.1/servers/ba77a483-6dff-4062-a84a-1f088ee0f359 1.751s
2024-05-29 03:10:41.260 61235 INFO tempest.lib.common.rest_client [req-3553a900-badc-4347-b467-105ba6364745 req-3553a900-badc-4347-b467-105ba6364745 ] Request (ServerActionsV293TestJSON:setUpClass): 200 GET http://10.180.1.21/compute/v2.1/servers/aab3e30c-0030-4fec-8ca4-67a9bbffc31a 1.678s
2024-05-29 03:10:41.324 61198 INFO tempest.lib.common.rest_client [req-67ddeb1b-74d2-44e8-b484-daf1f713e4f5 req-67ddeb1b-74d2-44e8-b484-daf1f713e4f5 ] Request (ServerDiskConfigTestJSON:test_rebuild_server_with_auto_disk_config): 200 GET http://10.180.1.21/compute/v2.1/servers/81818668-fedc-4740-abeb-3a411adf3db9 1.677s
2024-05-29 03:10:41.349 61229 INFO tempest.lib.common.rest_client [req-27932466-8272-482c-9281-dce01416ca7e req-27932466-8272-482c-9281-dce01416ca7e ] Request (ServersAdmin275Test:test_rebuild_update_server_275): 200 GET http://10.180.1.21/compute/v2.1/servers/535d7148-8722-4cf9-8f55-9b44beccb5f4 1.599s
2024-05-29 03:10:41.363 61232 INFO tempest.lib.common.rest_client [req-e4b49a3c-214e-4840-9480-4566d0715bb2 req-e4b49a3c-214e-4840-9480-4566d0715bb2 ] Request (FlavorsAdminTestJSON:test_list_public_flavor_with_other_user): 200 GET http://10.180.1.21/compute/v2.1/flavors/detail 1.337s
2024-05-29 03:10:41.433 61252 INFO tempest.lib.common.rest_client [req-dd124bcd-60f0-403b-a13e-ddb674dec7ee req-dd124bcd-60f0-403b-a13e-ddb674dec7ee ] Request (ServersAaction247Test:tearDownClass): 200 GET http://10.180.1.21/compute/v2.1/servers/a4d82323-de64-4638-b7cb-0ec298e47eb6 1.352s
2024-05-29 03:10:41.469 61238 INFO tempest.lib.common.rest_client [req-0bb1a50b-6044-4eee-97ff-a7048daf7530 req-0bb1a50b-6044-4eee-97ff-a7048daf7530 ] Request (QuotasAdminNegativeTest:_run_cleanups): 200 PUT http://10.180.1.21/compute/v2.1/os-quota-sets/d2e162779288492588dfe0b78e39cbee 1.678s
2024-05-29 03:10:41.617 61218 INFO tempest.lib.common.rest_client [req-964c70b7-552b-43f3-b12a-4ded3c1be069 req-964c70b7-552b-43f3-b12a-4ded3c1be069 ] Request (ServersTestManualDisk:setUpClass): 200 GET http://10.180.1.21/compute/v2.1/servers/9c1e8f9b-abec-4df0-a8f8-41b9d2f94a5d 1.198s
2024-05-29 03:10:41.650 61186 INFO tempest.lib.common.rest_client [req-2cfbb22a-5c03-468a-b06c-69afa4d81b7c req-2cfbb22a-5c03-468a-b06c-69afa4d81b7c ] Request (MigrationsAdminTest:test_resize_server_revert_deleted_flavor): 200 GET http://10.180.1.21/compute/v2.1/servers/aadc100f-31be-49fb-a807-0796b41bd90e 0.975s
2024-05-29 03:10:41.682 61222 INFO tempest.lib.common.rest_client [req-1bdd281c-c59c-4a21-9bda-ee6d8e851a54 req-1bdd281c-c59c-4a21-9bda-ee6d8e851a54 ] Request (ServerActionsTestOtherA:setUpClass): 200 GET http://10.180.1.21/compute/v2.1/servers/c3abf998-dab6-4326-aace-8722b0e7ac29 0.928s
2024-05-29 03:10:41.720 61215 INFO tempest.lib.common.rest_client [req-3736f421-0866-47ea-88cc-6fe6c9f77901 req-3736f421-0866-47ea-88cc-6fe6c9f77901 ] Request (ServersTestFqdnHostnames:test_create_server_with_fqdn_name): 200 GET http://10.180.1.21/compute/v2.1/servers/1c392cb0-ea88-48c9-9633-10b335cc414e 0.907s
2024-05-29 03:10:41.731 61247 INFO tempest.lib.common.rest_client [req-e4aa9bf1-8bb5-4f8e-9516-872faa9ef848 req-e4aa9bf1-8bb5-4f8e-9516-872faa9ef848 ] Request (ServerAddressesNegativeTestJSON:setUpClass): 201 POST http://10.180.1.21:9696/networking/v2.0/routers 1.805s
2024-05-29 03:10:41.803 61210 INFO tempest.lib.common.rest_client [req-336fa92e-79ef-445f-9c78-1cb72675b77a req-336fa92e-79ef-445f-9c78-1cb72675b77a ] Request (ServersTestMultiNic:test_verify_duplicate_network_nics): 200 GET http://10.180.1.21/compute/v2.1/servers/8fcf1d4c-3aea-4409-b376-cd8c1c98c0e5 0.948s
2024-05-29 03:10:41.809 61210 INFO tempest.common.waiters [-] State transition "BUILD/spawning" ==> "ERROR/None" after 60 second wait
2024-05-29 03:10:41.878 61241 INFO tempest.lib.common.rest_client [req-f5f327e6-cea4-45d1-a285-0a6c3fb83058 req-f5f327e6-cea4-45d1-a285-0a6c3fb83058 ] Request (AttachInterfacesV270Test:test_create_get_list_interfaces): 200 GET http://10.180.1.21/compute/v2.1/servers/665b60d1-0417-4fdf-86fa-6862aa270994 0.940s
2024-05-29 03:10:41.990 61188 INFO tempest.lib.common.rest_client [req-422a5bfb-b2fd-45ce-b10c-2c738af02193 req-422a5bfb-b2fd-45ce-b10c-2c738af02193 ] Request (ServersNegativeTestMultiTenantJSON:setUpClass): 200 GET http://10.180.1.21/compute/v2.1/servers/8f9ce572-bc54-4a2c-afab-5e795b2a4845 1.051s
2024-05-29 03:10:42.491 61216 INFO tempest.lib.common.rest_client [req-ead07bc3-cb8b-48f9-a5dd-983209ffde60 req-ead07bc3-cb8b-48f9-a5dd-983209ffde60 ] Request (ImagesNegativeTestJSON:tearDownClass): 200 PUT http://10.180.1.21:9696/networking/v2.0/routers/7f2545f5-e055-475a-874d-cff44647d32d/remove_router_interface 2.297s
2024-05-29 03:10:42.634 61254 INFO tempest.lib.common.rest_client [req-79332bf8-f385-4db5-a88a-3ffa054ee07f req-79332bf8-f385-4db5-a88a-3ffa054ee07f ] Request (InstanceActionsV221TestJSON:setUpClass): 201 POST http://10.180.1.21:9696/networking/v2.0/routers 1.540s
2024-05-29 03:10:42.761 61242 INFO tempest.lib.common.rest_client [req-7507c18e-77b6-4e82-a9b3-79cd47bcab19 req-7507c18e-77b6-4e82-a9b3-79cd47bcab19 ] Request (SecurityGroupsTestJSON:test_security_groups_create_list_delete): 200 GET http://10.180.1.21/compute/v2.1/os-security-groups 1.803s
2024-05-29 03:10:42.870 61196 INFO tempest.lib.common.rest_client [req-a8899e7b-e389-47da-bf24-07e7bd354b31 req-a8899e7b-e389-47da-bf24-07e7bd354b31 ] Request (AttachInterfacesUnderV243Test:test_add_remove_fixed_ip): 200 GET http://10.180.1.21/compute/v2.1/servers/c2817d47-8c68-4c7f-93a2-44e0029e6256 1.847s
2024-05-29 03:10:42.926 61216 INFO tempest.lib.common.rest_client [req-72f025ba-7f7d-4229-9468-1fbabd90a493 req-72f025ba-7f7d-4229-9468-1fbabd90a493 ] Request (ImagesNegativeTestJSON:tearDownClass): 204 DELETE http://10.180.1.21:9696/networking/v2.0/routers/7f2545f5-e055-475a-874d-cff44647d32d 0.434s
2024-05-29 03:10:42.964 61226 INFO tempest.lib.common.rest_client [req-8d9ef50d-93d2-4837-9cb2-fee6192a1c66 req-8d9ef50d-93d2-4837-9cb2-fee6192a1c66 ] Request (ServerTagsTestJSON:setUpClass): 200 GET http://10.180.1.21/compute/v2.1/servers/cd16ccda-442c-42d5-a995-79231636db2c 1.847s
2024-05-29 03:10:42.974 61204 INFO tempest.lib.common.rest_client [req-f5f7d6c1-61e4-45ca-8c99-bcf4c2db7f29 req-f5f7d6c1-61e4-45ca-8c99-bcf4c2db7f29 ] Request (FloatingIPDetailsTestJSON:tearDownClass): 202 DELETE http://10.180.1.21/compute/v2.1/os-floating-ips/b501f21c-862c-4c69-b7f6-f7e9612e0015 2.105s
2024-05-29 03:10:42.991 61233 INFO tempest.lib.common.rest_client [req-b5e2525b-76c2-437c-bdee-8fe7f357afe0 req-b5e2525b-76c2-437c-bdee-8fe7f357afe0 ] Request (ServersWithSpecificFlavorTestJSON:_run_cleanups): 200 GET http://10.180.1.21/compute/v2.1/flavors/detail 1.819s
2024-05-29 03:10:42.992 61206 INFO tempest.lib.common.rest_client [req-99b61050-8364-410d-bf4d-eeac52fbf48f req-99b61050-8364-410d-bf4d-eeac52fbf48f ] Request (QuotasTestJSON:test_get_default_quotas): 200 GET http://10.180.1.21/compute/v2.1/os-quota-sets/375c178b15e942d58443da062daf99fe/defaults 1.836s
2024-05-29 03:10:43.109 61249 INFO tempest.lib.common.rest_client [req-a04bd499-0ace-4a8d-95d3-45261b35acdd req-a04bd499-0ace-4a8d-95d3-45261b35acdd ] Request (DeleteServersAdminTestJSON:test_delete_server_while_in_error_state): 200 GET http://10.180.1.21/compute/v2.1/servers/b4a41ed4-9814-4f55-a685-335955c943cc 1.855s
2024-05-29 03:10:43.116 61249 INFO tempest.common.waiters [-] State transition "BUILD/None" ==> "BUILD/networking" after 34 second wait
2024-05-29 03:10:43.124 61232 INFO tempest.lib.common.rest_client [req-69c7de59-d442-4c84-856a-48c8262d18e2 req-69c7de59-d442-4c84-856a-48c8262d18e2 ] Request (FlavorsAdminTestJSON:_run_cleanups): 202 DELETE http://10.180.1.21/compute/v2.1/flavors/1946922349 1.756s
2024-05-29 03:10:43.130 61256 INFO tempest.lib.common.rest_client [req-643245b5-8d2a-4c35-b1a2-1848ae093882 req-643245b5-8d2a-4c35-b1a2-1848ae093882 ] Request (AttachVolumeTestJSON:test_attach_detach_volume): 200 GET http://10.180.1.21/compute/v2.1/servers/364699fb-1883-4c85-9966-3c2ea5329a48 1.935s
2024-05-29 03:10:43.181 61238 INFO tempest.lib.common.rest_client [req-4bc92cb0-a5b1-4df2-983b-1bb663cf66de req-4bc92cb0-a5b1-4df2-983b-1bb663cf66de ] Request (QuotasAdminNegativeTest:test_create_server_when_instances_quota_is_full): 200 GET http://10.180.1.21/compute/v2.1/os-quota-sets/d2e162779288492588dfe0b78e39cbee 1.709s
2024-05-29 03:10:43.237 61220 INFO tempest.lib.common.rest_client [req-54f63921-0f60-4406-a0bb-0e38d7d85962 req-54f63921-0f60-4406-a0bb-0e38d7d85962 ] Request (ImagesOneServerNegativeTestJSON:setUpClass): 200 GET http://10.180.1.21/compute/v2.1/servers/c97cf0d0-0dfb-4507-9eb6-9ff643b1f658 1.577s
2024-05-29 03:10:43.243 61220 INFO tempest.common.waiters [-] State transition "BUILD/spawning" ==> "ERROR/None" after 57 second wait
2024-05-29 03:10:43.364 61216 INFO tempest.lib.common.rest_client [req-1eeb6e61-5b85-44f6-9b50-1f4df16315b9 req-1eeb6e61-5b85-44f6-9b50-1f4df16315b9 ] Request (ImagesNegativeTestJSON:tearDownClass): 204 DELETE http://10.180.1.21:9696/networking/v2.0/subnets/2fb26a5a-219d-48d1-8c8d-5331c060d447 0.438s
2024-05-29 03:10:43.437 61210 INFO tempest.lib.common.rest_client [req-f4fc01e8-0b0d-48cb-bef6-24393b4742db req-f4fc01e8-0b0d-48cb-bef6-24393b4742db ] Request (ServersTestMultiNic:test_verify_duplicate_network_nics): 204 DELETE http://10.180.1.21/compute/v2.1/servers/8fcf1d4c-3aea-4409-b376-cd8c1c98c0e5 1.627s
2024-05-29 03:10:43.521 61203 INFO tempest.lib.common.rest_client [req-88aa8b79-6ba8-4134-9bce-222f8004d2b0 req-88aa8b79-6ba8-4134-9bce-222f8004d2b0 ] Request (FloatingIPsAssociationNegativeTestJSON:setUpClass): 200 GET http://10.180.1.21/compute/v2.1/servers/3acd6f40-8c3b-49f4-b883-828558a1aef4 1.558s
2024-05-29 03:10:43.602 61194 INFO tempest.lib.common.rest_client [req-d98f3cf3-0c94-4bf2-8afb-0247b5f65805 req-d98f3cf3-0c94-4bf2-8afb-0247b5f65805 ] Request (ServerAddressesTestJSON:setUpClass): 200 GET http://10.180.1.21/compute/v2.1/servers/1febcc1e-9da0-4ddc-b0dd-b8cac7df27f6 1.556s
2024-05-29 03:10:43.685 61224 INFO tempest.lib.common.rest_client [req-f16c3211-8ac7-4303-b5c6-293d241935d2 req-f16c3211-8ac7-4303-b5c6-293d241935d2 ] Request (AttachInterfacesTestJSON:test_create_list_show_delete_interfaces_by_fixed_ip): 200 GET http://10.180.1.21/compute/v2.1/servers/2ad6abc2-047b-48bc-8233-851c994cda05 1.638s
2024-05-29 03:10:43.690 61216 INFO tempest.lib.common.rest_client [req-0d1fe9a6-c1f0-4b10-86ba-086efe0918c9 req-0d1fe9a6-c1f0-4b10-86ba-086efe0918c9 ] Request (ImagesNegativeTestJSON:tearDownClass): 204 DELETE http://10.180.1.21:9696/networking/v2.0/networks/a6db584a-ead7-4f59-b958-e95478a131de 0.326s
2024-05-29 03:10:43.768 61216 INFO tempest.lib.common.rest_client [req-320a1df4-2f38-495e-8eee-e5be4d8bcfec req-320a1df4-2f38-495e-8eee-e5be4d8bcfec ] Request (ImagesNegativeTestJSON:tearDownClass): 204 DELETE http://10.180.1.21/identity/v3/users/b0750c60469b421f9d0b2c8a5fa2f6bf 0.077s
2024-05-29 03:10:43.768 61216 INFO tempest.lib.common.dynamic_creds [-] Deleting project and security group for project: f796790b670148a9b64f7e009f97d272
2024-05-29 03:10:43.790 61192 INFO tempest.lib.common.rest_client [req-51500c0c-c717-4f76-8762-b25b8e7e4258 req-51500c0c-c717-4f76-8762-b25b8e7e4258 ] Request (FloatingIPsAssociationTestJSON:setUpClass): 200 GET http://10.180.1.21/compute/v2.1/servers/ac699bb1-5866-46f2-8e51-a8b970b128d1 1.655s
2024-05-29 03:10:43.809 61208 INFO tempest.lib.common.rest_client [req-6196c8c8-52ef-42f8-8126-c8bb51e3def1 req-6196c8c8-52ef-42f8-8126-c8bb51e3def1 ] Request (ServerDiagnosticsV248Test:test_get_server_diagnostics): 200 GET http://10.180.1.21/compute/v2.1/servers/4977e0bb-8508-4f59-8f76-9218b18579b0/diagnostics 1.966s
2024-05-29 03:10:43.829 61216 INFO tempest.lib.common.rest_client [req-7578ed26-3ae1-4e9d-a88a-91adc3fdb2bc req-7578ed26-3ae1-4e9d-a88a-91adc3fdb2bc ] Request (ImagesNegativeTestJSON:tearDownClass): 200 GET http://10.180.1.21:9696/networking/v2.0/security-groups?tenant_id=f796790b670148a9b64f7e009f97d272&name=default 0.060s
2024-05-29 03:10:43.889 61201 INFO tempest.lib.common.rest_client [req-bdde610b-2db8-4d1d-8813-c5aa62fefd4d req-bdde610b-2db8-4d1d-8813-c5aa62fefd4d ] Request (ServersAdminNegativeTestJSON:setUpClass): 200 GET http://10.180.1.21/compute/v2.1/servers/ba77a483-6dff-4062-a84a-1f088ee0f359 1.638s
2024-05-29 03:10:43.896 61201 INFO tempest.common.waiters [-] State transition "BUILD/scheduling" ==> "BUILD/None" after 20 second wait
2024-05-29 03:10:43.916 61235 INFO tempest.lib.common.rest_client [req-bce55d20-30a3-4e95-805b-5cad970c8102 req-bce55d20-30a3-4e95-805b-5cad970c8102 ] Request (ServerActionsV293TestJSON:setUpClass): 200 GET http://10.180.1.21/compute/v2.1/servers/aab3e30c-0030-4fec-8ca4-67a9bbffc31a 1.646s
2024-05-29 03:10:43.984 61198 INFO tempest.lib.common.rest_client [req-8d4fda2a-c06e-481b-91f0-2e92d234225b req-8d4fda2a-c06e-481b-91f0-2e92d234225b ] Request (ServerDiskConfigTestJSON:test_rebuild_server_with_auto_disk_config): 200 GET http://10.180.1.21/compute/v2.1/servers/81818668-fedc-4740-abeb-3a411adf3db9 1.653s
2024-05-29 03:10:44.005 61216 INFO tempest.lib.common.rest_client [req-2fff69a5-c781-4983-9e90-46861ceddaef req-2fff69a5-c781-4983-9e90-46861ceddaef ] Request (ImagesNegativeTestJSON:tearDownClass): 204 DELETE http://10.180.1.21:9696/networking/v2.0/security-groups/7078ff1f-3315-4c81-a31b-eac0bc9d3da4 0.175s
2024-05-29 03:10:44.100 61216 INFO tempest.lib.common.rest_client [req-3a3bb6ad-dcbe-4ee1-94a6-ef83ffb076f1 req-3a3bb6ad-dcbe-4ee1-94a6-ef83ffb076f1 ] Request (ImagesNegativeTestJSON:tearDownClass): 204 DELETE http://10.180.1.21/identity/v3/projects/f796790b670148a9b64f7e009f97d272 0.095s
2024-05-29 03:10:44.157 61216 INFO tempest.lib.common.rest_client [req-7c898ad3-9dbb-4f4d-a07d-a898e7bfb414 req-7c898ad3-9dbb-4f4d-a07d-a898e7bfb414 ] Request (ServerRescueTestJSONUnderV235:setUpClass): 201 POST http://10.180.1.21/identity/v3/auth/tokens 0.055s
2024-05-29 03:10:44.181 61216 INFO tempest.lib.common.rest_client [req-e9c47868-9eb3-4b34-9a27-b31cb03624f0 req-e9c47868-9eb3-4b34-9a27-b31cb03624f0 ] Request (ServerRescueTestJSONUnderV235:setUpClass): 201 POST http://10.180.1.21/identity/v3/auth/tokens 0.021s
2024-05-29 03:10:44.202 61216 INFO tempest.lib.common.rest_client [req-488a898d-77a6-472f-ba6b-366f0354478a req-488a898d-77a6-472f-ba6b-366f0354478a ] Request (ServerRescueTestJSONUnderV235:setUpClass): 200 GET http://10.180.1.21/identity/v3/domains?name=Default 0.021s
2024-05-29 03:10:44.234 61216 INFO tempest.lib.common.rest_client [req-36e56622-781a-48ca-8878-8147a73398f5 req-36e56622-781a-48ca-8878-8147a73398f5 ] Request (ServerRescueTestJSONUnderV235:setUpClass): 201 POST http://10.180.1.21/identity/v3/projects 0.031s
2024-05-29 03:10:44.289 61216 INFO tempest.lib.common.rest_client [req-6f524a48-4898-4260-a2f2-9b3ab627c61e req-6f524a48-4898-4260-a2f2-9b3ab627c61e ] Request (ServerRescueTestJSONUnderV235:setUpClass): 201 POST http://10.180.1.21/identity/v3/users 0.055s
2024-05-29 03:10:44.313 61216 INFO tempest.lib.common.rest_client [req-fbfa810f-50d7-482c-8c27-bf34135fbb64 req-fbfa810f-50d7-482c-8c27-bf34135fbb64 ] Request (ServerRescueTestJSONUnderV235:setUpClass): 200 GET http://10.180.1.21/identity/v3/roles 0.023s
2024-05-29 03:10:44.329 61229 INFO tempest.lib.common.rest_client [req-780bf3eb-2be6-463d-b4b3-f7aa1454a93d req-780bf3eb-2be6-463d-b4b3-f7aa1454a93d ] Request (ServersAdmin275Test:test_rebuild_update_server_275): 200 GET http://10.180.1.21/compute/v2.1/servers/535d7148-8722-4cf9-8f55-9b44beccb5f4 1.970s
2024-05-29 03:10:44.339 61229 INFO tempest.common.waiters [-] State transition "REBUILD/rebuild_spawning" ==> "ACTIVE/None" after 8 second wait
2024-05-29 03:10:44.356 61216 INFO tempest.lib.common.rest_client [req-f158ff3d-fd80-4518-bc2d-ced6513dd266 req-f158ff3d-fd80-4518-bc2d-ced6513dd266 ] Request (ServerRescueTestJSONUnderV235:setUpClass): 204 PUT http://10.180.1.21/identity/v3/projects/35183cbbf40c4ea2b277947501d57291/users/90cacd17284d4d78aad6bb182fcd1527/roles/641688dde63540b0bd243696e3b65e64 0.042s
2024-05-29 03:10:44.356 61216 INFO tempest.lib.common.dynamic_creds [-] Dynamic test user 90cacd17284d4d78aad6bb182fcd1527 is created with scope project and roles: ['member']
2024-05-29 03:10:44.356 61216 INFO tempest.lib.common.dynamic_creds [-] Acquired dynamic creds: credentials: Credentials: {'domain_id': 'default', 'domain_name': 'Default', 'username': 'tempest-ServerRescueTestJSONUnderV235-1150337572-project-member', 'project_domain_id': 'default', 'project_domain_name': 'Default', 'project_id': '35183cbbf40c4ea2b277947501d57291', 'project_name': 'tempest-ServerRescueTestJSONUnderV235-1150337572', 'tenant_id': '35183cbbf40c4ea2b277947501d57291', 'tenant_name': 'tempest-ServerRescueTestJSONUnderV235-1150337572', 'user_domain_id': 'default', 'user_domain_name': 'Default', 'user_id': '90cacd17284d4d78aad6bb182fcd1527', 'system': None}, Network: None, Subnet: None, Router: None
2024-05-29 03:10:44.372 61252 INFO tempest.lib.common.rest_client [req-e2d3bc47-f45d-4a9d-ace7-2252953766b3 req-e2d3bc47-f45d-4a9d-ace7-2252953766b3 ] Request (ServersAaction247Test:tearDownClass): 200 GET http://10.180.1.21/compute/v2.1/servers/a4d82323-de64-4638-b7cb-0ec298e47eb6 1.927s
2024-05-29 03:10:44.382 61252 INFO tempest.common.waiters [-] State transition "ACTIVE/deleting" ==> "DELETED/None" after 5 second wait
2024-05-29 03:10:44.426 61216 INFO tempest.lib.common.rest_client [req-3474d0c7-b617-43d1-820f-41e1fbbdfcb9 req-3474d0c7-b617-43d1-820f-41e1fbbdfcb9 ] Request (ServerRescueTestJSONUnderV235:setUpClass): 201 POST http://10.180.1.21/identity/v3/auth/tokens 0.069s
2024-05-29 03:10:44.651 61186 INFO tempest.lib.common.rest_client [req-cdff7d9e-0e86-41bf-a050-e172cb29a396 req-cdff7d9e-0e86-41bf-a050-e172cb29a396 ] Request (MigrationsAdminTest:test_resize_server_revert_deleted_flavor): 200 GET http://10.180.1.21/compute/v2.1/servers/aadc100f-31be-49fb-a807-0796b41bd90e 1.993s
2024-05-29 03:10:44.710 61218 INFO tempest.lib.common.rest_client [req-1028a3f6-aaee-405c-814b-827c6945d338 req-1028a3f6-aaee-405c-814b-827c6945d338 ] Request (ServersTestManualDisk:setUpClass): 200 GET http://10.180.1.21/compute/v2.1/servers/9c1e8f9b-abec-4df0-a8f8-41b9d2f94a5d 2.087s
2024-05-29 03:10:44.738 61222 INFO tempest.lib.common.rest_client [req-2ba2b905-9558-448c-94c5-f838f1f8ac0a req-2ba2b905-9558-448c-94c5-f838f1f8ac0a ] Request (ServerActionsTestOtherA:setUpClass): 200 GET http://10.180.1.21/compute/v2.1/servers/c3abf998-dab6-4326-aace-8722b0e7ac29 2.048s
2024-05-29 03:10:44.742 61216 INFO tempest.lib.common.rest_client [req-ffa1819d-017e-45d6-b6c5-8c317e9c30b0 req-ffa1819d-017e-45d6-b6c5-8c317e9c30b0 ] Request (ServerRescueTestJSONUnderV235:setUpClass): 201 POST http://10.180.1.21:9696/networking/v2.0/networks 0.315s
2024-05-29 03:10:44.822 61215 INFO tempest.lib.common.rest_client [req-e307a250-64c4-4f38-81d8-1fb9f02ec2f1 req-e307a250-64c4-4f38-81d8-1fb9f02ec2f1 ] Request (ServersTestFqdnHostnames:test_create_server_with_fqdn_name): 200 GET http://10.180.1.21/compute/v2.1/servers/1c392cb0-ea88-48c9-9633-10b335cc414e 2.094s
2024-05-29 03:10:44.940 61241 INFO tempest.lib.common.rest_client [req-297e619e-b08b-4275-ad19-19cf91160d01 req-297e619e-b08b-4275-ad19-19cf91160d01 ] Request (AttachInterfacesV270Test:test_create_get_list_interfaces): 200 GET http://10.180.1.21/compute/v2.1/servers/665b60d1-0417-4fdf-86fa-6862aa270994 2.052s
2024-05-29 03:10:45.298 61242 INFO tempest.lib.common.rest_client [req-6ed5305c-30e9-4b2e-a969-ba08809cf841 req-6ed5305c-30e9-4b2e-a969-ba08809cf841 ] Request (SecurityGroupsTestJSON:test_security_groups_create_list_delete): 202 DELETE http://10.180.1.21/compute/v2.1/os-security-groups/e4a52125-4c54-470f-8df5-6d05cc37d4af 2.534s
2024-05-29 03:10:45.311 61233 INFO tempest.lib.common.rest_client [req-ccd1935f-1b5e-4f98-82af-02477e555d61 req-ccd1935f-1b5e-4f98-82af-02477e555d61 ] Request (ServersWithSpecificFlavorTestJSON:_run_cleanups): 202 DELETE http://10.180.1.21/compute/v2.1/flavors/1546146518 2.316s
2024-05-29 03:10:45.413 61206 INFO tempest.lib.common.rest_client [req-e6142947-a8b5-4cf4-b7d4-8b571fd37d94 req-e6142947-a8b5-4cf4-b7d4-8b571fd37d94 ] Request (QuotasTestJSON:test_get_quotas): 200 GET http://10.180.1.21/compute/v2.1/os-quota-sets/375c178b15e942d58443da062daf99fe 2.414s
2024-05-29 03:10:45.655 61247 INFO tempest.lib.common.rest_client [req-70cb9da6-afae-4edf-9d8a-6aa8ad823869 req-70cb9da6-afae-4edf-9d8a-6aa8ad823869 ] Request (ServerAddressesNegativeTestJSON:setUpClass): 200 PUT http://10.180.1.21:9696/networking/v2.0/routers/7408c607-859c-4138-9e97-1cc7deab7f8e/add_router_interface 3.923s
2024-05-29 03:10:45.655 61247 INFO tempest.lib.common.dynamic_creds [-] Created isolated network resources for: credentials: Credentials: {'domain_id': 'default', 'domain_name': 'Default', 'username': 'tempest-ServerAddressesNegativeTestJSON-33518691-project-member', 'project_domain_id': 'default', 'project_domain_name': 'Default', 'project_id': 'f92223efd3504af18fdc0b472455ce8d', 'project_name': 'tempest-ServerAddressesNegativeTestJSON-33518691', 'tenant_id': 'f92223efd3504af18fdc0b472455ce8d', 'tenant_name': 'tempest-ServerAddressesNegativeTestJSON-33518691', 'user_domain_id': 'default', 'user_domain_name': 'Default', 'user_id': 'e4f9266ada7e4b1aac74fea567b5d698', 'system': None}, Network: {'id': '18356189-e00c-4366-a86d-2afbcac56702', 'name': 'tempest-ServerAddressesNegativeTestJSON-1587749372-network', 'tenant_id': 'f92223efd3504af18fdc0b472455ce8d', 'admin_state_up': True, 'mtu': 8950, 'status': 'ACTIVE', 'subnets': [], 'shared': False, 'project_id': 'f92223efd3504af18fdc0b472455ce8d', 'port_security_enabled': True, 'router:external': False, 'provider:network_type': 'vlan', 'provider:physical_network': 'default', 'provider:segmentation_id': 82, 'is_default': False, 'availability_zone_hints': [], 'availability_zones': [], 'ipv4_address_scope': None, 'ipv6_address_scope': None, 'description': '', 'tags': [], 'created_at': '2024-05-29T03:10:39Z', 'updated_at': '2024-05-29T03:10:39Z', 'revision_number': 1}, Subnet: {'id': 'a6e14e10-3217-4a38-a7d6-425afa0a44b3', 'name': 'tempest-ServerAddressesNegativeTestJSON-1587749372-subnet', 'tenant_id': 'f92223efd3504af18fdc0b472455ce8d', 'network_id': '18356189-e00c-4366-a86d-2afbcac56702', 'ip_version': 4, 'subnetpool_id': None, 'enable_dhcp': True, 'ipv6_ra_mode': None, 'ipv6_address_mode': None, 'gateway_ip': '192.168.128.1', 'cidr': '192.168.128.0/28', 'allocation_pools': [{'start': '192.168.128.2', 'end': '192.168.128.14'}], 'host_routes': [], 'dns_nameservers': [], 'description': '', 'service_types': [], 'tags': [], 'created_at': '2024-05-29T03:10:39Z', 'updated_at': '2024-05-29T03:10:39Z', 'revision_number': 0, 'project_id': 'f92223efd3504af18fdc0b472455ce8d'}, Router: {'id': '7408c607-859c-4138-9e97-1cc7deab7f8e', 'name': 'tempest-ServerAddressesNegativeTestJSON-1587749372-router', 'tenant_id': 'f92223efd3504af18fdc0b472455ce8d', 'admin_state_up': True, 'status': 'ACTIVE', 'external_gateway_info': {'network_id': '1e8228cd-91e9-413c-ab8c-97527fdb22f5', 'external_fixed_ips': [{'subnet_id': 'c26c83e3-ab03-4573-82a9-d9fdd7e2daac', 'ip_address': '10.180.180.197'}], 'enable_snat': True}, 'description': '', 'availability_zones': [], 'distributed': False, 'ha': False, 'availability_zone_hints': [], 'routes': [], 'flavor_id': None, 'tags': [], 'created_at': '2024-05-29T03:10:39Z', 'updated_at': '2024-05-29T03:10:41Z', 'revision_number': 2, 'project_id': 'f92223efd3504af18fdc0b472455ce8d'}
2024-05-29 03:10:45.696 61188 INFO tempest.lib.common.rest_client [req-17574592-480a-4834-b357-8ba4beeaeeed req-17574592-480a-4834-b357-8ba4beeaeeed ] Request (ServersNegativeTestMultiTenantJSON:setUpClass): 200 GET http://10.180.1.21/compute/v2.1/servers/8f9ce572-bc54-4a2c-afab-5e795b2a4845 2.697s
2024-05-29 03:10:45.712 61232 INFO tempest.lib.common.rest_client [req-1eed2f7c-a269-4b64-a984-95a742c21ba7 req-1eed2f7c-a269-4b64-a984-95a742c21ba7 ] Request (FlavorsAdminTestJSON:_run_cleanups): 200 GET http://10.180.1.21/compute/v2.1/flavors/detail 2.587s
2024-05-29 03:10:45.736 61247 INFO tempest.lib.common.rest_client [req-e2964e42-927b-4814-81c3-48c486e63b61 req-e2964e42-927b-4814-81c3-48c486e63b61 ] Request (ServerAddressesNegativeTestJSON:setUpClass): 201 POST http://10.180.1.21/identity/v3/auth/tokens 0.078s
2024-05-29 03:10:45.799 61232 INFO tempest.lib.common.rest_client [req-749a99bf-b2f6-424b-a734-656ff63e4acf req-749a99bf-b2f6-424b-a734-656ff63e4acf ] Request (FlavorsAdminTestJSON:tearDownClass): 204 DELETE http://10.180.1.21/identity/v3/users/c7ba3c2e9e994291899c8ba735b7c70c 0.074s
2024-05-29 03:10:45.851 61247 INFO tempest.lib.common.rest_client [req-77c38a37-c6ea-42e0-b5ec-ba9da21f59ed req-77c38a37-c6ea-42e0-b5ec-ba9da21f59ed ] Request (ServerAddressesNegativeTestJSON:setUpClass): 201 POST http://10.180.1.21/identity/v3/auth/tokens 0.111s
2024-05-29 03:10:45.851 61247 INFO tempest.lib.common.fixed_network [-] (ServerAddressesNegativeTestJSON:setUpClass) Found network {'id': '18356189-e00c-4366-a86d-2afbcac56702', 'name': 'tempest-ServerAddressesNegativeTestJSON-1587749372-network', 'tenant_id': 'f92223efd3504af18fdc0b472455ce8d', 'admin_state_up': True, 'mtu': 8950, 'status': 'ACTIVE', 'subnets': [], 'shared': False, 'project_id': 'f92223efd3504af18fdc0b472455ce8d', 'port_security_enabled': True, 'router:external': False, 'provider:network_type': 'vlan', 'provider:physical_network': 'default', 'provider:segmentation_id': 82, 'is_default': False, 'availability_zone_hints': [], 'availability_zones': [], 'ipv4_address_scope': None, 'ipv6_address_scope': None, 'description': '', 'tags': [], 'created_at': '2024-05-29T03:10:39Z', 'updated_at': '2024-05-29T03:10:39Z', 'revision_number': 1} available for tenant
2024-05-29 03:10:45.874 61238 INFO tempest.lib.common.rest_client [req-4f90f64d-1990-41c6-80c8-859ee563ff1e req-4f90f64d-1990-41c6-80c8-859ee563ff1e ] Request (QuotasAdminNegativeTest:test_create_server_when_instances_quota_is_full): 200 PUT http://10.180.1.21/compute/v2.1/os-quota-sets/d2e162779288492588dfe0b78e39cbee 2.691s
2024-05-29 03:10:45.958 61238 INFO tempest.lib.common.rest_client [req-bfe4b0b1-e08d-429e-8b7c-f0d6719edcbd req-bfe4b0b1-e08d-429e-8b7c-f0d6719edcbd ] Request (QuotasAdminNegativeTest:test_create_server_when_instances_quota_is_full): 201 POST http://10.180.1.21/identity/v3/auth/tokens 0.080s
2024-05-29 03:10:45.959 61238 INFO tempest.lib.common.fixed_network [-] (QuotasAdminNegativeTest:test_create_server_when_instances_quota_is_full) Found network None available for tenant
