2024-05-29 03:09:44.147 61208 INFO tempest.lib.common.rest_client [req-195afb11-47b9-4082-982f-2ac49439e7b1 req-195afb11-47b9-4082-982f-2ac49439e7b1 ] Request (ServerDiagnosticsV248Test:test_get_server_diagnostics): 202 POST http://10.180.1.21/compute/v2.1/servers 3.325s
2024-05-29 03:09:44.151 61229 INFO tempest.lib.common.rest_client [req-8406d87b-1413-48e4-9943-cd4ce3ea8a33 req-8406d87b-1413-48e4-9943-cd4ce3ea8a33 ] Request (QuotasAdminTestJSON:_run_cleanups): 204 DELETE http://10.180.1.21/identity/v3/projects/204d6ba8a6034628b17d2f0117e1380c 0.118s
2024-05-29 03:09:44.161 61194 INFO tempest.lib.common.rest_client [req-332c4624-f2dd-4411-ad7a-c8b9be74b370 req-332c4624-f2dd-4411-ad7a-c8b9be74b370 ] Request (AggregatesAdminNegativeTestJSON:_run_cleanups): 200 DELETE http://10.180.1.21/compute/v2.1/os-aggregates/4 3.321s
2024-05-29 03:09:44.327 61192 INFO tempest.lib.common.rest_client [req-70aaa123-3e2b-471d-a22c-4920417fbbbf req-70aaa123-3e2b-471d-a22c-4920417fbbbf ] Request (TenantUsagesTestJSON:setUpClass): 200 GET http://10.180.1.21/compute/v2.1/servers/1c26cee7-d194-4158-84f6-44bf64976acb 3.694s
2024-05-29 03:09:44.381 61216 INFO tempest.lib.common.rest_client [req-a7d74009-c5a0-4e5e-95c6-66753d287537 req-a7d74009-c5a0-4e5e-95c6-66753d287537 ] Request (ImagesNegativeTestJSON:test_create_image_from_deleted_server): 200 GET http://10.180.1.21/compute/v2.1/servers/0d38ff99-9e45-4701-a3e7-c597f16d8d15 2.728s
2024-05-29 03:09:44.389 61241 INFO tempest.lib.common.rest_client [req-f603fd17-6daa-4431-bf68-be98c3e7b093 req-f603fd17-6daa-4431-bf68-be98c3e7b093 ] Request (FlavorsV2TestJSON:test_list_flavors_filter_by_min_ram): 200 GET http://10.180.1.21/compute/v2.1/flavors/42 2.713s
2024-05-29 03:09:44.553 61249 INFO tempest.lib.common.rest_client [req-b3517f2f-c77c-4bd2-94b6-55bd8e935f75 req-b3517f2f-c77c-4bd2-94b6-55bd8e935f75 ] Request (DeleteServersAdminTestJSON:test_admin_delete_servers_of_others): 200 GET http://10.180.1.21/compute/v2.1/servers/d5d40bea-c5c8-462e-8e27-8feb8331e875 3.402s
2024-05-29 03:09:44.580 61247 INFO tempest.lib.common.rest_client [req-1def9007-0d10-47a4-8df9-4f709872d2bb req-1def9007-0d10-47a4-8df9-4f709872d2bb ] Request (VolumesAssistedSnapshotsTest:test_volume_assisted_snapshot_create_delete): 200 GET http://10.180.1.21/compute/v2.1/servers/2045222f-94a6-4738-8bb0-31da84b29359 2.745s
2024-05-29 03:09:44.673 61226 INFO tempest.lib.common.rest_client [req-ecf8a7b8-2bdb-4d46-9358-0a5705fa45a8 req-ecf8a7b8-2bdb-4d46-9358-0a5705fa45a8 ] Request (MultipleCreateNegativeTestJSON:test_max_count_less_than_min_count): 400 POST http://10.180.1.21/compute/v2.1/servers 2.769s
2024-05-29 03:09:44.713 61226 INFO tempest.lib.common.rest_client [req-0abcb8cb-3457-41d9-b75e-b298fc6318d0 req-0abcb8cb-3457-41d9-b75e-b298fc6318d0 ] Request (MultipleCreateNegativeTestJSON:test_max_count_less_than_one): 201 POST http://10.180.1.21/identity/v3/auth/tokens 0.036s
2024-05-29 03:09:44.713 61226 INFO tempest.lib.common.fixed_network [-] (MultipleCreateNegativeTestJSON:test_max_count_less_than_one) Found network None available for tenant
2024-05-29 03:09:44.896 61242 INFO tempest.lib.common.rest_client [req-3e0c917c-572f-4f40-970c-209a04ba36ba req-3e0c917c-572f-4f40-970c-209a04ba36ba ] Request (SecurityGroupsTestJSON:test_list_security_groups_by_server): 200 GET http://10.180.1.21/compute/v2.1/servers/76777b84-39b3-4be4-b65e-bd5bdefaf59a 2.866s
2024-05-29 03:09:44.908 61232 INFO tempest.lib.common.rest_client [req-079ca82e-5e8a-40e3-9aeb-3eb0b4f8dcd3 req-079ca82e-5e8a-40e3-9aeb-3eb0b4f8dcd3 ] Request (FlavorsAdminTestJSON:test_create_list_flavor_without_extra_data): 200 POST http://10.180.1.21/compute/v2.1/flavors 2.806s
2024-05-29 03:09:45.019 61186 INFO tempest.lib.common.rest_client [req-a86298e6-e97b-4757-a28a-a0dfcaa39eff req-a86298e6-e97b-4757-a28a-a0dfcaa39eff ] Request (MigrationsAdminTest:test_list_migrations_in_flavor_resize_situation): 200 GET http://10.180.1.21/compute/v2.1/servers/d7d75d97-7868-4af8-b47b-b22f5a94cbb9 2.888s
2024-05-29 03:09:45.071 61218 INFO tempest.lib.common.rest_client [req-b398cc65-ca24-461c-894f-0c06f6b01d90 req-b398cc65-ca24-461c-894f-0c06f6b01d90 ] Request (SecurityGroupRulesNegativeTestJSON:tearDownClass): 200 PUT http://10.180.1.21:9696/networking/v2.0/routers/4bcc415c-4c40-4601-abab-2eba7bcd9805/remove_router_interface 1.284s
2024-05-29 03:09:45.182 61256 INFO tempest.lib.common.rest_client [req-3bd6f698-0e69-497a-b0dd-e528ff98c54e req-3bd6f698-0e69-497a-b0dd-e528ff98c54e ] Request (SecurityGroupRulesTestJSON:test_security_group_rules_create_with_optional_group_id): 200 POST http://10.180.1.21/compute/v2.1/os-security-group-rules 3.208s
2024-05-29 03:09:45.184 61256 WARNING tempest.lib.common.rest_client [-] Deprecated: "tenant_id" property is deprecated for removal, use "project_id" instead
2024-05-29 03:09:45.266 61235 INFO tempest.lib.common.rest_client [req-1bc0ac8c-226e-41dd-b33a-fddae7187e84 req-1bc0ac8c-226e-41dd-b33a-fddae7187e84 ] Request (ListImagesTestJSON:test_get_image): 200 GET http://10.180.1.21/compute/v2.1/images/3c132d8e-d0f6-4bd7-91c4-fc87f2dd0cab 2.935s
2024-05-29 03:09:45.274 61188 INFO tempest.lib.common.rest_client [req-ba695fb7-9407-4d74-b7fd-485a8ff33125 req-ba695fb7-9407-4d74-b7fd-485a8ff33125 ] Request (SecurityGroupsNegativeTestJSON:setUpClass): 201 POST http://10.180.1.21:9696/networking/v2.0/routers 2.466s
2024-05-29 03:09:45.444 61201 INFO tempest.lib.common.rest_client [req-b640416a-5aad-45a4-a312-de55c8c55435 req-b640416a-5aad-45a4-a312-de55c8c55435 ] Request (ServerDiagnosticsTest:test_get_server_diagnostics): 200 GET http://10.180.1.21/compute/v2.1/servers/d32b02ea-c416-459f-9be2-cb6c39872b99 2.827s
2024-05-29 03:09:45.520 61206 INFO tempest.lib.common.rest_client [req-0829431e-78e2-4cb1-b3a2-8910c67b942d req-0829431e-78e2-4cb1-b3a2-8910c67b942d ] Request (ServerExternalEventsTest:test_create_server_external_events): 200 GET http://10.180.1.21/compute/v2.1/servers/c275d183-efcc-4ffb-aad8-26a83180bffc 2.729s
2024-05-29 03:09:45.584 61210 INFO tempest.lib.common.rest_client [req-1fe255f3-65c2-4c43-8048-ca29473b756a req-1fe255f3-65c2-4c43-8048-ca29473b756a ] Request (ServersTestMultiNic:test_verify_duplicate_network_nics): 200 GET http://10.180.1.21/compute/v2.1/servers/8fcf1d4c-3aea-4409-b376-cd8c1c98c0e5 2.685s
2024-05-29 03:09:45.664 61198 INFO tempest.lib.common.rest_client [req-80bbbe91-37e0-43db-bfc7-fe0cf7590c44 req-80bbbe91-37e0-43db-bfc7-fe0cf7590c44 ] Request (ServerDiskConfigTestJSON:test_rebuild_server_with_auto_disk_config): 202 POST http://10.180.1.21/compute/v2.1/servers 3.453s
2024-05-29 03:09:45.668 61224 INFO tempest.lib.common.rest_client [req-0c1b0012-097d-4d02-bb76-348bb9b5e42c req-0c1b0012-097d-4d02-bb76-348bb9b5e42c ] Request (ImagesOneServerTestJSON:setUpClass): 200 GET http://10.180.1.21/compute/v2.1/servers/ab7c2486-aa84-437b-bb4f-1aac6bd3e3ae 2.585s
2024-05-29 03:09:45.676 61224 INFO tempest.common.waiters [-] State transition "BUILD/spawning" ==> "BUILD/scheduling" after 30 second wait
2024-05-29 03:09:46.458 61218 INFO tempest.lib.common.rest_client [req-d2331c00-c17e-42cc-b73f-bb8b77de6fa7 req-d2331c00-c17e-42cc-b73f-bb8b77de6fa7 ] Request (SecurityGroupRulesNegativeTestJSON:tearDownClass): 204 DELETE http://10.180.1.21:9696/networking/v2.0/routers/4bcc415c-4c40-4601-abab-2eba7bcd9805 1.386s
2024-05-29 03:09:46.497 61222 INFO tempest.lib.common.rest_client [req-a3692154-3ff5-4ca8-9314-25c707d85603 req-a3692154-3ff5-4ca8-9314-25c707d85603 ] Request (ServerActionsTestOtherA:setUpClass): 202 POST http://10.180.1.21/compute/v2.1/servers 3.345s
2024-05-29 03:09:46.697 61254 INFO tempest.lib.common.rest_client [req-9cf67052-463e-485d-89f2-a1e8d1968a54 req-9cf67052-463e-485d-89f2-a1e8d1968a54 ] Request (ServersAdminTestJSON:setUpClass): 200 GET http://10.180.1.21/compute/v2.1/servers/1a9b86af-d4e2-45a2-a9fe-be423fbf7233 2.908s
2024-05-29 03:09:46.735 61218 INFO tempest.lib.common.rest_client [req-b4006eb1-580b-45f7-8366-c26beed1d11e req-b4006eb1-580b-45f7-8366-c26beed1d11e ] Request (SecurityGroupRulesNegativeTestJSON:tearDownClass): 204 DELETE http://10.180.1.21:9696/networking/v2.0/subnets/41d55d15-ffc8-4dd6-bcd6-fa75efd9e474 0.277s
2024-05-29 03:09:46.785 61238 INFO tempest.lib.common.rest_client [req-a42d883e-0036-4f9e-af66-180b9fa844a9 req-a42d883e-0036-4f9e-af66-180b9fa844a9 ] Request (FlavorsAccessNegativeTestJSON:test_flavor_non_admin_remove): 200 POST http://10.180.1.21/compute/v2.1/flavors/860106125/action 2.984s
2024-05-29 03:09:46.871 61215 INFO tempest.lib.common.rest_client [req-240ffde0-ecd2-46c1-b0db-0402d0aefb14 req-240ffde0-ecd2-46c1-b0db-0402d0aefb14 ] Request (FloatingIPsTestJSON:test_delete_floating_ip): 200 POST http://10.180.1.21/compute/v2.1/os-floating-ips 3.294s
2024-05-29 03:09:46.878 61220 INFO tempest.lib.common.rest_client [req-15563c20-e9a8-4347-96ca-93c665f889bb req-15563c20-e9a8-4347-96ca-93c665f889bb ] Request (ImagesOneServerNegativeTestJSON:setUpClass): 200 GET http://10.180.1.21/compute/v2.1/servers/c97cf0d0-0dfb-4507-9eb6-9ff643b1f658 3.050s
2024-05-29 03:09:46.895 61252 INFO tempest.lib.common.rest_client [req-c27f4f17-0209-46c6-9c78-57558f29d9d0 req-c27f4f17-0209-46c6-9c78-57558f29d9d0 ] Request (HostsAdminTestJSON:test_list_hosts_with_zone): 200 GET http://10.180.1.21/compute/v2.1/os-hosts?zone=internal 3.038s
2024-05-29 03:09:46.965 61229 INFO tempest.lib.common.rest_client [req-45546599-0caa-43a3-b2bc-68d74343ef90 req-45546599-0caa-43a3-b2bc-68d74343ef90 ] Request (QuotasAdminTestJSON:test_update_all_quota_resources_for_tenant): 200 GET http://10.180.1.21/compute/v2.1/os-quota-sets/09438ba6d5794017869fddef65d0aa54/defaults 2.811s
2024-05-29 03:09:46.972 61208 INFO tempest.lib.common.rest_client [req-0bffbfd5-b5c0-40e2-b063-151bf8872e69 req-0bffbfd5-b5c0-40e2-b063-151bf8872e69 ] Request (ServerDiagnosticsV248Test:test_get_server_diagnostics): 200 GET http://10.180.1.21/compute/v2.1/servers/4977e0bb-8508-4f59-8f76-9218b18579b0 2.824s
2024-05-29 03:09:46.988 61194 INFO tempest.lib.common.rest_client [req-74efa643-27a7-436c-8469-c7439c824b10 req-74efa643-27a7-436c-8469-c7439c824b10 ] Request (AggregatesAdminNegativeTestJSON:test_aggregate_delete_as_user): 200 POST http://10.180.1.21/compute/v2.1/os-aggregates 2.826s
2024-05-29 03:09:46.992 61226 INFO tempest.lib.common.rest_client [req-b0bfd161-6081-4a05-8c26-13367fe33fab req-b0bfd161-6081-4a05-8c26-13367fe33fab ] Request (MultipleCreateNegativeTestJSON:test_max_count_less_than_one): 400 POST http://10.180.1.21/compute/v2.1/servers 2.278s
2024-05-29 03:09:47.003 61241 INFO tempest.lib.common.rest_client [req-f604c3ae-c4db-479b-ac03-48891aaf07d5 req-f604c3ae-c4db-479b-ac03-48891aaf07d5 ] Request (FlavorsV2TestJSON:test_list_flavors_filter_by_min_ram): 200 GET http://10.180.1.21/compute/v2.1/flavors?minRam=129 2.612s
2024-05-29 03:09:47.016 61232 INFO tempest.lib.common.rest_client [req-036ca153-481f-4832-9ec6-ff0179a5f594 req-036ca153-481f-4832-9ec6-ff0179a5f594 ] Request (FlavorsAdminTestJSON:test_create_list_flavor_without_extra_data): 200 GET http://10.180.1.21/compute/v2.1/flavors/1070775294 2.106s
2024-05-29 03:09:47.031 61226 INFO tempest.lib.common.rest_client [req-5a0d3545-60d8-4c98-91d2-5ef6da25163a req-5a0d3545-60d8-4c98-91d2-5ef6da25163a ] Request (MultipleCreateNegativeTestJSON:test_max_count_non_integer): 201 POST http://10.180.1.21/identity/v3/auth/tokens 0.033s
2024-05-29 03:09:47.031 61226 INFO tempest.lib.common.fixed_network [-] (MultipleCreateNegativeTestJSON:test_max_count_non_integer) Found network None available for tenant
2024-05-29 03:09:47.082 61233 INFO tempest.lib.common.rest_client [req-97a3d2ec-0418-4921-8999-725d54bd3658 req-97a3d2ec-0418-4921-8999-725d54bd3658 ] Request (ServersWithSpecificFlavorTestJSON:test_verify_created_server_ephemeral_disk): 200 GET http://10.180.1.21/compute/v2.1/servers/ab55ebb0-bd14-42bb-b8eb-bd43045e3616 2.200s
2024-05-29 03:09:47.141 61196 INFO tempest.lib.common.rest_client [req-484bf313-2c2a-420b-9b67-e906e10d5303 req-484bf313-2c2a-420b-9b67-e906e10d5303 ] Request (ServerDiagnosticsNegativeTest:test_get_server_diagnostics_by_non_admin): 200 GET http://10.180.1.21/compute/v2.1/servers/ee66f979-734c-4843-9c7e-ea5e25d3257c 2.152s
2024-05-29 03:09:47.196 61235 INFO tempest.lib.common.rest_client [req-01911d29-f2ec-4d3d-9758-8d61496f3dbf req-01911d29-f2ec-4d3d-9758-8d61496f3dbf ] Request (ListImagesTestJSON:test_list_images): 200 GET http://10.180.1.21/compute/v2.1/images 1.926s
2024-05-29 03:09:47.263 61192 INFO tempest.lib.common.rest_client [req-71a605ef-96ae-49ee-ab92-d662b2c1b39c req-71a605ef-96ae-49ee-ab92-d662b2c1b39c ] Request (TenantUsagesTestJSON:setUpClass): 200 GET http://10.180.1.21/compute/v2.1/servers/1c26cee7-d194-4158-84f6-44bf64976acb 1.929s
2024-05-29 03:09:47.272 61218 INFO tempest.lib.common.rest_client [req-43e328e0-fe6b-4f35-913e-344b7dd673e5 req-43e328e0-fe6b-4f35-913e-344b7dd673e5 ] Request (SecurityGroupRulesNegativeTestJSON:tearDownClass): 204 DELETE http://10.180.1.21:9696/networking/v2.0/networks/85e9ed65-9b79-485d-a9db-96087266e5a0 0.537s
2024-05-29 03:09:47.297 61256 INFO tempest.lib.common.rest_client [req-3128c913-8894-4671-80f2-72d2a76269f3 req-3128c913-8894-4671-80f2-72d2a76269f3 ] Request (SecurityGroupRulesTestJSON:test_security_group_rules_delete_when_peer_group_deleted): 200 POST http://10.180.1.21/compute/v2.1/os-security-groups 2.111s
2024-05-29 03:09:47.340 61216 INFO tempest.lib.common.rest_client [req-f7473189-cec2-43f8-8c7b-ee91ed49ae0f req-f7473189-cec2-43f8-8c7b-ee91ed49ae0f ] Request (ImagesNegativeTestJSON:test_create_image_from_deleted_server): 200 GET http://10.180.1.21/compute/v2.1/servers/0d38ff99-9e45-4701-a3e7-c597f16d8d15 1.951s
2024-05-29 03:09:47.376 61249 INFO tempest.lib.common.rest_client [req-705f4eef-ea94-4fca-9822-1fb26dd0aaf6 req-705f4eef-ea94-4fca-9822-1fb26dd0aaf6 ] Request (DeleteServersAdminTestJSON:test_admin_delete_servers_of_others): 200 GET http://10.180.1.21/compute/v2.1/servers/d5d40bea-c5c8-462e-8e27-8feb8331e875 1.816s
2024-05-29 03:09:47.391 61218 INFO tempest.lib.common.rest_client [req-da43715e-aa06-4999-9bbf-fc365a407858 req-da43715e-aa06-4999-9bbf-fc365a407858 ] Request (SecurityGroupRulesNegativeTestJSON:tearDownClass): 204 DELETE http://10.180.1.21/identity/v3/users/8ad5fec2dbc74d54a6e09a02259aed85 0.118s
2024-05-29 03:09:47.391 61218 INFO tempest.lib.common.dynamic_creds [-] Deleting project and security group for project: dd82a367de5a4ec7bbec400c4668fc0e
2024-05-29 03:09:47.453 61218 INFO tempest.lib.common.rest_client [req-628214eb-b2ff-4e64-a0fa-1db1963c93c8 req-628214eb-b2ff-4e64-a0fa-1db1963c93c8 ] Request (SecurityGroupRulesNegativeTestJSON:tearDownClass): 200 GET http://10.180.1.21:9696/networking/v2.0/security-groups?tenant_id=dd82a367de5a4ec7bbec400c4668fc0e&name=default 0.062s
2024-05-29 03:09:47.465 61198 INFO tempest.lib.common.rest_client [req-47952207-6b1e-494a-a491-a60a246966be req-47952207-6b1e-494a-a491-a60a246966be ] Request (ServerDiskConfigTestJSON:test_rebuild_server_with_auto_disk_config): 200 GET http://10.180.1.21/compute/v2.1/servers/81818668-fedc-4740-abeb-3a411adf3db9 1.799s
2024-05-29 03:09:47.666 61247 INFO tempest.lib.common.rest_client [req-3d2c97d7-ff63-48e6-b286-737d2dba22a1 req-3d2c97d7-ff63-48e6-b286-737d2dba22a1 ] Request (VolumesAssistedSnapshotsTest:test_volume_assisted_snapshot_create_delete): 200 GET http://10.180.1.21/compute/v2.1/servers/2045222f-94a6-4738-8bb0-31da84b29359 2.078s
2024-05-29 03:09:47.671 61218 INFO tempest.lib.common.rest_client [req-5642c28e-e27e-492b-8261-5f833e878b16 req-5642c28e-e27e-492b-8261-5f833e878b16 ] Request (SecurityGroupRulesNegativeTestJSON:tearDownClass): 204 DELETE http://10.180.1.21:9696/networking/v2.0/security-groups/213e8c5e-c108-4a3e-ae12-26f4871efd86 0.218s
2024-05-29 03:09:47.684 61188 INFO tempest.lib.common.rest_client [req-2c0338c0-e1fe-400e-add3-98b399a5ffc7 req-2c0338c0-e1fe-400e-add3-98b399a5ffc7 ] Request (SecurityGroupsNegativeTestJSON:setUpClass): 200 PUT http://10.180.1.21:9696/networking/v2.0/routers/d3479370-7468-4f98-b9bd-ba6dd5053f18/add_router_interface 2.410s
2024-05-29 03:09:47.685 61188 INFO tempest.lib.common.dynamic_creds [-] Created isolated network resources for: credentials: Credentials: {'domain_id': 'default', 'domain_name': 'Default', 'username': 'tempest-SecurityGroupsNegativeTestJSON-1983434542-project-member', 'project_domain_id': 'default', 'project_domain_name': 'Default', 'project_id': 'a1e7fccc9c0e4c4ab157198110822aa1', 'project_name': 'tempest-SecurityGroupsNegativeTestJSON-1983434542', 'tenant_id': 'a1e7fccc9c0e4c4ab157198110822aa1', 'tenant_name': 'tempest-SecurityGroupsNegativeTestJSON-1983434542', 'user_domain_id': 'default', 'user_domain_name': 'Default', 'user_id': '872efe6824734ae494b5c532c8934a5c', 'system': None}, Network: {'id': '9610d494-7611-4fc1-b778-fe8bb7e9dfe1', 'name': 'tempest-SecurityGroupsNegativeTestJSON-1819694834-network', 'tenant_id': 'a1e7fccc9c0e4c4ab157198110822aa1', 'admin_state_up': True, 'mtu': 8950, 'status': 'ACTIVE', 'subnets': [], 'shared': False, 'project_id': 'a1e7fccc9c0e4c4ab157198110822aa1', 'port_security_enabled': True, 'router:external': False, 'provider:network_type': 'vlan', 'provider:physical_network': 'default', 'provider:segmentation_id': 357, 'is_default': False, 'availability_zone_hints': [], 'availability_zones': [], 'ipv4_address_scope': None, 'ipv6_address_scope': None, 'description': '', 'tags': [], 'created_at': '2024-05-29T03:09:41Z', 'updated_at': '2024-05-29T03:09:41Z', 'revision_number': 1}, Subnet: {'id': '0bbaf2ef-38d0-4bfd-b0db-8fa0fc9beec8', 'name': 'tempest-SecurityGroupsNegativeTestJSON-1819694834-subnet', 'tenant_id': 'a1e7fccc9c0e4c4ab157198110822aa1', 'network_id': '9610d494-7611-4fc1-b778-fe8bb7e9dfe1', 'ip_version': 4, 'subnetpool_id': None, 'enable_dhcp': True, 'ipv6_ra_mode': None, 'ipv6_address_mode': None, 'gateway_ip': '192.168.128.1', 'cidr': '192.168.128.0/28', 'allocation_pools': [{'start': '192.168.128.2', 'end': '192.168.128.14'}], 'host_routes': [], 'dns_nameservers': [], 'description': '', 'service_types': [], 'tags': [], 'created_at': '2024-05-29T03:09:41Z', 'updated_at': '2024-05-29T03:09:41Z', 'revision_number': 0, 'project_id': 'a1e7fccc9c0e4c4ab157198110822aa1'}, Router: {'id': 'd3479370-7468-4f98-b9bd-ba6dd5053f18', 'name': 'tempest-SecurityGroupsNegativeTestJSON-1819694834-router', 'tenant_id': 'a1e7fccc9c0e4c4ab157198110822aa1', 'admin_state_up': True, 'status': 'ACTIVE', 'external_gateway_info': {'network_id': '1e8228cd-91e9-413c-ab8c-97527fdb22f5', 'external_fixed_ips': [{'subnet_id': 'c26c83e3-ab03-4573-82a9-d9fdd7e2daac', 'ip_address': '10.180.180.234'}], 'enable_snat': True}, 'description': '', 'availability_zones': [], 'distributed': False, 'ha': False, 'availability_zone_hints': [], 'routes': [], 'flavor_id': None, 'tags': [], 'created_at': '2024-05-29T03:09:42Z', 'updated_at': '2024-05-29T03:09:44Z', 'revision_number': 2, 'project_id': 'a1e7fccc9c0e4c4ab157198110822aa1'}
2024-05-29 03:09:47.742 61242 INFO tempest.lib.common.rest_client [req-8b9aa9a5-0b90-4eb7-b516-82cd2da5b7e9 req-8b9aa9a5-0b90-4eb7-b516-82cd2da5b7e9 ] Request (SecurityGroupsTestJSON:test_list_security_groups_by_server): 200 GET http://10.180.1.21/compute/v2.1/servers/76777b84-39b3-4be4-b65e-bd5bdefaf59a 1.839s
2024-05-29 03:09:47.759 61186 INFO tempest.lib.common.rest_client [req-cd09893b-0ac2-4076-b299-deb22c2dd056 req-cd09893b-0ac2-4076-b299-deb22c2dd056 ] Request (MigrationsAdminTest:test_list_migrations_in_flavor_resize_situation): 200 GET http://10.180.1.21/compute/v2.1/servers/d7d75d97-7868-4af8-b47b-b22f5a94cbb9 1.733s
2024-05-29 03:09:47.765 61186 INFO tempest.common.waiters [-] State transition "BUILD/spawning" ==> "BUILD/scheduling" after 32 second wait
2024-05-29 03:09:47.776 61218 INFO tempest.lib.common.rest_client [req-adf174e9-20eb-4594-9fe2-02168b858e19 req-adf174e9-20eb-4594-9fe2-02168b858e19 ] Request (SecurityGroupRulesNegativeTestJSON:tearDownClass): 204 DELETE http://10.180.1.21/identity/v3/projects/dd82a367de5a4ec7bbec400c4668fc0e 0.105s
2024-05-29 03:09:47.785 61188 INFO tempest.lib.common.rest_client [req-ece4d06a-2c16-45e4-ac53-db9189263c25 req-ece4d06a-2c16-45e4-ac53-db9189263c25 ] Request (SecurityGroupsNegativeTestJSON:setUpClass): 201 POST http://10.180.1.21/identity/v3/auth/tokens 0.097s
2024-05-29 03:09:47.818 61222 INFO tempest.lib.common.rest_client [req-f2323afe-4fc9-4fa6-803b-903a6f978c9e req-f2323afe-4fc9-4fa6-803b-903a6f978c9e ] Request (ServerActionsTestOtherA:setUpClass): 200 GET http://10.180.1.21/compute/v2.1/servers/c3abf998-dab6-4326-aace-8722b0e7ac29 1.320s
2024-05-29 03:09:47.831 61218 INFO tempest.lib.common.rest_client [req-1348c6f0-b1bf-4dcb-b063-af0d31e73a01 req-1348c6f0-b1bf-4dcb-b063-af0d31e73a01 ] Request (ServersTestManualDisk:setUpClass): 201 POST http://10.180.1.21/identity/v3/auth/tokens 0.052s
2024-05-29 03:09:47.852 61218 INFO tempest.lib.common.rest_client [req-b0d18c2e-d33d-465f-8829-d6003aa69271 req-b0d18c2e-d33d-465f-8829-d6003aa69271 ] Request (ServersTestManualDisk:setUpClass): 201 POST http://10.180.1.21/identity/v3/auth/tokens 0.019s
2024-05-29 03:09:47.870 61218 INFO tempest.lib.common.rest_client [req-3233f5d1-d76a-4b60-90ce-6c4937d3f7ef req-3233f5d1-d76a-4b60-90ce-6c4937d3f7ef ] Request (ServersTestManualDisk:setUpClass): 200 GET http://10.180.1.21/identity/v3/domains?name=Default 0.018s
2024-05-29 03:09:47.877 61206 INFO tempest.lib.common.rest_client [req-3651c575-c87d-48be-a020-f0924d51ce35 req-3651c575-c87d-48be-a020-f0924d51ce35 ] Request (ServerExternalEventsTest:test_create_server_external_events): 200 GET http://10.180.1.21/compute/v2.1/servers/c275d183-efcc-4ffb-aad8-26a83180bffc 1.349s
2024-05-29 03:09:47.883 61206 INFO tempest.common.waiters [-] State transition "BUILD/scheduling" ==> "BUILD/None" after 14 second wait
2024-05-29 03:09:47.893 61218 INFO tempest.lib.common.rest_client [req-41c22a41-97ec-45b7-b092-bcb97f80148f req-41c22a41-97ec-45b7-b092-bcb97f80148f ] Request (ServersTestManualDisk:setUpClass): 201 POST http://10.180.1.21/identity/v3/projects 0.021s
2024-05-29 03:09:47.894 61201 INFO tempest.lib.common.rest_client [req-f9d1f2ee-e93b-4889-babd-83766b56c4b3 req-f9d1f2ee-e93b-4889-babd-83766b56c4b3 ] Request (ServerDiagnosticsTest:test_get_server_diagnostics): 200 GET http://10.180.1.21/compute/v2.1/servers/d32b02ea-c416-459f-9be2-cb6c39872b99 1.443s
2024-05-29 03:09:47.945 61210 INFO tempest.lib.common.rest_client [req-54e4dcd2-7964-43b5-8b50-eb76cfb7ec7e req-54e4dcd2-7964-43b5-8b50-eb76cfb7ec7e ] Request (ServersTestMultiNic:test_verify_duplicate_network_nics): 200 GET http://10.180.1.21/compute/v2.1/servers/8fcf1d4c-3aea-4409-b376-cd8c1c98c0e5 1.354s
2024-05-29 03:09:47.950 61218 INFO tempest.lib.common.rest_client [req-e312e26c-4689-4612-88c7-434f1a463d7f req-e312e26c-4689-4612-88c7-434f1a463d7f ] Request (ServersTestManualDisk:setUpClass): 201 POST http://10.180.1.21/identity/v3/users 0.057s
2024-05-29 03:09:47.954 61238 INFO tempest.lib.common.rest_client [req-3ed2bca6-ec42-4b3e-8fc8-db3a8a9ccb7d req-3ed2bca6-ec42-4b3e-8fc8-db3a8a9ccb7d ] Request (FlavorsAccessNegativeTestJSON:test_flavor_non_admin_remove): 403 POST http://10.180.1.21/compute/v2.1/flavors/860106125/action 1.167s
2024-05-29 03:09:47.965 61218 INFO tempest.lib.common.rest_client [req-6c09fcaa-5e17-48a1-a45d-448d370177b5 req-6c09fcaa-5e17-48a1-a45d-448d370177b5 ] Request (ServersTestManualDisk:setUpClass): 200 GET http://10.180.1.21/identity/v3/roles 0.014s
2024-05-29 03:09:47.995 61218 INFO tempest.lib.common.rest_client [req-e07cae89-63de-4df3-b09b-18fe7b2bd60b req-e07cae89-63de-4df3-b09b-18fe7b2bd60b ] Request (ServersTestManualDisk:setUpClass): 204 PUT http://10.180.1.21/identity/v3/projects/21831e4c4b06476ea920bf5cad6ea08f/users/4c6244b2919347508f1907f0ee1a6e8e/roles/641688dde63540b0bd243696e3b65e64 0.029s
2024-05-29 03:09:47.995 61218 INFO tempest.lib.common.dynamic_creds [-] Dynamic test user 4c6244b2919347508f1907f0ee1a6e8e is created with scope project and roles: ['member']
2024-05-29 03:09:47.995 61218 INFO tempest.lib.common.dynamic_creds [-] Acquired dynamic creds: credentials: Credentials: {'domain_id': 'default', 'domain_name': 'Default', 'username': 'tempest-ServersTestManualDisk-1615164196-project-member', 'project_domain_id': 'default', 'project_domain_name': 'Default', 'project_id': '21831e4c4b06476ea920bf5cad6ea08f', 'project_name': 'tempest-ServersTestManualDisk-1615164196', 'tenant_id': '21831e4c4b06476ea920bf5cad6ea08f', 'tenant_name': 'tempest-ServersTestManualDisk-1615164196', 'user_domain_id': 'default', 'user_domain_name': 'Default', 'user_id': '4c6244b2919347508f1907f0ee1a6e8e', 'system': None}, Network: None, Subnet: None, Router: None
2024-05-29 03:09:48.014 61224 INFO tempest.lib.common.rest_client [req-6fe9ece8-6a47-4242-a3ab-86fa2a1bbfbd req-6fe9ece8-6a47-4242-a3ab-86fa2a1bbfbd ] Request (ImagesOneServerTestJSON:setUpClass): 200 GET http://10.180.1.21/compute/v2.1/servers/ab7c2486-aa84-437b-bb4f-1aac6bd3e3ae 1.338s
2024-05-29 03:09:48.020 61224 INFO tempest.common.waiters [-] State transition "BUILD/scheduling" ==> "ERROR/None" after 33 second wait
2024-05-29 03:09:48.043 61252 INFO tempest.lib.common.rest_client [req-aecbdd07-b244-411e-9582-84d1f83f1ebe req-aecbdd07-b244-411e-9582-84d1f83f1ebe ] Request (HostsAdminTestJSON:test_show_host_detail): 200 GET http://10.180.1.21/compute/v2.1/os-hosts 1.145s
2024-05-29 03:09:48.050 61218 INFO tempest.lib.common.rest_client [req-54a75af2-964d-42fb-914a-7c28913da85e req-54a75af2-964d-42fb-914a-7c28913da85e ] Request (ServersTestManualDisk:setUpClass): 201 POST http://10.180.1.21/identity/v3/auth/tokens 0.054s
2024-05-29 03:09:48.300 61229 INFO tempest.lib.common.rest_client [req-85916e66-ab77-4ba1-9b16-5c7e35fd6318 req-85916e66-ab77-4ba1-9b16-5c7e35fd6318 ] Request (QuotasAdminTestJSON:test_update_all_quota_resources_for_tenant): 200 PUT http://10.180.1.21/compute/v2.1/os-quota-sets/09438ba6d5794017869fddef65d0aa54 1.334s
2024-05-29 03:09:48.308 61194 INFO tempest.lib.common.rest_client [req-382b1717-7696-40c5-a125-78375f4a3e59 req-382b1717-7696-40c5-a125-78375f4a3e59 ] Request (AggregatesAdminNegativeTestJSON:test_aggregate_delete_as_user): 403 DELETE http://10.180.1.21/compute/v2.1/os-aggregates/5 1.317s
2024-05-29 03:09:48.322 61241 INFO tempest.lib.common.rest_client [req-c58801f9-d63c-4133-8d7c-fb8a93df7dcb req-c58801f9-d63c-4133-8d7c-fb8a93df7dcb ] Request (FlavorsV2TestJSON:test_list_flavors_limit_results): 200 GET http://10.180.1.21/compute/v2.1/flavors?limit=1 1.307s
2024-05-29 03:09:48.330 61218 INFO tempest.lib.common.rest_client [req-1f63f337-d9cf-4b0e-9386-cd0e7032dc1e req-1f63f337-d9cf-4b0e-9386-cd0e7032dc1e ] Request (ServersTestManualDisk:setUpClass): 201 POST http://10.180.1.21:9696/networking/v2.0/networks 0.279s
2024-05-29 03:09:48.390 61232 INFO tempest.lib.common.rest_client [req-4011bea4-2b25-41ce-a9a1-3c9a6f477805 req-4011bea4-2b25-41ce-a9a1-3c9a6f477805 ] Request (FlavorsAdminTestJSON:test_create_list_flavor_without_extra_data): 200 GET http://10.180.1.21/compute/v2.1/flavors/detail 1.366s
2024-05-29 03:09:48.395 61226 INFO tempest.lib.common.rest_client [req-363e1b69-7d3a-48a1-a2f7-2d77beaaa785 req-363e1b69-7d3a-48a1-a2f7-2d77beaaa785 ] Request (MultipleCreateNegativeTestJSON:test_max_count_non_integer): 400 POST http://10.180.1.21/compute/v2.1/servers 1.364s
2024-05-29 03:09:48.428 61235 INFO tempest.lib.common.rest_client [req-f19af38d-7978-465f-ae32-8bf8d3376db0 req-f19af38d-7978-465f-ae32-8bf8d3376db0 ] Request (ListImagesTestJSON:test_list_images_with_detail): 200 GET http://10.180.1.21/compute/v2.1/images/detail 1.229s
2024-05-29 03:09:48.461 61226 INFO tempest.lib.common.rest_client [req-6176ae4e-c89c-4ab3-98e0-7acd619ecdba req-6176ae4e-c89c-4ab3-98e0-7acd619ecdba ] Request (MultipleCreateNegativeTestJSON:test_min_count_less_than_one): 201 POST http://10.180.1.21/identity/v3/auth/tokens 0.059s
2024-05-29 03:09:48.462 61226 INFO tempest.lib.common.fixed_network [-] (MultipleCreateNegativeTestJSON:test_min_count_less_than_one) Found network None available for tenant
2024-05-29 03:09:48.506 61235 INFO tempest.lib.common.rest_client [req-0ee2106e-faa9-40c5-ac7e-4ff9fd5aa6ab req-0ee2106e-faa9-40c5-ac7e-4ff9fd5aa6ab ] Request (ListImagesTestJSON:tearDownClass): 204 DELETE http://10.180.1.21/identity/v3/users/03f4e9ab10b04729b30b5865bf126399 0.072s
2024-05-29 03:09:48.507 61235 INFO tempest.lib.common.dynamic_creds [-] Deleting project and security group for project: ac0f43ba26d74afe9b6ecff5e083ab6a
2024-05-29 03:09:48.556 61235 INFO tempest.lib.common.rest_client [req-d8829de5-ea0f-4ea5-8c4e-18409a5cd669 req-d8829de5-ea0f-4ea5-8c4e-18409a5cd669 ] Request (ListImagesTestJSON:tearDownClass): 201 POST http://10.180.1.21/identity/v3/auth/tokens 0.049s
2024-05-29 03:09:48.647 61256 INFO tempest.lib.common.rest_client [req-c02fa5c7-9b53-4ba1-977b-2a006a0eb8b0 req-c02fa5c7-9b53-4ba1-977b-2a006a0eb8b0 ] Request (SecurityGroupRulesTestJSON:test_security_group_rules_delete_when_peer_group_deleted): 200 POST http://10.180.1.21/compute/v2.1/os-security-groups 1.347s
2024-05-29 03:09:48.720 61254 INFO tempest.lib.common.rest_client [req-e44272e6-ac4c-4d3d-8c4c-345863a4f690 req-e44272e6-ac4c-4d3d-8c4c-345863a4f690 ] Request (ServersAdminTestJSON:setUpClass): 200 GET http://10.180.1.21/compute/v2.1/servers/1a9b86af-d4e2-45a2-a9fe-be423fbf7233 1.015s
2024-05-29 03:09:48.787 61218 INFO tempest.lib.common.rest_client [req-1e3abf82-4218-4dda-9563-fb741fbbb124 req-1e3abf82-4218-4dda-9563-fb741fbbb124 ] Request (ServersTestManualDisk:setUpClass): 201 POST http://10.180.1.21:9696/networking/v2.0/subnets 0.457s
2024-05-29 03:09:48.818 61235 INFO tempest.lib.common.rest_client [req-ad6cb181-3c5f-4f7b-9ed8-060f504fa8be req-ad6cb181-3c5f-4f7b-9ed8-060f504fa8be ] Request (ListImagesTestJSON:tearDownClass): 200 GET http://10.180.1.21:9696/networking/v2.0/security-groups?tenant_id=ac0f43ba26d74afe9b6ecff5e083ab6a&name=default 0.261s
2024-05-29 03:09:48.884 61215 INFO tempest.lib.common.rest_client [req-a6ed64cf-9a50-4b9a-b8d8-eb617aaf6408 req-a6ed64cf-9a50-4b9a-b8d8-eb617aaf6408 ] Request (FloatingIPsTestJSON:test_delete_floating_ip): 202 DELETE http://10.180.1.21/compute/v2.1/os-floating-ips/4970a0ea-43c3-46fe-b0af-e1c90aca18b4 2.010s
2024-05-29 03:09:48.891 61188 INFO tempest.lib.common.rest_client [req-dd695d8a-c815-4359-87e7-cbc27e1417d5 req-dd695d8a-c815-4359-87e7-cbc27e1417d5 ] Request (SecurityGroupsNegativeTestJSON:test_delete_nonexistent_security_group): 404 DELETE http://10.180.1.21/compute/v2.1/os-security-groups/0260c741-2a09-4669-a1d6-aec1f25546da 1.105s
2024-05-29 03:09:48.964 61238 INFO tempest.lib.common.rest_client [req-f971061b-579a-4d04-8727-b0bc9f5d2efd req-f971061b-579a-4d04-8727-b0bc9f5d2efd ] Request (FlavorsAccessNegativeTestJSON:_run_cleanups): 200 POST http://10.180.1.21/compute/v2.1/flavors/860106125/action 1.010s
2024-05-29 03:09:49.028 61220 INFO tempest.lib.common.rest_client [req-5ea63bf3-eaed-41fc-81a4-0c9112966231 req-5ea63bf3-eaed-41fc-81a4-0c9112966231 ] Request (ImagesOneServerNegativeTestJSON:setUpClass): 200 GET http://10.180.1.21/compute/v2.1/servers/c97cf0d0-0dfb-4507-9eb6-9ff643b1f658 1.141s
2024-05-29 03:09:49.038 61235 INFO tempest.lib.common.rest_client [req-e34ccb48-b122-4f97-9c55-6ba91d92d37b req-e34ccb48-b122-4f97-9c55-6ba91d92d37b ] Request (ListImagesTestJSON:tearDownClass): 204 DELETE http://10.180.1.21:9696/networking/v2.0/security-groups/4af10359-dfc8-42e5-acd4-b8b516d29e2d 0.220s
2024-05-29 03:09:49.098 61208 INFO tempest.lib.common.rest_client [req-03678d92-b89a-45db-9d67-e6e72ea1c8a9 req-03678d92-b89a-45db-9d67-e6e72ea1c8a9 ] Request (ServerDiagnosticsV248Test:test_get_server_diagnostics): 200 GET http://10.180.1.21/compute/v2.1/servers/4977e0bb-8508-4f59-8f76-9218b18579b0 1.116s
2024-05-29 03:09:49.110 61235 INFO tempest.lib.common.rest_client [req-b57bef67-9eed-479c-969f-26254e1c6df1 req-b57bef67-9eed-479c-969f-26254e1c6df1 ] Request (ListImagesTestJSON:tearDownClass): 204 DELETE http://10.180.1.21/identity/v3/projects/ac0f43ba26d74afe9b6ecff5e083ab6a 0.072s
2024-05-29 03:09:49.125 61252 INFO tempest.lib.common.rest_client [req-281094c4-f083-4674-bf16-db55bc9aad79 req-281094c4-f083-4674-bf16-db55bc9aad79 ] Request (HostsAdminTestJSON:test_show_host_detail): 200 GET http://10.180.1.21/compute/v2.1/os-hosts/cpu-1 1.081s
2024-05-29 03:09:49.175 61235 INFO tempest.lib.common.rest_client [req-80a67a49-db00-455b-b783-315b8053c7d5 req-80a67a49-db00-455b-b783-315b8053c7d5 ] Request (ServerActionsV293TestJSON:setUpClass): 201 POST http://10.180.1.21/identity/v3/auth/tokens 0.063s
2024-05-29 03:09:49.198 61235 INFO tempest.lib.common.rest_client [req-87660db4-e41f-4458-b34c-69b5350932c9 req-87660db4-e41f-4458-b34c-69b5350932c9 ] Request (ServerActionsV293TestJSON:setUpClass): 201 POST http://10.180.1.21/identity/v3/auth/tokens 0.021s
2024-05-29 03:09:49.227 61252 INFO tempest.lib.common.rest_client [req-bdf5f62c-8845-46a5-9a34-7be0a25c45a6 req-bdf5f62c-8845-46a5-9a34-7be0a25c45a6 ] Request (HostsAdminTestJSON:tearDownClass): 204 DELETE http://10.180.1.21/identity/v3/users/2d4545f38f774ebc9a6c00590c342772 0.098s
2024-05-29 03:09:49.254 61235 INFO tempest.lib.common.rest_client [req-88173543-248b-4f10-b04d-f2e21cd8697b req-88173543-248b-4f10-b04d-f2e21cd8697b ] Request (ServerActionsV293TestJSON:setUpClass): 200 GET http://10.180.1.21/identity/v3/domains?name=Default 0.055s
2024-05-29 03:09:49.282 61235 INFO tempest.lib.common.rest_client [req-4cd93a9c-ebb1-46ba-9d20-bbe88fb6cadc req-4cd93a9c-ebb1-46ba-9d20-bbe88fb6cadc ] Request (ServerActionsV293TestJSON:setUpClass): 201 POST http://10.180.1.21/identity/v3/projects 0.028s
2024-05-29 03:09:49.284 61233 INFO tempest.lib.common.rest_client [req-baedd982-34cc-4f96-af5f-694c782c316a req-baedd982-34cc-4f96-af5f-694c782c316a ] Request (ServersWithSpecificFlavorTestJSON:test_verify_created_server_ephemeral_disk): 200 GET http://10.180.1.21/compute/v2.1/servers/ab55ebb0-bd14-42bb-b8eb-bd43045e3616 1.195s
2024-05-29 03:09:49.290 61233 INFO tempest.common.waiters [-] State transition "BUILD/scheduling" ==> "BUILD/None" after 11 second wait
2024-05-29 03:09:49.304 61252 INFO tempest.lib.common.rest_client [req-01afa720-17f6-4a4b-ad71-07ef51ffa574 req-01afa720-17f6-4a4b-ad71-07ef51ffa574 ] Request (HostsAdminTestJSON:tearDownClass): 204 DELETE http://10.180.1.21/identity/v3/users/7a2091d308fa46f5a707e967ebadc9fe 0.077s
2024-05-29 03:09:49.304 61252 INFO tempest.lib.common.dynamic_creds [-] Deleting project and security group for project: 39bcf039e07148588f6b93473ee27f1d
2024-05-29 03:09:49.344 61196 INFO tempest.lib.common.rest_client [req-69df44f9-7713-4267-8ae8-eba4fd8be45a req-69df44f9-7713-4267-8ae8-eba4fd8be45a ] Request (ServerDiagnosticsNegativeTest:test_get_server_diagnostics_by_non_admin): 200 GET http://10.180.1.21/compute/v2.1/servers/ee66f979-734c-4843-9c7e-ea5e25d3257c 1.196s
2024-05-29 03:09:49.370 61252 INFO tempest.lib.common.rest_client [req-e3a88e1f-1c5d-4a29-88df-ca94c7b15b02 req-e3a88e1f-1c5d-4a29-88df-ca94c7b15b02 ] Request (HostsAdminTestJSON:tearDownClass): 201 POST http://10.180.1.21/identity/v3/auth/tokens 0.065s
2024-05-29 03:09:49.399 61235 INFO tempest.lib.common.rest_client [req-89a403b0-ba96-4bfe-bcbc-be03e256c872 req-89a403b0-ba96-4bfe-bcbc-be03e256c872 ] Request (ServerActionsV293TestJSON:setUpClass): 201 POST http://10.180.1.21/identity/v3/users 0.116s
2024-05-29 03:09:49.401 61192 INFO tempest.lib.common.rest_client [req-81602049-32c3-4ace-8272-84def548761f req-81602049-32c3-4ace-8272-84def548761f ] Request (TenantUsagesTestJSON:setUpClass): 200 GET http://10.180.1.21/compute/v2.1/servers/1c26cee7-d194-4158-84f6-44bf64976acb 1.130s
2024-05-29 03:09:49.441 61235 INFO tempest.lib.common.rest_client [req-eb225875-5243-4dce-a31d-72b154a6f5c1 req-eb225875-5243-4dce-a31d-72b154a6f5c1 ] Request (ServerActionsV293TestJSON:setUpClass): 200 GET http://10.180.1.21/identity/v3/roles 0.041s
2024-05-29 03:09:49.468 61235 INFO tempest.lib.common.rest_client [req-215c7901-b33b-46ec-ad52-ca1123d668f5 req-215c7901-b33b-46ec-ad52-ca1123d668f5 ] Request (ServerActionsV293TestJSON:setUpClass): 204 PUT http://10.180.1.21/identity/v3/projects/08cd89726e8541b1b24cdaaff63708a2/users/4832343df6b7460abc602ef34516d5b1/roles/641688dde63540b0bd243696e3b65e64 0.026s
2024-05-29 03:09:49.468 61235 INFO tempest.lib.common.dynamic_creds [-] Dynamic test user 4832343df6b7460abc602ef34516d5b1 is created with scope project and roles: ['member']
2024-05-29 03:09:49.469 61235 INFO tempest.lib.common.dynamic_creds [-] Acquired dynamic creds: credentials: Credentials: {'domain_id': 'default', 'domain_name': 'Default', 'username': 'tempest-ServerActionsV293TestJSON-2022301660-project-member', 'project_domain_id': 'default', 'project_domain_name': 'Default', 'project_id': '08cd89726e8541b1b24cdaaff63708a2', 'project_name': 'tempest-ServerActionsV293TestJSON-2022301660', 'tenant_id': '08cd89726e8541b1b24cdaaff63708a2', 'tenant_name': 'tempest-ServerActionsV293TestJSON-2022301660', 'user_domain_id': 'default', 'user_domain_name': 'Default', 'user_id': '4832343df6b7460abc602ef34516d5b1', 'system': None}, Network: None, Subnet: None, Router: None
2024-05-29 03:09:49.556 61252 INFO tempest.lib.common.rest_client [req-aef15e50-809e-4ed6-88f1-ee760e7c9dfb req-aef15e50-809e-4ed6-88f1-ee760e7c9dfb ] Request (HostsAdminTestJSON:tearDownClass): 200 GET http://10.180.1.21:9696/networking/v2.0/security-groups?tenant_id=39bcf039e07148588f6b93473ee27f1d&name=default 0.186s
2024-05-29 03:09:49.562 61235 INFO tempest.lib.common.rest_client [req-4492f7d5-8449-47ca-a07d-cc91ba880140 req-4492f7d5-8449-47ca-a07d-cc91ba880140 ] Request (ServerActionsV293TestJSON:setUpClass): 201 POST http://10.180.1.21/identity/v3/auth/tokens 0.093s
2024-05-29 03:09:49.618 61224 INFO tempest.lib.common.rest_client [req-f8f11242-918d-48c7-8105-911f928cc140 req-f8f11242-918d-48c7-8105-911f928cc140 ] Request (ImagesOneServerTestJSON:setUpClass): 204 DELETE http://10.180.1.21/compute/v2.1/servers/ab7c2486-aa84-437b-bb4f-1aac6bd3e3ae 1.597s
2024-05-29 03:09:49.636 61194 INFO tempest.lib.common.rest_client [req-55410a50-463a-4540-9b6b-9adc174bd63e req-55410a50-463a-4540-9b6b-9adc174bd63e ] Request (AggregatesAdminNegativeTestJSON:_run_cleanups): 200 DELETE http://10.180.1.21/compute/v2.1/os-aggregates/5 1.327s
2024-05-29 03:09:49.651 61241 INFO tempest.lib.common.rest_client [req-50255ff8-bfb1-4e76-9c93-f2c18786ec0f req-50255ff8-bfb1-4e76-9c93-f2c18786ec0f ] Request (FlavorsV2TestJSON:test_list_flavors_using_marker): 200 GET http://10.180.1.21/compute/v2.1/flavors/42 1.326s
2024-05-29 03:09:49.685 61229 INFO tempest.lib.common.rest_client [req-5f1bb4f0-f971-4762-a364-b5aefc13bd58 req-5f1bb4f0-f971-4762-a364-b5aefc13bd58 ] Request (QuotasAdminTestJSON:_run_cleanups): 200 PUT http://10.180.1.21/compute/v2.1/os-quota-sets/09438ba6d5794017869fddef65d0aa54 1.383s
2024-05-29 03:09:49.708 61216 INFO tempest.lib.common.rest_client [req-8414b7c3-5ba6-46f4-9897-b43155654d15 req-8414b7c3-5ba6-46f4-9897-b43155654d15 ] Request (ImagesNegativeTestJSON:test_create_image_from_deleted_server): 200 GET http://10.180.1.21/compute/v2.1/servers/0d38ff99-9e45-4701-a3e7-c597f16d8d15 1.360s
2024-05-29 03:09:49.719 61232 INFO tempest.lib.common.rest_client [req-33b0d5d7-485a-4e8e-a22d-ce27172c4146 req-33b0d5d7-485a-4e8e-a22d-ce27172c4146 ] Request (FlavorsAdminTestJSON:_run_cleanups): 202 DELETE http://10.180.1.21/compute/v2.1/flavors/1070775294 1.325s
2024-05-29 03:09:49.731 61226 INFO tempest.lib.common.rest_client [req-b967b496-0a9e-4ffd-a20d-3cc740090e36 req-b967b496-0a9e-4ffd-a20d-3cc740090e36 ] Request (MultipleCreateNegativeTestJSON:test_min_count_less_than_one): 400 POST http://10.180.1.21/compute/v2.1/servers 1.269s
2024-05-29 03:09:49.741 61249 INFO tempest.lib.common.rest_client [req-9225d77e-7f7e-4be2-975d-a4e3a39a5b46 req-9225d77e-7f7e-4be2-975d-a4e3a39a5b46 ] Request (DeleteServersAdminTestJSON:test_admin_delete_servers_of_others): 200 GET http://10.180.1.21/compute/v2.1/servers/d5d40bea-c5c8-462e-8e27-8feb8331e875 1.358s
2024-05-29 03:09:49.764 61229 INFO tempest.lib.common.rest_client [req-ceaef765-5099-4e86-ad77-f516f3b6e696 req-ceaef765-5099-4e86-ad77-f516f3b6e696 ] Request (QuotasAdminTestJSON:tearDownClass): 204 DELETE http://10.180.1.21/identity/v3/users/f123f40cf5414c98ba97e4ebd120e373 0.076s
2024-05-29 03:09:49.793 61198 INFO tempest.lib.common.rest_client [req-dba2126e-e268-4ba5-9637-dfa4817f5a96 req-dba2126e-e268-4ba5-9637-dfa4817f5a96 ] Request (ServerDiskConfigTestJSON:test_rebuild_server_with_auto_disk_config): 200 GET http://10.180.1.21/compute/v2.1/servers/81818668-fedc-4740-abeb-3a411adf3db9 1.320s
2024-05-29 03:09:49.812 61226 INFO tempest.lib.common.rest_client [req-005f606c-788b-4dd9-851e-0a882a87973b req-005f606c-788b-4dd9-851e-0a882a87973b ] Request (MultipleCreateNegativeTestJSON:test_min_count_non_integer): 201 POST http://10.180.1.21/identity/v3/auth/tokens 0.074s
2024-05-29 03:09:49.812 61226 INFO tempest.lib.common.fixed_network [-] (MultipleCreateNegativeTestJSON:test_min_count_non_integer) Found network None available for tenant
2024-05-29 03:09:49.823 61204 INFO tempest.lib.common.rest_client [req-62069e09-491a-45d4-95ad-b429bc7745ae req-62069e09-491a-45d4-95ad-b429bc7745ae ] Request (QuotasAdminTestV257:test_get_updated_quotas): 200 GET http://10.180.1.21/identity/v3/domains?name=Default 0.103s
2024-05-29 03:09:49.830 61252 INFO tempest.lib.common.rest_client [req-1fd431c9-c1e7-4234-b471-53daf864d2ee req-1fd431c9-c1e7-4234-b471-53daf864d2ee ] Request (HostsAdminTestJSON:tearDownClass): 204 DELETE http://10.180.1.21:9696/networking/v2.0/security-groups/3d01753e-aacf-49b3-9006-e8aec3adabcc 0.273s
2024-05-29 03:09:49.864 61204 INFO tempest.lib.common.rest_client [req-d4d6e9bf-dd39-472f-b287-53defc6930d1 req-d4d6e9bf-dd39-472f-b287-53defc6930d1 ] Request (QuotasAdminTestV257:test_get_updated_quotas): 201 POST http://10.180.1.21/identity/v3/projects 0.040s
2024-05-29 03:09:49.946 61229 INFO tempest.lib.common.rest_client [req-45e43f47-b493-4212-9bad-026b4274df32 req-45e43f47-b493-4212-9bad-026b4274df32 ] Request (QuotasAdminTestJSON:tearDownClass): 204 DELETE http://10.180.1.21/identity/v3/users/5acdaf03d1ef4879a2b059761c7ad1c6 0.182s
2024-05-29 03:09:49.946 61229 INFO tempest.lib.common.dynamic_creds [-] Deleting project and security group for project: 682a9ad918b141faa5a6956fbb0cb0f1
2024-05-29 03:09:49.997 61204 INFO tempest.lib.common.rest_client [req-544d3ef0-f501-4f28-8846-f61cd126b5e8 req-544d3ef0-f501-4f28-8846-f61cd126b5e8 ] Request (QuotasAdminTestV257:test_get_updated_quotas): 200 GET http://10.180.1.21/identity/v3/domains?name=Default 0.133s
2024-05-29 03:09:50.005 61235 INFO tempest.lib.common.rest_client [req-a04db24e-edaf-41e7-8f85-3cb6a010e949 req-a04db24e-edaf-41e7-8f85-3cb6a010e949 ] Request (ServerActionsV293TestJSON:setUpClass): 201 POST http://10.180.1.21:9696/networking/v2.0/networks 0.443s
2024-05-29 03:09:50.007 61252 INFO tempest.lib.common.rest_client [req-95348807-ef71-461d-890c-b8570cc752dc req-95348807-ef71-461d-890c-b8570cc752dc ] Request (HostsAdminTestJSON:tearDownClass): 204 DELETE http://10.180.1.21/identity/v3/projects/39bcf039e07148588f6b93473ee27f1d 0.177s
2024-05-29 03:09:50.007 61252 INFO tempest.lib.common.dynamic_creds [-] Deleting project and security group for project: ac46ff009d034921845c4da7c6e5c14e
2024-05-29 03:09:50.043 61229 INFO tempest.lib.common.rest_client [req-19d658ed-b192-4cd4-90a3-cfa96699191f req-19d658ed-b192-4cd4-90a3-cfa96699191f ] Request (QuotasAdminTestJSON:tearDownClass): 201 POST http://10.180.1.21/identity/v3/auth/tokens 0.096s
2024-05-29 03:09:50.087 61247 INFO tempest.lib.common.rest_client [req-5596fa38-ed98-4987-8a6e-9dd0515e77bf req-5596fa38-ed98-4987-8a6e-9dd0515e77bf ] Request (VolumesAssistedSnapshotsTest:test_volume_assisted_snapshot_create_delete): 200 GET http://10.180.1.21/compute/v2.1/servers/2045222f-94a6-4738-8bb0-31da84b29359 1.413s
2024-05-29 03:09:50.353 61252 INFO tempest.lib.common.rest_client [req-612a1719-d639-4a66-a1c2-c2f324a8d909 req-612a1719-d639-4a66-a1c2-c2f324a8d909 ] Request (HostsAdminTestJSON:tearDownClass): 200 GET http://10.180.1.21:9696/networking/v2.0/security-groups?tenant_id=ac46ff009d034921845c4da7c6e5c14e&name=default 0.345s
2024-05-29 03:09:50.528 61256 INFO tempest.lib.common.rest_client [req-34697ad4-833d-4669-a3bd-b50690e06f64 req-34697ad4-833d-4669-a3bd-b50690e06f64 ] Request (SecurityGroupRulesTestJSON:test_security_group_rules_delete_when_peer_group_deleted): 200 POST http://10.180.1.21/compute/v2.1/os-security-group-rules 1.879s
2024-05-29 03:09:50.537 61229 INFO tempest.lib.common.rest_client [req-d173b6de-e335-4c5b-a720-0867d4029e54 req-d173b6de-e335-4c5b-a720-0867d4029e54 ] Request (QuotasAdminTestJSON:tearDownClass): 200 GET http://10.180.1.21:9696/networking/v2.0/security-groups?tenant_id=682a9ad918b141faa5a6956fbb0cb0f1&name=default 0.493s
2024-05-29 03:09:50.601 61242 INFO tempest.lib.common.rest_client [req-4c1a370b-366a-474d-8dd4-ce1c6f7a032b req-4c1a370b-366a-474d-8dd4-ce1c6f7a032b ] Request (SecurityGroupsTestJSON:test_list_security_groups_by_server): 200 GET http://10.180.1.21/compute/v2.1/servers/76777b84-39b3-4be4-b65e-bd5bdefaf59a 1.851s
2024-05-29 03:09:50.622 61252 INFO tempest.lib.common.rest_client [req-18d7ca1a-218f-43e2-bf12-c3e6f817c980 req-18d7ca1a-218f-43e2-bf12-c3e6f817c980 ] Request (HostsAdminTestJSON:tearDownClass): 204 DELETE http://10.180.1.21:9696/networking/v2.0/security-groups/d3affaab-f9d4-4435-b7a9-2bff73835b94 0.268s
2024-05-29 03:09:50.627 61235 INFO tempest.lib.common.rest_client [req-519fe0e2-64f1-4ae6-97c0-3af641bf5b68 req-519fe0e2-64f1-4ae6-97c0-3af641bf5b68 ] Request (ServerActionsV293TestJSON:setUpClass): 201 POST http://10.180.1.21:9696/networking/v2.0/subnets 0.621s
2024-05-29 03:09:50.656 61186 INFO tempest.lib.common.rest_client [req-21d3ca46-31b2-4d2e-93c2-51fb386d800e req-21d3ca46-31b2-4d2e-93c2-51fb386d800e ] Request (MigrationsAdminTest:test_list_migrations_in_flavor_resize_situation): 200 GET http://10.180.1.21/compute/v2.1/servers/d7d75d97-7868-4af8-b47b-b22f5a94cbb9 1.889s
2024-05-29 03:09:50.662 61186 INFO tempest.common.waiters [-] State transition "BUILD/scheduling" ==> "ERROR/None" after 35 second wait
2024-05-29 03:09:50.696 61218 INFO tempest.lib.common.rest_client [req-1b1bf194-de75-4dc0-9b47-05670554282b req-1b1bf194-de75-4dc0-9b47-05670554282b ] Request (ServersTestManualDisk:setUpClass): 201 POST http://10.180.1.21:9696/networking/v2.0/routers 1.909s
2024-05-29 03:09:50.697 61222 INFO tempest.lib.common.rest_client [req-1aba23a2-8fa9-4c4f-9f2f-1c83561586fb req-1aba23a2-8fa9-4c4f-9f2f-1c83561586fb ] Request (ServerActionsTestOtherA:setUpClass): 200 GET http://10.180.1.21/compute/v2.1/servers/c3abf998-dab6-4326-aace-8722b0e7ac29 1.871s
2024-05-29 03:09:50.708 61252 INFO tempest.lib.common.rest_client [req-4688afaf-48a1-43a3-a831-98e7194974ca req-4688afaf-48a1-43a3-a831-98e7194974ca ] Request (HostsAdminTestJSON:tearDownClass): 204 DELETE http://10.180.1.21/identity/v3/projects/ac46ff009d034921845c4da7c6e5c14e 0.086s
2024-05-29 03:09:50.715 61215 INFO tempest.lib.common.rest_client [req-6102de09-7002-46d6-b20d-6df404e71050 req-6102de09-7002-46d6-b20d-6df404e71050 ] Request (FloatingIPsTestJSON:test_delete_floating_ip): 404 GET http://10.180.1.21/compute/v2.1/os-floating-ips/4970a0ea-43c3-46fe-b0af-e1c90aca18b4 1.831s
2024-05-29 03:09:50.717 61188 INFO tempest.lib.common.rest_client [req-ca284b02-1243-4005-ae5c-e53e8fe5ab52 req-ca284b02-1243-4005-ae5c-e53e8fe5ab52 ] Request (SecurityGroupsNegativeTestJSON:test_delete_security_group_without_passing_id): 404 DELETE http://10.180.1.21/compute/v2.1/os-security-groups/ 1.824s
2024-05-29 03:09:50.759 61252 INFO tempest.lib.common.rest_client [req-dc86c081-529b-4151-9efb-27d3fb01e9b4 req-dc86c081-529b-4151-9efb-27d3fb01e9b4 ] Request (ServersAaction247Test:setUpClass): 201 POST http://10.180.1.21/identity/v3/auth/tokens 0.050s
2024-05-29 03:09:50.778 61206 INFO tempest.lib.common.rest_client [req-c60d0bea-57ea-4408-a43f-c6261b55de1c req-c60d0bea-57ea-4408-a43f-c6261b55de1c ] Request (ServerExternalEventsTest:test_create_server_external_events): 200 GET http://10.180.1.21/compute/v2.1/servers/c275d183-efcc-4ffb-aad8-26a83180bffc 1.893s
2024-05-29 03:09:50.787 61201 INFO tempest.lib.common.rest_client [req-325ac7e0-66d9-4348-b19b-4389eacf5d91 req-325ac7e0-66d9-4348-b19b-4389eacf5d91 ] Request (ServerDiagnosticsTest:test_get_server_diagnostics): 200 GET http://10.180.1.21/compute/v2.1/servers/d32b02ea-c416-459f-9be2-cb6c39872b99 1.880s
2024-05-29 03:09:50.791 61229 INFO tempest.lib.common.rest_client [req-dcd0f667-d52a-4aac-adb4-fe3eba5fc1fb req-dcd0f667-d52a-4aac-adb4-fe3eba5fc1fb ] Request (QuotasAdminTestJSON:tearDownClass): 204 DELETE http://10.180.1.21:9696/networking/v2.0/security-groups/f5cef9e1-6193-4cb7-a3a6-fce6e4aa51ed 0.254s
2024-05-29 03:09:50.804 61252 INFO tempest.lib.common.rest_client [req-75eafc4d-9231-41ab-9b3c-5d0c9de83441 req-75eafc4d-9231-41ab-9b3c-5d0c9de83441 ] Request (ServersAaction247Test:setUpClass): 201 POST http://10.180.1.21/identity/v3/auth/tokens 0.043s
2024-05-29 03:09:50.806 61238 INFO tempest.lib.common.rest_client [req-4368b1a8-da94-469b-b33a-eba94ba125c3 req-4368b1a8-da94-469b-b33a-eba94ba125c3 ] Request (FlavorsAccessNegativeTestJSON:_run_cleanups): 202 DELETE http://10.180.1.21/compute/v2.1/flavors/860106125 1.841s
2024-05-29 03:09:50.826 61252 INFO tempest.lib.common.rest_client [req-19630140-7607-4c0c-aeb0-bce859db5973 req-19630140-7607-4c0c-aeb0-bce859db5973 ] Request (ServersAaction247Test:setUpClass): 200 GET http://10.180.1.21/identity/v3/domains?name=Default 0.021s
2024-05-29 03:09:50.829 61224 INFO tempest.lib.common.rest_client [req-a9f4e595-4d95-4142-bad6-301b0077ee7f req-a9f4e595-4d95-4142-bad6-301b0077ee7f ] Request (ImagesOneServerTestJSON:setUpClass): 404 GET http://10.180.1.21/compute/v2.1/servers/ab7c2486-aa84-437b-bb4f-1aac6bd3e3ae 1.210s
