2024-08-16 16:51:30.618 62134 INFO tempest.lib.common.rest_client [req-402df1cc-0c95-45d0-b6aa-509f8bf1c73a req-402df1cc-0c95-45d0-b6aa-509f8bf1c73a ] Request (ServersTestJSON:test_create_server_specify_multibyte_character_name): 200 GET http://10.180.1.21/compute/v2.1/servers/a4e9e903-e0cf-4161-b98a-2fcc549a7cbe 0.091s
2024-08-16 16:51:30.624 62134 INFO tempest.common.waiters [-] State transition "BUILD/None" ==> "BUILD/networking" after 91 second wait
2024-08-16 16:51:30.630 62148 INFO tempest.lib.common.rest_client [req-240bfed8-1c78-4c33-8052-5d4d4f206b50 req-240bfed8-1c78-4c33-8052-5d4d4f206b50 ] Request (ServersAdminTestJSON:setUpClass): 200 GET http://10.180.1.21/compute/v2.1/servers/274affb8-ab59-442b-88aa-be6bae9907bf 0.081s
2024-08-16 16:51:30.660 62151 INFO tempest.lib.common.rest_client [req-77da9154-58cc-4883-b76d-c5a091c4c06f req-77da9154-58cc-4883-b76d-c5a091c4c06f ] Request (ServerMetadataNegativeTestJSON:setUpClass): 200 GET http://10.180.1.21/compute/v2.1/servers/de1e9eee-2519-4450-bff6-c7b371bf8411 0.090s
2024-08-16 16:51:30.682 62119 INFO tempest.lib.common.rest_client [req-01e1cba0-635c-465b-a009-09ff7041c622 req-01e1cba0-635c-465b-a009-09ff7041c622 ] Request (ServerRescueTestJSONUnderV235:setUpClass): 200 GET http://10.180.1.21/compute/v2.1/servers/0836e6f0-f769-4820-9d32-eac4669e8159 0.040s
2024-08-16 16:51:30.785 62121 INFO tempest.lib.common.rest_client [req-0ab89117-9e26-477a-8094-b6f31645cc10 req-0ab89117-9e26-477a-8094-b6f31645cc10 ] Request (AttachInterfacesV270Test:test_create_get_list_interfaces): 200 GET http://10.180.1.21/compute/v2.1/servers/619999ff-161e-4891-b6bb-23f071079384 0.049s
2024-08-16 16:51:30.807 62104 INFO tempest.lib.common.rest_client [req-fc9fc9dc-907c-43a7-8c76-0463263f9bc2 req-fc9fc9dc-907c-43a7-8c76-0463263f9bc2 ] Request (VolumesAdminNegativeTest:test_update_attached_volume_with_nonexistent_volume_in_body): 200 GET http://10.180.1.21/compute/v2.1/servers/e2063b08-1037-47ca-a33f-337a832f963d 0.049s
2024-08-16 16:51:30.857 62110 INFO tempest.lib.common.rest_client [req-0798bd3d-ed0e-4bc3-b102-3b90031e2f91 req-0798bd3d-ed0e-4bc3-b102-3b90031e2f91 ] Request (ImagesNegativeTestJSON:test_create_image_from_deleted_server): 200 GET http://10.180.1.21/compute/v2.1/servers/04e30823-a425-44fa-aec0-e0791e558ea8 0.049s
2024-08-16 16:51:30.877 62140 INFO tempest.lib.common.rest_client [req-22b55b7f-fb4b-426a-a298-dc22685a73cc req-22b55b7f-fb4b-426a-a298-dc22685a73cc ] Request (ImagesOneServerNegativeTestJSON:setUpClass): 200 GET http://10.180.1.21/compute/v2.1/servers/3f47490d-d2a8-4b47-af50-ddcb14dd9af5 0.057s
2024-08-16 16:51:30.917 62128 INFO tempest.lib.common.rest_client [req-7e7950e8-fc00-4815-82ed-4169b32e4b38 req-7e7950e8-fc00-4815-82ed-4169b32e4b38 ] Request (ServerPasswordTestJSON:setUpClass): 200 GET http://10.180.1.21/compute/v2.1/servers/efeac2f1-7d2d-46a7-b05f-18407eda610d 0.054s
2024-08-16 16:51:31.121 62108 INFO tempest.lib.common.rest_client [req-702deb04-49fe-4a05-bdb8-b3c850467967 req-702deb04-49fe-4a05-bdb8-b3c850467967 ] Request (ServerShowV257Test:test_rebuild_server): 200 GET http://10.180.1.21/compute/v2.1/servers/2cc6c123-a6ad-4cc0-9346-418815b45c46 0.226s
2024-08-16 16:51:31.130 62136 INFO tempest.lib.common.rest_client [req-810215b2-d5fd-426c-8315-4d48cae5d54b req-810215b2-d5fd-426c-8315-4d48cae5d54b ] Request (AttachVolumeShelveTestJSON:test_attach_volume_shelved_or_offload_server): 200 GET http://10.180.1.21/compute/v2.1/servers/8543497e-8f92-4cc0-9352-4edaa9f16dfb 0.207s
2024-08-16 16:51:31.172 62159 INFO tempest.lib.common.rest_client [req-73ed3a9c-4a25-4df3-a554-01bfae25bd47 req-73ed3a9c-4a25-4df3-a554-01bfae25bd47 ] Request (InstanceActionsV221TestJSON:test_get_list_deleted_instance_actions): 200 GET http://10.180.1.21/compute/v2.1/servers/ad896ee6-d48b-446a-87b3-7ca76403c39a 0.234s
2024-08-16 16:51:31.186 62124 INFO tempest.lib.common.rest_client [req-d0155733-4181-4e63-ba75-edfd4ecf7a00 req-d0155733-4181-4e63-ba75-edfd4ecf7a00 ] Request (ServerActionsV293TestJSON:setUpClass): 200 GET http://10.180.1.21/compute/v2.1/servers/3982b6d1-76a7-4359-a563-fd44c0009858 0.085s
2024-08-16 16:51:31.222 62154 INFO tempest.lib.common.rest_client [req-b6554d9d-8694-42e1-94bd-b68b9fefaf73 req-b6554d9d-8694-42e1-94bd-b68b9fefaf73 ] Request (AttachInterfacesTestJSON:test_create_list_show_delete_interfaces_by_fixed_ip): 200 GET http://10.180.1.21/compute/v2.1/servers/2a7e4575-b223-4f04-b424-87e78e329c1c 0.116s
2024-08-16 16:51:31.234 62149 INFO tempest.lib.common.rest_client [req-6f9839a4-6061-4925-bad3-e16c149b0fec req-6f9839a4-6061-4925-bad3-e16c149b0fec ] Request (ListServerFiltersTestJSON:setUpClass): 200 GET http://10.180.1.21/compute/v2.1/servers/c9a0061e-d69e-4841-9be6-110913e5b174 0.097s
2024-08-16 16:51:31.270 62145 INFO tempest.lib.common.rest_client [req-12c64056-24a0-4ffa-85a6-4e2de536b425 req-12c64056-24a0-4ffa-85a6-4e2de536b425 ] Request (ImagesTestJSON:test_create_image_from_suspended_server): 200 GET http://10.180.1.21/compute/v2.1/servers/7ccc243f-33c2-4ddb-b37d-a04658d91516 0.077s
2024-08-16 16:51:31.280 62106 INFO tempest.lib.common.rest_client [req-cc958a3b-639b-48dc-bfe2-9fa7b0b42e0e req-cc958a3b-639b-48dc-bfe2-9fa7b0b42e0e ] Request (AttachInterfacesUnderV243Test:test_add_remove_fixed_ip): 200 GET http://10.180.1.21/compute/v2.1/servers/c48d467c-d006-4d41-8c33-38cd89097fbb 0.075s
2024-08-16 16:51:31.326 62114 INFO tempest.lib.common.rest_client [req-f8afb4ab-2e8b-4825-aae0-fb84786bc913 req-f8afb4ab-2e8b-4825-aae0-fb84786bc913 ] Request (ServersTestMultiNic:test_verify_multiple_nics_order): 200 GET http://10.180.1.21/compute/v2.1/servers/0223123e-34e0-4e4f-b12a-8887f660cc0c 0.049s
2024-08-16 16:51:31.332 62133 INFO tempest.lib.common.rest_client [req-eb4026da-2acb-408a-8b5f-90ab69d2e23d req-eb4026da-2acb-408a-8b5f-90ab69d2e23d ] Request (MigrationsAdminTest:test_resize_server_revert_deleted_flavor): 200 GET http://10.180.1.21/compute/v2.1/servers/97e6f555-d3b5-43ca-9ea9-7bd30ca918b2 0.065s
2024-08-16 16:51:31.366 62158 INFO tempest.lib.common.rest_client [req-885d5061-83c6-47d3-83a4-b99018a45dad req-885d5061-83c6-47d3-83a4-b99018a45dad ] Request (ServerDiskConfigTestJSON:test_rebuild_server_with_auto_disk_config): 200 GET http://10.180.1.21/compute/v2.1/servers/cc0f426b-53e0-4d2d-9d21-ee5580b4e773 0.046s
2024-08-16 16:51:31.426 62126 INFO tempest.lib.common.rest_client [req-224aab55-949b-4424-b3fe-cb381cf7a36b req-224aab55-949b-4424-b3fe-cb381cf7a36b ] Request (ServerAddressesTestJSON:setUpClass): 200 GET http://10.180.1.21/compute/v2.1/servers/f8dc3104-5a5e-457a-a9a6-ab0739c3f3f7 0.048s
2024-08-16 16:51:31.469 62138 INFO tempest.lib.common.rest_client [req-e8199cd4-d2e0-4ec9-bbac-c72745c79314 req-e8199cd4-d2e0-4ec9-bbac-c72745c79314 ] Request (ServersTestManualDisk:setUpClass): 200 GET http://10.180.1.21/compute/v2.1/servers/fdda4317-bb73-49ef-bcb0-0165fb48128a 0.048s
2024-08-16 16:51:31.501 62175 INFO tempest.lib.common.rest_client [req-7a7e29ba-0f43-439b-8673-ac3b97fae12d req-7a7e29ba-0f43-439b-8673-ac3b97fae12d ] Request (ImagesOneServerTestJSON:setUpClass): 200 GET http://10.180.1.21/compute/v2.1/servers/ea416909-2d8e-4c31-8479-b3b05ac8a724 0.041s
2024-08-16 16:51:31.556 62112 INFO tempest.lib.common.rest_client [req-d0e16861-7de5-4e00-84c1-5186caac3789 req-d0e16861-7de5-4e00-84c1-5186caac3789 ] Request (AttachVolumeTestJSON:test_attach_detach_volume): 200 GET http://10.180.1.21/compute/v2.1/servers/fb589280-30a7-41a1-b0d9-105595ba88d9 0.044s
2024-08-16 16:51:31.563 62167 INFO tempest.lib.common.rest_client [req-49f401be-58fe-47c8-b997-837f88ec28d9 req-49f401be-58fe-47c8-b997-837f88ec28d9 ] Request (ListServersNegativeTestJSON:setUpClass): 200 GET http://10.180.1.21/compute/v2.1/servers/aa16c718-63bf-4488-b786-228403c1b647 0.063s
2024-08-16 16:51:31.569 62167 INFO tempest.common.waiters [-] State transition "BUILD/scheduling" ==> "ERROR/None" after 18 second wait
2024-08-16 16:51:31.569 62167 ERROR tempest.common.compute [-] Server aa16c718-63bf-4488-b786-228403c1b647 failed to delete in time: tempest.lib.exceptions.DeleteErrorException: Resource %(resource_id)s failed to delete and is in ERROR status Details: Server aa16c718-63bf-4488-b786-228403c1b647 failed to delete and is in ERROR status. Fault: {'code': 500, 'created': '2024-08-16T16:51:30Z', 'message': 'Exceeded maximum number of retries. Exhausted all hosts available for retrying build failures for instance aa16c718-63bf-4488-b786-228403c1b647.'}.
2024-08-16 16:51:31.569 62167 ERROR tempest.common.compute
Traceback (most recent call last):
2024-08-16 16:51:31.569 62167 ERROR tempest.common.compute
File "/opt/stack/tempest/tempest/common/compute.py", line 323, in create_test_server
2024-08-16 16:51:31.569 62167 ERROR tempest.common.compute server = waiters.wait_for_server_status(
2024-08-16 16:51:31.569 62167 ERROR tempest.common.compute
File "/opt/stack/tempest/tempest/common/waiters.py", line 80, in wait_for_server_status
2024-08-16 16:51:31.569 62167 ERROR tempest.common.compute raise exceptions.BuildErrorException(details, server_id=server_id)
2024-08-16 16:51:31.569 62167 ERROR tempest.common.compute tempest.exceptions.BuildErrorException: Server 9298adc3-97f6-4097-9c56-abdd3b429a09 failed to build and is in ERROR status
2024-08-16 16:51:31.569 62167 ERROR tempest.common.compute Details: Fault: {'code': 500, 'created': '2024-08-16T16:51:11Z', 'message': 'Exceeded maximum number of retries. Exhausted all hosts available for retrying build failures for instance 9298adc3-97f6-4097-9c56-abdd3b429a09.'}. Request ID of server operation performed before checking the server status req-cbb433ca-3d14-4f8e-8647-d476fae28718.
2024-08-16 16:51:31.569 62167 ERROR tempest.common.compute
2024-08-16 16:51:31.569 62167 ERROR tempest.common.compute During handling of the above exception, another exception occurred:
2024-08-16 16:51:31.569 62167 ERROR tempest.common.compute
2024-08-16 16:51:31.569 62167 ERROR tempest.common.compute
Traceback (most recent call last):
2024-08-16 16:51:31.569 62167 ERROR tempest.common.compute
File "/opt/stack/tempest/tempest/common/compute.py", line 356, in create_test_server
2024-08-16 16:51:31.569 62167 ERROR tempest.common.compute waiters.wait_for_server_termination(
2024-08-16 16:51:31.569 62167 ERROR tempest.common.compute
File "/opt/stack/tempest/tempest/common/waiters.py", line 136, in wait_for_server_termination
2024-08-16 16:51:31.569 62167 ERROR tempest.common.compute raise lib_exc.DeleteErrorException(details, server_id=server_id)
2024-08-16 16:51:31.569 62167 ERROR tempest.common.compute tempest.lib.exceptions.DeleteErrorException: Resource %(resource_id)s failed to delete and is in ERROR status
2024-08-16 16:51:31.569 62167 ERROR tempest.common.compute Details: Server aa16c718-63bf-4488-b786-228403c1b647 failed to delete and is in ERROR status. Fault: {'code': 500, 'created': '2024-08-16T16:51:30Z', 'message': 'Exceeded maximum number of retries. Exhausted all hosts available for retrying build failures for instance aa16c718-63bf-4488-b786-228403c1b647.'}.
2024-08-16 16:51:31.569 62167 ERROR tempest.common.compute
2024-08-16 16:51:31.598 62116 INFO tempest.lib.common.rest_client [req-d6de17a1-2e90-4c9f-9a50-2f9b44dfeb04 req-d6de17a1-2e90-4c9f-9a50-2f9b44dfeb04 ] Request (SecurityGroupsTestJSON:test_server_security_groups): 200 GET http://10.180.1.21/compute/v2.1/servers/3f8d6b83-fee3-4902-bd4c-567162871e0a 0.052s
2024-08-16 16:51:31.606 62171 INFO tempest.lib.common.rest_client [req-8166c044-6bba-475e-901c-44efd363fca2 req-8166c044-6bba-475e-901c-44efd363fca2 ] Request (DeleteServersAdminTestJSON:test_admin_delete_servers_of_others): 200 GET http://10.180.1.21/compute/v2.1/servers/f9505277-db46-426e-9f90-74a9858b4018 0.050s
2024-08-16 16:51:31.638 62167 INFO tempest.lib.common.rest_client [req-f896ddfd-af74-45b1-a3f8-3201f539d327 req-f896ddfd-af74-45b1-a3f8-3201f539d327 ] Request (ListServersNegativeTestJSON:setUpClass): 200 GET http://10.180.1.21/compute/v2.1/servers/b0471cb1-93ad-43c1-ad2f-c432d0174596 0.068s
2024-08-16 16:51:31.655 62163 INFO tempest.lib.common.rest_client [req-2db482fb-fe4b-48d1-8695-ce4a4e92f4de req-2db482fb-fe4b-48d1-8695-ce4a4e92f4de ] Request (MultipleCreateTestJSON:test_multiple_create_with_reservation_return): 200 GET http://10.180.1.21/compute/v2.1/servers/1a91031e-5494-4dd0-8a2c-468df229ab23 0.071s
2024-08-16 16:51:31.678 62165 INFO tempest.lib.common.rest_client [req-c69ba133-1122-4166-8d07-60231dd2a365 req-c69ba133-1122-4166-8d07-60231dd2a365 ] Request (ServersNegativeTestMultiTenantJSON:setUpClass): 200 GET http://10.180.1.21/compute/v2.1/servers/afcf7343-1b06-4f77-b78f-3fffc7f680a4 0.083s
2024-08-16 16:51:31.751 62148 INFO tempest.lib.common.rest_client [req-571f1ef8-a692-4aa8-9d61-3474f1982b54 req-571f1ef8-a692-4aa8-9d61-3474f1982b54 ] Request (ServersAdminTestJSON:setUpClass): 200 GET http://10.180.1.21/compute/v2.1/servers/274affb8-ab59-442b-88aa-be6bae9907bf 0.114s
2024-08-16 16:51:31.794 62151 INFO tempest.lib.common.rest_client [req-2a17a65f-7a4c-4420-95b3-03dd6060e751 req-2a17a65f-7a4c-4420-95b3-03dd6060e751 ] Request (ServerMetadataNegativeTestJSON:setUpClass): 200 GET http://10.180.1.21/compute/v2.1/servers/de1e9eee-2519-4450-bff6-c7b371bf8411 0.128s
2024-08-16 16:51:31.799 62134 INFO tempest.lib.common.rest_client [req-4777b406-99f0-4e04-9c9e-92faae689acd req-4777b406-99f0-4e04-9c9e-92faae689acd ] Request (ServersTestJSON:test_create_server_specify_multibyte_character_name): 200 GET http://10.180.1.21/compute/v2.1/servers/a4e9e903-e0cf-4161-b98a-2fcc549a7cbe 0.173s
2024-08-16 16:51:31.804 62134 INFO tempest.common.waiters [-] State transition "BUILD/networking" ==> "BUILD/block_device_mapping" after 92 second wait
2024-08-16 16:51:31.834 62119 INFO tempest.lib.common.rest_client [req-abe1840b-6a2a-4711-847d-57519e269c6e req-abe1840b-6a2a-4711-847d-57519e269c6e ] Request (ServerRescueTestJSONUnderV235:setUpClass): 200 GET http://10.180.1.21/compute/v2.1/servers/0836e6f0-f769-4820-9d32-eac4669e8159 0.142s
2024-08-16 16:51:31.846 62121 INFO tempest.lib.common.rest_client [req-26a45f81-d0c7-46c2-a909-4f054c8b0e9f req-26a45f81-d0c7-46c2-a909-4f054c8b0e9f ] Request (AttachInterfacesV270Test:test_create_get_list_interfaces): 200 GET http://10.180.1.21/compute/v2.1/servers/619999ff-161e-4891-b6bb-23f071079384 0.053s
2024-08-16 16:51:31.873 62104 INFO tempest.lib.common.rest_client [req-2c2bfdb3-738c-446b-9eec-c31b874e1c41 req-2c2bfdb3-738c-446b-9eec-c31b874e1c41 ] Request (VolumesAdminNegativeTest:test_update_attached_volume_with_nonexistent_volume_in_body): 200 GET http://10.180.1.21/compute/v2.1/servers/e2063b08-1037-47ca-a33f-337a832f963d 0.059s
2024-08-16 16:51:31.914 62110 INFO tempest.lib.common.rest_client [req-06227e7c-52ea-4128-bc5d-09f66aa5fce2 req-06227e7c-52ea-4128-bc5d-09f66aa5fce2 ] Request (ImagesNegativeTestJSON:test_create_image_from_deleted_server): 200 GET http://10.180.1.21/compute/v2.1/servers/04e30823-a425-44fa-aec0-e0791e558ea8 0.048s
2024-08-16 16:51:31.931 62140 INFO tempest.lib.common.rest_client [req-17d3a44a-d2dc-4d92-a6ad-e8c6977eeae0 req-17d3a44a-d2dc-4d92-a6ad-e8c6977eeae0 ] Request (ImagesOneServerNegativeTestJSON:setUpClass): 200 GET http://10.180.1.21/compute/v2.1/servers/3f47490d-d2a8-4b47-af50-ddcb14dd9af5 0.046s
2024-08-16 16:51:31.971 62128 INFO tempest.lib.common.rest_client [req-9fa459ef-2d3f-4b29-9fe3-a0122f49d5ce req-9fa459ef-2d3f-4b29-9fe3-a0122f49d5ce ] Request (ServerPasswordTestJSON:setUpClass): 200 GET http://10.180.1.21/compute/v2.1/servers/efeac2f1-7d2d-46a7-b05f-18407eda610d 0.047s
2024-08-16 16:51:32.192 62136 INFO tempest.lib.common.rest_client [req-f83ab0aa-0424-4b89-8786-14f57ffa5136 req-f83ab0aa-0424-4b89-8786-14f57ffa5136 ] Request (AttachVolumeShelveTestJSON:test_attach_volume_shelved_or_offload_server): 200 GET http://10.180.1.21/compute/v2.1/servers/8543497e-8f92-4cc0-9352-4edaa9f16dfb 0.051s
2024-08-16 16:51:32.195 62108 INFO tempest.lib.common.rest_client [req-713718b6-cb43-4c7d-a188-c6088145b6b8 req-713718b6-cb43-4c7d-a188-c6088145b6b8 ] Request (ServerShowV257Test:test_rebuild_server): 200 GET http://10.180.1.21/compute/v2.1/servers/2cc6c123-a6ad-4cc0-9346-418815b45c46 0.066s
2024-08-16 16:51:32.202 62108 INFO tempest.common.waiters [-] State transition "BUILD/scheduling" ==> "BUILD/None" after 89 second wait
2024-08-16 16:51:32.252 62124 INFO tempest.lib.common.rest_client [req-322d459d-ae98-4318-ad64-778838d3f755 req-322d459d-ae98-4318-ad64-778838d3f755 ] Request (ServerActionsV293TestJSON:setUpClass): 200 GET http://10.180.1.21/compute/v2.1/servers/3982b6d1-76a7-4359-a563-fd44c0009858 0.056s
2024-08-16 16:51:32.254 62159 INFO tempest.lib.common.rest_client [req-8d6c5668-f477-4646-a2fb-70484acd5772 req-8d6c5668-f477-4646-a2fb-70484acd5772 ] Request (InstanceActionsV221TestJSON:test_get_list_deleted_instance_actions): 200 GET http://10.180.1.21/compute/v2.1/servers/ad896ee6-d48b-446a-87b3-7ca76403c39a 0.073s
2024-08-16 16:51:32.296 62154 INFO tempest.lib.common.rest_client [req-3c8a6d2c-63fa-45f1-bf13-d3fd473c1ca1 req-3c8a6d2c-63fa-45f1-bf13-d3fd473c1ca1 ] Request (AttachInterfacesTestJSON:test_create_list_show_delete_interfaces_by_fixed_ip): 200 GET http://10.180.1.21/compute/v2.1/servers/2a7e4575-b223-4f04-b424-87e78e329c1c 0.067s
2024-08-16 16:51:32.306 62149 INFO tempest.lib.common.rest_client [req-25dfd033-5053-40eb-ad0a-80d023bb406c req-25dfd033-5053-40eb-ad0a-80d023bb406c ] Request (ListServerFiltersTestJSON:setUpClass): 200 GET http://10.180.1.21/compute/v2.1/servers/c9a0061e-d69e-4841-9be6-110913e5b174 0.065s
2024-08-16 16:51:32.340 62145 INFO tempest.lib.common.rest_client [req-368cca5c-ed50-48ae-9fa3-1f464b4fc3fc req-368cca5c-ed50-48ae-9fa3-1f464b4fc3fc ] Request (ImagesTestJSON:test_create_image_from_suspended_server): 200 GET http://10.180.1.21/compute/v2.1/servers/7ccc243f-33c2-4ddb-b37d-a04658d91516 0.063s
2024-08-16 16:51:32.352 62106 INFO tempest.lib.common.rest_client [req-a7e15d41-5a16-4798-83b0-72f06924469f req-a7e15d41-5a16-4798-83b0-72f06924469f ] Request (AttachInterfacesUnderV243Test:test_add_remove_fixed_ip): 200 GET http://10.180.1.21/compute/v2.1/servers/c48d467c-d006-4d41-8c33-38cd89097fbb 0.065s
2024-08-16 16:51:32.382 62114 INFO tempest.lib.common.rest_client [req-fc249dc2-3549-4372-acdc-b99a4b69dda3 req-fc249dc2-3549-4372-acdc-b99a4b69dda3 ] Request (ServersTestMultiNic:test_verify_multiple_nics_order): 200 GET http://10.180.1.21/compute/v2.1/servers/0223123e-34e0-4e4f-b12a-8887f660cc0c 0.042s
2024-08-16 16:51:32.394 62133 INFO tempest.lib.common.rest_client [req-79cc0e4c-c3d9-4ec2-b3d5-ba3c1c74a018 req-79cc0e4c-c3d9-4ec2-b3d5-ba3c1c74a018 ] Request (MigrationsAdminTest:test_resize_server_revert_deleted_flavor): 200 GET http://10.180.1.21/compute/v2.1/servers/97e6f555-d3b5-43ca-9ea9-7bd30ca918b2 0.052s
2024-08-16 16:51:32.422 62158 INFO tempest.lib.common.rest_client [req-fea4e015-e816-43cb-9064-017ceed28288 req-fea4e015-e816-43cb-9064-017ceed28288 ] Request (ServerDiskConfigTestJSON:test_rebuild_server_with_auto_disk_config): 200 GET http://10.180.1.21/compute/v2.1/servers/cc0f426b-53e0-4d2d-9d21-ee5580b4e773 0.048s
2024-08-16 16:51:32.484 62126 INFO tempest.lib.common.rest_client [req-4a903d02-aa72-4cd1-8b20-d1c8a5ac20c6 req-4a903d02-aa72-4cd1-8b20-d1c8a5ac20c6 ] Request (ServerAddressesTestJSON:setUpClass): 200 GET http://10.180.1.21/compute/v2.1/servers/f8dc3104-5a5e-457a-a9a6-ab0739c3f3f7 0.050s
2024-08-16 16:51:32.527 62138 INFO tempest.lib.common.rest_client [req-6e5df381-1771-4b9e-bc12-8758ce9dad79 req-6e5df381-1771-4b9e-bc12-8758ce9dad79 ] Request (ServersTestManualDisk:setUpClass): 200 GET http://10.180.1.21/compute/v2.1/servers/fdda4317-bb73-49ef-bcb0-0165fb48128a 0.049s
2024-08-16 16:51:32.553 62175 INFO tempest.lib.common.rest_client [req-1faded9b-5b9a-46b7-9526-e5a84171873a req-1faded9b-5b9a-46b7-9526-e5a84171873a ] Request (ImagesOneServerTestJSON:setUpClass): 200 GET http://10.180.1.21/compute/v2.1/servers/ea416909-2d8e-4c31-8479-b3b05ac8a724 0.044s
2024-08-16 16:51:32.606 62112 INFO tempest.lib.common.rest_client [req-73cf8a36-fea2-4f1d-8236-36fae1350628 req-73cf8a36-fea2-4f1d-8236-36fae1350628 ] Request (AttachVolumeTestJSON:test_attach_detach_volume): 200 GET http://10.180.1.21/compute/v2.1/servers/fb589280-30a7-41a1-b0d9-105595ba88d9 0.043s
2024-08-16 16:51:32.655 62116 INFO tempest.lib.common.rest_client [req-1ea7b429-3cf8-46b5-a1d6-ac4e796a02b8 req-1ea7b429-3cf8-46b5-a1d6-ac4e796a02b8 ] Request (SecurityGroupsTestJSON:test_server_security_groups): 200 GET http://10.180.1.21/compute/v2.1/servers/3f8d6b83-fee3-4902-bd4c-567162871e0a 0.050s
2024-08-16 16:51:32.659 62171 INFO tempest.lib.common.rest_client [req-edff07f4-c8e2-4a9b-8c61-4edbdd59e599 req-edff07f4-c8e2-4a9b-8c61-4edbdd59e599 ] Request (DeleteServersAdminTestJSON:test_admin_delete_servers_of_others): 200 GET http://10.180.1.21/compute/v2.1/servers/f9505277-db46-426e-9f90-74a9858b4018 0.046s
2024-08-16 16:51:32.699 62167 INFO tempest.lib.common.rest_client [req-5bc1fe2b-cc8c-4c2d-84c0-4f73de4de0e1 req-5bc1fe2b-cc8c-4c2d-84c0-4f73de4de0e1 ] Request (ListServersNegativeTestJSON:setUpClass): 200 GET http://10.180.1.21/compute/v2.1/servers/b0471cb1-93ad-43c1-ad2f-c432d0174596 0.054s
2024-08-16 16:51:32.711 62163 INFO tempest.lib.common.rest_client [req-fe45cca7-ebd6-4d2e-8c69-3e408919427b req-fe45cca7-ebd6-4d2e-8c69-3e408919427b ] Request (MultipleCreateTestJSON:test_multiple_create_with_reservation_return): 200 GET http://10.180.1.21/compute/v2.1/servers/1a91031e-5494-4dd0-8a2c-468df229ab23 0.048s
2024-08-16 16:51:32.746 62165 INFO tempest.lib.common.rest_client [req-8c4844ed-c8df-42d2-9568-2922d379b35b req-8c4844ed-c8df-42d2-9568-2922d379b35b ] Request (ServersNegativeTestMultiTenantJSON:setUpClass): 200 GET http://10.180.1.21/compute/v2.1/servers/afcf7343-1b06-4f77-b78f-3fffc7f680a4 0.061s
2024-08-16 16:51:32.801 62148 INFO tempest.lib.common.rest_client [req-2f74d63a-a1ff-43ff-bac5-374210001bdb req-2f74d63a-a1ff-43ff-bac5-374210001bdb ] Request (ServersAdminTestJSON:setUpClass): 200 GET http://10.180.1.21/compute/v2.1/servers/274affb8-ab59-442b-88aa-be6bae9907bf 0.044s
2024-08-16 16:51:32.851 62151 INFO tempest.lib.common.rest_client [req-aef225dc-8c17-40dc-a9b5-a51f50e3a64c req-aef225dc-8c17-40dc-a9b5-a51f50e3a64c ] Request (ServerMetadataNegativeTestJSON:setUpClass): 200 GET http://10.180.1.21/compute/v2.1/servers/de1e9eee-2519-4450-bff6-c7b371bf8411 0.050s
2024-08-16 16:51:32.859 62134 INFO tempest.lib.common.rest_client [req-0fc656ff-ab1b-4939-88c2-9481a17e5dbc req-0fc656ff-ab1b-4939-88c2-9481a17e5dbc ] Request (ServersTestJSON:test_create_server_specify_multibyte_character_name): 200 GET http://10.180.1.21/compute/v2.1/servers/a4e9e903-e0cf-4161-b98a-2fcc549a7cbe 0.053s
2024-08-16 16:51:32.864 62134 INFO tempest.common.waiters [-] State transition "BUILD/block_device_mapping" ==> "BUILD/spawning" after 93 second wait
2024-08-16 16:51:32.896 62119 INFO tempest.lib.common.rest_client [req-6c91e57c-c8a4-4c9b-89e3-34e68fff5424 req-6c91e57c-c8a4-4c9b-89e3-34e68fff5424 ] Request (ServerRescueTestJSONUnderV235:setUpClass): 200 GET http://10.180.1.21/compute/v2.1/servers/0836e6f0-f769-4820-9d32-eac4669e8159 0.055s
2024-08-16 16:51:32.903 62121 INFO tempest.lib.common.rest_client [req-80cc4920-4b56-421d-b27d-888f5b6534f9 req-80cc4920-4b56-421d-b27d-888f5b6534f9 ] Request (AttachInterfacesV270Test:test_create_get_list_interfaces): 200 GET http://10.180.1.21/compute/v2.1/servers/619999ff-161e-4891-b6bb-23f071079384 0.048s
2024-08-16 16:51:32.936 62104 INFO tempest.lib.common.rest_client [req-c2587a5b-6dd1-4190-89cb-88ea00833032 req-c2587a5b-6dd1-4190-89cb-88ea00833032 ] Request (VolumesAdminNegativeTest:test_update_attached_volume_with_nonexistent_volume_in_body): 200 GET http://10.180.1.21/compute/v2.1/servers/e2063b08-1037-47ca-a33f-337a832f963d 0.056s
2024-08-16 16:51:32.964 62110 INFO tempest.lib.common.rest_client [req-8c706e73-9704-46f3-8307-caa67f62e9e0 req-8c706e73-9704-46f3-8307-caa67f62e9e0 ] Request (ImagesNegativeTestJSON:test_create_image_from_deleted_server): 200 GET http://10.180.1.21/compute/v2.1/servers/04e30823-a425-44fa-aec0-e0791e558ea8 0.042s
2024-08-16 16:51:32.981 62140 INFO tempest.lib.common.rest_client [req-579b9a4b-f607-4c16-bb20-872fdf3dc2ea req-579b9a4b-f607-4c16-bb20-872fdf3dc2ea ] Request (ImagesOneServerNegativeTestJSON:setUpClass): 200 GET http://10.180.1.21/compute/v2.1/servers/3f47490d-d2a8-4b47-af50-ddcb14dd9af5 0.042s
2024-08-16 16:51:33.020 62128 INFO tempest.lib.common.rest_client [req-9b5cf3a5-4dcf-49ee-9339-b6a496314ce3 req-9b5cf3a5-4dcf-49ee-9339-b6a496314ce3 ] Request (ServerPasswordTestJSON:setUpClass): 200 GET http://10.180.1.21/compute/v2.1/servers/efeac2f1-7d2d-46a7-b05f-18407eda610d 0.042s
2024-08-16 16:51:33.252 62136 INFO tempest.lib.common.rest_client [req-4e0d30ce-8065-4415-ae0b-3d1968c247f7 req-4e0d30ce-8065-4415-ae0b-3d1968c247f7 ] Request (AttachVolumeShelveTestJSON:test_attach_volume_shelved_or_offload_server): 200 GET http://10.180.1.21/compute/v2.1/servers/8543497e-8f92-4cc0-9352-4edaa9f16dfb 0.052s
2024-08-16 16:51:33.259 62108 INFO tempest.lib.common.rest_client [req-272fec81-18be-412a-be1b-7229efef0803 req-272fec81-18be-412a-be1b-7229efef0803 ] Request (ServerShowV257Test:test_rebuild_server): 200 GET http://10.180.1.21/compute/v2.1/servers/2cc6c123-a6ad-4cc0-9346-418815b45c46 0.055s
2024-08-16 16:51:33.316 62159 INFO tempest.lib.common.rest_client [req-f2433135-acf7-48be-9ea4-b3defd312a0d req-f2433135-acf7-48be-9ea4-b3defd312a0d ] Request (InstanceActionsV221TestJSON:test_get_list_deleted_instance_actions): 200 GET http://10.180.1.21/compute/v2.1/servers/ad896ee6-d48b-446a-87b3-7ca76403c39a 0.055s
2024-08-16 16:51:33.320 62124 INFO tempest.lib.common.rest_client [req-4ee014e6-bbfc-49c2-99dc-14b0799c4da7 req-4ee014e6-bbfc-49c2-99dc-14b0799c4da7 ] Request (ServerActionsV293TestJSON:setUpClass): 200 GET http://10.180.1.21/compute/v2.1/servers/3982b6d1-76a7-4359-a563-fd44c0009858 0.059s
2024-08-16 16:51:33.367 62154 INFO tempest.lib.common.rest_client [req-4c73270e-d200-4b69-82af-09c74db8c554 req-4c73270e-d200-4b69-82af-09c74db8c554 ] Request (AttachInterfacesTestJSON:test_create_list_show_delete_interfaces_by_fixed_ip): 200 GET http://10.180.1.21/compute/v2.1/servers/2a7e4575-b223-4f04-b424-87e78e329c1c 0.063s
2024-08-16 16:51:33.370 62149 INFO tempest.lib.common.rest_client [req-b94e4b96-c703-4030-b778-0bb4c9ce0674 req-b94e4b96-c703-4030-b778-0bb4c9ce0674 ] Request (ListServerFiltersTestJSON:setUpClass): 200 GET http://10.180.1.21/compute/v2.1/servers/c9a0061e-d69e-4841-9be6-110913e5b174 0.057s
2024-08-16 16:51:33.411 62145 INFO tempest.lib.common.rest_client [req-c7e5e0c6-b1b9-4d07-95ef-030825a74653 req-c7e5e0c6-b1b9-4d07-95ef-030825a74653 ] Request (ImagesTestJSON:test_create_image_from_suspended_server): 200 GET http://10.180.1.21/compute/v2.1/servers/7ccc243f-33c2-4ddb-b37d-a04658d91516 0.063s
2024-08-16 16:51:33.420 62106 INFO tempest.lib.common.rest_client [req-cf1049d4-5e02-449c-8e54-7c63369f332f req-cf1049d4-5e02-449c-8e54-7c63369f332f ] Request (AttachInterfacesUnderV243Test:test_add_remove_fixed_ip): 200 GET http://10.180.1.21/compute/v2.1/servers/c48d467c-d006-4d41-8c33-38cd89097fbb 0.061s
2024-08-16 16:51:33.453 62114 INFO tempest.lib.common.rest_client [req-0873f2db-6038-4edb-bb05-3317f1d6f41b req-0873f2db-6038-4edb-bb05-3317f1d6f41b ] Request (ServersTestMultiNic:test_verify_multiple_nics_order): 200 GET http://10.180.1.21/compute/v2.1/servers/0223123e-34e0-4e4f-b12a-8887f660cc0c 0.061s
2024-08-16 16:51:33.463 62133 INFO tempest.lib.common.rest_client [req-4224be9a-6de5-4a98-b0f3-adf882b1fb44 req-4224be9a-6de5-4a98-b0f3-adf882b1fb44 ] Request (MigrationsAdminTest:test_resize_server_revert_deleted_flavor): 200 GET http://10.180.1.21/compute/v2.1/servers/97e6f555-d3b5-43ca-9ea9-7bd30ca918b2 0.062s
2024-08-16 16:51:33.494 62158 INFO tempest.lib.common.rest_client [req-ad9bc1d0-1d02-4d44-9662-88db683b5395 req-ad9bc1d0-1d02-4d44-9662-88db683b5395 ] Request (ServerDiskConfigTestJSON:test_rebuild_server_with_auto_disk_config): 200 GET http://10.180.1.21/compute/v2.1/servers/cc0f426b-53e0-4d2d-9d21-ee5580b4e773 0.065s
2024-08-16 16:51:33.539 62126 INFO tempest.lib.common.rest_client [req-ab9d35e8-f785-4bcd-a5f3-61e1bfaf7647 req-ab9d35e8-f785-4bcd-a5f3-61e1bfaf7647 ] Request (ServerAddressesTestJSON:setUpClass): 200 GET http://10.180.1.21/compute/v2.1/servers/f8dc3104-5a5e-457a-a9a6-ab0739c3f3f7 0.048s
2024-08-16 16:51:33.583 62138 INFO tempest.lib.common.rest_client [req-735cfc9d-e0e6-49ae-9c93-b2e8a51f2408 req-735cfc9d-e0e6-49ae-9c93-b2e8a51f2408 ] Request (ServersTestManualDisk:setUpClass): 200 GET http://10.180.1.21/compute/v2.1/servers/fdda4317-bb73-49ef-bcb0-0165fb48128a 0.050s
2024-08-16 16:51:33.606 62175 INFO tempest.lib.common.rest_client [req-ebdc7e5a-7ef5-42f5-b39b-8a38cf114113 req-ebdc7e5a-7ef5-42f5-b39b-8a38cf114113 ] Request (ImagesOneServerTestJSON:setUpClass): 200 GET http://10.180.1.21/compute/v2.1/servers/ea416909-2d8e-4c31-8479-b3b05ac8a724 0.047s
2024-08-16 16:51:33.661 62112 INFO tempest.lib.common.rest_client [req-2d585630-aad3-4d4f-9abe-e1b08d7254b6 req-2d585630-aad3-4d4f-9abe-e1b08d7254b6 ] Request (AttachVolumeTestJSON:test_attach_detach_volume): 200 GET http://10.180.1.21/compute/v2.1/servers/fb589280-30a7-41a1-b0d9-105595ba88d9 0.047s
2024-08-16 16:51:33.710 62171 INFO tempest.lib.common.rest_client [req-a822915b-3ce3-42c4-a0f0-690194b8059a req-a822915b-3ce3-42c4-a0f0-690194b8059a ] Request (DeleteServersAdminTestJSON:test_admin_delete_servers_of_others): 200 GET http://10.180.1.21/compute/v2.1/servers/f9505277-db46-426e-9f90-74a9858b4018 0.043s
2024-08-16 16:51:33.716 62116 INFO tempest.lib.common.rest_client [req-297bf0bb-b5dd-49bb-951b-f64a65c31336 req-297bf0bb-b5dd-49bb-951b-f64a65c31336 ] Request (SecurityGroupsTestJSON:test_server_security_groups): 200 GET http://10.180.1.21/compute/v2.1/servers/3f8d6b83-fee3-4902-bd4c-567162871e0a 0.053s
2024-08-16 16:51:33.754 62167 INFO tempest.lib.common.rest_client [req-f60241bb-020f-42ce-a2df-5e516adecc8e req-f60241bb-020f-42ce-a2df-5e516adecc8e ] Request (ListServersNegativeTestJSON:setUpClass): 200 GET http://10.180.1.21/compute/v2.1/servers/b0471cb1-93ad-43c1-ad2f-c432d0174596 0.049s
2024-08-16 16:51:33.773 62163 INFO tempest.lib.common.rest_client [req-ba426ac9-8391-4ebe-8e16-01e7367c572e req-ba426ac9-8391-4ebe-8e16-01e7367c572e ] Request (MultipleCreateTestJSON:test_multiple_create_with_reservation_return): 200 GET http://10.180.1.21/compute/v2.1/servers/1a91031e-5494-4dd0-8a2c-468df229ab23 0.056s
2024-08-16 16:51:33.798 62165 INFO tempest.lib.common.rest_client [req-f8d3060f-3e60-46d6-9ef5-cd76656547da req-f8d3060f-3e60-46d6-9ef5-cd76656547da ] Request (ServersNegativeTestMultiTenantJSON:setUpClass): 200 GET http://10.180.1.21/compute/v2.1/servers/afcf7343-1b06-4f77-b78f-3fffc7f680a4 0.045s
2024-08-16 16:51:33.853 62148 INFO tempest.lib.common.rest_client [req-40449507-5111-4f74-90ee-d9eaea5275f8 req-40449507-5111-4f74-90ee-d9eaea5275f8 ] Request (ServersAdminTestJSON:setUpClass): 200 GET http://10.180.1.21/compute/v2.1/servers/274affb8-ab59-442b-88aa-be6bae9907bf 0.044s
2024-08-16 16:51:33.901 62151 INFO tempest.lib.common.rest_client [req-ac1642ad-9594-4223-bbea-726cc88c92aa req-ac1642ad-9594-4223-bbea-726cc88c92aa ] Request (ServerMetadataNegativeTestJSON:setUpClass): 200 GET http://10.180.1.21/compute/v2.1/servers/de1e9eee-2519-4450-bff6-c7b371bf8411 0.044s
2024-08-16 16:51:33.910 62134 INFO tempest.lib.common.rest_client [req-7ec2d67c-7971-4256-95bb-4737cecdd70d req-7ec2d67c-7971-4256-95bb-4737cecdd70d ] Request (ServersTestJSON:test_create_server_specify_multibyte_character_name): 200 GET http://10.180.1.21/compute/v2.1/servers/a4e9e903-e0cf-4161-b98a-2fcc549a7cbe 0.045s
2024-08-16 16:51:33.950 62119 INFO tempest.lib.common.rest_client [req-a76db7e1-af82-4052-be3a-2c8248f2b5ed req-a76db7e1-af82-4052-be3a-2c8248f2b5ed ] Request (ServerRescueTestJSONUnderV235:setUpClass): 200 GET http://10.180.1.21/compute/v2.1/servers/0836e6f0-f769-4820-9d32-eac4669e8159 0.046s
2024-08-16 16:51:33.956 62121 INFO tempest.lib.common.rest_client [req-b34b2cb7-7e8e-4469-9204-3622edae132e req-b34b2cb7-7e8e-4469-9204-3622edae132e ] Request (AttachInterfacesV270Test:test_create_get_list_interfaces): 200 GET http://10.180.1.21/compute/v2.1/servers/619999ff-161e-4891-b6bb-23f071079384 0.044s
2024-08-16 16:51:33.999 62104 INFO tempest.lib.common.rest_client [req-d1a1bee6-032c-42f2-b239-fe7a26dddcdd req-d1a1bee6-032c-42f2-b239-fe7a26dddcdd ] Request (VolumesAdminNegativeTest:test_update_attached_volume_with_nonexistent_volume_in_body): 200 GET http://10.180.1.21/compute/v2.1/servers/e2063b08-1037-47ca-a33f-337a832f963d 0.056s
2024-08-16 16:51:34.020 62110 INFO tempest.lib.common.rest_client [req-ab343b33-6502-4857-88da-e0fc69894b25 req-ab343b33-6502-4857-88da-e0fc69894b25 ] Request (ImagesNegativeTestJSON:test_create_image_from_deleted_server): 200 GET http://10.180.1.21/compute/v2.1/servers/04e30823-a425-44fa-aec0-e0791e558ea8 0.046s
2024-08-16 16:51:34.039 62140 INFO tempest.lib.common.rest_client [req-6e7e5537-a0f8-44c0-aaba-c145c19583c6 req-6e7e5537-a0f8-44c0-aaba-c145c19583c6 ] Request (ImagesOneServerNegativeTestJSON:setUpClass): 200 GET http://10.180.1.21/compute/v2.1/servers/3f47490d-d2a8-4b47-af50-ddcb14dd9af5 0.051s
2024-08-16 16:51:34.068 62128 INFO tempest.lib.common.rest_client [req-8305c6d7-3bb7-44f7-8435-5d47a7c6c03a req-8305c6d7-3bb7-44f7-8435-5d47a7c6c03a ] Request (ServerPasswordTestJSON:setUpClass): 200 GET http://10.180.1.21/compute/v2.1/servers/efeac2f1-7d2d-46a7-b05f-18407eda610d 0.042s
2024-08-16 16:51:34.314 62136 INFO tempest.lib.common.rest_client [req-03f78437-a8e1-4807-b24c-2954fac0540f req-03f78437-a8e1-4807-b24c-2954fac0540f ] Request (AttachVolumeShelveTestJSON:test_attach_volume_shelved_or_offload_server): 200 GET http://10.180.1.21/compute/v2.1/servers/8543497e-8f92-4cc0-9352-4edaa9f16dfb 0.053s
2024-08-16 16:51:34.320 62108 INFO tempest.lib.common.rest_client [req-522f9bc2-e3f8-46ce-8ecb-9b290dd4d02c req-522f9bc2-e3f8-46ce-8ecb-9b290dd4d02c ] Request (ServerShowV257Test:test_rebuild_server): 200 GET http://10.180.1.21/compute/v2.1/servers/2cc6c123-a6ad-4cc0-9346-418815b45c46 0.052s
2024-08-16 16:51:34.389 62159 INFO tempest.lib.common.rest_client [req-07034cf3-3597-467d-8737-e42b089bb709 req-07034cf3-3597-467d-8737-e42b089bb709 ] Request (InstanceActionsV221TestJSON:test_get_list_deleted_instance_actions): 200 GET http://10.180.1.21/compute/v2.1/servers/ad896ee6-d48b-446a-87b3-7ca76403c39a 0.065s
2024-08-16 16:51:34.404 62124 INFO tempest.lib.common.rest_client [req-aa4c1e92-f1bf-45dc-9c7f-3f380b86f1f0 req-aa4c1e92-f1bf-45dc-9c7f-3f380b86f1f0 ] Request (ServerActionsV293TestJSON:setUpClass): 200 GET http://10.180.1.21/compute/v2.1/servers/3982b6d1-76a7-4359-a563-fd44c0009858 0.075s
2024-08-16 16:51:34.431 62154 INFO tempest.lib.common.rest_client [req-17540501-3439-4526-8ba2-873de845dfaa req-17540501-3439-4526-8ba2-873de845dfaa ] Request (AttachInterfacesTestJSON:test_create_list_show_delete_interfaces_by_fixed_ip): 200 GET http://10.180.1.21/compute/v2.1/servers/2a7e4575-b223-4f04-b424-87e78e329c1c 0.058s
2024-08-16 16:51:34.446 62149 INFO tempest.lib.common.rest_client [req-873f9617-9ea4-4e7d-bc71-38eb62f51915 req-873f9617-9ea4-4e7d-bc71-38eb62f51915 ] Request (ListServerFiltersTestJSON:setUpClass): 200 GET http://10.180.1.21/compute/v2.1/servers/c9a0061e-d69e-4841-9be6-110913e5b174 0.069s
2024-08-16 16:51:34.476 62145 INFO tempest.lib.common.rest_client [req-e6b7f0d3-8810-40af-8867-b32aa90928dc req-e6b7f0d3-8810-40af-8867-b32aa90928dc ] Request (ImagesTestJSON:test_create_image_from_suspended_server): 200 GET http://10.180.1.21/compute/v2.1/servers/7ccc243f-33c2-4ddb-b37d-a04658d91516 0.057s
2024-08-16 16:51:34.496 62106 INFO tempest.lib.common.rest_client [req-3ec22bb3-8e03-4bdc-95d1-0a88a1265062 req-3ec22bb3-8e03-4bdc-95d1-0a88a1265062 ] Request (AttachInterfacesUnderV243Test:test_add_remove_fixed_ip): 200 GET http://10.180.1.21/compute/v2.1/servers/c48d467c-d006-4d41-8c33-38cd89097fbb 0.069s
2024-08-16 16:51:34.516 62114 INFO tempest.lib.common.rest_client [req-2f4f173b-85cf-4520-89d5-b30a621d546e req-2f4f173b-85cf-4520-89d5-b30a621d546e ] Request (ServersTestMultiNic:test_verify_multiple_nics_order): 200 GET http://10.180.1.21/compute/v2.1/servers/0223123e-34e0-4e4f-b12a-8887f660cc0c 0.056s
2024-08-16 16:51:34.534 62133 INFO tempest.lib.common.rest_client [req-73ca2e9f-e3dc-4540-bdcd-464d4527c6c1 req-73ca2e9f-e3dc-4540-bdcd-464d4527c6c1 ] Request (MigrationsAdminTest:test_resize_server_revert_deleted_flavor): 200 GET http://10.180.1.21/compute/v2.1/servers/97e6f555-d3b5-43ca-9ea9-7bd30ca918b2 0.063s
2024-08-16 16:51:34.555 62158 INFO tempest.lib.common.rest_client [req-9b40c563-cc06-4668-9b7f-95c606676a52 req-9b40c563-cc06-4668-9b7f-95c606676a52 ] Request (ServerDiskConfigTestJSON:test_rebuild_server_with_auto_disk_config): 200 GET http://10.180.1.21/compute/v2.1/servers/cc0f426b-53e0-4d2d-9d21-ee5580b4e773 0.055s
2024-08-16 16:51:34.584 62126 INFO tempest.lib.common.rest_client [req-38707243-22a7-47c4-99a4-8904584d7699 req-38707243-22a7-47c4-99a4-8904584d7699 ] Request (ServerAddressesTestJSON:setUpClass): 200 GET http://10.180.1.21/compute/v2.1/servers/f8dc3104-5a5e-457a-a9a6-ab0739c3f3f7 0.039s
2024-08-16 16:51:34.638 62138 INFO tempest.lib.common.rest_client [req-b7eb6b06-52ac-42ef-908e-2d2a862d211e req-b7eb6b06-52ac-42ef-908e-2d2a862d211e ] Request (ServersTestManualDisk:setUpClass): 200 GET http://10.180.1.21/compute/v2.1/servers/fdda4317-bb73-49ef-bcb0-0165fb48128a 0.047s
2024-08-16 16:51:34.654 62175 INFO tempest.lib.common.rest_client [req-ccf212b0-9f07-4905-b567-c4687c886ee7 req-ccf212b0-9f07-4905-b567-c4687c886ee7 ] Request (ImagesOneServerTestJSON:setUpClass): 200 GET http://10.180.1.21/compute/v2.1/servers/ea416909-2d8e-4c31-8479-b3b05ac8a724 0.041s
2024-08-16 16:51:34.716 62112 INFO tempest.lib.common.rest_client [req-5b441ad3-635d-4b91-9c06-9d0123498d37 req-5b441ad3-635d-4b91-9c06-9d0123498d37 ] Request (AttachVolumeTestJSON:test_attach_detach_volume): 200 GET http://10.180.1.21/compute/v2.1/servers/fb589280-30a7-41a1-b0d9-105595ba88d9 0.048s
2024-08-16 16:51:34.773 62171 INFO tempest.lib.common.rest_client [req-4a201fab-5fce-46b8-9808-22ed56b05192 req-4a201fab-5fce-46b8-9808-22ed56b05192 ] Request (DeleteServersAdminTestJSON:test_admin_delete_servers_of_others): 200 GET http://10.180.1.21/compute/v2.1/servers/f9505277-db46-426e-9f90-74a9858b4018 0.056s
2024-08-16 16:51:34.779 62116 INFO tempest.lib.common.rest_client [req-b20ae740-2874-45fc-9b15-6755a88b8303 req-b20ae740-2874-45fc-9b15-6755a88b8303 ] Request (SecurityGroupsTestJSON:test_server_security_groups): 200 GET http://10.180.1.21/compute/v2.1/servers/3f8d6b83-fee3-4902-bd4c-567162871e0a 0.056s
2024-08-16 16:51:34.818 62167 INFO tempest.lib.common.rest_client [req-a792bb93-8480-4617-9710-a2e48acebae6 req-a792bb93-8480-4617-9710-a2e48acebae6 ] Request (ListServersNegativeTestJSON:setUpClass): 200 GET http://10.180.1.21/compute/v2.1/servers/b0471cb1-93ad-43c1-ad2f-c432d0174596 0.057s
2024-08-16 16:51:34.832 62163 INFO tempest.lib.common.rest_client [req-f62a8ac1-3f5a-4975-b724-bd08e7e500b7 req-f62a8ac1-3f5a-4975-b724-bd08e7e500b7 ] Request (MultipleCreateTestJSON:test_multiple_create_with_reservation_return): 200 GET http://10.180.1.21/compute/v2.1/servers/1a91031e-5494-4dd0-8a2c-468df229ab23 0.052s
2024-08-16 16:51:34.859 62165 INFO tempest.lib.common.rest_client [req-11b2567e-79c4-46b4-817b-3a563e1bf52a req-11b2567e-79c4-46b4-817b-3a563e1bf52a ] Request (ServersNegativeTestMultiTenantJSON:setUpClass): 200 GET http://10.180.1.21/compute/v2.1/servers/afcf7343-1b06-4f77-b78f-3fffc7f680a4 0.054s
2024-08-16 16:51:34.903 62148 INFO tempest.lib.common.rest_client [req-12f09ef5-8282-43ed-87f3-760520eefe67 req-12f09ef5-8282-43ed-87f3-760520eefe67 ] Request (ServersAdminTestJSON:setUpClass): 200 GET http://10.180.1.21/compute/v2.1/servers/274affb8-ab59-442b-88aa-be6bae9907bf 0.043s
2024-08-16 16:51:34.965 62151 INFO tempest.lib.common.rest_client [req-3edb6e84-9588-4b6e-880b-250c9e2acd6d req-3edb6e84-9588-4b6e-880b-250c9e2acd6d ] Request (ServerMetadataNegativeTestJSON:setUpClass): 200 GET http://10.180.1.21/compute/v2.1/servers/de1e9eee-2519-4450-bff6-c7b371bf8411 0.056s
2024-08-16 16:51:34.970 62134 INFO tempest.lib.common.rest_client [req-1d0374f1-fe45-499a-843d-3d7d955bf31a req-1d0374f1-fe45-499a-843d-3d7d955bf31a ] Request (ServersTestJSON:test_create_server_specify_multibyte_character_name): 200 GET http://10.180.1.21/compute/v2.1/servers/a4e9e903-e0cf-4161-b98a-2fcc549a7cbe 0.051s
2024-08-16 16:51:35.012 62119 INFO tempest.lib.common.rest_client [req-073a929a-0bce-48e9-bf67-deba7137d27a req-073a929a-0bce-48e9-bf67-deba7137d27a ] Request (ServerRescueTestJSONUnderV235:setUpClass): 200 GET http://10.180.1.21/compute/v2.1/servers/0836e6f0-f769-4820-9d32-eac4669e8159 0.053s
2024-08-16 16:51:35.019 62121 INFO tempest.lib.common.rest_client [req-ce8df06a-f36a-4fa8-bfa4-48f6ce7c5462 req-ce8df06a-f36a-4fa8-bfa4-48f6ce7c5462 ] Request (AttachInterfacesV270Test:test_create_get_list_interfaces): 200 GET http://10.180.1.21/compute/v2.1/servers/619999ff-161e-4891-b6bb-23f071079384 0.055s
2024-08-16 16:51:35.054 62104 INFO tempest.lib.common.rest_client [req-05caf542-12f6-4fdc-8aa8-10d7ba2b85d1 req-05caf542-12f6-4fdc-8aa8-10d7ba2b85d1 ] Request (VolumesAdminNegativeTest:test_update_attached_volume_with_nonexistent_volume_in_body): 200 GET http://10.180.1.21/compute/v2.1/servers/e2063b08-1037-47ca-a33f-337a832f963d 0.048s
2024-08-16 16:51:35.060 62104 INFO tempest.common.waiters [-] State transition "BUILD/None" ==> "BUILD/networking" after 96 second wait
2024-08-16 16:51:35.077 62110 INFO tempest.lib.common.rest_client [req-ba0622db-8fce-4cae-ab08-e03a86a24ac1 req-ba0622db-8fce-4cae-ab08-e03a86a24ac1 ] Request (ImagesNegativeTestJSON:test_create_image_from_deleted_server): 200 GET http://10.180.1.21/compute/v2.1/servers/04e30823-a425-44fa-aec0-e0791e558ea8 0.049s
2024-08-16 16:51:35.098 62140 INFO tempest.lib.common.rest_client [req-7fceacca-e9f4-4287-a192-a294d43e6c71 req-7fceacca-e9f4-4287-a192-a294d43e6c71 ] Request (ImagesOneServerNegativeTestJSON:setUpClass): 200 GET http://10.180.1.21/compute/v2.1/servers/3f47490d-d2a8-4b47-af50-ddcb14dd9af5 0.051s
2024-08-16 16:51:35.125 62128 INFO tempest.lib.common.rest_client [req-528d7d07-599f-4420-bcdb-76844e6821de req-528d7d07-599f-4420-bcdb-76844e6821de ] Request (ServerPasswordTestJSON:setUpClass): 200 GET http://10.180.1.21/compute/v2.1/servers/efeac2f1-7d2d-46a7-b05f-18407eda610d 0.050s
2024-08-16 16:51:35.371 62136 INFO tempest.lib.common.rest_client [req-75c3be3b-bb3b-47df-a1b2-941cbf75ca57 req-75c3be3b-bb3b-47df-a1b2-941cbf75ca57 ] Request (AttachVolumeShelveTestJSON:test_attach_volume_shelved_or_offload_server): 200 GET http://10.180.1.21/compute/v2.1/servers/8543497e-8f92-4cc0-9352-4edaa9f16dfb 0.050s
2024-08-16 16:51:35.390 62108 INFO tempest.lib.common.rest_client [req-081d85fa-9383-40bc-a65b-55adc615a83b req-081d85fa-9383-40bc-a65b-55adc615a83b ] Request (ServerShowV257Test:test_rebuild_server): 200 GET http://10.180.1.21/compute/v2.1/servers/2cc6c123-a6ad-4cc0-9346-418815b45c46 0.061s
2024-08-16 16:51:35.449 62159 INFO tempest.lib.common.rest_client [req-fc3891ef-9335-4ca8-b2d8-5428fa60d1dd req-fc3891ef-9335-4ca8-b2d8-5428fa60d1dd ] Request (InstanceActionsV221TestJSON:test_get_list_deleted_instance_actions): 200 GET http://10.180.1.21/compute/v2.1/servers/ad896ee6-d48b-446a-87b3-7ca76403c39a 0.051s
2024-08-16 16:51:35.480 62124 INFO tempest.lib.common.rest_client [req-a77d2105-baa6-4753-be86-8ecb39a70d61 req-a77d2105-baa6-4753-be86-8ecb39a70d61 ] Request (ServerActionsV293TestJSON:setUpClass): 200 GET http://10.180.1.21/compute/v2.1/servers/3982b6d1-76a7-4359-a563-fd44c0009858 0.067s
2024-08-16 16:51:35.511 62154 INFO tempest.lib.common.rest_client [req-15c4525f-1a95-446c-8b85-6d86e5a62538 req-15c4525f-1a95-446c-8b85-6d86e5a62538 ] Request (AttachInterfacesTestJSON:test_create_list_show_delete_interfaces_by_fixed_ip): 200 GET http://10.180.1.21/compute/v2.1/servers/2a7e4575-b223-4f04-b424-87e78e329c1c 0.072s
2024-08-16 16:51:35.528 62149 INFO tempest.lib.common.rest_client [req-4755b494-2a72-46fd-8a35-82a3cad97ef2 req-4755b494-2a72-46fd-8a35-82a3cad97ef2 ] Request (ListServerFiltersTestJSON:setUpClass): 200 GET http://10.180.1.21/compute/v2.1/servers/c9a0061e-d69e-4841-9be6-110913e5b174 0.075s
2024-08-16 16:51:35.556 62145 INFO tempest.lib.common.rest_client [req-5e7e30f7-2be1-4dc3-8651-27afaafc57b7 req-5e7e30f7-2be1-4dc3-8651-27afaafc57b7 ] Request (ImagesTestJSON:test_create_image_from_suspended_server): 200 GET http://10.180.1.21/compute/v2.1/servers/7ccc243f-33c2-4ddb-b37d-a04658d91516 0.073s
2024-08-16 16:51:35.581 62106 INFO tempest.lib.common.rest_client [req-666fc798-dc49-4c60-95a6-105b189677f8 req-666fc798-dc49-4c60-95a6-105b189677f8 ] Request (AttachInterfacesUnderV243Test:test_add_remove_fixed_ip): 200 GET http://10.180.1.21/compute/v2.1/servers/c48d467c-d006-4d41-8c33-38cd89097fbb 0.077s
2024-08-16 16:51:35.603 62114 INFO tempest.lib.common.rest_client [req-5cbf3623-852f-469c-8fd8-b5330d025ee7 req-5cbf3623-852f-469c-8fd8-b5330d025ee7 ] Request (ServersTestMultiNic:test_verify_multiple_nics_order): 200 GET http://10.180.1.21/compute/v2.1/servers/0223123e-34e0-4e4f-b12a-8887f660cc0c 0.080s
2024-08-16 16:51:35.634 62133 INFO tempest.lib.common.rest_client [req-f53844cb-6738-4635-83d7-ffdadd57b633 req-f53844cb-6738-4635-83d7-ffdadd57b633 ] Request (MigrationsAdminTest:test_resize_server_revert_deleted_flavor): 200 GET http://10.180.1.21/compute/v2.1/servers/97e6f555-d3b5-43ca-9ea9-7bd30ca918b2 0.093s
2024-08-16 16:51:35.651 62158 INFO tempest.lib.common.rest_client [req-0bfe0f01-6e66-4b16-b5ae-b44005366f68 req-0bfe0f01-6e66-4b16-b5ae-b44005366f68 ] Request (ServerDiskConfigTestJSON:test_rebuild_server_with_auto_disk_config): 200 GET http://10.180.1.21/compute/v2.1/servers/cc0f426b-53e0-4d2d-9d21-ee5580b4e773 0.088s
2024-08-16 16:51:35.686 62126 INFO tempest.lib.common.rest_client [req-2f25c86f-bda7-4598-85d1-2e3efe01ed0f req-2f25c86f-bda7-4598-85d1-2e3efe01ed0f ] Request (ServerAddressesTestJSON:setUpClass): 200 GET http://10.180.1.21/compute/v2.1/servers/f8dc3104-5a5e-457a-a9a6-ab0739c3f3f7 0.095s
2024-08-16 16:51:35.698 62138 INFO tempest.lib.common.rest_client [req-812122b1-4537-40af-8cc1-8d0b5c3eeb54 req-812122b1-4537-40af-8cc1-8d0b5c3eeb54 ] Request (ServersTestManualDisk:setUpClass): 200 GET http://10.180.1.21/compute/v2.1/servers/fdda4317-bb73-49ef-bcb0-0165fb48128a 0.053s
2024-08-16 16:51:35.730 62175 INFO tempest.lib.common.rest_client [req-1d4350bf-2287-42e2-8720-43967a8e8b36 req-1d4350bf-2287-42e2-8720-43967a8e8b36 ] Request (ImagesOneServerTestJSON:setUpClass): 200 GET http://10.180.1.21/compute/v2.1/servers/ea416909-2d8e-4c31-8479-b3b05ac8a724 0.069s
2024-08-16 16:51:35.771 62112 INFO tempest.lib.common.rest_client [req-76729d78-fda2-4943-8380-9edcabe9faee req-76729d78-fda2-4943-8380-9edcabe9faee ] Request (AttachVolumeTestJSON:test_attach_detach_volume): 200 GET http://10.180.1.21/compute/v2.1/servers/fb589280-30a7-41a1-b0d9-105595ba88d9 0.048s
2024-08-16 16:51:35.835 62116 INFO tempest.lib.common.rest_client [req-252447de-160a-48d8-a949-449992769ca9 req-252447de-160a-48d8-a949-449992769ca9 ] Request (SecurityGroupsTestJSON:test_server_security_groups): 200 GET http://10.180.1.21/compute/v2.1/servers/3f8d6b83-fee3-4902-bd4c-567162871e0a 0.049s
2024-08-16 16:51:35.848 62171 INFO tempest.lib.common.rest_client [req-8ec83e6a-6bd5-457b-81f3-75f878657a09 req-8ec83e6a-6bd5-457b-81f3-75f878657a09 ] Request (DeleteServersAdminTestJSON:test_admin_delete_servers_of_others): 200 GET http://10.180.1.21/compute/v2.1/servers/f9505277-db46-426e-9f90-74a9858b4018 0.067s
2024-08-16 16:51:35.892 62167 INFO tempest.lib.common.rest_client [req-7df5abd5-2764-4549-b1a7-35f42d7b6043 req-7df5abd5-2764-4549-b1a7-35f42d7b6043 ] Request (ListServersNegativeTestJSON:setUpClass): 200 GET http://10.180.1.21/compute/v2.1/servers/b0471cb1-93ad-43c1-ad2f-c432d0174596 0.067s
2024-08-16 16:51:35.898 62167 INFO tempest.common.waiters [-] State transition "BUILD/deleting" ==> "ERROR/None" after 4 second wait
2024-08-16 16:51:35.899 62167 ERROR tempest.common.compute [-] Server b0471cb1-93ad-43c1-ad2f-c432d0174596 failed to delete in time: tempest.lib.exceptions.DeleteErrorException: Resource %(resource_id)s failed to delete and is in ERROR status Details: Server b0471cb1-93ad-43c1-ad2f-c432d0174596 failed to delete and is in ERROR status. Fault: {'code': 500, 'created': '2024-08-16T16:51:35Z', 'message': 'Exceeded maximum number of retries. Exhausted all hosts available for retrying build failures for instance b0471cb1-93ad-43c1-ad2f-c432d0174596.'}.
2024-08-16 16:51:35.899 62167 ERROR tempest.common.compute
Traceback (most recent call last):
2024-08-16 16:51:35.899 62167 ERROR tempest.common.compute
File "/opt/stack/tempest/tempest/common/compute.py", line 323, in create_test_server
2024-08-16 16:51:35.899 62167 ERROR tempest.common.compute server = waiters.wait_for_server_status(
2024-08-16 16:51:35.899 62167 ERROR tempest.common.compute
File "/opt/stack/tempest/tempest/common/waiters.py", line 80, in wait_for_server_status
2024-08-16 16:51:35.899 62167 ERROR tempest.common.compute raise exceptions.BuildErrorException(details, server_id=server_id)
2024-08-16 16:51:35.899 62167 ERROR tempest.common.compute tempest.exceptions.BuildErrorException: Server 9298adc3-97f6-4097-9c56-abdd3b429a09 failed to build and is in ERROR status
2024-08-16 16:51:35.899 62167 ERROR tempest.common.compute Details: Fault: {'code': 500, 'created': '2024-08-16T16:51:11Z', 'message': 'Exceeded maximum number of retries. Exhausted all hosts available for retrying build failures for instance 9298adc3-97f6-4097-9c56-abdd3b429a09.'}. Request ID of server operation performed before checking the server status req-cbb433ca-3d14-4f8e-8647-d476fae28718.
2024-08-16 16:51:35.899 62167 ERROR tempest.common.compute
