2024-08-16 16:50:16.152 62121 INFO tempest.lib.common.rest_client [req-d3264ca3-fbdb-4319-b518-352d5c43a424 req-d3264ca3-fbdb-4319-b518-352d5c43a424 ] Request (VolumesAssistedSnapshotsTest:tearDownClass): 204 DELETE http://10.180.1.21/identity/v3/users/bba360c7978b415fb78266ff2b1e7650 0.134s
2024-08-16 16:50:16.209 62110 INFO tempest.lib.common.rest_client [req-08514cb1-c3a5-4020-9bb3-c790e32c2fa6 req-08514cb1-c3a5-4020-9bb3-c790e32c2fa6 ] Request (ServersAdminNegativeTestJSON:setUpClass): 200 GET http://10.180.1.21/compute/v2.1/servers/2a0a1ff4-0a47-418d-980f-8782daa291c5 1.816s
2024-08-16 16:50:16.284 62121 INFO tempest.lib.common.rest_client [req-fab23a19-c506-48df-be98-f147446de9a1 req-fab23a19-c506-48df-be98-f147446de9a1 ] Request (VolumesAssistedSnapshotsTest:tearDownClass): 204 DELETE http://10.180.1.21/identity/v3/users/5d451ae6816b40138da3cf7af4fce769 0.131s
2024-08-16 16:50:16.284 62121 INFO tempest.lib.common.dynamic_creds [-] Deleting project and security group for project: fc1435f9d90a41beb71b50f7d960dbf9
2024-08-16 16:50:16.355 62121 INFO tempest.lib.common.rest_client [req-8ac8e946-eba6-4da4-816b-a924a5151195 req-8ac8e946-eba6-4da4-816b-a924a5151195 ] Request (VolumesAssistedSnapshotsTest:tearDownClass): 200 GET http://10.180.1.21:9696/networking/v2.0/security-groups?tenant_id=fc1435f9d90a41beb71b50f7d960dbf9&name=default 0.071s
2024-08-16 16:50:16.392 62175 INFO tempest.lib.common.rest_client [req-39a68821-575c-4482-b6c5-a72626a052e9 req-39a68821-575c-4482-b6c5-a72626a052e9 ] Request (ServicesAdminTestJSON:test_get_service_by_host_name): 200 GET http://10.180.1.21/compute/v2.1/os-services 1.559s
2024-08-16 16:50:16.425 62145 INFO tempest.lib.common.rest_client [req-b63dfc43-e01f-4ef4-a285-6f28781a44d7 req-b63dfc43-e01f-4ef4-a285-6f28781a44d7 ] Request (ImagesTestJSON:test_create_image_from_stopped_server): 204 DELETE http://10.180.1.21/compute/v2.1/servers/84d75c71-69c8-402d-8bed-c550afd81dc2 1.863s
2024-08-16 16:50:16.480 62148 INFO tempest.lib.common.rest_client [req-942353d9-dfec-43ba-b536-4952724db217 req-942353d9-dfec-43ba-b536-4952724db217 ] Request (ServersAdminTestJSON:setUpClass): 200 GET http://10.180.1.21/compute/v2.1/servers/274affb8-ab59-442b-88aa-be6bae9907bf 1.556s
2024-08-16 16:50:16.491 62138 INFO tempest.lib.common.rest_client [req-3768c597-dc07-47b2-8142-5558d5f23005 req-3768c597-dc07-47b2-8142-5558d5f23005 ] Request (ServersTestManualDisk:setUpClass): 200 GET http://10.180.1.21/compute/v2.1/servers/fdda4317-bb73-49ef-bcb0-0165fb48128a 1.406s
2024-08-16 16:50:16.559 62159 INFO tempest.lib.common.rest_client [req-8c58c984-68f1-49d0-a877-a57d3809d9ab req-8c58c984-68f1-49d0-a877-a57d3809d9ab ] Request (ServersV294TestFqdnHostnames:tearDownClass): 204 DELETE http://10.180.1.21:9696/networking/v2.0/routers/d8bae443-ed44-4a95-a3a1-9ed6af74dbb1 1.002s
2024-08-16 16:50:16.569 62121 INFO tempest.lib.common.rest_client [req-099f08ad-94fd-42a2-b09d-4ddfa7c6c9fb req-099f08ad-94fd-42a2-b09d-4ddfa7c6c9fb ] Request (VolumesAssistedSnapshotsTest:tearDownClass): 204 DELETE http://10.180.1.21:9696/networking/v2.0/security-groups/306c47ab-4b1c-47ef-9c63-1573116294a5 0.213s
2024-08-16 16:50:16.572 62165 INFO tempest.lib.common.rest_client [req-00796a53-bf04-4e15-b5ce-3e0cb6e78e7e req-00796a53-bf04-4e15-b5ce-3e0cb6e78e7e ] Request (ServersNegativeTestMultiTenantJSON:setUpClass): 200 GET http://10.180.1.21/compute/v2.1/servers/afcf7343-1b06-4f77-b78f-3fffc7f680a4 1.365s
2024-08-16 16:50:16.572 62130 INFO tempest.lib.common.rest_client [req-87f7acbb-a022-4a52-bcea-8c5071ed3c3c req-87f7acbb-a022-4a52-bcea-8c5071ed3c3c ] Request (ServerAddressesNegativeTestJSON:setUpClass): 200 GET http://10.180.1.21/compute/v2.1/servers/008136fb-2cfd-4971-a4c1-568a1f0a835b 1.337s
2024-08-16 16:50:16.652 62112 INFO tempest.lib.common.rest_client [req-aa993a3b-afa5-498e-963c-aa6c654432b5 req-aa993a3b-afa5-498e-963c-aa6c654432b5 ] Request (AttachVolumeTestJSON:test_attach_detach_volume): 200 GET http://10.180.1.21/compute/v2.1/servers/fb589280-30a7-41a1-b0d9-105595ba88d9 1.382s
2024-08-16 16:50:16.659 62171 INFO tempest.lib.common.rest_client [req-2258fb3f-04ab-453d-9046-c099c0a42ec4 req-2258fb3f-04ab-453d-9046-c099c0a42ec4 ] Request (ServersWithSpecificFlavorTestJSON:test_verify_created_server_ephemeral_disk): 200 GET http://10.180.1.21/compute/v2.1/servers/a733fdbc-cbea-4406-9ce6-8f33d36ed824 1.330s
2024-08-16 16:50:16.665 62171 INFO tempest.common.waiters [-] State transition "BUILD/spawning" ==> "BUILD/scheduling" after 57 second wait
2024-08-16 16:50:16.718 62121 INFO tempest.lib.common.rest_client [req-afdf8011-8809-4097-971e-a7fd17142100 req-afdf8011-8809-4097-971e-a7fd17142100 ] Request (VolumesAssistedSnapshotsTest:tearDownClass): 204 DELETE http://10.180.1.21/identity/v3/projects/fc1435f9d90a41beb71b50f7d960dbf9 0.148s
2024-08-16 16:50:16.718 62121 INFO tempest.lib.common.dynamic_creds [-] Deleting project and security group for project: ceaa2ca9359c4eb99d93b61df191651e
2024-08-16 16:50:16.721 62159 INFO tempest.lib.common.rest_client [req-0bb38666-abdf-4220-89c2-13f2d1ecffdb req-0bb38666-abdf-4220-89c2-13f2d1ecffdb ] Request (ServersV294TestFqdnHostnames:tearDownClass): 204 DELETE http://10.180.1.21:9696/networking/v2.0/subnets/e8935868-bde4-4249-b27f-62bf084d5434 0.161s
2024-08-16 16:50:16.799 62142 INFO tempest.lib.common.rest_client [req-67f56eca-8281-4ac7-863e-a2fa60996eaa req-67f56eca-8281-4ac7-863e-a2fa60996eaa ] Request (QuotasTestJSON:test_compare_tenant_quotas_with_default_quotas): 200 GET http://10.180.1.21/compute/v2.1/os-quota-sets/5e711ad15e624d50b03d239e01d7b840/defaults 1.151s
2024-08-16 16:50:16.802 62121 INFO tempest.lib.common.rest_client [req-73e2be58-bf17-4f9d-b073-35a8746e3165 req-73e2be58-bf17-4f9d-b073-35a8746e3165 ] Request (VolumesAssistedSnapshotsTest:tearDownClass): 200 GET http://10.180.1.21:9696/networking/v2.0/security-groups?tenant_id=ceaa2ca9359c4eb99d93b61df191651e&name=default 0.083s
2024-08-16 16:50:16.886 62149 INFO tempest.lib.common.rest_client [req-f009d393-944d-4bc3-a78a-7d0437625990 req-f009d393-944d-4bc3-a78a-7d0437625990 ] Request (FloatingIPDetailsTestJSON:test_list_floating_ips): 200 GET http://10.180.1.21/compute/v2.1/os-floating-ips 1.158s
2024-08-16 16:50:16.915 62133 INFO tempest.lib.common.rest_client [req-7ca04f8d-be5d-47fe-8362-ca30bedbc262 req-7ca04f8d-be5d-47fe-8362-ca30bedbc262 ] Request (MigrationsAdminTest:test_resize_server_revert_deleted_flavor): 200 POST http://10.180.1.21/compute/v2.1/flavors 0.978s
2024-08-16 16:50:16.944 62175 INFO tempest.lib.common.rest_client [req-03c6f659-822f-4cac-8229-4cd152130912 req-03c6f659-822f-4cac-8229-4cd152130912 ] Request (ServicesAdminTestJSON:test_get_service_by_host_name): 200 GET http://10.180.1.21/compute/v2.1/os-services?host=devstack 0.550s
2024-08-16 16:50:17.060 62104 INFO tempest.lib.common.rest_client [req-6ea61197-ec0d-43b7-90bc-87b165ba4bcb req-6ea61197-ec0d-43b7-90bc-87b165ba4bcb ] Request (VolumesAdminNegativeTest:test_update_attached_volume_with_nonexistent_volume_in_body): 200 GET http://10.180.1.21/compute/v2.1/servers/e2063b08-1037-47ca-a33f-337a832f963d 0.649s
2024-08-16 16:50:17.071 62122 INFO tempest.lib.common.rest_client [req-4217dd2a-0f48-4f5a-b3e4-65ebed5b1073 req-4217dd2a-0f48-4f5a-b3e4-65ebed5b1073 ] Request (SecurityGroupRulesTestJSON:_run_cleanups): 202 DELETE http://10.180.1.21/compute/v2.1/os-security-group-rules/8672b26c-e017-420f-a140-76320f6824bf 1.238s
2024-08-16 16:50:17.074 62121 INFO tempest.lib.common.rest_client [req-858cd72a-eb2b-45c7-9b05-b6e0bdb6860f req-858cd72a-eb2b-45c7-9b05-b6e0bdb6860f ] Request (VolumesAssistedSnapshotsTest:tearDownClass): 204 DELETE http://10.180.1.21:9696/networking/v2.0/security-groups/bffb6028-d211-4435-be14-1d829c41341c 0.272s
2024-08-16 16:50:17.106 62145 INFO tempest.lib.common.rest_client [req-3b711563-8e54-4b79-b916-eeb963542d12 req-3b711563-8e54-4b79-b916-eeb963542d12 ] Request (ImagesTestJSON:test_create_image_from_stopped_server): 404 GET http://10.180.1.21/compute/v2.1/servers/84d75c71-69c8-402d-8bed-c550afd81dc2 0.680s
2024-08-16 16:50:17.158 62126 INFO tempest.lib.common.rest_client [req-1e8628f4-014a-43f0-9392-5ee3f5afff8b req-1e8628f4-014a-43f0-9392-5ee3f5afff8b ] Request (ServersTestJSON:setUpClass): 200 GET http://10.180.1.21/compute/v2.1/servers/e96d1097-561e-4b21-bf1b-906f1b705aa3 0.669s
2024-08-16 16:50:17.176 62145 INFO tempest.lib.common.rest_client [req-47c5efb2-4fef-4102-a1a5-95410327fde6 req-47c5efb2-4fef-4102-a1a5-95410327fde6 ] Request (ImagesTestJSON:test_create_image_from_suspended_server): 201 POST http://10.180.1.21/identity/v3/auth/tokens 0.065s
2024-08-16 16:50:17.176 62145 INFO tempest.lib.common.fixed_network [-] (ImagesTestJSON:test_create_image_from_suspended_server) Found network {'id': '1d06e422-273b-421c-bcb5-7d0019bf72ec', 'name': 'tempest-ImagesTestJSON-498921361-network', 'tenant_id': '3dd4be8bff8e40ee8aacdbcafbeb33b1', 'admin_state_up': True, 'mtu': 8950, 'status': 'ACTIVE', 'subnets': [], 'shared': False, 'project_id': '3dd4be8bff8e40ee8aacdbcafbeb33b1', 'port_security_enabled': True, 'router:external': False, 'provider:network_type': 'vlan', 'provider:physical_network': 'default', 'provider:segmentation_id': 361, 'is_default': False, 'availability_zone_hints': [], 'availability_zones': [], 'ipv4_address_scope': None, 'ipv6_address_scope': None, 'description': '', 'tags': [], 'created_at': '2024-08-16T16:49:08Z', 'updated_at': '2024-08-16T16:49:08Z', 'revision_number': 1} available for tenant
2024-08-16 16:50:17.178 62167 INFO tempest.lib.common.rest_client [req-66b23e6d-0bc8-4550-a991-0206bf70cf92 req-66b23e6d-0bc8-4550-a991-0206bf70cf92 ] Request (ListServersNegativeTestJSON:setUpClass): 200 GET http://10.180.1.21/compute/v2.1/servers/9298adc3-97f6-4097-9c56-abdd3b429a09 0.613s
2024-08-16 16:50:17.205 62121 INFO tempest.lib.common.rest_client [req-8c164454-8578-4551-a0ba-e5d1cfd11df4 req-8c164454-8578-4551-a0ba-e5d1cfd11df4 ] Request (VolumesAssistedSnapshotsTest:tearDownClass): 204 DELETE http://10.180.1.21/identity/v3/projects/ceaa2ca9359c4eb99d93b61df191651e 0.130s
2024-08-16 16:50:17.205 62121 INFO tempest.lib.common.dynamic_creds [-] Deleting project and security group for project: 6bf9171c06a54ae5a7279c54c84795ac
2024-08-16 16:50:17.226 62114 INFO tempest.lib.common.rest_client [req-54cee976-887f-4b01-9eff-5d3bd18df759 req-54cee976-887f-4b01-9eff-5d3bd18df759 ] Request (ServersTestMultiNic:test_verify_duplicate_network_nics): 200 GET http://10.180.1.21/compute/v2.1/servers/a3205445-7632-43bb-87dd-6459b78d6609 0.609s
2024-08-16 16:50:17.240 62140 INFO tempest.lib.common.rest_client [req-114d1deb-1415-4725-a686-e5e841c7a51a req-114d1deb-1415-4725-a686-e5e841c7a51a ] Request (ImagesOneServerNegativeTestJSON:setUpClass): 200 GET http://10.180.1.21/compute/v2.1/servers/3f47490d-d2a8-4b47-af50-ddcb14dd9af5 0.560s
2024-08-16 16:50:17.261 62121 INFO tempest.lib.common.rest_client [req-938b1739-908f-496e-ac86-5ae8e341dc39 req-938b1739-908f-496e-ac86-5ae8e341dc39 ] Request (VolumesAssistedSnapshotsTest:tearDownClass): 200 GET http://10.180.1.21:9696/networking/v2.0/security-groups?tenant_id=6bf9171c06a54ae5a7279c54c84795ac&name=default 0.056s
2024-08-16 16:50:17.314 62158 INFO tempest.lib.common.rest_client [req-c21bf259-e3b8-494b-98fe-a8b4233fb3cd req-c21bf259-e3b8-494b-98fe-a8b4233fb3cd ] Request (ServersTestBootFromVolume:setUpClass): 200 GET http://10.180.1.21/compute/v2.1/servers/b9abab9b-925a-4858-a7b6-20203ca29ad1 0.559s
2024-08-16 16:50:17.326 62159 INFO tempest.lib.common.rest_client [req-0d19ee2e-a012-4073-928f-92780db9a3ef req-0d19ee2e-a012-4073-928f-92780db9a3ef ] Request (ServersV294TestFqdnHostnames:tearDownClass): 204 DELETE http://10.180.1.21:9696/networking/v2.0/networks/3d3d4586-2119-4d44-9d6d-acde1d9ed689 0.605s
2024-08-16 16:50:17.340 62124 INFO tempest.lib.common.rest_client [req-5ea4b403-3d2e-4a3b-9cca-9fcdbbff118a req-5ea4b403-3d2e-4a3b-9cca-9fcdbbff118a ] Request (ServerActionsV293TestJSON:setUpClass): 201 POST http://10.180.1.21:9696/networking/v2.0/routers 1.207s
2024-08-16 16:50:17.385 62121 INFO tempest.lib.common.rest_client [req-3af0a997-7003-4f30-84ae-22ed9db94f17 req-3af0a997-7003-4f30-84ae-22ed9db94f17 ] Request (VolumesAssistedSnapshotsTest:tearDownClass): 204 DELETE http://10.180.1.21:9696/networking/v2.0/security-groups/4b4e52bb-2a73-45a4-8fd7-ab7194273fa6 0.123s
2024-08-16 16:50:17.387 62136 INFO tempest.lib.common.rest_client [req-7d89150a-ea6a-4d3b-b7d3-33a697ea945e req-7d89150a-ea6a-4d3b-b7d3-33a697ea945e ] Request (AttachVolumeShelveTestJSON:test_attach_volume_shelved_or_offload_server): 200 GET http://10.180.1.21/compute/v2.1/servers/8543497e-8f92-4cc0-9352-4edaa9f16dfb 0.563s
2024-08-16 16:50:17.398 62142 INFO tempest.lib.common.rest_client [req-46d61ae2-83fe-42ec-a5e2-fb21a433dc87 req-46d61ae2-83fe-42ec-a5e2-fb21a433dc87 ] Request (QuotasTestJSON:test_compare_tenant_quotas_with_default_quotas): 200 GET http://10.180.1.21/compute/v2.1/os-quota-sets/5e711ad15e624d50b03d239e01d7b840 0.597s
2024-08-16 16:50:17.447 62159 INFO tempest.lib.common.rest_client [req-9a0f45ae-b6cd-40c6-9511-85d6bc58b3dd req-9a0f45ae-b6cd-40c6-9511-85d6bc58b3dd ] Request (ServersV294TestFqdnHostnames:tearDownClass): 204 DELETE http://10.180.1.21/identity/v3/users/3221d6144b034c0ebb6951a27708a530 0.121s
2024-08-16 16:50:17.447 62159 INFO tempest.lib.common.dynamic_creds [-] Deleting project and security group for project: 8adde0d9bff94547bc9c7bd610a92999
2024-08-16 16:50:17.450 62121 INFO tempest.lib.common.rest_client [req-2fa9580f-842c-4b1f-bc80-024cbfc32277 req-2fa9580f-842c-4b1f-bc80-024cbfc32277 ] Request (VolumesAssistedSnapshotsTest:tearDownClass): 204 DELETE http://10.180.1.21/identity/v3/projects/6bf9171c06a54ae5a7279c54c84795ac 0.065s
2024-08-16 16:50:17.471 62154 INFO tempest.lib.common.rest_client [req-a56d180e-f669-4c67-b09e-952ea45d6673 req-a56d180e-f669-4c67-b09e-952ea45d6673 ] Request (AttachInterfacesTestJSON:test_create_list_show_delete_interfaces_by_fixed_ip): 200 GET http://10.180.1.21/compute/v2.1/servers/2a7e4575-b223-4f04-b424-87e78e329c1c 0.587s
2024-08-16 16:50:17.494 62159 INFO tempest.lib.common.rest_client [req-24ca8659-b29e-4a13-b33e-aa1ccff08f70 req-24ca8659-b29e-4a13-b33e-aa1ccff08f70 ] Request (ServersV294TestFqdnHostnames:tearDownClass): 200 GET http://10.180.1.21:9696/networking/v2.0/security-groups?tenant_id=8adde0d9bff94547bc9c7bd610a92999&name=default 0.046s
2024-08-16 16:50:17.496 62133 INFO tempest.lib.common.rest_client [req-24516c0e-37b5-41be-842c-1139e8c5df84 req-24516c0e-37b5-41be-842c-1139e8c5df84 ] Request (MigrationsAdminTest:test_resize_server_revert_deleted_flavor): 200 GET http://10.180.1.21/compute/v2.1/flavors/42/os-extra_specs 0.578s
2024-08-16 16:50:17.513 62121 INFO tempest.lib.common.rest_client [req-c89a6ea2-2c9a-44ac-99ce-78451a9e8a41 req-c89a6ea2-2c9a-44ac-99ce-78451a9e8a41 ] Request (AttachInterfacesV270Test:setUpClass): 201 POST http://10.180.1.21/identity/v3/auth/tokens 0.061s
2024-08-16 16:50:17.552 62121 INFO tempest.lib.common.rest_client [req-57c05454-82ba-4283-9882-efb6c4575633 req-57c05454-82ba-4283-9882-efb6c4575633 ] Request (AttachInterfacesV270Test:setUpClass): 201 POST http://10.180.1.21/identity/v3/auth/tokens 0.037s
2024-08-16 16:50:17.573 62121 INFO tempest.lib.common.rest_client [req-fa9b7493-0138-4d2e-bb8a-6da9f2757e7c req-fa9b7493-0138-4d2e-bb8a-6da9f2757e7c ] Request (AttachInterfacesV270Test:setUpClass): 200 GET http://10.180.1.21/identity/v3/domains?name=Default 0.020s
2024-08-16 16:50:17.597 62121 INFO tempest.lib.common.rest_client [req-d531d68c-e4b3-4ab2-9b0e-6db93e7d57b6 req-d531d68c-e4b3-4ab2-9b0e-6db93e7d57b6 ] Request (AttachInterfacesV270Test:setUpClass): 201 POST http://10.180.1.21/identity/v3/projects 0.024s
2024-08-16 16:50:17.605 62159 INFO tempest.lib.common.rest_client [req-aebd6f05-db6d-4ccf-91d1-4bb00119a684 req-aebd6f05-db6d-4ccf-91d1-4bb00119a684 ] Request (ServersV294TestFqdnHostnames:tearDownClass): 204 DELETE http://10.180.1.21:9696/networking/v2.0/security-groups/c53746e2-b423-48c8-81ca-a32ef96fa5b9 0.111s
2024-08-16 16:50:17.658 62121 INFO tempest.lib.common.rest_client [req-37984725-93c0-4b81-950e-608c6bd35ee0 req-37984725-93c0-4b81-950e-608c6bd35ee0 ] Request (AttachInterfacesV270Test:setUpClass): 201 POST http://10.180.1.21/identity/v3/users 0.060s
2024-08-16 16:50:17.676 62121 INFO tempest.lib.common.rest_client [req-d51db3a4-96c1-4f84-b24e-d2602cbc184c req-d51db3a4-96c1-4f84-b24e-d2602cbc184c ] Request (AttachInterfacesV270Test:setUpClass): 200 GET http://10.180.1.21/identity/v3/roles 0.017s
2024-08-16 16:50:17.698 62121 INFO tempest.lib.common.rest_client [req-769e5615-769d-47c4-b28d-1c522d6b5339 req-769e5615-769d-47c4-b28d-1c522d6b5339 ] Request (AttachInterfacesV270Test:setUpClass): 204 PUT http://10.180.1.21/identity/v3/projects/578e6cc3ca144c77947a06ff7c3cb933/users/ef04284b81004ce8b3a9f3ff593cba97/roles/0cd6c1b33e7f47f69453bcc008ea86a6 0.022s
2024-08-16 16:50:17.698 62121 INFO tempest.lib.common.dynamic_creds [-] Dynamic test user ef04284b81004ce8b3a9f3ff593cba97 is created with scope project and roles: ['member']
2024-08-16 16:50:17.698 62121 INFO tempest.lib.common.dynamic_creds [-] Acquired dynamic creds: credentials: Credentials: {'domain_id': 'default', 'domain_name': 'Default', 'username': 'tempest-AttachInterfacesV270Test-2050095839-project-member', 'project_domain_id': 'default', 'project_domain_name': 'Default', 'project_id': '578e6cc3ca144c77947a06ff7c3cb933', 'project_name': 'tempest-AttachInterfacesV270Test-2050095839', 'tenant_id': '578e6cc3ca144c77947a06ff7c3cb933', 'tenant_name': 'tempest-AttachInterfacesV270Test-2050095839', 'user_domain_id': 'default', 'user_domain_name': 'Default', 'user_id': 'ef04284b81004ce8b3a9f3ff593cba97', 'system': None}, Network: None, Subnet: None, Router: None
2024-08-16 16:50:17.710 62159 INFO tempest.lib.common.rest_client [req-ab78ffdc-b172-4d29-978e-eaac37ab23fa req-ab78ffdc-b172-4d29-978e-eaac37ab23fa ] Request (ServersV294TestFqdnHostnames:tearDownClass): 204 DELETE http://10.180.1.21/identity/v3/projects/8adde0d9bff94547bc9c7bd610a92999 0.104s
2024-08-16 16:50:17.727 62163 INFO tempest.lib.common.rest_client [req-ab2b5bd4-dd12-419a-a1af-7bbb290f457a req-ab2b5bd4-dd12-419a-a1af-7bbb290f457a ] Request (MultipleCreateTestJSON:test_multiple_create): 200 GET http://10.180.1.21/compute/v2.1/servers/65c75b7a-3d52-4a60-ab30-c82ca09671f2 0.806s
2024-08-16 16:50:17.747 62175 INFO tempest.lib.common.rest_client [req-f87a9021-5b42-4bfb-acf2-792253d25dcb req-f87a9021-5b42-4bfb-acf2-792253d25dcb ] Request (ServicesAdminTestJSON:test_get_service_by_service_binary_name): 200 GET http://10.180.1.21/compute/v2.1/os-services?binary=nova-compute 0.799s
2024-08-16 16:50:17.767 62121 INFO tempest.lib.common.rest_client [req-009a9639-7a73-4454-9b27-21adc14472ed req-009a9639-7a73-4454-9b27-21adc14472ed ] Request (AttachInterfacesV270Test:setUpClass): 201 POST http://10.180.1.21/identity/v3/auth/tokens 0.069s
2024-08-16 16:50:17.798 62159 INFO tempest.lib.common.rest_client [req-ab956ce1-b276-46c0-b0e3-dc946f5d9c6a req-ab956ce1-b276-46c0-b0e3-dc946f5d9c6a ] Request (InstanceActionsV221TestJSON:setUpClass): 201 POST http://10.180.1.21/identity/v3/auth/tokens 0.085s
2024-08-16 16:50:17.819 62151 INFO tempest.lib.common.rest_client [req-c2c5a1a1-6d3c-48fc-96df-5aaa83b1ee98 req-c2c5a1a1-6d3c-48fc-96df-5aaa83b1ee98 ] Request (ServerMetadataNegativeTestJSON:setUpClass): 200 GET http://10.180.1.21/compute/v2.1/servers/de1e9eee-2519-4450-bff6-c7b371bf8411 0.846s
2024-08-16 16:50:17.830 62159 INFO tempest.lib.common.rest_client [req-4a619b27-195a-4ea0-a578-918e218a1d13 req-4a619b27-195a-4ea0-a578-918e218a1d13 ] Request (InstanceActionsV221TestJSON:setUpClass): 201 POST http://10.180.1.21/identity/v3/auth/tokens 0.028s
2024-08-16 16:50:17.851 62159 INFO tempest.lib.common.rest_client [req-b8510974-89b2-425b-8fc7-47f9623e3b12 req-b8510974-89b2-425b-8fc7-47f9623e3b12 ] Request (InstanceActionsV221TestJSON:setUpClass): 200 GET http://10.180.1.21/identity/v3/domains?name=Default 0.021s
2024-08-16 16:50:17.879 62159 INFO tempest.lib.common.rest_client [req-1f3be7c0-d1be-4e8d-be06-d064f42624ce req-1f3be7c0-d1be-4e8d-be06-d064f42624ce ] Request (InstanceActionsV221TestJSON:setUpClass): 201 POST http://10.180.1.21/identity/v3/projects 0.027s
2024-08-16 16:50:17.901 62128 INFO tempest.lib.common.rest_client [req-3494b5cf-ccaf-411d-b533-6e8fa9e2cab9 req-3494b5cf-ccaf-411d-b533-6e8fa9e2cab9 ] Request (ListImageFiltersTestJSON:setUpClass): 200 GET http://10.180.1.21/compute/v2.1/servers/ddfc5651-45df-4ffe-8ce3-73c0a1970a03 0.894s
2024-08-16 16:50:17.968 62159 INFO tempest.lib.common.rest_client [req-d73c8a11-e86a-4019-8142-276f4abdeeeb req-d73c8a11-e86a-4019-8142-276f4abdeeeb ] Request (InstanceActionsV221TestJSON:setUpClass): 201 POST http://10.180.1.21/identity/v3/users 0.089s
2024-08-16 16:50:17.987 62159 INFO tempest.lib.common.rest_client [req-52753635-148c-4f2e-93cc-cfef8797664f req-52753635-148c-4f2e-93cc-cfef8797664f ] Request (InstanceActionsV221TestJSON:setUpClass): 200 GET http://10.180.1.21/identity/v3/roles 0.019s
2024-08-16 16:50:17.991 62119 INFO tempest.lib.common.rest_client [req-1a79ec3c-7fb2-496c-98e7-43c13b1ae8a0 req-1a79ec3c-7fb2-496c-98e7-43c13b1ae8a0 ] Request (InstanceActionsTestJSON:setUpClass): 200 GET http://10.180.1.21/compute/v2.1/servers/9eca5b16-5b17-4c65-b7eb-5c76cc403327 0.946s
2024-08-16 16:50:18.001 62121 INFO tempest.lib.common.rest_client [req-30cb6fc4-b4d2-43a3-95d8-373f07b73407 req-30cb6fc4-b4d2-43a3-95d8-373f07b73407 ] Request (AttachInterfacesV270Test:setUpClass): 201 POST http://10.180.1.21:9696/networking/v2.0/networks 0.234s
2024-08-16 16:50:18.031 62159 INFO tempest.lib.common.rest_client [req-20c2d7fb-de68-46fc-a2be-af20ba0a219c req-20c2d7fb-de68-46fc-a2be-af20ba0a219c ] Request (InstanceActionsV221TestJSON:setUpClass): 204 PUT http://10.180.1.21/identity/v3/projects/9e1597a0ce614392840b8de3c5b97a6f/users/8217919492dd4ddbb98ed752939bccc5/roles/0cd6c1b33e7f47f69453bcc008ea86a6 0.043s
2024-08-16 16:50:18.031 62159 INFO tempest.lib.common.dynamic_creds [-] Dynamic test user 8217919492dd4ddbb98ed752939bccc5 is created with scope project and roles: ['member']
2024-08-16 16:50:18.032 62159 INFO tempest.lib.common.dynamic_creds [-] Acquired dynamic creds: credentials: Credentials: {'domain_id': 'default', 'domain_name': 'Default', 'username': 'tempest-InstanceActionsV221TestJSON-1685624794-project-member', 'project_domain_id': 'default', 'project_domain_name': 'Default', 'project_id': '9e1597a0ce614392840b8de3c5b97a6f', 'project_name': 'tempest-InstanceActionsV221TestJSON-1685624794', 'tenant_id': '9e1597a0ce614392840b8de3c5b97a6f', 'tenant_name': 'tempest-InstanceActionsV221TestJSON-1685624794', 'user_domain_id': 'default', 'user_domain_name': 'Default', 'user_id': '8217919492dd4ddbb98ed752939bccc5', 'system': None}, Network: None, Subnet: None, Router: None
2024-08-16 16:50:18.092 62159 INFO tempest.lib.common.rest_client [req-b769608a-f68e-473f-9d59-69a363bbec7e req-b769608a-f68e-473f-9d59-69a363bbec7e ] Request (InstanceActionsV221TestJSON:setUpClass): 201 POST http://10.180.1.21/identity/v3/auth/tokens 0.060s
2024-08-16 16:50:18.176 62121 INFO tempest.lib.common.rest_client [req-b8b46179-6815-4f20-8abf-8f8201071ebc req-b8b46179-6815-4f20-8abf-8f8201071ebc ] Request (AttachInterfacesV270Test:setUpClass): 201 POST http://10.180.1.21:9696/networking/v2.0/subnets 0.173s
2024-08-16 16:50:18.343 62116 INFO tempest.lib.common.rest_client [req-05593efe-f5e6-42c1-a24e-4cc3891de6d6 req-05593efe-f5e6-42c1-a24e-4cc3891de6d6 ] Request (SecurityGroupsTestJSON:test_list_security_groups_by_server): 200 GET http://10.180.1.21/compute/v2.1/servers/ad511063-a0f7-44cb-843f-3315f8b3f5dc 1.268s
2024-08-16 16:50:18.349 62116 INFO tempest.common.waiters [-] State transition "BUILD/networking" ==> "BUILD/spawning" after 43 second wait
2024-08-16 16:50:18.365 62149 INFO tempest.lib.common.rest_client [req-5078e186-db8f-49d6-9b9c-13aa4494b696 req-5078e186-db8f-49d6-9b9c-13aa4494b696 ] Request (FloatingIPDetailsTestJSON:tearDownClass): 202 DELETE http://10.180.1.21/compute/v2.1/os-floating-ips/64b65857-b445-43aa-8f20-e310cbd58bb8 1.476s
2024-08-16 16:50:18.426 62106 INFO tempest.lib.common.rest_client [req-da495d0f-4070-4a6c-a2c5-fa576f7a0112 req-da495d0f-4070-4a6c-a2c5-fa576f7a0112 ] Request (AttachInterfacesUnderV243Test:test_add_remove_fixed_ip): 200 GET http://10.180.1.21/compute/v2.1/servers/c48d467c-d006-4d41-8c33-38cd89097fbb 1.317s
2024-08-16 16:50:18.453 62159 INFO tempest.lib.common.rest_client [req-4bc4631a-63d0-45dc-9bb3-d125f36f29c3 req-4bc4631a-63d0-45dc-9bb3-d125f36f29c3 ] Request (InstanceActionsV221TestJSON:setUpClass): 201 POST http://10.180.1.21:9696/networking/v2.0/networks 0.361s
2024-08-16 16:50:18.526 62108 INFO tempest.lib.common.rest_client [req-55a80dda-6cc9-41c2-8485-b3f484501e00 req-55a80dda-6cc9-41c2-8485-b3f484501e00 ] Request (ServerShowV257Test:test_rebuild_server): 200 GET http://10.180.1.21/compute/v2.1/servers/2cc6c123-a6ad-4cc0-9346-418815b45c46 1.388s
2024-08-16 16:50:18.594 62134 INFO tempest.lib.common.rest_client [req-24e26d6f-74ca-45e2-a067-f2045028d82f req-24e26d6f-74ca-45e2-a067-f2045028d82f ] Request (ServersTestJSON:test_create_server_specify_multibyte_character_name): 200 GET http://10.180.1.21/compute/v2.1/servers/a4e9e903-e0cf-4161-b98a-2fcc549a7cbe 1.434s
2024-08-16 16:50:18.687 62122 INFO tempest.lib.common.rest_client [req-1f7becf8-328b-473f-9129-67c9fee53e8d req-1f7becf8-328b-473f-9129-67c9fee53e8d ] Request (SecurityGroupRulesTestJSON:tearDownClass): 202 DELETE http://10.180.1.21/compute/v2.1/os-security-groups/73e94f37-cfea-4af4-bc89-21501ffa6ac5 1.611s
2024-08-16 16:50:18.738 62159 INFO tempest.lib.common.rest_client [req-437c4a91-7658-430f-8d52-91c4410d4b86 req-437c4a91-7658-430f-8d52-91c4410d4b86 ] Request (InstanceActionsV221TestJSON:setUpClass): 201 POST http://10.180.1.21:9696/networking/v2.0/subnets 0.284s
2024-08-16 16:50:18.759 62110 INFO tempest.lib.common.rest_client [req-016af6f5-11b6-45e6-8568-852c37734e05 req-016af6f5-11b6-45e6-8568-852c37734e05 ] Request (ServersAdminNegativeTestJSON:setUpClass): 200 GET http://10.180.1.21/compute/v2.1/servers/2a0a1ff4-0a47-418d-980f-8782daa291c5 1.542s
2024-08-16 16:50:18.865 62142 INFO tempest.lib.common.rest_client [req-044fa818-c505-4304-854a-41c5303186f2 req-044fa818-c505-4304-854a-41c5303186f2 ] Request (QuotasTestJSON:test_get_default_quotas): 200 GET http://10.180.1.21/compute/v2.1/os-quota-sets/5e711ad15e624d50b03d239e01d7b840/defaults 1.464s
2024-08-16 16:50:18.940 62148 INFO tempest.lib.common.rest_client [req-2cdafa08-d6dd-400c-ac72-9d9385a18657 req-2cdafa08-d6dd-400c-ac72-9d9385a18657 ] Request (ServersAdminTestJSON:setUpClass): 200 GET http://10.180.1.21/compute/v2.1/servers/274affb8-ab59-442b-88aa-be6bae9907bf 1.453s
2024-08-16 16:50:18.964 62133 INFO tempest.lib.common.rest_client [req-a3ccc733-164d-4b01-8584-3a4474a85868 req-a3ccc733-164d-4b01-8584-3a4474a85868 ] Request (MigrationsAdminTest:test_resize_server_revert_deleted_flavor): 200 POST http://10.180.1.21/compute/v2.1/flavors/59064df8-6e51-463a-bd21-41f1c87e9591/os-extra_specs 1.467s
2024-08-16 16:50:19.030 62133 INFO tempest.lib.common.rest_client [req-02307fdf-62e7-49d4-8aa3-a4ab06fb1731 req-02307fdf-62e7-49d4-8aa3-a4ab06fb1731 ] Request (MigrationsAdminTest:test_resize_server_revert_deleted_flavor): 201 POST http://10.180.1.21/identity/v3/auth/tokens 0.062s
2024-08-16 16:50:19.031 62133 INFO tempest.lib.common.fixed_network [-] (MigrationsAdminTest:test_resize_server_revert_deleted_flavor) Found network None available for tenant
2024-08-16 16:50:19.048 62138 INFO tempest.lib.common.rest_client [req-e7dccf73-f3e2-475b-b292-e7fb5e216e85 req-e7dccf73-f3e2-475b-b292-e7fb5e216e85 ] Request (ServersTestManualDisk:setUpClass): 200 GET http://10.180.1.21/compute/v2.1/servers/fdda4317-bb73-49ef-bcb0-0165fb48128a 1.549s
2024-08-16 16:50:19.114 62165 INFO tempest.lib.common.rest_client [req-22c68c0b-8676-4e36-a3dc-e864ff877447 req-22c68c0b-8676-4e36-a3dc-e864ff877447 ] Request (ServersNegativeTestMultiTenantJSON:setUpClass): 200 GET http://10.180.1.21/compute/v2.1/servers/afcf7343-1b06-4f77-b78f-3fffc7f680a4 1.535s
2024-08-16 16:50:19.169 62130 INFO tempest.lib.common.rest_client [req-5f56dc46-86ec-4084-ad42-da8e5947ca48 req-5f56dc46-86ec-4084-ad42-da8e5947ca48 ] Request (ServerAddressesNegativeTestJSON:setUpClass): 200 GET http://10.180.1.21/compute/v2.1/servers/008136fb-2cfd-4971-a4c1-568a1f0a835b 1.588s
2024-08-16 16:50:19.171 62145 INFO tempest.lib.common.rest_client [req-7bf8b8ef-4a14-4bea-bc80-80c376d32fc0 req-7bf8b8ef-4a14-4bea-bc80-80c376d32fc0 ] Request (ImagesTestJSON:test_create_image_from_suspended_server): 202 POST http://10.180.1.21/compute/v2.1/servers 1.994s
2024-08-16 16:50:19.265 62112 INFO tempest.lib.common.rest_client [req-5b5183c8-88a2-496a-b113-c5ce2a39446f req-5b5183c8-88a2-496a-b113-c5ce2a39446f ] Request (AttachVolumeTestJSON:test_attach_detach_volume): 200 GET http://10.180.1.21/compute/v2.1/servers/fb589280-30a7-41a1-b0d9-105595ba88d9 1.604s
2024-08-16 16:50:19.284 62175 INFO tempest.lib.common.rest_client [req-281fd63f-6a67-45b8-b42c-3b6cb91ff3bd req-281fd63f-6a67-45b8-b42c-3b6cb91ff3bd ] Request (ServicesAdminTestJSON:test_list_services): 200 GET http://10.180.1.21/compute/v2.1/os-services 1.534s
2024-08-16 16:50:19.296 62171 INFO tempest.lib.common.rest_client [req-ae85f9f8-a352-460e-a6e6-ccb963f21a03 req-ae85f9f8-a352-460e-a6e6-ccb963f21a03 ] Request (ServersWithSpecificFlavorTestJSON:test_verify_created_server_ephemeral_disk): 200 GET http://10.180.1.21/compute/v2.1/servers/a733fdbc-cbea-4406-9ce6-8f33d36ed824 1.630s
2024-08-16 16:50:19.304 62171 INFO tempest.common.waiters [-] State transition "BUILD/scheduling" ==> "ERROR/None" after 60 second wait
2024-08-16 16:50:19.360 62121 INFO tempest.lib.common.rest_client [req-83405ffa-727d-416b-ac7b-e01898cea6a6 req-83405ffa-727d-416b-ac7b-e01898cea6a6 ] Request (AttachInterfacesV270Test:setUpClass): 201 POST http://10.180.1.21:9696/networking/v2.0/routers 1.184s
2024-08-16 16:50:19.362 62175 INFO tempest.lib.common.rest_client [req-5a0792ae-7eda-4826-9778-330ed4b4616a req-5a0792ae-7eda-4826-9778-330ed4b4616a ] Request (ServicesAdminTestJSON:tearDownClass): 204 DELETE http://10.180.1.21/identity/v3/users/490c8f33f34348ec8e540e3e64137083 0.074s
2024-08-16 16:50:19.437 62175 INFO tempest.lib.common.rest_client [req-dde54ac3-1254-4cea-94da-e1c2c69b2945 req-dde54ac3-1254-4cea-94da-e1c2c69b2945 ] Request (ServicesAdminTestJSON:tearDownClass): 204 DELETE http://10.180.1.21/identity/v3/users/b0c9ccc4b6904237b6f84a69bccf9c40 0.074s
2024-08-16 16:50:19.437 62175 INFO tempest.lib.common.dynamic_creds [-] Deleting project and security group for project: 0fdaf58f3d514c219b35c251bd08d205
2024-08-16 16:50:19.493 62175 INFO tempest.lib.common.rest_client [req-703b258b-6266-4fe4-8d6e-1bf25a3fee89 req-703b258b-6266-4fe4-8d6e-1bf25a3fee89 ] Request (ServicesAdminTestJSON:tearDownClass): 201 POST http://10.180.1.21/identity/v3/auth/tokens 0.055s
2024-08-16 16:50:19.536 62104 INFO tempest.lib.common.rest_client [req-2ee9e3bf-ece3-43a8-b0ce-08314e3e6371 req-2ee9e3bf-ece3-43a8-b0ce-08314e3e6371 ] Request (VolumesAdminNegativeTest:test_update_attached_volume_with_nonexistent_volume_in_body): 200 GET http://10.180.1.21/compute/v2.1/servers/e2063b08-1037-47ca-a33f-337a832f963d 1.468s
2024-08-16 16:50:19.549 62159 INFO tempest.lib.common.rest_client [req-20b0f1e9-e12a-49e8-b99c-4911d0f63732 req-20b0f1e9-e12a-49e8-b99c-4911d0f63732 ] Request (InstanceActionsV221TestJSON:setUpClass): 201 POST http://10.180.1.21:9696/networking/v2.0/routers 0.811s
2024-08-16 16:50:19.669 62126 INFO tempest.lib.common.rest_client [req-9f61f81f-585a-4411-9cad-231690c0bffe req-9f61f81f-585a-4411-9cad-231690c0bffe ] Request (ServersTestJSON:setUpClass): 200 GET http://10.180.1.21/compute/v2.1/servers/e96d1097-561e-4b21-bf1b-906f1b705aa3 1.504s
2024-08-16 16:50:19.675 62126 INFO tempest.common.waiters [-] State transition "BUILD/scheduling" ==> "BUILD/None" after 33 second wait
2024-08-16 16:50:19.690 62167 INFO tempest.lib.common.rest_client [req-781ec13d-f941-401f-a9e1-d52a6f1d3c10 req-781ec13d-f941-401f-a9e1-d52a6f1d3c10 ] Request (ListServersNegativeTestJSON:setUpClass): 200 GET http://10.180.1.21/compute/v2.1/servers/9298adc3-97f6-4097-9c56-abdd3b429a09 1.504s
2024-08-16 16:50:19.766 62114 INFO tempest.lib.common.rest_client [req-d9875bf7-df82-4bec-9a0f-758ef0f740b1 req-d9875bf7-df82-4bec-9a0f-758ef0f740b1 ] Request (ServersTestMultiNic:test_verify_duplicate_network_nics): 200 GET http://10.180.1.21/compute/v2.1/servers/a3205445-7632-43bb-87dd-6459b78d6609 1.532s
2024-08-16 16:50:19.772 62140 INFO tempest.lib.common.rest_client [req-23f2a3c8-e4da-44c7-99ea-297788952167 req-23f2a3c8-e4da-44c7-99ea-297788952167 ] Request (ImagesOneServerNegativeTestJSON:setUpClass): 200 GET http://10.180.1.21/compute/v2.1/servers/3f47490d-d2a8-4b47-af50-ddcb14dd9af5 1.524s
2024-08-16 16:50:19.839 62158 INFO tempest.lib.common.rest_client [req-57a1388b-208a-467e-9905-6806c5f4f5d3 req-57a1388b-208a-467e-9905-6806c5f4f5d3 ] Request (ServersTestBootFromVolume:setUpClass): 200 GET http://10.180.1.21/compute/v2.1/servers/b9abab9b-925a-4858-a7b6-20203ca29ad1 1.518s
2024-08-16 16:50:19.923 62124 INFO tempest.lib.common.rest_client [req-7dfeb6a8-ec81-4f62-bafc-d66939485b50 req-7dfeb6a8-ec81-4f62-bafc-d66939485b50 ] Request (ServerActionsV293TestJSON:setUpClass): 200 PUT http://10.180.1.21:9696/networking/v2.0/routers/d8bc11b7-717c-4ce8-958a-859ba0afa164/add_router_interface 2.582s
2024-08-16 16:50:19.923 62124 INFO tempest.lib.common.dynamic_creds [-] Created isolated network resources for: credentials: Credentials: {'domain_id': 'default', 'domain_name': 'Default', 'username': 'tempest-ServerActionsV293TestJSON-2064689702-project-member', 'project_domain_id': 'default', 'project_domain_name': 'Default', 'project_id': '9a972c48230043a597a24e47be71c252', 'project_name': 'tempest-ServerActionsV293TestJSON-2064689702', 'tenant_id': '9a972c48230043a597a24e47be71c252', 'tenant_name': 'tempest-ServerActionsV293TestJSON-2064689702', 'user_domain_id': 'default', 'user_domain_name': 'Default', 'user_id': 'fed328014e9a43aa93ef21ba22a795b9', 'system': None}, Network: {'id': '434da722-0c4a-4cf9-87e6-0c56a6cfb3f7', 'name': 'tempest-ServerActionsV293TestJSON-775971296-network', 'tenant_id': '9a972c48230043a597a24e47be71c252', 'admin_state_up': True, 'mtu': 8950, 'status': 'ACTIVE', 'subnets': [], 'shared': False, 'project_id': '9a972c48230043a597a24e47be71c252', 'port_security_enabled': True, 'router:external': False, 'provider:network_type': 'vlan', 'provider:physical_network': 'default', 'provider:segmentation_id': 760, 'is_default': False, 'availability_zone_hints': [], 'availability_zones': [], 'ipv4_address_scope': None, 'ipv6_address_scope': None, 'description': '', 'tags': [], 'created_at': '2024-08-16T16:50:15Z', 'updated_at': '2024-08-16T16:50:15Z', 'revision_number': 1}, Subnet: {'id': 'bf908d90-feff-478d-8a9f-d6bf945a2d03', 'name': 'tempest-ServerActionsV293TestJSON-775971296-subnet', 'tenant_id': '9a972c48230043a597a24e47be71c252', 'network_id': '434da722-0c4a-4cf9-87e6-0c56a6cfb3f7', 'ip_version': 4, 'subnetpool_id': None, 'enable_dhcp': True, 'ipv6_ra_mode': None, 'ipv6_address_mode': None, 'gateway_ip': '192.168.128.1', 'cidr': '192.168.128.0/28', 'allocation_pools': [{'start': '192.168.128.2', 'end': '192.168.128.14'}], 'host_routes': [], 'dns_nameservers': [], 'description': '', 'router:external': False, 'service_types': [], 'tags': [], 'created_at': '2024-08-16T16:50:15Z', 'updated_at': '2024-08-16T16:50:15Z', 'revision_number': 0, 'project_id': '9a972c48230043a597a24e47be71c252'}, Router: {'id': 'd8bc11b7-717c-4ce8-958a-859ba0afa164', 'name': 'tempest-ServerActionsV293TestJSON-775971296-router', 'tenant_id': '9a972c48230043a597a24e47be71c252', 'admin_state_up': True, 'status': 'ACTIVE', 'external_gateway_info': {'network_id': '8976412b-f591-48d7-a5ec-f7d21aac41da', 'external_fixed_ips': [{'subnet_id': '235e9675-7025-483d-9f4d-798c3782004c', 'ip_address': '10.180.180.184'}], 'enable_snat': True}, 'description': '', 'availability_zones': [], 'distributed': False, 'ha': False, 'availability_zone_hints': [], 'routes': [], 'flavor_id': None, 'tags': [], 'created_at': '2024-08-16T16:50:16Z', 'updated_at': '2024-08-16T16:50:16Z', 'revision_number': 2, 'project_id': '9a972c48230043a597a24e47be71c252'}
2024-08-16 16:50:19.931 62175 INFO tempest.lib.common.rest_client [req-43c85066-610c-48e4-8d33-eff287d740cb req-43c85066-610c-48e4-8d33-eff287d740cb ] Request (ServicesAdminTestJSON:tearDownClass): 200 GET http://10.180.1.21:9696/networking/v2.0/security-groups?tenant_id=0fdaf58f3d514c219b35c251bd08d205&name=default 0.438s
2024-08-16 16:50:19.965 62136 INFO tempest.lib.common.rest_client [req-ea7a7244-3209-4838-a2d1-4ef423c25c4a req-ea7a7244-3209-4838-a2d1-4ef423c25c4a ] Request (AttachVolumeShelveTestJSON:test_attach_volume_shelved_or_offload_server): 200 GET http://10.180.1.21/compute/v2.1/servers/8543497e-8f92-4cc0-9352-4edaa9f16dfb 1.570s
2024-08-16 16:50:20.024 62124 INFO tempest.lib.common.rest_client [req-cbab5743-1d22-4af0-8a12-e3cd520efb2b req-cbab5743-1d22-4af0-8a12-e3cd520efb2b ] Request (ServerActionsV293TestJSON:setUpClass): 201 POST http://10.180.1.21/identity/v3/auth/tokens 0.098s
2024-08-16 16:50:20.168 62154 INFO tempest.lib.common.rest_client [req-f35028a2-2e86-4126-b186-71c8b14302c7 req-f35028a2-2e86-4126-b186-71c8b14302c7 ] Request (AttachInterfacesTestJSON:test_create_list_show_delete_interfaces_by_fixed_ip): 200 GET http://10.180.1.21/compute/v2.1/servers/2a7e4575-b223-4f04-b424-87e78e329c1c 1.689s
2024-08-16 16:50:20.201 62175 INFO tempest.lib.common.rest_client [req-e553a614-90ed-4810-b17d-4a39d8624ba9 req-e553a614-90ed-4810-b17d-4a39d8624ba9 ] Request (ServicesAdminTestJSON:tearDownClass): 204 DELETE http://10.180.1.21:9696/networking/v2.0/security-groups/f2f0be06-1711-4a83-b520-fafbecbd4ef5 0.270s
2024-08-16 16:50:20.264 62175 INFO tempest.lib.common.rest_client [req-f1d699b0-ce76-4e4c-b6c9-d319928d8cf1 req-f1d699b0-ce76-4e4c-b6c9-d319928d8cf1 ] Request (ServicesAdminTestJSON:tearDownClass): 204 DELETE http://10.180.1.21/identity/v3/projects/0fdaf58f3d514c219b35c251bd08d205 0.062s
2024-08-16 16:50:20.264 62175 INFO tempest.lib.common.dynamic_creds [-] Deleting project and security group for project: 336acb232b6244df91ba83f0529930c9
2024-08-16 16:50:20.378 62122 INFO tempest.lib.common.rest_client [req-20298679-8e74-4e9f-8519-14f9faa6b37b req-20298679-8e74-4e9f-8519-14f9faa6b37b ] Request (SecurityGroupRulesTestJSON:tearDownClass): 404 DELETE http://10.180.1.21/compute/v2.1/os-security-groups/2e4f9f6b-9599-4a34-95f4-d4179ebf9931 1.690s
2024-08-16 16:50:20.388 62175 INFO tempest.lib.common.rest_client [req-5a5d9ac3-0dc7-4140-a43d-82006d0ea375 req-5a5d9ac3-0dc7-4140-a43d-82006d0ea375 ] Request (ServicesAdminTestJSON:tearDownClass): 200 GET http://10.180.1.21:9696/networking/v2.0/security-groups?tenant_id=336acb232b6244df91ba83f0529930c9&name=default 0.124s
2024-08-16 16:50:20.497 62163 INFO tempest.lib.common.rest_client [req-1e2a11fe-25ba-4d42-a54b-af6a55baeda8 req-1e2a11fe-25ba-4d42-a54b-af6a55baeda8 ] Request (MultipleCreateTestJSON:test_multiple_create): 200 GET http://10.180.1.21/compute/v2.1/servers/65c75b7a-3d52-4a60-ab30-c82ca09671f2 1.763s
2024-08-16 16:50:20.545 62175 INFO tempest.lib.common.rest_client [req-9f9d24b5-3207-47d9-a465-ada4206a4f91 req-9f9d24b5-3207-47d9-a465-ada4206a4f91 ] Request (ServicesAdminTestJSON:tearDownClass): 204 DELETE http://10.180.1.21:9696/networking/v2.0/security-groups/0b7c4a07-2a5b-4f7a-8a8c-3d49bf1085a9 0.156s
2024-08-16 16:50:20.632 62151 INFO tempest.lib.common.rest_client [req-6ff71049-5cc7-4908-889e-7b0b66652b07 req-6ff71049-5cc7-4908-889e-7b0b66652b07 ] Request (ServerMetadataNegativeTestJSON:setUpClass): 200 GET http://10.180.1.21/compute/v2.1/servers/de1e9eee-2519-4450-bff6-c7b371bf8411 1.807s
2024-08-16 16:50:20.685 62149 INFO tempest.lib.common.rest_client [req-f8628289-1430-43dd-9ecb-694685a0345e req-f8628289-1430-43dd-9ecb-694685a0345e ] Request (FloatingIPDetailsTestJSON:tearDownClass): 202 DELETE http://10.180.1.21/compute/v2.1/os-floating-ips/d5fd5058-93b5-4415-9fdb-5e206ea63bd1 2.319s
2024-08-16 16:50:20.696 62175 INFO tempest.lib.common.rest_client [req-ec0d6855-213e-4a5a-9370-c600ef3e35fe req-ec0d6855-213e-4a5a-9370-c600ef3e35fe ] Request (ServicesAdminTestJSON:tearDownClass): 204 DELETE http://10.180.1.21/identity/v3/projects/336acb232b6244df91ba83f0529930c9 0.150s
2024-08-16 16:50:20.759 62128 INFO tempest.lib.common.rest_client [req-8aaeea43-af16-4879-9cd6-bf827ff3389a req-8aaeea43-af16-4879-9cd6-bf827ff3389a ] Request (ListImageFiltersTestJSON:setUpClass): 200 GET http://10.180.1.21/compute/v2.1/servers/ddfc5651-45df-4ffe-8ce3-73c0a1970a03 1.850s
2024-08-16 16:50:20.768 62142 INFO tempest.lib.common.rest_client [req-2d251b6e-9068-4ad6-80ff-5dfb6acc37ac req-2d251b6e-9068-4ad6-80ff-5dfb6acc37ac ] Request (QuotasTestJSON:test_get_quotas): 200 GET http://10.180.1.21/compute/v2.1/os-quota-sets/5e711ad15e624d50b03d239e01d7b840 1.900s
2024-08-16 16:50:20.815 62175 INFO tempest.lib.common.rest_client [req-c786b628-fb33-4044-a80b-225d1c92b8a5 req-c786b628-fb33-4044-a80b-225d1c92b8a5 ] Request (ImagesOneServerTestJSON:setUpClass): 201 POST http://10.180.1.21/identity/v3/auth/tokens 0.118s
2024-08-16 16:50:20.851 62175 INFO tempest.lib.common.rest_client [req-edc35f41-c192-4d8e-b969-adf99bb9a2dc req-edc35f41-c192-4d8e-b969-adf99bb9a2dc ] Request (ImagesOneServerTestJSON:setUpClass): 201 POST http://10.180.1.21/identity/v3/auth/tokens 0.034s
2024-08-16 16:50:20.854 62119 INFO tempest.lib.common.rest_client [req-ad8b65cb-b9af-4baf-a4ff-da16b59162c2 req-ad8b65cb-b9af-4baf-a4ff-da16b59162c2 ] Request (InstanceActionsTestJSON:setUpClass): 200 GET http://10.180.1.21/compute/v2.1/servers/9eca5b16-5b17-4c65-b7eb-5c76cc403327 1.857s
2024-08-16 16:50:20.887 62175 INFO tempest.lib.common.rest_client [req-b569f41d-0364-4ac8-9de2-e180dc287e4b req-b569f41d-0364-4ac8-9de2-e180dc287e4b ] Request (ImagesOneServerTestJSON:setUpClass): 200 GET http://10.180.1.21/identity/v3/domains?name=Default 0.035s
2024-08-16 16:50:20.924 62175 INFO tempest.lib.common.rest_client [req-375d6d80-b0de-4c04-bd00-4afa1e7d30b3 req-375d6d80-b0de-4c04-bd00-4afa1e7d30b3 ] Request (ImagesOneServerTestJSON:setUpClass): 201 POST http://10.180.1.21/identity/v3/projects 0.037s
2024-08-16 16:50:20.946 62145 INFO tempest.lib.common.rest_client [req-1a321046-5c2c-44f0-ab39-e11521329cfa req-1a321046-5c2c-44f0-ab39-e11521329cfa ] Request (ImagesTestJSON:test_create_image_from_suspended_server): 200 GET http://10.180.1.21/compute/v2.1/servers/7ccc243f-33c2-4ddb-b37d-a04658d91516 1.773s
2024-08-16 16:50:21.016 62175 INFO tempest.lib.common.rest_client [req-4543c984-412c-4ace-87fa-666d97c67264 req-4543c984-412c-4ace-87fa-666d97c67264 ] Request (ImagesOneServerTestJSON:setUpClass): 201 POST http://10.180.1.21/identity/v3/users 0.091s
2024-08-16 16:50:21.030 62159 INFO tempest.lib.common.rest_client [req-b0cb91d7-188f-4515-a5ea-b53291667e70 req-b0cb91d7-188f-4515-a5ea-b53291667e70 ] Request (InstanceActionsV221TestJSON:setUpClass): 200 PUT http://10.180.1.21:9696/networking/v2.0/routers/c5679065-43cd-46b4-adb9-5895102447f9/add_router_interface 1.480s
2024-08-16 16:50:21.030 62159 INFO tempest.lib.common.dynamic_creds [-] Created isolated network resources for: credentials: Credentials: {'domain_id': 'default', 'domain_name': 'Default', 'username': 'tempest-InstanceActionsV221TestJSON-1685624794-project-member', 'project_domain_id': 'default', 'project_domain_name': 'Default', 'project_id': '9e1597a0ce614392840b8de3c5b97a6f', 'project_name': 'tempest-InstanceActionsV221TestJSON-1685624794', 'tenant_id': '9e1597a0ce614392840b8de3c5b97a6f', 'tenant_name': 'tempest-InstanceActionsV221TestJSON-1685624794', 'user_domain_id': 'default', 'user_domain_name': 'Default', 'user_id': '8217919492dd4ddbb98ed752939bccc5', 'system': None}, Network: {'id': 'f6fbc307-ade9-4c92-89c8-1e33285154ae', 'name': 'tempest-InstanceActionsV221TestJSON-178144725-network', 'tenant_id': '9e1597a0ce614392840b8de3c5b97a6f', 'admin_state_up': True, 'mtu': 8950, 'status': 'ACTIVE', 'subnets': [], 'shared': False, 'project_id': '9e1597a0ce614392840b8de3c5b97a6f', 'port_security_enabled': True, 'router:external': False, 'provider:network_type': 'vlan', 'provider:physical_network': 'default', 'provider:segmentation_id': 418, 'is_default': False, 'availability_zone_hints': [], 'availability_zones': [], 'ipv4_address_scope': None, 'ipv6_address_scope': None, 'description': '', 'tags': [], 'created_at': '2024-08-16T16:50:18Z', 'updated_at': '2024-08-16T16:50:18Z', 'revision_number': 1}, Subnet: {'id': 'd30abf83-bc36-4fe7-91c4-7932b2e759ac', 'name': 'tempest-InstanceActionsV221TestJSON-178144725-subnet', 'tenant_id': '9e1597a0ce614392840b8de3c5b97a6f', 'network_id': 'f6fbc307-ade9-4c92-89c8-1e33285154ae', 'ip_version': 4, 'subnetpool_id': None, 'enable_dhcp': True, 'ipv6_ra_mode': None, 'ipv6_address_mode': None, 'gateway_ip': '192.168.128.1', 'cidr': '192.168.128.0/28', 'allocation_pools': [{'start': '192.168.128.2', 'end': '192.168.128.14'}], 'host_routes': [], 'dns_nameservers': [], 'description': '', 'router:external': False, 'service_types': [], 'tags': [], 'created_at': '2024-08-16T16:50:18Z', 'updated_at': '2024-08-16T16:50:18Z', 'revision_number': 0, 'project_id': '9e1597a0ce614392840b8de3c5b97a6f'}, Router: {'id': 'c5679065-43cd-46b4-adb9-5895102447f9', 'name': 'tempest-InstanceActionsV221TestJSON-178144725-router', 'tenant_id': '9e1597a0ce614392840b8de3c5b97a6f', 'admin_state_up': True, 'status': 'ACTIVE', 'external_gateway_info': {'network_id': '8976412b-f591-48d7-a5ec-f7d21aac41da', 'external_fixed_ips': [{'subnet_id': '235e9675-7025-483d-9f4d-798c3782004c', 'ip_address': '10.180.180.251'}], 'enable_snat': True}, 'description': '', 'availability_zones': [], 'distributed': False, 'ha': False, 'availability_zone_hints': [], 'routes': [], 'flavor_id': None, 'tags': [], 'created_at': '2024-08-16T16:50:18Z', 'updated_at': '2024-08-16T16:50:19Z', 'revision_number': 2, 'project_id': '9e1597a0ce614392840b8de3c5b97a6f'}
2024-08-16 16:50:21.044 62175 INFO tempest.lib.common.rest_client [req-c8a451bd-d3f2-4792-91cd-fb3c0b7fbd2b req-c8a451bd-d3f2-4792-91cd-fb3c0b7fbd2b ] Request (ImagesOneServerTestJSON:setUpClass): 200 GET http://10.180.1.21/identity/v3/roles 0.027s
2024-08-16 16:50:21.080 62175 INFO tempest.lib.common.rest_client [req-3d12c9d2-c172-4743-a6f4-ed47a41519de req-3d12c9d2-c172-4743-a6f4-ed47a41519de ] Request (ImagesOneServerTestJSON:setUpClass): 204 PUT http://10.180.1.21/identity/v3/projects/5bfb2197722f445e965e6972a68d7578/users/278b9e276dc54f3793e7c86441b1ae78/roles/0cd6c1b33e7f47f69453bcc008ea86a6 0.036s
2024-08-16 16:50:21.080 62175 INFO tempest.lib.common.dynamic_creds [-] Dynamic test user 278b9e276dc54f3793e7c86441b1ae78 is created with scope project and roles: ['member']
2024-08-16 16:50:21.081 62175 INFO tempest.lib.common.dynamic_creds [-] Acquired dynamic creds: credentials: Credentials: {'domain_id': 'default', 'domain_name': 'Default', 'username': 'tempest-ImagesOneServerTestJSON-220982989-project-member', 'project_domain_id': 'default', 'project_domain_name': 'Default', 'project_id': '5bfb2197722f445e965e6972a68d7578', 'project_name': 'tempest-ImagesOneServerTestJSON-220982989', 'tenant_id': '5bfb2197722f445e965e6972a68d7578', 'tenant_name': 'tempest-ImagesOneServerTestJSON-220982989', 'user_domain_id': 'default', 'user_domain_name': 'Default', 'user_id': '278b9e276dc54f3793e7c86441b1ae78', 'system': None}, Network: None, Subnet: None, Router: None
2024-08-16 16:50:21.139 62159 INFO tempest.lib.common.rest_client [req-bf1ac363-9dc3-4134-9752-3c0f0acde458 req-bf1ac363-9dc3-4134-9752-3c0f0acde458 ] Request (InstanceActionsV221TestJSON:setUpClass): 201 POST http://10.180.1.21/identity/v3/auth/tokens 0.106s
2024-08-16 16:50:21.157 62175 INFO tempest.lib.common.rest_client [req-bbd18bcd-e16f-4bfc-889a-e42d1174ae2d req-bbd18bcd-e16f-4bfc-889a-e42d1174ae2d ] Request (ImagesOneServerTestJSON:setUpClass): 201 POST http://10.180.1.21/identity/v3/auth/tokens 0.076s
2024-08-16 16:50:21.212 62171 INFO tempest.lib.common.rest_client [req-57c788d5-ce33-4eb9-9e7b-285523411bd0 req-57c788d5-ce33-4eb9-9e7b-285523411bd0 ] Request (ServersWithSpecificFlavorTestJSON:test_verify_created_server_ephemeral_disk): 204 DELETE http://10.180.1.21/compute/v2.1/servers/a733fdbc-cbea-4406-9ce6-8f33d36ed824 1.908s
2024-08-16 16:50:21.236 62159 INFO tempest.lib.common.rest_client [req-b7d00606-b539-4cb4-9207-6fc79734b98e req-b7d00606-b539-4cb4-9207-6fc79734b98e ] Request (InstanceActionsV221TestJSON:test_get_list_deleted_instance_actions): 201 POST http://10.180.1.21/identity/v3/auth/tokens 0.092s
2024-08-16 16:50:21.236 62159 INFO tempest.lib.common.fixed_network [-] (InstanceActionsV221TestJSON:test_get_list_deleted_instance_actions) Found network {'id': 'f6fbc307-ade9-4c92-89c8-1e33285154ae', 'name': 'tempest-InstanceActionsV221TestJSON-178144725-network', 'tenant_id': '9e1597a0ce614392840b8de3c5b97a6f', 'admin_state_up': True, 'mtu': 8950, 'status': 'ACTIVE', 'subnets': [], 'shared': False, 'project_id': '9e1597a0ce614392840b8de3c5b97a6f', 'port_security_enabled': True, 'router:external': False, 'provider:network_type': 'vlan', 'provider:physical_network': 'default', 'provider:segmentation_id': 418, 'is_default': False, 'availability_zone_hints': [], 'availability_zones': [], 'ipv4_address_scope': None, 'ipv6_address_scope': None, 'description': '', 'tags': [], 'created_at': '2024-08-16T16:50:18Z', 'updated_at': '2024-08-16T16:50:18Z', 'revision_number': 1} available for tenant
