2024-08-16 16:50:58.055 62106 INFO tempest.lib.common.rest_client [req-9dcbd008-d589-4263-83cc-daba52d63cda req-9dcbd008-d589-4263-83cc-daba52d63cda ] Request (AttachInterfacesUnderV243Test:test_add_remove_fixed_ip): 200 GET http://10.180.1.21/compute/v2.1/servers/c48d467c-d006-4d41-8c33-38cd89097fbb 0.236s
2024-08-16 16:50:58.070 62128 INFO tempest.lib.common.rest_client [req-0d242912-4fcf-4674-ba00-4e47107dddde req-0d242912-4fcf-4674-ba00-4e47107dddde ] Request (ListImageFiltersTestJSON:tearDownClass): 204 DELETE http://10.180.1.21/identity/v3/users/50295364c47548cd9497892a4b34fb8f 0.074s
2024-08-16 16:50:58.070 62128 INFO tempest.lib.common.dynamic_creds [-] Deleting project and security group for project: 38b7724512054bfb96771a9ac8953141
2024-08-16 16:50:58.091 62121 INFO tempest.lib.common.rest_client [req-8605ae2e-0d0c-49d3-af6a-7b0b790ebbc7 req-8605ae2e-0d0c-49d3-af6a-7b0b790ebbc7 ] Request (AttachInterfacesV270Test:test_create_get_list_interfaces): 200 GET http://10.180.1.21/compute/v2.1/servers/619999ff-161e-4891-b6bb-23f071079384 0.203s
2024-08-16 16:50:58.099 62134 INFO tempest.lib.common.rest_client [req-7c27d2ee-5047-4753-a0e3-4ac4e21e0f89 req-7c27d2ee-5047-4753-a0e3-4ac4e21e0f89 ] Request (ServersTestJSON:test_create_server_specify_multibyte_character_name): 200 GET http://10.180.1.21/compute/v2.1/servers/a4e9e903-e0cf-4161-b98a-2fcc549a7cbe 0.182s
2024-08-16 16:50:58.128 62128 INFO tempest.lib.common.rest_client [req-4511a2a0-a2ce-4d57-b66c-ed089eaca95f req-4511a2a0-a2ce-4d57-b66c-ed089eaca95f ] Request (ListImageFiltersTestJSON:tearDownClass): 201 POST http://10.180.1.21/identity/v3/auth/tokens 0.057s
2024-08-16 16:50:58.134 62158 INFO tempest.lib.common.rest_client [req-acb2f902-ff17-4ecf-8d82-923cb4786177 req-acb2f902-ff17-4ecf-8d82-923cb4786177 ] Request (ServerDiskConfigTestJSON:test_rebuild_server_with_auto_disk_config): 200 GET http://10.180.1.21/compute/v2.1/servers/cc0f426b-53e0-4d2d-9d21-ee5580b4e773 0.145s
2024-08-16 16:50:58.146 62138 INFO tempest.lib.common.rest_client [req-03f94f8c-4fce-4448-92b3-3f4385b2aeff req-03f94f8c-4fce-4448-92b3-3f4385b2aeff ] Request (ServersTestManualDisk:setUpClass): 200 GET http://10.180.1.21/compute/v2.1/servers/fdda4317-bb73-49ef-bcb0-0165fb48128a 0.068s
2024-08-16 16:50:58.184 62165 INFO tempest.lib.common.rest_client [req-f011cf84-7928-48bb-965f-fd1fa78051b3 req-f011cf84-7928-48bb-965f-fd1fa78051b3 ] Request (ServersNegativeTestMultiTenantJSON:setUpClass): 200 GET http://10.180.1.21/compute/v2.1/servers/afcf7343-1b06-4f77-b78f-3fffc7f680a4 0.052s
2024-08-16 16:50:58.224 62128 INFO tempest.lib.common.rest_client [req-598d1952-9366-4090-9a74-9a19550ad631 req-598d1952-9366-4090-9a74-9a19550ad631 ] Request (ListImageFiltersTestJSON:tearDownClass): 200 GET http://10.180.1.21:9696/networking/v2.0/security-groups?tenant_id=38b7724512054bfb96771a9ac8953141&name=default 0.096s
2024-08-16 16:50:58.229 62151 INFO tempest.lib.common.rest_client [req-f87ffd30-a5f7-4a65-a175-b08cb715391a req-f87ffd30-a5f7-4a65-a175-b08cb715391a ] Request (ServerMetadataNegativeTestJSON:setUpClass): 200 GET http://10.180.1.21/compute/v2.1/servers/de1e9eee-2519-4450-bff6-c7b371bf8411 0.046s
2024-08-16 16:50:58.289 62148 INFO tempest.lib.common.rest_client [req-9a7d11d7-e8ec-471f-9a27-378c45427a24 req-9a7d11d7-e8ec-471f-9a27-378c45427a24 ] Request (ServersAdminTestJSON:setUpClass): 200 GET http://10.180.1.21/compute/v2.1/servers/274affb8-ab59-442b-88aa-be6bae9907bf 0.045s
2024-08-16 16:50:58.329 62128 INFO tempest.lib.common.rest_client [req-998c2dde-1e0c-415e-addd-0007ad7b7036 req-998c2dde-1e0c-415e-addd-0007ad7b7036 ] Request (ListImageFiltersTestJSON:tearDownClass): 204 DELETE http://10.180.1.21:9696/networking/v2.0/security-groups/3367dba6-5190-4545-a325-4f15ac831fe2 0.104s
2024-08-16 16:50:58.340 62108 INFO tempest.lib.common.rest_client [req-6089adcb-1390-47e3-b83d-0d799a966196 req-6089adcb-1390-47e3-b83d-0d799a966196 ] Request (ServerShowV257Test:test_rebuild_server): 200 GET http://10.180.1.21/compute/v2.1/servers/2cc6c123-a6ad-4cc0-9346-418815b45c46 0.057s
2024-08-16 16:50:58.352 62130 INFO tempest.lib.common.rest_client [req-96acef3d-3ab9-407c-8d62-120773826a30 req-96acef3d-3ab9-407c-8d62-120773826a30 ] Request (ServerAddressesNegativeTestJSON:setUpClass): 200 GET http://10.180.1.21/compute/v2.1/servers/008136fb-2cfd-4971-a4c1-568a1f0a835b 0.054s
2024-08-16 16:50:58.391 62128 INFO tempest.lib.common.rest_client [req-4d56eb34-d180-4716-bf60-78808122e3d6 req-4d56eb34-d180-4716-bf60-78808122e3d6 ] Request (ListImageFiltersTestJSON:tearDownClass): 204 DELETE http://10.180.1.21/identity/v3/projects/38b7724512054bfb96771a9ac8953141 0.062s
2024-08-16 16:50:58.402 62112 INFO tempest.lib.common.rest_client [req-851668b4-72b5-4dc9-8569-f883afd7a252 req-851668b4-72b5-4dc9-8569-f883afd7a252 ] Request (AttachVolumeTestJSON:test_attach_detach_volume): 200 GET http://10.180.1.21/compute/v2.1/servers/fb589280-30a7-41a1-b0d9-105595ba88d9 0.048s
2024-08-16 16:50:58.446 62128 INFO tempest.lib.common.rest_client [req-747395d2-92ec-447a-be17-b99e5432584e req-747395d2-92ec-447a-be17-b99e5432584e ] Request (AZV2TestJSON:setUpClass): 201 POST http://10.180.1.21/identity/v3/auth/tokens 0.050s
2024-08-16 16:50:58.456 62104 INFO tempest.lib.common.rest_client [req-4977784e-4a16-48ee-953c-36641c185b4a req-4977784e-4a16-48ee-953c-36641c185b4a ] Request (VolumesAdminNegativeTest:test_update_attached_volume_with_nonexistent_volume_in_body): 200 GET http://10.180.1.21/compute/v2.1/servers/e2063b08-1037-47ca-a33f-337a832f963d 0.043s
2024-08-16 16:50:58.463 62104 INFO tempest.common.waiters [-] State transition "BUILD/scheduling" ==> "BUILD/None" after 59 second wait
2024-08-16 16:50:58.474 62128 INFO tempest.lib.common.rest_client [req-b915a71c-48a0-43e9-b7dc-aa1ddd01ad12 req-b915a71c-48a0-43e9-b7dc-aa1ddd01ad12 ] Request (AZV2TestJSON:setUpClass): 201 POST http://10.180.1.21/identity/v3/auth/tokens 0.026s
2024-08-16 16:50:58.492 62128 INFO tempest.lib.common.rest_client [req-08aa2b92-0863-43be-9542-521b834113eb req-08aa2b92-0863-43be-9542-521b834113eb ] Request (AZV2TestJSON:setUpClass): 200 GET http://10.180.1.21/identity/v3/domains?name=Default 0.018s
2024-08-16 16:50:58.505 62175 INFO tempest.lib.common.rest_client [req-bf1798e5-af0d-4a6c-9144-ec6ae58fd99c req-bf1798e5-af0d-4a6c-9144-ec6ae58fd99c ] Request (ImagesOneServerTestJSON:setUpClass): 200 GET http://10.180.1.21/compute/v2.1/servers/ea416909-2d8e-4c31-8479-b3b05ac8a724 0.047s
2024-08-16 16:50:58.516 62128 INFO tempest.lib.common.rest_client [req-358dd434-ca97-44a3-88fd-54f4e3fff017 req-358dd434-ca97-44a3-88fd-54f4e3fff017 ] Request (AZV2TestJSON:setUpClass): 201 POST http://10.180.1.21/identity/v3/projects 0.023s
2024-08-16 16:50:58.552 62171 INFO tempest.lib.common.rest_client [req-54fbd978-b224-449a-933f-9d8bb0a6be81 req-54fbd978-b224-449a-933f-9d8bb0a6be81 ] Request (DeleteServersAdminTestJSON:test_admin_delete_servers_of_others): 200 GET http://10.180.1.21/compute/v2.1/servers/f9505277-db46-426e-9f90-74a9858b4018 0.051s
2024-08-16 16:50:58.565 62128 INFO tempest.lib.common.rest_client [req-15e97797-0c9d-4be1-acf4-e78aa3273e7d req-15e97797-0c9d-4be1-acf4-e78aa3273e7d ] Request (AZV2TestJSON:setUpClass): 201 POST http://10.180.1.21/identity/v3/users 0.049s
2024-08-16 16:50:58.581 62128 INFO tempest.lib.common.rest_client [req-a552d13f-3b53-4c09-a77c-fe54d9804245 req-a552d13f-3b53-4c09-a77c-fe54d9804245 ] Request (AZV2TestJSON:setUpClass): 200 GET http://10.180.1.21/identity/v3/roles 0.016s
2024-08-16 16:50:58.595 62110 INFO tempest.lib.common.rest_client [req-1f1932e8-4478-43e4-91bc-1629078b2b96 req-1f1932e8-4478-43e4-91bc-1629078b2b96 ] Request (ImagesNegativeTestJSON:test_create_image_from_deleted_server): 200 GET http://10.180.1.21/compute/v2.1/servers/04e30823-a425-44fa-aec0-e0791e558ea8 0.047s
2024-08-16 16:50:58.606 62163 INFO tempest.lib.common.rest_client [req-c555d5ee-989a-4002-880c-451a14386e6a req-c555d5ee-989a-4002-880c-451a14386e6a ] Request (MultipleCreateTestJSON:test_multiple_create_with_reservation_return): 200 GET http://10.180.1.21/compute/v2.1/servers/1a91031e-5494-4dd0-8a2c-468df229ab23 0.053s
2024-08-16 16:50:58.610 62128 INFO tempest.lib.common.rest_client [req-aee602c2-98f3-4336-b619-953b47d57c2b req-aee602c2-98f3-4336-b619-953b47d57c2b ] Request (AZV2TestJSON:setUpClass): 204 PUT http://10.180.1.21/identity/v3/projects/b985604429d84a63b5aaeb4f2e4ec73b/users/73a7e510cfff444ab5da9e2e3149a244/roles/0cd6c1b33e7f47f69453bcc008ea86a6 0.028s
2024-08-16 16:50:58.610 62128 INFO tempest.lib.common.dynamic_creds [-] Dynamic test user 73a7e510cfff444ab5da9e2e3149a244 is created with scope project and roles: ['member']
2024-08-16 16:50:58.610 62128 INFO tempest.lib.common.dynamic_creds [-] Acquired dynamic creds: credentials: Credentials: {'domain_id': 'default', 'domain_name': 'Default', 'username': 'tempest-AZV2TestJSON-633848724-project-member', 'project_domain_id': 'default', 'project_domain_name': 'Default', 'project_id': 'b985604429d84a63b5aaeb4f2e4ec73b', 'project_name': 'tempest-AZV2TestJSON-633848724', 'tenant_id': 'b985604429d84a63b5aaeb4f2e4ec73b', 'tenant_name': 'tempest-AZV2TestJSON-633848724', 'user_domain_id': 'default', 'user_domain_name': 'Default', 'user_id': '73a7e510cfff444ab5da9e2e3149a244', 'system': None}, Network: None, Subnet: None, Router: None
2024-08-16 16:50:58.610 62128 INFO tempest.lib.common.dynamic_creds [-] Created isolated network resources for: credentials: Credentials: {'domain_id': 'default', 'domain_name': 'Default', 'username': 'tempest-AZV2TestJSON-633848724-project-member', 'project_domain_id': 'default', 'project_domain_name': 'Default', 'project_id': 'b985604429d84a63b5aaeb4f2e4ec73b', 'project_name': 'tempest-AZV2TestJSON-633848724', 'tenant_id': 'b985604429d84a63b5aaeb4f2e4ec73b', 'tenant_name': 'tempest-AZV2TestJSON-633848724', 'user_domain_id': 'default', 'user_domain_name': 'Default', 'user_id': '73a7e510cfff444ab5da9e2e3149a244', 'system': None}, Network: None, Subnet: None, Router: None
2024-08-16 16:50:58.649 62167 INFO tempest.lib.common.rest_client [req-8f3e7a46-996d-46ae-8add-46ee63e5ea83 req-8f3e7a46-996d-46ae-8add-46ee63e5ea83 ] Request (ListServersNegativeTestJSON:setUpClass): 200 GET http://10.180.1.21/compute/v2.1/servers/9298adc3-97f6-4097-9c56-abdd3b429a09 0.047s
2024-08-16 16:50:58.662 62126 INFO tempest.lib.common.rest_client [req-1805b2b6-311f-42e5-9dc8-62e0c943274c req-1805b2b6-311f-42e5-9dc8-62e0c943274c ] Request (ServersTestJSON:setUpClass): 200 GET http://10.180.1.21/compute/v2.1/servers/e96d1097-561e-4b21-bf1b-906f1b705aa3 0.049s
2024-08-16 16:50:58.675 62128 INFO tempest.lib.common.rest_client [req-a176af07-2e04-4c53-b6bb-5d6d794b6f4a req-a176af07-2e04-4c53-b6bb-5d6d794b6f4a ] Request (AZV2TestJSON:setUpClass): 201 POST http://10.180.1.21/identity/v3/auth/tokens 0.061s
2024-08-16 16:50:58.692 62116 INFO tempest.lib.common.rest_client [req-f5242638-743f-4278-ab9a-7f405d335ae7 req-f5242638-743f-4278-ab9a-7f405d335ae7 ] Request (SecurityGroupsTestJSON:test_server_security_groups): 200 GET http://10.180.1.21/compute/v2.1/servers/3f8d6b83-fee3-4902-bd4c-567162871e0a 0.047s
2024-08-16 16:50:58.705 62119 INFO tempest.lib.common.rest_client [req-6063e1f3-4413-4cdb-bfb6-43a9c668096e req-6063e1f3-4413-4cdb-bfb6-43a9c668096e ] Request (ServerRescueTestJSONUnderV235:setUpClass): 200 GET http://10.180.1.21/compute/v2.1/servers/0836e6f0-f769-4820-9d32-eac4669e8159 0.048s
2024-08-16 16:50:58.745 62140 INFO tempest.lib.common.rest_client [req-50c309ca-a706-4e83-a34a-5ff113045c22 req-50c309ca-a706-4e83-a34a-5ff113045c22 ] Request (ImagesOneServerNegativeTestJSON:setUpClass): 200 GET http://10.180.1.21/compute/v2.1/servers/3f47490d-d2a8-4b47-af50-ddcb14dd9af5 0.047s
2024-08-16 16:50:58.760 62128 INFO tempest.lib.common.rest_client [req-10d7831e-edaf-4a40-81d9-0b1b1b4b4072 req-10d7831e-edaf-4a40-81d9-0b1b1b4b4072 ] Request (AZV2TestJSON:test_get_availability_zone_list_with_non_admin_user): 200 GET http://10.180.1.21/compute/v2.1/os-availability-zone 0.084s
2024-08-16 16:50:58.788 62159 INFO tempest.lib.common.rest_client [req-2aa9c616-8ad1-4cd8-9667-693db2f9b285 req-2aa9c616-8ad1-4cd8-9667-693db2f9b285 ] Request (InstanceActionsV221TestJSON:test_get_list_deleted_instance_actions): 200 GET http://10.180.1.21/compute/v2.1/servers/ad896ee6-d48b-446a-87b3-7ca76403c39a 0.043s
2024-08-16 16:50:58.809 62136 INFO tempest.lib.common.rest_client [req-5959b7af-0c58-4344-ad26-ce5fadf43b3e req-5959b7af-0c58-4344-ad26-ce5fadf43b3e ] Request (AttachVolumeShelveTestJSON:test_attach_volume_shelved_or_offload_server): 200 GET http://10.180.1.21/compute/v2.1/servers/8543497e-8f92-4cc0-9352-4edaa9f16dfb 0.048s
2024-08-16 16:50:58.842 62128 INFO tempest.lib.common.rest_client [req-fddfddc8-b641-4ce9-86b5-f2da68c604fd req-fddfddc8-b641-4ce9-86b5-f2da68c604fd ] Request (AZV2TestJSON:tearDownClass): 204 DELETE http://10.180.1.21/identity/v3/users/73a7e510cfff444ab5da9e2e3149a244 0.079s
2024-08-16 16:50:58.843 62128 INFO tempest.lib.common.dynamic_creds [-] Deleting project and security group for project: b985604429d84a63b5aaeb4f2e4ec73b
2024-08-16 16:50:58.857 62124 INFO tempest.lib.common.rest_client [req-acf47305-3b5a-4b64-a5a5-b5a01ed92f3b req-acf47305-3b5a-4b64-a5a5-b5a01ed92f3b ] Request (ServerActionsV293TestJSON:setUpClass): 200 GET http://10.180.1.21/compute/v2.1/servers/3982b6d1-76a7-4359-a563-fd44c0009858 0.057s
2024-08-16 16:50:58.894 62114 INFO tempest.lib.common.rest_client [req-44ec3ed9-7f20-4e4b-9f37-dafc8a0b7ff9 req-44ec3ed9-7f20-4e4b-9f37-dafc8a0b7ff9 ] Request (ServersTestMultiNic:test_verify_duplicate_network_nics): 200 GET http://10.180.1.21/compute/v2.1/servers/a3205445-7632-43bb-87dd-6459b78d6609 0.048s
2024-08-16 16:50:58.904 62128 INFO tempest.lib.common.rest_client [req-30108a88-04a9-46c1-8009-706877efc850 req-30108a88-04a9-46c1-8009-706877efc850 ] Request (AZV2TestJSON:tearDownClass): 201 POST http://10.180.1.21/identity/v3/auth/tokens 0.061s
2024-08-16 16:50:58.973 62149 INFO tempest.lib.common.rest_client [req-fce9dc1b-d750-406f-8549-4fef4c328e6d req-fce9dc1b-d750-406f-8549-4fef4c328e6d ] Request (ListServerFiltersTestJSON:setUpClass): 200 GET http://10.180.1.21/compute/v2.1/servers/c9a0061e-d69e-4841-9be6-110913e5b174 0.060s
2024-08-16 16:50:58.996 62154 INFO tempest.lib.common.rest_client [req-bfc36cd0-3975-45ba-acda-f1064fd1851f req-bfc36cd0-3975-45ba-acda-f1064fd1851f ] Request (AttachInterfacesTestJSON:test_create_list_show_delete_interfaces_by_fixed_ip): 200 GET http://10.180.1.21/compute/v2.1/servers/2a7e4575-b223-4f04-b424-87e78e329c1c 0.051s
2024-08-16 16:50:59.066 62133 INFO tempest.lib.common.rest_client [req-7a2458e3-6fc4-4998-bf5b-7e420a5fc5c1 req-7a2458e3-6fc4-4998-bf5b-7e420a5fc5c1 ] Request (MigrationsAdminTest:test_resize_server_revert_deleted_flavor): 200 GET http://10.180.1.21/compute/v2.1/servers/97e6f555-d3b5-43ca-9ea9-7bd30ca918b2 0.080s
2024-08-16 16:50:59.105 62128 INFO tempest.lib.common.rest_client [req-005ca68e-236f-4728-952a-5b6dcbfe029f req-005ca68e-236f-4728-952a-5b6dcbfe029f ] Request (AZV2TestJSON:tearDownClass): 200 GET http://10.180.1.21:9696/networking/v2.0/security-groups?tenant_id=b985604429d84a63b5aaeb4f2e4ec73b&name=default 0.200s
2024-08-16 16:50:59.107 62145 INFO tempest.lib.common.rest_client [req-1ea2f462-70e6-4619-9326-f95bb9188519 req-1ea2f462-70e6-4619-9326-f95bb9188519 ] Request (ImagesTestJSON:test_create_image_from_suspended_server): 200 GET http://10.180.1.21/compute/v2.1/servers/7ccc243f-33c2-4ddb-b37d-a04658d91516 0.054s
2024-08-16 16:50:59.123 62106 INFO tempest.lib.common.rest_client [req-f013cd80-a998-49d7-a3b2-88f12df9ccbe req-f013cd80-a998-49d7-a3b2-88f12df9ccbe ] Request (AttachInterfacesUnderV243Test:test_add_remove_fixed_ip): 200 GET http://10.180.1.21/compute/v2.1/servers/c48d467c-d006-4d41-8c33-38cd89097fbb 0.060s
2024-08-16 16:50:59.158 62121 INFO tempest.lib.common.rest_client [req-cef5e46b-0443-4d1b-b447-2de1de3058cc req-cef5e46b-0443-4d1b-b447-2de1de3058cc ] Request (AttachInterfacesV270Test:test_create_get_list_interfaces): 200 GET http://10.180.1.21/compute/v2.1/servers/619999ff-161e-4891-b6bb-23f071079384 0.058s
2024-08-16 16:50:59.168 62134 INFO tempest.lib.common.rest_client [req-0a377021-e706-4106-bdae-7ebf4bd3dbb9 req-0a377021-e706-4106-bdae-7ebf4bd3dbb9 ] Request (ServersTestJSON:test_create_server_specify_multibyte_character_name): 200 GET http://10.180.1.21/compute/v2.1/servers/a4e9e903-e0cf-4161-b98a-2fcc549a7cbe 0.062s
2024-08-16 16:50:59.213 62128 INFO tempest.lib.common.rest_client [req-5ad2b89e-49a6-4a3f-82b6-07d84e10f04c req-5ad2b89e-49a6-4a3f-82b6-07d84e10f04c ] Request (AZV2TestJSON:tearDownClass): 204 DELETE http://10.180.1.21:9696/networking/v2.0/security-groups/bce0de3f-0340-469b-acff-d606d1ff7436 0.107s
2024-08-16 16:50:59.218 62158 INFO tempest.lib.common.rest_client [req-76cf925e-0cf3-4d80-ac67-2b7bf48de04e req-76cf925e-0cf3-4d80-ac67-2b7bf48de04e ] Request (ServerDiskConfigTestJSON:test_rebuild_server_with_auto_disk_config): 200 GET http://10.180.1.21/compute/v2.1/servers/cc0f426b-53e0-4d2d-9d21-ee5580b4e773 0.076s
2024-08-16 16:50:59.223 62138 INFO tempest.lib.common.rest_client [req-67719882-d2c5-4080-b500-251127a3a0a3 req-67719882-d2c5-4080-b500-251127a3a0a3 ] Request (ServersTestManualDisk:setUpClass): 200 GET http://10.180.1.21/compute/v2.1/servers/fdda4317-bb73-49ef-bcb0-0165fb48128a 0.071s
2024-08-16 16:50:59.262 62165 INFO tempest.lib.common.rest_client [req-f546038c-2467-4ced-a7da-42414fc6d728 req-f546038c-2467-4ced-a7da-42414fc6d728 ] Request (ServersNegativeTestMultiTenantJSON:setUpClass): 200 GET http://10.180.1.21/compute/v2.1/servers/afcf7343-1b06-4f77-b78f-3fffc7f680a4 0.071s
2024-08-16 16:50:59.271 62128 INFO tempest.lib.common.rest_client [req-e9d9b7ad-282e-4ab4-b0e2-f04fc2b0a321 req-e9d9b7ad-282e-4ab4-b0e2-f04fc2b0a321 ] Request (AZV2TestJSON:tearDownClass): 204 DELETE http://10.180.1.21/identity/v3/projects/b985604429d84a63b5aaeb4f2e4ec73b 0.058s
2024-08-16 16:50:59.280 62151 INFO tempest.lib.common.rest_client [req-6c38060b-47ab-400a-afdc-7c8c59b70629 req-6c38060b-47ab-400a-afdc-7c8c59b70629 ] Request (ServerMetadataNegativeTestJSON:setUpClass): 200 GET http://10.180.1.21/compute/v2.1/servers/de1e9eee-2519-4450-bff6-c7b371bf8411 0.044s
2024-08-16 16:50:59.337 62128 INFO tempest.lib.common.rest_client [req-052f8522-b3c0-43f2-a919-e73eb09d79e8 req-052f8522-b3c0-43f2-a919-e73eb09d79e8 ] Request (ServerPasswordTestJSON:setUpClass): 201 POST http://10.180.1.21/identity/v3/auth/tokens 0.064s
2024-08-16 16:50:59.345 62148 INFO tempest.lib.common.rest_client [req-535e1ff0-83c2-4036-9760-1df8ff831ae8 req-535e1ff0-83c2-4036-9760-1df8ff831ae8 ] Request (ServersAdminTestJSON:setUpClass): 200 GET http://10.180.1.21/compute/v2.1/servers/274affb8-ab59-442b-88aa-be6bae9907bf 0.049s
2024-08-16 16:50:59.373 62128 INFO tempest.lib.common.rest_client [req-543f5ead-975d-4c02-b8cf-0700767c37ba req-543f5ead-975d-4c02-b8cf-0700767c37ba ] Request (ServerPasswordTestJSON:setUpClass): 201 POST http://10.180.1.21/identity/v3/auth/tokens 0.034s
2024-08-16 16:50:59.398 62128 INFO tempest.lib.common.rest_client [req-2442ade0-44d9-4318-b7b0-7674539a4707 req-2442ade0-44d9-4318-b7b0-7674539a4707 ] Request (ServerPasswordTestJSON:setUpClass): 200 GET http://10.180.1.21/identity/v3/domains?name=Default 0.024s
2024-08-16 16:50:59.400 62108 INFO tempest.lib.common.rest_client [req-e1fdbf01-6458-40d7-bb10-1a312eae067f req-e1fdbf01-6458-40d7-bb10-1a312eae067f ] Request (ServerShowV257Test:test_rebuild_server): 200 GET http://10.180.1.21/compute/v2.1/servers/2cc6c123-a6ad-4cc0-9346-418815b45c46 0.051s
2024-08-16 16:50:59.414 62130 INFO tempest.lib.common.rest_client [req-abdc7807-ae42-4be7-98d7-d00cce63cc65 req-abdc7807-ae42-4be7-98d7-d00cce63cc65 ] Request (ServerAddressesNegativeTestJSON:setUpClass): 200 GET http://10.180.1.21/compute/v2.1/servers/008136fb-2cfd-4971-a4c1-568a1f0a835b 0.055s
2024-08-16 16:50:59.421 62128 INFO tempest.lib.common.rest_client [req-09ea4442-938a-4d7c-9bc4-df28601ddf09 req-09ea4442-938a-4d7c-9bc4-df28601ddf09 ] Request (ServerPasswordTestJSON:setUpClass): 201 POST http://10.180.1.21/identity/v3/projects 0.023s
2024-08-16 16:50:59.458 62112 INFO tempest.lib.common.rest_client [req-fffb982a-67d9-4ab4-bd61-7940e3f53b91 req-fffb982a-67d9-4ab4-bd61-7940e3f53b91 ] Request (AttachVolumeTestJSON:test_attach_detach_volume): 200 GET http://10.180.1.21/compute/v2.1/servers/fb589280-30a7-41a1-b0d9-105595ba88d9 0.049s
2024-08-16 16:50:59.492 62128 INFO tempest.lib.common.rest_client [req-ce7a6e53-de28-4b3d-9ec5-2669927772a6 req-ce7a6e53-de28-4b3d-9ec5-2669927772a6 ] Request (ServerPasswordTestJSON:setUpClass): 201 POST http://10.180.1.21/identity/v3/users 0.070s
2024-08-16 16:50:59.508 62128 INFO tempest.lib.common.rest_client [req-72f80131-1d22-46df-a34a-efdf6cf8d8ba req-72f80131-1d22-46df-a34a-efdf6cf8d8ba ] Request (ServerPasswordTestJSON:setUpClass): 200 GET http://10.180.1.21/identity/v3/roles 0.016s
2024-08-16 16:50:59.530 62104 INFO tempest.lib.common.rest_client [req-651cb2f9-0e12-4d12-8df3-5bf4f3d1bf3f req-651cb2f9-0e12-4d12-8df3-5bf4f3d1bf3f ] Request (VolumesAdminNegativeTest:test_update_attached_volume_with_nonexistent_volume_in_body): 200 GET http://10.180.1.21/compute/v2.1/servers/e2063b08-1037-47ca-a33f-337a832f963d 0.066s
2024-08-16 16:50:59.533 62128 INFO tempest.lib.common.rest_client [req-f630f976-9186-40bb-9978-db17d092154b req-f630f976-9186-40bb-9978-db17d092154b ] Request (ServerPasswordTestJSON:setUpClass): 204 PUT http://10.180.1.21/identity/v3/projects/3aaefa104d814741941edc27c17d5120/users/c66e5d3af7bd4ed3abe8098cd0a8ffd3/roles/0cd6c1b33e7f47f69453bcc008ea86a6 0.025s
2024-08-16 16:50:59.534 62128 INFO tempest.lib.common.dynamic_creds [-] Dynamic test user c66e5d3af7bd4ed3abe8098cd0a8ffd3 is created with scope project and roles: ['member']
2024-08-16 16:50:59.534 62128 INFO tempest.lib.common.dynamic_creds [-] Acquired dynamic creds: credentials: Credentials: {'domain_id': 'default', 'domain_name': 'Default', 'username': 'tempest-ServerPasswordTestJSON-1660926684-project-member', 'project_domain_id': 'default', 'project_domain_name': 'Default', 'project_id': '3aaefa104d814741941edc27c17d5120', 'project_name': 'tempest-ServerPasswordTestJSON-1660926684', 'tenant_id': '3aaefa104d814741941edc27c17d5120', 'tenant_name': 'tempest-ServerPasswordTestJSON-1660926684', 'user_domain_id': 'default', 'user_domain_name': 'Default', 'user_id': 'c66e5d3af7bd4ed3abe8098cd0a8ffd3', 'system': None}, Network: None, Subnet: None, Router: None
2024-08-16 16:50:59.562 62175 INFO tempest.lib.common.rest_client [req-01184324-229a-4bd4-9a39-277ca3068aa9 req-01184324-229a-4bd4-9a39-277ca3068aa9 ] Request (ImagesOneServerTestJSON:setUpClass): 200 GET http://10.180.1.21/compute/v2.1/servers/ea416909-2d8e-4c31-8479-b3b05ac8a724 0.049s
2024-08-16 16:50:59.587 62128 INFO tempest.lib.common.rest_client [req-4d8f4e5b-6970-47f1-8089-53bf66c71d88 req-4d8f4e5b-6970-47f1-8089-53bf66c71d88 ] Request (ServerPasswordTestJSON:setUpClass): 201 POST http://10.180.1.21/identity/v3/auth/tokens 0.052s
2024-08-16 16:50:59.606 62171 INFO tempest.lib.common.rest_client [req-d45b638d-6705-4604-8516-2f77fd4ff4d7 req-d45b638d-6705-4604-8516-2f77fd4ff4d7 ] Request (DeleteServersAdminTestJSON:test_admin_delete_servers_of_others): 200 GET http://10.180.1.21/compute/v2.1/servers/f9505277-db46-426e-9f90-74a9858b4018 0.047s
2024-08-16 16:50:59.648 62110 INFO tempest.lib.common.rest_client [req-579f7a49-b37f-4298-b72a-e33dbbfb234b req-579f7a49-b37f-4298-b72a-e33dbbfb234b ] Request (ImagesNegativeTestJSON:test_create_image_from_deleted_server): 200 GET http://10.180.1.21/compute/v2.1/servers/04e30823-a425-44fa-aec0-e0791e558ea8 0.045s
2024-08-16 16:50:59.660 62163 INFO tempest.lib.common.rest_client [req-614dd2ef-7a7d-4632-a687-7e91be90fc63 req-614dd2ef-7a7d-4632-a687-7e91be90fc63 ] Request (MultipleCreateTestJSON:test_multiple_create_with_reservation_return): 200 GET http://10.180.1.21/compute/v2.1/servers/1a91031e-5494-4dd0-8a2c-468df229ab23 0.048s
2024-08-16 16:50:59.706 62167 INFO tempest.lib.common.rest_client [req-01cff39e-07e2-47aa-a1d2-539e90f9d4fc req-01cff39e-07e2-47aa-a1d2-539e90f9d4fc ] Request (ListServersNegativeTestJSON:setUpClass): 200 GET http://10.180.1.21/compute/v2.1/servers/9298adc3-97f6-4097-9c56-abdd3b429a09 0.051s
2024-08-16 16:50:59.727 62126 INFO tempest.lib.common.rest_client [req-87ecd1b9-3873-4a3a-a641-d29a2987e644 req-87ecd1b9-3873-4a3a-a641-d29a2987e644 ] Request (ServersTestJSON:setUpClass): 200 GET http://10.180.1.21/compute/v2.1/servers/e96d1097-561e-4b21-bf1b-906f1b705aa3 0.059s
2024-08-16 16:50:59.756 62116 INFO tempest.lib.common.rest_client [req-732e1c55-5704-4a5c-843f-0577d7cee047 req-732e1c55-5704-4a5c-843f-0577d7cee047 ] Request (SecurityGroupsTestJSON:test_server_security_groups): 200 GET http://10.180.1.21/compute/v2.1/servers/3f8d6b83-fee3-4902-bd4c-567162871e0a 0.057s
2024-08-16 16:50:59.781 62119 INFO tempest.lib.common.rest_client [req-f79c06f1-a385-4c29-acb6-8ece93f6a77a req-f79c06f1-a385-4c29-acb6-8ece93f6a77a ] Request (ServerRescueTestJSONUnderV235:setUpClass): 200 GET http://10.180.1.21/compute/v2.1/servers/0836e6f0-f769-4820-9d32-eac4669e8159 0.069s
2024-08-16 16:50:59.799 62140 INFO tempest.lib.common.rest_client [req-9b5e4483-148a-4650-b50f-0cf110a0f277 req-9b5e4483-148a-4650-b50f-0cf110a0f277 ] Request (ImagesOneServerNegativeTestJSON:setUpClass): 200 GET http://10.180.1.21/compute/v2.1/servers/3f47490d-d2a8-4b47-af50-ddcb14dd9af5 0.046s
2024-08-16 16:50:59.809 62128 INFO tempest.lib.common.rest_client [req-ea337f4a-ba2e-4a55-ae6b-054f889e4d4d req-ea337f4a-ba2e-4a55-ae6b-054f889e4d4d ] Request (ServerPasswordTestJSON:setUpClass): 201 POST http://10.180.1.21:9696/networking/v2.0/networks 0.222s
2024-08-16 16:50:59.850 62159 INFO tempest.lib.common.rest_client [req-cf490ef3-9c81-4a16-b676-dd6b4771af50 req-cf490ef3-9c81-4a16-b676-dd6b4771af50 ] Request (InstanceActionsV221TestJSON:test_get_list_deleted_instance_actions): 200 GET http://10.180.1.21/compute/v2.1/servers/ad896ee6-d48b-446a-87b3-7ca76403c39a 0.053s
2024-08-16 16:50:59.868 62136 INFO tempest.lib.common.rest_client [req-6f2ee556-306c-4570-b214-0a14b87d9639 req-6f2ee556-306c-4570-b214-0a14b87d9639 ] Request (AttachVolumeShelveTestJSON:test_attach_volume_shelved_or_offload_server): 200 GET http://10.180.1.21/compute/v2.1/servers/8543497e-8f92-4cc0-9352-4edaa9f16dfb 0.051s
2024-08-16 16:50:59.921 62124 INFO tempest.lib.common.rest_client [req-11f84f37-9b3c-420d-8680-7fa7f92309f7 req-11f84f37-9b3c-420d-8680-7fa7f92309f7 ] Request (ServerActionsV293TestJSON:setUpClass): 200 GET http://10.180.1.21/compute/v2.1/servers/3982b6d1-76a7-4359-a563-fd44c0009858 0.054s
2024-08-16 16:50:59.950 62114 INFO tempest.lib.common.rest_client [req-199d810a-3bef-4c15-8010-b59c304d4a34 req-199d810a-3bef-4c15-8010-b59c304d4a34 ] Request (ServersTestMultiNic:test_verify_duplicate_network_nics): 200 GET http://10.180.1.21/compute/v2.1/servers/a3205445-7632-43bb-87dd-6459b78d6609 0.050s
2024-08-16 16:51:00.014 62128 INFO tempest.lib.common.rest_client [req-a56ee28b-9eab-4c24-a55c-cf837e74e38c req-a56ee28b-9eab-4c24-a55c-cf837e74e38c ] Request (ServerPasswordTestJSON:setUpClass): 201 POST http://10.180.1.21:9696/networking/v2.0/subnets 0.204s
2024-08-16 16:51:00.033 62149 INFO tempest.lib.common.rest_client [req-f19b93fe-dd5f-4ee6-ac5b-2d714766a8d2 req-f19b93fe-dd5f-4ee6-ac5b-2d714766a8d2 ] Request (ListServerFiltersTestJSON:setUpClass): 200 GET http://10.180.1.21/compute/v2.1/servers/c9a0061e-d69e-4841-9be6-110913e5b174 0.053s
2024-08-16 16:51:00.052 62154 INFO tempest.lib.common.rest_client [req-34e2ac95-22cb-41ed-9928-133d6502d458 req-34e2ac95-22cb-41ed-9928-133d6502d458 ] Request (AttachInterfacesTestJSON:test_create_list_show_delete_interfaces_by_fixed_ip): 200 GET http://10.180.1.21/compute/v2.1/servers/2a7e4575-b223-4f04-b424-87e78e329c1c 0.049s
2024-08-16 16:51:00.121 62133 INFO tempest.lib.common.rest_client [req-a90da477-98c9-4c1f-ac56-cee616d4c4f9 req-a90da477-98c9-4c1f-ac56-cee616d4c4f9 ] Request (MigrationsAdminTest:test_resize_server_revert_deleted_flavor): 200 GET http://10.180.1.21/compute/v2.1/servers/97e6f555-d3b5-43ca-9ea9-7bd30ca918b2 0.048s
2024-08-16 16:51:00.168 62145 INFO tempest.lib.common.rest_client [req-362a4435-781b-43f6-a4a0-f228bb4ffc74 req-362a4435-781b-43f6-a4a0-f228bb4ffc74 ] Request (ImagesTestJSON:test_create_image_from_suspended_server): 200 GET http://10.180.1.21/compute/v2.1/servers/7ccc243f-33c2-4ddb-b37d-a04658d91516 0.055s
2024-08-16 16:51:00.181 62106 INFO tempest.lib.common.rest_client [req-ad98d61c-02b7-4af5-baa9-efe2eaa2d1b0 req-ad98d61c-02b7-4af5-baa9-efe2eaa2d1b0 ] Request (AttachInterfacesUnderV243Test:test_add_remove_fixed_ip): 200 GET http://10.180.1.21/compute/v2.1/servers/c48d467c-d006-4d41-8c33-38cd89097fbb 0.050s
2024-08-16 16:51:00.231 62121 INFO tempest.lib.common.rest_client [req-bd7f4b33-32b2-4eb3-a044-c14a7b6fcee4 req-bd7f4b33-32b2-4eb3-a044-c14a7b6fcee4 ] Request (AttachInterfacesV270Test:test_create_get_list_interfaces): 200 GET http://10.180.1.21/compute/v2.1/servers/619999ff-161e-4891-b6bb-23f071079384 0.066s
2024-08-16 16:51:00.245 62134 INFO tempest.lib.common.rest_client [req-e8daef58-b634-4896-ac93-895a5a62c2c1 req-e8daef58-b634-4896-ac93-895a5a62c2c1 ] Request (ServersTestJSON:test_create_server_specify_multibyte_character_name): 200 GET http://10.180.1.21/compute/v2.1/servers/a4e9e903-e0cf-4161-b98a-2fcc549a7cbe 0.070s
2024-08-16 16:51:00.274 62158 INFO tempest.lib.common.rest_client [req-d33286d4-b70b-435c-8573-d4a7d4352a03 req-d33286d4-b70b-435c-8573-d4a7d4352a03 ] Request (ServerDiskConfigTestJSON:test_rebuild_server_with_auto_disk_config): 200 GET http://10.180.1.21/compute/v2.1/servers/cc0f426b-53e0-4d2d-9d21-ee5580b4e773 0.049s
2024-08-16 16:51:00.301 62138 INFO tempest.lib.common.rest_client [req-d9e0d2b3-7440-44c7-9372-04c524e1352d req-d9e0d2b3-7440-44c7-9372-04c524e1352d ] Request (ServersTestManualDisk:setUpClass): 200 GET http://10.180.1.21/compute/v2.1/servers/fdda4317-bb73-49ef-bcb0-0165fb48128a 0.071s
2024-08-16 16:51:00.336 62165 INFO tempest.lib.common.rest_client [req-dc0bfa4e-ae09-40d7-8c53-78454bcc94bd req-dc0bfa4e-ae09-40d7-8c53-78454bcc94bd ] Request (ServersNegativeTestMultiTenantJSON:setUpClass): 200 GET http://10.180.1.21/compute/v2.1/servers/afcf7343-1b06-4f77-b78f-3fffc7f680a4 0.067s
2024-08-16 16:51:00.360 62151 INFO tempest.lib.common.rest_client [req-76a59bf1-2191-4af0-9732-04d86e6f9da1 req-76a59bf1-2191-4af0-9732-04d86e6f9da1 ] Request (ServerMetadataNegativeTestJSON:setUpClass): 200 GET http://10.180.1.21/compute/v2.1/servers/de1e9eee-2519-4450-bff6-c7b371bf8411 0.073s
2024-08-16 16:51:00.402 62148 INFO tempest.lib.common.rest_client [req-3951a45d-3c3a-4860-8a77-f529c1ff6ea8 req-3951a45d-3c3a-4860-8a77-f529c1ff6ea8 ] Request (ServersAdminTestJSON:setUpClass): 200 GET http://10.180.1.21/compute/v2.1/servers/274affb8-ab59-442b-88aa-be6bae9907bf 0.050s
2024-08-16 16:51:00.461 62108 INFO tempest.lib.common.rest_client [req-1d0d9d7d-f78a-4d24-ba0d-4d25a9140273 req-1d0d9d7d-f78a-4d24-ba0d-4d25a9140273 ] Request (ServerShowV257Test:test_rebuild_server): 200 GET http://10.180.1.21/compute/v2.1/servers/2cc6c123-a6ad-4cc0-9346-418815b45c46 0.052s
2024-08-16 16:51:00.470 62130 INFO tempest.lib.common.rest_client [req-42f220e0-f0a5-48a9-a3a8-67944a1539ed req-42f220e0-f0a5-48a9-a3a8-67944a1539ed ] Request (ServerAddressesNegativeTestJSON:setUpClass): 200 GET http://10.180.1.21/compute/v2.1/servers/008136fb-2cfd-4971-a4c1-568a1f0a835b 0.049s
2024-08-16 16:51:00.510 62112 INFO tempest.lib.common.rest_client [req-9d92a283-d5c1-4cab-a093-34320e0f87a6 req-9d92a283-d5c1-4cab-a093-34320e0f87a6 ] Request (AttachVolumeTestJSON:test_attach_detach_volume): 200 GET http://10.180.1.21/compute/v2.1/servers/fb589280-30a7-41a1-b0d9-105595ba88d9 0.045s
2024-08-16 16:51:00.596 62104 INFO tempest.lib.common.rest_client [req-ad34840c-b790-414a-9b1d-f1ef422c1b44 req-ad34840c-b790-414a-9b1d-f1ef422c1b44 ] Request (VolumesAdminNegativeTest:test_update_attached_volume_with_nonexistent_volume_in_body): 200 GET http://10.180.1.21/compute/v2.1/servers/e2063b08-1037-47ca-a33f-337a832f963d 0.059s
2024-08-16 16:51:00.605 62128 INFO tempest.lib.common.rest_client [req-43c91134-ef7a-4d85-886d-f3e0f88e78f9 req-43c91134-ef7a-4d85-886d-f3e0f88e78f9 ] Request (ServerPasswordTestJSON:setUpClass): 201 POST http://10.180.1.21:9696/networking/v2.0/routers 0.590s
2024-08-16 16:51:00.625 62175 INFO tempest.lib.common.rest_client [req-6a53f480-5d81-4331-be47-97d80e97c6e2 req-6a53f480-5d81-4331-be47-97d80e97c6e2 ] Request (ImagesOneServerTestJSON:setUpClass): 200 GET http://10.180.1.21/compute/v2.1/servers/ea416909-2d8e-4c31-8479-b3b05ac8a724 0.056s
2024-08-16 16:51:00.705 62110 INFO tempest.lib.common.rest_client [req-6a71cf1e-9502-465e-864a-e6d2f8a47f31 req-6a71cf1e-9502-465e-864a-e6d2f8a47f31 ] Request (ImagesNegativeTestJSON:test_create_image_from_deleted_server): 200 GET http://10.180.1.21/compute/v2.1/servers/04e30823-a425-44fa-aec0-e0791e558ea8 0.050s
2024-08-16 16:51:00.764 62163 INFO tempest.lib.common.rest_client [req-b609a2b2-3f80-46da-921a-c299d8218b7b req-b609a2b2-3f80-46da-921a-c299d8218b7b ] Request (MultipleCreateTestJSON:test_multiple_create_with_reservation_return): 200 GET http://10.180.1.21/compute/v2.1/servers/1a91031e-5494-4dd0-8a2c-468df229ab23 0.096s
2024-08-16 16:51:00.817 62167 INFO tempest.lib.common.rest_client [req-1b339479-e24b-40e0-92a4-68dc9ab2431d req-1b339479-e24b-40e0-92a4-68dc9ab2431d ] Request (ListServersNegativeTestJSON:setUpClass): 200 GET http://10.180.1.21/compute/v2.1/servers/9298adc3-97f6-4097-9c56-abdd3b429a09 0.104s
2024-08-16 16:51:00.871 62126 INFO tempest.lib.common.rest_client [req-ff3fa76f-2eb7-4c73-bc93-5a4c7b5051ef req-ff3fa76f-2eb7-4c73-bc93-5a4c7b5051ef ] Request (ServersTestJSON:setUpClass): 200 GET http://10.180.1.21/compute/v2.1/servers/e96d1097-561e-4b21-bf1b-906f1b705aa3 0.135s
2024-08-16 16:51:00.912 62171 INFO tempest.lib.common.rest_client [req-2984589d-dd15-4211-b273-64d64155a088 req-2984589d-dd15-4211-b273-64d64155a088 ] Request (DeleteServersAdminTestJSON:test_admin_delete_servers_of_others): 200 GET http://10.180.1.21/compute/v2.1/servers/f9505277-db46-426e-9f90-74a9858b4018 0.299s
2024-08-16 16:51:00.926 62116 INFO tempest.lib.common.rest_client [req-54b07365-d50f-44f7-b952-ec24d54c81fc req-54b07365-d50f-44f7-b952-ec24d54c81fc ] Request (SecurityGroupsTestJSON:test_server_security_groups): 200 GET http://10.180.1.21/compute/v2.1/servers/3f8d6b83-fee3-4902-bd4c-567162871e0a 0.163s
2024-08-16 16:51:00.961 62119 INFO tempest.lib.common.rest_client [req-5226a6e8-331d-4505-bab3-6799f296f6bb req-5226a6e8-331d-4505-bab3-6799f296f6bb ] Request (ServerRescueTestJSONUnderV235:setUpClass): 200 GET http://10.180.1.21/compute/v2.1/servers/0836e6f0-f769-4820-9d32-eac4669e8159 0.172s
2024-08-16 16:51:00.983 62140 INFO tempest.lib.common.rest_client [req-40cb2594-8c94-4c98-b0c3-771c0604c618 req-40cb2594-8c94-4c98-b0c3-771c0604c618 ] Request (ImagesOneServerNegativeTestJSON:setUpClass): 200 GET http://10.180.1.21/compute/v2.1/servers/3f47490d-d2a8-4b47-af50-ddcb14dd9af5 0.178s
2024-08-16 16:51:01.038 62159 INFO tempest.lib.common.rest_client [req-16ccac7f-4499-4ab3-977b-05d132823e80 req-16ccac7f-4499-4ab3-977b-05d132823e80 ] Request (InstanceActionsV221TestJSON:test_get_list_deleted_instance_actions): 200 GET http://10.180.1.21/compute/v2.1/servers/ad896ee6-d48b-446a-87b3-7ca76403c39a 0.181s
2024-08-16 16:51:01.039 62136 INFO tempest.lib.common.rest_client [req-271b0fd1-8e96-4e99-b2f0-9b40dcaa8340 req-271b0fd1-8e96-4e99-b2f0-9b40dcaa8340 ] Request (AttachVolumeShelveTestJSON:test_attach_volume_shelved_or_offload_server): 200 GET http://10.180.1.21/compute/v2.1/servers/8543497e-8f92-4cc0-9352-4edaa9f16dfb 0.163s
2024-08-16 16:51:01.092 62114 INFO tempest.lib.common.rest_client [req-0d127312-00ec-4c74-8191-332a3bbaa1f2 req-0d127312-00ec-4c74-8191-332a3bbaa1f2 ] Request (ServersTestMultiNic:test_verify_duplicate_network_nics): 200 GET http://10.180.1.21/compute/v2.1/servers/a3205445-7632-43bb-87dd-6459b78d6609 0.133s
2024-08-16 16:51:01.102 62124 INFO tempest.lib.common.rest_client [req-251c02a1-a1be-443b-92b8-f660c66ddf72 req-251c02a1-a1be-443b-92b8-f660c66ddf72 ] Request (ServerActionsV293TestJSON:setUpClass): 200 GET http://10.180.1.21/compute/v2.1/servers/3982b6d1-76a7-4359-a563-fd44c0009858 0.171s
2024-08-16 16:51:01.147 62149 INFO tempest.lib.common.rest_client [req-f3021731-0aaa-436c-aab8-88db95e9dccb req-f3021731-0aaa-436c-aab8-88db95e9dccb ] Request (ListServerFiltersTestJSON:setUpClass): 200 GET http://10.180.1.21/compute/v2.1/servers/c9a0061e-d69e-4841-9be6-110913e5b174 0.106s
2024-08-16 16:51:01.163 62154 INFO tempest.lib.common.rest_client [req-7b39a861-0a60-448f-a53d-8d67453fa13a req-7b39a861-0a60-448f-a53d-8d67453fa13a ] Request (AttachInterfacesTestJSON:test_create_list_show_delete_interfaces_by_fixed_ip): 200 GET http://10.180.1.21/compute/v2.1/servers/2a7e4575-b223-4f04-b424-87e78e329c1c 0.103s
2024-08-16 16:51:01.199 62133 INFO tempest.lib.common.rest_client [req-7a1308a5-185f-450e-a256-e8d1e93c53e7 req-7a1308a5-185f-450e-a256-e8d1e93c53e7 ] Request (MigrationsAdminTest:test_resize_server_revert_deleted_flavor): 200 GET http://10.180.1.21/compute/v2.1/servers/97e6f555-d3b5-43ca-9ea9-7bd30ca918b2 0.071s
2024-08-16 16:51:01.234 62145 INFO tempest.lib.common.rest_client [req-ae0e9235-014f-4053-a001-2d1ad3350eeb req-ae0e9235-014f-4053-a001-2d1ad3350eeb ] Request (ImagesTestJSON:test_create_image_from_suspended_server): 200 GET http://10.180.1.21/compute/v2.1/servers/7ccc243f-33c2-4ddb-b37d-a04658d91516 0.058s
2024-08-16 16:51:01.249 62106 INFO tempest.lib.common.rest_client [req-5113e199-1cb0-4f66-8981-446d581ed21a req-5113e199-1cb0-4f66-8981-446d581ed21a ] Request (AttachInterfacesUnderV243Test:test_add_remove_fixed_ip): 200 GET http://10.180.1.21/compute/v2.1/servers/c48d467c-d006-4d41-8c33-38cd89097fbb 0.061s
2024-08-16 16:51:01.285 62121 INFO tempest.lib.common.rest_client [req-5522f28a-6278-41c2-91e1-8eed97ce2726 req-5522f28a-6278-41c2-91e1-8eed97ce2726 ] Request (AttachInterfacesV270Test:test_create_get_list_interfaces): 200 GET http://10.180.1.21/compute/v2.1/servers/619999ff-161e-4891-b6bb-23f071079384 0.045s
2024-08-16 16:51:01.297 62134 INFO tempest.lib.common.rest_client [req-30a9f13f-f4d1-455e-8209-59ab28710278 req-30a9f13f-f4d1-455e-8209-59ab28710278 ] Request (ServersTestJSON:test_create_server_specify_multibyte_character_name): 200 GET http://10.180.1.21/compute/v2.1/servers/a4e9e903-e0cf-4161-b98a-2fcc549a7cbe 0.044s
2024-08-16 16:51:01.316 62128 INFO tempest.lib.common.rest_client [req-f3972991-ed4a-42a2-8517-77464986bf1b req-f3972991-ed4a-42a2-8517-77464986bf1b ] Request (ServerPasswordTestJSON:setUpClass): 200 PUT http://10.180.1.21:9696/networking/v2.0/routers/72487555-e361-45ad-9f24-690cc3cef18e/add_router_interface 0.711s
2024-08-16 16:51:01.317 62128 INFO tempest.lib.common.dynamic_creds [-] Created isolated network resources for: credentials: Credentials: {'domain_id': 'default', 'domain_name': 'Default', 'username': 'tempest-ServerPasswordTestJSON-1660926684-project-member', 'project_domain_id': 'default', 'project_domain_name': 'Default', 'project_id': '3aaefa104d814741941edc27c17d5120', 'project_name': 'tempest-ServerPasswordTestJSON-1660926684', 'tenant_id': '3aaefa104d814741941edc27c17d5120', 'tenant_name': 'tempest-ServerPasswordTestJSON-1660926684', 'user_domain_id': 'default', 'user_domain_name': 'Default', 'user_id': 'c66e5d3af7bd4ed3abe8098cd0a8ffd3', 'system': None}, Network: {'id': '685e19e8-2786-4c25-a4f3-7e3b9ca35615', 'name': 'tempest-ServerPasswordTestJSON-110637586-network', 'tenant_id': '3aaefa104d814741941edc27c17d5120', 'admin_state_up': True, 'mtu': 8950, 'status': 'ACTIVE', 'subnets': [], 'shared': False, 'project_id': '3aaefa104d814741941edc27c17d5120', 'port_security_enabled': True, 'router:external': False, 'provider:network_type': 'vlan', 'provider:physical_network': 'default', 'provider:segmentation_id': 866, 'is_default': False, 'availability_zone_hints': [], 'availability_zones': [], 'ipv4_address_scope': None, 'ipv6_address_scope': None, 'description': '', 'tags': [], 'created_at': '2024-08-16T16:50:59Z', 'updated_at': '2024-08-16T16:50:59Z', 'revision_number': 1}, Subnet: {'id': 'dbe510e0-ec6b-4a8b-9b6e-e323b17cd1eb', 'name': 'tempest-ServerPasswordTestJSON-110637586-subnet', 'tenant_id': '3aaefa104d814741941edc27c17d5120', 'network_id': '685e19e8-2786-4c25-a4f3-7e3b9ca35615', 'ip_version': 4, 'subnetpool_id': None, 'enable_dhcp': True, 'ipv6_ra_mode': None, 'ipv6_address_mode': None, 'gateway_ip': '192.168.128.1', 'cidr': '192.168.128.0/28', 'allocation_pools': [{'start': '192.168.128.2', 'end': '192.168.128.14'}], 'host_routes': [], 'dns_nameservers': [], 'description': '', 'router:external': False, 'service_types': [], 'tags': [], 'created_at': '2024-08-16T16:50:59Z', 'updated_at': '2024-08-16T16:50:59Z', 'revision_number': 0, 'project_id': '3aaefa104d814741941edc27c17d5120'}, Router: {'id': '72487555-e361-45ad-9f24-690cc3cef18e', 'name': 'tempest-ServerPasswordTestJSON-110637586-router', 'tenant_id': '3aaefa104d814741941edc27c17d5120', 'admin_state_up': True, 'status': 'ACTIVE', 'external_gateway_info': {'network_id': '8976412b-f591-48d7-a5ec-f7d21aac41da', 'external_fixed_ips': [{'subnet_id': '235e9675-7025-483d-9f4d-798c3782004c', 'ip_address': '10.180.180.156'}], 'enable_snat': True}, 'description': '', 'availability_zones': [], 'distributed': False, 'ha': False, 'availability_zone_hints': [], 'routes': [], 'flavor_id': None, 'tags': [], 'created_at': '2024-08-16T16:51:00Z', 'updated_at': '2024-08-16T16:51:00Z', 'revision_number': 2, 'project_id': '3aaefa104d814741941edc27c17d5120'}
2024-08-16 16:51:01.329 62158 INFO tempest.lib.common.rest_client [req-05d9bdee-50bf-43ad-bc28-9003db95a43a req-05d9bdee-50bf-43ad-bc28-9003db95a43a ] Request (ServerDiskConfigTestJSON:test_rebuild_server_with_auto_disk_config): 200 GET http://10.180.1.21/compute/v2.1/servers/cc0f426b-53e0-4d2d-9d21-ee5580b4e773 0.047s
2024-08-16 16:51:01.362 62138 INFO tempest.lib.common.rest_client [req-92a309b9-6cd2-4faf-abb4-b114bc4366d3 req-92a309b9-6cd2-4faf-abb4-b114bc4366d3 ] Request (ServersTestManualDisk:setUpClass): 200 GET http://10.180.1.21/compute/v2.1/servers/fdda4317-bb73-49ef-bcb0-0165fb48128a 0.054s
2024-08-16 16:51:01.391 62165 INFO tempest.lib.common.rest_client [req-a831e8e3-64b1-45d5-8dd6-1ce44b197b99 req-a831e8e3-64b1-45d5-8dd6-1ce44b197b99 ] Request (ServersNegativeTestMultiTenantJSON:setUpClass): 200 GET http://10.180.1.21/compute/v2.1/servers/afcf7343-1b06-4f77-b78f-3fffc7f680a4 0.046s
2024-08-16 16:51:01.400 62128 INFO tempest.lib.common.rest_client [req-35d80ee2-a77a-4b79-9530-37b329f6537d req-35d80ee2-a77a-4b79-9530-37b329f6537d ] Request (ServerPasswordTestJSON:setUpClass): 201 POST http://10.180.1.21/identity/v3/auth/tokens 0.080s
2024-08-16 16:51:01.413 62151 INFO tempest.lib.common.rest_client [req-4f63c80b-7ebc-477a-ac32-ff2fdde3a302 req-4f63c80b-7ebc-477a-ac32-ff2fdde3a302 ] Request (ServerMetadataNegativeTestJSON:setUpClass): 200 GET http://10.180.1.21/compute/v2.1/servers/de1e9eee-2519-4450-bff6-c7b371bf8411 0.046s
2024-08-16 16:51:01.434 62128 INFO tempest.lib.common.rest_client [req-b2877eb7-6dd6-4e8f-9b2f-ff7a76fe12f1 req-b2877eb7-6dd6-4e8f-9b2f-ff7a76fe12f1 ] Request (ServerPasswordTestJSON:setUpClass): 201 POST http://10.180.1.21/identity/v3/auth/tokens 0.030s
2024-08-16 16:51:01.435 62128 INFO tempest.lib.common.fixed_network [-] (ServerPasswordTestJSON:setUpClass) Found network {'id': '685e19e8-2786-4c25-a4f3-7e3b9ca35615', 'name': 'tempest-ServerPasswordTestJSON-110637586-network', 'tenant_id': '3aaefa104d814741941edc27c17d5120', 'admin_state_up': True, 'mtu': 8950, 'status': 'ACTIVE', 'subnets': [], 'shared': False, 'project_id': '3aaefa104d814741941edc27c17d5120', 'port_security_enabled': True, 'router:external': False, 'provider:network_type': 'vlan', 'provider:physical_network': 'default', 'provider:segmentation_id': 866, 'is_default': False, 'availability_zone_hints': [], 'availability_zones': [], 'ipv4_address_scope': None, 'ipv6_address_scope': None, 'description': '', 'tags': [], 'created_at': '2024-08-16T16:50:59Z', 'updated_at': '2024-08-16T16:50:59Z', 'revision_number': 1} available for tenant
2024-08-16 16:51:01.466 62148 INFO tempest.lib.common.rest_client [req-11413764-6e60-4cb4-8550-b14d4fcdc014 req-11413764-6e60-4cb4-8550-b14d4fcdc014 ] Request (ServersAdminTestJSON:setUpClass): 200 GET http://10.180.1.21/compute/v2.1/servers/274affb8-ab59-442b-88aa-be6bae9907bf 0.055s
2024-08-16 16:51:01.678 62108 INFO tempest.lib.common.rest_client [req-e4d7b03c-0de0-4723-96ec-fc86e5f1498a req-e4d7b03c-0de0-4723-96ec-fc86e5f1498a ] Request (ServerShowV257Test:test_rebuild_server): 200 GET http://10.180.1.21/compute/v2.1/servers/2cc6c123-a6ad-4cc0-9346-418815b45c46 0.208s
2024-08-16 16:51:01.746 62130 INFO tempest.lib.common.rest_client [req-3e770c7d-e083-4c6e-8c34-522c1e600500 req-3e770c7d-e083-4c6e-8c34-522c1e600500 ] Request (ServerAddressesNegativeTestJSON:setUpClass): 200 GET http://10.180.1.21/compute/v2.1/servers/008136fb-2cfd-4971-a4c1-568a1f0a835b 0.267s
2024-08-16 16:51:01.751 62130 INFO tempest.common.waiters [-] State transition "BUILD/spawning" ==> "BUILD/scheduling" after 76 second wait
2024-08-16 16:51:01.800 62112 INFO tempest.lib.common.rest_client [req-361b9bae-a7f8-40b5-83e0-0de2a7be5962 req-361b9bae-a7f8-40b5-83e0-0de2a7be5962 ] Request (AttachVolumeTestJSON:test_attach_detach_volume): 200 GET http://10.180.1.21/compute/v2.1/servers/fb589280-30a7-41a1-b0d9-105595ba88d9 0.283s
2024-08-16 16:51:01.889 62104 INFO tempest.lib.common.rest_client [req-66bcd9bb-e9ff-48aa-8a0d-c8d2325709eb req-66bcd9bb-e9ff-48aa-8a0d-c8d2325709eb ] Request (VolumesAdminNegativeTest:test_update_attached_volume_with_nonexistent_volume_in_body): 200 GET http://10.180.1.21/compute/v2.1/servers/e2063b08-1037-47ca-a33f-337a832f963d 0.285s
2024-08-16 16:51:01.941 62175 INFO tempest.lib.common.rest_client [req-0165f3af-2c13-46ab-aef1-d56b6071e36a req-0165f3af-2c13-46ab-aef1-d56b6071e36a ] Request (ImagesOneServerTestJSON:setUpClass): 200 GET http://10.180.1.21/compute/v2.1/servers/ea416909-2d8e-4c31-8479-b3b05ac8a724 0.308s
2024-08-16 16:51:02.002 62110 INFO tempest.lib.common.rest_client [req-138b7ad0-ff54-484d-9521-70e1a2b543b6 req-138b7ad0-ff54-484d-9521-70e1a2b543b6 ] Request (ImagesNegativeTestJSON:test_create_image_from_deleted_server): 200 GET http://10.180.1.21/compute/v2.1/servers/04e30823-a425-44fa-aec0-e0791e558ea8 0.289s
2024-08-16 16:51:02.011 62128 INFO tempest.lib.common.rest_client [req-4e3b10a5-36a3-497b-a453-569f2a344dfb req-4e3b10a5-36a3-497b-a453-569f2a344dfb ] Request (ServerPasswordTestJSON:setUpClass): 202 POST http://10.180.1.21/compute/v2.1/servers 0.576s
2024-08-16 16:51:02.064 62167 INFO tempest.lib.common.rest_client [req-dc302751-06d1-420c-af8a-2be62acec033 req-dc302751-06d1-420c-af8a-2be62acec033 ] Request (ListServersNegativeTestJSON:setUpClass): 200 GET http://10.180.1.21/compute/v2.1/servers/9298adc3-97f6-4097-9c56-abdd3b429a09 0.240s
2024-08-16 16:51:02.080 62163 INFO tempest.lib.common.rest_client [req-27b13190-765e-41b6-8f24-e66fcbf18c5f req-27b13190-765e-41b6-8f24-e66fcbf18c5f ] Request (MultipleCreateTestJSON:test_multiple_create_with_reservation_return): 200 GET http://10.180.1.21/compute/v2.1/servers/1a91031e-5494-4dd0-8a2c-468df229ab23 0.309s
2024-08-16 16:51:02.118 62126 INFO tempest.lib.common.rest_client [req-83ca99fc-98cf-43eb-a131-1c3ba826e7a7 req-83ca99fc-98cf-43eb-a131-1c3ba826e7a7 ] Request (ServersTestJSON:setUpClass): 200 GET http://10.180.1.21/compute/v2.1/servers/e96d1097-561e-4b21-bf1b-906f1b705aa3 0.239s
2024-08-16 16:51:02.138 62171 INFO tempest.lib.common.rest_client [req-73bf1004-9821-4ea0-829b-ef9d09ace951 req-73bf1004-9821-4ea0-829b-ef9d09ace951 ] Request (DeleteServersAdminTestJSON:test_admin_delete_servers_of_others): 200 GET http://10.180.1.21/compute/v2.1/servers/f9505277-db46-426e-9f90-74a9858b4018 0.219s
2024-08-16 16:51:02.188 62116 INFO tempest.lib.common.rest_client [req-d8e7f80c-faf9-4920-bb0c-1203c9c9e620 req-d8e7f80c-faf9-4920-bb0c-1203c9c9e620 ] Request (SecurityGroupsTestJSON:test_server_security_groups): 200 GET http://10.180.1.21/compute/v2.1/servers/3f8d6b83-fee3-4902-bd4c-567162871e0a 0.253s
2024-08-16 16:51:02.215 62119 INFO tempest.lib.common.rest_client [req-29502d0c-a774-4f24-8307-bf2025ec3094 req-29502d0c-a774-4f24-8307-bf2025ec3094 ] Request (ServerRescueTestJSONUnderV235:setUpClass): 200 GET http://10.180.1.21/compute/v2.1/servers/0836e6f0-f769-4820-9d32-eac4669e8159 0.247s
2024-08-16 16:51:02.258 62128 INFO tempest.lib.common.rest_client [req-b7e355fe-858a-4262-b402-1406ef18badf req-b7e355fe-858a-4262-b402-1406ef18badf ] Request (ServerPasswordTestJSON:setUpClass): 200 GET http://10.180.1.21/compute/v2.1/servers/efeac2f1-7d2d-46a7-b05f-18407eda610d 0.246s
2024-08-16 16:51:02.270 62140 INFO tempest.lib.common.rest_client [req-3bef8613-34fc-4f8d-b760-25eaad74fd3b req-3bef8613-34fc-4f8d-b760-25eaad74fd3b ] Request (ImagesOneServerNegativeTestJSON:setUpClass): 200 GET http://10.180.1.21/compute/v2.1/servers/3f47490d-d2a8-4b47-af50-ddcb14dd9af5 0.280s
2024-08-16 16:51:02.316 62159 INFO tempest.lib.common.rest_client [req-87f89571-afa6-48ff-863a-3c9458759fae req-87f89571-afa6-48ff-863a-3c9458759fae ] Request (InstanceActionsV221TestJSON:test_get_list_deleted_instance_actions): 200 GET http://10.180.1.21/compute/v2.1/servers/ad896ee6-d48b-446a-87b3-7ca76403c39a 0.270s
2024-08-16 16:51:02.330 62136 INFO tempest.lib.common.rest_client [req-06954ecc-c07d-4382-8787-4562a5f9411a req-06954ecc-c07d-4382-8787-4562a5f9411a ] Request (AttachVolumeShelveTestJSON:test_attach_volume_shelved_or_offload_server): 200 GET http://10.180.1.21/compute/v2.1/servers/8543497e-8f92-4cc0-9352-4edaa9f16dfb 0.283s
