2024-08-16 16:50:52.490 62149 INFO tempest.lib.common.rest_client [req-8b9befb9-02ba-4c2c-967f-ca711c309fa5 req-8b9befb9-02ba-4c2c-967f-ca711c309fa5 ] Request (ListServerFiltersTestJSON:setUpClass): 200 GET http://10.180.1.21/compute/v2.1/servers/c9a0061e-d69e-4841-9be6-110913e5b174 0.057s
2024-08-16 16:50:52.496 62154 INFO tempest.lib.common.rest_client [req-168b50d3-1e16-475a-93c3-fad02039df55 req-168b50d3-1e16-475a-93c3-fad02039df55 ] Request (AttachInterfacesTestJSON:test_create_list_show_delete_interfaces_by_fixed_ip): 200 GET http://10.180.1.21/compute/v2.1/servers/2a7e4575-b223-4f04-b424-87e78e329c1c 0.059s
2024-08-16 16:50:52.537 62133 INFO tempest.lib.common.rest_client [req-b5558823-a5d1-456c-8a78-5cfa40fa3cbd req-b5558823-a5d1-456c-8a78-5cfa40fa3cbd ] Request (MigrationsAdminTest:test_resize_server_revert_deleted_flavor): 200 GET http://10.180.1.21/compute/v2.1/servers/97e6f555-d3b5-43ca-9ea9-7bd30ca918b2 0.052s
2024-08-16 16:50:52.541 62106 INFO tempest.lib.common.rest_client [req-9ad647fc-5aec-47bc-9b22-90b1ffd31600 req-9ad647fc-5aec-47bc-9b22-90b1ffd31600 ] Request (AttachInterfacesUnderV243Test:test_add_remove_fixed_ip): 200 GET http://10.180.1.21/compute/v2.1/servers/c48d467c-d006-4d41-8c33-38cd89097fbb 0.053s
2024-08-16 16:50:52.582 62145 INFO tempest.lib.common.rest_client [req-d4a28905-5abf-4fda-9c0f-c16cd4213514 req-d4a28905-5abf-4fda-9c0f-c16cd4213514 ] Request (ImagesTestJSON:test_create_image_from_suspended_server): 200 GET http://10.180.1.21/compute/v2.1/servers/7ccc243f-33c2-4ddb-b37d-a04658d91516 0.055s
2024-08-16 16:50:52.604 62121 INFO tempest.lib.common.rest_client [req-f7f0c9e9-364d-4552-9a44-58e889a526f2 req-f7f0c9e9-364d-4552-9a44-58e889a526f2 ] Request (AttachInterfacesV270Test:test_create_get_list_interfaces): 200 GET http://10.180.1.21/compute/v2.1/servers/619999ff-161e-4891-b6bb-23f071079384 0.048s
2024-08-16 16:50:52.669 62151 INFO tempest.lib.common.rest_client [req-6aede987-8700-4700-a835-59a81e0226ae req-6aede987-8700-4700-a835-59a81e0226ae ] Request (ServerMetadataNegativeTestJSON:setUpClass): 200 GET http://10.180.1.21/compute/v2.1/servers/de1e9eee-2519-4450-bff6-c7b371bf8411 0.060s
2024-08-16 16:50:52.673 62134 INFO tempest.lib.common.rest_client [req-74b1c1a3-ecf2-4de4-80cf-9adeaba067dd req-74b1c1a3-ecf2-4de4-80cf-9adeaba067dd ] Request (ServersTestJSON:test_create_server_specify_multibyte_character_name): 200 GET http://10.180.1.21/compute/v2.1/servers/a4e9e903-e0cf-4161-b98a-2fcc549a7cbe 0.044s
2024-08-16 16:50:52.710 62158 INFO tempest.lib.common.rest_client [req-c54b46c8-cdd5-43b6-91e5-5c2e98741417 req-c54b46c8-cdd5-43b6-91e5-5c2e98741417 ] Request (ServerDiskConfigTestJSON:test_rebuild_server_with_auto_disk_config): 200 GET http://10.180.1.21/compute/v2.1/servers/cc0f426b-53e0-4d2d-9d21-ee5580b4e773 0.045s
2024-08-16 16:50:52.748 62128 INFO tempest.lib.common.rest_client [req-1ae192bd-3b01-467a-a831-a55d260f4b74 req-1ae192bd-3b01-467a-a831-a55d260f4b74 ] Request (ListImageFiltersTestJSON:setUpClass): 200 GET http://10.180.1.21/compute/v2.1/servers/ddfc5651-45df-4ffe-8ce3-73c0a1970a03 0.045s
2024-08-16 16:50:52.760 62138 INFO tempest.lib.common.rest_client [req-ec369d48-6d1a-4681-a624-fbdc4438c38b req-ec369d48-6d1a-4681-a624-fbdc4438c38b ] Request (ServersTestManualDisk:setUpClass): 200 GET http://10.180.1.21/compute/v2.1/servers/fdda4317-bb73-49ef-bcb0-0165fb48128a 0.048s
2024-08-16 16:50:52.832 62165 INFO tempest.lib.common.rest_client [req-13eaea91-e90b-4a79-8966-c4712024457b req-13eaea91-e90b-4a79-8966-c4712024457b ] Request (ServersNegativeTestMultiTenantJSON:setUpClass): 200 GET http://10.180.1.21/compute/v2.1/servers/afcf7343-1b06-4f77-b78f-3fffc7f680a4 0.045s
2024-08-16 16:50:52.905 62148 INFO tempest.lib.common.rest_client [req-63c02eb1-1d7f-4a9d-9115-dc773507d4f8 req-63c02eb1-1d7f-4a9d-9115-dc773507d4f8 ] Request (ServersAdminTestJSON:setUpClass): 200 GET http://10.180.1.21/compute/v2.1/servers/274affb8-ab59-442b-88aa-be6bae9907bf 0.045s
2024-08-16 16:50:52.976 62108 INFO tempest.lib.common.rest_client [req-91c26ec3-6ea1-4150-ac75-bb6c51196a18 req-91c26ec3-6ea1-4150-ac75-bb6c51196a18 ] Request (ServerShowV257Test:test_rebuild_server): 200 GET http://10.180.1.21/compute/v2.1/servers/2cc6c123-a6ad-4cc0-9346-418815b45c46 0.055s
2024-08-16 16:50:53.017 62130 INFO tempest.lib.common.rest_client [req-02d0e8c0-21e6-4fd4-acdb-a5654f2bc922 req-02d0e8c0-21e6-4fd4-acdb-a5654f2bc922 ] Request (ServerAddressesNegativeTestJSON:setUpClass): 200 GET http://10.180.1.21/compute/v2.1/servers/008136fb-2cfd-4971-a4c1-568a1f0a835b 0.057s
2024-08-16 16:50:53.059 62112 INFO tempest.lib.common.rest_client [req-124a1784-bf59-4f4c-891b-85b5602123dc req-124a1784-bf59-4f4c-891b-85b5602123dc ] Request (AttachVolumeTestJSON:test_attach_detach_volume): 200 GET http://10.180.1.21/compute/v2.1/servers/fb589280-30a7-41a1-b0d9-105595ba88d9 0.045s
2024-08-16 16:50:53.113 62104 INFO tempest.lib.common.rest_client [req-c65a849e-f4fb-4910-8064-d28fd0cf263e req-c65a849e-f4fb-4910-8064-d28fd0cf263e ] Request (VolumesAdminNegativeTest:test_update_attached_volume_with_nonexistent_volume_in_body): 200 GET http://10.180.1.21/compute/v2.1/servers/e2063b08-1037-47ca-a33f-337a832f963d 0.048s
2024-08-16 16:50:53.199 62171 INFO tempest.lib.common.rest_client [req-a69b0c60-515a-461d-b2bd-f31f9d7a2695 req-a69b0c60-515a-461d-b2bd-f31f9d7a2695 ] Request (DeleteServersAdminTestJSON:test_admin_delete_servers_of_others): 200 GET http://10.180.1.21/compute/v2.1/servers/f9505277-db46-426e-9f90-74a9858b4018 0.060s
2024-08-16 16:50:53.204 62175 INFO tempest.lib.common.rest_client [req-85fc9ce6-b018-41db-a852-66369ca675a2 req-85fc9ce6-b018-41db-a852-66369ca675a2 ] Request (ImagesOneServerTestJSON:setUpClass): 200 GET http://10.180.1.21/compute/v2.1/servers/ea416909-2d8e-4c31-8479-b3b05ac8a724 0.054s
2024-08-16 16:50:53.254 62110 INFO tempest.lib.common.rest_client [req-defbd87e-e439-40e3-a369-19370d265f29 req-defbd87e-e439-40e3-a369-19370d265f29 ] Request (ImagesNegativeTestJSON:test_create_image_from_deleted_server): 200 GET http://10.180.1.21/compute/v2.1/servers/04e30823-a425-44fa-aec0-e0791e558ea8 0.049s
2024-08-16 16:50:53.266 62163 INFO tempest.lib.common.rest_client [req-54a1a427-b90b-4d99-b227-ab8c53a9659f req-54a1a427-b90b-4d99-b227-ab8c53a9659f ] Request (MultipleCreateTestJSON:test_multiple_create_with_reservation_return): 200 GET http://10.180.1.21/compute/v2.1/servers/1a91031e-5494-4dd0-8a2c-468df229ab23 0.052s
2024-08-16 16:50:53.307 62126 INFO tempest.lib.common.rest_client [req-f968d028-4cc9-4d19-babc-65f62ba60312 req-f968d028-4cc9-4d19-babc-65f62ba60312 ] Request (ServersTestJSON:setUpClass): 200 GET http://10.180.1.21/compute/v2.1/servers/e96d1097-561e-4b21-bf1b-906f1b705aa3 0.046s
2024-08-16 16:50:53.318 62167 INFO tempest.lib.common.rest_client [req-81d373c5-62da-414c-95a6-9597121bec05 req-81d373c5-62da-414c-95a6-9597121bec05 ] Request (ListServersNegativeTestJSON:setUpClass): 200 GET http://10.180.1.21/compute/v2.1/servers/9298adc3-97f6-4097-9c56-abdd3b429a09 0.046s
2024-08-16 16:50:53.352 62116 INFO tempest.lib.common.rest_client [req-1f65c3e7-25d0-4903-b404-a490c9c3c0f4 req-1f65c3e7-25d0-4903-b404-a490c9c3c0f4 ] Request (SecurityGroupsTestJSON:test_server_security_groups): 200 GET http://10.180.1.21/compute/v2.1/servers/3f8d6b83-fee3-4902-bd4c-567162871e0a 0.048s
2024-08-16 16:50:53.362 62119 INFO tempest.lib.common.rest_client [req-0f5fd146-11c4-46ac-bc8b-f17f286f3dca req-0f5fd146-11c4-46ac-bc8b-f17f286f3dca ] Request (ServerRescueTestJSONUnderV235:setUpClass): 200 GET http://10.180.1.21/compute/v2.1/servers/0836e6f0-f769-4820-9d32-eac4669e8159 0.049s
2024-08-16 16:50:53.404 62159 INFO tempest.lib.common.rest_client [req-7b5c8127-0fb8-4b93-90d6-7e887db45c7f req-7b5c8127-0fb8-4b93-90d6-7e887db45c7f ] Request (InstanceActionsV221TestJSON:test_get_list_deleted_instance_actions): 200 GET http://10.180.1.21/compute/v2.1/servers/ad896ee6-d48b-446a-87b3-7ca76403c39a 0.054s
2024-08-16 16:50:53.420 62140 INFO tempest.lib.common.rest_client [req-3b83b451-f3e4-415d-8482-69c88ff8ed1b req-3b83b451-f3e4-415d-8482-69c88ff8ed1b ] Request (ImagesOneServerNegativeTestJSON:setUpClass): 200 GET http://10.180.1.21/compute/v2.1/servers/3f47490d-d2a8-4b47-af50-ddcb14dd9af5 0.043s
2024-08-16 16:50:53.448 62124 INFO tempest.lib.common.rest_client [req-f34a39d0-6b3a-459a-84f2-ccd9b2b2485b req-f34a39d0-6b3a-459a-84f2-ccd9b2b2485b ] Request (ServerActionsV293TestJSON:setUpClass): 200 GET http://10.180.1.21/compute/v2.1/servers/3982b6d1-76a7-4359-a563-fd44c0009858 0.047s
2024-08-16 16:50:53.481 62136 INFO tempest.lib.common.rest_client [req-b673ad9f-5649-4a23-b35a-03a8d319fbdc req-b673ad9f-5649-4a23-b35a-03a8d319fbdc ] Request (AttachVolumeShelveTestJSON:test_attach_volume_shelved_or_offload_server): 200 GET http://10.180.1.21/compute/v2.1/servers/8543497e-8f92-4cc0-9352-4edaa9f16dfb 0.047s
2024-08-16 16:50:53.492 62114 INFO tempest.lib.common.rest_client [req-9ac0b03c-35ce-41fe-b636-6101f9ac4001 req-9ac0b03c-35ce-41fe-b636-6101f9ac4001 ] Request (ServersTestMultiNic:test_verify_duplicate_network_nics): 200 GET http://10.180.1.21/compute/v2.1/servers/a3205445-7632-43bb-87dd-6459b78d6609 0.044s
2024-08-16 16:50:53.549 62154 INFO tempest.lib.common.rest_client [req-226eab43-0515-4b9b-aaca-827c13b228e8 req-226eab43-0515-4b9b-aaca-827c13b228e8 ] Request (AttachInterfacesTestJSON:test_create_list_show_delete_interfaces_by_fixed_ip): 200 GET http://10.180.1.21/compute/v2.1/servers/2a7e4575-b223-4f04-b424-87e78e329c1c 0.045s
2024-08-16 16:50:53.559 62149 INFO tempest.lib.common.rest_client [req-bf50c44e-1e15-4946-a2cc-0b956b317890 req-bf50c44e-1e15-4946-a2cc-0b956b317890 ] Request (ListServerFiltersTestJSON:setUpClass): 200 GET http://10.180.1.21/compute/v2.1/servers/c9a0061e-d69e-4841-9be6-110913e5b174 0.057s
2024-08-16 16:50:53.589 62133 INFO tempest.lib.common.rest_client [req-08abcb3c-ab9f-484f-8ad8-15838fc61403 req-08abcb3c-ab9f-484f-8ad8-15838fc61403 ] Request (MigrationsAdminTest:test_resize_server_revert_deleted_flavor): 200 GET http://10.180.1.21/compute/v2.1/servers/97e6f555-d3b5-43ca-9ea9-7bd30ca918b2 0.045s
2024-08-16 16:50:53.599 62106 INFO tempest.lib.common.rest_client [req-0f9ca9ad-941d-425b-aab3-1c07a7c067f3 req-0f9ca9ad-941d-425b-aab3-1c07a7c067f3 ] Request (AttachInterfacesUnderV243Test:test_add_remove_fixed_ip): 200 GET http://10.180.1.21/compute/v2.1/servers/c48d467c-d006-4d41-8c33-38cd89097fbb 0.051s
2024-08-16 16:50:53.641 62145 INFO tempest.lib.common.rest_client [req-6c9c0b01-1e86-42b3-b6a4-6d088672b903 req-6c9c0b01-1e86-42b3-b6a4-6d088672b903 ] Request (ImagesTestJSON:test_create_image_from_suspended_server): 200 GET http://10.180.1.21/compute/v2.1/servers/7ccc243f-33c2-4ddb-b37d-a04658d91516 0.052s
2024-08-16 16:50:53.662 62121 INFO tempest.lib.common.rest_client [req-468fae34-6fdc-4716-955a-2078714fac0b req-468fae34-6fdc-4716-955a-2078714fac0b ] Request (AttachInterfacesV270Test:test_create_get_list_interfaces): 200 GET http://10.180.1.21/compute/v2.1/servers/619999ff-161e-4891-b6bb-23f071079384 0.049s
2024-08-16 16:50:53.727 62134 INFO tempest.lib.common.rest_client [req-081fd1ee-f25b-4a82-82ff-2eb30044e32a req-081fd1ee-f25b-4a82-82ff-2eb30044e32a ] Request (ServersTestJSON:test_create_server_specify_multibyte_character_name): 200 GET http://10.180.1.21/compute/v2.1/servers/a4e9e903-e0cf-4161-b98a-2fcc549a7cbe 0.046s
2024-08-16 16:50:53.733 62134 INFO tempest.common.waiters [-] State transition "BUILD/scheduling" ==> "BUILD/None" after 54 second wait
2024-08-16 16:50:53.740 62151 INFO tempest.lib.common.rest_client [req-5deeee83-a729-4656-ab93-26ea5469ef30 req-5deeee83-a729-4656-ab93-26ea5469ef30 ] Request (ServerMetadataNegativeTestJSON:setUpClass): 200 GET http://10.180.1.21/compute/v2.1/servers/de1e9eee-2519-4450-bff6-c7b371bf8411 0.065s
2024-08-16 16:50:53.771 62158 INFO tempest.lib.common.rest_client [req-0a30482f-92c7-404a-acbc-ee8a18dd6bd3 req-0a30482f-92c7-404a-acbc-ee8a18dd6bd3 ] Request (ServerDiskConfigTestJSON:test_rebuild_server_with_auto_disk_config): 200 GET http://10.180.1.21/compute/v2.1/servers/cc0f426b-53e0-4d2d-9d21-ee5580b4e773 0.054s
2024-08-16 16:50:53.803 62128 INFO tempest.lib.common.rest_client [req-ff239a39-c5ea-4e26-b769-408ad0cde91a req-ff239a39-c5ea-4e26-b769-408ad0cde91a ] Request (ListImageFiltersTestJSON:setUpClass): 200 GET http://10.180.1.21/compute/v2.1/servers/ddfc5651-45df-4ffe-8ce3-73c0a1970a03 0.048s
2024-08-16 16:50:53.827 62138 INFO tempest.lib.common.rest_client [req-1e619fb0-6ddf-42fd-870c-aafe9f0e8dcb req-1e619fb0-6ddf-42fd-870c-aafe9f0e8dcb ] Request (ServersTestManualDisk:setUpClass): 200 GET http://10.180.1.21/compute/v2.1/servers/fdda4317-bb73-49ef-bcb0-0165fb48128a 0.060s
2024-08-16 16:50:53.884 62165 INFO tempest.lib.common.rest_client [req-fd4e47ab-4311-45e2-8ba8-f63aa000dc27 req-fd4e47ab-4311-45e2-8ba8-f63aa000dc27 ] Request (ServersNegativeTestMultiTenantJSON:setUpClass): 200 GET http://10.180.1.21/compute/v2.1/servers/afcf7343-1b06-4f77-b78f-3fffc7f680a4 0.045s
2024-08-16 16:50:53.973 62148 INFO tempest.lib.common.rest_client [req-6a0f6a6b-2aa9-428d-bb00-4857cbc9230d req-6a0f6a6b-2aa9-428d-bb00-4857cbc9230d ] Request (ServersAdminTestJSON:setUpClass): 200 GET http://10.180.1.21/compute/v2.1/servers/274affb8-ab59-442b-88aa-be6bae9907bf 0.062s
2024-08-16 16:50:54.041 62108 INFO tempest.lib.common.rest_client [req-adb4cb4f-accd-405c-9d4d-3c9b744adf0d req-adb4cb4f-accd-405c-9d4d-3c9b744adf0d ] Request (ServerShowV257Test:test_rebuild_server): 200 GET http://10.180.1.21/compute/v2.1/servers/2cc6c123-a6ad-4cc0-9346-418815b45c46 0.056s
2024-08-16 16:50:54.075 62130 INFO tempest.lib.common.rest_client [req-56f07b42-7588-44ea-9832-b62b3268c8c8 req-56f07b42-7588-44ea-9832-b62b3268c8c8 ] Request (ServerAddressesNegativeTestJSON:setUpClass): 200 GET http://10.180.1.21/compute/v2.1/servers/008136fb-2cfd-4971-a4c1-568a1f0a835b 0.051s
2024-08-16 16:50:54.113 62112 INFO tempest.lib.common.rest_client [req-c04c751b-a320-41fd-950b-dc6b9652443d req-c04c751b-a320-41fd-950b-dc6b9652443d ] Request (AttachVolumeTestJSON:test_attach_detach_volume): 200 GET http://10.180.1.21/compute/v2.1/servers/fb589280-30a7-41a1-b0d9-105595ba88d9 0.048s
2024-08-16 16:50:54.169 62104 INFO tempest.lib.common.rest_client [req-f3136a75-1930-476c-8f84-fef9a1562747 req-f3136a75-1930-476c-8f84-fef9a1562747 ] Request (VolumesAdminNegativeTest:test_update_attached_volume_with_nonexistent_volume_in_body): 200 GET http://10.180.1.21/compute/v2.1/servers/e2063b08-1037-47ca-a33f-337a832f963d 0.049s
2024-08-16 16:50:54.260 62175 INFO tempest.lib.common.rest_client [req-d45ea246-f9b2-410e-90a0-22d658f17d9a req-d45ea246-f9b2-410e-90a0-22d658f17d9a ] Request (ImagesOneServerTestJSON:setUpClass): 200 GET http://10.180.1.21/compute/v2.1/servers/ea416909-2d8e-4c31-8479-b3b05ac8a724 0.049s
2024-08-16 16:50:54.266 62171 INFO tempest.lib.common.rest_client [req-b533b958-a36d-402e-bff6-c27f1c284326 req-b533b958-a36d-402e-bff6-c27f1c284326 ] Request (DeleteServersAdminTestJSON:test_admin_delete_servers_of_others): 200 GET http://10.180.1.21/compute/v2.1/servers/f9505277-db46-426e-9f90-74a9858b4018 0.060s
2024-08-16 16:50:54.309 62110 INFO tempest.lib.common.rest_client [req-b7d6b9b2-0225-4334-9f2a-35a48eb111fa req-b7d6b9b2-0225-4334-9f2a-35a48eb111fa ] Request (ImagesNegativeTestJSON:test_create_image_from_deleted_server): 200 GET http://10.180.1.21/compute/v2.1/servers/04e30823-a425-44fa-aec0-e0791e558ea8 0.048s
2024-08-16 16:50:54.321 62163 INFO tempest.lib.common.rest_client [req-be907595-68a9-493e-9ef5-95216858579c req-be907595-68a9-493e-9ef5-95216858579c ] Request (MultipleCreateTestJSON:test_multiple_create_with_reservation_return): 200 GET http://10.180.1.21/compute/v2.1/servers/1a91031e-5494-4dd0-8a2c-468df229ab23 0.048s
2024-08-16 16:50:54.357 62126 INFO tempest.lib.common.rest_client [req-e32fcb47-10ef-45b1-b406-743234fbcc1d req-e32fcb47-10ef-45b1-b406-743234fbcc1d ] Request (ServersTestJSON:setUpClass): 200 GET http://10.180.1.21/compute/v2.1/servers/e96d1097-561e-4b21-bf1b-906f1b705aa3 0.044s
2024-08-16 16:50:54.369 62167 INFO tempest.lib.common.rest_client [req-6ea9bc67-ac91-497f-a58f-13e606f2539c req-6ea9bc67-ac91-497f-a58f-13e606f2539c ] Request (ListServersNegativeTestJSON:setUpClass): 200 GET http://10.180.1.21/compute/v2.1/servers/9298adc3-97f6-4097-9c56-abdd3b429a09 0.044s
2024-08-16 16:50:54.409 62116 INFO tempest.lib.common.rest_client [req-843ef711-3b1c-4597-8b78-f1dd00217cc0 req-843ef711-3b1c-4597-8b78-f1dd00217cc0 ] Request (SecurityGroupsTestJSON:test_server_security_groups): 200 GET http://10.180.1.21/compute/v2.1/servers/3f8d6b83-fee3-4902-bd4c-567162871e0a 0.050s
2024-08-16 16:50:54.414 62119 INFO tempest.lib.common.rest_client [req-eadb19ff-1a5b-4ccf-ba09-dd2149841349 req-eadb19ff-1a5b-4ccf-ba09-dd2149841349 ] Request (ServerRescueTestJSONUnderV235:setUpClass): 200 GET http://10.180.1.21/compute/v2.1/servers/0836e6f0-f769-4820-9d32-eac4669e8159 0.045s
2024-08-16 16:50:54.463 62159 INFO tempest.lib.common.rest_client [req-0cf99db7-7834-408d-b4e6-e89e9e6e3d35 req-0cf99db7-7834-408d-b4e6-e89e9e6e3d35 ] Request (InstanceActionsV221TestJSON:test_get_list_deleted_instance_actions): 200 GET http://10.180.1.21/compute/v2.1/servers/ad896ee6-d48b-446a-87b3-7ca76403c39a 0.051s
2024-08-16 16:50:54.471 62140 INFO tempest.lib.common.rest_client [req-65410cad-afec-4cad-8414-ad3cdfc62e9f req-65410cad-afec-4cad-8414-ad3cdfc62e9f ] Request (ImagesOneServerNegativeTestJSON:setUpClass): 200 GET http://10.180.1.21/compute/v2.1/servers/3f47490d-d2a8-4b47-af50-ddcb14dd9af5 0.044s
2024-08-16 16:50:54.509 62124 INFO tempest.lib.common.rest_client [req-1d64edc2-1b04-4152-a37a-f0081854b46e req-1d64edc2-1b04-4152-a37a-f0081854b46e ] Request (ServerActionsV293TestJSON:setUpClass): 200 GET http://10.180.1.21/compute/v2.1/servers/3982b6d1-76a7-4359-a563-fd44c0009858 0.052s
2024-08-16 16:50:54.535 62136 INFO tempest.lib.common.rest_client [req-98bc0bf1-6774-457f-8a13-55d458f44322 req-98bc0bf1-6774-457f-8a13-55d458f44322 ] Request (AttachVolumeShelveTestJSON:test_attach_volume_shelved_or_offload_server): 200 GET http://10.180.1.21/compute/v2.1/servers/8543497e-8f92-4cc0-9352-4edaa9f16dfb 0.047s
2024-08-16 16:50:54.554 62114 INFO tempest.lib.common.rest_client [req-3e78a74f-37bb-4e1a-ae16-10e5f6f2835e req-3e78a74f-37bb-4e1a-ae16-10e5f6f2835e ] Request (ServersTestMultiNic:test_verify_duplicate_network_nics): 200 GET http://10.180.1.21/compute/v2.1/servers/a3205445-7632-43bb-87dd-6459b78d6609 0.055s
2024-08-16 16:50:54.603 62154 INFO tempest.lib.common.rest_client [req-adf54224-efee-44cf-9b9f-5b24af13b589 req-adf54224-efee-44cf-9b9f-5b24af13b589 ] Request (AttachInterfacesTestJSON:test_create_list_show_delete_interfaces_by_fixed_ip): 200 GET http://10.180.1.21/compute/v2.1/servers/2a7e4575-b223-4f04-b424-87e78e329c1c 0.046s
2024-08-16 16:50:54.620 62149 INFO tempest.lib.common.rest_client [req-737472a0-1401-4be2-bb45-7a19873dba66 req-737472a0-1401-4be2-bb45-7a19873dba66 ] Request (ListServerFiltersTestJSON:setUpClass): 200 GET http://10.180.1.21/compute/v2.1/servers/c9a0061e-d69e-4841-9be6-110913e5b174 0.054s
2024-08-16 16:50:54.644 62133 INFO tempest.lib.common.rest_client [req-4eb29220-f287-401e-81a8-a461d249bce5 req-4eb29220-f287-401e-81a8-a461d249bce5 ] Request (MigrationsAdminTest:test_resize_server_revert_deleted_flavor): 200 GET http://10.180.1.21/compute/v2.1/servers/97e6f555-d3b5-43ca-9ea9-7bd30ca918b2 0.048s
2024-08-16 16:50:54.670 62106 INFO tempest.lib.common.rest_client [req-29977c36-4f4e-405c-ae3d-18a8a815de7e req-29977c36-4f4e-405c-ae3d-18a8a815de7e ] Request (AttachInterfacesUnderV243Test:test_add_remove_fixed_ip): 200 GET http://10.180.1.21/compute/v2.1/servers/c48d467c-d006-4d41-8c33-38cd89097fbb 0.064s
2024-08-16 16:50:54.699 62145 INFO tempest.lib.common.rest_client [req-257a5747-e255-43de-b3e3-64bc934020f3 req-257a5747-e255-43de-b3e3-64bc934020f3 ] Request (ImagesTestJSON:test_create_image_from_suspended_server): 200 GET http://10.180.1.21/compute/v2.1/servers/7ccc243f-33c2-4ddb-b37d-a04658d91516 0.051s
2024-08-16 16:50:54.744 62121 INFO tempest.lib.common.rest_client [req-9b282558-00f3-4732-9dda-3e09dab6c0a5 req-9b282558-00f3-4732-9dda-3e09dab6c0a5 ] Request (AttachInterfacesV270Test:test_create_get_list_interfaces): 200 GET http://10.180.1.21/compute/v2.1/servers/619999ff-161e-4891-b6bb-23f071079384 0.072s
2024-08-16 16:50:54.802 62134 INFO tempest.lib.common.rest_client [req-29f67341-15d9-4a99-8fac-ea13607aa1fe req-29f67341-15d9-4a99-8fac-ea13607aa1fe ] Request (ServersTestJSON:test_create_server_specify_multibyte_character_name): 200 GET http://10.180.1.21/compute/v2.1/servers/a4e9e903-e0cf-4161-b98a-2fcc549a7cbe 0.069s
2024-08-16 16:50:54.814 62151 INFO tempest.lib.common.rest_client [req-4c9c9484-6f05-4a65-872f-dceb6f5da8cc req-4c9c9484-6f05-4a65-872f-dceb6f5da8cc ] Request (ServerMetadataNegativeTestJSON:setUpClass): 200 GET http://10.180.1.21/compute/v2.1/servers/de1e9eee-2519-4450-bff6-c7b371bf8411 0.068s
2024-08-16 16:50:54.861 62158 INFO tempest.lib.common.rest_client [req-cfadaf41-4245-4163-ae85-cd99beeead20 req-cfadaf41-4245-4163-ae85-cd99beeead20 ] Request (ServerDiskConfigTestJSON:test_rebuild_server_with_auto_disk_config): 200 GET http://10.180.1.21/compute/v2.1/servers/cc0f426b-53e0-4d2d-9d21-ee5580b4e773 0.083s
2024-08-16 16:50:54.864 62128 INFO tempest.lib.common.rest_client [req-29b731be-7f2a-4ad9-84b4-113228c97cdc req-29b731be-7f2a-4ad9-84b4-113228c97cdc ] Request (ListImageFiltersTestJSON:setUpClass): 200 GET http://10.180.1.21/compute/v2.1/servers/ddfc5651-45df-4ffe-8ce3-73c0a1970a03 0.055s
2024-08-16 16:50:54.912 62138 INFO tempest.lib.common.rest_client [req-330e0fb5-4c41-409a-95ba-12ade72e7313 req-330e0fb5-4c41-409a-95ba-12ade72e7313 ] Request (ServersTestManualDisk:setUpClass): 200 GET http://10.180.1.21/compute/v2.1/servers/fdda4317-bb73-49ef-bcb0-0165fb48128a 0.078s
2024-08-16 16:50:54.947 62165 INFO tempest.lib.common.rest_client [req-161035b9-0e55-4e03-94ec-83a288f6d376 req-161035b9-0e55-4e03-94ec-83a288f6d376 ] Request (ServersNegativeTestMultiTenantJSON:setUpClass): 200 GET http://10.180.1.21/compute/v2.1/servers/afcf7343-1b06-4f77-b78f-3fffc7f680a4 0.056s
2024-08-16 16:50:55.033 62148 INFO tempest.lib.common.rest_client [req-b54aebb9-fdd7-4cb7-9b14-85854fcdb449 req-b54aebb9-fdd7-4cb7-9b14-85854fcdb449 ] Request (ServersAdminTestJSON:setUpClass): 200 GET http://10.180.1.21/compute/v2.1/servers/274affb8-ab59-442b-88aa-be6bae9907bf 0.052s
2024-08-16 16:50:55.112 62108 INFO tempest.lib.common.rest_client [req-c9084f02-82eb-4193-8c89-d6311110b990 req-c9084f02-82eb-4193-8c89-d6311110b990 ] Request (ServerShowV257Test:test_rebuild_server): 200 GET http://10.180.1.21/compute/v2.1/servers/2cc6c123-a6ad-4cc0-9346-418815b45c46 0.059s
2024-08-16 16:50:55.153 62130 INFO tempest.lib.common.rest_client [req-30258eb8-b311-473a-96b2-880741b0d343 req-30258eb8-b311-473a-96b2-880741b0d343 ] Request (ServerAddressesNegativeTestJSON:setUpClass): 200 GET http://10.180.1.21/compute/v2.1/servers/008136fb-2cfd-4971-a4c1-568a1f0a835b 0.071s
2024-08-16 16:50:55.191 62112 INFO tempest.lib.common.rest_client [req-993f5c64-a80b-45c3-8010-667f31ffc002 req-993f5c64-a80b-45c3-8010-667f31ffc002 ] Request (AttachVolumeTestJSON:test_attach_detach_volume): 200 GET http://10.180.1.21/compute/v2.1/servers/fb589280-30a7-41a1-b0d9-105595ba88d9 0.071s
2024-08-16 16:50:55.233 62104 INFO tempest.lib.common.rest_client [req-fce3756f-2e5a-40db-92c9-2946cd7fe45d req-fce3756f-2e5a-40db-92c9-2946cd7fe45d ] Request (VolumesAdminNegativeTest:test_update_attached_volume_with_nonexistent_volume_in_body): 200 GET http://10.180.1.21/compute/v2.1/servers/e2063b08-1037-47ca-a33f-337a832f963d 0.057s
2024-08-16 16:50:55.312 62175 INFO tempest.lib.common.rest_client [req-899c9686-4b96-4284-922e-345ba98bd474 req-899c9686-4b96-4284-922e-345ba98bd474 ] Request (ImagesOneServerTestJSON:setUpClass): 200 GET http://10.180.1.21/compute/v2.1/servers/ea416909-2d8e-4c31-8479-b3b05ac8a724 0.044s
2024-08-16 16:50:55.322 62171 INFO tempest.lib.common.rest_client [req-eb9226b9-68a5-4913-a127-fbf48598b18e req-eb9226b9-68a5-4913-a127-fbf48598b18e ] Request (DeleteServersAdminTestJSON:test_admin_delete_servers_of_others): 200 GET http://10.180.1.21/compute/v2.1/servers/f9505277-db46-426e-9f90-74a9858b4018 0.048s
2024-08-16 16:50:55.361 62110 INFO tempest.lib.common.rest_client [req-210659cd-816e-4ccb-aef5-c8807ed4a91f req-210659cd-816e-4ccb-aef5-c8807ed4a91f ] Request (ImagesNegativeTestJSON:test_create_image_from_deleted_server): 200 GET http://10.180.1.21/compute/v2.1/servers/04e30823-a425-44fa-aec0-e0791e558ea8 0.044s
2024-08-16 16:50:55.374 62163 INFO tempest.lib.common.rest_client [req-9cec8f27-9ced-4b71-a7dc-455d2e79dbaf req-9cec8f27-9ced-4b71-a7dc-455d2e79dbaf ] Request (MultipleCreateTestJSON:test_multiple_create_with_reservation_return): 200 GET http://10.180.1.21/compute/v2.1/servers/1a91031e-5494-4dd0-8a2c-468df229ab23 0.046s
2024-08-16 16:50:55.438 62167 INFO tempest.lib.common.rest_client [req-ba6ae0aa-cd94-47d8-b975-642f85e1f3a9 req-ba6ae0aa-cd94-47d8-b975-642f85e1f3a9 ] Request (ListServersNegativeTestJSON:setUpClass): 200 GET http://10.180.1.21/compute/v2.1/servers/9298adc3-97f6-4097-9c56-abdd3b429a09 0.059s
2024-08-16 16:50:55.444 62126 INFO tempest.lib.common.rest_client [req-4acdd5a9-f609-4fdc-99b5-96f9e7918cf2 req-4acdd5a9-f609-4fdc-99b5-96f9e7918cf2 ] Request (ServersTestJSON:setUpClass): 200 GET http://10.180.1.21/compute/v2.1/servers/e96d1097-561e-4b21-bf1b-906f1b705aa3 0.079s
2024-08-16 16:50:55.485 62119 INFO tempest.lib.common.rest_client [req-aa0d84b4-45bc-4737-82d4-ab1897f14516 req-aa0d84b4-45bc-4737-82d4-ab1897f14516 ] Request (ServerRescueTestJSONUnderV235:setUpClass): 200 GET http://10.180.1.21/compute/v2.1/servers/0836e6f0-f769-4820-9d32-eac4669e8159 0.065s
2024-08-16 16:50:55.490 62116 INFO tempest.lib.common.rest_client [req-636ab082-8674-424a-86d2-b87834d3c165 req-636ab082-8674-424a-86d2-b87834d3c165 ] Request (SecurityGroupsTestJSON:test_server_security_groups): 200 GET http://10.180.1.21/compute/v2.1/servers/3f8d6b83-fee3-4902-bd4c-567162871e0a 0.073s
2024-08-16 16:50:55.532 62140 INFO tempest.lib.common.rest_client [req-9e34f43c-98fc-4a1c-9aa7-0ccfc8c3e5c1 req-9e34f43c-98fc-4a1c-9aa7-0ccfc8c3e5c1 ] Request (ImagesOneServerNegativeTestJSON:setUpClass): 200 GET http://10.180.1.21/compute/v2.1/servers/3f47490d-d2a8-4b47-af50-ddcb14dd9af5 0.053s
2024-08-16 16:50:55.545 62159 INFO tempest.lib.common.rest_client [req-cbfd99fe-2faa-47bf-949a-b2fe7faef211 req-cbfd99fe-2faa-47bf-949a-b2fe7faef211 ] Request (InstanceActionsV221TestJSON:test_get_list_deleted_instance_actions): 200 GET http://10.180.1.21/compute/v2.1/servers/ad896ee6-d48b-446a-87b3-7ca76403c39a 0.074s
2024-08-16 16:50:55.592 62136 INFO tempest.lib.common.rest_client [req-12fef60e-6b52-4dc9-ac55-2ade2c5ece1b req-12fef60e-6b52-4dc9-ac55-2ade2c5ece1b ] Request (AttachVolumeShelveTestJSON:test_attach_volume_shelved_or_offload_server): 200 GET http://10.180.1.21/compute/v2.1/servers/8543497e-8f92-4cc0-9352-4edaa9f16dfb 0.049s
2024-08-16 16:50:55.598 62124 INFO tempest.lib.common.rest_client [req-b35262ac-eac5-43f9-ae10-7e4e50157205 req-b35262ac-eac5-43f9-ae10-7e4e50157205 ] Request (ServerActionsV293TestJSON:setUpClass): 200 GET http://10.180.1.21/compute/v2.1/servers/3982b6d1-76a7-4359-a563-fd44c0009858 0.078s
2024-08-16 16:50:55.640 62114 INFO tempest.lib.common.rest_client [req-09ff720f-769c-442b-b376-e0a4d8cc81f2 req-09ff720f-769c-442b-b376-e0a4d8cc81f2 ] Request (ServersTestMultiNic:test_verify_duplicate_network_nics): 200 GET http://10.180.1.21/compute/v2.1/servers/a3205445-7632-43bb-87dd-6459b78d6609 0.068s
2024-08-16 16:50:55.653 62154 INFO tempest.lib.common.rest_client [req-3ec8d325-68af-48ce-9cfd-905553615159 req-3ec8d325-68af-48ce-9cfd-905553615159 ] Request (AttachInterfacesTestJSON:test_create_list_show_delete_interfaces_by_fixed_ip): 200 GET http://10.180.1.21/compute/v2.1/servers/2a7e4575-b223-4f04-b424-87e78e329c1c 0.044s
2024-08-16 16:50:55.683 62149 INFO tempest.lib.common.rest_client [req-1e5113db-e07f-4115-af10-6f3ae753d99f req-1e5113db-e07f-4115-af10-6f3ae753d99f ] Request (ListServerFiltersTestJSON:setUpClass): 200 GET http://10.180.1.21/compute/v2.1/servers/c9a0061e-d69e-4841-9be6-110913e5b174 0.056s
2024-08-16 16:50:55.704 62133 INFO tempest.lib.common.rest_client [req-5b7efd44-0235-44a9-87cc-24acfbd40550 req-5b7efd44-0235-44a9-87cc-24acfbd40550 ] Request (MigrationsAdminTest:test_resize_server_revert_deleted_flavor): 200 GET http://10.180.1.21/compute/v2.1/servers/97e6f555-d3b5-43ca-9ea9-7bd30ca918b2 0.053s
2024-08-16 16:50:55.723 62106 INFO tempest.lib.common.rest_client [req-28a02fc2-a1df-4b5e-9bd2-da0e54a932c8 req-28a02fc2-a1df-4b5e-9bd2-da0e54a932c8 ] Request (AttachInterfacesUnderV243Test:test_add_remove_fixed_ip): 200 GET http://10.180.1.21/compute/v2.1/servers/c48d467c-d006-4d41-8c33-38cd89097fbb 0.046s
2024-08-16 16:50:55.751 62145 INFO tempest.lib.common.rest_client [req-cf6b01cd-14c5-4fea-9bba-aa3d93603e07 req-cf6b01cd-14c5-4fea-9bba-aa3d93603e07 ] Request (ImagesTestJSON:test_create_image_from_suspended_server): 200 GET http://10.180.1.21/compute/v2.1/servers/7ccc243f-33c2-4ddb-b37d-a04658d91516 0.045s
2024-08-16 16:50:55.820 62121 INFO tempest.lib.common.rest_client [req-beb68ab2-0425-4fdc-8dcf-39a8b168f8f0 req-beb68ab2-0425-4fdc-8dcf-39a8b168f8f0 ] Request (AttachInterfacesV270Test:test_create_get_list_interfaces): 200 GET http://10.180.1.21/compute/v2.1/servers/619999ff-161e-4891-b6bb-23f071079384 0.067s
2024-08-16 16:50:55.855 62134 INFO tempest.lib.common.rest_client [req-937d7238-2878-4317-a625-07c79db60fbe req-937d7238-2878-4317-a625-07c79db60fbe ] Request (ServersTestJSON:test_create_server_specify_multibyte_character_name): 200 GET http://10.180.1.21/compute/v2.1/servers/a4e9e903-e0cf-4161-b98a-2fcc549a7cbe 0.044s
2024-08-16 16:50:55.915 62158 INFO tempest.lib.common.rest_client [req-158e7a2e-f2bd-48c5-9239-9f0911b3af95 req-158e7a2e-f2bd-48c5-9239-9f0911b3af95 ] Request (ServerDiskConfigTestJSON:test_rebuild_server_with_auto_disk_config): 200 GET http://10.180.1.21/compute/v2.1/servers/cc0f426b-53e0-4d2d-9d21-ee5580b4e773 0.045s
2024-08-16 16:50:55.963 62128 INFO tempest.lib.common.rest_client [req-0e7316d6-bc38-4222-b9e6-0281469ebdb2 req-0e7316d6-bc38-4222-b9e6-0281469ebdb2 ] Request (ListImageFiltersTestJSON:setUpClass): 200 GET http://10.180.1.21/compute/v2.1/servers/ddfc5651-45df-4ffe-8ce3-73c0a1970a03 0.092s
2024-08-16 16:50:56.007 62138 INFO tempest.lib.common.rest_client [req-10494ad9-efd7-4bc0-9463-87944f3dee88 req-10494ad9-efd7-4bc0-9463-87944f3dee88 ] Request (ServersTestManualDisk:setUpClass): 200 GET http://10.180.1.21/compute/v2.1/servers/fdda4317-bb73-49ef-bcb0-0165fb48128a 0.088s
2024-08-16 16:50:56.047 62165 INFO tempest.lib.common.rest_client [req-49d05338-86e7-4466-a495-e96123fd858b req-49d05338-86e7-4466-a495-e96123fd858b ] Request (ServersNegativeTestMultiTenantJSON:setUpClass): 200 GET http://10.180.1.21/compute/v2.1/servers/afcf7343-1b06-4f77-b78f-3fffc7f680a4 0.092s
2024-08-16 16:50:56.060 62151 INFO tempest.lib.common.rest_client [req-b3a3c421-8de7-40ee-8c22-911a2e236c66 req-b3a3c421-8de7-40ee-8c22-911a2e236c66 ] Request (ServerMetadataNegativeTestJSON:setUpClass): 200 GET http://10.180.1.21/compute/v2.1/servers/de1e9eee-2519-4450-bff6-c7b371bf8411 0.239s
2024-08-16 16:50:56.099 62148 INFO tempest.lib.common.rest_client [req-debc8b99-4c9d-4a83-9c9f-0e6f12dec52d req-debc8b99-4c9d-4a83-9c9f-0e6f12dec52d ] Request (ServersAdminTestJSON:setUpClass): 200 GET http://10.180.1.21/compute/v2.1/servers/274affb8-ab59-442b-88aa-be6bae9907bf 0.058s
2024-08-16 16:50:56.169 62108 INFO tempest.lib.common.rest_client [req-397a4e18-58fa-4aab-b1b4-38fb9c97916b req-397a4e18-58fa-4aab-b1b4-38fb9c97916b ] Request (ServerShowV257Test:test_rebuild_server): 200 GET http://10.180.1.21/compute/v2.1/servers/2cc6c123-a6ad-4cc0-9346-418815b45c46 0.048s
2024-08-16 16:50:56.214 62130 INFO tempest.lib.common.rest_client [req-f25b72f1-212e-495a-b559-95bbb1afaa55 req-f25b72f1-212e-495a-b559-95bbb1afaa55 ] Request (ServerAddressesNegativeTestJSON:setUpClass): 200 GET http://10.180.1.21/compute/v2.1/servers/008136fb-2cfd-4971-a4c1-568a1f0a835b 0.052s
2024-08-16 16:50:56.246 62112 INFO tempest.lib.common.rest_client [req-f49766c0-9980-475b-b0e6-d2d04a6989e8 req-f49766c0-9980-475b-b0e6-d2d04a6989e8 ] Request (AttachVolumeTestJSON:test_attach_detach_volume): 200 GET http://10.180.1.21/compute/v2.1/servers/fb589280-30a7-41a1-b0d9-105595ba88d9 0.048s
2024-08-16 16:50:56.293 62104 INFO tempest.lib.common.rest_client [req-2075ce00-491e-4d06-b67a-8baea13ef0c9 req-2075ce00-491e-4d06-b67a-8baea13ef0c9 ] Request (VolumesAdminNegativeTest:test_update_attached_volume_with_nonexistent_volume_in_body): 200 GET http://10.180.1.21/compute/v2.1/servers/e2063b08-1037-47ca-a33f-337a832f963d 0.052s
2024-08-16 16:50:56.365 62175 INFO tempest.lib.common.rest_client [req-ebeb57e8-fd03-4218-834c-b86f18ad846f req-ebeb57e8-fd03-4218-834c-b86f18ad846f ] Request (ImagesOneServerTestJSON:setUpClass): 200 GET http://10.180.1.21/compute/v2.1/servers/ea416909-2d8e-4c31-8479-b3b05ac8a724 0.046s
2024-08-16 16:50:56.376 62171 INFO tempest.lib.common.rest_client [req-216a77c9-9a9f-4328-b86c-877ebd7756ec req-216a77c9-9a9f-4328-b86c-877ebd7756ec ] Request (DeleteServersAdminTestJSON:test_admin_delete_servers_of_others): 200 GET http://10.180.1.21/compute/v2.1/servers/f9505277-db46-426e-9f90-74a9858b4018 0.047s
2024-08-16 16:50:56.418 62110 INFO tempest.lib.common.rest_client [req-f10e9b0e-ec0c-4803-ab94-a6ad3c358061 req-f10e9b0e-ec0c-4803-ab94-a6ad3c358061 ] Request (ImagesNegativeTestJSON:test_create_image_from_deleted_server): 200 GET http://10.180.1.21/compute/v2.1/servers/04e30823-a425-44fa-aec0-e0791e558ea8 0.043s
2024-08-16 16:50:56.427 62163 INFO tempest.lib.common.rest_client [req-7915a13f-e3ea-4570-8b5a-afb3b19f9b5b req-7915a13f-e3ea-4570-8b5a-afb3b19f9b5b ] Request (MultipleCreateTestJSON:test_multiple_create_with_reservation_return): 200 GET http://10.180.1.21/compute/v2.1/servers/1a91031e-5494-4dd0-8a2c-468df229ab23 0.046s
2024-08-16 16:50:56.493 62167 INFO tempest.lib.common.rest_client [req-e3f33ca5-0026-44be-816d-4c10eb43487f req-e3f33ca5-0026-44be-816d-4c10eb43487f ] Request (ListServersNegativeTestJSON:setUpClass): 200 GET http://10.180.1.21/compute/v2.1/servers/9298adc3-97f6-4097-9c56-abdd3b429a09 0.048s
2024-08-16 16:50:56.497 62126 INFO tempest.lib.common.rest_client [req-bbf4ff3b-815d-4442-98fa-a3463f7792c8 req-bbf4ff3b-815d-4442-98fa-a3463f7792c8 ] Request (ServersTestJSON:setUpClass): 200 GET http://10.180.1.21/compute/v2.1/servers/e96d1097-561e-4b21-bf1b-906f1b705aa3 0.046s
2024-08-16 16:50:56.539 62116 INFO tempest.lib.common.rest_client [req-8e990d84-510a-4dc3-acb7-cfa3a6fccb62 req-8e990d84-510a-4dc3-acb7-cfa3a6fccb62 ] Request (SecurityGroupsTestJSON:test_server_security_groups): 200 GET http://10.180.1.21/compute/v2.1/servers/3f8d6b83-fee3-4902-bd4c-567162871e0a 0.042s
2024-08-16 16:50:56.544 62119 INFO tempest.lib.common.rest_client [req-d5eb940b-2fb5-4a47-918d-ef45d33ba9ea req-d5eb940b-2fb5-4a47-918d-ef45d33ba9ea ] Request (ServerRescueTestJSONUnderV235:setUpClass): 200 GET http://10.180.1.21/compute/v2.1/servers/0836e6f0-f769-4820-9d32-eac4669e8159 0.051s
2024-08-16 16:50:56.581 62140 INFO tempest.lib.common.rest_client [req-8e01a10f-2d92-4f82-a2f2-2023fa482288 req-8e01a10f-2d92-4f82-a2f2-2023fa482288 ] Request (ImagesOneServerNegativeTestJSON:setUpClass): 200 GET http://10.180.1.21/compute/v2.1/servers/3f47490d-d2a8-4b47-af50-ddcb14dd9af5 0.042s
2024-08-16 16:50:56.605 62159 INFO tempest.lib.common.rest_client [req-ccdc4d06-8ca7-4a85-9e00-6e89ead58c28 req-ccdc4d06-8ca7-4a85-9e00-6e89ead58c28 ] Request (InstanceActionsV221TestJSON:test_get_list_deleted_instance_actions): 200 GET http://10.180.1.21/compute/v2.1/servers/ad896ee6-d48b-446a-87b3-7ca76403c39a 0.044s
2024-08-16 16:50:56.663 62124 INFO tempest.lib.common.rest_client [req-c226ae09-d050-4a4e-a0bd-5e1577f3d278 req-c226ae09-d050-4a4e-a0bd-5e1577f3d278 ] Request (ServerActionsV293TestJSON:setUpClass): 200 GET http://10.180.1.21/compute/v2.1/servers/3982b6d1-76a7-4359-a563-fd44c0009858 0.052s
2024-08-16 16:50:56.664 62136 INFO tempest.lib.common.rest_client [req-28899370-e4b4-430b-803b-2c7017af4897 req-28899370-e4b4-430b-803b-2c7017af4897 ] Request (AttachVolumeShelveTestJSON:test_attach_volume_shelved_or_offload_server): 200 GET http://10.180.1.21/compute/v2.1/servers/8543497e-8f92-4cc0-9352-4edaa9f16dfb 0.053s
2024-08-16 16:50:56.704 62114 INFO tempest.lib.common.rest_client [req-a25dc3ca-8231-4f9e-9e56-5b218035ee7c req-a25dc3ca-8231-4f9e-9e56-5b218035ee7c ] Request (ServersTestMultiNic:test_verify_duplicate_network_nics): 200 GET http://10.180.1.21/compute/v2.1/servers/a3205445-7632-43bb-87dd-6459b78d6609 0.057s
2024-08-16 16:50:56.715 62154 INFO tempest.lib.common.rest_client [req-97d59660-7501-4f4c-b4e9-3cd24b18f64c req-97d59660-7501-4f4c-b4e9-3cd24b18f64c ] Request (AttachInterfacesTestJSON:test_create_list_show_delete_interfaces_by_fixed_ip): 200 GET http://10.180.1.21/compute/v2.1/servers/2a7e4575-b223-4f04-b424-87e78e329c1c 0.055s
2024-08-16 16:50:56.722 62154 INFO tempest.common.waiters [-] State transition "BUILD/None" ==> "BUILD/networking" after 58 second wait
2024-08-16 16:50:56.747 62149 INFO tempest.lib.common.rest_client [req-29162159-88b0-4bab-baa9-32967e171b24 req-29162159-88b0-4bab-baa9-32967e171b24 ] Request (ListServerFiltersTestJSON:setUpClass): 200 GET http://10.180.1.21/compute/v2.1/servers/c9a0061e-d69e-4841-9be6-110913e5b174 0.058s
2024-08-16 16:50:56.761 62133 INFO tempest.lib.common.rest_client [req-09b936c5-5f23-436c-85ad-0d957e2faeb3 req-09b936c5-5f23-436c-85ad-0d957e2faeb3 ] Request (MigrationsAdminTest:test_resize_server_revert_deleted_flavor): 200 GET http://10.180.1.21/compute/v2.1/servers/97e6f555-d3b5-43ca-9ea9-7bd30ca918b2 0.049s
2024-08-16 16:50:56.810 62145 INFO tempest.lib.common.rest_client [req-2ebff712-a357-4c92-a8d1-3840c57cc002 req-2ebff712-a357-4c92-a8d1-3840c57cc002 ] Request (ImagesTestJSON:test_create_image_from_suspended_server): 200 GET http://10.180.1.21/compute/v2.1/servers/7ccc243f-33c2-4ddb-b37d-a04658d91516 0.052s
2024-08-16 16:50:56.812 62106 INFO tempest.lib.common.rest_client [req-b8a486b9-f93e-4847-a557-0dedcca031e8 req-b8a486b9-f93e-4847-a557-0dedcca031e8 ] Request (AttachInterfacesUnderV243Test:test_add_remove_fixed_ip): 200 GET http://10.180.1.21/compute/v2.1/servers/c48d467c-d006-4d41-8c33-38cd89097fbb 0.081s
2024-08-16 16:50:56.879 62121 INFO tempest.lib.common.rest_client [req-ab737eaa-9e04-4149-9281-a3dc76eec687 req-ab737eaa-9e04-4149-9281-a3dc76eec687 ] Request (AttachInterfacesV270Test:test_create_get_list_interfaces): 200 GET http://10.180.1.21/compute/v2.1/servers/619999ff-161e-4891-b6bb-23f071079384 0.050s
2024-08-16 16:50:56.909 62134 INFO tempest.lib.common.rest_client [req-14c1962d-e73c-408c-a210-216fba949a6b req-14c1962d-e73c-408c-a210-216fba949a6b ] Request (ServersTestJSON:test_create_server_specify_multibyte_character_name): 200 GET http://10.180.1.21/compute/v2.1/servers/a4e9e903-e0cf-4161-b98a-2fcc549a7cbe 0.048s
2024-08-16 16:50:56.982 62158 INFO tempest.lib.common.rest_client [req-6dd646a4-3347-44d0-ae31-197a63d808e1 req-6dd646a4-3347-44d0-ae31-197a63d808e1 ] Request (ServerDiskConfigTestJSON:test_rebuild_server_with_auto_disk_config): 200 GET http://10.180.1.21/compute/v2.1/servers/cc0f426b-53e0-4d2d-9d21-ee5580b4e773 0.061s
2024-08-16 16:50:57.042 62128 INFO tempest.lib.common.rest_client [req-bc786b5e-2004-4737-8fa8-d03eb4bbf0bb req-bc786b5e-2004-4737-8fa8-d03eb4bbf0bb ] Request (ListImageFiltersTestJSON:setUpClass): 200 GET http://10.180.1.21/compute/v2.1/servers/ddfc5651-45df-4ffe-8ce3-73c0a1970a03 0.072s
2024-08-16 16:50:57.048 62128 INFO tempest.common.waiters [-] State transition "BUILD/spawning" ==> "ERROR/None" after 76 second wait
2024-08-16 16:50:57.070 62138 INFO tempest.lib.common.rest_client [req-d452ee0e-423d-40aa-9698-78b92a053f91 req-d452ee0e-423d-40aa-9698-78b92a053f91 ] Request (ServersTestManualDisk:setUpClass): 200 GET http://10.180.1.21/compute/v2.1/servers/fdda4317-bb73-49ef-bcb0-0165fb48128a 0.057s
2024-08-16 16:50:57.125 62165 INFO tempest.lib.common.rest_client [req-d72e8bb0-d98f-4572-83e0-1a3ed7cfac44 req-d72e8bb0-d98f-4572-83e0-1a3ed7cfac44 ] Request (ServersNegativeTestMultiTenantJSON:setUpClass): 200 GET http://10.180.1.21/compute/v2.1/servers/afcf7343-1b06-4f77-b78f-3fffc7f680a4 0.071s
2024-08-16 16:50:57.176 62151 INFO tempest.lib.common.rest_client [req-dacbcdc1-e1bf-4774-be47-eecd4a92ad60 req-dacbcdc1-e1bf-4774-be47-eecd4a92ad60 ] Request (ServerMetadataNegativeTestJSON:setUpClass): 200 GET http://10.180.1.21/compute/v2.1/servers/de1e9eee-2519-4450-bff6-c7b371bf8411 0.108s
2024-08-16 16:50:57.224 62128 INFO tempest.lib.common.rest_client [req-496f7c1f-0747-4c25-b967-a9a9f19254f1 req-496f7c1f-0747-4c25-b967-a9a9f19254f1 ] Request (ListImageFiltersTestJSON:setUpClass): 204 DELETE http://10.180.1.21/compute/v2.1/servers/ddfc5651-45df-4ffe-8ce3-73c0a1970a03 0.176s
2024-08-16 16:50:57.237 62148 INFO tempest.lib.common.rest_client [req-ed3c7bfb-4c1f-4acd-bd0e-3b409a541e46 req-ed3c7bfb-4c1f-4acd-bd0e-3b409a541e46 ] Request (ServersAdminTestJSON:setUpClass): 200 GET http://10.180.1.21/compute/v2.1/servers/274affb8-ab59-442b-88aa-be6bae9907bf 0.131s
2024-08-16 16:50:57.274 62108 INFO tempest.lib.common.rest_client [req-4eac660f-acd7-4a97-a415-b82d99d51b0c req-4eac660f-acd7-4a97-a415-b82d99d51b0c ] Request (ServerShowV257Test:test_rebuild_server): 200 GET http://10.180.1.21/compute/v2.1/servers/2cc6c123-a6ad-4cc0-9346-418815b45c46 0.094s
2024-08-16 16:50:57.290 62130 INFO tempest.lib.common.rest_client [req-6a456efc-1a85-4091-b3de-1ea586c4b6cc req-6a456efc-1a85-4091-b3de-1ea586c4b6cc ] Request (ServerAddressesNegativeTestJSON:setUpClass): 200 GET http://10.180.1.21/compute/v2.1/servers/008136fb-2cfd-4971-a4c1-568a1f0a835b 0.069s
2024-08-16 16:50:57.296 62128 INFO tempest.lib.common.rest_client [req-92a37a84-21b7-4b1a-9fcd-6c500c5457b5 req-92a37a84-21b7-4b1a-9fcd-6c500c5457b5 ] Request (ListImageFiltersTestJSON:setUpClass): 404 GET http://10.180.1.21/compute/v2.1/servers/ddfc5651-45df-4ffe-8ce3-73c0a1970a03 0.072s
2024-08-16 16:50:57.297 62128 INFO tempest.test [-] raised in ListImageFiltersTestJSON.setUpClass. Invoking tearDownClass.
2024-08-16 16:50:57.347 62112 INFO tempest.lib.common.rest_client [req-141ec813-a040-4c2b-973e-55d19370b39d req-141ec813-a040-4c2b-973e-55d19370b39d ] Request (AttachVolumeTestJSON:test_attach_detach_volume): 200 GET http://10.180.1.21/compute/v2.1/servers/fb589280-30a7-41a1-b0d9-105595ba88d9 0.094s
2024-08-16 16:50:57.406 62104 INFO tempest.lib.common.rest_client [req-332a5ca1-96fc-4e97-97d5-e56aba2807c7 req-332a5ca1-96fc-4e97-97d5-e56aba2807c7 ] Request (VolumesAdminNegativeTest:test_update_attached_volume_with_nonexistent_volume_in_body): 200 GET http://10.180.1.21/compute/v2.1/servers/e2063b08-1037-47ca-a33f-337a832f963d 0.106s
2024-08-16 16:50:57.451 62175 INFO tempest.lib.common.rest_client [req-820e85ea-30de-4976-9fae-4e90b701eae6 req-820e85ea-30de-4976-9fae-4e90b701eae6 ] Request (ImagesOneServerTestJSON:setUpClass): 200 GET http://10.180.1.21/compute/v2.1/servers/ea416909-2d8e-4c31-8479-b3b05ac8a724 0.079s
2024-08-16 16:50:57.493 62171 INFO tempest.lib.common.rest_client [req-2961c8b2-e182-4323-8327-1a3609bbca37 req-2961c8b2-e182-4323-8327-1a3609bbca37 ] Request (DeleteServersAdminTestJSON:test_admin_delete_servers_of_others): 200 GET http://10.180.1.21/compute/v2.1/servers/f9505277-db46-426e-9f90-74a9858b4018 0.110s
2024-08-16 16:50:57.497 62128 INFO tempest.lib.common.rest_client [req-b8913cd7-a251-4614-be77-be7d86b0caeb req-b8913cd7-a251-4614-be77-be7d86b0caeb ] Request (ListImageFiltersTestJSON:tearDownClass): 204 DELETE http://10.180.1.21/compute/v2.1/servers/00df1edc-364a-4cef-8343-5e7d292f5a28 0.200s
2024-08-16 16:50:57.540 62110 INFO tempest.lib.common.rest_client [req-24a7bcad-9f27-4511-8311-2e3731717f49 req-24a7bcad-9f27-4511-8311-2e3731717f49 ] Request (ImagesNegativeTestJSON:test_create_image_from_deleted_server): 200 GET http://10.180.1.21/compute/v2.1/servers/04e30823-a425-44fa-aec0-e0791e558ea8 0.115s
2024-08-16 16:50:57.545 62163 INFO tempest.lib.common.rest_client [req-a014bfbc-745d-4870-bf64-b8f0cd164bb5 req-a014bfbc-745d-4870-bf64-b8f0cd164bb5 ] Request (MultipleCreateTestJSON:test_multiple_create_with_reservation_return): 200 GET http://10.180.1.21/compute/v2.1/servers/1a91031e-5494-4dd0-8a2c-468df229ab23 0.111s
2024-08-16 16:50:57.565 62128 INFO tempest.lib.common.rest_client [req-adec83e7-cdb8-4257-859d-4d978339607a req-adec83e7-cdb8-4257-859d-4d978339607a ] Request (ListImageFiltersTestJSON:tearDownClass): 404 GET http://10.180.1.21/compute/v2.1/servers/00df1edc-364a-4cef-8343-5e7d292f5a28 0.068s
2024-08-16 16:50:57.594 62167 INFO tempest.lib.common.rest_client [req-8ee35d37-2af1-4a62-b100-7dd6200168e6 req-8ee35d37-2af1-4a62-b100-7dd6200168e6 ] Request (ListServersNegativeTestJSON:setUpClass): 200 GET http://10.180.1.21/compute/v2.1/servers/9298adc3-97f6-4097-9c56-abdd3b429a09 0.093s
2024-08-16 16:50:57.607 62126 INFO tempest.lib.common.rest_client [req-70250033-7a5c-400b-83f0-c2d83ca3d62b req-70250033-7a5c-400b-83f0-c2d83ca3d62b ] Request (ServersTestJSON:setUpClass): 200 GET http://10.180.1.21/compute/v2.1/servers/e96d1097-561e-4b21-bf1b-906f1b705aa3 0.103s
2024-08-16 16:50:57.638 62116 INFO tempest.lib.common.rest_client [req-16b95b18-1436-47ee-a69a-1e16f738f0b7 req-16b95b18-1436-47ee-a69a-1e16f738f0b7 ] Request (SecurityGroupsTestJSON:test_server_security_groups): 200 GET http://10.180.1.21/compute/v2.1/servers/3f8d6b83-fee3-4902-bd4c-567162871e0a 0.092s
2024-08-16 16:50:57.648 62119 INFO tempest.lib.common.rest_client [req-a9d89656-1e43-4379-a473-b9114e3dd1a3 req-a9d89656-1e43-4379-a473-b9114e3dd1a3 ] Request (ServerRescueTestJSONUnderV235:setUpClass): 200 GET http://10.180.1.21/compute/v2.1/servers/0836e6f0-f769-4820-9d32-eac4669e8159 0.096s
2024-08-16 16:50:57.691 62140 INFO tempest.lib.common.rest_client [req-d9727562-e958-46bc-b678-fefb9870314b req-d9727562-e958-46bc-b678-fefb9870314b ] Request (ImagesOneServerNegativeTestJSON:setUpClass): 200 GET http://10.180.1.21/compute/v2.1/servers/3f47490d-d2a8-4b47-af50-ddcb14dd9af5 0.103s
2024-08-16 16:50:57.702 62128 INFO tempest.lib.common.rest_client [req-a0144fe1-4358-4f25-887a-970dccf81c20 req-a0144fe1-4358-4f25-887a-970dccf81c20 ] Request (ListImageFiltersTestJSON:tearDownClass): 204 DELETE http://10.180.1.21/compute/v2.1/images/1b3d725c-5d96-4d5c-94a1-236e5bf5a132 0.136s
2024-08-16 16:50:57.735 62159 INFO tempest.lib.common.rest_client [req-4fdc6448-1a47-4f9a-bac7-8546933dbaa1 req-4fdc6448-1a47-4f9a-bac7-8546933dbaa1 ] Request (InstanceActionsV221TestJSON:test_get_list_deleted_instance_actions): 200 GET http://10.180.1.21/compute/v2.1/servers/ad896ee6-d48b-446a-87b3-7ca76403c39a 0.122s
2024-08-16 16:50:57.753 62136 INFO tempest.lib.common.rest_client [req-e397d603-f636-4d7f-9214-0c4f36a70714 req-e397d603-f636-4d7f-9214-0c4f36a70714 ] Request (AttachVolumeShelveTestJSON:test_attach_volume_shelved_or_offload_server): 200 GET http://10.180.1.21/compute/v2.1/servers/8543497e-8f92-4cc0-9352-4edaa9f16dfb 0.080s
2024-08-16 16:50:57.791 62124 INFO tempest.lib.common.rest_client [req-467b663d-1b96-4c81-8f20-c336f3bd4520 req-467b663d-1b96-4c81-8f20-c336f3bd4520 ] Request (ServerActionsV293TestJSON:setUpClass): 200 GET http://10.180.1.21/compute/v2.1/servers/3982b6d1-76a7-4359-a563-fd44c0009858 0.118s
2024-08-16 16:50:57.809 62128 INFO tempest.lib.common.rest_client [req-fbec04a3-c768-416e-8805-a07e401851d5 req-fbec04a3-c768-416e-8805-a07e401851d5 ] Request (ListImageFiltersTestJSON:tearDownClass): 204 DELETE http://10.180.1.21/compute/v2.1/images/6b534540-e925-42b4-b7f1-cb0ecc27dfc6 0.107s
2024-08-16 16:50:57.839 62114 INFO tempest.lib.common.rest_client [req-de4f36d5-2648-4cc0-a1c6-c7f14cbfa421 req-de4f36d5-2648-4cc0-a1c6-c7f14cbfa421 ] Request (ServersTestMultiNic:test_verify_duplicate_network_nics): 200 GET http://10.180.1.21/compute/v2.1/servers/a3205445-7632-43bb-87dd-6459b78d6609 0.127s
2024-08-16 16:50:57.906 62149 INFO tempest.lib.common.rest_client [req-d59908ac-6c00-48a6-b584-5c38d2288751 req-d59908ac-6c00-48a6-b584-5c38d2288751 ] Request (ListServerFiltersTestJSON:setUpClass): 200 GET http://10.180.1.21/compute/v2.1/servers/c9a0061e-d69e-4841-9be6-110913e5b174 0.150s
2024-08-16 16:50:57.937 62154 INFO tempest.lib.common.rest_client [req-b783049e-d0f3-4a13-8fda-a319721e0137 req-b783049e-d0f3-4a13-8fda-a319721e0137 ] Request (AttachInterfacesTestJSON:test_create_list_show_delete_interfaces_by_fixed_ip): 200 GET http://10.180.1.21/compute/v2.1/servers/2a7e4575-b223-4f04-b424-87e78e329c1c 0.212s
2024-08-16 16:50:57.943 62154 INFO tempest.common.waiters [-] State transition "BUILD/networking" ==> "BUILD/spawning" after 59 second wait
2024-08-16 16:50:57.979 62133 INFO tempest.lib.common.rest_client [req-420ffbf4-0b5e-473b-8b1d-14b2b0cc45c9 req-420ffbf4-0b5e-473b-8b1d-14b2b0cc45c9 ] Request (MigrationsAdminTest:test_resize_server_revert_deleted_flavor): 200 GET http://10.180.1.21/compute/v2.1/servers/97e6f555-d3b5-43ca-9ea9-7bd30ca918b2 0.211s
2024-08-16 16:50:57.995 62128 INFO tempest.lib.common.rest_client [req-bff1ad37-718b-4d37-ba5d-2a1fabf4935b req-bff1ad37-718b-4d37-ba5d-2a1fabf4935b ] Request (ListImageFiltersTestJSON:tearDownClass): 204 DELETE http://10.180.1.21/compute/v2.1/images/efa4247c-e54b-47c4-b250-a2e3143144e2 0.185s
2024-08-16 16:50:58.045 62145 INFO tempest.lib.common.rest_client [req-2f43b175-9b94-4ca3-8dbc-a5b729828443 req-2f43b175-9b94-4ca3-8dbc-a5b729828443 ] Request (ImagesTestJSON:test_create_image_from_suspended_server): 200 GET http://10.180.1.21/compute/v2.1/servers/7ccc243f-33c2-4ddb-b37d-a04658d91516 0.228s
