2024-08-16 16:51:08.202 62119 INFO tempest.lib.common.rest_client [req-32243b15-a98a-402d-9c44-e53d0f782098 req-32243b15-a98a-402d-9c44-e53d0f782098 ] Request (ServerRescueTestJSONUnderV235:setUpClass): 200 GET http://10.180.1.21/compute/v2.1/servers/0836e6f0-f769-4820-9d32-eac4669e8159 0.545s
2024-08-16 16:51:08.212 62140 INFO tempest.lib.common.rest_client [req-64741ce8-a94f-4ab7-8886-b85cc22b5228 req-64741ce8-a94f-4ab7-8886-b85cc22b5228 ] Request (ImagesOneServerNegativeTestJSON:setUpClass): 200 GET http://10.180.1.21/compute/v2.1/servers/3f47490d-d2a8-4b47-af50-ddcb14dd9af5 0.538s
2024-08-16 16:51:08.251 62128 INFO tempest.lib.common.rest_client [req-f1038f7c-379e-4ff4-89f0-22f7468a2c00 req-f1038f7c-379e-4ff4-89f0-22f7468a2c00 ] Request (ServerPasswordTestJSON:setUpClass): 200 GET http://10.180.1.21/compute/v2.1/servers/efeac2f1-7d2d-46a7-b05f-18407eda610d 0.543s
2024-08-16 16:51:08.258 62159 INFO tempest.lib.common.rest_client [req-2b6b2c80-eea7-49ee-9b91-a8418ded6684 req-2b6b2c80-eea7-49ee-9b91-a8418ded6684 ] Request (InstanceActionsV221TestJSON:test_get_list_deleted_instance_actions): 200 GET http://10.180.1.21/compute/v2.1/servers/ad896ee6-d48b-446a-87b3-7ca76403c39a 0.525s
2024-08-16 16:51:08.286 62126 INFO tempest.lib.common.rest_client [req-f4f5b048-9a1e-4823-b5a5-64933440765a req-f4f5b048-9a1e-4823-b5a5-64933440765a ] Request (ServersTestJSON:tearDownClass): 204 DELETE http://10.180.1.21/identity/v3/users/2ad977c37e4e4f91b8afe8c1f99aea39 0.156s
2024-08-16 16:51:08.286 62126 INFO tempest.lib.common.dynamic_creds [-] Deleting project and security group for project: beebe971b9194b7197c22e95f7f938f9
2024-08-16 16:51:08.305 62136 INFO tempest.lib.common.rest_client [req-751bc073-1160-4dae-9b5f-7aabd6554edd req-751bc073-1160-4dae-9b5f-7aabd6554edd ] Request (AttachVolumeShelveTestJSON:test_attach_volume_shelved_or_offload_server): 200 GET http://10.180.1.21/compute/v2.1/servers/8543497e-8f92-4cc0-9352-4edaa9f16dfb 0.528s
2024-08-16 16:51:08.315 62124 INFO tempest.lib.common.rest_client [req-5b37a7b4-e218-499b-bd5d-a5647d2a24c2 req-5b37a7b4-e218-499b-bd5d-a5647d2a24c2 ] Request (ServerActionsV293TestJSON:setUpClass): 200 GET http://10.180.1.21/compute/v2.1/servers/3982b6d1-76a7-4359-a563-fd44c0009858 0.471s
2024-08-16 16:51:08.343 62126 INFO tempest.lib.common.rest_client [req-eca91bff-cb93-4e1e-bb53-3d86a04a7b7b req-eca91bff-cb93-4e1e-bb53-3d86a04a7b7b ] Request (ServersTestJSON:tearDownClass): 200 GET http://10.180.1.21:9696/networking/v2.0/security-groups?tenant_id=beebe971b9194b7197c22e95f7f938f9&name=default 0.057s
2024-08-16 16:51:08.358 62114 INFO tempest.lib.common.rest_client [req-e39332d5-92e5-4420-899d-7f702de3b47d req-e39332d5-92e5-4420-899d-7f702de3b47d ] Request (ServersTestMultiNic:test_verify_duplicate_network_nics): 200 GET http://10.180.1.21/compute/v2.1/servers/a3205445-7632-43bb-87dd-6459b78d6609 0.486s
2024-08-16 16:51:08.370 62149 INFO tempest.lib.common.rest_client [req-a411b33e-cff3-42c0-ad17-05e957827b2c req-a411b33e-cff3-42c0-ad17-05e957827b2c ] Request (ListServerFiltersTestJSON:setUpClass): 200 GET http://10.180.1.21/compute/v2.1/servers/c9a0061e-d69e-4841-9be6-110913e5b174 0.477s
2024-08-16 16:51:08.421 62154 INFO tempest.lib.common.rest_client [req-8b02d1b9-d827-4456-bf32-b4f298d787a2 req-8b02d1b9-d827-4456-bf32-b4f298d787a2 ] Request (AttachInterfacesTestJSON:test_create_list_show_delete_interfaces_by_fixed_ip): 200 GET http://10.180.1.21/compute/v2.1/servers/2a7e4575-b223-4f04-b424-87e78e329c1c 0.448s
2024-08-16 16:51:08.428 62145 INFO tempest.lib.common.rest_client [req-d6426145-cc65-4ef4-9aaa-31c67d2df6e7 req-d6426145-cc65-4ef4-9aaa-31c67d2df6e7 ] Request (ImagesTestJSON:test_create_image_from_suspended_server): 200 GET http://10.180.1.21/compute/v2.1/servers/7ccc243f-33c2-4ddb-b37d-a04658d91516 0.446s
2024-08-16 16:51:08.440 62126 INFO tempest.lib.common.rest_client [req-6a3ac48d-35ca-4d6d-afad-7be7fd89ba0d req-6a3ac48d-35ca-4d6d-afad-7be7fd89ba0d ] Request (ServersTestJSON:tearDownClass): 204 DELETE http://10.180.1.21:9696/networking/v2.0/security-groups/6e65541b-9505-4c74-9455-d91b0c8a6ec3 0.097s
2024-08-16 16:51:08.480 62106 INFO tempest.lib.common.rest_client [req-363e3793-8970-44ff-9c18-ddb99dc3c328 req-363e3793-8970-44ff-9c18-ddb99dc3c328 ] Request (AttachInterfacesUnderV243Test:test_add_remove_fixed_ip): 200 GET http://10.180.1.21/compute/v2.1/servers/c48d467c-d006-4d41-8c33-38cd89097fbb 0.432s
2024-08-16 16:51:08.482 62133 INFO tempest.lib.common.rest_client [req-6097f833-31a5-4dfc-a96d-68647af16843 req-6097f833-31a5-4dfc-a96d-68647af16843 ] Request (MigrationsAdminTest:test_resize_server_revert_deleted_flavor): 200 GET http://10.180.1.21/compute/v2.1/servers/97e6f555-d3b5-43ca-9ea9-7bd30ca918b2 0.453s
2024-08-16 16:51:08.522 62126 INFO tempest.lib.common.rest_client [req-9e963ad4-d9ac-4a78-bd0b-5054c91c00f9 req-9e963ad4-d9ac-4a78-bd0b-5054c91c00f9 ] Request (ServersTestJSON:tearDownClass): 204 DELETE http://10.180.1.21/identity/v3/projects/beebe971b9194b7197c22e95f7f938f9 0.080s
2024-08-16 16:51:08.573 62126 INFO tempest.lib.common.rest_client [req-fb3af636-4ccf-41d4-982c-8367b527860c req-fb3af636-4ccf-41d4-982c-8367b527860c ] Request (ServerAddressesTestJSON:setUpClass): 201 POST http://10.180.1.21/identity/v3/auth/tokens 0.048s
2024-08-16 16:51:08.600 62126 INFO tempest.lib.common.rest_client [req-9f600f62-0390-4f81-8944-953eaf054f2b req-9f600f62-0390-4f81-8944-953eaf054f2b ] Request (ServerAddressesTestJSON:setUpClass): 201 POST http://10.180.1.21/identity/v3/auth/tokens 0.024s
2024-08-16 16:51:08.617 62126 INFO tempest.lib.common.rest_client [req-614334ac-79d9-4e82-acb5-4b1b664d251a req-614334ac-79d9-4e82-acb5-4b1b664d251a ] Request (ServerAddressesTestJSON:setUpClass): 200 GET http://10.180.1.21/identity/v3/domains?name=Default 0.017s
2024-08-16 16:51:08.638 62126 INFO tempest.lib.common.rest_client [req-2da11279-ded2-4da0-ac0d-a6a77a3fb7ea req-2da11279-ded2-4da0-ac0d-a6a77a3fb7ea ] Request (ServerAddressesTestJSON:setUpClass): 201 POST http://10.180.1.21/identity/v3/projects 0.021s
2024-08-16 16:51:08.695 62126 INFO tempest.lib.common.rest_client [req-5bc3b69f-99b0-4328-8aae-0834553d5544 req-5bc3b69f-99b0-4328-8aae-0834553d5544 ] Request (ServerAddressesTestJSON:setUpClass): 201 POST http://10.180.1.21/identity/v3/users 0.056s
2024-08-16 16:51:08.711 62126 INFO tempest.lib.common.rest_client [req-910e3903-2640-4f1e-af60-bfefdb33c45f req-910e3903-2640-4f1e-af60-bfefdb33c45f ] Request (ServerAddressesTestJSON:setUpClass): 200 GET http://10.180.1.21/identity/v3/roles 0.016s
2024-08-16 16:51:08.739 62126 INFO tempest.lib.common.rest_client [req-a1372111-4e99-44da-b95e-e67464bb22ef req-a1372111-4e99-44da-b95e-e67464bb22ef ] Request (ServerAddressesTestJSON:setUpClass): 204 PUT http://10.180.1.21/identity/v3/projects/b82bae7797d04231b6789d25e30dd191/users/5b14b28c17a1424a83a6a25687af1a07/roles/0cd6c1b33e7f47f69453bcc008ea86a6 0.027s
2024-08-16 16:51:08.739 62126 INFO tempest.lib.common.dynamic_creds [-] Dynamic test user 5b14b28c17a1424a83a6a25687af1a07 is created with scope project and roles: ['member']
2024-08-16 16:51:08.739 62126 INFO tempest.lib.common.dynamic_creds [-] Acquired dynamic creds: credentials: Credentials: {'domain_id': 'default', 'domain_name': 'Default', 'username': 'tempest-ServerAddressesTestJSON-489372260-project-member', 'project_domain_id': 'default', 'project_domain_name': 'Default', 'project_id': 'b82bae7797d04231b6789d25e30dd191', 'project_name': 'tempest-ServerAddressesTestJSON-489372260', 'tenant_id': 'b82bae7797d04231b6789d25e30dd191', 'tenant_name': 'tempest-ServerAddressesTestJSON-489372260', 'user_domain_id': 'default', 'user_domain_name': 'Default', 'user_id': '5b14b28c17a1424a83a6a25687af1a07', 'system': None}, Network: None, Subnet: None, Router: None
2024-08-16 16:51:08.759 62112 INFO tempest.lib.common.rest_client [req-6fb09a81-84f4-46d3-929b-385c3f5ef573 req-6fb09a81-84f4-46d3-929b-385c3f5ef573 ] Request (AttachVolumeTestJSON:test_attach_detach_volume): 200 GET http://10.180.1.21/compute/v2.1/servers/fb589280-30a7-41a1-b0d9-105595ba88d9 0.061s
2024-08-16 16:51:08.763 62167 INFO tempest.lib.common.rest_client [req-4e3dbfe5-5c7c-4994-a7da-4795f21d7aa8 req-4e3dbfe5-5c7c-4994-a7da-4795f21d7aa8 ] Request (ListServersNegativeTestJSON:setUpClass): 200 GET http://10.180.1.21/compute/v2.1/servers/9298adc3-97f6-4097-9c56-abdd3b429a09 0.051s
2024-08-16 16:51:08.810 62126 INFO tempest.lib.common.rest_client [req-8198acb8-f9e6-45b8-8e75-f9a06ee2c095 req-8198acb8-f9e6-45b8-8e75-f9a06ee2c095 ] Request (ServerAddressesTestJSON:setUpClass): 201 POST http://10.180.1.21/identity/v3/auth/tokens 0.071s
2024-08-16 16:51:08.827 62158 INFO tempest.lib.common.rest_client [req-42088525-155e-417c-9767-992925d74a15 req-42088525-155e-417c-9767-992925d74a15 ] Request (ServerDiskConfigTestJSON:test_rebuild_server_with_auto_disk_config): 200 GET http://10.180.1.21/compute/v2.1/servers/cc0f426b-53e0-4d2d-9d21-ee5580b4e773 0.046s
2024-08-16 16:51:08.844 62138 INFO tempest.lib.common.rest_client [req-e58422dc-14b2-423d-b76f-9a7f550115cd req-e58422dc-14b2-423d-b76f-9a7f550115cd ] Request (ServersTestManualDisk:setUpClass): 200 GET http://10.180.1.21/compute/v2.1/servers/fdda4317-bb73-49ef-bcb0-0165fb48128a 0.065s
2024-08-16 16:51:08.877 62175 INFO tempest.lib.common.rest_client [req-fdcfb900-c4c3-4f74-b2c4-e671611d0e77 req-fdcfb900-c4c3-4f74-b2c4-e671611d0e77 ] Request (ImagesOneServerTestJSON:setUpClass): 200 GET http://10.180.1.21/compute/v2.1/servers/ea416909-2d8e-4c31-8479-b3b05ac8a724 0.048s
2024-08-16 16:51:08.934 62116 INFO tempest.lib.common.rest_client [req-46e1cbbf-45e7-435f-82de-bf66e74a6ed2 req-46e1cbbf-45e7-435f-82de-bf66e74a6ed2 ] Request (SecurityGroupsTestJSON:test_server_security_groups): 200 GET http://10.180.1.21/compute/v2.1/servers/3f8d6b83-fee3-4902-bd4c-567162871e0a 0.054s
2024-08-16 16:51:08.946 62171 INFO tempest.lib.common.rest_client [req-4cd6b833-e1af-4f62-afd9-e6081a56b9bd req-4cd6b833-e1af-4f62-afd9-e6081a56b9bd ] Request (DeleteServersAdminTestJSON:test_admin_delete_servers_of_others): 200 GET http://10.180.1.21/compute/v2.1/servers/f9505277-db46-426e-9f90-74a9858b4018 0.056s
2024-08-16 16:51:09.000 62165 INFO tempest.lib.common.rest_client [req-8b4f7868-252c-4e1d-9af0-4a85b62f8639 req-8b4f7868-252c-4e1d-9af0-4a85b62f8639 ] Request (ServersNegativeTestMultiTenantJSON:setUpClass): 200 GET http://10.180.1.21/compute/v2.1/servers/afcf7343-1b06-4f77-b78f-3fffc7f680a4 0.054s
2024-08-16 16:51:09.013 62163 INFO tempest.lib.common.rest_client [req-c46aea14-b171-45b7-9ff9-c910580f4aa3 req-c46aea14-b171-45b7-9ff9-c910580f4aa3 ] Request (MultipleCreateTestJSON:test_multiple_create_with_reservation_return): 200 GET http://10.180.1.21/compute/v2.1/servers/1a91031e-5494-4dd0-8a2c-468df229ab23 0.045s
2024-08-16 16:51:09.025 62126 INFO tempest.lib.common.rest_client [req-58702ef0-421e-4d05-a007-440c8b46b113 req-58702ef0-421e-4d05-a007-440c8b46b113 ] Request (ServerAddressesTestJSON:setUpClass): 201 POST http://10.180.1.21:9696/networking/v2.0/networks 0.215s
2024-08-16 16:51:09.079 62148 INFO tempest.lib.common.rest_client [req-d9ab2089-a85f-474c-9df0-b13b4a6e9470 req-d9ab2089-a85f-474c-9df0-b13b4a6e9470 ] Request (ServersAdminTestJSON:setUpClass): 200 GET http://10.180.1.21/compute/v2.1/servers/274affb8-ab59-442b-88aa-be6bae9907bf 0.082s
2024-08-16 16:51:09.092 62134 INFO tempest.lib.common.rest_client [req-11b3fb08-18a8-46af-8937-3b51299721f2 req-11b3fb08-18a8-46af-8937-3b51299721f2 ] Request (ServersTestJSON:test_create_server_specify_multibyte_character_name): 200 GET http://10.180.1.21/compute/v2.1/servers/a4e9e903-e0cf-4161-b98a-2fcc549a7cbe 0.052s
2024-08-16 16:51:09.128 62110 INFO tempest.lib.common.rest_client [req-51abbadc-cd23-4a20-a992-308aa06048e5 req-51abbadc-cd23-4a20-a992-308aa06048e5 ] Request (ImagesNegativeTestJSON:test_create_image_from_deleted_server): 200 GET http://10.180.1.21/compute/v2.1/servers/04e30823-a425-44fa-aec0-e0791e558ea8 0.063s
2024-08-16 16:51:09.144 62151 INFO tempest.lib.common.rest_client [req-80da08a9-3b6c-4b8f-8d00-0bd97e1e4f7d req-80da08a9-3b6c-4b8f-8d00-0bd97e1e4f7d ] Request (ServerMetadataNegativeTestJSON:setUpClass): 200 GET http://10.180.1.21/compute/v2.1/servers/de1e9eee-2519-4450-bff6-c7b371bf8411 0.055s
2024-08-16 16:51:09.198 62121 INFO tempest.lib.common.rest_client [req-2728ac7d-f8b0-4276-bf3d-ec97846501da req-2728ac7d-f8b0-4276-bf3d-ec97846501da ] Request (AttachInterfacesV270Test:test_create_get_list_interfaces): 200 GET http://10.180.1.21/compute/v2.1/servers/619999ff-161e-4891-b6bb-23f071079384 0.056s
2024-08-16 16:51:09.204 62104 INFO tempest.lib.common.rest_client [req-72ac1473-b630-45f4-b2a4-28ec74ebf6d9 req-72ac1473-b630-45f4-b2a4-28ec74ebf6d9 ] Request (VolumesAdminNegativeTest:test_update_attached_volume_with_nonexistent_volume_in_body): 200 GET http://10.180.1.21/compute/v2.1/servers/e2063b08-1037-47ca-a33f-337a832f963d 0.096s
2024-08-16 16:51:09.265 62108 INFO tempest.lib.common.rest_client [req-83ed7517-968c-4e39-9b0b-286f468561a7 req-83ed7517-968c-4e39-9b0b-286f468561a7 ] Request (ServerShowV257Test:test_rebuild_server): 200 GET http://10.180.1.21/compute/v2.1/servers/2cc6c123-a6ad-4cc0-9346-418815b45c46 0.095s
2024-08-16 16:51:09.276 62119 INFO tempest.lib.common.rest_client [req-4825b406-8a46-4200-b1e2-627d9c0422dc req-4825b406-8a46-4200-b1e2-627d9c0422dc ] Request (ServerRescueTestJSONUnderV235:setUpClass): 200 GET http://10.180.1.21/compute/v2.1/servers/0836e6f0-f769-4820-9d32-eac4669e8159 0.067s
2024-08-16 16:51:09.285 62126 INFO tempest.lib.common.rest_client [req-c157bdf2-941e-420a-9b7b-7aa664259e38 req-c157bdf2-941e-420a-9b7b-7aa664259e38 ] Request (ServerAddressesTestJSON:setUpClass): 201 POST http://10.180.1.21:9696/networking/v2.0/subnets 0.259s
2024-08-16 16:51:09.333 62140 INFO tempest.lib.common.rest_client [req-1e8c7190-7199-4d33-bbdd-c5f0b41a8434 req-1e8c7190-7199-4d33-bbdd-c5f0b41a8434 ] Request (ImagesOneServerNegativeTestJSON:setUpClass): 200 GET http://10.180.1.21/compute/v2.1/servers/3f47490d-d2a8-4b47-af50-ddcb14dd9af5 0.113s
2024-08-16 16:51:09.345 62128 INFO tempest.lib.common.rest_client [req-d30cec30-67fb-4c5c-a6e1-25e388425eb4 req-d30cec30-67fb-4c5c-a6e1-25e388425eb4 ] Request (ServerPasswordTestJSON:setUpClass): 200 GET http://10.180.1.21/compute/v2.1/servers/efeac2f1-7d2d-46a7-b05f-18407eda610d 0.087s
2024-08-16 16:51:09.380 62159 INFO tempest.lib.common.rest_client [req-483efbba-d9e6-4628-b4b0-14e6fdc979ef req-483efbba-d9e6-4628-b4b0-14e6fdc979ef ] Request (InstanceActionsV221TestJSON:test_get_list_deleted_instance_actions): 200 GET http://10.180.1.21/compute/v2.1/servers/ad896ee6-d48b-446a-87b3-7ca76403c39a 0.115s
2024-08-16 16:51:09.399 62136 INFO tempest.lib.common.rest_client [req-8c7cbddc-3890-438d-a134-0f24d6f96312 req-8c7cbddc-3890-438d-a134-0f24d6f96312 ] Request (AttachVolumeShelveTestJSON:test_attach_volume_shelved_or_offload_server): 200 GET http://10.180.1.21/compute/v2.1/servers/8543497e-8f92-4cc0-9352-4edaa9f16dfb 0.084s
2024-08-16 16:51:09.460 62114 INFO tempest.lib.common.rest_client [req-39961c44-ac2c-4401-8026-155d3d698901 req-39961c44-ac2c-4401-8026-155d3d698901 ] Request (ServersTestMultiNic:test_verify_duplicate_network_nics): 200 GET http://10.180.1.21/compute/v2.1/servers/a3205445-7632-43bb-87dd-6459b78d6609 0.094s
2024-08-16 16:51:09.460 62124 INFO tempest.lib.common.rest_client [req-61929254-639d-4ccf-9684-a10c399576fc req-61929254-639d-4ccf-9684-a10c399576fc ] Request (ServerActionsV293TestJSON:setUpClass): 200 GET http://10.180.1.21/compute/v2.1/servers/3982b6d1-76a7-4359-a563-fd44c0009858 0.135s
2024-08-16 16:51:09.466 62114 INFO tempest.common.waiters [-] State transition "BUILD/spawning" ==> "BUILD/scheduling" after 80 second wait
2024-08-16 16:51:09.506 62149 INFO tempest.lib.common.rest_client [req-a8b27bbc-6412-4586-a122-ade84ff29b23 req-a8b27bbc-6412-4586-a122-ade84ff29b23 ] Request (ListServerFiltersTestJSON:setUpClass): 200 GET http://10.180.1.21/compute/v2.1/servers/c9a0061e-d69e-4841-9be6-110913e5b174 0.124s
2024-08-16 16:51:09.517 62154 INFO tempest.lib.common.rest_client [req-08e43508-3877-417d-acfb-cc1e3c0e0a5f req-08e43508-3877-417d-acfb-cc1e3c0e0a5f ] Request (AttachInterfacesTestJSON:test_create_list_show_delete_interfaces_by_fixed_ip): 200 GET http://10.180.1.21/compute/v2.1/servers/2a7e4575-b223-4f04-b424-87e78e329c1c 0.088s
2024-08-16 16:51:09.559 62145 INFO tempest.lib.common.rest_client [req-00f8950d-b02c-4741-9c0d-2a3c328c3510 req-00f8950d-b02c-4741-9c0d-2a3c328c3510 ] Request (ImagesTestJSON:test_create_image_from_suspended_server): 200 GET http://10.180.1.21/compute/v2.1/servers/7ccc243f-33c2-4ddb-b37d-a04658d91516 0.123s
2024-08-16 16:51:09.565 62106 INFO tempest.lib.common.rest_client [req-e00684d5-56f4-4eeb-9607-a104f015ed64 req-e00684d5-56f4-4eeb-9607-a104f015ed64 ] Request (AttachInterfacesUnderV243Test:test_add_remove_fixed_ip): 200 GET http://10.180.1.21/compute/v2.1/servers/c48d467c-d006-4d41-8c33-38cd89097fbb 0.077s
2024-08-16 16:51:09.610 62133 INFO tempest.lib.common.rest_client [req-73ee72c6-ba56-4b3e-84a6-dc9d84cc0d25 req-73ee72c6-ba56-4b3e-84a6-dc9d84cc0d25 ] Request (MigrationsAdminTest:test_resize_server_revert_deleted_flavor): 200 GET http://10.180.1.21/compute/v2.1/servers/97e6f555-d3b5-43ca-9ea9-7bd30ca918b2 0.120s
2024-08-16 16:51:09.824 62112 INFO tempest.lib.common.rest_client [req-4424f559-3c8e-4249-8edb-73ba1e1feedb req-4424f559-3c8e-4249-8edb-73ba1e1feedb ] Request (AttachVolumeTestJSON:test_attach_detach_volume): 200 GET http://10.180.1.21/compute/v2.1/servers/fb589280-30a7-41a1-b0d9-105595ba88d9 0.059s
2024-08-16 16:51:09.832 62167 INFO tempest.lib.common.rest_client [req-df025b56-9a90-474d-b94e-d6efeeef2181 req-df025b56-9a90-474d-b94e-d6efeeef2181 ] Request (ListServersNegativeTestJSON:setUpClass): 200 GET http://10.180.1.21/compute/v2.1/servers/9298adc3-97f6-4097-9c56-abdd3b429a09 0.063s
2024-08-16 16:51:09.882 62158 INFO tempest.lib.common.rest_client [req-b1e2a51f-2d57-4e46-bc44-0db8703b2979 req-b1e2a51f-2d57-4e46-bc44-0db8703b2979 ] Request (ServerDiskConfigTestJSON:test_rebuild_server_with_auto_disk_config): 200 GET http://10.180.1.21/compute/v2.1/servers/cc0f426b-53e0-4d2d-9d21-ee5580b4e773 0.047s
2024-08-16 16:51:09.915 62138 INFO tempest.lib.common.rest_client [req-c928ed98-bbe0-41bb-9cdb-730807b1abf3 req-c928ed98-bbe0-41bb-9cdb-730807b1abf3 ] Request (ServersTestManualDisk:setUpClass): 200 GET http://10.180.1.21/compute/v2.1/servers/fdda4317-bb73-49ef-bcb0-0165fb48128a 0.063s
2024-08-16 16:51:09.934 62175 INFO tempest.lib.common.rest_client [req-6c1f5ad0-d1f8-4aa1-a1c5-0291d3f73ac4 req-6c1f5ad0-d1f8-4aa1-a1c5-0291d3f73ac4 ] Request (ImagesOneServerTestJSON:setUpClass): 200 GET http://10.180.1.21/compute/v2.1/servers/ea416909-2d8e-4c31-8479-b3b05ac8a724 0.050s
2024-08-16 16:51:10.005 62116 INFO tempest.lib.common.rest_client [req-93740654-17a2-46b1-9593-eaf75efa8273 req-93740654-17a2-46b1-9593-eaf75efa8273 ] Request (SecurityGroupsTestJSON:test_server_security_groups): 200 GET http://10.180.1.21/compute/v2.1/servers/3f8d6b83-fee3-4902-bd4c-567162871e0a 0.063s
2024-08-16 16:51:10.022 62171 INFO tempest.lib.common.rest_client [req-7c9d0a89-53cd-4fbf-915c-88cc7bdbe45e req-7c9d0a89-53cd-4fbf-915c-88cc7bdbe45e ] Request (DeleteServersAdminTestJSON:test_admin_delete_servers_of_others): 200 GET http://10.180.1.21/compute/v2.1/servers/f9505277-db46-426e-9f90-74a9858b4018 0.069s
2024-08-16 16:51:10.073 62165 INFO tempest.lib.common.rest_client [req-32e9c911-7290-414f-b9f6-5389a107f8ad req-32e9c911-7290-414f-b9f6-5389a107f8ad ] Request (ServersNegativeTestMultiTenantJSON:setUpClass): 200 GET http://10.180.1.21/compute/v2.1/servers/afcf7343-1b06-4f77-b78f-3fffc7f680a4 0.064s
2024-08-16 16:51:10.083 62163 INFO tempest.lib.common.rest_client [req-3c01ded6-0c2c-4119-a561-a7e7d617548b req-3c01ded6-0c2c-4119-a561-a7e7d617548b ] Request (MultipleCreateTestJSON:test_multiple_create_with_reservation_return): 200 GET http://10.180.1.21/compute/v2.1/servers/1a91031e-5494-4dd0-8a2c-468df229ab23 0.062s
2024-08-16 16:51:10.087 62126 INFO tempest.lib.common.rest_client [req-6f242f83-ac5f-4caa-b2c6-f9858f6142aa req-6f242f83-ac5f-4caa-b2c6-f9858f6142aa ] Request (ServerAddressesTestJSON:setUpClass): 201 POST http://10.180.1.21:9696/networking/v2.0/routers 0.801s
2024-08-16 16:51:10.146 62148 INFO tempest.lib.common.rest_client [req-f5bf2a5c-f86b-4340-ad0c-c1d835f86149 req-f5bf2a5c-f86b-4340-ad0c-c1d835f86149 ] Request (ServersAdminTestJSON:setUpClass): 200 GET http://10.180.1.21/compute/v2.1/servers/274affb8-ab59-442b-88aa-be6bae9907bf 0.059s
2024-08-16 16:51:10.153 62134 INFO tempest.lib.common.rest_client [req-e200a0f3-198b-48d3-a45d-b0b81cfa8985 req-e200a0f3-198b-48d3-a45d-b0b81cfa8985 ] Request (ServersTestJSON:test_create_server_specify_multibyte_character_name): 200 GET http://10.180.1.21/compute/v2.1/servers/a4e9e903-e0cf-4161-b98a-2fcc549a7cbe 0.054s
2024-08-16 16:51:10.209 62151 INFO tempest.lib.common.rest_client [req-758ceee4-dba7-4131-9279-19b3108013c6 req-758ceee4-dba7-4131-9279-19b3108013c6 ] Request (ServerMetadataNegativeTestJSON:setUpClass): 200 GET http://10.180.1.21/compute/v2.1/servers/de1e9eee-2519-4450-bff6-c7b371bf8411 0.057s
2024-08-16 16:51:10.217 62110 INFO tempest.lib.common.rest_client [req-062e2e17-0323-4541-a6df-d74e86503a88 req-062e2e17-0323-4541-a6df-d74e86503a88 ] Request (ImagesNegativeTestJSON:test_create_image_from_deleted_server): 200 GET http://10.180.1.21/compute/v2.1/servers/04e30823-a425-44fa-aec0-e0791e558ea8 0.082s
2024-08-16 16:51:10.266 62104 INFO tempest.lib.common.rest_client [req-23855d23-7c80-450a-b752-1ae70d00465f req-23855d23-7c80-450a-b752-1ae70d00465f ] Request (VolumesAdminNegativeTest:test_update_attached_volume_with_nonexistent_volume_in_body): 200 GET http://10.180.1.21/compute/v2.1/servers/e2063b08-1037-47ca-a33f-337a832f963d 0.056s
2024-08-16 16:51:10.280 62121 INFO tempest.lib.common.rest_client [req-941d7051-650b-4666-9f7c-09ae7d314e06 req-941d7051-650b-4666-9f7c-09ae7d314e06 ] Request (AttachInterfacesV270Test:test_create_get_list_interfaces): 200 GET http://10.180.1.21/compute/v2.1/servers/619999ff-161e-4891-b6bb-23f071079384 0.063s
2024-08-16 16:51:10.329 62108 INFO tempest.lib.common.rest_client [req-ab96736a-677a-4b74-9419-0b9afc82313b req-ab96736a-677a-4b74-9419-0b9afc82313b ] Request (ServerShowV257Test:test_rebuild_server): 200 GET http://10.180.1.21/compute/v2.1/servers/2cc6c123-a6ad-4cc0-9346-418815b45c46 0.055s
2024-08-16 16:51:10.364 62119 INFO tempest.lib.common.rest_client [req-0b8f6701-b20d-439b-bdcd-3c962724945e req-0b8f6701-b20d-439b-bdcd-3c962724945e ] Request (ServerRescueTestJSONUnderV235:setUpClass): 200 GET http://10.180.1.21/compute/v2.1/servers/0836e6f0-f769-4820-9d32-eac4669e8159 0.075s
2024-08-16 16:51:10.396 62140 INFO tempest.lib.common.rest_client [req-6d75ee7e-cda2-408e-b85a-e691232453a9 req-6d75ee7e-cda2-408e-b85a-e691232453a9 ] Request (ImagesOneServerNegativeTestJSON:setUpClass): 200 GET http://10.180.1.21/compute/v2.1/servers/3f47490d-d2a8-4b47-af50-ddcb14dd9af5 0.056s
2024-08-16 16:51:10.416 62128 INFO tempest.lib.common.rest_client [req-dbb30ce5-360e-45bd-b369-84215b67519e req-dbb30ce5-360e-45bd-b369-84215b67519e ] Request (ServerPasswordTestJSON:setUpClass): 200 GET http://10.180.1.21/compute/v2.1/servers/efeac2f1-7d2d-46a7-b05f-18407eda610d 0.062s
2024-08-16 16:51:10.454 62159 INFO tempest.lib.common.rest_client [req-8073a210-ec78-4723-b83d-bfc20a2a19e4 req-8073a210-ec78-4723-b83d-bfc20a2a19e4 ] Request (InstanceActionsV221TestJSON:test_get_list_deleted_instance_actions): 200 GET http://10.180.1.21/compute/v2.1/servers/ad896ee6-d48b-446a-87b3-7ca76403c39a 0.065s
2024-08-16 16:51:10.461 62136 INFO tempest.lib.common.rest_client [req-04d1b67e-848a-48b8-b0b1-adf8147beca5 req-04d1b67e-848a-48b8-b0b1-adf8147beca5 ] Request (AttachVolumeShelveTestJSON:test_attach_volume_shelved_or_offload_server): 200 GET http://10.180.1.21/compute/v2.1/servers/8543497e-8f92-4cc0-9352-4edaa9f16dfb 0.053s
2024-08-16 16:51:10.526 62124 INFO tempest.lib.common.rest_client [req-4a4c02f6-25a7-42d3-8091-23a2bbefe84c req-4a4c02f6-25a7-42d3-8091-23a2bbefe84c ] Request (ServerActionsV293TestJSON:setUpClass): 200 GET http://10.180.1.21/compute/v2.1/servers/3982b6d1-76a7-4359-a563-fd44c0009858 0.056s
2024-08-16 16:51:10.551 62114 INFO tempest.lib.common.rest_client [req-775c1a4b-b876-411c-82b0-f143566d90a6 req-775c1a4b-b876-411c-82b0-f143566d90a6 ] Request (ServersTestMultiNic:test_verify_duplicate_network_nics): 200 GET http://10.180.1.21/compute/v2.1/servers/a3205445-7632-43bb-87dd-6459b78d6609 0.084s
2024-08-16 16:51:10.557 62114 INFO tempest.common.waiters [-] State transition "BUILD/scheduling" ==> "ERROR/None" after 81 second wait
2024-08-16 16:51:10.580 62149 INFO tempest.lib.common.rest_client [req-d27496ad-5132-4d65-a192-7848be0c639b req-d27496ad-5132-4d65-a192-7848be0c639b ] Request (ListServerFiltersTestJSON:setUpClass): 200 GET http://10.180.1.21/compute/v2.1/servers/c9a0061e-d69e-4841-9be6-110913e5b174 0.067s
2024-08-16 16:51:10.603 62154 INFO tempest.lib.common.rest_client [req-c3e37614-19e9-47f9-bd1e-fd515bb5823b req-c3e37614-19e9-47f9-bd1e-fd515bb5823b ] Request (AttachInterfacesTestJSON:test_create_list_show_delete_interfaces_by_fixed_ip): 200 GET http://10.180.1.21/compute/v2.1/servers/2a7e4575-b223-4f04-b424-87e78e329c1c 0.079s
2024-08-16 16:51:10.650 62145 INFO tempest.lib.common.rest_client [req-02775649-bf2c-41cc-bc58-fbf2c6ae569d req-02775649-bf2c-41cc-bc58-fbf2c6ae569d ] Request (ImagesTestJSON:test_create_image_from_suspended_server): 200 GET http://10.180.1.21/compute/v2.1/servers/7ccc243f-33c2-4ddb-b37d-a04658d91516 0.084s
2024-08-16 16:51:10.697 62106 INFO tempest.lib.common.rest_client [req-bf43189f-152b-44f5-adf3-39ebf6c12ff8 req-bf43189f-152b-44f5-adf3-39ebf6c12ff8 ] Request (AttachInterfacesUnderV243Test:test_add_remove_fixed_ip): 200 GET http://10.180.1.21/compute/v2.1/servers/c48d467c-d006-4d41-8c33-38cd89097fbb 0.123s
2024-08-16 16:51:10.746 62133 INFO tempest.lib.common.rest_client [req-68905ae5-de05-4663-8073-ea65f53328f6 req-68905ae5-de05-4663-8073-ea65f53328f6 ] Request (MigrationsAdminTest:test_resize_server_revert_deleted_flavor): 200 GET http://10.180.1.21/compute/v2.1/servers/97e6f555-d3b5-43ca-9ea9-7bd30ca918b2 0.130s
2024-08-16 16:51:10.780 62114 INFO tempest.lib.common.rest_client [req-5e462de5-87bc-469a-b92a-bc10b3c655a4 req-5e462de5-87bc-469a-b92a-bc10b3c655a4 ] Request (ServersTestMultiNic:test_verify_duplicate_network_nics): 204 DELETE http://10.180.1.21/compute/v2.1/servers/a3205445-7632-43bb-87dd-6459b78d6609 0.222s
2024-08-16 16:51:10.800 62114 INFO tempest.lib.common.rest_client [req-733448d2-4bf8-4dda-80af-29218800db29 req-733448d2-4bf8-4dda-80af-29218800db29 ] Request (ServersTestMultiNic:test_verify_duplicate_network_nics): 404 GET http://10.180.1.21/compute/v2.1/servers/a3205445-7632-43bb-87dd-6459b78d6609 0.019s
2024-08-16 16:51:10.895 62112 INFO tempest.lib.common.rest_client [req-a6d32c99-1d4e-4245-a0c4-8f935dab45ff req-a6d32c99-1d4e-4245-a0c4-8f935dab45ff ] Request (AttachVolumeTestJSON:test_attach_detach_volume): 200 GET http://10.180.1.21/compute/v2.1/servers/fb589280-30a7-41a1-b0d9-105595ba88d9 0.063s
2024-08-16 16:51:10.904 62167 INFO tempest.lib.common.rest_client [req-214d86e3-0f68-47c5-86ac-4b3bd3c60c92 req-214d86e3-0f68-47c5-86ac-4b3bd3c60c92 ] Request (ListServersNegativeTestJSON:setUpClass): 200 GET http://10.180.1.21/compute/v2.1/servers/9298adc3-97f6-4097-9c56-abdd3b429a09 0.065s
2024-08-16 16:51:10.911 62167 INFO tempest.common.waiters [-] State transition "BUILD/spawning" ==> "BUILD/scheduling" after 71 second wait
2024-08-16 16:51:10.922 62114 INFO tempest.lib.common.rest_client [req-d53184d7-fe58-453c-8d83-897b82404594 req-d53184d7-fe58-453c-8d83-897b82404594 ] Request (ServersTestMultiNic:_run_cleanups): 204 DELETE http://10.180.1.21:9696/networking/v2.0/subnets/a211ebbc-0483-400e-8a57-5e4002c012f9 0.121s
2024-08-16 16:51:10.965 62158 INFO tempest.lib.common.rest_client [req-06d25e4e-e2e3-4fab-ae92-e8cef4ebcd83 req-06d25e4e-e2e3-4fab-ae92-e8cef4ebcd83 ] Request (ServerDiskConfigTestJSON:test_rebuild_server_with_auto_disk_config): 200 GET http://10.180.1.21/compute/v2.1/servers/cc0f426b-53e0-4d2d-9d21-ee5580b4e773 0.075s
2024-08-16 16:51:11.000 62138 INFO tempest.lib.common.rest_client [req-cff9f167-e278-4cd1-bf8a-3eb67c91d191 req-cff9f167-e278-4cd1-bf8a-3eb67c91d191 ] Request (ServersTestManualDisk:setUpClass): 200 GET http://10.180.1.21/compute/v2.1/servers/fdda4317-bb73-49ef-bcb0-0165fb48128a 0.079s
2024-08-16 16:51:11.023 62175 INFO tempest.lib.common.rest_client [req-3e7c695a-7568-4535-ab2c-c1699a7374fd req-3e7c695a-7568-4535-ab2c-c1699a7374fd ] Request (ImagesOneServerTestJSON:setUpClass): 200 GET http://10.180.1.21/compute/v2.1/servers/ea416909-2d8e-4c31-8479-b3b05ac8a724 0.083s
2024-08-16 16:51:11.063 62116 INFO tempest.lib.common.rest_client [req-aafbdeb1-7315-40c5-8be4-ce863ec31b53 req-aafbdeb1-7315-40c5-8be4-ce863ec31b53 ] Request (SecurityGroupsTestJSON:test_server_security_groups): 200 GET http://10.180.1.21/compute/v2.1/servers/3f8d6b83-fee3-4902-bd4c-567162871e0a 0.049s
2024-08-16 16:51:11.095 62171 INFO tempest.lib.common.rest_client [req-41ea20c1-4e8a-4a0b-9f71-c01f9a6acce7 req-41ea20c1-4e8a-4a0b-9f71-c01f9a6acce7 ] Request (DeleteServersAdminTestJSON:test_admin_delete_servers_of_others): 200 GET http://10.180.1.21/compute/v2.1/servers/f9505277-db46-426e-9f90-74a9858b4018 0.066s
2024-08-16 16:51:11.143 62165 INFO tempest.lib.common.rest_client [req-a4dd8013-7cc1-44f2-9156-ac5c4df3fe92 req-a4dd8013-7cc1-44f2-9156-ac5c4df3fe92 ] Request (ServersNegativeTestMultiTenantJSON:setUpClass): 200 GET http://10.180.1.21/compute/v2.1/servers/afcf7343-1b06-4f77-b78f-3fffc7f680a4 0.063s
2024-08-16 16:51:11.150 62163 INFO tempest.lib.common.rest_client [req-fca1616e-02fc-430a-9709-599798b9adfc req-fca1616e-02fc-430a-9709-599798b9adfc ] Request (MultipleCreateTestJSON:test_multiple_create_with_reservation_return): 200 GET http://10.180.1.21/compute/v2.1/servers/1a91031e-5494-4dd0-8a2c-468df229ab23 0.061s
2024-08-16 16:51:11.162 62114 INFO tempest.lib.common.rest_client [req-21988ec5-f497-4765-8a8f-f171bf2c47a1 req-21988ec5-f497-4765-8a8f-f171bf2c47a1 ] Request (ServersTestMultiNic:_run_cleanups): 204 DELETE http://10.180.1.21:9696/networking/v2.0/networks/5c2f2312-0a26-4b2f-b923-410208dfc4d6 0.239s
2024-08-16 16:51:11.227 62148 INFO tempest.lib.common.rest_client [req-d5fe5c6a-ad45-468e-bc39-fa8801b2d963 req-d5fe5c6a-ad45-468e-bc39-fa8801b2d963 ] Request (ServersAdminTestJSON:setUpClass): 200 GET http://10.180.1.21/compute/v2.1/servers/274affb8-ab59-442b-88aa-be6bae9907bf 0.071s
2024-08-16 16:51:11.232 62134 INFO tempest.lib.common.rest_client [req-0485947a-c3a5-447c-9b4b-cc301f69e56d req-0485947a-c3a5-447c-9b4b-cc301f69e56d ] Request (ServersTestJSON:test_create_server_specify_multibyte_character_name): 200 GET http://10.180.1.21/compute/v2.1/servers/a4e9e903-e0cf-4161-b98a-2fcc549a7cbe 0.070s
2024-08-16 16:51:11.276 62126 INFO tempest.lib.common.rest_client [req-ae86fc6b-e30e-47da-a17d-187d621355b5 req-ae86fc6b-e30e-47da-a17d-187d621355b5 ] Request (ServerAddressesTestJSON:setUpClass): 200 PUT http://10.180.1.21:9696/networking/v2.0/routers/2a281a17-0634-4187-bd32-4ff0b6c62e39/add_router_interface 1.189s
2024-08-16 16:51:11.277 62126 INFO tempest.lib.common.dynamic_creds [-] Created isolated network resources for: credentials: Credentials: {'domain_id': 'default', 'domain_name': 'Default', 'username': 'tempest-ServerAddressesTestJSON-489372260-project-member', 'project_domain_id': 'default', 'project_domain_name': 'Default', 'project_id': 'b82bae7797d04231b6789d25e30dd191', 'project_name': 'tempest-ServerAddressesTestJSON-489372260', 'tenant_id': 'b82bae7797d04231b6789d25e30dd191', 'tenant_name': 'tempest-ServerAddressesTestJSON-489372260', 'user_domain_id': 'default', 'user_domain_name': 'Default', 'user_id': '5b14b28c17a1424a83a6a25687af1a07', 'system': None}, Network: {'id': '8309376b-bdc2-4a9d-acec-b6cf2f50d391', 'name': 'tempest-ServerAddressesTestJSON-1219406141-network', 'tenant_id': 'b82bae7797d04231b6789d25e30dd191', 'admin_state_up': True, 'mtu': 8950, 'status': 'ACTIVE', 'subnets': [], 'shared': False, 'project_id': 'b82bae7797d04231b6789d25e30dd191', 'port_security_enabled': True, 'router:external': False, 'provider:network_type': 'vlan', 'provider:physical_network': 'default', 'provider:segmentation_id': 882, 'is_default': False, 'availability_zone_hints': [], 'availability_zones': [], 'ipv4_address_scope': None, 'ipv6_address_scope': None, 'description': '', 'tags': [], 'created_at': '2024-08-16T16:51:08Z', 'updated_at': '2024-08-16T16:51:08Z', 'revision_number': 1}, Subnet: {'id': 'd1fe43bd-05f2-4299-8bd7-65f04ee342ae', 'name': 'tempest-ServerAddressesTestJSON-1219406141-subnet', 'tenant_id': 'b82bae7797d04231b6789d25e30dd191', 'network_id': '8309376b-bdc2-4a9d-acec-b6cf2f50d391', 'ip_version': 4, 'subnetpool_id': None, 'enable_dhcp': True, 'ipv6_ra_mode': None, 'ipv6_address_mode': None, 'gateway_ip': '192.168.128.1', 'cidr': '192.168.128.0/28', 'allocation_pools': [{'start': '192.168.128.2', 'end': '192.168.128.14'}], 'host_routes': [], 'dns_nameservers': [], 'description': '', 'router:external': False, 'service_types': [], 'tags': [], 'created_at': '2024-08-16T16:51:09Z', 'updated_at': '2024-08-16T16:51:09Z', 'revision_number': 0, 'project_id': 'b82bae7797d04231b6789d25e30dd191'}, Router: {'id': '2a281a17-0634-4187-bd32-4ff0b6c62e39', 'name': 'tempest-ServerAddressesTestJSON-1219406141-router', 'tenant_id': 'b82bae7797d04231b6789d25e30dd191', 'admin_state_up': True, 'status': 'ACTIVE', 'external_gateway_info': {'network_id': '8976412b-f591-48d7-a5ec-f7d21aac41da', 'external_fixed_ips': [{'subnet_id': '235e9675-7025-483d-9f4d-798c3782004c', 'ip_address': '10.180.180.253'}], 'enable_snat': True}, 'description': '', 'availability_zones': [], 'distributed': False, 'ha': False, 'availability_zone_hints': [], 'routes': [], 'flavor_id': None, 'tags': [], 'created_at': '2024-08-16T16:51:09Z', 'updated_at': '2024-08-16T16:51:09Z', 'revision_number': 2, 'project_id': 'b82bae7797d04231b6789d25e30dd191'}
2024-08-16 16:51:11.295 62151 INFO tempest.lib.common.rest_client [req-b2366133-69b1-4542-8fd0-8034d525a6ac req-b2366133-69b1-4542-8fd0-8034d525a6ac ] Request (ServerMetadataNegativeTestJSON:setUpClass): 200 GET http://10.180.1.21/compute/v2.1/servers/de1e9eee-2519-4450-bff6-c7b371bf8411 0.079s
2024-08-16 16:51:11.299 62110 INFO tempest.lib.common.rest_client [req-da188bb3-ae90-4c3d-b4af-d872d270d412 req-da188bb3-ae90-4c3d-b4af-d872d270d412 ] Request (ImagesNegativeTestJSON:test_create_image_from_deleted_server): 200 GET http://10.180.1.21/compute/v2.1/servers/04e30823-a425-44fa-aec0-e0791e558ea8 0.073s
2024-08-16 16:51:11.361 62121 INFO tempest.lib.common.rest_client [req-e41c78a7-22bb-4123-845b-89a6819bf977 req-e41c78a7-22bb-4123-845b-89a6819bf977 ] Request (AttachInterfacesV270Test:test_create_get_list_interfaces): 200 GET http://10.180.1.21/compute/v2.1/servers/619999ff-161e-4891-b6bb-23f071079384 0.072s
2024-08-16 16:51:11.365 62104 INFO tempest.lib.common.rest_client [req-8fdff76e-77d2-4c69-b257-6f98c8f263e6 req-8fdff76e-77d2-4c69-b257-6f98c8f263e6 ] Request (VolumesAdminNegativeTest:test_update_attached_volume_with_nonexistent_volume_in_body): 200 GET http://10.180.1.21/compute/v2.1/servers/e2063b08-1037-47ca-a33f-337a832f963d 0.092s
2024-08-16 16:51:11.380 62126 INFO tempest.lib.common.rest_client [req-23de8157-ec5a-4482-a770-6ae465114675 req-23de8157-ec5a-4482-a770-6ae465114675 ] Request (ServerAddressesTestJSON:setUpClass): 201 POST http://10.180.1.21/identity/v3/auth/tokens 0.100s
2024-08-16 16:51:11.409 62126 INFO tempest.lib.common.rest_client [req-a6b403e2-f082-4653-85ac-423e16c827a5 req-a6b403e2-f082-4653-85ac-423e16c827a5 ] Request (ServerAddressesTestJSON:setUpClass): 201 POST http://10.180.1.21/identity/v3/auth/tokens 0.026s
2024-08-16 16:51:11.409 62126 INFO tempest.lib.common.fixed_network [-] (ServerAddressesTestJSON:setUpClass) Found network {'id': '8309376b-bdc2-4a9d-acec-b6cf2f50d391', 'name': 'tempest-ServerAddressesTestJSON-1219406141-network', 'tenant_id': 'b82bae7797d04231b6789d25e30dd191', 'admin_state_up': True, 'mtu': 8950, 'status': 'ACTIVE', 'subnets': [], 'shared': False, 'project_id': 'b82bae7797d04231b6789d25e30dd191', 'port_security_enabled': True, 'router:external': False, 'provider:network_type': 'vlan', 'provider:physical_network': 'default', 'provider:segmentation_id': 882, 'is_default': False, 'availability_zone_hints': [], 'availability_zones': [], 'ipv4_address_scope': None, 'ipv6_address_scope': None, 'description': '', 'tags': [], 'created_at': '2024-08-16T16:51:08Z', 'updated_at': '2024-08-16T16:51:08Z', 'revision_number': 1} available for tenant
2024-08-16 16:51:11.437 62119 INFO tempest.lib.common.rest_client [req-4c6dfa1b-7583-425e-bb9b-71f966e60262 req-4c6dfa1b-7583-425e-bb9b-71f966e60262 ] Request (ServerRescueTestJSONUnderV235:setUpClass): 200 GET http://10.180.1.21/compute/v2.1/servers/0836e6f0-f769-4820-9d32-eac4669e8159 0.061s
2024-08-16 16:51:11.439 62108 INFO tempest.lib.common.rest_client [req-4e2c445c-ab8a-4559-9ef5-d166093ae8db req-4e2c445c-ab8a-4559-9ef5-d166093ae8db ] Request (ServerShowV257Test:test_rebuild_server): 200 GET http://10.180.1.21/compute/v2.1/servers/2cc6c123-a6ad-4cc0-9346-418815b45c46 0.101s
2024-08-16 16:51:11.467 62114 INFO tempest.lib.common.rest_client [req-5411d185-301b-460a-b9a8-108a3a0edb0e req-5411d185-301b-460a-b9a8-108a3a0edb0e ] Request (ServersTestMultiNic:_run_cleanups): 204 DELETE http://10.180.1.21:9696/networking/v2.0/subnets/96a74eaa-f98f-4666-8dae-f135ffa291ff 0.304s
2024-08-16 16:51:11.484 62140 INFO tempest.lib.common.rest_client [req-3162845e-721b-4aae-b7f5-4efeb68bc297 req-3162845e-721b-4aae-b7f5-4efeb68bc297 ] Request (ImagesOneServerNegativeTestJSON:setUpClass): 200 GET http://10.180.1.21/compute/v2.1/servers/3f47490d-d2a8-4b47-af50-ddcb14dd9af5 0.079s
2024-08-16 16:51:11.533 62128 INFO tempest.lib.common.rest_client [req-462e956f-55b6-4018-bbbd-6b1981cdf95d req-462e956f-55b6-4018-bbbd-6b1981cdf95d ] Request (ServerPasswordTestJSON:setUpClass): 200 GET http://10.180.1.21/compute/v2.1/servers/efeac2f1-7d2d-46a7-b05f-18407eda610d 0.109s
2024-08-16 16:51:11.594 62159 INFO tempest.lib.common.rest_client [req-ff5094a5-eaff-4dce-a768-9280637a8f0d req-ff5094a5-eaff-4dce-a768-9280637a8f0d ] Request (InstanceActionsV221TestJSON:test_get_list_deleted_instance_actions): 200 GET http://10.180.1.21/compute/v2.1/servers/ad896ee6-d48b-446a-87b3-7ca76403c39a 0.132s
2024-08-16 16:51:11.695 62114 INFO tempest.lib.common.rest_client [req-3549781b-284a-4fac-8ca3-e01f744990c9 req-3549781b-284a-4fac-8ca3-e01f744990c9 ] Request (ServersTestMultiNic:_run_cleanups): 204 DELETE http://10.180.1.21:9696/networking/v2.0/networks/a7738a8b-1b88-43ba-8cab-161a6faaf41d 0.228s
2024-08-16 16:51:11.789 62114 INFO tempest.lib.common.rest_client [req-e7d6e169-38bb-40e2-b936-25b4655ac5fc req-e7d6e169-38bb-40e2-b936-25b4655ac5fc ] Request (ServersTestMultiNic:test_verify_multiple_nics_order): 201 POST http://10.180.1.21:9696/networking/v2.0/networks 0.092s
2024-08-16 16:51:11.797 62136 INFO tempest.lib.common.rest_client [req-6bd37949-97b9-4136-86f3-47cde26e093e req-6bd37949-97b9-4136-86f3-47cde26e093e ] Request (AttachVolumeShelveTestJSON:test_attach_volume_shelved_or_offload_server): 200 GET http://10.180.1.21/compute/v2.1/servers/8543497e-8f92-4cc0-9352-4edaa9f16dfb 0.328s
2024-08-16 16:51:11.804 62136 INFO tempest.common.waiters [-] State transition "BUILD/scheduling" ==> "BUILD/None" after 71 second wait
2024-08-16 16:51:11.892 62124 INFO tempest.lib.common.rest_client [req-cd49d348-f757-47fd-ac87-8c33e158d09b req-cd49d348-f757-47fd-ac87-8c33e158d09b ] Request (ServerActionsV293TestJSON:setUpClass): 200 GET http://10.180.1.21/compute/v2.1/servers/3982b6d1-76a7-4359-a563-fd44c0009858 0.354s
2024-08-16 16:51:11.944 62149 INFO tempest.lib.common.rest_client [req-d9df50ce-b1fc-42c1-881e-690c44ebd0a0 req-d9df50ce-b1fc-42c1-881e-690c44ebd0a0 ] Request (ListServerFiltersTestJSON:setUpClass): 200 GET http://10.180.1.21/compute/v2.1/servers/c9a0061e-d69e-4841-9be6-110913e5b174 0.357s
2024-08-16 16:51:11.980 62114 INFO tempest.lib.common.rest_client [req-93b46e47-9013-4375-b8a8-00691ec8e69a req-93b46e47-9013-4375-b8a8-00691ec8e69a ] Request (ServersTestMultiNic:test_verify_multiple_nics_order): 201 POST http://10.180.1.21:9696/networking/v2.0/subnets 0.190s
2024-08-16 16:51:11.994 62126 INFO tempest.lib.common.rest_client [req-02a82e55-57c5-4d50-bd0f-eb0dfaf5b0a2 req-02a82e55-57c5-4d50-bd0f-eb0dfaf5b0a2 ] Request (ServerAddressesTestJSON:setUpClass): 202 POST http://10.180.1.21/compute/v2.1/servers 0.584s
2024-08-16 16:51:11.998 62154 INFO tempest.lib.common.rest_client [req-73665ee8-2edc-4df5-8d4d-878697915bbc req-73665ee8-2edc-4df5-8d4d-878697915bbc ] Request (AttachInterfacesTestJSON:test_create_list_show_delete_interfaces_by_fixed_ip): 200 GET http://10.180.1.21/compute/v2.1/servers/2a7e4575-b223-4f04-b424-87e78e329c1c 0.389s
2024-08-16 16:51:12.048 62145 INFO tempest.lib.common.rest_client [req-f3417646-47ac-4721-ae46-8c5ee7547ff9 req-f3417646-47ac-4721-ae46-8c5ee7547ff9 ] Request (ImagesTestJSON:test_create_image_from_suspended_server): 200 GET http://10.180.1.21/compute/v2.1/servers/7ccc243f-33c2-4ddb-b37d-a04658d91516 0.391s
2024-08-16 16:51:12.060 62106 INFO tempest.lib.common.rest_client [req-9e47d557-a286-458c-80f6-58435a308d05 req-9e47d557-a286-458c-80f6-58435a308d05 ] Request (AttachInterfacesUnderV243Test:test_add_remove_fixed_ip): 200 GET http://10.180.1.21/compute/v2.1/servers/c48d467c-d006-4d41-8c33-38cd89097fbb 0.355s
2024-08-16 16:51:12.083 62114 INFO tempest.lib.common.rest_client [req-efe8ecf9-74f6-43bb-b71f-0065d787fd34 req-efe8ecf9-74f6-43bb-b71f-0065d787fd34 ] Request (ServersTestMultiNic:test_verify_multiple_nics_order): 201 POST http://10.180.1.21:9696/networking/v2.0/networks 0.103s
2024-08-16 16:51:12.094 62133 INFO tempest.lib.common.rest_client [req-0788f1da-f6cc-4631-87a1-56283034dc2a req-0788f1da-f6cc-4631-87a1-56283034dc2a ] Request (MigrationsAdminTest:test_resize_server_revert_deleted_flavor): 200 GET http://10.180.1.21/compute/v2.1/servers/97e6f555-d3b5-43ca-9ea9-7bd30ca918b2 0.340s
2024-08-16 16:51:12.181 62112 INFO tempest.lib.common.rest_client [req-e806202c-f3fa-4780-83d4-3cf353c8a6db req-e806202c-f3fa-4780-83d4-3cf353c8a6db ] Request (AttachVolumeTestJSON:test_attach_detach_volume): 200 GET http://10.180.1.21/compute/v2.1/servers/fb589280-30a7-41a1-b0d9-105595ba88d9 0.280s
2024-08-16 16:51:12.188 62167 INFO tempest.lib.common.rest_client [req-b44d8159-e030-40f0-bb01-8bc18aa3f4d2 req-b44d8159-e030-40f0-bb01-8bc18aa3f4d2 ] Request (ListServersNegativeTestJSON:setUpClass): 200 GET http://10.180.1.21/compute/v2.1/servers/9298adc3-97f6-4097-9c56-abdd3b429a09 0.275s
2024-08-16 16:51:12.193 62167 INFO tempest.common.waiters [-] State transition "BUILD/scheduling" ==> "ERROR/None" after 73 second wait
2024-08-16 16:51:12.254 62158 INFO tempest.lib.common.rest_client [req-9a8d91c3-cc4c-423c-8f7e-8a3803778566 req-9a8d91c3-cc4c-423c-8f7e-8a3803778566 ] Request (ServerDiskConfigTestJSON:test_rebuild_server_with_auto_disk_config): 200 GET http://10.180.1.21/compute/v2.1/servers/cc0f426b-53e0-4d2d-9d21-ee5580b4e773 0.281s
2024-08-16 16:51:12.263 62126 INFO tempest.lib.common.rest_client [req-0e5a84f3-cc7a-4d53-ba2e-b038484ba079 req-0e5a84f3-cc7a-4d53-ba2e-b038484ba079 ] Request (ServerAddressesTestJSON:setUpClass): 200 GET http://10.180.1.21/compute/v2.1/servers/f8dc3104-5a5e-457a-a9a6-ab0739c3f3f7 0.268s
2024-08-16 16:51:12.313 62175 INFO tempest.lib.common.rest_client [req-e384a689-ddb1-40db-b0fe-fc7c7707665f req-e384a689-ddb1-40db-b0fe-fc7c7707665f ] Request (ImagesOneServerTestJSON:setUpClass): 200 GET http://10.180.1.21/compute/v2.1/servers/ea416909-2d8e-4c31-8479-b3b05ac8a724 0.282s
2024-08-16 16:51:12.316 62138 INFO tempest.lib.common.rest_client [req-2afa46d4-015b-4b27-9490-0c4399740f6e req-2afa46d4-015b-4b27-9490-0c4399740f6e ] Request (ServersTestManualDisk:setUpClass): 200 GET http://10.180.1.21/compute/v2.1/servers/fdda4317-bb73-49ef-bcb0-0165fb48128a 0.309s
2024-08-16 16:51:12.320 62114 INFO tempest.lib.common.rest_client [req-9acf0846-2a6b-4af7-89d6-2ce48b36b251 req-9acf0846-2a6b-4af7-89d6-2ce48b36b251 ] Request (ServersTestMultiNic:test_verify_multiple_nics_order): 201 POST http://10.180.1.21:9696/networking/v2.0/subnets 0.235s
2024-08-16 16:51:12.357 62171 INFO tempest.lib.common.rest_client [req-65125921-7675-4186-a5d0-a4fa4fbfa1eb req-65125921-7675-4186-a5d0-a4fa4fbfa1eb ] Request (DeleteServersAdminTestJSON:test_admin_delete_servers_of_others): 200 GET http://10.180.1.21/compute/v2.1/servers/f9505277-db46-426e-9f90-74a9858b4018 0.253s
2024-08-16 16:51:12.370 62116 INFO tempest.lib.common.rest_client [req-1ebacc13-ebbe-42cd-924a-9c0f56aef574 req-1ebacc13-ebbe-42cd-924a-9c0f56aef574 ] Request (SecurityGroupsTestJSON:test_server_security_groups): 200 GET http://10.180.1.21/compute/v2.1/servers/3f8d6b83-fee3-4902-bd4c-567162871e0a 0.301s
2024-08-16 16:51:12.402 62114 INFO tempest.lib.common.rest_client [req-5cc20ecc-79d6-4886-b95a-9a812d8acea4 req-5cc20ecc-79d6-4886-b95a-9a812d8acea4 ] Request (ServersTestMultiNic:test_verify_multiple_nics_order): 201 POST http://10.180.1.21/identity/v3/auth/tokens 0.078s
2024-08-16 16:51:12.402 62114 INFO tempest.lib.common.fixed_network [-] (ServersTestMultiNic:test_verify_multiple_nics_order) Found network {'id': 'bfb70c42-f139-4f76-8fa6-ac2d02ac66fb', 'name': 'tempest-ServersTestMultiNic-1931072469-network', 'tenant_id': '5cd9d9fe71b44f379f763102d6219d0b', 'admin_state_up': True, 'mtu': 8950, 'status': 'ACTIVE', 'subnets': [], 'shared': False, 'project_id': '5cd9d9fe71b44f379f763102d6219d0b', 'port_security_enabled': True, 'router:external': False, 'provider:network_type': 'vlan', 'provider:physical_network': 'default', 'provider:segmentation_id': 399, 'is_default': False, 'availability_zone_hints': [], 'availability_zones': [], 'ipv4_address_scope': None, 'ipv6_address_scope': None, 'description': '', 'tags': [], 'created_at': '2024-08-16T16:49:28Z', 'updated_at': '2024-08-16T16:49:28Z', 'revision_number': 1} available for tenant
2024-08-16 16:51:12.413 62165 INFO tempest.lib.common.rest_client [req-6f881c51-5535-4c8a-9b85-918134acf84d req-6f881c51-5535-4c8a-9b85-918134acf84d ] Request (ServersNegativeTestMultiTenantJSON:setUpClass): 200 GET http://10.180.1.21/compute/v2.1/servers/afcf7343-1b06-4f77-b78f-3fffc7f680a4 0.262s
2024-08-16 16:51:12.423 62163 INFO tempest.lib.common.rest_client [req-bb339b55-a29b-435c-b30f-5487da902fff req-bb339b55-a29b-435c-b30f-5487da902fff ] Request (MultipleCreateTestJSON:test_multiple_create_with_reservation_return): 200 GET http://10.180.1.21/compute/v2.1/servers/1a91031e-5494-4dd0-8a2c-468df229ab23 0.266s
2024-08-16 16:51:12.474 62148 INFO tempest.lib.common.rest_client [req-7768b0ce-3a48-4672-9ed4-c72e25d72a57 req-7768b0ce-3a48-4672-9ed4-c72e25d72a57 ] Request (ServersAdminTestJSON:setUpClass): 200 GET http://10.180.1.21/compute/v2.1/servers/274affb8-ab59-442b-88aa-be6bae9907bf 0.240s
2024-08-16 16:51:12.480 62148 INFO tempest.common.waiters [-] State transition "BUILD/scheduling" ==> "BUILD/None" after 71 second wait
2024-08-16 16:51:12.517 62134 INFO tempest.lib.common.rest_client [req-1aec115f-5dec-4159-b9fa-68a54d3482a9 req-1aec115f-5dec-4159-b9fa-68a54d3482a9 ] Request (ServersTestJSON:test_create_server_specify_multibyte_character_name): 200 GET http://10.180.1.21/compute/v2.1/servers/a4e9e903-e0cf-4161-b98a-2fcc549a7cbe 0.277s
2024-08-16 16:51:12.559 62151 INFO tempest.lib.common.rest_client [req-c5d8bae8-596c-4c57-92ca-446061070557 req-c5d8bae8-596c-4c57-92ca-446061070557 ] Request (ServerMetadataNegativeTestJSON:setUpClass): 200 GET http://10.180.1.21/compute/v2.1/servers/de1e9eee-2519-4450-bff6-c7b371bf8411 0.258s
2024-08-16 16:51:12.591 62167 INFO tempest.lib.common.rest_client [req-6fecf422-1c9d-495c-a024-3128970271d0 req-6fecf422-1c9d-495c-a024-3128970271d0 ] Request (ListServersNegativeTestJSON:setUpClass): 204 DELETE http://10.180.1.21/compute/v2.1/servers/9298adc3-97f6-4097-9c56-abdd3b429a09 0.397s
2024-08-16 16:51:12.608 62110 INFO tempest.lib.common.rest_client [req-abefe4f5-e375-4513-bdaa-4d3a6ad15bfa req-abefe4f5-e375-4513-bdaa-4d3a6ad15bfa ] Request (ImagesNegativeTestJSON:test_create_image_from_deleted_server): 200 GET http://10.180.1.21/compute/v2.1/servers/04e30823-a425-44fa-aec0-e0791e558ea8 0.303s
2024-08-16 16:51:12.647 62121 INFO tempest.lib.common.rest_client [req-acb415a9-e170-4d33-b157-e1130d7e333a req-acb415a9-e170-4d33-b157-e1130d7e333a ] Request (AttachInterfacesV270Test:test_create_get_list_interfaces): 200 GET http://10.180.1.21/compute/v2.1/servers/619999ff-161e-4891-b6bb-23f071079384 0.276s
2024-08-16 16:51:12.665 62104 INFO tempest.lib.common.rest_client [req-64c5baf2-33fb-4ce7-a76a-f2dfb4a6fa11 req-64c5baf2-33fb-4ce7-a76a-f2dfb4a6fa11 ] Request (VolumesAdminNegativeTest:test_update_attached_volume_with_nonexistent_volume_in_body): 200 GET http://10.180.1.21/compute/v2.1/servers/e2063b08-1037-47ca-a33f-337a832f963d 0.291s
2024-08-16 16:51:12.717 62119 INFO tempest.lib.common.rest_client [req-f00ef0b1-6791-4bf4-b168-3e223e5bf60a req-f00ef0b1-6791-4bf4-b168-3e223e5bf60a ] Request (ServerRescueTestJSONUnderV235:setUpClass): 200 GET http://10.180.1.21/compute/v2.1/servers/0836e6f0-f769-4820-9d32-eac4669e8159 0.273s
2024-08-16 16:51:12.774 62108 INFO tempest.lib.common.rest_client [req-9f907c23-84e5-4608-960d-14b0a0568877 req-9f907c23-84e5-4608-960d-14b0a0568877 ] Request (ServerShowV257Test:test_rebuild_server): 200 GET http://10.180.1.21/compute/v2.1/servers/2cc6c123-a6ad-4cc0-9346-418815b45c46 0.327s
