2024-10-31 10:24:38.230 63467 INFO tempest.lib.common.rest_client [req-df8eaab9-85d6-4e9c-98ac-62934b27c1ef req-df8eaab9-85d6-4e9c-98ac-62934b27c1ef ] Request (ServerShowV247Test:tearDownClass): 200 GET http://10.180.1.21/compute/v2.1/servers/c8d27e19-0f3c-4cc3-826b-e07b3a635e5e 0.057s
2024-10-31 10:24:38.252 63493 INFO tempest.lib.common.rest_client [req-0a991b62-e8a2-4474-bddc-d6520e0bb3bc req-0a991b62-e8a2-4474-bddc-d6520e0bb3bc ] Request (ServerActionsTestOtherA:setUpClass): 201 POST http://10.180.1.21:9696/networking/v2.0/floatingips 0.489s
2024-10-31 10:24:38.285 63493 INFO tempest.lib.common.rest_client [req-4c9c75e6-24ac-40c1-ae6f-99c229f2e540 req-4c9c75e6-24ac-40c1-ae6f-99c229f2e540 ] Request (ServerActionsTestOtherA:setUpClass): 201 POST http://10.180.1.21/identity/v3/auth/tokens 0.031s
2024-10-31 10:24:38.286 63493 INFO tempest.lib.common.fixed_network [-] (ServerActionsTestOtherA:setUpClass) Found network {'id': 'b4c98bf1-24d4-464c-a34b-a3ce9697f77b', 'name': 'tempest-ServerActionsTestOtherA-2112984539-network', 'tenant_id': '9a0d7d33a81d42428d5e8aeab0b90fa0', 'admin_state_up': True, 'mtu': 8950, 'status': 'ACTIVE', 'subnets': [], 'shared': False, 'project_id': '9a0d7d33a81d42428d5e8aeab0b90fa0', 'port_security_enabled': True, 'router:external': False, 'provider:network_type': 'vlan', 'provider:physical_network': 'default', 'provider:segmentation_id': 852, 'availability_zone_hints': [], 'availability_zones': [], 'ipv4_address_scope': None, 'ipv6_address_scope': None, 'description': '', 'tags': [], 'created_at': '2024-10-31T10:24:35Z', 'updated_at': '2024-10-31T10:24:35Z', 'revision_number': 1} available for tenant
2024-10-31 10:24:38.295 63459 INFO tempest.lib.common.rest_client [req-a8a4c67e-ecae-4b84-95f6-a8d50c80e33d req-a8a4c67e-ecae-4b84-95f6-a8d50c80e33d ] Request (ServersTestJSON:test_create_server_with_ipv6_addr_only): 200 GET http://10.180.1.21/compute/v2.1/servers/8045881e-9bce-46e7-98c6-a7989f61a31e 0.048s
2024-10-31 10:24:38.311 63453 INFO tempest.lib.common.rest_client [req-1b2c8f8b-9d84-4c6a-97e9-a2f87e3fa590 req-1b2c8f8b-9d84-4c6a-97e9-a2f87e3fa590 ] Request (ServersAdminTestJSON:setUpClass): 200 GET http://10.180.1.21/compute/v2.1/servers/e24b7994-3786-4709-bcb5-e0b2c9731f2a 0.045s
2024-10-31 10:24:38.375 63443 INFO tempest.lib.common.rest_client [req-ab6354ba-182f-494c-8b04-080e4fd3b8df req-ab6354ba-182f-494c-8b04-080e4fd3b8df ] Request (SecurityGroupsTestJSON:test_server_security_groups): 200 GET http://10.180.1.21/compute/v2.1/servers/06bd8147-5479-4c5e-8ba2-6d3a205ba05e 0.049s
2024-10-31 10:24:38.421 63473 INFO tempest.lib.common.rest_client [req-ee42ddef-b8d6-4ba0-81c5-ea250f30a99c req-ee42ddef-b8d6-4ba0-81c5-ea250f30a99c ] Request (MultipleCreateTestJSON:test_multiple_create_with_reservation_return): 200 GET http://10.180.1.21/compute/v2.1/servers/ba2d047d-d30f-4ba0-bcfb-787c5a3ae516 0.049s
2024-10-31 10:24:38.472 63475 INFO tempest.lib.common.rest_client [req-31e498ed-7fb3-4602-8dac-ea74ab83f239 req-31e498ed-7fb3-4602-8dac-ea74ab83f239 ] Request (ServerDiskConfigTestJSON:test_rebuild_server_with_manual_disk_config): 200 GET http://10.180.1.21/compute/v2.1/servers/0ea5fdd0-6f55-4e8f-b18b-261e7edd4cf7 0.053s
2024-10-31 10:24:38.524 63447 INFO tempest.lib.common.rest_client [req-2d8a5152-c1f3-45cc-9f63-909f64ac7f9c req-2d8a5152-c1f3-45cc-9f63-909f64ac7f9c ] Request (ServersTestMultiNic:test_verify_multiple_nics_order): 200 GET http://10.180.1.21/compute/v2.1/servers/4d0586a5-60b3-4144-87bf-2fc5f9e9c0b1 0.098s
2024-10-31 10:24:38.579 63491 INFO tempest.lib.common.rest_client [req-844b35c7-3443-46ac-8d72-085c04c264d6 req-844b35c7-3443-46ac-8d72-085c04c264d6 ] Request (ServerRescueTestJSON:setUpClass): 200 GET http://10.180.1.21/compute/v2.1/servers/2f87939c-d615-4d13-8695-971e83ca7843 0.086s
2024-10-31 10:24:38.629 63463 INFO tempest.lib.common.rest_client [req-f7114b67-9115-41fa-a95e-8e1a162c6bd2 req-f7114b67-9115-41fa-a95e-8e1a162c6bd2 ] Request (InstanceActionsV221TestJSON:test_get_list_deleted_instance_actions): 200 GET http://10.180.1.21/compute/v2.1/servers/a97cff65-e350-480e-9891-3317fe05be47 0.131s
2024-10-31 10:24:38.677 63493 INFO tempest.lib.common.rest_client [req-c63d80ed-0e32-4c6d-8d18-b1b4a5b00d91 req-c63d80ed-0e32-4c6d-8d18-b1b4a5b00d91 ] Request (ServerActionsTestOtherA:setUpClass): 202 POST http://10.180.1.21/compute/v2.1/servers 0.390s
2024-10-31 10:24:38.682 63485 INFO tempest.lib.common.rest_client [req-83cf3d0e-524f-4669-a26f-9c6735880882 req-83cf3d0e-524f-4669-a26f-9c6735880882 ] Request (ServersV294TestFqdnHostnames:setUpClass): 200 GET http://10.180.1.21/compute/v2.1/servers/de5f9555-3959-41cd-b63a-db128a001631 0.109s
2024-10-31 10:24:38.729 63501 INFO tempest.lib.common.rest_client [req-2c24a818-2e78-4ff7-bfc6-aeec7a7d5c18 req-2c24a818-2e78-4ff7-bfc6-aeec7a7d5c18 ] Request (ServerTagsTestJSON:setUpClass): 200 GET http://10.180.1.21/compute/v2.1/servers/95d2a2d7-443b-43d6-97ff-fe36fd11002f 0.148s
2024-10-31 10:24:38.737 63449 INFO tempest.lib.common.rest_client [req-84d8d003-773b-49a9-8f47-c4ba2f13d6c5 req-84d8d003-773b-49a9-8f47-c4ba2f13d6c5 ] Request (ServerDiagnosticsNegativeTest:test_get_server_diagnostics_by_non_admin): 200 GET http://10.180.1.21/compute/v2.1/servers/56feb1b8-7dbb-4a5c-a8e9-5cb53059e39a 0.106s
2024-10-31 10:24:38.774 63439 INFO tempest.lib.common.rest_client [req-36d9e493-26fa-41f1-9c2b-8e51c2c51028 req-36d9e493-26fa-41f1-9c2b-8e51c2c51028 ] Request (ServersAdminNegativeTestJSON:setUpClass): 200 GET http://10.180.1.21/compute/v2.1/servers/eff8282a-b3cd-4038-9f48-94cd4c4afc55 0.129s
2024-10-31 10:24:38.787 63493 INFO tempest.lib.common.rest_client [req-aa6ea046-0e5d-4a64-865b-dad088c42a45 req-aa6ea046-0e5d-4a64-865b-dad088c42a45 ] Request (ServerActionsTestOtherA:setUpClass): 200 GET http://10.180.1.21/compute/v2.1/servers/a47dbb3e-62be-426d-acd7-bedc0faf65c5 0.108s
2024-10-31 10:24:38.822 63465 INFO tempest.lib.common.rest_client [req-6bad8adb-4324-4f99-9171-64b739ad50ad req-6bad8adb-4324-4f99-9171-64b739ad50ad ] Request (ServerExternalEventsTest:test_create_server_external_events): 200 GET http://10.180.1.21/compute/v2.1/servers/e3a6ad78-4f46-42d4-935c-3cf310123530 0.133s
2024-10-31 10:24:38.828 63495 INFO tempest.lib.common.rest_client [req-a0a13632-ec36-485c-b364-7a98395083f2 req-a0a13632-ec36-485c-b364-7a98395083f2 ] Request (ImagesTestJSON:test_create_image_from_suspended_server): 200 GET http://10.180.1.21/compute/v2.1/servers/39d9b91b-c009-40e1-ad2b-ebef650188a4 0.132s
2024-10-31 10:24:38.873 63481 INFO tempest.lib.common.rest_client [req-682d2bf6-d0ea-431a-8efd-709e2c7a00db req-682d2bf6-d0ea-431a-8efd-709e2c7a00db ] Request (InstanceActionsTestJSON:setUpClass): 200 GET http://10.180.1.21/compute/v2.1/servers/d71bc7f9-29d4-43d6-a17a-80ae6f4ec4a6 0.118s
2024-10-31 10:24:38.884 63483 INFO tempest.lib.common.rest_client [req-a5769323-178b-4675-abd7-b6803edaa809 req-a5769323-178b-4675-abd7-b6803edaa809 ] Request (ServerShowV254Test:tearDownClass): 200 GET http://10.180.1.21/compute/v2.1/servers/e9b604fb-1d88-425c-92b7-008ddaec7c1a 0.114s
2024-10-31 10:24:38.924 63471 INFO tempest.lib.common.rest_client [req-437cf5ad-cb93-4b5d-b4df-5c2f8b0e3665 req-437cf5ad-cb93-4b5d-b4df-5c2f8b0e3665 ] Request (ServersTestBootFromVolume:setUpClass): 200 GET http://10.180.1.21/compute/v2.1/servers/7efc454e-337d-43db-9076-bfc5b89eeea4 0.111s
2024-10-31 10:24:38.935 63451 INFO tempest.lib.common.rest_client [req-13f8482c-ee18-4989-861d-6740c01766bd req-13f8482c-ee18-4989-861d-6740c01766bd ] Request (VolumesAdminNegativeTest:test_update_attached_volume_with_nonexistent_volume_in_body): 200 GET http://10.180.1.21/compute/v2.1/servers/8885156e-78f1-45ff-87c9-829f3ab89dca 0.057s
2024-10-31 10:24:38.965 63461 INFO tempest.lib.common.rest_client [req-76c5b24d-5712-4d99-987c-ac688a2f3578 req-76c5b24d-5712-4d99-987c-ac688a2f3578 ] Request (DeleteServersAdminTestJSON:test_admin_delete_servers_of_others): 200 GET http://10.180.1.21/compute/v2.1/servers/fea91da2-186a-44b6-8e20-535e3b123890 0.063s
2024-10-31 10:24:38.992 63441 INFO tempest.lib.common.rest_client [req-4a37136b-229f-422e-ab48-ec484bd8a36b req-4a37136b-229f-422e-ab48-ec484bd8a36b ] Request (InstanceActionsNegativeTestJSON:setUpClass): 200 GET http://10.180.1.21/compute/v2.1/servers/611fead3-3d1b-41e4-9579-7ad1a1b754c3 0.047s
2024-10-31 10:24:39.040 63477 INFO tempest.lib.common.rest_client [req-689ab36f-40c4-4276-a5f6-e02bb7d78a6d req-689ab36f-40c4-4276-a5f6-e02bb7d78a6d ] Request (ServerRescueNegativeTestJSON:setUpClass): 200 GET http://10.180.1.21/compute/v2.1/servers/06496aad-b025-48c2-8436-03d43d1ac899 0.045s
2024-10-31 10:24:39.092 63487 INFO tempest.lib.common.rest_client [req-04bde58d-8696-4976-8800-040ee37f27f2 req-04bde58d-8696-4976-8800-040ee37f27f2 ] Request (AttachInterfacesTestJSON:test_create_list_show_delete_interfaces_by_network_port): 200 GET http://10.180.1.21/compute/v2.1/servers/ef7a2a36-4e85-40b3-bb6d-9bc5ee563c88 0.045s
2024-10-31 10:24:39.149 63445 INFO tempest.lib.common.rest_client [req-9d456016-da1a-4139-9afb-fa3c8db951ba req-9d456016-da1a-4139-9afb-fa3c8db951ba ] Request (ListImageFiltersTestJSON:setUpClass): 200 GET http://10.180.1.21/compute/v2.1/servers/3080314c-938e-4c27-bffd-547bdc7e6e38 0.047s
2024-10-31 10:24:39.171 63469 INFO tempest.lib.common.rest_client [req-1e6dadd0-617e-4514-a95b-5a177ed7e28a req-1e6dadd0-617e-4514-a95b-5a177ed7e28a ] Request (ServerDiagnosticsTest:test_get_server_diagnostics): 200 GET http://10.180.1.21/compute/v2.1/servers/864e1f52-f77e-4596-a5b5-dff3679f911f 0.050s
2024-10-31 10:24:39.288 63467 INFO tempest.lib.common.rest_client [req-3c1f3e12-a0f3-487a-b1b6-c31eb561620b req-3c1f3e12-a0f3-487a-b1b6-c31eb561620b ] Request (ServerShowV247Test:tearDownClass): 200 GET http://10.180.1.21/compute/v2.1/servers/c8d27e19-0f3c-4cc3-826b-e07b3a635e5e 0.050s
2024-10-31 10:24:39.348 63459 INFO tempest.lib.common.rest_client [req-d3dba91f-0798-443a-b009-a52deba54e4c req-d3dba91f-0798-443a-b009-a52deba54e4c ] Request (ServersTestJSON:test_create_server_with_ipv6_addr_only): 200 GET http://10.180.1.21/compute/v2.1/servers/8045881e-9bce-46e7-98c6-a7989f61a31e 0.046s
2024-10-31 10:24:39.362 63453 INFO tempest.lib.common.rest_client [req-b6dfc8f0-8008-45c5-bf41-963e8878b3bb req-b6dfc8f0-8008-45c5-bf41-963e8878b3bb ] Request (ServersAdminTestJSON:setUpClass): 200 GET http://10.180.1.21/compute/v2.1/servers/e24b7994-3786-4709-bcb5-e0b2c9731f2a 0.045s
2024-10-31 10:24:39.426 63443 INFO tempest.lib.common.rest_client [req-154f273e-b3b0-41ad-9726-dc9ca327144c req-154f273e-b3b0-41ad-9726-dc9ca327144c ] Request (SecurityGroupsTestJSON:test_server_security_groups): 200 GET http://10.180.1.21/compute/v2.1/servers/06bd8147-5479-4c5e-8ba2-6d3a205ba05e 0.044s
2024-10-31 10:24:39.474 63473 INFO tempest.lib.common.rest_client [req-0aafd227-6cf7-44d6-853a-b275fd541f21 req-0aafd227-6cf7-44d6-853a-b275fd541f21 ] Request (MultipleCreateTestJSON:test_multiple_create_with_reservation_return): 200 GET http://10.180.1.21/compute/v2.1/servers/ba2d047d-d30f-4ba0-bcfb-787c5a3ae516 0.047s
2024-10-31 10:24:39.537 63475 INFO tempest.lib.common.rest_client [req-da0c8dcd-f3aa-4d55-8e7f-29c30bacf3d0 req-da0c8dcd-f3aa-4d55-8e7f-29c30bacf3d0 ] Request (ServerDiskConfigTestJSON:test_rebuild_server_with_manual_disk_config): 200 GET http://10.180.1.21/compute/v2.1/servers/0ea5fdd0-6f55-4e8f-b18b-261e7edd4cf7 0.052s
2024-10-31 10:24:39.575 63447 INFO tempest.lib.common.rest_client [req-925d6ae5-fafc-44dd-84d1-88b3629da983 req-925d6ae5-fafc-44dd-84d1-88b3629da983 ] Request (ServersTestMultiNic:test_verify_multiple_nics_order): 200 GET http://10.180.1.21/compute/v2.1/servers/4d0586a5-60b3-4144-87bf-2fc5f9e9c0b1 0.044s
2024-10-31 10:24:39.631 63491 INFO tempest.lib.common.rest_client [req-78605bcd-ec6d-4640-b1d3-aaa909a619f0 req-78605bcd-ec6d-4640-b1d3-aaa909a619f0 ] Request (ServerRescueTestJSON:setUpClass): 200 GET http://10.180.1.21/compute/v2.1/servers/2f87939c-d615-4d13-8695-971e83ca7843 0.045s
2024-10-31 10:24:39.682 63463 INFO tempest.lib.common.rest_client [req-5e50a3df-b6cc-49eb-b7b7-6b7cb48db338 req-5e50a3df-b6cc-49eb-b7b7-6b7cb48db338 ] Request (InstanceActionsV221TestJSON:test_get_list_deleted_instance_actions): 200 GET http://10.180.1.21/compute/v2.1/servers/a97cff65-e350-480e-9891-3317fe05be47 0.045s
2024-10-31 10:24:39.744 63485 INFO tempest.lib.common.rest_client [req-f37ae831-8de6-422f-9762-7cb827f160b0 req-f37ae831-8de6-422f-9762-7cb827f160b0 ] Request (ServersV294TestFqdnHostnames:setUpClass): 200 GET http://10.180.1.21/compute/v2.1/servers/de5f9555-3959-41cd-b63a-db128a001631 0.052s
2024-10-31 10:24:39.789 63501 INFO tempest.lib.common.rest_client [req-6fe29b2f-e444-420b-b3e3-1a999a30a6e8 req-6fe29b2f-e444-420b-b3e3-1a999a30a6e8 ] Request (ServerTagsTestJSON:setUpClass): 200 GET http://10.180.1.21/compute/v2.1/servers/95d2a2d7-443b-43d6-97ff-fe36fd11002f 0.049s
2024-10-31 10:24:39.804 63449 INFO tempest.lib.common.rest_client [req-711ff4eb-842e-4e50-8387-f702d4d96bfb req-711ff4eb-842e-4e50-8387-f702d4d96bfb ] Request (ServerDiagnosticsNegativeTest:test_get_server_diagnostics_by_non_admin): 200 GET http://10.180.1.21/compute/v2.1/servers/56feb1b8-7dbb-4a5c-a8e9-5cb53059e39a 0.049s
2024-10-31 10:24:39.832 63439 INFO tempest.lib.common.rest_client [req-9ffebf88-6393-4455-a198-ae32b4c59d39 req-9ffebf88-6393-4455-a198-ae32b4c59d39 ] Request (ServersAdminNegativeTestJSON:setUpClass): 200 GET http://10.180.1.21/compute/v2.1/servers/eff8282a-b3cd-4038-9f48-94cd4c4afc55 0.050s
2024-10-31 10:24:39.849 63493 INFO tempest.lib.common.rest_client [req-7df6cbcf-abba-478b-b9ed-8193dc3d41f6 req-7df6cbcf-abba-478b-b9ed-8193dc3d41f6 ] Request (ServerActionsTestOtherA:setUpClass): 200 GET http://10.180.1.21/compute/v2.1/servers/a47dbb3e-62be-426d-acd7-bedc0faf65c5 0.053s
2024-10-31 10:24:39.880 63465 INFO tempest.lib.common.rest_client [req-5f5cf161-326c-452d-8ac5-5a7238ea440f req-5f5cf161-326c-452d-8ac5-5a7238ea440f ] Request (ServerExternalEventsTest:test_create_server_external_events): 200 GET http://10.180.1.21/compute/v2.1/servers/e3a6ad78-4f46-42d4-935c-3cf310123530 0.049s
2024-10-31 10:24:39.892 63495 INFO tempest.lib.common.rest_client [req-2aae60da-8340-4910-9281-ced0b9e82c41 req-2aae60da-8340-4910-9281-ced0b9e82c41 ] Request (ImagesTestJSON:test_create_image_from_suspended_server): 200 GET http://10.180.1.21/compute/v2.1/servers/39d9b91b-c009-40e1-ad2b-ebef650188a4 0.055s
2024-10-31 10:24:39.926 63481 INFO tempest.lib.common.rest_client [req-daeaacf0-8b78-4c3b-a8dd-a84c112d59c1 req-daeaacf0-8b78-4c3b-a8dd-a84c112d59c1 ] Request (InstanceActionsTestJSON:setUpClass): 200 GET http://10.180.1.21/compute/v2.1/servers/d71bc7f9-29d4-43d6-a17a-80ae6f4ec4a6 0.046s
2024-10-31 10:24:39.946 63483 INFO tempest.lib.common.rest_client [req-c5613929-4574-42ce-89df-6fdc7af145f3 req-c5613929-4574-42ce-89df-6fdc7af145f3 ] Request (ServerShowV254Test:tearDownClass): 200 GET http://10.180.1.21/compute/v2.1/servers/e9b604fb-1d88-425c-92b7-008ddaec7c1a 0.054s
2024-10-31 10:24:39.975 63471 INFO tempest.lib.common.rest_client [req-3338b3bd-e8f9-4236-93cc-8e9ecd739b19 req-3338b3bd-e8f9-4236-93cc-8e9ecd739b19 ] Request (ServersTestBootFromVolume:setUpClass): 200 GET http://10.180.1.21/compute/v2.1/servers/7efc454e-337d-43db-9076-bfc5b89eeea4 0.044s
2024-10-31 10:24:39.986 63451 INFO tempest.lib.common.rest_client [req-93dd80b7-648a-4c4b-aba0-8e91ca3bdb33 req-93dd80b7-648a-4c4b-aba0-8e91ca3bdb33 ] Request (VolumesAdminNegativeTest:test_update_attached_volume_with_nonexistent_volume_in_body): 200 GET http://10.180.1.21/compute/v2.1/servers/8885156e-78f1-45ff-87c9-829f3ab89dca 0.043s
2024-10-31 10:24:40.016 63461 INFO tempest.lib.common.rest_client [req-963ff2ff-0c1a-43a8-a399-f20846f3048f req-963ff2ff-0c1a-43a8-a399-f20846f3048f ] Request (DeleteServersAdminTestJSON:test_admin_delete_servers_of_others): 200 GET http://10.180.1.21/compute/v2.1/servers/fea91da2-186a-44b6-8e20-535e3b123890 0.044s
2024-10-31 10:24:40.042 63441 INFO tempest.lib.common.rest_client [req-7166f380-b464-4a88-baf8-42a4e5a3e4c3 req-7166f380-b464-4a88-baf8-42a4e5a3e4c3 ] Request (InstanceActionsNegativeTestJSON:setUpClass): 200 GET http://10.180.1.21/compute/v2.1/servers/611fead3-3d1b-41e4-9579-7ad1a1b754c3 0.044s
2024-10-31 10:24:40.090 63477 INFO tempest.lib.common.rest_client [req-d73b05d9-30d8-488e-9bbb-2e9d07e0c381 req-d73b05d9-30d8-488e-9bbb-2e9d07e0c381 ] Request (ServerRescueNegativeTestJSON:setUpClass): 200 GET http://10.180.1.21/compute/v2.1/servers/06496aad-b025-48c2-8436-03d43d1ac899 0.043s
2024-10-31 10:24:40.147 63487 INFO tempest.lib.common.rest_client [req-579c895f-7400-4e4f-89ef-4ad2ca460220 req-579c895f-7400-4e4f-89ef-4ad2ca460220 ] Request (AttachInterfacesTestJSON:test_create_list_show_delete_interfaces_by_network_port): 200 GET http://10.180.1.21/compute/v2.1/servers/ef7a2a36-4e85-40b3-bb6d-9bc5ee563c88 0.047s
2024-10-31 10:24:40.201 63445 INFO tempest.lib.common.rest_client [req-dc76112b-bcf1-4ffa-b437-7672e583933c req-dc76112b-bcf1-4ffa-b437-7672e583933c ] Request (ListImageFiltersTestJSON:setUpClass): 200 GET http://10.180.1.21/compute/v2.1/servers/3080314c-938e-4c27-bffd-547bdc7e6e38 0.045s
2024-10-31 10:24:40.220 63469 INFO tempest.lib.common.rest_client [req-be67adfa-b77a-4a03-a0af-b26ed809b55f req-be67adfa-b77a-4a03-a0af-b26ed809b55f ] Request (ServerDiagnosticsTest:test_get_server_diagnostics): 200 GET http://10.180.1.21/compute/v2.1/servers/864e1f52-f77e-4596-a5b5-dff3679f911f 0.041s
2024-10-31 10:24:40.357 63467 INFO tempest.lib.common.rest_client [req-a22abd53-0721-4268-947e-a2067712cfd1 req-a22abd53-0721-4268-947e-a2067712cfd1 ] Request (ServerShowV247Test:tearDownClass): 200 GET http://10.180.1.21/compute/v2.1/servers/c8d27e19-0f3c-4cc3-826b-e07b3a635e5e 0.059s
2024-10-31 10:24:40.412 63459 INFO tempest.lib.common.rest_client [req-de631327-47a6-406f-93bf-ddd873485337 req-de631327-47a6-406f-93bf-ddd873485337 ] Request (ServersTestJSON:test_create_server_with_ipv6_addr_only): 200 GET http://10.180.1.21/compute/v2.1/servers/8045881e-9bce-46e7-98c6-a7989f61a31e 0.056s
2024-10-31 10:24:40.417 63453 INFO tempest.lib.common.rest_client [req-ece0c923-a6cb-4e1c-b07c-43a82b42256e req-ece0c923-a6cb-4e1c-b07c-43a82b42256e ] Request (ServersAdminTestJSON:setUpClass): 200 GET http://10.180.1.21/compute/v2.1/servers/e24b7994-3786-4709-bcb5-e0b2c9731f2a 0.049s
2024-10-31 10:24:40.478 63443 INFO tempest.lib.common.rest_client [req-6f480528-b4d1-4b9d-a782-165c66bca849 req-6f480528-b4d1-4b9d-a782-165c66bca849 ] Request (SecurityGroupsTestJSON:test_server_security_groups): 200 GET http://10.180.1.21/compute/v2.1/servers/06bd8147-5479-4c5e-8ba2-6d3a205ba05e 0.045s
2024-10-31 10:24:40.524 63473 INFO tempest.lib.common.rest_client [req-fc078769-570f-4e78-9d06-dd216367f132 req-fc078769-570f-4e78-9d06-dd216367f132 ] Request (MultipleCreateTestJSON:test_multiple_create_with_reservation_return): 200 GET http://10.180.1.21/compute/v2.1/servers/ba2d047d-d30f-4ba0-bcfb-787c5a3ae516 0.042s
2024-10-31 10:24:40.589 63475 INFO tempest.lib.common.rest_client [req-da7753ba-c34c-4084-9ef8-24b58a598f00 req-da7753ba-c34c-4084-9ef8-24b58a598f00 ] Request (ServerDiskConfigTestJSON:test_rebuild_server_with_manual_disk_config): 200 GET http://10.180.1.21/compute/v2.1/servers/0ea5fdd0-6f55-4e8f-b18b-261e7edd4cf7 0.046s
2024-10-31 10:24:40.624 63447 INFO tempest.lib.common.rest_client [req-cca66321-2c97-4f07-a280-ecbfca8a3363 req-cca66321-2c97-4f07-a280-ecbfca8a3363 ] Request (ServersTestMultiNic:test_verify_multiple_nics_order): 200 GET http://10.180.1.21/compute/v2.1/servers/4d0586a5-60b3-4144-87bf-2fc5f9e9c0b1 0.041s
2024-10-31 10:24:40.678 63491 INFO tempest.lib.common.rest_client [req-bcff4ae5-9c4b-49a1-a861-cdd3df45ec09 req-bcff4ae5-9c4b-49a1-a861-cdd3df45ec09 ] Request (ServerRescueTestJSON:setUpClass): 200 GET http://10.180.1.21/compute/v2.1/servers/2f87939c-d615-4d13-8695-971e83ca7843 0.041s
2024-10-31 10:24:40.735 63463 INFO tempest.lib.common.rest_client [req-6f12bcd8-84ce-4f81-aff4-8502d1899d21 req-6f12bcd8-84ce-4f81-aff4-8502d1899d21 ] Request (InstanceActionsV221TestJSON:test_get_list_deleted_instance_actions): 200 GET http://10.180.1.21/compute/v2.1/servers/a97cff65-e350-480e-9891-3317fe05be47 0.044s
2024-10-31 10:24:40.803 63485 INFO tempest.lib.common.rest_client [req-31f1f199-a7c9-4591-a74c-0230dd5a7b4e req-31f1f199-a7c9-4591-a74c-0230dd5a7b4e ] Request (ServersV294TestFqdnHostnames:setUpClass): 200 GET http://10.180.1.21/compute/v2.1/servers/de5f9555-3959-41cd-b63a-db128a001631 0.050s
2024-10-31 10:24:40.846 63501 INFO tempest.lib.common.rest_client [req-47ddd43a-3c33-401f-a91d-29c12e81c5ae req-47ddd43a-3c33-401f-a91d-29c12e81c5ae ] Request (ServerTagsTestJSON:setUpClass): 200 GET http://10.180.1.21/compute/v2.1/servers/95d2a2d7-443b-43d6-97ff-fe36fd11002f 0.048s
2024-10-31 10:24:40.856 63449 INFO tempest.lib.common.rest_client [req-f50855b9-fb8c-4748-afec-6b885ad3eae5 req-f50855b9-fb8c-4748-afec-6b885ad3eae5 ] Request (ServerDiagnosticsNegativeTest:test_get_server_diagnostics_by_non_admin): 200 GET http://10.180.1.21/compute/v2.1/servers/56feb1b8-7dbb-4a5c-a8e9-5cb53059e39a 0.044s
2024-10-31 10:24:40.892 63439 INFO tempest.lib.common.rest_client [req-a1190b56-c9ac-46e2-9189-1ea0da56b4a2 req-a1190b56-c9ac-46e2-9189-1ea0da56b4a2 ] Request (ServersAdminNegativeTestJSON:setUpClass): 200 GET http://10.180.1.21/compute/v2.1/servers/eff8282a-b3cd-4038-9f48-94cd4c4afc55 0.054s
2024-10-31 10:24:40.898 63493 INFO tempest.lib.common.rest_client [req-14cc65ee-d62e-43ee-a199-2609cc868c0a req-14cc65ee-d62e-43ee-a199-2609cc868c0a ] Request (ServerActionsTestOtherA:setUpClass): 200 GET http://10.180.1.21/compute/v2.1/servers/a47dbb3e-62be-426d-acd7-bedc0faf65c5 0.043s
2024-10-31 10:24:40.936 63465 INFO tempest.lib.common.rest_client [req-aa9316e3-9fb0-4c51-9c23-1a2d8def5d12 req-aa9316e3-9fb0-4c51-9c23-1a2d8def5d12 ] Request (ServerExternalEventsTest:test_create_server_external_events): 200 GET http://10.180.1.21/compute/v2.1/servers/e3a6ad78-4f46-42d4-935c-3cf310123530 0.049s
2024-10-31 10:24:40.942 63495 INFO tempest.lib.common.rest_client [req-284e39a7-cfd5-466a-9273-d694654fceae req-284e39a7-cfd5-466a-9273-d694654fceae ] Request (ImagesTestJSON:test_create_image_from_suspended_server): 200 GET http://10.180.1.21/compute/v2.1/servers/39d9b91b-c009-40e1-ad2b-ebef650188a4 0.043s
2024-10-31 10:24:40.976 63481 INFO tempest.lib.common.rest_client [req-53009e2d-0c57-4340-93cc-b13c269e964b req-53009e2d-0c57-4340-93cc-b13c269e964b ] Request (InstanceActionsTestJSON:setUpClass): 200 GET http://10.180.1.21/compute/v2.1/servers/d71bc7f9-29d4-43d6-a17a-80ae6f4ec4a6 0.042s
2024-10-31 10:24:41.006 63483 INFO tempest.lib.common.rest_client [req-f021cac8-4074-4ea5-b7a4-6adbaf056322 req-f021cac8-4074-4ea5-b7a4-6adbaf056322 ] Request (ServerShowV254Test:tearDownClass): 200 GET http://10.180.1.21/compute/v2.1/servers/e9b604fb-1d88-425c-92b7-008ddaec7c1a 0.052s
2024-10-31 10:24:41.023 63471 INFO tempest.lib.common.rest_client [req-21f33196-3b63-4779-856b-00bf5dd29528 req-21f33196-3b63-4779-856b-00bf5dd29528 ] Request (ServersTestBootFromVolume:setUpClass): 200 GET http://10.180.1.21/compute/v2.1/servers/7efc454e-337d-43db-9076-bfc5b89eeea4 0.040s
2024-10-31 10:24:41.046 63451 INFO tempest.lib.common.rest_client [req-f9d3f598-f9d3-48b5-9cae-5dd4be050c22 req-f9d3f598-f9d3-48b5-9cae-5dd4be050c22 ] Request (VolumesAdminNegativeTest:test_update_attached_volume_with_nonexistent_volume_in_body): 200 GET http://10.180.1.21/compute/v2.1/servers/8885156e-78f1-45ff-87c9-829f3ab89dca 0.053s
2024-10-31 10:24:41.063 63461 INFO tempest.lib.common.rest_client [req-6b9af285-b5f0-4f93-aea7-414fefda3e83 req-6b9af285-b5f0-4f93-aea7-414fefda3e83 ] Request (DeleteServersAdminTestJSON:test_admin_delete_servers_of_others): 200 GET http://10.180.1.21/compute/v2.1/servers/fea91da2-186a-44b6-8e20-535e3b123890 0.040s
2024-10-31 10:24:41.093 63441 INFO tempest.lib.common.rest_client [req-5c5e953f-211f-4a48-aec1-093fdae7c347 req-5c5e953f-211f-4a48-aec1-093fdae7c347 ] Request (InstanceActionsNegativeTestJSON:setUpClass): 200 GET http://10.180.1.21/compute/v2.1/servers/611fead3-3d1b-41e4-9579-7ad1a1b754c3 0.044s
2024-10-31 10:24:41.142 63477 INFO tempest.lib.common.rest_client [req-753b5221-142d-43c8-98ac-01c786eb6f91 req-753b5221-142d-43c8-98ac-01c786eb6f91 ] Request (ServerRescueNegativeTestJSON:setUpClass): 200 GET http://10.180.1.21/compute/v2.1/servers/06496aad-b025-48c2-8436-03d43d1ac899 0.045s
2024-10-31 10:24:41.199 63487 INFO tempest.lib.common.rest_client [req-f775313b-cf4b-44e4-927f-fade955b12c2 req-f775313b-cf4b-44e4-927f-fade955b12c2 ] Request (AttachInterfacesTestJSON:test_create_list_show_delete_interfaces_by_network_port): 200 GET http://10.180.1.21/compute/v2.1/servers/ef7a2a36-4e85-40b3-bb6d-9bc5ee563c88 0.045s
2024-10-31 10:24:41.251 63445 INFO tempest.lib.common.rest_client [req-5b9dacc5-b73b-4c25-acaa-aa86dba1e3b9 req-5b9dacc5-b73b-4c25-acaa-aa86dba1e3b9 ] Request (ListImageFiltersTestJSON:setUpClass): 200 GET http://10.180.1.21/compute/v2.1/servers/3080314c-938e-4c27-bffd-547bdc7e6e38 0.043s
2024-10-31 10:24:41.269 63469 INFO tempest.lib.common.rest_client [req-35819739-af6c-4949-a3fb-efc834b4b1c9 req-35819739-af6c-4949-a3fb-efc834b4b1c9 ] Request (ServerDiagnosticsTest:test_get_server_diagnostics): 200 GET http://10.180.1.21/compute/v2.1/servers/864e1f52-f77e-4596-a5b5-dff3679f911f 0.042s
2024-10-31 10:24:41.414 63467 INFO tempest.lib.common.rest_client [req-1511bd28-a9a2-4ea9-adb0-82b866fa8584 req-1511bd28-a9a2-4ea9-adb0-82b866fa8584 ] Request (ServerShowV247Test:tearDownClass): 200 GET http://10.180.1.21/compute/v2.1/servers/c8d27e19-0f3c-4cc3-826b-e07b3a635e5e 0.045s
2024-10-31 10:24:41.471 63459 INFO tempest.lib.common.rest_client [req-58eafd6c-7a80-495c-994b-33acdf44f565 req-58eafd6c-7a80-495c-994b-33acdf44f565 ] Request (ServersTestJSON:test_create_server_with_ipv6_addr_only): 200 GET http://10.180.1.21/compute/v2.1/servers/8045881e-9bce-46e7-98c6-a7989f61a31e 0.053s
2024-10-31 10:24:41.472 63453 INFO tempest.lib.common.rest_client [req-dfdc0f10-7ae0-42a3-84f6-78c371758fc5 req-dfdc0f10-7ae0-42a3-84f6-78c371758fc5 ] Request (ServersAdminTestJSON:setUpClass): 200 GET http://10.180.1.21/compute/v2.1/servers/e24b7994-3786-4709-bcb5-e0b2c9731f2a 0.048s
2024-10-31 10:24:41.528 63443 INFO tempest.lib.common.rest_client [req-e4506d92-4f30-4001-adb1-5a625690f0f5 req-e4506d92-4f30-4001-adb1-5a625690f0f5 ] Request (SecurityGroupsTestJSON:test_server_security_groups): 200 GET http://10.180.1.21/compute/v2.1/servers/06bd8147-5479-4c5e-8ba2-6d3a205ba05e 0.044s
2024-10-31 10:24:41.573 63473 INFO tempest.lib.common.rest_client [req-e2b2ef6b-de8d-49af-919b-c5831d44bbae req-e2b2ef6b-de8d-49af-919b-c5831d44bbae ] Request (MultipleCreateTestJSON:test_multiple_create_with_reservation_return): 200 GET http://10.180.1.21/compute/v2.1/servers/ba2d047d-d30f-4ba0-bcfb-787c5a3ae516 0.042s
2024-10-31 10:24:41.637 63475 INFO tempest.lib.common.rest_client [req-f605042e-cea2-434b-89b3-96613bf2a53d req-f605042e-cea2-434b-89b3-96613bf2a53d ] Request (ServerDiskConfigTestJSON:test_rebuild_server_with_manual_disk_config): 200 GET http://10.180.1.21/compute/v2.1/servers/0ea5fdd0-6f55-4e8f-b18b-261e7edd4cf7 0.041s
2024-10-31 10:24:41.671 63447 INFO tempest.lib.common.rest_client [req-9d8a6d55-c6f9-47f6-b266-b1fedb5453b8 req-9d8a6d55-c6f9-47f6-b266-b1fedb5453b8 ] Request (ServersTestMultiNic:test_verify_multiple_nics_order): 200 GET http://10.180.1.21/compute/v2.1/servers/4d0586a5-60b3-4144-87bf-2fc5f9e9c0b1 0.041s
2024-10-31 10:24:41.728 63491 INFO tempest.lib.common.rest_client [req-fc6388d8-ec89-4027-8ca1-f8bf8fe8ea87 req-fc6388d8-ec89-4027-8ca1-f8bf8fe8ea87 ] Request (ServerRescueTestJSON:setUpClass): 200 GET http://10.180.1.21/compute/v2.1/servers/2f87939c-d615-4d13-8695-971e83ca7843 0.042s
2024-10-31 10:24:41.787 63463 INFO tempest.lib.common.rest_client [req-1d126835-03c2-4c18-9dc7-a3b46fde77a5 req-1d126835-03c2-4c18-9dc7-a3b46fde77a5 ] Request (InstanceActionsV221TestJSON:test_get_list_deleted_instance_actions): 200 GET http://10.180.1.21/compute/v2.1/servers/a97cff65-e350-480e-9891-3317fe05be47 0.044s
2024-10-31 10:24:41.860 63485 INFO tempest.lib.common.rest_client [req-c3e58ae7-4296-4a44-99b5-15ff7977cd97 req-c3e58ae7-4296-4a44-99b5-15ff7977cd97 ] Request (ServersV294TestFqdnHostnames:setUpClass): 200 GET http://10.180.1.21/compute/v2.1/servers/de5f9555-3959-41cd-b63a-db128a001631 0.047s
2024-10-31 10:24:41.907 63501 INFO tempest.lib.common.rest_client [req-e9186b91-e9df-41da-adce-39aed4d06421 req-e9186b91-e9df-41da-adce-39aed4d06421 ] Request (ServerTagsTestJSON:setUpClass): 200 GET http://10.180.1.21/compute/v2.1/servers/95d2a2d7-443b-43d6-97ff-fe36fd11002f 0.053s
2024-10-31 10:24:41.910 63449 INFO tempest.lib.common.rest_client [req-00749ef2-92e8-499c-8ad5-8d5ce8acbfab req-00749ef2-92e8-499c-8ad5-8d5ce8acbfab ] Request (ServerDiagnosticsNegativeTest:test_get_server_diagnostics_by_non_admin): 200 GET http://10.180.1.21/compute/v2.1/servers/56feb1b8-7dbb-4a5c-a8e9-5cb53059e39a 0.046s
2024-10-31 10:24:41.960 63439 INFO tempest.lib.common.rest_client [req-94b21c18-d2cb-40c2-9ca1-01cb277a0941 req-94b21c18-d2cb-40c2-9ca1-01cb277a0941 ] Request (ServersAdminNegativeTestJSON:setUpClass): 200 GET http://10.180.1.21/compute/v2.1/servers/eff8282a-b3cd-4038-9f48-94cd4c4afc55 0.062s
2024-10-31 10:24:41.961 63493 INFO tempest.lib.common.rest_client [req-dad4be86-72a6-40d5-91af-70251b6f82ba req-dad4be86-72a6-40d5-91af-70251b6f82ba ] Request (ServerActionsTestOtherA:setUpClass): 200 GET http://10.180.1.21/compute/v2.1/servers/a47dbb3e-62be-426d-acd7-bedc0faf65c5 0.054s
2024-10-31 10:24:42.006 63495 INFO tempest.lib.common.rest_client [req-8f492c8e-d0b7-4279-8a71-84d0c2ddf281 req-8f492c8e-d0b7-4279-8a71-84d0c2ddf281 ] Request (ImagesTestJSON:test_create_image_from_suspended_server): 200 GET http://10.180.1.21/compute/v2.1/servers/39d9b91b-c009-40e1-ad2b-ebef650188a4 0.058s
2024-10-31 10:24:42.012 63465 INFO tempest.lib.common.rest_client [req-251bd432-8c1c-4452-a267-7e2f06587a02 req-251bd432-8c1c-4452-a267-7e2f06587a02 ] Request (ServerExternalEventsTest:test_create_server_external_events): 200 GET http://10.180.1.21/compute/v2.1/servers/e3a6ad78-4f46-42d4-935c-3cf310123530 0.069s
2024-10-31 10:24:42.045 63481 INFO tempest.lib.common.rest_client [req-87e3d84f-a1fb-474b-9811-bfb8c227c04b req-87e3d84f-a1fb-474b-9811-bfb8c227c04b ] Request (InstanceActionsTestJSON:setUpClass): 200 GET http://10.180.1.21/compute/v2.1/servers/d71bc7f9-29d4-43d6-a17a-80ae6f4ec4a6 0.061s
2024-10-31 10:24:42.064 63483 INFO tempest.lib.common.rest_client [req-2570fcab-5b5d-4518-8797-c92054957018 req-2570fcab-5b5d-4518-8797-c92054957018 ] Request (ServerShowV254Test:tearDownClass): 200 GET http://10.180.1.21/compute/v2.1/servers/e9b604fb-1d88-425c-92b7-008ddaec7c1a 0.049s
2024-10-31 10:24:42.085 63471 INFO tempest.lib.common.rest_client [req-0e1a421e-7a09-4526-87a1-b9469564e7fe req-0e1a421e-7a09-4526-87a1-b9469564e7fe ] Request (ServersTestBootFromVolume:setUpClass): 200 GET http://10.180.1.21/compute/v2.1/servers/7efc454e-337d-43db-9076-bfc5b89eeea4 0.056s
2024-10-31 10:24:42.104 63451 INFO tempest.lib.common.rest_client [req-3558c019-54e4-4ed3-9685-c7f9edf29fad req-3558c019-54e4-4ed3-9685-c7f9edf29fad ] Request (VolumesAdminNegativeTest:test_update_attached_volume_with_nonexistent_volume_in_body): 200 GET http://10.180.1.21/compute/v2.1/servers/8885156e-78f1-45ff-87c9-829f3ab89dca 0.052s
2024-10-31 10:24:42.125 63461 INFO tempest.lib.common.rest_client [req-3476b95a-d3ba-44ac-8b36-bd5dbbfb4ea8 req-3476b95a-d3ba-44ac-8b36-bd5dbbfb4ea8 ] Request (DeleteServersAdminTestJSON:test_admin_delete_servers_of_others): 200 GET http://10.180.1.21/compute/v2.1/servers/fea91da2-186a-44b6-8e20-535e3b123890 0.054s
2024-10-31 10:24:42.144 63441 INFO tempest.lib.common.rest_client [req-f4a8293a-a471-4827-b390-9992c89413af req-f4a8293a-a471-4827-b390-9992c89413af ] Request (InstanceActionsNegativeTestJSON:setUpClass): 200 GET http://10.180.1.21/compute/v2.1/servers/611fead3-3d1b-41e4-9579-7ad1a1b754c3 0.043s
2024-10-31 10:24:42.191 63477 INFO tempest.lib.common.rest_client [req-47919ee3-c844-41ce-958b-44995e672246 req-47919ee3-c844-41ce-958b-44995e672246 ] Request (ServerRescueNegativeTestJSON:setUpClass): 200 GET http://10.180.1.21/compute/v2.1/servers/06496aad-b025-48c2-8436-03d43d1ac899 0.043s
2024-10-31 10:24:42.249 63487 INFO tempest.lib.common.rest_client [req-e3d6c9d9-7eef-42a2-9257-c3f1f353c74d req-e3d6c9d9-7eef-42a2-9257-c3f1f353c74d ] Request (AttachInterfacesTestJSON:test_create_list_show_delete_interfaces_by_network_port): 200 GET http://10.180.1.21/compute/v2.1/servers/ef7a2a36-4e85-40b3-bb6d-9bc5ee563c88 0.044s
2024-10-31 10:24:42.299 63445 INFO tempest.lib.common.rest_client [req-a985dde5-64b2-41a9-84f0-6d75f43f4b83 req-a985dde5-64b2-41a9-84f0-6d75f43f4b83 ] Request (ListImageFiltersTestJSON:setUpClass): 200 GET http://10.180.1.21/compute/v2.1/servers/3080314c-938e-4c27-bffd-547bdc7e6e38 0.042s
2024-10-31 10:24:42.317 63469 INFO tempest.lib.common.rest_client [req-46ea1752-1db2-4961-873d-bb908aaa6a6c req-46ea1752-1db2-4961-873d-bb908aaa6a6c ] Request (ServerDiagnosticsTest:test_get_server_diagnostics): 200 GET http://10.180.1.21/compute/v2.1/servers/864e1f52-f77e-4596-a5b5-dff3679f911f 0.041s
2024-10-31 10:24:42.475 63467 INFO tempest.lib.common.rest_client [req-3a23f61f-e498-4521-9e43-026389e0fa56 req-3a23f61f-e498-4521-9e43-026389e0fa56 ] Request (ServerShowV247Test:tearDownClass): 200 GET http://10.180.1.21/compute/v2.1/servers/c8d27e19-0f3c-4cc3-826b-e07b3a635e5e 0.052s
2024-10-31 10:24:42.482 63467 INFO tempest.common.waiters [-] State transition "ACTIVE/deleting" ==> "DELETED/None" after 4 second wait
2024-10-31 10:24:42.524 63459 INFO tempest.lib.common.rest_client [req-d690a735-0d2a-4cf5-98ad-7efc664b9514 req-d690a735-0d2a-4cf5-98ad-7efc664b9514 ] Request (ServersTestJSON:test_create_server_with_ipv6_addr_only): 200 GET http://10.180.1.21/compute/v2.1/servers/8045881e-9bce-46e7-98c6-a7989f61a31e 0.046s
2024-10-31 10:24:42.531 63453 INFO tempest.lib.common.rest_client [req-5bc21d3a-c3d6-4317-b7f5-27762cde04c2 req-5bc21d3a-c3d6-4317-b7f5-27762cde04c2 ] Request (ServersAdminTestJSON:setUpClass): 200 GET http://10.180.1.21/compute/v2.1/servers/e24b7994-3786-4709-bcb5-e0b2c9731f2a 0.052s
2024-10-31 10:24:42.577 63443 INFO tempest.lib.common.rest_client [req-5dbedfac-9219-4112-a2d0-3a7cd39caa80 req-5dbedfac-9219-4112-a2d0-3a7cd39caa80 ] Request (SecurityGroupsTestJSON:test_server_security_groups): 200 GET http://10.180.1.21/compute/v2.1/servers/06bd8147-5479-4c5e-8ba2-6d3a205ba05e 0.042s
2024-10-31 10:24:42.624 63473 INFO tempest.lib.common.rest_client [req-cf5beb32-8e0b-4a76-8620-24dd4c0d62f0 req-cf5beb32-8e0b-4a76-8620-24dd4c0d62f0 ] Request (MultipleCreateTestJSON:test_multiple_create_with_reservation_return): 200 GET http://10.180.1.21/compute/v2.1/servers/ba2d047d-d30f-4ba0-bcfb-787c5a3ae516 0.044s
2024-10-31 10:24:42.689 63475 INFO tempest.lib.common.rest_client [req-8545eda7-eb1d-421c-b65a-32ff00fafdd4 req-8545eda7-eb1d-421c-b65a-32ff00fafdd4 ] Request (ServerDiskConfigTestJSON:test_rebuild_server_with_manual_disk_config): 200 GET http://10.180.1.21/compute/v2.1/servers/0ea5fdd0-6f55-4e8f-b18b-261e7edd4cf7 0.045s
2024-10-31 10:24:42.724 63447 INFO tempest.lib.common.rest_client [req-41058a40-f945-4c50-af9d-c6b13ed2b90a req-41058a40-f945-4c50-af9d-c6b13ed2b90a ] Request (ServersTestMultiNic:test_verify_multiple_nics_order): 200 GET http://10.180.1.21/compute/v2.1/servers/4d0586a5-60b3-4144-87bf-2fc5f9e9c0b1 0.045s
2024-10-31 10:24:42.781 63491 INFO tempest.lib.common.rest_client [req-d6b5a696-de89-4938-b4a8-df57cd9d5611 req-d6b5a696-de89-4938-b4a8-df57cd9d5611 ] Request (ServerRescueTestJSON:setUpClass): 200 GET http://10.180.1.21/compute/v2.1/servers/2f87939c-d615-4d13-8695-971e83ca7843 0.046s
2024-10-31 10:24:42.841 63463 INFO tempest.lib.common.rest_client [req-c948d624-b3c3-40bf-8ccc-1d5e1deb6715 req-c948d624-b3c3-40bf-8ccc-1d5e1deb6715 ] Request (InstanceActionsV221TestJSON:test_get_list_deleted_instance_actions): 200 GET http://10.180.1.21/compute/v2.1/servers/a97cff65-e350-480e-9891-3317fe05be47 0.046s
2024-10-31 10:24:42.917 63485 INFO tempest.lib.common.rest_client [req-a194bb2f-e06b-4499-9a6b-059510ab1db3 req-a194bb2f-e06b-4499-9a6b-059510ab1db3 ] Request (ServersV294TestFqdnHostnames:setUpClass): 200 GET http://10.180.1.21/compute/v2.1/servers/de5f9555-3959-41cd-b63a-db128a001631 0.049s
2024-10-31 10:24:42.961 63449 INFO tempest.lib.common.rest_client [req-598c8ca5-00ec-410c-a900-978300dd424a req-598c8ca5-00ec-410c-a900-978300dd424a ] Request (ServerDiagnosticsNegativeTest:test_get_server_diagnostics_by_non_admin): 200 GET http://10.180.1.21/compute/v2.1/servers/56feb1b8-7dbb-4a5c-a8e9-5cb53059e39a 0.044s
2024-10-31 10:24:42.967 63501 INFO tempest.lib.common.rest_client [req-77bdf9fc-0c99-4dc8-99ca-c92fdba0238f req-77bdf9fc-0c99-4dc8-99ca-c92fdba0238f ] Request (ServerTagsTestJSON:setUpClass): 200 GET http://10.180.1.21/compute/v2.1/servers/95d2a2d7-443b-43d6-97ff-fe36fd11002f 0.052s
2024-10-31 10:24:43.018 63439 INFO tempest.lib.common.rest_client [req-b1ba66ae-919c-4860-91c8-8f7fe7f2e4e3 req-b1ba66ae-919c-4860-91c8-8f7fe7f2e4e3 ] Request (ServersAdminNegativeTestJSON:setUpClass): 200 GET http://10.180.1.21/compute/v2.1/servers/eff8282a-b3cd-4038-9f48-94cd4c4afc55 0.051s
2024-10-31 10:24:43.019 63493 INFO tempest.lib.common.rest_client [req-f541c5bd-c4c5-4410-9504-c154f332e0a2 req-f541c5bd-c4c5-4410-9504-c154f332e0a2 ] Request (ServerActionsTestOtherA:setUpClass): 200 GET http://10.180.1.21/compute/v2.1/servers/a47dbb3e-62be-426d-acd7-bedc0faf65c5 0.052s
2024-10-31 10:24:43.063 63495 INFO tempest.lib.common.rest_client [req-de2f5402-a243-4ed5-a296-79bad3d6eabd req-de2f5402-a243-4ed5-a296-79bad3d6eabd ] Request (ImagesTestJSON:test_create_image_from_suspended_server): 200 GET http://10.180.1.21/compute/v2.1/servers/39d9b91b-c009-40e1-ad2b-ebef650188a4 0.050s
2024-10-31 10:24:43.069 63465 INFO tempest.lib.common.rest_client [req-5024ad39-9a0e-4dc1-b35d-87cd785f5947 req-5024ad39-9a0e-4dc1-b35d-87cd785f5947 ] Request (ServerExternalEventsTest:test_create_server_external_events): 200 GET http://10.180.1.21/compute/v2.1/servers/e3a6ad78-4f46-42d4-935c-3cf310123530 0.050s
2024-10-31 10:24:43.107 63481 INFO tempest.lib.common.rest_client [req-c84a2003-cefc-425a-b6a9-6c7931ed7c1a req-c84a2003-cefc-425a-b6a9-6c7931ed7c1a ] Request (InstanceActionsTestJSON:setUpClass): 200 GET http://10.180.1.21/compute/v2.1/servers/d71bc7f9-29d4-43d6-a17a-80ae6f4ec4a6 0.055s
2024-10-31 10:24:43.122 63483 INFO tempest.lib.common.rest_client [req-27cd6251-7b6c-446f-b8ce-c1474dc71f7c req-27cd6251-7b6c-446f-b8ce-c1474dc71f7c ] Request (ServerShowV254Test:tearDownClass): 200 GET http://10.180.1.21/compute/v2.1/servers/e9b604fb-1d88-425c-92b7-008ddaec7c1a 0.050s
2024-10-31 10:24:43.147 63471 INFO tempest.lib.common.rest_client [req-cdeef233-fd1e-427a-abb9-5939f17b8b4f req-cdeef233-fd1e-427a-abb9-5939f17b8b4f ] Request (ServersTestBootFromVolume:setUpClass): 200 GET http://10.180.1.21/compute/v2.1/servers/7efc454e-337d-43db-9076-bfc5b89eeea4 0.055s
2024-10-31 10:24:43.163 63451 INFO tempest.lib.common.rest_client [req-2e54b2ac-ea81-43b5-af21-c7767c7f2800 req-2e54b2ac-ea81-43b5-af21-c7767c7f2800 ] Request (VolumesAdminNegativeTest:test_update_attached_volume_with_nonexistent_volume_in_body): 200 GET http://10.180.1.21/compute/v2.1/servers/8885156e-78f1-45ff-87c9-829f3ab89dca 0.053s
2024-10-31 10:24:43.185 63461 INFO tempest.lib.common.rest_client [req-8fcd7bb9-af70-4cd1-825a-5ceb6208eaaa req-8fcd7bb9-af70-4cd1-825a-5ceb6208eaaa ] Request (DeleteServersAdminTestJSON:test_admin_delete_servers_of_others): 200 GET http://10.180.1.21/compute/v2.1/servers/fea91da2-186a-44b6-8e20-535e3b123890 0.053s
2024-10-31 10:24:43.202 63441 INFO tempest.lib.common.rest_client [req-5f674f1e-42a6-4ad3-bf52-ff7c5a51c583 req-5f674f1e-42a6-4ad3-bf52-ff7c5a51c583 ] Request (InstanceActionsNegativeTestJSON:setUpClass): 200 GET http://10.180.1.21/compute/v2.1/servers/611fead3-3d1b-41e4-9579-7ad1a1b754c3 0.051s
2024-10-31 10:24:43.238 63477 INFO tempest.lib.common.rest_client [req-408a2dd0-2a3a-485d-8764-4e2bfc9291b9 req-408a2dd0-2a3a-485d-8764-4e2bfc9291b9 ] Request (ServerRescueNegativeTestJSON:setUpClass): 200 GET http://10.180.1.21/compute/v2.1/servers/06496aad-b025-48c2-8436-03d43d1ac899 0.041s
2024-10-31 10:24:43.299 63487 INFO tempest.lib.common.rest_client [req-9fa1f1b2-c87b-4c5e-a157-ac3fdcc532c4 req-9fa1f1b2-c87b-4c5e-a157-ac3fdcc532c4 ] Request (AttachInterfacesTestJSON:test_create_list_show_delete_interfaces_by_network_port): 200 GET http://10.180.1.21/compute/v2.1/servers/ef7a2a36-4e85-40b3-bb6d-9bc5ee563c88 0.042s
2024-10-31 10:24:43.348 63445 INFO tempest.lib.common.rest_client [req-c5aeea9a-fadf-4988-87d5-420e5b9d8a23 req-c5aeea9a-fadf-4988-87d5-420e5b9d8a23 ] Request (ListImageFiltersTestJSON:setUpClass): 200 GET http://10.180.1.21/compute/v2.1/servers/3080314c-938e-4c27-bffd-547bdc7e6e38 0.042s
2024-10-31 10:24:43.368 63469 INFO tempest.lib.common.rest_client [req-9c5e1241-03c6-46ab-8128-54f6e45a9a2f req-9c5e1241-03c6-46ab-8128-54f6e45a9a2f ] Request (ServerDiagnosticsTest:test_get_server_diagnostics): 200 GET http://10.180.1.21/compute/v2.1/servers/864e1f52-f77e-4596-a5b5-dff3679f911f 0.044s
2024-10-31 10:24:43.534 63467 INFO tempest.lib.common.rest_client [req-1c4eeffb-a523-4a26-ae65-c3e7621468e2 req-1c4eeffb-a523-4a26-ae65-c3e7621468e2 ] Request (ServerShowV247Test:tearDownClass): 200 GET http://10.180.1.21/compute/v2.1/servers/c8d27e19-0f3c-4cc3-826b-e07b3a635e5e 0.051s
2024-10-31 10:24:43.579 63459 INFO tempest.lib.common.rest_client [req-0648081d-7923-4e6b-98a5-ded768e9c591 req-0648081d-7923-4e6b-98a5-ded768e9c591 ] Request (ServersTestJSON:test_create_server_with_ipv6_addr_only): 200 GET http://10.180.1.21/compute/v2.1/servers/8045881e-9bce-46e7-98c6-a7989f61a31e 0.048s
2024-10-31 10:24:43.584 63453 INFO tempest.lib.common.rest_client [req-35cdb4df-7c5a-4e8a-8b84-ce0e013cc607 req-35cdb4df-7c5a-4e8a-8b84-ce0e013cc607 ] Request (ServersAdminTestJSON:setUpClass): 200 GET http://10.180.1.21/compute/v2.1/servers/e24b7994-3786-4709-bcb5-e0b2c9731f2a 0.047s
2024-10-31 10:24:43.624 63443 INFO tempest.lib.common.rest_client [req-eabbace0-ddbc-4a9e-9c35-1c2a110d59d6 req-eabbace0-ddbc-4a9e-9c35-1c2a110d59d6 ] Request (SecurityGroupsTestJSON:test_server_security_groups): 200 GET http://10.180.1.21/compute/v2.1/servers/06bd8147-5479-4c5e-8ba2-6d3a205ba05e 0.040s
2024-10-31 10:24:43.673 63473 INFO tempest.lib.common.rest_client [req-5769f644-7401-466b-a017-75dcbcc40ffa req-5769f644-7401-466b-a017-75dcbcc40ffa ] Request (MultipleCreateTestJSON:test_multiple_create_with_reservation_return): 200 GET http://10.180.1.21/compute/v2.1/servers/ba2d047d-d30f-4ba0-bcfb-787c5a3ae516 0.043s
2024-10-31 10:24:43.739 63475 INFO tempest.lib.common.rest_client [req-7883a10b-1d21-414f-872e-962b5b951a4c req-7883a10b-1d21-414f-872e-962b5b951a4c ] Request (ServerDiskConfigTestJSON:test_rebuild_server_with_manual_disk_config): 200 GET http://10.180.1.21/compute/v2.1/servers/0ea5fdd0-6f55-4e8f-b18b-261e7edd4cf7 0.043s
2024-10-31 10:24:43.775 63447 INFO tempest.lib.common.rest_client [req-6e0a87b4-8caa-4ff1-aecf-31bf320d06eb req-6e0a87b4-8caa-4ff1-aecf-31bf320d06eb ] Request (ServersTestMultiNic:test_verify_multiple_nics_order): 200 GET http://10.180.1.21/compute/v2.1/servers/4d0586a5-60b3-4144-87bf-2fc5f9e9c0b1 0.043s
2024-10-31 10:24:43.834 63491 INFO tempest.lib.common.rest_client [req-20b8259c-df85-4a46-acdc-cee3a19b3d57 req-20b8259c-df85-4a46-acdc-cee3a19b3d57 ] Request (ServerRescueTestJSON:setUpClass): 200 GET http://10.180.1.21/compute/v2.1/servers/2f87939c-d615-4d13-8695-971e83ca7843 0.046s
2024-10-31 10:24:43.894 63463 INFO tempest.lib.common.rest_client [req-e084b042-ee57-420d-b0c0-087b6b0aaeca req-e084b042-ee57-420d-b0c0-087b6b0aaeca ] Request (InstanceActionsV221TestJSON:test_get_list_deleted_instance_actions): 200 GET http://10.180.1.21/compute/v2.1/servers/a97cff65-e350-480e-9891-3317fe05be47 0.045s
2024-10-31 10:24:43.974 63485 INFO tempest.lib.common.rest_client [req-cb3f6f3f-31f9-4b1a-9a10-ba01587993ad req-cb3f6f3f-31f9-4b1a-9a10-ba01587993ad ] Request (ServersV294TestFqdnHostnames:setUpClass): 200 GET http://10.180.1.21/compute/v2.1/servers/de5f9555-3959-41cd-b63a-db128a001631 0.047s
2024-10-31 10:24:44.011 63449 INFO tempest.lib.common.rest_client [req-04056b86-6305-466e-b5de-a2894634d924 req-04056b86-6305-466e-b5de-a2894634d924 ] Request (ServerDiagnosticsNegativeTest:test_get_server_diagnostics_by_non_admin): 200 GET http://10.180.1.21/compute/v2.1/servers/56feb1b8-7dbb-4a5c-a8e9-5cb53059e39a 0.043s
2024-10-31 10:24:44.021 63501 INFO tempest.lib.common.rest_client [req-18d158bf-29cc-450f-991b-7f968b4288d6 req-18d158bf-29cc-450f-991b-7f968b4288d6 ] Request (ServerTagsTestJSON:setUpClass): 200 GET http://10.180.1.21/compute/v2.1/servers/95d2a2d7-443b-43d6-97ff-fe36fd11002f 0.046s
2024-10-31 10:24:44.075 63439 INFO tempest.lib.common.rest_client [req-c04a6d9c-2d17-4a80-a9c4-c0e330362205 req-c04a6d9c-2d17-4a80-a9c4-c0e330362205 ] Request (ServersAdminNegativeTestJSON:setUpClass): 200 GET http://10.180.1.21/compute/v2.1/servers/eff8282a-b3cd-4038-9f48-94cd4c4afc55 0.050s
2024-10-31 10:24:44.077 63493 INFO tempest.lib.common.rest_client [req-136f58a7-7a8c-423f-86ea-2073a4a2f815 req-136f58a7-7a8c-423f-86ea-2073a4a2f815 ] Request (ServerActionsTestOtherA:setUpClass): 200 GET http://10.180.1.21/compute/v2.1/servers/a47dbb3e-62be-426d-acd7-bedc0faf65c5 0.051s
2024-10-31 10:24:44.119 63495 INFO tempest.lib.common.rest_client [req-eae13901-89cd-4610-8711-ceb814884f9f req-eae13901-89cd-4610-8711-ceb814884f9f ] Request (ImagesTestJSON:test_create_image_from_suspended_server): 200 GET http://10.180.1.21/compute/v2.1/servers/39d9b91b-c009-40e1-ad2b-ebef650188a4 0.049s
2024-10-31 10:24:44.124 63465 INFO tempest.lib.common.rest_client [req-339c30dd-e7ff-4a94-9390-458ec22aef9c req-339c30dd-e7ff-4a94-9390-458ec22aef9c ] Request (ServerExternalEventsTest:test_create_server_external_events): 200 GET http://10.180.1.21/compute/v2.1/servers/e3a6ad78-4f46-42d4-935c-3cf310123530 0.049s
2024-10-31 10:24:44.158 63481 INFO tempest.lib.common.rest_client [req-2a8aa5a4-c2f5-4193-ac89-388bb2668fdd req-2a8aa5a4-c2f5-4193-ac89-388bb2668fdd ] Request (InstanceActionsTestJSON:setUpClass): 200 GET http://10.180.1.21/compute/v2.1/servers/d71bc7f9-29d4-43d6-a17a-80ae6f4ec4a6 0.044s
2024-10-31 10:24:44.176 63483 INFO tempest.lib.common.rest_client [req-bbbad032-79d6-49b0-aeff-08641821ad23 req-bbbad032-79d6-49b0-aeff-08641821ad23 ] Request (ServerShowV254Test:tearDownClass): 200 GET http://10.180.1.21/compute/v2.1/servers/e9b604fb-1d88-425c-92b7-008ddaec7c1a 0.047s
2024-10-31 10:24:44.197 63471 INFO tempest.lib.common.rest_client [req-b4a86e07-ae4d-446b-9bb8-01aafcc6b554 req-b4a86e07-ae4d-446b-9bb8-01aafcc6b554 ] Request (ServersTestBootFromVolume:setUpClass): 200 GET http://10.180.1.21/compute/v2.1/servers/7efc454e-337d-43db-9076-bfc5b89eeea4 0.044s
2024-10-31 10:24:44.217 63451 INFO tempest.lib.common.rest_client [req-4f626878-83f1-42c0-b048-303a9d71f506 req-4f626878-83f1-42c0-b048-303a9d71f506 ] Request (VolumesAdminNegativeTest:test_update_attached_volume_with_nonexistent_volume_in_body): 200 GET http://10.180.1.21/compute/v2.1/servers/8885156e-78f1-45ff-87c9-829f3ab89dca 0.048s
2024-10-31 10:24:44.236 63461 INFO tempest.lib.common.rest_client [req-3e6c54b4-c5ce-46dd-a266-7e712582cdb0 req-3e6c54b4-c5ce-46dd-a266-7e712582cdb0 ] Request (DeleteServersAdminTestJSON:test_admin_delete_servers_of_others): 200 GET http://10.180.1.21/compute/v2.1/servers/fea91da2-186a-44b6-8e20-535e3b123890 0.043s
2024-10-31 10:24:44.255 63441 INFO tempest.lib.common.rest_client [req-87b661ab-97a5-40e7-a5fa-0a827e00afbb req-87b661ab-97a5-40e7-a5fa-0a827e00afbb ] Request (InstanceActionsNegativeTestJSON:setUpClass): 200 GET http://10.180.1.21/compute/v2.1/servers/611fead3-3d1b-41e4-9579-7ad1a1b754c3 0.046s
2024-10-31 10:24:44.284 63477 INFO tempest.lib.common.rest_client [req-d2c17434-a5f4-4165-b602-5ea1c27e616b req-d2c17434-a5f4-4165-b602-5ea1c27e616b ] Request (ServerRescueNegativeTestJSON:setUpClass): 200 GET http://10.180.1.21/compute/v2.1/servers/06496aad-b025-48c2-8436-03d43d1ac899 0.039s
2024-10-31 10:24:44.349 63487 INFO tempest.lib.common.rest_client [req-345c715f-962f-4378-983e-63854ea0845c req-345c715f-962f-4378-983e-63854ea0845c ] Request (AttachInterfacesTestJSON:test_create_list_show_delete_interfaces_by_network_port): 200 GET http://10.180.1.21/compute/v2.1/servers/ef7a2a36-4e85-40b3-bb6d-9bc5ee563c88 0.043s
2024-10-31 10:24:44.398 63445 INFO tempest.lib.common.rest_client [req-ddbb9dd5-f219-44b6-ba02-6c0a7725ccb0 req-ddbb9dd5-f219-44b6-ba02-6c0a7725ccb0 ] Request (ListImageFiltersTestJSON:setUpClass): 200 GET http://10.180.1.21/compute/v2.1/servers/3080314c-938e-4c27-bffd-547bdc7e6e38 0.044s
2024-10-31 10:24:44.416 63469 INFO tempest.lib.common.rest_client [req-7e79415a-0faa-4072-b235-ca997315c921 req-7e79415a-0faa-4072-b235-ca997315c921 ] Request (ServerDiagnosticsTest:test_get_server_diagnostics): 200 GET http://10.180.1.21/compute/v2.1/servers/864e1f52-f77e-4596-a5b5-dff3679f911f 0.042s
2024-10-31 10:24:44.727 63467 INFO tempest.lib.common.rest_client [req-79509c58-ff5c-4dc6-ac3a-574f80f0f049 req-79509c58-ff5c-4dc6-ac3a-574f80f0f049 ] Request (ServerShowV247Test:tearDownClass): 200 GET http://10.180.1.21/compute/v2.1/servers/c8d27e19-0f3c-4cc3-826b-e07b3a635e5e 0.184s
2024-10-31 10:24:44.736 63459 INFO tempest.lib.common.rest_client [req-46984f31-866e-477f-9d18-a210152fa890 req-46984f31-866e-477f-9d18-a210152fa890 ] Request (ServersTestJSON:test_create_server_with_ipv6_addr_only): 200 GET http://10.180.1.21/compute/v2.1/servers/8045881e-9bce-46e7-98c6-a7989f61a31e 0.150s
