2024-10-31 10:22:36.914 63447 INFO tempest.lib.common.rest_client [req-ed63e48b-6125-4e6e-8b45-328e71ae3fbe req-ed63e48b-6125-4e6e-8b45-328e71ae3fbe ] Request (HypervisorAdminV253TestBase:tearDownClass): 200 GET http://10.180.1.21:9696/networking/v2.0/security-groups?tenant_id=ea66da7e342f4513837cf6c10cadd0ee&name=default 0.344s
2024-10-31 10:22:36.921 63498 INFO tempest.lib.common.rest_client [req-12e6d8a1-3eb0-4901-9348-840b241806cb req-12e6d8a1-3eb0-4901-9348-840b241806cb ] Request (FloatingIPsTestJSON:test_allocate_floating_ip): 200 GET http://10.180.1.21/compute/v2.1/os-floating-ips/8a06e65c-1e48-471f-ab14-474ff3ae84ac 1.970s
2024-10-31 10:22:36.927 63463 INFO tempest.lib.common.rest_client [req-76a0b6ab-cb6b-43a1-aec2-ccc247b6a3f9 req-76a0b6ab-cb6b-43a1-aec2-ccc247b6a3f9 ] Request (HostsAdminNegativeTestJSON:test_reboot_host_with_non_admin_user): 403 GET http://10.180.1.21/compute/v2.1/os-hosts/devstack/reboot 1.888s
2024-10-31 10:22:36.934 63451 INFO tempest.lib.common.rest_client [req-16f33e06-dd34-40c6-869b-b8bcf82fc8d0 req-16f33e06-dd34-40c6-869b-b8bcf82fc8d0 ] Request (FlavorsExtraSpecsNegativeTestJSON:test_flavor_non_admin_set_keys): 403 POST http://10.180.1.21/compute/v2.1/flavors/1953259653/os-extra_specs 1.750s
2024-10-31 10:22:37.077 63489 INFO tempest.lib.common.rest_client [req-b1429272-fa56-4e2f-b49b-cbb207c1293a req-b1429272-fa56-4e2f-b49b-cbb207c1293a ] Request (FlavorsAccessTestJSON:test_flavor_access_add_remove): 200 GET http://10.180.1.21/compute/v2.1/flavors/detail 1.710s
2024-10-31 10:22:37.132 63487 INFO tempest.lib.common.rest_client [req-87197476-4580-47f0-a72b-6dd036e48557 req-87197476-4580-47f0-a72b-6dd036e48557 ] Request (AttachInterfacesTestJSON:test_create_list_show_delete_interfaces_by_fixed_ip): 202 POST http://10.180.1.21/compute/v2.1/servers 2.585s
2024-10-31 10:22:37.173 63457 INFO tempest.lib.common.rest_client [req-1f019021-929e-4096-bec8-697397eb4ba1 req-1f019021-929e-4096-bec8-697397eb4ba1 ] Request (FlavorsAccessNegativeTestJSON:test_add_flavor_access_duplicate): 200 POST http://10.180.1.21/compute/v2.1/flavors/1251960641/action 1.621s
2024-10-31 10:22:37.202 63491 INFO tempest.lib.common.rest_client [req-2370418e-f2e1-4412-8162-30c296da604c req-2370418e-f2e1-4412-8162-30c296da604c ] Request (FlavorsV261TestJSON:test_crud_flavor): 200 PUT http://10.180.1.21/compute/v2.1/flavors/1104162243 1.513s
2024-10-31 10:22:37.232 63485 INFO tempest.lib.common.rest_client [req-c4eb2c6c-85fd-4d90-955e-f266e13dc996 req-c4eb2c6c-85fd-4d90-955e-f266e13dc996 ] Request (FloatingIPsAssociationTestJSON:setUpClass): 200 GET http://10.180.1.21/compute/v2.1/servers/4a0241c3-8dea-4deb-80e1-66bb9cba10b9 1.557s
2024-10-31 10:22:37.271 63475 INFO tempest.lib.common.rest_client [req-8dfd3716-9491-43f2-8730-918ee8b65afe req-8dfd3716-9491-43f2-8730-918ee8b65afe ] Request (ImagesMetadataTestJSON:setUpClass): 200 GET http://10.180.1.21/compute/v2.1/images/5362c63c-5022-4bd3-9fa4-ec0d23c609b3 1.465s
2024-10-31 10:22:37.274 63501 INFO tempest.lib.common.rest_client [req-6650a360-4e76-40c2-8fcf-c6d5f5c42d93 req-6650a360-4e76-40c2-8fcf-c6d5f5c42d93 ] Request (TenantUsagesNegativeTestJSON:test_list_usage_all_tenants_with_non_admin_user): 403 GET http://10.180.1.21/compute/v2.1/os-simple-tenant-usage?start=2024-10-30T10%3A22%3A29.373101&end=2024-11-01T10%3A22%3A29.373101&detailed=1 1.577s
2024-10-31 10:22:37.378 63453 INFO tempest.lib.common.rest_client [req-deffd75f-1a47-442d-b272-daa81c83c906 req-deffd75f-1a47-442d-b272-daa81c83c906 ] Request (ServersAdmin275Test:test_rebuild_update_server_275): 200 GET http://10.180.1.21/compute/v2.1/servers/0ded82aa-c68d-4d11-9e4d-90ed9a19b708 1.467s
2024-10-31 10:22:37.391 63499 INFO tempest.lib.common.rest_client [req-06bb84b9-9558-4d56-ba71-1f943a542022 req-06bb84b9-9558-4d56-ba71-1f943a542022 ] Request (HypervisorAdminV228Test:tearDownClass): 200 GET http://10.180.1.21:9696/networking/v2.0/security-groups?tenant_id=1f0cf89a3ecd43168a4a9ae2f284670e&name=default 0.853s
2024-10-31 10:22:37.401 63483 INFO tempest.lib.common.rest_client [req-80205180-def1-47d4-8b99-37d4f72a30c4 req-80205180-def1-47d4-8b99-37d4f72a30c4 ] Request (ServicesAdminTestJSON:test_get_service_by_service_binary_name): 200 GET http://10.180.1.21/compute/v2.1/os-services?binary=nova-compute 1.420s
2024-10-31 10:22:37.403 63501 INFO tempest.lib.common.rest_client [req-ecc33445-64ed-4d91-aec7-7e6bc88391d1 req-ecc33445-64ed-4d91-aec7-7e6bc88391d1 ] Request (TenantUsagesNegativeTestJSON:tearDownClass): 204 DELETE http://10.180.1.21/identity/v3/users/4492e4e9e200436493f77dd22e6b2e64 0.124s
2024-10-31 10:22:37.424 63495 INFO tempest.lib.common.rest_client [req-c75187ea-9da3-419a-84f9-63dd9fa7e31c req-c75187ea-9da3-419a-84f9-63dd9fa7e31c ] Request (FlavorMetadataValidation:_run_cleanups): 202 DELETE http://10.180.1.21/compute/v2.1/flavors/745884940 1.403s
2024-10-31 10:22:37.478 63455 INFO tempest.lib.common.rest_client [req-67723dce-47b7-4a69-931e-78b46fa23c4c req-67723dce-47b7-4a69-931e-78b46fa23c4c ] Request (AggregatesAdminNegativeTestJSON:test_aggregate_add_existent_host): 409 POST http://10.180.1.21/compute/v2.1/os-aggregates/1/action 1.457s
2024-10-31 10:22:37.497 63481 INFO tempest.lib.common.rest_client [req-1ad2b198-689f-4632-a0b4-43a8b683a4e0 req-1ad2b198-689f-4632-a0b4-43a8b683a4e0 ] Request (ServicesAdminNegativeV253TestJSON:test_enable_service_with_invalid_service_id): 404 PUT http://10.180.1.21/compute/v2.1/os-services/9ac376bc-3ac3-42dc-baff-c700f2bff495 1.451s
2024-10-31 10:22:37.502 63499 INFO tempest.lib.common.rest_client [req-a04ebc22-47e8-43c8-90d6-41362f9d1e4f req-a04ebc22-47e8-43c8-90d6-41362f9d1e4f ] Request (HypervisorAdminV228Test:tearDownClass): 204 DELETE http://10.180.1.21:9696/networking/v2.0/security-groups/c9b594db-412f-4e06-9961-b990d40134a4 0.111s
2024-10-31 10:22:37.517 63477 INFO tempest.lib.common.rest_client [req-04aa9cd7-eee1-4fc2-8fb6-b371cbbca82f req-04aa9cd7-eee1-4fc2-8fb6-b371cbbca82f ] Request (HypervisorAdminNegativeUnderV252Test:test_show_servers_with_nonexistent_hypervisor): 404 GET http://10.180.1.21/compute/v2.1/os-hypervisors/6fbffaec-f22c-4598-b9cb-72d8c25f6bf4/servers 1.466s
2024-10-31 10:22:37.551 63459 INFO tempest.lib.common.rest_client [req-1b3160ff-6682-48a1-b35d-801c07582193 req-1b3160ff-6682-48a1-b35d-801c07582193 ] Request (QuotasAdminTestV236:test_get_updated_quotas): 200 PUT http://10.180.1.21/compute/v2.1/os-quota-sets/abda638f2d51413f9a17626c0d3739b4?user_id=4090d115289d4897ad538588bc673f2a 1.593s
2024-10-31 10:22:37.553 63439 INFO tempest.lib.common.rest_client [req-bcd3b7f8-8cd8-45d9-94ea-af3792778b4b req-bcd3b7f8-8cd8-45d9-94ea-af3792778b4b ] Request (FlavorsExtraSpecsTestJSON:test_flavor_non_admin_get_specific_key): 200 POST http://10.180.1.21/compute/v2.1/flavors/1553367055/os-extra_specs 1.379s
2024-10-31 10:22:37.584 63501 INFO tempest.lib.common.rest_client [req-3374fc0c-a3fa-44fa-9ef9-1462901b0292 req-3374fc0c-a3fa-44fa-9ef9-1462901b0292 ] Request (TenantUsagesNegativeTestJSON:tearDownClass): 204 DELETE http://10.180.1.21/identity/v3/users/c437d695ebd54e0397b42d6407f86e0e 0.181s
2024-10-31 10:22:37.584 63501 INFO tempest.lib.common.dynamic_creds [-] Deleting project and security group for project: 0082e96e4ad743738a99503b64e60688
2024-10-31 10:22:37.605 63447 INFO tempest.lib.common.rest_client [req-95f30c7a-3d52-4da2-84b6-a925d9b0d068 req-95f30c7a-3d52-4da2-84b6-a925d9b0d068 ] Request (HypervisorAdminV253TestBase:tearDownClass): 204 DELETE http://10.180.1.21:9696/networking/v2.0/security-groups/293ebbb2-9b63-4b49-a467-45b090c822e3 0.690s
2024-10-31 10:22:37.641 63445 INFO tempest.lib.common.rest_client [req-c797fb71-c2b9-4a60-b252-4e33687ec9f0 req-c797fb71-c2b9-4a60-b252-4e33687ec9f0 ] Request (ServerDiagnosticsV248Test:test_get_server_diagnostics): 200 GET http://10.180.1.21/compute/v2.1/servers/21d0b283-3bb4-4bda-8e62-c933c6de4927 1.174s
2024-10-31 10:22:37.665 63473 INFO tempest.lib.common.rest_client [req-ad7ba519-1822-49f3-ad52-dd905dc7bdde req-ad7ba519-1822-49f3-ad52-dd905dc7bdde ] Request (ServicesAdminNegativeTestJSON:test_get_service_by_invalid_service_and_valid_host): 200 GET http://10.180.1.21/compute/v2.1/os-services?host=devstack&binary=xxx 0.921s
2024-10-31 10:22:37.680 63499 INFO tempest.lib.common.rest_client [req-0ca1fa7f-9277-486c-aaa8-2a0691d39245 req-0ca1fa7f-9277-486c-aaa8-2a0691d39245 ] Request (HypervisorAdminV228Test:tearDownClass): 204 DELETE http://10.180.1.21/identity/v3/projects/1f0cf89a3ecd43168a4a9ae2f284670e 0.177s
2024-10-31 10:22:37.681 63499 INFO tempest.lib.common.dynamic_creds [-] Deleting project and security group for project: 24e8f5e5c44647babe220450aa2e5ee9
2024-10-31 10:22:37.695 63477 INFO tempest.lib.common.rest_client [req-a6c5d9f6-6603-46b6-b979-258263d642a4 req-a6c5d9f6-6603-46b6-b979-258263d642a4 ] Request (HypervisorAdminNegativeUnderV252Test:tearDownClass): 204 DELETE http://10.180.1.21/identity/v3/users/88aeac0b633f41d8a64d4f6cd5f2140b 0.176s
2024-10-31 10:22:37.770 63501 INFO tempest.lib.common.rest_client [req-90f871a0-85dc-4814-b41c-79db600e3850 req-90f871a0-85dc-4814-b41c-79db600e3850 ] Request (TenantUsagesNegativeTestJSON:tearDownClass): 201 POST http://10.180.1.21/identity/v3/auth/tokens 0.185s
2024-10-31 10:22:37.790 63498 INFO tempest.lib.common.rest_client [req-a96986ae-5a52-4ed0-bb3d-ae2d1700c869 req-a96986ae-5a52-4ed0-bb3d-ae2d1700c869 ] Request (FloatingIPsTestJSON:test_allocate_floating_ip): 200 GET http://10.180.1.21/compute/v2.1/os-floating-ips 0.865s
2024-10-31 10:22:37.814 63463 INFO tempest.lib.common.rest_client [req-ede5afbb-2ec7-45f6-b6f8-fe4216352c89 req-ede5afbb-2ec7-45f6-b6f8-fe4216352c89 ] Request (HostsAdminNegativeTestJSON:test_reboot_nonexistent_host): 404 GET http://10.180.1.21/compute/v2.1/os-hosts/nonexistent_hostname/reboot 0.885s
2024-10-31 10:22:37.845 63451 INFO tempest.lib.common.rest_client [req-0d1be323-ead4-4880-8b2e-6a20988118a3 req-0d1be323-ead4-4880-8b2e-6a20988118a3 ] Request (FlavorsExtraSpecsNegativeTestJSON:test_flavor_non_admin_unset_keys): 200 POST http://10.180.1.21/compute/v2.1/flavors/1953259653/os-extra_specs 0.910s
2024-10-31 10:22:37.854 63447 INFO tempest.lib.common.rest_client [req-cd6022db-4579-4ff9-90cc-6f22166cf277 req-cd6022db-4579-4ff9-90cc-6f22166cf277 ] Request (HypervisorAdminV253TestBase:tearDownClass): 204 DELETE http://10.180.1.21/identity/v3/projects/ea66da7e342f4513837cf6c10cadd0ee 0.248s
2024-10-31 10:22:37.854 63447 INFO tempest.lib.common.dynamic_creds [-] Deleting project and security group for project: 397ac5eb5246497c9e234255fea43e63
2024-10-31 10:22:37.905 63469 INFO tempest.lib.common.rest_client [req-e2909446-1f3c-4e41-ad21-887b2a867f13 req-e2909446-1f3c-4e41-ad21-887b2a867f13 ] Request (FlavorsV255TestJSON:test_crud_flavor): 200 GET http://10.180.1.21/compute/v2.1/flavors/2080311576 1.277s
2024-10-31 10:22:37.978 63477 INFO tempest.lib.common.rest_client [req-7a13c9e8-e9ba-48b8-b472-b73eb1ac2a89 req-7a13c9e8-e9ba-48b8-b472-b73eb1ac2a89 ] Request (HypervisorAdminNegativeUnderV252Test:tearDownClass): 204 DELETE http://10.180.1.21/identity/v3/users/fd009f82265a43bda7f8b5a4145609a1 0.283s
2024-10-31 10:22:37.979 63477 INFO tempest.lib.common.dynamic_creds [-] Deleting project and security group for project: 64ae5f3baaf94eaaa8298a305078b840
2024-10-31 10:22:37.987 63487 INFO tempest.lib.common.rest_client [req-3208d9aa-69dc-47f0-84a5-762435293f41 req-3208d9aa-69dc-47f0-84a5-762435293f41 ] Request (AttachInterfacesTestJSON:test_create_list_show_delete_interfaces_by_fixed_ip): 200 GET http://10.180.1.21/compute/v2.1/servers/4646821e-13ec-4413-aa82-1bbf6eb384ad 0.853s
2024-10-31 10:22:38.031 63447 INFO tempest.lib.common.rest_client [req-71b618c4-c80a-4201-979f-8cc89b3b4122 req-71b618c4-c80a-4201-979f-8cc89b3b4122 ] Request (HypervisorAdminV253TestBase:tearDownClass): 200 GET http://10.180.1.21:9696/networking/v2.0/security-groups?tenant_id=397ac5eb5246497c9e234255fea43e63&name=default 0.173s
2024-10-31 10:22:38.076 63477 INFO tempest.lib.common.rest_client [req-ed9e3041-dbe7-45a6-b518-8c02b3367f4d req-ed9e3041-dbe7-45a6-b518-8c02b3367f4d ] Request (HypervisorAdminNegativeUnderV252Test:tearDownClass): 201 POST http://10.180.1.21/identity/v3/auth/tokens 0.097s
2024-10-31 10:22:38.133 63489 INFO tempest.lib.common.rest_client [req-dc94369e-510f-4c28-96f4-8b86fc7dec2e req-dc94369e-510f-4c28-96f4-8b86fc7dec2e ] Request (FlavorsAccessTestJSON:test_flavor_access_add_remove): 200 POST http://10.180.1.21/compute/v2.1/flavors/202550507/action 1.050s
2024-10-31 10:22:38.152 63491 INFO tempest.lib.common.rest_client [req-468fa975-720f-45d5-a537-34a0036a195f req-468fa975-720f-45d5-a537-34a0036a195f ] Request (FlavorsV261TestJSON:test_crud_flavor): 200 GET http://10.180.1.21/compute/v2.1/flavors/detail 0.947s
2024-10-31 10:22:38.171 63457 INFO tempest.lib.common.rest_client [req-841fec3f-2138-4fe5-a47d-afe49c1edd8e req-841fec3f-2138-4fe5-a47d-afe49c1edd8e ] Request (FlavorsAccessNegativeTestJSON:test_add_flavor_access_duplicate): 409 POST http://10.180.1.21/compute/v2.1/flavors/1251960641/action 0.997s
2024-10-31 10:22:38.246 63499 INFO tempest.lib.common.rest_client [req-718139da-850e-4432-a248-85d20fcb689f req-718139da-850e-4432-a248-85d20fcb689f ] Request (HypervisorAdminV228Test:tearDownClass): 200 GET http://10.180.1.21:9696/networking/v2.0/security-groups?tenant_id=24e8f5e5c44647babe220450aa2e5ee9&name=default 0.565s
2024-10-31 10:22:38.327 63471 INFO tempest.lib.common.rest_client [req-b4ff265b-6c60-4651-ba3d-356b9397a925 req-b4ff265b-6c60-4651-ba3d-356b9397a925 ] Request (TenantUsagesTestJSON:setUpClass): 200 GET http://10.180.1.21/compute/v2.1/servers/d87b8f05-e3d6-4800-a635-af5b6f03373d 1.107s
2024-10-31 10:22:38.337 63471 INFO tempest.common.waiters [-] State transition "BUILD/block_device_mapping" ==> "BUILD/spawning" after 5 second wait
2024-10-31 10:22:38.376 63465 INFO tempest.lib.common.rest_client [req-b12bd3cf-fd50-4f53-a966-1403ad087181 req-b12bd3cf-fd50-4f53-a966-1403ad087181 ] Request (MigrationsAdminTest:test_list_migrations_in_flavor_resize_situation): 200 GET http://10.180.1.21/compute/v2.1/servers/65cd7042-daaf-4845-a0b8-5d2d0be02696 1.058s
2024-10-31 10:22:38.399 63499 INFO tempest.lib.common.rest_client [req-72b563af-c078-4bf3-849c-6e6794585f12 req-72b563af-c078-4bf3-849c-6e6794585f12 ] Request (HypervisorAdminV228Test:tearDownClass): 204 DELETE http://10.180.1.21:9696/networking/v2.0/security-groups/1eaca4af-a0f5-4ff4-baa6-1a59a31e1679 0.152s
2024-10-31 10:22:38.401 63483 INFO tempest.lib.common.rest_client [req-1782bffc-a73b-4f10-b423-f9da49174e41 req-1782bffc-a73b-4f10-b423-f9da49174e41 ] Request (ServicesAdminTestJSON:test_list_services): 200 GET http://10.180.1.21/compute/v2.1/os-services 0.993s
2024-10-31 10:22:38.421 63495 INFO tempest.lib.common.rest_client [req-15e265cb-318a-4715-bb99-84fe2250b03f req-15e265cb-318a-4715-bb99-84fe2250b03f ] Request (FlavorMetadataValidation:_run_cleanups): 200 GET http://10.180.1.21/compute/v2.1/flavors/detail 0.997s
2024-10-31 10:22:38.455 63475 INFO tempest.lib.common.rest_client [req-25a91425-ec53-4deb-a726-5d068cfae5c9 req-25a91425-ec53-4deb-a726-5d068cfae5c9 ] Request (ImagesMetadataTestJSON:setUp): 200 PUT http://10.180.1.21/compute/v2.1/images/5362c63c-5022-4bd3-9fa4-ec0d23c609b3/metadata 1.180s
2024-10-31 10:22:38.472 63481 INFO tempest.lib.common.rest_client [req-2f4941e0-4d55-4a42-92f4-a6f3f2719299 req-2f4941e0-4d55-4a42-92f4-a6f3f2719299 ] Request (ServicesAdminNegativeV253TestJSON:test_get_service_by_invalid_params): 200 GET http://10.180.1.21/compute/v2.1/os-services 0.974s
2024-10-31 10:22:38.536 63499 INFO tempest.lib.common.rest_client [req-543d1433-421f-4e78-ae09-de6c0d3ddca6 req-543d1433-421f-4e78-ae09-de6c0d3ddca6 ] Request (HypervisorAdminV228Test:tearDownClass): 204 DELETE http://10.180.1.21/identity/v3/projects/24e8f5e5c44647babe220450aa2e5ee9 0.136s
2024-10-31 10:22:38.537 63499 INFO tempest.test [-] raised in LiveMigrationNegativeTest.setUpClass. Invoking tearDownClass.
2024-10-31 10:22:38.537 63483 INFO tempest.lib.common.rest_client [req-a4c3bdde-5acb-423f-aee2-2fd903dcd52c req-a4c3bdde-5acb-423f-aee2-2fd903dcd52c ] Request (ServicesAdminTestJSON:tearDownClass): 204 DELETE http://10.180.1.21/identity/v3/users/530c017e2885436d8a725539bc7184e5 0.129s
2024-10-31 10:22:38.636 63483 INFO tempest.lib.common.rest_client [req-8a2d08a8-f28b-4ca9-af3d-048c3bd8e6b0 req-8a2d08a8-f28b-4ca9-af3d-048c3bd8e6b0 ] Request (ServicesAdminTestJSON:tearDownClass): 204 DELETE http://10.180.1.21/identity/v3/users/970a2a512d1c4009837e284aced8f3eb 0.099s
2024-10-31 10:22:38.637 63483 INFO tempest.lib.common.dynamic_creds [-] Deleting project and security group for project: 48828bf6285648579c3949b4a6518b76
2024-10-31 10:22:38.642 63495 INFO tempest.lib.common.rest_client [req-37e4a005-2251-48c2-8a72-9dd7fabdac5b req-37e4a005-2251-48c2-8a72-9dd7fabdac5b ] Request (FlavorMetadataValidation:tearDownClass): 204 DELETE http://10.180.1.21/identity/v3/users/f82dbaa422c74e36a5a22a5d0c85cd8e 0.159s
2024-10-31 10:22:38.669 63501 INFO tempest.lib.common.rest_client [req-b56449a5-eefd-4500-9dbe-088421a68261 req-b56449a5-eefd-4500-9dbe-088421a68261 ] Request (TenantUsagesNegativeTestJSON:tearDownClass): 200 GET http://10.180.1.21:9696/networking/v2.0/security-groups?tenant_id=0082e96e4ad743738a99503b64e60688&name=default 0.899s
2024-10-31 10:22:38.670 63447 INFO tempest.lib.common.rest_client [req-dd4bada1-0038-4f1b-90c8-e8f046f9f29b req-dd4bada1-0038-4f1b-90c8-e8f046f9f29b ] Request (HypervisorAdminV253TestBase:tearDownClass): 204 DELETE http://10.180.1.21:9696/networking/v2.0/security-groups/df6a3f96-0907-4983-bfb7-dd3cfbd80d4d 0.638s
2024-10-31 10:22:38.702 63499 INFO tempest.lib.common.rest_client [req-d97deae3-9f3b-45d3-b3b6-313a931f4898 req-d97deae3-9f3b-45d3-b3b6-313a931f4898 ] Request (ImagesNegativeTestJSON:setUpClass): 201 POST http://10.180.1.21/identity/v3/auth/tokens 0.163s
2024-10-31 10:22:38.746 63501 INFO tempest.lib.common.rest_client [req-92e3cd67-1f09-4d5b-860e-e52f12144d3b req-92e3cd67-1f09-4d5b-860e-e52f12144d3b ] Request (TenantUsagesNegativeTestJSON:tearDownClass): 204 DELETE http://10.180.1.21:9696/networking/v2.0/security-groups/2eb8bef0-b131-4288-b22a-fc50c433a90f 0.076s
2024-10-31 10:22:38.749 63459 INFO tempest.lib.common.rest_client [req-d29e780e-91b9-4375-9f84-5ce4bda784c1 req-d29e780e-91b9-4375-9f84-5ce4bda784c1 ] Request (QuotasAdminTestV236:test_get_updated_quotas): 200 GET http://10.180.1.21/compute/v2.1/os-quota-sets/abda638f2d51413f9a17626c0d3739b4?user_id=4090d115289d4897ad538588bc673f2a 1.197s
2024-10-31 10:22:38.753 63483 INFO tempest.lib.common.rest_client [req-0ecfc98b-a2c2-46d7-984d-a6e3eab2fe99 req-0ecfc98b-a2c2-46d7-984d-a6e3eab2fe99 ] Request (ServicesAdminTestJSON:tearDownClass): 201 POST http://10.180.1.21/identity/v3/auth/tokens 0.116s
2024-10-31 10:22:38.764 63439 INFO tempest.lib.common.rest_client [req-a41639ea-251a-481b-8663-21e281ffbf07 req-a41639ea-251a-481b-8663-21e281ffbf07 ] Request (FlavorsExtraSpecsTestJSON:test_flavor_non_admin_get_specific_key): 200 GET http://10.180.1.21/compute/v2.1/flavors/1553367055/os-extra_specs/hw:numa_nodes 1.210s
2024-10-31 10:22:38.784 63473 INFO tempest.lib.common.rest_client [req-91702839-2f4c-4641-869e-402d1a428e71 req-91702839-2f4c-4641-869e-402d1a428e71 ] Request (ServicesAdminNegativeTestJSON:test_get_service_with_valid_service_and_invalid_host): 200 GET http://10.180.1.21/compute/v2.1/os-services 1.116s
2024-10-31 10:22:38.795 63495 INFO tempest.lib.common.rest_client [req-20f99231-560c-41c2-aa52-3b5578a4df04 req-20f99231-560c-41c2-aa52-3b5578a4df04 ] Request (FlavorMetadataValidation:tearDownClass): 204 DELETE http://10.180.1.21/identity/v3/users/ef9305d4049f45bfb65d311a129b8289 0.152s
2024-10-31 10:22:38.795 63495 INFO tempest.lib.common.dynamic_creds [-] Deleting project and security group for project: 7b0e1f98e2d948578bf50fbf6d035049
2024-10-31 10:22:38.806 63447 INFO tempest.lib.common.rest_client [req-b78e8c9b-84bf-491f-bedd-caa962f1eb40 req-b78e8c9b-84bf-491f-bedd-caa962f1eb40 ] Request (HypervisorAdminV253TestBase:tearDownClass): 204 DELETE http://10.180.1.21/identity/v3/projects/397ac5eb5246497c9e234255fea43e63 0.136s
2024-10-31 10:22:38.828 63477 INFO tempest.lib.common.rest_client [req-56c12966-d781-4c9e-8765-3ad8f96005de req-56c12966-d781-4c9e-8765-3ad8f96005de ] Request (HypervisorAdminNegativeUnderV252Test:tearDownClass): 200 GET http://10.180.1.21:9696/networking/v2.0/security-groups?tenant_id=64ae5f3baaf94eaaa8298a305078b840&name=default 0.751s
2024-10-31 10:22:38.847 63493 INFO tempest.lib.common.rest_client [req-938d58f0-dbdb-40d0-b38b-195541b32cb4 req-938d58f0-dbdb-40d0-b38b-195541b32cb4 ] Request (ImagesOneServerTestJSON:setUpClass): 200 GET http://10.180.1.21/compute/v2.1/servers/cc04e228-8b1a-4897-967e-131623434ac0 1.116s
2024-10-31 10:22:38.848 63499 INFO tempest.lib.common.rest_client [req-39cb9da0-777d-4e21-a2d0-59104341bdfe req-39cb9da0-777d-4e21-a2d0-59104341bdfe ] Request (ImagesNegativeTestJSON:setUpClass): 201 POST http://10.180.1.21/identity/v3/auth/tokens 0.143s
2024-10-31 10:22:38.900 63501 INFO tempest.lib.common.rest_client [req-d1342269-3d7c-437e-ae40-3962b4f31d5c req-d1342269-3d7c-437e-ae40-3962b4f31d5c ] Request (TenantUsagesNegativeTestJSON:tearDownClass): 204 DELETE http://10.180.1.21/identity/v3/projects/0082e96e4ad743738a99503b64e60688 0.152s
2024-10-31 10:22:38.900 63501 INFO tempest.lib.common.dynamic_creds [-] Deleting project and security group for project: 98a4ab430b8943f0915e136408c0cf9f
2024-10-31 10:22:38.994 63455 INFO tempest.lib.common.rest_client [req-b0e08235-4184-40ac-9444-17010de461c3 req-b0e08235-4184-40ac-9444-17010de461c3 ] Request (AggregatesAdminNegativeTestJSON:_run_cleanups): 200 POST http://10.180.1.21/compute/v2.1/os-aggregates/1/action 1.515s
2024-10-31 10:22:39.003 63459 INFO tempest.lib.common.rest_client [req-d9aeb01d-cc03-427a-9158-2bb0b9cbd72c req-d9aeb01d-cc03-427a-9158-2bb0b9cbd72c ] Request (QuotasAdminTestV236:_run_cleanups): 204 DELETE http://10.180.1.21/identity/v3/users/4090d115289d4897ad538588bc673f2a 0.251s
2024-10-31 10:22:39.003 63463 INFO tempest.lib.common.rest_client [req-7e02d54f-bf37-4ae7-bf10-3b3886162945 req-7e02d54f-bf37-4ae7-bf10-3b3886162945 ] Request (HostsAdminNegativeTestJSON:test_show_host_detail_with_non_admin_user): 403 GET http://10.180.1.21/compute/v2.1/os-hosts/devstack 1.187s
2024-10-31 10:22:39.008 63451 INFO tempest.lib.common.rest_client [req-c5deda2a-3b37-44cb-85e2-e6a17ef809e3 req-c5deda2a-3b37-44cb-85e2-e6a17ef809e3 ] Request (FlavorsExtraSpecsNegativeTestJSON:test_flavor_non_admin_unset_keys): 403 DELETE http://10.180.1.21/compute/v2.1/flavors/1953259653/os-extra_specs/hw:numa_nodes 1.161s
2024-10-31 10:22:39.029 63469 INFO tempest.lib.common.rest_client [req-66397922-1e5e-4f27-b3e4-ecc156638a5d req-66397922-1e5e-4f27-b3e4-ecc156638a5d ] Request (FlavorsV255TestJSON:test_crud_flavor): 200 PUT http://10.180.1.21/compute/v2.1/flavors/2080311576 1.122s
2024-10-31 10:22:39.044 63489 INFO tempest.lib.common.rest_client [req-1d947402-7413-4b82-803d-d424791c5b97 req-1d947402-7413-4b82-803d-d424791c5b97 ] Request (FlavorsAccessTestJSON:test_flavor_access_add_remove): 200 GET http://10.180.1.21/compute/v2.1/flavors/detail 0.910s
2024-10-31 10:22:39.057 63491 INFO tempest.lib.common.rest_client [req-4f2f68ee-fa6a-488d-a8d0-60b70b8064a4 req-4f2f68ee-fa6a-488d-a8d0-60b70b8064a4 ] Request (FlavorsV261TestJSON:test_crud_flavor): 200 GET http://10.180.1.21/compute/v2.1/flavors 0.899s
2024-10-31 10:22:39.059 63495 INFO tempest.lib.common.rest_client [req-009c5a8b-3f48-4085-992e-731283ac618b req-009c5a8b-3f48-4085-992e-731283ac618b ] Request (FlavorMetadataValidation:tearDownClass): 201 POST http://10.180.1.21/identity/v3/auth/tokens 0.263s
2024-10-31 10:22:39.081 63499 INFO tempest.lib.common.rest_client [req-bf0bfd82-df4a-4980-b559-aac1d8ad9bef req-bf0bfd82-df4a-4980-b559-aac1d8ad9bef ] Request (ImagesNegativeTestJSON:setUpClass): 200 GET http://10.180.1.21/identity/v3/domains?name=Default 0.232s
2024-10-31 10:22:39.085 63447 INFO tempest.lib.common.rest_client [req-a743099b-3747-4874-a3f2-82b5324fafbe req-a743099b-3747-4874-a3f2-82b5324fafbe ] Request (ServersTestMultiNic:setUpClass): 201 POST http://10.180.1.21/identity/v3/auth/tokens 0.277s
2024-10-31 10:22:39.160 63499 INFO tempest.lib.common.rest_client [req-fa686c83-07b4-40c3-84e7-67d45f7891b5 req-fa686c83-07b4-40c3-84e7-67d45f7891b5 ] Request (ImagesNegativeTestJSON:setUpClass): 201 POST http://10.180.1.21/identity/v3/projects 0.078s
2024-10-31 10:22:39.171 63459 INFO tempest.lib.common.rest_client [req-5c31adcd-641a-4f5d-8abb-7847e0332d35 req-5c31adcd-641a-4f5d-8abb-7847e0332d35 ] Request (QuotasAdminTestV236:_run_cleanups): 204 DELETE http://10.180.1.21/identity/v3/projects/abda638f2d51413f9a17626c0d3739b4 0.168s
2024-10-31 10:22:39.224 63447 INFO tempest.lib.common.rest_client [req-1863856c-cad2-4bad-bda2-08c76382a034 req-1863856c-cad2-4bad-bda2-08c76382a034 ] Request (ServersTestMultiNic:setUpClass): 201 POST http://10.180.1.21/identity/v3/auth/tokens 0.137s
2024-10-31 10:22:39.240 63483 INFO tempest.lib.common.rest_client [req-ae487fac-c878-4124-a5d2-7a461dda7354 req-ae487fac-c878-4124-a5d2-7a461dda7354 ] Request (ServicesAdminTestJSON:tearDownClass): 200 GET http://10.180.1.21:9696/networking/v2.0/security-groups?tenant_id=48828bf6285648579c3949b4a6518b76&name=default 0.487s
2024-10-31 10:22:39.249 63499 INFO tempest.lib.common.rest_client [req-e15fdf87-f5a6-42ed-a135-e23c810376e8 req-e15fdf87-f5a6-42ed-a135-e23c810376e8 ] Request (ImagesNegativeTestJSON:setUpClass): 201 POST http://10.180.1.21/identity/v3/users 0.089s
2024-10-31 10:22:39.297 63441 INFO tempest.lib.common.rest_client [req-4a688ad9-50f6-4032-b421-555f22c6c7b1 req-4a688ad9-50f6-4032-b421-555f22c6c7b1 ] Request (QuotasAdminTestJSON:test_delete_quota): 200 GET http://10.180.1.21/identity/v3/domains?name=Default 0.122s
2024-10-31 10:22:39.308 63457 INFO tempest.lib.common.rest_client [req-3720bb0a-9bd4-4bc2-81d6-9a7447ca740a req-3720bb0a-9bd4-4bc2-81d6-9a7447ca740a ] Request (FlavorsAccessNegativeTestJSON:_run_cleanups): 200 POST http://10.180.1.21/compute/v2.1/flavors/1251960641/action 1.137s
2024-10-31 10:22:39.311 63447 INFO tempest.lib.common.rest_client [req-aae6f814-a205-4d12-8b73-2d4826612806 req-aae6f814-a205-4d12-8b73-2d4826612806 ] Request (ServersTestMultiNic:setUpClass): 200 GET http://10.180.1.21/identity/v3/domains?name=Default 0.086s
2024-10-31 10:22:39.326 63499 INFO tempest.lib.common.rest_client [req-6c00aa80-c5c6-4e18-8e0d-e58e160abeec req-6c00aa80-c5c6-4e18-8e0d-e58e160abeec ] Request (ImagesNegativeTestJSON:setUpClass): 200 GET http://10.180.1.21/identity/v3/roles 0.076s
2024-10-31 10:22:39.362 63441 INFO tempest.lib.common.rest_client [req-9a526b5c-fa9b-44c8-be40-bf90ed766685 req-9a526b5c-fa9b-44c8-be40-bf90ed766685 ] Request (QuotasAdminTestJSON:test_delete_quota): 201 POST http://10.180.1.21/identity/v3/projects 0.064s
2024-10-31 10:22:39.389 63477 INFO tempest.lib.common.rest_client [req-7ee64304-5d2d-4235-9fd7-2b1fa35213f5 req-7ee64304-5d2d-4235-9fd7-2b1fa35213f5 ] Request (HypervisorAdminNegativeUnderV252Test:tearDownClass): 204 DELETE http://10.180.1.21:9696/networking/v2.0/security-groups/59fc7868-1f45-44b0-8417-99cc4a5fd307 0.561s
2024-10-31 10:22:39.390 63459 INFO tempest.lib.common.rest_client [req-7515c926-6092-4cff-8513-869d1584fab2 req-7515c926-6092-4cff-8513-869d1584fab2 ] Request (QuotasAdminTestV236:tearDownClass): 204 DELETE http://10.180.1.21/identity/v3/users/f49299c15fd043b49954b90cfecb81cd 0.161s
2024-10-31 10:22:39.400 63495 INFO tempest.lib.common.rest_client [req-30fc3ba6-cada-4a63-b955-3aac9d721a3f req-30fc3ba6-cada-4a63-b955-3aac9d721a3f ] Request (FlavorMetadataValidation:tearDownClass): 200 GET http://10.180.1.21:9696/networking/v2.0/security-groups?tenant_id=7b0e1f98e2d948578bf50fbf6d035049&name=default 0.341s
2024-10-31 10:22:39.423 63485 INFO tempest.lib.common.rest_client [req-fc93573f-8246-4f59-aa31-f2ade8007b6a req-fc93573f-8246-4f59-aa31-f2ade8007b6a ] Request (FloatingIPsAssociationTestJSON:setUpClass): 200 GET http://10.180.1.21/compute/v2.1/servers/4a0241c3-8dea-4deb-80e1-66bb9cba10b9 1.179s
2024-10-31 10:22:39.456 63499 INFO tempest.lib.common.rest_client [req-f0d80444-4f49-4a34-899f-3b2c2a2fdb2f req-f0d80444-4f49-4a34-899f-3b2c2a2fdb2f ] Request (ImagesNegativeTestJSON:setUpClass): 204 PUT http://10.180.1.21/identity/v3/projects/1f5e5ca683014ba7929b26cdd2bce441/users/90f57a662ade4cceab48c73ab07e7ca1/roles/cdf233ae5d4749bc8acaabad9be88047 0.129s
2024-10-31 10:22:39.457 63499 INFO tempest.lib.common.dynamic_creds [-] Dynamic test user 90f57a662ade4cceab48c73ab07e7ca1 is created with scope project and roles: ['member']
2024-10-31 10:22:39.457 63499 INFO tempest.lib.common.dynamic_creds [-] Acquired dynamic creds: credentials: Credentials: {'domain_id': 'default', 'domain_name': 'Default', 'username': 'tempest-ImagesNegativeTestJSON-880519392-project-member', 'project_domain_id': 'default', 'project_domain_name': 'Default', 'project_id': '1f5e5ca683014ba7929b26cdd2bce441', 'project_name': 'tempest-ImagesNegativeTestJSON-880519392', 'tenant_id': '1f5e5ca683014ba7929b26cdd2bce441', 'tenant_name': 'tempest-ImagesNegativeTestJSON-880519392', 'user_domain_id': 'default', 'user_domain_name': 'Default', 'user_id': '90f57a662ade4cceab48c73ab07e7ca1', 'system': None}, Network: None, Subnet: None, Router: None
2024-10-31 10:22:39.460 63483 INFO tempest.lib.common.rest_client [req-9078ee7a-dd92-4b29-85f1-5ec9b20a7184 req-9078ee7a-dd92-4b29-85f1-5ec9b20a7184 ] Request (ServicesAdminTestJSON:tearDownClass): 204 DELETE http://10.180.1.21:9696/networking/v2.0/security-groups/d70cabe9-dc7a-430b-ba48-616cb054029d 0.219s
2024-10-31 10:22:39.462 63447 INFO tempest.lib.common.rest_client [req-77f91a6b-e865-4ee8-a669-e08e5d9a872a req-77f91a6b-e865-4ee8-a669-e08e5d9a872a ] Request (ServersTestMultiNic:setUpClass): 201 POST http://10.180.1.21/identity/v3/projects 0.150s
2024-10-31 10:22:39.501 63453 INFO tempest.lib.common.rest_client [req-f64ee38d-ed12-4e2d-b6af-95854e189192 req-f64ee38d-ed12-4e2d-b6af-95854e189192 ] Request (ServersAdmin275Test:test_rebuild_update_server_275): 200 GET http://10.180.1.21/compute/v2.1/servers/0ded82aa-c68d-4d11-9e4d-90ed9a19b708 1.108s
2024-10-31 10:22:39.507 63501 INFO tempest.lib.common.rest_client [req-f99e5265-ec11-4bb1-bd9f-41bbe288e0a2 req-f99e5265-ec11-4bb1-bd9f-41bbe288e0a2 ] Request (TenantUsagesNegativeTestJSON:tearDownClass): 200 GET http://10.180.1.21:9696/networking/v2.0/security-groups?tenant_id=98a4ab430b8943f0915e136408c0cf9f&name=default 0.607s
2024-10-31 10:22:39.541 63498 INFO tempest.lib.common.rest_client [req-71dfbe8a-1689-4f6f-90cc-260b4dbf8047 req-71dfbe8a-1689-4f6f-90cc-260b4dbf8047 ] Request (FloatingIPsTestJSON:_run_cleanups): 202 DELETE http://10.180.1.21/compute/v2.1/os-floating-ips/8a06e65c-1e48-471f-ab14-474ff3ae84ac 1.748s
2024-10-31 10:22:39.542 63441 INFO tempest.lib.common.rest_client [req-2ee1cb20-05c3-424a-b81e-fdddb5efe0b2 req-2ee1cb20-05c3-424a-b81e-fdddb5efe0b2 ] Request (QuotasAdminTestJSON:test_delete_quota): 200 GET http://10.180.1.21/identity/v3/domains?name=Default 0.179s
2024-10-31 10:22:39.563 63477 INFO tempest.lib.common.rest_client [req-b4ee4b1f-ea95-4f4e-b9f1-7b88e68fabc7 req-b4ee4b1f-ea95-4f4e-b9f1-7b88e68fabc7 ] Request (HypervisorAdminNegativeUnderV252Test:tearDownClass): 204 DELETE http://10.180.1.21/identity/v3/projects/64ae5f3baaf94eaaa8298a305078b840 0.174s
2024-10-31 10:22:39.563 63477 INFO tempest.lib.common.dynamic_creds [-] Deleting project and security group for project: 74c5884e3daf4289ae253ec5c24d6472
2024-10-31 10:22:39.568 63481 INFO tempest.lib.common.rest_client [req-bf2241a9-7385-49da-ad55-a3b0d1ac72d8 req-bf2241a9-7385-49da-ad55-a3b0d1ac72d8 ] Request (ServicesAdminNegativeV253TestJSON:test_get_service_by_invalid_params): 200 GET http://10.180.1.21/compute/v2.1/os-services?xxx=nova-compute 1.093s
2024-10-31 10:22:39.615 63499 INFO tempest.lib.common.rest_client [req-32aeac6a-ff56-4829-8a42-e4d86dbc594b req-32aeac6a-ff56-4829-8a42-e4d86dbc594b ] Request (ImagesNegativeTestJSON:setUpClass): 201 POST http://10.180.1.21/identity/v3/auth/tokens 0.158s
2024-10-31 10:22:39.646 63501 INFO tempest.lib.common.rest_client [req-54d0c6db-9af3-4f53-9c89-ae7855547563 req-54d0c6db-9af3-4f53-9c89-ae7855547563 ] Request (TenantUsagesNegativeTestJSON:tearDownClass): 204 DELETE http://10.180.1.21:9696/networking/v2.0/security-groups/d1d9e35c-4dd0-4413-9527-1b13c989c6cb 0.138s
2024-10-31 10:22:39.648 63459 INFO tempest.lib.common.rest_client [req-a77f93e9-4504-463b-beb0-f5a7d59e77ac req-a77f93e9-4504-463b-beb0-f5a7d59e77ac ] Request (QuotasAdminTestV236:tearDownClass): 204 DELETE http://10.180.1.21/identity/v3/users/36f1dcf8065a4f0193a52018a277164c 0.257s
2024-10-31 10:22:39.648 63459 INFO tempest.lib.common.dynamic_creds [-] Deleting project and security group for project: a495c22befa74819a37af386f3c0f705
2024-10-31 10:22:39.663 63445 INFO tempest.lib.common.rest_client [req-b5f4bd9a-0b5d-4279-a225-8ee3eabe29cd req-b5f4bd9a-0b5d-4279-a225-8ee3eabe29cd ] Request (ServerDiagnosticsV248Test:test_get_server_diagnostics): 200 GET http://10.180.1.21/compute/v2.1/servers/21d0b283-3bb4-4bda-8e62-c933c6de4927 1.011s
2024-10-31 10:22:39.675 63445 INFO tempest.common.waiters [-] State transition "BUILD/scheduling" ==> "BUILD/None" after 2 second wait
2024-10-31 10:22:39.689 63439 INFO tempest.lib.common.rest_client [req-2296f018-83f2-4e9a-b644-251491b5ddde req-2296f018-83f2-4e9a-b644-251491b5ddde ] Request (FlavorsExtraSpecsTestJSON:test_flavor_set_get_update_show_unset_keys): 200 POST http://10.180.1.21/compute/v2.1/flavors/1553367055/os-extra_specs 0.923s
2024-10-31 10:22:39.698 63475 INFO tempest.lib.common.rest_client [req-5befac5d-a9e7-47d3-9d1f-c63f64dd52a1 req-5befac5d-a9e7-47d3-9d1f-c63f64dd52a1 ] Request (ImagesMetadataTestJSON:test_delete_image_metadata_item): 204 DELETE http://10.180.1.21/compute/v2.1/images/5362c63c-5022-4bd3-9fa4-ec0d23c609b3/metadata/os_version 1.242s
2024-10-31 10:22:39.704 63483 INFO tempest.lib.common.rest_client [req-729947cc-0f25-409e-8ea4-5d74161bf752 req-729947cc-0f25-409e-8ea4-5d74161bf752 ] Request (ServicesAdminTestJSON:tearDownClass): 204 DELETE http://10.180.1.21/identity/v3/projects/48828bf6285648579c3949b4a6518b76 0.244s
2024-10-31 10:22:39.704 63483 INFO tempest.lib.common.dynamic_creds [-] Deleting project and security group for project: c0c37d92910444dd865328605d50c6dc
2024-10-31 10:22:39.710 63473 INFO tempest.lib.common.rest_client [req-2e602c11-621a-45c7-8548-fd6db9d0aa54 req-2e602c11-621a-45c7-8548-fd6db9d0aa54 ] Request (ServicesAdminNegativeTestJSON:test_get_service_with_valid_service_and_invalid_host): 200 GET http://10.180.1.21/compute/v2.1/os-services?host=xxx&binary=nova-scheduler 0.925s
2024-10-31 10:22:39.722 63477 INFO tempest.lib.common.rest_client [req-ae82b266-0a1d-4670-80f4-22cfc7fb541b req-ae82b266-0a1d-4670-80f4-22cfc7fb541b ] Request (HypervisorAdminNegativeUnderV252Test:tearDownClass): 200 GET http://10.180.1.21:9696/networking/v2.0/security-groups?tenant_id=74c5884e3daf4289ae253ec5c24d6472&name=default 0.158s
2024-10-31 10:22:39.741 63455 INFO tempest.lib.common.rest_client [req-6cd54ee6-e2b8-460a-9287-0a6117f1d1bf req-6cd54ee6-e2b8-460a-9287-0a6117f1d1bf ] Request (AggregatesAdminNegativeTestJSON:_run_cleanups): 200 DELETE http://10.180.1.21/compute/v2.1/os-aggregates/1 0.745s
2024-10-31 10:22:39.743 63495 INFO tempest.lib.common.rest_client [req-0b05293a-7109-4a4c-b958-1b1e48b4508e req-0b05293a-7109-4a4c-b958-1b1e48b4508e ] Request (FlavorMetadataValidation:tearDownClass): 204 DELETE http://10.180.1.21:9696/networking/v2.0/security-groups/b0264d44-7261-408c-9068-4453a54fff58 0.342s
2024-10-31 10:22:39.747 63447 INFO tempest.lib.common.rest_client [req-53725fce-d722-4d60-a080-690b3d58cbc2 req-53725fce-d722-4d60-a080-690b3d58cbc2 ] Request (ServersTestMultiNic:setUpClass): 201 POST http://10.180.1.21/identity/v3/users 0.284s
2024-10-31 10:22:39.761 63463 INFO tempest.lib.common.rest_client [req-0b32b97c-6cc8-4941-aa3e-19c556dc6853 req-0b32b97c-6cc8-4941-aa3e-19c556dc6853 ] Request (HostsAdminNegativeTestJSON:test_show_host_detail_with_nonexistent_hostname): 404 GET http://10.180.1.21/compute/v2.1/os-hosts/nonexistent_hostname 0.757s
2024-10-31 10:22:39.778 63487 INFO tempest.lib.common.rest_client [req-8aa20f52-2796-43d4-a4bd-abffbea17425 req-8aa20f52-2796-43d4-a4bd-abffbea17425 ] Request (AttachInterfacesTestJSON:test_create_list_show_delete_interfaces_by_fixed_ip): 200 GET http://10.180.1.21/compute/v2.1/servers/4646821e-13ec-4413-aa82-1bbf6eb384ad 0.780s
2024-10-31 10:22:39.787 63487 INFO tempest.common.waiters [-] State transition "BUILD/scheduling" ==> "BUILD/None" after 2 second wait
2024-10-31 10:22:39.797 63469 INFO tempest.lib.common.rest_client [req-8fd895e3-35cf-4be9-b873-afb3e91126af req-8fd895e3-35cf-4be9-b873-afb3e91126af ] Request (FlavorsV255TestJSON:test_crud_flavor): 200 GET http://10.180.1.21/compute/v2.1/flavors/detail 0.764s
2024-10-31 10:22:39.802 63451 INFO tempest.lib.common.rest_client [req-be851e0c-a972-4c06-8b53-9385faca15b1 req-be851e0c-a972-4c06-8b53-9385faca15b1 ] Request (FlavorsExtraSpecsNegativeTestJSON:test_flavor_non_admin_update_specific_key): 200 POST http://10.180.1.21/compute/v2.1/flavors/1953259653/os-extra_specs 0.792s
2024-10-31 10:22:39.814 63489 INFO tempest.lib.common.rest_client [req-cb032805-3254-4658-be04-d6f6d2f73e3f req-cb032805-3254-4658-be04-d6f6d2f73e3f ] Request (FlavorsAccessTestJSON:_run_cleanups): 202 DELETE http://10.180.1.21/compute/v2.1/flavors/202550507 0.763s
2024-10-31 10:22:39.816 63491 INFO tempest.lib.common.rest_client [req-8dde431f-70b6-463a-ab09-145282b95036 req-8dde431f-70b6-463a-ab09-145282b95036 ] Request (FlavorsV261TestJSON:_run_cleanups): 202 DELETE http://10.180.1.21/compute/v2.1/flavors/1104162243 0.755s
2024-10-31 10:22:39.830 63457 INFO tempest.lib.common.rest_client [req-32257ca7-57b2-4c25-8920-fb3405784c47 req-32257ca7-57b2-4c25-8920-fb3405784c47 ] Request (FlavorsAccessNegativeTestJSON:_run_cleanups): 202 DELETE http://10.180.1.21/compute/v2.1/flavors/1251960641 0.521s
2024-10-31 10:22:39.854 63501 INFO tempest.lib.common.rest_client [req-8dada0ec-d19e-4206-94fd-b22b590ddad1 req-8dada0ec-d19e-4206-94fd-b22b590ddad1 ] Request (TenantUsagesNegativeTestJSON:tearDownClass): 204 DELETE http://10.180.1.21/identity/v3/projects/98a4ab430b8943f0915e136408c0cf9f 0.207s
2024-10-31 10:22:39.861 63459 INFO tempest.lib.common.rest_client [req-d4c55dff-d504-4246-ab01-ed966c43dffc req-d4c55dff-d504-4246-ab01-ed966c43dffc ] Request (QuotasAdminTestV236:tearDownClass): 201 POST http://10.180.1.21/identity/v3/auth/tokens 0.212s
2024-10-31 10:22:39.881 63447 INFO tempest.lib.common.rest_client [req-35d4ea92-a467-45c8-9836-e8ebb6ce79f4 req-35d4ea92-a467-45c8-9836-e8ebb6ce79f4 ] Request (ServersTestMultiNic:setUpClass): 200 GET http://10.180.1.21/identity/v3/roles 0.133s
2024-10-31 10:22:39.893 63449 INFO tempest.lib.common.rest_client [req-b2b6dd3d-c207-457c-97db-954e15bd2584 req-b2b6dd3d-c207-457c-97db-954e15bd2584 ] Request (ServersWithSpecificFlavorTestJSON:setUpClass): 201 POST http://10.180.1.21:9696/networking/v2.0/routers 3.594s
2024-10-31 10:22:39.905 63465 INFO tempest.lib.common.rest_client [req-d8433d59-3d4e-4570-bc54-b11beb5ac7ea req-d8433d59-3d4e-4570-bc54-b11beb5ac7ea ] Request (MigrationsAdminTest:test_list_migrations_in_flavor_resize_situation): 200 GET http://10.180.1.21/compute/v2.1/servers/65cd7042-daaf-4845-a0b8-5d2d0be02696 0.522s
2024-10-31 10:22:39.916 63495 INFO tempest.lib.common.rest_client [req-769e75d9-081c-4968-a46a-3deb4498a173 req-769e75d9-081c-4968-a46a-3deb4498a173 ] Request (FlavorMetadataValidation:tearDownClass): 204 DELETE http://10.180.1.21/identity/v3/projects/7b0e1f98e2d948578bf50fbf6d035049 0.173s
2024-10-31 10:22:39.916 63495 INFO tempest.lib.common.dynamic_creds [-] Deleting project and security group for project: 18dcc489413f43129af406bc8b943ddd
2024-10-31 10:22:39.916 63461 INFO tempest.lib.common.rest_client [req-49855cd3-b386-4e58-b570-b7c717566acd req-49855cd3-b386-4e58-b570-b7c717566acd ] Request (VolumesAssistedSnapshotsTest:setUpClass): 201 POST http://10.180.1.21:9696/networking/v2.0/routers 3.554s
2024-10-31 10:22:39.935 63501 INFO tempest.lib.common.rest_client [req-ac6410b4-a652-47e6-86c9-e66deea77c9d req-ac6410b4-a652-47e6-86c9-e66deea77c9d ] Request (ListImagesTestJSON:setUpClass): 201 POST http://10.180.1.21/identity/v3/auth/tokens 0.080s
2024-10-31 10:22:39.983 63477 INFO tempest.lib.common.rest_client [req-27fcf11a-96e5-4534-80b4-278e824358ee req-27fcf11a-96e5-4534-80b4-278e824358ee ] Request (HypervisorAdminNegativeUnderV252Test:tearDownClass): 204 DELETE http://10.180.1.21:9696/networking/v2.0/security-groups/009e20b1-caa1-4cd6-9b5f-84bcfc6b4443 0.261s
2024-10-31 10:22:39.984 63447 INFO tempest.lib.common.rest_client [req-248d3d81-4a5f-4838-9bc2-7f020d5a83b2 req-248d3d81-4a5f-4838-9bc2-7f020d5a83b2 ] Request (ServersTestMultiNic:setUpClass): 204 PUT http://10.180.1.21/identity/v3/projects/777b9af00b5145a99c726dcc9b5f8c22/users/e8f61e346d654c4399b59c59e94ed227/roles/cdf233ae5d4749bc8acaabad9be88047 0.103s
2024-10-31 10:22:39.985 63447 INFO tempest.lib.common.dynamic_creds [-] Dynamic test user e8f61e346d654c4399b59c59e94ed227 is created with scope project and roles: ['member']
2024-10-31 10:22:39.985 63447 INFO tempest.lib.common.dynamic_creds [-] Acquired dynamic creds: credentials: Credentials: {'domain_id': 'default', 'domain_name': 'Default', 'username': 'tempest-ServersTestMultiNic-1302030917-project-member', 'project_domain_id': 'default', 'project_domain_name': 'Default', 'project_id': '777b9af00b5145a99c726dcc9b5f8c22', 'project_name': 'tempest-ServersTestMultiNic-1302030917', 'tenant_id': '777b9af00b5145a99c726dcc9b5f8c22', 'tenant_name': 'tempest-ServersTestMultiNic-1302030917', 'user_domain_id': 'default', 'user_domain_name': 'Default', 'user_id': 'e8f61e346d654c4399b59c59e94ed227', 'system': None}, Network: None, Subnet: None, Router: None
2024-10-31 10:22:40.038 63483 INFO tempest.lib.common.rest_client [req-0d81a19c-0b5f-4fd1-af4e-abc27938dedb req-0d81a19c-0b5f-4fd1-af4e-abc27938dedb ] Request (ServicesAdminTestJSON:tearDownClass): 200 GET http://10.180.1.21:9696/networking/v2.0/security-groups?tenant_id=c0c37d92910444dd865328605d50c6dc&name=default 0.333s
2024-10-31 10:22:40.042 63501 INFO tempest.lib.common.rest_client [req-5157a506-cf53-4f28-a0ac-b1d59318830f req-5157a506-cf53-4f28-a0ac-b1d59318830f ] Request (ListImagesTestJSON:setUpClass): 201 POST http://10.180.1.21/identity/v3/auth/tokens 0.105s
2024-10-31 10:22:40.078 63471 INFO tempest.lib.common.rest_client [req-9c4b4810-9a19-4996-b324-fbc731a7821d req-9c4b4810-9a19-4996-b324-fbc731a7821d ] Request (TenantUsagesTestJSON:setUpClass): 200 GET http://10.180.1.21/compute/v2.1/servers/d87b8f05-e3d6-4800-a635-af5b6f03373d 0.739s
2024-10-31 10:22:40.100 63477 INFO tempest.lib.common.rest_client [req-499eee08-a0b1-486b-9afc-bc6f42071897 req-499eee08-a0b1-486b-9afc-bc6f42071897 ] Request (HypervisorAdminNegativeUnderV252Test:tearDownClass): 204 DELETE http://10.180.1.21/identity/v3/projects/74c5884e3daf4289ae253ec5c24d6472 0.117s
2024-10-31 10:22:40.142 63447 INFO tempest.lib.common.rest_client [req-b3e84e7a-214f-4f84-8a69-1b6274cfeef6 req-b3e84e7a-214f-4f84-8a69-1b6274cfeef6 ] Request (ServersTestMultiNic:setUpClass): 201 POST http://10.180.1.21/identity/v3/auth/tokens 0.156s
2024-10-31 10:22:40.153 63501 INFO tempest.lib.common.rest_client [req-9c014810-ea1e-4dc8-983b-568c65c22ddd req-9c014810-ea1e-4dc8-983b-568c65c22ddd ] Request (ListImagesTestJSON:setUpClass): 200 GET http://10.180.1.21/identity/v3/domains?name=Default 0.110s
2024-10-31 10:22:40.180 63477 INFO tempest.lib.common.rest_client [req-f6439fd8-b3c7-455a-80d6-4992fd6d3952 req-f6439fd8-b3c7-455a-80d6-4992fd6d3952 ] Request (InstanceUsageAuditLogNegativeTestJSON:setUpClass): 201 POST http://10.180.1.21/identity/v3/auth/tokens 0.078s
2024-10-31 10:22:40.209 63501 INFO tempest.lib.common.rest_client [req-e81ccbe8-45f2-41bb-88c6-c4d2ebe8ed0c req-e81ccbe8-45f2-41bb-88c6-c4d2ebe8ed0c ] Request (ListImagesTestJSON:setUpClass): 201 POST http://10.180.1.21/identity/v3/projects 0.056s
2024-10-31 10:22:40.305 63441 INFO tempest.lib.common.rest_client [req-e6d89d3e-ccc3-45d8-9bf2-23a596b4a448 req-e6d89d3e-ccc3-45d8-9bf2-23a596b4a448 ] Request (QuotasAdminTestJSON:test_delete_quota): 200 GET http://10.180.1.21/compute/v2.1/os-quota-sets/14944bf4c89d4556a594d5637ebffdd9 0.762s
2024-10-31 10:22:40.313 63477 INFO tempest.lib.common.rest_client [req-37412bb5-d115-4e6f-9042-daa747781df3 req-37412bb5-d115-4e6f-9042-daa747781df3 ] Request (InstanceUsageAuditLogNegativeTestJSON:setUpClass): 201 POST http://10.180.1.21/identity/v3/auth/tokens 0.130s
2024-10-31 10:22:40.338 63501 INFO tempest.lib.common.rest_client [req-dbe17a96-2d9b-49f6-b831-35b336ab96e9 req-dbe17a96-2d9b-49f6-b831-35b336ab96e9 ] Request (ListImagesTestJSON:setUpClass): 201 POST http://10.180.1.21/identity/v3/users 0.128s
2024-10-31 10:22:40.340 63481 INFO tempest.lib.common.rest_client [req-481d8f54-28a0-4ff4-8e8a-56fa4200f727 req-481d8f54-28a0-4ff4-8e8a-56fa4200f727 ] Request (ServicesAdminNegativeV253TestJSON:test_get_service_by_invalid_service_and_valid_host): 200 GET http://10.180.1.21/compute/v2.1/os-services 0.765s
2024-10-31 10:22:40.346 63477 INFO tempest.lib.common.rest_client [req-ff0a7656-bcb4-4d0e-a48d-5b1aed08bc20 req-ff0a7656-bcb4-4d0e-a48d-5b1aed08bc20 ] Request (InstanceUsageAuditLogNegativeTestJSON:setUpClass): 200 GET http://10.180.1.21/identity/v3/domains?name=Default 0.032s
2024-10-31 10:22:40.352 63467 INFO tempest.lib.common.rest_client [req-5c3a543a-d04e-4501-a578-8b6b59aaf2f4 req-5c3a543a-d04e-4501-a578-8b6b59aaf2f4 ] Request (FloatingIPDetailsTestJSON:setUpClass): 200 PUT http://10.180.1.21:9696/networking/v2.0/routers/edfa04e5-1ee8-4ec0-9655-1dec182b20cf/add_router_interface 4.308s
2024-10-31 10:22:40.352 63467 INFO tempest.lib.common.dynamic_creds [-] Created isolated network resources for: credentials: Credentials: {'domain_id': 'default', 'domain_name': 'Default', 'username': 'tempest-FloatingIPDetailsTestJSON-1160420398-project-member', 'project_domain_id': 'default', 'project_domain_name': 'Default', 'project_id': 'e0f8c05d986844cab4a37dd8a7b18a7c', 'project_name': 'tempest-FloatingIPDetailsTestJSON-1160420398', 'tenant_id': 'e0f8c05d986844cab4a37dd8a7b18a7c', 'tenant_name': 'tempest-FloatingIPDetailsTestJSON-1160420398', 'user_domain_id': 'default', 'user_domain_name': 'Default', 'user_id': '1e5215506a984342996cb322e5590400', 'system': None}, Network: {'id': '21b26a69-b469-45e1-aca9-95dc628154c5', 'name': 'tempest-FloatingIPDetailsTestJSON-96411187-network', 'tenant_id': 'e0f8c05d986844cab4a37dd8a7b18a7c', 'admin_state_up': True, 'mtu': 8950, 'status': 'ACTIVE', 'subnets': [], 'shared': False, 'project_id': 'e0f8c05d986844cab4a37dd8a7b18a7c', 'port_security_enabled': True, 'router:external': False, 'provider:network_type': 'vlan', 'provider:physical_network': 'default', 'provider:segmentation_id': 920, 'availability_zone_hints': [], 'availability_zones': [], 'ipv4_address_scope': None, 'ipv6_address_scope': None, 'description': '', 'tags': [], 'created_at': '2024-10-31T10:22:34Z', 'updated_at': '2024-10-31T10:22:34Z', 'revision_number': 1}, Subnet: {'id': 'a2e326aa-38ac-4046-91fd-348d4a5ea9a6', 'name': 'tempest-FloatingIPDetailsTestJSON-96411187-subnet', 'tenant_id': 'e0f8c05d986844cab4a37dd8a7b18a7c', 'network_id': '21b26a69-b469-45e1-aca9-95dc628154c5', 'ip_version': 4, 'subnetpool_id': None, 'enable_dhcp': True, 'ipv6_ra_mode': None, 'ipv6_address_mode': None, 'gateway_ip': '192.168.128.1', 'cidr': '192.168.128.0/28', 'allocation_pools': [{'start': '192.168.128.2', 'end': '192.168.128.14'}], 'host_routes': [], 'dns_nameservers': [], 'description': '', 'router:external': False, 'service_types': [], 'tags': [], 'created_at': '2024-10-31T10:22:34Z', 'updated_at': '2024-10-31T10:22:34Z', 'revision_number': 0, 'project_id': 'e0f8c05d986844cab4a37dd8a7b18a7c'}, Router: {'id': 'edfa04e5-1ee8-4ec0-9655-1dec182b20cf', 'name': 'tempest-FloatingIPDetailsTestJSON-96411187-router', 'tenant_id': 'e0f8c05d986844cab4a37dd8a7b18a7c', 'admin_state_up': True, 'status': 'ACTIVE', 'external_gateway_info': {'network_id': 'f6e8075a-f8bf-4972-bf1f-9e8082a01b79', 'external_fixed_ips': [{'subnet_id': '8466ba3f-cf7f-4057-89da-cd9cf32e5644', 'ip_address': '10.180.180.250'}], 'enable_snat': True}, 'description': '', 'availability_zones': [], 'distributed': False, 'ha': False, 'availability_zone_hints': [], 'routes': [], 'flavor_id': None, 'tags': [], 'created_at': '2024-10-31T10:22:34Z', 'updated_at': '2024-10-31T10:22:35Z', 'revision_number': 2, 'project_id': 'e0f8c05d986844cab4a37dd8a7b18a7c'}
2024-10-31 10:22:40.360 63439 INFO tempest.lib.common.rest_client [req-473a9d34-7b8c-4999-bc01-1b553b009893 req-473a9d34-7b8c-4999-bc01-1b553b009893 ] Request (FlavorsExtraSpecsTestJSON:test_flavor_set_get_update_show_unset_keys): 200 GET http://10.180.1.21/compute/v2.1/flavors/1553367055/os-extra_specs 0.670s
2024-10-31 10:22:40.364 63483 INFO tempest.lib.common.rest_client [req-7226e57c-a5b4-4406-89d4-189c44416934 req-7226e57c-a5b4-4406-89d4-189c44416934 ] Request (ServicesAdminTestJSON:tearDownClass): 204 DELETE http://10.180.1.21:9696/networking/v2.0/security-groups/e358e0ca-5847-4ead-b7ac-5d9205eb4d1d 0.325s
2024-10-31 10:22:40.370 63501 INFO tempest.lib.common.rest_client [req-a9d6e8b7-3a99-4251-b42b-0d5ff0caaa13 req-a9d6e8b7-3a99-4251-b42b-0d5ff0caaa13 ] Request (ListImagesTestJSON:setUpClass): 200 GET http://10.180.1.21/identity/v3/roles 0.031s
2024-10-31 10:22:40.386 63495 INFO tempest.lib.common.rest_client [req-5a762353-26b1-47a7-82fb-f2dd1f8d37db req-5a762353-26b1-47a7-82fb-f2dd1f8d37db ] Request (FlavorMetadataValidation:tearDownClass): 200 GET http://10.180.1.21:9696/networking/v2.0/security-groups?tenant_id=18dcc489413f43129af406bc8b943ddd&name=default 0.470s
