2024-10-31 10:22:23.436 63489 INFO tempest.lib.common.dynamic_creds [-] Created isolated network resources for: credentials: Credentials: {'domain_id': 'default', 'domain_name': 'Default', 'username': 'tempest-FlavorsAccessTestJSON-1023405064-project-member', 'project_domain_id': 'default', 'project_domain_name': 'Default', 'project_id': '273e2f529b504acc8627bae0f7482015', 'project_name': 'tempest-FlavorsAccessTestJSON-1023405064', 'tenant_id': '273e2f529b504acc8627bae0f7482015', 'tenant_name': 'tempest-FlavorsAccessTestJSON-1023405064', 'user_domain_id': 'default', 'user_domain_name': 'Default', 'user_id': '18ff0e85b8764eed81c3608e9a41edb3', 'system': None}, Network: None, Subnet: None, Router: None
2024-10-31 10:22:23.493 63443 INFO tempest.lib.common.rest_client [req-1e443fbb-54bd-43dc-85ee-109db8e779a0 req-1e443fbb-54bd-43dc-85ee-109db8e779a0 ] Request (HostsAdminTestJSON:setUpClass): 201 POST http://10.180.1.21/identity/v3/auth/tokens 0.563s
2024-10-31 10:22:23.531 63455 INFO tempest.lib.common.rest_client [req-4ac60824-44fc-465d-9e53-ae8902f821b2 req-4ac60824-44fc-465d-9e53-ae8902f821b2 ] Request (AggregatesAdminNegativeTestJSON:setUpClass): 201 POST http://10.180.1.21/identity/v3/auth/tokens 0.556s
2024-10-31 10:22:23.540 63459 INFO tempest.lib.common.rest_client [req-cb6d3961-3cbb-4946-8330-53225fd1d8af req-cb6d3961-3cbb-4946-8330-53225fd1d8af ] Request (QuotasAdminTestV236:setUpClass): 201 POST http://10.180.1.21/identity/v3/users 0.558s
2024-10-31 10:22:23.555 63471 INFO tempest.lib.common.rest_client [req-9128db9d-dcf3-4d1f-9a95-5214a40dce0a req-9128db9d-dcf3-4d1f-9a95-5214a40dce0a ] Request (TenantUsagesTestJSON:setUpClass): 201 POST http://10.180.1.21/identity/v3/projects 0.523s
2024-10-31 10:22:23.560 63493 INFO tempest.lib.common.rest_client [req-6eba8f8f-5749-46be-baac-725091ad1a24 req-6eba8f8f-5749-46be-baac-725091ad1a24 ] Request (ImagesOneServerTestJSON:setUpClass): 204 PUT http://10.180.1.21/identity/v3/projects/d6fdb008429747bda964c5059595101c/users/e7b02a295f4045ebac5e3a79b6bffe57/roles/cdf233ae5d4749bc8acaabad9be88047 0.524s
2024-10-31 10:22:23.560 63493 INFO tempest.lib.common.dynamic_creds [-] Dynamic test user e7b02a295f4045ebac5e3a79b6bffe57 is created with scope project and roles: ['member']
2024-10-31 10:22:23.560 63493 INFO tempest.lib.common.dynamic_creds [-] Acquired dynamic creds: credentials: Credentials: {'domain_id': 'default', 'domain_name': 'Default', 'username': 'tempest-ImagesOneServerTestJSON-1514129301-project-member', 'project_domain_id': 'default', 'project_domain_name': 'Default', 'project_id': 'd6fdb008429747bda964c5059595101c', 'project_name': 'tempest-ImagesOneServerTestJSON-1514129301', 'tenant_id': 'd6fdb008429747bda964c5059595101c', 'tenant_name': 'tempest-ImagesOneServerTestJSON-1514129301', 'user_domain_id': 'default', 'user_domain_name': 'Default', 'user_id': 'e7b02a295f4045ebac5e3a79b6bffe57', 'system': None}, Network: None, Subnet: None, Router: None
2024-10-31 10:22:23.610 63447 INFO tempest.lib.common.rest_client [req-2b9b63bb-4a08-4407-b6ba-4970c3433799 req-2b9b63bb-4a08-4407-b6ba-4970c3433799 ] Request (HypervisorAdminV253TestBase:setUpClass): 201 POST http://10.180.1.21/identity/v3/auth/tokens 0.550s
2024-10-31 10:22:23.621 63477 INFO tempest.lib.common.rest_client [req-832a239c-099e-416c-bf60-ebdbc116fe93 req-832a239c-099e-416c-bf60-ebdbc116fe93 ] Request (HypervisorAdminNegativeUnderV252Test:setUpClass): 201 POST http://10.180.1.21/identity/v3/users 0.563s
2024-10-31 10:22:23.629 63485 INFO tempest.lib.common.rest_client [req-03e8dd2d-ad7d-4dbd-90ae-2c7da8319d02 req-03e8dd2d-ad7d-4dbd-90ae-2c7da8319d02 ] Request (FloatingIPsAssociationTestJSON:setUpClass): 204 PUT http://10.180.1.21/identity/v3/projects/0a3c32b8c8624174a26b120f103f8683/users/2a3bd67c529547e9ac51411b3a358fa9/roles/cdf233ae5d4749bc8acaabad9be88047 0.530s
2024-10-31 10:22:23.630 63485 INFO tempest.lib.common.dynamic_creds [-] Dynamic test user 2a3bd67c529547e9ac51411b3a358fa9 is created with scope project and roles: ['member']
2024-10-31 10:22:23.630 63485 INFO tempest.lib.common.dynamic_creds [-] Acquired dynamic creds: credentials: Credentials: {'domain_id': 'default', 'domain_name': 'Default', 'username': 'tempest-FloatingIPsAssociationTestJSON-62671885-project-member', 'project_domain_id': 'default', 'project_domain_name': 'Default', 'project_id': '0a3c32b8c8624174a26b120f103f8683', 'project_name': 'tempest-FloatingIPsAssociationTestJSON-62671885', 'tenant_id': '0a3c32b8c8624174a26b120f103f8683', 'tenant_name': 'tempest-FloatingIPsAssociationTestJSON-62671885', 'user_domain_id': 'default', 'user_domain_name': 'Default', 'user_id': '2a3bd67c529547e9ac51411b3a358fa9', 'system': None}, Network: None, Subnet: None, Router: None
2024-10-31 10:22:23.675 63491 INFO tempest.lib.common.rest_client [req-f990a7cc-c9e7-4b2f-802d-38ef250292ca req-f990a7cc-c9e7-4b2f-802d-38ef250292ca ] Request (FlavorsV261TestJSON:setUpClass): 204 PUT http://10.180.1.21/identity/v3/projects/01c1ca7a663b48f591c90b55f2b38c79/users/e90e9d6949de40018f189ae6cef2fc38/roles/cdf233ae5d4749bc8acaabad9be88047 0.554s
2024-10-31 10:22:23.675 63491 INFO tempest.lib.common.dynamic_creds [-] Dynamic test user e90e9d6949de40018f189ae6cef2fc38 is created with scope project and roles: ['member']
2024-10-31 10:22:23.675 63491 INFO tempest.lib.common.dynamic_creds [-] Acquired dynamic creds: credentials: Credentials: {'domain_id': 'default', 'domain_name': 'Default', 'username': 'tempest-FlavorsV261TestJSON-1527785032-project-member', 'project_domain_id': 'default', 'project_domain_name': 'Default', 'project_id': '01c1ca7a663b48f591c90b55f2b38c79', 'project_name': 'tempest-FlavorsV261TestJSON-1527785032', 'tenant_id': '01c1ca7a663b48f591c90b55f2b38c79', 'tenant_name': 'tempest-FlavorsV261TestJSON-1527785032', 'user_domain_id': 'default', 'user_domain_name': 'Default', 'user_id': 'e90e9d6949de40018f189ae6cef2fc38', 'system': None}, Network: None, Subnet: None, Router: None
2024-10-31 10:22:23.675 63491 INFO tempest.lib.common.dynamic_creds [-] Created isolated network resources for: credentials: Credentials: {'domain_id': 'default', 'domain_name': 'Default', 'username': 'tempest-FlavorsV261TestJSON-1527785032-project-member', 'project_domain_id': 'default', 'project_domain_name': 'Default', 'project_id': '01c1ca7a663b48f591c90b55f2b38c79', 'project_name': 'tempest-FlavorsV261TestJSON-1527785032', 'tenant_id': '01c1ca7a663b48f591c90b55f2b38c79', 'tenant_name': 'tempest-FlavorsV261TestJSON-1527785032', 'user_domain_id': 'default', 'user_domain_name': 'Default', 'user_id': 'e90e9d6949de40018f189ae6cef2fc38', 'system': None}, Network: None, Subnet: None, Router: None
2024-10-31 10:22:23.726 63439 INFO tempest.lib.common.rest_client [req-991ea544-df7c-4729-94d1-97d7f849e0ba req-991ea544-df7c-4729-94d1-97d7f849e0ba ] Request (FlavorsExtraSpecsTestJSON:setUpClass): 201 POST http://10.180.1.21/identity/v3/auth/tokens 0.605s
2024-10-31 10:22:23.769 63487 INFO tempest.lib.common.rest_client [req-dfd0a203-0c8d-47f7-a42a-f5308af071c0 req-dfd0a203-0c8d-47f7-a42a-f5308af071c0 ] Request (AttachInterfacesTestJSON:setUpClass): 204 PUT http://10.180.1.21/identity/v3/projects/b028e34225744668807aae95712a8d41/users/46863ba14f1c4829a24eca823e763f2f/roles/cdf233ae5d4749bc8acaabad9be88047 0.613s
2024-10-31 10:22:23.769 63487 INFO tempest.lib.common.dynamic_creds [-] Dynamic test user 46863ba14f1c4829a24eca823e763f2f is created with scope project and roles: ['member']
2024-10-31 10:22:23.770 63487 INFO tempest.lib.common.dynamic_creds [-] Acquired dynamic creds: credentials: Credentials: {'domain_id': 'default', 'domain_name': 'Default', 'username': 'tempest-AttachInterfacesTestJSON-8017105-project-member', 'project_domain_id': 'default', 'project_domain_name': 'Default', 'project_id': 'b028e34225744668807aae95712a8d41', 'project_name': 'tempest-AttachInterfacesTestJSON-8017105', 'tenant_id': 'b028e34225744668807aae95712a8d41', 'tenant_name': 'tempest-AttachInterfacesTestJSON-8017105', 'user_domain_id': 'default', 'user_domain_name': 'Default', 'user_id': '46863ba14f1c4829a24eca823e763f2f', 'system': None}, Network: None, Subnet: None, Router: None
2024-10-31 10:22:23.779 63457 INFO tempest.lib.common.rest_client [req-23e9934f-6e4a-48b8-8ef3-b2da77eb3716 req-23e9934f-6e4a-48b8-8ef3-b2da77eb3716 ] Request (FlavorsAccessNegativeTestJSON:setUpClass): 204 PUT http://10.180.1.21/identity/v3/projects/d83b0da156f249b186b477ae07ba6723/users/c66530e3d4c74d0aa79aeba91cd4f00f/roles/cdf233ae5d4749bc8acaabad9be88047 0.612s
2024-10-31 10:22:23.779 63457 INFO tempest.lib.common.dynamic_creds [-] Dynamic test user c66530e3d4c74d0aa79aeba91cd4f00f is created with scope project and roles: ['member']
2024-10-31 10:22:23.779 63457 INFO tempest.lib.common.dynamic_creds [-] Acquired dynamic creds: credentials: Credentials: {'domain_id': 'default', 'domain_name': 'Default', 'username': 'tempest-FlavorsAccessNegativeTestJSON-774635617-project-member', 'project_domain_id': 'default', 'project_domain_name': 'Default', 'project_id': 'd83b0da156f249b186b477ae07ba6723', 'project_name': 'tempest-FlavorsAccessNegativeTestJSON-774635617', 'tenant_id': 'd83b0da156f249b186b477ae07ba6723', 'tenant_name': 'tempest-FlavorsAccessNegativeTestJSON-774635617', 'user_domain_id': 'default', 'user_domain_name': 'Default', 'user_id': 'c66530e3d4c74d0aa79aeba91cd4f00f', 'system': None}, Network: None, Subnet: None, Router: None
2024-10-31 10:22:23.779 63457 INFO tempest.lib.common.dynamic_creds [-] Created isolated network resources for: credentials: Credentials: {'domain_id': 'default', 'domain_name': 'Default', 'username': 'tempest-FlavorsAccessNegativeTestJSON-774635617-project-member', 'project_domain_id': 'default', 'project_domain_name': 'Default', 'project_id': 'd83b0da156f249b186b477ae07ba6723', 'project_name': 'tempest-FlavorsAccessNegativeTestJSON-774635617', 'tenant_id': 'd83b0da156f249b186b477ae07ba6723', 'tenant_name': 'tempest-FlavorsAccessNegativeTestJSON-774635617', 'user_domain_id': 'default', 'user_domain_name': 'Default', 'user_id': 'c66530e3d4c74d0aa79aeba91cd4f00f', 'system': None}, Network: None, Subnet: None, Router: None
2024-10-31 10:22:23.829 63501 INFO tempest.lib.common.rest_client [req-78eafb26-13b8-4ab7-aeba-ea860f04d78d req-78eafb26-13b8-4ab7-aeba-ea860f04d78d ] Request (TenantUsagesNegativeTestJSON:setUpClass): 204 PUT http://10.180.1.21/identity/v3/projects/98a4ab430b8943f0915e136408c0cf9f/users/4492e4e9e200436493f77dd22e6b2e64/roles/cdf233ae5d4749bc8acaabad9be88047 0.648s
2024-10-31 10:22:23.829 63501 INFO tempest.lib.common.dynamic_creds [-] Dynamic test user 4492e4e9e200436493f77dd22e6b2e64 is created with scope project and roles: ['member']
2024-10-31 10:22:23.829 63501 INFO tempest.lib.common.dynamic_creds [-] Acquired dynamic creds: credentials: Credentials: {'domain_id': 'default', 'domain_name': 'Default', 'username': 'tempest-TenantUsagesNegativeTestJSON-1394683887-project-member', 'project_domain_id': 'default', 'project_domain_name': 'Default', 'project_id': '98a4ab430b8943f0915e136408c0cf9f', 'project_name': 'tempest-TenantUsagesNegativeTestJSON-1394683887', 'tenant_id': '98a4ab430b8943f0915e136408c0cf9f', 'tenant_name': 'tempest-TenantUsagesNegativeTestJSON-1394683887', 'user_domain_id': 'default', 'user_domain_name': 'Default', 'user_id': '4492e4e9e200436493f77dd22e6b2e64', 'system': None}, Network: None, Subnet: None, Router: None
2024-10-31 10:22:23.830 63501 INFO tempest.lib.common.dynamic_creds [-] Created isolated network resources for: credentials: Credentials: {'domain_id': 'default', 'domain_name': 'Default', 'username': 'tempest-TenantUsagesNegativeTestJSON-1394683887-project-member', 'project_domain_id': 'default', 'project_domain_name': 'Default', 'project_id': '98a4ab430b8943f0915e136408c0cf9f', 'project_name': 'tempest-TenantUsagesNegativeTestJSON-1394683887', 'tenant_id': '98a4ab430b8943f0915e136408c0cf9f', 'tenant_name': 'tempest-TenantUsagesNegativeTestJSON-1394683887', 'user_domain_id': 'default', 'user_domain_name': 'Default', 'user_id': '4492e4e9e200436493f77dd22e6b2e64', 'system': None}, Network: None, Subnet: None, Router: None
2024-10-31 10:22:23.883 63449 INFO tempest.lib.common.rest_client [req-aa998f05-f68c-42c6-9d4f-51bfe2010b42 req-aa998f05-f68c-42c6-9d4f-51bfe2010b42 ] Request (AZAdminNegativeTestJSON:setUpClass): 204 PUT http://10.180.1.21/identity/v3/projects/f043b1682ca747cb9f306e3654dd5b4c/users/bd8c2337050b49388afc44f526b1d2e4/roles/cdf233ae5d4749bc8acaabad9be88047 0.697s
2024-10-31 10:22:23.883 63449 INFO tempest.lib.common.dynamic_creds [-] Dynamic test user bd8c2337050b49388afc44f526b1d2e4 is created with scope project and roles: ['member']
2024-10-31 10:22:23.884 63449 INFO tempest.lib.common.dynamic_creds [-] Acquired dynamic creds: credentials: Credentials: {'domain_id': 'default', 'domain_name': 'Default', 'username': 'tempest-AZAdminNegativeTestJSON-392924254-project-member', 'project_domain_id': 'default', 'project_domain_name': 'Default', 'project_id': 'f043b1682ca747cb9f306e3654dd5b4c', 'project_name': 'tempest-AZAdminNegativeTestJSON-392924254', 'tenant_id': 'f043b1682ca747cb9f306e3654dd5b4c', 'tenant_name': 'tempest-AZAdminNegativeTestJSON-392924254', 'user_domain_id': 'default', 'user_domain_name': 'Default', 'user_id': 'bd8c2337050b49388afc44f526b1d2e4', 'system': None}, Network: None, Subnet: None, Router: None
2024-10-31 10:22:23.884 63449 INFO tempest.lib.common.dynamic_creds [-] Created isolated network resources for: credentials: Credentials: {'domain_id': 'default', 'domain_name': 'Default', 'username': 'tempest-AZAdminNegativeTestJSON-392924254-project-member', 'project_domain_id': 'default', 'project_domain_name': 'Default', 'project_id': 'f043b1682ca747cb9f306e3654dd5b4c', 'project_name': 'tempest-AZAdminNegativeTestJSON-392924254', 'tenant_id': 'f043b1682ca747cb9f306e3654dd5b4c', 'tenant_name': 'tempest-AZAdminNegativeTestJSON-392924254', 'user_domain_id': 'default', 'user_domain_name': 'Default', 'user_id': 'bd8c2337050b49388afc44f526b1d2e4', 'system': None}, Network: None, Subnet: None, Router: None
2024-10-31 10:22:23.895 63467 INFO tempest.lib.common.rest_client [req-f6f2befd-6b83-4c20-95b4-df3d2e3ea216 req-f6f2befd-6b83-4c20-95b4-df3d2e3ea216 ] Request (FlavorsAdminTestJSON:test_create_flavor_using_string_ram): 200 POST http://10.180.1.21/compute/v2.1/flavors 0.721s
2024-10-31 10:22:23.897 63499 INFO tempest.lib.common.rest_client [req-7a90c792-28d4-4046-8449-3f3664f1f8ac req-7a90c792-28d4-4046-8449-3f3664f1f8ac ] Request (HypervisorAdminV228Test:setUpClass): 204 PUT http://10.180.1.21/identity/v3/projects/24e8f5e5c44647babe220450aa2e5ee9/users/34f98b90f093446e8628d315dd2796fb/roles/cdf233ae5d4749bc8acaabad9be88047 0.707s
2024-10-31 10:22:23.897 63499 INFO tempest.lib.common.dynamic_creds [-] Dynamic test user 34f98b90f093446e8628d315dd2796fb is created with scope project and roles: ['member']
2024-10-31 10:22:23.897 63499 INFO tempest.lib.common.dynamic_creds [-] Acquired dynamic creds: credentials: Credentials: {'domain_id': 'default', 'domain_name': 'Default', 'username': 'tempest-HypervisorAdminV228Test-1491969870-project-member', 'project_domain_id': 'default', 'project_domain_name': 'Default', 'project_id': '24e8f5e5c44647babe220450aa2e5ee9', 'project_name': 'tempest-HypervisorAdminV228Test-1491969870', 'tenant_id': '24e8f5e5c44647babe220450aa2e5ee9', 'tenant_name': 'tempest-HypervisorAdminV228Test-1491969870', 'user_domain_id': 'default', 'user_domain_name': 'Default', 'user_id': '34f98b90f093446e8628d315dd2796fb', 'system': None}, Network: None, Subnet: None, Router: None
2024-10-31 10:22:23.897 63499 INFO tempest.lib.common.dynamic_creds [-] Created isolated network resources for: credentials: Credentials: {'domain_id': 'default', 'domain_name': 'Default', 'username': 'tempest-HypervisorAdminV228Test-1491969870-project-member', 'project_domain_id': 'default', 'project_domain_name': 'Default', 'project_id': '24e8f5e5c44647babe220450aa2e5ee9', 'project_name': 'tempest-HypervisorAdminV228Test-1491969870', 'tenant_id': '24e8f5e5c44647babe220450aa2e5ee9', 'tenant_name': 'tempest-HypervisorAdminV228Test-1491969870', 'user_domain_id': 'default', 'user_domain_name': 'Default', 'user_id': '34f98b90f093446e8628d315dd2796fb', 'system': None}, Network: None, Subnet: None, Router: None
2024-10-31 10:22:23.949 63453 INFO tempest.lib.common.rest_client [req-eb9c9f85-7971-47be-ac4e-fbb7249837fc req-eb9c9f85-7971-47be-ac4e-fbb7249837fc ] Request (ServersAdmin275Test:setUpClass): 201 POST http://10.180.1.21/identity/v3/users 0.736s
2024-10-31 10:22:23.952 63469 INFO tempest.lib.common.rest_client [req-a6bc1f16-2617-4763-8ff1-ffb2daa6d46e req-a6bc1f16-2617-4763-8ff1-ffb2daa6d46e ] Request (AZAdminV2TestJSON:setUpClass): 200 GET http://10.180.1.21/identity/v3/roles 0.747s
2024-10-31 10:22:23.972 63498 INFO tempest.lib.common.rest_client [req-4c1b401b-4207-447b-b042-f75fb27948bb req-4c1b401b-4207-447b-b042-f75fb27948bb ] Request (FloatingIPsTestJSON:setUpClass): 204 PUT http://10.180.1.21/identity/v3/projects/75d1ac00d09f471283f7d016e740bf29/users/3d2cd55f374e481d81cbd414ae3a2865/roles/cdf233ae5d4749bc8acaabad9be88047 0.708s
2024-10-31 10:22:23.972 63498 INFO tempest.lib.common.dynamic_creds [-] Dynamic test user 3d2cd55f374e481d81cbd414ae3a2865 is created with scope project and roles: ['member']
2024-10-31 10:22:23.972 63498 INFO tempest.lib.common.dynamic_creds [-] Acquired dynamic creds: credentials: Credentials: {'domain_id': 'default', 'domain_name': 'Default', 'username': 'tempest-FloatingIPsTestJSON-1273180486-project-member', 'project_domain_id': 'default', 'project_domain_name': 'Default', 'project_id': '75d1ac00d09f471283f7d016e740bf29', 'project_name': 'tempest-FloatingIPsTestJSON-1273180486', 'tenant_id': '75d1ac00d09f471283f7d016e740bf29', 'tenant_name': 'tempest-FloatingIPsTestJSON-1273180486', 'user_domain_id': 'default', 'user_domain_name': 'Default', 'user_id': '3d2cd55f374e481d81cbd414ae3a2865', 'system': None}, Network: None, Subnet: None, Router: None
2024-10-31 10:22:23.998 63473 INFO tempest.lib.common.rest_client [req-315061ac-39af-4d7f-85d6-cec8cd50655f req-315061ac-39af-4d7f-85d6-cec8cd50655f ] Request (ServicesAdminNegativeTestJSON:setUpClass): 201 POST http://10.180.1.21/identity/v3/auth/tokens 0.770s
2024-10-31 10:22:24.015 63483 INFO tempest.lib.common.rest_client [req-5a296ab7-816e-4d6f-8adb-7f856bc43442 req-5a296ab7-816e-4d6f-8adb-7f856bc43442 ] Request (ServicesAdminTestJSON:setUpClass): 204 PUT http://10.180.1.21/identity/v3/projects/48828bf6285648579c3949b4a6518b76/users/530c017e2885436d8a725539bc7184e5/roles/cdf233ae5d4749bc8acaabad9be88047 0.738s
2024-10-31 10:22:24.015 63483 INFO tempest.lib.common.dynamic_creds [-] Dynamic test user 530c017e2885436d8a725539bc7184e5 is created with scope project and roles: ['member']
2024-10-31 10:22:24.015 63483 INFO tempest.lib.common.dynamic_creds [-] Acquired dynamic creds: credentials: Credentials: {'domain_id': 'default', 'domain_name': 'Default', 'username': 'tempest-ServicesAdminTestJSON-461455482-project-member', 'project_domain_id': 'default', 'project_domain_name': 'Default', 'project_id': '48828bf6285648579c3949b4a6518b76', 'project_name': 'tempest-ServicesAdminTestJSON-461455482', 'tenant_id': '48828bf6285648579c3949b4a6518b76', 'tenant_name': 'tempest-ServicesAdminTestJSON-461455482', 'user_domain_id': 'default', 'user_domain_name': 'Default', 'user_id': '530c017e2885436d8a725539bc7184e5', 'system': None}, Network: None, Subnet: None, Router: None
2024-10-31 10:22:24.016 63483 INFO tempest.lib.common.dynamic_creds [-] Created isolated network resources for: credentials: Credentials: {'domain_id': 'default', 'domain_name': 'Default', 'username': 'tempest-ServicesAdminTestJSON-461455482-project-member', 'project_domain_id': 'default', 'project_domain_name': 'Default', 'project_id': '48828bf6285648579c3949b4a6518b76', 'project_name': 'tempest-ServicesAdminTestJSON-461455482', 'tenant_id': '48828bf6285648579c3949b4a6518b76', 'tenant_name': 'tempest-ServicesAdminTestJSON-461455482', 'user_domain_id': 'default', 'user_domain_name': 'Default', 'user_id': '530c017e2885436d8a725539bc7184e5', 'system': None}, Network: None, Subnet: None, Router: None
2024-10-31 10:22:24.065 63441 INFO tempest.lib.common.rest_client [req-ca550e6e-c68d-4361-968d-8615671daa9f req-ca550e6e-c68d-4361-968d-8615671daa9f ] Request (QuotasAdminTestJSON:setUpClass): 201 POST http://10.180.1.21/identity/v3/auth/tokens 0.761s
2024-10-31 10:22:24.101 63495 INFO tempest.lib.common.rest_client [req-8e1a9017-71f0-47e0-b677-b9d8b05d1ea8 req-8e1a9017-71f0-47e0-b677-b9d8b05d1ea8 ] Request (FlavorMetadataValidation:setUpClass): 204 PUT http://10.180.1.21/identity/v3/projects/18dcc489413f43129af406bc8b943ddd/users/f82dbaa422c74e36a5a22a5d0c85cd8e/roles/cdf233ae5d4749bc8acaabad9be88047 0.753s
2024-10-31 10:22:24.101 63495 INFO tempest.lib.common.dynamic_creds [-] Dynamic test user f82dbaa422c74e36a5a22a5d0c85cd8e is created with scope project and roles: ['member']
2024-10-31 10:22:24.101 63495 INFO tempest.lib.common.dynamic_creds [-] Acquired dynamic creds: credentials: Credentials: {'domain_id': 'default', 'domain_name': 'Default', 'username': 'tempest-FlavorMetadataValidation-69164835-project-member', 'project_domain_id': 'default', 'project_domain_name': 'Default', 'project_id': '18dcc489413f43129af406bc8b943ddd', 'project_name': 'tempest-FlavorMetadataValidation-69164835', 'tenant_id': '18dcc489413f43129af406bc8b943ddd', 'tenant_name': 'tempest-FlavorMetadataValidation-69164835', 'user_domain_id': 'default', 'user_domain_name': 'Default', 'user_id': 'f82dbaa422c74e36a5a22a5d0c85cd8e', 'system': None}, Network: None, Subnet: None, Router: None
2024-10-31 10:22:24.102 63495 INFO tempest.lib.common.dynamic_creds [-] Created isolated network resources for: credentials: Credentials: {'domain_id': 'default', 'domain_name': 'Default', 'username': 'tempest-FlavorMetadataValidation-69164835-project-member', 'project_domain_id': 'default', 'project_domain_name': 'Default', 'project_id': '18dcc489413f43129af406bc8b943ddd', 'project_name': 'tempest-FlavorMetadataValidation-69164835', 'tenant_id': '18dcc489413f43129af406bc8b943ddd', 'tenant_name': 'tempest-FlavorMetadataValidation-69164835', 'user_domain_id': 'default', 'user_domain_name': 'Default', 'user_id': 'f82dbaa422c74e36a5a22a5d0c85cd8e', 'system': None}, Network: None, Subnet: None, Router: None
2024-10-31 10:22:24.127 63445 INFO tempest.lib.common.rest_client [req-1e783824-16b1-4f34-9c01-af7779b9ad8a req-1e783824-16b1-4f34-9c01-af7779b9ad8a ] Request (KeyPairsV210TestJSON:setUpClass): 201 POST http://10.180.1.21/identity/v3/auth/tokens 0.823s
2024-10-31 10:22:24.159 63463 INFO tempest.lib.common.rest_client [req-627077d3-5861-4f24-b072-74927b8a9114 req-627077d3-5861-4f24-b072-74927b8a9114 ] Request (HostsAdminNegativeTestJSON:setUpClass): 201 POST http://10.180.1.21/identity/v3/auth/tokens 0.801s
2024-10-31 10:22:24.179 63475 INFO tempest.lib.common.rest_client [req-fc792bbe-cabb-4010-899c-602877da1b71 req-fc792bbe-cabb-4010-899c-602877da1b71 ] Request (QuotasSecurityGroupAdminNegativeTest:setUpClass): 204 PUT http://10.180.1.21/identity/v3/projects/36de33c1fb38407d8f3e3f80318daec8/users/f9a40fde2563444b96ba53324e728099/roles/cdf233ae5d4749bc8acaabad9be88047 0.789s
2024-10-31 10:22:24.179 63475 INFO tempest.lib.common.dynamic_creds [-] Dynamic test user f9a40fde2563444b96ba53324e728099 is created with scope project and roles: ['member']
2024-10-31 10:22:24.180 63475 INFO tempest.lib.common.dynamic_creds [-] Acquired dynamic creds: credentials: Credentials: {'domain_id': 'default', 'domain_name': 'Default', 'username': 'tempest-QuotasSecurityGroupAdminNegativeTest-1789875118-project-member', 'project_domain_id': 'default', 'project_domain_name': 'Default', 'project_id': '36de33c1fb38407d8f3e3f80318daec8', 'project_name': 'tempest-QuotasSecurityGroupAdminNegativeTest-1789875118', 'tenant_id': '36de33c1fb38407d8f3e3f80318daec8', 'tenant_name': 'tempest-QuotasSecurityGroupAdminNegativeTest-1789875118', 'user_domain_id': 'default', 'user_domain_name': 'Default', 'user_id': 'f9a40fde2563444b96ba53324e728099', 'system': None}, Network: None, Subnet: None, Router: None
2024-10-31 10:22:24.180 63475 INFO tempest.lib.common.dynamic_creds [-] Created isolated network resources for: credentials: Credentials: {'domain_id': 'default', 'domain_name': 'Default', 'username': 'tempest-QuotasSecurityGroupAdminNegativeTest-1789875118-project-member', 'project_domain_id': 'default', 'project_domain_name': 'Default', 'project_id': '36de33c1fb38407d8f3e3f80318daec8', 'project_name': 'tempest-QuotasSecurityGroupAdminNegativeTest-1789875118', 'tenant_id': '36de33c1fb38407d8f3e3f80318daec8', 'tenant_name': 'tempest-QuotasSecurityGroupAdminNegativeTest-1789875118', 'user_domain_id': 'default', 'user_domain_name': 'Default', 'user_id': 'f9a40fde2563444b96ba53324e728099', 'system': None}, Network: None, Subnet: None, Router: None
2024-10-31 10:22:24.213 63451 INFO tempest.lib.common.rest_client [req-11a3e5ae-77f9-427c-9923-7c976aa66e0d req-11a3e5ae-77f9-427c-9923-7c976aa66e0d ] Request (FlavorsExtraSpecsNegativeTestJSON:setUpClass): 201 POST http://10.180.1.21/identity/v3/auth/tokens 0.816s
2024-10-31 10:22:24.230 63481 INFO tempest.lib.common.rest_client [req-0baa677e-65af-418b-a819-f77ecbbf518f req-0baa677e-65af-418b-a819-f77ecbbf518f ] Request (ServicesAdminNegativeV253TestJSON:setUpClass): 204 PUT http://10.180.1.21/identity/v3/projects/78c444e4f32d47c7a037a245eb38a9a7/users/6187629f5ece41029a48989951a05f96/roles/cdf233ae5d4749bc8acaabad9be88047 0.803s
2024-10-31 10:22:24.230 63481 INFO tempest.lib.common.dynamic_creds [-] Dynamic test user 6187629f5ece41029a48989951a05f96 is created with scope project and roles: ['member']
2024-10-31 10:22:24.230 63481 INFO tempest.lib.common.dynamic_creds [-] Acquired dynamic creds: credentials: Credentials: {'domain_id': 'default', 'domain_name': 'Default', 'username': 'tempest-ServicesAdminNegativeV253TestJSON-1998588357-project-member', 'project_domain_id': 'default', 'project_domain_name': 'Default', 'project_id': '78c444e4f32d47c7a037a245eb38a9a7', 'project_name': 'tempest-ServicesAdminNegativeV253TestJSON-1998588357', 'tenant_id': '78c444e4f32d47c7a037a245eb38a9a7', 'tenant_name': 'tempest-ServicesAdminNegativeV253TestJSON-1998588357', 'user_domain_id': 'default', 'user_domain_name': 'Default', 'user_id': '6187629f5ece41029a48989951a05f96', 'system': None}, Network: None, Subnet: None, Router: None
2024-10-31 10:22:24.231 63481 INFO tempest.lib.common.dynamic_creds [-] Created isolated network resources for: credentials: Credentials: {'domain_id': 'default', 'domain_name': 'Default', 'username': 'tempest-ServicesAdminNegativeV253TestJSON-1998588357-project-member', 'project_domain_id': 'default', 'project_domain_name': 'Default', 'project_id': '78c444e4f32d47c7a037a245eb38a9a7', 'project_name': 'tempest-ServicesAdminNegativeV253TestJSON-1998588357', 'tenant_id': '78c444e4f32d47c7a037a245eb38a9a7', 'tenant_name': 'tempest-ServicesAdminNegativeV253TestJSON-1998588357', 'user_domain_id': 'default', 'user_domain_name': 'Default', 'user_id': '6187629f5ece41029a48989951a05f96', 'system': None}, Network: None, Subnet: None, Router: None
2024-10-31 10:22:24.258 63461 INFO tempest.lib.common.rest_client [req-ae4e973b-9b96-41b6-88e9-98007482c11c req-ae4e973b-9b96-41b6-88e9-98007482c11c ] Request (VolumesAssistedSnapshotsTest:setUpClass): 201 POST http://10.180.1.21:9696/networking/v2.0/networks 0.969s
2024-10-31 10:22:24.280 63489 INFO tempest.lib.common.rest_client [req-38727253-b982-40dc-91fa-49dea25daeb9 req-38727253-b982-40dc-91fa-49dea25daeb9 ] Request (FlavorsAccessTestJSON:setUpClass): 201 POST http://10.180.1.21/identity/v3/auth/tokens 0.841s
2024-10-31 10:22:24.336 63455 INFO tempest.lib.common.rest_client [req-2011af6d-145c-45ce-baae-c88872b3ae27 req-2011af6d-145c-45ce-baae-c88872b3ae27 ] Request (AggregatesAdminNegativeTestJSON:setUpClass): 201 POST http://10.180.1.21/identity/v3/projects 0.804s
2024-10-31 10:22:24.341 63459 INFO tempest.lib.common.rest_client [req-4f0455d3-7a27-42a7-802c-98547987028c req-4f0455d3-7a27-42a7-802c-98547987028c ] Request (QuotasAdminTestV236:setUpClass): 200 GET http://10.180.1.21/identity/v3/roles 0.800s
2024-10-31 10:22:24.381 63479 INFO tempest.lib.common.rest_client [req-4ec7b97e-100a-4a56-a59c-1a5b1925c2f9 req-4ec7b97e-100a-4a56-a59c-1a5b1925c2f9 ] Request (SecurityGroupsNegativeTestJSON:test_delete_nonexistent_security_group): 404 DELETE http://10.180.1.21/compute/v2.1/os-security-groups/7fad76e8-5f25-47da-8cd7-39e8928b52de 2.609s
2024-10-31 10:22:24.392 63493 INFO tempest.lib.common.rest_client [req-9539e446-a37c-439a-b586-4d0474a42211 req-9539e446-a37c-439a-b586-4d0474a42211 ] Request (ImagesOneServerTestJSON:setUpClass): 201 POST http://10.180.1.21/identity/v3/auth/tokens 0.831s
2024-10-31 10:22:24.393 63471 INFO tempest.lib.common.rest_client [req-d18494f6-8909-4f3a-a2fe-43107edbbe66 req-d18494f6-8909-4f3a-a2fe-43107edbbe66 ] Request (TenantUsagesTestJSON:setUpClass): 201 POST http://10.180.1.21/identity/v3/users 0.838s
2024-10-31 10:22:24.408 63467 INFO tempest.lib.common.rest_client [req-8f63531c-5647-487d-9d72-6896ce2a487d req-8f63531c-5647-487d-9d72-6896ce2a487d ] Request (FlavorsAdminTestJSON:_run_cleanups): 202 DELETE http://10.180.1.21/compute/v2.1/flavors/1736113214 0.511s
2024-10-31 10:22:24.409 63477 INFO tempest.lib.common.rest_client [req-f2de21df-cf3a-465e-b9f5-c8ea6cfd4ad6 req-f2de21df-cf3a-465e-b9f5-c8ea6cfd4ad6 ] Request (HypervisorAdminNegativeUnderV252Test:setUpClass): 200 GET http://10.180.1.21/identity/v3/roles 0.787s
2024-10-31 10:22:24.414 63447 INFO tempest.lib.common.rest_client [req-31a1a7dd-2fca-412d-91c0-8ce5e263cf81 req-31a1a7dd-2fca-412d-91c0-8ce5e263cf81 ] Request (HypervisorAdminV253TestBase:setUpClass): 201 POST http://10.180.1.21/identity/v3/projects 0.803s
2024-10-31 10:22:24.472 63491 INFO tempest.lib.common.rest_client [req-be448811-c21c-4686-a52e-b307ef17fe4e req-be448811-c21c-4686-a52e-b307ef17fe4e ] Request (FlavorsV261TestJSON:setUpClass): 201 POST http://10.180.1.21/identity/v3/auth/tokens 0.793s
2024-10-31 10:22:24.489 63461 INFO tempest.lib.common.rest_client [req-7d300c51-6b8f-49ad-9f16-14b1a1265bf8 req-7d300c51-6b8f-49ad-9f16-14b1a1265bf8 ] Request (VolumesAssistedSnapshotsTest:setUpClass): 201 POST http://10.180.1.21:9696/networking/v2.0/subnets 0.231s
2024-10-31 10:22:24.525 63439 INFO tempest.lib.common.rest_client [req-37da93ce-a0fa-479e-b089-bae973cff039 req-37da93ce-a0fa-479e-b089-bae973cff039 ] Request (FlavorsExtraSpecsTestJSON:setUpClass): 201 POST http://10.180.1.21/identity/v3/projects 0.799s
2024-10-31 10:22:24.585 63487 INFO tempest.lib.common.rest_client [req-5e9db1a5-9f8c-40f7-bdd1-0b30b4f8c4bd req-5e9db1a5-9f8c-40f7-bdd1-0b30b4f8c4bd ] Request (AttachInterfacesTestJSON:setUpClass): 201 POST http://10.180.1.21/identity/v3/auth/tokens 0.815s
2024-10-31 10:22:24.590 63485 INFO tempest.lib.common.rest_client [req-956d65e9-532c-47c7-a548-5c11c6db9460 req-956d65e9-532c-47c7-a548-5c11c6db9460 ] Request (FloatingIPsAssociationTestJSON:setUpClass): 201 POST http://10.180.1.21/identity/v3/auth/tokens 0.959s
2024-10-31 10:22:24.636 63457 INFO tempest.lib.common.rest_client [req-b60122af-57a0-4561-9df5-f9f42d9b4c25 req-b60122af-57a0-4561-9df5-f9f42d9b4c25 ] Request (FlavorsAccessNegativeTestJSON:setUpClass): 201 POST http://10.180.1.21/identity/v3/auth/tokens 0.852s
2024-10-31 10:22:24.641 63501 INFO tempest.lib.common.rest_client [req-f049e457-796a-4ecc-b78c-d3502cef2b60 req-f049e457-796a-4ecc-b78c-d3502cef2b60 ] Request (TenantUsagesNegativeTestJSON:setUpClass): 201 POST http://10.180.1.21/identity/v3/auth/tokens 0.807s
2024-10-31 10:22:24.686 63449 INFO tempest.lib.common.rest_client [req-731dbd86-6d3e-4f7f-9283-8b967b829efe req-731dbd86-6d3e-4f7f-9283-8b967b829efe ] Request (AZAdminNegativeTestJSON:setUpClass): 201 POST http://10.180.1.21/identity/v3/auth/tokens 0.798s
2024-10-31 10:22:24.725 63453 INFO tempest.lib.common.rest_client [req-6f08ea86-f8b4-462b-a02c-9a1359bbe3df req-6f08ea86-f8b4-462b-a02c-9a1359bbe3df ] Request (ServersAdmin275Test:setUpClass): 200 GET http://10.180.1.21/identity/v3/roles 0.776s
2024-10-31 10:22:24.737 63499 INFO tempest.lib.common.rest_client [req-946388e8-1ed7-4266-a1a3-6b3f339c2296 req-946388e8-1ed7-4266-a1a3-6b3f339c2296 ] Request (HypervisorAdminV228Test:setUpClass): 201 POST http://10.180.1.21/identity/v3/auth/tokens 0.836s
2024-10-31 10:22:24.742 63443 INFO tempest.lib.common.rest_client [req-4a7215c9-7fe6-46ff-99a4-97185a5127d5 req-4a7215c9-7fe6-46ff-99a4-97185a5127d5 ] Request (HostsAdminTestJSON:test_list_hosts): 200 GET http://10.180.1.21/compute/v2.1/os-hosts 1.247s
2024-10-31 10:22:24.753 63469 INFO tempest.lib.common.rest_client [req-9f3e8c51-cd34-461c-baa3-99efe2f357ca req-9f3e8c51-cd34-461c-baa3-99efe2f357ca ] Request (AZAdminV2TestJSON:setUpClass): 204 PUT http://10.180.1.21/identity/v3/projects/3b5a5b6d94dc4170b934b1389247da79/users/3cdc0a9f822d4b04ae72728ccabffc2c/roles/7291222707e6445bafe1386f558e751e 0.800s
2024-10-31 10:22:24.786 63498 INFO tempest.lib.common.rest_client [req-99c480ee-7af4-4c43-a50d-8b07bd4c070e req-99c480ee-7af4-4c43-a50d-8b07bd4c070e ] Request (FloatingIPsTestJSON:setUpClass): 201 POST http://10.180.1.21/identity/v3/auth/tokens 0.813s
2024-10-31 10:22:24.810 63473 INFO tempest.lib.common.rest_client [req-2ab53bc8-0011-4bf6-b531-10ec7c8c7d29 req-2ab53bc8-0011-4bf6-b531-10ec7c8c7d29 ] Request (ServicesAdminNegativeTestJSON:setUpClass): 201 POST http://10.180.1.21/identity/v3/projects 0.811s
2024-10-31 10:22:24.850 63483 INFO tempest.lib.common.rest_client [req-4654cb27-8655-4650-82dc-882540dd502e req-4654cb27-8655-4650-82dc-882540dd502e ] Request (ServicesAdminTestJSON:setUpClass): 201 POST http://10.180.1.21/identity/v3/auth/tokens 0.831s
2024-10-31 10:22:24.862 63441 INFO tempest.lib.common.rest_client [req-a8d2de9c-3256-4ace-b228-259ed3023ba2 req-a8d2de9c-3256-4ace-b228-259ed3023ba2 ] Request (QuotasAdminTestJSON:setUpClass): 201 POST http://10.180.1.21/identity/v3/projects 0.797s
2024-10-31 10:22:24.906 63495 INFO tempest.lib.common.rest_client [req-a92a5e83-09a8-41ca-9af9-2ac8acac174a req-a92a5e83-09a8-41ca-9af9-2ac8acac174a ] Request (FlavorMetadataValidation:setUpClass): 201 POST http://10.180.1.21/identity/v3/auth/tokens 0.801s
2024-10-31 10:22:24.912 63463 INFO tempest.lib.common.rest_client [req-3bfa69e5-aa86-49bc-833f-09d8ce70ab87 req-3bfa69e5-aa86-49bc-833f-09d8ce70ab87 ] Request (HostsAdminNegativeTestJSON:setUpClass): 201 POST http://10.180.1.21/identity/v3/projects 0.753s
2024-10-31 10:22:24.956 63475 INFO tempest.lib.common.rest_client [req-ec19a464-798f-4c1d-8a33-307f08b249e7 req-ec19a464-798f-4c1d-8a33-307f08b249e7 ] Request (QuotasSecurityGroupAdminNegativeTest:setUpClass): 201 POST http://10.180.1.21/identity/v3/auth/tokens 0.772s
2024-10-31 10:22:24.960 63451 INFO tempest.lib.common.rest_client [req-084b99fc-1232-435e-89a3-13afcc78ca6b req-084b99fc-1232-435e-89a3-13afcc78ca6b ] Request (FlavorsExtraSpecsNegativeTestJSON:setUpClass): 201 POST http://10.180.1.21/identity/v3/projects 0.747s
2024-10-31 10:22:24.988 63465 INFO tempest.lib.common.rest_client [req-8f27a4c9-cdf2-45a1-9466-7db526bf175a req-8f27a4c9-cdf2-45a1-9466-7db526bf175a ] Request (MigrationsAdminTest:test_list_migrations_in_flavor_resize_situation): 200 GET http://10.180.1.21/compute/v2.1/servers/65cd7042-daaf-4845-a0b8-5d2d0be02696 0.835s
2024-10-31 10:22:24.991 63479 INFO tempest.lib.common.rest_client [req-56142e44-8e20-4c65-8e53-1cfc7e9346c0 req-56142e44-8e20-4c65-8e53-1cfc7e9346c0 ] Request (SecurityGroupsNegativeTestJSON:test_delete_security_group_without_passing_id): 404 DELETE http://10.180.1.21/compute/v2.1/os-security-groups/ 0.609s
2024-10-31 10:22:24.996 63465 INFO tempest.common.waiters [-] State transition "BUILD/scheduling" ==> "BUILD/None" after 1 second wait
2024-10-31 10:22:25.004 63467 INFO tempest.lib.common.rest_client [req-8224653e-7a76-4fb3-9cca-94b80471bac4 req-8224653e-7a76-4fb3-9cca-94b80471bac4 ] Request (FlavorsAdminTestJSON:_run_cleanups): 200 GET http://10.180.1.21/compute/v2.1/flavors/detail 0.595s
2024-10-31 10:22:25.012 63481 INFO tempest.lib.common.rest_client [req-88e9b621-c4ca-4e03-ab4c-b20ebc5317ee req-88e9b621-c4ca-4e03-ab4c-b20ebc5317ee ] Request (ServicesAdminNegativeV253TestJSON:setUpClass): 201 POST http://10.180.1.21/identity/v3/auth/tokens 0.777s
2024-10-31 10:22:25.021 63443 INFO tempest.lib.common.rest_client [req-cd71c3da-81b6-45fb-8f52-e722b7a9c5dd req-cd71c3da-81b6-45fb-8f52-e722b7a9c5dd ] Request (HostsAdminTestJSON:test_list_hosts_with_a_blank_zone): 200 GET http://10.180.1.21/compute/v2.1/os-hosts?zone= 0.230s
2024-10-31 10:22:25.022 63489 INFO tempest.lib.common.rest_client [req-d07b1e72-f107-40d1-894b-540f1fec959a req-d07b1e72-f107-40d1-894b-540f1fec959a ] Request (FlavorsAccessTestJSON:setUpClass): 201 POST http://10.180.1.21/identity/v3/projects 0.741s
2024-10-31 10:22:25.034 63455 INFO tempest.lib.common.rest_client [req-abbcded4-66c7-4ae6-a193-49fd3b778315 req-abbcded4-66c7-4ae6-a193-49fd3b778315 ] Request (AggregatesAdminNegativeTestJSON:setUpClass): 201 POST http://10.180.1.21/identity/v3/users 0.697s
2024-10-31 10:22:25.077 63471 INFO tempest.lib.common.rest_client [req-982ef135-9ced-4c8d-8b48-c3ba856184aa req-982ef135-9ced-4c8d-8b48-c3ba856184aa ] Request (TenantUsagesTestJSON:setUpClass): 200 GET http://10.180.1.21/identity/v3/roles 0.683s
2024-10-31 10:22:25.086 63459 INFO tempest.lib.common.rest_client [req-39d99880-3814-4fc3-a06e-4631c6b3dc92 req-39d99880-3814-4fc3-a06e-4631c6b3dc92 ] Request (QuotasAdminTestV236:setUpClass): 204 PUT http://10.180.1.21/identity/v3/projects/0ccdf532da3447f5ba20030b98a9819a/users/36f1dcf8065a4f0193a52018a277164c/roles/7291222707e6445bafe1386f558e751e 0.744s
2024-10-31 10:22:25.140 63477 INFO tempest.lib.common.rest_client [req-065c70c9-0c99-44c3-bf20-ea910947a0ec req-065c70c9-0c99-44c3-bf20-ea910947a0ec ] Request (HypervisorAdminNegativeUnderV252Test:setUpClass): 204 PUT http://10.180.1.21/identity/v3/projects/74c5884e3daf4289ae253ec5c24d6472/users/fd009f82265a43bda7f8b5a4145609a1/roles/7291222707e6445bafe1386f558e751e 0.731s
2024-10-31 10:22:25.148 63461 INFO tempest.lib.common.rest_client [req-1011a144-8f44-4806-80c1-588bd648de96 req-1011a144-8f44-4806-80c1-588bd648de96 ] Request (VolumesAssistedSnapshotsTest:setUpClass): 201 POST http://10.180.1.21:9696/networking/v2.0/routers 0.659s
2024-10-31 10:22:25.182 63479 INFO tempest.lib.common.rest_client [req-79900bae-3e13-488a-9ead-c02a4400c40f req-79900bae-3e13-488a-9ead-c02a4400c40f ] Request (SecurityGroupsNegativeTestJSON:test_delete_the_default_security_group): 200 GET http://10.180.1.21/compute/v2.1/os-security-groups 0.190s
2024-10-31 10:22:25.188 63447 INFO tempest.lib.common.rest_client [req-f5dbe14e-0654-44c1-9c5b-998635d1436c req-f5dbe14e-0654-44c1-9c5b-998635d1436c ] Request (HypervisorAdminV253TestBase:setUpClass): 201 POST http://10.180.1.21/identity/v3/users 0.774s
2024-10-31 10:22:25.201 63443 INFO tempest.lib.common.rest_client [req-9efc7e4d-3348-45e4-ac65-4c6381d06e21 req-9efc7e4d-3348-45e4-ac65-4c6381d06e21 ] Request (HostsAdminTestJSON:test_list_hosts_with_nonexistent_zone): 200 GET http://10.180.1.21/compute/v2.1/os-hosts?zone=xxx 0.177s
2024-10-31 10:22:25.213 63467 INFO tempest.lib.common.rest_client [req-5493e721-d4bb-491b-9112-fc3f2bce6ed1 req-5493e721-d4bb-491b-9112-fc3f2bce6ed1 ] Request (FlavorsAdminTestJSON:test_create_flavor_verify_entry_in_list_details): 200 POST http://10.180.1.21/compute/v2.1/flavors 0.147s
2024-10-31 10:22:25.217 63491 INFO tempest.lib.common.rest_client [req-e0bbf6c8-1666-402d-b228-2bedf6ef00da req-e0bbf6c8-1666-402d-b228-2bedf6ef00da ] Request (FlavorsV261TestJSON:setUpClass): 201 POST http://10.180.1.21/identity/v3/projects 0.744s
2024-10-31 10:22:25.271 63439 INFO tempest.lib.common.rest_client [req-495067bb-006b-44dd-9049-5420a8563e8a req-495067bb-006b-44dd-9049-5420a8563e8a ] Request (FlavorsExtraSpecsTestJSON:setUpClass): 201 POST http://10.180.1.21/identity/v3/users 0.745s
2024-10-31 10:22:25.280 63445 INFO tempest.lib.common.rest_client [req-29059980-e5c4-46a2-9199-7e65d01f98e2 req-29059980-e5c4-46a2-9199-7e65d01f98e2 ] Request (KeyPairsV210TestJSON:test_admin_manage_keypairs_for_other_users): 201 POST http://10.180.1.21/compute/v2.1/os-keypairs 1.151s
2024-10-31 10:22:25.306 63443 INFO tempest.lib.common.rest_client [req-572bfec5-639a-408c-8726-729af6995642 req-572bfec5-639a-408c-8726-729af6995642 ] Request (HostsAdminTestJSON:test_list_hosts_with_zone): 200 GET http://10.180.1.21/compute/v2.1/os-hosts 0.103s
2024-10-31 10:22:25.328 63457 INFO tempest.lib.common.rest_client [req-569506d7-f226-4df1-ace1-f07fb3a39bcf req-569506d7-f226-4df1-ace1-f07fb3a39bcf ] Request (FlavorsAccessNegativeTestJSON:setUpClass): 201 POST http://10.180.1.21/identity/v3/projects 0.691s
2024-10-31 10:22:25.348 63501 INFO tempest.lib.common.rest_client [req-bbfb225c-cc62-4049-9746-b3fa44bb24f1 req-bbfb225c-cc62-4049-9746-b3fa44bb24f1 ] Request (TenantUsagesNegativeTestJSON:setUpClass): 201 POST http://10.180.1.21/identity/v3/projects 0.706s
2024-10-31 10:22:25.368 63479 INFO tempest.lib.common.rest_client [req-535a620c-d434-49c4-9f20-5d76989a8edd req-535a620c-d434-49c4-9f20-5d76989a8edd ] Request (SecurityGroupsNegativeTestJSON:test_delete_the_default_security_group): 400 DELETE http://10.180.1.21/compute/v2.1/os-security-groups/874246ad-bbf5-4931-8f5b-4971ac8612fd 0.181s
2024-10-31 10:22:25.432 63449 INFO tempest.lib.common.rest_client [req-150ff6fa-4e77-4f14-9f5c-79cea79152e0 req-150ff6fa-4e77-4f14-9f5c-79cea79152e0 ] Request (AZAdminNegativeTestJSON:setUpClass): 201 POST http://10.180.1.21/identity/v3/projects 0.744s
2024-10-31 10:22:25.437 63453 INFO tempest.lib.common.rest_client [req-9ff15206-5d16-4962-a99f-5255cb109800 req-9ff15206-5d16-4962-a99f-5255cb109800 ] Request (ServersAdmin275Test:setUpClass): 204 PUT http://10.180.1.21/identity/v3/projects/108cf15bffcc4735ac6d5b7622a14e42/users/9fc8cea375a14f8db74d649e9851fabd/roles/7291222707e6445bafe1386f558e751e 0.711s
2024-10-31 10:22:25.439 63445 INFO tempest.lib.common.rest_client [req-62afd148-e221-4b14-b07f-46677d7fbb84 req-62afd148-e221-4b14-b07f-46677d7fbb84 ] Request (KeyPairsV210TestJSON:test_admin_manage_keypairs_for_other_users): 201 POST http://10.180.1.21/compute/v2.1/os-keypairs 0.157s
2024-10-31 10:22:25.468 63443 INFO tempest.lib.common.rest_client [req-41d99e70-923f-4915-a5d4-5ca30bbba97b req-41d99e70-923f-4915-a5d4-5ca30bbba97b ] Request (HostsAdminTestJSON:test_list_hosts_with_zone): 200 GET http://10.180.1.21/compute/v2.1/os-hosts?zone=internal 0.160s
2024-10-31 10:22:25.490 63467 INFO tempest.lib.common.rest_client [req-17a74360-ed4a-4bee-bffc-e8a97da57938 req-17a74360-ed4a-4bee-bffc-e8a97da57938 ] Request (FlavorsAdminTestJSON:test_create_flavor_verify_entry_in_list_details): 200 GET http://10.180.1.21/compute/v2.1/flavors/detail 0.275s
2024-10-31 10:22:25.500 63445 INFO tempest.lib.common.rest_client [req-a327aeef-f757-4a39-bf6d-05fcf263d6c4 req-a327aeef-f757-4a39-bf6d-05fcf263d6c4 ] Request (KeyPairsV210TestJSON:test_admin_manage_keypairs_for_other_users): 200 GET http://10.180.1.21/compute/v2.1/os-keypairs/tempest-keypair-1854463388?user_id=d1967ecd1b644dd18ae26402539a1db7 0.059s
2024-10-31 10:22:25.502 63469 INFO tempest.lib.common.rest_client [req-a36bac93-eec8-45fe-beb9-efe65e9d8ba6 req-a36bac93-eec8-45fe-beb9-efe65e9d8ba6 ] Request (AZAdminV2TestJSON:setUpClass): 200 GET http://10.180.1.21/identity/v3/roles 0.748s
2024-10-31 10:22:25.504 63479 INFO tempest.lib.common.rest_client [req-b234bd5f-4fd4-4239-8fe5-807d9a713bc8 req-b234bd5f-4fd4-4239-8fe5-807d9a713bc8 ] Request (SecurityGroupsNegativeTestJSON:test_security_group_get_nonexistent_group): 404 GET http://10.180.1.21/compute/v2.1/os-security-groups/df39e386-7f48-4c9c-9d93-4cacc8eb8528 0.132s
2024-10-31 10:22:25.516 63499 INFO tempest.lib.common.rest_client [req-237b5c2f-34d5-4343-bd83-3ce6e3a7823a req-237b5c2f-34d5-4343-bd83-3ce6e3a7823a ] Request (HypervisorAdminV228Test:setUpClass): 201 POST http://10.180.1.21/identity/v3/projects 0.778s
2024-10-31 10:22:25.520 63443 INFO tempest.lib.common.rest_client [req-0bb4fe89-50f0-4611-82c7-11b3f29ecaa5 req-0bb4fe89-50f0-4611-82c7-11b3f29ecaa5 ] Request (HostsAdminTestJSON:test_show_host_detail): 200 GET http://10.180.1.21/compute/v2.1/os-hosts 0.047s
2024-10-31 10:22:25.531 63467 INFO tempest.lib.common.rest_client [req-6d17dd41-47b0-48ea-ac19-d848e114130f req-6d17dd41-47b0-48ea-ac19-d848e114130f ] Request (FlavorsAdminTestJSON:_run_cleanups): 202 DELETE http://10.180.1.21/compute/v2.1/flavors/1348336816 0.035s
2024-10-31 10:22:25.550 63445 INFO tempest.lib.common.rest_client [req-170879e4-83e1-4e11-8892-eea64ca7c4a4 req-170879e4-83e1-4e11-8892-eea64ca7c4a4 ] Request (KeyPairsV210TestJSON:test_admin_manage_keypairs_for_other_users): 201 POST http://10.180.1.21/compute/v2.1/os-keypairs 0.047s
2024-10-31 10:22:25.564 63473 INFO tempest.lib.common.rest_client [req-af9c28eb-a1f5-4715-8332-2d9bebcc9ed2 req-af9c28eb-a1f5-4715-8332-2d9bebcc9ed2 ] Request (ServicesAdminNegativeTestJSON:setUpClass): 201 POST http://10.180.1.21/identity/v3/users 0.754s
2024-10-31 10:22:25.570 63479 INFO tempest.lib.common.rest_client [req-d12dd53f-0bf2-481d-b271-966973f55f43 req-d12dd53f-0bf2-481d-b271-966973f55f43 ] Request (SecurityGroupsNegativeTestJSON:test_update_non_existent_security_group): 404 PUT http://10.180.1.21/compute/v2.1/os-security-groups/acabff26-0319-4387-bf90-d4713e24b32a 0.064s
2024-10-31 10:22:25.587 63483 INFO tempest.lib.common.rest_client [req-048b025f-6426-4b3b-b367-dc3d17042c12 req-048b025f-6426-4b3b-b367-dc3d17042c12 ] Request (ServicesAdminTestJSON:setUpClass): 201 POST http://10.180.1.21/identity/v3/projects 0.736s
2024-10-31 10:22:25.597 63467 INFO tempest.lib.common.rest_client [req-77ad9df5-4ab7-40f8-8744-7ffbde8286f5 req-77ad9df5-4ab7-40f8-8744-7ffbde8286f5 ] Request (FlavorsAdminTestJSON:_run_cleanups): 200 GET http://10.180.1.21/compute/v2.1/flavors/detail 0.065s
2024-10-31 10:22:25.601 63441 INFO tempest.lib.common.rest_client [req-93995b82-29d0-4d9b-8a57-28440249620f req-93995b82-29d0-4d9b-8a57-28440249620f ] Request (QuotasAdminTestJSON:setUpClass): 201 POST http://10.180.1.21/identity/v3/users 0.738s
2024-10-31 10:22:25.607 63443 INFO tempest.lib.common.rest_client [req-0b3d3bae-9694-4969-a54b-2cf023d89db2 req-0b3d3bae-9694-4969-a54b-2cf023d89db2 ] Request (HostsAdminTestJSON:test_show_host_detail): 200 GET http://10.180.1.21/compute/v2.1/os-hosts/cpu-1 0.085s
2024-10-31 10:22:25.617 63445 INFO tempest.lib.common.rest_client [req-919c1f89-efab-42a7-a4ba-d82bf01986fc req-919c1f89-efab-42a7-a4ba-d82bf01986fc ] Request (KeyPairsV210TestJSON:test_admin_manage_keypairs_for_other_users): 200 GET http://10.180.1.21/compute/v2.1/os-keypairs?user_id=d1967ecd1b644dd18ae26402539a1db7 0.065s
2024-10-31 10:22:25.624 63493 INFO tempest.lib.common.rest_client [req-d55c2481-9a0a-4e23-bc39-7a4a2d2ce24f req-d55c2481-9a0a-4e23-bc39-7a4a2d2ce24f ] Request (ImagesOneServerTestJSON:setUpClass): 201 POST http://10.180.1.21:9696/networking/v2.0/networks 1.231s
2024-10-31 10:22:25.634 63467 INFO tempest.lib.common.rest_client [req-598b0eb1-a399-497d-8b53-a8b5a01928d0 req-598b0eb1-a399-497d-8b53-a8b5a01928d0 ] Request (FlavorsAdminTestJSON:test_create_flavor_with_int_id): 200 POST http://10.180.1.21/compute/v2.1/flavors 0.023s
2024-10-31 10:22:25.644 63495 INFO tempest.lib.common.rest_client [req-7ab864d5-4159-4e45-9dff-294e37bbe902 req-7ab864d5-4159-4e45-9dff-294e37bbe902 ] Request (FlavorMetadataValidation:setUpClass): 201 POST http://10.180.1.21/identity/v3/projects 0.737s
2024-10-31 10:22:25.646 63463 INFO tempest.lib.common.rest_client [req-dcab436c-a33e-4c41-8400-21ef3973faa3 req-dcab436c-a33e-4c41-8400-21ef3973faa3 ] Request (HostsAdminNegativeTestJSON:setUpClass): 201 POST http://10.180.1.21/identity/v3/users 0.734s
2024-10-31 10:22:25.648 63445 INFO tempest.lib.common.rest_client [req-c530aa6b-869b-4d33-9a1c-b3fa148d677e req-c530aa6b-869b-4d33-9a1c-b3fa148d677e ] Request (KeyPairsV210TestJSON:_run_cleanups): 204 DELETE http://10.180.1.21/compute/v2.1/os-keypairs/tempest-KeyPairsV210TestJSON-keypair-1963146990 0.029s
2024-10-31 10:22:25.655 63467 INFO tempest.lib.common.rest_client [req-4faa2f92-fdcb-4e69-820f-7e2215a36aff req-4faa2f92-fdcb-4e69-820f-7e2215a36aff ] Request (FlavorsAdminTestJSON:_run_cleanups): 202 DELETE http://10.180.1.21/compute/v2.1/flavors/469242971 0.018s
2024-10-31 10:22:25.671 63445 INFO tempest.lib.common.rest_client [req-c7ff037c-cd15-44ec-b2e9-9911ca4d0ac7 req-c7ff037c-cd15-44ec-b2e9-9911ca4d0ac7 ] Request (KeyPairsV210TestJSON:_run_cleanups): 204 DELETE http://10.180.1.21/compute/v2.1/os-keypairs/tempest-keypair-320036487?user_id=d1967ecd1b644dd18ae26402539a1db7 0.021s
2024-10-31 10:22:25.672 63467 INFO tempest.lib.common.rest_client [req-9a0842f1-4512-4c7d-afbb-acd49896fb2b req-9a0842f1-4512-4c7d-afbb-acd49896fb2b ] Request (FlavorsAdminTestJSON:_run_cleanups): 200 GET http://10.180.1.21/compute/v2.1/flavors/detail 0.017s
2024-10-31 10:22:25.693 63451 INFO tempest.lib.common.rest_client [req-1b7f25d3-bb39-4f09-8642-7d02be52c6d0 req-1b7f25d3-bb39-4f09-8642-7d02be52c6d0 ] Request (FlavorsExtraSpecsNegativeTestJSON:setUpClass): 201 POST http://10.180.1.21/identity/v3/users 0.732s
2024-10-31 10:22:25.700 63445 INFO tempest.lib.common.rest_client [req-834ed3dd-0e57-406f-b935-80808e6f02c5 req-834ed3dd-0e57-406f-b935-80808e6f02c5 ] Request (KeyPairsV210TestJSON:_run_cleanups): 204 DELETE http://10.180.1.21/compute/v2.1/os-keypairs/tempest-keypair-1854463388?user_id=d1967ecd1b644dd18ae26402539a1db7 0.028s
2024-10-31 10:22:25.701 63467 INFO tempest.lib.common.rest_client [req-c12f582b-8c5b-4699-902b-6d7d80c7a399 req-c12f582b-8c5b-4699-902b-6d7d80c7a399 ] Request (FlavorsAdminTestJSON:test_create_flavor_with_none_id): 200 POST http://10.180.1.21/compute/v2.1/flavors 0.019s
