2024-10-31 10:23:29.963 63447 INFO tempest.lib.common.rest_client [req-5db87ab0-aac4-4048-9641-b543b1ebdfe0 req-5db87ab0-aac4-4048-9641-b543b1ebdfe0 ] Request (ServersTestMultiNic:test_verify_duplicate_network_nics): 200 GET http://10.180.1.21/compute/v2.1/servers/c538fef4-2245-4bd3-af03-f0105fceb1e3 1.047s
2024-10-31 10:23:29.969 63441 INFO tempest.lib.common.rest_client [req-508e7e05-dbc5-4b00-8f6d-acd40b7bca85 req-508e7e05-dbc5-4b00-8f6d-acd40b7bca85 ] Request (KeyPairsV22TestJSON:_run_cleanups): 204 DELETE http://10.180.1.21/compute/v2.1/os-keypairs/tempest-KeyPairsV22TestJSON-keypair-1910479893 0.970s
2024-10-31 10:23:30.018 63455 INFO tempest.lib.common.rest_client [req-3c3fed88-b323-4350-972d-bbf74de44c12 req-3c3fed88-b323-4350-972d-bbf74de44c12 ] Request (QuotasAdminNegativeTest:setUpClass): 201 POST http://10.180.1.21/identity/v3/users 0.071s
2024-10-31 10:23:30.041 63455 INFO tempest.lib.common.rest_client [req-aec793ec-8e85-455b-8a58-806574dc5278 req-aec793ec-8e85-455b-8a58-806574dc5278 ] Request (QuotasAdminNegativeTest:setUpClass): 200 GET http://10.180.1.21/identity/v3/roles 0.022s
2024-10-31 10:23:30.061 63473 INFO tempest.lib.common.rest_client [req-bd4c991f-34d3-4c5d-b08a-38fcd635c388 req-bd4c991f-34d3-4c5d-b08a-38fcd635c388 ] Request (MultipleCreateTestJSON:test_multiple_create): 200 GET http://10.180.1.21/compute/v2.1/servers/4f0aba5d-1722-4ddb-8331-a10c25e29b6f 0.693s
2024-10-31 10:23:30.081 63455 INFO tempest.lib.common.rest_client [req-72f4f340-1f30-4100-8ede-1f9108bc7b5f req-72f4f340-1f30-4100-8ede-1f9108bc7b5f ] Request (QuotasAdminNegativeTest:setUpClass): 204 PUT http://10.180.1.21/identity/v3/projects/2f51dec38da64f97950dbca8aa0f1c78/users/0fb9d90f1c02421e8bad64467aab0860/roles/7291222707e6445bafe1386f558e751e 0.040s
2024-10-31 10:23:30.136 63455 INFO tempest.lib.common.rest_client [req-2d5acd42-98e3-44ad-abce-9bb20e94877b req-2d5acd42-98e3-44ad-abce-9bb20e94877b ] Request (QuotasAdminNegativeTest:setUpClass): 200 GET http://10.180.1.21/identity/v3/roles 0.054s
2024-10-31 10:23:30.140 63479 INFO tempest.lib.common.rest_client [req-38c619a0-4d96-48ec-8c45-d9c7e8de7979 req-38c619a0-4d96-48ec-8c45-d9c7e8de7979 ] Request (VolumesTestJSON:setUpClass): 202 POST http://10.180.1.21/volume/v3/volumes 0.330s
2024-10-31 10:23:30.141 63459 INFO tempest.lib.common.rest_client [req-963dd911-074c-4c70-8bfa-be25840da6e3 req-963dd911-074c-4c70-8bfa-be25840da6e3 ] Request (ServersTestJSON:test_create_server_specify_multibyte_character_name): 200 GET http://10.180.1.21/compute/v2.1/servers/29c289ea-703c-4083-b0c4-bbc8b4a92142 0.651s
2024-10-31 10:23:30.164 63455 INFO tempest.lib.common.rest_client [req-fef40513-793d-472f-8522-c963a7751db8 req-fef40513-793d-472f-8522-c963a7751db8 ] Request (QuotasAdminNegativeTest:setUpClass): 204 PUT http://10.180.1.21/identity/v3/projects/2f51dec38da64f97950dbca8aa0f1c78/users/0fb9d90f1c02421e8bad64467aab0860/roles/7291222707e6445bafe1386f558e751e 0.027s
2024-10-31 10:23:30.164 63455 INFO tempest.lib.common.dynamic_creds [-] Dynamic test user 0fb9d90f1c02421e8bad64467aab0860 is created with scope project and roles: ['admin']
2024-10-31 10:23:30.164 63455 INFO tempest.lib.common.dynamic_creds [-] Acquired dynamic creds: credentials: Credentials: {'domain_id': 'default', 'domain_name': 'Default', 'username': 'tempest-QuotasAdminNegativeTest-654336747-project-admin', 'project_domain_id': 'default', 'project_domain_name': 'Default', 'project_id': '2f51dec38da64f97950dbca8aa0f1c78', 'project_name': 'tempest-QuotasAdminNegativeTest-654336747', 'tenant_id': '2f51dec38da64f97950dbca8aa0f1c78', 'tenant_name': 'tempest-QuotasAdminNegativeTest-654336747', 'user_domain_id': 'default', 'user_domain_name': 'Default', 'user_id': '0fb9d90f1c02421e8bad64467aab0860', 'system': None}, Network: None, Subnet: None, Router: None
2024-10-31 10:23:30.164 63455 INFO tempest.lib.common.dynamic_creds [-] Created isolated network resources for: credentials: Credentials: {'domain_id': 'default', 'domain_name': 'Default', 'username': 'tempest-QuotasAdminNegativeTest-654336747-project-admin', 'project_domain_id': 'default', 'project_domain_name': 'Default', 'project_id': '2f51dec38da64f97950dbca8aa0f1c78', 'project_name': 'tempest-QuotasAdminNegativeTest-654336747', 'tenant_id': '2f51dec38da64f97950dbca8aa0f1c78', 'tenant_name': 'tempest-QuotasAdminNegativeTest-654336747', 'user_domain_id': 'default', 'user_domain_name': 'Default', 'user_id': '0fb9d90f1c02421e8bad64467aab0860', 'system': None}, Network: None, Subnet: None, Router: None
2024-10-31 10:23:30.180 63479 INFO tempest.lib.common.rest_client [req-75c3b2ed-d52e-43c6-86b3-97c2710657b8 req-75c3b2ed-d52e-43c6-86b3-97c2710657b8 ] Request (VolumesTestJSON:setUpClass): 200 GET http://10.180.1.21/volume/v3/volumes/7027769c-aec5-4d34-8d08-26dc4d799d0e 0.032s
2024-10-31 10:23:30.186 63471 INFO tempest.lib.common.rest_client [req-46d30205-ac0e-4213-9108-830cc0646c33 req-46d30205-ac0e-4213-9108-830cc0646c33 ] Request (ServersTestBootFromVolume:setUpClass): 200 GET http://10.180.1.21/volume/v3/volumes/9f89c70b-57ad-42ed-8883-bef33fe09c62 0.058s
2024-10-31 10:23:30.230 63499 INFO tempest.lib.common.rest_client [req-877bd520-2531-461e-b210-4c2ac58fa1cf req-877bd520-2531-461e-b210-4c2ac58fa1cf ] Request (ImagesNegativeTestJSON:test_create_image_from_deleted_server): 204 DELETE http://10.180.1.21/compute/v2.1/servers/90999eb1-8829-4f99-b3b9-8c70ee636cc5 0.746s
2024-10-31 10:23:30.244 63449 INFO tempest.lib.common.rest_client [req-1cdd0f70-65e5-47a2-9c4d-7deba4695b2f req-1cdd0f70-65e5-47a2-9c4d-7deba4695b2f ] Request (ServersWithSpecificFlavorTestJSON:test_verify_created_server_ephemeral_disk): 200 GET http://10.180.1.21/compute/v2.1/servers/ef69de02-6e43-4489-a35a-8a9096e54fbd 0.653s
2024-10-31 10:23:30.262 63477 INFO tempest.lib.common.rest_client [req-d3a0e9ef-7c94-456a-9ebe-1d8bfa71470d req-d3a0e9ef-7c94-456a-9ebe-1d8bfa71470d ] Request (ServerRescueNegativeTestJSON:setUpClass): 200 PUT http://10.180.1.21:9696/networking/v2.0/routers/a9bb1cfd-2c00-48aa-af32-59c79edad209/add_router_interface 1.126s
2024-10-31 10:23:30.263 63477 INFO tempest.lib.common.dynamic_creds [-] Created isolated network resources for: credentials: Credentials: {'domain_id': 'default', 'domain_name': 'Default', 'username': 'tempest-ServerRescueNegativeTestJSON-1923478396-project-member', 'project_domain_id': 'default', 'project_domain_name': 'Default', 'project_id': 'a8318d94cc5048de936eb06da4642545', 'project_name': 'tempest-ServerRescueNegativeTestJSON-1923478396', 'tenant_id': 'a8318d94cc5048de936eb06da4642545', 'tenant_name': 'tempest-ServerRescueNegativeTestJSON-1923478396', 'user_domain_id': 'default', 'user_domain_name': 'Default', 'user_id': '24878273948f4c2584621b6eb3f79f5a', 'system': None}, Network: {'id': '71c0ddd5-ce0e-4a5a-a210-deb35c6529d6', 'name': 'tempest-ServerRescueNegativeTestJSON-1380246030-network', 'tenant_id': 'a8318d94cc5048de936eb06da4642545', 'admin_state_up': True, 'mtu': 8950, 'status': 'ACTIVE', 'subnets': [], 'shared': False, 'project_id': 'a8318d94cc5048de936eb06da4642545', 'port_security_enabled': True, 'router:external': False, 'provider:network_type': 'vlan', 'provider:physical_network': 'default', 'provider:segmentation_id': 812, 'availability_zone_hints': [], 'availability_zones': [], 'ipv4_address_scope': None, 'ipv6_address_scope': None, 'description': '', 'tags': [], 'created_at': '2024-10-31T10:23:26Z', 'updated_at': '2024-10-31T10:23:26Z', 'revision_number': 1}, Subnet: {'id': '4f465744-0729-440b-9981-2c1944665b7e', 'name': 'tempest-ServerRescueNegativeTestJSON-1380246030-subnet', 'tenant_id': 'a8318d94cc5048de936eb06da4642545', 'network_id': '71c0ddd5-ce0e-4a5a-a210-deb35c6529d6', 'ip_version': 4, 'subnetpool_id': None, 'enable_dhcp': True, 'ipv6_ra_mode': None, 'ipv6_address_mode': None, 'gateway_ip': '192.168.128.1', 'cidr': '192.168.128.0/28', 'allocation_pools': [{'start': '192.168.128.2', 'end': '192.168.128.14'}], 'host_routes': [], 'dns_nameservers': [], 'description': '', 'router:external': False, 'service_types': [], 'tags': [], 'created_at': '2024-10-31T10:23:27Z', 'updated_at': '2024-10-31T10:23:27Z', 'revision_number': 0, 'project_id': 'a8318d94cc5048de936eb06da4642545'}, Router: {'id': 'a9bb1cfd-2c00-48aa-af32-59c79edad209', 'name': 'tempest-ServerRescueNegativeTestJSON-1380246030-router', 'tenant_id': 'a8318d94cc5048de936eb06da4642545', 'admin_state_up': True, 'status': 'ACTIVE', 'external_gateway_info': {'network_id': 'f6e8075a-f8bf-4972-bf1f-9e8082a01b79', 'external_fixed_ips': [{'subnet_id': '8466ba3f-cf7f-4057-89da-cd9cf32e5644', 'ip_address': '10.180.180.221'}], 'enable_snat': True}, 'description': '', 'availability_zones': [], 'distributed': False, 'ha': False, 'availability_zone_hints': [], 'routes': [], 'flavor_id': None, 'tags': [], 'created_at': '2024-10-31T10:23:27Z', 'updated_at': '2024-10-31T10:23:28Z', 'revision_number': 2, 'project_id': 'a8318d94cc5048de936eb06da4642545'}
2024-10-31 10:23:30.287 63455 INFO tempest.lib.common.rest_client [req-72919bf0-30c0-4726-b141-14babe454167 req-72919bf0-30c0-4726-b141-14babe454167 ] Request (QuotasAdminNegativeTest:setUpClass): 201 POST http://10.180.1.21/identity/v3/auth/tokens 0.118s
2024-10-31 10:23:30.288 63455 WARNING tempest.lib.common.rest_client [-] Deprecated: "tenant_id" property is deprecated for removal, use "project_id" instead
2024-10-31 10:23:30.304 63495 INFO tempest.lib.common.rest_client [req-e592b1c6-3537-4215-8b33-48292ff8a37a req-e592b1c6-3537-4215-8b33-48292ff8a37a ] Request (ImagesTestJSON:test_create_image_from_stopped_server): 200 GET http://10.180.1.21/compute/v2.1/servers/13e91ad9-7fe6-4bbe-8a67-d63a48bfac20 0.457s
2024-10-31 10:23:30.324 63463 INFO tempest.lib.common.rest_client [req-34c927b5-e0cf-477b-abb8-51bacaf53e0f req-34c927b5-e0cf-477b-abb8-51bacaf53e0f ] Request (ImagesMetadataNegativeTestJSON:test_list_nonexistent_image_metadata): 404 GET http://10.180.1.21/compute/v2.1/images/af23aaf1-0597-4a07-a9e6-85c357d6eadd/metadata 0.454s
2024-10-31 10:23:30.351 63477 INFO tempest.lib.common.rest_client [req-22a83136-7e3b-42e7-a0ba-8bd78cf1225d req-22a83136-7e3b-42e7-a0ba-8bd78cf1225d ] Request (ServerRescueNegativeTestJSON:setUpClass): 201 POST http://10.180.1.21/identity/v3/auth/tokens 0.084s
2024-10-31 10:23:30.365 63457 INFO tempest.lib.common.rest_client [req-8422b06c-0ddd-4ba8-ab8b-ea57edf5b94d req-8422b06c-0ddd-4ba8-ab8b-ea57edf5b94d ] Request (AbsoluteLimitsTestJSON:test_absLimits_get): 200 GET http://10.180.1.21/compute/v2.1/limits 0.715s
2024-10-31 10:23:30.383 63441 INFO tempest.lib.common.rest_client [req-5ca54a31-951c-484f-a2d7-8c8d901443c7 req-5ca54a31-951c-484f-a2d7-8c8d901443c7 ] Request (KeyPairsV22TestJSON:_run_cleanups): 204 DELETE http://10.180.1.21/compute/v2.1/os-keypairs/tempest-KeyPairsV22TestJSON-keypair-1409963884 0.413s
2024-10-31 10:23:30.396 63443 INFO tempest.lib.common.rest_client [req-edc007be-c510-4076-b89a-f90a2da71d8d req-edc007be-c510-4076-b89a-f90a2da71d8d ] Request (SecurityGroupsTestJSON:test_list_security_groups_by_server): 200 GET http://10.180.1.21/compute/v2.1/servers/bc8fc812-1e66-4e14-a39c-1c226e7fe2b9 0.468s
2024-10-31 10:23:30.400 63477 INFO tempest.lib.common.rest_client [req-203ff75c-9596-4d00-9929-b4ebb61f2077 req-203ff75c-9596-4d00-9929-b4ebb61f2077 ] Request (ServerRescueNegativeTestJSON:setUpClass): 201 POST http://10.180.1.21/identity/v3/auth/tokens 0.042s
2024-10-31 10:23:30.402 63477 INFO tempest.lib.common.fixed_network [-] (ServerRescueNegativeTestJSON:setUpClass) Found network {'id': '71c0ddd5-ce0e-4a5a-a210-deb35c6529d6', 'name': 'tempest-ServerRescueNegativeTestJSON-1380246030-network', 'tenant_id': 'a8318d94cc5048de936eb06da4642545', 'admin_state_up': True, 'mtu': 8950, 'status': 'ACTIVE', 'subnets': [], 'shared': False, 'project_id': 'a8318d94cc5048de936eb06da4642545', 'port_security_enabled': True, 'router:external': False, 'provider:network_type': 'vlan', 'provider:physical_network': 'default', 'provider:segmentation_id': 812, 'availability_zone_hints': [], 'availability_zones': [], 'ipv4_address_scope': None, 'ipv6_address_scope': None, 'description': '', 'tags': [], 'created_at': '2024-10-31T10:23:26Z', 'updated_at': '2024-10-31T10:23:26Z', 'revision_number': 1} available for tenant
2024-10-31 10:23:30.460 63483 INFO tempest.lib.common.rest_client [req-f869887a-f465-4a2f-b16d-c14215ffdf3e req-f869887a-f465-4a2f-b16d-c14215ffdf3e ] Request (ServerShowV254Test:test_rebuild_server): 200 GET http://10.180.1.21/compute/v2.1/servers/e9b604fb-1d88-425c-92b7-008ddaec7c1a 0.352s
2024-10-31 10:23:30.461 63493 INFO tempest.lib.common.rest_client [req-cc48db64-61f0-45d1-89df-937967fa3daf req-cc48db64-61f0-45d1-89df-937967fa3daf ] Request (ServerActionsTestJSON:setUpClass): 200 GET http://10.180.1.21/compute/v2.1/servers/ba17f6c3-8a5e-4be8-b6cb-ad0234cdbe93 0.473s
2024-10-31 10:23:30.483 63499 INFO tempest.lib.common.rest_client [req-193fbce3-ece2-45ec-9aec-48f0435383e6 req-193fbce3-ece2-45ec-9aec-48f0435383e6 ] Request (ImagesNegativeTestJSON:test_create_image_from_deleted_server): 404 GET http://10.180.1.21/compute/v2.1/servers/90999eb1-8829-4f99-b3b9-8c70ee636cc5 0.253s
2024-10-31 10:23:30.508 63457 INFO tempest.lib.common.rest_client [req-a1e26ee9-1622-4ffd-9c7d-47457356c4ba req-a1e26ee9-1622-4ffd-9c7d-47457356c4ba ] Request (AbsoluteLimitsTestJSON:tearDownClass): 204 DELETE http://10.180.1.21/identity/v3/users/ecb5684d139343f5a35f98f601aafad2 0.139s
2024-10-31 10:23:30.508 63457 INFO tempest.lib.common.dynamic_creds [-] Deleting project and security group for project: 17f4a7d9c6504f269d927dab0485525e
2024-10-31 10:23:30.526 63451 INFO tempest.lib.common.rest_client [req-d4990a37-4753-4d8c-a68b-d290c01d1a47 req-d4990a37-4753-4d8c-a68b-d290c01d1a47 ] Request (VolumesAdminNegativeTest:setUpClass): 201 POST http://10.180.1.21:9696/networking/v2.0/routers 1.538s
2024-10-31 10:23:30.531 63487 INFO tempest.lib.common.rest_client [req-e3ea99b4-d631-4503-91df-42f1089e60d0 req-e3ea99b4-d631-4503-91df-42f1089e60d0 ] Request (AttachInterfacesTestJSON:test_create_list_show_delete_interfaces_by_network_port): 200 GET http://10.180.1.21/compute/v2.1/servers/ef7a2a36-4e85-40b3-bb6d-9bc5ee563c88 0.312s
2024-10-31 10:23:30.566 63457 INFO tempest.lib.common.rest_client [req-b8b3e58d-0b80-45cf-b8de-8fb7fa3926aa req-b8b3e58d-0b80-45cf-b8de-8fb7fa3926aa ] Request (AbsoluteLimitsTestJSON:tearDownClass): 201 POST http://10.180.1.21/identity/v3/auth/tokens 0.058s
2024-10-31 10:23:30.586 63489 INFO tempest.lib.common.rest_client [req-985a1bb4-c22a-4892-81a6-0ba160aceb2f req-985a1bb4-c22a-4892-81a6-0ba160aceb2f ] Request (ServerActionsTestOtherB:setUpClass): 200 GET http://10.180.1.21/compute/v2.1/servers/4c84555a-83ac-4896-b40c-cbd7e14eebed 0.289s
2024-10-31 10:23:30.606 63463 INFO tempest.lib.common.rest_client [req-f6083e27-9799-4ce6-b3b2-3cd99f7203d2 req-f6083e27-9799-4ce6-b3b2-3cd99f7203d2 ] Request (ImagesMetadataNegativeTestJSON:test_set_nonexistent_image_metadata): 404 PUT http://10.180.1.21/compute/v2.1/images/53357f7a-a081-4f6f-9e14-424b6084867e/metadata 0.279s
2024-10-31 10:23:30.697 63455 INFO tempest.lib.common.rest_client [req-25b11000-0165-47f5-bf88-f147446dad44 req-25b11000-0165-47f5-bf88-f147446dad44 ] Request (QuotasAdminNegativeTest:test_create_server_when_cpu_quota_is_full): 200 GET http://10.180.1.21/compute/v2.1/os-quota-sets/3cd083bfe1034ae9b05498e5767b7684 0.408s
2024-10-31 10:23:30.747 63457 INFO tempest.lib.common.rest_client [req-6348c161-c4d0-4327-82e8-577cc9a4191a req-6348c161-c4d0-4327-82e8-577cc9a4191a ] Request (AbsoluteLimitsTestJSON:tearDownClass): 200 GET http://10.180.1.21:9696/networking/v2.0/security-groups?tenant_id=17f4a7d9c6504f269d927dab0485525e&name=default 0.181s
2024-10-31 10:23:30.792 63501 INFO tempest.lib.common.rest_client [req-a5f4469c-9734-4b17-b4c2-5610cae99e99 req-a5f4469c-9734-4b17-b4c2-5610cae99e99 ] Request (AttachInterfacesUnderV243Test:test_add_remove_fixed_ip): 200 GET http://10.180.1.21/compute/v2.1/servers/1afb7b0e-7c9a-4594-8214-37fbecc1b7c5 0.463s
2024-10-31 10:23:30.793 63481 INFO tempest.lib.common.rest_client [req-53ae2866-f41d-43c1-94e2-33a217fd6033 req-53ae2866-f41d-43c1-94e2-33a217fd6033 ] Request (FloatingIPsAssociationNegativeTestJSON:setUpClass): 200 GET http://10.180.1.21/compute/v2.1/servers/1c4fe9af-7a19-4aaf-8758-8d945b2ee57e 0.421s
2024-10-31 10:23:30.831 63441 INFO tempest.lib.common.rest_client [req-351afec2-e4e1-44b1-8d8d-7354f248a3ca req-351afec2-e4e1-44b1-8d8d-7354f248a3ca ] Request (KeyPairsV22TestJSON:_run_cleanups): 204 DELETE http://10.180.1.21/compute/v2.1/os-keypairs/tempest-KeyPairsV22TestJSON-keypair-1073479916 0.448s
2024-10-31 10:23:30.853 63457 INFO tempest.lib.common.rest_client [req-9770da1d-e5de-4f2d-a742-9c037b763594 req-9770da1d-e5de-4f2d-a742-9c037b763594 ] Request (AbsoluteLimitsTestJSON:tearDownClass): 204 DELETE http://10.180.1.21:9696/networking/v2.0/security-groups/25703c79-adb2-46fc-a413-aa942d0be9d1 0.105s
2024-10-31 10:23:30.903 63469 INFO tempest.lib.common.rest_client [req-1bcd96b7-2dd5-40e7-911e-ca5808186b9e req-1bcd96b7-2dd5-40e7-911e-ca5808186b9e ] Request (ServerDiagnosticsTest:test_get_server_diagnostics): 200 GET http://10.180.1.21/compute/v2.1/servers/864e1f52-f77e-4596-a5b5-dff3679f911f 0.420s
2024-10-31 10:23:30.909 63499 INFO tempest.lib.common.rest_client [req-47184a0a-4737-4c0d-ade6-b7cada2af345 req-47184a0a-4737-4c0d-ade6-b7cada2af345 ] Request (ImagesNegativeTestJSON:test_create_image_from_invalid_server): 404 POST http://10.180.1.21/compute/v2.1/servers/tempest-invalid-914730355/action 0.422s
2024-10-31 10:23:30.934 63457 INFO tempest.lib.common.rest_client [req-348033d1-cdf2-44c6-8d3f-fa545982ada5 req-348033d1-cdf2-44c6-8d3f-fa545982ada5 ] Request (AbsoluteLimitsTestJSON:tearDownClass): 204 DELETE http://10.180.1.21/identity/v3/projects/17f4a7d9c6504f269d927dab0485525e 0.081s
2024-10-31 10:23:30.983 63461 INFO tempest.lib.common.rest_client [req-365e52b6-71cc-4406-a215-e3bfb446ec37 req-365e52b6-71cc-4406-a215-e3bfb446ec37 ] Request (VolumesAssistedSnapshotsTest:test_volume_assisted_snapshot_create_delete): 200 GET http://10.180.1.21/compute/v2.1/servers/2f757f9b-537e-4bd8-b08d-1da991903552 0.405s
2024-10-31 10:23:31.003 63457 INFO tempest.lib.common.rest_client [req-8ecc999d-d7a0-47be-bb32-34e4bb3879ce req-8ecc999d-d7a0-47be-bb32-34e4bb3879ce ] Request (MultipleCreateNegativeTestJSON:setUpClass): 201 POST http://10.180.1.21/identity/v3/auth/tokens 0.066s
2024-10-31 10:23:31.039 63457 INFO tempest.lib.common.rest_client [req-86687f87-0dc2-42f5-993b-a6a69b4c24ed req-86687f87-0dc2-42f5-993b-a6a69b4c24ed ] Request (MultipleCreateNegativeTestJSON:setUpClass): 201 POST http://10.180.1.21/identity/v3/auth/tokens 0.033s
2024-10-31 10:23:31.049 63475 INFO tempest.lib.common.rest_client [req-ed883db2-d3af-4f47-b705-820dc3cd16c0 req-ed883db2-d3af-4f47-b705-820dc3cd16c0 ] Request (ServerDiskConfigTestJSON:test_rebuild_server_with_auto_disk_config): 200 GET http://10.180.1.21/compute/v2.1/servers/45fce1e9-b1bb-48aa-9752-cbd011136abd 0.464s
2024-10-31 10:23:31.070 63457 INFO tempest.lib.common.rest_client [req-13030d4f-fbd4-46ae-a045-3cdce321a3bb req-13030d4f-fbd4-46ae-a045-3cdce321a3bb ] Request (MultipleCreateNegativeTestJSON:setUpClass): 200 GET http://10.180.1.21/identity/v3/domains?name=Default 0.030s
2024-10-31 10:23:31.086 63463 INFO tempest.lib.common.rest_client [req-e5521524-22b8-4078-8508-683c4322284c req-e5521524-22b8-4078-8508-683c4322284c ] Request (ImagesMetadataNegativeTestJSON:test_set_nonexistent_image_metadata_item): 404 PUT http://10.180.1.21/compute/v2.1/images/e888af01-df02-4a93-a217-373c7cd27428/metadata/os_distro 0.479s
2024-10-31 10:23:31.111 63457 INFO tempest.lib.common.rest_client [req-64faecfe-b9fd-42d9-ac86-2acd3728cc68 req-64faecfe-b9fd-42d9-ac86-2acd3728cc68 ] Request (MultipleCreateNegativeTestJSON:setUpClass): 201 POST http://10.180.1.21/identity/v3/projects 0.040s
2024-10-31 10:23:31.166 63465 INFO tempest.lib.common.rest_client [req-ef69d67b-0332-47a5-8be6-9eb926a03dd7 req-ef69d67b-0332-47a5-8be6-9eb926a03dd7 ] Request (MigrationsAdminTest:test_resize_server_revert_deleted_flavor): 200 GET http://10.180.1.21/compute/v2.1/servers/88f60509-35cc-4d70-a97c-76dd2761c89b 0.519s
2024-10-31 10:23:31.192 63457 INFO tempest.lib.common.rest_client [req-22251449-cc9d-4869-9f72-3edf356ea6f7 req-22251449-cc9d-4869-9f72-3edf356ea6f7 ] Request (MultipleCreateNegativeTestJSON:setUpClass): 201 POST http://10.180.1.21/identity/v3/users 0.081s
2024-10-31 10:23:31.230 63479 INFO tempest.lib.common.rest_client [req-820f5e5e-8315-4b5b-a5c8-97cdfbfd64da req-820f5e5e-8315-4b5b-a5c8-97cdfbfd64da ] Request (VolumesTestJSON:setUpClass): 200 GET http://10.180.1.21/volume/v3/volumes/7027769c-aec5-4d34-8d08-26dc4d799d0e 0.043s
2024-10-31 10:23:31.235 63457 INFO tempest.lib.common.rest_client [req-9502ddc5-e40e-4db0-964f-17efbde37019 req-9502ddc5-e40e-4db0-964f-17efbde37019 ] Request (MultipleCreateNegativeTestJSON:setUpClass): 200 GET http://10.180.1.21/identity/v3/roles 0.042s
2024-10-31 10:23:31.237 63471 INFO tempest.lib.common.rest_client [req-292b4b3d-a03f-4c37-8733-c05c056ae380 req-292b4b3d-a03f-4c37-8733-c05c056ae380 ] Request (ServersTestBootFromVolume:setUpClass): 200 GET http://10.180.1.21/volume/v3/volumes/9f89c70b-57ad-42ed-8883-bef33fe09c62 0.042s
2024-10-31 10:23:31.241 63479 INFO tempest.common.waiters [-] volume 7027769c-aec5-4d34-8d08-26dc4d799d0e reached available after waiting for 1.241266 seconds
2024-10-31 10:23:31.248 63445 INFO tempest.lib.common.rest_client [req-10e9104a-b759-4ac2-9c52-63948204c8d2 req-10e9104a-b759-4ac2-9c52-63948204c8d2 ] Request (ServerDiagnosticsV248Test:tearDownClass): 200 GET http://10.180.1.21/compute/v2.1/servers/21d0b283-3bb4-4bda-8e62-c933c6de4927 0.577s
2024-10-31 10:23:31.270 63457 INFO tempest.lib.common.rest_client [req-85c5ff13-5b64-4ff0-b829-e5612c87654e req-85c5ff13-5b64-4ff0-b829-e5612c87654e ] Request (MultipleCreateNegativeTestJSON:setUpClass): 204 PUT http://10.180.1.21/identity/v3/projects/84fa26e3d7da4a458db620eb857b6cc3/users/6996b50cf27f4be0a74a940123e7f1b4/roles/cdf233ae5d4749bc8acaabad9be88047 0.034s
2024-10-31 10:23:31.270 63457 INFO tempest.lib.common.dynamic_creds [-] Dynamic test user 6996b50cf27f4be0a74a940123e7f1b4 is created with scope project and roles: ['member']
2024-10-31 10:23:31.270 63457 INFO tempest.lib.common.dynamic_creds [-] Acquired dynamic creds: credentials: Credentials: {'domain_id': 'default', 'domain_name': 'Default', 'username': 'tempest-MultipleCreateNegativeTestJSON-195549286-project-member', 'project_domain_id': 'default', 'project_domain_name': 'Default', 'project_id': '84fa26e3d7da4a458db620eb857b6cc3', 'project_name': 'tempest-MultipleCreateNegativeTestJSON-195549286', 'tenant_id': '84fa26e3d7da4a458db620eb857b6cc3', 'tenant_name': 'tempest-MultipleCreateNegativeTestJSON-195549286', 'user_domain_id': 'default', 'user_domain_name': 'Default', 'user_id': '6996b50cf27f4be0a74a940123e7f1b4', 'system': None}, Network: None, Subnet: None, Router: None
2024-10-31 10:23:31.270 63457 INFO tempest.lib.common.dynamic_creds [-] Created isolated network resources for: credentials: Credentials: {'domain_id': 'default', 'domain_name': 'Default', 'username': 'tempest-MultipleCreateNegativeTestJSON-195549286-project-member', 'project_domain_id': 'default', 'project_domain_name': 'Default', 'project_id': '84fa26e3d7da4a458db620eb857b6cc3', 'project_name': 'tempest-MultipleCreateNegativeTestJSON-195549286', 'tenant_id': '84fa26e3d7da4a458db620eb857b6cc3', 'tenant_name': 'tempest-MultipleCreateNegativeTestJSON-195549286', 'user_domain_id': 'default', 'user_domain_name': 'Default', 'user_id': '6996b50cf27f4be0a74a940123e7f1b4', 'system': None}, Network: None, Subnet: None, Router: None
2024-10-31 10:23:31.353 63457 INFO tempest.lib.common.rest_client [req-5c3d602d-f06e-4bce-9ed9-2f0acf847f04 req-5c3d602d-f06e-4bce-9ed9-2f0acf847f04 ] Request (MultipleCreateNegativeTestJSON:setUpClass): 201 POST http://10.180.1.21/identity/v3/auth/tokens 0.080s
2024-10-31 10:23:31.393 63457 INFO tempest.lib.common.rest_client [req-154d5899-7d44-43fd-bde9-6a5223898763 req-154d5899-7d44-43fd-bde9-6a5223898763 ] Request (MultipleCreateNegativeTestJSON:test_max_count_less_than_min_count): 201 POST http://10.180.1.21/identity/v3/auth/tokens 0.033s
2024-10-31 10:23:31.394 63457 INFO tempest.lib.common.fixed_network [-] (MultipleCreateNegativeTestJSON:test_max_count_less_than_min_count) Found network None available for tenant
2024-10-31 10:23:31.449 63477 INFO tempest.lib.common.rest_client [req-207b68bf-0a46-4ec0-b23e-42341fae06cc req-207b68bf-0a46-4ec0-b23e-42341fae06cc ] Request (ServerRescueNegativeTestJSON:setUpClass): 202 POST http://10.180.1.21/compute/v2.1/servers 1.047s
2024-10-31 10:23:31.454 63455 INFO tempest.lib.common.rest_client [req-2148a05b-05e1-48d5-b922-018fa0f7de47 req-2148a05b-05e1-48d5-b922-018fa0f7de47 ] Request (QuotasAdminNegativeTest:test_create_server_when_cpu_quota_is_full): 200 PUT http://10.180.1.21/compute/v2.1/os-quota-sets/3cd083bfe1034ae9b05498e5767b7684 0.754s
2024-10-31 10:23:31.539 63467 INFO tempest.lib.common.rest_client [req-a3545bbd-6a87-41b9-bbdd-54c633146fb2 req-a3545bbd-6a87-41b9-bbdd-54c633146fb2 ] Request (ServerShowV247Test:test_update_rebuild_list_server): 200 GET http://10.180.1.21/compute/v2.1/servers/c8d27e19-0f3c-4cc3-826b-e07b3a635e5e 0.774s
2024-10-31 10:23:31.549 63455 INFO tempest.lib.common.rest_client [req-0fc6bc19-f2e5-4087-9c21-c73b9c858bad req-0fc6bc19-f2e5-4087-9c21-c73b9c858bad ] Request (QuotasAdminNegativeTest:test_create_server_when_cpu_quota_is_full): 201 POST http://10.180.1.21/identity/v3/auth/tokens 0.089s
2024-10-31 10:23:31.549 63485 INFO tempest.lib.common.rest_client [req-c0bb18b3-469f-4b83-ae50-d10c6823461f req-c0bb18b3-469f-4b83-ae50-d10c6823461f ] Request (ServersV294TestFqdnHostnames:setUpClass): 200 GET http://10.180.1.21/compute/v2.1/servers/de5f9555-3959-41cd-b63a-db128a001631 0.814s
2024-10-31 10:23:31.549 63455 INFO tempest.lib.common.fixed_network [-] (QuotasAdminNegativeTest:test_create_server_when_cpu_quota_is_full) Found network None available for tenant
2024-10-31 10:23:31.590 63441 INFO tempest.lib.common.rest_client [req-f5a2b8b0-09a5-48be-93e1-3cf27b42f0c6 req-f5a2b8b0-09a5-48be-93e1-3cf27b42f0c6 ] Request (KeyPairsV22TestJSON:test_keypairsv22_create_list_show): 201 POST http://10.180.1.21/compute/v2.1/os-keypairs 0.756s
2024-10-31 10:23:31.598 63498 INFO tempest.lib.common.rest_client [req-429fb6b8-0fd0-48d7-ab2b-5f61550e15b7 req-429fb6b8-0fd0-48d7-ab2b-5f61550e15b7 ] Request (ServersNegativeTestMultiTenantJSON:setUpClass): 200 GET http://10.180.1.21/compute/v2.1/servers/03e9f5cc-344c-45c8-abff-aae8db411832 0.772s
2024-10-31 10:23:31.605 63499 INFO tempest.lib.common.rest_client [req-13859008-98af-42d4-b916-a958942d9e29 req-13859008-98af-42d4-b916-a958942d9e29 ] Request (ImagesNegativeTestJSON:test_create_image_specify_uuid_35_characters_or_less): 404 POST http://10.180.1.21/compute/v2.1/servers/aaaaaaaaaaaaaaaaaaaaaaaaaaaaaaaaaaa/action 0.694s
2024-10-31 10:23:31.660 63439 INFO tempest.lib.common.rest_client [req-18349d9f-e071-441e-a9ac-c5bdd9434854 req-18349d9f-e071-441e-a9ac-c5bdd9434854 ] Request (ServersAdminNegativeTestJSON:setUpClass): 200 GET http://10.180.1.21/compute/v2.1/servers/eff8282a-b3cd-4038-9f48-94cd4c4afc55 0.811s
2024-10-31 10:23:31.680 63453 INFO tempest.lib.common.rest_client [req-b7c98095-0cda-4ea0-a123-43bc68260a7b req-b7c98095-0cda-4ea0-a123-43bc68260a7b ] Request (ServersAdmin275Test:tearDownClass): 200 GET http://10.180.1.21/compute/v2.1/servers/0ded82aa-c68d-4d11-9e4d-90ed9a19b708 0.755s
2024-10-31 10:23:31.731 63491 INFO tempest.lib.common.rest_client [req-ccbf6656-70d1-4138-8f89-b4ea1f228ddb req-ccbf6656-70d1-4138-8f89-b4ea1f228ddb ] Request (ServerRescueTestJSON:setUpClass): 200 GET http://10.180.1.21/compute/v2.1/servers/2f87939c-d615-4d13-8695-971e83ca7843 0.770s
2024-10-31 10:23:31.749 63447 INFO tempest.lib.common.rest_client [req-d4cd8e84-00fc-43ef-94b6-752c2c19bde7 req-d4cd8e84-00fc-43ef-94b6-752c2c19bde7 ] Request (ServersTestMultiNic:test_verify_duplicate_network_nics): 200 GET http://10.180.1.21/compute/v2.1/servers/c538fef4-2245-4bd3-af03-f0105fceb1e3 0.771s
2024-10-31 10:23:31.778 63463 INFO tempest.lib.common.rest_client [req-c64ed444-8c4d-47fb-b0f2-18defcb0fb08 req-c64ed444-8c4d-47fb-b0f2-18defcb0fb08 ] Request (ImagesMetadataNegativeTestJSON:test_update_nonexistent_image_metadata): 404 POST http://10.180.1.21/compute/v2.1/images/8e9d6344-97a1-4722-a166-330fdf35ee23/metadata 0.691s
2024-10-31 10:23:31.799 63473 INFO tempest.lib.common.rest_client [req-b8f4dde4-9947-4697-bbc0-61378370d728 req-b8f4dde4-9947-4697-bbc0-61378370d728 ] Request (MultipleCreateTestJSON:test_multiple_create): 200 GET http://10.180.1.21/compute/v2.1/servers/4f0aba5d-1722-4ddb-8331-a10c25e29b6f 0.729s
2024-10-31 10:23:31.855 63459 INFO tempest.lib.common.rest_client [req-772dc265-d360-47aa-bcda-797f4fadbce4 req-772dc265-d360-47aa-bcda-797f4fadbce4 ] Request (ServersTestJSON:test_create_server_specify_multibyte_character_name): 200 GET http://10.180.1.21/compute/v2.1/servers/29c289ea-703c-4083-b0c4-bbc8b4a92142 0.705s
2024-10-31 10:23:31.869 63479 INFO tempest.lib.common.rest_client [req-9a397156-86b8-4e41-b80a-8cb81a99f166 req-9a397156-86b8-4e41-b80a-8cb81a99f166 ] Request (VolumesTestJSON:setUpClass): 200 GET http://10.180.1.21/compute/v2.1/os-volumes/7027769c-aec5-4d34-8d08-26dc4d799d0e 0.628s
2024-10-31 10:23:31.943 63449 INFO tempest.lib.common.rest_client [req-f79323f6-6e67-43ff-a634-6509ef90b0f0 req-f79323f6-6e67-43ff-a634-6509ef90b0f0 ] Request (ServersWithSpecificFlavorTestJSON:test_verify_created_server_ephemeral_disk): 200 GET http://10.180.1.21/compute/v2.1/servers/ef69de02-6e43-4489-a35a-8a9096e54fbd 0.690s
2024-10-31 10:23:31.957 63495 INFO tempest.lib.common.rest_client [req-7c8a423f-57dd-4093-9f07-75d1c64e8bf9 req-7c8a423f-57dd-4093-9f07-75d1c64e8bf9 ] Request (ImagesTestJSON:test_create_image_from_stopped_server): 200 GET http://10.180.1.21/compute/v2.1/servers/13e91ad9-7fe6-4bbe-8a67-d63a48bfac20 0.645s
2024-10-31 10:23:31.971 63463 INFO tempest.lib.common.rest_client [req-ae14ea83-2947-49c0-a335-5bab32f56b10 req-ae14ea83-2947-49c0-a335-5bab32f56b10 ] Request (ImagesMetadataNegativeTestJSON:tearDownClass): 204 DELETE http://10.180.1.21/identity/v3/users/3f8271213881417a9f00ee55a249f69b 0.191s
2024-10-31 10:23:31.972 63463 INFO tempest.lib.common.dynamic_creds [-] Deleting project and security group for project: 75c60d68add84367a0a049e48ab304f7
2024-10-31 10:23:32.031 63463 INFO tempest.lib.common.rest_client [req-f9a71089-fd6a-4952-b8d9-af84d58df435 req-f9a71089-fd6a-4952-b8d9-af84d58df435 ] Request (ImagesMetadataNegativeTestJSON:tearDownClass): 201 POST http://10.180.1.21/identity/v3/auth/tokens 0.059s
2024-10-31 10:23:32.033 63443 INFO tempest.lib.common.rest_client [req-3c0c215f-6249-4e4d-a878-b2230659ee48 req-3c0c215f-6249-4e4d-a878-b2230659ee48 ] Request (SecurityGroupsTestJSON:test_list_security_groups_by_server): 200 GET http://10.180.1.21/compute/v2.1/servers/bc8fc812-1e66-4e14-a39c-1c226e7fe2b9 0.628s
2024-10-31 10:23:32.042 63479 INFO tempest.lib.common.rest_client [req-b1fa439e-b0b3-42f3-a080-2ea4c073a423 req-b1fa439e-b0b3-42f3-a080-2ea4c073a423 ] Request (VolumesTestJSON:setUpClass): 202 POST http://10.180.1.21/volume/v3/volumes 0.170s
2024-10-31 10:23:32.080 63479 INFO tempest.lib.common.rest_client [req-6409b3b8-5e6e-4827-a2d9-ebbe2b7ae05a req-6409b3b8-5e6e-4827-a2d9-ebbe2b7ae05a ] Request (VolumesTestJSON:setUpClass): 200 GET http://10.180.1.21/volume/v3/volumes/88afcb12-8ebf-4a20-8810-3df5ab2005d6 0.029s
2024-10-31 10:23:32.085 63477 INFO tempest.lib.common.rest_client [req-a1920edb-c567-4f2f-8370-8197eda594fd req-a1920edb-c567-4f2f-8370-8197eda594fd ] Request (ServerRescueNegativeTestJSON:setUpClass): 200 GET http://10.180.1.21/compute/v2.1/servers/8498aa14-fc1a-42e4-a5e6-e22b239a8f7e 0.634s
2024-10-31 10:23:32.107 63457 INFO tempest.lib.common.rest_client [req-d42c5566-831d-4e2d-9238-cf461ed9c4f9 req-d42c5566-831d-4e2d-9238-cf461ed9c4f9 ] Request (MultipleCreateNegativeTestJSON:test_max_count_less_than_min_count): 400 POST http://10.180.1.21/compute/v2.1/servers 0.712s
2024-10-31 10:23:32.138 63451 INFO tempest.lib.common.rest_client [req-35bd2848-c98e-44c4-8d06-478bdb69f323 req-35bd2848-c98e-44c4-8d06-478bdb69f323 ] Request (VolumesAdminNegativeTest:setUpClass): 200 PUT http://10.180.1.21:9696/networking/v2.0/routers/1e5c0d73-6a94-435f-9959-89f9f049af15/add_router_interface 1.611s
2024-10-31 10:23:32.138 63451 INFO tempest.lib.common.dynamic_creds [-] Created isolated network resources for: credentials: Credentials: {'domain_id': 'default', 'domain_name': 'Default', 'username': 'tempest-VolumesAdminNegativeTest-1322029003-project-admin', 'project_domain_id': 'default', 'project_domain_name': 'Default', 'project_id': 'f354409ff4084425a52d46e4e0b958c1', 'project_name': 'tempest-VolumesAdminNegativeTest-1322029003', 'tenant_id': 'f354409ff4084425a52d46e4e0b958c1', 'tenant_name': 'tempest-VolumesAdminNegativeTest-1322029003', 'user_domain_id': 'default', 'user_domain_name': 'Default', 'user_id': '14cfb8caa211476d94b153d781a2e755', 'system': None}, Network: {'id': 'ba44c712-5497-4c0d-a7f7-7e97574babf2', 'name': 'tempest-VolumesAdminNegativeTest-221871076-network', 'tenant_id': 'f354409ff4084425a52d46e4e0b958c1', 'admin_state_up': True, 'mtu': 8950, 'status': 'ACTIVE', 'subnets': [], 'shared': False, 'project_id': 'f354409ff4084425a52d46e4e0b958c1', 'port_security_enabled': True, 'router:external': False, 'provider:network_type': 'vlan', 'provider:physical_network': 'default', 'provider:segmentation_id': 699, 'availability_zone_hints': [], 'availability_zones': [], 'ipv4_address_scope': None, 'ipv6_address_scope': None, 'description': '', 'tags': [], 'created_at': '2024-10-31T10:23:28Z', 'updated_at': '2024-10-31T10:23:28Z', 'revision_number': 1}, Subnet: {'id': '393d87a0-7b5f-4c93-bfa6-63827b766ff6', 'name': 'tempest-VolumesAdminNegativeTest-221871076-subnet', 'tenant_id': 'f354409ff4084425a52d46e4e0b958c1', 'network_id': 'ba44c712-5497-4c0d-a7f7-7e97574babf2', 'ip_version': 4, 'subnetpool_id': None, 'enable_dhcp': True, 'ipv6_ra_mode': None, 'ipv6_address_mode': None, 'gateway_ip': '192.168.128.1', 'cidr': '192.168.128.0/28', 'allocation_pools': [{'start': '192.168.128.2', 'end': '192.168.128.14'}], 'host_routes': [], 'dns_nameservers': [], 'description': '', 'router:external': False, 'service_types': [], 'tags': [], 'created_at': '2024-10-31T10:23:28Z', 'updated_at': '2024-10-31T10:23:28Z', 'revision_number': 0, 'project_id': 'f354409ff4084425a52d46e4e0b958c1'}, Router: {'id': '1e5c0d73-6a94-435f-9959-89f9f049af15', 'name': 'tempest-VolumesAdminNegativeTest-221871076-router', 'tenant_id': 'f354409ff4084425a52d46e4e0b958c1', 'admin_state_up': True, 'status': 'ACTIVE', 'external_gateway_info': {'network_id': 'f6e8075a-f8bf-4972-bf1f-9e8082a01b79', 'external_fixed_ips': [{'subnet_id': '8466ba3f-cf7f-4057-89da-cd9cf32e5644', 'ip_address': '10.180.180.235'}], 'enable_snat': True}, 'description': '', 'availability_zones': [], 'distributed': False, 'ha': False, 'availability_zone_hints': [], 'routes': [], 'flavor_id': None, 'tags': [], 'created_at': '2024-10-31T10:23:29Z', 'updated_at': '2024-10-31T10:23:29Z', 'revision_number': 2, 'project_id': 'f354409ff4084425a52d46e4e0b958c1'}
2024-10-31 10:23:32.185 63493 INFO tempest.lib.common.rest_client [req-1e0edbc6-2cc9-41ca-8eab-6fc8797dd81c req-1e0edbc6-2cc9-41ca-8eab-6fc8797dd81c ] Request (ServerActionsTestJSON:setUpClass): 200 GET http://10.180.1.21/compute/v2.1/servers/ba17f6c3-8a5e-4be8-b6cb-ad0234cdbe93 0.716s
2024-10-31 10:23:32.190 63477 INFO tempest.lib.common.rest_client [req-301ee743-618c-4ce2-902b-d9e6e624e3e1 req-301ee743-618c-4ce2-902b-d9e6e624e3e1 ] Request (ServerRescueNegativeTestJSON:setUpClass): 201 POST http://10.180.1.21/identity/v3/auth/tokens 0.085s
2024-10-31 10:23:32.190 63477 INFO tempest.lib.common.fixed_network [-] (ServerRescueNegativeTestJSON:setUpClass) Found network {'id': '71c0ddd5-ce0e-4a5a-a210-deb35c6529d6', 'name': 'tempest-ServerRescueNegativeTestJSON-1380246030-network', 'tenant_id': 'a8318d94cc5048de936eb06da4642545', 'admin_state_up': True, 'mtu': 8950, 'status': 'ACTIVE', 'subnets': [], 'shared': False, 'project_id': 'a8318d94cc5048de936eb06da4642545', 'port_security_enabled': True, 'router:external': False, 'provider:network_type': 'vlan', 'provider:physical_network': 'default', 'provider:segmentation_id': 812, 'availability_zone_hints': [], 'availability_zones': [], 'ipv4_address_scope': None, 'ipv6_address_scope': None, 'description': '', 'tags': [], 'created_at': '2024-10-31T10:23:26Z', 'updated_at': '2024-10-31T10:23:26Z', 'revision_number': 1} available for tenant
2024-10-31 10:23:32.192 63457 INFO tempest.lib.common.rest_client [req-4950e893-a16a-466d-9615-42c47ce05092 req-4950e893-a16a-466d-9615-42c47ce05092 ] Request (MultipleCreateNegativeTestJSON:test_max_count_less_than_one): 201 POST http://10.180.1.21/identity/v3/auth/tokens 0.078s
2024-10-31 10:23:32.192 63457 INFO tempest.lib.common.fixed_network [-] (MultipleCreateNegativeTestJSON:test_max_count_less_than_one) Found network None available for tenant
2024-10-31 10:23:32.197 63483 INFO tempest.lib.common.rest_client [req-b65f74c1-cb6d-40c4-a788-76fec594f250 req-b65f74c1-cb6d-40c4-a788-76fec594f250 ] Request (ServerShowV254Test:test_rebuild_server): 200 GET http://10.180.1.21/compute/v2.1/servers/e9b604fb-1d88-425c-92b7-008ddaec7c1a 0.727s
2024-10-31 10:23:32.245 63487 INFO tempest.lib.common.rest_client [req-ddb6c178-301f-4aae-9972-3a9936c940ba req-ddb6c178-301f-4aae-9972-3a9936c940ba ] Request (AttachInterfacesTestJSON:test_create_list_show_delete_interfaces_by_network_port): 200 GET http://10.180.1.21/compute/v2.1/servers/ef7a2a36-4e85-40b3-bb6d-9bc5ee563c88 0.700s
2024-10-31 10:23:32.256 63441 INFO tempest.lib.common.rest_client [req-1089a749-88be-48f9-b8dd-2732358b4e8c req-1089a749-88be-48f9-b8dd-2732358b4e8c ] Request (KeyPairsV22TestJSON:test_keypairsv22_create_list_show): 200 GET http://10.180.1.21/compute/v2.1/os-keypairs/tempest-keypair-239856472 0.664s
2024-10-31 10:23:32.268 63451 INFO tempest.lib.common.rest_client [req-23168598-75c9-4a79-8674-889ff1a3f134 req-23168598-75c9-4a79-8674-889ff1a3f134 ] Request (VolumesAdminNegativeTest:setUpClass): 201 POST http://10.180.1.21/identity/v3/auth/tokens 0.123s
2024-10-31 10:23:32.288 63471 INFO tempest.lib.common.rest_client [req-b1aacadb-8201-41ee-bddd-dd9d4974d20a req-b1aacadb-8201-41ee-bddd-dd9d4974d20a ] Request (ServersTestBootFromVolume:setUpClass): 200 GET http://10.180.1.21/volume/v3/volumes/9f89c70b-57ad-42ed-8883-bef33fe09c62 0.044s
2024-10-31 10:23:32.293 63463 INFO tempest.lib.common.rest_client [req-00d55536-e574-4ad6-a291-1f8958a29734 req-00d55536-e574-4ad6-a291-1f8958a29734 ] Request (ImagesMetadataNegativeTestJSON:tearDownClass): 200 GET http://10.180.1.21:9696/networking/v2.0/security-groups?tenant_id=75c60d68add84367a0a049e48ab304f7&name=default 0.262s
2024-10-31 10:23:32.309 63489 INFO tempest.lib.common.rest_client [req-16f86bfe-21c3-46ac-be6b-162abf081167 req-16f86bfe-21c3-46ac-be6b-162abf081167 ] Request (ServerActionsTestOtherB:setUpClass): 200 GET http://10.180.1.21/compute/v2.1/servers/4c84555a-83ac-4896-b40c-cbd7e14eebed 0.714s
2024-10-31 10:23:32.315 63499 INFO tempest.lib.common.rest_client [req-103b4a5b-4b24-4e14-b452-1c9f1e5c977d req-103b4a5b-4b24-4e14-b452-1c9f1e5c977d ] Request (ImagesNegativeTestJSON:test_create_image_specify_uuid_37_characters_or_more): 404 POST http://10.180.1.21/compute/v2.1/servers/aaaaaaaaaaaaaaaaaaaaaaaaaaaaaaaaaaaaa/action 0.708s
2024-10-31 10:23:32.394 63463 INFO tempest.lib.common.rest_client [req-85fa4d85-b689-48b4-a8d0-83150ad13a1e req-85fa4d85-b689-48b4-a8d0-83150ad13a1e ] Request (ImagesMetadataNegativeTestJSON:tearDownClass): 204 DELETE http://10.180.1.21:9696/networking/v2.0/security-groups/dc2eb8f0-5b2b-4684-9418-00dbc984826b 0.101s
2024-10-31 10:23:32.396 63481 INFO tempest.lib.common.rest_client [req-53cde91f-67e9-4312-8fdf-c52ef54e1450 req-53cde91f-67e9-4312-8fdf-c52ef54e1450 ] Request (FloatingIPsAssociationNegativeTestJSON:setUpClass): 200 GET http://10.180.1.21/compute/v2.1/servers/1c4fe9af-7a19-4aaf-8758-8d945b2ee57e 0.596s
2024-10-31 10:23:32.482 63463 INFO tempest.lib.common.rest_client [req-758b1452-0712-4f87-8666-1b2bd26b20c0 req-758b1452-0712-4f87-8666-1b2bd26b20c0 ] Request (ImagesMetadataNegativeTestJSON:tearDownClass): 204 DELETE http://10.180.1.21/identity/v3/projects/75c60d68add84367a0a049e48ab304f7 0.087s
2024-10-31 10:23:32.485 63501 INFO tempest.lib.common.rest_client [req-44201f77-0c90-4d08-8f09-b42edaff2292 req-44201f77-0c90-4d08-8f09-b42edaff2292 ] Request (AttachInterfacesUnderV243Test:test_add_remove_fixed_ip): 200 GET http://10.180.1.21/compute/v2.1/servers/1afb7b0e-7c9a-4594-8214-37fbecc1b7c5 0.680s
2024-10-31 10:23:32.552 63463 INFO tempest.lib.common.rest_client [req-abfdcbe1-636a-4667-ae4c-a9526af88b3a req-abfdcbe1-636a-4667-ae4c-a9526af88b3a ] Request (InstanceActionsV221TestJSON:setUpClass): 201 POST http://10.180.1.21/identity/v3/auth/tokens 0.069s
2024-10-31 10:23:32.587 63463 INFO tempest.lib.common.rest_client [req-f8cd6c03-3063-478a-8bc8-1f2818cc662e req-f8cd6c03-3063-478a-8bc8-1f2818cc662e ] Request (InstanceActionsV221TestJSON:setUpClass): 201 POST http://10.180.1.21/identity/v3/auth/tokens 0.031s
2024-10-31 10:23:32.608 63463 INFO tempest.lib.common.rest_client [req-8372d3cd-73ee-45d3-a777-93a9ddf91169 req-8372d3cd-73ee-45d3-a777-93a9ddf91169 ] Request (InstanceActionsV221TestJSON:setUpClass): 200 GET http://10.180.1.21/identity/v3/domains?name=Default 0.021s
2024-10-31 10:23:32.646 63463 INFO tempest.lib.common.rest_client [req-34a35b6f-fe20-403e-a5dc-9aa845091862 req-34a35b6f-fe20-403e-a5dc-9aa845091862 ] Request (InstanceActionsV221TestJSON:setUpClass): 201 POST http://10.180.1.21/identity/v3/projects 0.037s
2024-10-31 10:23:32.649 63455 INFO tempest.lib.common.rest_client [req-681c01a3-b826-4624-a58b-0c4893e765d4 req-681c01a3-b826-4624-a58b-0c4893e765d4 ] Request (QuotasAdminNegativeTest:test_create_server_when_cpu_quota_is_full): 403 POST http://10.180.1.21/compute/v2.1/servers 1.098s
2024-10-31 10:23:32.698 63463 INFO tempest.lib.common.rest_client [req-548ac31e-e2a3-442e-a199-9042c5f0b601 req-548ac31e-e2a3-442e-a199-9042c5f0b601 ] Request (InstanceActionsV221TestJSON:setUpClass): 201 POST http://10.180.1.21/identity/v3/users 0.051s
2024-10-31 10:23:32.720 63463 INFO tempest.lib.common.rest_client [req-63a331e6-226a-492d-b00a-7ad7193fc40b req-63a331e6-226a-492d-b00a-7ad7193fc40b ] Request (InstanceActionsV221TestJSON:setUpClass): 200 GET http://10.180.1.21/identity/v3/roles 0.021s
2024-10-31 10:23:32.723 63461 INFO tempest.lib.common.rest_client [req-36a7da9d-e3d2-414c-b7cf-a1d23391f866 req-36a7da9d-e3d2-414c-b7cf-a1d23391f866 ] Request (VolumesAssistedSnapshotsTest:test_volume_assisted_snapshot_create_delete): 200 GET http://10.180.1.21/compute/v2.1/servers/2f757f9b-537e-4bd8-b08d-1da991903552 0.734s
2024-10-31 10:23:32.733 63461 INFO tempest.common.waiters [-] State transition "BUILD/spawning" ==> "ERROR/None" after 35 second wait
2024-10-31 10:23:32.746 63463 INFO tempest.lib.common.rest_client [req-997554f9-a911-443b-a32b-f68c49a478ad req-997554f9-a911-443b-a32b-f68c49a478ad ] Request (InstanceActionsV221TestJSON:setUpClass): 204 PUT http://10.180.1.21/identity/v3/projects/3b4afd7bfb434a79bd251dbc986b12c4/users/f64d1aee5efa45e68916b92777a359ef/roles/cdf233ae5d4749bc8acaabad9be88047 0.025s
2024-10-31 10:23:32.746 63463 INFO tempest.lib.common.dynamic_creds [-] Dynamic test user f64d1aee5efa45e68916b92777a359ef is created with scope project and roles: ['member']
2024-10-31 10:23:32.746 63463 INFO tempest.lib.common.dynamic_creds [-] Acquired dynamic creds: credentials: Credentials: {'domain_id': 'default', 'domain_name': 'Default', 'username': 'tempest-InstanceActionsV221TestJSON-1084937500-project-member', 'project_domain_id': 'default', 'project_domain_name': 'Default', 'project_id': '3b4afd7bfb434a79bd251dbc986b12c4', 'project_name': 'tempest-InstanceActionsV221TestJSON-1084937500', 'tenant_id': '3b4afd7bfb434a79bd251dbc986b12c4', 'tenant_name': 'tempest-InstanceActionsV221TestJSON-1084937500', 'user_domain_id': 'default', 'user_domain_name': 'Default', 'user_id': 'f64d1aee5efa45e68916b92777a359ef', 'system': None}, Network: None, Subnet: None, Router: None
2024-10-31 10:23:32.768 63469 INFO tempest.lib.common.rest_client [req-e026fea1-ef2e-422b-ae21-8f4a1b26dca0 req-e026fea1-ef2e-422b-ae21-8f4a1b26dca0 ] Request (ServerDiagnosticsTest:test_get_server_diagnostics): 200 GET http://10.180.1.21/compute/v2.1/servers/864e1f52-f77e-4596-a5b5-dff3679f911f 0.852s
2024-10-31 10:23:32.779 63475 INFO tempest.lib.common.rest_client [req-757b2af5-ddd7-4b35-9d23-24c1d628e9ec req-757b2af5-ddd7-4b35-9d23-24c1d628e9ec ] Request (ServerDiskConfigTestJSON:test_rebuild_server_with_auto_disk_config): 200 GET http://10.180.1.21/compute/v2.1/servers/45fce1e9-b1bb-48aa-9752-cbd011136abd 0.719s
2024-10-31 10:23:32.812 63463 INFO tempest.lib.common.rest_client [req-d2c213fc-e379-49d2-87e9-a598f35a4fff req-d2c213fc-e379-49d2-87e9-a598f35a4fff ] Request (InstanceActionsV221TestJSON:setUpClass): 201 POST http://10.180.1.21/identity/v3/auth/tokens 0.065s
2024-10-31 10:23:32.829 63465 INFO tempest.lib.common.rest_client [req-0ffde0ad-ad30-4ac2-9135-2ab2508e6acb req-0ffde0ad-ad30-4ac2-9135-2ab2508e6acb ] Request (MigrationsAdminTest:test_resize_server_revert_deleted_flavor): 200 GET http://10.180.1.21/compute/v2.1/servers/88f60509-35cc-4d70-a97c-76dd2761c89b 0.654s
2024-10-31 10:23:32.834 63457 INFO tempest.lib.common.rest_client [req-ca2dd010-851d-4270-b5df-b206463c4b44 req-ca2dd010-851d-4270-b5df-b206463c4b44 ] Request (MultipleCreateNegativeTestJSON:test_max_count_less_than_one): 400 POST http://10.180.1.21/compute/v2.1/servers 0.641s
2024-10-31 10:23:32.842 63441 INFO tempest.lib.common.rest_client [req-141bb962-3d35-4f0f-a553-c601685c5da8 req-141bb962-3d35-4f0f-a553-c601685c5da8 ] Request (KeyPairsV22TestJSON:test_keypairsv22_create_list_show): 200 GET http://10.180.1.21/compute/v2.1/os-keypairs 0.585s
2024-10-31 10:23:32.910 63457 INFO tempest.lib.common.rest_client [req-c8a5ec05-cb82-46aa-a15a-93d16668824a req-c8a5ec05-cb82-46aa-a15a-93d16668824a ] Request (MultipleCreateNegativeTestJSON:test_max_count_non_integer): 201 POST http://10.180.1.21/identity/v3/auth/tokens 0.070s
2024-10-31 10:23:32.910 63457 INFO tempest.lib.common.fixed_network [-] (MultipleCreateNegativeTestJSON:test_max_count_non_integer) Found network None available for tenant
2024-10-31 10:23:32.914 63445 INFO tempest.lib.common.rest_client [req-9c9229ee-1ebe-4bcf-91d1-e92e5e5fc2b4 req-9c9229ee-1ebe-4bcf-91d1-e92e5e5fc2b4 ] Request (ServerDiagnosticsV248Test:tearDownClass): 200 GET http://10.180.1.21/compute/v2.1/servers/21d0b283-3bb4-4bda-8e62-c933c6de4927 0.652s
2024-10-31 10:23:33.039 63451 INFO tempest.lib.common.rest_client [req-c884e56c-0c45-4e5e-af7f-2192360ceb21 req-c884e56c-0c45-4e5e-af7f-2192360ceb21 ] Request (VolumesAdminNegativeTest:test_update_attached_volume_with_nonexistent_volume_in_body): 200 POST http://10.180.1.21/compute/v2.1/os-keypairs 0.769s
2024-10-31 10:23:33.116 63467 INFO tempest.lib.common.rest_client [req-d33ecbe5-5d01-4ab9-af4c-8ef992d98b87 req-d33ecbe5-5d01-4ab9-af4c-8ef992d98b87 ] Request (ServerShowV247Test:test_update_rebuild_list_server): 200 GET http://10.180.1.21/compute/v2.1/servers/c8d27e19-0f3c-4cc3-826b-e07b3a635e5e 0.565s
2024-10-31 10:23:33.122 63479 INFO tempest.lib.common.rest_client [req-4c37fc71-3954-4058-a1cb-fcb3eecb5a1c req-4c37fc71-3954-4058-a1cb-fcb3eecb5a1c ] Request (VolumesTestJSON:setUpClass): 200 GET http://10.180.1.21/volume/v3/volumes/88afcb12-8ebf-4a20-8810-3df5ab2005d6 0.036s
2024-10-31 10:23:33.127 63479 INFO tempest.common.waiters [-] volume 88afcb12-8ebf-4a20-8810-3df5ab2005d6 reached available after waiting for 1.127830 seconds
2024-10-31 10:23:33.132 63451 INFO tempest.lib.common.rest_client [req-69a1a5e4-165f-431b-8d80-762e18d09d26 req-69a1a5e4-165f-431b-8d80-762e18d09d26 ] Request (VolumesAdminNegativeTest:test_update_attached_volume_with_nonexistent_volume_in_body): 201 POST http://10.180.1.21:9696/networking/v2.0/security-groups 0.091s
2024-10-31 10:23:33.195 63485 INFO tempest.lib.common.rest_client [req-65811c1d-bf7a-4f22-92a1-85b321679e1b req-65811c1d-bf7a-4f22-92a1-85b321679e1b ] Request (ServersV294TestFqdnHostnames:setUpClass): 200 GET http://10.180.1.21/compute/v2.1/servers/de5f9555-3959-41cd-b63a-db128a001631 0.635s
2024-10-31 10:23:33.227 63451 INFO tempest.lib.common.rest_client [req-1a843a22-d8d0-4800-9cd0-eb3879130350 req-1a843a22-d8d0-4800-9cd0-eb3879130350 ] Request (VolumesAdminNegativeTest:test_update_attached_volume_with_nonexistent_volume_in_body): 201 POST http://10.180.1.21:9696/networking/v2.0/security-group-rules 0.094s
2024-10-31 10:23:33.259 63498 INFO tempest.lib.common.rest_client [req-a1fe5a59-70b5-44e2-9d77-96704f2aa87a req-a1fe5a59-70b5-44e2-9d77-96704f2aa87a ] Request (ServersNegativeTestMultiTenantJSON:setUpClass): 200 GET http://10.180.1.21/compute/v2.1/servers/03e9f5cc-344c-45c8-abff-aae8db411832 0.648s
2024-10-31 10:23:33.277 63477 INFO tempest.lib.common.rest_client [req-a69053c1-c55a-4763-af2a-be2f85f06e7a req-a69053c1-c55a-4763-af2a-be2f85f06e7a ] Request (ServerRescueNegativeTestJSON:setUpClass): 202 POST http://10.180.1.21/compute/v2.1/servers 1.087s
2024-10-31 10:23:33.285 63463 INFO tempest.lib.common.rest_client [req-ab01639f-84ce-480c-9a39-13ce50b3bee3 req-ab01639f-84ce-480c-9a39-13ce50b3bee3 ] Request (InstanceActionsV221TestJSON:setUpClass): 201 POST http://10.180.1.21:9696/networking/v2.0/networks 0.472s
