2024-10-31 11:28:41.346 62753 INFO tempest.lib.common.rest_client [req-fe4b0036-d28c-4227-a2c4-20e6e059aeda req-fe4b0036-d28c-4227-a2c4-20e6e059aeda ] Request (ServicesAdminNegativeTestJSON:setUpClass): 204 PUT http://10.180.1.21/identity/v3/projects/80ba5527c96c40fbb6daed4e89b216fe/users/b7c6af557c254701b9f47826efb4f490/roles/bff3832d50e146b6a825d83717c298a5 0.080s
2024-10-31 11:28:41.346 62753 INFO tempest.lib.common.dynamic_creds [-] Dynamic test user b7c6af557c254701b9f47826efb4f490 is created with scope project and roles: ['member']
2024-10-31 11:28:41.346 62753 INFO tempest.lib.common.dynamic_creds [-] Acquired dynamic creds: credentials: Credentials: {'domain_id': 'default', 'domain_name': 'Default', 'username': 'tempest-ServicesAdminNegativeTestJSON-2082398912-project-member', 'project_domain_id': 'default', 'project_domain_name': 'Default', 'project_id': '80ba5527c96c40fbb6daed4e89b216fe', 'project_name': 'tempest-ServicesAdminNegativeTestJSON-2082398912', 'tenant_id': '80ba5527c96c40fbb6daed4e89b216fe', 'tenant_name': 'tempest-ServicesAdminNegativeTestJSON-2082398912', 'user_domain_id': 'default', 'user_domain_name': 'Default', 'user_id': 'b7c6af557c254701b9f47826efb4f490', 'system': None}, Network: None, Subnet: None, Router: None
2024-10-31 11:28:41.346 62753 INFO tempest.lib.common.dynamic_creds [-] Created isolated network resources for: credentials: Credentials: {'domain_id': 'default', 'domain_name': 'Default', 'username': 'tempest-ServicesAdminNegativeTestJSON-2082398912-project-member', 'project_domain_id': 'default', 'project_domain_name': 'Default', 'project_id': '80ba5527c96c40fbb6daed4e89b216fe', 'project_name': 'tempest-ServicesAdminNegativeTestJSON-2082398912', 'tenant_id': '80ba5527c96c40fbb6daed4e89b216fe', 'tenant_name': 'tempest-ServicesAdminNegativeTestJSON-2082398912', 'user_domain_id': 'default', 'user_domain_name': 'Default', 'user_id': 'b7c6af557c254701b9f47826efb4f490', 'system': None}, Network: None, Subnet: None, Router: None
2024-10-31 11:28:41.357 62773 INFO tempest.lib.common.rest_client [req-2a650ba4-52ec-4646-b68d-3c00d5e5b377 req-2a650ba4-52ec-4646-b68d-3c00d5e5b377 ] Request (FlavorsAdminTestJSON:test_is_public_string_variations): 200 GET http://10.180.1.21/compute/v2.1/flavors/detail?is_public=true 0.939s
2024-10-31 11:28:41.421 62789 INFO tempest.lib.common.rest_client [req-33ee5cbe-c6b7-42b1-b39c-4c092af91d4e req-33ee5cbe-c6b7-42b1-b39c-4c092af91d4e ] Request (FloatingIPDetailsNegativeTestJSON:tearDownClass): 200 GET http://10.180.1.21:9696/networking/v2.0/security-groups?tenant_id=1ca498974546486f8f3e8c89fd47dc56&name=default 0.110s
2024-10-31 11:28:41.429 62782 INFO tempest.lib.common.rest_client [req-1be61680-0a0f-4da2-b72b-ddcd8c6d0de2 req-1be61680-0a0f-4da2-b72b-ddcd8c6d0de2 ] Request (ServersAdminNegativeTestJSON:setUpClass): 200 GET http://10.180.1.21/compute/v2.1/servers/9f83ec50-5143-45e1-849a-5c441d2702e2 1.014s
2024-10-31 11:28:41.445 62783 INFO tempest.lib.common.rest_client [req-5a1c07c1-9cc0-4a6e-971b-1bfecab0db0c req-5a1c07c1-9cc0-4a6e-971b-1bfecab0db0c ] Request (AttachInterfacesTestJSON:test_create_list_show_delete_interfaces_by_fixed_ip): 200 GET http://10.180.1.21/compute/v2.1/servers/30befad4-aacb-44d5-87ed-4fc6b0e34bd6 0.957s
2024-10-31 11:28:41.473 62753 INFO tempest.lib.common.rest_client [req-14ac35a5-2364-4653-a4e5-cde566b78627 req-14ac35a5-2364-4653-a4e5-cde566b78627 ] Request (ServicesAdminNegativeTestJSON:setUpClass): 201 POST http://10.180.1.21/identity/v3/auth/tokens 0.121s
2024-10-31 11:28:41.535 62753 INFO tempest.lib.common.rest_client [req-ab104300-a1b9-43ae-ba1d-5e023013e410 req-ab104300-a1b9-43ae-ba1d-5e023013e410 ] Request (ServicesAdminNegativeTestJSON:setUpClass): 201 POST http://10.180.1.21/identity/v3/projects 0.061s
2024-10-31 11:28:41.539 62763 INFO tempest.lib.common.rest_client [req-83150899-0921-463e-a734-3b684e1ec1d0 req-83150899-0921-463e-a734-3b684e1ec1d0 ] Request (ImagesOneServerNegativeTestJSON:setUpClass): 200 GET http://10.180.1.21/compute/v2.1/servers/0b1ead99-af3b-41a6-8354-bc451a51133c 0.888s
2024-10-31 11:28:41.547 62791 INFO tempest.lib.common.rest_client [req-d80130fe-4897-4ec0-afbe-26d5f4a2837e req-d80130fe-4897-4ec0-afbe-26d5f4a2837e ] Request (MigrationsAdminTest:test_list_migrations_in_flavor_resize_situation): 200 GET http://10.180.1.21/compute/v2.1/servers/18c503dc-6283-4489-a69c-8dead1ec3a0d 0.941s
2024-10-31 11:28:41.583 62759 INFO tempest.lib.common.rest_client [req-6034fe8f-7f87-4a78-a722-9ee6ce461988 req-6034fe8f-7f87-4a78-a722-9ee6ce461988 ] Request (FlavorsV255TestJSON:tearDownClass): 204 DELETE http://10.180.1.21/identity/v3/users/b94e498a859342fa8c43d96502d95cde 0.238s
2024-10-31 11:28:41.627 62747 INFO tempest.lib.common.rest_client [req-64823994-68a0-4292-b5eb-04b282191581 req-64823994-68a0-4292-b5eb-04b282191581 ] Request (ServersAdminTestJSON:setUpClass): 200 GET http://10.180.1.21/compute/v2.1/servers/78599fa1-be64-4797-92a9-ebc3a40b59a1 0.801s
2024-10-31 11:28:41.628 62797 INFO tempest.lib.common.rest_client [req-e62bd22a-b750-4768-aee0-da4af78bd770 req-e62bd22a-b750-4768-aee0-da4af78bd770 ] Request (ServersWithSpecificFlavorTestJSON:test_verify_created_server_ephemeral_disk): 200 GET http://10.180.1.21/compute/v2.1/servers/5a1af72f-71c8-42de-aa71-f011d85210a5 0.812s
2024-10-31 11:28:41.673 62753 INFO tempest.lib.common.rest_client [req-568905d5-d698-4bbc-9c0d-30863af2a1c3 req-568905d5-d698-4bbc-9c0d-30863af2a1c3 ] Request (ServicesAdminNegativeTestJSON:setUpClass): 201 POST http://10.180.1.21/identity/v3/users 0.138s
2024-10-31 11:28:41.686 62789 INFO tempest.lib.common.rest_client [req-ee0e95fb-ff4e-4ef1-bf39-fa9dc81a43fa req-ee0e95fb-ff4e-4ef1-bf39-fa9dc81a43fa ] Request (FloatingIPDetailsNegativeTestJSON:tearDownClass): 204 DELETE http://10.180.1.21:9696/networking/v2.0/security-groups/02251047-2d09-48d0-926c-f77abf521ef5 0.261s
2024-10-31 11:28:41.694 62753 INFO tempest.lib.common.rest_client [req-facc8b0b-212e-4271-b48d-2235098e9b86 req-facc8b0b-212e-4271-b48d-2235098e9b86 ] Request (ServicesAdminNegativeTestJSON:setUpClass): 200 GET http://10.180.1.21/identity/v3/roles 0.021s
2024-10-31 11:28:41.732 62771 INFO tempest.lib.common.rest_client [req-c0966ed5-2462-4b02-b35d-d3b30597f62e req-c0966ed5-2462-4b02-b35d-d3b30597f62e ] Request (ServerDiagnosticsV248Test:tearDownClass): 200 GET http://10.180.1.21/compute/v2.1/servers/90e42997-a34c-4a39-8d2f-7ab0ed19f028 0.804s
2024-10-31 11:28:41.732 62769 INFO tempest.lib.common.rest_client [req-9129ea77-0ad8-4020-ad73-35dfe7988ce8 req-9129ea77-0ad8-4020-ad73-35dfe7988ce8 ] Request (FloatingIPsAssociationTestJSON:setUpClass): 200 GET http://10.180.1.21/compute/v2.1/servers/a8d8e232-6096-4da3-8f2c-65a5e5f713ae 0.731s
2024-10-31 11:28:41.743 62771 INFO tempest.common.waiters [-] State transition "ACTIVE/deleting" ==> "DELETED/None" after 3 second wait
2024-10-31 11:28:41.790 62789 INFO tempest.lib.common.rest_client [req-dc74b8da-e8d0-428a-aec2-3ab579088c99 req-dc74b8da-e8d0-428a-aec2-3ab579088c99 ] Request (FloatingIPDetailsNegativeTestJSON:tearDownClass): 204 DELETE http://10.180.1.21/identity/v3/projects/1ca498974546486f8f3e8c89fd47dc56 0.104s
2024-10-31 11:28:41.854 62759 INFO tempest.lib.common.rest_client [req-54aa54d1-1e95-4ea1-9927-c2350d3e35e5 req-54aa54d1-1e95-4ea1-9927-c2350d3e35e5 ] Request (FlavorsV255TestJSON:tearDownClass): 204 DELETE http://10.180.1.21/identity/v3/users/80d07c9bb23d453e8a2caef346baa80c 0.271s
2024-10-31 11:28:41.854 62759 INFO tempest.lib.common.dynamic_creds [-] Deleting project and security group for project: fefe3ec0bf484751a99ea901d77a0cc3
2024-10-31 11:28:41.887 62753 INFO tempest.lib.common.rest_client [req-a17b68ef-b3cd-4df2-82fe-03b163089ee1 req-a17b68ef-b3cd-4df2-82fe-03b163089ee1 ] Request (ServicesAdminNegativeTestJSON:setUpClass): 204 PUT http://10.180.1.21/identity/v3/projects/de5eca04a6694d7e863e23c02603d986/users/ab712efd6ba34c639a2009b2e540e79f/roles/51060002c2a54863ae6faa3da3a55839 0.192s
2024-10-31 11:28:41.901 62749 INFO tempest.lib.common.rest_client [req-f7f341f1-59da-4a0d-884c-c280f526ee94 req-f7f341f1-59da-4a0d-884c-c280f526ee94 ] Request (FloatingIPDetailsTestJSON:test_list_floating_ips): 200 GET http://10.180.1.21/compute/v2.1/os-floating-ips 0.875s
2024-10-31 11:28:41.943 62795 INFO tempest.lib.common.rest_client [req-d382fcbb-d73d-47f7-882a-cd82fc8d17ac req-d382fcbb-d73d-47f7-882a-cd82fc8d17ac ] Request (ListImageFiltersTestJSON:setUpClass): 200 GET http://10.180.1.21/compute/v2.1/images/be87184c-908c-4fda-82b5-1b4bac5f1ce5 0.859s
2024-10-31 11:28:41.959 62759 INFO tempest.lib.common.rest_client [req-1824224c-6433-45f0-afed-10c913a48d2d req-1824224c-6433-45f0-afed-10c913a48d2d ] Request (FlavorsV255TestJSON:tearDownClass): 201 POST http://10.180.1.21/identity/v3/auth/tokens 0.104s
2024-10-31 11:28:41.965 62743 INFO tempest.lib.common.rest_client [req-6102486d-5802-4f22-8c1e-d313bf93a56c req-6102486d-5802-4f22-8c1e-d313bf93a56c ] Request (AggregatesAdminNegativeTestJSON:_run_cleanups): 200 DELETE http://10.180.1.21/compute/v2.1/os-aggregates/8 0.698s
2024-10-31 11:28:41.993 62753 INFO tempest.lib.common.rest_client [req-422065ba-60e0-42d7-ae29-3c9ce0780447 req-422065ba-60e0-42d7-ae29-3c9ce0780447 ] Request (ServicesAdminNegativeTestJSON:setUpClass): 200 GET http://10.180.1.21/identity/v3/roles 0.106s
2024-10-31 11:28:42.041 62775 INFO tempest.lib.common.rest_client [req-dbb55bb0-f0cf-4788-aea6-dcd8ca8fca72 req-dbb55bb0-f0cf-4788-aea6-dcd8ca8fca72 ] Request (VolumesTestJSON:test_volume_list_with_detail_param_limit): 200 GET http://10.180.1.21/compute/v2.1/os-volumes/detail?limit=2 0.723s
2024-10-31 11:28:42.061 62773 INFO tempest.lib.common.rest_client [req-ac5843aa-a3ff-40b7-b0ae-daeba7c2bcec req-ac5843aa-a3ff-40b7-b0ae-daeba7c2bcec ] Request (FlavorsAdminTestJSON:test_is_public_string_variations): 200 GET http://10.180.1.21/compute/v2.1/flavors/detail?is_public=yes 0.699s
2024-10-31 11:28:42.075 62753 INFO tempest.lib.common.rest_client [req-4e3ff2bf-3253-4f1d-9228-a8bb9d43d604 req-4e3ff2bf-3253-4f1d-9228-a8bb9d43d604 ] Request (ServicesAdminNegativeTestJSON:setUpClass): 204 PUT http://10.180.1.21/identity/v3/projects/de5eca04a6694d7e863e23c02603d986/users/ab712efd6ba34c639a2009b2e540e79f/roles/51060002c2a54863ae6faa3da3a55839 0.081s
2024-10-31 11:28:42.075 62753 INFO tempest.lib.common.dynamic_creds [-] Dynamic test user ab712efd6ba34c639a2009b2e540e79f is created with scope project and roles: ['admin']
2024-10-31 11:28:42.075 62753 INFO tempest.lib.common.dynamic_creds [-] Acquired dynamic creds: credentials: Credentials: {'domain_id': 'default', 'domain_name': 'Default', 'username': 'tempest-ServicesAdminNegativeTestJSON-763126253-project-admin', 'project_domain_id': 'default', 'project_domain_name': 'Default', 'project_id': 'de5eca04a6694d7e863e23c02603d986', 'project_name': 'tempest-ServicesAdminNegativeTestJSON-763126253', 'tenant_id': 'de5eca04a6694d7e863e23c02603d986', 'tenant_name': 'tempest-ServicesAdminNegativeTestJSON-763126253', 'user_domain_id': 'default', 'user_domain_name': 'Default', 'user_id': 'ab712efd6ba34c639a2009b2e540e79f', 'system': None}, Network: None, Subnet: None, Router: None
2024-10-31 11:28:42.075 62753 INFO tempest.lib.common.dynamic_creds [-] Created isolated network resources for: credentials: Credentials: {'domain_id': 'default', 'domain_name': 'Default', 'username': 'tempest-ServicesAdminNegativeTestJSON-763126253-project-admin', 'project_domain_id': 'default', 'project_domain_name': 'Default', 'project_id': 'de5eca04a6694d7e863e23c02603d986', 'project_name': 'tempest-ServicesAdminNegativeTestJSON-763126253', 'tenant_id': 'de5eca04a6694d7e863e23c02603d986', 'tenant_name': 'tempest-ServicesAdminNegativeTestJSON-763126253', 'user_domain_id': 'default', 'user_domain_name': 'Default', 'user_id': 'ab712efd6ba34c639a2009b2e540e79f', 'system': None}, Network: None, Subnet: None, Router: None
2024-10-31 11:28:42.127 62743 INFO tempest.lib.common.rest_client [req-d9875ff4-b43e-448d-99ad-3804b86ff0f3 req-d9875ff4-b43e-448d-99ad-3804b86ff0f3 ] Request (AggregatesAdminNegativeTestJSON:tearDownClass): 204 DELETE http://10.180.1.21/identity/v3/users/089d6ddbfa454ae2aa83dd3d96f77c98 0.160s
2024-10-31 11:28:42.168 62741 INFO tempest.lib.common.rest_client [req-cfe253ba-eeb5-44ff-a86e-1277cab45ec0 req-cfe253ba-eeb5-44ff-a86e-1277cab45ec0 ] Request (ServersAdmin275Test:test_rebuild_update_server_275): 200 GET http://10.180.1.21/compute/v2.1/servers/c4a88e75-690f-4bed-a4f9-a0de3b193eff 0.643s
2024-10-31 11:28:42.174 62753 INFO tempest.lib.common.rest_client [req-c28633f6-7b4e-4389-8f7e-e740358b0782 req-c28633f6-7b4e-4389-8f7e-e740358b0782 ] Request (ServicesAdminNegativeTestJSON:setUpClass): 201 POST http://10.180.1.21/identity/v3/auth/tokens 0.095s
2024-10-31 11:28:42.269 62757 INFO tempest.lib.common.rest_client [req-f4e44248-b9a7-411d-bcca-31310e7230d5 req-f4e44248-b9a7-411d-bcca-31310e7230d5 ] Request (QuotasAdminTestV257:test_get_updated_quotas): 200 PUT http://10.180.1.21/compute/v2.1/os-quota-sets/a6557e90e73c4a5bb6ecef1f8855ea45 1.238s
2024-10-31 11:28:42.285 62743 INFO tempest.lib.common.rest_client [req-cfa3219f-549a-4539-9b9a-28799a857d64 req-cfa3219f-549a-4539-9b9a-28799a857d64 ] Request (AggregatesAdminNegativeTestJSON:tearDownClass): 204 DELETE http://10.180.1.21/identity/v3/users/0f3a2292a6cd426385fd78b16187852e 0.158s
2024-10-31 11:28:42.286 62743 INFO tempest.lib.common.dynamic_creds [-] Deleting project and security group for project: b84c412f488d43db80596e1475652f73
2024-10-31 11:28:42.321 62759 INFO tempest.lib.common.rest_client [req-53a7f255-8dcd-48e7-af16-93efc6599849 req-53a7f255-8dcd-48e7-af16-93efc6599849 ] Request (FlavorsV255TestJSON:tearDownClass): 200 GET http://10.180.1.21:9696/networking/v2.0/security-groups?tenant_id=fefe3ec0bf484751a99ea901d77a0cc3&name=default 0.362s
2024-10-31 11:28:42.322 62745 INFO tempest.lib.common.rest_client [req-326b16d0-3bbc-413e-b729-9768338434bc req-326b16d0-3bbc-413e-b729-9768338434bc ] Request (ServersTestBootFromVolume:setUpClass): 200 GET http://10.180.1.21/volume/v3/volumes/47ea7dbd-681f-4879-a669-091606d1ee4c 0.030s
2024-10-31 11:28:42.341 62803 INFO tempest.lib.common.rest_client [req-21400c2b-0b15-4c6a-9cba-437a25909c95 req-21400c2b-0b15-4c6a-9cba-437a25909c95 ] Request (ServerActionsTestOtherB:setUpClass): 200 GET http://10.180.1.21/compute/v2.1/servers/bef7d4e7-9af2-4071-ae6d-bdbfa7f46460 0.427s
2024-10-31 11:28:42.355 62743 INFO tempest.lib.common.rest_client [req-c5b90b84-f17a-40ab-9ad5-3dac22970643 req-c5b90b84-f17a-40ab-9ad5-3dac22970643 ] Request (AggregatesAdminNegativeTestJSON:tearDownClass): 201 POST http://10.180.1.21/identity/v3/auth/tokens 0.069s
2024-10-31 11:28:42.367 62793 INFO tempest.lib.common.rest_client [req-010feea0-77d4-403c-a016-f9f76a7b7a9f req-010feea0-77d4-403c-a016-f9f76a7b7a9f ] Request (AttachVolumeTestJSON:setUpClass): 200 PUT http://10.180.1.21:9696/networking/v2.0/routers/d2eec678-b34e-4de1-848a-a91538d400c5/add_router_interface 1.481s
2024-10-31 11:28:42.367 62793 INFO tempest.lib.common.dynamic_creds [-] Created isolated network resources for: credentials: Credentials: {'domain_id': 'default', 'domain_name': 'Default', 'username': 'tempest-AttachVolumeTestJSON-1238928908-project-member', 'project_domain_id': 'default', 'project_domain_name': 'Default', 'project_id': 'eabfbceb13fa4254a63e5c69490241a1', 'project_name': 'tempest-AttachVolumeTestJSON-1238928908', 'tenant_id': 'eabfbceb13fa4254a63e5c69490241a1', 'tenant_name': 'tempest-AttachVolumeTestJSON-1238928908', 'user_domain_id': 'default', 'user_domain_name': 'Default', 'user_id': 'd50229f835b5492e9ade7d1deb12cf1b', 'system': None}, Network: {'id': '5b203e8a-e3e4-4475-b56b-da5090417567', 'name': 'tempest-AttachVolumeTestJSON-2012514391-network', 'tenant_id': 'eabfbceb13fa4254a63e5c69490241a1', 'admin_state_up': True, 'mtu': 8950, 'status': 'ACTIVE', 'subnets': [], 'shared': False, 'project_id': 'eabfbceb13fa4254a63e5c69490241a1', 'port_security_enabled': True, 'router:external': False, 'provider:network_type': 'vlan', 'provider:physical_network': 'default', 'provider:segmentation_id': 697, 'availability_zone_hints': [], 'availability_zones': [], 'ipv4_address_scope': None, 'ipv6_address_scope': None, 'description': '', 'tags': [], 'created_at': '2024-10-31T11:28:38Z', 'updated_at': '2024-10-31T11:28:38Z', 'revision_number': 1}, Subnet: {'id': '6c604965-6116-4be9-8583-7c7e317352b9', 'name': 'tempest-AttachVolumeTestJSON-2012514391-subnet', 'tenant_id': 'eabfbceb13fa4254a63e5c69490241a1', 'network_id': '5b203e8a-e3e4-4475-b56b-da5090417567', 'ip_version': 4, 'subnetpool_id': None, 'enable_dhcp': True, 'ipv6_ra_mode': None, 'ipv6_address_mode': None, 'gateway_ip': '192.168.128.1', 'cidr': '192.168.128.0/28', 'allocation_pools': [{'start': '192.168.128.2', 'end': '192.168.128.14'}], 'host_routes': [], 'dns_nameservers': [], 'description': '', 'router:external': False, 'service_types': [], 'tags': [], 'created_at': '2024-10-31T11:28:38Z', 'updated_at': '2024-10-31T11:28:38Z', 'revision_number': 0, 'project_id': 'eabfbceb13fa4254a63e5c69490241a1'}, Router: {'id': 'd2eec678-b34e-4de1-848a-a91538d400c5', 'name': 'tempest-AttachVolumeTestJSON-2012514391-router', 'tenant_id': 'eabfbceb13fa4254a63e5c69490241a1', 'admin_state_up': True, 'status': 'ACTIVE', 'external_gateway_info': {'network_id': '1eca6941-b0cd-4fc2-8db5-34499910053b', 'external_fixed_ips': [{'subnet_id': '193e92a1-5d7f-49e6-acec-ec2dc39502ae', 'ip_address': '10.180.180.158'}], 'enable_snat': True}, 'description': '', 'availability_zones': [], 'distributed': False, 'ha': False, 'availability_zone_hints': [], 'routes': [], 'flavor_id': None, 'tags': [], 'created_at': '2024-10-31T11:28:39Z', 'updated_at': '2024-10-31T11:28:39Z', 'revision_number': 2, 'project_id': 'eabfbceb13fa4254a63e5c69490241a1'}
2024-10-31 11:28:42.372 62767 INFO tempest.lib.common.rest_client [req-6c1f9f3d-1baa-41d7-9b25-69b61a6142f6 req-6c1f9f3d-1baa-41d7-9b25-69b61a6142f6 ] Request (ImagesTestJSON:setUpClass): 200 PUT http://10.180.1.21:9696/networking/v2.0/routers/86fdfc5c-c57c-44bd-993c-b0abcd068604/add_router_interface 2.482s
2024-10-31 11:28:42.372 62767 INFO tempest.lib.common.dynamic_creds [-] Created isolated network resources for: credentials: Credentials: {'domain_id': 'default', 'domain_name': 'Default', 'username': 'tempest-ImagesTestJSON-14409066-project-member', 'project_domain_id': 'default', 'project_domain_name': 'Default', 'project_id': 'a833cd3315d0487cb3badd7b0d330a9a', 'project_name': 'tempest-ImagesTestJSON-14409066', 'tenant_id': 'a833cd3315d0487cb3badd7b0d330a9a', 'tenant_name': 'tempest-ImagesTestJSON-14409066', 'user_domain_id': 'default', 'user_domain_name': 'Default', 'user_id': '691809da402d4a29b085cfe3b22306b2', 'system': None}, Network: {'id': '9b07889f-f8fb-4eed-a587-1e31b05ce03a', 'name': 'tempest-ImagesTestJSON-1446403066-network', 'tenant_id': 'a833cd3315d0487cb3badd7b0d330a9a', 'admin_state_up': True, 'mtu': 8950, 'status': 'ACTIVE', 'subnets': [], 'shared': False, 'project_id': 'a833cd3315d0487cb3badd7b0d330a9a', 'port_security_enabled': True, 'router:external': False, 'provider:network_type': 'vlan', 'provider:physical_network': 'default', 'provider:segmentation_id': 5, 'availability_zone_hints': [], 'availability_zones': [], 'ipv4_address_scope': None, 'ipv6_address_scope': None, 'description': '', 'tags': [], 'created_at': '2024-10-31T11:28:37Z', 'updated_at': '2024-10-31T11:28:37Z', 'revision_number': 1}, Subnet: {'id': '09a5cc66-d714-4fcd-bc09-02bbc9357eba', 'name': 'tempest-ImagesTestJSON-1446403066-subnet', 'tenant_id': 'a833cd3315d0487cb3badd7b0d330a9a', 'network_id': '9b07889f-f8fb-4eed-a587-1e31b05ce03a', 'ip_version': 4, 'subnetpool_id': None, 'enable_dhcp': True, 'ipv6_ra_mode': None, 'ipv6_address_mode': None, 'gateway_ip': '192.168.128.1', 'cidr': '192.168.128.0/28', 'allocation_pools': [{'start': '192.168.128.2', 'end': '192.168.128.14'}], 'host_routes': [], 'dns_nameservers': [], 'description': '', 'router:external': False, 'service_types': [], 'tags': [], 'created_at': '2024-10-31T11:28:37Z', 'updated_at': '2024-10-31T11:28:37Z', 'revision_number': 0, 'project_id': 'a833cd3315d0487cb3badd7b0d330a9a'}, Router: {'id': '86fdfc5c-c57c-44bd-993c-b0abcd068604', 'name': 'tempest-ImagesTestJSON-1446403066-router', 'tenant_id': 'a833cd3315d0487cb3badd7b0d330a9a', 'admin_state_up': True, 'status': 'ACTIVE', 'external_gateway_info': {'network_id': '1eca6941-b0cd-4fc2-8db5-34499910053b', 'external_fixed_ips': [{'subnet_id': '193e92a1-5d7f-49e6-acec-ec2dc39502ae', 'ip_address': '10.180.180.208'}], 'enable_snat': True}, 'description': '', 'availability_zones': [], 'distributed': False, 'ha': False, 'availability_zone_hints': [], 'routes': [], 'flavor_id': None, 'tags': [], 'created_at': '2024-10-31T11:28:37Z', 'updated_at': '2024-10-31T11:28:38Z', 'revision_number': 2, 'project_id': 'a833cd3315d0487cb3badd7b0d330a9a'}
2024-10-31 11:28:42.377 62795 INFO tempest.lib.common.rest_client [req-b4c6d77a-6c13-4864-9d01-2b24a78e13c0 req-b4c6d77a-6c13-4864-9d01-2b24a78e13c0 ] Request (ListImageFiltersTestJSON:setUpClass): 200 GET http://10.180.1.21/compute/v2.1/images/be87184c-908c-4fda-82b5-1b4bac5f1ce5 0.431s
2024-10-31 11:28:42.440 62765 INFO tempest.lib.common.rest_client [req-6cf62663-9a27-4644-9e49-5cfd74e2c03d req-6cf62663-9a27-4644-9e49-5cfd74e2c03d ] Request (ImagesNegativeTestJSON:setUpClass): 201 POST http://10.180.1.21:9696/networking/v2.0/routers 1.586s
2024-10-31 11:28:42.442 62739 INFO tempest.lib.common.rest_client [req-2a9f184e-6c99-4c99-ab94-c8a12ec6f079 req-2a9f184e-6c99-4c99-ab94-c8a12ec6f079 ] Request (VolumesAdminNegativeTest:test_update_attached_volume_with_nonexistent_volume_in_body): 200 GET http://10.180.1.21/compute/v2.1/servers/59fd4a4a-20f5-4b8f-970a-acfc882f45a3 0.439s
2024-10-31 11:28:42.451 62793 INFO tempest.lib.common.rest_client [req-67619fe5-3ad1-43d8-bca4-c3caa4d33653 req-67619fe5-3ad1-43d8-bca4-c3caa4d33653 ] Request (AttachVolumeTestJSON:setUpClass): 201 POST http://10.180.1.21/identity/v3/auth/tokens 0.081s
2024-10-31 11:28:42.488 62775 INFO tempest.lib.common.rest_client [req-2a19e51b-faac-4a37-903e-25da4563eec4 req-2a19e51b-faac-4a37-903e-25da4563eec4 ] Request (VolumesTestJSON:test_volume_list_with_detail_param_offset_and_limit): 200 GET http://10.180.1.21/compute/v2.1/os-volumes/detail 0.440s
2024-10-31 11:28:42.514 62773 INFO tempest.lib.common.rest_client [req-f7dda285-7e42-4727-8b5b-f68a2659c416 req-f7dda285-7e42-4727-8b5b-f68a2659c416 ] Request (FlavorsAdminTestJSON:test_is_public_string_variations): 200 GET http://10.180.1.21/compute/v2.1/flavors/detail?is_public=1 0.446s
2024-10-31 11:28:42.548 62795 INFO tempest.lib.common.rest_client [req-8bd98d55-0d00-423b-ac45-d8920122e1fa req-8bd98d55-0d00-423b-ac45-d8920122e1fa ] Request (ListImageFiltersTestJSON:setUpClass): 201 POST http://10.180.1.21/identity/v3/auth/tokens 0.161s
2024-10-31 11:28:42.549 62795 INFO tempest.lib.common.fixed_network [-] (ListImageFiltersTestJSON:setUpClass) Found network None available for tenant
2024-10-31 11:28:42.556 62767 INFO tempest.lib.common.rest_client [req-e01c9a14-e0ef-4702-9d45-99e371595c4b req-e01c9a14-e0ef-4702-9d45-99e371595c4b ] Request (ImagesTestJSON:setUpClass): 201 POST http://10.180.1.21/identity/v3/auth/tokens 0.178s
2024-10-31 11:28:42.601 62767 INFO tempest.lib.common.rest_client [req-a848f69d-57c2-4f6d-9611-791de21f56a1 req-a848f69d-57c2-4f6d-9611-791de21f56a1 ] Request (ImagesTestJSON:test_create_image_from_stopped_server): 201 POST http://10.180.1.21/identity/v3/auth/tokens 0.041s
2024-10-31 11:28:42.601 62767 INFO tempest.lib.common.fixed_network [-] (ImagesTestJSON:test_create_image_from_stopped_server) Found network {'id': '9b07889f-f8fb-4eed-a587-1e31b05ce03a', 'name': 'tempest-ImagesTestJSON-1446403066-network', 'tenant_id': 'a833cd3315d0487cb3badd7b0d330a9a', 'admin_state_up': True, 'mtu': 8950, 'status': 'ACTIVE', 'subnets': [], 'shared': False, 'project_id': 'a833cd3315d0487cb3badd7b0d330a9a', 'port_security_enabled': True, 'router:external': False, 'provider:network_type': 'vlan', 'provider:physical_network': 'default', 'provider:segmentation_id': 5, 'availability_zone_hints': [], 'availability_zones': [], 'ipv4_address_scope': None, 'ipv6_address_scope': None, 'description': '', 'tags': [], 'created_at': '2024-10-31T11:28:37Z', 'updated_at': '2024-10-31T11:28:37Z', 'revision_number': 1} available for tenant
2024-10-31 11:28:42.642 62777 INFO tempest.lib.common.rest_client [req-abb64c0f-e38c-4ea9-b64f-ab869c3c9e94 req-abb64c0f-e38c-4ea9-b64f-ab869c3c9e94 ] Request (VolumesAssistedSnapshotsTest:test_volume_assisted_snapshot_create_delete): 200 GET http://10.180.1.21/compute/v2.1/servers/24b4c233-c874-452e-a7fc-492ca2a49a09 0.534s
2024-10-31 11:28:42.673 62743 INFO tempest.lib.common.rest_client [req-fd0eeaf9-9d47-4d15-a492-ba9ad3a64e54 req-fd0eeaf9-9d47-4d15-a492-ba9ad3a64e54 ] Request (AggregatesAdminNegativeTestJSON:tearDownClass): 200 GET http://10.180.1.21:9696/networking/v2.0/security-groups?tenant_id=b84c412f488d43db80596e1475652f73&name=default 0.318s
2024-10-31 11:28:42.712 62787 INFO tempest.lib.common.rest_client [req-2087d2a5-8e98-4794-91d0-88755e7cb642 req-2087d2a5-8e98-4794-91d0-88755e7cb642 ] Request (AttachInterfacesUnderV243Test:test_add_remove_fixed_ip): 200 GET http://10.180.1.21/compute/v2.1/servers/20bf8c62-8b80-45c2-98d4-5a960f465aa0 0.591s
2024-10-31 11:28:42.732 62759 INFO tempest.lib.common.rest_client [req-f0db6a32-1b3b-4739-91f0-37f47dd3811f req-f0db6a32-1b3b-4739-91f0-37f47dd3811f ] Request (FlavorsV255TestJSON:tearDownClass): 204 DELETE http://10.180.1.21:9696/networking/v2.0/security-groups/5c03a5dc-6813-4c70-8be4-eed51e7db861 0.410s
2024-10-31 11:28:42.811 62759 INFO tempest.lib.common.rest_client [req-6cd7f9fb-4dd1-44f2-87e6-04977b2a1dfe req-6cd7f9fb-4dd1-44f2-87e6-04977b2a1dfe ] Request (FlavorsV255TestJSON:tearDownClass): 204 DELETE http://10.180.1.21/identity/v3/projects/fefe3ec0bf484751a99ea901d77a0cc3 0.079s
2024-10-31 11:28:42.811 62759 INFO tempest.lib.common.dynamic_creds [-] Deleting project and security group for project: 61519899b83c49f393bac63b16a3cd8d
2024-10-31 11:28:42.826 62743 INFO tempest.lib.common.rest_client [req-b7d7daf0-65fa-42b7-8c4d-cbb3974949d7 req-b7d7daf0-65fa-42b7-8c4d-cbb3974949d7 ] Request (AggregatesAdminNegativeTestJSON:tearDownClass): 204 DELETE http://10.180.1.21:9696/networking/v2.0/security-groups/5b50865a-1850-40ca-845a-ba88daf627c9 0.153s
2024-10-31 11:28:42.828 62753 INFO tempest.lib.common.rest_client [req-ef2b9036-5624-47ef-816a-09d7fdf46431 req-ef2b9036-5624-47ef-816a-09d7fdf46431 ] Request (ServicesAdminNegativeTestJSON:test_get_service_by_invalid_params): 200 GET http://10.180.1.21/compute/v2.1/os-services 0.653s
2024-10-31 11:28:42.904 62755 INFO tempest.lib.common.rest_client [req-233bffc8-e1d2-4c55-a4a7-32f46472ffc8 req-233bffc8-e1d2-4c55-a4a7-32f46472ffc8 ] Request (ImagesOneServerTestJSON:setUpClass): 200 GET http://10.180.1.21/compute/v2.1/servers/1a27278b-b930-4432-90f2-45cdf025c83e 0.729s
2024-10-31 11:28:42.935 62743 INFO tempest.lib.common.rest_client [req-c4c9e510-cabc-4faf-b491-a154337b4d68 req-c4c9e510-cabc-4faf-b491-a154337b4d68 ] Request (AggregatesAdminNegativeTestJSON:tearDownClass): 204 DELETE http://10.180.1.21/identity/v3/projects/b84c412f488d43db80596e1475652f73 0.108s
2024-10-31 11:28:42.935 62743 INFO tempest.lib.common.dynamic_creds [-] Deleting project and security group for project: 9ec272b9c2114babb27492dff9594938
2024-10-31 11:28:42.948 62749 INFO tempest.lib.common.rest_client [req-b6f31a8b-459e-4051-a73c-5017608912e0 req-b6f31a8b-459e-4051-a73c-5017608912e0 ] Request (FloatingIPDetailsTestJSON:tearDownClass): 202 DELETE http://10.180.1.21/compute/v2.1/os-floating-ips/bdf743cf-ef13-41e9-ab45-f08cc0736529 1.039s
2024-10-31 11:28:42.975 62759 INFO tempest.lib.common.rest_client [req-5cf5ec42-10fb-4857-ab17-3d62605e40b1 req-5cf5ec42-10fb-4857-ab17-3d62605e40b1 ] Request (FlavorsV255TestJSON:tearDownClass): 200 GET http://10.180.1.21:9696/networking/v2.0/security-groups?tenant_id=61519899b83c49f393bac63b16a3cd8d&name=default 0.163s
2024-10-31 11:28:42.996 62761 INFO tempest.lib.common.rest_client [req-08c34dbd-4667-49e3-bd14-31e550e18a50 req-08c34dbd-4667-49e3-bd14-31e550e18a50 ] Request (ServerActionsTestJSON:setUpClass): 200 GET http://10.180.1.21/compute/v2.1/servers/d8d4c087-9b0f-48c7-bd05-291a7e2a3e83 0.785s
2024-10-31 11:28:43.020 62786 INFO tempest.lib.common.rest_client [req-ecb30af1-80e9-4530-b538-491e8301b67c req-ecb30af1-80e9-4530-b538-491e8301b67c ] Request (ServersTestFqdnHostnames:test_create_server_with_fqdn_name): 200 GET http://10.180.1.21/compute/v2.1/servers/7a0b2744-2bb0-4eee-9861-418ba67b719c 0.776s
2024-10-31 11:28:43.076 62799 INFO tempest.lib.common.rest_client [req-67a595f7-0b72-4689-bd52-1ca40481214c req-67a595f7-0b72-4689-bd52-1ca40481214c ] Request (DeleteServersAdminTestJSON:test_delete_server_while_in_error_state): 200 GET http://10.180.1.21/compute/v2.1/servers/73142a3f-3be8-4956-90f8-6ca223d2d01f 0.788s
2024-10-31 11:28:43.081 62759 INFO tempest.lib.common.rest_client [req-60bb5ece-a669-4596-99e0-b1fbabc100e7 req-60bb5ece-a669-4596-99e0-b1fbabc100e7 ] Request (FlavorsV255TestJSON:tearDownClass): 204 DELETE http://10.180.1.21:9696/networking/v2.0/security-groups/3c772b53-9f99-4af2-ab78-25d2b03823f7 0.106s
2024-10-31 11:28:43.104 62743 INFO tempest.lib.common.rest_client [req-fe66fa17-3a87-438a-b0eb-9902acefc6d8 req-fe66fa17-3a87-438a-b0eb-9902acefc6d8 ] Request (AggregatesAdminNegativeTestJSON:tearDownClass): 200 GET http://10.180.1.21:9696/networking/v2.0/security-groups?tenant_id=9ec272b9c2114babb27492dff9594938&name=default 0.168s
2024-10-31 11:28:43.143 62751 INFO tempest.lib.common.rest_client [req-9d95aed7-2760-4a9b-9039-b3eddbb6b7b6 req-9d95aed7-2760-4a9b-9039-b3eddbb6b7b6 ] Request (ServerDiskConfigTestJSON:test_rebuild_server_with_auto_disk_config): 200 GET http://10.180.1.21/compute/v2.1/servers/eed1dcc3-d9f9-4211-a4c3-850dcdad72b1 0.793s
2024-10-31 11:28:43.149 62757 INFO tempest.lib.common.rest_client [req-4ea6803c-c517-40f8-8fcf-2cc436647549 req-4ea6803c-c517-40f8-8fcf-2cc436647549 ] Request (QuotasAdminTestV257:test_get_updated_quotas): 200 GET http://10.180.1.21/compute/v2.1/os-quota-sets/a6557e90e73c4a5bb6ecef1f8855ea45/detail 0.879s
2024-10-31 11:28:43.223 62759 INFO tempest.lib.common.rest_client [req-b212e434-1f48-4112-b354-406fa876530b req-b212e434-1f48-4112-b354-406fa876530b ] Request (FlavorsV255TestJSON:tearDownClass): 204 DELETE http://10.180.1.21/identity/v3/projects/61519899b83c49f393bac63b16a3cd8d 0.141s
2024-10-31 11:28:43.225 62782 INFO tempest.lib.common.rest_client [req-da904f14-9301-4dcd-b050-765900c0703a req-da904f14-9301-4dcd-b050-765900c0703a ] Request (ServersAdminNegativeTestJSON:setUpClass): 200 GET http://10.180.1.21/compute/v2.1/servers/9f83ec50-5143-45e1-849a-5c441d2702e2 0.777s
2024-10-31 11:28:43.256 62793 INFO tempest.lib.common.rest_client [req-9c272afc-9a94-4801-9147-192df5f750be req-9c272afc-9a94-4801-9147-192df5f750be ] Request (ValidationResourcesFixture:setUp): 200 POST http://10.180.1.21/compute/v2.1/os-keypairs 0.799s
2024-10-31 11:28:43.261 62757 INFO tempest.lib.common.rest_client [req-21632c3d-91cd-4b11-b534-39d72783b1de req-21632c3d-91cd-4b11-b534-39d72783b1de ] Request (QuotasAdminTestV257:test_get_updated_quotas): 200 GET http://10.180.1.21/identity/v3/domains?name=Default 0.107s
2024-10-31 11:28:43.283 62743 INFO tempest.lib.common.rest_client [req-b7ae90d3-430d-4c8b-a022-b124f04b6c7e req-b7ae90d3-430d-4c8b-a022-b124f04b6c7e ] Request (AggregatesAdminNegativeTestJSON:tearDownClass): 204 DELETE http://10.180.1.21:9696/networking/v2.0/security-groups/677b9f6d-5971-4bef-9b48-bd9482c18ce7 0.179s
2024-10-31 11:28:43.297 62757 INFO tempest.lib.common.rest_client [req-ba5b1391-fd7b-4e54-b727-009859e1bfe8 req-ba5b1391-fd7b-4e54-b727-009859e1bfe8 ] Request (QuotasAdminTestV257:test_get_updated_quotas): 201 POST http://10.180.1.21/identity/v3/users 0.036s
2024-10-31 11:28:43.302 62759 INFO tempest.lib.common.rest_client [req-ddb87475-07f1-4ac6-a193-d27185cec158 req-ddb87475-07f1-4ac6-a193-d27185cec158 ] Request (ServersTestJSON:setUpClass): 201 POST http://10.180.1.21/identity/v3/auth/tokens 0.077s
2024-10-31 11:28:43.306 62775 INFO tempest.lib.common.rest_client [req-bc56382f-1326-4c20-9425-1e681a05c9d0 req-bc56382f-1326-4c20-9425-1e681a05c9d0 ] Request (VolumesTestJSON:test_volume_list_with_detail_param_offset_and_limit): 200 GET http://10.180.1.21/compute/v2.1/os-volumes/detail?offset=1&limit=1 0.815s
2024-10-31 11:28:43.306 62783 INFO tempest.lib.common.rest_client [req-2b114886-3a74-4f81-84fa-d912ba8cd5ca req-2b114886-3a74-4f81-84fa-d912ba8cd5ca ] Request (AttachInterfacesTestJSON:test_create_list_show_delete_interfaces_by_fixed_ip): 200 GET http://10.180.1.21/compute/v2.1/servers/30befad4-aacb-44d5-87ed-4fc6b0e34bd6 0.845s
2024-10-31 11:28:43.325 62757 INFO tempest.lib.common.rest_client [req-b604e998-46d3-4676-b0a7-aeb795af3241 req-b604e998-46d3-4676-b0a7-aeb795af3241 ] Request (QuotasAdminTestV257:test_get_updated_quotas): 200 GET http://10.180.1.21/identity/v3/domains?name=Default 0.027s
2024-10-31 11:28:43.334 62773 INFO tempest.lib.common.rest_client [req-998330c5-b1af-40ab-a3b9-d98d3393fc93 req-998330c5-b1af-40ab-a3b9-d98d3393fc93 ] Request (FlavorsAdminTestJSON:_run_cleanups): 202 DELETE http://10.180.1.21/compute/v2.1/flavors/1856316079 0.814s
2024-10-31 11:28:43.358 62759 INFO tempest.lib.common.rest_client [req-52bf1484-512f-4aba-bc19-b3220ea7243c req-52bf1484-512f-4aba-bc19-b3220ea7243c ] Request (ServersTestJSON:setUpClass): 201 POST http://10.180.1.21/identity/v3/auth/tokens 0.052s
2024-10-31 11:28:43.362 62745 INFO tempest.lib.common.rest_client [req-40215e50-d9c4-475f-8902-0c7a9d33510e req-40215e50-d9c4-475f-8902-0c7a9d33510e ] Request (ServersTestBootFromVolume:setUpClass): 200 GET http://10.180.1.21/volume/v3/volumes/47ea7dbd-681f-4879-a669-091606d1ee4c 0.033s
2024-10-31 11:28:43.390 62743 INFO tempest.lib.common.rest_client [req-977d24eb-9c0d-427f-9783-e70c323b8e3a req-977d24eb-9c0d-427f-9783-e70c323b8e3a ] Request (AggregatesAdminNegativeTestJSON:tearDownClass): 204 DELETE http://10.180.1.21/identity/v3/projects/9ec272b9c2114babb27492dff9594938 0.106s
2024-10-31 11:28:43.410 62763 INFO tempest.lib.common.rest_client [req-7ad461ea-e4fc-457c-98c4-3c8ced8222e8 req-7ad461ea-e4fc-457c-98c4-3c8ced8222e8 ] Request (ImagesOneServerNegativeTestJSON:setUpClass): 200 GET http://10.180.1.21/compute/v2.1/servers/0b1ead99-af3b-41a6-8354-bc451a51133c 0.858s
2024-10-31 11:28:43.421 62743 INFO tempest.lib.common.rest_client [req-5f9606d7-5614-4da6-b849-9e20b570ad34 req-5f9606d7-5614-4da6-b849-9e20b570ad34 ] Request (HypervisorAdminUnderV252Test:setUpClass): 201 POST http://10.180.1.21/identity/v3/auth/tokens 0.029s
2024-10-31 11:28:43.424 62759 INFO tempest.lib.common.rest_client [req-66922b2d-6898-4957-a151-01a07f336e5e req-66922b2d-6898-4957-a151-01a07f336e5e ] Request (ServersTestJSON:setUpClass): 200 GET http://10.180.1.21/identity/v3/domains?name=Default 0.065s
2024-10-31 11:28:43.428 62793 INFO tempest.lib.common.rest_client [req-c7e9f0a9-445c-49c8-9d3e-dc86693aa77f req-c7e9f0a9-445c-49c8-9d3e-dc86693aa77f ] Request (ValidationResourcesFixture:setUp): 201 POST http://10.180.1.21:9696/networking/v2.0/security-groups 0.171s
2024-10-31 11:28:43.456 62743 INFO tempest.lib.common.rest_client [req-0290a601-9294-4085-af11-03645b78ca3e req-0290a601-9294-4085-af11-03645b78ca3e ] Request (HypervisorAdminUnderV252Test:setUpClass): 201 POST http://10.180.1.21/identity/v3/auth/tokens 0.028s
2024-10-31 11:28:43.475 62759 INFO tempest.lib.common.rest_client [req-da4b3dae-8af7-4f15-a45a-dc7335181b84 req-da4b3dae-8af7-4f15-a45a-dc7335181b84 ] Request (ServersTestJSON:setUpClass): 201 POST http://10.180.1.21/identity/v3/projects 0.050s
2024-10-31 11:28:43.476 62791 INFO tempest.lib.common.rest_client [req-bfbe762a-a16d-40a9-aad4-74c1ec9c2bf3 req-bfbe762a-a16d-40a9-aad4-74c1ec9c2bf3 ] Request (MigrationsAdminTest:test_list_migrations_in_flavor_resize_situation): 200 GET http://10.180.1.21/compute/v2.1/servers/18c503dc-6283-4489-a69c-8dead1ec3a0d 0.916s
2024-10-31 11:28:43.486 62743 INFO tempest.lib.common.rest_client [req-8344d8b7-a87c-4897-9caa-06c72f1aca36 req-8344d8b7-a87c-4897-9caa-06c72f1aca36 ] Request (HypervisorAdminUnderV252Test:setUpClass): 200 GET http://10.180.1.21/identity/v3/domains?name=Default 0.029s
2024-10-31 11:28:43.549 62759 INFO tempest.lib.common.rest_client [req-3c710e5f-bb1c-4e3a-8af5-06ee60da4ea7 req-3c710e5f-bb1c-4e3a-8af5-06ee60da4ea7 ] Request (ServersTestJSON:setUpClass): 201 POST http://10.180.1.21/identity/v3/users 0.073s
2024-10-31 11:28:43.557 62793 INFO tempest.lib.common.rest_client [req-37e94e3d-43df-4a5f-b20e-a7a7b3e1495f req-37e94e3d-43df-4a5f-b20e-a7a7b3e1495f ] Request (ValidationResourcesFixture:setUp): 201 POST http://10.180.1.21:9696/networking/v2.0/security-group-rules 0.129s
2024-10-31 11:28:43.579 62743 INFO tempest.lib.common.rest_client [req-cc218656-92c6-481e-a926-7471a785ba26 req-cc218656-92c6-481e-a926-7471a785ba26 ] Request (HypervisorAdminUnderV252Test:setUpClass): 201 POST http://10.180.1.21/identity/v3/projects 0.092s
2024-10-31 11:28:43.624 62759 INFO tempest.lib.common.rest_client [req-47ef4ca4-de31-48f2-94d7-9c1406a62505 req-47ef4ca4-de31-48f2-94d7-9c1406a62505 ] Request (ServersTestJSON:setUpClass): 200 GET http://10.180.1.21/identity/v3/roles 0.075s
2024-10-31 11:28:43.631 62743 INFO tempest.lib.common.rest_client [req-a6fd6805-289c-47c5-bded-030d81af34f9 req-a6fd6805-289c-47c5-bded-030d81af34f9 ] Request (HypervisorAdminUnderV252Test:setUpClass): 201 POST http://10.180.1.21/identity/v3/users 0.050s
2024-10-31 11:28:43.635 62795 INFO tempest.lib.common.rest_client [req-fa417a80-55e3-4106-aabc-7d0e3e09907d req-fa417a80-55e3-4106-aabc-7d0e3e09907d ] Request (ListImageFiltersTestJSON:setUpClass): 202 POST http://10.180.1.21/compute/v2.1/servers 1.086s
2024-10-31 11:28:43.654 62743 INFO tempest.lib.common.rest_client [req-55e88da0-2683-43c1-875e-95d6dd55ad87 req-55e88da0-2683-43c1-875e-95d6dd55ad87 ] Request (HypervisorAdminUnderV252Test:setUpClass): 200 GET http://10.180.1.21/identity/v3/roles 0.023s
2024-10-31 11:28:43.675 62759 INFO tempest.lib.common.rest_client [req-9e18de09-fd3f-467d-95dc-0aacd488b977 req-9e18de09-fd3f-467d-95dc-0aacd488b977 ] Request (ServersTestJSON:setUpClass): 204 PUT http://10.180.1.21/identity/v3/projects/ceab446cb9624596b9015ac0f5ed14ca/users/be85ed0a52cc4ff6bae3dfa8a7bcb6de/roles/bff3832d50e146b6a825d83717c298a5 0.050s
2024-10-31 11:28:43.676 62759 INFO tempest.lib.common.dynamic_creds [-] Dynamic test user be85ed0a52cc4ff6bae3dfa8a7bcb6de is created with scope project and roles: ['member']
2024-10-31 11:28:43.676 62759 INFO tempest.lib.common.dynamic_creds [-] Acquired dynamic creds: credentials: Credentials: {'domain_id': 'default', 'domain_name': 'Default', 'username': 'tempest-ServersTestJSON-1104182753-project-member', 'project_domain_id': 'default', 'project_domain_name': 'Default', 'project_id': 'ceab446cb9624596b9015ac0f5ed14ca', 'project_name': 'tempest-ServersTestJSON-1104182753', 'tenant_id': 'ceab446cb9624596b9015ac0f5ed14ca', 'tenant_name': 'tempest-ServersTestJSON-1104182753', 'user_domain_id': 'default', 'user_domain_name': 'Default', 'user_id': 'be85ed0a52cc4ff6bae3dfa8a7bcb6de', 'system': None}, Network: None, Subnet: None, Router: None
2024-10-31 11:28:43.701 62795 INFO tempest.lib.common.rest_client [req-ee843a22-dec7-426f-a6c1-ba6bcb3c92f7 req-ee843a22-dec7-426f-a6c1-ba6bcb3c92f7 ] Request (ListImageFiltersTestJSON:setUpClass): 201 POST http://10.180.1.21/identity/v3/auth/tokens 0.056s
2024-10-31 11:28:43.702 62795 INFO tempest.lib.common.fixed_network [-] (ListImageFiltersTestJSON:setUpClass) Found network None available for tenant
2024-10-31 11:28:43.725 62765 INFO tempest.lib.common.rest_client [req-f330bf6a-a6f6-4c51-92b4-3859139eed59 req-f330bf6a-a6f6-4c51-92b4-3859139eed59 ] Request (ImagesNegativeTestJSON:setUpClass): 200 PUT http://10.180.1.21:9696/networking/v2.0/routers/93f25c13-28dd-4b82-b3d4-3c276708fb67/add_router_interface 1.284s
2024-10-31 11:28:43.726 62765 INFO tempest.lib.common.dynamic_creds [-] Created isolated network resources for: credentials: Credentials: {'domain_id': 'default', 'domain_name': 'Default', 'username': 'tempest-ImagesNegativeTestJSON-829730830-project-member', 'project_domain_id': 'default', 'project_domain_name': 'Default', 'project_id': 'cf42b935c4ad41daa4677f545933c91d', 'project_name': 'tempest-ImagesNegativeTestJSON-829730830', 'tenant_id': 'cf42b935c4ad41daa4677f545933c91d', 'tenant_name': 'tempest-ImagesNegativeTestJSON-829730830', 'user_domain_id': 'default', 'user_domain_name': 'Default', 'user_id': '73f24827427c46f6a77b1bec996a1355', 'system': None}, Network: {'id': 'e70edaeb-f6ac-4412-87c7-7732e1140794', 'name': 'tempest-ImagesNegativeTestJSON-927673591-network', 'tenant_id': 'cf42b935c4ad41daa4677f545933c91d', 'admin_state_up': True, 'mtu': 8950, 'status': 'ACTIVE', 'subnets': [], 'shared': False, 'project_id': 'cf42b935c4ad41daa4677f545933c91d', 'port_security_enabled': True, 'router:external': False, 'provider:network_type': 'vlan', 'provider:physical_network': 'default', 'provider:segmentation_id': 491, 'availability_zone_hints': [], 'availability_zones': [], 'ipv4_address_scope': None, 'ipv6_address_scope': None, 'description': '', 'tags': [], 'created_at': '2024-10-31T11:28:40Z', 'updated_at': '2024-10-31T11:28:40Z', 'revision_number': 1}, Subnet: {'id': '1715822d-8726-4956-8907-2ec5fd2c1050', 'name': 'tempest-ImagesNegativeTestJSON-927673591-subnet', 'tenant_id': 'cf42b935c4ad41daa4677f545933c91d', 'network_id': 'e70edaeb-f6ac-4412-87c7-7732e1140794', 'ip_version': 4, 'subnetpool_id': None, 'enable_dhcp': True, 'ipv6_ra_mode': None, 'ipv6_address_mode': None, 'gateway_ip': '192.168.128.1', 'cidr': '192.168.128.0/28', 'allocation_pools': [{'start': '192.168.128.2', 'end': '192.168.128.14'}], 'host_routes': [], 'dns_nameservers': [], 'description': '', 'router:external': False, 'service_types': [], 'tags': [], 'created_at': '2024-10-31T11:28:40Z', 'updated_at': '2024-10-31T11:28:40Z', 'revision_number': 0, 'project_id': 'cf42b935c4ad41daa4677f545933c91d'}, Router: {'id': '93f25c13-28dd-4b82-b3d4-3c276708fb67', 'name': 'tempest-ImagesNegativeTestJSON-927673591-router', 'tenant_id': 'cf42b935c4ad41daa4677f545933c91d', 'admin_state_up': True, 'status': 'ACTIVE', 'external_gateway_info': {'network_id': '1eca6941-b0cd-4fc2-8db5-34499910053b', 'external_fixed_ips': [{'subnet_id': '193e92a1-5d7f-49e6-acec-ec2dc39502ae', 'ip_address': '10.180.180.187'}], 'enable_snat': True}, 'description': '', 'availability_zones': [], 'distributed': False, 'ha': False, 'availability_zone_hints': [], 'routes': [], 'flavor_id': None, 'tags': [], 'created_at': '2024-10-31T11:28:40Z', 'updated_at': '2024-10-31T11:28:41Z', 'revision_number': 2, 'project_id': 'cf42b935c4ad41daa4677f545933c91d'}
2024-10-31 11:28:43.726 62759 INFO tempest.lib.common.rest_client [req-9ee4c110-8468-42f0-b864-42273ef97311 req-9ee4c110-8468-42f0-b864-42273ef97311 ] Request (ServersTestJSON:setUpClass): 201 POST http://10.180.1.21/identity/v3/auth/tokens 0.050s
2024-10-31 11:28:43.733 62743 INFO tempest.lib.common.rest_client [req-e4bf297f-0a1a-445d-8447-2f5524cb11d4 req-e4bf297f-0a1a-445d-8447-2f5524cb11d4 ] Request (HypervisorAdminUnderV252Test:setUpClass): 204 PUT http://10.180.1.21/identity/v3/projects/f33dd41eaeaa47b8a4c75caf82dc6e4b/users/9686b9d9170c4283b4857506467d3145/roles/bff3832d50e146b6a825d83717c298a5 0.077s
2024-10-31 11:28:43.733 62743 INFO tempest.lib.common.dynamic_creds [-] Dynamic test user 9686b9d9170c4283b4857506467d3145 is created with scope project and roles: ['member']
2024-10-31 11:28:43.733 62743 INFO tempest.lib.common.dynamic_creds [-] Acquired dynamic creds: credentials: Credentials: {'domain_id': 'default', 'domain_name': 'Default', 'username': 'tempest-HypervisorAdminUnderV252Test-1237941780-project-member', 'project_domain_id': 'default', 'project_domain_name': 'Default', 'project_id': 'f33dd41eaeaa47b8a4c75caf82dc6e4b', 'project_name': 'tempest-HypervisorAdminUnderV252Test-1237941780', 'tenant_id': 'f33dd41eaeaa47b8a4c75caf82dc6e4b', 'tenant_name': 'tempest-HypervisorAdminUnderV252Test-1237941780', 'user_domain_id': 'default', 'user_domain_name': 'Default', 'user_id': '9686b9d9170c4283b4857506467d3145', 'system': None}, Network: None, Subnet: None, Router: None
2024-10-31 11:28:43.733 62743 INFO tempest.lib.common.dynamic_creds [-] Created isolated network resources for: credentials: Credentials: {'domain_id': 'default', 'domain_name': 'Default', 'username': 'tempest-HypervisorAdminUnderV252Test-1237941780-project-member', 'project_domain_id': 'default', 'project_domain_name': 'Default', 'project_id': 'f33dd41eaeaa47b8a4c75caf82dc6e4b', 'project_name': 'tempest-HypervisorAdminUnderV252Test-1237941780', 'tenant_id': 'f33dd41eaeaa47b8a4c75caf82dc6e4b', 'tenant_name': 'tempest-HypervisorAdminUnderV252Test-1237941780', 'user_domain_id': 'default', 'user_domain_name': 'Default', 'user_id': '9686b9d9170c4283b4857506467d3145', 'system': None}, Network: None, Subnet: None, Router: None
2024-10-31 11:28:43.738 62793 INFO tempest.lib.common.rest_client [req-7f7878f4-e82a-4a29-b18b-7de5f76e3334 req-7f7878f4-e82a-4a29-b18b-7de5f76e3334 ] Request (ValidationResourcesFixture:setUp): 201 POST http://10.180.1.21:9696/networking/v2.0/security-group-rules 0.180s
2024-10-31 11:28:43.738 62747 INFO tempest.lib.common.rest_client [req-2485f24d-b326-4dd4-8363-d4ea55b80c72 req-2485f24d-b326-4dd4-8363-d4ea55b80c72 ] Request (ServersAdminTestJSON:setUpClass): 200 GET http://10.180.1.21/compute/v2.1/servers/78599fa1-be64-4797-92a9-ebc3a40b59a1 1.096s
2024-10-31 11:28:43.810 62797 INFO tempest.lib.common.rest_client [req-3e08d0ad-cb48-482f-b10a-ba13d1e96a05 req-3e08d0ad-cb48-482f-b10a-ba13d1e96a05 ] Request (ServersWithSpecificFlavorTestJSON:test_verify_created_server_ephemeral_disk): 200 GET http://10.180.1.21/compute/v2.1/servers/5a1af72f-71c8-42de-aa71-f011d85210a5 1.166s
2024-10-31 11:28:43.811 62765 INFO tempest.lib.common.rest_client [req-b5e915fe-b1e1-4407-9ec5-8f6e29ae3254 req-b5e915fe-b1e1-4407-9ec5-8f6e29ae3254 ] Request (ImagesNegativeTestJSON:setUpClass): 201 POST http://10.180.1.21/identity/v3/auth/tokens 0.080s
2024-10-31 11:28:43.859 62765 INFO tempest.lib.common.rest_client [req-28d50353-878d-4425-9802-a6f4cefe1fcb req-28d50353-878d-4425-9802-a6f4cefe1fcb ] Request (ImagesNegativeTestJSON:test_create_image_from_deleted_server): 201 POST http://10.180.1.21/identity/v3/auth/tokens 0.041s
2024-10-31 11:28:43.859 62765 INFO tempest.lib.common.fixed_network [-] (ImagesNegativeTestJSON:test_create_image_from_deleted_server) Found network {'id': 'e70edaeb-f6ac-4412-87c7-7732e1140794', 'name': 'tempest-ImagesNegativeTestJSON-927673591-network', 'tenant_id': 'cf42b935c4ad41daa4677f545933c91d', 'admin_state_up': True, 'mtu': 8950, 'status': 'ACTIVE', 'subnets': [], 'shared': False, 'project_id': 'cf42b935c4ad41daa4677f545933c91d', 'port_security_enabled': True, 'router:external': False, 'provider:network_type': 'vlan', 'provider:physical_network': 'default', 'provider:segmentation_id': 491, 'availability_zone_hints': [], 'availability_zones': [], 'ipv4_address_scope': None, 'ipv6_address_scope': None, 'description': '', 'tags': [], 'created_at': '2024-10-31T11:28:40Z', 'updated_at': '2024-10-31T11:28:40Z', 'revision_number': 1} available for tenant
2024-10-31 11:28:43.880 62743 INFO tempest.lib.common.rest_client [req-18e41ac9-3d7c-489d-a13c-ffd451b3b027 req-18e41ac9-3d7c-489d-a13c-ffd451b3b027 ] Request (HypervisorAdminUnderV252Test:setUpClass): 201 POST http://10.180.1.21/identity/v3/auth/tokens 0.144s
2024-10-31 11:28:43.894 62769 INFO tempest.lib.common.rest_client [req-d6c954fb-27ca-44af-aa69-c825698c1df6 req-d6c954fb-27ca-44af-aa69-c825698c1df6 ] Request (FloatingIPsAssociationTestJSON:setUpClass): 200 GET http://10.180.1.21/compute/v2.1/servers/a8d8e232-6096-4da3-8f2c-65a5e5f713ae 1.150s
2024-10-31 11:28:43.923 62743 INFO tempest.lib.common.rest_client [req-42e6c298-49fa-49c7-9c9a-be85ae5b46bd req-42e6c298-49fa-49c7-9c9a-be85ae5b46bd ] Request (HypervisorAdminUnderV252Test:setUpClass): 201 POST http://10.180.1.21/identity/v3/projects 0.042s
2024-10-31 11:28:43.986 62771 INFO tempest.lib.common.rest_client [req-f28df05c-9f54-4d32-bdc1-002d31100b19 req-f28df05c-9f54-4d32-bdc1-002d31100b19 ] Request (ServerDiagnosticsV248Test:tearDownClass): 200 GET http://10.180.1.21/compute/v2.1/servers/90e42997-a34c-4a39-8d2f-7ab0ed19f028 1.240s
2024-10-31 11:28:43.997 62743 INFO tempest.lib.common.rest_client [req-1ee60bcf-7969-4223-9caf-7b03c5e6c36c req-1ee60bcf-7969-4223-9caf-7b03c5e6c36c ] Request (HypervisorAdminUnderV252Test:setUpClass): 201 POST http://10.180.1.21/identity/v3/users 0.074s
2024-10-31 11:28:44.013 62753 INFO tempest.lib.common.rest_client [req-333600b0-d15d-4753-884d-b1ad64294e2a req-333600b0-d15d-4753-884d-b1ad64294e2a ] Request (ServicesAdminNegativeTestJSON:test_get_service_by_invalid_params): 200 GET http://10.180.1.21/compute/v2.1/os-services?xxx=nova-compute 1.182s
2024-10-31 11:28:44.025 62743 INFO tempest.lib.common.rest_client [req-39286f66-6af3-44f2-a733-082e7e157a19 req-39286f66-6af3-44f2-a733-082e7e157a19 ] Request (HypervisorAdminUnderV252Test:setUpClass): 200 GET http://10.180.1.21/identity/v3/roles 0.027s
2024-10-31 11:28:44.042 62767 INFO tempest.lib.common.rest_client [req-856c8a58-cdb0-4f72-ae8c-c9a975e5795d req-856c8a58-cdb0-4f72-ae8c-c9a975e5795d ] Request (ImagesTestJSON:test_create_image_from_stopped_server): 202 POST http://10.180.1.21/compute/v2.1/servers 1.439s
