2024-10-31 11:28:44.069 62743 INFO tempest.lib.common.rest_client [req-78f42e14-1a1a-450c-9e9f-68a00b7279a4 req-78f42e14-1a1a-450c-9e9f-68a00b7279a4 ] Request (HypervisorAdminUnderV252Test:setUpClass): 204 PUT http://10.180.1.21/identity/v3/projects/b567de2a82014c9795408e06c958c43c/users/0f2e5bec012c4dcf9baa6db9827bf9c2/roles/51060002c2a54863ae6faa3da3a55839 0.043s
2024-10-31 11:28:44.126 62741 INFO tempest.lib.common.rest_client [req-f28b81b5-dc19-444d-ab56-d8c574fd9d0a req-f28b81b5-dc19-444d-ab56-d8c574fd9d0a ] Request (ServersAdmin275Test:test_rebuild_update_server_275): 200 GET http://10.180.1.21/compute/v2.1/servers/c4a88e75-690f-4bed-a4f9-a0de3b193eff 0.946s
2024-10-31 11:28:44.152 62743 INFO tempest.lib.common.rest_client [req-372548a4-3d12-4fee-8c0c-266604dd0fcc req-372548a4-3d12-4fee-8c0c-266604dd0fcc ] Request (HypervisorAdminUnderV252Test:setUpClass): 200 GET http://10.180.1.21/identity/v3/roles 0.082s
2024-10-31 11:28:44.166 62775 INFO tempest.lib.common.rest_client [req-fe78ee26-7807-4f7e-ac1d-5c6ac654e612 req-fe78ee26-7807-4f7e-ac1d-5c6ac654e612 ] Request (VolumesTestJSON:test_volume_list_with_details): 200 GET http://10.180.1.21/compute/v2.1/os-volumes/detail 0.854s
2024-10-31 11:28:44.178 62743 INFO tempest.lib.common.rest_client [req-9217031c-9655-4cae-95bf-c6dcdd479794 req-9217031c-9655-4cae-95bf-c6dcdd479794 ] Request (HypervisorAdminUnderV252Test:setUpClass): 204 PUT http://10.180.1.21/identity/v3/projects/b567de2a82014c9795408e06c958c43c/users/0f2e5bec012c4dcf9baa6db9827bf9c2/roles/51060002c2a54863ae6faa3da3a55839 0.025s
2024-10-31 11:28:44.178 62743 INFO tempest.lib.common.dynamic_creds [-] Dynamic test user 0f2e5bec012c4dcf9baa6db9827bf9c2 is created with scope project and roles: ['admin']
2024-10-31 11:28:44.178 62743 INFO tempest.lib.common.dynamic_creds [-] Acquired dynamic creds: credentials: Credentials: {'domain_id': 'default', 'domain_name': 'Default', 'username': 'tempest-HypervisorAdminUnderV252Test-856913273-project-admin', 'project_domain_id': 'default', 'project_domain_name': 'Default', 'project_id': 'b567de2a82014c9795408e06c958c43c', 'project_name': 'tempest-HypervisorAdminUnderV252Test-856913273', 'tenant_id': 'b567de2a82014c9795408e06c958c43c', 'tenant_name': 'tempest-HypervisorAdminUnderV252Test-856913273', 'user_domain_id': 'default', 'user_domain_name': 'Default', 'user_id': '0f2e5bec012c4dcf9baa6db9827bf9c2', 'system': None}, Network: None, Subnet: None, Router: None
2024-10-31 11:28:44.179 62743 INFO tempest.lib.common.dynamic_creds [-] Created isolated network resources for: credentials: Credentials: {'domain_id': 'default', 'domain_name': 'Default', 'username': 'tempest-HypervisorAdminUnderV252Test-856913273-project-admin', 'project_domain_id': 'default', 'project_domain_name': 'Default', 'project_id': 'b567de2a82014c9795408e06c958c43c', 'project_name': 'tempest-HypervisorAdminUnderV252Test-856913273', 'tenant_id': 'b567de2a82014c9795408e06c958c43c', 'tenant_name': 'tempest-HypervisorAdminUnderV252Test-856913273', 'user_domain_id': 'default', 'user_domain_name': 'Default', 'user_id': '0f2e5bec012c4dcf9baa6db9827bf9c2', 'system': None}, Network: None, Subnet: None, Router: None
2024-10-31 11:28:44.254 62775 INFO tempest.lib.common.rest_client [req-caf9f43c-2500-4bf2-8cae-9792949198ac req-caf9f43c-2500-4bf2-8cae-9792949198ac ] Request (VolumesTestJSON:tearDownClass): 202 DELETE http://10.180.1.21/volume/v3/volumes/8892a59b-b5d6-445f-9d5e-cb42191fe464 0.080s
2024-10-31 11:28:44.307 62775 INFO tempest.lib.common.rest_client [req-6c630c1d-50d6-4e21-8141-65a6bd52ae63 req-6c630c1d-50d6-4e21-8141-65a6bd52ae63 ] Request (VolumesTestJSON:tearDownClass): 200 GET http://10.180.1.21/volume/v3/volumes/8892a59b-b5d6-445f-9d5e-cb42191fe464 0.053s
2024-10-31 11:28:44.322 62759 INFO tempest.lib.common.rest_client [req-a787476b-910e-4de0-a4b6-3fa87bdebdb6 req-a787476b-910e-4de0-a4b6-3fa87bdebdb6 ] Request (ServersTestJSON:setUpClass): 201 POST http://10.180.1.21:9696/networking/v2.0/networks 0.595s
2024-10-31 11:28:44.333 62743 INFO tempest.lib.common.rest_client [req-3de13936-82b5-47a0-bfcb-69eaff09d1cc req-3de13936-82b5-47a0-bfcb-69eaff09d1cc ] Request (HypervisorAdminUnderV252Test:setUpClass): 201 POST http://10.180.1.21/identity/v3/auth/tokens 0.149s
2024-10-31 11:28:44.408 62745 INFO tempest.lib.common.rest_client [req-9aba84ab-603f-4772-af2f-8eba05d7ecd0 req-9aba84ab-603f-4772-af2f-8eba05d7ecd0 ] Request (ServersTestBootFromVolume:setUpClass): 200 GET http://10.180.1.21/volume/v3/volumes/47ea7dbd-681f-4879-a669-091606d1ee4c 0.035s
2024-10-31 11:28:44.416 62745 INFO tempest.common.waiters [-] volume 47ea7dbd-681f-4879-a669-091606d1ee4c reached available after waiting for 19.416475 seconds
2024-10-31 11:28:44.435 62757 INFO tempest.lib.common.rest_client [req-e9d55fa8-460a-4315-9c3f-df9a19dd530c req-e9d55fa8-460a-4315-9c3f-df9a19dd530c ] Request (QuotasAdminTestV257:test_get_updated_quotas): 200 PUT http://10.180.1.21/compute/v2.1/os-quota-sets/a6557e90e73c4a5bb6ecef1f8855ea45?user_id=99da7eb92cb6456693c0c911393a9bb2 1.110s
2024-10-31 11:28:44.458 62773 INFO tempest.lib.common.rest_client [req-d32e2445-9815-4513-a518-be552db15081 req-d32e2445-9815-4513-a518-be552db15081 ] Request (FlavorsAdminTestJSON:_run_cleanups): 200 GET http://10.180.1.21/compute/v2.1/flavors/detail 1.120s
2024-10-31 11:28:44.529 62803 INFO tempest.lib.common.rest_client [req-b13fc497-6454-45af-9aca-a8bcb996c5a0 req-b13fc497-6454-45af-9aca-a8bcb996c5a0 ] Request (ServerActionsTestOtherB:setUpClass): 200 GET http://10.180.1.21/compute/v2.1/servers/bef7d4e7-9af2-4071-ae6d-bdbfa7f46460 1.179s
2024-10-31 11:28:44.596 62793 INFO tempest.lib.common.rest_client [req-1f62731f-00c7-404f-a215-dbce3dc73529 req-1f62731f-00c7-404f-a215-dbce3dc73529 ] Request (ValidationResourcesFixture:setUp): 201 POST http://10.180.1.21:9696/networking/v2.0/floatingips 0.858s
2024-10-31 11:28:44.612 62739 INFO tempest.lib.common.rest_client [req-7cec57dc-c105-44b5-811c-9efa371c70f2 req-7cec57dc-c105-44b5-811c-9efa371c70f2 ] Request (VolumesAdminNegativeTest:test_update_attached_volume_with_nonexistent_volume_in_body): 200 GET http://10.180.1.21/compute/v2.1/servers/59fd4a4a-20f5-4b8f-970a-acfc882f45a3 1.158s
2024-10-31 11:28:44.661 62759 INFO tempest.lib.common.rest_client [req-a256888c-7d11-4faf-ba3b-6f2cb860b849 req-a256888c-7d11-4faf-ba3b-6f2cb860b849 ] Request (ServersTestJSON:setUpClass): 201 POST http://10.180.1.21:9696/networking/v2.0/subnets 0.338s
2024-10-31 11:28:44.677 62749 INFO tempest.lib.common.rest_client [req-74b1205d-3a82-487f-8a7c-f471f51e0237 req-74b1205d-3a82-487f-8a7c-f471f51e0237 ] Request (FloatingIPDetailsTestJSON:tearDownClass): 202 DELETE http://10.180.1.21/compute/v2.1/os-floating-ips/48104f97-9a19-493a-97d8-668a3726a64a 1.728s
2024-10-31 11:28:44.678 62777 INFO tempest.lib.common.rest_client [req-28888f2b-0960-4fe9-a905-6c7c4f77a999 req-28888f2b-0960-4fe9-a905-6c7c4f77a999 ] Request (VolumesAssistedSnapshotsTest:test_volume_assisted_snapshot_create_delete): 200 GET http://10.180.1.21/compute/v2.1/servers/24b4c233-c874-452e-a7fc-492ca2a49a09 1.028s
2024-10-31 11:28:44.685 62793 INFO tempest.lib.common.rest_client [req-3e97626d-ed52-4895-b778-f8166b0f2a5d req-3e97626d-ed52-4895-b778-f8166b0f2a5d ] Request (AttachVolumeTestJSON:test_attach_detach_volume): 201 POST http://10.180.1.21/identity/v3/auth/tokens 0.084s
2024-10-31 11:28:44.685 62793 INFO tempest.lib.common.fixed_network [-] (AttachVolumeTestJSON:test_attach_detach_volume) Found network {'id': '5b203e8a-e3e4-4475-b56b-da5090417567', 'name': 'tempest-AttachVolumeTestJSON-2012514391-network', 'tenant_id': 'eabfbceb13fa4254a63e5c69490241a1', 'admin_state_up': True, 'mtu': 8950, 'status': 'ACTIVE', 'subnets': [], 'shared': False, 'project_id': 'eabfbceb13fa4254a63e5c69490241a1', 'port_security_enabled': True, 'router:external': False, 'provider:network_type': 'vlan', 'provider:physical_network': 'default', 'provider:segmentation_id': 697, 'availability_zone_hints': [], 'availability_zones': [], 'ipv4_address_scope': None, 'ipv6_address_scope': None, 'description': '', 'tags': [], 'created_at': '2024-10-31T11:28:38Z', 'updated_at': '2024-10-31T11:28:38Z', 'revision_number': 1} available for tenant
2024-10-31 11:28:44.733 62787 INFO tempest.lib.common.rest_client [req-8b407d33-e30b-4200-bf37-6bf23724e193 req-8b407d33-e30b-4200-bf37-6bf23724e193 ] Request (AttachInterfacesUnderV243Test:test_add_remove_fixed_ip): 200 GET http://10.180.1.21/compute/v2.1/servers/20bf8c62-8b80-45c2-98d4-5a960f465aa0 1.012s
2024-10-31 11:28:44.958 62795 INFO tempest.lib.common.rest_client [req-812ef84d-18c3-4e01-ae3f-ea5c4ae1494f req-812ef84d-18c3-4e01-ae3f-ea5c4ae1494f ] Request (ListImageFiltersTestJSON:setUpClass): 202 POST http://10.180.1.21/compute/v2.1/servers 1.255s
2024-10-31 11:28:45.016 62755 INFO tempest.lib.common.rest_client [req-8887ebe0-514c-4434-8451-b0b7d4290680 req-8887ebe0-514c-4434-8451-b0b7d4290680 ] Request (ImagesOneServerTestJSON:setUpClass): 200 GET http://10.180.1.21/compute/v2.1/servers/1a27278b-b930-4432-90f2-45cdf025c83e 1.100s
2024-10-31 11:28:45.077 62761 INFO tempest.lib.common.rest_client [req-a0ecb210-3b8c-4c08-815b-5bf65370c5e1 req-a0ecb210-3b8c-4c08-815b-5bf65370c5e1 ] Request (ServerActionsTestJSON:setUpClass): 200 GET http://10.180.1.21/compute/v2.1/servers/d8d4c087-9b0f-48c7-bd05-291a7e2a3e83 1.069s
2024-10-31 11:28:45.105 62765 INFO tempest.lib.common.rest_client [req-b638fdbf-443c-4fc0-ac4f-b9d527537434 req-b638fdbf-443c-4fc0-ac4f-b9d527537434 ] Request (ImagesNegativeTestJSON:test_create_image_from_deleted_server): 202 POST http://10.180.1.21/compute/v2.1/servers 1.245s
2024-10-31 11:28:45.112 62753 INFO tempest.lib.common.rest_client [req-51483e3b-e732-41f5-92ee-8c7c44209023 req-51483e3b-e732-41f5-92ee-8c7c44209023 ] Request (ServicesAdminNegativeTestJSON:test_get_service_by_invalid_service_and_valid_host): 200 GET http://10.180.1.21/compute/v2.1/os-services 1.096s
2024-10-31 11:28:45.164 62786 INFO tempest.lib.common.rest_client [req-ef7abe13-8727-453d-87f7-932cc4b0148b req-ef7abe13-8727-453d-87f7-932cc4b0148b ] Request (ServersTestFqdnHostnames:test_create_server_with_fqdn_name): 200 GET http://10.180.1.21/compute/v2.1/servers/7a0b2744-2bb0-4eee-9861-418ba67b719c 1.134s
2024-10-31 11:28:45.169 62767 INFO tempest.lib.common.rest_client [req-8c4e5edc-d5d7-4416-8ed6-ac465ca958ae req-8c4e5edc-d5d7-4416-8ed6-ac465ca958ae ] Request (ImagesTestJSON:test_create_image_from_stopped_server): 200 GET http://10.180.1.21/compute/v2.1/servers/0acb10f9-3d1e-4621-9b7f-dd7c6b1f86b4 1.126s
2024-10-31 11:28:45.211 62799 INFO tempest.lib.common.rest_client [req-22e9421a-67aa-48f6-bcd8-801e664afcbc req-22e9421a-67aa-48f6-bcd8-801e664afcbc ] Request (DeleteServersAdminTestJSON:test_delete_server_while_in_error_state): 200 GET http://10.180.1.21/compute/v2.1/servers/73142a3f-3be8-4956-90f8-6ca223d2d01f 1.122s
2024-10-31 11:28:45.231 62751 INFO tempest.lib.common.rest_client [req-2b41f366-232e-4f17-bfcb-2068661c9a75 req-2b41f366-232e-4f17-bfcb-2068661c9a75 ] Request (ServerDiskConfigTestJSON:test_rebuild_server_with_auto_disk_config): 200 GET http://10.180.1.21/compute/v2.1/servers/eed1dcc3-d9f9-4211-a4c3-850dcdad72b1 1.077s
2024-10-31 11:28:45.269 62782 INFO tempest.lib.common.rest_client [req-2ce1e664-0d6d-4cd7-9506-5b70cc6886e7 req-2ce1e664-0d6d-4cd7-9506-5b70cc6886e7 ] Request (ServersAdminNegativeTestJSON:setUpClass): 200 GET http://10.180.1.21/compute/v2.1/servers/9f83ec50-5143-45e1-849a-5c441d2702e2 1.035s
2024-10-31 11:28:45.294 62783 INFO tempest.lib.common.rest_client [req-feff9298-95d6-4a1f-b2d0-32f6983963d3 req-feff9298-95d6-4a1f-b2d0-32f6983963d3 ] Request (AttachInterfacesTestJSON:test_create_list_show_delete_interfaces_by_fixed_ip): 200 GET http://10.180.1.21/compute/v2.1/servers/30befad4-aacb-44d5-87ed-4fc6b0e34bd6 0.976s
2024-10-31 11:28:45.320 62743 INFO tempest.lib.common.rest_client [req-5bc1b118-9715-466a-b5a9-5f2dc843bfa0 req-5bc1b118-9715-466a-b5a9-5f2dc843bfa0 ] Request (HypervisorAdminUnderV252Test:test_get_hypervisor_show_servers): 200 GET http://10.180.1.21/compute/v2.1/os-hypervisors 0.986s
2024-10-31 11:28:45.334 62775 INFO tempest.lib.common.rest_client [req-ef50f435-3e7a-4935-8c3b-2589deaffc8f req-ef50f435-3e7a-4935-8c3b-2589deaffc8f ] Request (VolumesTestJSON:tearDownClass): 404 GET http://10.180.1.21/volume/v3/volumes/8892a59b-b5d6-445f-9d5e-cb42191fe464 0.014s
2024-10-31 11:28:45.379 62775 INFO tempest.lib.common.rest_client [req-54aea295-4d1f-4b38-a006-aa703f236231 req-54aea295-4d1f-4b38-a006-aa703f236231 ] Request (VolumesTestJSON:tearDownClass): 202 DELETE http://10.180.1.21/volume/v3/volumes/e38e5bca-be9c-4331-b5f3-7d6b1893c8a9 0.044s
2024-10-31 11:28:45.387 62763 INFO tempest.lib.common.rest_client [req-f44f96c3-154a-413d-a743-67bc0b74d5fe req-f44f96c3-154a-413d-a743-67bc0b74d5fe ] Request (ImagesOneServerNegativeTestJSON:setUpClass): 200 GET http://10.180.1.21/compute/v2.1/servers/0b1ead99-af3b-41a6-8354-bc451a51133c 0.969s
2024-10-31 11:28:45.410 62775 INFO tempest.lib.common.rest_client [req-3100708a-bd84-4be1-910f-0d338af0f731 req-3100708a-bd84-4be1-910f-0d338af0f731 ] Request (VolumesTestJSON:tearDownClass): 200 GET http://10.180.1.21/volume/v3/volumes/e38e5bca-be9c-4331-b5f3-7d6b1893c8a9 0.031s
2024-10-31 11:28:45.511 62757 INFO tempest.lib.common.rest_client [req-c958a14f-7593-405c-b0f3-0ab730e3f108 req-c958a14f-7593-405c-b0f3-0ab730e3f108 ] Request (QuotasAdminTestV257:test_get_updated_quotas): 200 GET http://10.180.1.21/compute/v2.1/os-quota-sets/a6557e90e73c4a5bb6ecef1f8855ea45?user_id=99da7eb92cb6456693c0c911393a9bb2 1.074s
2024-10-31 11:28:45.530 62773 INFO tempest.lib.common.rest_client [req-8474fade-1082-44d7-a3b2-97e8526fb8f8 req-8474fade-1082-44d7-a3b2-97e8526fb8f8 ] Request (FlavorsAdminTestJSON:_run_cleanups): 202 DELETE http://10.180.1.21/compute/v2.1/flavors/700774102 1.067s
2024-10-31 11:28:45.549 62759 INFO tempest.lib.common.rest_client [req-21611f97-a35c-422a-80bd-9b0790bec076 req-21611f97-a35c-422a-80bd-9b0790bec076 ] Request (ServersTestJSON:setUpClass): 201 POST http://10.180.1.21:9696/networking/v2.0/routers 0.888s
2024-10-31 11:28:45.623 62791 INFO tempest.lib.common.rest_client [req-6048461e-574d-4e13-b5a8-591a17ee6dd7 req-6048461e-574d-4e13-b5a8-591a17ee6dd7 ] Request (MigrationsAdminTest:test_list_migrations_in_flavor_resize_situation): 200 GET http://10.180.1.21/compute/v2.1/servers/18c503dc-6283-4489-a69c-8dead1ec3a0d 1.136s
2024-10-31 11:28:45.668 62757 INFO tempest.lib.common.rest_client [req-426130e7-f602-4a39-9309-7243329b9c46 req-426130e7-f602-4a39-9309-7243329b9c46 ] Request (QuotasAdminTestV257:_run_cleanups): 204 DELETE http://10.180.1.21/identity/v3/users/99da7eb92cb6456693c0c911393a9bb2 0.155s
2024-10-31 11:28:45.819 62757 INFO tempest.lib.common.rest_client [req-dc3a1122-8b0e-4b09-a773-bb73ad9b69ae req-dc3a1122-8b0e-4b09-a773-bb73ad9b69ae ] Request (QuotasAdminTestV257:_run_cleanups): 204 DELETE http://10.180.1.21/identity/v3/projects/a6557e90e73c4a5bb6ecef1f8855ea45 0.150s
2024-10-31 11:28:45.942 62757 INFO tempest.lib.common.rest_client [req-b28bef38-a690-4d02-84b4-08511d786983 req-b28bef38-a690-4d02-84b4-08511d786983 ] Request (QuotasAdminTestV257:tearDownClass): 204 DELETE http://10.180.1.21/identity/v3/users/eab23e56749f45c19a5061ec6d6dd12f 0.120s
2024-10-31 11:28:46.037 62757 INFO tempest.lib.common.rest_client [req-6a33d5ff-ce4f-43b2-8009-f31d76205bf5 req-6a33d5ff-ce4f-43b2-8009-f31d76205bf5 ] Request (QuotasAdminTestV257:tearDownClass): 204 DELETE http://10.180.1.21/identity/v3/users/a27e935be01e4f6f9579af6c535f1c96 0.094s
2024-10-31 11:28:46.037 62757 INFO tempest.lib.common.dynamic_creds [-] Deleting project and security group for project: 14f0321ab39b459986a7dd0d366d7da0
2024-10-31 11:28:46.074 62745 INFO tempest.lib.common.rest_client [req-f5db60c5-fc27-48c4-aa82-4f7bd2779675 req-f5db60c5-fc27-48c4-aa82-4f7bd2779675 ] Request (ServersTestBootFromVolume:setUpClass): 202 POST http://10.180.1.21/compute/v2.1/servers 1.658s
2024-10-31 11:28:46.125 62757 INFO tempest.lib.common.rest_client [req-1e3cc852-194b-40e9-b09f-955055bd4a98 req-1e3cc852-194b-40e9-b09f-955055bd4a98 ] Request (QuotasAdminTestV257:tearDownClass): 201 POST http://10.180.1.21/identity/v3/auth/tokens 0.088s
2024-10-31 11:28:46.150 62749 INFO tempest.lib.common.rest_client [req-877238db-e047-4367-b245-ac0f7efa72c5 req-877238db-e047-4367-b245-ac0f7efa72c5 ] Request (FloatingIPDetailsTestJSON:tearDownClass): 202 DELETE http://10.180.1.21/compute/v2.1/os-floating-ips/350e1d15-9bca-4329-8f16-a0ef1a1991fc 1.472s
2024-10-31 11:28:46.222 62747 INFO tempest.lib.common.rest_client [req-d66e58e5-8126-4eb5-b77f-281e35d716c1 req-d66e58e5-8126-4eb5-b77f-281e35d716c1 ] Request (ServersAdminTestJSON:setUpClass): 200 GET http://10.180.1.21/compute/v2.1/servers/78599fa1-be64-4797-92a9-ebc3a40b59a1 1.467s
2024-10-31 11:28:46.287 62797 INFO tempest.lib.common.rest_client [req-3b8d0fcf-109e-4bc8-8592-829885b04900 req-3b8d0fcf-109e-4bc8-8592-829885b04900 ] Request (ServersWithSpecificFlavorTestJSON:test_verify_created_server_ephemeral_disk): 200 GET http://10.180.1.21/compute/v2.1/servers/5a1af72f-71c8-42de-aa71-f011d85210a5 1.465s
2024-10-31 11:28:46.359 62769 INFO tempest.lib.common.rest_client [req-b131b038-8585-4825-b2a4-62f7e102391b req-b131b038-8585-4825-b2a4-62f7e102391b ] Request (FloatingIPsAssociationTestJSON:setUpClass): 200 GET http://10.180.1.21/compute/v2.1/servers/a8d8e232-6096-4da3-8f2c-65a5e5f713ae 1.457s
2024-10-31 11:28:46.419 62795 INFO tempest.lib.common.rest_client [req-a9fa857e-017d-410f-bdf2-4df9c22b7cbf req-a9fa857e-017d-410f-bdf2-4df9c22b7cbf ] Request (ListImageFiltersTestJSON:setUpClass): 200 GET http://10.180.1.21/compute/v2.1/servers/c32f170d-1e88-4716-a02a-b8db6896e900 1.460s
2024-10-31 11:28:46.435 62775 INFO tempest.lib.common.rest_client [req-6bdf0870-81a6-4abb-bf28-dccdef4c0b7e req-6bdf0870-81a6-4abb-bf28-dccdef4c0b7e ] Request (VolumesTestJSON:tearDownClass): 404 GET http://10.180.1.21/volume/v3/volumes/e38e5bca-be9c-4331-b5f3-7d6b1893c8a9 0.018s
2024-10-31 11:28:46.460 62757 INFO tempest.lib.common.rest_client [req-a367d512-2ad2-4b95-a444-635b39cca63e req-a367d512-2ad2-4b95-a444-635b39cca63e ] Request (QuotasAdminTestV257:tearDownClass): 200 GET http://10.180.1.21:9696/networking/v2.0/security-groups?tenant_id=14f0321ab39b459986a7dd0d366d7da0&name=default 0.334s
2024-10-31 11:28:46.514 62775 INFO tempest.lib.common.rest_client [req-8d0ce527-c865-4748-b209-e013d0ff9e28 req-8d0ce527-c865-4748-b209-e013d0ff9e28 ] Request (VolumesTestJSON:tearDownClass): 202 DELETE http://10.180.1.21/volume/v3/volumes/505c81ae-43cf-49d4-bddd-fe5b2d6a7916 0.079s
2024-10-31 11:28:46.526 62771 INFO tempest.lib.common.rest_client [req-ccb9aba2-5847-4de8-8cd8-0c1a572f5782 req-ccb9aba2-5847-4de8-8cd8-0c1a572f5782 ] Request (ServerDiagnosticsV248Test:tearDownClass): 200 GET http://10.180.1.21/compute/v2.1/servers/90e42997-a34c-4a39-8d2f-7ab0ed19f028 1.529s
2024-10-31 11:28:46.552 62775 INFO tempest.lib.common.rest_client [req-71648c1a-94eb-412e-bf11-c38b3ae7a77a req-71648c1a-94eb-412e-bf11-c38b3ae7a77a ] Request (VolumesTestJSON:tearDownClass): 200 GET http://10.180.1.21/volume/v3/volumes/505c81ae-43cf-49d4-bddd-fe5b2d6a7916 0.037s
2024-10-31 11:28:46.584 62765 INFO tempest.lib.common.rest_client [req-28c71ea6-f7bd-4bd2-b170-ebf989128cd4 req-28c71ea6-f7bd-4bd2-b170-ebf989128cd4 ] Request (ImagesNegativeTestJSON:test_create_image_from_deleted_server): 200 GET http://10.180.1.21/compute/v2.1/servers/e49252e3-11cc-49c3-b959-24ad87ad48c9 1.477s
2024-10-31 11:28:46.609 62753 INFO tempest.lib.common.rest_client [req-335b16e8-8ad0-4ec8-aed5-734f0a45c404 req-335b16e8-8ad0-4ec8-aed5-734f0a45c404 ] Request (ServicesAdminNegativeTestJSON:test_get_service_by_invalid_service_and_valid_host): 200 GET http://10.180.1.21/compute/v2.1/os-services?host=devstack&binary=xxx 1.495s
2024-10-31 11:28:46.637 62757 INFO tempest.lib.common.rest_client [req-b892d861-7966-4d69-8850-85b7f9023b0f req-b892d861-7966-4d69-8850-85b7f9023b0f ] Request (QuotasAdminTestV257:tearDownClass): 204 DELETE http://10.180.1.21:9696/networking/v2.0/security-groups/b2d069eb-b5d9-49cb-96b1-975b8ffa56eb 0.176s
2024-10-31 11:28:46.689 62741 INFO tempest.lib.common.rest_client [req-1a1e5679-4cb4-4daf-8d8f-334f56d04813 req-1a1e5679-4cb4-4daf-8d8f-334f56d04813 ] Request (ServersAdmin275Test:test_rebuild_update_server_275): 200 GET http://10.180.1.21/compute/v2.1/servers/c4a88e75-690f-4bed-a4f9-a0de3b193eff 1.548s
2024-10-31 11:28:46.695 62793 INFO tempest.lib.common.rest_client [req-810913a5-54c9-4615-8817-f2307b8447be req-810913a5-54c9-4615-8817-f2307b8447be ] Request (AttachVolumeTestJSON:test_attach_detach_volume): 202 POST http://10.180.1.21/compute/v2.1/servers 2.009s
2024-10-31 11:28:46.699 62741 INFO tempest.common.waiters [-] State transition "BUILD/spawning" ==> "ACTIVE/None" after 31 second wait
2024-10-31 11:28:46.711 62773 INFO tempest.lib.common.rest_client [req-39a98da6-2217-4bb3-ba8a-122b091fb4ea req-39a98da6-2217-4bb3-ba8a-122b091fb4ea ] Request (FlavorsAdminTestJSON:_run_cleanups): 200 GET http://10.180.1.21/compute/v2.1/flavors/detail 1.180s
2024-10-31 11:28:46.725 62757 INFO tempest.lib.common.rest_client [req-f6b4fd82-37b7-4b3d-8644-8b419897dca5 req-f6b4fd82-37b7-4b3d-8644-8b419897dca5 ] Request (QuotasAdminTestV257:tearDownClass): 204 DELETE http://10.180.1.21/identity/v3/projects/14f0321ab39b459986a7dd0d366d7da0 0.088s
2024-10-31 11:28:46.725 62757 INFO tempest.lib.common.dynamic_creds [-] Deleting project and security group for project: e131a603cff549ecb8174d82404989df
2024-10-31 11:28:46.733 62743 INFO tempest.lib.common.rest_client [req-8f28cb8c-2708-4e10-a06b-79fa29b3fa19 req-8f28cb8c-2708-4e10-a06b-79fa29b3fa19 ] Request (HypervisorAdminUnderV252Test:test_get_hypervisor_show_servers): 200 GET http://10.180.1.21/compute/v2.1/os-hypervisors/domain-c8.fc996f14-c53b-4953-92e3-bdfa48f5cc28/servers 1.411s
2024-10-31 11:28:46.786 62803 INFO tempest.lib.common.rest_client [req-39a12da4-f1b3-4715-930a-22c5dcb5b332 req-39a12da4-f1b3-4715-930a-22c5dcb5b332 ] Request (ServerActionsTestOtherB:setUpClass): 200 GET http://10.180.1.21/compute/v2.1/servers/bef7d4e7-9af2-4071-ae6d-bdbfa7f46460 1.245s
2024-10-31 11:28:46.786 62739 INFO tempest.lib.common.rest_client [req-7cd7623f-bb9a-44fc-b08b-df1198b8add1 req-7cd7623f-bb9a-44fc-b08b-df1198b8add1 ] Request (VolumesAdminNegativeTest:test_update_attached_volume_with_nonexistent_volume_in_body): 200 GET http://10.180.1.21/compute/v2.1/servers/59fd4a4a-20f5-4b8f-970a-acfc882f45a3 1.165s
2024-10-31 11:28:46.853 62787 INFO tempest.lib.common.rest_client [req-5abb1d4f-bfc8-45d8-8431-102f8046044c req-5abb1d4f-bfc8-45d8-8431-102f8046044c ] Request (AttachInterfacesUnderV243Test:test_add_remove_fixed_ip): 200 GET http://10.180.1.21/compute/v2.1/servers/20bf8c62-8b80-45c2-98d4-5a960f465aa0 1.108s
2024-10-31 11:28:46.857 62777 INFO tempest.lib.common.rest_client [req-0ed5037c-4e36-45a1-8955-cd6851cd4918 req-0ed5037c-4e36-45a1-8955-cd6851cd4918 ] Request (VolumesAssistedSnapshotsTest:test_volume_assisted_snapshot_create_delete): 200 GET http://10.180.1.21/compute/v2.1/servers/24b4c233-c874-452e-a7fc-492ca2a49a09 1.172s
2024-10-31 11:28:46.908 62757 INFO tempest.lib.common.rest_client [req-5024dbeb-e67a-4964-a16d-78eaee0a24c4 req-5024dbeb-e67a-4964-a16d-78eaee0a24c4 ] Request (QuotasAdminTestV257:tearDownClass): 200 GET http://10.180.1.21:9696/networking/v2.0/security-groups?tenant_id=e131a603cff549ecb8174d82404989df&name=default 0.183s
2024-10-31 11:28:46.912 62755 INFO tempest.lib.common.rest_client [req-b36a1809-dcb8-495f-b532-e34b63146a57 req-b36a1809-dcb8-495f-b532-e34b63146a57 ] Request (ImagesOneServerTestJSON:setUpClass): 200 GET http://10.180.1.21/compute/v2.1/servers/1a27278b-b930-4432-90f2-45cdf025c83e 0.888s
2024-10-31 11:28:46.927 62745 INFO tempest.lib.common.rest_client [req-f168005a-c540-41c8-a2d8-0e9c477f6040 req-f168005a-c540-41c8-a2d8-0e9c477f6040 ] Request (ServersTestBootFromVolume:setUpClass): 200 GET http://10.180.1.21/compute/v2.1/servers/5ca1a33c-7324-481c-95cd-3761ce8ccf13 0.851s
2024-10-31 11:28:46.964 62761 INFO tempest.lib.common.rest_client [req-c3a521c4-912e-4ed7-b85c-ca110e95c96a req-c3a521c4-912e-4ed7-b85c-ca110e95c96a ] Request (ServerActionsTestJSON:setUpClass): 200 GET http://10.180.1.21/compute/v2.1/servers/d8d4c087-9b0f-48c7-bd05-291a7e2a3e83 0.876s
2024-10-31 11:28:46.989 62759 INFO tempest.lib.common.rest_client [req-03b05a6e-8927-4d1a-95ae-56734e86ecb7 req-03b05a6e-8927-4d1a-95ae-56734e86ecb7 ] Request (ServersTestJSON:setUpClass): 200 PUT http://10.180.1.21:9696/networking/v2.0/routers/610b460d-c6a1-4cf4-8453-c4adbf925f18/add_router_interface 1.439s
2024-10-31 11:28:46.989 62759 INFO tempest.lib.common.dynamic_creds [-] Created isolated network resources for: credentials: Credentials: {'domain_id': 'default', 'domain_name': 'Default', 'username': 'tempest-ServersTestJSON-1104182753-project-member', 'project_domain_id': 'default', 'project_domain_name': 'Default', 'project_id': 'ceab446cb9624596b9015ac0f5ed14ca', 'project_name': 'tempest-ServersTestJSON-1104182753', 'tenant_id': 'ceab446cb9624596b9015ac0f5ed14ca', 'tenant_name': 'tempest-ServersTestJSON-1104182753', 'user_domain_id': 'default', 'user_domain_name': 'Default', 'user_id': 'be85ed0a52cc4ff6bae3dfa8a7bcb6de', 'system': None}, Network: {'id': 'e6fb72d1-9469-44f7-a932-fde6a80d1988', 'name': 'tempest-ServersTestJSON-1720803500-network', 'tenant_id': 'ceab446cb9624596b9015ac0f5ed14ca', 'admin_state_up': True, 'mtu': 8950, 'status': 'ACTIVE', 'subnets': [], 'shared': False, 'project_id': 'ceab446cb9624596b9015ac0f5ed14ca', 'port_security_enabled': True, 'router:external': False, 'provider:network_type': 'vlan', 'provider:physical_network': 'default', 'provider:segmentation_id': 952, 'availability_zone_hints': [], 'availability_zones': [], 'ipv4_address_scope': None, 'ipv6_address_scope': None, 'description': '', 'tags': [], 'created_at': '2024-10-31T11:28:44Z', 'updated_at': '2024-10-31T11:28:44Z', 'revision_number': 1}, Subnet: {'id': '29032561-800c-4d71-aeba-02fa17319bf4', 'name': 'tempest-ServersTestJSON-1720803500-subnet', 'tenant_id': 'ceab446cb9624596b9015ac0f5ed14ca', 'network_id': 'e6fb72d1-9469-44f7-a932-fde6a80d1988', 'ip_version': 4, 'subnetpool_id': None, 'enable_dhcp': True, 'ipv6_ra_mode': None, 'ipv6_address_mode': None, 'gateway_ip': '192.168.128.1', 'cidr': '192.168.128.0/28', 'allocation_pools': [{'start': '192.168.128.2', 'end': '192.168.128.14'}], 'host_routes': [], 'dns_nameservers': [], 'description': '', 'router:external': False, 'service_types': [], 'tags': [], 'created_at': '2024-10-31T11:28:44Z', 'updated_at': '2024-10-31T11:28:44Z', 'revision_number': 0, 'project_id': 'ceab446cb9624596b9015ac0f5ed14ca'}, Router: {'id': '610b460d-c6a1-4cf4-8453-c4adbf925f18', 'name': 'tempest-ServersTestJSON-1720803500-router', 'tenant_id': 'ceab446cb9624596b9015ac0f5ed14ca', 'admin_state_up': True, 'status': 'ACTIVE', 'external_gateway_info': {'network_id': '1eca6941-b0cd-4fc2-8db5-34499910053b', 'external_fixed_ips': [{'subnet_id': '193e92a1-5d7f-49e6-acec-ec2dc39502ae', 'ip_address': '10.180.180.157'}], 'enable_snat': True}, 'description': '', 'availability_zones': [], 'distributed': False, 'ha': False, 'availability_zone_hints': [], 'routes': [], 'flavor_id': None, 'tags': [], 'created_at': '2024-10-31T11:28:44Z', 'updated_at': '2024-10-31T11:28:45Z', 'revision_number': 2, 'project_id': 'ceab446cb9624596b9015ac0f5ed14ca'}
2024-10-31 11:28:46.992 62786 INFO tempest.lib.common.rest_client [req-48ed6c5e-7e0d-4ab5-8a36-a8b17765c05c req-48ed6c5e-7e0d-4ab5-8a36-a8b17765c05c ] Request (ServersTestFqdnHostnames:test_create_server_with_fqdn_name): 200 GET http://10.180.1.21/compute/v2.1/servers/7a0b2744-2bb0-4eee-9861-418ba67b719c 0.819s
2024-10-31 11:28:47.008 62767 INFO tempest.lib.common.rest_client [req-0ce3006b-3928-4fe4-aa29-fbf581d80b75 req-0ce3006b-3928-4fe4-aa29-fbf581d80b75 ] Request (ImagesTestJSON:test_create_image_from_stopped_server): 200 GET http://10.180.1.21/compute/v2.1/servers/0acb10f9-3d1e-4621-9b7f-dd7c6b1f86b4 0.826s
2024-10-31 11:28:47.053 62799 INFO tempest.lib.common.rest_client [req-ebeebf64-7109-4570-bdff-6ce0403c6aa3 req-ebeebf64-7109-4570-bdff-6ce0403c6aa3 ] Request (DeleteServersAdminTestJSON:test_delete_server_while_in_error_state): 200 GET http://10.180.1.21/compute/v2.1/servers/73142a3f-3be8-4956-90f8-6ca223d2d01f 0.834s
2024-10-31 11:28:47.055 62757 INFO tempest.lib.common.rest_client [req-a1a1bdca-aa0d-4ce6-b576-632d85715d9f req-a1a1bdca-aa0d-4ce6-b576-632d85715d9f ] Request (QuotasAdminTestV257:tearDownClass): 204 DELETE http://10.180.1.21:9696/networking/v2.0/security-groups/5cde16d0-364e-48f3-93b5-0017fe0d7963 0.146s
2024-10-31 11:28:47.062 62751 INFO tempest.lib.common.rest_client [req-0add0908-f321-449a-b63d-1abfb4f55556 req-0add0908-f321-449a-b63d-1abfb4f55556 ] Request (ServerDiskConfigTestJSON:test_rebuild_server_with_auto_disk_config): 200 GET http://10.180.1.21/compute/v2.1/servers/eed1dcc3-d9f9-4211-a4c3-850dcdad72b1 0.821s
2024-10-31 11:28:47.097 62759 INFO tempest.lib.common.rest_client [req-f3238406-a99f-4430-a5a1-1d117316b011 req-f3238406-a99f-4430-a5a1-1d117316b011 ] Request (ServersTestJSON:setUpClass): 201 POST http://10.180.1.21/identity/v3/auth/tokens 0.104s
2024-10-31 11:28:47.114 62782 INFO tempest.lib.common.rest_client [req-7b5eda30-0549-4fe0-84c3-31f37aaff169 req-7b5eda30-0549-4fe0-84c3-31f37aaff169 ] Request (ServersAdminNegativeTestJSON:setUpClass): 200 GET http://10.180.1.21/compute/v2.1/servers/9f83ec50-5143-45e1-849a-5c441d2702e2 0.837s
2024-10-31 11:28:47.124 62783 INFO tempest.lib.common.rest_client [req-5169a6a7-a60f-4452-b8e1-64e8d1eba92c req-5169a6a7-a60f-4452-b8e1-64e8d1eba92c ] Request (AttachInterfacesTestJSON:test_create_list_show_delete_interfaces_by_fixed_ip): 200 GET http://10.180.1.21/compute/v2.1/servers/30befad4-aacb-44d5-87ed-4fc6b0e34bd6 0.821s
2024-10-31 11:28:47.145 62753 INFO tempest.lib.common.rest_client [req-c5e67274-22c1-4130-80c2-79049402cc6f req-c5e67274-22c1-4130-80c2-79049402cc6f ] Request (ServicesAdminNegativeTestJSON:test_get_service_with_valid_service_and_invalid_host): 200 GET http://10.180.1.21/compute/v2.1/os-services 0.534s
2024-10-31 11:28:47.170 62757 INFO tempest.lib.common.rest_client [req-3fd25fe8-43de-4776-89d5-6a48680520c6 req-3fd25fe8-43de-4776-89d5-6a48680520c6 ] Request (QuotasAdminTestV257:tearDownClass): 204 DELETE http://10.180.1.21/identity/v3/projects/e131a603cff549ecb8174d82404989df 0.115s
2024-10-31 11:28:47.178 62763 INFO tempest.lib.common.rest_client [req-f7d1acd7-f91b-4fc4-b9d2-ed14e9723c2f req-f7d1acd7-f91b-4fc4-b9d2-ed14e9723c2f ] Request (ImagesOneServerNegativeTestJSON:setUpClass): 200 GET http://10.180.1.21/compute/v2.1/servers/0b1ead99-af3b-41a6-8354-bc451a51133c 0.780s
2024-10-31 11:28:47.186 62763 INFO tempest.common.waiters [-] State transition "BUILD/spawning" ==> "ERROR/None" after 44 second wait
2024-10-31 11:28:47.210 62791 INFO tempest.lib.common.rest_client [req-33126f34-c7d3-4b71-99d7-2cc8336350f4 req-33126f34-c7d3-4b71-99d7-2cc8336350f4 ] Request (MigrationsAdminTest:test_list_migrations_in_flavor_resize_situation): 200 GET http://10.180.1.21/compute/v2.1/servers/18c503dc-6283-4489-a69c-8dead1ec3a0d 0.576s
2024-10-31 11:28:47.225 62793 INFO tempest.lib.common.rest_client [req-e73f0bdb-effd-4f42-b076-0643e2251d97 req-e73f0bdb-effd-4f42-b076-0643e2251d97 ] Request (AttachVolumeTestJSON:test_attach_detach_volume): 200 GET http://10.180.1.21/compute/v2.1/servers/2aa7880f-de24-4f32-b027-731a2030f987 0.528s
2024-10-31 11:28:47.240 62757 INFO tempest.lib.common.rest_client [req-716a4742-ad20-4dab-aa57-1ff4012bcec7 req-716a4742-ad20-4dab-aa57-1ff4012bcec7 ] Request (SecurityGroupRulesTestJSON:setUpClass): 201 POST http://10.180.1.21/identity/v3/auth/tokens 0.068s
2024-10-31 11:28:47.242 62773 INFO tempest.lib.common.rest_client [req-504b242e-c992-4ed9-bbeb-2aec1f5f5fd2 req-504b242e-c992-4ed9-bbeb-2aec1f5f5fd2 ] Request (FlavorsAdminTestJSON:test_list_non_public_flavor): 200 POST http://10.180.1.21/compute/v2.1/flavors 0.526s
2024-10-31 11:28:47.253 62749 INFO tempest.lib.common.rest_client [req-a7d95530-16b5-4fa6-9ffe-69096fd55ebb req-a7d95530-16b5-4fa6-9ffe-69096fd55ebb ] Request (FloatingIPDetailsTestJSON:tearDownClass): 200 PUT http://10.180.1.21:9696/networking/v2.0/routers/4871b8b8-1e44-486a-b6ff-43ffb60e3cbd/remove_router_interface 1.102s
2024-10-31 11:28:47.268 62743 INFO tempest.lib.common.rest_client [req-24d630d5-58b0-4ce3-a224-9f0fa371f8b8 req-24d630d5-58b0-4ce3-a224-9f0fa371f8b8 ] Request (HypervisorAdminUnderV252Test:test_search_hypervisor): 200 GET http://10.180.1.21/compute/v2.1/os-hypervisors 0.531s
2024-10-31 11:28:47.279 62757 INFO tempest.lib.common.rest_client [req-af5ee56a-e1df-4b05-b993-10c3df569bea req-af5ee56a-e1df-4b05-b993-10c3df569bea ] Request (SecurityGroupRulesTestJSON:setUpClass): 201 POST http://10.180.1.21/identity/v3/auth/tokens 0.036s
2024-10-31 11:28:47.298 62757 INFO tempest.lib.common.rest_client [req-5ff0bbdf-2472-499b-896e-42684740c2ae req-5ff0bbdf-2472-499b-896e-42684740c2ae ] Request (SecurityGroupRulesTestJSON:setUpClass): 200 GET http://10.180.1.21/identity/v3/domains?name=Default 0.018s
2024-10-31 11:28:47.325 62757 INFO tempest.lib.common.rest_client [req-29c8a875-018c-4e43-90b8-0f931e0fa1fe req-29c8a875-018c-4e43-90b8-0f931e0fa1fe ] Request (SecurityGroupRulesTestJSON:setUpClass): 201 POST http://10.180.1.21/identity/v3/projects 0.027s
2024-10-31 11:28:47.382 62757 INFO tempest.lib.common.rest_client [req-14f57a8d-1581-4420-969a-fe04a2fd9814 req-14f57a8d-1581-4420-969a-fe04a2fd9814 ] Request (SecurityGroupRulesTestJSON:setUpClass): 201 POST http://10.180.1.21/identity/v3/users 0.056s
2024-10-31 11:28:47.403 62757 INFO tempest.lib.common.rest_client [req-aa55669a-fe0c-4d54-a216-58b8ff40f01d req-aa55669a-fe0c-4d54-a216-58b8ff40f01d ] Request (SecurityGroupRulesTestJSON:setUpClass): 200 GET http://10.180.1.21/identity/v3/roles 0.020s
2024-10-31 11:28:47.444 62741 INFO tempest.lib.common.rest_client [req-2ad81782-4e29-40f3-9961-e4f97d1aa36a req-2ad81782-4e29-40f3-9961-e4f97d1aa36a ] Request (ServersAdmin275Test:test_rebuild_update_server_275): 202 POST http://10.180.1.21/compute/v2.1/servers/c4a88e75-690f-4bed-a4f9-a0de3b193eff/action 0.744s
2024-10-31 11:28:47.452 62757 INFO tempest.lib.common.rest_client [req-0ef415b3-14a0-4fe7-8ec7-43b4940761fd req-0ef415b3-14a0-4fe7-8ec7-43b4940761fd ] Request (SecurityGroupRulesTestJSON:setUpClass): 204 PUT http://10.180.1.21/identity/v3/projects/e41c3ce3df7b4c78a49579acdf298946/users/a5649795b4964b8b834a08a4ac2b4a6f/roles/bff3832d50e146b6a825d83717c298a5 0.049s
2024-10-31 11:28:47.452 62757 INFO tempest.lib.common.dynamic_creds [-] Dynamic test user a5649795b4964b8b834a08a4ac2b4a6f is created with scope project and roles: ['member']
2024-10-31 11:28:47.452 62757 INFO tempest.lib.common.dynamic_creds [-] Acquired dynamic creds: credentials: Credentials: {'domain_id': 'default', 'domain_name': 'Default', 'username': 'tempest-SecurityGroupRulesTestJSON-1993187875-project-member', 'project_domain_id': 'default', 'project_domain_name': 'Default', 'project_id': 'e41c3ce3df7b4c78a49579acdf298946', 'project_name': 'tempest-SecurityGroupRulesTestJSON-1993187875', 'tenant_id': 'e41c3ce3df7b4c78a49579acdf298946', 'tenant_name': 'tempest-SecurityGroupRulesTestJSON-1993187875', 'user_domain_id': 'default', 'user_domain_name': 'Default', 'user_id': 'a5649795b4964b8b834a08a4ac2b4a6f', 'system': None}, Network: None, Subnet: None, Router: None
2024-10-31 11:28:47.454 62759 INFO tempest.lib.common.rest_client [req-0f92ee03-9f63-45f9-b07a-2a6aac29e9aa req-0f92ee03-9f63-45f9-b07a-2a6aac29e9aa ] Request (ServersTestJSON:setUpClass): 200 POST http://10.180.1.21/compute/v2.1/os-keypairs 0.356s
2024-10-31 11:28:47.471 62753 INFO tempest.lib.common.rest_client [req-e7a7c9df-531a-4a49-bbe5-b8bd73681a59 req-e7a7c9df-531a-4a49-bbe5-b8bd73681a59 ] Request (ServicesAdminNegativeTestJSON:test_get_service_with_valid_service_and_invalid_host): 200 GET http://10.180.1.21/compute/v2.1/os-services?host=xxx&binary=nova-scheduler 0.324s
2024-10-31 11:28:47.529 62757 INFO tempest.lib.common.rest_client [req-53ab8746-c7ba-43ba-aff9-54c7fb7626dc req-53ab8746-c7ba-43ba-aff9-54c7fb7626dc ] Request (SecurityGroupRulesTestJSON:setUpClass): 201 POST http://10.180.1.21/identity/v3/auth/tokens 0.076s
2024-10-31 11:28:47.540 62747 INFO tempest.lib.common.rest_client [req-ddfbb364-4d07-4e17-9fa6-d7116c80ffda req-ddfbb364-4d07-4e17-9fa6-d7116c80ffda ] Request (ServersAdminTestJSON:setUpClass): 200 GET http://10.180.1.21/compute/v2.1/servers/78599fa1-be64-4797-92a9-ebc3a40b59a1 0.308s
2024-10-31 11:28:47.556 62773 INFO tempest.lib.common.rest_client [req-abd0b2f2-547d-4559-8cf8-fa37fd0f93b0 req-abd0b2f2-547d-4559-8cf8-fa37fd0f93b0 ] Request (FlavorsAdminTestJSON:test_list_non_public_flavor): 200 GET http://10.180.1.21/compute/v2.1/flavors/detail 0.312s
2024-10-31 11:28:47.579 62743 INFO tempest.lib.common.rest_client [req-66b26bbc-1c81-48b9-bda0-34ef76c4611b req-66b26bbc-1c81-48b9-bda0-34ef76c4611b ] Request (HypervisorAdminUnderV252Test:test_search_hypervisor): 200 GET http://10.180.1.21/compute/v2.1/os-hypervisors/domain-c8.fc996f14-c53b-4953-92e3-bdfa48f5cc28/search 0.308s
2024-10-31 11:28:47.588 62775 INFO tempest.lib.common.rest_client [req-dd567479-b63c-456c-aa99-6169cf7779a3 req-dd567479-b63c-456c-aa99-6169cf7779a3 ] Request (VolumesTestJSON:tearDownClass): 404 GET http://10.180.1.21/volume/v3/volumes/505c81ae-43cf-49d4-bddd-fe5b2d6a7916 0.027s
2024-10-31 11:28:47.655 62797 INFO tempest.lib.common.rest_client [req-4b2b6da5-3ad0-47f2-9728-10c92fd740b7 req-4b2b6da5-3ad0-47f2-9728-10c92fd740b7 ] Request (ServersWithSpecificFlavorTestJSON:test_verify_created_server_ephemeral_disk): 200 GET http://10.180.1.21/compute/v2.1/servers/5a1af72f-71c8-42de-aa71-f011d85210a5 0.358s
2024-10-31 11:28:47.657 62759 INFO tempest.lib.common.rest_client [req-13c2f800-22f6-4dba-a5ee-d7097ed945af req-13c2f800-22f6-4dba-a5ee-d7097ed945af ] Request (ServersTestJSON:setUpClass): 201 POST http://10.180.1.21:9696/networking/v2.0/security-groups 0.200s
2024-10-31 11:28:47.696 62775 INFO tempest.lib.common.rest_client [req-e1593177-3d99-43d9-83fe-753372c114c2 req-e1593177-3d99-43d9-83fe-753372c114c2 ] Request (VolumesTestJSON:tearDownClass): 204 DELETE http://10.180.1.21/identity/v3/users/de71024e75be47bf8b4a0706b9ed248b 0.107s
2024-10-31 11:28:47.696 62775 INFO tempest.lib.common.dynamic_creds [-] Deleting project and security group for project: df49330fa89c4edba4c7cf1403b5583c
2024-10-31 11:28:47.704 62743 INFO tempest.lib.common.rest_client [req-6e77e9f4-68f3-4f4c-a09d-48cea4331a41 req-6e77e9f4-68f3-4f4c-a09d-48cea4331a41 ] Request (HypervisorAdminUnderV252Test:tearDownClass): 204 DELETE http://10.180.1.21/identity/v3/users/9686b9d9170c4283b4857506467d3145 0.122s
2024-10-31 11:28:47.721 62769 INFO tempest.lib.common.rest_client [req-4e379b20-976c-4419-b84e-a07cf7bbea57 req-4e379b20-976c-4419-b84e-a07cf7bbea57 ] Request (FloatingIPsAssociationTestJSON:setUpClass): 200 GET http://10.180.1.21/compute/v2.1/servers/a8d8e232-6096-4da3-8f2c-65a5e5f713ae 0.351s
2024-10-31 11:28:47.727 62763 INFO tempest.lib.common.rest_client [req-9b03617c-9ed5-4b8b-ae57-430e832b965d req-9b03617c-9ed5-4b8b-ae57-430e832b965d ] Request (ImagesOneServerNegativeTestJSON:setUpClass): 204 DELETE http://10.180.1.21/compute/v2.1/servers/0b1ead99-af3b-41a6-8354-bc451a51133c 0.541s
2024-10-31 11:28:47.759 62775 INFO tempest.lib.common.rest_client [req-7281d2ec-3a7a-4f1d-8c2a-66c83ba96a8b req-7281d2ec-3a7a-4f1d-8c2a-66c83ba96a8b ] Request (VolumesTestJSON:tearDownClass): 201 POST http://10.180.1.21/identity/v3/auth/tokens 0.062s
2024-10-31 11:28:47.785 62795 INFO tempest.lib.common.rest_client [req-ee7b514c-7af9-43f1-99e2-5c82b956a6b9 req-ee7b514c-7af9-43f1-99e2-5c82b956a6b9 ] Request (ListImageFiltersTestJSON:setUpClass): 200 GET http://10.180.1.21/compute/v2.1/servers/c32f170d-1e88-4716-a02a-b8db6896e900 0.356s
2024-10-31 11:28:47.788 62759 INFO tempest.lib.common.rest_client [req-9de0f0ca-6d82-4f7e-9391-a7dfc09e8016 req-9de0f0ca-6d82-4f7e-9391-a7dfc09e8016 ] Request (ServersTestJSON:setUpClass): 201 POST http://10.180.1.21:9696/networking/v2.0/security-group-rules 0.130s
2024-10-31 11:28:47.803 62743 INFO tempest.lib.common.rest_client [req-33a33eb2-fca5-4c8f-8738-6552811f00ec req-33a33eb2-fca5-4c8f-8738-6552811f00ec ] Request (HypervisorAdminUnderV252Test:tearDownClass): 204 DELETE http://10.180.1.21/identity/v3/users/0f2e5bec012c4dcf9baa6db9827bf9c2 0.099s
2024-10-31 11:28:47.804 62743 INFO tempest.lib.common.dynamic_creds [-] Deleting project and security group for project: f33dd41eaeaa47b8a4c75caf82dc6e4b
2024-10-31 11:28:47.814 62741 INFO tempest.lib.common.rest_client [req-248a726a-d264-4c28-819b-1b7df15cfe4a req-248a726a-d264-4c28-819b-1b7df15cfe4a ] Request (ServersAdmin275Test:test_rebuild_update_server_275): 200 GET http://10.180.1.21/compute/v2.1/servers/c4a88e75-690f-4bed-a4f9-a0de3b193eff 0.356s
2024-10-31 11:28:47.846 62749 INFO tempest.lib.common.rest_client [req-126a9248-5f52-4362-bab0-d8d5b269dfb8 req-126a9248-5f52-4362-bab0-d8d5b269dfb8 ] Request (FloatingIPDetailsTestJSON:tearDownClass): 204 DELETE http://10.180.1.21:9696/networking/v2.0/routers/4871b8b8-1e44-486a-b6ff-43ffb60e3cbd 0.593s
2024-10-31 11:28:47.888 62759 INFO tempest.lib.common.rest_client [req-11acfb5e-2b42-41e9-8ee7-8fc03435090f req-11acfb5e-2b42-41e9-8ee7-8fc03435090f ] Request (ServersTestJSON:setUpClass): 201 POST http://10.180.1.21:9696/networking/v2.0/security-group-rules 0.099s
2024-10-31 11:28:47.891 62771 INFO tempest.lib.common.rest_client [req-8c88dbd0-dc59-4703-9586-9962b0b0bfd1 req-8c88dbd0-dc59-4703-9586-9962b0b0bfd1 ] Request (ServerDiagnosticsV248Test:tearDownClass): 200 GET http://10.180.1.21/compute/v2.1/servers/90e42997-a34c-4a39-8d2f-7ab0ed19f028 0.351s
2024-10-31 11:28:47.912 62773 INFO tempest.lib.common.rest_client [req-40de586f-337d-4014-8eb1-ac05024a0dce req-40de586f-337d-4014-8eb1-ac05024a0dce ] Request (FlavorsAdminTestJSON:test_list_non_public_flavor): 200 GET http://10.180.1.21/compute/v2.1/flavors/detail 0.351s
2024-10-31 11:28:47.932 62753 INFO tempest.lib.common.rest_client [req-24fa302c-85e8-46f0-a7cd-5f2788baf061 req-24fa302c-85e8-46f0-a7cd-5f2788baf061 ] Request (ServicesAdminNegativeTestJSON:test_list_services_with_non_admin_user): 403 GET http://10.180.1.21/compute/v2.1/os-services 0.455s
2024-10-31 11:28:47.941 62743 INFO tempest.lib.common.rest_client [req-5908c991-491a-4d3a-b073-22ffb59028a9 req-5908c991-491a-4d3a-b073-22ffb59028a9 ] Request (HypervisorAdminUnderV252Test:tearDownClass): 201 POST http://10.180.1.21/identity/v3/auth/tokens 0.137s
2024-10-31 11:28:47.968 62763 INFO tempest.lib.common.rest_client [req-a8a548c1-7ad0-40a3-9eb4-06341609acad req-a8a548c1-7ad0-40a3-9eb4-06341609acad ] Request (ImagesOneServerNegativeTestJSON:setUpClass): 404 GET http://10.180.1.21/compute/v2.1/servers/0b1ead99-af3b-41a6-8354-bc451a51133c 0.240s
2024-10-31 11:28:47.968 62763 INFO tempest.test [-] raised in ImagesOneServerNegativeTestJSON.setUpClass. Invoking tearDownClass.
2024-10-31 11:28:47.994 62765 INFO tempest.lib.common.rest_client [req-378ad3c9-e0d6-4184-ba5c-c028742a9649 req-378ad3c9-e0d6-4184-ba5c-c028742a9649 ] Request (ImagesNegativeTestJSON:test_create_image_from_deleted_server): 200 GET http://10.180.1.21/compute/v2.1/servers/e49252e3-11cc-49c3-b959-24ad87ad48c9 0.401s
2024-10-31 11:28:48.058 62803 INFO tempest.lib.common.rest_client [req-897c35ec-5371-4992-a66d-f1b660bf3d42 req-897c35ec-5371-4992-a66d-f1b660bf3d42 ] Request (ServerActionsTestOtherB:setUpClass): 200 GET http://10.180.1.21/compute/v2.1/servers/bef7d4e7-9af2-4071-ae6d-bdbfa7f46460 0.262s
2024-10-31 11:28:48.061 62753 INFO tempest.lib.common.rest_client [req-83606b39-8301-4590-b86a-204997702d3f req-83606b39-8301-4590-b86a-204997702d3f ] Request (ServicesAdminNegativeTestJSON:tearDownClass): 204 DELETE http://10.180.1.21/identity/v3/users/b7c6af557c254701b9f47826efb4f490 0.127s
2024-10-31 11:28:48.066 62803 INFO tempest.common.waiters [-] State transition "BUILD/scheduling" ==> "BUILD/None" after 17 second wait
2024-10-31 11:28:48.087 62757 INFO tempest.lib.common.rest_client [req-eb62ca3d-2e9a-4625-b81c-24da0b87dc13 req-eb62ca3d-2e9a-4625-b81c-24da0b87dc13 ] Request (SecurityGroupRulesTestJSON:setUpClass): 201 POST http://10.180.1.21:9696/networking/v2.0/networks 0.557s
2024-10-31 11:28:48.115 62739 INFO tempest.lib.common.rest_client [req-e197a829-e9fe-4076-abf0-76d7d53af5e0 req-e197a829-e9fe-4076-abf0-76d7d53af5e0 ] Request (VolumesAdminNegativeTest:test_update_attached_volume_with_nonexistent_volume_in_body): 200 GET http://10.180.1.21/compute/v2.1/servers/59fd4a4a-20f5-4b8f-970a-acfc882f45a3 0.317s
2024-10-31 11:28:48.121 62739 INFO tempest.common.waiters [-] State transition "BUILD/None" ==> "BUILD/networking" after 33 second wait
2024-10-31 11:28:48.195 62753 INFO tempest.lib.common.rest_client [req-f9fffc31-cbda-436d-8dbc-29d4a830c070 req-f9fffc31-cbda-436d-8dbc-29d4a830c070 ] Request (ServicesAdminNegativeTestJSON:tearDownClass): 204 DELETE http://10.180.1.21/identity/v3/users/ab712efd6ba34c639a2009b2e540e79f 0.134s
2024-10-31 11:28:48.195 62753 INFO tempest.lib.common.dynamic_creds [-] Deleting project and security group for project: 80ba5527c96c40fbb6daed4e89b216fe
2024-10-31 11:28:48.196 62777 INFO tempest.lib.common.rest_client [req-af87c65d-3db3-407f-a7d4-d13507e97a8d req-af87c65d-3db3-407f-a7d4-d13507e97a8d ] Request (VolumesAssistedSnapshotsTest:test_volume_assisted_snapshot_create_delete): 200 GET http://10.180.1.21/compute/v2.1/servers/24b4c233-c874-452e-a7fc-492ca2a49a09 0.327s
2024-10-31 11:28:48.197 62787 INFO tempest.lib.common.rest_client [req-60e477bd-d161-4bfc-9b82-bc05772fa035 req-60e477bd-d161-4bfc-9b82-bc05772fa035 ] Request (AttachInterfacesUnderV243Test:test_add_remove_fixed_ip): 200 GET http://10.180.1.21/compute/v2.1/servers/20bf8c62-8b80-45c2-98d4-5a960f465aa0 0.336s
2024-10-31 11:28:48.207 62787 INFO tempest.common.waiters [-] State transition "BUILD/scheduling" ==> "BUILD/None" after 21 second wait
2024-10-31 11:28:48.217 62773 INFO tempest.lib.common.rest_client [req-ec30f42d-481c-481f-91e3-813aa6215530 req-ec30f42d-481c-481f-91e3-813aa6215530 ] Request (FlavorsAdminTestJSON:_run_cleanups): 202 DELETE http://10.180.1.21/compute/v2.1/flavors/795088500 0.295s
2024-10-31 11:28:48.276 62753 INFO tempest.lib.common.rest_client [req-992312cc-bea2-47be-ba63-42ad2f17265b req-992312cc-bea2-47be-ba63-42ad2f17265b ] Request (ServicesAdminNegativeTestJSON:tearDownClass): 201 POST http://10.180.1.21/identity/v3/auth/tokens 0.080s
2024-10-31 11:28:48.284 62755 INFO tempest.lib.common.rest_client [req-173509de-7be7-4b0b-bee8-f97768498306 req-173509de-7be7-4b0b-bee8-f97768498306 ] Request (ImagesOneServerTestJSON:setUpClass): 200 GET http://10.180.1.21/compute/v2.1/servers/1a27278b-b930-4432-90f2-45cdf025c83e 0.364s
2024-10-31 11:28:48.298 62775 INFO tempest.lib.common.rest_client [req-eda28dbe-8b6c-402e-bd1d-b87437a535e8 req-eda28dbe-8b6c-402e-bd1d-b87437a535e8 ] Request (VolumesTestJSON:tearDownClass): 200 GET http://10.180.1.21:9696/networking/v2.0/security-groups?tenant_id=df49330fa89c4edba4c7cf1403b5583c&name=default 0.539s
2024-10-31 11:28:48.302 62749 INFO tempest.lib.common.rest_client [req-7e0ca169-292c-4cd6-9c0f-ada791d06ae0 req-7e0ca169-292c-4cd6-9c0f-ada791d06ae0 ] Request (FloatingIPDetailsTestJSON:tearDownClass): 204 DELETE http://10.180.1.21:9696/networking/v2.0/subnets/bb8fc9ea-b88b-4484-a2ab-2f77588bd449 0.454s
2024-10-31 11:28:48.309 62745 INFO tempest.lib.common.rest_client [req-2e119a6c-bbbb-46bc-bdb7-632598d33930 req-2e119a6c-bbbb-46bc-bdb7-632598d33930 ] Request (ServersTestBootFromVolume:setUpClass): 200 GET http://10.180.1.21/compute/v2.1/servers/5ca1a33c-7324-481c-95cd-3761ce8ccf13 0.370s
2024-10-31 11:28:48.350 62761 INFO tempest.lib.common.rest_client [req-8e843913-d4be-47d7-9a69-6dab20ec236b req-8e843913-d4be-47d7-9a69-6dab20ec236b ] Request (ServerActionsTestJSON:setUpClass): 200 GET http://10.180.1.21/compute/v2.1/servers/d8d4c087-9b0f-48c7-bd05-291a7e2a3e83 0.376s
2024-10-31 11:28:48.428 62767 INFO tempest.lib.common.rest_client [req-845276d5-0fc3-4b3b-835d-ebe73e001955 req-845276d5-0fc3-4b3b-835d-ebe73e001955 ] Request (ImagesTestJSON:test_create_image_from_stopped_server): 200 GET http://10.180.1.21/compute/v2.1/servers/0acb10f9-3d1e-4621-9b7f-dd7c6b1f86b4 0.406s
2024-10-31 11:28:48.502 62799 INFO tempest.lib.common.rest_client [req-1c44e447-c7e7-4fd7-8365-ae32f2e41657 req-1c44e447-c7e7-4fd7-8365-ae32f2e41657 ] Request (DeleteServersAdminTestJSON:test_delete_server_while_in_error_state): 200 GET http://10.180.1.21/compute/v2.1/servers/73142a3f-3be8-4956-90f8-6ca223d2d01f 0.436s
2024-10-31 11:28:48.503 62775 INFO tempest.lib.common.rest_client [req-46aeb22d-33ba-4a1c-99a3-8f76ee523f1d req-46aeb22d-33ba-4a1c-99a3-8f76ee523f1d ] Request (VolumesTestJSON:tearDownClass): 204 DELETE http://10.180.1.21:9696/networking/v2.0/security-groups/054e34f4-cd04-4ecb-bb69-a89f3e6bda03 0.204s
2024-10-31 11:28:48.569 62751 INFO tempest.lib.common.rest_client [req-87fe1345-d6ce-499e-9a19-25b47f962823 req-87fe1345-d6ce-499e-9a19-25b47f962823 ] Request (ServerDiskConfigTestJSON:test_rebuild_server_with_auto_disk_config): 200 GET http://10.180.1.21/compute/v2.1/servers/eed1dcc3-d9f9-4211-a4c3-850dcdad72b1 0.494s
2024-10-31 11:28:48.584 62757 INFO tempest.lib.common.rest_client [req-a5f43520-776b-4acb-96d8-3e050c0ad89f req-a5f43520-776b-4acb-96d8-3e050c0ad89f ] Request (SecurityGroupRulesTestJSON:setUpClass): 201 POST http://10.180.1.21:9696/networking/v2.0/subnets 0.496s
2024-10-31 11:28:48.585 62743 INFO tempest.lib.common.rest_client [req-d138573e-5e85-4386-9e55-f1c600e3164a req-d138573e-5e85-4386-9e55-f1c600e3164a ] Request (HypervisorAdminUnderV252Test:tearDownClass): 200 GET http://10.180.1.21:9696/networking/v2.0/security-groups?tenant_id=f33dd41eaeaa47b8a4c75caf82dc6e4b&name=default 0.644s
