2024-10-31 11:29:28.189 62745 INFO tempest.lib.common.rest_client [req-1da59da1-db99-425f-bb9a-beb10e89456b req-1da59da1-db99-425f-bb9a-beb10e89456b ] Request (ServersTestBootFromVolume:setUpClass): 200 GET http://10.180.1.21/compute/v2.1/servers/5ca1a33c-7324-481c-95cd-3761ce8ccf13 0.045s
2024-10-31 11:29:28.202 62767 INFO tempest.lib.common.rest_client [req-14eb6de8-f410-4acf-b8d4-d0783f4eb417 req-14eb6de8-f410-4acf-b8d4-d0783f4eb417 ] Request (ImagesTestJSON:test_create_image_from_stopped_server): 200 GET http://10.180.1.21/compute/v2.1/servers/0acb10f9-3d1e-4621-9b7f-dd7c6b1f86b4 0.050s
2024-10-31 11:29:28.229 62761 INFO tempest.lib.common.rest_client [req-c349de85-3453-40e9-a83f-76d49990748e req-c349de85-3453-40e9-a83f-76d49990748e ] Request (ServerActionsTestJSON:setUpClass): 200 GET http://10.180.1.21/compute/v2.1/servers/d8d4c087-9b0f-48c7-bd05-291a7e2a3e83 0.045s
2024-10-31 11:29:28.391 62782 INFO tempest.lib.common.rest_client [req-4ccdde2d-8a4d-4626-98d7-863dc9ad5c64 req-4ccdde2d-8a4d-4626-98d7-863dc9ad5c64 ] Request (AttachInterfacesV270Test:test_create_get_list_interfaces): 200 GET http://10.180.1.21/compute/v2.1/servers/9bda2d4c-38c0-49ba-9a69-402869ff6a65 0.048s
2024-10-31 11:29:28.426 62787 INFO tempest.lib.common.rest_client [req-1835501a-e33b-4318-88df-311fb0bf538a req-1835501a-e33b-4318-88df-311fb0bf538a ] Request (AttachInterfacesUnderV243Test:test_add_remove_fixed_ip): 200 GET http://10.180.1.21/compute/v2.1/servers/20bf8c62-8b80-45c2-98d4-5a960f465aa0 0.047s
2024-10-31 11:29:28.478 62751 INFO tempest.lib.common.rest_client [req-f6b55d46-5684-4511-b13d-1aa067813cdc req-f6b55d46-5684-4511-b13d-1aa067813cdc ] Request (ServerDiskConfigTestJSON:test_rebuild_server_with_auto_disk_config): 200 GET http://10.180.1.21/compute/v2.1/servers/eed1dcc3-d9f9-4211-a4c3-850dcdad72b1 0.047s
2024-10-31 11:29:28.586 62783 INFO tempest.lib.common.rest_client [req-363be86e-155a-4eb4-bf4e-6162a21876be req-363be86e-155a-4eb4-bf4e-6162a21876be ] Request (AttachInterfacesTestJSON:test_create_list_show_delete_interfaces_by_fixed_ip): 200 GET http://10.180.1.21/compute/v2.1/servers/30befad4-aacb-44d5-87ed-4fc6b0e34bd6 0.044s
2024-10-31 11:29:28.656 62747 INFO tempest.lib.common.rest_client [req-6b4c74d1-da63-48eb-8aab-ff69b29c7222 req-6b4c74d1-da63-48eb-8aab-ff69b29c7222 ] Request (ServerAddressesTestJSON:setUpClass): 200 GET http://10.180.1.21/compute/v2.1/servers/ce8d9b01-e99d-4051-bd96-659692a436da 0.049s
2024-10-31 11:29:28.691 62786 INFO tempest.lib.common.rest_client [req-44fb43ea-67ae-4d54-a4a3-cd8bec3a7a40 req-44fb43ea-67ae-4d54-a4a3-cd8bec3a7a40 ] Request (ServersTestFqdnHostnames:test_create_server_with_fqdn_name): 200 GET http://10.180.1.21/compute/v2.1/servers/7a0b2744-2bb0-4eee-9861-418ba67b719c 0.045s
2024-10-31 11:29:28.750 62799 INFO tempest.lib.common.rest_client [req-e0a60712-5640-4583-bf5a-5d3849628e2e req-e0a60712-5640-4583-bf5a-5d3849628e2e ] Request (DeleteServersAdminTestJSON:test_delete_server_while_in_error_state): 200 GET http://10.180.1.21/compute/v2.1/servers/73142a3f-3be8-4956-90f8-6ca223d2d01f 0.044s
2024-10-31 11:29:28.754 62755 INFO tempest.lib.common.rest_client [req-4b4ddad8-5d59-4f1b-b1fa-a5f498df5215 req-4b4ddad8-5d59-4f1b-b1fa-a5f498df5215 ] Request (ImagesOneServerTestJSON:setUpClass): 200 GET http://10.180.1.21/compute/v2.1/servers/1a27278b-b930-4432-90f2-45cdf025c83e 0.046s
2024-10-31 11:29:28.797 62793 INFO tempest.lib.common.rest_client [req-03466937-b030-4894-89bf-22c58a97130a req-03466937-b030-4894-89bf-22c58a97130a ] Request (AttachVolumeTestJSON:test_attach_detach_volume): 200 GET http://10.180.1.21/compute/v2.1/servers/2aa7880f-de24-4f32-b027-731a2030f987 0.043s
2024-10-31 11:29:28.804 62771 INFO tempest.lib.common.rest_client [req-916c3982-b47d-4bac-800f-dd7b9eb99543 req-916c3982-b47d-4bac-800f-dd7b9eb99543 ] Request (AttachVolumeShelveTestJSON:test_attach_volume_shelved_or_offload_server): 200 GET http://10.180.1.21/compute/v2.1/servers/3178d5cd-1937-422b-9287-970d095aa452 0.045s
2024-10-31 11:29:28.843 62739 INFO tempest.lib.common.rest_client [req-57e6141e-1c09-42e7-814d-41f6dca03a4a req-57e6141e-1c09-42e7-814d-41f6dca03a4a ] Request (VolumesAdminNegativeTest:test_update_attached_volume_with_nonexistent_volume_in_uri): 200 GET http://10.180.1.21/compute/v2.1/servers/0b40f385-db0a-460c-b7fd-47e4d6afbaf9 0.042s
2024-10-31 11:29:28.902 62797 INFO tempest.lib.common.rest_client [req-e25c07f1-9cf3-45c4-84d3-90ff4fe8367c req-e25c07f1-9cf3-45c4-84d3-90ff4fe8367c ] Request (ServersWithSpecificFlavorTestJSON:test_verify_created_server_ephemeral_disk): 200 GET http://10.180.1.21/compute/v2.1/servers/5a1af72f-71c8-42de-aa71-f011d85210a5 0.044s
2024-10-31 11:29:28.977 62769 INFO tempest.lib.common.rest_client [req-d7edff9c-9f9d-45ed-87f9-5d2f2d111bc1 req-d7edff9c-9f9d-45ed-87f9-5d2f2d111bc1 ] Request (FloatingIPsAssociationTestJSON:setUpClass): 200 GET http://10.180.1.21/compute/v2.1/servers/a8d8e232-6096-4da3-8f2c-65a5e5f713ae 0.042s
2024-10-31 11:29:28.981 62753 INFO tempest.lib.common.rest_client [req-6f935f23-c2ed-4fa9-a879-e26ecf18c649 req-6f935f23-c2ed-4fa9-a879-e26ecf18c649 ] Request (ServerActionsV293TestJSON:setUpClass): 200 GET http://10.180.1.21/compute/v2.1/servers/97ac40d6-1c29-4282-86e5-be27a20cf5e0 0.050s
2024-10-31 11:29:29.018 62749 INFO tempest.lib.common.rest_client [req-302656f0-bb9f-4dc6-8f23-dacc723f9bf0 req-302656f0-bb9f-4dc6-8f23-dacc723f9bf0 ] Request (ServerRescueTestJSON:setUpClass): 200 GET http://10.180.1.21/compute/v2.1/servers/d4930731-7333-426c-a2fc-a732d351a0f0 0.048s
2024-10-31 11:29:29.034 62759 INFO tempest.lib.common.rest_client [req-c7c46bf9-c251-4563-a9da-b8f098f7f510 req-c7c46bf9-c251-4563-a9da-b8f098f7f510 ] Request (ServersTestJSON:setUpClass): 200 GET http://10.180.1.21/compute/v2.1/servers/d1aeccd3-ba9e-46cc-b8a2-b64da9b94d6e 0.042s
2024-10-31 11:29:29.060 62791 INFO tempest.lib.common.rest_client [req-c8e257eb-a6a8-413e-b85b-2a38b8331435 req-c8e257eb-a6a8-413e-b85b-2a38b8331435 ] Request (MigrationsAdminTest:test_resize_server_revert_deleted_flavor): 200 GET http://10.180.1.21/compute/v2.1/servers/0af1e65d-ca88-475e-a871-4087bd49cd9d 0.045s
2024-10-31 11:29:29.082 62795 INFO tempest.lib.common.rest_client [req-2883983f-d9fc-4a6f-8a60-f166d53a0f57 req-2883983f-d9fc-4a6f-8a60-f166d53a0f57 ] Request (ListImageFiltersTestJSON:setUpClass): 200 GET http://10.180.1.21/compute/v2.1/servers/c32f170d-1e88-4716-a02a-b8db6896e900 0.047s
2024-10-31 11:29:29.103 62765 INFO tempest.lib.common.rest_client [req-9cc6ce9a-3efc-49dd-ace2-de1120bb6b9f req-9cc6ce9a-3efc-49dd-ace2-de1120bb6b9f ] Request (ImagesNegativeTestJSON:test_create_image_from_deleted_server): 200 GET http://10.180.1.21/compute/v2.1/servers/e49252e3-11cc-49c3-b959-24ad87ad48c9 0.047s
2024-10-31 11:29:29.126 62743 INFO tempest.lib.common.rest_client [req-325d2f43-d3b3-4625-8a85-010089de2b0d req-325d2f43-d3b3-4625-8a85-010089de2b0d ] Request (ListServersNegativeTestJSON:setUpClass): 200 GET http://10.180.1.21/compute/v2.1/servers/df6ad6f4-2da5-4cad-bb6a-3b7d9ff6bb36 0.048s
2024-10-31 11:29:29.147 62777 INFO tempest.lib.common.rest_client [req-891b7cec-b200-4f06-90eb-0ce29a4a3d41 req-891b7cec-b200-4f06-90eb-0ce29a4a3d41 ] Request (VolumesAssistedSnapshotsTest:test_volume_assisted_snapshot_create_delete): 200 GET http://10.180.1.21/compute/v2.1/servers/24b4c233-c874-452e-a7fc-492ca2a49a09 0.048s
2024-10-31 11:29:29.192 62803 INFO tempest.lib.common.rest_client [req-613ef71a-939b-4719-a416-c52c8559eb79 req-613ef71a-939b-4719-a416-c52c8559eb79 ] Request (ServerActionsTestOtherB:setUpClass): 200 GET http://10.180.1.21/compute/v2.1/servers/bef7d4e7-9af2-4071-ae6d-bdbfa7f46460 0.045s
2024-10-31 11:29:29.229 62741 INFO tempest.lib.common.rest_client [req-af735759-e23d-4583-a3eb-7cc3cc556dbd req-af735759-e23d-4583-a3eb-7cc3cc556dbd ] Request (ServersAdmin275Test:tearDownClass): 200 GET http://10.180.1.21/compute/v2.1/servers/c4a88e75-690f-4bed-a4f9-a0de3b193eff 0.060s
2024-10-31 11:29:29.240 62745 INFO tempest.lib.common.rest_client [req-683d7c62-fa5d-4f29-9a25-d4b124c00d7e req-683d7c62-fa5d-4f29-9a25-d4b124c00d7e ] Request (ServersTestBootFromVolume:setUpClass): 200 GET http://10.180.1.21/compute/v2.1/servers/5ca1a33c-7324-481c-95cd-3761ce8ccf13 0.045s
2024-10-31 11:29:29.270 62767 INFO tempest.lib.common.rest_client [req-f3173496-d9f5-432a-9ce2-65c76886aadf req-f3173496-d9f5-432a-9ce2-65c76886aadf ] Request (ImagesTestJSON:test_create_image_from_stopped_server): 200 GET http://10.180.1.21/compute/v2.1/servers/0acb10f9-3d1e-4621-9b7f-dd7c6b1f86b4 0.060s
2024-10-31 11:29:29.285 62761 INFO tempest.lib.common.rest_client [req-a8530b4d-1e82-4fd6-89bb-0010374ccb2c req-a8530b4d-1e82-4fd6-89bb-0010374ccb2c ] Request (ServerActionsTestJSON:setUpClass): 200 GET http://10.180.1.21/compute/v2.1/servers/d8d4c087-9b0f-48c7-bd05-291a7e2a3e83 0.050s
2024-10-31 11:29:29.448 62782 INFO tempest.lib.common.rest_client [req-31effd19-591d-41fc-8c44-6a843470d881 req-31effd19-591d-41fc-8c44-6a843470d881 ] Request (AttachInterfacesV270Test:test_create_get_list_interfaces): 200 GET http://10.180.1.21/compute/v2.1/servers/9bda2d4c-38c0-49ba-9a69-402869ff6a65 0.050s
2024-10-31 11:29:29.479 62787 INFO tempest.lib.common.rest_client [req-37f8c62e-1dfc-4c78-940f-2f90db496ad8 req-37f8c62e-1dfc-4c78-940f-2f90db496ad8 ] Request (AttachInterfacesUnderV243Test:test_add_remove_fixed_ip): 200 GET http://10.180.1.21/compute/v2.1/servers/20bf8c62-8b80-45c2-98d4-5a960f465aa0 0.046s
2024-10-31 11:29:29.531 62751 INFO tempest.lib.common.rest_client [req-12d55853-244e-40ce-a35c-e84438d03313 req-12d55853-244e-40ce-a35c-e84438d03313 ] Request (ServerDiskConfigTestJSON:test_rebuild_server_with_auto_disk_config): 200 GET http://10.180.1.21/compute/v2.1/servers/eed1dcc3-d9f9-4211-a4c3-850dcdad72b1 0.046s
2024-10-31 11:29:29.639 62783 INFO tempest.lib.common.rest_client [req-8f2ca558-b74a-4a22-8f52-0e1c1b4ca34c req-8f2ca558-b74a-4a22-8f52-0e1c1b4ca34c ] Request (AttachInterfacesTestJSON:test_create_list_show_delete_interfaces_by_fixed_ip): 200 GET http://10.180.1.21/compute/v2.1/servers/30befad4-aacb-44d5-87ed-4fc6b0e34bd6 0.046s
2024-10-31 11:29:29.708 62747 INFO tempest.lib.common.rest_client [req-bc216007-89e6-4f97-ae8d-3c239bc683ce req-bc216007-89e6-4f97-ae8d-3c239bc683ce ] Request (ServerAddressesTestJSON:setUpClass): 200 GET http://10.180.1.21/compute/v2.1/servers/ce8d9b01-e99d-4051-bd96-659692a436da 0.045s
2024-10-31 11:29:29.805 62799 INFO tempest.lib.common.rest_client [req-ad613f1b-7dd1-4944-a011-9a7981e2ee68 req-ad613f1b-7dd1-4944-a011-9a7981e2ee68 ] Request (DeleteServersAdminTestJSON:test_delete_server_while_in_error_state): 200 GET http://10.180.1.21/compute/v2.1/servers/73142a3f-3be8-4956-90f8-6ca223d2d01f 0.049s
2024-10-31 11:29:29.847 62755 INFO tempest.lib.common.rest_client [req-3cf7536f-b242-4466-9d4f-ab0c42acdbe0 req-3cf7536f-b242-4466-9d4f-ab0c42acdbe0 ] Request (ImagesOneServerTestJSON:setUpClass): 200 GET http://10.180.1.21/compute/v2.1/servers/1a27278b-b930-4432-90f2-45cdf025c83e 0.086s
2024-10-31 11:29:29.896 62793 INFO tempest.lib.common.rest_client [req-13c6b764-559b-48fd-be03-65a92a542559 req-13c6b764-559b-48fd-be03-65a92a542559 ] Request (AttachVolumeTestJSON:test_attach_detach_volume): 200 GET http://10.180.1.21/compute/v2.1/servers/2aa7880f-de24-4f32-b027-731a2030f987 0.091s
2024-10-31 11:29:29.899 62786 INFO tempest.lib.common.rest_client [req-d65b7723-3655-4c7d-8c83-51eb76b749c1 req-d65b7723-3655-4c7d-8c83-51eb76b749c1 ] Request (ServersTestFqdnHostnames:test_create_server_with_fqdn_name): 200 GET http://10.180.1.21/compute/v2.1/servers/7a0b2744-2bb0-4eee-9861-418ba67b719c 0.201s
2024-10-31 11:29:29.906 62786 INFO tempest.common.waiters [-] State transition "BUILD/spawning" ==> "BUILD/scheduling" after 73 second wait
2024-10-31 11:29:29.946 62771 INFO tempest.lib.common.rest_client [req-dee5e970-332d-40ea-8738-3296628c3bbc req-dee5e970-332d-40ea-8738-3296628c3bbc ] Request (AttachVolumeShelveTestJSON:test_attach_volume_shelved_or_offload_server): 200 GET http://10.180.1.21/compute/v2.1/servers/3178d5cd-1937-422b-9287-970d095aa452 0.134s
2024-10-31 11:29:29.949 62739 INFO tempest.lib.common.rest_client [req-7f7cf462-0611-4cfd-8f16-a892c8536aff req-7f7cf462-0611-4cfd-8f16-a892c8536aff ] Request (VolumesAdminNegativeTest:test_update_attached_volume_with_nonexistent_volume_in_uri): 200 GET http://10.180.1.21/compute/v2.1/servers/0b40f385-db0a-460c-b7fd-47e4d6afbaf9 0.098s
2024-10-31 11:29:29.985 62797 INFO tempest.lib.common.rest_client [req-ce4d4d8a-6cd1-4d6e-86ed-8fa906e1fcfd req-ce4d4d8a-6cd1-4d6e-86ed-8fa906e1fcfd ] Request (ServersWithSpecificFlavorTestJSON:test_verify_created_server_ephemeral_disk): 200 GET http://10.180.1.21/compute/v2.1/servers/5a1af72f-71c8-42de-aa71-f011d85210a5 0.076s
2024-10-31 11:29:30.029 62769 INFO tempest.lib.common.rest_client [req-8fab730b-2570-4196-895a-4f25d8912d2e req-8fab730b-2570-4196-895a-4f25d8912d2e ] Request (FloatingIPsAssociationTestJSON:setUpClass): 200 GET http://10.180.1.21/compute/v2.1/servers/a8d8e232-6096-4da3-8f2c-65a5e5f713ae 0.045s
2024-10-31 11:29:30.043 62753 INFO tempest.lib.common.rest_client [req-8b57e89b-42ee-4618-adb5-c9000c2d8474 req-8b57e89b-42ee-4618-adb5-c9000c2d8474 ] Request (ServerActionsV293TestJSON:setUpClass): 200 GET http://10.180.1.21/compute/v2.1/servers/97ac40d6-1c29-4282-86e5-be27a20cf5e0 0.052s
2024-10-31 11:29:30.071 62749 INFO tempest.lib.common.rest_client [req-c27e362c-2f98-4bf6-9043-b1c325d7e626 req-c27e362c-2f98-4bf6-9043-b1c325d7e626 ] Request (ServerRescueTestJSON:setUpClass): 200 GET http://10.180.1.21/compute/v2.1/servers/d4930731-7333-426c-a2fc-a732d351a0f0 0.046s
2024-10-31 11:29:30.088 62759 INFO tempest.lib.common.rest_client [req-cc4502e4-2b5e-40fb-bad2-dfab0a6c06ae req-cc4502e4-2b5e-40fb-bad2-dfab0a6c06ae ] Request (ServersTestJSON:setUpClass): 200 GET http://10.180.1.21/compute/v2.1/servers/d1aeccd3-ba9e-46cc-b8a2-b64da9b94d6e 0.047s
2024-10-31 11:29:30.114 62791 INFO tempest.lib.common.rest_client [req-08451102-cd2d-4bb1-ba99-7b20a45cb1aa req-08451102-cd2d-4bb1-ba99-7b20a45cb1aa ] Request (MigrationsAdminTest:test_resize_server_revert_deleted_flavor): 200 GET http://10.180.1.21/compute/v2.1/servers/0af1e65d-ca88-475e-a871-4087bd49cd9d 0.048s
2024-10-31 11:29:30.133 62795 INFO tempest.lib.common.rest_client [req-e4d116b0-5508-4625-812a-bd07db78547a req-e4d116b0-5508-4625-812a-bd07db78547a ] Request (ListImageFiltersTestJSON:setUpClass): 200 GET http://10.180.1.21/compute/v2.1/servers/c32f170d-1e88-4716-a02a-b8db6896e900 0.045s
2024-10-31 11:29:30.158 62765 INFO tempest.lib.common.rest_client [req-8f5bccc7-c25a-48f8-9357-9dcd7c5d8368 req-8f5bccc7-c25a-48f8-9357-9dcd7c5d8368 ] Request (ImagesNegativeTestJSON:test_create_image_from_deleted_server): 200 GET http://10.180.1.21/compute/v2.1/servers/e49252e3-11cc-49c3-b959-24ad87ad48c9 0.049s
2024-10-31 11:29:30.180 62743 INFO tempest.lib.common.rest_client [req-1837ad07-abd1-4664-a3d0-7b3c2265f20e req-1837ad07-abd1-4664-a3d0-7b3c2265f20e ] Request (ListServersNegativeTestJSON:setUpClass): 200 GET http://10.180.1.21/compute/v2.1/servers/df6ad6f4-2da5-4cad-bb6a-3b7d9ff6bb36 0.047s
2024-10-31 11:29:30.201 62777 INFO tempest.lib.common.rest_client [req-77a8e6cf-7a29-4191-ad44-c0996a6b372b req-77a8e6cf-7a29-4191-ad44-c0996a6b372b ] Request (VolumesAssistedSnapshotsTest:test_volume_assisted_snapshot_create_delete): 200 GET http://10.180.1.21/compute/v2.1/servers/24b4c233-c874-452e-a7fc-492ca2a49a09 0.047s
2024-10-31 11:29:30.243 62803 INFO tempest.lib.common.rest_client [req-50fcf90e-54bf-46c5-a64a-748d3bb67d4f req-50fcf90e-54bf-46c5-a64a-748d3bb67d4f ] Request (ServerActionsTestOtherB:setUpClass): 200 GET http://10.180.1.21/compute/v2.1/servers/bef7d4e7-9af2-4071-ae6d-bdbfa7f46460 0.044s
2024-10-31 11:29:30.291 62745 INFO tempest.lib.common.rest_client [req-450f2f37-e91f-496c-9c9d-1ac135dec06b req-450f2f37-e91f-496c-9c9d-1ac135dec06b ] Request (ServersTestBootFromVolume:setUpClass): 200 GET http://10.180.1.21/compute/v2.1/servers/5ca1a33c-7324-481c-95cd-3761ce8ccf13 0.042s
2024-10-31 11:29:30.293 62741 INFO tempest.lib.common.rest_client [req-99a19869-b02d-43e6-a701-da5edd06628a req-99a19869-b02d-43e6-a701-da5edd06628a ] Request (ServersAdmin275Test:tearDownClass): 200 GET http://10.180.1.21/compute/v2.1/servers/c4a88e75-690f-4bed-a4f9-a0de3b193eff 0.054s
2024-10-31 11:29:30.331 62767 INFO tempest.lib.common.rest_client [req-804c1e13-524e-45a4-8b71-f821c8ca1a71 req-804c1e13-524e-45a4-8b71-f821c8ca1a71 ] Request (ImagesTestJSON:test_create_image_from_stopped_server): 200 GET http://10.180.1.21/compute/v2.1/servers/0acb10f9-3d1e-4621-9b7f-dd7c6b1f86b4 0.054s
2024-10-31 11:29:30.334 62761 INFO tempest.lib.common.rest_client [req-1f7fd8fb-3b76-4c47-838f-90139c81805e req-1f7fd8fb-3b76-4c47-838f-90139c81805e ] Request (ServerActionsTestJSON:setUpClass): 200 GET http://10.180.1.21/compute/v2.1/servers/d8d4c087-9b0f-48c7-bd05-291a7e2a3e83 0.041s
2024-10-31 11:29:30.516 62782 INFO tempest.lib.common.rest_client [req-02e81707-843d-4ee1-92b2-f959d0566abf req-02e81707-843d-4ee1-92b2-f959d0566abf ] Request (AttachInterfacesV270Test:test_create_get_list_interfaces): 200 GET http://10.180.1.21/compute/v2.1/servers/9bda2d4c-38c0-49ba-9a69-402869ff6a65 0.059s
2024-10-31 11:29:30.535 62787 INFO tempest.lib.common.rest_client [req-9f079b56-dac1-4a06-a9ef-c180ae59e825 req-9f079b56-dac1-4a06-a9ef-c180ae59e825 ] Request (AttachInterfacesUnderV243Test:test_add_remove_fixed_ip): 200 GET http://10.180.1.21/compute/v2.1/servers/20bf8c62-8b80-45c2-98d4-5a960f465aa0 0.049s
2024-10-31 11:29:30.582 62751 INFO tempest.lib.common.rest_client [req-eccfb266-7fee-4851-b892-b9816db22338 req-eccfb266-7fee-4851-b892-b9816db22338 ] Request (ServerDiskConfigTestJSON:test_rebuild_server_with_auto_disk_config): 200 GET http://10.180.1.21/compute/v2.1/servers/eed1dcc3-d9f9-4211-a4c3-850dcdad72b1 0.044s
2024-10-31 11:29:30.692 62783 INFO tempest.lib.common.rest_client [req-b961e544-e6cf-4df5-92ad-b3e7106c476c req-b961e544-e6cf-4df5-92ad-b3e7106c476c ] Request (AttachInterfacesTestJSON:test_create_list_show_delete_interfaces_by_fixed_ip): 200 GET http://10.180.1.21/compute/v2.1/servers/30befad4-aacb-44d5-87ed-4fc6b0e34bd6 0.046s
2024-10-31 11:29:30.762 62747 INFO tempest.lib.common.rest_client [req-2ec59b0c-4968-446b-83f8-ccc61ecb99ef req-2ec59b0c-4968-446b-83f8-ccc61ecb99ef ] Request (ServerAddressesTestJSON:setUpClass): 200 GET http://10.180.1.21/compute/v2.1/servers/ce8d9b01-e99d-4051-bd96-659692a436da 0.046s
2024-10-31 11:29:30.857 62799 INFO tempest.lib.common.rest_client [req-74e24ce5-16b1-49d0-9822-4d5c388751d2 req-74e24ce5-16b1-49d0-9822-4d5c388751d2 ] Request (DeleteServersAdminTestJSON:test_delete_server_while_in_error_state): 200 GET http://10.180.1.21/compute/v2.1/servers/73142a3f-3be8-4956-90f8-6ca223d2d01f 0.045s
2024-10-31 11:29:30.898 62755 INFO tempest.lib.common.rest_client [req-4b53d39e-7f49-4a4f-843e-f98774145e9c req-4b53d39e-7f49-4a4f-843e-f98774145e9c ] Request (ImagesOneServerTestJSON:setUpClass): 200 GET http://10.180.1.21/compute/v2.1/servers/1a27278b-b930-4432-90f2-45cdf025c83e 0.044s
2024-10-31 11:29:30.947 62793 INFO tempest.lib.common.rest_client [req-806f9da1-1923-457e-bc7a-266886129661 req-806f9da1-1923-457e-bc7a-266886129661 ] Request (AttachVolumeTestJSON:test_attach_detach_volume): 200 GET http://10.180.1.21/compute/v2.1/servers/2aa7880f-de24-4f32-b027-731a2030f987 0.044s
2024-10-31 11:29:30.956 62786 INFO tempest.lib.common.rest_client [req-d241871e-3a5a-48c4-85e6-819c2431e203 req-d241871e-3a5a-48c4-85e6-819c2431e203 ] Request (ServersTestFqdnHostnames:test_create_server_with_fqdn_name): 200 GET http://10.180.1.21/compute/v2.1/servers/7a0b2744-2bb0-4eee-9861-418ba67b719c 0.049s
2024-10-31 11:29:30.963 62786 INFO tempest.common.waiters [-] State transition "BUILD/scheduling" ==> "ERROR/None" after 74 second wait
2024-10-31 11:29:30.997 62739 INFO tempest.lib.common.rest_client [req-ca03bda1-71c6-4ccb-b8cc-c0a4f20d51b6 req-ca03bda1-71c6-4ccb-b8cc-c0a4f20d51b6 ] Request (VolumesAdminNegativeTest:test_update_attached_volume_with_nonexistent_volume_in_uri): 200 GET http://10.180.1.21/compute/v2.1/servers/0b40f385-db0a-460c-b7fd-47e4d6afbaf9 0.042s
2024-10-31 11:29:30.999 62771 INFO tempest.lib.common.rest_client [req-125371fa-3468-4a4a-b837-74368850ce02 req-125371fa-3468-4a4a-b837-74368850ce02 ] Request (AttachVolumeShelveTestJSON:test_attach_volume_shelved_or_offload_server): 200 GET http://10.180.1.21/compute/v2.1/servers/3178d5cd-1937-422b-9287-970d095aa452 0.045s
2024-10-31 11:29:31.041 62797 INFO tempest.lib.common.rest_client [req-aa327621-23b5-4386-91fb-359a397dbb56 req-aa327621-23b5-4386-91fb-359a397dbb56 ] Request (ServersWithSpecificFlavorTestJSON:test_verify_created_server_ephemeral_disk): 200 GET http://10.180.1.21/compute/v2.1/servers/5a1af72f-71c8-42de-aa71-f011d85210a5 0.049s
2024-10-31 11:29:31.047 62797 INFO tempest.common.waiters [-] State transition "BUILD/scheduling" ==> "BUILD/None" after 50 second wait
2024-10-31 11:29:31.086 62769 INFO tempest.lib.common.rest_client [req-e0ecbeed-bc13-482b-8675-470641015256 req-e0ecbeed-bc13-482b-8675-470641015256 ] Request (FloatingIPsAssociationTestJSON:setUpClass): 200 GET http://10.180.1.21/compute/v2.1/servers/a8d8e232-6096-4da3-8f2c-65a5e5f713ae 0.050s
2024-10-31 11:29:31.132 62753 INFO tempest.lib.common.rest_client [req-7ddca041-59e2-45c8-8a42-8509f3a1550d req-7ddca041-59e2-45c8-8a42-8509f3a1550d ] Request (ServerActionsV293TestJSON:setUpClass): 200 GET http://10.180.1.21/compute/v2.1/servers/97ac40d6-1c29-4282-86e5-be27a20cf5e0 0.080s
2024-10-31 11:29:31.160 62786 INFO tempest.lib.common.rest_client [req-ba556b24-7b6e-4ad8-8477-fa233342c908 req-ba556b24-7b6e-4ad8-8477-fa233342c908 ] Request (ServersTestFqdnHostnames:test_create_server_with_fqdn_name): 204 DELETE http://10.180.1.21/compute/v2.1/servers/7a0b2744-2bb0-4eee-9861-418ba67b719c 0.197s
2024-10-31 11:29:31.175 62749 INFO tempest.lib.common.rest_client [req-ea15670d-16a0-4812-9be3-39b19f3eb948 req-ea15670d-16a0-4812-9be3-39b19f3eb948 ] Request (ServerRescueTestJSON:setUpClass): 200 GET http://10.180.1.21/compute/v2.1/servers/d4930731-7333-426c-a2fc-a732d351a0f0 0.096s
2024-10-31 11:29:31.205 62759 INFO tempest.lib.common.rest_client [req-1d9f08d5-81f9-429c-a238-b144dc4c753f req-1d9f08d5-81f9-429c-a238-b144dc4c753f ] Request (ServersTestJSON:setUpClass): 200 GET http://10.180.1.21/compute/v2.1/servers/d1aeccd3-ba9e-46cc-b8a2-b64da9b94d6e 0.110s
2024-10-31 11:29:31.218 62791 INFO tempest.lib.common.rest_client [req-2de72d0f-bd72-4be5-9240-13d2ece5634f req-2de72d0f-bd72-4be5-9240-13d2ece5634f ] Request (MigrationsAdminTest:test_resize_server_revert_deleted_flavor): 200 GET http://10.180.1.21/compute/v2.1/servers/0af1e65d-ca88-475e-a871-4087bd49cd9d 0.096s
2024-10-31 11:29:31.235 62786 INFO tempest.lib.common.rest_client [req-f15bde58-2605-40e4-8984-bc2176f9e6a0 req-f15bde58-2605-40e4-8984-bc2176f9e6a0 ] Request (ServersTestFqdnHostnames:test_create_server_with_fqdn_name): 404 GET http://10.180.1.21/compute/v2.1/servers/7a0b2744-2bb0-4eee-9861-418ba67b719c 0.074s
2024-10-31 11:29:31.247 62795 INFO tempest.lib.common.rest_client [req-17ec6f89-c992-4a41-aa0d-9e090c055a4a req-17ec6f89-c992-4a41-aa0d-9e090c055a4a ] Request (ListImageFiltersTestJSON:setUpClass): 200 GET http://10.180.1.21/compute/v2.1/servers/c32f170d-1e88-4716-a02a-b8db6896e900 0.108s
2024-10-31 11:29:31.278 62765 INFO tempest.lib.common.rest_client [req-cd3f6c87-605a-4a03-9466-7a6f9311c701 req-cd3f6c87-605a-4a03-9466-7a6f9311c701 ] Request (ImagesNegativeTestJSON:test_create_image_from_deleted_server): 200 GET http://10.180.1.21/compute/v2.1/servers/e49252e3-11cc-49c3-b959-24ad87ad48c9 0.113s
2024-10-31 11:29:31.293 62743 INFO tempest.lib.common.rest_client [req-8647b93d-541c-4473-9b3b-198933fad813 req-8647b93d-541c-4473-9b3b-198933fad813 ] Request (ListServersNegativeTestJSON:setUpClass): 200 GET http://10.180.1.21/compute/v2.1/servers/df6ad6f4-2da5-4cad-bb6a-3b7d9ff6bb36 0.104s
2024-10-31 11:29:31.310 62786 INFO tempest.lib.common.rest_client [req-b87a56a1-00f2-458f-ad2e-3c87903ddb11 req-b87a56a1-00f2-458f-ad2e-3c87903ddb11 ] Request (ServersTestFqdnHostnames:tearDownClass): 202 DELETE http://10.180.1.21/compute/v2.1/os-keypairs/tempest-keypair-309665762 0.072s
2024-10-31 11:29:31.327 62777 INFO tempest.lib.common.rest_client [req-026bf66e-f698-429a-a193-3202fbb54f53 req-026bf66e-f698-429a-a193-3202fbb54f53 ] Request (VolumesAssistedSnapshotsTest:test_volume_assisted_snapshot_create_delete): 200 GET http://10.180.1.21/compute/v2.1/servers/24b4c233-c874-452e-a7fc-492ca2a49a09 0.119s
2024-10-31 11:29:31.360 62803 INFO tempest.lib.common.rest_client [req-f8a60f84-a50b-4592-846a-881176b0e974 req-f8a60f84-a50b-4592-846a-881176b0e974 ] Request (ServerActionsTestOtherB:setUpClass): 200 GET http://10.180.1.21/compute/v2.1/servers/bef7d4e7-9af2-4071-ae6d-bdbfa7f46460 0.110s
2024-10-31 11:29:31.372 62745 INFO tempest.lib.common.rest_client [req-0160fd4a-9258-4b9a-96d6-a8b1da444197 req-0160fd4a-9258-4b9a-96d6-a8b1da444197 ] Request (ServersTestBootFromVolume:setUpClass): 200 GET http://10.180.1.21/compute/v2.1/servers/5ca1a33c-7324-481c-95cd-3761ce8ccf13 0.074s
2024-10-31 11:29:31.408 62786 INFO tempest.lib.common.rest_client [req-82560168-8e82-4399-b48e-f482bdcfe812 req-82560168-8e82-4399-b48e-f482bdcfe812 ] Request (ServersTestFqdnHostnames:tearDownClass): 204 DELETE http://10.180.1.21:9696/networking/v2.0/security-groups/1793a739-6519-46ec-8ad6-a4fd974718f4 0.098s
2024-10-31 11:29:31.416 62786 INFO tempest.lib.common.rest_client [req-7c44aeb0-53bb-4e40-b6e9-396d769e2e4b req-7c44aeb0-53bb-4e40-b6e9-396d769e2e4b ] Request (ServersTestFqdnHostnames:tearDownClass): 404 GET http://10.180.1.21:9696/networking/v2.0/security-groups/1793a739-6519-46ec-8ad6-a4fd974718f4 0.007s
2024-10-31 11:29:31.419 62767 INFO tempest.lib.common.rest_client [req-6c5a24e1-2207-4ca0-983d-d093b9981a40 req-6c5a24e1-2207-4ca0-983d-d093b9981a40 ] Request (ImagesTestJSON:test_create_image_from_stopped_server): 200 GET http://10.180.1.21/compute/v2.1/servers/0acb10f9-3d1e-4621-9b7f-dd7c6b1f86b4 0.081s
2024-10-31 11:29:31.427 62741 INFO tempest.lib.common.rest_client [req-62d4fe78-da0c-4d2a-833a-3398dcb70ab0 req-62d4fe78-da0c-4d2a-833a-3398dcb70ab0 ] Request (ServersAdmin275Test:tearDownClass): 200 GET http://10.180.1.21/compute/v2.1/servers/c4a88e75-690f-4bed-a4f9-a0de3b193eff 0.126s
2024-10-31 11:29:31.473 62761 INFO tempest.lib.common.rest_client [req-d1136090-006d-47b1-8704-adf341f9dbcd req-d1136090-006d-47b1-8704-adf341f9dbcd ] Request (ServerActionsTestJSON:setUpClass): 200 GET http://10.180.1.21/compute/v2.1/servers/d8d4c087-9b0f-48c7-bd05-291a7e2a3e83 0.132s
2024-10-31 11:29:31.479 62761 INFO tempest.common.waiters [-] State transition "BUILD/spawning" ==> "BUILD/scheduling" after 72 second wait
2024-10-31 11:29:31.579 62782 INFO tempest.lib.common.rest_client [req-e2d6f52a-41d2-4078-939e-f506e9221bcf req-e2d6f52a-41d2-4078-939e-f506e9221bcf ] Request (AttachInterfacesV270Test:test_create_get_list_interfaces): 200 GET http://10.180.1.21/compute/v2.1/servers/9bda2d4c-38c0-49ba-9a69-402869ff6a65 0.054s
2024-10-31 11:29:31.594 62787 INFO tempest.lib.common.rest_client [req-5628dbd4-244c-4407-bb3b-cd5a9d60e2eb req-5628dbd4-244c-4407-bb3b-cd5a9d60e2eb ] Request (AttachInterfacesUnderV243Test:test_add_remove_fixed_ip): 200 GET http://10.180.1.21/compute/v2.1/servers/20bf8c62-8b80-45c2-98d4-5a960f465aa0 0.051s
2024-10-31 11:29:31.635 62751 INFO tempest.lib.common.rest_client [req-8bc8026c-25c1-45ef-acbc-10dbcf50833e req-8bc8026c-25c1-45ef-acbc-10dbcf50833e ] Request (ServerDiskConfigTestJSON:test_rebuild_server_with_auto_disk_config): 200 GET http://10.180.1.21/compute/v2.1/servers/eed1dcc3-d9f9-4211-a4c3-850dcdad72b1 0.046s
2024-10-31 11:29:31.637 62786 INFO tempest.lib.common.rest_client [req-98799df6-0317-46ee-96c6-41110f67632f req-98799df6-0317-46ee-96c6-41110f67632f ] Request (ServersTestFqdnHostnames:tearDownClass): 204 DELETE http://10.180.1.21:9696/networking/v2.0/floatingips/303bf8c6-ebba-4cd6-b9f4-424cbdcdb45d 0.220s
2024-10-31 11:29:31.747 62783 INFO tempest.lib.common.rest_client [req-7812b746-5134-429f-99f0-ac82e6de1368 req-7812b746-5134-429f-99f0-ac82e6de1368 ] Request (AttachInterfacesTestJSON:test_create_list_show_delete_interfaces_by_fixed_ip): 200 GET http://10.180.1.21/compute/v2.1/servers/30befad4-aacb-44d5-87ed-4fc6b0e34bd6 0.049s
2024-10-31 11:29:31.821 62747 INFO tempest.lib.common.rest_client [req-9a5d17f6-9137-4f32-ae65-545767822257 req-9a5d17f6-9137-4f32-ae65-545767822257 ] Request (ServerAddressesTestJSON:setUpClass): 200 GET http://10.180.1.21/compute/v2.1/servers/ce8d9b01-e99d-4051-bd96-659692a436da 0.053s
2024-10-31 11:29:31.912 62799 INFO tempest.lib.common.rest_client [req-3e70a4d3-eb33-4ccb-85f1-22d63fa63ac1 req-3e70a4d3-eb33-4ccb-85f1-22d63fa63ac1 ] Request (DeleteServersAdminTestJSON:test_delete_server_while_in_error_state): 200 GET http://10.180.1.21/compute/v2.1/servers/73142a3f-3be8-4956-90f8-6ca223d2d01f 0.050s
2024-10-31 11:29:31.949 62755 INFO tempest.lib.common.rest_client [req-b289ad4c-1135-451c-b23c-e2ce5846ad76 req-b289ad4c-1135-451c-b23c-e2ce5846ad76 ] Request (ImagesOneServerTestJSON:setUpClass): 200 GET http://10.180.1.21/compute/v2.1/servers/1a27278b-b930-4432-90f2-45cdf025c83e 0.044s
2024-10-31 11:29:32.000 62793 INFO tempest.lib.common.rest_client [req-375bb110-11ca-46f6-b751-ecf566110c62 req-375bb110-11ca-46f6-b751-ecf566110c62 ] Request (AttachVolumeTestJSON:test_attach_detach_volume): 200 GET http://10.180.1.21/compute/v2.1/servers/2aa7880f-de24-4f32-b027-731a2030f987 0.046s
2024-10-31 11:29:32.050 62739 INFO tempest.lib.common.rest_client [req-c17e3f27-327e-4efe-98ab-5f2a0c1f3233 req-c17e3f27-327e-4efe-98ab-5f2a0c1f3233 ] Request (VolumesAdminNegativeTest:test_update_attached_volume_with_nonexistent_volume_in_uri): 200 GET http://10.180.1.21/compute/v2.1/servers/0b40f385-db0a-460c-b7fd-47e4d6afbaf9 0.047s
2024-10-31 11:29:32.060 62771 INFO tempest.lib.common.rest_client [req-beedabd1-fdbf-493a-a56b-bf091953a2ba req-beedabd1-fdbf-493a-a56b-bf091953a2ba ] Request (AttachVolumeShelveTestJSON:test_attach_volume_shelved_or_offload_server): 200 GET http://10.180.1.21/compute/v2.1/servers/3178d5cd-1937-422b-9287-970d095aa452 0.053s
2024-10-31 11:29:32.096 62797 INFO tempest.lib.common.rest_client [req-7bfa697f-6f4d-446d-a9de-72bffa22593e req-7bfa697f-6f4d-446d-a9de-72bffa22593e ] Request (ServersWithSpecificFlavorTestJSON:test_verify_created_server_ephemeral_disk): 200 GET http://10.180.1.21/compute/v2.1/servers/5a1af72f-71c8-42de-aa71-f011d85210a5 0.048s
2024-10-31 11:29:32.148 62769 INFO tempest.lib.common.rest_client [req-36d8e9f4-776c-4519-afc6-af72f19d41ea req-36d8e9f4-776c-4519-afc6-af72f19d41ea ] Request (FloatingIPsAssociationTestJSON:setUpClass): 200 GET http://10.180.1.21/compute/v2.1/servers/a8d8e232-6096-4da3-8f2c-65a5e5f713ae 0.055s
2024-10-31 11:29:32.194 62753 INFO tempest.lib.common.rest_client [req-a6971084-5e5a-47de-bde8-dcf8c7a0fbc4 req-a6971084-5e5a-47de-bde8-dcf8c7a0fbc4 ] Request (ServerActionsV293TestJSON:setUpClass): 200 GET http://10.180.1.21/compute/v2.1/servers/97ac40d6-1c29-4282-86e5-be27a20cf5e0 0.054s
2024-10-31 11:29:32.233 62749 INFO tempest.lib.common.rest_client [req-648e7d12-813e-40bd-9323-1df22ba0916d req-648e7d12-813e-40bd-9323-1df22ba0916d ] Request (ServerRescueTestJSON:setUpClass): 200 GET http://10.180.1.21/compute/v2.1/servers/d4930731-7333-426c-a2fc-a732d351a0f0 0.051s
2024-10-31 11:29:32.260 62759 INFO tempest.lib.common.rest_client [req-57be3e6a-a1f6-41fd-994e-dee55d421eb7 req-57be3e6a-a1f6-41fd-994e-dee55d421eb7 ] Request (ServersTestJSON:setUpClass): 200 GET http://10.180.1.21/compute/v2.1/servers/d1aeccd3-ba9e-46cc-b8a2-b64da9b94d6e 0.049s
2024-10-31 11:29:32.283 62791 INFO tempest.lib.common.rest_client [req-fa92b28c-f9f0-405f-a328-160bcbfaf15c req-fa92b28c-f9f0-405f-a328-160bcbfaf15c ] Request (MigrationsAdminTest:test_resize_server_revert_deleted_flavor): 200 GET http://10.180.1.21/compute/v2.1/servers/0af1e65d-ca88-475e-a871-4087bd49cd9d 0.058s
2024-10-31 11:29:32.300 62786 INFO tempest.lib.common.rest_client [req-4cc4d5b9-a682-41a4-92e8-84e5a2bc9071 req-4cc4d5b9-a682-41a4-92e8-84e5a2bc9071 ] Request (ServersTestFqdnHostnames:tearDownClass): 200 PUT http://10.180.1.21:9696/networking/v2.0/routers/afdfde51-0bab-43e7-9f62-c7b6e77d9203/remove_router_interface 0.663s
2024-10-31 11:29:32.315 62795 INFO tempest.lib.common.rest_client [req-06a031ba-4292-463a-8453-43dbdde3a86d req-06a031ba-4292-463a-8453-43dbdde3a86d ] Request (ListImageFiltersTestJSON:setUpClass): 200 GET http://10.180.1.21/compute/v2.1/servers/c32f170d-1e88-4716-a02a-b8db6896e900 0.060s
2024-10-31 11:29:32.342 62765 INFO tempest.lib.common.rest_client [req-31811aa4-4487-4311-99a3-0e3e88cf2fe9 req-31811aa4-4487-4311-99a3-0e3e88cf2fe9 ] Request (ImagesNegativeTestJSON:test_create_image_from_deleted_server): 200 GET http://10.180.1.21/compute/v2.1/servers/e49252e3-11cc-49c3-b959-24ad87ad48c9 0.057s
2024-10-31 11:29:32.378 62743 INFO tempest.lib.common.rest_client [req-53e6244a-1b6e-409d-a8f6-f1345b538920 req-53e6244a-1b6e-409d-a8f6-f1345b538920 ] Request (ListServersNegativeTestJSON:setUpClass): 200 GET http://10.180.1.21/compute/v2.1/servers/df6ad6f4-2da5-4cad-bb6a-3b7d9ff6bb36 0.077s
2024-10-31 11:29:32.412 62777 INFO tempest.lib.common.rest_client [req-f6c69c5e-0ee5-4a78-9322-0cb84bc506af req-f6c69c5e-0ee5-4a78-9322-0cb84bc506af ] Request (VolumesAssistedSnapshotsTest:test_volume_assisted_snapshot_create_delete): 200 GET http://10.180.1.21/compute/v2.1/servers/24b4c233-c874-452e-a7fc-492ca2a49a09 0.077s
2024-10-31 11:29:32.436 62803 INFO tempest.lib.common.rest_client [req-16ed8a7b-c5c6-47db-a82f-487f55613536 req-16ed8a7b-c5c6-47db-a82f-487f55613536 ] Request (ServerActionsTestOtherB:setUpClass): 200 GET http://10.180.1.21/compute/v2.1/servers/bef7d4e7-9af2-4071-ae6d-bdbfa7f46460 0.069s
2024-10-31 11:29:32.467 62745 INFO tempest.lib.common.rest_client [req-7b02d618-095d-4826-9db8-b40610c627a8 req-7b02d618-095d-4826-9db8-b40610c627a8 ] Request (ServersTestBootFromVolume:setUpClass): 200 GET http://10.180.1.21/compute/v2.1/servers/5ca1a33c-7324-481c-95cd-3761ce8ccf13 0.088s
2024-10-31 11:29:32.500 62767 INFO tempest.lib.common.rest_client [req-dc1b29f4-8633-459a-a8af-d3a28d58ea5f req-dc1b29f4-8633-459a-a8af-d3a28d58ea5f ] Request (ImagesTestJSON:test_create_image_from_stopped_server): 200 GET http://10.180.1.21/compute/v2.1/servers/0acb10f9-3d1e-4621-9b7f-dd7c6b1f86b4 0.072s
2024-10-31 11:29:32.543 62741 INFO tempest.lib.common.rest_client [req-c7257e55-be49-4bbc-b426-119575d84f74 req-c7257e55-be49-4bbc-b426-119575d84f74 ] Request (ServersAdmin275Test:tearDownClass): 200 GET http://10.180.1.21/compute/v2.1/servers/c4a88e75-690f-4bed-a4f9-a0de3b193eff 0.107s
2024-10-31 11:29:32.556 62761 INFO tempest.lib.common.rest_client [req-ffedb72b-8c4a-438b-9c97-8c0eb11f001f req-ffedb72b-8c4a-438b-9c97-8c0eb11f001f ] Request (ServerActionsTestJSON:setUpClass): 200 GET http://10.180.1.21/compute/v2.1/servers/d8d4c087-9b0f-48c7-bd05-291a7e2a3e83 0.076s
2024-10-31 11:29:32.562 62761 INFO tempest.common.waiters [-] State transition "BUILD/scheduling" ==> "ERROR/None" after 73 second wait
2024-10-31 11:29:32.636 62782 INFO tempest.lib.common.rest_client [req-84555f0f-82eb-466c-b076-356d44bd8d99 req-84555f0f-82eb-466c-b076-356d44bd8d99 ] Request (AttachInterfacesV270Test:test_create_get_list_interfaces): 200 GET http://10.180.1.21/compute/v2.1/servers/9bda2d4c-38c0-49ba-9a69-402869ff6a65 0.048s
2024-10-31 11:29:32.683 62787 INFO tempest.lib.common.rest_client [req-5ca5eb47-26de-47a6-bddf-392004a9a0ce req-5ca5eb47-26de-47a6-bddf-392004a9a0ce ] Request (AttachInterfacesUnderV243Test:test_add_remove_fixed_ip): 200 GET http://10.180.1.21/compute/v2.1/servers/20bf8c62-8b80-45c2-98d4-5a960f465aa0 0.082s
2024-10-31 11:29:32.717 62786 INFO tempest.lib.common.rest_client [req-6f427e31-08f5-4ad6-9f22-fdf3c517eed0 req-6f427e31-08f5-4ad6-9f22-fdf3c517eed0 ] Request (ServersTestFqdnHostnames:tearDownClass): 204 DELETE http://10.180.1.21:9696/networking/v2.0/routers/afdfde51-0bab-43e7-9f62-c7b6e77d9203 0.416s
2024-10-31 11:29:32.726 62751 INFO tempest.lib.common.rest_client [req-058a6b79-ddb6-4522-a964-87cc87e97324 req-058a6b79-ddb6-4522-a964-87cc87e97324 ] Request (ServerDiskConfigTestJSON:test_rebuild_server_with_auto_disk_config): 200 GET http://10.180.1.21/compute/v2.1/servers/eed1dcc3-d9f9-4211-a4c3-850dcdad72b1 0.085s
2024-10-31 11:29:32.748 62761 INFO tempest.lib.common.rest_client [req-654b233a-187f-4a12-b513-2692f697f018 req-654b233a-187f-4a12-b513-2692f697f018 ] Request (ServerActionsTestJSON:setUpClass): 204 DELETE http://10.180.1.21/compute/v2.1/servers/d8d4c087-9b0f-48c7-bd05-291a7e2a3e83 0.185s
2024-10-31 11:29:32.770 62761 INFO tempest.lib.common.rest_client [req-ee3d73de-8093-445c-8729-085da495bdb3 req-ee3d73de-8093-445c-8729-085da495bdb3 ] Request (ServerActionsTestJSON:setUpClass): 404 GET http://10.180.1.21/compute/v2.1/servers/d8d4c087-9b0f-48c7-bd05-291a7e2a3e83 0.022s
2024-10-31 11:29:32.770 62761 INFO tempest.test [-] raised in ServerActionsTestJSON.setUpClass. Invoking tearDownClass.
2024-10-31 11:29:32.788 62761 INFO tempest.lib.common.rest_client [req-5f90c5fe-f346-4e63-b2fa-b145d1095422 req-5f90c5fe-f346-4e63-b2fa-b145d1095422 ] Request (ServerActionsTestJSON:tearDownClass): 202 DELETE http://10.180.1.21/compute/v2.1/os-keypairs/tempest-keypair-12047837 0.018s
2024-10-31 11:29:32.809 62783 INFO tempest.lib.common.rest_client [req-a1594afe-61f6-40a8-aa3a-136cd6072dc5 req-a1594afe-61f6-40a8-aa3a-136cd6072dc5 ] Request (AttachInterfacesTestJSON:test_create_list_show_delete_interfaces_by_fixed_ip): 200 GET http://10.180.1.21/compute/v2.1/servers/30befad4-aacb-44d5-87ed-4fc6b0e34bd6 0.056s
2024-10-31 11:29:32.841 62786 INFO tempest.lib.common.rest_client [req-af2aaf52-6e0a-4fc4-a1eb-aef8747ea1ab req-af2aaf52-6e0a-4fc4-a1eb-aef8747ea1ab ] Request (ServersTestFqdnHostnames:tearDownClass): 204 DELETE http://10.180.1.21:9696/networking/v2.0/subnets/bde63023-f477-470b-92c6-c046fa751557 0.123s
2024-10-31 11:29:32.880 62747 INFO tempest.lib.common.rest_client [req-afe83c51-25e8-406c-b000-eb68c2822318 req-afe83c51-25e8-406c-b000-eb68c2822318 ] Request (ServerAddressesTestJSON:setUpClass): 200 GET http://10.180.1.21/compute/v2.1/servers/ce8d9b01-e99d-4051-bd96-659692a436da 0.051s
2024-10-31 11:29:32.892 62761 INFO tempest.lib.common.rest_client [req-57aed04d-0eff-4fe2-9003-d503b3c19737 req-57aed04d-0eff-4fe2-9003-d503b3c19737 ] Request (ServerActionsTestJSON:tearDownClass): 204 DELETE http://10.180.1.21:9696/networking/v2.0/security-groups/53a2dc3b-555d-484d-9523-7f8886cfd667 0.103s
2024-10-31 11:29:32.901 62761 INFO tempest.lib.common.rest_client [req-4e799813-0f09-4ab7-98c0-d783d7385b95 req-4e799813-0f09-4ab7-98c0-d783d7385b95 ] Request (ServerActionsTestJSON:tearDownClass): 404 GET http://10.180.1.21:9696/networking/v2.0/security-groups/53a2dc3b-555d-484d-9523-7f8886cfd667 0.008s
2024-10-31 11:29:32.984 62799 INFO tempest.lib.common.rest_client [req-ba8f4366-f603-49e4-8294-3f40f2c93b79 req-ba8f4366-f603-49e4-8294-3f40f2c93b79 ] Request (DeleteServersAdminTestJSON:test_delete_server_while_in_error_state): 200 GET http://10.180.1.21/compute/v2.1/servers/73142a3f-3be8-4956-90f8-6ca223d2d01f 0.064s
2024-10-31 11:29:33.008 62755 INFO tempest.lib.common.rest_client [req-a6818183-e6fb-44e6-85e5-82567be3a25c req-a6818183-e6fb-44e6-85e5-82567be3a25c ] Request (ImagesOneServerTestJSON:setUpClass): 200 GET http://10.180.1.21/compute/v2.1/servers/1a27278b-b930-4432-90f2-45cdf025c83e 0.053s
2024-10-31 11:29:33.072 62793 INFO tempest.lib.common.rest_client [req-f8c82975-a2f2-435a-b09a-f2c5ddde5b4e req-f8c82975-a2f2-435a-b09a-f2c5ddde5b4e ] Request (AttachVolumeTestJSON:test_attach_detach_volume): 200 GET http://10.180.1.21/compute/v2.1/servers/2aa7880f-de24-4f32-b027-731a2030f987 0.066s
2024-10-31 11:29:33.110 62739 INFO tempest.lib.common.rest_client [req-1e4d8bb7-875b-4c69-a4e3-282c7cf2cf85 req-1e4d8bb7-875b-4c69-a4e3-282c7cf2cf85 ] Request (VolumesAdminNegativeTest:test_update_attached_volume_with_nonexistent_volume_in_uri): 200 GET http://10.180.1.21/compute/v2.1/servers/0b40f385-db0a-460c-b7fd-47e4d6afbaf9 0.053s
2024-10-31 11:29:33.123 62771 INFO tempest.lib.common.rest_client [req-d081dad8-59fa-4046-b2ac-bca47bcdf961 req-d081dad8-59fa-4046-b2ac-bca47bcdf961 ] Request (AttachVolumeShelveTestJSON:test_attach_volume_shelved_or_offload_server): 200 GET http://10.180.1.21/compute/v2.1/servers/3178d5cd-1937-422b-9287-970d095aa452 0.055s
2024-10-31 11:29:33.158 62797 INFO tempest.lib.common.rest_client [req-d31c389a-2d84-4499-9b25-0715c1ef91aa req-d31c389a-2d84-4499-9b25-0715c1ef91aa ] Request (ServersWithSpecificFlavorTestJSON:test_verify_created_server_ephemeral_disk): 200 GET http://10.180.1.21/compute/v2.1/servers/5a1af72f-71c8-42de-aa71-f011d85210a5 0.052s
2024-10-31 11:29:33.222 62769 INFO tempest.lib.common.rest_client [req-cf6fff1a-d436-4b0c-858a-8776a4ce6e47 req-cf6fff1a-d436-4b0c-858a-8776a4ce6e47 ] Request (FloatingIPsAssociationTestJSON:setUpClass): 200 GET http://10.180.1.21/compute/v2.1/servers/a8d8e232-6096-4da3-8f2c-65a5e5f713ae 0.063s
2024-10-31 11:29:33.228 62786 INFO tempest.lib.common.rest_client [req-7ed7f8c5-9ab8-491c-b428-fdbd0ba5936c req-7ed7f8c5-9ab8-491c-b428-fdbd0ba5936c ] Request (ServersTestFqdnHostnames:tearDownClass): 204 DELETE http://10.180.1.21:9696/networking/v2.0/networks/8b1d64d4-404a-4fb8-9a6a-82c776b33863 0.387s
2024-10-31 11:29:33.260 62761 INFO tempest.lib.common.rest_client [req-800754dc-3932-451e-97e8-2232010a46c8 req-800754dc-3932-451e-97e8-2232010a46c8 ] Request (ServerActionsTestJSON:tearDownClass): 204 DELETE http://10.180.1.21:9696/networking/v2.0/floatingips/1746a8e9-6382-4721-a1e7-80ee4c5e7451 0.359s
2024-10-31 11:29:33.261 62753 INFO tempest.lib.common.rest_client [req-f272cfcc-f735-4020-9d42-91c26a1ff4da req-f272cfcc-f735-4020-9d42-91c26a1ff4da ] Request (ServerActionsV293TestJSON:setUpClass): 200 GET http://10.180.1.21/compute/v2.1/servers/97ac40d6-1c29-4282-86e5-be27a20cf5e0 0.057s
2024-10-31 11:29:33.299 62749 INFO tempest.lib.common.rest_client [req-423a4a98-4ccd-4b47-8c9f-21d285516d4f req-423a4a98-4ccd-4b47-8c9f-21d285516d4f ] Request (ServerRescueTestJSON:setUpClass): 200 GET http://10.180.1.21/compute/v2.1/servers/d4930731-7333-426c-a2fc-a732d351a0f0 0.060s
2024-10-31 11:29:33.320 62786 INFO tempest.lib.common.rest_client [req-c3d38d07-8bf2-4eae-bbd2-124a17ee0b42 req-c3d38d07-8bf2-4eae-bbd2-124a17ee0b42 ] Request (ServersTestFqdnHostnames:tearDownClass): 204 DELETE http://10.180.1.21/identity/v3/users/4fb27179ab0249199defdb4a35f5c193 0.092s
2024-10-31 11:29:33.320 62786 INFO tempest.lib.common.dynamic_creds [-] Deleting project and security group for project: 76c0b6998f784f0c9641af8641203e32
2024-10-31 11:29:33.330 62759 INFO tempest.lib.common.rest_client [req-241681f9-e601-43d5-8532-bc32c29abbd1 req-241681f9-e601-43d5-8532-bc32c29abbd1 ] Request (ServersTestJSON:setUpClass): 200 GET http://10.180.1.21/compute/v2.1/servers/d1aeccd3-ba9e-46cc-b8a2-b64da9b94d6e 0.058s
2024-10-31 11:29:33.354 62791 INFO tempest.lib.common.rest_client [req-d5611dba-af3d-4932-ac0f-4ad2be6c0f3d req-d5611dba-af3d-4932-ac0f-4ad2be6c0f3d ] Request (MigrationsAdminTest:test_resize_server_revert_deleted_flavor): 200 GET http://10.180.1.21/compute/v2.1/servers/0af1e65d-ca88-475e-a871-4087bd49cd9d 0.064s
2024-10-31 11:29:33.378 62795 INFO tempest.lib.common.rest_client [req-1bf65a88-3599-4a0b-8c5f-002bebdf805f req-1bf65a88-3599-4a0b-8c5f-002bebdf805f ] Request (ListImageFiltersTestJSON:setUpClass): 200 GET http://10.180.1.21/compute/v2.1/servers/c32f170d-1e88-4716-a02a-b8db6896e900 0.055s
2024-10-31 11:29:33.379 62786 INFO tempest.lib.common.rest_client [req-818d86b7-c514-438c-abd0-2a2d671bf491 req-818d86b7-c514-438c-abd0-2a2d671bf491 ] Request (ServersTestFqdnHostnames:tearDownClass): 200 GET http://10.180.1.21:9696/networking/v2.0/security-groups?tenant_id=76c0b6998f784f0c9641af8641203e32&name=default 0.059s
2024-10-31 11:29:33.415 62765 INFO tempest.lib.common.rest_client [req-94561a60-8061-4675-8a40-a35d0903f257 req-94561a60-8061-4675-8a40-a35d0903f257 ] Request (ImagesNegativeTestJSON:test_create_image_from_deleted_server): 200 GET http://10.180.1.21/compute/v2.1/servers/e49252e3-11cc-49c3-b959-24ad87ad48c9 0.065s
2024-10-31 11:29:33.441 62743 INFO tempest.lib.common.rest_client [req-33e9ddf3-a30a-416e-8e87-f8f9804899b5 req-33e9ddf3-a30a-416e-8e87-f8f9804899b5 ] Request (ListServersNegativeTestJSON:setUpClass): 200 GET http://10.180.1.21/compute/v2.1/servers/df6ad6f4-2da5-4cad-bb6a-3b7d9ff6bb36 0.057s
2024-10-31 11:29:33.476 62777 INFO tempest.lib.common.rest_client [req-92ebfe3a-627b-4b8a-965e-cefdc10e6bf3 req-92ebfe3a-627b-4b8a-965e-cefdc10e6bf3 ] Request (VolumesAssistedSnapshotsTest:test_volume_assisted_snapshot_create_delete): 200 GET http://10.180.1.21/compute/v2.1/servers/24b4c233-c874-452e-a7fc-492ca2a49a09 0.057s
2024-10-31 11:29:33.486 62777 INFO tempest.common.waiters [-] State transition "BUILD/spawning" ==> "BUILD/scheduling" after 68 second wait
2024-10-31 11:29:33.486 62786 INFO tempest.lib.common.rest_client [req-760d343a-ed62-4e89-86c6-78926b6e61ef req-760d343a-ed62-4e89-86c6-78926b6e61ef ] Request (ServersTestFqdnHostnames:tearDownClass): 204 DELETE http://10.180.1.21:9696/networking/v2.0/security-groups/539dbc5a-06bd-40e6-950d-a66e3d60cfdb 0.106s
2024-10-31 11:29:33.517 62803 INFO tempest.lib.common.rest_client [req-f915689d-4f81-4d87-ae88-37dc8a46a777 req-f915689d-4f81-4d87-ae88-37dc8a46a777 ] Request (ServerActionsTestOtherB:setUpClass): 200 GET http://10.180.1.21/compute/v2.1/servers/bef7d4e7-9af2-4071-ae6d-bdbfa7f46460 0.068s
2024-10-31 11:29:33.547 62745 INFO tempest.lib.common.rest_client [req-3f60087b-d52e-4e78-8e2b-21ef4b851878 req-3f60087b-d52e-4e78-8e2b-21ef4b851878 ] Request (ServersTestBootFromVolume:setUpClass): 200 GET http://10.180.1.21/compute/v2.1/servers/5ca1a33c-7324-481c-95cd-3761ce8ccf13 0.071s
2024-10-31 11:29:33.570 62767 INFO tempest.lib.common.rest_client [req-2b5cd78e-456f-4c52-a399-b300b78ba140 req-2b5cd78e-456f-4c52-a399-b300b78ba140 ] Request (ImagesTestJSON:test_create_image_from_stopped_server): 200 GET http://10.180.1.21/compute/v2.1/servers/0acb10f9-3d1e-4621-9b7f-dd7c6b1f86b4 0.063s
2024-10-31 11:29:33.607 62786 INFO tempest.lib.common.rest_client [req-a942e470-717f-4fb6-9560-f784bffbf971 req-a942e470-717f-4fb6-9560-f784bffbf971 ] Request (ServersTestFqdnHostnames:tearDownClass): 204 DELETE http://10.180.1.21/identity/v3/projects/76c0b6998f784f0c9641af8641203e32 0.120s
2024-10-31 11:29:33.608 62786 INFO tempest.test [-] raised in ServerBootFromVolumeStableRescueTest.setUpClass. Invoking tearDownClass.
2024-10-31 11:29:33.610 62786 INFO tempest.test [-] raised in ServerStableDeviceRescueTest.setUpClass. Invoking tearDownClass.
2024-10-31 11:29:33.628 62741 INFO tempest.lib.common.rest_client [req-7a0e8409-f6ce-48a5-b2c3-3f10c319b78b req-7a0e8409-f6ce-48a5-b2c3-3f10c319b78b ] Request (ServersAdmin275Test:tearDownClass): 200 GET http://10.180.1.21/compute/v2.1/servers/c4a88e75-690f-4bed-a4f9-a0de3b193eff 0.075s
2024-10-31 11:29:33.699 62782 INFO tempest.lib.common.rest_client [req-fcc3ea37-c2e7-4d00-afee-561fd02c720e req-fcc3ea37-c2e7-4d00-afee-561fd02c720e ] Request (AttachInterfacesV270Test:test_create_get_list_interfaces): 200 GET http://10.180.1.21/compute/v2.1/servers/9bda2d4c-38c0-49ba-9a69-402869ff6a65 0.055s
2024-10-31 11:29:33.756 62787 INFO tempest.lib.common.rest_client [req-3f7d0c5b-9772-451a-950a-c473c5271ed9 req-3f7d0c5b-9772-451a-950a-c473c5271ed9 ] Request (AttachInterfacesUnderV243Test:test_add_remove_fixed_ip): 200 GET http://10.180.1.21/compute/v2.1/servers/20bf8c62-8b80-45c2-98d4-5a960f465aa0 0.066s
2024-10-31 11:29:33.783 62751 INFO tempest.lib.common.rest_client [req-6ce67071-af7b-4469-949c-073941643fed req-6ce67071-af7b-4469-949c-073941643fed ] Request (ServerDiskConfigTestJSON:test_rebuild_server_with_auto_disk_config): 200 GET http://10.180.1.21/compute/v2.1/servers/eed1dcc3-d9f9-4211-a4c3-850dcdad72b1 0.050s
2024-10-31 11:29:33.871 62783 INFO tempest.lib.common.rest_client [req-07466aa5-5cde-4c26-838a-918ce15d3910 req-07466aa5-5cde-4c26-838a-918ce15d3910 ] Request (AttachInterfacesTestJSON:test_create_list_show_delete_interfaces_by_fixed_ip): 200 GET http://10.180.1.21/compute/v2.1/servers/30befad4-aacb-44d5-87ed-4fc6b0e34bd6 0.055s
2024-10-31 11:29:33.939 62747 INFO tempest.lib.common.rest_client [req-0e569f3e-948c-42b6-9f07-25ea249d8039 req-0e569f3e-948c-42b6-9f07-25ea249d8039 ] Request (ServerAddressesTestJSON:setUpClass): 200 GET http://10.180.1.21/compute/v2.1/servers/ce8d9b01-e99d-4051-bd96-659692a436da 0.050s
2024-10-31 11:29:34.046 62799 INFO tempest.lib.common.rest_client [req-e4016072-6fee-4c6a-9d73-c4fc0ecb7eac req-e4016072-6fee-4c6a-9d73-c4fc0ecb7eac ] Request (DeleteServersAdminTestJSON:test_delete_server_while_in_error_state): 200 GET http://10.180.1.21/compute/v2.1/servers/73142a3f-3be8-4956-90f8-6ca223d2d01f 0.054s
2024-10-31 11:29:34.049 62761 INFO tempest.lib.common.rest_client [req-dcab7bfa-6e5d-4571-b841-608315f89b3b req-dcab7bfa-6e5d-4571-b841-608315f89b3b ] Request (ServerActionsTestJSON:tearDownClass): 200 PUT http://10.180.1.21:9696/networking/v2.0/routers/7448b920-f27a-4a40-bf7d-d43fbf31e1c1/remove_router_interface 0.788s
2024-10-31 11:29:34.108 62755 INFO tempest.lib.common.rest_client [req-dac0b931-7b8a-4e0d-b79a-322cbe2426c1 req-dac0b931-7b8a-4e0d-b79a-322cbe2426c1 ] Request (ImagesOneServerTestJSON:setUpClass): 200 GET http://10.180.1.21/compute/v2.1/servers/1a27278b-b930-4432-90f2-45cdf025c83e 0.092s
2024-10-31 11:29:34.135 62793 INFO tempest.lib.common.rest_client [req-140dd727-0959-48cb-8fc9-7ddc3027f879 req-140dd727-0959-48cb-8fc9-7ddc3027f879 ] Request (AttachVolumeTestJSON:test_attach_detach_volume): 200 GET http://10.180.1.21/compute/v2.1/servers/2aa7880f-de24-4f32-b027-731a2030f987 0.053s
