2024-10-31 11:29:37.981 62745 INFO tempest.lib.common.rest_client [req-1a9621fd-e31f-44a8-a316-c0db85483c6d req-1a9621fd-e31f-44a8-a316-c0db85483c6d ] Request (ServersTestBootFromVolume:setUpClass): 200 GET http://10.180.1.21/compute/v2.1/servers/5ca1a33c-7324-481c-95cd-3761ce8ccf13 0.060s
2024-10-31 11:29:37.988 62741 INFO tempest.lib.common.rest_client [req-621c3ac5-425c-45e4-9e9f-aab11c009192 req-621c3ac5-425c-45e4-9e9f-aab11c009192 ] Request (KeyPairsV22TestJSON:test_keypairsv22_create_list_show): 201 POST http://10.180.1.21/compute/v2.1/os-keypairs 0.033s
2024-10-31 11:29:38.000 62741 INFO tempest.lib.common.rest_client [req-a62be669-221b-42ab-bb5f-feea27c1f33a req-a62be669-221b-42ab-bb5f-feea27c1f33a ] Request (KeyPairsV22TestJSON:test_keypairsv22_create_list_show): 200 GET http://10.180.1.21/compute/v2.1/os-keypairs/tempest-keypair-1712924764 0.011s
2024-10-31 11:29:38.011 62741 INFO tempest.lib.common.rest_client [req-f705c695-293f-49ba-a27c-3161cf5d0876 req-f705c695-293f-49ba-a27c-3161cf5d0876 ] Request (KeyPairsV22TestJSON:test_keypairsv22_create_list_show): 200 GET http://10.180.1.21/compute/v2.1/os-keypairs 0.008s
2024-10-31 11:29:38.026 62741 INFO tempest.lib.common.rest_client [req-41782edd-1927-4ef8-9a84-0d82291524d5 req-41782edd-1927-4ef8-9a84-0d82291524d5 ] Request (KeyPairsV22TestJSON:_run_cleanups): 204 DELETE http://10.180.1.21/compute/v2.1/os-keypairs/tempest-keypair-1712924764 0.013s
2024-10-31 11:29:38.038 62767 INFO tempest.lib.common.rest_client [req-3fc885b6-6feb-4fdf-b9fc-ea629e6f5611 req-3fc885b6-6feb-4fdf-b9fc-ea629e6f5611 ] Request (ImagesTestJSON:test_create_image_from_stopped_server): 200 GET http://10.180.1.21/compute/v2.1/servers/0acb10f9-3d1e-4621-9b7f-dd7c6b1f86b4 0.064s
2024-10-31 11:29:38.068 62777 INFO tempest.lib.common.rest_client [req-d1b606d3-1dcc-455e-b7eb-aa363d2456d8 req-d1b606d3-1dcc-455e-b7eb-aa363d2456d8 ] Request (VolumesAssistedSnapshotsTest:tearDownClass): 204 DELETE http://10.180.1.21:9696/networking/v2.0/networks/96a8b2ca-18d5-4869-b04e-176b40b1f268 0.264s
2024-10-31 11:29:38.085 62782 INFO tempest.lib.common.rest_client [req-daaf21d9-2c17-4d43-9c50-e689723219ae req-daaf21d9-2c17-4d43-9c50-e689723219ae ] Request (AttachInterfacesV270Test:test_create_get_list_interfaces): 200 GET http://10.180.1.21/compute/v2.1/servers/9bda2d4c-38c0-49ba-9a69-402869ff6a65 0.058s
2024-10-31 11:29:38.156 62787 INFO tempest.lib.common.rest_client [req-9af791b7-7db0-4ccc-baf5-4f6cc93b98c4 req-9af791b7-7db0-4ccc-baf5-4f6cc93b98c4 ] Request (AttachInterfacesUnderV243Test:test_add_remove_fixed_ip): 200 GET http://10.180.1.21/compute/v2.1/servers/20bf8c62-8b80-45c2-98d4-5a960f465aa0 0.060s
2024-10-31 11:29:38.163 62787 INFO tempest.common.waiters [-] State transition "BUILD/scheduling" ==> "ERROR/None" after 71 second wait
2024-10-31 11:29:38.204 62751 INFO tempest.lib.common.rest_client [req-14643abe-3936-4abd-a059-c635e656e30e req-14643abe-3936-4abd-a059-c635e656e30e ] Request (ServerDiskConfigTestJSON:test_rebuild_server_with_auto_disk_config): 200 GET http://10.180.1.21/compute/v2.1/servers/eed1dcc3-d9f9-4211-a4c3-850dcdad72b1 0.064s
2024-10-31 11:29:38.295 62741 INFO tempest.lib.common.rest_client [req-2e172de8-eab7-4bc3-9475-d14eb1e68d90 req-2e172de8-eab7-4bc3-9475-d14eb1e68d90 ] Request (KeyPairsV22TestJSON:test_keypairsv22_create_list_show_with_type): 201 POST http://10.180.1.21/compute/v2.1/os-keypairs 0.266s
2024-10-31 11:29:38.344 62783 INFO tempest.lib.common.rest_client [req-dc421492-b4b8-4b71-b6cb-1b66ac1a405b req-dc421492-b4b8-4b71-b6cb-1b66ac1a405b ] Request (AttachInterfacesTestJSON:test_create_list_show_delete_interfaces_by_fixed_ip): 200 GET http://10.180.1.21/compute/v2.1/servers/30befad4-aacb-44d5-87ed-4fc6b0e34bd6 0.155s
2024-10-31 11:29:38.378 62787 INFO tempest.lib.common.rest_client [req-a0150747-c997-4da1-93c1-8331c76e4844 req-a0150747-c997-4da1-93c1-8331c76e4844 ] Request (AttachInterfacesUnderV243Test:test_add_remove_fixed_ip): 204 DELETE http://10.180.1.21/compute/v2.1/servers/20bf8c62-8b80-45c2-98d4-5a960f465aa0 0.214s
2024-10-31 11:29:38.402 62799 INFO tempest.lib.common.rest_client [req-8818d01f-c38b-46d9-bfdc-7465ba242901 req-8818d01f-c38b-46d9-bfdc-7465ba242901 ] Request (DeleteServersAdminTestJSON:test_delete_server_while_in_error_state): 200 GET http://10.180.1.21/compute/v2.1/servers/73142a3f-3be8-4956-90f8-6ca223d2d01f 0.161s
2024-10-31 11:29:38.417 62741 INFO tempest.lib.common.rest_client [req-bee00f59-17c5-45e9-a2c2-e68f4b256e09 req-bee00f59-17c5-45e9-a2c2-e68f4b256e09 ] Request (KeyPairsV22TestJSON:test_keypairsv22_create_list_show_with_type): 200 GET http://10.180.1.21/compute/v2.1/os-keypairs/tempest-keypair-1569480159 0.120s
2024-10-31 11:29:38.424 62747 INFO tempest.lib.common.rest_client [req-349f5813-ff84-415f-a89c-2928af743264 req-349f5813-ff84-415f-a89c-2928af743264 ] Request (ServerAddressesTestJSON:setUpClass): 200 GET http://10.180.1.21/compute/v2.1/servers/ce8d9b01-e99d-4051-bd96-659692a436da 0.174s
2024-10-31 11:29:38.450 62787 INFO tempest.lib.common.rest_client [req-db2c73c8-339a-4071-a78a-88929849d35e req-db2c73c8-339a-4071-a78a-88929849d35e ] Request (AttachInterfacesUnderV243Test:test_add_remove_fixed_ip): 404 GET http://10.180.1.21/compute/v2.1/servers/20bf8c62-8b80-45c2-98d4-5a960f465aa0 0.072s
2024-10-31 11:29:38.481 62755 INFO tempest.lib.common.rest_client [req-c8608752-be34-44d2-b027-bffdbebb9c47 req-c8608752-be34-44d2-b027-bffdbebb9c47 ] Request (ImagesOneServerTestJSON:setUpClass): 200 GET http://10.180.1.21/compute/v2.1/servers/1a27278b-b930-4432-90f2-45cdf025c83e 0.140s
2024-10-31 11:29:38.514 62793 INFO tempest.lib.common.rest_client [req-5e9c1620-f6b0-451d-b971-51cece2a9d2d req-5e9c1620-f6b0-451d-b971-51cece2a9d2d ] Request (AttachVolumeTestJSON:test_attach_detach_volume): 200 GET http://10.180.1.21/compute/v2.1/servers/2aa7880f-de24-4f32-b027-731a2030f987 0.122s
2024-10-31 11:29:38.524 62741 INFO tempest.lib.common.rest_client [req-068e68e5-1c66-409b-8352-eefd9e4b77cb req-068e68e5-1c66-409b-8352-eefd9e4b77cb ] Request (KeyPairsV22TestJSON:test_keypairsv22_create_list_show_with_type): 200 GET http://10.180.1.21/compute/v2.1/os-keypairs 0.104s
2024-10-31 11:29:38.528 62739 INFO tempest.lib.common.rest_client [req-b7e24288-fcd9-439c-adda-3f787b851d53 req-b7e24288-fcd9-439c-adda-3f787b851d53 ] Request (VolumesAdminNegativeTest:test_update_attached_volume_with_nonexistent_volume_in_uri): 200 GET http://10.180.1.21/compute/v2.1/servers/0b40f385-db0a-460c-b7fd-47e4d6afbaf9 0.111s
2024-10-31 11:29:38.537 62787 INFO tempest.lib.common.rest_client [req-1bef6ee9-d856-4f4a-88df-1ba0e3047a2f req-1bef6ee9-d856-4f4a-88df-1ba0e3047a2f ] Request (AttachInterfacesUnderV243Test:_run_cleanups): 202 DELETE http://10.180.1.21/compute/v2.1/os-keypairs/tempest-keypair-363475546 0.085s
2024-10-31 11:29:38.582 62771 INFO tempest.lib.common.rest_client [req-bbee6d68-76a8-48b9-b643-900ee94ba1ff req-bbee6d68-76a8-48b9-b643-900ee94ba1ff ] Request (AttachVolumeShelveTestJSON:test_attach_volume_shelved_or_offload_server): 200 GET http://10.180.1.21/compute/v2.1/servers/3178d5cd-1937-422b-9287-970d095aa452 0.128s
2024-10-31 11:29:38.590 62797 INFO tempest.lib.common.rest_client [req-322af7d8-cbf7-4944-a27c-85fb704bb7ee req-322af7d8-cbf7-4944-a27c-85fb704bb7ee ] Request (ServersWithSpecificFlavorTestJSON:test_verify_created_server_ephemeral_disk): 200 GET http://10.180.1.21/compute/v2.1/servers/5a1af72f-71c8-42de-aa71-f011d85210a5 0.103s
2024-10-31 11:29:38.599 62741 INFO tempest.lib.common.rest_client [req-289b66c2-80cf-4890-a17e-26f14ef1a99b req-289b66c2-80cf-4890-a17e-26f14ef1a99b ] Request (KeyPairsV22TestJSON:_run_cleanups): 204 DELETE http://10.180.1.21/compute/v2.1/os-keypairs/tempest-keypair-1569480159 0.074s
2024-10-31 11:29:38.648 62787 INFO tempest.lib.common.rest_client [req-7293c448-e825-4528-aaec-2b95d196f419 req-7293c448-e825-4528-aaec-2b95d196f419 ] Request (AttachInterfacesUnderV243Test:_run_cleanups): 204 DELETE http://10.180.1.21:9696/networking/v2.0/security-groups/26238d8c-d228-4ed6-9a81-19317b10cc67 0.110s
2024-10-31 11:29:38.650 62769 INFO tempest.lib.common.rest_client [req-89e1d93d-f26e-472e-8ae4-4db225879493 req-89e1d93d-f26e-472e-8ae4-4db225879493 ] Request (FloatingIPsAssociationTestJSON:setUpClass): 200 GET http://10.180.1.21/compute/v2.1/servers/a8d8e232-6096-4da3-8f2c-65a5e5f713ae 0.114s
2024-10-31 11:29:38.656 62787 INFO tempest.lib.common.rest_client [req-4440e423-070e-45aa-bdf8-f4497f160fff req-4440e423-070e-45aa-bdf8-f4497f160fff ] Request (AttachInterfacesUnderV243Test:_run_cleanups): 404 GET http://10.180.1.21:9696/networking/v2.0/security-groups/26238d8c-d228-4ed6-9a81-19317b10cc67 0.008s
2024-10-31 11:29:38.686 62753 INFO tempest.lib.common.rest_client [req-fb89c981-d713-4d78-8b84-c339d1fec663 req-fb89c981-d713-4d78-8b84-c339d1fec663 ] Request (ServerActionsV293TestJSON:setUpClass): 200 GET http://10.180.1.21/compute/v2.1/servers/97ac40d6-1c29-4282-86e5-be27a20cf5e0 0.074s
2024-10-31 11:29:38.714 62749 INFO tempest.lib.common.rest_client [req-c1586742-c01c-4480-bda3-d5ffe3ae58ab req-c1586742-c01c-4480-bda3-d5ffe3ae58ab ] Request (ServerRescueTestJSON:setUpClass): 200 GET http://10.180.1.21/compute/v2.1/servers/d4930731-7333-426c-a2fc-a732d351a0f0 0.060s
2024-10-31 11:29:38.741 62791 INFO tempest.lib.common.rest_client [req-a7fecdec-a5f1-4e10-9367-ed667c683713 req-a7fecdec-a5f1-4e10-9367-ed667c683713 ] Request (MigrationsAdminTest:test_resize_server_revert_deleted_flavor): 200 GET http://10.180.1.21/compute/v2.1/servers/0af1e65d-ca88-475e-a871-4087bd49cd9d 0.060s
2024-10-31 11:29:38.741 62741 INFO tempest.lib.common.rest_client [req-001585cd-d660-4304-9427-e43b320623d9 req-001585cd-d660-4304-9427-e43b320623d9 ] Request (KeyPairsV22TestJSON:tearDownClass): 204 DELETE http://10.180.1.21/identity/v3/users/2e8aa7ff521f48a4b7e1aceab3ef9149 0.139s
2024-10-31 11:29:38.741 62741 INFO tempest.lib.common.dynamic_creds [-] Deleting project and security group for project: e4a950e7b3344fb7be553dbd9232e92e
2024-10-31 11:29:38.785 62761 INFO tempest.lib.common.rest_client [req-a97f58e7-f4a1-4185-aa32-6809257d8871 req-a97f58e7-f4a1-4185-aa32-6809257d8871 ] Request (VolumesSnapshotsTestJSON:_run_cleanups): 404 GET http://10.180.1.21/compute/v2.1/os-volumes/5b306d52-d5f3-4890-b6b7-bf268d1aaaad 0.025s
2024-10-31 11:29:38.805 62741 INFO tempest.lib.common.rest_client [req-dfc4dce1-9e4a-4c2c-b5d8-49fe00916549 req-dfc4dce1-9e4a-4c2c-b5d8-49fe00916549 ] Request (KeyPairsV22TestJSON:tearDownClass): 201 POST http://10.180.1.21/identity/v3/auth/tokens 0.063s
2024-10-31 11:29:38.833 62759 INFO tempest.lib.common.rest_client [req-03f8a59b-286d-468d-867f-c3c5bd9e4ed1 req-03f8a59b-286d-468d-867f-c3c5bd9e4ed1 ] Request (ServersTestJSON:setUpClass): 200 GET http://10.180.1.21/compute/v2.1/servers/d1aeccd3-ba9e-46cc-b8a2-b64da9b94d6e 0.068s
2024-10-31 11:29:38.860 62777 INFO tempest.lib.common.rest_client [req-cb4c1b01-3be9-40cf-a6a8-373ff934ea6f req-cb4c1b01-3be9-40cf-a6a8-373ff934ea6f ] Request (VolumesAssistedSnapshotsTest:tearDownClass): 200 PUT http://10.180.1.21:9696/networking/v2.0/routers/97710f4b-afad-410c-ab46-0a4f787b22c8/remove_router_interface 0.791s
2024-10-31 11:29:38.879 62787 INFO tempest.lib.common.rest_client [req-81ac9d0e-c87b-46a6-bf6c-1e91b69ca6a5 req-81ac9d0e-c87b-46a6-bf6c-1e91b69ca6a5 ] Request (AttachInterfacesUnderV243Test:_run_cleanups): 204 DELETE http://10.180.1.21:9696/networking/v2.0/floatingips/38101bdf-9ffc-48fd-bcaf-828a6b531c27 0.222s
2024-10-31 11:29:38.896 62765 INFO tempest.lib.common.rest_client [req-af0e385e-ccb6-460a-a339-90b8df86a0a5 req-af0e385e-ccb6-460a-a339-90b8df86a0a5 ] Request (ImagesNegativeTestJSON:test_create_image_from_deleted_server): 200 GET http://10.180.1.21/compute/v2.1/servers/e49252e3-11cc-49c3-b959-24ad87ad48c9 0.077s
2024-10-31 11:29:38.951 62795 INFO tempest.lib.common.rest_client [req-55846dae-6a71-4be0-bc7a-fa5e5eb8d2cc req-55846dae-6a71-4be0-bc7a-fa5e5eb8d2cc ] Request (ListImageFiltersTestJSON:setUpClass): 200 GET http://10.180.1.21/compute/v2.1/servers/c32f170d-1e88-4716-a02a-b8db6896e900 0.084s
2024-10-31 11:29:38.957 62795 INFO tempest.common.waiters [-] State transition "BUILD/scheduling" ==> "BUILD/None" after 52 second wait
2024-10-31 11:29:39.002 62743 INFO tempest.lib.common.rest_client [req-93f6d912-23ef-4523-a59d-48d418f732b5 req-93f6d912-23ef-4523-a59d-48d418f732b5 ] Request (ListServersNegativeTestJSON:setUpClass): 200 GET http://10.180.1.21/compute/v2.1/servers/df6ad6f4-2da5-4cad-bb6a-3b7d9ff6bb36 0.118s
2024-10-31 11:29:39.011 62761 INFO tempest.lib.common.rest_client [req-91182e33-ebf3-47a9-b0a4-57bee094a73b req-91182e33-ebf3-47a9-b0a4-57bee094a73b ] Request (VolumesSnapshotsTestJSON:tearDownClass): 404 DELETE http://10.180.1.21/compute/v2.1/os-volumes/5b306d52-d5f3-4890-b6b7-bf268d1aaaad 0.225s
2024-10-31 11:29:39.049 62803 INFO tempest.lib.common.rest_client [req-5c4c5317-fa66-4034-8e77-724022dd5915 req-5c4c5317-fa66-4034-8e77-724022dd5915 ] Request (ServerActionsTestOtherB:setUpClass): 200 GET http://10.180.1.21/compute/v2.1/servers/bef7d4e7-9af2-4071-ae6d-bdbfa7f46460 0.109s
2024-10-31 11:29:39.058 62745 INFO tempest.lib.common.rest_client [req-b4cdfb61-d4bf-4357-8cb9-605b5bd0b55d req-b4cdfb61-d4bf-4357-8cb9-605b5bd0b55d ] Request (ServersTestBootFromVolume:setUpClass): 200 GET http://10.180.1.21/compute/v2.1/servers/5ca1a33c-7324-481c-95cd-3761ce8ccf13 0.070s
2024-10-31 11:29:39.060 62741 INFO tempest.lib.common.rest_client [req-c425ac0d-8122-439b-a22d-99501df4ff55 req-c425ac0d-8122-439b-a22d-99501df4ff55 ] Request (KeyPairsV22TestJSON:tearDownClass): 200 GET http://10.180.1.21:9696/networking/v2.0/security-groups?tenant_id=e4a950e7b3344fb7be553dbd9232e92e&name=default 0.255s
2024-10-31 11:29:39.079 62761 INFO tempest.lib.common.rest_client [req-e0fac596-fd9b-4697-ae47-d432aa6e1544 req-e0fac596-fd9b-4697-ae47-d432aa6e1544 ] Request (VolumesSnapshotsTestJSON:tearDownClass): 404 GET http://10.180.1.21/compute/v2.1/os-volumes/5b306d52-d5f3-4890-b6b7-bf268d1aaaad 0.067s
2024-10-31 11:29:39.113 62767 INFO tempest.lib.common.rest_client [req-eb8adf23-296e-42ae-9431-ef6d918233db req-eb8adf23-296e-42ae-9431-ef6d918233db ] Request (ImagesTestJSON:test_create_image_from_stopped_server): 200 GET http://10.180.1.21/compute/v2.1/servers/0acb10f9-3d1e-4621-9b7f-dd7c6b1f86b4 0.066s
2024-10-31 11:29:39.155 62761 INFO tempest.lib.common.rest_client [req-88d5d500-54dc-4c11-9c9b-bbabf3ee6dd4 req-88d5d500-54dc-4c11-9c9b-bbabf3ee6dd4 ] Request (VolumesSnapshotsTestJSON:tearDownClass): 204 DELETE http://10.180.1.21/identity/v3/users/fa037f351bf84223b339c5c69f194b5f 0.076s
2024-10-31 11:29:39.155 62761 INFO tempest.lib.common.dynamic_creds [-] Deleting project and security group for project: 2ef5652f5a7d413ab79cf68949b365ef
2024-10-31 11:29:39.160 62782 INFO tempest.lib.common.rest_client [req-253ebb5c-be4a-4ac9-8764-3c1cce9400a9 req-253ebb5c-be4a-4ac9-8764-3c1cce9400a9 ] Request (AttachInterfacesV270Test:test_create_get_list_interfaces): 200 GET http://10.180.1.21/compute/v2.1/servers/9bda2d4c-38c0-49ba-9a69-402869ff6a65 0.066s
2024-10-31 11:29:39.205 62741 INFO tempest.lib.common.rest_client [req-e3b66306-cb21-4c62-be57-4c0a90343063 req-e3b66306-cb21-4c62-be57-4c0a90343063 ] Request (KeyPairsV22TestJSON:tearDownClass): 204 DELETE http://10.180.1.21:9696/networking/v2.0/security-groups/9cb8f177-b328-4c61-83c6-614082397cdc 0.144s
2024-10-31 11:29:39.210 62761 INFO tempest.lib.common.rest_client [req-26f85b71-6dde-4f4f-a235-9023a09261c3 req-26f85b71-6dde-4f4f-a235-9023a09261c3 ] Request (VolumesSnapshotsTestJSON:tearDownClass): 201 POST http://10.180.1.21/identity/v3/auth/tokens 0.054s
2024-10-31 11:29:39.251 62777 INFO tempest.lib.common.rest_client [req-938164e5-c20c-442c-a917-8af761ab6f85 req-938164e5-c20c-442c-a917-8af761ab6f85 ] Request (VolumesAssistedSnapshotsTest:tearDownClass): 204 DELETE http://10.180.1.21:9696/networking/v2.0/routers/97710f4b-afad-410c-ab46-0a4f787b22c8 0.390s
2024-10-31 11:29:39.267 62741 INFO tempest.lib.common.rest_client [req-ce3ae344-ac0b-4eb9-81b8-dd245fec01d0 req-ce3ae344-ac0b-4eb9-81b8-dd245fec01d0 ] Request (KeyPairsV22TestJSON:tearDownClass): 204 DELETE http://10.180.1.21/identity/v3/projects/e4a950e7b3344fb7be553dbd9232e92e 0.061s
2024-10-31 11:29:39.272 62751 INFO tempest.lib.common.rest_client [req-eb0dc9a5-18a9-4c3c-8e3c-523823500dab req-eb0dc9a5-18a9-4c3c-8e3c-523823500dab ] Request (ServerDiskConfigTestJSON:test_rebuild_server_with_auto_disk_config): 200 GET http://10.180.1.21/compute/v2.1/servers/eed1dcc3-d9f9-4211-a4c3-850dcdad72b1 0.060s
2024-10-31 11:29:39.320 62741 INFO tempest.lib.common.rest_client [req-e75db46e-946d-4bce-bfae-34e90630c7f0 req-e75db46e-946d-4bce-bfae-34e90630c7f0 ] Request (ServerGroupTestJSON:setUpClass): 201 POST http://10.180.1.21/identity/v3/auth/tokens 0.051s
2024-10-31 11:29:39.346 62741 INFO tempest.lib.common.rest_client [req-278af545-d8e2-4199-95d9-4b29b3c27974 req-278af545-d8e2-4199-95d9-4b29b3c27974 ] Request (ServerGroupTestJSON:setUpClass): 201 POST http://10.180.1.21/identity/v3/auth/tokens 0.023s
2024-10-31 11:29:39.372 62741 INFO tempest.lib.common.rest_client [req-d631261a-cb04-4d39-9556-61d41ef7483f req-d631261a-cb04-4d39-9556-61d41ef7483f ] Request (ServerGroupTestJSON:setUpClass): 200 GET http://10.180.1.21/identity/v3/domains?name=Default 0.025s
2024-10-31 11:29:39.372 62777 INFO tempest.lib.common.rest_client [req-8e767c1a-8c4c-4d40-95f9-ac2462003f4f req-8e767c1a-8c4c-4d40-95f9-ac2462003f4f ] Request (VolumesAssistedSnapshotsTest:tearDownClass): 204 DELETE http://10.180.1.21:9696/networking/v2.0/subnets/0d9c898f-fa1a-4154-afe1-466079f695ee 0.120s
2024-10-31 11:29:39.403 62741 INFO tempest.lib.common.rest_client [req-a491b666-375e-4d72-881a-ae447d30bf77 req-a491b666-375e-4d72-881a-ae447d30bf77 ] Request (ServerGroupTestJSON:setUpClass): 201 POST http://10.180.1.21/identity/v3/projects 0.031s
2024-10-31 11:29:39.424 62783 INFO tempest.lib.common.rest_client [req-399ec6d5-3d4e-447b-9ff7-7e4f908705f0 req-399ec6d5-3d4e-447b-9ff7-7e4f908705f0 ] Request (AttachInterfacesTestJSON:test_create_list_show_delete_interfaces_by_fixed_ip): 200 GET http://10.180.1.21/compute/v2.1/servers/30befad4-aacb-44d5-87ed-4fc6b0e34bd6 0.072s
2024-10-31 11:29:39.469 62761 INFO tempest.lib.common.rest_client [req-eb66b61f-a262-424e-9626-72190cabc639 req-eb66b61f-a262-424e-9626-72190cabc639 ] Request (VolumesSnapshotsTestJSON:tearDownClass): 200 GET http://10.180.1.21:9696/networking/v2.0/security-groups?tenant_id=2ef5652f5a7d413ab79cf68949b365ef&name=default 0.258s
2024-10-31 11:29:39.482 62741 INFO tempest.lib.common.rest_client [req-0c086a59-1f8e-4c78-8eb2-d5a92a2a4c18 req-0c086a59-1f8e-4c78-8eb2-d5a92a2a4c18 ] Request (ServerGroupTestJSON:setUpClass): 201 POST http://10.180.1.21/identity/v3/users 0.078s
2024-10-31 11:29:39.497 62799 INFO tempest.lib.common.rest_client [req-bfdb6d81-9592-4b08-8046-030be987fd49 req-bfdb6d81-9592-4b08-8046-030be987fd49 ] Request (DeleteServersAdminTestJSON:test_delete_server_while_in_error_state): 200 GET http://10.180.1.21/compute/v2.1/servers/73142a3f-3be8-4956-90f8-6ca223d2d01f 0.084s
2024-10-31 11:29:39.503 62741 INFO tempest.lib.common.rest_client [req-f616473e-cc74-41ca-818f-1fd24458deb7 req-f616473e-cc74-41ca-818f-1fd24458deb7 ] Request (ServerGroupTestJSON:setUpClass): 200 GET http://10.180.1.21/identity/v3/roles 0.019s
2024-10-31 11:29:39.506 62747 INFO tempest.lib.common.rest_client [req-ed3ae803-e89b-4144-bd77-c342b3dc3636 req-ed3ae803-e89b-4144-bd77-c342b3dc3636 ] Request (ServerAddressesTestJSON:setUpClass): 200 GET http://10.180.1.21/compute/v2.1/servers/ce8d9b01-e99d-4051-bd96-659692a436da 0.073s
2024-10-31 11:29:39.539 62741 INFO tempest.lib.common.rest_client [req-c8e6a6dd-26a8-4b54-9158-29228a41742b req-c8e6a6dd-26a8-4b54-9158-29228a41742b ] Request (ServerGroupTestJSON:setUpClass): 204 PUT http://10.180.1.21/identity/v3/projects/687d6ec6722d48219f6cbabe22069c24/users/a4bd1e2e74af4f009326e4157f943f0f/roles/bff3832d50e146b6a825d83717c298a5 0.035s
2024-10-31 11:29:39.539 62741 INFO tempest.lib.common.dynamic_creds [-] Dynamic test user a4bd1e2e74af4f009326e4157f943f0f is created with scope project and roles: ['member']
2024-10-31 11:29:39.540 62741 INFO tempest.lib.common.dynamic_creds [-] Acquired dynamic creds: credentials: Credentials: {'domain_id': 'default', 'domain_name': 'Default', 'username': 'tempest-ServerGroupTestJSON-1883967840-project-member', 'project_domain_id': 'default', 'project_domain_name': 'Default', 'project_id': '687d6ec6722d48219f6cbabe22069c24', 'project_name': 'tempest-ServerGroupTestJSON-1883967840', 'tenant_id': '687d6ec6722d48219f6cbabe22069c24', 'tenant_name': 'tempest-ServerGroupTestJSON-1883967840', 'user_domain_id': 'default', 'user_domain_name': 'Default', 'user_id': 'a4bd1e2e74af4f009326e4157f943f0f', 'system': None}, Network: None, Subnet: None, Router: None
2024-10-31 11:29:39.565 62755 INFO tempest.lib.common.rest_client [req-229902e4-729b-4443-b9ec-2af3bf0c5cb8 req-229902e4-729b-4443-b9ec-2af3bf0c5cb8 ] Request (ImagesOneServerTestJSON:setUpClass): 200 GET http://10.180.1.21/compute/v2.1/servers/1a27278b-b930-4432-90f2-45cdf025c83e 0.076s
2024-10-31 11:29:39.588 62793 INFO tempest.lib.common.rest_client [req-8ad001e1-d67c-483e-b82e-2c806fba95e5 req-8ad001e1-d67c-483e-b82e-2c806fba95e5 ] Request (AttachVolumeTestJSON:test_attach_detach_volume): 200 GET http://10.180.1.21/compute/v2.1/servers/2aa7880f-de24-4f32-b027-731a2030f987 0.063s
2024-10-31 11:29:39.589 62761 INFO tempest.lib.common.rest_client [req-d79e10bf-dd75-4979-a0cb-a4a023dc8ab7 req-d79e10bf-dd75-4979-a0cb-a4a023dc8ab7 ] Request (VolumesSnapshotsTestJSON:tearDownClass): 204 DELETE http://10.180.1.21:9696/networking/v2.0/security-groups/28d217fb-b1ba-48dc-ab6a-88007f610016 0.119s
2024-10-31 11:29:39.613 62741 INFO tempest.lib.common.rest_client [req-9a063b98-8b04-433c-9ee0-196fd95bebb3 req-9a063b98-8b04-433c-9ee0-196fd95bebb3 ] Request (ServerGroupTestJSON:setUpClass): 201 POST http://10.180.1.21/identity/v3/auth/tokens 0.073s
2024-10-31 11:29:39.628 62739 INFO tempest.lib.common.rest_client [req-1f49947e-88ff-4364-a038-f2867141b473 req-1f49947e-88ff-4364-a038-f2867141b473 ] Request (VolumesAdminNegativeTest:test_update_attached_volume_with_nonexistent_volume_in_uri): 200 GET http://10.180.1.21/compute/v2.1/servers/0b40f385-db0a-460c-b7fd-47e4d6afbaf9 0.092s
2024-10-31 11:29:39.647 62771 INFO tempest.lib.common.rest_client [req-7d719d51-9f7e-47c4-8c1b-2d2066ab6603 req-7d719d51-9f7e-47c4-8c1b-2d2066ab6603 ] Request (AttachVolumeShelveTestJSON:test_attach_volume_shelved_or_offload_server): 200 GET http://10.180.1.21/compute/v2.1/servers/3178d5cd-1937-422b-9287-970d095aa452 0.056s
2024-10-31 11:29:39.686 62797 INFO tempest.lib.common.rest_client [req-fa26fd32-e872-421c-ae14-24398da66c2b req-fa26fd32-e872-421c-ae14-24398da66c2b ] Request (ServersWithSpecificFlavorTestJSON:test_verify_created_server_ephemeral_disk): 200 GET http://10.180.1.21/compute/v2.1/servers/5a1af72f-71c8-42de-aa71-f011d85210a5 0.084s
2024-10-31 11:29:39.698 62761 INFO tempest.lib.common.rest_client [req-8115ae50-b5ed-4dd1-99b3-82e44a941b22 req-8115ae50-b5ed-4dd1-99b3-82e44a941b22 ] Request (VolumesSnapshotsTestJSON:tearDownClass): 204 DELETE http://10.180.1.21/identity/v3/projects/2ef5652f5a7d413ab79cf68949b365ef 0.109s
2024-10-31 11:29:39.725 62769 INFO tempest.lib.common.rest_client [req-fe0c8b04-a500-4803-ad34-b52881aa684b req-fe0c8b04-a500-4803-ad34-b52881aa684b ] Request (FloatingIPsAssociationTestJSON:setUpClass): 200 GET http://10.180.1.21/compute/v2.1/servers/a8d8e232-6096-4da3-8f2c-65a5e5f713ae 0.067s
2024-10-31 11:29:39.762 62761 INFO tempest.lib.common.rest_client [req-730c70bf-e62e-4d9d-a5b3-35494c8f043d req-730c70bf-e62e-4d9d-a5b3-35494c8f043d ] Request (VolumesNegativeTest:setUpClass): 201 POST http://10.180.1.21/identity/v3/auth/tokens 0.062s
2024-10-31 11:29:39.776 62749 INFO tempest.lib.common.rest_client [req-70deed16-738f-4600-b763-d0b721d13505 req-70deed16-738f-4600-b763-d0b721d13505 ] Request (ServerRescueTestJSON:setUpClass): 200 GET http://10.180.1.21/compute/v2.1/servers/d4930731-7333-426c-a2fc-a732d351a0f0 0.052s
2024-10-31 11:29:39.777 62753 INFO tempest.lib.common.rest_client [req-c14c1cdb-51d9-4ac0-980b-224e316ded2d req-c14c1cdb-51d9-4ac0-980b-224e316ded2d ] Request (ServerActionsV293TestJSON:setUpClass): 200 GET http://10.180.1.21/compute/v2.1/servers/97ac40d6-1c29-4282-86e5-be27a20cf5e0 0.077s
2024-10-31 11:29:39.796 62761 INFO tempest.lib.common.rest_client [req-d75f3233-e059-47b7-8003-aab294ab9369 req-d75f3233-e059-47b7-8003-aab294ab9369 ] Request (VolumesNegativeTest:setUpClass): 201 POST http://10.180.1.21/identity/v3/auth/tokens 0.031s
2024-10-31 11:29:39.829 62761 INFO tempest.lib.common.rest_client [req-aee787a4-5186-49b5-b857-0bd4af0cf055 req-aee787a4-5186-49b5-b857-0bd4af0cf055 ] Request (VolumesNegativeTest:setUpClass): 200 GET http://10.180.1.21/identity/v3/domains?name=Default 0.033s
2024-10-31 11:29:39.832 62791 INFO tempest.lib.common.rest_client [req-3c35e0e6-5bba-42a7-9254-445a5d4029bc req-3c35e0e6-5bba-42a7-9254-445a5d4029bc ] Request (MigrationsAdminTest:test_resize_server_revert_deleted_flavor): 200 GET http://10.180.1.21/compute/v2.1/servers/0af1e65d-ca88-475e-a871-4087bd49cd9d 0.084s
2024-10-31 11:29:39.833 62777 INFO tempest.lib.common.rest_client [req-9e19ef45-766e-4793-9288-bd989d4fc4af req-9e19ef45-766e-4793-9288-bd989d4fc4af ] Request (VolumesAssistedSnapshotsTest:tearDownClass): 204 DELETE http://10.180.1.21:9696/networking/v2.0/networks/cc7a0f83-4b37-476a-9c34-e31a3af4e71c 0.461s
2024-10-31 11:29:39.860 62761 INFO tempest.lib.common.rest_client [req-53db0d05-5c50-406d-acef-a3ddf101446a req-53db0d05-5c50-406d-acef-a3ddf101446a ] Request (VolumesNegativeTest:setUpClass): 201 POST http://10.180.1.21/identity/v3/projects 0.031s
2024-10-31 11:29:39.890 62741 INFO tempest.lib.common.rest_client [req-74ddeeb4-7c17-4c24-b57b-04babe0c7f11 req-74ddeeb4-7c17-4c24-b57b-04babe0c7f11 ] Request (ServerGroupTestJSON:setUpClass): 201 POST http://10.180.1.21:9696/networking/v2.0/networks 0.277s
2024-10-31 11:29:39.891 62759 INFO tempest.lib.common.rest_client [req-3246d887-8a01-44b9-99c6-bd782edf7bed req-3246d887-8a01-44b9-99c6-bd782edf7bed ] Request (ServersTestJSON:setUpClass): 200 GET http://10.180.1.21/compute/v2.1/servers/d1aeccd3-ba9e-46cc-b8a2-b64da9b94d6e 0.052s
2024-10-31 11:29:39.921 62761 INFO tempest.lib.common.rest_client [req-cd081774-a81c-481f-9df7-fd9973709a2c req-cd081774-a81c-481f-9df7-fd9973709a2c ] Request (VolumesNegativeTest:setUpClass): 201 POST http://10.180.1.21/identity/v3/users 0.060s
2024-10-31 11:29:39.926 62787 INFO tempest.lib.common.rest_client [req-5db3556e-c9c2-4fa9-8b8b-4aee137beaf3 req-5db3556e-c9c2-4fa9-8b8b-4aee137beaf3 ] Request (AttachInterfacesUnderV243Test:tearDownClass): 200 PUT http://10.180.1.21:9696/networking/v2.0/routers/83cae774-e833-4bcd-804a-4e0464f75f1c/remove_router_interface 1.045s
2024-10-31 11:29:39.941 62761 INFO tempest.lib.common.rest_client [req-186bc959-39d6-4aa2-8cc3-ad1c10df64b7 req-186bc959-39d6-4aa2-8cc3-ad1c10df64b7 ] Request (VolumesNegativeTest:setUpClass): 200 GET http://10.180.1.21/identity/v3/roles 0.020s
2024-10-31 11:29:39.969 62765 INFO tempest.lib.common.rest_client [req-bb86a088-127c-4f43-ac18-55fa7c04fbbe req-bb86a088-127c-4f43-ac18-55fa7c04fbbe ] Request (ImagesNegativeTestJSON:test_create_image_from_deleted_server): 200 GET http://10.180.1.21/compute/v2.1/servers/e49252e3-11cc-49c3-b959-24ad87ad48c9 0.065s
2024-10-31 11:29:39.978 62761 INFO tempest.lib.common.rest_client [req-bf85a1cd-a8c0-4b72-b597-2c476ae6ef26 req-bf85a1cd-a8c0-4b72-b597-2c476ae6ef26 ] Request (VolumesNegativeTest:setUpClass): 204 PUT http://10.180.1.21/identity/v3/projects/6802768819e3411ea8cb5aca2e728538/users/af3018ab1d354d22b9d83fee74fd90f8/roles/bff3832d50e146b6a825d83717c298a5 0.036s
2024-10-31 11:29:39.978 62761 INFO tempest.lib.common.dynamic_creds [-] Dynamic test user af3018ab1d354d22b9d83fee74fd90f8 is created with scope project and roles: ['member']
2024-10-31 11:29:39.978 62761 INFO tempest.lib.common.dynamic_creds [-] Acquired dynamic creds: credentials: Credentials: {'domain_id': 'default', 'domain_name': 'Default', 'username': 'tempest-VolumesNegativeTest-63101341-project-member', 'project_domain_id': 'default', 'project_domain_name': 'Default', 'project_id': '6802768819e3411ea8cb5aca2e728538', 'project_name': 'tempest-VolumesNegativeTest-63101341', 'tenant_id': '6802768819e3411ea8cb5aca2e728538', 'tenant_name': 'tempest-VolumesNegativeTest-63101341', 'user_domain_id': 'default', 'user_domain_name': 'Default', 'user_id': 'af3018ab1d354d22b9d83fee74fd90f8', 'system': None}, Network: None, Subnet: None, Router: None
2024-10-31 11:29:39.979 62761 INFO tempest.lib.common.dynamic_creds [-] Created isolated network resources for: credentials: Credentials: {'domain_id': 'default', 'domain_name': 'Default', 'username': 'tempest-VolumesNegativeTest-63101341-project-member', 'project_domain_id': 'default', 'project_domain_name': 'Default', 'project_id': '6802768819e3411ea8cb5aca2e728538', 'project_name': 'tempest-VolumesNegativeTest-63101341', 'tenant_id': '6802768819e3411ea8cb5aca2e728538', 'tenant_name': 'tempest-VolumesNegativeTest-63101341', 'user_domain_id': 'default', 'user_domain_name': 'Default', 'user_id': 'af3018ab1d354d22b9d83fee74fd90f8', 'system': None}, Network: None, Subnet: None, Router: None
2024-10-31 11:29:40.040 62795 INFO tempest.lib.common.rest_client [req-5f215fc3-cad3-4046-89b8-3d4a71d99e7e req-5f215fc3-cad3-4046-89b8-3d4a71d99e7e ] Request (ListImageFiltersTestJSON:setUpClass): 200 GET http://10.180.1.21/compute/v2.1/servers/c32f170d-1e88-4716-a02a-b8db6896e900 0.081s
2024-10-31 11:29:40.050 62761 INFO tempest.lib.common.rest_client [req-ff7e9447-9360-4164-b7b5-244d67a35319 req-ff7e9447-9360-4164-b7b5-244d67a35319 ] Request (VolumesNegativeTest:setUpClass): 201 POST http://10.180.1.21/identity/v3/auth/tokens 0.068s
2024-10-31 11:29:40.127 62761 INFO tempest.lib.common.rest_client [req-2e8313b7-d944-4cbf-b604-94141bdc6e6b req-2e8313b7-d944-4cbf-b604-94141bdc6e6b ] Request (VolumesNegativeTest:test_create_volume_with_invalid_size): 400 POST http://10.180.1.21/compute/v2.1/os-volumes 0.075s
2024-10-31 11:29:40.147 62741 INFO tempest.lib.common.rest_client [req-f52a0706-c769-4d50-b400-583fad419680 req-f52a0706-c769-4d50-b400-583fad419680 ] Request (ServerGroupTestJSON:setUpClass): 201 POST http://10.180.1.21:9696/networking/v2.0/subnets 0.256s
2024-10-31 11:29:40.166 62743 INFO tempest.lib.common.rest_client [req-08e99522-9f18-4496-97ff-94ae703cae82 req-08e99522-9f18-4496-97ff-94ae703cae82 ] Request (ListServersNegativeTestJSON:setUpClass): 200 GET http://10.180.1.21/compute/v2.1/servers/df6ad6f4-2da5-4cad-bb6a-3b7d9ff6bb36 0.158s
2024-10-31 11:29:40.194 62803 INFO tempest.lib.common.rest_client [req-03ebea2e-34f9-492b-8740-4db614bbd2ad req-03ebea2e-34f9-492b-8740-4db614bbd2ad ] Request (ServerActionsTestOtherB:setUpClass): 200 GET http://10.180.1.21/compute/v2.1/servers/bef7d4e7-9af2-4071-ae6d-bdbfa7f46460 0.136s
2024-10-31 11:29:40.223 62745 INFO tempest.lib.common.rest_client [req-e2a04031-e9d1-41d0-a17a-c00482503f0e req-e2a04031-e9d1-41d0-a17a-c00482503f0e ] Request (ServersTestBootFromVolume:setUpClass): 200 GET http://10.180.1.21/compute/v2.1/servers/5ca1a33c-7324-481c-95cd-3761ce8ccf13 0.159s
2024-10-31 11:29:40.227 62761 INFO tempest.lib.common.rest_client [req-96484f2c-efa8-47c5-a49d-4b0d63b04569 req-96484f2c-efa8-47c5-a49d-4b0d63b04569 ] Request (VolumesNegativeTest:test_create_volume_with_size_zero): 400 POST http://10.180.1.21/compute/v2.1/os-volumes 0.098s
2024-10-31 11:29:40.282 62782 INFO tempest.lib.common.rest_client [req-7092b288-718b-47b5-9985-3f36d3365e06 req-7092b288-718b-47b5-9985-3f36d3365e06 ] Request (AttachInterfacesV270Test:test_create_get_list_interfaces): 200 GET http://10.180.1.21/compute/v2.1/servers/9bda2d4c-38c0-49ba-9a69-402869ff6a65 0.110s
2024-10-31 11:29:40.288 62761 INFO tempest.lib.common.rest_client [req-f65157d4-dc03-42a0-831e-8714769966af req-f65157d4-dc03-42a0-831e-8714769966af ] Request (VolumesNegativeTest:test_create_volume_without_passing_size): 400 POST http://10.180.1.21/compute/v2.1/os-volumes 0.060s
2024-10-31 11:29:40.355 62751 INFO tempest.lib.common.rest_client [req-fce7a408-d0d4-4114-9211-b65544cf2b0a req-fce7a408-d0d4-4114-9211-b65544cf2b0a ] Request (ServerDiskConfigTestJSON:test_rebuild_server_with_auto_disk_config): 200 GET http://10.180.1.21/compute/v2.1/servers/eed1dcc3-d9f9-4211-a4c3-850dcdad72b1 0.076s
2024-10-31 11:29:40.381 62761 INFO tempest.lib.common.rest_client [req-84f72176-6814-4a8c-9143-383a90407e0b req-84f72176-6814-4a8c-9143-383a90407e0b ] Request (VolumesNegativeTest:test_delete_invalid_volume_id): 404 DELETE http://10.180.1.21/compute/v2.1/os-volumes/tempest-invalid-1312875366 0.091s
2024-10-31 11:29:40.390 62761 INFO tempest.lib.common.rest_client [req-6bb758b3-766a-420f-bf9f-9d06afd89500 req-6bb758b3-766a-420f-bf9f-9d06afd89500 ] Request (VolumesNegativeTest:test_delete_volume_without_passing_volume_id): 404 DELETE http://10.180.1.21/compute/v2.1/os-volumes/ 0.008s
2024-10-31 11:29:40.396 62761 INFO tempest.lib.common.rest_client [req-f2254639-69aa-4f5e-b4dc-4582caabe926 req-f2254639-69aa-4f5e-b4dc-4582caabe926 ] Request (VolumesNegativeTest:test_get_volume_without_passing_volume_id): 404 GET http://10.180.1.21/compute/v2.1/os-volumes/ 0.005s
2024-10-31 11:29:40.423 62767 INFO tempest.lib.common.rest_client [req-a62114e8-f325-425f-b652-40a99302e5a5 req-a62114e8-f325-425f-b652-40a99302e5a5 ] Request (ImagesTestJSON:test_create_image_from_stopped_server): 200 GET http://10.180.1.21/compute/v2.1/servers/0acb10f9-3d1e-4621-9b7f-dd7c6b1f86b4 0.303s
2024-10-31 11:29:40.423 62761 INFO tempest.lib.common.rest_client [req-86836ff8-d774-494e-a1ca-aaf16c71180d req-86836ff8-d774-494e-a1ca-aaf16c71180d ] Request (VolumesNegativeTest:test_volume_delete_nonexistent_volume_id): 404 DELETE http://10.180.1.21/compute/v2.1/os-volumes/881537c2-f163-4c33-9cf3-2bf082d709af 0.026s
2024-10-31 11:29:40.463 62761 INFO tempest.lib.common.rest_client [req-89cf09f2-6b6e-4bd7-9036-3edd03ced6be req-89cf09f2-6b6e-4bd7-9036-3edd03ced6be ] Request (VolumesNegativeTest:test_volume_get_nonexistent_volume_id): 404 GET http://10.180.1.21/compute/v2.1/os-volumes/f1059ea2-b322-46f5-b9cb-8802970d9640 0.037s
2024-10-31 11:29:40.518 62783 INFO tempest.lib.common.rest_client [req-6d24612e-7423-423f-91d1-1b60092bc28a req-6d24612e-7423-423f-91d1-1b60092bc28a ] Request (AttachInterfacesTestJSON:test_create_list_show_delete_interfaces_by_fixed_ip): 200 GET http://10.180.1.21/compute/v2.1/servers/30befad4-aacb-44d5-87ed-4fc6b0e34bd6 0.083s
2024-10-31 11:29:40.602 62799 INFO tempest.lib.common.rest_client [req-1722cacd-f6c3-444f-b434-d86716be4717 req-1722cacd-f6c3-444f-b434-d86716be4717 ] Request (DeleteServersAdminTestJSON:test_delete_server_while_in_error_state): 200 GET http://10.180.1.21/compute/v2.1/servers/73142a3f-3be8-4956-90f8-6ca223d2d01f 0.093s
2024-10-31 11:29:40.610 62747 INFO tempest.lib.common.rest_client [req-e563847e-7dd4-4545-899d-e68c49ba101f req-e563847e-7dd4-4545-899d-e68c49ba101f ] Request (ServerAddressesTestJSON:setUpClass): 200 GET http://10.180.1.21/compute/v2.1/servers/ce8d9b01-e99d-4051-bd96-659692a436da 0.097s
2024-10-31 11:29:40.625 62761 INFO tempest.lib.common.rest_client [req-e98103ee-1ab9-42c5-9012-863694cb0eda req-e98103ee-1ab9-42c5-9012-863694cb0eda ] Request (VolumesNegativeTest:tearDownClass): 204 DELETE http://10.180.1.21/identity/v3/users/af3018ab1d354d22b9d83fee74fd90f8 0.157s
2024-10-31 11:29:40.625 62761 INFO tempest.lib.common.dynamic_creds [-] Deleting project and security group for project: 6802768819e3411ea8cb5aca2e728538
2024-10-31 11:29:40.661 62755 INFO tempest.lib.common.rest_client [req-93d1e452-1862-4d02-a1a8-c9e8ccac8a14 req-93d1e452-1862-4d02-a1a8-c9e8ccac8a14 ] Request (ImagesOneServerTestJSON:setUpClass): 200 GET http://10.180.1.21/compute/v2.1/servers/1a27278b-b930-4432-90f2-45cdf025c83e 0.089s
2024-10-31 11:29:40.690 62793 INFO tempest.lib.common.rest_client [req-e2700c2c-5b66-4697-974a-0f77adb87bfd req-e2700c2c-5b66-4697-974a-0f77adb87bfd ] Request (AttachVolumeTestJSON:test_attach_detach_volume): 200 GET http://10.180.1.21/compute/v2.1/servers/2aa7880f-de24-4f32-b027-731a2030f987 0.094s
2024-10-31 11:29:40.704 62761 INFO tempest.lib.common.rest_client [req-fd9da47f-6120-42ec-86d5-b7cb467a869a req-fd9da47f-6120-42ec-86d5-b7cb467a869a ] Request (VolumesNegativeTest:tearDownClass): 201 POST http://10.180.1.21/identity/v3/auth/tokens 0.078s
2024-10-31 11:29:40.729 62739 INFO tempest.lib.common.rest_client [req-96dcb7cf-9dad-4468-8bbb-dfa654b292b7 req-96dcb7cf-9dad-4468-8bbb-dfa654b292b7 ] Request (VolumesAdminNegativeTest:test_update_attached_volume_with_nonexistent_volume_in_uri): 200 GET http://10.180.1.21/compute/v2.1/servers/0b40f385-db0a-460c-b7fd-47e4d6afbaf9 0.093s
2024-10-31 11:29:40.745 62787 INFO tempest.lib.common.rest_client [req-8e77c3ae-c80d-408c-8298-3106a67d2469 req-8e77c3ae-c80d-408c-8298-3106a67d2469 ] Request (AttachInterfacesUnderV243Test:tearDownClass): 204 DELETE http://10.180.1.21:9696/networking/v2.0/routers/83cae774-e833-4bcd-804a-4e0464f75f1c 0.818s
2024-10-31 11:29:40.749 62771 INFO tempest.lib.common.rest_client [req-1a893460-532a-407a-ab89-f96716723540 req-1a893460-532a-407a-ab89-f96716723540 ] Request (AttachVolumeShelveTestJSON:test_attach_volume_shelved_or_offload_server): 200 GET http://10.180.1.21/compute/v2.1/servers/3178d5cd-1937-422b-9287-970d095aa452 0.091s
2024-10-31 11:29:40.810 62797 INFO tempest.lib.common.rest_client [req-91890938-b36a-4efd-944a-e67f9bafcd83 req-91890938-b36a-4efd-944a-e67f9bafcd83 ] Request (ServersWithSpecificFlavorTestJSON:test_verify_created_server_ephemeral_disk): 200 GET http://10.180.1.21/compute/v2.1/servers/5a1af72f-71c8-42de-aa71-f011d85210a5 0.117s
2024-10-31 11:29:40.819 62769 INFO tempest.lib.common.rest_client [req-d2a2a549-43bc-4c1a-86a4-c658b0f8089d req-d2a2a549-43bc-4c1a-86a4-c658b0f8089d ] Request (FloatingIPsAssociationTestJSON:setUpClass): 200 GET http://10.180.1.21/compute/v2.1/servers/a8d8e232-6096-4da3-8f2c-65a5e5f713ae 0.085s
2024-10-31 11:29:40.881 62749 INFO tempest.lib.common.rest_client [req-d235654e-5664-41c9-8df1-6c498b75e99e req-d235654e-5664-41c9-8df1-6c498b75e99e ] Request (ServerRescueTestJSON:setUpClass): 200 GET http://10.180.1.21/compute/v2.1/servers/d4930731-7333-426c-a2fc-a732d351a0f0 0.096s
2024-10-31 11:29:40.893 62753 INFO tempest.lib.common.rest_client [req-2ff571da-48d8-402a-83d7-e458f4138c2d req-2ff571da-48d8-402a-83d7-e458f4138c2d ] Request (ServerActionsV293TestJSON:setUpClass): 200 GET http://10.180.1.21/compute/v2.1/servers/97ac40d6-1c29-4282-86e5-be27a20cf5e0 0.105s
2024-10-31 11:29:40.950 62791 INFO tempest.lib.common.rest_client [req-2349f271-5a36-4f16-9f6e-5268da9961ac req-2349f271-5a36-4f16-9f6e-5268da9961ac ] Request (MigrationsAdminTest:test_resize_server_revert_deleted_flavor): 200 GET http://10.180.1.21/compute/v2.1/servers/0af1e65d-ca88-475e-a871-4087bd49cd9d 0.106s
2024-10-31 11:29:40.953 62761 INFO tempest.lib.common.rest_client [req-4d4e37cc-9ee3-4f91-b463-039852d2d94c req-4d4e37cc-9ee3-4f91-b463-039852d2d94c ] Request (VolumesNegativeTest:tearDownClass): 200 GET http://10.180.1.21:9696/networking/v2.0/security-groups?tenant_id=6802768819e3411ea8cb5aca2e728538&name=default 0.248s
2024-10-31 11:29:40.967 62759 INFO tempest.lib.common.rest_client [req-5229aed2-878b-4ceb-9b78-a2e8be2e5c3e req-5229aed2-878b-4ceb-9b78-a2e8be2e5c3e ] Request (ServersTestJSON:setUpClass): 200 GET http://10.180.1.21/compute/v2.1/servers/d1aeccd3-ba9e-46cc-b8a2-b64da9b94d6e 0.067s
2024-10-31 11:29:40.972 62787 INFO tempest.lib.common.rest_client [req-075deb03-1ff7-4a48-a943-c047ba4c1b20 req-075deb03-1ff7-4a48-a943-c047ba4c1b20 ] Request (AttachInterfacesUnderV243Test:tearDownClass): 204 DELETE http://10.180.1.21:9696/networking/v2.0/subnets/789bbbd8-52c5-4109-ae1a-65c178dbbd1b 0.227s
2024-10-31 11:29:40.979 62777 INFO tempest.lib.common.rest_client [req-99519d26-2146-433d-8617-54acd8a67e32 req-99519d26-2146-433d-8617-54acd8a67e32 ] Request (VolumesAssistedSnapshotsTest:tearDownClass): 200 PUT http://10.180.1.21:9696/networking/v2.0/routers/df3a4b02-8aeb-4c7a-8400-b9889f2c2f8c/remove_router_interface 1.146s
2024-10-31 11:29:41.038 62765 INFO tempest.lib.common.rest_client [req-a9452223-6981-4e61-8980-33cab7ec6e7d req-a9452223-6981-4e61-8980-33cab7ec6e7d ] Request (ImagesNegativeTestJSON:test_create_image_from_deleted_server): 200 GET http://10.180.1.21/compute/v2.1/servers/e49252e3-11cc-49c3-b959-24ad87ad48c9 0.057s
2024-10-31 11:29:41.114 62795 INFO tempest.lib.common.rest_client [req-d208b14b-ebbb-4596-ae52-a67cf64502a7 req-d208b14b-ebbb-4596-ae52-a67cf64502a7 ] Request (ListImageFiltersTestJSON:setUpClass): 200 GET http://10.180.1.21/compute/v2.1/servers/c32f170d-1e88-4716-a02a-b8db6896e900 0.064s
2024-10-31 11:29:41.168 62761 INFO tempest.lib.common.rest_client [req-242254d3-4a68-4cd6-8de5-26b0fdc40f14 req-242254d3-4a68-4cd6-8de5-26b0fdc40f14 ] Request (VolumesNegativeTest:tearDownClass): 204 DELETE http://10.180.1.21:9696/networking/v2.0/security-groups/dfc4a5ab-c2d7-48aa-bfcf-7bff5bd08e63 0.215s
2024-10-31 11:29:41.229 62743 INFO tempest.lib.common.rest_client [req-617326f3-4d3b-4451-9251-2371b0392280 req-617326f3-4d3b-4451-9251-2371b0392280 ] Request (ListServersNegativeTestJSON:setUpClass): 200 GET http://10.180.1.21/compute/v2.1/servers/df6ad6f4-2da5-4cad-bb6a-3b7d9ff6bb36 0.056s
2024-10-31 11:29:41.245 62761 INFO tempest.lib.common.rest_client [req-580bf396-75e9-4dd5-8133-5ab7f9834991 req-580bf396-75e9-4dd5-8133-5ab7f9834991 ] Request (VolumesNegativeTest:tearDownClass): 204 DELETE http://10.180.1.21/identity/v3/projects/6802768819e3411ea8cb5aca2e728538 0.077s
2024-10-31 11:29:41.286 62803 INFO tempest.lib.common.rest_client [req-6f4ef6b5-3849-4631-884b-b246e563c74c req-6f4ef6b5-3849-4631-884b-b246e563c74c ] Request (ServerActionsTestOtherB:setUpClass): 200 GET http://10.180.1.21/compute/v2.1/servers/bef7d4e7-9af2-4071-ae6d-bdbfa7f46460 0.080s
2024-10-31 11:29:41.294 62803 INFO tempest.common.waiters [-] State transition "BUILD/spawning" ==> "ERROR/None" after 70 second wait
2024-10-31 11:29:41.311 62745 INFO tempest.lib.common.rest_client [req-c5d11cff-4216-467f-af6f-1632b6e33e12 req-c5d11cff-4216-467f-af6f-1632b6e33e12 ] Request (ServersTestBootFromVolume:setUpClass): 200 GET http://10.180.1.21/compute/v2.1/servers/5ca1a33c-7324-481c-95cd-3761ce8ccf13 0.077s
2024-10-31 11:29:41.354 62777 INFO tempest.lib.common.rest_client [req-a9acd3f6-e6b6-45c3-bbac-c31badc09e34 req-a9acd3f6-e6b6-45c3-bbac-c31badc09e34 ] Request (VolumesAssistedSnapshotsTest:tearDownClass): 204 DELETE http://10.180.1.21:9696/networking/v2.0/routers/df3a4b02-8aeb-4c7a-8400-b9889f2c2f8c 0.374s
2024-10-31 11:29:41.360 62782 INFO tempest.lib.common.rest_client [req-1efaa158-f3cc-4eb5-9661-dfbc8a77e8fb req-1efaa158-f3cc-4eb5-9661-dfbc8a77e8fb ] Request (AttachInterfacesV270Test:test_create_get_list_interfaces): 200 GET http://10.180.1.21/compute/v2.1/servers/9bda2d4c-38c0-49ba-9a69-402869ff6a65 0.066s
2024-10-31 11:29:41.433 62751 INFO tempest.lib.common.rest_client [req-50f89475-c695-40be-9305-6c2d1ce1e46b req-50f89475-c695-40be-9305-6c2d1ce1e46b ] Request (ServerDiskConfigTestJSON:test_rebuild_server_with_auto_disk_config): 200 GET http://10.180.1.21/compute/v2.1/servers/eed1dcc3-d9f9-4211-a4c3-850dcdad72b1 0.068s
2024-10-31 11:29:41.449 62787 INFO tempest.lib.common.rest_client [req-58d496d7-974d-42b0-abe8-a9b0314f5029 req-58d496d7-974d-42b0-abe8-a9b0314f5029 ] Request (AttachInterfacesUnderV243Test:tearDownClass): 204 DELETE http://10.180.1.21:9696/networking/v2.0/networks/2094d67f-1641-4899-854a-73d38fbce0f4 0.476s
2024-10-31 11:29:41.483 62777 INFO tempest.lib.common.rest_client [req-a76658c5-d108-48c8-a247-71d925c14922 req-a76658c5-d108-48c8-a247-71d925c14922 ] Request (VolumesAssistedSnapshotsTest:tearDownClass): 204 DELETE http://10.180.1.21:9696/networking/v2.0/subnets/5b65dbae-b8ab-4728-bd3a-6cbec6884ce8 0.128s
2024-10-31 11:29:41.503 62767 INFO tempest.lib.common.rest_client [req-f1e3adc9-a44f-4ae4-b6f1-0c2ff41ebba3 req-f1e3adc9-a44f-4ae4-b6f1-0c2ff41ebba3 ] Request (ImagesTestJSON:test_create_image_from_stopped_server): 200 GET http://10.180.1.21/compute/v2.1/servers/0acb10f9-3d1e-4621-9b7f-dd7c6b1f86b4 0.072s
2024-10-31 11:29:41.520 62741 INFO tempest.lib.common.rest_client [req-baa90c3a-4599-491e-b9ed-43b459a4759f req-baa90c3a-4599-491e-b9ed-43b459a4759f ] Request (ServerGroupTestJSON:setUpClass): 201 POST http://10.180.1.21:9696/networking/v2.0/routers 1.372s
2024-10-31 11:29:41.521 62803 INFO tempest.lib.common.rest_client [req-d526fd80-16c3-4281-9b47-8fd6587b9313 req-d526fd80-16c3-4281-9b47-8fd6587b9313 ] Request (ServerActionsTestOtherB:setUpClass): 204 DELETE http://10.180.1.21/compute/v2.1/servers/bef7d4e7-9af2-4071-ae6d-bdbfa7f46460 0.226s
2024-10-31 11:29:41.550 62803 INFO tempest.lib.common.rest_client [req-978a29aa-b2ef-492a-bce6-9856c8f267c2 req-978a29aa-b2ef-492a-bce6-9856c8f267c2 ] Request (ServerActionsTestOtherB:setUpClass): 404 GET http://10.180.1.21/compute/v2.1/servers/bef7d4e7-9af2-4071-ae6d-bdbfa7f46460 0.028s
2024-10-31 11:29:41.550 62803 INFO tempest.test [-] raised in ServerActionsTestOtherB.setUpClass. Invoking tearDownClass.
2024-10-31 11:29:41.573 62803 INFO tempest.lib.common.rest_client [req-af5eea4e-1bf9-423b-8e4c-a68ed0ea88f4 req-af5eea4e-1bf9-423b-8e4c-a68ed0ea88f4 ] Request (ServerActionsTestOtherB:tearDownClass): 202 DELETE http://10.180.1.21/compute/v2.1/os-keypairs/tempest-keypair-319288823 0.022s
2024-10-31 11:29:41.598 62787 INFO tempest.lib.common.rest_client [req-9233a82d-9915-47b9-b635-8c4f6a4ffee3 req-9233a82d-9915-47b9-b635-8c4f6a4ffee3 ] Request (AttachInterfacesUnderV243Test:tearDownClass): 204 DELETE http://10.180.1.21/identity/v3/users/ef47975783cf46a98082bc8d2d87b2bf 0.148s
2024-10-31 11:29:41.598 62787 INFO tempest.lib.common.dynamic_creds [-] Deleting project and security group for project: 09bdea2bf71e432592262591e056db97
2024-10-31 11:29:41.618 62783 INFO tempest.lib.common.rest_client [req-66ae4265-8dcb-4b1e-9b6a-60efd27bd288 req-66ae4265-8dcb-4b1e-9b6a-60efd27bd288 ] Request (AttachInterfacesTestJSON:test_create_list_show_delete_interfaces_by_fixed_ip): 200 GET http://10.180.1.21/compute/v2.1/servers/30befad4-aacb-44d5-87ed-4fc6b0e34bd6 0.092s
2024-10-31 11:29:41.638 62787 INFO tempest.lib.common.rest_client [req-91aa1fc1-33e2-442a-ba16-53315a1eef07 req-91aa1fc1-33e2-442a-ba16-53315a1eef07 ] Request (AttachInterfacesUnderV243Test:tearDownClass): 200 GET http://10.180.1.21:9696/networking/v2.0/security-groups?tenant_id=09bdea2bf71e432592262591e056db97&name=default 0.039s
2024-10-31 11:29:41.697 62747 INFO tempest.lib.common.rest_client [req-35776085-95c3-43a8-ac1b-a3cb9b2aa1d8 req-35776085-95c3-43a8-ac1b-a3cb9b2aa1d8 ] Request (ServerAddressesTestJSON:setUpClass): 200 GET http://10.180.1.21/compute/v2.1/servers/ce8d9b01-e99d-4051-bd96-659692a436da 0.077s
2024-10-31 11:29:41.707 62799 INFO tempest.lib.common.rest_client [req-5ff48f68-b97b-40e6-bafd-0f0cbd2060de req-5ff48f68-b97b-40e6-bafd-0f0cbd2060de ] Request (DeleteServersAdminTestJSON:test_delete_server_while_in_error_state): 200 GET http://10.180.1.21/compute/v2.1/servers/73142a3f-3be8-4956-90f8-6ca223d2d01f 0.096s
2024-10-31 11:29:41.772 62755 INFO tempest.lib.common.rest_client [req-dd222ec7-b8de-4289-b264-7e611799240b req-dd222ec7-b8de-4289-b264-7e611799240b ] Request (ImagesOneServerTestJSON:setUpClass): 200 GET http://10.180.1.21/compute/v2.1/servers/1a27278b-b930-4432-90f2-45cdf025c83e 0.102s
2024-10-31 11:29:41.774 62793 INFO tempest.lib.common.rest_client [req-50b44518-99f4-4cf8-b1f7-a18368a39502 req-50b44518-99f4-4cf8-b1f7-a18368a39502 ] Request (AttachVolumeTestJSON:test_attach_detach_volume): 200 GET http://10.180.1.21/compute/v2.1/servers/2aa7880f-de24-4f32-b027-731a2030f987 0.072s
2024-10-31 11:29:41.806 62787 INFO tempest.lib.common.rest_client [req-e2762b40-020a-4a64-9f52-d979a08c9b2a req-e2762b40-020a-4a64-9f52-d979a08c9b2a ] Request (AttachInterfacesUnderV243Test:tearDownClass): 204 DELETE http://10.180.1.21:9696/networking/v2.0/security-groups/41c7090b-012f-466a-ab2a-37330845fd27 0.167s
2024-10-31 11:29:41.811 62803 INFO tempest.lib.common.rest_client [req-67864adf-beef-4d94-a105-b20965aceee7 req-67864adf-beef-4d94-a105-b20965aceee7 ] Request (ServerActionsTestOtherB:tearDownClass): 204 DELETE http://10.180.1.21:9696/networking/v2.0/security-groups/6f43bcc6-8846-440e-af3a-fd888264c091 0.237s
2024-10-31 11:29:41.833 62739 INFO tempest.lib.common.rest_client [req-026de26a-df1f-4608-a52e-1d3d900011a0 req-026de26a-df1f-4608-a52e-1d3d900011a0 ] Request (VolumesAdminNegativeTest:test_update_attached_volume_with_nonexistent_volume_in_uri): 200 GET http://10.180.1.21/compute/v2.1/servers/0b40f385-db0a-460c-b7fd-47e4d6afbaf9 0.098s
2024-10-31 11:29:41.839 62803 INFO tempest.lib.common.rest_client [req-b1473b7e-95cf-40e1-bc7f-7aac10e25e13 req-b1473b7e-95cf-40e1-bc7f-7aac10e25e13 ] Request (ServerActionsTestOtherB:tearDownClass): 404 GET http://10.180.1.21:9696/networking/v2.0/security-groups/6f43bcc6-8846-440e-af3a-fd888264c091 0.028s
2024-10-31 11:29:41.845 62771 INFO tempest.lib.common.rest_client [req-ebc3e913-b3b5-4d00-8dd6-fb9be0e72f29 req-ebc3e913-b3b5-4d00-8dd6-fb9be0e72f29 ] Request (AttachVolumeShelveTestJSON:test_attach_volume_shelved_or_offload_server): 200 GET http://10.180.1.21/compute/v2.1/servers/3178d5cd-1937-422b-9287-970d095aa452 0.081s
2024-10-31 11:29:41.851 62777 INFO tempest.lib.common.rest_client [req-cbd7f75d-a06c-4f1d-8b35-30136ff9aeae req-cbd7f75d-a06c-4f1d-8b35-30136ff9aeae ] Request (VolumesAssistedSnapshotsTest:tearDownClass): 204 DELETE http://10.180.1.21:9696/networking/v2.0/networks/af4affa3-15a4-4206-9d72-ed35c4622516 0.368s
