2024-10-31 11:29:22.011 62782 INFO tempest.lib.common.rest_client [req-6170c5d1-9e80-442a-b1fb-70a3159ac0df req-6170c5d1-9e80-442a-b1fb-70a3159ac0df ] Request (AttachInterfacesV270Test:test_create_get_list_interfaces): 200 GET http://10.180.1.21/compute/v2.1/servers/9bda2d4c-38c0-49ba-9a69-402869ff6a65 0.056s
2024-10-31 11:29:22.018 62787 INFO tempest.lib.common.rest_client [req-9d5737f5-bcea-4dbd-a712-9e78f673a72f req-9d5737f5-bcea-4dbd-a712-9e78f673a72f ] Request (AttachInterfacesUnderV243Test:test_add_remove_fixed_ip): 200 GET http://10.180.1.21/compute/v2.1/servers/20bf8c62-8b80-45c2-98d4-5a960f465aa0 0.054s
2024-10-31 11:29:22.116 62751 INFO tempest.lib.common.rest_client [req-5e109a68-6332-413a-a16c-4e48747177f3 req-5e109a68-6332-413a-a16c-4e48747177f3 ] Request (ServerDiskConfigTestJSON:test_rebuild_server_with_auto_disk_config): 200 GET http://10.180.1.21/compute/v2.1/servers/eed1dcc3-d9f9-4211-a4c3-850dcdad72b1 0.060s
2024-10-31 11:29:22.146 62783 INFO tempest.lib.common.rest_client [req-9720721a-0ad1-487b-af73-1bf0ebf86a1b req-9720721a-0ad1-487b-af73-1bf0ebf86a1b ] Request (AttachInterfacesTestJSON:test_create_list_show_delete_interfaces_by_fixed_ip): 200 GET http://10.180.1.21/compute/v2.1/servers/30befad4-aacb-44d5-87ed-4fc6b0e34bd6 0.138s
2024-10-31 11:29:22.152 62783 INFO tempest.common.waiters [-] State transition "BUILD/None" ==> "BUILD/networking" after 45 second wait
2024-10-31 11:29:22.162 62747 INFO tempest.lib.common.rest_client [req-f08e5151-a376-4fba-8a31-bcfff1a25ed6 req-f08e5151-a376-4fba-8a31-bcfff1a25ed6 ] Request (ServerAddressesTestJSON:setUpClass): 200 GET http://10.180.1.21/compute/v2.1/servers/ce8d9b01-e99d-4051-bd96-659692a436da 0.075s
2024-10-31 11:29:22.232 62786 INFO tempest.lib.common.rest_client [req-3ae21359-3ac6-4024-924a-938906631173 req-3ae21359-3ac6-4024-924a-938906631173 ] Request (ServersTestFqdnHostnames:test_create_server_with_fqdn_name): 200 GET http://10.180.1.21/compute/v2.1/servers/7a0b2744-2bb0-4eee-9861-418ba67b719c 0.047s
2024-10-31 11:29:22.288 62799 INFO tempest.lib.common.rest_client [req-625d6558-12b6-40f5-bce0-11aced37bfdc req-625d6558-12b6-40f5-bce0-11aced37bfdc ] Request (DeleteServersAdminTestJSON:test_delete_server_while_in_error_state): 200 GET http://10.180.1.21/compute/v2.1/servers/73142a3f-3be8-4956-90f8-6ca223d2d01f 0.051s
2024-10-31 11:29:22.294 62755 INFO tempest.lib.common.rest_client [req-7399879e-9b9b-43a1-ad40-142219f308db req-7399879e-9b9b-43a1-ad40-142219f308db ] Request (ImagesOneServerTestJSON:setUpClass): 200 GET http://10.180.1.21/compute/v2.1/servers/1a27278b-b930-4432-90f2-45cdf025c83e 0.048s
2024-10-31 11:29:22.343 62793 INFO tempest.lib.common.rest_client [req-da6a16be-93a9-439d-9fd3-91f77fa16976 req-da6a16be-93a9-439d-9fd3-91f77fa16976 ] Request (AttachVolumeTestJSON:test_attach_detach_volume): 200 GET http://10.180.1.21/compute/v2.1/servers/2aa7880f-de24-4f32-b027-731a2030f987 0.054s
2024-10-31 11:29:22.360 62771 INFO tempest.lib.common.rest_client [req-13f60920-0376-41d2-89f1-637e52aa0f33 req-13f60920-0376-41d2-89f1-637e52aa0f33 ] Request (AttachVolumeShelveTestJSON:test_attach_volume_shelved_or_offload_server): 200 GET http://10.180.1.21/compute/v2.1/servers/3178d5cd-1937-422b-9287-970d095aa452 0.049s
2024-10-31 11:29:22.390 62769 INFO tempest.lib.common.rest_client [req-5771aa95-0967-4d74-860d-61e45c97a5fc req-5771aa95-0967-4d74-860d-61e45c97a5fc ] Request (FloatingIPsAssociationTestJSON:setUpClass): 200 GET http://10.180.1.21/compute/v2.1/servers/a8d8e232-6096-4da3-8f2c-65a5e5f713ae 0.060s
2024-10-31 11:29:22.449 62753 INFO tempest.lib.common.rest_client [req-8be3528f-138e-4e3f-8661-4067baf1ca58 req-8be3528f-138e-4e3f-8661-4067baf1ca58 ] Request (ServerActionsV293TestJSON:setUpClass): 200 GET http://10.180.1.21/compute/v2.1/servers/97ac40d6-1c29-4282-86e5-be27a20cf5e0 0.057s
2024-10-31 11:29:22.457 62797 INFO tempest.lib.common.rest_client [req-29f1a6b0-0cea-4ebd-8b29-64d728a2f98d req-29f1a6b0-0cea-4ebd-8b29-64d728a2f98d ] Request (ServersWithSpecificFlavorTestJSON:test_verify_created_server_ephemeral_disk): 200 GET http://10.180.1.21/compute/v2.1/servers/5a1af72f-71c8-42de-aa71-f011d85210a5 0.059s
2024-10-31 11:29:22.500 62759 INFO tempest.lib.common.rest_client [req-3343178b-cf55-4309-9cb8-9e4bb6e0cd6e req-3343178b-cf55-4309-9cb8-9e4bb6e0cd6e ] Request (ServersTestJSON:setUpClass): 200 GET http://10.180.1.21/compute/v2.1/servers/d1aeccd3-ba9e-46cc-b8a2-b64da9b94d6e 0.068s
2024-10-31 11:29:22.504 62749 INFO tempest.lib.common.rest_client [req-45ff3bad-c8cd-4e25-ab15-ab0f1671e9cb req-45ff3bad-c8cd-4e25-ab15-ab0f1671e9cb ] Request (ServerRescueTestJSON:setUpClass): 200 GET http://10.180.1.21/compute/v2.1/servers/d4930731-7333-426c-a2fc-a732d351a0f0 0.060s
2024-10-31 11:29:22.548 62795 INFO tempest.lib.common.rest_client [req-c24df16f-ccaf-47bf-b67e-4fa267b66d2e req-c24df16f-ccaf-47bf-b67e-4fa267b66d2e ] Request (ListImageFiltersTestJSON:setUpClass): 200 GET http://10.180.1.21/compute/v2.1/servers/c32f170d-1e88-4716-a02a-b8db6896e900 0.072s
2024-10-31 11:29:22.604 62791 INFO tempest.lib.common.rest_client [req-fce16dde-5089-4724-9927-ee44a4e20a1b req-fce16dde-5089-4724-9927-ee44a4e20a1b ] Request (MigrationsAdminTest:test_resize_server_revert_deleted_flavor): 200 GET http://10.180.1.21/compute/v2.1/servers/0af1e65d-ca88-475e-a871-4087bd49cd9d 0.089s
2024-10-31 11:29:22.655 62739 INFO tempest.lib.common.rest_client [req-47536b64-0584-49b8-a665-6ed9f837a511 req-47536b64-0584-49b8-a665-6ed9f837a511 ] Request (VolumesAdminNegativeTest:test_update_attached_volume_with_nonexistent_volume_in_body): 200 GET http://10.180.1.21/compute/v2.1/servers/59fd4a4a-20f5-4b8f-970a-acfc882f45a3 0.094s
2024-10-31 11:29:22.663 62739 INFO tempest.common.waiters [-] State transition "BUILD/scheduling" ==> "ERROR/None" after 67 second wait
2024-10-31 11:29:22.668 62765 INFO tempest.lib.common.rest_client [req-7f2368ff-1b25-432b-9831-1c37260e08a3 req-7f2368ff-1b25-432b-9831-1c37260e08a3 ] Request (ImagesNegativeTestJSON:test_create_image_from_deleted_server): 200 GET http://10.180.1.21/compute/v2.1/servers/e49252e3-11cc-49c3-b959-24ad87ad48c9 0.183s
2024-10-31 11:29:22.700 62743 INFO tempest.lib.common.rest_client [req-461c490e-ceef-4701-bc9d-8eada17ae232 req-461c490e-ceef-4701-bc9d-8eada17ae232 ] Request (ListServersNegativeTestJSON:setUpClass): 200 GET http://10.180.1.21/compute/v2.1/servers/df6ad6f4-2da5-4cad-bb6a-3b7d9ff6bb36 0.089s
2024-10-31 11:29:22.726 62741 INFO tempest.lib.common.rest_client [req-850b76cd-059d-4326-8daf-9606b9795381 req-850b76cd-059d-4326-8daf-9606b9795381 ] Request (ServersAdmin275Test:tearDownClass): 200 GET http://10.180.1.21/compute/v2.1/servers/c4a88e75-690f-4bed-a4f9-a0de3b193eff 0.091s
2024-10-31 11:29:22.745 62777 INFO tempest.lib.common.rest_client [req-fb6a1dfa-58b2-43ec-8c5f-4d70a6b2530b req-fb6a1dfa-58b2-43ec-8c5f-4d70a6b2530b ] Request (VolumesAssistedSnapshotsTest:test_volume_assisted_snapshot_create_delete): 200 GET http://10.180.1.21/compute/v2.1/servers/24b4c233-c874-452e-a7fc-492ca2a49a09 0.088s
2024-10-31 11:29:22.796 62803 INFO tempest.lib.common.rest_client [req-b2569f88-5797-4288-8e60-9eade4825682 req-b2569f88-5797-4288-8e60-9eade4825682 ] Request (ServerActionsTestOtherB:setUpClass): 200 GET http://10.180.1.21/compute/v2.1/servers/bef7d4e7-9af2-4071-ae6d-bdbfa7f46460 0.086s
2024-10-31 11:29:22.846 62767 INFO tempest.lib.common.rest_client [req-876097ec-91ad-49d4-9ee2-8a4b7e8ff19d req-876097ec-91ad-49d4-9ee2-8a4b7e8ff19d ] Request (ImagesTestJSON:test_create_image_from_stopped_server): 200 GET http://10.180.1.21/compute/v2.1/servers/0acb10f9-3d1e-4621-9b7f-dd7c6b1f86b4 0.131s
2024-10-31 11:29:22.890 62745 INFO tempest.lib.common.rest_client [req-d1dd2569-ea4a-4014-b913-d3e6d34377b7 req-d1dd2569-ea4a-4014-b913-d3e6d34377b7 ] Request (ServersTestBootFromVolume:setUpClass): 200 GET http://10.180.1.21/compute/v2.1/servers/5ca1a33c-7324-481c-95cd-3761ce8ccf13 0.138s
2024-10-31 11:29:22.910 62739 INFO tempest.lib.common.rest_client [req-1312c2ec-32a5-4d11-952b-ae7f8f4922a6 req-1312c2ec-32a5-4d11-952b-ae7f8f4922a6 ] Request (VolumesAdminNegativeTest:test_update_attached_volume_with_nonexistent_volume_in_body): 204 DELETE http://10.180.1.21/compute/v2.1/servers/59fd4a4a-20f5-4b8f-970a-acfc882f45a3 0.247s
2024-10-31 11:29:22.932 62739 INFO tempest.lib.common.rest_client [req-8fe0f355-1b88-4ace-8039-2f4e085974e8 req-8fe0f355-1b88-4ace-8039-2f4e085974e8 ] Request (VolumesAdminNegativeTest:test_update_attached_volume_with_nonexistent_volume_in_body): 404 GET http://10.180.1.21/compute/v2.1/servers/59fd4a4a-20f5-4b8f-970a-acfc882f45a3 0.022s
2024-10-31 11:29:22.939 62761 INFO tempest.lib.common.rest_client [req-8789f948-b9b1-48b7-8f38-b4e90a782ba4 req-8789f948-b9b1-48b7-8f38-b4e90a782ba4 ] Request (ServerActionsTestJSON:setUpClass): 200 GET http://10.180.1.21/compute/v2.1/servers/d8d4c087-9b0f-48c7-bd05-291a7e2a3e83 0.064s
2024-10-31 11:29:22.997 62739 INFO tempest.lib.common.rest_client [req-cc72e2c7-90df-4045-b480-147581785f45 req-cc72e2c7-90df-4045-b480-147581785f45 ] Request (VolumesAdminNegativeTest:test_update_attached_volume_with_nonexistent_volume_in_uri): 201 POST http://10.180.1.21/identity/v3/auth/tokens 0.055s
2024-10-31 11:29:22.997 62739 INFO tempest.lib.common.fixed_network [-] (VolumesAdminNegativeTest:test_update_attached_volume_with_nonexistent_volume_in_uri) Found network {'id': 'e857408b-923b-407c-a859-15d24c9b0805', 'name': 'tempest-VolumesAdminNegativeTest-1949160669-network', 'tenant_id': '0c65ccbbe7774e7994830d31cdbb91ae', 'admin_state_up': True, 'mtu': 8950, 'status': 'ACTIVE', 'subnets': [], 'shared': False, 'project_id': '0c65ccbbe7774e7994830d31cdbb91ae', 'port_security_enabled': True, 'router:external': False, 'provider:network_type': 'vlan', 'provider:physical_network': 'default', 'provider:segmentation_id': 941, 'availability_zone_hints': [], 'availability_zones': [], 'ipv4_address_scope': None, 'ipv6_address_scope': None, 'description': '', 'tags': [], 'created_at': '2024-10-31T11:27:53Z', 'updated_at': '2024-10-31T11:27:53Z', 'revision_number': 1} available for tenant
2024-10-31 11:29:23.090 62782 INFO tempest.lib.common.rest_client [req-c658850d-4bfd-4d1a-849e-8ed30a385f47 req-c658850d-4bfd-4d1a-849e-8ed30a385f47 ] Request (AttachInterfacesV270Test:test_create_get_list_interfaces): 200 GET http://10.180.1.21/compute/v2.1/servers/9bda2d4c-38c0-49ba-9a69-402869ff6a65 0.070s
2024-10-31 11:29:23.152 62787 INFO tempest.lib.common.rest_client [req-2bccbfc5-0f77-4be8-ac75-079a214818d6 req-2bccbfc5-0f77-4be8-ac75-079a214818d6 ] Request (AttachInterfacesUnderV243Test:test_add_remove_fixed_ip): 200 GET http://10.180.1.21/compute/v2.1/servers/20bf8c62-8b80-45c2-98d4-5a960f465aa0 0.126s
2024-10-31 11:29:23.199 62751 INFO tempest.lib.common.rest_client [req-e33ff424-60b2-4006-b340-d0ded66baaa0 req-e33ff424-60b2-4006-b340-d0ded66baaa0 ] Request (ServerDiskConfigTestJSON:test_rebuild_server_with_auto_disk_config): 200 GET http://10.180.1.21/compute/v2.1/servers/eed1dcc3-d9f9-4211-a4c3-850dcdad72b1 0.075s
2024-10-31 11:29:23.298 62783 INFO tempest.lib.common.rest_client [req-e7893a95-5cba-4639-814c-3007ab2f3d70 req-e7893a95-5cba-4639-814c-3007ab2f3d70 ] Request (AttachInterfacesTestJSON:test_create_list_show_delete_interfaces_by_fixed_ip): 200 GET http://10.180.1.21/compute/v2.1/servers/30befad4-aacb-44d5-87ed-4fc6b0e34bd6 0.144s
2024-10-31 11:29:23.306 62783 INFO tempest.common.waiters [-] State transition "BUILD/networking" ==> "BUILD/spawning" after 46 second wait
2024-10-31 11:29:23.351 62747 INFO tempest.lib.common.rest_client [req-df51ca1c-0a84-4045-8963-88d0e7c56524 req-df51ca1c-0a84-4045-8963-88d0e7c56524 ] Request (ServerAddressesTestJSON:setUpClass): 200 GET http://10.180.1.21/compute/v2.1/servers/ce8d9b01-e99d-4051-bd96-659692a436da 0.182s
2024-10-31 11:29:23.394 62786 INFO tempest.lib.common.rest_client [req-f82f705c-6c93-437f-8458-5c93942fdd63 req-f82f705c-6c93-437f-8458-5c93942fdd63 ] Request (ServersTestFqdnHostnames:test_create_server_with_fqdn_name): 200 GET http://10.180.1.21/compute/v2.1/servers/7a0b2744-2bb0-4eee-9861-418ba67b719c 0.155s
2024-10-31 11:29:23.404 62739 INFO tempest.lib.common.rest_client [req-ef39e50f-5ce8-4286-9c89-acf2f5f9a4d4 req-ef39e50f-5ce8-4286-9c89-acf2f5f9a4d4 ] Request (VolumesAdminNegativeTest:test_update_attached_volume_with_nonexistent_volume_in_uri): 202 POST http://10.180.1.21/compute/v2.1/servers 0.406s
2024-10-31 11:29:23.444 62799 INFO tempest.lib.common.rest_client [req-7a2beccb-c58d-4542-8944-6721051713b4 req-7a2beccb-c58d-4542-8944-6721051713b4 ] Request (DeleteServersAdminTestJSON:test_delete_server_while_in_error_state): 200 GET http://10.180.1.21/compute/v2.1/servers/73142a3f-3be8-4956-90f8-6ca223d2d01f 0.145s
2024-10-31 11:29:23.458 62799 INFO tempest.common.waiters [-] State transition "BUILD/scheduling" ==> "BUILD/None" after 42 second wait
2024-10-31 11:29:23.460 62755 INFO tempest.lib.common.rest_client [req-bdc98e65-5711-43de-9b4d-95c7f23e9b9e req-bdc98e65-5711-43de-9b4d-95c7f23e9b9e ] Request (ImagesOneServerTestJSON:setUpClass): 200 GET http://10.180.1.21/compute/v2.1/servers/1a27278b-b930-4432-90f2-45cdf025c83e 0.159s
2024-10-31 11:29:23.502 62793 INFO tempest.lib.common.rest_client [req-c6d93c8b-8b66-448e-802d-d928eb96fea8 req-c6d93c8b-8b66-448e-802d-d928eb96fea8 ] Request (AttachVolumeTestJSON:test_attach_detach_volume): 200 GET http://10.180.1.21/compute/v2.1/servers/2aa7880f-de24-4f32-b027-731a2030f987 0.151s
2024-10-31 11:29:23.509 62771 INFO tempest.lib.common.rest_client [req-4a2d4cf2-244b-4b45-a2e1-e4d810151974 req-4a2d4cf2-244b-4b45-a2e1-e4d810151974 ] Request (AttachVolumeShelveTestJSON:test_attach_volume_shelved_or_offload_server): 200 GET http://10.180.1.21/compute/v2.1/servers/3178d5cd-1937-422b-9287-970d095aa452 0.142s
2024-10-31 11:29:23.544 62739 INFO tempest.lib.common.rest_client [req-e69643fe-1433-4a47-a894-c0dde7d4c7d4 req-e69643fe-1433-4a47-a894-c0dde7d4c7d4 ] Request (VolumesAdminNegativeTest:test_update_attached_volume_with_nonexistent_volume_in_uri): 200 GET http://10.180.1.21/compute/v2.1/servers/0b40f385-db0a-460c-b7fd-47e4d6afbaf9 0.138s
2024-10-31 11:29:23.549 62769 INFO tempest.lib.common.rest_client [req-2a6e48cb-c24c-4921-a6c4-9d083c1a704d req-2a6e48cb-c24c-4921-a6c4-9d083c1a704d ] Request (FloatingIPsAssociationTestJSON:setUpClass): 200 GET http://10.180.1.21/compute/v2.1/servers/a8d8e232-6096-4da3-8f2c-65a5e5f713ae 0.145s
2024-10-31 11:29:23.596 62753 INFO tempest.lib.common.rest_client [req-9ffbccf8-cda7-4b1a-a6e4-f8bf5f22a3a6 req-9ffbccf8-cda7-4b1a-a6e4-f8bf5f22a3a6 ] Request (ServerActionsV293TestJSON:setUpClass): 200 GET http://10.180.1.21/compute/v2.1/servers/97ac40d6-1c29-4282-86e5-be27a20cf5e0 0.134s
2024-10-31 11:29:23.598 62797 INFO tempest.lib.common.rest_client [req-358175d2-7f0f-43a0-a1b7-c867552c71ad req-358175d2-7f0f-43a0-a1b7-c867552c71ad ] Request (ServersWithSpecificFlavorTestJSON:test_verify_created_server_ephemeral_disk): 200 GET http://10.180.1.21/compute/v2.1/servers/5a1af72f-71c8-42de-aa71-f011d85210a5 0.133s
2024-10-31 11:29:23.643 62749 INFO tempest.lib.common.rest_client [req-865567a3-3d29-4e86-9ed8-6223bb1344cc req-865567a3-3d29-4e86-9ed8-6223bb1344cc ] Request (ServerRescueTestJSON:setUpClass): 200 GET http://10.180.1.21/compute/v2.1/servers/d4930731-7333-426c-a2fc-a732d351a0f0 0.131s
2024-10-31 11:29:23.644 62759 INFO tempest.lib.common.rest_client [req-5a471ce4-6da0-404e-af05-1fd0f69d3f72 req-5a471ce4-6da0-404e-af05-1fd0f69d3f72 ] Request (ServersTestJSON:setUpClass): 200 GET http://10.180.1.21/compute/v2.1/servers/d1aeccd3-ba9e-46cc-b8a2-b64da9b94d6e 0.138s
2024-10-31 11:29:23.685 62791 INFO tempest.lib.common.rest_client [req-c0af2f9e-0d3f-4381-ab22-4228dbc5831a req-c0af2f9e-0d3f-4381-ab22-4228dbc5831a ] Request (MigrationsAdminTest:test_resize_server_revert_deleted_flavor): 200 GET http://10.180.1.21/compute/v2.1/servers/0af1e65d-ca88-475e-a871-4087bd49cd9d 0.074s
2024-10-31 11:29:23.694 62795 INFO tempest.lib.common.rest_client [req-c2cb6363-6121-4ac2-b1f6-662e95060473 req-c2cb6363-6121-4ac2-b1f6-662e95060473 ] Request (ListImageFiltersTestJSON:setUpClass): 200 GET http://10.180.1.21/compute/v2.1/servers/c32f170d-1e88-4716-a02a-b8db6896e900 0.134s
2024-10-31 11:29:23.730 62765 INFO tempest.lib.common.rest_client [req-0ffa0cea-166a-4883-83a7-7201b4e60a89 req-0ffa0cea-166a-4883-83a7-7201b4e60a89 ] Request (ImagesNegativeTestJSON:test_create_image_from_deleted_server): 200 GET http://10.180.1.21/compute/v2.1/servers/e49252e3-11cc-49c3-b959-24ad87ad48c9 0.054s
2024-10-31 11:29:23.756 62743 INFO tempest.lib.common.rest_client [req-fc9b3202-93f4-4cda-ada5-410b372b9c3f req-fc9b3202-93f4-4cda-ada5-410b372b9c3f ] Request (ListServersNegativeTestJSON:setUpClass): 200 GET http://10.180.1.21/compute/v2.1/servers/df6ad6f4-2da5-4cad-bb6a-3b7d9ff6bb36 0.048s
2024-10-31 11:29:23.796 62741 INFO tempest.lib.common.rest_client [req-69fd6d29-1dc2-4bf3-97a1-e11b4659e802 req-69fd6d29-1dc2-4bf3-97a1-e11b4659e802 ] Request (ServersAdmin275Test:tearDownClass): 200 GET http://10.180.1.21/compute/v2.1/servers/c4a88e75-690f-4bed-a4f9-a0de3b193eff 0.061s
2024-10-31 11:29:23.799 62777 INFO tempest.lib.common.rest_client [req-71a56995-140c-4454-9c9d-e2e0a96a642d req-71a56995-140c-4454-9c9d-e2e0a96a642d ] Request (VolumesAssistedSnapshotsTest:test_volume_assisted_snapshot_create_delete): 200 GET http://10.180.1.21/compute/v2.1/servers/24b4c233-c874-452e-a7fc-492ca2a49a09 0.047s
2024-10-31 11:29:23.853 62803 INFO tempest.lib.common.rest_client [req-fbb3a27e-7dc9-4888-ad69-6ed232ec6732 req-fbb3a27e-7dc9-4888-ad69-6ed232ec6732 ] Request (ServerActionsTestOtherB:setUpClass): 200 GET http://10.180.1.21/compute/v2.1/servers/bef7d4e7-9af2-4071-ae6d-bdbfa7f46460 0.046s
2024-10-31 11:29:23.900 62767 INFO tempest.lib.common.rest_client [req-68b6c993-c0da-40c0-9579-9bde0246f702 req-68b6c993-c0da-40c0-9579-9bde0246f702 ] Request (ImagesTestJSON:test_create_image_from_stopped_server): 200 GET http://10.180.1.21/compute/v2.1/servers/0acb10f9-3d1e-4621-9b7f-dd7c6b1f86b4 0.044s
2024-10-31 11:29:23.942 62745 INFO tempest.lib.common.rest_client [req-0779d7f3-20c8-4a58-b105-ff44c83828fc req-0779d7f3-20c8-4a58-b105-ff44c83828fc ] Request (ServersTestBootFromVolume:setUpClass): 200 GET http://10.180.1.21/compute/v2.1/servers/5ca1a33c-7324-481c-95cd-3761ce8ccf13 0.045s
2024-10-31 11:29:23.994 62761 INFO tempest.lib.common.rest_client [req-615ead2a-990a-4eb7-9cbd-af4c0c92528d req-615ead2a-990a-4eb7-9cbd-af4c0c92528d ] Request (ServerActionsTestJSON:setUpClass): 200 GET http://10.180.1.21/compute/v2.1/servers/d8d4c087-9b0f-48c7-bd05-291a7e2a3e83 0.047s
2024-10-31 11:29:24.150 62782 INFO tempest.lib.common.rest_client [req-00b94373-35cb-4045-a00c-d2ba5667e6a1 req-00b94373-35cb-4045-a00c-d2ba5667e6a1 ] Request (AttachInterfacesV270Test:test_create_get_list_interfaces): 200 GET http://10.180.1.21/compute/v2.1/servers/9bda2d4c-38c0-49ba-9a69-402869ff6a65 0.047s
2024-10-31 11:29:24.206 62787 INFO tempest.lib.common.rest_client [req-7d18886a-ae46-47d2-b256-46a3cb1c0d41 req-7d18886a-ae46-47d2-b256-46a3cb1c0d41 ] Request (AttachInterfacesUnderV243Test:test_add_remove_fixed_ip): 200 GET http://10.180.1.21/compute/v2.1/servers/20bf8c62-8b80-45c2-98d4-5a960f465aa0 0.046s
2024-10-31 11:29:24.254 62751 INFO tempest.lib.common.rest_client [req-0e90f708-68a6-4b4b-a204-435120c28988 req-0e90f708-68a6-4b4b-a204-435120c28988 ] Request (ServerDiskConfigTestJSON:test_rebuild_server_with_auto_disk_config): 200 GET http://10.180.1.21/compute/v2.1/servers/eed1dcc3-d9f9-4211-a4c3-850dcdad72b1 0.046s
2024-10-31 11:29:24.352 62783 INFO tempest.lib.common.rest_client [req-adf6976b-b5c8-4531-b397-c9e90c38e7eb req-adf6976b-b5c8-4531-b397-c9e90c38e7eb ] Request (AttachInterfacesTestJSON:test_create_list_show_delete_interfaces_by_fixed_ip): 200 GET http://10.180.1.21/compute/v2.1/servers/30befad4-aacb-44d5-87ed-4fc6b0e34bd6 0.045s
2024-10-31 11:29:24.408 62747 INFO tempest.lib.common.rest_client [req-3706fe0a-25ab-4033-8cfe-0cffdaa22589 req-3706fe0a-25ab-4033-8cfe-0cffdaa22589 ] Request (ServerAddressesTestJSON:setUpClass): 200 GET http://10.180.1.21/compute/v2.1/servers/ce8d9b01-e99d-4051-bd96-659692a436da 0.051s
2024-10-31 11:29:24.452 62786 INFO tempest.lib.common.rest_client [req-003f2fb6-cffb-4a60-9ae7-512210bf1fad req-003f2fb6-cffb-4a60-9ae7-512210bf1fad ] Request (ServersTestFqdnHostnames:test_create_server_with_fqdn_name): 200 GET http://10.180.1.21/compute/v2.1/servers/7a0b2744-2bb0-4eee-9861-418ba67b719c 0.052s
2024-10-31 11:29:24.523 62755 INFO tempest.lib.common.rest_client [req-d9fc7ddd-bd15-409f-bf57-dcfe2532d8f1 req-d9fc7ddd-bd15-409f-bf57-dcfe2532d8f1 ] Request (ImagesOneServerTestJSON:setUpClass): 200 GET http://10.180.1.21/compute/v2.1/servers/1a27278b-b930-4432-90f2-45cdf025c83e 0.056s
2024-10-31 11:29:24.527 62799 INFO tempest.lib.common.rest_client [req-023d9ea4-bec3-41a5-b4bf-e048d2671a61 req-023d9ea4-bec3-41a5-b4bf-e048d2671a61 ] Request (DeleteServersAdminTestJSON:test_delete_server_while_in_error_state): 200 GET http://10.180.1.21/compute/v2.1/servers/73142a3f-3be8-4956-90f8-6ca223d2d01f 0.067s
2024-10-31 11:29:24.569 62793 INFO tempest.lib.common.rest_client [req-f6fa0e98-0c04-43a9-9efe-f216a1318196 req-f6fa0e98-0c04-43a9-9efe-f216a1318196 ] Request (AttachVolumeTestJSON:test_attach_detach_volume): 200 GET http://10.180.1.21/compute/v2.1/servers/2aa7880f-de24-4f32-b027-731a2030f987 0.060s
2024-10-31 11:29:24.573 62771 INFO tempest.lib.common.rest_client [req-1508dad6-27b4-4fd1-9899-835168aade5f req-1508dad6-27b4-4fd1-9899-835168aade5f ] Request (AttachVolumeShelveTestJSON:test_attach_volume_shelved_or_offload_server): 200 GET http://10.180.1.21/compute/v2.1/servers/3178d5cd-1937-422b-9287-970d095aa452 0.055s
2024-10-31 11:29:24.617 62769 INFO tempest.lib.common.rest_client [req-b56584e7-3414-40f3-9958-18f494297585 req-b56584e7-3414-40f3-9958-18f494297585 ] Request (FloatingIPsAssociationTestJSON:setUpClass): 200 GET http://10.180.1.21/compute/v2.1/servers/a8d8e232-6096-4da3-8f2c-65a5e5f713ae 0.062s
2024-10-31 11:29:24.626 62739 INFO tempest.lib.common.rest_client [req-12ce2bf9-0cea-4382-a1cb-cfcca6d39339 req-12ce2bf9-0cea-4382-a1cb-cfcca6d39339 ] Request (VolumesAdminNegativeTest:test_update_attached_volume_with_nonexistent_volume_in_uri): 200 GET http://10.180.1.21/compute/v2.1/servers/0b40f385-db0a-460c-b7fd-47e4d6afbaf9 0.064s
2024-10-31 11:29:24.660 62797 INFO tempest.lib.common.rest_client [req-9cd9a003-3d77-4ab7-b0e5-6ee0a49c89f5 req-9cd9a003-3d77-4ab7-b0e5-6ee0a49c89f5 ] Request (ServersWithSpecificFlavorTestJSON:test_verify_created_server_ephemeral_disk): 200 GET http://10.180.1.21/compute/v2.1/servers/5a1af72f-71c8-42de-aa71-f011d85210a5 0.053s
2024-10-31 11:29:24.674 62753 INFO tempest.lib.common.rest_client [req-920f8a5e-05e4-41e7-9eac-beb3fea248c3 req-920f8a5e-05e4-41e7-9eac-beb3fea248c3 ] Request (ServerActionsV293TestJSON:setUpClass): 200 GET http://10.180.1.21/compute/v2.1/servers/97ac40d6-1c29-4282-86e5-be27a20cf5e0 0.063s
2024-10-31 11:29:24.703 62749 INFO tempest.lib.common.rest_client [req-b945f81f-3005-4c0d-94e2-b6161783c06f req-b945f81f-3005-4c0d-94e2-b6161783c06f ] Request (ServerRescueTestJSON:setUpClass): 200 GET http://10.180.1.21/compute/v2.1/servers/d4930731-7333-426c-a2fc-a732d351a0f0 0.053s
2024-10-31 11:29:24.723 62759 INFO tempest.lib.common.rest_client [req-6275ba79-0c41-40f0-abc2-fc5c914d60ef req-6275ba79-0c41-40f0-abc2-fc5c914d60ef ] Request (ServersTestJSON:setUpClass): 200 GET http://10.180.1.21/compute/v2.1/servers/d1aeccd3-ba9e-46cc-b8a2-b64da9b94d6e 0.070s
2024-10-31 11:29:24.750 62791 INFO tempest.lib.common.rest_client [req-778dff4d-9a2e-44f2-86fe-6f75849ae970 req-778dff4d-9a2e-44f2-86fe-6f75849ae970 ] Request (MigrationsAdminTest:test_resize_server_revert_deleted_flavor): 200 GET http://10.180.1.21/compute/v2.1/servers/0af1e65d-ca88-475e-a871-4087bd49cd9d 0.057s
2024-10-31 11:29:24.772 62795 INFO tempest.lib.common.rest_client [req-a1dbb363-6269-40a7-a410-b5a8fad6b172 req-a1dbb363-6269-40a7-a410-b5a8fad6b172 ] Request (ListImageFiltersTestJSON:setUpClass): 200 GET http://10.180.1.21/compute/v2.1/servers/c32f170d-1e88-4716-a02a-b8db6896e900 0.071s
2024-10-31 11:29:24.800 62765 INFO tempest.lib.common.rest_client [req-f3298cee-3230-4808-a10e-95b9ccf40f06 req-f3298cee-3230-4808-a10e-95b9ccf40f06 ] Request (ImagesNegativeTestJSON:test_create_image_from_deleted_server): 200 GET http://10.180.1.21/compute/v2.1/servers/e49252e3-11cc-49c3-b959-24ad87ad48c9 0.062s
2024-10-31 11:29:24.816 62743 INFO tempest.lib.common.rest_client [req-ca580d3d-e601-46ec-9c2e-71392c9dfbc8 req-ca580d3d-e601-46ec-9c2e-71392c9dfbc8 ] Request (ListServersNegativeTestJSON:setUpClass): 200 GET http://10.180.1.21/compute/v2.1/servers/df6ad6f4-2da5-4cad-bb6a-3b7d9ff6bb36 0.054s
2024-10-31 11:29:24.859 62777 INFO tempest.lib.common.rest_client [req-3fcf9c18-e928-48b2-ae7c-737f8a2a2576 req-3fcf9c18-e928-48b2-ae7c-737f8a2a2576 ] Request (VolumesAssistedSnapshotsTest:test_volume_assisted_snapshot_create_delete): 200 GET http://10.180.1.21/compute/v2.1/servers/24b4c233-c874-452e-a7fc-492ca2a49a09 0.052s
2024-10-31 11:29:24.862 62741 INFO tempest.lib.common.rest_client [req-927d4394-e295-4db3-a3b4-98f7f5c236ca req-927d4394-e295-4db3-a3b4-98f7f5c236ca ] Request (ServersAdmin275Test:tearDownClass): 200 GET http://10.180.1.21/compute/v2.1/servers/c4a88e75-690f-4bed-a4f9-a0de3b193eff 0.057s
2024-10-31 11:29:24.902 62803 INFO tempest.lib.common.rest_client [req-d391c436-6b4f-4f75-beea-d285bba45c97 req-d391c436-6b4f-4f75-beea-d285bba45c97 ] Request (ServerActionsTestOtherB:setUpClass): 200 GET http://10.180.1.21/compute/v2.1/servers/bef7d4e7-9af2-4071-ae6d-bdbfa7f46460 0.042s
2024-10-31 11:29:24.953 62767 INFO tempest.lib.common.rest_client [req-37c0e03e-aa3b-4549-bdad-10491ac729fa req-37c0e03e-aa3b-4549-bdad-10491ac729fa ] Request (ImagesTestJSON:test_create_image_from_stopped_server): 200 GET http://10.180.1.21/compute/v2.1/servers/0acb10f9-3d1e-4621-9b7f-dd7c6b1f86b4 0.046s
2024-10-31 11:29:25.006 62745 INFO tempest.lib.common.rest_client [req-d1ab2e09-2297-4df9-b89e-683a642a7032 req-d1ab2e09-2297-4df9-b89e-683a642a7032 ] Request (ServersTestBootFromVolume:setUpClass): 200 GET http://10.180.1.21/compute/v2.1/servers/5ca1a33c-7324-481c-95cd-3761ce8ccf13 0.057s
2024-10-31 11:29:25.050 62761 INFO tempest.lib.common.rest_client [req-c9205b69-d6a6-4f5d-9111-864dc8bdcc30 req-c9205b69-d6a6-4f5d-9111-864dc8bdcc30 ] Request (ServerActionsTestJSON:setUpClass): 200 GET http://10.180.1.21/compute/v2.1/servers/d8d4c087-9b0f-48c7-bd05-291a7e2a3e83 0.048s
2024-10-31 11:29:25.213 62782 INFO tempest.lib.common.rest_client [req-6c2da296-4564-4205-a432-b9e39698ef72 req-6c2da296-4564-4205-a432-b9e39698ef72 ] Request (AttachInterfacesV270Test:test_create_get_list_interfaces): 200 GET http://10.180.1.21/compute/v2.1/servers/9bda2d4c-38c0-49ba-9a69-402869ff6a65 0.053s
2024-10-31 11:29:25.261 62787 INFO tempest.lib.common.rest_client [req-f45ad635-de6a-4730-96fb-e801f8bd5856 req-f45ad635-de6a-4730-96fb-e801f8bd5856 ] Request (AttachInterfacesUnderV243Test:test_add_remove_fixed_ip): 200 GET http://10.180.1.21/compute/v2.1/servers/20bf8c62-8b80-45c2-98d4-5a960f465aa0 0.047s
2024-10-31 11:29:25.310 62751 INFO tempest.lib.common.rest_client [req-8388a0ab-0257-411c-998d-935154f538fa req-8388a0ab-0257-411c-998d-935154f538fa ] Request (ServerDiskConfigTestJSON:test_rebuild_server_with_auto_disk_config): 200 GET http://10.180.1.21/compute/v2.1/servers/eed1dcc3-d9f9-4211-a4c3-850dcdad72b1 0.049s
2024-10-31 11:29:25.410 62783 INFO tempest.lib.common.rest_client [req-35551681-a016-4e19-9c7e-0dd796879d98 req-35551681-a016-4e19-9c7e-0dd796879d98 ] Request (AttachInterfacesTestJSON:test_create_list_show_delete_interfaces_by_fixed_ip): 200 GET http://10.180.1.21/compute/v2.1/servers/30befad4-aacb-44d5-87ed-4fc6b0e34bd6 0.050s
2024-10-31 11:29:25.465 62747 INFO tempest.lib.common.rest_client [req-baeffeb9-78b8-403b-9e9c-f385c0a79a1a req-baeffeb9-78b8-403b-9e9c-f385c0a79a1a ] Request (ServerAddressesTestJSON:setUpClass): 200 GET http://10.180.1.21/compute/v2.1/servers/ce8d9b01-e99d-4051-bd96-659692a436da 0.049s
2024-10-31 11:29:25.521 62786 INFO tempest.lib.common.rest_client [req-1ec27c79-c5c1-4365-b763-49ca3e1699cf req-1ec27c79-c5c1-4365-b763-49ca3e1699cf ] Request (ServersTestFqdnHostnames:test_create_server_with_fqdn_name): 200 GET http://10.180.1.21/compute/v2.1/servers/7a0b2744-2bb0-4eee-9861-418ba67b719c 0.062s
2024-10-31 11:29:25.584 62755 INFO tempest.lib.common.rest_client [req-7230d8cd-52ad-4441-bca9-c9f9f5228fcf req-7230d8cd-52ad-4441-bca9-c9f9f5228fcf ] Request (ImagesOneServerTestJSON:setUpClass): 200 GET http://10.180.1.21/compute/v2.1/servers/1a27278b-b930-4432-90f2-45cdf025c83e 0.054s
2024-10-31 11:29:25.587 62799 INFO tempest.lib.common.rest_client [req-1a845770-bdf6-4ad0-8ccb-ade96cae8d30 req-1a845770-bdf6-4ad0-8ccb-ade96cae8d30 ] Request (DeleteServersAdminTestJSON:test_delete_server_while_in_error_state): 200 GET http://10.180.1.21/compute/v2.1/servers/73142a3f-3be8-4956-90f8-6ca223d2d01f 0.053s
2024-10-31 11:29:25.641 62793 INFO tempest.lib.common.rest_client [req-e819411a-29be-4413-83b3-f0220c26eade req-e819411a-29be-4413-83b3-f0220c26eade ] Request (AttachVolumeTestJSON:test_attach_detach_volume): 200 GET http://10.180.1.21/compute/v2.1/servers/2aa7880f-de24-4f32-b027-731a2030f987 0.064s
2024-10-31 11:29:25.641 62771 INFO tempest.lib.common.rest_client [req-54ea03c0-978a-4e38-8994-f85ebf30f380 req-54ea03c0-978a-4e38-8994-f85ebf30f380 ] Request (AttachVolumeShelveTestJSON:test_attach_volume_shelved_or_offload_server): 200 GET http://10.180.1.21/compute/v2.1/servers/3178d5cd-1937-422b-9287-970d095aa452 0.060s
2024-10-31 11:29:25.692 62739 INFO tempest.lib.common.rest_client [req-be9efb8b-7c06-4830-9007-9bf1905a1abb req-be9efb8b-7c06-4830-9007-9bf1905a1abb ] Request (VolumesAdminNegativeTest:test_update_attached_volume_with_nonexistent_volume_in_uri): 200 GET http://10.180.1.21/compute/v2.1/servers/0b40f385-db0a-460c-b7fd-47e4d6afbaf9 0.059s
2024-10-31 11:29:25.742 62797 INFO tempest.lib.common.rest_client [req-c7e5771d-c20d-4fb0-8e09-06e8849adf7b req-c7e5771d-c20d-4fb0-8e09-06e8849adf7b ] Request (ServersWithSpecificFlavorTestJSON:test_verify_created_server_ephemeral_disk): 200 GET http://10.180.1.21/compute/v2.1/servers/5a1af72f-71c8-42de-aa71-f011d85210a5 0.075s
2024-10-31 11:29:25.793 62753 INFO tempest.lib.common.rest_client [req-95bff0ea-d499-4e39-b68c-b0331f013030 req-95bff0ea-d499-4e39-b68c-b0331f013030 ] Request (ServerActionsV293TestJSON:setUpClass): 200 GET http://10.180.1.21/compute/v2.1/servers/97ac40d6-1c29-4282-86e5-be27a20cf5e0 0.111s
2024-10-31 11:29:25.818 62769 INFO tempest.lib.common.rest_client [req-4a77b2ff-2a1e-4e11-bd5b-3c7264480367 req-4a77b2ff-2a1e-4e11-bd5b-3c7264480367 ] Request (FloatingIPsAssociationTestJSON:setUpClass): 200 GET http://10.180.1.21/compute/v2.1/servers/a8d8e232-6096-4da3-8f2c-65a5e5f713ae 0.193s
2024-10-31 11:29:25.826 62769 INFO tempest.common.waiters [-] State transition "BUILD/None" ==> "BUILD/networking" after 46 second wait
2024-10-31 11:29:25.841 62749 INFO tempest.lib.common.rest_client [req-9d0688a1-c7c1-49fb-a3c0-9a04a473b71a req-9d0688a1-c7c1-49fb-a3c0-9a04a473b71a ] Request (ServerRescueTestJSON:setUpClass): 200 GET http://10.180.1.21/compute/v2.1/servers/d4930731-7333-426c-a2fc-a732d351a0f0 0.131s
2024-10-31 11:29:25.875 62759 INFO tempest.lib.common.rest_client [req-03bd926f-37e8-496a-9c38-5ffef8c1f253 req-03bd926f-37e8-496a-9c38-5ffef8c1f253 ] Request (ServersTestJSON:setUpClass): 200 GET http://10.180.1.21/compute/v2.1/servers/d1aeccd3-ba9e-46cc-b8a2-b64da9b94d6e 0.146s
2024-10-31 11:29:25.891 62791 INFO tempest.lib.common.rest_client [req-d219fb79-3bfe-44c7-a994-43e8dada53d5 req-d219fb79-3bfe-44c7-a994-43e8dada53d5 ] Request (MigrationsAdminTest:test_resize_server_revert_deleted_flavor): 200 GET http://10.180.1.21/compute/v2.1/servers/0af1e65d-ca88-475e-a871-4087bd49cd9d 0.133s
2024-10-31 11:29:25.921 62795 INFO tempest.lib.common.rest_client [req-945f41ce-0388-49b7-a23e-77d51d6a838c req-945f41ce-0388-49b7-a23e-77d51d6a838c ] Request (ListImageFiltersTestJSON:setUpClass): 200 GET http://10.180.1.21/compute/v2.1/servers/c32f170d-1e88-4716-a02a-b8db6896e900 0.143s
2024-10-31 11:29:25.934 62765 INFO tempest.lib.common.rest_client [req-742c073d-f5dc-4439-ad85-bafefd11adf2 req-742c073d-f5dc-4439-ad85-bafefd11adf2 ] Request (ImagesNegativeTestJSON:test_create_image_from_deleted_server): 200 GET http://10.180.1.21/compute/v2.1/servers/e49252e3-11cc-49c3-b959-24ad87ad48c9 0.127s
2024-10-31 11:29:25.970 62743 INFO tempest.lib.common.rest_client [req-aa11b849-4337-47b3-905f-f2a4e32285b5 req-aa11b849-4337-47b3-905f-f2a4e32285b5 ] Request (ListServersNegativeTestJSON:setUpClass): 200 GET http://10.180.1.21/compute/v2.1/servers/df6ad6f4-2da5-4cad-bb6a-3b7d9ff6bb36 0.147s
2024-10-31 11:29:25.982 62777 INFO tempest.lib.common.rest_client [req-fc0ab93c-f972-4cc2-8e97-efac359d7a8d req-fc0ab93c-f972-4cc2-8e97-efac359d7a8d ] Request (VolumesAssistedSnapshotsTest:test_volume_assisted_snapshot_create_delete): 200 GET http://10.180.1.21/compute/v2.1/servers/24b4c233-c874-452e-a7fc-492ca2a49a09 0.116s
2024-10-31 11:29:26.027 62741 INFO tempest.lib.common.rest_client [req-3f7ada9c-5e8f-414a-80d3-9a1dfd854be9 req-3f7ada9c-5e8f-414a-80d3-9a1dfd854be9 ] Request (ServersAdmin275Test:tearDownClass): 200 GET http://10.180.1.21/compute/v2.1/servers/c4a88e75-690f-4bed-a4f9-a0de3b193eff 0.156s
2024-10-31 11:29:26.031 62803 INFO tempest.lib.common.rest_client [req-945deeb4-6a89-4a17-ab3a-6b05657a4d79 req-945deeb4-6a89-4a17-ab3a-6b05657a4d79 ] Request (ServerActionsTestOtherB:setUpClass): 200 GET http://10.180.1.21/compute/v2.1/servers/bef7d4e7-9af2-4071-ae6d-bdbfa7f46460 0.122s
2024-10-31 11:29:26.077 62745 INFO tempest.lib.common.rest_client [req-b85e66d2-ab9e-4889-baa3-9ff063c72d42 req-b85e66d2-ab9e-4889-baa3-9ff063c72d42 ] Request (ServersTestBootFromVolume:setUpClass): 200 GET http://10.180.1.21/compute/v2.1/servers/5ca1a33c-7324-481c-95cd-3761ce8ccf13 0.064s
2024-10-31 11:29:26.084 62767 INFO tempest.lib.common.rest_client [req-fdbe3188-c876-4a52-a38a-bb6102029961 req-fdbe3188-c876-4a52-a38a-bb6102029961 ] Request (ImagesTestJSON:test_create_image_from_stopped_server): 200 GET http://10.180.1.21/compute/v2.1/servers/0acb10f9-3d1e-4621-9b7f-dd7c6b1f86b4 0.124s
2024-10-31 11:29:26.120 62761 INFO tempest.lib.common.rest_client [req-04284e24-64c3-4249-83f3-5e99305ff91e req-04284e24-64c3-4249-83f3-5e99305ff91e ] Request (ServerActionsTestJSON:setUpClass): 200 GET http://10.180.1.21/compute/v2.1/servers/d8d4c087-9b0f-48c7-bd05-291a7e2a3e83 0.063s
2024-10-31 11:29:26.274 62782 INFO tempest.lib.common.rest_client [req-dfd7b924-6728-42a7-b6ba-7b2c2ee26c3e req-dfd7b924-6728-42a7-b6ba-7b2c2ee26c3e ] Request (AttachInterfacesV270Test:test_create_get_list_interfaces): 200 GET http://10.180.1.21/compute/v2.1/servers/9bda2d4c-38c0-49ba-9a69-402869ff6a65 0.053s
2024-10-31 11:29:26.316 62787 INFO tempest.lib.common.rest_client [req-338d842a-50c7-4177-93b6-65387800ae64 req-338d842a-50c7-4177-93b6-65387800ae64 ] Request (AttachInterfacesUnderV243Test:test_add_remove_fixed_ip): 200 GET http://10.180.1.21/compute/v2.1/servers/20bf8c62-8b80-45c2-98d4-5a960f465aa0 0.048s
2024-10-31 11:29:26.367 62751 INFO tempest.lib.common.rest_client [req-7c0f0e26-4bee-4dd4-8bc9-001da0d161d1 req-7c0f0e26-4bee-4dd4-8bc9-001da0d161d1 ] Request (ServerDiskConfigTestJSON:test_rebuild_server_with_auto_disk_config): 200 GET http://10.180.1.21/compute/v2.1/servers/eed1dcc3-d9f9-4211-a4c3-850dcdad72b1 0.049s
2024-10-31 11:29:26.470 62783 INFO tempest.lib.common.rest_client [req-ab57cb5e-4e92-43ca-8d70-b7ae75266e36 req-ab57cb5e-4e92-43ca-8d70-b7ae75266e36 ] Request (AttachInterfacesTestJSON:test_create_list_show_delete_interfaces_by_fixed_ip): 200 GET http://10.180.1.21/compute/v2.1/servers/30befad4-aacb-44d5-87ed-4fc6b0e34bd6 0.052s
2024-10-31 11:29:26.530 62747 INFO tempest.lib.common.rest_client [req-c4fdc8b2-88a5-40cc-bc78-985c248bef42 req-c4fdc8b2-88a5-40cc-bc78-985c248bef42 ] Request (ServerAddressesTestJSON:setUpClass): 200 GET http://10.180.1.21/compute/v2.1/servers/ce8d9b01-e99d-4051-bd96-659692a436da 0.057s
2024-10-31 11:29:26.576 62786 INFO tempest.lib.common.rest_client [req-64d3c4df-13c0-4c2d-b3e5-57f4ff3af06e req-64d3c4df-13c0-4c2d-b3e5-57f4ff3af06e ] Request (ServersTestFqdnHostnames:test_create_server_with_fqdn_name): 200 GET http://10.180.1.21/compute/v2.1/servers/7a0b2744-2bb0-4eee-9861-418ba67b719c 0.048s
2024-10-31 11:29:26.638 62799 INFO tempest.lib.common.rest_client [req-0baad15d-d0f5-4e87-a083-1e0c1f09eefd req-0baad15d-d0f5-4e87-a083-1e0c1f09eefd ] Request (DeleteServersAdminTestJSON:test_delete_server_while_in_error_state): 200 GET http://10.180.1.21/compute/v2.1/servers/73142a3f-3be8-4956-90f8-6ca223d2d01f 0.044s
2024-10-31 11:29:26.640 62755 INFO tempest.lib.common.rest_client [req-65b850ca-5bce-48d5-a585-a048bee8c0a4 req-65b850ca-5bce-48d5-a585-a048bee8c0a4 ] Request (ImagesOneServerTestJSON:setUpClass): 200 GET http://10.180.1.21/compute/v2.1/servers/1a27278b-b930-4432-90f2-45cdf025c83e 0.046s
2024-10-31 11:29:26.696 62793 INFO tempest.lib.common.rest_client [req-225499c2-779d-4df4-b298-59f9ea28891a req-225499c2-779d-4df4-b298-59f9ea28891a ] Request (AttachVolumeTestJSON:test_attach_detach_volume): 200 GET http://10.180.1.21/compute/v2.1/servers/2aa7880f-de24-4f32-b027-731a2030f987 0.045s
2024-10-31 11:29:26.697 62771 INFO tempest.lib.common.rest_client [req-67df5200-c438-486a-ba41-1cfb535604bf req-67df5200-c438-486a-ba41-1cfb535604bf ] Request (AttachVolumeShelveTestJSON:test_attach_volume_shelved_or_offload_server): 200 GET http://10.180.1.21/compute/v2.1/servers/3178d5cd-1937-422b-9287-970d095aa452 0.047s
2024-10-31 11:29:26.744 62739 INFO tempest.lib.common.rest_client [req-c60c1b2b-7f7e-44b4-ba38-b85c4773058d req-c60c1b2b-7f7e-44b4-ba38-b85c4773058d ] Request (VolumesAdminNegativeTest:test_update_attached_volume_with_nonexistent_volume_in_uri): 200 GET http://10.180.1.21/compute/v2.1/servers/0b40f385-db0a-460c-b7fd-47e4d6afbaf9 0.045s
2024-10-31 11:29:26.795 62797 INFO tempest.lib.common.rest_client [req-f67c1e8a-8712-4243-84a8-71a44ab311e5 req-f67c1e8a-8712-4243-84a8-71a44ab311e5 ] Request (ServersWithSpecificFlavorTestJSON:test_verify_created_server_ephemeral_disk): 200 GET http://10.180.1.21/compute/v2.1/servers/5a1af72f-71c8-42de-aa71-f011d85210a5 0.045s
2024-10-31 11:29:26.859 62753 INFO tempest.lib.common.rest_client [req-1701e3c0-90bd-4f05-84bd-7aad17c3ace9 req-1701e3c0-90bd-4f05-84bd-7aad17c3ace9 ] Request (ServerActionsV293TestJSON:setUpClass): 200 GET http://10.180.1.21/compute/v2.1/servers/97ac40d6-1c29-4282-86e5-be27a20cf5e0 0.055s
2024-10-31 11:29:26.873 62769 INFO tempest.lib.common.rest_client [req-ff2465f8-4c60-419e-bd1f-4f19f0ed36a1 req-ff2465f8-4c60-419e-bd1f-4f19f0ed36a1 ] Request (FloatingIPsAssociationTestJSON:setUpClass): 200 GET http://10.180.1.21/compute/v2.1/servers/a8d8e232-6096-4da3-8f2c-65a5e5f713ae 0.046s
2024-10-31 11:29:26.879 62769 INFO tempest.common.waiters [-] State transition "BUILD/networking" ==> "BUILD/spawning" after 47 second wait
2024-10-31 11:29:26.900 62749 INFO tempest.lib.common.rest_client [req-cdc63c7e-9996-45d6-a3de-430b2e90004b req-cdc63c7e-9996-45d6-a3de-430b2e90004b ] Request (ServerRescueTestJSON:setUpClass): 200 GET http://10.180.1.21/compute/v2.1/servers/d4930731-7333-426c-a2fc-a732d351a0f0 0.047s
2024-10-31 11:29:26.927 62759 INFO tempest.lib.common.rest_client [req-ac44daef-ec04-49b3-a89b-70a779ac5bc6 req-ac44daef-ec04-49b3-a89b-70a779ac5bc6 ] Request (ServersTestJSON:setUpClass): 200 GET http://10.180.1.21/compute/v2.1/servers/d1aeccd3-ba9e-46cc-b8a2-b64da9b94d6e 0.045s
2024-10-31 11:29:26.941 62791 INFO tempest.lib.common.rest_client [req-8aee16e9-a110-4f9a-ae3a-a2db495c897f req-8aee16e9-a110-4f9a-ae3a-a2db495c897f ] Request (MigrationsAdminTest:test_resize_server_revert_deleted_flavor): 200 GET http://10.180.1.21/compute/v2.1/servers/0af1e65d-ca88-475e-a871-4087bd49cd9d 0.043s
2024-10-31 11:29:26.971 62795 INFO tempest.lib.common.rest_client [req-2b429fc0-94ae-422f-9513-d2dd5c509cbf req-2b429fc0-94ae-422f-9513-d2dd5c509cbf ] Request (ListImageFiltersTestJSON:setUpClass): 200 GET http://10.180.1.21/compute/v2.1/servers/c32f170d-1e88-4716-a02a-b8db6896e900 0.043s
2024-10-31 11:29:26.985 62765 INFO tempest.lib.common.rest_client [req-f59a2750-4315-4205-9acf-d6b2aaa23a88 req-f59a2750-4315-4205-9acf-d6b2aaa23a88 ] Request (ImagesNegativeTestJSON:test_create_image_from_deleted_server): 200 GET http://10.180.1.21/compute/v2.1/servers/e49252e3-11cc-49c3-b959-24ad87ad48c9 0.043s
2024-10-31 11:29:27.021 62743 INFO tempest.lib.common.rest_client [req-687d5489-6ca3-47b0-954d-34fb30f98154 req-687d5489-6ca3-47b0-954d-34fb30f98154 ] Request (ListServersNegativeTestJSON:setUpClass): 200 GET http://10.180.1.21/compute/v2.1/servers/df6ad6f4-2da5-4cad-bb6a-3b7d9ff6bb36 0.045s
2024-10-31 11:29:27.035 62777 INFO tempest.lib.common.rest_client [req-39767b5a-e1d7-48f2-81ad-4cf7c419eb20 req-39767b5a-e1d7-48f2-81ad-4cf7c419eb20 ] Request (VolumesAssistedSnapshotsTest:test_volume_assisted_snapshot_create_delete): 200 GET http://10.180.1.21/compute/v2.1/servers/24b4c233-c874-452e-a7fc-492ca2a49a09 0.045s
2024-10-31 11:29:27.088 62803 INFO tempest.lib.common.rest_client [req-8615ba5d-56f8-4526-8d84-67892bfb5376 req-8615ba5d-56f8-4526-8d84-67892bfb5376 ] Request (ServerActionsTestOtherB:setUpClass): 200 GET http://10.180.1.21/compute/v2.1/servers/bef7d4e7-9af2-4071-ae6d-bdbfa7f46460 0.046s
2024-10-31 11:29:27.097 62741 INFO tempest.lib.common.rest_client [req-83aab9c1-e71d-41a4-8125-b7814bdbc760 req-83aab9c1-e71d-41a4-8125-b7814bdbc760 ] Request (ServersAdmin275Test:tearDownClass): 200 GET http://10.180.1.21/compute/v2.1/servers/c4a88e75-690f-4bed-a4f9-a0de3b193eff 0.054s
2024-10-31 11:29:27.137 62745 INFO tempest.lib.common.rest_client [req-523c0265-0fd3-4a14-80dd-fc1003462093 req-523c0265-0fd3-4a14-80dd-fc1003462093 ] Request (ServersTestBootFromVolume:setUpClass): 200 GET http://10.180.1.21/compute/v2.1/servers/5ca1a33c-7324-481c-95cd-3761ce8ccf13 0.054s
2024-10-31 11:29:27.145 62767 INFO tempest.lib.common.rest_client [req-a15c2e82-f006-4ad8-a866-34df7fa43aa6 req-a15c2e82-f006-4ad8-a866-34df7fa43aa6 ] Request (ImagesTestJSON:test_create_image_from_stopped_server): 200 GET http://10.180.1.21/compute/v2.1/servers/0acb10f9-3d1e-4621-9b7f-dd7c6b1f86b4 0.054s
2024-10-31 11:29:27.177 62761 INFO tempest.lib.common.rest_client [req-6260ff37-c7e8-4283-bb3f-41e75dc77c16 req-6260ff37-c7e8-4283-bb3f-41e75dc77c16 ] Request (ServerActionsTestJSON:setUpClass): 200 GET http://10.180.1.21/compute/v2.1/servers/d8d4c087-9b0f-48c7-bd05-291a7e2a3e83 0.050s
2024-10-31 11:29:27.335 62782 INFO tempest.lib.common.rest_client [req-58640712-32f3-4277-88ad-8cc0543d256a req-58640712-32f3-4277-88ad-8cc0543d256a ] Request (AttachInterfacesV270Test:test_create_get_list_interfaces): 200 GET http://10.180.1.21/compute/v2.1/servers/9bda2d4c-38c0-49ba-9a69-402869ff6a65 0.050s
2024-10-31 11:29:27.372 62787 INFO tempest.lib.common.rest_client [req-01ff0289-1cfa-45d7-91e3-b586db08dac8 req-01ff0289-1cfa-45d7-91e3-b586db08dac8 ] Request (AttachInterfacesUnderV243Test:test_add_remove_fixed_ip): 200 GET http://10.180.1.21/compute/v2.1/servers/20bf8c62-8b80-45c2-98d4-5a960f465aa0 0.050s
2024-10-31 11:29:27.424 62751 INFO tempest.lib.common.rest_client [req-869a866f-ff49-4bf2-ab3e-1fbf955398df req-869a866f-ff49-4bf2-ab3e-1fbf955398df ] Request (ServerDiskConfigTestJSON:test_rebuild_server_with_auto_disk_config): 200 GET http://10.180.1.21/compute/v2.1/servers/eed1dcc3-d9f9-4211-a4c3-850dcdad72b1 0.050s
2024-10-31 11:29:27.534 62783 INFO tempest.lib.common.rest_client [req-50b4cff8-419b-46ff-852d-afa1cc448076 req-50b4cff8-419b-46ff-852d-afa1cc448076 ] Request (AttachInterfacesTestJSON:test_create_list_show_delete_interfaces_by_fixed_ip): 200 GET http://10.180.1.21/compute/v2.1/servers/30befad4-aacb-44d5-87ed-4fc6b0e34bd6 0.056s
2024-10-31 11:29:27.598 62747 INFO tempest.lib.common.rest_client [req-88b91da7-5821-4674-853b-31cebb7645bf req-88b91da7-5821-4674-853b-31cebb7645bf ] Request (ServerAddressesTestJSON:setUpClass): 200 GET http://10.180.1.21/compute/v2.1/servers/ce8d9b01-e99d-4051-bd96-659692a436da 0.061s
2024-10-31 11:29:27.639 62786 INFO tempest.lib.common.rest_client [req-f66cbbcc-85ae-42a9-89bb-d2a9da68a758 req-f66cbbcc-85ae-42a9-89bb-d2a9da68a758 ] Request (ServersTestFqdnHostnames:test_create_server_with_fqdn_name): 200 GET http://10.180.1.21/compute/v2.1/servers/7a0b2744-2bb0-4eee-9861-418ba67b719c 0.056s
2024-10-31 11:29:27.698 62799 INFO tempest.lib.common.rest_client [req-1a55062b-5a43-4eb3-9fe5-fdb4bad2b7fb req-1a55062b-5a43-4eb3-9fe5-fdb4bad2b7fb ] Request (DeleteServersAdminTestJSON:test_delete_server_while_in_error_state): 200 GET http://10.180.1.21/compute/v2.1/servers/73142a3f-3be8-4956-90f8-6ca223d2d01f 0.053s
2024-10-31 11:29:27.701 62755 INFO tempest.lib.common.rest_client [req-f2451707-aefa-4489-a276-f2db1a0ecf76 req-f2451707-aefa-4489-a276-f2db1a0ecf76 ] Request (ImagesOneServerTestJSON:setUpClass): 200 GET http://10.180.1.21/compute/v2.1/servers/1a27278b-b930-4432-90f2-45cdf025c83e 0.054s
2024-10-31 11:29:27.748 62793 INFO tempest.lib.common.rest_client [req-e37a1c8b-560c-4c80-9346-72a1a6014d0f req-e37a1c8b-560c-4c80-9346-72a1a6014d0f ] Request (AttachVolumeTestJSON:test_attach_detach_volume): 200 GET http://10.180.1.21/compute/v2.1/servers/2aa7880f-de24-4f32-b027-731a2030f987 0.045s
2024-10-31 11:29:27.751 62771 INFO tempest.lib.common.rest_client [req-3a78a623-b555-416e-a543-51611a0b4075 req-3a78a623-b555-416e-a543-51611a0b4075 ] Request (AttachVolumeShelveTestJSON:test_attach_volume_shelved_or_offload_server): 200 GET http://10.180.1.21/compute/v2.1/servers/3178d5cd-1937-422b-9287-970d095aa452 0.046s
2024-10-31 11:29:27.793 62739 INFO tempest.lib.common.rest_client [req-d95a075a-a896-4775-9fd6-0e2a01fa554f req-d95a075a-a896-4775-9fd6-0e2a01fa554f ] Request (VolumesAdminNegativeTest:test_update_attached_volume_with_nonexistent_volume_in_uri): 200 GET http://10.180.1.21/compute/v2.1/servers/0b40f385-db0a-460c-b7fd-47e4d6afbaf9 0.042s
2024-10-31 11:29:27.850 62797 INFO tempest.lib.common.rest_client [req-0e50324e-54c8-42e2-bd18-690eb7189375 req-0e50324e-54c8-42e2-bd18-690eb7189375 ] Request (ServersWithSpecificFlavorTestJSON:test_verify_created_server_ephemeral_disk): 200 GET http://10.180.1.21/compute/v2.1/servers/5a1af72f-71c8-42de-aa71-f011d85210a5 0.049s
2024-10-31 11:29:27.921 62753 INFO tempest.lib.common.rest_client [req-51004073-91d6-4265-ae86-3065c6688446 req-51004073-91d6-4265-ae86-3065c6688446 ] Request (ServerActionsV293TestJSON:setUpClass): 200 GET http://10.180.1.21/compute/v2.1/servers/97ac40d6-1c29-4282-86e5-be27a20cf5e0 0.053s
2024-10-31 11:29:27.928 62769 INFO tempest.lib.common.rest_client [req-696b6313-3020-4293-a64a-ea771a75aa88 req-696b6313-3020-4293-a64a-ea771a75aa88 ] Request (FloatingIPsAssociationTestJSON:setUpClass): 200 GET http://10.180.1.21/compute/v2.1/servers/a8d8e232-6096-4da3-8f2c-65a5e5f713ae 0.047s
2024-10-31 11:29:27.963 62749 INFO tempest.lib.common.rest_client [req-71428937-2b8e-4f56-9e64-fb546c68dfef req-71428937-2b8e-4f56-9e64-fb546c68dfef ] Request (ServerRescueTestJSON:setUpClass): 200 GET http://10.180.1.21/compute/v2.1/servers/d4930731-7333-426c-a2fc-a732d351a0f0 0.056s
2024-10-31 11:29:27.985 62759 INFO tempest.lib.common.rest_client [req-bbd20d41-7e5c-4fc0-9f5e-1568ff69b492 req-bbd20d41-7e5c-4fc0-9f5e-1568ff69b492 ] Request (ServersTestJSON:setUpClass): 200 GET http://10.180.1.21/compute/v2.1/servers/d1aeccd3-ba9e-46cc-b8a2-b64da9b94d6e 0.051s
2024-10-31 11:29:28.007 62791 INFO tempest.lib.common.rest_client [req-5ccd0fc1-852a-410e-b3d0-99bc062f0a38 req-5ccd0fc1-852a-410e-b3d0-99bc062f0a38 ] Request (MigrationsAdminTest:test_resize_server_revert_deleted_flavor): 200 GET http://10.180.1.21/compute/v2.1/servers/0af1e65d-ca88-475e-a871-4087bd49cd9d 0.059s
2024-10-31 11:29:28.028 62795 INFO tempest.lib.common.rest_client [req-0e842515-e245-4ee3-946d-ae585eca27b3 req-0e842515-e245-4ee3-946d-ae585eca27b3 ] Request (ListImageFiltersTestJSON:setUpClass): 200 GET http://10.180.1.21/compute/v2.1/servers/c32f170d-1e88-4716-a02a-b8db6896e900 0.050s
2024-10-31 11:29:28.050 62765 INFO tempest.lib.common.rest_client [req-c2cd9706-a21b-4eb5-bddb-c3fe88406a66 req-c2cd9706-a21b-4eb5-bddb-c3fe88406a66 ] Request (ImagesNegativeTestJSON:test_create_image_from_deleted_server): 200 GET http://10.180.1.21/compute/v2.1/servers/e49252e3-11cc-49c3-b959-24ad87ad48c9 0.058s
2024-10-31 11:29:28.071 62743 INFO tempest.lib.common.rest_client [req-a87bb471-6709-4dc5-abfc-b227c4c270c4 req-a87bb471-6709-4dc5-abfc-b227c4c270c4 ] Request (ListServersNegativeTestJSON:setUpClass): 200 GET http://10.180.1.21/compute/v2.1/servers/df6ad6f4-2da5-4cad-bb6a-3b7d9ff6bb36 0.043s
2024-10-31 11:29:28.091 62777 INFO tempest.lib.common.rest_client [req-e0c19a8e-53b6-45d2-8559-80985428f338 req-e0c19a8e-53b6-45d2-8559-80985428f338 ] Request (VolumesAssistedSnapshotsTest:test_volume_assisted_snapshot_create_delete): 200 GET http://10.180.1.21/compute/v2.1/servers/24b4c233-c874-452e-a7fc-492ca2a49a09 0.051s
2024-10-31 11:29:28.140 62803 INFO tempest.lib.common.rest_client [req-0bbf1494-80ab-4097-b430-4f9f38ffb09b req-0bbf1494-80ab-4097-b430-4f9f38ffb09b ] Request (ServerActionsTestOtherB:setUpClass): 200 GET http://10.180.1.21/compute/v2.1/servers/bef7d4e7-9af2-4071-ae6d-bdbfa7f46460 0.045s
2024-10-31 11:29:28.160 62741 INFO tempest.lib.common.rest_client [req-22055d36-a67d-4755-bf4b-87a9372412ce req-22055d36-a67d-4755-bf4b-87a9372412ce ] Request (ServersAdmin275Test:tearDownClass): 200 GET http://10.180.1.21/compute/v2.1/servers/c4a88e75-690f-4bed-a4f9-a0de3b193eff 0.054s
