2024-10-31 11:28:54.609 62749 INFO tempest.lib.common.rest_client [req-554f2886-0499-4a3b-9651-38368aa3d407 req-554f2886-0499-4a3b-9651-38368aa3d407 ] Request (ServerRescueTestJSON:setUpClass): 200 GET http://10.180.1.21/identity/v3/domains?name=Default 0.020s
2024-10-31 11:28:54.611 62769 INFO tempest.lib.common.rest_client [req-383c7f63-fe4d-4a71-ac59-8636a2436771 req-383c7f63-fe4d-4a71-ac59-8636a2436771 ] Request (FloatingIPsAssociationTestJSON:setUpClass): 200 GET http://10.180.1.21/compute/v2.1/servers/a8d8e232-6096-4da3-8f2c-65a5e5f713ae 0.331s
2024-10-31 11:28:54.645 62749 INFO tempest.lib.common.rest_client [req-b19aceea-31d2-4d40-99ce-ed1e643f9efe req-b19aceea-31d2-4d40-99ce-ed1e643f9efe ] Request (ServerRescueTestJSON:setUpClass): 201 POST http://10.180.1.21/identity/v3/projects 0.036s
2024-10-31 11:28:54.654 62795 INFO tempest.lib.common.rest_client [req-0d06292f-e166-4e10-9f0f-b757fe10bb96 req-0d06292f-e166-4e10-9f0f-b757fe10bb96 ] Request (ListImageFiltersTestJSON:setUpClass): 200 GET http://10.180.1.21/compute/v2.1/servers/c32f170d-1e88-4716-a02a-b8db6896e900 0.305s
2024-10-31 11:28:54.657 62759 INFO tempest.lib.common.rest_client [req-34a00b8e-9624-4c4c-9c61-c6986036479b req-34a00b8e-9624-4c4c-9c61-c6986036479b ] Request (ServersTestJSON:setUpClass): 200 GET http://10.180.1.21/compute/v2.1/servers/d1aeccd3-ba9e-46cc-b8a2-b64da9b94d6e 0.310s
2024-10-31 11:28:54.706 62749 INFO tempest.lib.common.rest_client [req-e760357c-7d05-4dcf-8f2b-1359826bb5cc req-e760357c-7d05-4dcf-8f2b-1359826bb5cc ] Request (ServerRescueTestJSON:setUpClass): 201 POST http://10.180.1.21/identity/v3/users 0.060s
2024-10-31 11:28:54.711 62741 INFO tempest.lib.common.rest_client [req-ee1413da-d34d-439b-bd3f-a4cb79796a16 req-ee1413da-d34d-439b-bd3f-a4cb79796a16 ] Request (ServersAdmin275Test:test_rebuild_update_server_275): 200 GET http://10.180.1.21/compute/v2.1/servers/c4a88e75-690f-4bed-a4f9-a0de3b193eff 0.259s
2024-10-31 11:28:54.722 62749 INFO tempest.lib.common.rest_client [req-9358de15-6fca-40e2-894f-4809d624b43f req-9358de15-6fca-40e2-894f-4809d624b43f ] Request (ServerRescueTestJSON:setUpClass): 200 GET http://10.180.1.21/identity/v3/roles 0.016s
2024-10-31 11:28:54.748 62749 INFO tempest.lib.common.rest_client [req-26a5e456-5fe9-417b-86e8-7e3907ca367a req-26a5e456-5fe9-417b-86e8-7e3907ca367a ] Request (ServerRescueTestJSON:setUpClass): 204 PUT http://10.180.1.21/identity/v3/projects/072949a5b3ef46bc86dfbf610e54f0a4/users/344d593190f145b0b67ad85ff80f5907/roles/bff3832d50e146b6a825d83717c298a5 0.026s
2024-10-31 11:28:54.749 62749 INFO tempest.lib.common.dynamic_creds [-] Dynamic test user 344d593190f145b0b67ad85ff80f5907 is created with scope project and roles: ['member']
2024-10-31 11:28:54.749 62749 INFO tempest.lib.common.dynamic_creds [-] Acquired dynamic creds: credentials: Credentials: {'domain_id': 'default', 'domain_name': 'Default', 'username': 'tempest-ServerRescueTestJSON-89698622-project-member', 'project_domain_id': 'default', 'project_domain_name': 'Default', 'project_id': '072949a5b3ef46bc86dfbf610e54f0a4', 'project_name': 'tempest-ServerRescueTestJSON-89698622', 'tenant_id': '072949a5b3ef46bc86dfbf610e54f0a4', 'tenant_name': 'tempest-ServerRescueTestJSON-89698622', 'user_domain_id': 'default', 'user_domain_name': 'Default', 'user_id': '344d593190f145b0b67ad85ff80f5907', 'system': None}, Network: None, Subnet: None, Router: None
2024-10-31 11:28:54.758 62763 INFO tempest.lib.common.rest_client [req-840739dc-d4e6-4dde-90e0-2b75fc52482d req-840739dc-d4e6-4dde-90e0-2b75fc52482d ] Request (KeyPairsNegativeTestJSON:test_create_keypair_with_duplicate_name): 409 POST http://10.180.1.21/compute/v2.1/os-keypairs 0.233s
2024-10-31 11:28:54.774 62773 INFO tempest.lib.common.rest_client [req-ae5ff705-652e-4034-9607-15ba5e3adf2e req-ae5ff705-652e-4034-9607-15ba5e3adf2e ] Request (FlavorsExtraSpecsTestJSON:test_flavor_set_get_update_show_unset_keys): 200 POST http://10.180.1.21/compute/v2.1/flavors/737040852/os-extra_specs 0.235s
2024-10-31 11:28:54.806 62749 INFO tempest.lib.common.rest_client [req-9b274732-0fd5-4671-a2bd-ca5502bd263b req-9b274732-0fd5-4671-a2bd-ca5502bd263b ] Request (ServerRescueTestJSON:setUpClass): 201 POST http://10.180.1.21/identity/v3/auth/tokens 0.057s
2024-10-31 11:28:54.808 62757 INFO tempest.lib.common.rest_client [req-cdd1c0eb-9170-4afb-baf2-e74480fd209a req-cdd1c0eb-9170-4afb-baf2-e74480fd209a ] Request (SecurityGroupRulesTestJSON:test_security_group_rules_create_with_optional_group_id): 200 POST http://10.180.1.21/compute/v2.1/os-security-groups 0.375s
2024-10-31 11:28:54.832 62743 INFO tempest.lib.common.rest_client [req-34e87fd4-2143-4e54-8fa3-e87bc8d8b3a7 req-34e87fd4-2143-4e54-8fa3-e87bc8d8b3a7 ] Request (ListServersNegativeTestJSON:setUpClass): 201 POST http://10.180.1.21:9696/networking/v2.0/subnets 0.242s
2024-10-31 11:28:54.834 62771 INFO tempest.lib.common.rest_client [req-7f7c1574-a605-4c9b-a9e8-f7d4e738cb51 req-7f7c1574-a605-4c9b-a9e8-f7d4e738cb51 ] Request (ServerDiagnosticsV248Test:tearDownClass): 200 GET http://10.180.1.21/compute/v2.1/servers/90e42997-a34c-4a39-8d2f-7ab0ed19f028 0.266s
2024-10-31 11:28:54.889 62803 INFO tempest.lib.common.rest_client [req-e74fb904-5727-476d-be2d-abd1cf4f8a75 req-e74fb904-5727-476d-be2d-abd1cf4f8a75 ] Request (ServerActionsTestOtherB:setUpClass): 200 GET http://10.180.1.21/compute/v2.1/servers/bef7d4e7-9af2-4071-ae6d-bdbfa7f46460 0.250s
2024-10-31 11:28:54.944 62765 INFO tempest.lib.common.rest_client [req-448a6f9c-8752-485a-b2f5-98256cbc5a5e req-448a6f9c-8752-485a-b2f5-98256cbc5a5e ] Request (ImagesNegativeTestJSON:test_create_image_from_deleted_server): 200 GET http://10.180.1.21/compute/v2.1/servers/e49252e3-11cc-49c3-b959-24ad87ad48c9 0.242s
2024-10-31 11:28:54.954 62753 INFO tempest.lib.common.rest_client [req-3b5cf102-7b26-48fa-8b17-3728ab5d3e24 req-3b5cf102-7b26-48fa-8b17-3728ab5d3e24 ] Request (ServerActionsV293TestJSON:setUpClass): 201 POST http://10.180.1.21/compute/v2.1/os-keypairs 0.362s
2024-10-31 11:28:54.963 62763 INFO tempest.lib.common.rest_client [req-cc422621-3a07-4eb4-9c2e-5ef3082d526b req-cc422621-3a07-4eb4-9c2e-5ef3082d526b ] Request (KeyPairsNegativeTestJSON:test_create_keypair_with_duplicate_name): 202 DELETE http://10.180.1.21/compute/v2.1/os-keypairs/tempest-keypair-1366700753 0.204s
2024-10-31 11:28:54.970 62773 INFO tempest.lib.common.rest_client [req-c1d1e9c6-5ee1-41fa-a215-7785ad2590cd req-c1d1e9c6-5ee1-41fa-a215-7785ad2590cd ] Request (FlavorsExtraSpecsTestJSON:test_flavor_set_get_update_show_unset_keys): 200 GET http://10.180.1.21/compute/v2.1/flavors/737040852/os-extra_specs 0.195s
2024-10-31 11:28:55.025 62739 INFO tempest.lib.common.rest_client [req-61568bed-fbf8-4e3a-982f-654de3aa3db4 req-61568bed-fbf8-4e3a-982f-654de3aa3db4 ] Request (VolumesAdminNegativeTest:test_update_attached_volume_with_nonexistent_volume_in_body): 200 GET http://10.180.1.21/compute/v2.1/servers/59fd4a4a-20f5-4b8f-970a-acfc882f45a3 0.250s
2024-10-31 11:28:55.095 62791 INFO tempest.lib.common.rest_client [req-b1784006-dfb7-419a-996a-f70358588ac7 req-b1784006-dfb7-419a-996a-f70358588ac7 ] Request (MigrationsAdminTest:test_resize_server_revert_deleted_flavor): 200 GET http://10.180.1.21/compute/v2.1/servers/0af1e65d-ca88-475e-a871-4087bd49cd9d 0.238s
2024-10-31 11:28:55.103 62763 INFO tempest.lib.common.rest_client [req-67024746-b87f-4e29-849f-6f0a49428df7 req-67024746-b87f-4e29-849f-6f0a49428df7 ] Request (KeyPairsNegativeTestJSON:test_create_keypair_with_empty_name_string): 400 POST http://10.180.1.21/compute/v2.1/os-keypairs 0.137s
2024-10-31 11:28:55.111 62753 INFO tempest.lib.common.rest_client [req-159cfa38-dfb4-4225-94ff-9ba9e07bd8bc req-159cfa38-dfb4-4225-94ff-9ba9e07bd8bc ] Request (ServerActionsV293TestJSON:setUpClass): 201 POST http://10.180.1.21:9696/networking/v2.0/security-groups 0.154s
2024-10-31 11:28:55.125 62773 INFO tempest.lib.common.rest_client [req-df810635-4aaf-4a00-85d7-f5e8911f7d4f req-df810635-4aaf-4a00-85d7-f5e8911f7d4f ] Request (FlavorsExtraSpecsTestJSON:test_flavor_set_get_update_show_unset_keys): 200 PUT http://10.180.1.21/compute/v2.1/flavors/737040852/os-extra_specs/hw:numa_nodes 0.154s
2024-10-31 11:28:55.189 62777 INFO tempest.lib.common.rest_client [req-6b405ff4-b79c-4f28-ac2a-1fe754b0b405 req-6b405ff4-b79c-4f28-ac2a-1fe754b0b405 ] Request (VolumesAssistedSnapshotsTest:test_volume_assisted_snapshot_create_delete): 200 GET http://10.180.1.21/compute/v2.1/servers/24b4c233-c874-452e-a7fc-492ca2a49a09 0.130s
2024-10-31 11:28:55.244 62745 INFO tempest.lib.common.rest_client [req-1a9e7909-f6dd-4782-9104-5db539e73ed0 req-1a9e7909-f6dd-4782-9104-5db539e73ed0 ] Request (ServersTestBootFromVolume:setUpClass): 200 GET http://10.180.1.21/compute/v2.1/servers/5ca1a33c-7324-481c-95cd-3761ce8ccf13 0.176s
2024-10-31 11:28:55.254 62753 INFO tempest.lib.common.rest_client [req-33be295b-a252-48ec-9063-8bdc31323c10 req-33be295b-a252-48ec-9063-8bdc31323c10 ] Request (ServerActionsV293TestJSON:setUpClass): 201 POST http://10.180.1.21:9696/networking/v2.0/security-group-rules 0.142s
2024-10-31 11:28:55.275 62763 INFO tempest.lib.common.rest_client [req-64fa4613-21b9-4537-b483-6540e5bbc58b req-64fa4613-21b9-4537-b483-6540e5bbc58b ] Request (KeyPairsNegativeTestJSON:test_create_keypair_with_empty_public_key): 400 POST http://10.180.1.21/compute/v2.1/os-keypairs 0.170s
2024-10-31 11:28:55.325 62749 INFO tempest.lib.common.rest_client [req-3244e74e-2c49-46d1-9c71-f6192ffd8584 req-3244e74e-2c49-46d1-9c71-f6192ffd8584 ] Request (ServerRescueTestJSON:setUpClass): 201 POST http://10.180.1.21:9696/networking/v2.0/networks 0.518s
2024-10-31 11:28:55.327 62761 INFO tempest.lib.common.rest_client [req-46fa5f64-7adb-4ee1-a0cc-6a78bef827c0 req-46fa5f64-7adb-4ee1-a0cc-6a78bef827c0 ] Request (ServerActionsTestJSON:setUpClass): 200 GET http://10.180.1.21/compute/v2.1/servers/d8d4c087-9b0f-48c7-bd05-291a7e2a3e83 0.210s
2024-10-31 11:28:55.335 62757 INFO tempest.lib.common.rest_client [req-2f3c165d-fa61-402e-a1b4-e942e950883f req-2f3c165d-fa61-402e-a1b4-e942e950883f ] Request (SecurityGroupRulesTestJSON:test_security_group_rules_create_with_optional_group_id): 200 POST http://10.180.1.21/compute/v2.1/os-security-group-rules 0.523s
2024-10-31 11:28:55.359 62773 INFO tempest.lib.common.rest_client [req-00973dc9-99f6-40ca-be60-25beaeab1f9d req-00973dc9-99f6-40ca-be60-25beaeab1f9d ] Request (FlavorsExtraSpecsTestJSON:test_flavor_set_get_update_show_unset_keys): 200 GET http://10.180.1.21/compute/v2.1/flavors/737040852/os-extra_specs 0.233s
2024-10-31 11:28:55.386 62753 INFO tempest.lib.common.rest_client [req-67d08092-5809-44e6-8641-372fc6eb3be6 req-67d08092-5809-44e6-8641-372fc6eb3be6 ] Request (ServerActionsV293TestJSON:setUpClass): 201 POST http://10.180.1.21:9696/networking/v2.0/security-group-rules 0.132s
2024-10-31 11:28:55.387 62787 INFO tempest.lib.common.rest_client [req-ac5a60e8-698c-4d39-aea4-235ab0a275c2 req-ac5a60e8-698c-4d39-aea4-235ab0a275c2 ] Request (AttachInterfacesUnderV243Test:test_add_remove_fixed_ip): 200 GET http://10.180.1.21/compute/v2.1/servers/20bf8c62-8b80-45c2-98d4-5a960f465aa0 0.265s
2024-10-31 11:28:55.414 62767 INFO tempest.lib.common.rest_client [req-079e470a-c09b-4f24-82d2-e563fc3d4d41 req-079e470a-c09b-4f24-82d2-e563fc3d4d41 ] Request (ImagesTestJSON:test_create_image_from_stopped_server): 200 GET http://10.180.1.21/compute/v2.1/servers/0acb10f9-3d1e-4621-9b7f-dd7c6b1f86b4 0.238s
2024-10-31 11:28:55.436 62751 INFO tempest.lib.common.rest_client [req-edc7fbdd-9726-48db-8767-a3a82b6e7788 req-edc7fbdd-9726-48db-8767-a3a82b6e7788 ] Request (ServerDiskConfigTestJSON:test_rebuild_server_with_auto_disk_config): 200 GET http://10.180.1.21/compute/v2.1/servers/eed1dcc3-d9f9-4211-a4c3-850dcdad72b1 0.205s
2024-10-31 11:28:55.444 62763 INFO tempest.lib.common.rest_client [req-b4c225dd-e9d3-4e25-b548-1253dcb6363e req-b4c225dd-e9d3-4e25-b548-1253dcb6363e ] Request (KeyPairsNegativeTestJSON:test_create_keypair_with_long_keynames): 400 POST http://10.180.1.21/compute/v2.1/os-keypairs 0.167s
2024-10-31 11:28:55.493 62755 INFO tempest.lib.common.rest_client [req-011bd490-d47e-4da9-81b4-27bf67529d0d req-011bd490-d47e-4da9-81b4-27bf67529d0d ] Request (ImagesOneServerTestJSON:setUpClass): 200 GET http://10.180.1.21/compute/v2.1/servers/1a27278b-b930-4432-90f2-45cdf025c83e 0.255s
2024-10-31 11:28:55.512 62799 INFO tempest.lib.common.rest_client [req-332caeb9-574b-467e-a1ea-97c6241ecd3c req-332caeb9-574b-467e-a1ea-97c6241ecd3c ] Request (DeleteServersAdminTestJSON:test_delete_server_while_in_error_state): 200 GET http://10.180.1.21/compute/v2.1/servers/73142a3f-3be8-4956-90f8-6ca223d2d01f 0.218s
2024-10-31 11:28:55.544 62773 INFO tempest.lib.common.rest_client [req-a0ce67a4-9ee6-4123-b9a8-5561e9e83e4e req-a0ce67a4-9ee6-4123-b9a8-5561e9e83e4e ] Request (FlavorsExtraSpecsTestJSON:test_flavor_set_get_update_show_unset_keys): 200 DELETE http://10.180.1.21/compute/v2.1/flavors/737040852/os-extra_specs/hw:numa_nodes 0.184s
2024-10-31 11:28:55.611 62782 INFO tempest.lib.common.rest_client [req-19748062-cc12-461f-ac7e-53d0017f8b48 req-19748062-cc12-461f-ac7e-53d0017f8b48 ] Request (ServersAdminNegativeTestJSON:setUpClass): 200 GET http://10.180.1.21/compute/v2.1/servers/9f83ec50-5143-45e1-849a-5c441d2702e2 0.246s
2024-10-31 11:28:55.640 62749 INFO tempest.lib.common.rest_client [req-327dc808-85c8-48a2-92f1-a1288c6199cc req-327dc808-85c8-48a2-92f1-a1288c6199cc ] Request (ServerRescueTestJSON:setUpClass): 201 POST http://10.180.1.21:9696/networking/v2.0/subnets 0.315s
2024-10-31 11:28:55.675 62786 INFO tempest.lib.common.rest_client [req-e979bf41-a25f-4d91-9a32-0fa86c15dd3c req-e979bf41-a25f-4d91-9a32-0fa86c15dd3c ] Request (ServersTestFqdnHostnames:test_create_server_with_fqdn_name): 200 GET http://10.180.1.21/compute/v2.1/servers/7a0b2744-2bb0-4eee-9861-418ba67b719c 0.249s
2024-10-31 11:28:55.702 62757 INFO tempest.lib.common.rest_client [req-97a45447-a71b-42fc-89a1-7a5aa5299b22 req-97a45447-a71b-42fc-89a1-7a5aa5299b22 ] Request (SecurityGroupRulesTestJSON:test_security_group_rules_delete_when_peer_group_deleted): 200 POST http://10.180.1.21/compute/v2.1/os-security-groups 0.359s
2024-10-31 11:28:55.715 62763 INFO tempest.lib.common.rest_client [req-121dea15-bb7d-46d4-b411-c6679db52600 req-121dea15-bb7d-46d4-b411-c6679db52600 ] Request (KeyPairsNegativeTestJSON:test_keypair_create_with_invalid_pub_key): 400 POST http://10.180.1.21/compute/v2.1/os-keypairs 0.267s
2024-10-31 11:28:55.780 62783 INFO tempest.lib.common.rest_client [req-b89d4233-c2ac-48d6-88ad-47ed12683614 req-b89d4233-c2ac-48d6-88ad-47ed12683614 ] Request (AttachInterfacesTestJSON:test_create_list_show_delete_interfaces_by_fixed_ip): 200 GET http://10.180.1.21/compute/v2.1/servers/30befad4-aacb-44d5-87ed-4fc6b0e34bd6 0.292s
2024-10-31 11:28:55.797 62773 INFO tempest.lib.common.rest_client [req-70e57ce7-95a1-481f-b1a3-c09fd0dffc22 req-70e57ce7-95a1-481f-b1a3-c09fd0dffc22 ] Request (FlavorsExtraSpecsTestJSON:test_flavor_set_get_update_show_unset_keys): 200 DELETE http://10.180.1.21/compute/v2.1/flavors/737040852/os-extra_specs/hw:cpu_policy 0.252s
2024-10-31 11:28:55.798 62747 INFO tempest.lib.common.rest_client [req-e7ae0e0f-d5e6-4dd5-974b-fb7127172cdb req-e7ae0e0f-d5e6-4dd5-974b-fb7127172cdb ] Request (ServersAdminTestJSON:setUpClass): 200 GET http://10.180.1.21/compute/v2.1/servers/78599fa1-be64-4797-92a9-ebc3a40b59a1 0.286s
2024-10-31 11:28:55.805 62747 INFO tempest.common.waiters [-] State transition "BUILD/scheduling" ==> "ERROR/None" after 44 second wait
2024-10-31 11:28:55.862 62797 INFO tempest.lib.common.rest_client [req-7ef72aa3-e32d-4f51-9e39-c19f25abbfa1 req-7ef72aa3-e32d-4f51-9e39-c19f25abbfa1 ] Request (ServersWithSpecificFlavorTestJSON:test_verify_created_server_ephemeral_disk): 200 GET http://10.180.1.21/compute/v2.1/servers/5a1af72f-71c8-42de-aa71-f011d85210a5 0.258s
2024-10-31 11:28:55.926 62769 INFO tempest.lib.common.rest_client [req-33365a63-a948-456f-9446-786cbe828857 req-33365a63-a948-456f-9446-786cbe828857 ] Request (FloatingIPsAssociationTestJSON:setUpClass): 200 GET http://10.180.1.21/compute/v2.1/servers/a8d8e232-6096-4da3-8f2c-65a5e5f713ae 0.308s
2024-10-31 11:28:55.973 62793 INFO tempest.lib.common.rest_client [req-fd6227b2-4c7f-4f1e-89b5-02368fcc7eb4 req-fd6227b2-4c7f-4f1e-89b5-02368fcc7eb4 ] Request (AttachVolumeTestJSON:test_attach_detach_volume): 200 GET http://10.180.1.21/compute/v2.1/servers/2aa7880f-de24-4f32-b027-731a2030f987 0.413s
2024-10-31 11:28:55.984 62759 INFO tempest.lib.common.rest_client [req-c28c03d3-c824-4061-9f9a-3e0923724752 req-c28c03d3-c824-4061-9f9a-3e0923724752 ] Request (ServersTestJSON:setUpClass): 200 GET http://10.180.1.21/compute/v2.1/servers/d1aeccd3-ba9e-46cc-b8a2-b64da9b94d6e 0.320s
2024-10-31 11:28:56.029 62795 INFO tempest.lib.common.rest_client [req-aabbe75c-70fa-4f9a-81e4-009d8c4cf11d req-aabbe75c-70fa-4f9a-81e4-009d8c4cf11d ] Request (ListImageFiltersTestJSON:setUpClass): 200 GET http://10.180.1.21/compute/v2.1/servers/c32f170d-1e88-4716-a02a-b8db6896e900 0.365s
2024-10-31 11:28:56.044 62763 INFO tempest.lib.common.rest_client [req-d98437f0-1eb1-4a2a-ab90-3a23d3507f86 req-d98437f0-1eb1-4a2a-ab90-3a23d3507f86 ] Request (KeyPairsNegativeTestJSON:test_keypair_delete_nonexistent_key): 404 DELETE http://10.180.1.21/compute/v2.1/os-keypairs/tempest-keypair-non-existent-855209473 0.328s
2024-10-31 11:28:56.071 62743 INFO tempest.lib.common.rest_client [req-be9c5116-8ea3-449d-8ffa-48d24186c484 req-be9c5116-8ea3-449d-8ffa-48d24186c484 ] Request (ListServersNegativeTestJSON:setUpClass): 201 POST http://10.180.1.21:9696/networking/v2.0/routers 1.239s
2024-10-31 11:28:56.114 62741 INFO tempest.lib.common.rest_client [req-8c14570b-bba1-4efc-aed9-2de9180ee314 req-8c14570b-bba1-4efc-aed9-2de9180ee314 ] Request (ServersAdmin275Test:test_rebuild_update_server_275): 200 GET http://10.180.1.21/compute/v2.1/servers/c4a88e75-690f-4bed-a4f9-a0de3b193eff 0.393s
2024-10-31 11:28:56.128 62773 INFO tempest.lib.common.rest_client [req-be57a618-a8dd-4ce5-a5f3-bed3a82daf2d req-be57a618-a8dd-4ce5-a5f3-bed3a82daf2d ] Request (FlavorsExtraSpecsTestJSON:test_flavor_set_get_update_show_unset_keys): 200 GET http://10.180.1.21/compute/v2.1/flavors/737040852/os-extra_specs 0.327s
2024-10-31 11:28:56.133 62763 INFO tempest.lib.common.rest_client [req-e24f95c5-f2af-466a-9af2-e24d2febaacb req-e24f95c5-f2af-466a-9af2-e24d2febaacb ] Request (KeyPairsNegativeTestJSON:tearDownClass): 204 DELETE http://10.180.1.21/identity/v3/users/6b8d9741ea0046beb3917ed231cd27d2 0.087s
2024-10-31 11:28:56.133 62763 INFO tempest.lib.common.dynamic_creds [-] Deleting project and security group for project: e9739b434e6f4f05bf639490e790855f
2024-10-31 11:28:56.156 62753 INFO tempest.lib.common.rest_client [req-4063b1d4-14f3-4d06-b416-d4c7becb395c req-4063b1d4-14f3-4d06-b416-d4c7becb395c ] Request (ServerActionsV293TestJSON:setUpClass): 201 POST http://10.180.1.21:9696/networking/v2.0/floatingips 0.770s
2024-10-31 11:28:56.196 62763 INFO tempest.lib.common.rest_client [req-114bd2b7-026c-4dae-9552-c30a97a9cccd req-114bd2b7-026c-4dae-9552-c30a97a9cccd ] Request (KeyPairsNegativeTestJSON:tearDownClass): 201 POST http://10.180.1.21/identity/v3/auth/tokens 0.063s
2024-10-31 11:28:56.199 62757 INFO tempest.lib.common.rest_client [req-ca89b50b-340c-4e06-af9f-5fd89bfe7ad2 req-ca89b50b-340c-4e06-af9f-5fd89bfe7ad2 ] Request (SecurityGroupRulesTestJSON:test_security_group_rules_delete_when_peer_group_deleted): 200 POST http://10.180.1.21/compute/v2.1/os-security-groups 0.494s
2024-10-31 11:28:56.256 62753 INFO tempest.lib.common.rest_client [req-a6d92936-139f-46a3-aed1-39fd0f28ee60 req-a6d92936-139f-46a3-aed1-39fd0f28ee60 ] Request (ServerActionsV293TestJSON:setUpClass): 201 POST http://10.180.1.21/identity/v3/auth/tokens 0.096s
2024-10-31 11:28:56.257 62753 INFO tempest.lib.common.fixed_network [-] (ServerActionsV293TestJSON:setUpClass) Found network {'id': 'f5d184a0-f1b6-4b63-a13e-2339c0aceab2', 'name': 'tempest-ServerActionsV293TestJSON-716535476-network', 'tenant_id': '2eee907e87ae476fa672848fea290bfd', 'admin_state_up': True, 'mtu': 8950, 'status': 'ACTIVE', 'subnets': [], 'shared': False, 'project_id': '2eee907e87ae476fa672848fea290bfd', 'port_security_enabled': True, 'router:external': False, 'provider:network_type': 'vlan', 'provider:physical_network': 'default', 'provider:segmentation_id': 380, 'availability_zone_hints': [], 'availability_zones': [], 'ipv4_address_scope': None, 'ipv6_address_scope': None, 'description': '', 'tags': [], 'created_at': '2024-10-31T11:28:51Z', 'updated_at': '2024-10-31T11:28:51Z', 'revision_number': 1} available for tenant
2024-10-31 11:28:56.271 62771 INFO tempest.lib.common.rest_client [req-19adb241-ad7f-485a-8cd4-3bdec2c643c4 req-19adb241-ad7f-485a-8cd4-3bdec2c643c4 ] Request (ServerDiagnosticsV248Test:tearDownClass): 200 GET http://10.180.1.21/compute/v2.1/servers/90e42997-a34c-4a39-8d2f-7ab0ed19f028 0.424s
2024-10-31 11:28:56.346 62803 INFO tempest.lib.common.rest_client [req-c15d026e-f36b-4084-87b2-68f951eec26d req-c15d026e-f36b-4084-87b2-68f951eec26d ] Request (ServerActionsTestOtherB:setUpClass): 200 GET http://10.180.1.21/compute/v2.1/servers/bef7d4e7-9af2-4071-ae6d-bdbfa7f46460 0.448s
2024-10-31 11:28:56.377 62747 INFO tempest.lib.common.rest_client [req-9413c86b-f03c-4f91-b0f0-ba9f0b2b9c9b req-9413c86b-f03c-4f91-b0f0-ba9f0b2b9c9b ] Request (ServersAdminTestJSON:setUpClass): 204 DELETE http://10.180.1.21/compute/v2.1/servers/78599fa1-be64-4797-92a9-ebc3a40b59a1 0.571s
2024-10-31 11:28:56.404 62765 INFO tempest.lib.common.rest_client [req-86f534a6-bad0-4f59-a09f-f2818a4075cc req-86f534a6-bad0-4f59-a09f-f2818a4075cc ] Request (ImagesNegativeTestJSON:test_create_image_from_deleted_server): 200 GET http://10.180.1.21/compute/v2.1/servers/e49252e3-11cc-49c3-b959-24ad87ad48c9 0.447s
2024-10-31 11:28:56.443 62763 INFO tempest.lib.common.rest_client [req-38a77d86-960e-4530-bad6-fa1c9d1cfec1 req-38a77d86-960e-4530-bad6-fa1c9d1cfec1 ] Request (KeyPairsNegativeTestJSON:tearDownClass): 200 GET http://10.180.1.21:9696/networking/v2.0/security-groups?tenant_id=e9739b434e6f4f05bf639490e790855f&name=default 0.246s
2024-10-31 11:28:56.448 62739 INFO tempest.lib.common.rest_client [req-8f497139-0a35-4a8a-9704-34bb41c4c523 req-8f497139-0a35-4a8a-9704-34bb41c4c523 ] Request (VolumesAdminNegativeTest:test_update_attached_volume_with_nonexistent_volume_in_body): 200 GET http://10.180.1.21/compute/v2.1/servers/59fd4a4a-20f5-4b8f-970a-acfc882f45a3 0.412s
2024-10-31 11:28:56.467 62791 INFO tempest.lib.common.rest_client [req-9622c930-9e53-4249-8d05-c566e4452632 req-9622c930-9e53-4249-8d05-c566e4452632 ] Request (MigrationsAdminTest:test_resize_server_revert_deleted_flavor): 200 GET http://10.180.1.21/compute/v2.1/servers/0af1e65d-ca88-475e-a871-4087bd49cd9d 0.362s
2024-10-31 11:28:56.475 62773 INFO tempest.lib.common.rest_client [req-50c3167f-3bb7-4fcc-a9a7-3b31fc530068 req-50c3167f-3bb7-4fcc-a9a7-3b31fc530068 ] Request (FlavorsExtraSpecsTestJSON:tearDownClass): 202 DELETE http://10.180.1.21/compute/v2.1/flavors/737040852 0.344s
2024-10-31 11:28:56.574 62777 INFO tempest.lib.common.rest_client [req-44dbc72f-a0a7-4ae8-9eef-6f50f5bbb0ba req-44dbc72f-a0a7-4ae8-9eef-6f50f5bbb0ba ] Request (VolumesAssistedSnapshotsTest:test_volume_assisted_snapshot_create_delete): 200 GET http://10.180.1.21/compute/v2.1/servers/24b4c233-c874-452e-a7fc-492ca2a49a09 0.378s
2024-10-31 11:28:56.619 62763 INFO tempest.lib.common.rest_client [req-44a8b223-ec27-4aac-b1bf-036b1e168125 req-44a8b223-ec27-4aac-b1bf-036b1e168125 ] Request (KeyPairsNegativeTestJSON:tearDownClass): 204 DELETE http://10.180.1.21:9696/networking/v2.0/security-groups/178ab96a-7123-4879-afa3-bd4c648a5303 0.175s
2024-10-31 11:28:56.638 62745 INFO tempest.lib.common.rest_client [req-9e80952a-fda4-46e5-ad5b-9aa41bb99525 req-9e80952a-fda4-46e5-ad5b-9aa41bb99525 ] Request (ServersTestBootFromVolume:setUpClass): 200 GET http://10.180.1.21/compute/v2.1/servers/5ca1a33c-7324-481c-95cd-3761ce8ccf13 0.386s
2024-10-31 11:28:56.686 62753 INFO tempest.lib.common.rest_client [req-dcdcfb9a-a617-4aec-a495-9db34de1c816 req-dcdcfb9a-a617-4aec-a495-9db34de1c816 ] Request (ServerActionsV293TestJSON:setUpClass): 202 POST http://10.180.1.21/volume/v3/volumes 0.428s
2024-10-31 11:28:56.725 62763 INFO tempest.lib.common.rest_client [req-4fd74047-234a-4f39-8480-3448981b282d req-4fd74047-234a-4f39-8480-3448981b282d ] Request (KeyPairsNegativeTestJSON:tearDownClass): 204 DELETE http://10.180.1.21/identity/v3/projects/e9739b434e6f4f05bf639490e790855f 0.106s
2024-10-31 11:28:56.726 62753 INFO tempest.lib.common.rest_client [req-4947183a-dee4-4c65-928e-a30f19039259 req-4947183a-dee4-4c65-928e-a30f19039259 ] Request (ServerActionsV293TestJSON:setUpClass): 200 GET http://10.180.1.21/volume/v3/volumes/0b1120cf-beb6-43ce-82ea-76850b9fed7d 0.034s
2024-10-31 11:28:56.734 62757 INFO tempest.lib.common.rest_client [req-fb3bf18c-ad9b-4756-aec5-0c5ec1a494e9 req-fb3bf18c-ad9b-4756-aec5-0c5ec1a494e9 ] Request (SecurityGroupRulesTestJSON:test_security_group_rules_delete_when_peer_group_deleted): 200 POST http://10.180.1.21/compute/v2.1/os-security-group-rules 0.532s
2024-10-31 11:28:56.759 62747 INFO tempest.lib.common.rest_client [req-09480aab-5f35-48dd-8588-97c59bd5a8b4 req-09480aab-5f35-48dd-8588-97c59bd5a8b4 ] Request (ServersAdminTestJSON:setUpClass): 404 GET http://10.180.1.21/compute/v2.1/servers/78599fa1-be64-4797-92a9-ebc3a40b59a1 0.380s
2024-10-31 11:28:56.760 62747 INFO tempest.test [-] raised in ServersAdminTestJSON.setUpClass. Invoking tearDownClass.
2024-10-31 11:28:56.809 62763 INFO tempest.lib.common.rest_client [req-e81ab785-d616-4ad0-a4c1-2586472602a9 req-e81ab785-d616-4ad0-a4c1-2586472602a9 ] Request (AbsoluteLimitsNegativeTestJSON:setUpClass): 201 POST http://10.180.1.21/identity/v3/auth/tokens 0.082s
2024-10-31 11:28:56.823 62787 INFO tempest.lib.common.rest_client [req-7b86f019-0b04-464e-b009-1b2fade2a804 req-7b86f019-0b04-464e-b009-1b2fade2a804 ] Request (AttachInterfacesUnderV243Test:test_add_remove_fixed_ip): 200 GET http://10.180.1.21/compute/v2.1/servers/20bf8c62-8b80-45c2-98d4-5a960f465aa0 0.425s
2024-10-31 11:28:56.851 62763 INFO tempest.lib.common.rest_client [req-0d24142d-8d61-43a7-aba5-6cafcf86c678 req-0d24142d-8d61-43a7-aba5-6cafcf86c678 ] Request (AbsoluteLimitsNegativeTestJSON:setUpClass): 201 POST http://10.180.1.21/identity/v3/auth/tokens 0.040s
2024-10-31 11:28:56.864 62761 INFO tempest.lib.common.rest_client [req-e3229202-bdd3-4ef6-8f90-cb089151819c req-e3229202-bdd3-4ef6-8f90-cb089151819c ] Request (ServerActionsTestJSON:setUpClass): 200 GET http://10.180.1.21/compute/v2.1/servers/d8d4c087-9b0f-48c7-bd05-291a7e2a3e83 0.529s
2024-10-31 11:28:56.878 62763 INFO tempest.lib.common.rest_client [req-746d4d74-c14c-4475-b1ec-36d1d36501a1 req-746d4d74-c14c-4475-b1ec-36d1d36501a1 ] Request (AbsoluteLimitsNegativeTestJSON:setUpClass): 200 GET http://10.180.1.21/identity/v3/domains?name=Default 0.026s
2024-10-31 11:28:56.910 62767 INFO tempest.lib.common.rest_client [req-26b08d89-e6f6-4464-9627-7060947d1999 req-26b08d89-e6f6-4464-9627-7060947d1999 ] Request (ImagesTestJSON:test_create_image_from_stopped_server): 200 GET http://10.180.1.21/compute/v2.1/servers/0acb10f9-3d1e-4621-9b7f-dd7c6b1f86b4 0.485s
2024-10-31 11:28:56.930 62773 INFO tempest.lib.common.rest_client [req-cb53615d-bd6a-465f-834a-4a4a3068a4e1 req-cb53615d-bd6a-465f-834a-4a4a3068a4e1 ] Request (FlavorsExtraSpecsTestJSON:tearDownClass): 200 GET http://10.180.1.21/compute/v2.1/flavors/detail 0.455s
2024-10-31 11:28:56.932 62763 INFO tempest.lib.common.rest_client [req-e2f6dd26-2bb7-4a06-bc6c-f7423e0e3fd7 req-e2f6dd26-2bb7-4a06-bc6c-f7423e0e3fd7 ] Request (AbsoluteLimitsNegativeTestJSON:setUpClass): 201 POST http://10.180.1.21/identity/v3/projects 0.053s
2024-10-31 11:28:56.938 62751 INFO tempest.lib.common.rest_client [req-8e1b5d17-c2af-4964-a08b-502246168813 req-8e1b5d17-c2af-4964-a08b-502246168813 ] Request (ServerDiskConfigTestJSON:test_rebuild_server_with_auto_disk_config): 200 GET http://10.180.1.21/compute/v2.1/servers/eed1dcc3-d9f9-4211-a4c3-850dcdad72b1 0.490s
2024-10-31 11:28:56.953 62749 INFO tempest.lib.common.rest_client [req-7a4a4ddd-fda6-419d-8043-a318af5dbea6 req-7a4a4ddd-fda6-419d-8043-a318af5dbea6 ] Request (ServerRescueTestJSON:setUpClass): 201 POST http://10.180.1.21:9696/networking/v2.0/routers 1.313s
2024-10-31 11:28:57.004 62799 INFO tempest.lib.common.rest_client [req-84fc367f-494a-433b-9095-2a646dfea3d4 req-84fc367f-494a-433b-9095-2a646dfea3d4 ] Request (DeleteServersAdminTestJSON:test_delete_server_while_in_error_state): 200 GET http://10.180.1.21/compute/v2.1/servers/73142a3f-3be8-4956-90f8-6ca223d2d01f 0.481s
2024-10-31 11:28:57.015 62763 INFO tempest.lib.common.rest_client [req-723ad2dd-03bd-4a3d-97b3-e86ff4330202 req-723ad2dd-03bd-4a3d-97b3-e86ff4330202 ] Request (AbsoluteLimitsNegativeTestJSON:setUpClass): 201 POST http://10.180.1.21/identity/v3/users 0.082s
2024-10-31 11:28:57.024 62755 INFO tempest.lib.common.rest_client [req-7d3afe98-8049-4d83-b734-cd275c1d5188 req-7d3afe98-8049-4d83-b734-cd275c1d5188 ] Request (ImagesOneServerTestJSON:setUpClass): 200 GET http://10.180.1.21/compute/v2.1/servers/1a27278b-b930-4432-90f2-45cdf025c83e 0.520s
2024-10-31 11:28:57.047 62773 INFO tempest.lib.common.rest_client [req-2dd1a40c-075a-4752-abe5-9c677898fc1a req-2dd1a40c-075a-4752-abe5-9c677898fc1a ] Request (FlavorsExtraSpecsTestJSON:tearDownClass): 204 DELETE http://10.180.1.21/identity/v3/users/ad3c44d34b8b4225a2ae301bbdddae04 0.112s
2024-10-31 11:28:57.066 62763 INFO tempest.lib.common.rest_client [req-36aac97f-3696-4ab4-8ac0-f45639b8c1fc req-36aac97f-3696-4ab4-8ac0-f45639b8c1fc ] Request (AbsoluteLimitsNegativeTestJSON:setUpClass): 200 GET http://10.180.1.21/identity/v3/roles 0.051s
2024-10-31 11:28:57.080 62782 INFO tempest.lib.common.rest_client [req-a686f7b1-3e4f-4be4-9f27-64ff18c9063b req-a686f7b1-3e4f-4be4-9f27-64ff18c9063b ] Request (ServersAdminNegativeTestJSON:setUpClass): 200 GET http://10.180.1.21/compute/v2.1/servers/9f83ec50-5143-45e1-849a-5c441d2702e2 0.458s
2024-10-31 11:28:57.089 62782 INFO tempest.common.waiters [-] State transition "BUILD/spawning" ==> "ERROR/None" after 45 second wait
2024-10-31 11:28:57.094 62786 INFO tempest.lib.common.rest_client [req-2dd4707c-3f8b-4fba-934b-cb3fcc8d3174 req-2dd4707c-3f8b-4fba-934b-cb3fcc8d3174 ] Request (ServersTestFqdnHostnames:test_create_server_with_fqdn_name): 200 GET http://10.180.1.21/compute/v2.1/servers/7a0b2744-2bb0-4eee-9861-418ba67b719c 0.406s
2024-10-31 11:28:57.103 62786 INFO tempest.common.waiters [-] State transition "BUILD/None" ==> "BUILD/networking" after 41 second wait
2024-10-31 11:28:57.130 62763 INFO tempest.lib.common.rest_client [req-9f56fd5b-1523-4c8f-acf9-ee75ee5fdd34 req-9f56fd5b-1523-4c8f-acf9-ee75ee5fdd34 ] Request (AbsoluteLimitsNegativeTestJSON:setUpClass): 204 PUT http://10.180.1.21/identity/v3/projects/0c4dfd2c8327429dbdd2dd5b8ce27940/users/ebbd58763b234e63ac7a687eaeda5213/roles/bff3832d50e146b6a825d83717c298a5 0.063s
2024-10-31 11:28:57.130 62763 INFO tempest.lib.common.dynamic_creds [-] Dynamic test user ebbd58763b234e63ac7a687eaeda5213 is created with scope project and roles: ['member']
2024-10-31 11:28:57.130 62763 INFO tempest.lib.common.dynamic_creds [-] Acquired dynamic creds: credentials: Credentials: {'domain_id': 'default', 'domain_name': 'Default', 'username': 'tempest-AbsoluteLimitsNegativeTestJSON-83231726-project-member', 'project_domain_id': 'default', 'project_domain_name': 'Default', 'project_id': '0c4dfd2c8327429dbdd2dd5b8ce27940', 'project_name': 'tempest-AbsoluteLimitsNegativeTestJSON-83231726', 'tenant_id': '0c4dfd2c8327429dbdd2dd5b8ce27940', 'tenant_name': 'tempest-AbsoluteLimitsNegativeTestJSON-83231726', 'user_domain_id': 'default', 'user_domain_name': 'Default', 'user_id': 'ebbd58763b234e63ac7a687eaeda5213', 'system': None}, Network: None, Subnet: None, Router: None
2024-10-31 11:28:57.130 62763 INFO tempest.lib.common.dynamic_creds [-] Created isolated network resources for: credentials: Credentials: {'domain_id': 'default', 'domain_name': 'Default', 'username': 'tempest-AbsoluteLimitsNegativeTestJSON-83231726-project-member', 'project_domain_id': 'default', 'project_domain_name': 'Default', 'project_id': '0c4dfd2c8327429dbdd2dd5b8ce27940', 'project_name': 'tempest-AbsoluteLimitsNegativeTestJSON-83231726', 'tenant_id': '0c4dfd2c8327429dbdd2dd5b8ce27940', 'tenant_name': 'tempest-AbsoluteLimitsNegativeTestJSON-83231726', 'user_domain_id': 'default', 'user_domain_name': 'Default', 'user_id': 'ebbd58763b234e63ac7a687eaeda5213', 'system': None}, Network: None, Subnet: None, Router: None
2024-10-31 11:28:57.160 62773 INFO tempest.lib.common.rest_client [req-c7796564-275d-4b8f-bad7-3d161f59488c req-c7796564-275d-4b8f-bad7-3d161f59488c ] Request (FlavorsExtraSpecsTestJSON:tearDownClass): 204 DELETE http://10.180.1.21/identity/v3/users/8b68b0fe3edb4d128b116a92fa283cec 0.113s
2024-10-31 11:28:57.161 62773 INFO tempest.lib.common.dynamic_creds [-] Deleting project and security group for project: 76c9f86e9ed3434bacfaa2322966937f
2024-10-31 11:28:57.191 62763 INFO tempest.lib.common.rest_client [req-14334dd0-841b-4082-8414-65568a7bd3bb req-14334dd0-841b-4082-8414-65568a7bd3bb ] Request (AbsoluteLimitsNegativeTestJSON:setUpClass): 201 POST http://10.180.1.21/identity/v3/auth/tokens 0.058s
2024-10-31 11:28:57.215 62773 INFO tempest.lib.common.rest_client [req-04428793-4536-44fb-ba2f-d4b66a7b0037 req-04428793-4536-44fb-ba2f-d4b66a7b0037 ] Request (FlavorsExtraSpecsTestJSON:tearDownClass): 201 POST http://10.180.1.21/identity/v3/auth/tokens 0.054s
2024-10-31 11:28:57.292 62757 INFO tempest.lib.common.rest_client [req-15c82bb2-bf1a-4df1-b4cb-b02c79c52088 req-15c82bb2-bf1a-4df1-b4cb-b02c79c52088 ] Request (SecurityGroupRulesTestJSON:test_security_group_rules_delete_when_peer_group_deleted): 202 DELETE http://10.180.1.21/compute/v2.1/os-security-groups/c002c302-2353-470f-aa79-47561b91e114 0.555s
2024-10-31 11:28:57.306 62747 INFO tempest.lib.common.rest_client [req-2da644c0-d041-4105-900e-4f237c026e60 req-2da644c0-d041-4105-900e-4f237c026e60 ] Request (ServersAdminTestJSON:tearDownClass): 204 DELETE http://10.180.1.21/compute/v2.1/servers/24e6abd6-fb6f-49ba-b01b-3977ff205fef 0.546s
2024-10-31 11:28:57.357 62783 INFO tempest.lib.common.rest_client [req-4f609d10-d51d-4bd2-8594-022d727c925d req-4f609d10-d51d-4bd2-8594-022d727c925d ] Request (AttachInterfacesTestJSON:test_create_list_show_delete_interfaces_by_fixed_ip): 200 GET http://10.180.1.21/compute/v2.1/servers/30befad4-aacb-44d5-87ed-4fc6b0e34bd6 0.566s
2024-10-31 11:28:57.367 62797 INFO tempest.lib.common.rest_client [req-4fff7a0a-08db-489d-84e8-6b367c95267b req-4fff7a0a-08db-489d-84e8-6b367c95267b ] Request (ServersWithSpecificFlavorTestJSON:test_verify_created_server_ephemeral_disk): 200 GET http://10.180.1.21/compute/v2.1/servers/5a1af72f-71c8-42de-aa71-f011d85210a5 0.498s
2024-10-31 11:28:57.368 62743 INFO tempest.lib.common.rest_client [req-2ce87cf2-9193-4d72-bd65-e61d13da17c8 req-2ce87cf2-9193-4d72-bd65-e61d13da17c8 ] Request (ListServersNegativeTestJSON:setUpClass): 200 PUT http://10.180.1.21:9696/networking/v2.0/routers/2fec2acc-efa8-42d8-82a1-aebff66aa9bc/add_router_interface 1.297s
2024-10-31 11:28:57.369 62743 INFO tempest.lib.common.dynamic_creds [-] Created isolated network resources for: credentials: Credentials: {'domain_id': 'default', 'domain_name': 'Default', 'username': 'tempest-ListServersNegativeTestJSON-1720270648-project-member', 'project_domain_id': 'default', 'project_domain_name': 'Default', 'project_id': '15e74d975960428280fcb64d992b9c63', 'project_name': 'tempest-ListServersNegativeTestJSON-1720270648', 'tenant_id': '15e74d975960428280fcb64d992b9c63', 'tenant_name': 'tempest-ListServersNegativeTestJSON-1720270648', 'user_domain_id': 'default', 'user_domain_name': 'Default', 'user_id': '4808e54b983448c399112ade5bd3e543', 'system': None}, Network: {'id': '36205419-44cb-4bf0-9cea-d99b4f9152fa', 'name': 'tempest-ListServersNegativeTestJSON-152948559-network', 'tenant_id': '15e74d975960428280fcb64d992b9c63', 'admin_state_up': True, 'mtu': 8950, 'status': 'ACTIVE', 'subnets': [], 'shared': False, 'project_id': '15e74d975960428280fcb64d992b9c63', 'port_security_enabled': True, 'router:external': False, 'provider:network_type': 'vlan', 'provider:physical_network': 'default', 'provider:segmentation_id': 239, 'availability_zone_hints': [], 'availability_zones': [], 'ipv4_address_scope': None, 'ipv6_address_scope': None, 'description': '', 'tags': [], 'created_at': '2024-10-31T11:28:54Z', 'updated_at': '2024-10-31T11:28:54Z', 'revision_number': 1}, Subnet: {'id': '71532c6c-5561-489e-8e60-d42ffbe04937', 'name': 'tempest-ListServersNegativeTestJSON-152948559-subnet', 'tenant_id': '15e74d975960428280fcb64d992b9c63', 'network_id': '36205419-44cb-4bf0-9cea-d99b4f9152fa', 'ip_version': 4, 'subnetpool_id': None, 'enable_dhcp': True, 'ipv6_ra_mode': None, 'ipv6_address_mode': None, 'gateway_ip': '192.168.128.1', 'cidr': '192.168.128.0/28', 'allocation_pools': [{'start': '192.168.128.2', 'end': '192.168.128.14'}], 'host_routes': [], 'dns_nameservers': [], 'description': '', 'router:external': False, 'service_types': [], 'tags': [], 'created_at': '2024-10-31T11:28:54Z', 'updated_at': '2024-10-31T11:28:54Z', 'revision_number': 0, 'project_id': '15e74d975960428280fcb64d992b9c63'}, Router: {'id': '2fec2acc-efa8-42d8-82a1-aebff66aa9bc', 'name': 'tempest-ListServersNegativeTestJSON-152948559-router', 'tenant_id': '15e74d975960428280fcb64d992b9c63', 'admin_state_up': True, 'status': 'ACTIVE', 'external_gateway_info': {'network_id': '1eca6941-b0cd-4fc2-8db5-34499910053b', 'external_fixed_ips': [{'subnet_id': '193e92a1-5d7f-49e6-acec-ec2dc39502ae', 'ip_address': '10.180.180.202'}], 'enable_snat': True}, 'description': '', 'availability_zones': [], 'distributed': False, 'ha': False, 'availability_zone_hints': [], 'routes': [], 'flavor_id': None, 'tags': [], 'created_at': '2024-10-31T11:28:54Z', 'updated_at': '2024-10-31T11:28:55Z', 'revision_number': 2, 'project_id': '15e74d975960428280fcb64d992b9c63'}
2024-10-31 11:28:57.371 62783 INFO tempest.common.waiters [-] State transition "BUILD/scheduling" ==> "BUILD/None" after 20 second wait
2024-10-31 11:28:57.425 62769 INFO tempest.lib.common.rest_client [req-2c20e083-caf8-4d5f-9894-8263c5ab651e req-2c20e083-caf8-4d5f-9894-8263c5ab651e ] Request (FloatingIPsAssociationTestJSON:setUpClass): 200 GET http://10.180.1.21/compute/v2.1/servers/a8d8e232-6096-4da3-8f2c-65a5e5f713ae 0.490s
2024-10-31 11:28:57.430 62793 INFO tempest.lib.common.rest_client [req-f988ca1a-2181-465d-9451-1fa7337efda0 req-f988ca1a-2181-465d-9451-1fa7337efda0 ] Request (AttachVolumeTestJSON:test_attach_detach_volume): 200 GET http://10.180.1.21/compute/v2.1/servers/2aa7880f-de24-4f32-b027-731a2030f987 0.449s
2024-10-31 11:28:57.471 62743 INFO tempest.lib.common.rest_client [req-8218fc05-f994-4730-84c7-dbd066b09d82 req-8218fc05-f994-4730-84c7-dbd066b09d82 ] Request (ListServersNegativeTestJSON:setUpClass): 201 POST http://10.180.1.21/identity/v3/auth/tokens 0.095s
2024-10-31 11:28:57.497 62773 INFO tempest.lib.common.rest_client [req-a5eeb267-3b50-44a1-a4a0-af29a2375bc3 req-a5eeb267-3b50-44a1-a4a0-af29a2375bc3 ] Request (FlavorsExtraSpecsTestJSON:tearDownClass): 200 GET http://10.180.1.21:9696/networking/v2.0/security-groups?tenant_id=76c9f86e9ed3434bacfaa2322966937f&name=default 0.282s
2024-10-31 11:28:57.501 62759 INFO tempest.lib.common.rest_client [req-a9d5cc83-11d8-410f-a9ef-62aa2f30da61 req-a9d5cc83-11d8-410f-a9ef-62aa2f30da61 ] Request (ServersTestJSON:setUpClass): 200 GET http://10.180.1.21/compute/v2.1/servers/d1aeccd3-ba9e-46cc-b8a2-b64da9b94d6e 0.509s
2024-10-31 11:28:57.504 62795 INFO tempest.lib.common.rest_client [req-6588da17-b2c9-4293-bc88-6f0927e0cf43 req-6588da17-b2c9-4293-bc88-6f0927e0cf43 ] Request (ListImageFiltersTestJSON:setUpClass): 200 GET http://10.180.1.21/compute/v2.1/servers/c32f170d-1e88-4716-a02a-b8db6896e900 0.465s
2024-10-31 11:28:57.517 62743 INFO tempest.lib.common.rest_client [req-0e19c8cc-861f-48e5-b266-9efd256910e8 req-0e19c8cc-861f-48e5-b266-9efd256910e8 ] Request (ListServersNegativeTestJSON:setUpClass): 201 POST http://10.180.1.21/identity/v3/auth/tokens 0.042s
2024-10-31 11:28:57.517 62743 INFO tempest.lib.common.fixed_network [-] (ListServersNegativeTestJSON:setUpClass) Found network {'id': '36205419-44cb-4bf0-9cea-d99b4f9152fa', 'name': 'tempest-ListServersNegativeTestJSON-152948559-network', 'tenant_id': '15e74d975960428280fcb64d992b9c63', 'admin_state_up': True, 'mtu': 8950, 'status': 'ACTIVE', 'subnets': [], 'shared': False, 'project_id': '15e74d975960428280fcb64d992b9c63', 'port_security_enabled': True, 'router:external': False, 'provider:network_type': 'vlan', 'provider:physical_network': 'default', 'provider:segmentation_id': 239, 'availability_zone_hints': [], 'availability_zones': [], 'ipv4_address_scope': None, 'ipv6_address_scope': None, 'description': '', 'tags': [], 'created_at': '2024-10-31T11:28:54Z', 'updated_at': '2024-10-31T11:28:54Z', 'revision_number': 1} available for tenant
2024-10-31 11:28:57.580 62741 INFO tempest.lib.common.rest_client [req-5e315e19-a0af-48c2-8e3d-c450f5bd0834 req-5e315e19-a0af-48c2-8e3d-c450f5bd0834 ] Request (ServersAdmin275Test:test_rebuild_update_server_275): 200 GET http://10.180.1.21/compute/v2.1/servers/c4a88e75-690f-4bed-a4f9-a0de3b193eff 0.455s
2024-10-31 11:28:57.591 62741 INFO tempest.common.waiters [-] State transition "REBUILD/rebuild_spawning" ==> "ACTIVE/None" after 10 second wait
2024-10-31 11:28:57.648 62773 INFO tempest.lib.common.rest_client [req-0cfad873-b0b2-4091-8db0-1f5f472f83a0 req-0cfad873-b0b2-4091-8db0-1f5f472f83a0 ] Request (FlavorsExtraSpecsTestJSON:tearDownClass): 204 DELETE http://10.180.1.21:9696/networking/v2.0/security-groups/58abc1e5-1b23-4f48-912f-ac2580c57841 0.149s
2024-10-31 11:28:57.745 62773 INFO tempest.lib.common.rest_client [req-fab9710d-cc22-4058-b533-a259a5429b16 req-fab9710d-cc22-4058-b533-a259a5429b16 ] Request (FlavorsExtraSpecsTestJSON:tearDownClass): 204 DELETE http://10.180.1.21/identity/v3/projects/76c9f86e9ed3434bacfaa2322966937f 0.097s
2024-10-31 11:28:57.745 62773 INFO tempest.lib.common.dynamic_creds [-] Deleting project and security group for project: b8d45db37e074ddc8c1040308aad3477
2024-10-31 11:28:57.770 62753 INFO tempest.lib.common.rest_client [req-34ca7745-998b-4ae4-b588-200ce2b1128a req-34ca7745-998b-4ae4-b588-200ce2b1128a ] Request (ServerActionsV293TestJSON:setUpClass): 200 GET http://10.180.1.21/volume/v3/volumes/0b1120cf-beb6-43ce-82ea-76850b9fed7d 0.032s
2024-10-31 11:28:57.771 62782 INFO tempest.lib.common.rest_client [req-10bd6e9a-1518-4e40-9b9a-9fc5f34ff02e req-10bd6e9a-1518-4e40-9b9a-9fc5f34ff02e ] Request (ServersAdminNegativeTestJSON:setUpClass): 204 DELETE http://10.180.1.21/compute/v2.1/servers/9f83ec50-5143-45e1-849a-5c441d2702e2 0.681s
2024-10-31 11:28:57.786 62763 INFO tempest.lib.common.rest_client [req-66db0014-ca7e-4298-822a-805991977391 req-66db0014-ca7e-4298-822a-805991977391 ] Request (AbsoluteLimitsNegativeTestJSON:test_max_metadata_exceed_limit): 200 GET http://10.180.1.21/compute/v2.1/limits 0.593s
2024-10-31 11:28:57.833 62757 INFO tempest.lib.common.rest_client [req-5b407c4c-3d7c-490e-8664-16f941b419b0 req-5b407c4c-3d7c-490e-8664-16f941b419b0 ] Request (SecurityGroupRulesTestJSON:test_security_group_rules_delete_when_peer_group_deleted): 200 GET http://10.180.1.21/compute/v2.1/os-security-groups/fe4501a6-535c-42a7-b5c2-33df7b349780 0.541s
2024-10-31 11:28:57.847 62771 INFO tempest.lib.common.rest_client [req-bc841aad-aba1-43f4-b3f8-39e909989254 req-bc841aad-aba1-43f4-b3f8-39e909989254 ] Request (ServerDiagnosticsV248Test:tearDownClass): 200 GET http://10.180.1.21/compute/v2.1/servers/90e42997-a34c-4a39-8d2f-7ab0ed19f028 0.568s
2024-10-31 11:28:57.851 62763 INFO tempest.lib.common.rest_client [req-1507f08a-647a-4429-8f0f-881878f7f785 req-1507f08a-647a-4429-8f0f-881878f7f785 ] Request (AbsoluteLimitsNegativeTestJSON:test_max_metadata_exceed_limit): 201 POST http://10.180.1.21/identity/v3/auth/tokens 0.056s
2024-10-31 11:28:57.851 62763 INFO tempest.lib.common.fixed_network [-] (AbsoluteLimitsNegativeTestJSON:test_max_metadata_exceed_limit) Found network None available for tenant
2024-10-31 11:28:57.856 62747 INFO tempest.lib.common.rest_client [req-7c73b55f-d1e2-479e-87ff-48d017801146 req-7c73b55f-d1e2-479e-87ff-48d017801146 ] Request (ServersAdminTestJSON:tearDownClass): 404 GET http://10.180.1.21/compute/v2.1/servers/24e6abd6-fb6f-49ba-b01b-3977ff205fef 0.549s
2024-10-31 11:28:57.914 62803 INFO tempest.lib.common.rest_client [req-eb81ed19-9b52-4c48-9dbe-56ab0587bb32 req-eb81ed19-9b52-4c48-9dbe-56ab0587bb32 ] Request (ServerActionsTestOtherB:setUpClass): 200 GET http://10.180.1.21/compute/v2.1/servers/bef7d4e7-9af2-4071-ae6d-bdbfa7f46460 0.560s
2024-10-31 11:28:57.926 62765 INFO tempest.lib.common.rest_client [req-5d1b68d8-2f25-4540-8a49-cfb39963ddf4 req-5d1b68d8-2f25-4540-8a49-cfb39963ddf4 ] Request (ImagesNegativeTestJSON:test_create_image_from_deleted_server): 200 GET http://10.180.1.21/compute/v2.1/servers/e49252e3-11cc-49c3-b959-24ad87ad48c9 0.509s
2024-10-31 11:28:57.937 62773 INFO tempest.lib.common.rest_client [req-6e48c66f-40f4-403d-bfc6-f35257cccbc4 req-6e48c66f-40f4-403d-bfc6-f35257cccbc4 ] Request (FlavorsExtraSpecsTestJSON:tearDownClass): 200 GET http://10.180.1.21:9696/networking/v2.0/security-groups?tenant_id=b8d45db37e074ddc8c1040308aad3477&name=default 0.191s
2024-10-31 11:28:57.983 62739 INFO tempest.lib.common.rest_client [req-5e34374f-91e1-4d7d-bf3d-3064cfeea435 req-5e34374f-91e1-4d7d-bf3d-3064cfeea435 ] Request (VolumesAdminNegativeTest:test_update_attached_volume_with_nonexistent_volume_in_body): 200 GET http://10.180.1.21/compute/v2.1/servers/59fd4a4a-20f5-4b8f-970a-acfc882f45a3 0.518s
2024-10-31 11:28:58.000 62791 INFO tempest.lib.common.rest_client [req-6c050f99-6a06-497e-af0c-089977137a33 req-6c050f99-6a06-497e-af0c-089977137a33 ] Request (MigrationsAdminTest:test_resize_server_revert_deleted_flavor): 200 GET http://10.180.1.21/compute/v2.1/servers/0af1e65d-ca88-475e-a871-4087bd49cd9d 0.521s
2024-10-31 11:28:58.070 62777 INFO tempest.lib.common.rest_client [req-7d08ff7c-2874-44dc-8e57-fc11ef4c0e56 req-7d08ff7c-2874-44dc-8e57-fc11ef4c0e56 ] Request (VolumesAssistedSnapshotsTest:test_volume_assisted_snapshot_create_delete): 200 GET http://10.180.1.21/compute/v2.1/servers/24b4c233-c874-452e-a7fc-492ca2a49a09 0.489s
2024-10-31 11:28:58.104 62773 INFO tempest.lib.common.rest_client [req-c7d0e1af-e88a-40e9-8998-b6780e7a7c29 req-c7d0e1af-e88a-40e9-8998-b6780e7a7c29 ] Request (FlavorsExtraSpecsTestJSON:tearDownClass): 204 DELETE http://10.180.1.21:9696/networking/v2.0/security-groups/b0ea55e5-dff5-421b-b958-1507092d10f7 0.167s
2024-10-31 11:28:58.218 62773 INFO tempest.lib.common.rest_client [req-5c096ca7-8e0c-4baa-89ac-05d79ae69f30 req-5c096ca7-8e0c-4baa-89ac-05d79ae69f30 ] Request (FlavorsExtraSpecsTestJSON:tearDownClass): 204 DELETE http://10.180.1.21/identity/v3/projects/b8d45db37e074ddc8c1040308aad3477 0.113s
2024-10-31 11:28:58.218 62773 INFO tempest.test [-] raised in UpdateMultiattachVolumeNegativeTest.setUpClass. Invoking tearDownClass.
2024-10-31 11:28:58.294 62773 INFO tempest.lib.common.rest_client [req-64cfe89e-cf66-42e8-87d3-9499c4d2f5e1 req-64cfe89e-cf66-42e8-87d3-9499c4d2f5e1 ] Request (KeyPairsV2TestJSON:setUpClass): 201 POST http://10.180.1.21/identity/v3/auth/tokens 0.072s
2024-10-31 11:28:58.340 62773 INFO tempest.lib.common.rest_client [req-b4c2bc97-a0e6-44b1-8ecb-9dc57eed2fd2 req-b4c2bc97-a0e6-44b1-8ecb-9dc57eed2fd2 ] Request (KeyPairsV2TestJSON:setUpClass): 201 POST http://10.180.1.21/identity/v3/auth/tokens 0.043s
2024-10-31 11:28:58.373 62773 INFO tempest.lib.common.rest_client [req-c78d3c75-7575-410f-b372-a55bb6f4c415 req-c78d3c75-7575-410f-b372-a55bb6f4c415 ] Request (KeyPairsV2TestJSON:setUpClass): 200 GET http://10.180.1.21/identity/v3/domains?name=Default 0.032s
2024-10-31 11:28:58.402 62773 INFO tempest.lib.common.rest_client [req-ab74c487-d967-4362-9a4e-0e834693500a req-ab74c487-d967-4362-9a4e-0e834693500a ] Request (KeyPairsV2TestJSON:setUpClass): 201 POST http://10.180.1.21/identity/v3/projects 0.028s
2024-10-31 11:28:58.472 62741 INFO tempest.lib.common.rest_client [req-280dd265-183b-4c2b-ae27-d0e1a87186ff req-280dd265-183b-4c2b-ae27-d0e1a87186ff ] Request (ServersAdmin275Test:test_rebuild_update_server_275): 202 POST http://10.180.1.21/compute/v2.1/servers/c4a88e75-690f-4bed-a4f9-a0de3b193eff/action 0.880s
2024-10-31 11:28:58.478 62749 INFO tempest.lib.common.rest_client [req-440f7011-4fa2-4360-9bad-65ecf9ea413b req-440f7011-4fa2-4360-9bad-65ecf9ea413b ] Request (ServerRescueTestJSON:setUpClass): 200 PUT http://10.180.1.21:9696/networking/v2.0/routers/3bd500c7-d32c-4e60-b77d-85875077aa1b/add_router_interface 1.524s
