2024-10-31 11:28:48.586 62775 INFO tempest.lib.common.rest_client [req-2f84889f-39fb-4855-ac1e-9bbd487b21ea req-2f84889f-39fb-4855-ac1e-9bbd487b21ea ] Request (VolumesTestJSON:tearDownClass): 204 DELETE http://10.180.1.21/identity/v3/projects/df49330fa89c4edba4c7cf1403b5583c 0.083s
2024-10-31 11:28:48.617 62753 INFO tempest.lib.common.rest_client [req-4f071528-630d-447b-9f6b-6550082b759d req-4f071528-630d-447b-9f6b-6550082b759d ] Request (ServicesAdminNegativeTestJSON:tearDownClass): 200 GET http://10.180.1.21:9696/networking/v2.0/security-groups?tenant_id=80ba5527c96c40fbb6daed4e89b216fe&name=default 0.340s
2024-10-31 11:28:48.625 62786 INFO tempest.lib.common.rest_client [req-0fb42e01-9ac2-47b9-a806-77711e81158e req-0fb42e01-9ac2-47b9-a806-77711e81158e ] Request (ServersTestFqdnHostnames:test_create_server_with_fqdn_name): 200 GET http://10.180.1.21/compute/v2.1/servers/7a0b2744-2bb0-4eee-9861-418ba67b719c 0.626s
2024-10-31 11:28:48.649 62782 INFO tempest.lib.common.rest_client [req-eef0446c-a914-407b-ba2c-b40fc1b91408 req-eef0446c-a914-407b-ba2c-b40fc1b91408 ] Request (ServersAdminNegativeTestJSON:setUpClass): 200 GET http://10.180.1.21/compute/v2.1/servers/9f83ec50-5143-45e1-849a-5c441d2702e2 0.528s
2024-10-31 11:28:48.668 62773 INFO tempest.lib.common.rest_client [req-757614e1-b3eb-4e0d-a416-99ac3af99ad4 req-757614e1-b3eb-4e0d-a416-99ac3af99ad4 ] Request (FlavorsAdminTestJSON:_run_cleanups): 200 GET http://10.180.1.21/compute/v2.1/flavors/detail 0.451s
2024-10-31 11:28:48.719 62783 INFO tempest.lib.common.rest_client [req-7c4e470e-55c5-479c-b0e9-a8cb6cec35c4 req-7c4e470e-55c5-479c-b0e9-a8cb6cec35c4 ] Request (AttachInterfacesTestJSON:test_create_list_show_delete_interfaces_by_fixed_ip): 200 GET http://10.180.1.21/compute/v2.1/servers/30befad4-aacb-44d5-87ed-4fc6b0e34bd6 0.586s
2024-10-31 11:28:48.749 62791 INFO tempest.lib.common.rest_client [req-98f82ed9-c878-493a-9714-5726124a069d req-98f82ed9-c878-493a-9714-5726124a069d ] Request (MigrationsAdminTest:test_list_migrations_in_flavor_resize_situation): 200 GET http://10.180.1.21/compute/v2.1/servers/18c503dc-6283-4489-a69c-8dead1ec3a0d 0.526s
2024-10-31 11:28:48.758 62791 INFO tempest.common.waiters [-] State transition "BUILD/spawning" ==> "ERROR/None" after 45 second wait
2024-10-31 11:28:48.803 62747 INFO tempest.lib.common.rest_client [req-ff30feb2-aadf-4efb-a3d5-5c4102d75805 req-ff30feb2-aadf-4efb-a3d5-5c4102d75805 ] Request (ServersAdminTestJSON:setUpClass): 200 GET http://10.180.1.21/compute/v2.1/servers/78599fa1-be64-4797-92a9-ebc3a40b59a1 0.255s
2024-10-31 11:28:48.805 62793 INFO tempest.lib.common.rest_client [req-7225c765-c326-4dde-869b-196e98425593 req-7225c765-c326-4dde-869b-196e98425593 ] Request (AttachVolumeTestJSON:test_attach_detach_volume): 200 GET http://10.180.1.21/compute/v2.1/servers/2aa7880f-de24-4f32-b027-731a2030f987 0.571s
2024-10-31 11:28:48.809 62743 INFO tempest.lib.common.rest_client [req-20442b4d-fc45-4569-b97d-5971e92a8295 req-20442b4d-fc45-4569-b97d-5971e92a8295 ] Request (HypervisorAdminUnderV252Test:tearDownClass): 204 DELETE http://10.180.1.21:9696/networking/v2.0/security-groups/bac07b5e-9f22-4117-956d-7b9ec26f9297 0.223s
2024-10-31 11:28:48.824 62773 INFO tempest.lib.common.rest_client [req-8b8bf972-abe7-4c2a-88d4-93c5bb0700fd req-8b8bf972-abe7-4c2a-88d4-93c5bb0700fd ] Request (FlavorsAdminTestJSON:test_list_public_flavor_with_other_user): 200 POST http://10.180.1.21/compute/v2.1/flavors 0.150s
2024-10-31 11:28:48.874 62769 INFO tempest.lib.common.rest_client [req-ce3c33e9-d483-49b8-97b6-ff00d258f3e9 req-ce3c33e9-d483-49b8-97b6-ff00d258f3e9 ] Request (FloatingIPsAssociationTestJSON:setUpClass): 200 GET http://10.180.1.21/compute/v2.1/servers/a8d8e232-6096-4da3-8f2c-65a5e5f713ae 0.142s
2024-10-31 11:28:48.887 62797 INFO tempest.lib.common.rest_client [req-cdbd7e8c-63c2-40cd-9f08-2ba3d2623887 req-cdbd7e8c-63c2-40cd-9f08-2ba3d2623887 ] Request (ServersWithSpecificFlavorTestJSON:test_verify_created_server_ephemeral_disk): 200 GET http://10.180.1.21/compute/v2.1/servers/5a1af72f-71c8-42de-aa71-f011d85210a5 0.223s
2024-10-31 11:28:48.934 62743 INFO tempest.lib.common.rest_client [req-184ced54-9693-40cb-9f0a-007b5ad60b86 req-184ced54-9693-40cb-9f0a-007b5ad60b86 ] Request (HypervisorAdminUnderV252Test:tearDownClass): 204 DELETE http://10.180.1.21/identity/v3/projects/f33dd41eaeaa47b8a4c75caf82dc6e4b 0.125s
2024-10-31 11:28:48.935 62743 INFO tempest.lib.common.dynamic_creds [-] Deleting project and security group for project: b567de2a82014c9795408e06c958c43c
2024-10-31 11:28:48.959 62795 INFO tempest.lib.common.rest_client [req-dc79bff4-a150-4320-bcdf-065ab8b6e178 req-dc79bff4-a150-4320-bcdf-065ab8b6e178 ] Request (ListImageFiltersTestJSON:setUpClass): 200 GET http://10.180.1.21/compute/v2.1/servers/c32f170d-1e88-4716-a02a-b8db6896e900 0.166s
2024-10-31 11:28:49.058 62753 INFO tempest.lib.common.rest_client [req-ac482c26-a96c-48a5-a149-a4e548445b33 req-ac482c26-a96c-48a5-a149-a4e548445b33 ] Request (ServicesAdminNegativeTestJSON:tearDownClass): 204 DELETE http://10.180.1.21:9696/networking/v2.0/security-groups/0bee7374-c2ed-4a1a-a53b-e0e2b96dab6e 0.439s
2024-10-31 11:28:49.060 62791 INFO tempest.lib.common.rest_client [req-00956ea4-cec1-4308-a27b-104f7c7ac16b req-00956ea4-cec1-4308-a27b-104f7c7ac16b ] Request (MigrationsAdminTest:test_list_migrations_in_flavor_resize_situation): 204 DELETE http://10.180.1.21/compute/v2.1/servers/18c503dc-6283-4489-a69c-8dead1ec3a0d 0.301s
2024-10-31 11:28:49.066 62741 INFO tempest.lib.common.rest_client [req-b8a95539-c56a-45ee-8c12-59c2d8f7c77f req-b8a95539-c56a-45ee-8c12-59c2d8f7c77f ] Request (ServersAdmin275Test:test_rebuild_update_server_275): 200 GET http://10.180.1.21/compute/v2.1/servers/c4a88e75-690f-4bed-a4f9-a0de3b193eff 0.241s
2024-10-31 11:28:49.075 62773 INFO tempest.lib.common.rest_client [req-724a37cb-6b6d-4574-8df0-bd3db585a459 req-724a37cb-6b6d-4574-8df0-bd3db585a459 ] Request (FlavorsAdminTestJSON:test_list_public_flavor_with_other_user): 200 GET http://10.180.1.21/compute/v2.1/flavors/detail 0.248s
2024-10-31 11:28:49.167 62771 INFO tempest.lib.common.rest_client [req-f70d9c4f-6fd2-46d9-b6b9-78da20179bfc req-f70d9c4f-6fd2-46d9-b6b9-78da20179bfc ] Request (ServerDiagnosticsV248Test:tearDownClass): 200 GET http://10.180.1.21/compute/v2.1/servers/90e42997-a34c-4a39-8d2f-7ab0ed19f028 0.267s
2024-10-31 11:28:49.175 62753 INFO tempest.lib.common.rest_client [req-68743f67-4acc-4a0b-b33f-955bf695cdae req-68743f67-4acc-4a0b-b33f-955bf695cdae ] Request (ServicesAdminNegativeTestJSON:tearDownClass): 204 DELETE http://10.180.1.21/identity/v3/projects/80ba5527c96c40fbb6daed4e89b216fe 0.117s
2024-10-31 11:28:49.175 62753 INFO tempest.lib.common.dynamic_creds [-] Deleting project and security group for project: de5eca04a6694d7e863e23c02603d986
2024-10-31 11:28:49.191 62791 INFO tempest.lib.common.rest_client [req-08a472e3-eab2-480d-a10d-f76c3958c1e2 req-08a472e3-eab2-480d-a10d-f76c3958c1e2 ] Request (MigrationsAdminTest:test_list_migrations_in_flavor_resize_situation): 404 GET http://10.180.1.21/compute/v2.1/servers/18c503dc-6283-4489-a69c-8dead1ec3a0d 0.130s
2024-10-31 11:28:49.280 62803 INFO tempest.lib.common.rest_client [req-d86f24bc-3bea-4cee-ae93-9b5bf794d31a req-d86f24bc-3bea-4cee-ae93-9b5bf794d31a ] Request (ServerActionsTestOtherB:setUpClass): 200 GET http://10.180.1.21/compute/v2.1/servers/bef7d4e7-9af2-4071-ae6d-bdbfa7f46460 0.212s
2024-10-31 11:28:49.290 62765 INFO tempest.lib.common.rest_client [req-9ece5bb3-edb4-4f98-b3f0-31943ddb1af1 req-9ece5bb3-edb4-4f98-b3f0-31943ddb1af1 ] Request (ImagesNegativeTestJSON:test_create_image_from_deleted_server): 200 GET http://10.180.1.21/compute/v2.1/servers/e49252e3-11cc-49c3-b959-24ad87ad48c9 0.287s
2024-10-31 11:28:49.296 62773 INFO tempest.lib.common.rest_client [req-de0bb618-03d5-49c8-9108-9f1835af37bb req-de0bb618-03d5-49c8-9108-9f1835af37bb ] Request (FlavorsAdminTestJSON:_run_cleanups): 202 DELETE http://10.180.1.21/compute/v2.1/flavors/1180003611 0.214s
2024-10-31 11:28:49.298 62743 INFO tempest.lib.common.rest_client [req-998bbd9a-3267-4e92-b7a8-6c6188c67bd8 req-998bbd9a-3267-4e92-b7a8-6c6188c67bd8 ] Request (HypervisorAdminUnderV252Test:tearDownClass): 200 GET http://10.180.1.21:9696/networking/v2.0/security-groups?tenant_id=b567de2a82014c9795408e06c958c43c&name=default 0.363s
2024-10-31 11:28:49.303 62791 INFO tempest.lib.common.rest_client [req-f78658be-29e2-43e7-93d8-c64717dee0f3 req-f78658be-29e2-43e7-93d8-c64717dee0f3 ] Request (MigrationsAdminTest:test_resize_server_revert_deleted_flavor): 200 GET http://10.180.1.21/compute/v2.1/flavors/42 0.107s
2024-10-31 11:28:49.343 62739 INFO tempest.lib.common.rest_client [req-291a200e-0709-4290-b871-c3f427530e14 req-291a200e-0709-4290-b871-c3f427530e14 ] Request (VolumesAdminNegativeTest:test_update_attached_volume_with_nonexistent_volume_in_body): 200 GET http://10.180.1.21/compute/v2.1/servers/59fd4a4a-20f5-4b8f-970a-acfc882f45a3 0.220s
2024-10-31 11:28:49.349 62739 INFO tempest.common.waiters [-] State transition "BUILD/networking" ==> "BUILD/spawning" after 34 second wait
2024-10-31 11:28:49.398 62777 INFO tempest.lib.common.rest_client [req-4d9cb625-f75f-478c-a237-04d28e2db6fa req-4d9cb625-f75f-478c-a237-04d28e2db6fa ] Request (VolumesAssistedSnapshotsTest:test_volume_assisted_snapshot_create_delete): 200 GET http://10.180.1.21/compute/v2.1/servers/24b4c233-c874-452e-a7fc-492ca2a49a09 0.190s
2024-10-31 11:28:49.409 62787 INFO tempest.lib.common.rest_client [req-5801338f-4e04-41a7-b6a5-4bed0870ce93 req-5801338f-4e04-41a7-b6a5-4bed0870ce93 ] Request (AttachInterfacesUnderV243Test:test_add_remove_fixed_ip): 200 GET http://10.180.1.21/compute/v2.1/servers/20bf8c62-8b80-45c2-98d4-5a960f465aa0 0.200s
2024-10-31 11:28:49.431 62773 INFO tempest.lib.common.rest_client [req-fc9d8210-0f3b-4400-a236-a6f9d3844801 req-fc9d8210-0f3b-4400-a236-a6f9d3844801 ] Request (FlavorsAdminTestJSON:_run_cleanups): 200 GET http://10.180.1.21/compute/v2.1/flavors/detail 0.135s
2024-10-31 11:28:49.448 62791 INFO tempest.lib.common.rest_client [req-8976df73-18f1-407f-b6dd-51035ee50440 req-8976df73-18f1-407f-b6dd-51035ee50440 ] Request (MigrationsAdminTest:test_resize_server_revert_deleted_flavor): 200 POST http://10.180.1.21/compute/v2.1/flavors 0.143s
2024-10-31 11:28:49.467 62743 INFO tempest.lib.common.rest_client [req-bb763896-3c16-4618-b64c-366a3aee93b2 req-bb763896-3c16-4618-b64c-366a3aee93b2 ] Request (HypervisorAdminUnderV252Test:tearDownClass): 204 DELETE http://10.180.1.21:9696/networking/v2.0/security-groups/b4a31400-b673-4e73-b936-1d53fa1841b0 0.169s
2024-10-31 11:28:49.520 62745 INFO tempest.lib.common.rest_client [req-9b316784-0435-4e8d-92ad-aafe02885e4b req-9b316784-0435-4e8d-92ad-aafe02885e4b ] Request (ServersTestBootFromVolume:setUpClass): 200 GET http://10.180.1.21/compute/v2.1/servers/5ca1a33c-7324-481c-95cd-3761ce8ccf13 0.204s
2024-10-31 11:28:49.523 62755 INFO tempest.lib.common.rest_client [req-75a55b2d-eaff-4705-9f9c-e42fb0c17be7 req-75a55b2d-eaff-4705-9f9c-e42fb0c17be7 ] Request (ImagesOneServerTestJSON:setUpClass): 200 GET http://10.180.1.21/compute/v2.1/servers/1a27278b-b930-4432-90f2-45cdf025c83e 0.226s
2024-10-31 11:28:49.598 62761 INFO tempest.lib.common.rest_client [req-1e4c2c58-cae2-4e2a-8a09-19d1c64ef8cc req-1e4c2c58-cae2-4e2a-8a09-19d1c64ef8cc ] Request (ServerActionsTestJSON:setUpClass): 200 GET http://10.180.1.21/compute/v2.1/servers/d8d4c087-9b0f-48c7-bd05-291a7e2a3e83 0.238s
2024-10-31 11:28:49.615 62791 INFO tempest.lib.common.rest_client [req-4c5b856d-7350-4435-9466-885e48a8f8c1 req-4c5b856d-7350-4435-9466-885e48a8f8c1 ] Request (MigrationsAdminTest:test_resize_server_revert_deleted_flavor): 200 GET http://10.180.1.21/compute/v2.1/flavors/42/os-extra_specs 0.164s
2024-10-31 11:28:49.620 62773 INFO tempest.lib.common.rest_client [req-ef22abe2-e3ff-40ca-988a-2510bb89f7eb req-ef22abe2-e3ff-40ca-988a-2510bb89f7eb ] Request (FlavorsAdminTestJSON:tearDownClass): 204 DELETE http://10.180.1.21/identity/v3/users/4fa7d0a0a8e540e0a7c0c313755e68fe 0.181s
2024-10-31 11:28:49.623 62743 INFO tempest.lib.common.rest_client [req-b01dc4b0-df2a-4257-80cd-97eafb6c3b06 req-b01dc4b0-df2a-4257-80cd-97eafb6c3b06 ] Request (HypervisorAdminUnderV252Test:tearDownClass): 204 DELETE http://10.180.1.21/identity/v3/projects/b567de2a82014c9795408e06c958c43c 0.154s
2024-10-31 11:28:49.628 62767 INFO tempest.lib.common.rest_client [req-291e1e60-66c3-4b2f-8424-5bd2bbbec6d9 req-291e1e60-66c3-4b2f-8424-5bd2bbbec6d9 ] Request (ImagesTestJSON:test_create_image_from_stopped_server): 200 GET http://10.180.1.21/compute/v2.1/servers/0acb10f9-3d1e-4621-9b7f-dd7c6b1f86b4 0.189s
2024-10-31 11:28:49.657 62753 INFO tempest.lib.common.rest_client [req-3a10d696-4963-4f11-becd-692698c2771e req-3a10d696-4963-4f11-becd-692698c2771e ] Request (ServicesAdminNegativeTestJSON:tearDownClass): 200 GET http://10.180.1.21:9696/networking/v2.0/security-groups?tenant_id=de5eca04a6694d7e863e23c02603d986&name=default 0.481s
2024-10-31 11:28:49.660 62749 INFO tempest.lib.common.rest_client [req-9c824191-e0a7-46f7-bdec-5540b5419310 req-9c824191-e0a7-46f7-bdec-5540b5419310 ] Request (FloatingIPDetailsTestJSON:tearDownClass): 204 DELETE http://10.180.1.21:9696/networking/v2.0/networks/8a54a844-337f-4bde-86c4-d283e54ee711 1.357s
2024-10-31 11:28:49.686 62743 INFO tempest.lib.common.rest_client [req-5bc71157-af4c-4bd3-a584-1fef3bfcfb0a req-5bc71157-af4c-4bd3-a584-1fef3bfcfb0a ] Request (HypervisorAdminV253TestBase:setUpClass): 201 POST http://10.180.1.21/identity/v3/auth/tokens 0.062s
2024-10-31 11:28:49.693 62799 INFO tempest.lib.common.rest_client [req-04ea4b54-7707-4a33-b7ed-adc3cd99caad req-04ea4b54-7707-4a33-b7ed-adc3cd99caad ] Request (DeleteServersAdminTestJSON:test_delete_server_while_in_error_state): 200 GET http://10.180.1.21/compute/v2.1/servers/73142a3f-3be8-4956-90f8-6ca223d2d01f 0.178s
2024-10-31 11:28:49.719 62751 INFO tempest.lib.common.rest_client [req-661ef83f-84d6-4ab5-b200-33851724f5a1 req-661ef83f-84d6-4ab5-b200-33851724f5a1 ] Request (ServerDiskConfigTestJSON:test_rebuild_server_with_auto_disk_config): 200 GET http://10.180.1.21/compute/v2.1/servers/eed1dcc3-d9f9-4211-a4c3-850dcdad72b1 0.140s
2024-10-31 11:28:49.727 62791 INFO tempest.lib.common.rest_client [req-187f64c3-2751-4b85-be1b-53817733d2f3 req-187f64c3-2751-4b85-be1b-53817733d2f3 ] Request (MigrationsAdminTest:test_resize_server_revert_deleted_flavor): 200 POST http://10.180.1.21/compute/v2.1/flavors/ead61835-98bc-4b00-b2c2-f0d2e9cdd803/os-extra_specs 0.110s
2024-10-31 11:28:49.732 62751 INFO tempest.common.waiters [-] State transition "BUILD/scheduling" ==> "BUILD/None" after 17 second wait
2024-10-31 11:28:49.760 62759 INFO tempest.lib.common.rest_client [req-4ad9e8f1-4c16-436d-af6e-5b749a276244 req-4ad9e8f1-4c16-436d-af6e-5b749a276244 ] Request (ServersTestJSON:setUpClass): 201 POST http://10.180.1.21:9696/networking/v2.0/floatingips 1.871s
2024-10-31 11:28:49.780 62773 INFO tempest.lib.common.rest_client [req-7cb2fcfb-87f5-432b-8ad0-eaa4ad00b232 req-7cb2fcfb-87f5-432b-8ad0-eaa4ad00b232 ] Request (FlavorsAdminTestJSON:tearDownClass): 204 DELETE http://10.180.1.21/identity/v3/users/8811fee04cc24470a476000d69839226 0.159s
2024-10-31 11:28:49.780 62773 INFO tempest.lib.common.dynamic_creds [-] Deleting project and security group for project: fa0a9a0f7eaf40aa931ccbaf0695f3f0
2024-10-31 11:28:49.818 62786 INFO tempest.lib.common.rest_client [req-db0e364a-2535-46e9-b00c-39673a101b91 req-db0e364a-2535-46e9-b00c-39673a101b91 ] Request (ServersTestFqdnHostnames:test_create_server_with_fqdn_name): 200 GET http://10.180.1.21/compute/v2.1/servers/7a0b2744-2bb0-4eee-9861-418ba67b719c 0.186s
2024-10-31 11:28:49.819 62782 INFO tempest.lib.common.rest_client [req-e9fe701a-225c-4c03-8b05-842f2bf64792 req-e9fe701a-225c-4c03-8b05-842f2bf64792 ] Request (ServersAdminNegativeTestJSON:setUpClass): 200 GET http://10.180.1.21/compute/v2.1/servers/9f83ec50-5143-45e1-849a-5c441d2702e2 0.156s
2024-10-31 11:28:49.844 62757 INFO tempest.lib.common.rest_client [req-1c336cd9-cdf2-4457-ace0-c4e12c8d8673 req-1c336cd9-cdf2-4457-ace0-c4e12c8d8673 ] Request (SecurityGroupRulesTestJSON:setUpClass): 201 POST http://10.180.1.21:9696/networking/v2.0/routers 1.260s
2024-10-31 11:28:49.852 62743 INFO tempest.lib.common.rest_client [req-d04e48cd-8df5-4269-8b0b-f3c21523bd8a req-d04e48cd-8df5-4269-8b0b-f3c21523bd8a ] Request (HypervisorAdminV253TestBase:setUpClass): 201 POST http://10.180.1.21/identity/v3/auth/tokens 0.163s
2024-10-31 11:28:49.855 62753 INFO tempest.lib.common.rest_client [req-f6fe121f-cd81-4166-8b75-fcbd372b9a1e req-f6fe121f-cd81-4166-8b75-fcbd372b9a1e ] Request (ServicesAdminNegativeTestJSON:tearDownClass): 204 DELETE http://10.180.1.21:9696/networking/v2.0/security-groups/41aa9bc1-2ae8-492b-914e-a1f996a802e9 0.198s
2024-10-31 11:28:49.876 62783 INFO tempest.lib.common.rest_client [req-4aa055d8-088b-4eb6-989b-4223b8090df5 req-4aa055d8-088b-4eb6-989b-4223b8090df5 ] Request (AttachInterfacesTestJSON:test_create_list_show_delete_interfaces_by_fixed_ip): 200 GET http://10.180.1.21/compute/v2.1/servers/30befad4-aacb-44d5-87ed-4fc6b0e34bd6 0.148s
2024-10-31 11:28:49.897 62749 INFO tempest.lib.common.rest_client [req-b89e04ca-05eb-4852-853d-4d1798f0e620 req-b89e04ca-05eb-4852-853d-4d1798f0e620 ] Request (FloatingIPDetailsTestJSON:tearDownClass): 204 DELETE http://10.180.1.21/identity/v3/users/f694df17bb6542c89b69518aeb4a5f1b 0.235s
2024-10-31 11:28:49.897 62749 INFO tempest.lib.common.dynamic_creds [-] Deleting project and security group for project: d8b2ea1bb7034891a44fa39792ccb13b
2024-10-31 11:28:49.907 62791 INFO tempest.lib.common.rest_client [req-cfc40881-39c4-4e81-be9a-6f46adf5812b req-cfc40881-39c4-4e81-be9a-6f46adf5812b ] Request (MigrationsAdminTest:test_resize_server_revert_deleted_flavor): 201 POST http://10.180.1.21/identity/v3/auth/tokens 0.172s
2024-10-31 11:28:49.907 62791 INFO tempest.lib.common.fixed_network [-] (MigrationsAdminTest:test_resize_server_revert_deleted_flavor) Found network None available for tenant
2024-10-31 11:28:49.923 62747 INFO tempest.lib.common.rest_client [req-9df8e9aa-38f2-4b8e-aeb7-57cc98196b68 req-9df8e9aa-38f2-4b8e-aeb7-57cc98196b68 ] Request (ServersAdminTestJSON:setUpClass): 200 GET http://10.180.1.21/compute/v2.1/servers/78599fa1-be64-4797-92a9-ebc3a40b59a1 0.113s
2024-10-31 11:28:49.952 62759 INFO tempest.lib.common.rest_client [req-f791a2ab-dd81-4a26-94d3-96e1570c0274 req-f791a2ab-dd81-4a26-94d3-96e1570c0274 ] Request (ServersTestJSON:setUpClass): 201 POST http://10.180.1.21/identity/v3/auth/tokens 0.185s
2024-10-31 11:28:49.952 62759 INFO tempest.lib.common.fixed_network [-] (ServersTestJSON:setUpClass) Found network {'id': 'e6fb72d1-9469-44f7-a932-fde6a80d1988', 'name': 'tempest-ServersTestJSON-1720803500-network', 'tenant_id': 'ceab446cb9624596b9015ac0f5ed14ca', 'admin_state_up': True, 'mtu': 8950, 'status': 'ACTIVE', 'subnets': [], 'shared': False, 'project_id': 'ceab446cb9624596b9015ac0f5ed14ca', 'port_security_enabled': True, 'router:external': False, 'provider:network_type': 'vlan', 'provider:physical_network': 'default', 'provider:segmentation_id': 952, 'availability_zone_hints': [], 'availability_zones': [], 'ipv4_address_scope': None, 'ipv6_address_scope': None, 'description': '', 'tags': [], 'created_at': '2024-10-31T11:28:44Z', 'updated_at': '2024-10-31T11:28:44Z', 'revision_number': 1} available for tenant
2024-10-31 11:28:49.969 62773 INFO tempest.lib.common.rest_client [req-20b5643d-9192-47c8-96c7-ac548d266986 req-20b5643d-9192-47c8-96c7-ac548d266986 ] Request (FlavorsAdminTestJSON:tearDownClass): 201 POST http://10.180.1.21/identity/v3/auth/tokens 0.189s
2024-10-31 11:28:49.978 62793 INFO tempest.lib.common.rest_client [req-c7c9985f-0b4c-4e6f-a29f-4eead051a628 req-c7c9985f-0b4c-4e6f-a29f-4eead051a628 ] Request (AttachVolumeTestJSON:test_attach_detach_volume): 200 GET http://10.180.1.21/compute/v2.1/servers/2aa7880f-de24-4f32-b027-731a2030f987 0.164s
2024-10-31 11:28:49.986 62743 INFO tempest.lib.common.rest_client [req-b9a4b1d2-b8c1-485f-9140-6d443fb65538 req-b9a4b1d2-b8c1-485f-9140-6d443fb65538 ] Request (HypervisorAdminV253TestBase:setUpClass): 200 GET http://10.180.1.21/identity/v3/domains?name=Default 0.133s
2024-10-31 11:28:50.002 62749 INFO tempest.lib.common.rest_client [req-9bfb0cdc-bfb9-4f63-88d6-ac577e9ce8a3 req-9bfb0cdc-bfb9-4f63-88d6-ac577e9ce8a3 ] Request (FloatingIPDetailsTestJSON:tearDownClass): 200 GET http://10.180.1.21:9696/networking/v2.0/security-groups?tenant_id=d8b2ea1bb7034891a44fa39792ccb13b&name=default 0.105s
2024-10-31 11:28:50.031 62769 INFO tempest.lib.common.rest_client [req-e4224ad4-3c47-4db5-b8dd-fb3e59bb0e15 req-e4224ad4-3c47-4db5-b8dd-fb3e59bb0e15 ] Request (FloatingIPsAssociationTestJSON:setUpClass): 200 GET http://10.180.1.21/compute/v2.1/servers/a8d8e232-6096-4da3-8f2c-65a5e5f713ae 0.150s
2024-10-31 11:28:50.033 62743 INFO tempest.lib.common.rest_client [req-f6f163a7-617f-491f-8b0d-f01e8b69dd41 req-f6f163a7-617f-491f-8b0d-f01e8b69dd41 ] Request (HypervisorAdminV253TestBase:setUpClass): 201 POST http://10.180.1.21/identity/v3/projects 0.046s
2024-10-31 11:28:50.049 62753 INFO tempest.lib.common.rest_client [req-0e6e2389-b9de-4da9-b894-da9176a1fce3 req-0e6e2389-b9de-4da9-b894-da9176a1fce3 ] Request (ServicesAdminNegativeTestJSON:tearDownClass): 204 DELETE http://10.180.1.21/identity/v3/projects/de5eca04a6694d7e863e23c02603d986 0.193s
2024-10-31 11:28:50.094 62797 INFO tempest.lib.common.rest_client [req-f1aede25-b0f7-4185-88c7-af81f05fb18e req-f1aede25-b0f7-4185-88c7-af81f05fb18e ] Request (ServersWithSpecificFlavorTestJSON:test_verify_created_server_ephemeral_disk): 200 GET http://10.180.1.21/compute/v2.1/servers/5a1af72f-71c8-42de-aa71-f011d85210a5 0.196s
2024-10-31 11:28:50.150 62743 INFO tempest.lib.common.rest_client [req-71bae11a-2f67-49ec-8c51-fe4d574ad9c4 req-71bae11a-2f67-49ec-8c51-fe4d574ad9c4 ] Request (HypervisorAdminV253TestBase:setUpClass): 201 POST http://10.180.1.21/identity/v3/users 0.117s
2024-10-31 11:28:50.185 62743 INFO tempest.lib.common.rest_client [req-9b83f96d-96fb-4855-b363-215ed01c05d9 req-9b83f96d-96fb-4855-b363-215ed01c05d9 ] Request (HypervisorAdminV253TestBase:setUpClass): 200 GET http://10.180.1.21/identity/v3/roles 0.035s
2024-10-31 11:28:50.189 62753 INFO tempest.lib.common.rest_client [req-4a3a23d2-11fa-4c98-b8fe-9d164db3522d req-4a3a23d2-11fa-4c98-b8fe-9d164db3522d ] Request (ServerActionsV293TestJSON:setUpClass): 201 POST http://10.180.1.21/identity/v3/auth/tokens 0.138s
2024-10-31 11:28:50.213 62743 INFO tempest.lib.common.rest_client [req-dfbfbabc-e592-4877-9eec-689be1f9972c req-dfbfbabc-e592-4877-9eec-689be1f9972c ] Request (HypervisorAdminV253TestBase:setUpClass): 204 PUT http://10.180.1.21/identity/v3/projects/b2cc6ff8172543a7979b4b05b902fbc6/users/21ad9853a7854d229ba304ba2469e2b2/roles/bff3832d50e146b6a825d83717c298a5 0.027s
2024-10-31 11:28:50.213 62743 INFO tempest.lib.common.dynamic_creds [-] Dynamic test user 21ad9853a7854d229ba304ba2469e2b2 is created with scope project and roles: ['member']
2024-10-31 11:28:50.213 62743 INFO tempest.lib.common.dynamic_creds [-] Acquired dynamic creds: credentials: Credentials: {'domain_id': 'default', 'domain_name': 'Default', 'username': 'tempest-HypervisorAdminV253TestBase-132975457-project-member', 'project_domain_id': 'default', 'project_domain_name': 'Default', 'project_id': 'b2cc6ff8172543a7979b4b05b902fbc6', 'project_name': 'tempest-HypervisorAdminV253TestBase-132975457', 'tenant_id': 'b2cc6ff8172543a7979b4b05b902fbc6', 'tenant_name': 'tempest-HypervisorAdminV253TestBase-132975457', 'user_domain_id': 'default', 'user_domain_name': 'Default', 'user_id': '21ad9853a7854d229ba304ba2469e2b2', 'system': None}, Network: None, Subnet: None, Router: None
2024-10-31 11:28:50.213 62743 INFO tempest.lib.common.dynamic_creds [-] Created isolated network resources for: credentials: Credentials: {'domain_id': 'default', 'domain_name': 'Default', 'username': 'tempest-HypervisorAdminV253TestBase-132975457-project-member', 'project_domain_id': 'default', 'project_domain_name': 'Default', 'project_id': 'b2cc6ff8172543a7979b4b05b902fbc6', 'project_name': 'tempest-HypervisorAdminV253TestBase-132975457', 'tenant_id': 'b2cc6ff8172543a7979b4b05b902fbc6', 'tenant_name': 'tempest-HypervisorAdminV253TestBase-132975457', 'user_domain_id': 'default', 'user_domain_name': 'Default', 'user_id': '21ad9853a7854d229ba304ba2469e2b2', 'system': None}, Network: None, Subnet: None, Router: None
2024-10-31 11:28:50.256 62753 INFO tempest.lib.common.rest_client [req-cff7b860-1b9d-4ea5-a5f1-03ea2c7008fd req-cff7b860-1b9d-4ea5-a5f1-03ea2c7008fd ] Request (ServerActionsV293TestJSON:setUpClass): 201 POST http://10.180.1.21/identity/v3/auth/tokens 0.064s
2024-10-31 11:28:50.280 62753 INFO tempest.lib.common.rest_client [req-b31d595d-cd05-4d82-8d9e-27ecb60a1aaa req-b31d595d-cd05-4d82-8d9e-27ecb60a1aaa ] Request (ServerActionsV293TestJSON:setUpClass): 200 GET http://10.180.1.21/identity/v3/domains?name=Default 0.024s
2024-10-31 11:28:50.293 62743 INFO tempest.lib.common.rest_client [req-acbd6108-7532-4216-a206-17f2d40c3819 req-acbd6108-7532-4216-a206-17f2d40c3819 ] Request (HypervisorAdminV253TestBase:setUpClass): 201 POST http://10.180.1.21/identity/v3/auth/tokens 0.075s
2024-10-31 11:28:50.309 62753 INFO tempest.lib.common.rest_client [req-45b0499d-78d1-457c-9552-55b448c5fbe1 req-45b0499d-78d1-457c-9552-55b448c5fbe1 ] Request (ServerActionsV293TestJSON:setUpClass): 201 POST http://10.180.1.21/identity/v3/projects 0.028s
2024-10-31 11:28:50.324 62743 INFO tempest.lib.common.rest_client [req-1b0f3949-6b69-46a7-9b9a-a1edef0071c7 req-1b0f3949-6b69-46a7-9b9a-a1edef0071c7 ] Request (HypervisorAdminV253TestBase:setUpClass): 201 POST http://10.180.1.21/identity/v3/projects 0.030s
2024-10-31 11:28:50.364 62791 INFO tempest.lib.common.rest_client [req-04b5e2fe-420a-4980-828f-5aaaaac6b6d6 req-04b5e2fe-420a-4980-828f-5aaaaac6b6d6 ] Request (MigrationsAdminTest:test_resize_server_revert_deleted_flavor): 202 POST http://10.180.1.21/compute/v2.1/servers 0.456s
2024-10-31 11:28:50.386 62743 INFO tempest.lib.common.rest_client [req-d050b0d2-df6e-4862-a039-47520034423e req-d050b0d2-df6e-4862-a039-47520034423e ] Request (HypervisorAdminV253TestBase:setUpClass): 201 POST http://10.180.1.21/identity/v3/users 0.060s
2024-10-31 11:28:50.400 62753 INFO tempest.lib.common.rest_client [req-a0068e86-9817-4278-9884-0f076e95f545 req-a0068e86-9817-4278-9884-0f076e95f545 ] Request (ServerActionsV293TestJSON:setUpClass): 201 POST http://10.180.1.21/identity/v3/users 0.091s
2024-10-31 11:28:50.404 62743 INFO tempest.lib.common.rest_client [req-5dea5ad9-835a-444b-8f22-17d2d8857754 req-5dea5ad9-835a-444b-8f22-17d2d8857754 ] Request (HypervisorAdminV253TestBase:setUpClass): 200 GET http://10.180.1.21/identity/v3/roles 0.018s
2024-10-31 11:28:50.421 62753 INFO tempest.lib.common.rest_client [req-81b68e2f-cb92-4ba7-9e6d-798d3ca01f66 req-81b68e2f-cb92-4ba7-9e6d-798d3ca01f66 ] Request (ServerActionsV293TestJSON:setUpClass): 200 GET http://10.180.1.21/identity/v3/roles 0.020s
2024-10-31 11:28:50.426 62749 INFO tempest.lib.common.rest_client [req-9138d84f-dff9-4d55-8cbb-5ca8793d5c31 req-9138d84f-dff9-4d55-8cbb-5ca8793d5c31 ] Request (FloatingIPDetailsTestJSON:tearDownClass): 204 DELETE http://10.180.1.21:9696/networking/v2.0/security-groups/ba86f3d7-8398-49e8-98d8-92bc6e4074e3 0.423s
2024-10-31 11:28:50.441 62795 INFO tempest.lib.common.rest_client [req-ff74ada2-1c85-47d9-bd64-4cf6fdc6fe83 req-ff74ada2-1c85-47d9-bd64-4cf6fdc6fe83 ] Request (ListImageFiltersTestJSON:setUpClass): 200 GET http://10.180.1.21/compute/v2.1/servers/c32f170d-1e88-4716-a02a-b8db6896e900 0.472s
2024-10-31 11:28:50.447 62753 INFO tempest.lib.common.rest_client [req-21eeb491-b616-4b17-8665-ac09f9cdf5a0 req-21eeb491-b616-4b17-8665-ac09f9cdf5a0 ] Request (ServerActionsV293TestJSON:setUpClass): 204 PUT http://10.180.1.21/identity/v3/projects/2eee907e87ae476fa672848fea290bfd/users/d7f5c7a4ae254cd5a4d50b88dfb1ee03/roles/bff3832d50e146b6a825d83717c298a5 0.025s
2024-10-31 11:28:50.447 62753 INFO tempest.lib.common.dynamic_creds [-] Dynamic test user d7f5c7a4ae254cd5a4d50b88dfb1ee03 is created with scope project and roles: ['member']
2024-10-31 11:28:50.448 62753 INFO tempest.lib.common.dynamic_creds [-] Acquired dynamic creds: credentials: Credentials: {'domain_id': 'default', 'domain_name': 'Default', 'username': 'tempest-ServerActionsV293TestJSON-923794683-project-member', 'project_domain_id': 'default', 'project_domain_name': 'Default', 'project_id': '2eee907e87ae476fa672848fea290bfd', 'project_name': 'tempest-ServerActionsV293TestJSON-923794683', 'tenant_id': '2eee907e87ae476fa672848fea290bfd', 'tenant_name': 'tempest-ServerActionsV293TestJSON-923794683', 'user_domain_id': 'default', 'user_domain_name': 'Default', 'user_id': 'd7f5c7a4ae254cd5a4d50b88dfb1ee03', 'system': None}, Network: None, Subnet: None, Router: None
2024-10-31 11:28:50.455 62743 INFO tempest.lib.common.rest_client [req-6396739e-8bc9-4ca9-a57d-fd2647676a59 req-6396739e-8bc9-4ca9-a57d-fd2647676a59 ] Request (HypervisorAdminV253TestBase:setUpClass): 204 PUT http://10.180.1.21/identity/v3/projects/f8a8fba91d004b6faa571c714826ab9d/users/da684bb4be2446f0a8fceb1be32adf69/roles/51060002c2a54863ae6faa3da3a55839 0.051s
2024-10-31 11:28:50.528 62741 INFO tempest.lib.common.rest_client [req-66f7c9f3-dfc2-4d41-8194-0a974163d607 req-66f7c9f3-dfc2-4d41-8194-0a974163d607 ] Request (ServersAdmin275Test:test_rebuild_update_server_275): 200 GET http://10.180.1.21/compute/v2.1/servers/c4a88e75-690f-4bed-a4f9-a0de3b193eff 0.451s
2024-10-31 11:28:50.542 62741 INFO tempest.common.waiters [-] State transition "REBUILD/rebuilding" ==> "REBUILD/rebuild_block_device_mapping" after 3 second wait
2024-10-31 11:28:50.558 62753 INFO tempest.lib.common.rest_client [req-902f373a-b37d-4250-800e-bd86d5d2c1cd req-902f373a-b37d-4250-800e-bd86d5d2c1cd ] Request (ServerActionsV293TestJSON:setUpClass): 201 POST http://10.180.1.21/identity/v3/auth/tokens 0.110s
2024-10-31 11:28:50.576 62749 INFO tempest.lib.common.rest_client [req-9ad2cf8c-aeae-4ab6-9384-7ea9770a1695 req-9ad2cf8c-aeae-4ab6-9384-7ea9770a1695 ] Request (FloatingIPDetailsTestJSON:tearDownClass): 204 DELETE http://10.180.1.21/identity/v3/projects/d8b2ea1bb7034891a44fa39792ccb13b 0.150s
2024-10-31 11:28:50.615 62749 INFO tempest.lib.common.rest_client [req-df729723-322e-4664-bbf4-99b2230f36f3 req-df729723-322e-4664-bbf4-99b2230f36f3 ] Request (AbsoluteLimitsTestJSON:setUpClass): 201 POST http://10.180.1.21/identity/v3/auth/tokens 0.037s
2024-10-31 11:28:50.615 62743 INFO tempest.lib.common.rest_client [req-5980a8ec-cfa9-436e-869b-503c23144412 req-5980a8ec-cfa9-436e-869b-503c23144412 ] Request (HypervisorAdminV253TestBase:setUpClass): 200 GET http://10.180.1.21/identity/v3/roles 0.159s
2024-10-31 11:28:50.619 62773 INFO tempest.lib.common.rest_client [req-24746efb-cd64-4364-a1f3-48e5b3c3d0b1 req-24746efb-cd64-4364-a1f3-48e5b3c3d0b1 ] Request (FlavorsAdminTestJSON:tearDownClass): 200 GET http://10.180.1.21:9696/networking/v2.0/security-groups?tenant_id=fa0a9a0f7eaf40aa931ccbaf0695f3f0&name=default 0.650s
2024-10-31 11:28:50.626 62771 INFO tempest.lib.common.rest_client [req-1927a4c4-3196-4fa7-803c-134b226af82e req-1927a4c4-3196-4fa7-803c-134b226af82e ] Request (ServerDiagnosticsV248Test:tearDownClass): 200 GET http://10.180.1.21/compute/v2.1/servers/90e42997-a34c-4a39-8d2f-7ab0ed19f028 0.448s
2024-10-31 11:28:50.667 62743 INFO tempest.lib.common.rest_client [req-bad15681-ff02-47c2-91b0-2c93589d9ab6 req-bad15681-ff02-47c2-91b0-2c93589d9ab6 ] Request (HypervisorAdminV253TestBase:setUpClass): 204 PUT http://10.180.1.21/identity/v3/projects/f8a8fba91d004b6faa571c714826ab9d/users/da684bb4be2446f0a8fceb1be32adf69/roles/51060002c2a54863ae6faa3da3a55839 0.051s
2024-10-31 11:28:50.668 62743 INFO tempest.lib.common.dynamic_creds [-] Dynamic test user da684bb4be2446f0a8fceb1be32adf69 is created with scope project and roles: ['admin']
2024-10-31 11:28:50.668 62743 INFO tempest.lib.common.dynamic_creds [-] Acquired dynamic creds: credentials: Credentials: {'domain_id': 'default', 'domain_name': 'Default', 'username': 'tempest-HypervisorAdminV253TestBase-1866493485-project-admin', 'project_domain_id': 'default', 'project_domain_name': 'Default', 'project_id': 'f8a8fba91d004b6faa571c714826ab9d', 'project_name': 'tempest-HypervisorAdminV253TestBase-1866493485', 'tenant_id': 'f8a8fba91d004b6faa571c714826ab9d', 'tenant_name': 'tempest-HypervisorAdminV253TestBase-1866493485', 'user_domain_id': 'default', 'user_domain_name': 'Default', 'user_id': 'da684bb4be2446f0a8fceb1be32adf69', 'system': None}, Network: None, Subnet: None, Router: None
2024-10-31 11:28:50.668 62743 INFO tempest.lib.common.dynamic_creds [-] Created isolated network resources for: credentials: Credentials: {'domain_id': 'default', 'domain_name': 'Default', 'username': 'tempest-HypervisorAdminV253TestBase-1866493485-project-admin', 'project_domain_id': 'default', 'project_domain_name': 'Default', 'project_id': 'f8a8fba91d004b6faa571c714826ab9d', 'project_name': 'tempest-HypervisorAdminV253TestBase-1866493485', 'tenant_id': 'f8a8fba91d004b6faa571c714826ab9d', 'tenant_name': 'tempest-HypervisorAdminV253TestBase-1866493485', 'user_domain_id': 'default', 'user_domain_name': 'Default', 'user_id': 'da684bb4be2446f0a8fceb1be32adf69', 'system': None}, Network: None, Subnet: None, Router: None
2024-10-31 11:28:50.701 62803 INFO tempest.lib.common.rest_client [req-b8bdf411-5247-4278-867f-589bdbd991fd req-b8bdf411-5247-4278-867f-589bdbd991fd ] Request (ServerActionsTestOtherB:setUpClass): 200 GET http://10.180.1.21/compute/v2.1/servers/bef7d4e7-9af2-4071-ae6d-bdbfa7f46460 0.407s
2024-10-31 11:28:50.723 62749 INFO tempest.lib.common.rest_client [req-a82df1e6-4e82-448b-9400-66e9e2c1b301 req-a82df1e6-4e82-448b-9400-66e9e2c1b301 ] Request (AbsoluteLimitsTestJSON:setUpClass): 201 POST http://10.180.1.21/identity/v3/auth/tokens 0.103s
2024-10-31 11:28:50.741 62743 INFO tempest.lib.common.rest_client [req-f1a95c7c-c581-4cbd-993f-3e5c00653ff2 req-f1a95c7c-c581-4cbd-993f-3e5c00653ff2 ] Request (HypervisorAdminV253TestBase:setUpClass): 201 POST http://10.180.1.21/identity/v3/auth/tokens 0.070s
2024-10-31 11:28:50.741 62749 INFO tempest.lib.common.rest_client [req-3e82d469-f238-494f-8510-2b85a1dcbb88 req-3e82d469-f238-494f-8510-2b85a1dcbb88 ] Request (AbsoluteLimitsTestJSON:setUpClass): 200 GET http://10.180.1.21/identity/v3/domains?name=Default 0.018s
2024-10-31 11:28:50.758 62765 INFO tempest.lib.common.rest_client [req-345f1a25-0e1b-42f1-8651-27fc4d5151d4 req-345f1a25-0e1b-42f1-8651-27fc4d5151d4 ] Request (ImagesNegativeTestJSON:test_create_image_from_deleted_server): 200 GET http://10.180.1.21/compute/v2.1/servers/e49252e3-11cc-49c3-b959-24ad87ad48c9 0.455s
2024-10-31 11:28:50.769 62749 INFO tempest.lib.common.rest_client [req-92e327b4-c9bc-4ca3-890c-8bfd7713eaaa req-92e327b4-c9bc-4ca3-890c-8bfd7713eaaa ] Request (AbsoluteLimitsTestJSON:setUpClass): 201 POST http://10.180.1.21/identity/v3/projects 0.027s
2024-10-31 11:28:50.826 62749 INFO tempest.lib.common.rest_client [req-3cdaa043-5519-4f2e-89f1-de11280782ff req-3cdaa043-5519-4f2e-89f1-de11280782ff ] Request (AbsoluteLimitsTestJSON:setUpClass): 201 POST http://10.180.1.21/identity/v3/users 0.056s
2024-10-31 11:28:50.845 62749 INFO tempest.lib.common.rest_client [req-ae17a3d1-5a95-44f5-af59-d512bbaa4958 req-ae17a3d1-5a95-44f5-af59-d512bbaa4958 ] Request (AbsoluteLimitsTestJSON:setUpClass): 200 GET http://10.180.1.21/identity/v3/roles 0.019s
2024-10-31 11:28:50.873 62749 INFO tempest.lib.common.rest_client [req-a4094632-6e04-4624-a919-1d0e37faab7e req-a4094632-6e04-4624-a919-1d0e37faab7e ] Request (AbsoluteLimitsTestJSON:setUpClass): 204 PUT http://10.180.1.21/identity/v3/projects/b601d97789c34e209c988064a9ce4a34/users/0e97cf5c51e947f6b063607e5abba47f/roles/bff3832d50e146b6a825d83717c298a5 0.027s
2024-10-31 11:28:50.873 62749 INFO tempest.lib.common.dynamic_creds [-] Dynamic test user 0e97cf5c51e947f6b063607e5abba47f is created with scope project and roles: ['member']
2024-10-31 11:28:50.873 62749 INFO tempest.lib.common.dynamic_creds [-] Acquired dynamic creds: credentials: Credentials: {'domain_id': 'default', 'domain_name': 'Default', 'username': 'tempest-AbsoluteLimitsTestJSON-25835333-project-member', 'project_domain_id': 'default', 'project_domain_name': 'Default', 'project_id': 'b601d97789c34e209c988064a9ce4a34', 'project_name': 'tempest-AbsoluteLimitsTestJSON-25835333', 'tenant_id': 'b601d97789c34e209c988064a9ce4a34', 'tenant_name': 'tempest-AbsoluteLimitsTestJSON-25835333', 'user_domain_id': 'default', 'user_domain_name': 'Default', 'user_id': '0e97cf5c51e947f6b063607e5abba47f', 'system': None}, Network: None, Subnet: None, Router: None
2024-10-31 11:28:50.873 62749 INFO tempest.lib.common.dynamic_creds [-] Created isolated network resources for: credentials: Credentials: {'domain_id': 'default', 'domain_name': 'Default', 'username': 'tempest-AbsoluteLimitsTestJSON-25835333-project-member', 'project_domain_id': 'default', 'project_domain_name': 'Default', 'project_id': 'b601d97789c34e209c988064a9ce4a34', 'project_name': 'tempest-AbsoluteLimitsTestJSON-25835333', 'tenant_id': 'b601d97789c34e209c988064a9ce4a34', 'tenant_name': 'tempest-AbsoluteLimitsTestJSON-25835333', 'user_domain_id': 'default', 'user_domain_name': 'Default', 'user_id': '0e97cf5c51e947f6b063607e5abba47f', 'system': None}, Network: None, Subnet: None, Router: None
2024-10-31 11:28:50.947 62749 INFO tempest.lib.common.rest_client [req-721d9488-d1ea-4b7e-bc2e-4e4bdf6dad3b req-721d9488-d1ea-4b7e-bc2e-4e4bdf6dad3b ] Request (AbsoluteLimitsTestJSON:setUpClass): 201 POST http://10.180.1.21/identity/v3/auth/tokens 0.071s
2024-10-31 11:28:50.955 62739 INFO tempest.lib.common.rest_client [req-fa472083-4d06-40c6-b487-79149f006396 req-fa472083-4d06-40c6-b487-79149f006396 ] Request (VolumesAdminNegativeTest:test_update_attached_volume_with_nonexistent_volume_in_body): 200 GET http://10.180.1.21/compute/v2.1/servers/59fd4a4a-20f5-4b8f-970a-acfc882f45a3 0.605s
2024-10-31 11:28:51.003 62791 INFO tempest.lib.common.rest_client [req-789fdc5f-93de-440d-a2de-ccf8a5d540a2 req-789fdc5f-93de-440d-a2de-ccf8a5d540a2 ] Request (MigrationsAdminTest:test_resize_server_revert_deleted_flavor): 200 GET http://10.180.1.21/compute/v2.1/servers/0af1e65d-ca88-475e-a871-4087bd49cd9d 0.637s
2024-10-31 11:28:51.060 62777 INFO tempest.lib.common.rest_client [req-dc180edc-cf08-4a38-9def-68349d3a297d req-dc180edc-cf08-4a38-9def-68349d3a297d ] Request (VolumesAssistedSnapshotsTest:test_volume_assisted_snapshot_create_delete): 200 GET http://10.180.1.21/compute/v2.1/servers/24b4c233-c874-452e-a7fc-492ca2a49a09 0.653s
2024-10-31 11:28:51.080 62773 INFO tempest.lib.common.rest_client [req-79cbc750-a16f-4938-8cb5-906946d030a4 req-79cbc750-a16f-4938-8cb5-906946d030a4 ] Request (FlavorsAdminTestJSON:tearDownClass): 204 DELETE http://10.180.1.21:9696/networking/v2.0/security-groups/99b7b6c7-8629-4390-a621-e077c33b18f8 0.460s
2024-10-31 11:28:51.111 62787 INFO tempest.lib.common.rest_client [req-48031383-44b3-4ea8-a580-0987edab620e req-48031383-44b3-4ea8-a580-0987edab620e ] Request (AttachInterfacesUnderV243Test:test_add_remove_fixed_ip): 200 GET http://10.180.1.21/compute/v2.1/servers/20bf8c62-8b80-45c2-98d4-5a960f465aa0 0.687s
2024-10-31 11:28:51.118 62757 INFO tempest.lib.common.rest_client [req-fbba863b-ea91-4422-b59b-689534298308 req-fbba863b-ea91-4422-b59b-689534298308 ] Request (SecurityGroupRulesTestJSON:setUpClass): 200 PUT http://10.180.1.21:9696/networking/v2.0/routers/52d53198-010d-4164-85a2-b8f526a8f58a/add_router_interface 1.273s
2024-10-31 11:28:51.118 62757 INFO tempest.lib.common.dynamic_creds [-] Created isolated network resources for: credentials: Credentials: {'domain_id': 'default', 'domain_name': 'Default', 'username': 'tempest-SecurityGroupRulesTestJSON-1993187875-project-member', 'project_domain_id': 'default', 'project_domain_name': 'Default', 'project_id': 'e41c3ce3df7b4c78a49579acdf298946', 'project_name': 'tempest-SecurityGroupRulesTestJSON-1993187875', 'tenant_id': 'e41c3ce3df7b4c78a49579acdf298946', 'tenant_name': 'tempest-SecurityGroupRulesTestJSON-1993187875', 'user_domain_id': 'default', 'user_domain_name': 'Default', 'user_id': 'a5649795b4964b8b834a08a4ac2b4a6f', 'system': None}, Network: {'id': 'a093f2ae-bdce-45b5-afeb-f1afe8653d47', 'name': 'tempest-SecurityGroupRulesTestJSON-210856987-network', 'tenant_id': 'e41c3ce3df7b4c78a49579acdf298946', 'admin_state_up': True, 'mtu': 8950, 'status': 'ACTIVE', 'subnets': [], 'shared': False, 'project_id': 'e41c3ce3df7b4c78a49579acdf298946', 'port_security_enabled': True, 'router:external': False, 'provider:network_type': 'vlan', 'provider:physical_network': 'default', 'provider:segmentation_id': 582, 'availability_zone_hints': [], 'availability_zones': [], 'ipv4_address_scope': None, 'ipv6_address_scope': None, 'description': '', 'tags': [], 'created_at': '2024-10-31T11:28:47Z', 'updated_at': '2024-10-31T11:28:47Z', 'revision_number': 1}, Subnet: {'id': 'cd2bb7ec-cc42-47fe-8833-8bccb4c1f9f1', 'name': 'tempest-SecurityGroupRulesTestJSON-210856987-subnet', 'tenant_id': 'e41c3ce3df7b4c78a49579acdf298946', 'network_id': 'a093f2ae-bdce-45b5-afeb-f1afe8653d47', 'ip_version': 4, 'subnetpool_id': None, 'enable_dhcp': True, 'ipv6_ra_mode': None, 'ipv6_address_mode': None, 'gateway_ip': '192.168.128.1', 'cidr': '192.168.128.0/28', 'allocation_pools': [{'start': '192.168.128.2', 'end': '192.168.128.14'}], 'host_routes': [], 'dns_nameservers': [], 'description': '', 'router:external': False, 'service_types': [], 'tags': [], 'created_at': '2024-10-31T11:28:48Z', 'updated_at': '2024-10-31T11:28:48Z', 'revision_number': 0, 'project_id': 'e41c3ce3df7b4c78a49579acdf298946'}, Router: {'id': '52d53198-010d-4164-85a2-b8f526a8f58a', 'name': 'tempest-SecurityGroupRulesTestJSON-210856987-router', 'tenant_id': 'e41c3ce3df7b4c78a49579acdf298946', 'admin_state_up': True, 'status': 'ACTIVE', 'external_gateway_info': {'network_id': '1eca6941-b0cd-4fc2-8db5-34499910053b', 'external_fixed_ips': [{'subnet_id': '193e92a1-5d7f-49e6-acec-ec2dc39502ae', 'ip_address': '10.180.180.139'}], 'enable_snat': True}, 'description': '', 'availability_zones': [], 'distributed': False, 'ha': False, 'availability_zone_hints': [], 'routes': [], 'flavor_id': None, 'tags': [], 'created_at': '2024-10-31T11:28:48Z', 'updated_at': '2024-10-31T11:28:49Z', 'revision_number': 2, 'project_id': 'e41c3ce3df7b4c78a49579acdf298946'}
2024-10-31 11:28:51.141 62763 INFO tempest.lib.common.rest_client [req-647b6d03-c37e-4baa-8cea-79fc92f09885 req-647b6d03-c37e-4baa-8cea-79fc92f09885 ] Request (ImagesOneServerNegativeTestJSON:tearDownClass): 200 PUT http://10.180.1.21:9696/networking/v2.0/routers/d05163fc-d994-4723-9a3e-dbc1ccaaccc0/remove_router_interface 3.173s
2024-10-31 11:28:51.182 62745 INFO tempest.lib.common.rest_client [req-a3647c35-3010-4b1a-ad4f-6669cdf7f621 req-a3647c35-3010-4b1a-ad4f-6669cdf7f621 ] Request (ServersTestBootFromVolume:setUpClass): 200 GET http://10.180.1.21/compute/v2.1/servers/5ca1a33c-7324-481c-95cd-3761ce8ccf13 0.651s
2024-10-31 11:28:51.199 62757 INFO tempest.lib.common.rest_client [req-ff1e309d-8673-4ab9-aca8-fd7c8b252447 req-ff1e309d-8673-4ab9-aca8-fd7c8b252447 ] Request (SecurityGroupRulesTestJSON:setUpClass): 201 POST http://10.180.1.21/identity/v3/auth/tokens 0.075s
2024-10-31 11:28:51.220 62773 INFO tempest.lib.common.rest_client [req-9b35a72a-3685-4657-92df-38c9385aab7d req-9b35a72a-3685-4657-92df-38c9385aab7d ] Request (FlavorsAdminTestJSON:tearDownClass): 204 DELETE http://10.180.1.21/identity/v3/projects/fa0a9a0f7eaf40aa931ccbaf0695f3f0 0.139s
2024-10-31 11:28:51.220 62773 INFO tempest.lib.common.dynamic_creds [-] Deleting project and security group for project: c4b1d03f32c44a9eabb2bb727e71791f
2024-10-31 11:28:51.253 62755 INFO tempest.lib.common.rest_client [req-838df698-4e23-4f0f-b705-8709f22a351d req-838df698-4e23-4f0f-b705-8709f22a351d ] Request (ImagesOneServerTestJSON:setUpClass): 200 GET http://10.180.1.21/compute/v2.1/servers/1a27278b-b930-4432-90f2-45cdf025c83e 0.719s
2024-10-31 11:28:51.263 62759 INFO tempest.lib.common.rest_client [req-ffbee50c-b7fd-4096-9606-99a0d4599842 req-ffbee50c-b7fd-4096-9606-99a0d4599842 ] Request (ServersTestJSON:setUpClass): 202 POST http://10.180.1.21/compute/v2.1/servers 1.310s
2024-10-31 11:28:51.290 62753 INFO tempest.lib.common.rest_client [req-583af220-b19a-46ce-a872-94f6bef7f7fd req-583af220-b19a-46ce-a872-94f6bef7f7fd ] Request (ServerActionsV293TestJSON:setUpClass): 201 POST http://10.180.1.21:9696/networking/v2.0/networks 0.731s
2024-10-31 11:28:51.324 62761 INFO tempest.lib.common.rest_client [req-9e2a6be4-d5f0-41a9-acea-e0186c0eb0a2 req-9e2a6be4-d5f0-41a9-acea-e0186c0eb0a2 ] Request (ServerActionsTestJSON:setUpClass): 200 GET http://10.180.1.21/compute/v2.1/servers/d8d4c087-9b0f-48c7-bd05-291a7e2a3e83 0.715s
2024-10-31 11:28:51.329 62767 INFO tempest.lib.common.rest_client [req-56075c2f-f429-431e-9c70-1be5dd81fd3d req-56075c2f-f429-431e-9c70-1be5dd81fd3d ] Request (ImagesTestJSON:test_create_image_from_stopped_server): 200 GET http://10.180.1.21/compute/v2.1/servers/0acb10f9-3d1e-4621-9b7f-dd7c6b1f86b4 0.681s
2024-10-31 11:28:51.396 62751 INFO tempest.lib.common.rest_client [req-9ee4c166-55a8-411c-9793-69d4557bf7cc req-9ee4c166-55a8-411c-9793-69d4557bf7cc ] Request (ServerDiskConfigTestJSON:test_rebuild_server_with_auto_disk_config): 200 GET http://10.180.1.21/compute/v2.1/servers/eed1dcc3-d9f9-4211-a4c3-850dcdad72b1 0.664s
2024-10-31 11:28:51.407 62799 INFO tempest.lib.common.rest_client [req-f59bd804-3211-4c60-8fb2-123dae84f66e req-f59bd804-3211-4c60-8fb2-123dae84f66e ] Request (DeleteServersAdminTestJSON:test_delete_server_while_in_error_state): 200 GET http://10.180.1.21/compute/v2.1/servers/73142a3f-3be8-4956-90f8-6ca223d2d01f 0.700s
2024-10-31 11:28:51.430 62773 INFO tempest.lib.common.rest_client [req-66014a3a-1474-4fcb-a6ac-44a80fb8bd44 req-66014a3a-1474-4fcb-a6ac-44a80fb8bd44 ] Request (FlavorsAdminTestJSON:tearDownClass): 200 GET http://10.180.1.21:9696/networking/v2.0/security-groups?tenant_id=c4b1d03f32c44a9eabb2bb727e71791f&name=default 0.210s
2024-10-31 11:28:51.497 62782 INFO tempest.lib.common.rest_client [req-492d8f10-99e1-4c75-9c0c-d122027af102 req-492d8f10-99e1-4c75-9c0c-d122027af102 ] Request (ServersAdminNegativeTestJSON:setUpClass): 200 GET http://10.180.1.21/compute/v2.1/servers/9f83ec50-5143-45e1-849a-5c441d2702e2 0.670s
2024-10-31 11:28:51.564 62786 INFO tempest.lib.common.rest_client [req-8f1956f3-1939-4f35-91b6-e765c99c7204 req-8f1956f3-1939-4f35-91b6-e765c99c7204 ] Request (ServersTestFqdnHostnames:test_create_server_with_fqdn_name): 200 GET http://10.180.1.21/compute/v2.1/servers/7a0b2744-2bb0-4eee-9861-418ba67b719c 0.737s
2024-10-31 11:28:51.597 62753 INFO tempest.lib.common.rest_client [req-6dafe4d5-7505-4bc9-90d8-19194cf0e406 req-6dafe4d5-7505-4bc9-90d8-19194cf0e406 ] Request (ServerActionsV293TestJSON:setUpClass): 201 POST http://10.180.1.21:9696/networking/v2.0/subnets 0.306s
2024-10-31 11:28:51.620 62743 INFO tempest.lib.common.rest_client [req-83069a3c-ef53-4221-903a-9928f6242d57 req-83069a3c-ef53-4221-903a-9928f6242d57 ] Request (HypervisorAdminV253TestBase:test_list_show_detail_hypervisors): 200 GET http://10.180.1.21/compute/v2.1/os-hypervisors/detail?with_servers=True 0.877s
2024-10-31 11:28:51.623 62773 INFO tempest.lib.common.rest_client [req-64d7807d-d529-466b-ae50-0e14d137a175 req-64d7807d-d529-466b-ae50-0e14d137a175 ] Request (FlavorsAdminTestJSON:tearDownClass): 204 DELETE http://10.180.1.21:9696/networking/v2.0/security-groups/28df8277-a10a-4d76-849e-c607fc4dc077 0.193s
2024-10-31 11:28:51.650 62783 INFO tempest.lib.common.rest_client [req-5d863c04-8fb7-4cf7-969b-3ee76273c1f2 req-5d863c04-8fb7-4cf7-969b-3ee76273c1f2 ] Request (AttachInterfacesTestJSON:test_create_list_show_delete_interfaces_by_fixed_ip): 200 GET http://10.180.1.21/compute/v2.1/servers/30befad4-aacb-44d5-87ed-4fc6b0e34bd6 0.762s
2024-10-31 11:28:51.687 62747 INFO tempest.lib.common.rest_client [req-ef92fd63-30d4-463f-aa62-48f023eb819b req-ef92fd63-30d4-463f-aa62-48f023eb819b ] Request (ServersAdminTestJSON:setUpClass): 200 GET http://10.180.1.21/compute/v2.1/servers/78599fa1-be64-4797-92a9-ebc3a40b59a1 0.757s
2024-10-31 11:28:51.753 62773 INFO tempest.lib.common.rest_client [req-87a6ecff-5d5b-469b-aaf6-ac512da8a00b req-87a6ecff-5d5b-469b-aaf6-ac512da8a00b ] Request (FlavorsAdminTestJSON:tearDownClass): 204 DELETE http://10.180.1.21/identity/v3/projects/c4b1d03f32c44a9eabb2bb727e71791f 0.129s
2024-10-31 11:28:51.759 62749 INFO tempest.lib.common.rest_client [req-46693055-5f21-428d-81cc-d864cd490093 req-46693055-5f21-428d-81cc-d864cd490093 ] Request (AbsoluteLimitsTestJSON:test_absLimits_get): 200 GET http://10.180.1.21/compute/v2.1/limits 0.810s
2024-10-31 11:28:51.765 62793 INFO tempest.lib.common.rest_client [req-f27c43f3-17b8-4961-91b9-0766cdcf510c req-f27c43f3-17b8-4961-91b9-0766cdcf510c ] Request (AttachVolumeTestJSON:test_attach_detach_volume): 200 GET http://10.180.1.21/compute/v2.1/servers/2aa7880f-de24-4f32-b027-731a2030f987 0.780s
2024-10-31 11:28:51.807 62763 INFO tempest.lib.common.rest_client [req-2c56c23c-b355-42ca-894d-048554956e01 req-2c56c23c-b355-42ca-894d-048554956e01 ] Request (ImagesOneServerNegativeTestJSON:tearDownClass): 204 DELETE http://10.180.1.21:9696/networking/v2.0/routers/d05163fc-d994-4723-9a3e-dbc1ccaaccc0 0.665s
2024-10-31 11:28:51.843 62797 INFO tempest.lib.common.rest_client [req-3b20dd55-941a-4532-87c5-48e533403c05 req-3b20dd55-941a-4532-87c5-48e533403c05 ] Request (ServersWithSpecificFlavorTestJSON:test_verify_created_server_ephemeral_disk): 200 GET http://10.180.1.21/compute/v2.1/servers/5a1af72f-71c8-42de-aa71-f011d85210a5 0.739s
