2024-10-22 18:04:28.149 61855 INFO tempest.lib.common.rest_client [req-8d112a57-7b23-4141-8d60-e743e11d293d req-8d112a57-7b23-4141-8d60-e743e11d293d ] Request (ImagesTestJSON:setUpClass): 201 POST http://10.180.1.21:9696/networking/v2.0/routers 1.240s
2024-10-22 18:04:28.159 61803 INFO tempest.lib.common.rest_client [req-8a077ca2-8b02-41a9-9759-45308c20d498 req-8a077ca2-8b02-41a9-9759-45308c20d498 ] Request (ServersAdminTestJSON:setUpClass): 202 POST http://10.180.1.21/compute/v2.1/servers 1.198s
2024-10-22 18:04:28.206 61815 INFO tempest.lib.common.rest_client [req-19863767-2a28-4d28-b3d3-6af29d2ec3d7 req-19863767-2a28-4d28-b3d3-6af29d2ec3d7 ] Request (QuotasAdminTestJSON:tearDownClass): 204 DELETE http://10.180.1.21/identity/v3/projects/5f6795f1f2674433b36eb07ee32249aa 0.080s
2024-10-22 18:04:28.206 61815 INFO tempest.lib.common.dynamic_creds [-] Deleting project and security group for project: de3c9dbf302449f1a88737d7d47b3c54
2024-10-22 18:04:28.236 61797 INFO tempest.lib.common.rest_client [req-2cb5b496-4e10-4e6d-9eff-d8b4b6ecf009 req-2cb5b496-4e10-4e6d-9eff-d8b4b6ecf009 ] Request (ServersTestMultiNic:test_verify_duplicate_network_nics): 200 GET http://10.180.1.21/compute/v2.1/servers/5508a717-fb58-49b3-bfd1-b80d76a3c4e1 0.790s
2024-10-22 18:04:28.253 61849 INFO tempest.lib.common.rest_client [req-8048b5ef-f385-41b0-a673-ef1ce30b52e1 req-8048b5ef-f385-41b0-a673-ef1ce30b52e1 ] Request (FlavorsAdminTestJSON:test_is_public_string_variations): 200 POST http://10.180.1.21/compute/v2.1/flavors 0.740s
2024-10-22 18:04:28.258 61813 INFO tempest.lib.common.rest_client [req-3a656139-df38-40cf-a269-303ad42db752 req-3a656139-df38-40cf-a269-303ad42db752 ] Request (FloatingIPsAssociationNegativeTestJSON:setUpClass): 200 GET http://10.180.1.21/identity/v3/domains?name=Default 0.111s
2024-10-22 18:04:28.260 61854 INFO tempest.lib.common.rest_client [req-0afebfa9-efa4-47b2-af01-2a701afc98b8 req-0afebfa9-efa4-47b2-af01-2a701afc98b8 ] Request (AbsoluteLimitsNegativeTestJSON:test_max_metadata_exceed_limit): 200 GET http://10.180.1.21/compute/v2.1/limits 0.827s
2024-10-22 18:04:28.287 61813 INFO tempest.lib.common.rest_client [req-d9a2311a-8a96-40bd-8513-f138192ea788 req-d9a2311a-8a96-40bd-8513-f138192ea788 ] Request (FloatingIPsAssociationNegativeTestJSON:setUpClass): 201 POST http://10.180.1.21/identity/v3/projects 0.029s
2024-10-22 18:04:28.297 61803 INFO tempest.lib.common.rest_client [req-026a9de2-98d8-4300-b90c-3f78d8a00bf9 req-026a9de2-98d8-4300-b90c-3f78d8a00bf9 ] Request (ServersAdminTestJSON:setUpClass): 201 POST http://10.180.1.21/identity/v3/auth/tokens 0.132s
2024-10-22 18:04:28.298 61803 INFO tempest.lib.common.fixed_network [-] (ServersAdminTestJSON:setUpClass) Found network {'id': '3edc31d4-7eae-453d-a55a-aef09695d1d5', 'name': 'tempest-ServersAdminTestJSON-116684024-network', 'tenant_id': 'e697209eb99e4199891657e359f32690', 'admin_state_up': True, 'mtu': 8950, 'status': 'ACTIVE', 'subnets': [], 'shared': False, 'project_id': 'e697209eb99e4199891657e359f32690', 'port_security_enabled': True, 'router:external': False, 'provider:network_type': 'vlan', 'provider:physical_network': 'default', 'provider:segmentation_id': 433, 'is_default': False, 'availability_zone_hints': [], 'availability_zones': [], 'ipv4_address_scope': None, 'ipv6_address_scope': None, 'description': '', 'tags': [], 'created_at': '2024-10-22T18:04:16Z', 'updated_at': '2024-10-22T18:04:16Z', 'revision_number': 1} available for tenant
2024-10-22 18:04:28.331 61825 INFO tempest.lib.common.rest_client [req-ea48d7b6-8e2e-4675-9716-2c4edbf66b8d req-ea48d7b6-8e2e-4675-9716-2c4edbf66b8d ] Request (ListServerFiltersTestJSON:setUpClass): 200 GET http://10.180.1.21/compute/v2.1/servers/461b2ef2-d665-47ab-affa-e525bffe561a 0.776s
2024-10-22 18:04:28.342 61854 INFO tempest.lib.common.rest_client [req-7445205f-6319-4ec9-b731-984160cb5902 req-7445205f-6319-4ec9-b731-984160cb5902 ] Request (AbsoluteLimitsNegativeTestJSON:test_max_metadata_exceed_limit): 201 POST http://10.180.1.21/identity/v3/auth/tokens 0.075s
2024-10-22 18:04:28.342 61854 INFO tempest.lib.common.fixed_network [-] (AbsoluteLimitsNegativeTestJSON:test_max_metadata_exceed_limit) Found network None available for tenant
2024-10-22 18:04:28.345 61805 INFO tempest.lib.common.rest_client [req-f8404454-f695-4949-8100-1edc69160dc3 req-f8404454-f695-4949-8100-1edc69160dc3 ] Request (InstanceActionsV221TestJSON:test_get_list_deleted_instance_actions): 200 GET http://10.180.1.21/compute/v2.1/servers/2451843a-fd32-450e-933e-e635c789834b 0.775s
2024-10-22 18:04:28.363 61813 INFO tempest.lib.common.rest_client [req-4813f0e8-691d-41c3-8827-44f40bcf7213 req-4813f0e8-691d-41c3-8827-44f40bcf7213 ] Request (FloatingIPsAssociationNegativeTestJSON:setUpClass): 201 POST http://10.180.1.21/identity/v3/users 0.075s
2024-10-22 18:04:28.387 61813 INFO tempest.lib.common.rest_client [req-ac8c2ffb-b345-4bfc-83a7-0d231fb27177 req-ac8c2ffb-b345-4bfc-83a7-0d231fb27177 ] Request (FloatingIPsAssociationNegativeTestJSON:setUpClass): 200 GET http://10.180.1.21/identity/v3/roles 0.023s
2024-10-22 18:04:28.388 61845 INFO tempest.lib.common.rest_client [req-b6c77292-3aa5-4f56-89b1-246617222d48 req-b6c77292-3aa5-4f56-89b1-246617222d48 ] Request (DeleteServersAdminTestJSON:test_admin_delete_servers_of_others): 200 GET http://10.180.1.21/compute/v2.1/servers/6c4e205a-6f9d-4439-add7-376fe718d189 0.725s
2024-10-22 18:04:28.396 61817 INFO tempest.lib.common.rest_client [req-1217c270-fea0-4c8f-a841-df8b908f67be req-1217c270-fea0-4c8f-a841-df8b908f67be ] Request (ImagesOneServerTestJSON:setUpClass): 200 GET http://10.180.1.21/compute/v2.1/servers/0b223791-7e95-43fe-bef0-bac6222884ea 0.707s
2024-10-22 18:04:28.423 61813 INFO tempest.lib.common.rest_client [req-70833244-40ed-4c65-8375-a14936f6dac2 req-70833244-40ed-4c65-8375-a14936f6dac2 ] Request (FloatingIPsAssociationNegativeTestJSON:setUpClass): 204 PUT http://10.180.1.21/identity/v3/projects/464cc6cb502047efbf4ec6bb80a0d310/users/c391b37eb72c4d25b47737372a7fa78d/roles/1fcf9f6e4c0c436096eb5325b74fd9e0 0.036s
2024-10-22 18:04:28.423 61813 INFO tempest.lib.common.dynamic_creds [-] Dynamic test user c391b37eb72c4d25b47737372a7fa78d is created with scope project and roles: ['member']
2024-10-22 18:04:28.423 61813 INFO tempest.lib.common.dynamic_creds [-] Acquired dynamic creds: credentials: Credentials: {'domain_id': 'default', 'domain_name': 'Default', 'username': 'tempest-FloatingIPsAssociationNegativeTestJSON-784908522-project-member', 'project_domain_id': 'default', 'project_domain_name': 'Default', 'project_id': '464cc6cb502047efbf4ec6bb80a0d310', 'project_name': 'tempest-FloatingIPsAssociationNegativeTestJSON-784908522', 'tenant_id': '464cc6cb502047efbf4ec6bb80a0d310', 'tenant_name': 'tempest-FloatingIPsAssociationNegativeTestJSON-784908522', 'user_domain_id': 'default', 'user_domain_name': 'Default', 'user_id': 'c391b37eb72c4d25b47737372a7fa78d', 'system': None}, Network: None, Subnet: None, Router: None
2024-10-22 18:04:28.449 61827 INFO tempest.lib.common.rest_client [req-09f1f0ab-3e18-4007-ae96-9b01c05aa7de req-09f1f0ab-3e18-4007-ae96-9b01c05aa7de ] Request (FloatingIPsAssociationTestJSON:setUpClass): 200 GET http://10.180.1.21/compute/v2.1/servers/e2c498c5-3df1-4b99-a322-a598afd506f8 0.655s
2024-10-22 18:04:28.451 61815 INFO tempest.lib.common.rest_client [req-68470a73-a550-47be-8e74-d47369789be7 req-68470a73-a550-47be-8e74-d47369789be7 ] Request (QuotasAdminTestJSON:tearDownClass): 200 GET http://10.180.1.21:9696/networking/v2.0/security-groups?tenant_id=de3c9dbf302449f1a88737d7d47b3c54&name=default 0.244s
2024-10-22 18:04:28.459 61807 INFO tempest.lib.common.rest_client [req-9873f366-82b8-4572-98ae-d7118a554533 req-9873f366-82b8-4572-98ae-d7118a554533 ] Request (MigrationsAdminTest:test_list_migrations_in_flavor_resize_situation): 200 GET http://10.180.1.21/compute/v2.1/servers/da977758-95d5-4fb6-aaa3-7b832404b527 0.669s
2024-10-22 18:04:28.495 61813 INFO tempest.lib.common.rest_client [req-9d1ee2d9-ae18-4aa6-ab21-c350a657d19b req-9d1ee2d9-ae18-4aa6-ab21-c350a657d19b ] Request (FloatingIPsAssociationNegativeTestJSON:setUpClass): 201 POST http://10.180.1.21/identity/v3/auth/tokens 0.072s
2024-10-22 18:04:28.518 61809 INFO tempest.lib.common.rest_client [req-de9eb69b-8bdd-4d63-8aae-e5a4ef82ae8a req-de9eb69b-8bdd-4d63-8aae-e5a4ef82ae8a ] Request (VolumesAssistedSnapshotsTest:test_volume_assisted_snapshot_create_delete): 200 GET http://10.180.1.21/compute/v2.1/servers/e0ae2a1d-5cbf-4d8a-8a3e-aac86bff5044 0.632s
2024-10-22 18:04:28.518 61801 INFO tempest.lib.common.rest_client [req-3308d73b-a9e3-47b9-bb0b-4234f2c048a4 req-3308d73b-a9e3-47b9-bb0b-4234f2c048a4 ] Request (ServerExternalEventsTest:test_create_server_external_events): 200 GET http://10.180.1.21/compute/v2.1/servers/25a896cb-fd91-4f16-a8cd-6de58fcfcc27 0.632s
2024-10-22 18:04:28.572 61833 INFO tempest.lib.common.rest_client [req-d8c3bf76-8faa-4009-b6d7-5c672b25ff6a req-d8c3bf76-8faa-4009-b6d7-5c672b25ff6a ] Request (ListImageFiltersTestJSON:setUpClass): 200 GET http://10.180.1.21/compute/v2.1/servers/4072d5a6-f69d-4fb9-837b-7855054e5206 0.650s
2024-10-22 18:04:28.581 61831 INFO tempest.lib.common.rest_client [req-c1edabc6-ee5c-41d0-a3a4-996536384148 req-c1edabc6-ee5c-41d0-a3a4-996536384148 ] Request (ServersWithSpecificFlavorTestJSON:test_verify_created_server_ephemeral_disk): 200 GET http://10.180.1.21/compute/v2.1/servers/762cbca7-4729-458a-b2af-2978723a25dc 0.629s
2024-10-22 18:04:28.626 61815 INFO tempest.lib.common.rest_client [req-3fce9fd1-b7e1-4f91-84fb-30a810c0c3a7 req-3fce9fd1-b7e1-4f91-84fb-30a810c0c3a7 ] Request (QuotasAdminTestJSON:tearDownClass): 204 DELETE http://10.180.1.21:9696/networking/v2.0/security-groups/b7d956c0-4fb0-4def-9cae-f3ff5990ac9b 0.175s
2024-10-22 18:04:28.638 61837 INFO tempest.lib.common.rest_client [req-83c1df2c-2fb4-443e-bd06-cc82e0a907be req-83c1df2c-2fb4-443e-bd06-cc82e0a907be ] Request (ImagesOneServerNegativeTestJSON:setUpClass): 200 GET http://10.180.1.21/compute/v2.1/servers/b3d98e6f-4b45-4eaf-a79c-b683b32fe053 0.683s
2024-10-22 18:04:28.648 61829 INFO tempest.lib.common.rest_client [req-81987d67-30ec-4859-972b-0fafee3a6b16 req-81987d67-30ec-4859-972b-0fafee3a6b16 ] Request (ServerTagsTestJSON:setUpClass): 200 GET http://10.180.1.21/compute/v2.1/servers/64efd676-9166-4ffa-a437-6fa6c466ace0 0.632s
2024-10-22 18:04:28.677 61847 INFO tempest.lib.common.rest_client [req-1dcbdecd-7fff-450c-9cba-45d93a73649c req-1dcbdecd-7fff-450c-9cba-45d93a73649c ] Request (AggregatesAdminNegativeTestJSON:_run_cleanups): 200 DELETE http://10.180.1.21/compute/v2.1/os-aggregates/6 0.589s
2024-10-22 18:04:28.697 61819 INFO tempest.lib.common.rest_client [req-4fcee89c-7d53-462f-a3ea-b3ab14987eac req-4fcee89c-7d53-462f-a3ea-b3ab14987eac ] Request (ImagesMetadataNegativeTestJSON:test_set_nonexistent_image_metadata): 404 PUT http://10.180.1.21/compute/v2.1/images/eb669ebf-c80b-46b6-a471-1bc7b2559c89/metadata 0.589s
2024-10-22 18:04:28.739 61815 INFO tempest.lib.common.rest_client [req-d658f3ee-0f0a-42d4-83a2-8fae254a2dff req-d658f3ee-0f0a-42d4-83a2-8fae254a2dff ] Request (QuotasAdminTestJSON:tearDownClass): 204 DELETE http://10.180.1.21/identity/v3/projects/de3c9dbf302449f1a88737d7d47b3c54 0.112s
2024-10-22 18:04:28.740 61815 INFO tempest.test [-] raised in ServersOnMultiNodesTest.setUpClass. Invoking tearDownClass.
2024-10-22 18:04:28.742 61841 INFO tempest.lib.common.rest_client [req-05820f1b-7071-4ae6-904b-ead1abe36bec req-05820f1b-7071-4ae6-904b-ead1abe36bec ] Request (ServersAdmin275Test:_run_cleanups): 200 GET http://10.180.1.21/compute/v2.1/servers/1b1b2bac-67af-4921-a49a-429017ef7a3b 0.664s
2024-10-22 18:04:28.752 61841 INFO tempest.common.waiters [-] State transition "REBUILD/rebuild_spawning" ==> "ACTIVE/None" after 6 second wait
2024-10-22 18:04:28.776 61823 INFO tempest.lib.common.rest_client [req-a0cbf909-eefe-42d6-a2c7-943f6a1e1b48 req-a0cbf909-eefe-42d6-a2c7-943f6a1e1b48 ] Request (ServersAdminNegativeTestJSON:setUpClass): 200 GET http://10.180.1.21/compute/v2.1/servers/84a32e46-ccf7-47ca-986c-8c59d5bf43a5 0.633s
2024-10-22 18:04:28.786 61823 INFO tempest.common.waiters [-] State transition "BUILD/scheduling" ==> "ERROR/None" after 22 second wait
2024-10-22 18:04:28.796 61849 INFO tempest.lib.common.rest_client [req-0af901b0-fc8f-4706-b303-47c50ae05981 req-0af901b0-fc8f-4706-b303-47c50ae05981 ] Request (FlavorsAdminTestJSON:test_is_public_string_variations): 200 POST http://10.180.1.21/compute/v2.1/flavors 0.537s
2024-10-22 18:04:28.826 61851 INFO tempest.lib.common.rest_client [req-297ac583-d607-4088-9a1c-e95ad230465a req-297ac583-d607-4088-9a1c-e95ad230465a ] Request (VolumesAdminNegativeTest:test_update_attached_volume_with_nonexistent_volume_in_body): 200 GET http://10.180.1.21/compute/v2.1/servers/8efd391b-7b76-4167-bd18-48566271ccc8 0.602s
2024-10-22 18:04:28.847 61815 INFO tempest.lib.common.rest_client [req-5d086d04-46d9-4265-9454-b30d772a1850 req-5d086d04-46d9-4265-9454-b30d772a1850 ] Request (ServerAddressesNegativeTestJSON:setUpClass): 201 POST http://10.180.1.21/identity/v3/auth/tokens 0.102s
2024-10-22 18:04:28.885 61815 INFO tempest.lib.common.rest_client [req-91eb9f75-5e6e-41ce-ad50-29ef954b97d4 req-91eb9f75-5e6e-41ce-ad50-29ef954b97d4 ] Request (ServerAddressesNegativeTestJSON:setUpClass): 201 POST http://10.180.1.21/identity/v3/auth/tokens 0.036s
2024-10-22 18:04:28.893 61839 INFO tempest.lib.common.rest_client [req-d771a5b7-502f-4885-8bb2-d84499e93774 req-d771a5b7-502f-4885-8bb2-d84499e93774 ] Request (ServerActionsV293TestJSON:setUpClass): 200 GET http://10.180.1.21/compute/v2.1/servers/0625ac10-55b4-488a-aba5-bdaa394045f4 0.572s
2024-10-22 18:04:28.914 61815 INFO tempest.lib.common.rest_client [req-f6371942-3519-4b13-a794-07789402c729 req-f6371942-3519-4b13-a794-07789402c729 ] Request (ServerAddressesNegativeTestJSON:setUpClass): 200 GET http://10.180.1.21/identity/v3/domains?name=Default 0.027s
2024-10-22 18:04:28.947 61815 INFO tempest.lib.common.rest_client [req-28b19e98-ed32-45ff-98b9-6dde0a617d5a req-28b19e98-ed32-45ff-98b9-6dde0a617d5a ] Request (ServerAddressesNegativeTestJSON:setUpClass): 201 POST http://10.180.1.21/identity/v3/projects 0.033s
2024-10-22 18:04:28.963 61813 INFO tempest.lib.common.rest_client [req-3871c974-90e8-4148-9752-7a30650ff111 req-3871c974-90e8-4148-9752-7a30650ff111 ] Request (FloatingIPsAssociationNegativeTestJSON:setUpClass): 201 POST http://10.180.1.21:9696/networking/v2.0/networks 0.467s
2024-10-22 18:04:29.009 61815 INFO tempest.lib.common.rest_client [req-b02d80f4-1812-411f-a348-818c0f7a7e58 req-b02d80f4-1812-411f-a348-818c0f7a7e58 ] Request (ServerAddressesNegativeTestJSON:setUpClass): 201 POST http://10.180.1.21/identity/v3/users 0.062s
2024-10-22 18:04:29.026 61815 INFO tempest.lib.common.rest_client [req-5e7d5da5-744d-4a44-ab0c-1458b72a28f9 req-5e7d5da5-744d-4a44-ab0c-1458b72a28f9 ] Request (ServerAddressesNegativeTestJSON:setUpClass): 200 GET http://10.180.1.21/identity/v3/roles 0.016s
2024-10-22 18:04:29.057 61815 INFO tempest.lib.common.rest_client [req-164758fb-ea5b-44a6-bdfd-6bb7723c0b52 req-164758fb-ea5b-44a6-bdfd-6bb7723c0b52 ] Request (ServerAddressesNegativeTestJSON:setUpClass): 204 PUT http://10.180.1.21/identity/v3/projects/97fe5b9c92904b1c9992326adbbe8684/users/5cdcbbd22199460da051f9604c31e9d6/roles/1fcf9f6e4c0c436096eb5325b74fd9e0 0.031s
2024-10-22 18:04:29.058 61815 INFO tempest.lib.common.dynamic_creds [-] Dynamic test user 5cdcbbd22199460da051f9604c31e9d6 is created with scope project and roles: ['member']
2024-10-22 18:04:29.058 61815 INFO tempest.lib.common.dynamic_creds [-] Acquired dynamic creds: credentials: Credentials: {'domain_id': 'default', 'domain_name': 'Default', 'username': 'tempest-ServerAddressesNegativeTestJSON-2113630710-project-member', 'project_domain_id': 'default', 'project_domain_name': 'Default', 'project_id': '97fe5b9c92904b1c9992326adbbe8684', 'project_name': 'tempest-ServerAddressesNegativeTestJSON-2113630710', 'tenant_id': '97fe5b9c92904b1c9992326adbbe8684', 'tenant_name': 'tempest-ServerAddressesNegativeTestJSON-2113630710', 'user_domain_id': 'default', 'user_domain_name': 'Default', 'user_id': '5cdcbbd22199460da051f9604c31e9d6', 'system': None}, Network: None, Subnet: None, Router: None
2024-10-22 18:04:29.102 61854 INFO tempest.lib.common.rest_client [req-976662bc-4603-4006-a7ca-fcc4bc616cb3 req-976662bc-4603-4006-a7ca-fcc4bc616cb3 ] Request (AbsoluteLimitsNegativeTestJSON:test_max_metadata_exceed_limit): 403 POST http://10.180.1.21/compute/v2.1/servers 0.758s
2024-10-22 18:04:29.124 61815 INFO tempest.lib.common.rest_client [req-342df275-f133-4eb0-b418-a489f2853257 req-342df275-f133-4eb0-b418-a489f2853257 ] Request (ServerAddressesNegativeTestJSON:setUpClass): 201 POST http://10.180.1.21/identity/v3/auth/tokens 0.066s
2024-10-22 18:04:29.178 61858 INFO tempest.lib.common.rest_client [req-49991a13-5c18-4907-8f6a-46148541750a req-49991a13-5c18-4907-8f6a-46148541750a ] Request (SecurityGroupsTestJSON:test_list_security_groups_by_server): 200 GET http://10.180.1.21/compute/v2.1/servers/8c93ef89-5d27-48d3-8c44-79eb23d66ee3 0.796s
2024-10-22 18:04:29.199 61803 INFO tempest.lib.common.rest_client [req-50ade4d0-a22a-4073-be96-25edbb7c0c78 req-50ade4d0-a22a-4073-be96-25edbb7c0c78 ] Request (ServersAdminTestJSON:setUpClass): 202 POST http://10.180.1.21/compute/v2.1/servers 0.900s
2024-10-22 18:04:29.226 61854 INFO tempest.lib.common.rest_client [req-e58f3cab-d54e-4d78-937d-6a3197351dc5 req-e58f3cab-d54e-4d78-937d-6a3197351dc5 ] Request (AbsoluteLimitsNegativeTestJSON:tearDownClass): 204 DELETE http://10.180.1.21/identity/v3/users/262907a666a947db8fca46e91298b45e 0.123s
2024-10-22 18:04:29.227 61854 INFO tempest.lib.common.dynamic_creds [-] Deleting project and security group for project: bd96b5ef940a4e3b972fbe6f222a0ecd
2024-10-22 18:04:29.228 61813 INFO tempest.lib.common.rest_client [req-999c3d44-66c3-44b4-886f-1ce191e8f4a7 req-999c3d44-66c3-44b4-886f-1ce191e8f4a7 ] Request (FloatingIPsAssociationNegativeTestJSON:setUpClass): 201 POST http://10.180.1.21:9696/networking/v2.0/subnets 0.264s
2024-10-22 18:04:29.277 61811 INFO tempest.lib.common.rest_client [req-813600d9-bfe2-4263-89a9-9c5489d3d671 req-813600d9-bfe2-4263-89a9-9c5489d3d671 ] Request (ServerDiagnosticsV248Test:test_get_server_diagnostics): 200 GET http://10.180.1.21/compute/v2.1/servers/b5163d89-ceb8-4c61-ae02-0ae3311b58a9 0.798s
2024-10-22 18:04:29.277 61795 INFO tempest.lib.common.rest_client [req-0797a0cd-a675-437c-837b-8045a869d719 req-0797a0cd-a675-437c-837b-8045a869d719 ] Request (ServersV294TestFqdnHostnames:setUpClass): 200 GET http://10.180.1.21/compute/v2.1/servers/3700deef-a438-4920-b35f-8fba370a5984 0.774s
2024-10-22 18:04:29.287 61821 INFO tempest.lib.common.rest_client [req-600eeed1-7d28-41f9-9f13-10fc8b0301d6 req-600eeed1-7d28-41f9-9f13-10fc8b0301d6 ] Request (QuotasAdminTestV257:test_get_updated_quotas): 200 GET http://10.180.1.21/identity/v3/domains?name=Default 0.137s
2024-10-22 18:04:29.288 61847 INFO tempest.lib.common.rest_client [req-1ca7af1c-b41a-4239-96f8-fc650810a9f4 req-1ca7af1c-b41a-4239-96f8-fc650810a9f4 ] Request (AggregatesAdminNegativeTestJSON:test_aggregate_get_details_with_invalid_id): 404 GET http://10.180.1.21/compute/v2.1/os-aggregates/-1 0.609s
2024-10-22 18:04:29.311 61819 INFO tempest.lib.common.rest_client [req-6628db63-2a86-4858-95cd-911d2f210d67 req-6628db63-2a86-4858-95cd-911d2f210d67 ] Request (ImagesMetadataNegativeTestJSON:test_set_nonexistent_image_metadata_item): 404 PUT http://10.180.1.21/compute/v2.1/images/1404362a-a162-4963-bc08-993dd5bcf6a4/metadata/os_distro 0.611s
2024-10-22 18:04:29.315 61854 INFO tempest.lib.common.rest_client [req-dde22ce4-3237-4aa5-8515-c0e410a9b309 req-dde22ce4-3237-4aa5-8515-c0e410a9b309 ] Request (AbsoluteLimitsNegativeTestJSON:tearDownClass): 201 POST http://10.180.1.21/identity/v3/auth/tokens 0.088s
2024-10-22 18:04:29.331 61821 INFO tempest.lib.common.rest_client [req-448f707a-974f-405b-9299-92a17aacb3b7 req-448f707a-974f-405b-9299-92a17aacb3b7 ] Request (QuotasAdminTestV257:test_get_updated_quotas): 201 POST http://10.180.1.21/identity/v3/projects 0.041s
2024-10-22 18:04:29.380 61841 INFO tempest.lib.common.rest_client [req-32631473-9f5a-4135-a0d2-1efb52299e53 req-32631473-9f5a-4135-a0d2-1efb52299e53 ] Request (ServersAdmin275Test:tearDownClass): 204 DELETE http://10.180.1.21/compute/v2.1/servers/1b1b2bac-67af-4921-a49a-429017ef7a3b 0.621s
2024-10-22 18:04:29.410 61821 INFO tempest.lib.common.rest_client [req-50e1413c-6c39-429a-ac1e-aefa310f91ec req-50e1413c-6c39-429a-ac1e-aefa310f91ec ] Request (QuotasAdminTestV257:test_get_updated_quotas): 200 GET http://10.180.1.21/identity/v3/domains?name=Default 0.078s
2024-10-22 18:04:29.411 61849 INFO tempest.lib.common.rest_client [req-1682d2d2-4cde-41af-a1cc-d56bd4da6c33 req-1682d2d2-4cde-41af-a1cc-d56bd4da6c33 ] Request (FlavorsAdminTestJSON:test_is_public_string_variations): 200 GET http://10.180.1.21/compute/v2.1/flavors/detail?is_public=f 0.612s
2024-10-22 18:04:29.477 61799 INFO tempest.lib.common.rest_client [req-13fb1509-def6-4ceb-8b32-652b276e89ac req-13fb1509-def6-4ceb-8b32-652b276e89ac ] Request (DeleteServersTestJSON:test_delete_active_server): 200 GET http://10.180.1.21/compute/v2.1/servers/9f2e0a06-b8c5-47e6-b8e3-d64fbf8fc47a 0.449s
2024-10-22 18:04:29.526 61815 INFO tempest.lib.common.rest_client [req-20728a6b-7a61-48bf-9db3-f7b453650c71 req-20728a6b-7a61-48bf-9db3-f7b453650c71 ] Request (ServerAddressesNegativeTestJSON:setUpClass): 201 POST http://10.180.1.21:9696/networking/v2.0/networks 0.402s
2024-10-22 18:04:29.536 61835 INFO tempest.lib.common.rest_client [req-eaec4a08-74d2-4017-87db-037ba992122b req-eaec4a08-74d2-4017-87db-037ba992122b ] Request (ServersTestJSON:setUpClass): 200 GET http://10.180.1.21/compute/v2.1/servers/f7f5e05e-4191-4f3c-90a5-aa4f3f02fc9d 0.444s
2024-10-22 18:04:29.584 61823 INFO tempest.lib.common.rest_client [req-60e73369-4ac3-4daf-9cf6-2d06b04cd030 req-60e73369-4ac3-4daf-9cf6-2d06b04cd030 ] Request (ServersAdminNegativeTestJSON:setUpClass): 204 DELETE http://10.180.1.21/compute/v2.1/servers/84a32e46-ccf7-47ca-986c-8c59d5bf43a5 0.798s
2024-10-22 18:04:29.594 61803 INFO tempest.lib.common.rest_client [req-8554f020-30cb-4e3a-a0c5-c23f7b1a0697 req-8554f020-30cb-4e3a-a0c5-c23f7b1a0697 ] Request (ServersAdminTestJSON:setUpClass): 200 GET http://10.180.1.21/compute/v2.1/servers/06264429-11eb-4d64-9f6b-6587cf048c41 0.393s
2024-10-22 18:04:29.600 61847 INFO tempest.lib.common.rest_client [req-85d7c9fa-4e4d-4f00-b670-ad6a75492aa6 req-85d7c9fa-4e4d-4f00-b670-ad6a75492aa6 ] Request (AggregatesAdminNegativeTestJSON:test_aggregate_list_as_user): 403 GET http://10.180.1.21/compute/v2.1/os-aggregates 0.308s
2024-10-22 18:04:29.620 61819 INFO tempest.lib.common.rest_client [req-80fe70e7-a4b5-4183-9492-332935a2ac03 req-80fe70e7-a4b5-4183-9492-332935a2ac03 ] Request (ImagesMetadataNegativeTestJSON:test_update_nonexistent_image_metadata): 404 POST http://10.180.1.21/compute/v2.1/images/c57432a2-f546-47e6-af1d-439416e22de2/metadata 0.303s
2024-10-22 18:04:29.657 61797 INFO tempest.lib.common.rest_client [req-ebfc386a-f559-4bb4-ab6b-67c990f1f35b req-ebfc386a-f559-4bb4-ab6b-67c990f1f35b ] Request (ServersTestMultiNic:test_verify_duplicate_network_nics): 200 GET http://10.180.1.21/compute/v2.1/servers/5508a717-fb58-49b3-bfd1-b80d76a3c4e1 0.409s
2024-10-22 18:04:29.690 61854 INFO tempest.lib.common.rest_client [req-1d8485ad-7e0e-4617-badb-18b7451c571d req-1d8485ad-7e0e-4617-badb-18b7451c571d ] Request (AbsoluteLimitsNegativeTestJSON:tearDownClass): 200 GET http://10.180.1.21:9696/networking/v2.0/security-groups?tenant_id=bd96b5ef940a4e3b972fbe6f222a0ecd&name=default 0.375s
2024-10-22 18:04:29.702 61825 INFO tempest.lib.common.rest_client [req-79d05b21-0177-4193-83be-df1b9a92306c req-79d05b21-0177-4193-83be-df1b9a92306c ] Request (ListServerFiltersTestJSON:setUpClass): 200 GET http://10.180.1.21/compute/v2.1/servers/461b2ef2-d665-47ab-affa-e525bffe561a 0.361s
2024-10-22 18:04:29.754 61805 INFO tempest.lib.common.rest_client [req-43634d08-38e3-4272-a8a4-e10800c8149f req-43634d08-38e3-4272-a8a4-e10800c8149f ] Request (InstanceActionsV221TestJSON:test_get_list_deleted_instance_actions): 200 GET http://10.180.1.21/compute/v2.1/servers/2451843a-fd32-450e-933e-e635c789834b 0.399s
2024-10-22 18:04:29.755 61855 INFO tempest.lib.common.rest_client [req-25898fa3-b19b-4e68-bfeb-34ad9ed2f9d7 req-25898fa3-b19b-4e68-bfeb-34ad9ed2f9d7 ] Request (ImagesTestJSON:setUpClass): 200 PUT http://10.180.1.21:9696/networking/v2.0/routers/81971126-56ac-4285-87cb-b63209221b90/add_router_interface 1.605s
2024-10-22 18:04:29.755 61855 INFO tempest.lib.common.dynamic_creds [-] Created isolated network resources for: credentials: Credentials: {'domain_id': 'default', 'domain_name': 'Default', 'username': 'tempest-ImagesTestJSON-832020330-project-member', 'project_domain_id': 'default', 'project_domain_name': 'Default', 'project_id': '3248cca8a8aa4cad84b8bd5dcf7ed0c3', 'project_name': 'tempest-ImagesTestJSON-832020330', 'tenant_id': '3248cca8a8aa4cad84b8bd5dcf7ed0c3', 'tenant_name': 'tempest-ImagesTestJSON-832020330', 'user_domain_id': 'default', 'user_domain_name': 'Default', 'user_id': '9cc77f359ba44dc0bc8e053d5a4b63ee', 'system': None}, Network: {'id': '2737f3f1-a8da-4b5f-a33d-c768f14207e2', 'name': 'tempest-ImagesTestJSON-1004846100-network', 'tenant_id': '3248cca8a8aa4cad84b8bd5dcf7ed0c3', 'admin_state_up': True, 'mtu': 8950, 'status': 'ACTIVE', 'subnets': [], 'shared': False, 'project_id': '3248cca8a8aa4cad84b8bd5dcf7ed0c3', 'port_security_enabled': True, 'router:external': False, 'provider:network_type': 'vlan', 'provider:physical_network': 'default', 'provider:segmentation_id': 335, 'is_default': False, 'availability_zone_hints': [], 'availability_zones': [], 'ipv4_address_scope': None, 'ipv6_address_scope': None, 'description': '', 'tags': [], 'created_at': '2024-10-22T18:04:26Z', 'updated_at': '2024-10-22T18:04:26Z', 'revision_number': 1}, Subnet: {'id': 'e3d8f875-599c-4bea-92b7-0b574b465889', 'name': 'tempest-ImagesTestJSON-1004846100-subnet', 'tenant_id': '3248cca8a8aa4cad84b8bd5dcf7ed0c3', 'network_id': '2737f3f1-a8da-4b5f-a33d-c768f14207e2', 'ip_version': 4, 'subnetpool_id': None, 'enable_dhcp': True, 'ipv6_ra_mode': None, 'ipv6_address_mode': None, 'gateway_ip': '192.168.128.1', 'cidr': '192.168.128.0/28', 'allocation_pools': [{'start': '192.168.128.2', 'end': '192.168.128.14'}], 'host_routes': [], 'dns_nameservers': [], 'description': '', 'router:external': False, 'service_types': [], 'tags': [], 'created_at': '2024-10-22T18:04:26Z', 'updated_at': '2024-10-22T18:04:26Z', 'revision_number': 0, 'project_id': '3248cca8a8aa4cad84b8bd5dcf7ed0c3'}, Router: {'id': '81971126-56ac-4285-87cb-b63209221b90', 'name': 'tempest-ImagesTestJSON-1004846100-router', 'tenant_id': '3248cca8a8aa4cad84b8bd5dcf7ed0c3', 'admin_state_up': True, 'status': 'ACTIVE', 'external_gateway_info': {'network_id': 'c352c930-1b35-4e68-896d-912feca2f7ad', 'external_fixed_ips': [{'subnet_id': '5259542d-23f2-4463-9ab7-890f100f926a', 'ip_address': '10.180.180.232'}], 'enable_snat': True}, 'description': '', 'availability_zones': [], 'distributed': False, 'ha': False, 'availability_zone_hints': [], 'routes': [], 'flavor_id': None, 'tags': [], 'created_at': '2024-10-22T18:04:26Z', 'updated_at': '2024-10-22T18:04:27Z', 'revision_number': 2, 'project_id': '3248cca8a8aa4cad84b8bd5dcf7ed0c3'}
2024-10-22 18:04:29.767 61805 INFO tempest.common.waiters [-] State transition "BUILD/scheduling" ==> "BUILD/None" after 11 second wait
2024-10-22 18:04:29.790 61819 INFO tempest.lib.common.rest_client [req-19fb8a4c-31dd-447a-96df-4c497ec08256 req-19fb8a4c-31dd-447a-96df-4c497ec08256 ] Request (ImagesMetadataNegativeTestJSON:tearDownClass): 204 DELETE http://10.180.1.21/identity/v3/users/ce06f345a4f74b97bccf8fa40eb0c593 0.168s
2024-10-22 18:04:29.790 61819 INFO tempest.lib.common.dynamic_creds [-] Deleting project and security group for project: f29f05e693774ff3aa5289e88b088520
2024-10-22 18:04:29.792 61841 INFO tempest.lib.common.rest_client [req-9bd6bc41-c80c-483f-a22f-1309fd635bac req-9bd6bc41-c80c-483f-a22f-1309fd635bac ] Request (ServersAdmin275Test:tearDownClass): 200 GET http://10.180.1.21/compute/v2.1/servers/1b1b2bac-67af-4921-a49a-429017ef7a3b 0.412s
2024-10-22 18:04:29.855 61845 INFO tempest.lib.common.rest_client [req-d6f304de-1966-4ebe-ad72-3e1e8e604ae2 req-d6f304de-1966-4ebe-ad72-3e1e8e604ae2 ] Request (DeleteServersAdminTestJSON:test_admin_delete_servers_of_others): 200 GET http://10.180.1.21/compute/v2.1/servers/6c4e205a-6f9d-4439-add7-376fe718d189 0.451s
2024-10-22 18:04:29.860 61817 INFO tempest.lib.common.rest_client [req-2f31bb4b-985b-4548-8d21-bf47e882e9dc req-2f31bb4b-985b-4548-8d21-bf47e882e9dc ] Request (ImagesOneServerTestJSON:setUpClass): 200 GET http://10.180.1.21/compute/v2.1/servers/0b223791-7e95-43fe-bef0-bac6222884ea 0.451s
2024-10-22 18:04:29.877 61849 INFO tempest.lib.common.rest_client [req-3fa4e93e-d968-4002-9fc1-481fb4b64a1a req-3fa4e93e-d968-4002-9fc1-481fb4b64a1a ] Request (FlavorsAdminTestJSON:test_is_public_string_variations): 200 GET http://10.180.1.21/compute/v2.1/flavors/detail?is_public=false 0.463s
2024-10-22 18:04:29.882 61855 INFO tempest.lib.common.rest_client [req-8ceb695f-8390-4690-9d73-49f2a7e08ea6 req-8ceb695f-8390-4690-9d73-49f2a7e08ea6 ] Request (ImagesTestJSON:setUpClass): 201 POST http://10.180.1.21/identity/v3/auth/tokens 0.121s
2024-10-22 18:04:29.908 61819 INFO tempest.lib.common.rest_client [req-bd24f627-3ac2-4c1a-9732-e0df8571329a req-bd24f627-3ac2-4c1a-9732-e0df8571329a ] Request (ImagesMetadataNegativeTestJSON:tearDownClass): 201 POST http://10.180.1.21/identity/v3/auth/tokens 0.118s
2024-10-22 18:04:29.917 61854 INFO tempest.lib.common.rest_client [req-78861134-4227-46c5-b283-a024fa8d9259 req-78861134-4227-46c5-b283-a024fa8d9259 ] Request (AbsoluteLimitsNegativeTestJSON:tearDownClass): 204 DELETE http://10.180.1.21:9696/networking/v2.0/security-groups/449e42f7-d629-4255-8233-88c85c62826e 0.226s
2024-10-22 18:04:29.938 61855 INFO tempest.lib.common.rest_client [req-5dc741ea-0db7-4608-bc8f-ff4a4c686967 req-5dc741ea-0db7-4608-bc8f-ff4a4c686967 ] Request (ImagesTestJSON:test_create_image_from_stopped_server): 201 POST http://10.180.1.21/identity/v3/auth/tokens 0.050s
2024-10-22 18:04:29.938 61855 INFO tempest.lib.common.fixed_network [-] (ImagesTestJSON:test_create_image_from_stopped_server) Found network {'id': '2737f3f1-a8da-4b5f-a33d-c768f14207e2', 'name': 'tempest-ImagesTestJSON-1004846100-network', 'tenant_id': '3248cca8a8aa4cad84b8bd5dcf7ed0c3', 'admin_state_up': True, 'mtu': 8950, 'status': 'ACTIVE', 'subnets': [], 'shared': False, 'project_id': '3248cca8a8aa4cad84b8bd5dcf7ed0c3', 'port_security_enabled': True, 'router:external': False, 'provider:network_type': 'vlan', 'provider:physical_network': 'default', 'provider:segmentation_id': 335, 'is_default': False, 'availability_zone_hints': [], 'availability_zones': [], 'ipv4_address_scope': None, 'ipv6_address_scope': None, 'description': '', 'tags': [], 'created_at': '2024-10-22T18:04:26Z', 'updated_at': '2024-10-22T18:04:26Z', 'revision_number': 1} available for tenant
2024-10-22 18:04:29.951 61815 INFO tempest.lib.common.rest_client [req-cce9d9b2-9b43-4cc5-abef-364b341da617 req-cce9d9b2-9b43-4cc5-abef-364b341da617 ] Request (ServerAddressesNegativeTestJSON:setUpClass): 201 POST http://10.180.1.21:9696/networking/v2.0/subnets 0.424s
2024-10-22 18:04:29.962 61827 INFO tempest.lib.common.rest_client [req-0aeda2c2-abb8-48da-a34f-f433f00b4d9f req-0aeda2c2-abb8-48da-a34f-f433f00b4d9f ] Request (FloatingIPsAssociationTestJSON:setUpClass): 200 GET http://10.180.1.21/compute/v2.1/servers/e2c498c5-3df1-4b99-a322-a598afd506f8 0.503s
2024-10-22 18:04:30.025 61807 INFO tempest.lib.common.rest_client [req-cdf1d0dd-358b-426d-8e9e-62912fdeafb9 req-cdf1d0dd-358b-426d-8e9e-62912fdeafb9 ] Request (MigrationsAdminTest:test_list_migrations_in_flavor_resize_situation): 200 GET http://10.180.1.21/compute/v2.1/servers/da977758-95d5-4fb6-aaa3-7b832404b527 0.557s
2024-10-22 18:04:30.031 61854 INFO tempest.lib.common.rest_client [req-df26a0c9-e7af-4fed-8616-0e6722bd82ef req-df26a0c9-e7af-4fed-8616-0e6722bd82ef ] Request (AbsoluteLimitsNegativeTestJSON:tearDownClass): 204 DELETE http://10.180.1.21/identity/v3/projects/bd96b5ef940a4e3b972fbe6f222a0ecd 0.114s
2024-10-22 18:04:30.092 61801 INFO tempest.lib.common.rest_client [req-46f02062-5af9-42c7-b408-d8351941757f req-46f02062-5af9-42c7-b408-d8351941757f ] Request (ServerExternalEventsTest:test_create_server_external_events): 200 GET http://10.180.1.21/compute/v2.1/servers/25a896cb-fd91-4f16-a8cd-6de58fcfcc27 0.567s
2024-10-22 18:04:30.153 61809 INFO tempest.lib.common.rest_client [req-30de1017-94d3-45ba-90fe-a7431aa91760 req-30de1017-94d3-45ba-90fe-a7431aa91760 ] Request (VolumesAssistedSnapshotsTest:test_volume_assisted_snapshot_create_delete): 200 GET http://10.180.1.21/compute/v2.1/servers/e0ae2a1d-5cbf-4d8a-8a3e-aac86bff5044 0.624s
2024-10-22 18:04:30.171 61854 INFO tempest.lib.common.rest_client [req-295632b2-567b-4751-9131-2ea2096b16ae req-295632b2-567b-4751-9131-2ea2096b16ae ] Request (ServersTestBootFromVolume:setUpClass): 201 POST http://10.180.1.21/identity/v3/auth/tokens 0.138s
2024-10-22 18:04:30.203 61821 INFO tempest.lib.common.rest_client [req-af3f9685-05f7-45a0-9326-28fc24e43bca req-af3f9685-05f7-45a0-9326-28fc24e43bca ] Request (QuotasAdminTestV257:test_get_updated_quotas): 200 PUT http://10.180.1.21/compute/v2.1/os-quota-sets/8ae24e64f7b24d898307fb419906079f 0.793s
2024-10-22 18:04:30.213 61854 INFO tempest.lib.common.rest_client [req-e3a7d94b-5e28-4347-afdc-c7ca38afb627 req-e3a7d94b-5e28-4347-afdc-c7ca38afb627 ] Request (ServersTestBootFromVolume:setUpClass): 201 POST http://10.180.1.21/identity/v3/auth/tokens 0.039s
2024-10-22 18:04:30.223 61823 INFO tempest.lib.common.rest_client [req-dc663a91-3ee2-4fc3-abc2-824a19bfbd6a req-dc663a91-3ee2-4fc3-abc2-824a19bfbd6a ] Request (ServersAdminNegativeTestJSON:setUpClass): 404 GET http://10.180.1.21/compute/v2.1/servers/84a32e46-ccf7-47ca-986c-8c59d5bf43a5 0.639s
2024-10-22 18:04:30.224 61823 INFO tempest.test [-] raised in ServersAdminNegativeTestJSON.setUpClass. Invoking tearDownClass.
2024-10-22 18:04:30.227 61833 INFO tempest.lib.common.rest_client [req-6bca27f9-c857-4295-bd01-29a58ceddf6a req-6bca27f9-c857-4295-bd01-29a58ceddf6a ] Request (ListImageFiltersTestJSON:setUpClass): 200 GET http://10.180.1.21/compute/v2.1/servers/4072d5a6-f69d-4fb9-837b-7855054e5206 0.645s
2024-10-22 18:04:30.242 61854 INFO tempest.lib.common.rest_client [req-bcb7a3c7-b447-403f-acf1-70d4bc966b65 req-bcb7a3c7-b447-403f-acf1-70d4bc966b65 ] Request (ServersTestBootFromVolume:setUpClass): 200 GET http://10.180.1.21/identity/v3/domains?name=Default 0.029s
2024-10-22 18:04:30.265 61847 INFO tempest.lib.common.rest_client [req-54e54116-43e4-4eb9-8809-2b6ad6a5531f req-54e54116-43e4-4eb9-8809-2b6ad6a5531f ] Request (AggregatesAdminNegativeTestJSON:test_aggregate_remove_host_as_user): 200 POST http://10.180.1.21/compute/v2.1/os-aggregates 0.662s
2024-10-22 18:04:30.272 61854 INFO tempest.lib.common.rest_client [req-7a260d75-4625-41db-8084-b6ff0806054a req-7a260d75-4625-41db-8084-b6ff0806054a ] Request (ServersTestBootFromVolume:setUpClass): 201 POST http://10.180.1.21/identity/v3/projects 0.030s
2024-10-22 18:04:30.299 61831 INFO tempest.lib.common.rest_client [req-40ab13fb-8225-46a7-8d81-fcc047254f05 req-40ab13fb-8225-46a7-8d81-fcc047254f05 ] Request (ServersWithSpecificFlavorTestJSON:test_verify_created_server_ephemeral_disk): 200 GET http://10.180.1.21/compute/v2.1/servers/762cbca7-4729-458a-b2af-2978723a25dc 0.710s
2024-10-22 18:04:30.327 61837 INFO tempest.lib.common.rest_client [req-aac3ce11-2635-4204-bd21-ae700909b7e7 req-aac3ce11-2635-4204-bd21-ae700909b7e7 ] Request (ImagesOneServerNegativeTestJSON:setUpClass): 200 GET http://10.180.1.21/compute/v2.1/servers/b3d98e6f-4b45-4eaf-a79c-b683b32fe053 0.676s
2024-10-22 18:04:30.328 61823 INFO tempest.lib.common.rest_client [req-0b334821-76d1-47bc-9274-8e95c66d10f0 req-0b334821-76d1-47bc-9274-8e95c66d10f0 ] Request (ServersAdminNegativeTestJSON:tearDownClass): 204 DELETE http://10.180.1.21/identity/v3/users/87d260269e9b44fc8cb676d0c20af8c0 0.103s
2024-10-22 18:04:30.371 61819 INFO tempest.lib.common.rest_client [req-16fb2e12-b92c-4327-abd2-8f9824a07849 req-16fb2e12-b92c-4327-abd2-8f9824a07849 ] Request (ImagesMetadataNegativeTestJSON:tearDownClass): 200 GET http://10.180.1.21:9696/networking/v2.0/security-groups?tenant_id=f29f05e693774ff3aa5289e88b088520&name=default 0.462s
2024-10-22 18:04:30.381 61854 INFO tempest.lib.common.rest_client [req-4e3a8db1-397a-4fcd-8e54-e8ffd0c6726e req-4e3a8db1-397a-4fcd-8e54-e8ffd0c6726e ] Request (ServersTestBootFromVolume:setUpClass): 201 POST http://10.180.1.21/identity/v3/users 0.107s
2024-10-22 18:04:30.383 61851 INFO tempest.lib.common.rest_client [req-6c7d52f6-b7c1-4a2a-a89d-2e28fddb6c52 req-6c7d52f6-b7c1-4a2a-a89d-2e28fddb6c52 ] Request (VolumesAdminNegativeTest:test_update_attached_volume_with_nonexistent_volume_in_body): 200 GET http://10.180.1.21/compute/v2.1/servers/8efd391b-7b76-4167-bd18-48566271ccc8 0.545s
2024-10-22 18:04:30.383 61829 INFO tempest.lib.common.rest_client [req-7422b7ec-e480-4702-9ceb-12f0c36c84ef req-7422b7ec-e480-4702-9ceb-12f0c36c84ef ] Request (ServerTagsTestJSON:setUpClass): 200 GET http://10.180.1.21/compute/v2.1/servers/64efd676-9166-4ffa-a437-6fa6c466ace0 0.721s
2024-10-22 18:04:30.399 61849 INFO tempest.lib.common.rest_client [req-8cef3bb0-1e00-461d-8384-ff9540e4924a req-8cef3bb0-1e00-461d-8384-ff9540e4924a ] Request (FlavorsAdminTestJSON:test_is_public_string_variations): 200 GET http://10.180.1.21/compute/v2.1/flavors/detail?is_public=no 0.518s
2024-10-22 18:04:30.422 61854 INFO tempest.lib.common.rest_client [req-1b503c4d-3a77-4876-b7ff-b252b9234701 req-1b503c4d-3a77-4876-b7ff-b252b9234701 ] Request (ServersTestBootFromVolume:setUpClass): 200 GET http://10.180.1.21/identity/v3/roles 0.039s
2024-10-22 18:04:30.438 61813 INFO tempest.lib.common.rest_client [req-ab3c4450-b4ca-4f45-8ea0-f708167a9759 req-ab3c4450-b4ca-4f45-8ea0-f708167a9759 ] Request (FloatingIPsAssociationNegativeTestJSON:setUpClass): 201 POST http://10.180.1.21:9696/networking/v2.0/routers 1.208s
2024-10-22 18:04:30.465 61839 INFO tempest.lib.common.rest_client [req-d763f5bb-b9fd-4372-9417-bf65647d1ff8 req-d763f5bb-b9fd-4372-9417-bf65647d1ff8 ] Request (ServerActionsV293TestJSON:setUpClass): 200 GET http://10.180.1.21/compute/v2.1/servers/0625ac10-55b4-488a-aba5-bdaa394045f4 0.558s
2024-10-22 18:04:30.469 61823 INFO tempest.lib.common.rest_client [req-b7319092-7002-48bb-827a-1c813c763682 req-b7319092-7002-48bb-827a-1c813c763682 ] Request (ServersAdminNegativeTestJSON:tearDownClass): 204 DELETE http://10.180.1.21/identity/v3/users/7e556ec3ac86421b81ba521544f911e2 0.140s
2024-10-22 18:04:30.470 61823 INFO tempest.lib.common.dynamic_creds [-] Deleting project and security group for project: c96cbd4254f145978a18e25f151ba71e
2024-10-22 18:04:30.524 61858 INFO tempest.lib.common.rest_client [req-2711ccf2-18a4-41f0-a3eb-1e043c1c96cd req-2711ccf2-18a4-41f0-a3eb-1e043c1c96cd ] Request (SecurityGroupsTestJSON:test_list_security_groups_by_server): 200 GET http://10.180.1.21/compute/v2.1/servers/8c93ef89-5d27-48d3-8c44-79eb23d66ee3 0.339s
2024-10-22 18:04:30.547 61854 INFO tempest.lib.common.rest_client [req-77f200cc-3389-46de-aa3a-f4818e7f177a req-77f200cc-3389-46de-aa3a-f4818e7f177a ] Request (ServersTestBootFromVolume:setUpClass): 204 PUT http://10.180.1.21/identity/v3/projects/b79ac625d52c4ac8b244ce45bd90b7ed/users/ed14b085c474440982533159319b36a4/roles/1fcf9f6e4c0c436096eb5325b74fd9e0 0.125s
2024-10-22 18:04:30.547 61854 INFO tempest.lib.common.dynamic_creds [-] Dynamic test user ed14b085c474440982533159319b36a4 is created with scope project and roles: ['member']
2024-10-22 18:04:30.549 61854 INFO tempest.lib.common.dynamic_creds [-] Acquired dynamic creds: credentials: Credentials: {'domain_id': 'default', 'domain_name': 'Default', 'username': 'tempest-ServersTestBootFromVolume-392190390-project-member', 'project_domain_id': 'default', 'project_domain_name': 'Default', 'project_id': 'b79ac625d52c4ac8b244ce45bd90b7ed', 'project_name': 'tempest-ServersTestBootFromVolume-392190390', 'tenant_id': 'b79ac625d52c4ac8b244ce45bd90b7ed', 'tenant_name': 'tempest-ServersTestBootFromVolume-392190390', 'user_domain_id': 'default', 'user_domain_name': 'Default', 'user_id': 'ed14b085c474440982533159319b36a4', 'system': None}, Network: None, Subnet: None, Router: None
2024-10-22 18:04:30.554 61819 INFO tempest.lib.common.rest_client [req-96bcad4b-82a3-4290-875c-2c5437600165 req-96bcad4b-82a3-4290-875c-2c5437600165 ] Request (ImagesMetadataNegativeTestJSON:tearDownClass): 204 DELETE http://10.180.1.21:9696/networking/v2.0/security-groups/a8f18cc1-4b60-4d91-97d6-36998217fc3c 0.182s
2024-10-22 18:04:30.617 61823 INFO tempest.lib.common.rest_client [req-e8f75eab-220c-4990-b47b-887ecc4d4567 req-e8f75eab-220c-4990-b47b-887ecc4d4567 ] Request (ServersAdminNegativeTestJSON:tearDownClass): 201 POST http://10.180.1.21/identity/v3/auth/tokens 0.147s
2024-10-22 18:04:30.640 61854 INFO tempest.lib.common.rest_client [req-2a05409f-5edc-471c-a63f-67ea75f90326 req-2a05409f-5edc-471c-a63f-67ea75f90326 ] Request (ServersTestBootFromVolume:setUpClass): 201 POST http://10.180.1.21/identity/v3/auth/tokens 0.090s
2024-10-22 18:04:30.721 61819 INFO tempest.lib.common.rest_client [req-81918619-0d66-4f08-8e53-77e77a55d023 req-81918619-0d66-4f08-8e53-77e77a55d023 ] Request (ImagesMetadataNegativeTestJSON:tearDownClass): 204 DELETE http://10.180.1.21/identity/v3/projects/f29f05e693774ff3aa5289e88b088520 0.166s
2024-10-22 18:04:30.806 61821 INFO tempest.lib.common.rest_client [req-9027d090-4191-426d-bb81-5d79f2e2cee3 req-9027d090-4191-426d-bb81-5d79f2e2cee3 ] Request (QuotasAdminTestV257:test_get_updated_quotas): 200 GET http://10.180.1.21/compute/v2.1/os-quota-sets/8ae24e64f7b24d898307fb419906079f/detail 0.601s
2024-10-22 18:04:30.841 61819 INFO tempest.lib.common.rest_client [req-56a555d5-ddf9-40f5-9aa3-df3d28a5a9be req-56a555d5-ddf9-40f5-9aa3-df3d28a5a9be ] Request (ServerPasswordTestJSON:setUpClass): 201 POST http://10.180.1.21/identity/v3/auth/tokens 0.118s
2024-10-22 18:04:30.860 61821 INFO tempest.lib.common.rest_client [req-764cf66b-ffa8-4cd0-8962-149207bdde0e req-764cf66b-ffa8-4cd0-8962-149207bdde0e ] Request (QuotasAdminTestV257:test_get_updated_quotas): 200 GET http://10.180.1.21/identity/v3/domains?name=Default 0.051s
2024-10-22 18:04:30.872 61819 INFO tempest.lib.common.rest_client [req-bddcc060-f4cf-4de6-9b72-ac8c5470a92a req-bddcc060-f4cf-4de6-9b72-ac8c5470a92a ] Request (ServerPasswordTestJSON:setUpClass): 201 POST http://10.180.1.21/identity/v3/auth/tokens 0.027s
2024-10-22 18:04:30.888 61821 INFO tempest.lib.common.rest_client [req-dd627548-4157-4e5d-8cea-849057ccf328 req-dd627548-4157-4e5d-8cea-849057ccf328 ] Request (QuotasAdminTestV257:test_get_updated_quotas): 201 POST http://10.180.1.21/identity/v3/users 0.027s
2024-10-22 18:04:30.893 61819 INFO tempest.lib.common.rest_client [req-f7753d6a-de7f-4dc3-be13-152a9b03282f req-f7753d6a-de7f-4dc3-be13-152a9b03282f ] Request (ServerPasswordTestJSON:setUpClass): 200 GET http://10.180.1.21/identity/v3/domains?name=Default 0.020s
2024-10-22 18:04:30.905 61821 INFO tempest.lib.common.rest_client [req-7c11fbcd-06f1-4505-84a4-6a6f6f90345d req-7c11fbcd-06f1-4505-84a4-6a6f6f90345d ] Request (QuotasAdminTestV257:test_get_updated_quotas): 200 GET http://10.180.1.21/identity/v3/domains?name=Default 0.017s
2024-10-22 18:04:30.930 61819 INFO tempest.lib.common.rest_client [req-dfc5a8d9-6163-4def-be31-ca03d161c5c9 req-dfc5a8d9-6163-4def-be31-ca03d161c5c9 ] Request (ServerPasswordTestJSON:setUpClass): 201 POST http://10.180.1.21/identity/v3/projects 0.036s
2024-10-22 18:04:30.935 61847 INFO tempest.lib.common.rest_client [req-417f0361-32df-48f5-bedf-adadffcca7f4 req-417f0361-32df-48f5-bedf-adadffcca7f4 ] Request (AggregatesAdminNegativeTestJSON:test_aggregate_remove_host_as_user): 200 POST http://10.180.1.21/compute/v2.1/os-aggregates/7/action 0.667s
2024-10-22 18:04:30.991 61819 INFO tempest.lib.common.rest_client [req-908bc558-11f4-4bc3-bdaf-16a242214107 req-908bc558-11f4-4bc3-bdaf-16a242214107 ] Request (ServerPasswordTestJSON:setUpClass): 201 POST http://10.180.1.21/identity/v3/users 0.060s
2024-10-22 18:04:31.014 61819 INFO tempest.lib.common.rest_client [req-f3d7803a-5c89-4281-895f-e68fc8615bf8 req-f3d7803a-5c89-4281-895f-e68fc8615bf8 ] Request (ServerPasswordTestJSON:setUpClass): 200 GET http://10.180.1.21/identity/v3/roles 0.022s
2024-10-22 18:04:31.027 61795 INFO tempest.lib.common.rest_client [req-c6c0618c-2944-49d7-a0b5-ada0019c99e2 req-c6c0618c-2944-49d7-a0b5-ada0019c99e2 ] Request (ServersV294TestFqdnHostnames:setUpClass): 200 GET http://10.180.1.21/compute/v2.1/servers/3700deef-a438-4920-b35f-8fba370a5984 0.737s
2024-10-22 18:04:31.047 61819 INFO tempest.lib.common.rest_client [req-f091fb65-6eaf-46d4-89c5-994fae0df5a3 req-f091fb65-6eaf-46d4-89c5-994fae0df5a3 ] Request (ServerPasswordTestJSON:setUpClass): 204 PUT http://10.180.1.21/identity/v3/projects/a4e5047db6104fb59017304f96c467be/users/a40ade36ec3342cd8caec0de0028466b/roles/1fcf9f6e4c0c436096eb5325b74fd9e0 0.032s
2024-10-22 18:04:31.047 61819 INFO tempest.lib.common.dynamic_creds [-] Dynamic test user a40ade36ec3342cd8caec0de0028466b is created with scope project and roles: ['member']
2024-10-22 18:04:31.047 61819 INFO tempest.lib.common.dynamic_creds [-] Acquired dynamic creds: credentials: Credentials: {'domain_id': 'default', 'domain_name': 'Default', 'username': 'tempest-ServerPasswordTestJSON-1787021210-project-member', 'project_domain_id': 'default', 'project_domain_name': 'Default', 'project_id': 'a4e5047db6104fb59017304f96c467be', 'project_name': 'tempest-ServerPasswordTestJSON-1787021210', 'tenant_id': 'a4e5047db6104fb59017304f96c467be', 'tenant_name': 'tempest-ServerPasswordTestJSON-1787021210', 'user_domain_id': 'default', 'user_domain_name': 'Default', 'user_id': 'a40ade36ec3342cd8caec0de0028466b', 'system': None}, Network: None, Subnet: None, Router: None
2024-10-22 18:04:31.099 61811 INFO tempest.lib.common.rest_client [req-745d1415-d639-4104-9949-b2ba3aadf76d req-745d1415-d639-4104-9949-b2ba3aadf76d ] Request (ServerDiagnosticsV248Test:test_get_server_diagnostics): 200 GET http://10.180.1.21/compute/v2.1/servers/b5163d89-ceb8-4c61-ae02-0ae3311b58a9 0.809s
2024-10-22 18:04:31.101 61819 INFO tempest.lib.common.rest_client [req-1685f9ea-c4a8-478b-bdba-b2b664a43312 req-1685f9ea-c4a8-478b-bdba-b2b664a43312 ] Request (ServerPasswordTestJSON:setUpClass): 201 POST http://10.180.1.21/identity/v3/auth/tokens 0.053s
2024-10-22 18:04:31.115 61849 INFO tempest.lib.common.rest_client [req-53dee5d0-1f37-4a62-8396-1d4e249843d4 req-53dee5d0-1f37-4a62-8396-1d4e249843d4 ] Request (FlavorsAdminTestJSON:test_is_public_string_variations): 200 GET http://10.180.1.21/compute/v2.1/flavors/detail?is_public=0 0.711s
2024-10-22 18:04:31.129 61823 INFO tempest.lib.common.rest_client [req-cf3fdebc-8727-4d6e-b425-839169882f82 req-cf3fdebc-8727-4d6e-b425-839169882f82 ] Request (ServersAdminNegativeTestJSON:tearDownClass): 200 GET http://10.180.1.21:9696/networking/v2.0/security-groups?tenant_id=c96cbd4254f145978a18e25f151ba71e&name=default 0.511s
2024-10-22 18:04:31.188 61799 INFO tempest.lib.common.rest_client [req-081d213a-9390-4250-b489-aee04fe2e2a4 req-081d213a-9390-4250-b489-aee04fe2e2a4 ] Request (DeleteServersTestJSON:test_delete_active_server): 200 GET http://10.180.1.21/compute/v2.1/servers/9f2e0a06-b8c5-47e6-b8e3-d64fbf8fc47a 0.704s
2024-10-22 18:04:31.242 61855 INFO tempest.lib.common.rest_client [req-6b6e40ed-fca4-4d46-be23-1523311bc32e req-6b6e40ed-fca4-4d46-be23-1523311bc32e ] Request (ImagesTestJSON:test_create_image_from_stopped_server): 202 POST http://10.180.1.21/compute/v2.1/servers 1.303s
2024-10-22 18:04:31.254 61823 INFO tempest.lib.common.rest_client [req-c5d6a047-015d-499f-ab5f-7651e80b60be req-c5d6a047-015d-499f-ab5f-7651e80b60be ] Request (ServersAdminNegativeTestJSON:tearDownClass): 204 DELETE http://10.180.1.21:9696/networking/v2.0/security-groups/c4e20ee4-e3c8-4ab3-b0d2-618ed7fc37e2 0.125s
2024-10-22 18:04:31.266 61815 INFO tempest.lib.common.rest_client [req-38096655-ab16-47cf-a2d8-04f11683bddf req-38096655-ab16-47cf-a2d8-04f11683bddf ] Request (ServerAddressesNegativeTestJSON:setUpClass): 201 POST http://10.180.1.21:9696/networking/v2.0/routers 1.314s
2024-10-22 18:04:31.277 61835 INFO tempest.lib.common.rest_client [req-b5b3b45a-227f-42d0-a5ce-5c4ba30e897c req-b5b3b45a-227f-42d0-a5ce-5c4ba30e897c ] Request (ServersTestJSON:setUpClass): 200 GET http://10.180.1.21/compute/v2.1/servers/f7f5e05e-4191-4f3c-90a5-aa4f3f02fc9d 0.732s
2024-10-22 18:04:31.314 61803 INFO tempest.lib.common.rest_client [req-9b9b68c8-389c-44f8-aae2-970a7e0463a8 req-9b9b68c8-389c-44f8-aae2-970a7e0463a8 ] Request (ServersAdminTestJSON:setUpClass): 200 GET http://10.180.1.21/compute/v2.1/servers/06264429-11eb-4d64-9f6b-6587cf048c41 0.706s
2024-10-22 18:04:31.348 61823 INFO tempest.lib.common.rest_client [req-ce6210fc-8fce-44d4-92fb-fea32d1d094c req-ce6210fc-8fce-44d4-92fb-fea32d1d094c ] Request (ServersAdminNegativeTestJSON:tearDownClass): 204 DELETE http://10.180.1.21/identity/v3/projects/c96cbd4254f145978a18e25f151ba71e 0.088s
2024-10-22 18:04:31.348 61823 INFO tempest.lib.common.dynamic_creds [-] Deleting project and security group for project: 7103f9683e0a452dafde483557062c07
2024-10-22 18:04:31.360 61797 INFO tempest.lib.common.rest_client [req-4bddac66-c3c3-4fa0-8f6f-ecc7a28a56ee req-4bddac66-c3c3-4fa0-8f6f-ecc7a28a56ee ] Request (ServersTestMultiNic:test_verify_duplicate_network_nics): 200 GET http://10.180.1.21/compute/v2.1/servers/5508a717-fb58-49b3-bfd1-b80d76a3c4e1 0.695s
