2024-10-22 18:05:12.713 61819 INFO tempest.lib.common.rest_client [req-8427bfbc-e16c-4dae-a6d4-09e6dec8c75c req-8427bfbc-e16c-4dae-a6d4-09e6dec8c75c ] Request (ServerPasswordTestJSON:setUpClass): 200 GET http://10.180.1.21/compute/v2.1/servers/cceaed50-e20f-45e4-9959-29dac2ecad30 0.230s
2024-10-22 18:05:12.714 61801 INFO tempest.lib.common.rest_client [req-ddeee261-e859-4057-aa7a-e85c4f543193 req-ddeee261-e859-4057-aa7a-e85c4f543193 ] Request (SecurityGroupRulesNegativeTestJSON:test_create_security_group_rule_with_invalid_from_port): 200 POST http://10.180.1.21/compute/v2.1/os-security-groups 0.286s
2024-10-22 18:05:12.733 61841 INFO tempest.lib.common.rest_client [req-6e7037a2-57a7-4d03-99f8-5f79bad06600 req-6e7037a2-57a7-4d03-99f8-5f79bad06600 ] Request (ServersAdmin275Test:tearDownClass): 201 POST http://10.180.1.21/identity/v3/auth/tokens 0.066s
2024-10-22 18:05:12.776 61813 INFO tempest.lib.common.rest_client [req-df7c716c-11f5-4df0-aa20-1526a3bc452b req-df7c716c-11f5-4df0-aa20-1526a3bc452b ] Request (FloatingIPsAssociationNegativeTestJSON:setUpClass): 200 GET http://10.180.1.21/compute/v2.1/servers/72aa2816-5e02-4dc2-9d6a-c3e58c651224 0.279s
2024-10-22 18:05:12.842 61829 INFO tempest.lib.common.rest_client [req-e76115e9-7e9c-40c5-b3e6-3984697e9cac req-e76115e9-7e9c-40c5-b3e6-3984697e9cac ] Request (ServerTagsTestJSON:setUpClass): 200 GET http://10.180.1.21/compute/v2.1/servers/64efd676-9166-4ffa-a437-6fa6c466ace0 0.314s
2024-10-22 18:05:12.854 61858 INFO tempest.lib.common.rest_client [req-55e3f8fe-580a-4288-8b4f-3d99ebe68870 req-55e3f8fe-580a-4288-8b4f-3d99ebe68870 ] Request (SecurityGroupsTestJSON:test_security_groups_create_list_delete): 200 GET http://10.180.1.21/compute/v2.1/os-security-groups 0.331s
2024-10-22 18:05:12.892 61823 INFO tempest.lib.common.rest_client [req-8deb6b05-13b0-45af-a63f-b08b47ce5f6d req-8deb6b05-13b0-45af-a63f-b08b47ce5f6d ] Request (ServerGroupTestJSON:test_create_server_with_scheduler_hint_group): 200 GET http://10.180.1.21/compute/v2.1/servers/37b43ee9-f991-4d56-8fcc-192f6534f803 0.354s
2024-10-22 18:05:12.907 61831 INFO tempest.lib.common.rest_client [req-bfc705d2-fed1-4a42-aec3-4ee8dadc3d22 req-bfc705d2-fed1-4a42-aec3-4ee8dadc3d22 ] Request (ServersWithSpecificFlavorTestJSON:test_verify_created_server_ephemeral_disk): 200 GET http://10.180.1.21/compute/v2.1/servers/762cbca7-4729-458a-b2af-2978723a25dc 0.326s
2024-10-22 18:05:12.945 61839 INFO tempest.lib.common.rest_client [req-44c96b4f-243e-499c-8aea-a87c6bc4e8ce req-44c96b4f-243e-499c-8aea-a87c6bc4e8ce ] Request (ServerActionsV293TestJSON:setUpClass): 200 GET http://10.180.1.21/compute/v2.1/servers/0625ac10-55b4-488a-aba5-bdaa394045f4 0.359s
2024-10-22 18:05:12.969 61841 INFO tempest.lib.common.rest_client [req-0805f7b9-593d-4ba3-a965-1fcb5fe684b4 req-0805f7b9-593d-4ba3-a965-1fcb5fe684b4 ] Request (ServersAdmin275Test:tearDownClass): 200 GET http://10.180.1.21:9696/networking/v2.0/security-groups?tenant_id=a6fc2dcc360144ba985a983a73ea91cd&name=default 0.236s
2024-10-22 18:05:12.970 61799 INFO tempest.lib.common.rest_client [req-d87e1227-4656-4121-9945-ac0717bbc073 req-d87e1227-4656-4121-9945-ac0717bbc073 ] Request (DeleteServersTestJSON:test_delete_active_server): 200 GET http://10.180.1.21/compute/v2.1/servers/9f2e0a06-b8c5-47e6-b8e3-d64fbf8fc47a 0.322s
2024-10-22 18:05:12.995 61811 INFO tempest.lib.common.rest_client [req-807fb76f-9bc4-459b-8774-2e710b3c0985 req-807fb76f-9bc4-459b-8774-2e710b3c0985 ] Request (ServerDiagnosticsV248Test:test_get_server_diagnostics): 200 GET http://10.180.1.21/compute/v2.1/servers/b5163d89-ceb8-4c61-ae02-0ae3311b58a9 0.289s
2024-10-22 18:05:13.002 61801 INFO tempest.lib.common.rest_client [req-bea8d115-0d5c-4f64-b76a-150a5c40954b req-bea8d115-0d5c-4f64-b76a-150a5c40954b ] Request (SecurityGroupRulesNegativeTestJSON:test_create_security_group_rule_with_invalid_from_port): 400 POST http://10.180.1.21/compute/v2.1/os-security-group-rules 0.285s
2024-10-22 18:05:13.042 61803 INFO tempest.lib.common.rest_client [req-b3fa2b2a-8b64-48d7-9ab1-c5cda124a420 req-b3fa2b2a-8b64-48d7-9ab1-c5cda124a420 ] Request (ServersAdminTestJSON:setUpClass): 200 GET http://10.180.1.21/compute/v2.1/servers/06264429-11eb-4d64-9f6b-6587cf048c41 0.276s
2024-10-22 18:05:13.053 61825 INFO tempest.lib.common.rest_client [req-19fca7bd-a2a4-4a3e-a1c9-b02f9d44a0a1 req-19fca7bd-a2a4-4a3e-a1c9-b02f9d44a0a1 ] Request (ListServerFiltersTestJSON:setUpClass): 200 GET http://10.180.1.21/compute/v2.1/servers/461b2ef2-d665-47ab-affa-e525bffe561a 0.237s
2024-10-22 18:05:13.107 61841 INFO tempest.lib.common.rest_client [req-58cb9ab4-8560-4b76-8c66-c69e88aa0c13 req-58cb9ab4-8560-4b76-8c66-c69e88aa0c13 ] Request (ServersAdmin275Test:tearDownClass): 204 DELETE http://10.180.1.21:9696/networking/v2.0/security-groups/15d00b39-92dd-46e7-bf1c-1cf226da3695 0.137s
2024-10-22 18:05:13.117 61797 INFO tempest.lib.common.rest_client [req-42e097c4-0087-47d5-8ee1-35d6b985e3a4 req-42e097c4-0087-47d5-8ee1-35d6b985e3a4 ] Request (ServersTestMultiNic:test_verify_duplicate_network_nics): 200 GET http://10.180.1.21/compute/v2.1/servers/5508a717-fb58-49b3-bfd1-b80d76a3c4e1 0.222s
2024-10-22 18:05:13.158 61858 INFO tempest.lib.common.rest_client [req-2d0b10c5-ab20-471c-ac22-d3ce2ec34eac req-2d0b10c5-ab20-471c-ac22-d3ce2ec34eac ] Request (SecurityGroupsTestJSON:test_server_security_groups): 200 POST http://10.180.1.21/compute/v2.1/os-security-groups 0.297s
2024-10-22 18:05:13.162 61795 INFO tempest.lib.common.rest_client [req-9447ce82-496b-417b-8212-a0b557de2fc3 req-9447ce82-496b-417b-8212-a0b557de2fc3 ] Request (ServersV294TestFqdnHostnames:setUpClass): 200 GET http://10.180.1.21/compute/v2.1/servers/3700deef-a438-4920-b35f-8fba370a5984 0.207s
2024-10-22 18:05:13.166 61801 INFO tempest.lib.common.rest_client [req-c3fa78fa-fe9d-4949-bd41-b0374bcaedea req-c3fa78fa-fe9d-4949-bd41-b0374bcaedea ] Request (SecurityGroupRulesNegativeTestJSON:test_create_security_group_rule_with_invalid_id): 400 POST http://10.180.1.21/compute/v2.1/os-security-group-rules 0.163s
2024-10-22 18:05:13.186 61841 INFO tempest.lib.common.rest_client [req-729311dc-e732-488c-9fb3-a7c9bdf656c7 req-729311dc-e732-488c-9fb3-a7c9bdf656c7 ] Request (ServersAdmin275Test:tearDownClass): 204 DELETE http://10.180.1.21/identity/v3/projects/a6fc2dcc360144ba985a983a73ea91cd 0.079s
2024-10-22 18:05:13.187 61841 INFO tempest.lib.common.dynamic_creds [-] Deleting project and security group for project: cf25c9d870264aeab7415e0c61535a3f
2024-10-22 18:05:13.208 61827 INFO tempest.lib.common.rest_client [req-bd60a6ee-289d-4101-87e0-58e7bba13005 req-bd60a6ee-289d-4101-87e0-58e7bba13005 ] Request (FloatingIPsAssociationTestJSON:setUpClass): 200 GET http://10.180.1.21/compute/v2.1/servers/e2c498c5-3df1-4b99-a322-a598afd506f8 0.230s
2024-10-22 18:05:13.216 61805 INFO tempest.lib.common.rest_client [req-9a076b20-56dd-40eb-b61d-c2af2c26af03 req-9a076b20-56dd-40eb-b61d-c2af2c26af03 ] Request (InstanceActionsV221TestJSON:test_get_list_deleted_instance_actions): 200 GET http://10.180.1.21/compute/v2.1/servers/2451843a-fd32-450e-933e-e635c789834b 0.208s
2024-10-22 18:05:13.223 61805 INFO tempest.common.waiters [-] State transition "BUILD/networking" ==> "BUILD/spawning" after 55 second wait
2024-10-22 18:05:13.252 61815 INFO tempest.lib.common.rest_client [req-d012d1be-39b5-47c5-b52a-c50ed4fe7757 req-d012d1be-39b5-47c5-b52a-c50ed4fe7757 ] Request (ServerAddressesNegativeTestJSON:setUpClass): 200 GET http://10.180.1.21/compute/v2.1/servers/c887c01b-a67e-4e3e-9e17-1deb26e9b508 0.187s
2024-10-22 18:05:13.264 61817 INFO tempest.lib.common.rest_client [req-adda13bf-f29e-4850-8a76-44d26ca2e751 req-adda13bf-f29e-4850-8a76-44d26ca2e751 ] Request (ImagesOneServerTestJSON:setUpClass): 200 GET http://10.180.1.21/compute/v2.1/servers/0b223791-7e95-43fe-bef0-bac6222884ea 0.155s
2024-10-22 18:05:13.274 61841 INFO tempest.lib.common.rest_client [req-5fced1ec-eef5-4bad-a5ba-2b6164a183de req-5fced1ec-eef5-4bad-a5ba-2b6164a183de ] Request (ServersAdmin275Test:tearDownClass): 200 GET http://10.180.1.21:9696/networking/v2.0/security-groups?tenant_id=cf25c9d870264aeab7415e0c61535a3f&name=default 0.087s
2024-10-22 18:05:13.313 61843 INFO tempest.lib.common.rest_client [req-a9395920-a45d-46a0-8ab4-cf8f93bece53 req-a9395920-a45d-46a0-8ab4-cf8f93bece53 ] Request (ServerRescueNegativeTestJSON:setUpClass): 200 GET http://10.180.1.21/compute/v2.1/servers/f6566092-9921-4a94-a0b5-a2d3803a9d18 0.154s
2024-10-22 18:05:13.350 61841 INFO tempest.lib.common.rest_client [req-34ed6c15-0959-4552-ae07-48034907f2be req-34ed6c15-0959-4552-ae07-48034907f2be ] Request (ServersAdmin275Test:tearDownClass): 204 DELETE http://10.180.1.21:9696/networking/v2.0/security-groups/7439f558-18c8-4f6e-8702-a086017a00c3 0.075s
2024-10-22 18:05:13.404 61858 INFO tempest.lib.common.rest_client [req-2d69dae3-a6ee-43e6-8d8c-d8d6d5721f5f req-2d69dae3-a6ee-43e6-8d8c-d8d6d5721f5f ] Request (SecurityGroupsTestJSON:test_server_security_groups): 200 POST http://10.180.1.21/compute/v2.1/os-security-groups 0.243s
2024-10-22 18:05:13.441 61801 INFO tempest.lib.common.rest_client [req-66a4a6d2-014b-4bb4-a6fd-9657599f71f5 req-66a4a6d2-014b-4bb4-a6fd-9657599f71f5 ] Request (SecurityGroupRulesNegativeTestJSON:test_create_security_group_rule_with_invalid_ip_protocol): 200 POST http://10.180.1.21/compute/v2.1/os-security-groups 0.273s
2024-10-22 18:05:13.453 61849 INFO tempest.lib.common.rest_client [req-8e8bdff3-a2f8-4acd-b768-8a6f70942e84 req-8e8bdff3-a2f8-4acd-b768-8a6f70942e84 ] Request (ServersAaction247Test:test_create_backup): 200 GET http://10.180.1.21/compute/v2.1/servers/fd2d724a-76b6-405f-b003-54de2ad84f5a 0.241s
2024-10-22 18:05:13.456 61841 INFO tempest.lib.common.rest_client [req-46c54596-1bb2-4c0a-bf5b-1566c9cb4833 req-46c54596-1bb2-4c0a-bf5b-1566c9cb4833 ] Request (ServersAdmin275Test:tearDownClass): 204 DELETE http://10.180.1.21/identity/v3/projects/cf25c9d870264aeab7415e0c61535a3f 0.106s
2024-10-22 18:05:13.468 61858 INFO tempest.lib.common.rest_client [req-f65f9f00-3f73-4c8c-83a0-4829b767444e req-f65f9f00-3f73-4c8c-83a0-4829b767444e ] Request (SecurityGroupsTestJSON:test_server_security_groups): 201 POST http://10.180.1.21/identity/v3/auth/tokens 0.055s
2024-10-22 18:05:13.468 61858 INFO tempest.lib.common.fixed_network [-] (SecurityGroupsTestJSON:test_server_security_groups) Found network {'id': '902fe7b2-e0b9-4843-8861-ec7027d3e672', 'name': 'tempest-SecurityGroupsTestJSON-912488788-network', 'tenant_id': 'b8fbcee03fda4bff9730bf5c2a97570c', 'admin_state_up': True, 'mtu': 8950, 'status': 'ACTIVE', 'subnets': [], 'shared': False, 'project_id': 'b8fbcee03fda4bff9730bf5c2a97570c', 'port_security_enabled': True, 'router:external': False, 'provider:network_type': 'vlan', 'provider:physical_network': 'default', 'provider:segmentation_id': 820, 'is_default': False, 'availability_zone_hints': [], 'availability_zones': [], 'ipv4_address_scope': None, 'ipv6_address_scope': None, 'description': '', 'tags': [], 'created_at': '2024-10-22T18:03:47Z', 'updated_at': '2024-10-22T18:03:47Z', 'revision_number': 1} available for tenant
2024-10-22 18:05:13.489 61855 INFO tempest.lib.common.rest_client [req-87a583e2-74cb-4456-8492-c28874dda1a0 req-87a583e2-74cb-4456-8492-c28874dda1a0 ] Request (ImagesTestJSON:test_create_image_from_stopped_server): 200 GET http://10.180.1.21/compute/v2.1/servers/d5131a9f-f4bd-40c8-98d1-043651537a16 0.243s
2024-10-22 18:05:13.503 61807 INFO tempest.lib.common.rest_client [req-7173604c-ef1b-4608-ade1-265e394c7a72 req-7173604c-ef1b-4608-ade1-265e394c7a72 ] Request (MigrationsAdminTest:test_resize_server_revert_deleted_flavor): 200 GET http://10.180.1.21/compute/v2.1/servers/b1bad82d-d7bf-4e58-bbf2-f3d68f214115 0.201s
2024-10-22 18:05:13.512 61841 INFO tempest.lib.common.rest_client [req-b05c895f-4fcd-443a-840e-11c4285f29c6 req-b05c895f-4fcd-443a-840e-11c4285f29c6 ] Request (ImagesNegativeTestJSON:setUpClass): 201 POST http://10.180.1.21/identity/v3/auth/tokens 0.054s
2024-10-22 18:05:13.536 61809 INFO tempest.lib.common.rest_client [req-dd28c428-bd74-462e-a2f0-63174635d3b6 req-dd28c428-bd74-462e-a2f0-63174635d3b6 ] Request (ServerMetadataTestJSON:setUpClass): 200 GET http://10.180.1.21/compute/v2.1/servers/be8ac265-b214-4db5-9781-d171cee46538 0.121s
2024-10-22 18:05:13.541 61841 INFO tempest.lib.common.rest_client [req-833c4070-d65d-4277-8bb9-2674f5a6cf52 req-833c4070-d65d-4277-8bb9-2674f5a6cf52 ] Request (ImagesNegativeTestJSON:setUpClass): 201 POST http://10.180.1.21/identity/v3/auth/tokens 0.027s
2024-10-22 18:05:13.544 61801 INFO tempest.lib.common.rest_client [req-51fba9e5-dedc-4afb-842e-163610488307 req-51fba9e5-dedc-4afb-842e-163610488307 ] Request (SecurityGroupRulesNegativeTestJSON:test_create_security_group_rule_with_invalid_ip_protocol): 400 POST http://10.180.1.21/compute/v2.1/os-security-group-rules 0.099s
2024-10-22 18:05:13.560 61841 INFO tempest.lib.common.rest_client [req-1b2b4e1d-bd3f-4e56-803d-b24b29086913 req-1b2b4e1d-bd3f-4e56-803d-b24b29086913 ] Request (ImagesNegativeTestJSON:setUpClass): 200 GET http://10.180.1.21/identity/v3/domains?name=Default 0.018s
2024-10-22 18:05:13.583 61841 INFO tempest.lib.common.rest_client [req-33119a7f-e843-48b8-af87-8fa045819f8a req-33119a7f-e843-48b8-af87-8fa045819f8a ] Request (ImagesNegativeTestJSON:setUpClass): 201 POST http://10.180.1.21/identity/v3/projects 0.023s
2024-10-22 18:05:13.588 61833 INFO tempest.lib.common.rest_client [req-7adc781e-51a5-43ee-866f-faff25bf938e req-7adc781e-51a5-43ee-866f-faff25bf938e ] Request (ListImageFiltersTestJSON:setUpClass): 200 GET http://10.180.1.21/compute/v2.1/servers/4072d5a6-f69d-4fb9-837b-7855054e5206 0.134s
2024-10-22 18:05:13.637 61841 INFO tempest.lib.common.rest_client [req-ca81519a-209d-43d0-9ceb-b527a57bda18 req-ca81519a-209d-43d0-9ceb-b527a57bda18 ] Request (ImagesNegativeTestJSON:setUpClass): 201 POST http://10.180.1.21/identity/v3/users 0.053s
2024-10-22 18:05:13.640 61854 INFO tempest.lib.common.rest_client [req-67bb5a98-acbd-4c94-a526-d2b47d1ce4b5 req-67bb5a98-acbd-4c94-a526-d2b47d1ce4b5 ] Request (ServersTestBootFromVolume:setUpClass): 200 GET http://10.180.1.21/compute/v2.1/servers/e02f41be-125a-4228-8136-9e6639a268a9 0.129s
2024-10-22 18:05:13.656 61841 INFO tempest.lib.common.rest_client [req-579336f9-2c11-4e12-a7ce-dc058b59252d req-579336f9-2c11-4e12-a7ce-dc058b59252d ] Request (ImagesNegativeTestJSON:setUpClass): 200 GET http://10.180.1.21/identity/v3/roles 0.018s
2024-10-22 18:05:13.681 61841 INFO tempest.lib.common.rest_client [req-9259266f-6a68-4fd6-a9a1-2ba01f83cb2b req-9259266f-6a68-4fd6-a9a1-2ba01f83cb2b ] Request (ImagesNegativeTestJSON:setUpClass): 204 PUT http://10.180.1.21/identity/v3/projects/5c9a93490999434a9f1f152538ded354/users/6e30f3e88003426497d33d42274a8d07/roles/1fcf9f6e4c0c436096eb5325b74fd9e0 0.025s
2024-10-22 18:05:13.682 61841 INFO tempest.lib.common.dynamic_creds [-] Dynamic test user 6e30f3e88003426497d33d42274a8d07 is created with scope project and roles: ['member']
2024-10-22 18:05:13.682 61841 INFO tempest.lib.common.dynamic_creds [-] Acquired dynamic creds: credentials: Credentials: {'domain_id': 'default', 'domain_name': 'Default', 'username': 'tempest-ImagesNegativeTestJSON-1963446929-project-member', 'project_domain_id': 'default', 'project_domain_name': 'Default', 'project_id': '5c9a93490999434a9f1f152538ded354', 'project_name': 'tempest-ImagesNegativeTestJSON-1963446929', 'tenant_id': '5c9a93490999434a9f1f152538ded354', 'tenant_name': 'tempest-ImagesNegativeTestJSON-1963446929', 'user_domain_id': 'default', 'user_domain_name': 'Default', 'user_id': '6e30f3e88003426497d33d42274a8d07', 'system': None}, Network: None, Subnet: None, Router: None
2024-10-22 18:05:13.702 61837 INFO tempest.lib.common.rest_client [req-bcf3b57d-172f-47ec-990a-c5a106433fcf req-bcf3b57d-172f-47ec-990a-c5a106433fcf ] Request (ImagesOneServerNegativeTestJSON:setUpClass): 200 GET http://10.180.1.21/compute/v2.1/servers/b3d98e6f-4b45-4eaf-a79c-b683b32fe053 0.185s
2024-10-22 18:05:13.749 61841 INFO tempest.lib.common.rest_client [req-ac80e14f-7991-4fbf-8c0a-956f73a0edc4 req-ac80e14f-7991-4fbf-8c0a-956f73a0edc4 ] Request (ImagesNegativeTestJSON:setUpClass): 201 POST http://10.180.1.21/identity/v3/auth/tokens 0.066s
2024-10-22 18:05:13.862 61801 INFO tempest.lib.common.rest_client [req-8c934b5c-090e-4a49-84c0-c87d5568c0b0 req-8c934b5c-090e-4a49-84c0-c87d5568c0b0 ] Request (SecurityGroupRulesNegativeTestJSON:test_create_security_group_rule_with_invalid_port_range): 200 POST http://10.180.1.21/compute/v2.1/os-security-groups 0.318s
2024-10-22 18:05:13.918 61851 INFO tempest.lib.common.rest_client [req-8670621b-62f3-4b45-8430-f706fcf14de1 req-8670621b-62f3-4b45-8430-f706fcf14de1 ] Request (VolumesAdminNegativeTest:test_update_attached_volume_with_nonexistent_volume_in_body): 200 GET http://10.180.1.21/compute/v2.1/servers/8efd391b-7b76-4167-bd18-48566271ccc8 0.343s
2024-10-22 18:05:13.925 61858 INFO tempest.lib.common.rest_client [req-d86a3341-03f1-430f-9161-6c6fcc5f6087 req-d86a3341-03f1-430f-9161-6c6fcc5f6087 ] Request (SecurityGroupsTestJSON:test_server_security_groups): 202 POST http://10.180.1.21/compute/v2.1/servers 0.456s
2024-10-22 18:05:13.984 61821 INFO tempest.lib.common.rest_client [req-0f893a38-d423-49a4-bea8-112ae5a40fff req-0f893a38-d423-49a4-bea8-112ae5a40fff ] Request (ServersTestFqdnHostnames:test_create_server_with_fqdn_name): 200 GET http://10.180.1.21/compute/v2.1/servers/3b852a19-9f86-486b-b98d-e87ffc54d943 0.338s
2024-10-22 18:05:13.990 61845 INFO tempest.lib.common.rest_client [req-fa5868fe-624a-4147-b6a4-b53c7361273d req-fa5868fe-624a-4147-b6a4-b53c7361273d ] Request (DeleteServersAdminTestJSON:test_delete_server_while_in_error_state): 200 GET http://10.180.1.21/compute/v2.1/servers/755cdc16-0eae-4978-917f-634a8ac7af8f 0.404s
2024-10-22 18:05:14.053 61819 INFO tempest.lib.common.rest_client [req-9803e9dc-df31-4e5c-a1a9-20a192fef235 req-9803e9dc-df31-4e5c-a1a9-20a192fef235 ] Request (ServerPasswordTestJSON:setUpClass): 200 GET http://10.180.1.21/compute/v2.1/servers/cceaed50-e20f-45e4-9959-29dac2ecad30 0.332s
2024-10-22 18:05:14.053 61813 INFO tempest.lib.common.rest_client [req-b679c15a-80df-4908-a2b9-5c956edd0799 req-b679c15a-80df-4908-a2b9-5c956edd0799 ] Request (FloatingIPsAssociationNegativeTestJSON:setUpClass): 200 GET http://10.180.1.21/compute/v2.1/servers/72aa2816-5e02-4dc2-9d6a-c3e58c651224 0.265s
2024-10-22 18:05:14.057 61841 INFO tempest.lib.common.rest_client [req-cc13de8f-5396-4128-90c8-7f2402146568 req-cc13de8f-5396-4128-90c8-7f2402146568 ] Request (ImagesNegativeTestJSON:setUpClass): 201 POST http://10.180.1.21:9696/networking/v2.0/networks 0.308s
2024-10-22 18:05:14.105 61829 INFO tempest.lib.common.rest_client [req-e1f06ce5-b252-4d68-8bb9-06d33fdcc321 req-e1f06ce5-b252-4d68-8bb9-06d33fdcc321 ] Request (ServerTagsTestJSON:setUpClass): 200 GET http://10.180.1.21/compute/v2.1/servers/64efd676-9166-4ffa-a437-6fa6c466ace0 0.253s
2024-10-22 18:05:14.116 61801 INFO tempest.lib.common.rest_client [req-0b18d6b9-b31b-41ca-9c06-995b5b4f50c8 req-0b18d6b9-b31b-41ca-9c06-995b5b4f50c8 ] Request (SecurityGroupRulesNegativeTestJSON:test_create_security_group_rule_with_invalid_port_range): 400 POST http://10.180.1.21/compute/v2.1/os-security-group-rules 0.251s
2024-10-22 18:05:14.162 61823 INFO tempest.lib.common.rest_client [req-192c232e-ebb8-48d0-9fc2-90864bbc3f15 req-192c232e-ebb8-48d0-9fc2-90864bbc3f15 ] Request (ServerGroupTestJSON:test_create_server_with_scheduler_hint_group): 200 GET http://10.180.1.21/compute/v2.1/servers/37b43ee9-f991-4d56-8fcc-192f6534f803 0.263s
2024-10-22 18:05:14.169 61831 INFO tempest.lib.common.rest_client [req-a098dddc-2f1f-45fc-bf91-41dfcd66b5e3 req-a098dddc-2f1f-45fc-bf91-41dfcd66b5e3 ] Request (ServersWithSpecificFlavorTestJSON:test_verify_created_server_ephemeral_disk): 200 GET http://10.180.1.21/compute/v2.1/servers/762cbca7-4729-458a-b2af-2978723a25dc 0.255s
2024-10-22 18:05:14.200 61858 INFO tempest.lib.common.rest_client [req-946009fc-29f8-4ed1-862f-0401534be4a9 req-946009fc-29f8-4ed1-862f-0401534be4a9 ] Request (SecurityGroupsTestJSON:test_server_security_groups): 200 GET http://10.180.1.21/compute/v2.1/servers/61d68f1c-6a48-475a-8cf5-fa6ce3b09f20 0.273s
2024-10-22 18:05:14.215 61841 INFO tempest.lib.common.rest_client [req-03adff1a-3724-45a4-b7b2-ac74e65e6486 req-03adff1a-3724-45a4-b7b2-ac74e65e6486 ] Request (ImagesNegativeTestJSON:setUpClass): 201 POST http://10.180.1.21:9696/networking/v2.0/subnets 0.157s
2024-10-22 18:05:14.220 61839 INFO tempest.lib.common.rest_client [req-c79fa5b2-2bbd-4ede-a68e-e98c897d68fb req-c79fa5b2-2bbd-4ede-a68e-e98c897d68fb ] Request (ServerActionsV293TestJSON:setUpClass): 200 GET http://10.180.1.21/compute/v2.1/servers/0625ac10-55b4-488a-aba5-bdaa394045f4 0.260s
2024-10-22 18:05:14.251 61799 INFO tempest.lib.common.rest_client [req-e1898161-217b-4a44-a6c7-095308632674 req-e1898161-217b-4a44-a6c7-095308632674 ] Request (DeleteServersTestJSON:test_delete_active_server): 200 GET http://10.180.1.21/compute/v2.1/servers/9f2e0a06-b8c5-47e6-b8e3-d64fbf8fc47a 0.272s
2024-10-22 18:05:14.274 61811 INFO tempest.lib.common.rest_client [req-a3d057b1-71f3-455d-95f1-5eba0113bfcc req-a3d057b1-71f3-455d-95f1-5eba0113bfcc ] Request (ServerDiagnosticsV248Test:test_get_server_diagnostics): 200 GET http://10.180.1.21/compute/v2.1/servers/b5163d89-ceb8-4c61-ae02-0ae3311b58a9 0.267s
2024-10-22 18:05:14.294 61803 INFO tempest.lib.common.rest_client [req-79c08259-7943-4d42-b4cc-d7f6fc75d14a req-79c08259-7943-4d42-b4cc-d7f6fc75d14a ] Request (ServersAdminTestJSON:setUpClass): 200 GET http://10.180.1.21/compute/v2.1/servers/06264429-11eb-4d64-9f6b-6587cf048c41 0.246s
2024-10-22 18:05:14.326 61825 INFO tempest.lib.common.rest_client [req-e05db585-80a8-4c31-abba-9f0ce95f3d24 req-e05db585-80a8-4c31-abba-9f0ce95f3d24 ] Request (ListServerFiltersTestJSON:setUpClass): 200 GET http://10.180.1.21/compute/v2.1/servers/461b2ef2-d665-47ab-affa-e525bffe561a 0.263s
2024-10-22 18:05:14.378 61797 INFO tempest.lib.common.rest_client [req-24de5a79-e7ac-4a7a-a270-c25f898074ce req-24de5a79-e7ac-4a7a-a270-c25f898074ce ] Request (ServersTestMultiNic:test_verify_duplicate_network_nics): 200 GET http://10.180.1.21/compute/v2.1/servers/5508a717-fb58-49b3-bfd1-b80d76a3c4e1 0.248s
2024-10-22 18:05:14.406 61801 INFO tempest.lib.common.rest_client [req-13092b27-de35-44ff-b2ee-2489750fbd2d req-13092b27-de35-44ff-b2ee-2489750fbd2d ] Request (SecurityGroupRulesNegativeTestJSON:test_create_security_group_rule_with_invalid_to_port): 200 POST http://10.180.1.21/compute/v2.1/os-security-groups 0.286s
2024-10-22 18:05:14.453 61795 INFO tempest.lib.common.rest_client [req-5372fcae-9ac2-49e7-9b8d-0c679d6eb13d req-5372fcae-9ac2-49e7-9b8d-0c679d6eb13d ] Request (ServersV294TestFqdnHostnames:setUpClass): 200 GET http://10.180.1.21/compute/v2.1/servers/3700deef-a438-4920-b35f-8fba370a5984 0.280s
2024-10-22 18:05:14.459 61827 INFO tempest.lib.common.rest_client [req-e330d7a2-6298-4afa-8217-c73c6b95196f req-e330d7a2-6298-4afa-8217-c73c6b95196f ] Request (FloatingIPsAssociationTestJSON:setUpClass): 200 GET http://10.180.1.21/compute/v2.1/servers/e2c498c5-3df1-4b99-a322-a598afd506f8 0.242s
2024-10-22 18:05:14.514 61815 INFO tempest.lib.common.rest_client [req-4f1d93d9-0056-4ffa-b0f7-e84c828e7874 req-4f1d93d9-0056-4ffa-b0f7-e84c828e7874 ] Request (ServerAddressesNegativeTestJSON:setUpClass): 200 GET http://10.180.1.21/compute/v2.1/servers/c887c01b-a67e-4e3e-9e17-1deb26e9b508 0.255s
2024-10-22 18:05:14.516 61805 INFO tempest.lib.common.rest_client [req-b7c5d3a8-47cd-4960-b89b-d67dc19b02ec req-b7c5d3a8-47cd-4960-b89b-d67dc19b02ec ] Request (InstanceActionsV221TestJSON:test_get_list_deleted_instance_actions): 200 GET http://10.180.1.21/compute/v2.1/servers/2451843a-fd32-450e-933e-e635c789834b 0.291s
2024-10-22 18:05:14.564 61817 INFO tempest.lib.common.rest_client [req-382fc85f-8779-429b-b1f9-af778b42285b req-382fc85f-8779-429b-b1f9-af778b42285b ] Request (ImagesOneServerTestJSON:setUpClass): 200 GET http://10.180.1.21/compute/v2.1/servers/0b223791-7e95-43fe-bef0-bac6222884ea 0.293s
2024-10-22 18:05:14.569 61843 INFO tempest.lib.common.rest_client [req-68d0016d-83b2-4b41-aae1-4c0595f4282c req-68d0016d-83b2-4b41-aae1-4c0595f4282c ] Request (ServerRescueNegativeTestJSON:setUpClass): 200 GET http://10.180.1.21/compute/v2.1/servers/f6566092-9921-4a94-a0b5-a2d3803a9d18 0.248s
2024-10-22 18:05:14.595 61801 INFO tempest.lib.common.rest_client [req-ec80fa07-eb81-4404-9ef8-6c5da7c8492a req-ec80fa07-eb81-4404-9ef8-6c5da7c8492a ] Request (SecurityGroupRulesNegativeTestJSON:test_create_security_group_rule_with_invalid_to_port): 400 POST http://10.180.1.21/compute/v2.1/os-security-group-rules 0.186s
2024-10-22 18:05:14.613 61849 INFO tempest.lib.common.rest_client [req-b7b8e628-e0dd-43d8-ba73-b186fd8dfef5 req-b7b8e628-e0dd-43d8-ba73-b186fd8dfef5 ] Request (ServersAaction247Test:test_create_backup): 200 GET http://10.180.1.21/compute/v2.1/servers/fd2d724a-76b6-405f-b003-54de2ad84f5a 0.151s
2024-10-22 18:05:14.640 61855 INFO tempest.lib.common.rest_client [req-045b898a-9f98-4eb3-b2b0-13eaedafda32 req-045b898a-9f98-4eb3-b2b0-13eaedafda32 ] Request (ImagesTestJSON:test_create_image_from_stopped_server): 200 GET http://10.180.1.21/compute/v2.1/servers/d5131a9f-f4bd-40c8-98d1-043651537a16 0.143s
2024-10-22 18:05:14.657 61807 INFO tempest.lib.common.rest_client [req-6a1cfbbb-81ca-4123-adee-044b5499e5cb req-6a1cfbbb-81ca-4123-adee-044b5499e5cb ] Request (MigrationsAdminTest:test_resize_server_revert_deleted_flavor): 200 GET http://10.180.1.21/compute/v2.1/servers/b1bad82d-d7bf-4e58-bbf2-f3d68f214115 0.144s
2024-10-22 18:05:14.672 61801 INFO tempest.lib.common.rest_client [req-e51262c9-9630-4d9e-80a7-2d2c5644f5ae req-e51262c9-9630-4d9e-80a7-2d2c5644f5ae ] Request (SecurityGroupRulesNegativeTestJSON:test_create_security_group_rule_with_non_existent_id): 404 POST http://10.180.1.21/compute/v2.1/os-security-group-rules 0.076s
2024-10-22 18:05:14.703 61809 INFO tempest.lib.common.rest_client [req-a2f46752-2757-487a-8459-669aab0aa953 req-a2f46752-2757-487a-8459-669aab0aa953 ] Request (ServerMetadataTestJSON:setUpClass): 200 GET http://10.180.1.21/compute/v2.1/servers/be8ac265-b214-4db5-9781-d171cee46538 0.156s
2024-10-22 18:05:14.717 61833 INFO tempest.lib.common.rest_client [req-fa33a0ca-d959-4159-9066-40dc5f15c316 req-fa33a0ca-d959-4159-9066-40dc5f15c316 ] Request (ListImageFiltersTestJSON:setUpClass): 200 GET http://10.180.1.21/compute/v2.1/servers/4072d5a6-f69d-4fb9-837b-7855054e5206 0.119s
2024-10-22 18:05:14.731 61801 INFO tempest.lib.common.rest_client [req-1db26632-ad44-4188-8b1c-3c1bf96d7e38 req-1db26632-ad44-4188-8b1c-3c1bf96d7e38 ] Request (SecurityGroupRulesNegativeTestJSON:test_delete_security_group_rule_with_non_existent_id): 404 DELETE http://10.180.1.21/compute/v2.1/os-security-group-rules/720b15fa-15f0-4e67-a9c4-ca0e2979b039 0.057s
2024-10-22 18:05:14.761 61854 INFO tempest.lib.common.rest_client [req-690aebf4-1d7a-42e5-a431-28bf68207e36 req-690aebf4-1d7a-42e5-a431-28bf68207e36 ] Request (ServersTestBootFromVolume:setUpClass): 200 GET http://10.180.1.21/compute/v2.1/servers/e02f41be-125a-4228-8136-9e6639a268a9 0.112s
2024-10-22 18:05:14.782 61837 INFO tempest.lib.common.rest_client [req-aa335405-2790-443e-b6a2-0d3763a65db6 req-aa335405-2790-443e-b6a2-0d3763a65db6 ] Request (ImagesOneServerNegativeTestJSON:setUpClass): 200 GET http://10.180.1.21/compute/v2.1/servers/b3d98e6f-4b45-4eaf-a79c-b683b32fe053 0.070s
2024-10-22 18:05:14.882 61801 INFO tempest.lib.common.rest_client [req-51dd0031-7f34-4176-b4d5-e5a77926f62a req-51dd0031-7f34-4176-b4d5-e5a77926f62a ] Request (SecurityGroupRulesNegativeTestJSON:tearDownClass): 202 DELETE http://10.180.1.21/compute/v2.1/os-security-groups/6bf0d633-8769-47c0-ae5b-eec2b012180f 0.148s
2024-10-22 18:05:14.991 61801 INFO tempest.lib.common.rest_client [req-6c6bc923-5313-4d8b-92aa-c6e3cd9de14c req-6c6bc923-5313-4d8b-92aa-c6e3cd9de14c ] Request (SecurityGroupRulesNegativeTestJSON:tearDownClass): 202 DELETE http://10.180.1.21/compute/v2.1/os-security-groups/43cbde39-5a43-4f59-ba3d-e33d2ed25376 0.109s
2024-10-22 18:05:15.003 61851 INFO tempest.lib.common.rest_client [req-6399331b-b56b-402f-868f-e6e58686bdd0 req-6399331b-b56b-402f-868f-e6e58686bdd0 ] Request (VolumesAdminNegativeTest:test_update_attached_volume_with_nonexistent_volume_in_body): 200 GET http://10.180.1.21/compute/v2.1/servers/8efd391b-7b76-4167-bd18-48566271ccc8 0.071s
2024-10-22 18:05:15.069 61821 INFO tempest.lib.common.rest_client [req-c82d1193-1a59-4b79-9dd0-1f1b93d7a02e req-c82d1193-1a59-4b79-9dd0-1f1b93d7a02e ] Request (ServersTestFqdnHostnames:test_create_server_with_fqdn_name): 200 GET http://10.180.1.21/compute/v2.1/servers/3b852a19-9f86-486b-b98d-e87ffc54d943 0.073s
2024-10-22 18:05:15.101 61801 INFO tempest.lib.common.rest_client [req-73b3c911-5136-4357-9f11-c902e5eeff57 req-73b3c911-5136-4357-9f11-c902e5eeff57 ] Request (SecurityGroupRulesNegativeTestJSON:tearDownClass): 202 DELETE http://10.180.1.21/compute/v2.1/os-security-groups/c4d72859-336e-4ab1-ab2c-ff53cfbcf8a5 0.109s
2024-10-22 18:05:15.119 61845 INFO tempest.lib.common.rest_client [req-5fd7573b-f03e-4be5-93a1-9aa917f2f1c9 req-5fd7573b-f03e-4be5-93a1-9aa917f2f1c9 ] Request (DeleteServersAdminTestJSON:test_delete_server_while_in_error_state): 200 GET http://10.180.1.21/compute/v2.1/servers/755cdc16-0eae-4978-917f-634a8ac7af8f 0.120s
2024-10-22 18:05:15.152 61813 INFO tempest.lib.common.rest_client [req-0bfbcb43-c51c-417e-a177-060cc87f3e78 req-0bfbcb43-c51c-417e-a177-060cc87f3e78 ] Request (FloatingIPsAssociationNegativeTestJSON:setUpClass): 200 GET http://10.180.1.21/compute/v2.1/servers/72aa2816-5e02-4dc2-9d6a-c3e58c651224 0.089s
2024-10-22 18:05:15.168 61819 INFO tempest.lib.common.rest_client [req-61c0d2fd-4e91-486e-994f-ece58a920e3a req-61c0d2fd-4e91-486e-994f-ece58a920e3a ] Request (ServerPasswordTestJSON:setUpClass): 200 GET http://10.180.1.21/compute/v2.1/servers/cceaed50-e20f-45e4-9959-29dac2ecad30 0.105s
2024-10-22 18:05:15.227 61829 INFO tempest.lib.common.rest_client [req-70e94447-6a82-41dd-8e5f-a9133b3294f0 req-70e94447-6a82-41dd-8e5f-a9133b3294f0 ] Request (ServerTagsTestJSON:setUpClass): 200 GET http://10.180.1.21/compute/v2.1/servers/64efd676-9166-4ffa-a437-6fa6c466ace0 0.114s
2024-10-22 18:05:15.268 61801 INFO tempest.lib.common.rest_client [req-413aed17-c099-48f7-a7f4-1d0bd69742c1 req-413aed17-c099-48f7-a7f4-1d0bd69742c1 ] Request (SecurityGroupRulesNegativeTestJSON:tearDownClass): 202 DELETE http://10.180.1.21/compute/v2.1/os-security-groups/a360e6d0-a31e-4083-99a7-3a89b92611d0 0.167s
2024-10-22 18:05:15.281 61823 INFO tempest.lib.common.rest_client [req-0413a8b0-4260-4773-a18d-e386553f2572 req-0413a8b0-4260-4773-a18d-e386553f2572 ] Request (ServerGroupTestJSON:test_create_server_with_scheduler_hint_group): 200 GET http://10.180.1.21/compute/v2.1/servers/37b43ee9-f991-4d56-8fcc-192f6534f803 0.108s
2024-10-22 18:05:15.337 61858 INFO tempest.lib.common.rest_client [req-3040be6d-705f-4923-b30b-f70e23f5d741 req-3040be6d-705f-4923-b30b-f70e23f5d741 ] Request (SecurityGroupsTestJSON:test_server_security_groups): 200 GET http://10.180.1.21/compute/v2.1/servers/61d68f1c-6a48-475a-8cf5-fa6ce3b09f20 0.127s
2024-10-22 18:05:15.338 61831 INFO tempest.lib.common.rest_client [req-202b9a7c-9b1b-4939-857c-571aec664448 req-202b9a7c-9b1b-4939-857c-571aec664448 ] Request (ServersWithSpecificFlavorTestJSON:test_verify_created_server_ephemeral_disk): 200 GET http://10.180.1.21/compute/v2.1/servers/762cbca7-4729-458a-b2af-2978723a25dc 0.158s
2024-10-22 18:05:15.390 61799 INFO tempest.lib.common.rest_client [req-72e27de3-2891-499e-a3ec-190896c30ab5 req-72e27de3-2891-499e-a3ec-190896c30ab5 ] Request (DeleteServersTestJSON:test_delete_active_server): 200 GET http://10.180.1.21/compute/v2.1/servers/9f2e0a06-b8c5-47e6-b8e3-d64fbf8fc47a 0.132s
2024-10-22 18:05:15.393 61839 INFO tempest.lib.common.rest_client [req-b0141393-0675-44f4-b939-e1501765c333 req-b0141393-0675-44f4-b939-e1501765c333 ] Request (ServerActionsV293TestJSON:setUpClass): 200 GET http://10.180.1.21/compute/v2.1/servers/0625ac10-55b4-488a-aba5-bdaa394045f4 0.160s
2024-10-22 18:05:15.423 61841 INFO tempest.lib.common.rest_client [req-84020297-3c68-44d6-8ac0-189805d43d3a req-84020297-3c68-44d6-8ac0-189805d43d3a ] Request (ImagesNegativeTestJSON:setUpClass): 201 POST http://10.180.1.21:9696/networking/v2.0/routers 1.206s
2024-10-22 18:05:15.445 61811 INFO tempest.lib.common.rest_client [req-bd904c00-7fc8-4af9-9af3-0156f9a47e25 req-bd904c00-7fc8-4af9-9af3-0156f9a47e25 ] Request (ServerDiagnosticsV248Test:test_get_server_diagnostics): 200 GET http://10.180.1.21/compute/v2.1/servers/b5163d89-ceb8-4c61-ae02-0ae3311b58a9 0.163s
2024-10-22 18:05:15.499 61803 INFO tempest.lib.common.rest_client [req-3e4121fc-648e-42eb-91b5-03e425b5f80c req-3e4121fc-648e-42eb-91b5-03e425b5f80c ] Request (ServersAdminTestJSON:setUpClass): 200 GET http://10.180.1.21/compute/v2.1/servers/06264429-11eb-4d64-9f6b-6587cf048c41 0.194s
2024-10-22 18:05:15.510 61801 INFO tempest.lib.common.rest_client [req-8875e490-84e3-4264-8156-d0f9aee830c4 req-8875e490-84e3-4264-8156-d0f9aee830c4 ] Request (SecurityGroupRulesNegativeTestJSON:tearDownClass): 202 DELETE http://10.180.1.21/compute/v2.1/os-security-groups/443b1221-6b29-49d8-89a2-e494c02873b4 0.241s
2024-10-22 18:05:15.555 61825 INFO tempest.lib.common.rest_client [req-3a18f882-2152-4f0c-8a21-4d8c8ae1f27f req-3a18f882-2152-4f0c-8a21-4d8c8ae1f27f ] Request (ListServerFiltersTestJSON:setUpClass): 200 GET http://10.180.1.21/compute/v2.1/servers/461b2ef2-d665-47ab-affa-e525bffe561a 0.222s
2024-10-22 18:05:15.573 61797 INFO tempest.lib.common.rest_client [req-f566b9db-7935-43dc-a34e-9a2c13d47095 req-f566b9db-7935-43dc-a34e-9a2c13d47095 ] Request (ServersTestMultiNic:test_verify_duplicate_network_nics): 200 GET http://10.180.1.21/compute/v2.1/servers/5508a717-fb58-49b3-bfd1-b80d76a3c4e1 0.188s
2024-10-22 18:05:15.626 61795 INFO tempest.lib.common.rest_client [req-de20c9a5-6782-4913-a747-c1be1d7b93a8 req-de20c9a5-6782-4913-a747-c1be1d7b93a8 ] Request (ServersV294TestFqdnHostnames:setUpClass): 200 GET http://10.180.1.21/compute/v2.1/servers/3700deef-a438-4920-b35f-8fba370a5984 0.163s
2024-10-22 18:05:15.626 61827 INFO tempest.lib.common.rest_client [req-26771fbc-8765-498f-b979-00c0e25a9e4d req-26771fbc-8765-498f-b979-00c0e25a9e4d ] Request (FloatingIPsAssociationTestJSON:setUpClass): 200 GET http://10.180.1.21/compute/v2.1/servers/e2c498c5-3df1-4b99-a322-a598afd506f8 0.160s
2024-10-22 18:05:15.694 61815 INFO tempest.lib.common.rest_client [req-d83b1383-ee0f-4699-8b94-cdd8518abbcc req-d83b1383-ee0f-4699-8b94-cdd8518abbcc ] Request (ServerAddressesNegativeTestJSON:setUpClass): 200 GET http://10.180.1.21/compute/v2.1/servers/c887c01b-a67e-4e3e-9e17-1deb26e9b508 0.171s
2024-10-22 18:05:15.696 61805 INFO tempest.lib.common.rest_client [req-36a27fb8-130b-46cf-8f14-6b7421eab3ff req-36a27fb8-130b-46cf-8f14-6b7421eab3ff ] Request (InstanceActionsV221TestJSON:test_get_list_deleted_instance_actions): 200 GET http://10.180.1.21/compute/v2.1/servers/2451843a-fd32-450e-933e-e635c789834b 0.166s
2024-10-22 18:05:15.754 61817 INFO tempest.lib.common.rest_client [req-1a51984f-bf08-49fc-ba78-9c0cbe14bced req-1a51984f-bf08-49fc-ba78-9c0cbe14bced ] Request (ImagesOneServerTestJSON:setUpClass): 200 GET http://10.180.1.21/compute/v2.1/servers/0b223791-7e95-43fe-bef0-bac6222884ea 0.183s
2024-10-22 18:05:15.761 61843 INFO tempest.lib.common.rest_client [req-e31e5c31-eea1-4090-beef-ace42516b98a req-e31e5c31-eea1-4090-beef-ace42516b98a ] Request (ServerRescueNegativeTestJSON:setUpClass): 200 GET http://10.180.1.21/compute/v2.1/servers/f6566092-9921-4a94-a0b5-a2d3803a9d18 0.183s
2024-10-22 18:05:15.840 61849 INFO tempest.lib.common.rest_client [req-2e374473-033f-4a68-a5e4-17bd23a2b39e req-2e374473-033f-4a68-a5e4-17bd23a2b39e ] Request (ServersAaction247Test:test_create_backup): 200 GET http://10.180.1.21/compute/v2.1/servers/fd2d724a-76b6-405f-b003-54de2ad84f5a 0.218s
2024-10-22 18:05:15.845 61855 INFO tempest.lib.common.rest_client [req-8f206027-04ff-4f9d-9b36-002058bb1aea req-8f206027-04ff-4f9d-9b36-002058bb1aea ] Request (ImagesTestJSON:test_create_image_from_stopped_server): 200 GET http://10.180.1.21/compute/v2.1/servers/d5131a9f-f4bd-40c8-98d1-043651537a16 0.194s
2024-10-22 18:05:15.928 61807 INFO tempest.lib.common.rest_client [req-7dbdcad4-80d7-4184-b757-5754636aace8 req-7dbdcad4-80d7-4184-b757-5754636aace8 ] Request (MigrationsAdminTest:test_resize_server_revert_deleted_flavor): 200 GET http://10.180.1.21/compute/v2.1/servers/b1bad82d-d7bf-4e58-bbf2-f3d68f214115 0.264s
2024-10-22 18:05:15.933 61809 INFO tempest.lib.common.rest_client [req-74e42b7b-e941-48bb-af8d-db7c969f2314 req-74e42b7b-e941-48bb-af8d-db7c969f2314 ] Request (ServerMetadataTestJSON:setUpClass): 200 GET http://10.180.1.21/compute/v2.1/servers/be8ac265-b214-4db5-9781-d171cee46538 0.219s
2024-10-22 18:05:16.008 61854 INFO tempest.lib.common.rest_client [req-6546fba3-b82c-4dca-b164-4a037fe6b6b8 req-6546fba3-b82c-4dca-b164-4a037fe6b6b8 ] Request (ServersTestBootFromVolume:setUpClass): 200 GET http://10.180.1.21/compute/v2.1/servers/e02f41be-125a-4228-8136-9e6639a268a9 0.240s
2024-10-22 18:05:16.007 61833 INFO tempest.lib.common.rest_client [req-1b825bfd-9af4-41d9-a5ee-6ec57cdb8a1b req-1b825bfd-9af4-41d9-a5ee-6ec57cdb8a1b ] Request (ListImageFiltersTestJSON:setUpClass): 200 GET http://10.180.1.21/compute/v2.1/servers/4072d5a6-f69d-4fb9-837b-7855054e5206 0.284s
2024-10-22 18:05:16.084 61837 INFO tempest.lib.common.rest_client [req-4b6dfc7e-e5d9-46fc-a6cc-e85342ca38be req-4b6dfc7e-e5d9-46fc-a6cc-e85342ca38be ] Request (ImagesOneServerNegativeTestJSON:setUpClass): 200 GET http://10.180.1.21/compute/v2.1/servers/b3d98e6f-4b45-4eaf-a79c-b683b32fe053 0.295s
2024-10-22 18:05:16.085 61851 INFO tempest.lib.common.rest_client [req-aa5cc54b-8c9e-4091-b54d-6118196402f2 req-aa5cc54b-8c9e-4091-b54d-6118196402f2 ] Request (VolumesAdminNegativeTest:test_update_attached_volume_with_nonexistent_volume_in_body): 200 GET http://10.180.1.21/compute/v2.1/servers/8efd391b-7b76-4167-bd18-48566271ccc8 0.074s
2024-10-22 18:05:16.139 61821 INFO tempest.lib.common.rest_client [req-62a9edd7-712c-49d6-a0cb-65067745712a req-62a9edd7-712c-49d6-a0cb-65067745712a ] Request (ServersTestFqdnHostnames:test_create_server_with_fqdn_name): 200 GET http://10.180.1.21/compute/v2.1/servers/3b852a19-9f86-486b-b98d-e87ffc54d943 0.063s
2024-10-22 18:05:16.347 61845 INFO tempest.lib.common.rest_client [req-daf0f7ae-901d-48ef-af1e-1d3db37cfc6f req-daf0f7ae-901d-48ef-af1e-1d3db37cfc6f ] Request (DeleteServersAdminTestJSON:test_delete_server_while_in_error_state): 200 GET http://10.180.1.21/compute/v2.1/servers/755cdc16-0eae-4978-917f-634a8ac7af8f 0.218s
2024-10-22 18:05:16.354 61813 INFO tempest.lib.common.rest_client [req-9806faba-9da8-4837-a749-09745cf35482 req-9806faba-9da8-4837-a749-09745cf35482 ] Request (FloatingIPsAssociationNegativeTestJSON:setUpClass): 200 GET http://10.180.1.21/compute/v2.1/servers/72aa2816-5e02-4dc2-9d6a-c3e58c651224 0.195s
2024-10-22 18:05:16.432 61819 INFO tempest.lib.common.rest_client [req-8f5663b9-e5d6-455f-a00d-1d8ad44b94c6 req-8f5663b9-e5d6-455f-a00d-1d8ad44b94c6 ] Request (ServerPasswordTestJSON:setUpClass): 200 GET http://10.180.1.21/compute/v2.1/servers/cceaed50-e20f-45e4-9959-29dac2ecad30 0.256s
2024-10-22 18:05:16.438 61829 INFO tempest.lib.common.rest_client [req-c94e82d4-15b5-4084-81e9-d6586b4287d7 req-c94e82d4-15b5-4084-81e9-d6586b4287d7 ] Request (ServerTagsTestJSON:setUpClass): 200 GET http://10.180.1.21/compute/v2.1/servers/64efd676-9166-4ffa-a437-6fa6c466ace0 0.202s
2024-10-22 18:05:16.497 61823 INFO tempest.lib.common.rest_client [req-7dff09a6-5c5b-4a8e-adda-893ed49c8408 req-7dff09a6-5c5b-4a8e-adda-893ed49c8408 ] Request (ServerGroupTestJSON:test_create_server_with_scheduler_hint_group): 200 GET http://10.180.1.21/compute/v2.1/servers/37b43ee9-f991-4d56-8fcc-192f6534f803 0.203s
2024-10-22 18:05:16.520 61831 INFO tempest.lib.common.rest_client [req-21f9a20c-203c-4085-b1ee-5bd4adaea364 req-21f9a20c-203c-4085-b1ee-5bd4adaea364 ] Request (ServersWithSpecificFlavorTestJSON:test_verify_created_server_ephemeral_disk): 200 GET http://10.180.1.21/compute/v2.1/servers/762cbca7-4729-458a-b2af-2978723a25dc 0.174s
2024-10-22 18:05:16.552 61858 INFO tempest.lib.common.rest_client [req-c501e974-a0b8-47c6-86ba-f30f03b87d42 req-c501e974-a0b8-47c6-86ba-f30f03b87d42 ] Request (SecurityGroupsTestJSON:test_server_security_groups): 200 GET http://10.180.1.21/compute/v2.1/servers/61d68f1c-6a48-475a-8cf5-fa6ce3b09f20 0.205s
2024-10-22 18:05:16.574 61799 INFO tempest.lib.common.rest_client [req-88b22186-3dd2-4506-b786-7328e751ec17 req-88b22186-3dd2-4506-b786-7328e751ec17 ] Request (DeleteServersTestJSON:test_delete_active_server): 200 GET http://10.180.1.21/compute/v2.1/servers/9f2e0a06-b8c5-47e6-b8e3-d64fbf8fc47a 0.175s
2024-10-22 18:05:16.624 61839 INFO tempest.lib.common.rest_client [req-a5981ed4-1ba4-4215-8a26-464dfd88ef40 req-a5981ed4-1ba4-4215-8a26-464dfd88ef40 ] Request (ServerActionsV293TestJSON:setUpClass): 200 GET http://10.180.1.21/compute/v2.1/servers/0625ac10-55b4-488a-aba5-bdaa394045f4 0.220s
2024-10-22 18:05:16.631 61811 INFO tempest.lib.common.rest_client [req-90d3f586-8c6e-4cee-8b11-76a41df84c7f req-90d3f586-8c6e-4cee-8b11-76a41df84c7f ] Request (ServerDiagnosticsV248Test:test_get_server_diagnostics): 200 GET http://10.180.1.21/compute/v2.1/servers/b5163d89-ceb8-4c61-ae02-0ae3311b58a9 0.177s
2024-10-22 18:05:16.639 61841 INFO tempest.lib.common.rest_client [req-22eb50ef-9b83-45bd-95ba-6c5bc91a38ea req-22eb50ef-9b83-45bd-95ba-6c5bc91a38ea ] Request (ImagesNegativeTestJSON:setUpClass): 200 PUT http://10.180.1.21:9696/networking/v2.0/routers/88c62b70-e3b1-4c16-b43a-51ebd94855d0/add_router_interface 1.215s
2024-10-22 18:05:16.639 61841 INFO tempest.lib.common.dynamic_creds [-] Created isolated network resources for: credentials: Credentials: {'domain_id': 'default', 'domain_name': 'Default', 'username': 'tempest-ImagesNegativeTestJSON-1963446929-project-member', 'project_domain_id': 'default', 'project_domain_name': 'Default', 'project_id': '5c9a93490999434a9f1f152538ded354', 'project_name': 'tempest-ImagesNegativeTestJSON-1963446929', 'tenant_id': '5c9a93490999434a9f1f152538ded354', 'tenant_name': 'tempest-ImagesNegativeTestJSON-1963446929', 'user_domain_id': 'default', 'user_domain_name': 'Default', 'user_id': '6e30f3e88003426497d33d42274a8d07', 'system': None}, Network: {'id': '8d3382cd-f7c1-420a-8592-b3981927dc1a', 'name': 'tempest-ImagesNegativeTestJSON-1129256316-network', 'tenant_id': '5c9a93490999434a9f1f152538ded354', 'admin_state_up': True, 'mtu': 8950, 'status': 'ACTIVE', 'subnets': [], 'shared': False, 'project_id': '5c9a93490999434a9f1f152538ded354', 'port_security_enabled': True, 'router:external': False, 'provider:network_type': 'vlan', 'provider:physical_network': 'default', 'provider:segmentation_id': 394, 'is_default': False, 'availability_zone_hints': [], 'availability_zones': [], 'ipv4_address_scope': None, 'ipv6_address_scope': None, 'description': '', 'tags': [], 'created_at': '2024-10-22T18:05:13Z', 'updated_at': '2024-10-22T18:05:13Z', 'revision_number': 1}, Subnet: {'id': 'edb30156-9853-489d-b8b5-489da2a1b943', 'name': 'tempest-ImagesNegativeTestJSON-1129256316-subnet', 'tenant_id': '5c9a93490999434a9f1f152538ded354', 'network_id': '8d3382cd-f7c1-420a-8592-b3981927dc1a', 'ip_version': 4, 'subnetpool_id': None, 'enable_dhcp': True, 'ipv6_ra_mode': None, 'ipv6_address_mode': None, 'gateway_ip': '192.168.128.1', 'cidr': '192.168.128.0/28', 'allocation_pools': [{'start': '192.168.128.2', 'end': '192.168.128.14'}], 'host_routes': [], 'dns_nameservers': [], 'description': '', 'router:external': False, 'service_types': [], 'tags': [], 'created_at': '2024-10-22T18:05:14Z', 'updated_at': '2024-10-22T18:05:14Z', 'revision_number': 0, 'project_id': '5c9a93490999434a9f1f152538ded354'}, Router: {'id': '88c62b70-e3b1-4c16-b43a-51ebd94855d0', 'name': 'tempest-ImagesNegativeTestJSON-1129256316-router', 'tenant_id': '5c9a93490999434a9f1f152538ded354', 'admin_state_up': True, 'status': 'ACTIVE', 'external_gateway_info': {'network_id': 'c352c930-1b35-4e68-896d-912feca2f7ad', 'external_fixed_ips': [{'subnet_id': '5259542d-23f2-4463-9ab7-890f100f926a', 'ip_address': '10.180.180.182'}], 'enable_snat': True}, 'description': '', 'availability_zones': [], 'distributed': False, 'ha': False, 'availability_zone_hints': [], 'routes': [], 'flavor_id': None, 'tags': [], 'created_at': '2024-10-22T18:05:14Z', 'updated_at': '2024-10-22T18:05:14Z', 'revision_number': 2, 'project_id': '5c9a93490999434a9f1f152538ded354'}
2024-10-22 18:05:16.687 61803 INFO tempest.lib.common.rest_client [req-1eb04bcd-9f80-43df-b856-573123fda29d req-1eb04bcd-9f80-43df-b856-573123fda29d ] Request (ServersAdminTestJSON:setUpClass): 200 GET http://10.180.1.21/compute/v2.1/servers/06264429-11eb-4d64-9f6b-6587cf048c41 0.176s
2024-10-22 18:05:16.697 61825 INFO tempest.lib.common.rest_client [req-e29c0168-d930-4c52-a072-a562d26b46fe req-e29c0168-d930-4c52-a072-a562d26b46fe ] Request (ListServerFiltersTestJSON:setUpClass): 200 GET http://10.180.1.21/compute/v2.1/servers/461b2ef2-d665-47ab-affa-e525bffe561a 0.134s
2024-10-22 18:05:16.746 61841 INFO tempest.lib.common.rest_client [req-a802a84c-3464-4255-98b3-66e149a1dd7e req-a802a84c-3464-4255-98b3-66e149a1dd7e ] Request (ImagesNegativeTestJSON:setUpClass): 201 POST http://10.180.1.21/identity/v3/auth/tokens 0.100s
2024-10-22 18:05:16.758 61797 INFO tempest.lib.common.rest_client [req-b037d004-4371-4559-a9c9-5ed5cc796434 req-b037d004-4371-4559-a9c9-5ed5cc796434 ] Request (ServersTestMultiNic:test_verify_duplicate_network_nics): 200 GET http://10.180.1.21/compute/v2.1/servers/5508a717-fb58-49b3-bfd1-b80d76a3c4e1 0.175s
2024-10-22 18:05:16.766 61827 INFO tempest.lib.common.rest_client [req-d8f1422c-7939-42c5-8410-03aa0583827a req-d8f1422c-7939-42c5-8410-03aa0583827a ] Request (FloatingIPsAssociationTestJSON:setUpClass): 200 GET http://10.180.1.21/compute/v2.1/servers/e2c498c5-3df1-4b99-a322-a598afd506f8 0.126s
2024-10-22 18:05:16.774 61827 INFO tempest.common.waiters [-] State transition "BUILD/None" ==> "BUILD/networking" after 57 second wait
2024-10-22 18:05:16.793 61841 INFO tempest.lib.common.rest_client [req-2782acaa-e13f-41bf-a85e-38d5079a800d req-2782acaa-e13f-41bf-a85e-38d5079a800d ] Request (ImagesNegativeTestJSON:test_create_image_from_deleted_server): 201 POST http://10.180.1.21/identity/v3/auth/tokens 0.043s
2024-10-22 18:05:16.794 61841 INFO tempest.lib.common.fixed_network [-] (ImagesNegativeTestJSON:test_create_image_from_deleted_server) Found network {'id': '8d3382cd-f7c1-420a-8592-b3981927dc1a', 'name': 'tempest-ImagesNegativeTestJSON-1129256316-network', 'tenant_id': '5c9a93490999434a9f1f152538ded354', 'admin_state_up': True, 'mtu': 8950, 'status': 'ACTIVE', 'subnets': [], 'shared': False, 'project_id': '5c9a93490999434a9f1f152538ded354', 'port_security_enabled': True, 'router:external': False, 'provider:network_type': 'vlan', 'provider:physical_network': 'default', 'provider:segmentation_id': 394, 'is_default': False, 'availability_zone_hints': [], 'availability_zones': [], 'ipv4_address_scope': None, 'ipv6_address_scope': None, 'description': '', 'tags': [], 'created_at': '2024-10-22T18:05:13Z', 'updated_at': '2024-10-22T18:05:13Z', 'revision_number': 1} available for tenant
2024-10-22 18:05:16.816 61801 INFO tempest.lib.common.rest_client [req-bfdb47e2-bd5f-4bcb-a610-992332852a7a req-bfdb47e2-bd5f-4bcb-a610-992332852a7a ] Request (SecurityGroupRulesNegativeTestJSON:tearDownClass): 200 PUT http://10.180.1.21:9696/networking/v2.0/routers/28aeb2bd-d577-469e-a41e-939235ed2d92/remove_router_interface 1.304s
2024-10-22 18:05:16.825 61795 INFO tempest.lib.common.rest_client [req-954905fe-ee54-4dcf-8342-5d8883865945 req-954905fe-ee54-4dcf-8342-5d8883865945 ] Request (ServersV294TestFqdnHostnames:setUpClass): 200 GET http://10.180.1.21/compute/v2.1/servers/3700deef-a438-4920-b35f-8fba370a5984 0.184s
2024-10-22 18:05:16.835 61815 INFO tempest.lib.common.rest_client [req-44f4e752-78cf-48a9-8d01-7c3dbdefdcfa req-44f4e752-78cf-48a9-8d01-7c3dbdefdcfa ] Request (ServerAddressesNegativeTestJSON:setUpClass): 200 GET http://10.180.1.21/compute/v2.1/servers/c887c01b-a67e-4e3e-9e17-1deb26e9b508 0.134s
2024-10-22 18:05:16.882 61805 INFO tempest.lib.common.rest_client [req-61a367bf-ebf9-4467-8013-7a6ee54d351e req-61a367bf-ebf9-4467-8013-7a6ee54d351e ] Request (InstanceActionsV221TestJSON:test_get_list_deleted_instance_actions): 200 GET http://10.180.1.21/compute/v2.1/servers/2451843a-fd32-450e-933e-e635c789834b 0.172s
2024-10-22 18:05:16.889 61817 INFO tempest.lib.common.rest_client [req-e33331d1-f29b-4ba3-8e96-73e9450e2ad7 req-e33331d1-f29b-4ba3-8e96-73e9450e2ad7 ] Request (ImagesOneServerTestJSON:setUpClass): 200 GET http://10.180.1.21/compute/v2.1/servers/0b223791-7e95-43fe-bef0-bac6222884ea 0.124s
2024-10-22 18:05:16.932 61843 INFO tempest.lib.common.rest_client [req-ca7679ed-eb62-42ae-a664-c9a0bb1c0a25 req-ca7679ed-eb62-42ae-a664-c9a0bb1c0a25 ] Request (ServerRescueNegativeTestJSON:setUpClass): 200 GET http://10.180.1.21/compute/v2.1/servers/f6566092-9921-4a94-a0b5-a2d3803a9d18 0.161s
2024-10-22 18:05:16.988 61849 INFO tempest.lib.common.rest_client [req-5fae3aa0-9b2e-461e-bdd8-294e255b2b8b req-5fae3aa0-9b2e-461e-bdd8-294e255b2b8b ] Request (ServersAaction247Test:test_create_backup): 200 GET http://10.180.1.21/compute/v2.1/servers/fd2d724a-76b6-405f-b003-54de2ad84f5a 0.131s
2024-10-22 18:05:17.040 61855 INFO tempest.lib.common.rest_client [req-bff8734b-48b8-4a89-b271-4575955fa97e req-bff8734b-48b8-4a89-b271-4575955fa97e ] Request (ImagesTestJSON:test_create_image_from_stopped_server): 200 GET http://10.180.1.21/compute/v2.1/servers/d5131a9f-f4bd-40c8-98d1-043651537a16 0.181s
