2024-10-22 18:03:42.398 61849 INFO tempest.lib.common.dynamic_creds [-] Created isolated network resources for: credentials: Credentials: {'domain_id': 'default', 'domain_name': 'Default', 'username': 'tempest-FlavorsAdminTestJSON-1899766045-project-admin', 'project_domain_id': 'default', 'project_domain_name': 'Default', 'project_id': '21276d3b83794d7fb318a1a9bb2817d1', 'project_name': 'tempest-FlavorsAdminTestJSON-1899766045', 'tenant_id': '21276d3b83794d7fb318a1a9bb2817d1', 'tenant_name': 'tempest-FlavorsAdminTestJSON-1899766045', 'user_domain_id': 'default', 'user_domain_name': 'Default', 'user_id': '54845e8a7eee482a8cefcd831adb3446', 'system': None}, Network: None, Subnet: None, Router: None
2024-10-22 18:03:42.455 61801 INFO tempest.lib.common.rest_client [req-57450289-d14a-40a2-a5ab-0becf875b4e1 req-57450289-d14a-40a2-a5ab-0becf875b4e1 ] Request (HypervisorAdminV253TestBase:setUpClass): 200 GET http://10.180.1.21/identity/v3/roles 0.771s
2024-10-22 18:03:42.478 61845 INFO tempest.lib.common.rest_client [req-d33ed0a7-0a34-4b03-87c7-1f5a466de72e req-d33ed0a7-0a34-4b03-87c7-1f5a466de72e ] Request (DeleteServersAdminTestJSON:setUpClass): 204 PUT http://10.180.1.21/identity/v3/projects/a081457b7cbe4ac196610a1dad2a6e64/users/ccac6acb84f74263b03dd32fe640647e/roles/d256478ef01f4ddb82bc577c4f843080 0.806s
2024-10-22 18:03:42.483 61833 INFO tempest.lib.common.rest_client [req-de99370b-127d-484c-8a3d-4e3d1ed53604 req-de99370b-127d-484c-8a3d-4e3d1ed53604 ] Request (FlavorsV261TestJSON:setUpClass): 204 PUT http://10.180.1.21/identity/v3/projects/8373f547217a446f8deb1ee229ee661a/users/0bb69f6ff424418195c072e5d408cf75/roles/d256478ef01f4ddb82bc577c4f843080 0.792s
2024-10-22 18:03:42.540 61815 INFO tempest.lib.common.rest_client [req-90df7267-20da-45e3-89ce-adf7bb1f54d3 req-90df7267-20da-45e3-89ce-adf7bb1f54d3 ] Request (QuotasAdminTestJSON:test_delete_quota): 200 GET http://10.180.1.21/identity/v3/domains?name=Default 0.787s
2024-10-22 18:03:42.550 61809 INFO tempest.lib.common.rest_client [req-8f4f8fc9-0b38-41b4-948c-a89071773105 req-8f4f8fc9-0b38-41b4-948c-a89071773105 ] Request (VolumesAssistedSnapshotsTest:setUpClass): 201 POST http://10.180.1.21:9696/networking/v2.0/routers 1.557s
2024-10-22 18:03:42.570 61851 INFO tempest.lib.common.rest_client [req-ccf5d864-ada2-4b0f-bb9e-1d8e30da88bc req-ccf5d864-ada2-4b0f-bb9e-1d8e30da88bc ] Request (AZAdminNegativeTestJSON:setUpClass): 204 PUT http://10.180.1.21/identity/v3/projects/e6b807e7b40947cea3ad761607b3bf44/users/53573a3fed5f43938157f90fddddb2d4/roles/d256478ef01f4ddb82bc577c4f843080 0.835s
2024-10-22 18:03:42.623 61843 INFO tempest.lib.common.rest_client [req-f351ff91-dade-4607-9941-e289daaa8566 req-f351ff91-dade-4607-9941-e289daaa8566 ] Request (HypervisorAdminNegativeTestJSON:setUpClass): 200 GET http://10.180.1.21/identity/v3/roles 0.850s
2024-10-22 18:03:42.636 61821 INFO tempest.lib.common.rest_client [req-53fed2c3-2631-49f3-a05d-8fa105119fcb req-53fed2c3-2631-49f3-a05d-8fa105119fcb ] Request (AZAdminV2TestJSON:setUpClass): 200 GET http://10.180.1.21/identity/v3/roles 0.873s
2024-10-22 18:03:42.659 61847 INFO tempest.lib.common.rest_client [req-fc5ae817-3739-45b6-b04a-a39cfbe7ad16 req-fc5ae817-3739-45b6-b04a-a39cfbe7ad16 ] Request (AggregatesAdminNegativeTestJSON:setUpClass): 204 PUT http://10.180.1.21/identity/v3/projects/d15164b632894d8fbb293e9378092e2c/users/b3520ed8123d433d9a93f34c349e6dde/roles/d256478ef01f4ddb82bc577c4f843080 0.847s
2024-10-22 18:03:42.692 61795 INFO tempest.lib.common.rest_client [req-35afcd77-06e8-4349-b222-33aecd30611b req-35afcd77-06e8-4349-b222-33aecd30611b ] Request (FloatingIPDetailsNegativeTestJSON:setUpClass): 201 POST http://10.180.1.21/identity/v3/auth/tokens 0.833s
2024-10-22 18:03:42.708 61837 INFO tempest.lib.common.rest_client [req-108ed33e-f1b9-4cfe-a9c4-96395bc3496d req-108ed33e-f1b9-4cfe-a9c4-96395bc3496d ] Request (QuotasAdminTestV236:setUpClass): 204 PUT http://10.180.1.21/identity/v3/projects/4ddbe455245b47d2a408772940727978/users/e2931feaaa37424694b49c09c968f271/roles/d256478ef01f4ddb82bc577c4f843080 0.801s
2024-10-22 18:03:42.708 61837 INFO tempest.lib.common.dynamic_creds [-] Dynamic test user e2931feaaa37424694b49c09c968f271 is created with scope project and roles: ['admin']
2024-10-22 18:03:42.708 61837 INFO tempest.lib.common.dynamic_creds [-] Acquired dynamic creds: credentials: Credentials: {'domain_id': 'default', 'domain_name': 'Default', 'username': 'tempest-QuotasAdminTestV236-1255467000-project-admin', 'project_domain_id': 'default', 'project_domain_name': 'Default', 'project_id': '4ddbe455245b47d2a408772940727978', 'project_name': 'tempest-QuotasAdminTestV236-1255467000', 'tenant_id': '4ddbe455245b47d2a408772940727978', 'tenant_name': 'tempest-QuotasAdminTestV236-1255467000', 'user_domain_id': 'default', 'user_domain_name': 'Default', 'user_id': 'e2931feaaa37424694b49c09c968f271', 'system': None}, Network: None, Subnet: None, Router: None
2024-10-22 18:03:42.708 61837 INFO tempest.lib.common.dynamic_creds [-] Created isolated network resources for: credentials: Credentials: {'domain_id': 'default', 'domain_name': 'Default', 'username': 'tempest-QuotasAdminTestV236-1255467000-project-admin', 'project_domain_id': 'default', 'project_domain_name': 'Default', 'project_id': '4ddbe455245b47d2a408772940727978', 'project_name': 'tempest-QuotasAdminTestV236-1255467000', 'tenant_id': '4ddbe455245b47d2a408772940727978', 'tenant_name': 'tempest-QuotasAdminTestV236-1255467000', 'user_domain_id': 'default', 'user_domain_name': 'Default', 'user_id': 'e2931feaaa37424694b49c09c968f271', 'system': None}, Network: None, Subnet: None, Router: None
2024-10-22 18:03:42.751 61841 INFO tempest.lib.common.rest_client [req-06a1dbb4-83ca-4734-8cca-1a2e4fcabc7a req-06a1dbb4-83ca-4734-8cca-1a2e4fcabc7a ] Request (ServersAdmin275Test:setUpClass): 200 GET http://10.180.1.21/identity/v3/roles 0.759s
2024-10-22 18:03:42.762 61819 INFO tempest.lib.common.rest_client [req-7d364ca9-8769-4d64-8748-d76d41c90f98 req-7d364ca9-8769-4d64-8748-d76d41c90f98 ] Request (QuotaClassesAdmin257Test:setUpClass): 201 POST http://10.180.1.21/identity/v3/auth/tokens 0.824s
2024-10-22 18:03:42.775 61823 INFO tempest.lib.common.rest_client [req-66f6fb7c-fc83-43d1-a2f5-5303e1d61f5d req-66f6fb7c-fc83-43d1-a2f5-5303e1d61f5d ] Request (HypervisorAdminV228Test:setUpClass): 200 GET http://10.180.1.21/identity/v3/roles 0.767s
2024-10-22 18:03:42.863 61811 INFO tempest.lib.common.rest_client [req-e706e2c9-28fb-4ea3-bc01-a3e6652b7105 req-e706e2c9-28fb-4ea3-bc01-a3e6652b7105 ] Request (ServerDiagnosticsTest:setUpClass): 201 POST http://10.180.1.21/identity/v3/auth/tokens 0.799s
2024-10-22 18:03:42.866 61805 INFO tempest.lib.common.rest_client [req-f4e8de9d-8e15-4ddc-aadc-0719849a160b req-f4e8de9d-8e15-4ddc-aadc-0719849a160b ] Request (FlavorsExtraSpecsTestJSON:test_flavor_non_admin_get_all_keys): 200 GET http://10.180.1.21/compute/v2.1/flavors/276019726/os-extra_specs 0.844s
2024-10-22 18:03:42.873 61854 INFO tempest.lib.common.rest_client [req-10700052-f529-4832-8a91-8b0b6dc29bdc req-10700052-f529-4832-8a91-8b0b6dc29bdc ] Request (TenantUsagesTestJSON:setUpClass): 204 PUT http://10.180.1.21/identity/v3/projects/b5ba91fe273b4277971a04b1157deed3/users/10b0f74664e44695829c221969d6ce8a/roles/d256478ef01f4ddb82bc577c4f843080 0.802s
2024-10-22 18:03:42.873 61854 INFO tempest.lib.common.dynamic_creds [-] Dynamic test user 10b0f74664e44695829c221969d6ce8a is created with scope project and roles: ['admin']
2024-10-22 18:03:42.873 61854 INFO tempest.lib.common.dynamic_creds [-] Acquired dynamic creds: credentials: Credentials: {'domain_id': 'default', 'domain_name': 'Default', 'username': 'tempest-TenantUsagesTestJSON-1897207222-project-admin', 'project_domain_id': 'default', 'project_domain_name': 'Default', 'project_id': 'b5ba91fe273b4277971a04b1157deed3', 'project_name': 'tempest-TenantUsagesTestJSON-1897207222', 'tenant_id': 'b5ba91fe273b4277971a04b1157deed3', 'tenant_name': 'tempest-TenantUsagesTestJSON-1897207222', 'user_domain_id': 'default', 'user_domain_name': 'Default', 'user_id': '10b0f74664e44695829c221969d6ce8a', 'system': None}, Network: None, Subnet: None, Router: None
2024-10-22 18:03:42.873 61854 INFO tempest.lib.common.dynamic_creds [-] Created isolated network resources for: credentials: Credentials: {'domain_id': 'default', 'domain_name': 'Default', 'username': 'tempest-TenantUsagesTestJSON-1897207222-project-admin', 'project_domain_id': 'default', 'project_domain_name': 'Default', 'project_id': 'b5ba91fe273b4277971a04b1157deed3', 'project_name': 'tempest-TenantUsagesTestJSON-1897207222', 'tenant_id': 'b5ba91fe273b4277971a04b1157deed3', 'tenant_name': 'tempest-TenantUsagesTestJSON-1897207222', 'user_domain_id': 'default', 'user_domain_name': 'Default', 'user_id': '10b0f74664e44695829c221969d6ce8a', 'system': None}, Network: None, Subnet: None, Router: None
2024-10-22 18:03:42.879 61825 INFO tempest.lib.common.rest_client [req-ede18cde-8094-43b6-ba19-c9e1c6971caa req-ede18cde-8094-43b6-ba19-c9e1c6971caa ] Request (FlavorsV2TestJSON:test_list_flavors_with_detail): 200 GET http://10.180.1.21/compute/v2.1/flavors/42 0.568s
2024-10-22 18:03:42.907 61817 INFO tempest.lib.common.rest_client [req-238d91a1-2631-409c-b37c-fc6ead233e83 req-238d91a1-2631-409c-b37c-fc6ead233e83 ] Request (ServicesAdminNegativeV253TestJSON:setUpClass): 204 PUT http://10.180.1.21/identity/v3/projects/1ffb524b20a848728f65b5ed820d369b/users/cd2a733f1d71473d93c6c00c9c4dfa8d/roles/d256478ef01f4ddb82bc577c4f843080 0.800s
2024-10-22 18:03:42.908 61817 INFO tempest.lib.common.dynamic_creds [-] Dynamic test user cd2a733f1d71473d93c6c00c9c4dfa8d is created with scope project and roles: ['admin']
2024-10-22 18:03:42.908 61817 INFO tempest.lib.common.dynamic_creds [-] Acquired dynamic creds: credentials: Credentials: {'domain_id': 'default', 'domain_name': 'Default', 'username': 'tempest-ServicesAdminNegativeV253TestJSON-1689225794-project-admin', 'project_domain_id': 'default', 'project_domain_name': 'Default', 'project_id': '1ffb524b20a848728f65b5ed820d369b', 'project_name': 'tempest-ServicesAdminNegativeV253TestJSON-1689225794', 'tenant_id': '1ffb524b20a848728f65b5ed820d369b', 'tenant_name': 'tempest-ServicesAdminNegativeV253TestJSON-1689225794', 'user_domain_id': 'default', 'user_domain_name': 'Default', 'user_id': 'cd2a733f1d71473d93c6c00c9c4dfa8d', 'system': None}, Network: None, Subnet: None, Router: None
2024-10-22 18:03:42.908 61817 INFO tempest.lib.common.dynamic_creds [-] Created isolated network resources for: credentials: Credentials: {'domain_id': 'default', 'domain_name': 'Default', 'username': 'tempest-ServicesAdminNegativeV253TestJSON-1689225794-project-admin', 'project_domain_id': 'default', 'project_domain_name': 'Default', 'project_id': '1ffb524b20a848728f65b5ed820d369b', 'project_name': 'tempest-ServicesAdminNegativeV253TestJSON-1689225794', 'tenant_id': '1ffb524b20a848728f65b5ed820d369b', 'tenant_name': 'tempest-ServicesAdminNegativeV253TestJSON-1689225794', 'user_domain_id': 'default', 'user_domain_name': 'Default', 'user_id': 'cd2a733f1d71473d93c6c00c9c4dfa8d', 'system': None}, Network: None, Subnet: None, Router: None
2024-10-22 18:03:42.949 61803 INFO tempest.lib.common.rest_client [req-a4720db5-7c3d-48ce-88ff-6bdfa995a094 req-a4720db5-7c3d-48ce-88ff-6bdfa995a094 ] Request (QuotasAdminNegativeTest:setUpClass): 200 GET http://10.180.1.21/identity/v3/roles 0.752s
2024-10-22 18:03:42.960 61807 INFO tempest.lib.common.rest_client [req-2718007f-3ef2-41d4-98bd-357aea744ac6 req-2718007f-3ef2-41d4-98bd-357aea744ac6 ] Request (MigrationsAdminTest:setUpClass): 200 GET http://10.180.1.21/identity/v3/roles 0.834s
2024-10-22 18:03:42.962 61799 INFO tempest.lib.common.rest_client [req-859ce41a-7607-4018-ac85-0d59e3ca7124 req-859ce41a-7607-4018-ac85-0d59e3ca7124 ] Request (HypervisorAdminTestJSON:setUpClass): 200 GET http://10.180.1.21/identity/v3/roles 0.709s
2024-10-22 18:03:42.977 61813 INFO tempest.lib.common.rest_client [req-3d8e391b-f814-4763-94c1-01eb6d7d4b75 req-3d8e391b-f814-4763-94c1-01eb6d7d4b75 ] Request (ServerDiagnosticsNegativeTest:setUpClass): 200 GET http://10.180.1.21/identity/v3/roles 0.650s
2024-10-22 18:03:42.992 61839 INFO tempest.lib.common.rest_client [req-1242f3fb-266e-4bf4-a904-617aa65549c5 req-1242f3fb-266e-4bf4-a904-617aa65549c5 ] Request (InstanceUsageAuditLogTestJSON:setUpClass): 200 GET http://10.180.1.21/identity/v3/roles 0.602s
2024-10-22 18:03:43.032 61858 INFO tempest.lib.common.rest_client [req-32388b85-1d02-45fe-a084-a079f899fca2 req-32388b85-1d02-45fe-a084-a079f899fca2 ] Request (KeyPairsV210TestJSON:tearDownClass): 204 DELETE http://10.180.1.21/identity/v3/users/96e606cba55d459bb015a88667eefd26 0.681s
2024-10-22 18:03:43.082 61849 INFO tempest.lib.common.rest_client [req-e18b1ac3-b822-48af-bdfc-0cafcda4a319 req-e18b1ac3-b822-48af-bdfc-0cafcda4a319 ] Request (FlavorsAdminTestJSON:setUpClass): 201 POST http://10.180.1.21/identity/v3/auth/tokens 0.681s
2024-10-22 18:03:43.082 61801 INFO tempest.lib.common.rest_client [req-63b50251-a6cb-469d-8bf3-d8d45b729763 req-63b50251-a6cb-469d-8bf3-d8d45b729763 ] Request (HypervisorAdminV253TestBase:setUpClass): 204 PUT http://10.180.1.21/identity/v3/projects/4b3ba4af37274b5bb013540ae858bea7/users/42827c948a5b4ffa9612135c57e8a448/roles/d256478ef01f4ddb82bc577c4f843080 0.627s
2024-10-22 18:03:43.083 61801 INFO tempest.lib.common.dynamic_creds [-] Dynamic test user 42827c948a5b4ffa9612135c57e8a448 is created with scope project and roles: ['admin']
2024-10-22 18:03:43.083 61801 INFO tempest.lib.common.dynamic_creds [-] Acquired dynamic creds: credentials: Credentials: {'domain_id': 'default', 'domain_name': 'Default', 'username': 'tempest-HypervisorAdminV253TestBase-687595404-project-admin', 'project_domain_id': 'default', 'project_domain_name': 'Default', 'project_id': '4b3ba4af37274b5bb013540ae858bea7', 'project_name': 'tempest-HypervisorAdminV253TestBase-687595404', 'tenant_id': '4b3ba4af37274b5bb013540ae858bea7', 'tenant_name': 'tempest-HypervisorAdminV253TestBase-687595404', 'user_domain_id': 'default', 'user_domain_name': 'Default', 'user_id': '42827c948a5b4ffa9612135c57e8a448', 'system': None}, Network: None, Subnet: None, Router: None
2024-10-22 18:03:43.083 61801 INFO tempest.lib.common.dynamic_creds [-] Created isolated network resources for: credentials: Credentials: {'domain_id': 'default', 'domain_name': 'Default', 'username': 'tempest-HypervisorAdminV253TestBase-687595404-project-admin', 'project_domain_id': 'default', 'project_domain_name': 'Default', 'project_id': '4b3ba4af37274b5bb013540ae858bea7', 'project_name': 'tempest-HypervisorAdminV253TestBase-687595404', 'tenant_id': '4b3ba4af37274b5bb013540ae858bea7', 'tenant_name': 'tempest-HypervisorAdminV253TestBase-687595404', 'user_domain_id': 'default', 'user_domain_name': 'Default', 'user_id': '42827c948a5b4ffa9612135c57e8a448', 'system': None}, Network: None, Subnet: None, Router: None
2024-10-22 18:03:43.134 61829 INFO tempest.lib.common.rest_client [req-ea8c04c4-dbef-4c48-a4f0-9e46017e5d32 req-ea8c04c4-dbef-4c48-a4f0-9e46017e5d32 ] Request (FloatingIPDetailsTestJSON:setUpClass): 201 POST http://10.180.1.21:9696/networking/v2.0/networks 1.153s
2024-10-22 18:03:43.165 61833 INFO tempest.lib.common.rest_client [req-95b84577-4b4a-4916-a4ba-0d9796f595ac req-95b84577-4b4a-4916-a4ba-0d9796f595ac ] Request (FlavorsV261TestJSON:setUpClass): 200 GET http://10.180.1.21/identity/v3/roles 0.681s
2024-10-22 18:03:43.173 61845 INFO tempest.lib.common.rest_client [req-37dfd941-5a11-4984-8604-be16c32e14d7 req-37dfd941-5a11-4984-8604-be16c32e14d7 ] Request (DeleteServersAdminTestJSON:setUpClass): 200 GET http://10.180.1.21/identity/v3/roles 0.694s
2024-10-22 18:03:43.179 61835 INFO tempest.lib.common.rest_client [req-d4bf731c-264c-47df-afd7-623052e46319 req-d4bf731c-264c-47df-afd7-623052e46319 ] Request (ServersTestJSON:setUpClass): 200 PUT http://10.180.1.21:9696/networking/v2.0/routers/a1932ee0-b8f7-490e-b385-3182e27758ca/add_router_interface 1.145s
2024-10-22 18:03:43.179 61835 INFO tempest.lib.common.dynamic_creds [-] Created isolated network resources for: credentials: Credentials: {'domain_id': 'default', 'domain_name': 'Default', 'username': 'tempest-ServersTestJSON-878488634-project-member', 'project_domain_id': 'default', 'project_domain_name': 'Default', 'project_id': 'c05d3c1e23c34a96834cadb2203425ed', 'project_name': 'tempest-ServersTestJSON-878488634', 'tenant_id': 'c05d3c1e23c34a96834cadb2203425ed', 'tenant_name': 'tempest-ServersTestJSON-878488634', 'user_domain_id': 'default', 'user_domain_name': 'Default', 'user_id': '6d4b3d0748c14b41898236daf41fc7f3', 'system': None}, Network: {'id': '40d3137d-4bfc-4cbf-a45e-49bcb0e9e574', 'name': 'tempest-ServersTestJSON-357860985-network', 'tenant_id': 'c05d3c1e23c34a96834cadb2203425ed', 'admin_state_up': True, 'mtu': 8950, 'status': 'ACTIVE', 'subnets': [], 'shared': False, 'project_id': 'c05d3c1e23c34a96834cadb2203425ed', 'port_security_enabled': True, 'router:external': False, 'provider:network_type': 'vlan', 'provider:physical_network': 'default', 'provider:segmentation_id': 252, 'is_default': False, 'availability_zone_hints': [], 'availability_zones': [], 'ipv4_address_scope': None, 'ipv6_address_scope': None, 'description': '', 'tags': [], 'created_at': '2024-10-22T18:03:40Z', 'updated_at': '2024-10-22T18:03:40Z', 'revision_number': 1}, Subnet: {'id': '8e2cc4e0-d413-4991-ae50-317612b777b0', 'name': 'tempest-ServersTestJSON-357860985-subnet', 'tenant_id': 'c05d3c1e23c34a96834cadb2203425ed', 'network_id': '40d3137d-4bfc-4cbf-a45e-49bcb0e9e574', 'ip_version': 4, 'subnetpool_id': None, 'enable_dhcp': True, 'ipv6_ra_mode': None, 'ipv6_address_mode': None, 'gateway_ip': '192.168.128.1', 'cidr': '192.168.128.0/28', 'allocation_pools': [{'start': '192.168.128.2', 'end': '192.168.128.14'}], 'host_routes': [], 'dns_nameservers': [], 'description': '', 'router:external': False, 'service_types': [], 'tags': [], 'created_at': '2024-10-22T18:03:41Z', 'updated_at': '2024-10-22T18:03:41Z', 'revision_number': 0, 'project_id': 'c05d3c1e23c34a96834cadb2203425ed'}, Router: {'id': 'a1932ee0-b8f7-490e-b385-3182e27758ca', 'name': 'tempest-ServersTestJSON-357860985-router', 'tenant_id': 'c05d3c1e23c34a96834cadb2203425ed', 'admin_state_up': True, 'status': 'ACTIVE', 'external_gateway_info': {'network_id': 'c352c930-1b35-4e68-896d-912feca2f7ad', 'external_fixed_ips': [{'subnet_id': '5259542d-23f2-4463-9ab7-890f100f926a', 'ip_address': '10.180.180.198'}], 'enable_snat': True}, 'description': '', 'availability_zones': [], 'distributed': False, 'ha': False, 'availability_zone_hints': [], 'routes': [], 'flavor_id': None, 'tags': [], 'created_at': '2024-10-22T18:03:41Z', 'updated_at': '2024-10-22T18:03:41Z', 'revision_number': 2, 'project_id': 'c05d3c1e23c34a96834cadb2203425ed'}
2024-10-22 18:03:43.202 61851 INFO tempest.lib.common.rest_client [req-58f4460d-8c8f-4fe1-8468-2bdc409ff937 req-58f4460d-8c8f-4fe1-8468-2bdc409ff937 ] Request (AZAdminNegativeTestJSON:setUpClass): 200 GET http://10.180.1.21/identity/v3/roles 0.631s
2024-10-22 18:03:43.223 61843 INFO tempest.lib.common.rest_client [req-623b8de4-8dae-43a6-bca9-227d349984e0 req-623b8de4-8dae-43a6-bca9-227d349984e0 ] Request (HypervisorAdminNegativeTestJSON:setUpClass): 204 PUT http://10.180.1.21/identity/v3/projects/b7606b7d93904f7387d4008fac796733/users/500524a26f36403fab15c5918c917d3b/roles/d256478ef01f4ddb82bc577c4f843080 0.600s
2024-10-22 18:03:43.223 61843 INFO tempest.lib.common.dynamic_creds [-] Dynamic test user 500524a26f36403fab15c5918c917d3b is created with scope project and roles: ['admin']
2024-10-22 18:03:43.223 61843 INFO tempest.lib.common.dynamic_creds [-] Acquired dynamic creds: credentials: Credentials: {'domain_id': 'default', 'domain_name': 'Default', 'username': 'tempest-HypervisorAdminNegativeTestJSON-1524210049-project-admin', 'project_domain_id': 'default', 'project_domain_name': 'Default', 'project_id': 'b7606b7d93904f7387d4008fac796733', 'project_name': 'tempest-HypervisorAdminNegativeTestJSON-1524210049', 'tenant_id': 'b7606b7d93904f7387d4008fac796733', 'tenant_name': 'tempest-HypervisorAdminNegativeTestJSON-1524210049', 'user_domain_id': 'default', 'user_domain_name': 'Default', 'user_id': '500524a26f36403fab15c5918c917d3b', 'system': None}, Network: None, Subnet: None, Router: None
2024-10-22 18:03:43.224 61843 INFO tempest.lib.common.dynamic_creds [-] Created isolated network resources for: credentials: Credentials: {'domain_id': 'default', 'domain_name': 'Default', 'username': 'tempest-HypervisorAdminNegativeTestJSON-1524210049-project-admin', 'project_domain_id': 'default', 'project_domain_name': 'Default', 'project_id': 'b7606b7d93904f7387d4008fac796733', 'project_name': 'tempest-HypervisorAdminNegativeTestJSON-1524210049', 'tenant_id': 'b7606b7d93904f7387d4008fac796733', 'tenant_name': 'tempest-HypervisorAdminNegativeTestJSON-1524210049', 'user_domain_id': 'default', 'user_domain_name': 'Default', 'user_id': '500524a26f36403fab15c5918c917d3b', 'system': None}, Network: None, Subnet: None, Router: None
2024-10-22 18:03:43.277 61821 INFO tempest.lib.common.rest_client [req-3bdf0744-a486-448a-a1f8-7d81491cb559 req-3bdf0744-a486-448a-a1f8-7d81491cb559 ] Request (AZAdminV2TestJSON:setUpClass): 204 PUT http://10.180.1.21/identity/v3/projects/ad1132b659cc46b3abb34d34d31abe20/users/66550317495049d092843c3d940d70b3/roles/d256478ef01f4ddb82bc577c4f843080 0.640s
2024-10-22 18:03:43.277 61821 INFO tempest.lib.common.dynamic_creds [-] Dynamic test user 66550317495049d092843c3d940d70b3 is created with scope project and roles: ['admin']
2024-10-22 18:03:43.277 61821 INFO tempest.lib.common.dynamic_creds [-] Acquired dynamic creds: credentials: Credentials: {'domain_id': 'default', 'domain_name': 'Default', 'username': 'tempest-AZAdminV2TestJSON-1810843870-project-admin', 'project_domain_id': 'default', 'project_domain_name': 'Default', 'project_id': 'ad1132b659cc46b3abb34d34d31abe20', 'project_name': 'tempest-AZAdminV2TestJSON-1810843870', 'tenant_id': 'ad1132b659cc46b3abb34d34d31abe20', 'tenant_name': 'tempest-AZAdminV2TestJSON-1810843870', 'user_domain_id': 'default', 'user_domain_name': 'Default', 'user_id': '66550317495049d092843c3d940d70b3', 'system': None}, Network: None, Subnet: None, Router: None
2024-10-22 18:03:43.277 61821 INFO tempest.lib.common.dynamic_creds [-] Created isolated network resources for: credentials: Credentials: {'domain_id': 'default', 'domain_name': 'Default', 'username': 'tempest-AZAdminV2TestJSON-1810843870-project-admin', 'project_domain_id': 'default', 'project_domain_name': 'Default', 'project_id': 'ad1132b659cc46b3abb34d34d31abe20', 'project_name': 'tempest-AZAdminV2TestJSON-1810843870', 'tenant_id': 'ad1132b659cc46b3abb34d34d31abe20', 'tenant_name': 'tempest-AZAdminV2TestJSON-1810843870', 'user_domain_id': 'default', 'user_domain_name': 'Default', 'user_id': '66550317495049d092843c3d940d70b3', 'system': None}, Network: None, Subnet: None, Router: None
2024-10-22 18:03:43.295 61815 INFO tempest.lib.common.rest_client [req-fec35ffe-28de-4fbe-96ca-71f4e85ee589 req-fec35ffe-28de-4fbe-96ca-71f4e85ee589 ] Request (QuotasAdminTestJSON:test_delete_quota): 201 POST http://10.180.1.21/identity/v3/projects 0.755s
2024-10-22 18:03:43.351 61797 INFO tempest.lib.common.rest_client [req-4d0f4623-e99d-41b7-8cb6-a8f72c4f8a3f req-4d0f4623-e99d-41b7-8cb6-a8f72c4f8a3f ] Request (SecurityGroupsNegativeTestJSON:setUpClass): 200 PUT http://10.180.1.21:9696/networking/v2.0/routers/86e24c06-c16c-4357-b30f-7e3e765ec44c/add_router_interface 2.172s
2024-10-22 18:03:43.352 61797 INFO tempest.lib.common.dynamic_creds [-] Created isolated network resources for: credentials: Credentials: {'domain_id': 'default', 'domain_name': 'Default', 'username': 'tempest-SecurityGroupsNegativeTestJSON-1399832147-project-member', 'project_domain_id': 'default', 'project_domain_name': 'Default', 'project_id': '1d2463ae1105429dbaa6225b89a0b73d', 'project_name': 'tempest-SecurityGroupsNegativeTestJSON-1399832147', 'tenant_id': '1d2463ae1105429dbaa6225b89a0b73d', 'tenant_name': 'tempest-SecurityGroupsNegativeTestJSON-1399832147', 'user_domain_id': 'default', 'user_domain_name': 'Default', 'user_id': 'd6a58652112d4a878a7b1882491d8a77', 'system': None}, Network: {'id': 'bdf63728-7aac-470c-97b7-4528bfa20391', 'name': 'tempest-SecurityGroupsNegativeTestJSON-2075350818-network', 'tenant_id': '1d2463ae1105429dbaa6225b89a0b73d', 'admin_state_up': True, 'mtu': 8950, 'status': 'ACTIVE', 'subnets': [], 'shared': False, 'project_id': '1d2463ae1105429dbaa6225b89a0b73d', 'port_security_enabled': True, 'router:external': False, 'provider:network_type': 'vlan', 'provider:physical_network': 'default', 'provider:segmentation_id': 985, 'is_default': False, 'availability_zone_hints': [], 'availability_zones': [], 'ipv4_address_scope': None, 'ipv6_address_scope': None, 'description': '', 'tags': [], 'created_at': '2024-10-22T18:03:39Z', 'updated_at': '2024-10-22T18:03:39Z', 'revision_number': 1}, Subnet: {'id': '7cfe88c5-e4c8-40e7-9933-24629da62317', 'name': 'tempest-SecurityGroupsNegativeTestJSON-2075350818-subnet', 'tenant_id': '1d2463ae1105429dbaa6225b89a0b73d', 'network_id': 'bdf63728-7aac-470c-97b7-4528bfa20391', 'ip_version': 4, 'subnetpool_id': None, 'enable_dhcp': True, 'ipv6_ra_mode': None, 'ipv6_address_mode': None, 'gateway_ip': '192.168.128.1', 'cidr': '192.168.128.0/28', 'allocation_pools': [{'start': '192.168.128.2', 'end': '192.168.128.14'}], 'host_routes': [], 'dns_nameservers': [], 'description': '', 'router:external': False, 'service_types': [], 'tags': [], 'created_at': '2024-10-22T18:03:39Z', 'updated_at': '2024-10-22T18:03:39Z', 'revision_number': 0, 'project_id': '1d2463ae1105429dbaa6225b89a0b73d'}, Router: {'id': '86e24c06-c16c-4357-b30f-7e3e765ec44c', 'name': 'tempest-SecurityGroupsNegativeTestJSON-2075350818-router', 'tenant_id': '1d2463ae1105429dbaa6225b89a0b73d', 'admin_state_up': True, 'status': 'ACTIVE', 'external_gateway_info': {'network_id': 'c352c930-1b35-4e68-896d-912feca2f7ad', 'external_fixed_ips': [{'subnet_id': '5259542d-23f2-4463-9ab7-890f100f926a', 'ip_address': '10.180.180.143'}], 'enable_snat': True}, 'description': '', 'availability_zones': [], 'distributed': False, 'ha': False, 'availability_zone_hints': [], 'routes': [], 'flavor_id': None, 'tags': [], 'created_at': '2024-10-22T18:03:39Z', 'updated_at': '2024-10-22T18:03:40Z', 'revision_number': 2, 'project_id': '1d2463ae1105429dbaa6225b89a0b73d'}
2024-10-22 18:03:43.364 61795 INFO tempest.lib.common.rest_client [req-ca14b392-c24c-4546-a032-4db72e00aa33 req-ca14b392-c24c-4546-a032-4db72e00aa33 ] Request (FloatingIPDetailsNegativeTestJSON:setUpClass): 201 POST http://10.180.1.21/identity/v3/auth/tokens 0.668s
2024-10-22 18:03:43.373 61847 INFO tempest.lib.common.rest_client [req-2e7c1e97-eff5-46b5-a2e5-736dd40440c6 req-2e7c1e97-eff5-46b5-a2e5-736dd40440c6 ] Request (AggregatesAdminNegativeTestJSON:setUpClass): 200 GET http://10.180.1.21/identity/v3/roles 0.713s
2024-10-22 18:03:43.395 61841 INFO tempest.lib.common.rest_client [req-d3be2f68-1a0a-4434-9685-06829473f494 req-d3be2f68-1a0a-4434-9685-06829473f494 ] Request (ServersAdmin275Test:setUpClass): 204 PUT http://10.180.1.21/identity/v3/projects/a6fc2dcc360144ba985a983a73ea91cd/users/edab367fa86940548e85803b694616aa/roles/d256478ef01f4ddb82bc577c4f843080 0.643s
2024-10-22 18:03:43.396 61841 INFO tempest.lib.common.dynamic_creds [-] Dynamic test user edab367fa86940548e85803b694616aa is created with scope project and roles: ['admin']
2024-10-22 18:03:43.396 61841 INFO tempest.lib.common.dynamic_creds [-] Acquired dynamic creds: credentials: Credentials: {'domain_id': 'default', 'domain_name': 'Default', 'username': 'tempest-ServersAdmin275Test-453172524-project-admin', 'project_domain_id': 'default', 'project_domain_name': 'Default', 'project_id': 'a6fc2dcc360144ba985a983a73ea91cd', 'project_name': 'tempest-ServersAdmin275Test-453172524', 'tenant_id': 'a6fc2dcc360144ba985a983a73ea91cd', 'tenant_name': 'tempest-ServersAdmin275Test-453172524', 'user_domain_id': 'default', 'user_domain_name': 'Default', 'user_id': 'edab367fa86940548e85803b694616aa', 'system': None}, Network: None, Subnet: None, Router: None
2024-10-22 18:03:43.396 61841 INFO tempest.lib.common.dynamic_creds [-] Created isolated network resources for: credentials: Credentials: {'domain_id': 'default', 'domain_name': 'Default', 'username': 'tempest-ServersAdmin275Test-453172524-project-admin', 'project_domain_id': 'default', 'project_domain_name': 'Default', 'project_id': 'a6fc2dcc360144ba985a983a73ea91cd', 'project_name': 'tempest-ServersAdmin275Test-453172524', 'tenant_id': 'a6fc2dcc360144ba985a983a73ea91cd', 'tenant_name': 'tempest-ServersAdmin275Test-453172524', 'user_domain_id': 'default', 'user_domain_name': 'Default', 'user_id': 'edab367fa86940548e85803b694616aa', 'system': None}, Network: None, Subnet: None, Router: None
2024-10-22 18:03:43.438 61837 INFO tempest.lib.common.rest_client [req-f377caef-7dff-4f88-92a8-05905ac01e7f req-f377caef-7dff-4f88-92a8-05905ac01e7f ] Request (QuotasAdminTestV236:setUpClass): 201 POST http://10.180.1.21/identity/v3/auth/tokens 0.725s
2024-10-22 18:03:43.439 61837 WARNING tempest.lib.common.rest_client [-] Deprecated: "tenant_id" property is deprecated for removal, use "project_id" instead
2024-10-22 18:03:43.463 61823 INFO tempest.lib.common.rest_client [req-9125d217-8c74-47fd-8069-49eef3ba457a req-9125d217-8c74-47fd-8069-49eef3ba457a ] Request (HypervisorAdminV228Test:setUpClass): 204 PUT http://10.180.1.21/identity/v3/projects/b5f9c41ebff74e2583b1f3bca17ccc90/users/da10f06bf0b642fe961c55ae0eb0175e/roles/d256478ef01f4ddb82bc577c4f843080 0.687s
2024-10-22 18:03:43.463 61823 INFO tempest.lib.common.dynamic_creds [-] Dynamic test user da10f06bf0b642fe961c55ae0eb0175e is created with scope project and roles: ['admin']
2024-10-22 18:03:43.463 61823 INFO tempest.lib.common.dynamic_creds [-] Acquired dynamic creds: credentials: Credentials: {'domain_id': 'default', 'domain_name': 'Default', 'username': 'tempest-HypervisorAdminV228Test-39434785-project-admin', 'project_domain_id': 'default', 'project_domain_name': 'Default', 'project_id': 'b5f9c41ebff74e2583b1f3bca17ccc90', 'project_name': 'tempest-HypervisorAdminV228Test-39434785', 'tenant_id': 'b5f9c41ebff74e2583b1f3bca17ccc90', 'tenant_name': 'tempest-HypervisorAdminV228Test-39434785', 'user_domain_id': 'default', 'user_domain_name': 'Default', 'user_id': 'da10f06bf0b642fe961c55ae0eb0175e', 'system': None}, Network: None, Subnet: None, Router: None
2024-10-22 18:03:43.463 61823 INFO tempest.lib.common.dynamic_creds [-] Created isolated network resources for: credentials: Credentials: {'domain_id': 'default', 'domain_name': 'Default', 'username': 'tempest-HypervisorAdminV228Test-39434785-project-admin', 'project_domain_id': 'default', 'project_domain_name': 'Default', 'project_id': 'b5f9c41ebff74e2583b1f3bca17ccc90', 'project_name': 'tempest-HypervisorAdminV228Test-39434785', 'tenant_id': 'b5f9c41ebff74e2583b1f3bca17ccc90', 'tenant_name': 'tempest-HypervisorAdminV228Test-39434785', 'user_domain_id': 'default', 'user_domain_name': 'Default', 'user_id': 'da10f06bf0b642fe961c55ae0eb0175e', 'system': None}, Network: None, Subnet: None, Router: None
2024-10-22 18:03:43.464 61819 INFO tempest.lib.common.rest_client [req-0cd65a3b-5c95-42be-b5c5-f430fd781504 req-0cd65a3b-5c95-42be-b5c5-f430fd781504 ] Request (QuotaClassesAdmin257Test:setUpClass): 201 POST http://10.180.1.21/identity/v3/projects 0.700s
2024-10-22 18:03:43.497 61831 INFO tempest.lib.common.rest_client [req-c43fe237-3e03-4721-ab16-b44ebb62b974 req-c43fe237-3e03-4721-ab16-b44ebb62b974 ] Request (ServersWithSpecificFlavorTestJSON:setUpClass): 200 PUT http://10.180.1.21:9696/networking/v2.0/routers/3793fa52-133c-4baa-a17c-96f6653ba850/add_router_interface 2.360s
2024-10-22 18:03:43.497 61831 INFO tempest.lib.common.dynamic_creds [-] Created isolated network resources for: credentials: Credentials: {'domain_id': 'default', 'domain_name': 'Default', 'username': 'tempest-ServersWithSpecificFlavorTestJSON-569636144-project-member', 'project_domain_id': 'default', 'project_domain_name': 'Default', 'project_id': '6d9ee1fd63864856a65468a4059161a6', 'project_name': 'tempest-ServersWithSpecificFlavorTestJSON-569636144', 'tenant_id': '6d9ee1fd63864856a65468a4059161a6', 'tenant_name': 'tempest-ServersWithSpecificFlavorTestJSON-569636144', 'user_domain_id': 'default', 'user_domain_name': 'Default', 'user_id': 'd87217ad30904ba99afe50c7a5f895b4', 'system': None}, Network: {'id': 'b4203010-c3a2-4c93-922d-9e6990e0f0cb', 'name': 'tempest-ServersWithSpecificFlavorTestJSON-751631552-network', 'tenant_id': '6d9ee1fd63864856a65468a4059161a6', 'admin_state_up': True, 'mtu': 8950, 'status': 'ACTIVE', 'subnets': [], 'shared': False, 'project_id': '6d9ee1fd63864856a65468a4059161a6', 'port_security_enabled': True, 'router:external': False, 'provider:network_type': 'vlan', 'provider:physical_network': 'default', 'provider:segmentation_id': 931, 'is_default': False, 'availability_zone_hints': [], 'availability_zones': [], 'ipv4_address_scope': None, 'ipv6_address_scope': None, 'description': '', 'tags': [], 'created_at': '2024-10-22T18:03:40Z', 'updated_at': '2024-10-22T18:03:40Z', 'revision_number': 1}, Subnet: {'id': '5d46161e-65f3-4f59-a951-e81eca3f586f', 'name': 'tempest-ServersWithSpecificFlavorTestJSON-751631552-subnet', 'tenant_id': '6d9ee1fd63864856a65468a4059161a6', 'network_id': 'b4203010-c3a2-4c93-922d-9e6990e0f0cb', 'ip_version': 4, 'subnetpool_id': None, 'enable_dhcp': True, 'ipv6_ra_mode': None, 'ipv6_address_mode': None, 'gateway_ip': '192.168.128.1', 'cidr': '192.168.128.0/28', 'allocation_pools': [{'start': '192.168.128.2', 'end': '192.168.128.14'}], 'host_routes': [], 'dns_nameservers': [], 'description': '', 'router:external': False, 'service_types': [], 'tags': [], 'created_at': '2024-10-22T18:03:40Z', 'updated_at': '2024-10-22T18:03:40Z', 'revision_number': 0, 'project_id': '6d9ee1fd63864856a65468a4059161a6'}, Router: {'id': '3793fa52-133c-4baa-a17c-96f6653ba850', 'name': 'tempest-ServersWithSpecificFlavorTestJSON-751631552-router', 'tenant_id': '6d9ee1fd63864856a65468a4059161a6', 'admin_state_up': True, 'status': 'ACTIVE', 'external_gateway_info': {'network_id': 'c352c930-1b35-4e68-896d-912feca2f7ad', 'external_fixed_ips': [{'subnet_id': '5259542d-23f2-4463-9ab7-890f100f926a', 'ip_address': '10.180.180.252'}], 'enable_snat': True}, 'description': '', 'availability_zones': [], 'distributed': False, 'ha': False, 'availability_zone_hints': [], 'routes': [], 'flavor_id': None, 'tags': [], 'created_at': '2024-10-22T18:03:40Z', 'updated_at': '2024-10-22T18:03:40Z', 'revision_number': 2, 'project_id': '6d9ee1fd63864856a65468a4059161a6'}
2024-10-22 18:03:43.550 61854 INFO tempest.lib.common.rest_client [req-99456fa3-a942-4c8b-9395-4fd5032f3ebd req-99456fa3-a942-4c8b-9395-4fd5032f3ebd ] Request (TenantUsagesTestJSON:setUpClass): 201 POST http://10.180.1.21/identity/v3/auth/tokens 0.674s
2024-10-22 18:03:43.551 61854 WARNING tempest.lib.common.rest_client [-] Deprecated: "tenant_id" property is deprecated for removal, use "project_id" instead
2024-10-22 18:03:43.573 61829 INFO tempest.lib.common.rest_client [req-58780cd6-32a5-40ed-ada0-c018f5d8ae0f req-58780cd6-32a5-40ed-ada0-c018f5d8ae0f ] Request (FloatingIPDetailsTestJSON:setUpClass): 201 POST http://10.180.1.21:9696/networking/v2.0/subnets 0.438s
2024-10-22 18:03:43.610 61827 INFO tempest.lib.common.rest_client [req-3a676c35-9641-4793-b35f-3a452708e031 req-3a676c35-9641-4793-b35f-3a452708e031 ] Request (FlavorMetadataValidation:test_flavor_update_with_custom_namespace): 200 POST http://10.180.1.21/compute/v2.1/flavors 1.271s
2024-10-22 18:03:43.639 61805 INFO tempest.lib.common.rest_client [req-f9ff82c4-7cf1-4acf-97ed-6f70d8b6f5c5 req-f9ff82c4-7cf1-4acf-97ed-6f70d8b6f5c5 ] Request (FlavorsExtraSpecsTestJSON:test_flavor_non_admin_get_specific_key): 200 POST http://10.180.1.21/compute/v2.1/flavors/276019726/os-extra_specs 0.706s
2024-10-22 18:03:43.665 61825 INFO tempest.lib.common.rest_client [req-ebc137ca-e654-49c3-a3fa-6569141e6515 req-ebc137ca-e654-49c3-a3fa-6569141e6515 ] Request (FlavorsV2TestJSON:tearDownClass): 204 DELETE http://10.180.1.21/identity/v3/users/e20cc16d51954e70bbaee83083842d02 0.781s
2024-10-22 18:03:43.665 61825 INFO tempest.lib.common.dynamic_creds [-] Deleting project and security group for project: 3309ed8bf893496795e09882a563556c
2024-10-22 18:03:43.669 61817 INFO tempest.lib.common.rest_client [req-4c2e2300-811d-467a-bff1-7f581b67acc6 req-4c2e2300-811d-467a-bff1-7f581b67acc6 ] Request (ServicesAdminNegativeV253TestJSON:setUpClass): 201 POST http://10.180.1.21/identity/v3/auth/tokens 0.757s
2024-10-22 18:03:43.714 61811 INFO tempest.lib.common.rest_client [req-89dffb49-33b2-4a78-ae47-325edbb8f63c req-89dffb49-33b2-4a78-ae47-325edbb8f63c ] Request (ServerDiagnosticsTest:test_get_server_diagnostics): 201 POST http://10.180.1.21/identity/v3/auth/tokens 0.791s
2024-10-22 18:03:43.715 61811 INFO tempest.lib.common.fixed_network [-] (ServerDiagnosticsTest:test_get_server_diagnostics) Found network None available for tenant
2024-10-22 18:03:43.724 61803 INFO tempest.lib.common.rest_client [req-db8b0fe4-2dab-4664-9895-dd0cec5bf986 req-db8b0fe4-2dab-4664-9895-dd0cec5bf986 ] Request (QuotasAdminNegativeTest:setUpClass): 204 PUT http://10.180.1.21/identity/v3/projects/06de9043f3be4f30badc0b790c9bcf9e/users/9dc9d8ba6bba43a9b43c108ffb70f06e/roles/d256478ef01f4ddb82bc577c4f843080 0.774s
2024-10-22 18:03:43.724 61803 INFO tempest.lib.common.dynamic_creds [-] Dynamic test user 9dc9d8ba6bba43a9b43c108ffb70f06e is created with scope project and roles: ['admin']
2024-10-22 18:03:43.724 61803 INFO tempest.lib.common.dynamic_creds [-] Acquired dynamic creds: credentials: Credentials: {'domain_id': 'default', 'domain_name': 'Default', 'username': 'tempest-QuotasAdminNegativeTest-1480448913-project-admin', 'project_domain_id': 'default', 'project_domain_name': 'Default', 'project_id': '06de9043f3be4f30badc0b790c9bcf9e', 'project_name': 'tempest-QuotasAdminNegativeTest-1480448913', 'tenant_id': '06de9043f3be4f30badc0b790c9bcf9e', 'tenant_name': 'tempest-QuotasAdminNegativeTest-1480448913', 'user_domain_id': 'default', 'user_domain_name': 'Default', 'user_id': '9dc9d8ba6bba43a9b43c108ffb70f06e', 'system': None}, Network: None, Subnet: None, Router: None
2024-10-22 18:03:43.724 61803 INFO tempest.lib.common.dynamic_creds [-] Created isolated network resources for: credentials: Credentials: {'domain_id': 'default', 'domain_name': 'Default', 'username': 'tempest-QuotasAdminNegativeTest-1480448913-project-admin', 'project_domain_id': 'default', 'project_domain_name': 'Default', 'project_id': '06de9043f3be4f30badc0b790c9bcf9e', 'project_name': 'tempest-QuotasAdminNegativeTest-1480448913', 'tenant_id': '06de9043f3be4f30badc0b790c9bcf9e', 'tenant_name': 'tempest-QuotasAdminNegativeTest-1480448913', 'user_domain_id': 'default', 'user_domain_name': 'Default', 'user_id': '9dc9d8ba6bba43a9b43c108ffb70f06e', 'system': None}, Network: None, Subnet: None, Router: None
2024-10-22 18:03:43.773 61807 INFO tempest.lib.common.rest_client [req-857048fd-1090-4999-9a5a-843e567c56d3 req-857048fd-1090-4999-9a5a-843e567c56d3 ] Request (MigrationsAdminTest:setUpClass): 204 PUT http://10.180.1.21/identity/v3/projects/8624f736abd74ba4bd522a6a08e21f5f/users/3db05a5355ef4fd7adba06521fd4f458/roles/d256478ef01f4ddb82bc577c4f843080 0.812s
2024-10-22 18:03:43.773 61807 INFO tempest.lib.common.dynamic_creds [-] Dynamic test user 3db05a5355ef4fd7adba06521fd4f458 is created with scope project and roles: ['admin']
2024-10-22 18:03:43.773 61807 INFO tempest.lib.common.dynamic_creds [-] Acquired dynamic creds: credentials: Credentials: {'domain_id': 'default', 'domain_name': 'Default', 'username': 'tempest-MigrationsAdminTest-979540268-project-admin', 'project_domain_id': 'default', 'project_domain_name': 'Default', 'project_id': '8624f736abd74ba4bd522a6a08e21f5f', 'project_name': 'tempest-MigrationsAdminTest-979540268', 'tenant_id': '8624f736abd74ba4bd522a6a08e21f5f', 'tenant_name': 'tempest-MigrationsAdminTest-979540268', 'user_domain_id': 'default', 'user_domain_name': 'Default', 'user_id': '3db05a5355ef4fd7adba06521fd4f458', 'system': None}, Network: None, Subnet: None, Router: None
2024-10-22 18:03:43.773 61807 INFO tempest.lib.common.dynamic_creds [-] Created isolated network resources for: credentials: Credentials: {'domain_id': 'default', 'domain_name': 'Default', 'username': 'tempest-MigrationsAdminTest-979540268-project-admin', 'project_domain_id': 'default', 'project_domain_name': 'Default', 'project_id': '8624f736abd74ba4bd522a6a08e21f5f', 'project_name': 'tempest-MigrationsAdminTest-979540268', 'tenant_id': '8624f736abd74ba4bd522a6a08e21f5f', 'tenant_name': 'tempest-MigrationsAdminTest-979540268', 'user_domain_id': 'default', 'user_domain_name': 'Default', 'user_id': '3db05a5355ef4fd7adba06521fd4f458', 'system': None}, Network: None, Subnet: None, Router: None
2024-10-22 18:03:43.824 61799 INFO tempest.lib.common.rest_client [req-4895b6f3-b747-4c12-8073-b59ef0796a4e req-4895b6f3-b747-4c12-8073-b59ef0796a4e ] Request (HypervisorAdminTestJSON:setUpClass): 204 PUT http://10.180.1.21/identity/v3/projects/50329d4a5a5c4822bc3d2bcfb447a151/users/af81d400c0d142a196cffe915d0f7801/roles/d256478ef01f4ddb82bc577c4f843080 0.861s
2024-10-22 18:03:43.824 61799 INFO tempest.lib.common.dynamic_creds [-] Dynamic test user af81d400c0d142a196cffe915d0f7801 is created with scope project and roles: ['admin']
2024-10-22 18:03:43.824 61799 INFO tempest.lib.common.dynamic_creds [-] Acquired dynamic creds: credentials: Credentials: {'domain_id': 'default', 'domain_name': 'Default', 'username': 'tempest-HypervisorAdminTestJSON-258007004-project-admin', 'project_domain_id': 'default', 'project_domain_name': 'Default', 'project_id': '50329d4a5a5c4822bc3d2bcfb447a151', 'project_name': 'tempest-HypervisorAdminTestJSON-258007004', 'tenant_id': '50329d4a5a5c4822bc3d2bcfb447a151', 'tenant_name': 'tempest-HypervisorAdminTestJSON-258007004', 'user_domain_id': 'default', 'user_domain_name': 'Default', 'user_id': 'af81d400c0d142a196cffe915d0f7801', 'system': None}, Network: None, Subnet: None, Router: None
2024-10-22 18:03:43.824 61799 INFO tempest.lib.common.dynamic_creds [-] Created isolated network resources for: credentials: Credentials: {'domain_id': 'default', 'domain_name': 'Default', 'username': 'tempest-HypervisorAdminTestJSON-258007004-project-admin', 'project_domain_id': 'default', 'project_domain_name': 'Default', 'project_id': '50329d4a5a5c4822bc3d2bcfb447a151', 'project_name': 'tempest-HypervisorAdminTestJSON-258007004', 'tenant_id': '50329d4a5a5c4822bc3d2bcfb447a151', 'tenant_name': 'tempest-HypervisorAdminTestJSON-258007004', 'user_domain_id': 'default', 'user_domain_name': 'Default', 'user_id': 'af81d400c0d142a196cffe915d0f7801', 'system': None}, Network: None, Subnet: None, Router: None
2024-10-22 18:03:43.875 61813 INFO tempest.lib.common.rest_client [req-6e1c3fe1-5962-4d30-ae5e-9905e266bbf5 req-6e1c3fe1-5962-4d30-ae5e-9905e266bbf5 ] Request (ServerDiagnosticsNegativeTest:setUpClass): 204 PUT http://10.180.1.21/identity/v3/projects/94b76c691cbc465eb637f8bbb35c5dff/users/fa283076fd7044939d831d0815b79753/roles/d256478ef01f4ddb82bc577c4f843080 0.897s
2024-10-22 18:03:43.875 61813 INFO tempest.lib.common.dynamic_creds [-] Dynamic test user fa283076fd7044939d831d0815b79753 is created with scope project and roles: ['admin']
2024-10-22 18:03:43.875 61813 INFO tempest.lib.common.dynamic_creds [-] Acquired dynamic creds: credentials: Credentials: {'domain_id': 'default', 'domain_name': 'Default', 'username': 'tempest-ServerDiagnosticsNegativeTest-1716229506-project-admin', 'project_domain_id': 'default', 'project_domain_name': 'Default', 'project_id': '94b76c691cbc465eb637f8bbb35c5dff', 'project_name': 'tempest-ServerDiagnosticsNegativeTest-1716229506', 'tenant_id': '94b76c691cbc465eb637f8bbb35c5dff', 'tenant_name': 'tempest-ServerDiagnosticsNegativeTest-1716229506', 'user_domain_id': 'default', 'user_domain_name': 'Default', 'user_id': 'fa283076fd7044939d831d0815b79753', 'system': None}, Network: None, Subnet: None, Router: None
2024-10-22 18:03:43.875 61813 INFO tempest.lib.common.dynamic_creds [-] Created isolated network resources for: credentials: Credentials: {'domain_id': 'default', 'domain_name': 'Default', 'username': 'tempest-ServerDiagnosticsNegativeTest-1716229506-project-admin', 'project_domain_id': 'default', 'project_domain_name': 'Default', 'project_id': '94b76c691cbc465eb637f8bbb35c5dff', 'project_name': 'tempest-ServerDiagnosticsNegativeTest-1716229506', 'tenant_id': '94b76c691cbc465eb637f8bbb35c5dff', 'tenant_name': 'tempest-ServerDiagnosticsNegativeTest-1716229506', 'user_domain_id': 'default', 'user_domain_name': 'Default', 'user_id': 'fa283076fd7044939d831d0815b79753', 'system': None}, Network: None, Subnet: None, Router: None
2024-10-22 18:03:43.880 61855 INFO tempest.lib.common.rest_client [req-29ec9cef-6712-4d09-a782-d1006279463f req-29ec9cef-6712-4d09-a782-d1006279463f ] Request (FlavorsAccessTestJSON:test_flavor_access_add_remove): 200 POST http://10.180.1.21/compute/v2.1/flavors/1857634596/action 1.619s
2024-10-22 18:03:43.882 61839 INFO tempest.lib.common.rest_client [req-87bf41ec-c691-483c-b4e3-5fcee2b767cf req-87bf41ec-c691-483c-b4e3-5fcee2b767cf ] Request (InstanceUsageAuditLogTestJSON:setUpClass): 204 PUT http://10.180.1.21/identity/v3/projects/3ece815df5524464a0f992de422593ef/users/a02a56534fe14e9f834b2a22c699915f/roles/d256478ef01f4ddb82bc577c4f843080 0.889s
2024-10-22 18:03:43.882 61839 INFO tempest.lib.common.dynamic_creds [-] Dynamic test user a02a56534fe14e9f834b2a22c699915f is created with scope project and roles: ['admin']
2024-10-22 18:03:43.882 61839 INFO tempest.lib.common.dynamic_creds [-] Acquired dynamic creds: credentials: Credentials: {'domain_id': 'default', 'domain_name': 'Default', 'username': 'tempest-InstanceUsageAuditLogTestJSON-1660892676-project-admin', 'project_domain_id': 'default', 'project_domain_name': 'Default', 'project_id': '3ece815df5524464a0f992de422593ef', 'project_name': 'tempest-InstanceUsageAuditLogTestJSON-1660892676', 'tenant_id': '3ece815df5524464a0f992de422593ef', 'tenant_name': 'tempest-InstanceUsageAuditLogTestJSON-1660892676', 'user_domain_id': 'default', 'user_domain_name': 'Default', 'user_id': 'a02a56534fe14e9f834b2a22c699915f', 'system': None}, Network: None, Subnet: None, Router: None
2024-10-22 18:03:43.882 61839 INFO tempest.lib.common.dynamic_creds [-] Created isolated network resources for: credentials: Credentials: {'domain_id': 'default', 'domain_name': 'Default', 'username': 'tempest-InstanceUsageAuditLogTestJSON-1660892676-project-admin', 'project_domain_id': 'default', 'project_domain_name': 'Default', 'project_id': '3ece815df5524464a0f992de422593ef', 'project_name': 'tempest-InstanceUsageAuditLogTestJSON-1660892676', 'tenant_id': '3ece815df5524464a0f992de422593ef', 'tenant_name': 'tempest-InstanceUsageAuditLogTestJSON-1660892676', 'user_domain_id': 'default', 'user_domain_name': 'Default', 'user_id': 'a02a56534fe14e9f834b2a22c699915f', 'system': None}, Network: None, Subnet: None, Router: None
2024-10-22 18:03:43.957 61801 INFO tempest.lib.common.rest_client [req-b44e1f53-d8e7-4d28-8bca-a49d6db9d5e4 req-b44e1f53-d8e7-4d28-8bca-a49d6db9d5e4 ] Request (HypervisorAdminV253TestBase:setUpClass): 201 POST http://10.180.1.21/identity/v3/auth/tokens 0.871s
2024-10-22 18:03:43.988 61827 INFO tempest.lib.common.rest_client [req-46d5098b-e4f7-494e-b077-a4de582f8a87 req-46d5098b-e4f7-494e-b077-a4de582f8a87 ] Request (FlavorMetadataValidation:test_flavor_update_with_custom_namespace): 200 POST http://10.180.1.21/compute/v2.1/flavors/36325653/os-extra_specs 0.376s
2024-10-22 18:03:43.989 61833 INFO tempest.lib.common.rest_client [req-525a4a9c-860b-4e91-8b6c-145f66486d5a req-525a4a9c-860b-4e91-8b6c-145f66486d5a ] Request (FlavorsV261TestJSON:setUpClass): 204 PUT http://10.180.1.21/identity/v3/projects/8373f547217a446f8deb1ee229ee661a/users/0bb69f6ff424418195c072e5d408cf75/roles/d256478ef01f4ddb82bc577c4f843080 0.824s
2024-10-22 18:03:43.989 61833 INFO tempest.lib.common.dynamic_creds [-] Dynamic test user 0bb69f6ff424418195c072e5d408cf75 is created with scope project and roles: ['admin']
2024-10-22 18:03:43.989 61833 INFO tempest.lib.common.dynamic_creds [-] Acquired dynamic creds: credentials: Credentials: {'domain_id': 'default', 'domain_name': 'Default', 'username': 'tempest-FlavorsV261TestJSON-874942347-project-admin', 'project_domain_id': 'default', 'project_domain_name': 'Default', 'project_id': '8373f547217a446f8deb1ee229ee661a', 'project_name': 'tempest-FlavorsV261TestJSON-874942347', 'tenant_id': '8373f547217a446f8deb1ee229ee661a', 'tenant_name': 'tempest-FlavorsV261TestJSON-874942347', 'user_domain_id': 'default', 'user_domain_name': 'Default', 'user_id': '0bb69f6ff424418195c072e5d408cf75', 'system': None}, Network: None, Subnet: None, Router: None
2024-10-22 18:03:43.990 61833 INFO tempest.lib.common.dynamic_creds [-] Created isolated network resources for: credentials: Credentials: {'domain_id': 'default', 'domain_name': 'Default', 'username': 'tempest-FlavorsV261TestJSON-874942347-project-admin', 'project_domain_id': 'default', 'project_domain_name': 'Default', 'project_id': '8373f547217a446f8deb1ee229ee661a', 'project_name': 'tempest-FlavorsV261TestJSON-874942347', 'tenant_id': '8373f547217a446f8deb1ee229ee661a', 'tenant_name': 'tempest-FlavorsV261TestJSON-874942347', 'user_domain_id': 'default', 'user_domain_name': 'Default', 'user_id': '0bb69f6ff424418195c072e5d408cf75', 'system': None}, Network: None, Subnet: None, Router: None
