2024-10-22 18:06:03.195 61843 INFO tempest.lib.common.rest_client [req-f810fae6-4d39-481c-967a-596c384795b9 req-f810fae6-4d39-481c-967a-596c384795b9 ] Request (ServerRescueNegativeTestJSON:setUpClass): 200 GET http://10.180.1.21/compute/v2.1/servers/f6566092-9921-4a94-a0b5-a2d3803a9d18 0.047s
2024-10-22 18:06:03.241 61805 INFO tempest.lib.common.rest_client [req-0735c145-0df1-43a9-8608-65bd0f8fc29e req-0735c145-0df1-43a9-8608-65bd0f8fc29e ] Request (ServerRescueTestJSONUnderV235:setUpClass): 200 GET http://10.180.1.21/compute/v2.1/servers/2a81aa94-3e30-4f0d-b540-1f98cfa4cea9 0.061s
2024-10-22 18:06:03.246 61855 INFO tempest.lib.common.rest_client [req-75507e86-cb6a-417d-a426-32c8df9ed93a req-75507e86-cb6a-417d-a426-32c8df9ed93a ] Request (ImagesTestJSON:test_create_image_from_stopped_server): 200 GET http://10.180.1.21/compute/v2.1/servers/d5131a9f-f4bd-40c8-98d1-043651537a16 0.049s
2024-10-22 18:06:03.282 61849 INFO tempest.lib.common.rest_client [req-b070a2d1-4b3b-4b4c-82e1-2b0b1d65a5de req-b070a2d1-4b3b-4b4c-82e1-2b0b1d65a5de ] Request (ServersAaction247Test:test_create_backup): 200 GET http://10.180.1.21/compute/v2.1/servers/fd2d724a-76b6-405f-b003-54de2ad84f5a 0.047s
2024-10-22 18:06:03.374 61807 INFO tempest.lib.common.rest_client [req-15471727-68d9-4fb9-b451-cd15f2402132 req-15471727-68d9-4fb9-b451-cd15f2402132 ] Request (MigrationsAdminTest:test_resize_server_revert_deleted_flavor): 200 GET http://10.180.1.21/compute/v2.1/servers/b1bad82d-d7bf-4e58-bbf2-f3d68f214115 0.044s
2024-10-22 18:06:03.447 61854 INFO tempest.lib.common.rest_client [req-0117498e-309d-4d3c-80c0-4b55f7d36a61 req-0117498e-309d-4d3c-80c0-4b55f7d36a61 ] Request (ServersTestBootFromVolume:setUpClass): 200 GET http://10.180.1.21/compute/v2.1/servers/e02f41be-125a-4228-8136-9e6639a268a9 0.042s
2024-10-22 18:06:03.517 61809 INFO tempest.lib.common.rest_client [req-ff36d2b3-0dd7-4bf3-85db-e8bce7be63f8 req-ff36d2b3-0dd7-4bf3-85db-e8bce7be63f8 ] Request (ServerMetadataTestJSON:setUpClass): 200 GET http://10.180.1.21/compute/v2.1/servers/be8ac265-b214-4db5-9781-d171cee46538 0.046s
2024-10-22 18:06:03.535 61851 INFO tempest.lib.common.rest_client [req-82217f70-be89-4a61-a631-05d11577bbeb req-82217f70-be89-4a61-a631-05d11577bbeb ] Request (VolumesAdminNegativeTest:test_update_attached_volume_with_nonexistent_volume_in_body): 200 GET http://10.180.1.21/compute/v2.1/servers/8efd391b-7b76-4167-bd18-48566271ccc8 0.046s
2024-10-22 18:06:03.561 61833 INFO tempest.lib.common.rest_client [req-3404c97a-409a-493d-a308-b5ffb3b32baf req-3404c97a-409a-493d-a308-b5ffb3b32baf ] Request (ListImageFiltersTestJSON:setUpClass): 200 GET http://10.180.1.21/compute/v2.1/servers/4072d5a6-f69d-4fb9-837b-7855054e5206 0.048s
2024-10-22 18:06:03.567 61833 INFO tempest.common.waiters [-] State transition "BUILD/None" ==> "BUILD/networking" after 95 second wait
2024-10-22 18:06:03.635 61821 INFO tempest.lib.common.rest_client [req-deb01e9b-6e7d-4b1c-ad74-0bea1b1888c3 req-deb01e9b-6e7d-4b1c-ad74-0bea1b1888c3 ] Request (ServersTestFqdnHostnames:test_create_server_with_fqdn_name): 200 GET http://10.180.1.21/compute/v2.1/servers/3b852a19-9f86-486b-b98d-e87ffc54d943 0.054s
2024-10-22 18:06:03.636 61837 INFO tempest.lib.common.rest_client [req-0513989d-039c-46e1-97ba-adb75953a0d7 req-0513989d-039c-46e1-97ba-adb75953a0d7 ] Request (ImagesOneServerNegativeTestJSON:setUpClass): 200 GET http://10.180.1.21/compute/v2.1/servers/b3d98e6f-4b45-4eaf-a79c-b683b32fe053 0.053s
2024-10-22 18:06:03.806 61841 INFO tempest.lib.common.rest_client [req-655f36b3-72cd-4380-833d-745f8fed4035 req-655f36b3-72cd-4380-833d-745f8fed4035 ] Request (ImagesNegativeTestJSON:test_create_image_from_deleted_server): 200 GET http://10.180.1.21/compute/v2.1/servers/454d97a2-40d0-4c7a-9df7-04c391715e0d 0.055s
2024-10-22 18:06:03.806 61797 INFO tempest.lib.common.rest_client [req-5a468495-d4bb-4a94-9b45-c76152e29569 req-5a468495-d4bb-4a94-9b45-c76152e29569 ] Request (ServersTestMultiNic:test_verify_multiple_nics_order): 200 GET http://10.180.1.21/compute/v2.1/servers/1f4985a7-f6cc-4e79-aea3-ce0623aed515 0.056s
2024-10-22 18:06:03.858 61813 INFO tempest.lib.common.rest_client [req-7aad256e-e820-4e43-b413-d198b73d8e13 req-7aad256e-e820-4e43-b413-d198b73d8e13 ] Request (FloatingIPsAssociationNegativeTestJSON:setUpClass): 200 GET http://10.180.1.21/compute/v2.1/servers/72aa2816-5e02-4dc2-9d6a-c3e58c651224 0.048s
2024-10-22 18:06:03.868 61799 INFO tempest.lib.common.rest_client [req-025b9802-51f5-4a08-934b-2ea4277893a0 req-025b9802-51f5-4a08-934b-2ea4277893a0 ] Request (DeleteServersTestJSON:test_delete_server_while_in_attached_volume): 200 GET http://10.180.1.21/compute/v2.1/servers/4a0a08ca-bbf5-4124-853e-0be45f531d91 0.053s
2024-10-22 18:06:03.900 61819 INFO tempest.lib.common.rest_client [req-9888bd7c-575d-411d-8376-e648b87af657 req-9888bd7c-575d-411d-8376-e648b87af657 ] Request (ServerPasswordTestJSON:setUpClass): 200 GET http://10.180.1.21/compute/v2.1/servers/cceaed50-e20f-45e4-9959-29dac2ecad30 0.043s
2024-10-22 18:06:03.910 61845 INFO tempest.lib.common.rest_client [req-f3e59bf2-543e-4924-bf3b-7b4ced1066de req-f3e59bf2-543e-4924-bf3b-7b4ced1066de ] Request (DeleteServersAdminTestJSON:test_delete_server_while_in_error_state): 200 GET http://10.180.1.21/compute/v2.1/servers/755cdc16-0eae-4978-917f-634a8ac7af8f 0.047s
2024-10-22 18:06:03.978 61858 INFO tempest.lib.common.rest_client [req-ccbd69ef-e28b-4442-9c28-2d39239a0e5b req-ccbd69ef-e28b-4442-9c28-2d39239a0e5b ] Request (SecurityGroupsTestJSON:test_server_security_groups): 200 GET http://10.180.1.21/compute/v2.1/servers/61d68f1c-6a48-475a-8cf5-fa6ce3b09f20 0.046s
2024-10-22 18:06:03.985 61811 INFO tempest.lib.common.rest_client [req-918b5636-e09d-4c25-8edd-b4859af3a308 req-918b5636-e09d-4c25-8edd-b4859af3a308 ] Request (ServerDiagnosticsV248Test:tearDownClass): 200 GET http://10.180.1.21/compute/v2.1/servers/b5163d89-ceb8-4c61-ae02-0ae3311b58a9 0.060s
2024-10-22 18:06:04.020 61801 INFO tempest.lib.common.rest_client [req-5a18e3ae-92ed-4a00-9bdf-a44f25f9d02a req-5a18e3ae-92ed-4a00-9bdf-a44f25f9d02a ] Request (InstanceActionsNegativeTestJSON:setUpClass): 200 GET http://10.180.1.21/compute/v2.1/servers/2e25cb9a-9b21-4b60-b741-944e53bd50e9 0.056s
2024-10-22 18:06:04.044 61803 INFO tempest.lib.common.rest_client [req-aacfe156-9475-4ee2-8e25-04b523090159 req-aacfe156-9475-4ee2-8e25-04b523090159 ] Request (ServersAdminTestJSON:setUpClass): 200 GET http://10.180.1.21/compute/v2.1/servers/06264429-11eb-4d64-9f6b-6587cf048c41 0.046s
2024-10-22 18:06:04.095 61823 INFO tempest.lib.common.rest_client [req-aac0a930-1592-49de-8e57-38548ed040a5 req-aac0a930-1592-49de-8e57-38548ed040a5 ] Request (ServerGroupTestJSON:test_create_server_with_scheduler_hint_group): 200 GET http://10.180.1.21/compute/v2.1/servers/37b43ee9-f991-4d56-8fcc-192f6534f803 0.045s
2024-10-22 18:06:04.148 61839 INFO tempest.lib.common.rest_client [req-5f6bb62d-82cf-4458-900b-b94af26c3cf1 req-5f6bb62d-82cf-4458-900b-b94af26c3cf1 ] Request (ServerActionsV293TestJSON:setUpClass): 200 GET http://10.180.1.21/compute/v2.1/servers/0625ac10-55b4-488a-aba5-bdaa394045f4 0.051s
2024-10-22 18:06:04.155 61795 INFO tempest.lib.common.rest_client [req-25fec7d6-5402-460d-b0be-dd1fc6e506e7 req-25fec7d6-5402-460d-b0be-dd1fc6e506e7 ] Request (ServerActionsTestJSON:setUpClass): 200 GET http://10.180.1.21/compute/v2.1/servers/0d0504ae-8a82-4b5d-9d5d-535f30ceafa9 0.046s
2024-10-22 18:06:04.201 61829 INFO tempest.lib.common.rest_client [req-7c7ea57e-2805-4360-88fa-9a61c7f9d666 req-7c7ea57e-2805-4360-88fa-9a61c7f9d666 ] Request (ServerTagsTestJSON:setUpClass): 200 GET http://10.180.1.21/compute/v2.1/servers/64efd676-9166-4ffa-a437-6fa6c466ace0 0.053s
2024-10-22 18:06:04.205 61815 INFO tempest.lib.common.rest_client [req-c3025dad-a335-47c4-89f2-aad9c7f96140 req-c3025dad-a335-47c4-89f2-aad9c7f96140 ] Request (ServerAddressesNegativeTestJSON:setUpClass): 200 GET http://10.180.1.21/compute/v2.1/servers/c887c01b-a67e-4e3e-9e17-1deb26e9b508 0.055s
2024-10-22 18:06:04.248 61817 INFO tempest.lib.common.rest_client [req-52c143a0-524a-4796-9dc3-64957efe000a req-52c143a0-524a-4796-9dc3-64957efe000a ] Request (ImagesOneServerTestJSON:setUpClass): 200 GET http://10.180.1.21/compute/v2.1/servers/0b223791-7e95-43fe-bef0-bac6222884ea 0.057s
2024-10-22 18:06:04.256 61843 INFO tempest.lib.common.rest_client [req-f5e31d91-710e-479f-a303-850174b6ea6f req-f5e31d91-710e-479f-a303-850174b6ea6f ] Request (ServerRescueNegativeTestJSON:setUpClass): 200 GET http://10.180.1.21/compute/v2.1/servers/f6566092-9921-4a94-a0b5-a2d3803a9d18 0.054s
2024-10-22 18:06:04.296 61805 INFO tempest.lib.common.rest_client [req-7ccc9e61-d008-4cd0-9f38-f4a897e9c903 req-7ccc9e61-d008-4cd0-9f38-f4a897e9c903 ] Request (ServerRescueTestJSONUnderV235:setUpClass): 200 GET http://10.180.1.21/compute/v2.1/servers/2a81aa94-3e30-4f0d-b540-1f98cfa4cea9 0.047s
2024-10-22 18:06:04.308 61855 INFO tempest.lib.common.rest_client [req-04631d89-16b7-4f62-9817-dc9ef1c411b2 req-04631d89-16b7-4f62-9817-dc9ef1c411b2 ] Request (ImagesTestJSON:test_create_image_from_stopped_server): 200 GET http://10.180.1.21/compute/v2.1/servers/d5131a9f-f4bd-40c8-98d1-043651537a16 0.055s
2024-10-22 18:06:04.351 61849 INFO tempest.lib.common.rest_client [req-dc95368d-c42b-445b-97f8-7743bf85b717 req-dc95368d-c42b-445b-97f8-7743bf85b717 ] Request (ServersAaction247Test:test_create_backup): 200 GET http://10.180.1.21/compute/v2.1/servers/fd2d724a-76b6-405f-b003-54de2ad84f5a 0.062s
2024-10-22 18:06:04.425 61807 INFO tempest.lib.common.rest_client [req-ebcf26a0-ba3a-48d4-9b8c-16f714b0c9a9 req-ebcf26a0-ba3a-48d4-9b8c-16f714b0c9a9 ] Request (MigrationsAdminTest:test_resize_server_revert_deleted_flavor): 200 GET http://10.180.1.21/compute/v2.1/servers/b1bad82d-d7bf-4e58-bbf2-f3d68f214115 0.044s
2024-10-22 18:06:04.500 61854 INFO tempest.lib.common.rest_client [req-da105b37-52a7-4ce0-8928-3558de616adc req-da105b37-52a7-4ce0-8928-3558de616adc ] Request (ServersTestBootFromVolume:setUpClass): 200 GET http://10.180.1.21/compute/v2.1/servers/e02f41be-125a-4228-8136-9e6639a268a9 0.046s
2024-10-22 18:06:04.575 61809 INFO tempest.lib.common.rest_client [req-d76b5cd5-4a2e-456d-acd9-41a156e64312 req-d76b5cd5-4a2e-456d-acd9-41a156e64312 ] Request (ServerMetadataTestJSON:setUpClass): 200 GET http://10.180.1.21/compute/v2.1/servers/be8ac265-b214-4db5-9781-d171cee46538 0.050s
2024-10-22 18:06:04.591 61851 INFO tempest.lib.common.rest_client [req-56bf3557-a7b7-4b22-9b74-3d06d2128499 req-56bf3557-a7b7-4b22-9b74-3d06d2128499 ] Request (VolumesAdminNegativeTest:test_update_attached_volume_with_nonexistent_volume_in_body): 200 GET http://10.180.1.21/compute/v2.1/servers/8efd391b-7b76-4167-bd18-48566271ccc8 0.050s
2024-10-22 18:06:04.691 61821 INFO tempest.lib.common.rest_client [req-c15a8d06-8bda-4579-a307-c36ee893fab8 req-c15a8d06-8bda-4579-a307-c36ee893fab8 ] Request (ServersTestFqdnHostnames:test_create_server_with_fqdn_name): 200 GET http://10.180.1.21/compute/v2.1/servers/3b852a19-9f86-486b-b98d-e87ffc54d943 0.048s
2024-10-22 18:06:04.697 61833 INFO tempest.lib.common.rest_client [req-6c40cc97-af13-482c-b10c-19e0c81f0fe5 req-6c40cc97-af13-482c-b10c-19e0c81f0fe5 ] Request (ListImageFiltersTestJSON:setUpClass): 200 GET http://10.180.1.21/compute/v2.1/servers/4072d5a6-f69d-4fb9-837b-7855054e5206 0.129s
2024-10-22 18:06:04.703 61833 INFO tempest.common.waiters [-] State transition "BUILD/networking" ==> "BUILD/block_device_mapping" after 96 second wait
2024-10-22 18:06:04.743 61837 INFO tempest.lib.common.rest_client [req-43fd92b4-ff34-42f2-8b4c-f5dea1f447d7 req-43fd92b4-ff34-42f2-8b4c-f5dea1f447d7 ] Request (ImagesOneServerNegativeTestJSON:setUpClass): 200 GET http://10.180.1.21/compute/v2.1/servers/b3d98e6f-4b45-4eaf-a79c-b683b32fe053 0.100s
2024-10-22 18:06:04.891 61841 INFO tempest.lib.common.rest_client [req-7babc086-d8b5-43f4-b436-a77d1bf1e338 req-7babc086-d8b5-43f4-b436-a77d1bf1e338 ] Request (ImagesNegativeTestJSON:test_create_image_from_deleted_server): 200 GET http://10.180.1.21/compute/v2.1/servers/454d97a2-40d0-4c7a-9df7-04c391715e0d 0.077s
2024-10-22 18:06:04.894 61797 INFO tempest.lib.common.rest_client [req-5d5505b3-3617-495e-a661-2975739f634f req-5d5505b3-3617-495e-a661-2975739f634f ] Request (ServersTestMultiNic:test_verify_multiple_nics_order): 200 GET http://10.180.1.21/compute/v2.1/servers/1f4985a7-f6cc-4e79-aea3-ce0623aed515 0.080s
2024-10-22 18:06:04.938 61799 INFO tempest.lib.common.rest_client [req-c5d20dcc-1615-423e-907f-9e6fb6846332 req-c5d20dcc-1615-423e-907f-9e6fb6846332 ] Request (DeleteServersTestJSON:test_delete_server_while_in_attached_volume): 200 GET http://10.180.1.21/compute/v2.1/servers/4a0a08ca-bbf5-4124-853e-0be45f531d91 0.062s
2024-10-22 18:06:04.951 61813 INFO tempest.lib.common.rest_client [req-76995964-df8a-4ef3-8687-a0fa7d5a5634 req-76995964-df8a-4ef3-8687-a0fa7d5a5634 ] Request (FloatingIPsAssociationNegativeTestJSON:setUpClass): 200 GET http://10.180.1.21/compute/v2.1/servers/72aa2816-5e02-4dc2-9d6a-c3e58c651224 0.085s
2024-10-22 18:06:04.999 61845 INFO tempest.lib.common.rest_client [req-826ea00a-a073-4c1c-8d08-523061f32798 req-826ea00a-a073-4c1c-8d08-523061f32798 ] Request (DeleteServersAdminTestJSON:test_delete_server_while_in_error_state): 200 GET http://10.180.1.21/compute/v2.1/servers/755cdc16-0eae-4978-917f-634a8ac7af8f 0.082s
2024-10-22 18:06:05.001 61819 INFO tempest.lib.common.rest_client [req-35f4ce62-e95f-477b-ad83-2df969fdc79c req-35f4ce62-e95f-477b-ad83-2df969fdc79c ] Request (ServerPasswordTestJSON:setUpClass): 200 GET http://10.180.1.21/compute/v2.1/servers/cceaed50-e20f-45e4-9959-29dac2ecad30 0.091s
2024-10-22 18:06:05.056 61858 INFO tempest.lib.common.rest_client [req-497d1091-671e-41f5-a166-5a7ee6a1f31a req-497d1091-671e-41f5-a166-5a7ee6a1f31a ] Request (SecurityGroupsTestJSON:test_server_security_groups): 200 GET http://10.180.1.21/compute/v2.1/servers/61d68f1c-6a48-475a-8cf5-fa6ce3b09f20 0.070s
2024-10-22 18:06:05.057 61811 INFO tempest.lib.common.rest_client [req-4a49ccdf-3467-467f-884b-9c1480c0e59d req-4a49ccdf-3467-467f-884b-9c1480c0e59d ] Request (ServerDiagnosticsV248Test:tearDownClass): 200 GET http://10.180.1.21/compute/v2.1/servers/b5163d89-ceb8-4c61-ae02-0ae3311b58a9 0.064s
2024-10-22 18:06:05.106 61803 INFO tempest.lib.common.rest_client [req-7fdfab93-d36a-4356-aa8f-4e047d27d495 req-7fdfab93-d36a-4356-aa8f-4e047d27d495 ] Request (ServersAdminTestJSON:setUpClass): 200 GET http://10.180.1.21/compute/v2.1/servers/06264429-11eb-4d64-9f6b-6587cf048c41 0.054s
2024-10-22 18:06:05.112 61801 INFO tempest.lib.common.rest_client [req-911a10c0-2f73-4700-a6ac-3e0d664762a0 req-911a10c0-2f73-4700-a6ac-3e0d664762a0 ] Request (InstanceActionsNegativeTestJSON:setUpClass): 200 GET http://10.180.1.21/compute/v2.1/servers/2e25cb9a-9b21-4b60-b741-944e53bd50e9 0.085s
2024-10-22 18:06:05.145 61823 INFO tempest.lib.common.rest_client [req-acb79099-ccd0-4ddc-9272-3efc942b6183 req-acb79099-ccd0-4ddc-9272-3efc942b6183 ] Request (ServerGroupTestJSON:test_create_server_with_scheduler_hint_group): 200 GET http://10.180.1.21/compute/v2.1/servers/37b43ee9-f991-4d56-8fcc-192f6534f803 0.043s
2024-10-22 18:06:05.211 61795 INFO tempest.lib.common.rest_client [req-6b779dfa-cfea-43f0-b8b7-302601c1fb7f req-6b779dfa-cfea-43f0-b8b7-302601c1fb7f ] Request (ServerActionsTestJSON:setUpClass): 200 GET http://10.180.1.21/compute/v2.1/servers/0d0504ae-8a82-4b5d-9d5d-535f30ceafa9 0.049s
2024-10-22 18:06:05.217 61839 INFO tempest.lib.common.rest_client [req-3340a392-ce09-4460-8d4b-10a6f86a5bf2 req-3340a392-ce09-4460-8d4b-10a6f86a5bf2 ] Request (ServerActionsV293TestJSON:setUpClass): 200 GET http://10.180.1.21/compute/v2.1/servers/0625ac10-55b4-488a-aba5-bdaa394045f4 0.059s
2024-10-22 18:06:05.255 61829 INFO tempest.lib.common.rest_client [req-f25a8876-c4ca-4ef0-8a7d-ae433d99698e req-f25a8876-c4ca-4ef0-8a7d-ae433d99698e ] Request (ServerTagsTestJSON:setUpClass): 200 GET http://10.180.1.21/compute/v2.1/servers/64efd676-9166-4ffa-a437-6fa6c466ace0 0.046s
2024-10-22 18:06:05.283 61815 INFO tempest.lib.common.rest_client [req-f994e191-c746-42c1-bf56-f063988948e4 req-f994e191-c746-42c1-bf56-f063988948e4 ] Request (ServerAddressesNegativeTestJSON:setUpClass): 200 GET http://10.180.1.21/compute/v2.1/servers/c887c01b-a67e-4e3e-9e17-1deb26e9b508 0.069s
2024-10-22 18:06:05.306 61817 INFO tempest.lib.common.rest_client [req-af2bbc2a-ecba-4619-bfbc-0ec8250ef4ca req-af2bbc2a-ecba-4619-bfbc-0ec8250ef4ca ] Request (ImagesOneServerTestJSON:setUpClass): 200 GET http://10.180.1.21/compute/v2.1/servers/0b223791-7e95-43fe-bef0-bac6222884ea 0.048s
2024-10-22 18:06:05.321 61843 INFO tempest.lib.common.rest_client [req-e181a529-714a-41b1-9683-efbe439412ae req-e181a529-714a-41b1-9683-efbe439412ae ] Request (ServerRescueNegativeTestJSON:setUpClass): 200 GET http://10.180.1.21/compute/v2.1/servers/f6566092-9921-4a94-a0b5-a2d3803a9d18 0.059s
2024-10-22 18:06:05.344 61805 INFO tempest.lib.common.rest_client [req-6315c84a-821b-44bb-8964-87575be23eb0 req-6315c84a-821b-44bb-8964-87575be23eb0 ] Request (ServerRescueTestJSONUnderV235:setUpClass): 200 GET http://10.180.1.21/compute/v2.1/servers/2a81aa94-3e30-4f0d-b540-1f98cfa4cea9 0.041s
2024-10-22 18:06:05.360 61855 INFO tempest.lib.common.rest_client [req-7d0b48cf-fb21-4c81-8b49-156d299d5ad6 req-7d0b48cf-fb21-4c81-8b49-156d299d5ad6 ] Request (ImagesTestJSON:test_create_image_from_stopped_server): 200 GET http://10.180.1.21/compute/v2.1/servers/d5131a9f-f4bd-40c8-98d1-043651537a16 0.045s
2024-10-22 18:06:05.401 61849 INFO tempest.lib.common.rest_client [req-49304f3d-4957-42a9-b71f-bf9a044a3bb2 req-49304f3d-4957-42a9-b71f-bf9a044a3bb2 ] Request (ServersAaction247Test:test_create_backup): 200 GET http://10.180.1.21/compute/v2.1/servers/fd2d724a-76b6-405f-b003-54de2ad84f5a 0.043s
2024-10-22 18:06:05.478 61807 INFO tempest.lib.common.rest_client [req-1473c5c5-615b-473f-82a1-8ddef326acfb req-1473c5c5-615b-473f-82a1-8ddef326acfb ] Request (MigrationsAdminTest:test_resize_server_revert_deleted_flavor): 200 GET http://10.180.1.21/compute/v2.1/servers/b1bad82d-d7bf-4e58-bbf2-f3d68f214115 0.045s
2024-10-22 18:06:05.554 61854 INFO tempest.lib.common.rest_client [req-c3dab46e-0d42-4af9-8c39-1eddbc01fff9 req-c3dab46e-0d42-4af9-8c39-1eddbc01fff9 ] Request (ServersTestBootFromVolume:setUpClass): 200 GET http://10.180.1.21/compute/v2.1/servers/e02f41be-125a-4228-8136-9e6639a268a9 0.047s
2024-10-22 18:06:05.626 61809 INFO tempest.lib.common.rest_client [req-2caacfca-20c6-40ea-9270-a2e5bc53bbe9 req-2caacfca-20c6-40ea-9270-a2e5bc53bbe9 ] Request (ServerMetadataTestJSON:setUpClass): 200 GET http://10.180.1.21/compute/v2.1/servers/be8ac265-b214-4db5-9781-d171cee46538 0.044s
2024-10-22 18:06:05.641 61851 INFO tempest.lib.common.rest_client [req-c882922f-9424-4603-9e1f-2ac111ed019e req-c882922f-9424-4603-9e1f-2ac111ed019e ] Request (VolumesAdminNegativeTest:test_update_attached_volume_with_nonexistent_volume_in_body): 200 GET http://10.180.1.21/compute/v2.1/servers/8efd391b-7b76-4167-bd18-48566271ccc8 0.042s
2024-10-22 18:06:05.755 61833 INFO tempest.lib.common.rest_client [req-f22e79f1-6151-4e01-bd89-d691b3867805 req-f22e79f1-6151-4e01-bd89-d691b3867805 ] Request (ListImageFiltersTestJSON:setUpClass): 200 GET http://10.180.1.21/compute/v2.1/servers/4072d5a6-f69d-4fb9-837b-7855054e5206 0.051s
2024-10-22 18:06:05.756 61821 INFO tempest.lib.common.rest_client [req-f98a70c6-bf6b-4a06-b4b4-cb190ba49023 req-f98a70c6-bf6b-4a06-b4b4-cb190ba49023 ] Request (ServersTestFqdnHostnames:test_create_server_with_fqdn_name): 200 GET http://10.180.1.21/compute/v2.1/servers/3b852a19-9f86-486b-b98d-e87ffc54d943 0.056s
2024-10-22 18:06:05.762 61833 INFO tempest.common.waiters [-] State transition "BUILD/block_device_mapping" ==> "BUILD/spawning" after 97 second wait
2024-10-22 18:06:05.807 61837 INFO tempest.lib.common.rest_client [req-f387dcde-8e91-43ef-bb00-ed2b52d93e4e req-f387dcde-8e91-43ef-bb00-ed2b52d93e4e ] Request (ImagesOneServerNegativeTestJSON:setUpClass): 200 GET http://10.180.1.21/compute/v2.1/servers/b3d98e6f-4b45-4eaf-a79c-b683b32fe053 0.057s
2024-10-22 18:06:05.952 61841 INFO tempest.lib.common.rest_client [req-d8afdf88-4859-48eb-ad8f-9638650615d0 req-d8afdf88-4859-48eb-ad8f-9638650615d0 ] Request (ImagesNegativeTestJSON:test_create_image_from_deleted_server): 200 GET http://10.180.1.21/compute/v2.1/servers/454d97a2-40d0-4c7a-9df7-04c391715e0d 0.054s
2024-10-22 18:06:05.957 61797 INFO tempest.lib.common.rest_client [req-5fb3d45a-7703-4181-88f7-06a91fc625c5 req-5fb3d45a-7703-4181-88f7-06a91fc625c5 ] Request (ServersTestMultiNic:test_verify_multiple_nics_order): 200 GET http://10.180.1.21/compute/v2.1/servers/1f4985a7-f6cc-4e79-aea3-ce0623aed515 0.052s
2024-10-22 18:06:05.997 61799 INFO tempest.lib.common.rest_client [req-23106055-7772-4763-81df-e3da0c2bcabd req-23106055-7772-4763-81df-e3da0c2bcabd ] Request (DeleteServersTestJSON:test_delete_server_while_in_attached_volume): 200 GET http://10.180.1.21/compute/v2.1/servers/4a0a08ca-bbf5-4124-853e-0be45f531d91 0.049s
2024-10-22 18:06:06.004 61813 INFO tempest.lib.common.rest_client [req-caa2b744-da80-47e8-9065-067b63b47aea req-caa2b744-da80-47e8-9065-067b63b47aea ] Request (FloatingIPsAssociationNegativeTestJSON:setUpClass): 200 GET http://10.180.1.21/compute/v2.1/servers/72aa2816-5e02-4dc2-9d6a-c3e58c651224 0.045s
2024-10-22 18:06:06.058 61819 INFO tempest.lib.common.rest_client [req-341d280b-bde7-411b-9f44-baddc829bd38 req-341d280b-bde7-411b-9f44-baddc829bd38 ] Request (ServerPasswordTestJSON:setUpClass): 200 GET http://10.180.1.21/compute/v2.1/servers/cceaed50-e20f-45e4-9959-29dac2ecad30 0.049s
2024-10-22 18:06:06.064 61845 INFO tempest.lib.common.rest_client [req-792dc6d0-8e86-4e1b-a459-2c8cc6a2a88b req-792dc6d0-8e86-4e1b-a459-2c8cc6a2a88b ] Request (DeleteServersAdminTestJSON:test_delete_server_while_in_error_state): 200 GET http://10.180.1.21/compute/v2.1/servers/755cdc16-0eae-4978-917f-634a8ac7af8f 0.058s
2024-10-22 18:06:06.111 61858 INFO tempest.lib.common.rest_client [req-71976c33-c8cd-447f-b2bb-ef84cd48a8d6 req-71976c33-c8cd-447f-b2bb-ef84cd48a8d6 ] Request (SecurityGroupsTestJSON:test_server_security_groups): 200 GET http://10.180.1.21/compute/v2.1/servers/61d68f1c-6a48-475a-8cf5-fa6ce3b09f20 0.047s
2024-10-22 18:06:06.122 61811 INFO tempest.lib.common.rest_client [req-da4508df-ff25-4181-9546-5fbf372ab710 req-da4508df-ff25-4181-9546-5fbf372ab710 ] Request (ServerDiagnosticsV248Test:tearDownClass): 200 GET http://10.180.1.21/compute/v2.1/servers/b5163d89-ceb8-4c61-ae02-0ae3311b58a9 0.052s
2024-10-22 18:06:06.160 61803 INFO tempest.lib.common.rest_client [req-f74a7f5c-aeae-47b0-aec0-7e40bc3f82e8 req-f74a7f5c-aeae-47b0-aec0-7e40bc3f82e8 ] Request (ServersAdminTestJSON:setUpClass): 200 GET http://10.180.1.21/compute/v2.1/servers/06264429-11eb-4d64-9f6b-6587cf048c41 0.048s
2024-10-22 18:06:06.171 61801 INFO tempest.lib.common.rest_client [req-8c86d070-cfe3-4ffc-b174-b9ec24519200 req-8c86d070-cfe3-4ffc-b174-b9ec24519200 ] Request (InstanceActionsNegativeTestJSON:setUpClass): 200 GET http://10.180.1.21/compute/v2.1/servers/2e25cb9a-9b21-4b60-b741-944e53bd50e9 0.052s
2024-10-22 18:06:06.199 61823 INFO tempest.lib.common.rest_client [req-0bb83c59-9386-4407-8ae1-2336efbf1b9e req-0bb83c59-9386-4407-8ae1-2336efbf1b9e ] Request (ServerGroupTestJSON:test_create_server_with_scheduler_hint_group): 200 GET http://10.180.1.21/compute/v2.1/servers/37b43ee9-f991-4d56-8fcc-192f6534f803 0.047s
2024-10-22 18:06:06.266 61795 INFO tempest.lib.common.rest_client [req-bc8a6c52-6867-4f38-869b-490b34ae920a req-bc8a6c52-6867-4f38-869b-490b34ae920a ] Request (ServerActionsTestJSON:setUpClass): 200 GET http://10.180.1.21/compute/v2.1/servers/0d0504ae-8a82-4b5d-9d5d-535f30ceafa9 0.048s
2024-10-22 18:06:06.276 61839 INFO tempest.lib.common.rest_client [req-2505f922-0056-45fb-838f-3a7f08c280b2 req-2505f922-0056-45fb-838f-3a7f08c280b2 ] Request (ServerActionsV293TestJSON:setUpClass): 200 GET http://10.180.1.21/compute/v2.1/servers/0625ac10-55b4-488a-aba5-bdaa394045f4 0.050s
2024-10-22 18:06:06.310 61829 INFO tempest.lib.common.rest_client [req-a03f5bf0-5de2-454a-b8ba-aee19ac92e3d req-a03f5bf0-5de2-454a-b8ba-aee19ac92e3d ] Request (ServerTagsTestJSON:setUpClass): 200 GET http://10.180.1.21/compute/v2.1/servers/64efd676-9166-4ffa-a437-6fa6c466ace0 0.045s
2024-10-22 18:06:06.335 61815 INFO tempest.lib.common.rest_client [req-9748ee13-3a89-4a9b-9e98-21ede748af7e req-9748ee13-3a89-4a9b-9e98-21ede748af7e ] Request (ServerAddressesNegativeTestJSON:setUpClass): 200 GET http://10.180.1.21/compute/v2.1/servers/c887c01b-a67e-4e3e-9e17-1deb26e9b508 0.044s
2024-10-22 18:06:06.359 61817 INFO tempest.lib.common.rest_client [req-94dd5c55-e92b-466f-ba15-ccf8e44abc44 req-94dd5c55-e92b-466f-ba15-ccf8e44abc44 ] Request (ImagesOneServerTestJSON:setUpClass): 200 GET http://10.180.1.21/compute/v2.1/servers/0b223791-7e95-43fe-bef0-bac6222884ea 0.047s
2024-10-22 18:06:06.379 61843 INFO tempest.lib.common.rest_client [req-8590ca19-8077-487e-84aa-c53ab053ad2b req-8590ca19-8077-487e-84aa-c53ab053ad2b ] Request (ServerRescueNegativeTestJSON:setUpClass): 200 GET http://10.180.1.21/compute/v2.1/servers/f6566092-9921-4a94-a0b5-a2d3803a9d18 0.050s
2024-10-22 18:06:06.398 61805 INFO tempest.lib.common.rest_client [req-376dc4e2-2627-4188-b743-fc5214fa2858 req-376dc4e2-2627-4188-b743-fc5214fa2858 ] Request (ServerRescueTestJSONUnderV235:setUpClass): 200 GET http://10.180.1.21/compute/v2.1/servers/2a81aa94-3e30-4f0d-b540-1f98cfa4cea9 0.046s
2024-10-22 18:06:06.419 61855 INFO tempest.lib.common.rest_client [req-c18c7f2d-db85-4171-bc4a-6959411000ea req-c18c7f2d-db85-4171-bc4a-6959411000ea ] Request (ImagesTestJSON:test_create_image_from_stopped_server): 200 GET http://10.180.1.21/compute/v2.1/servers/d5131a9f-f4bd-40c8-98d1-043651537a16 0.053s
2024-10-22 18:06:06.453 61849 INFO tempest.lib.common.rest_client [req-c9f3351b-dcc0-467c-902f-72d245b7493a req-c9f3351b-dcc0-467c-902f-72d245b7493a ] Request (ServersAaction247Test:test_create_backup): 200 GET http://10.180.1.21/compute/v2.1/servers/fd2d724a-76b6-405f-b003-54de2ad84f5a 0.043s
2024-10-22 18:06:06.529 61807 INFO tempest.lib.common.rest_client [req-29c4603f-5e73-45fa-8d02-c6c526af9519 req-29c4603f-5e73-45fa-8d02-c6c526af9519 ] Request (MigrationsAdminTest:test_resize_server_revert_deleted_flavor): 200 GET http://10.180.1.21/compute/v2.1/servers/b1bad82d-d7bf-4e58-bbf2-f3d68f214115 0.044s
2024-10-22 18:06:06.607 61854 INFO tempest.lib.common.rest_client [req-0c698201-a747-4bc1-8e82-2ccfc80e319e req-0c698201-a747-4bc1-8e82-2ccfc80e319e ] Request (ServersTestBootFromVolume:setUpClass): 200 GET http://10.180.1.21/compute/v2.1/servers/e02f41be-125a-4228-8136-9e6639a268a9 0.047s
2024-10-22 18:06:06.682 61809 INFO tempest.lib.common.rest_client [req-af7524db-6846-4912-bd93-fb70d801fb0b req-af7524db-6846-4912-bd93-fb70d801fb0b ] Request (ServerMetadataTestJSON:setUpClass): 200 GET http://10.180.1.21/compute/v2.1/servers/be8ac265-b214-4db5-9781-d171cee46538 0.049s
2024-10-22 18:06:06.695 61851 INFO tempest.lib.common.rest_client [req-eb9c54f3-2638-47f4-aeca-f1979bad3d59 req-eb9c54f3-2638-47f4-aeca-f1979bad3d59 ] Request (VolumesAdminNegativeTest:test_update_attached_volume_with_nonexistent_volume_in_body): 200 GET http://10.180.1.21/compute/v2.1/servers/8efd391b-7b76-4167-bd18-48566271ccc8 0.048s
2024-10-22 18:06:06.834 61833 INFO tempest.lib.common.rest_client [req-b58c28a0-42a6-45cc-a180-5874900f2aeb req-b58c28a0-42a6-45cc-a180-5874900f2aeb ] Request (ListImageFiltersTestJSON:setUpClass): 200 GET http://10.180.1.21/compute/v2.1/servers/4072d5a6-f69d-4fb9-837b-7855054e5206 0.071s
2024-10-22 18:06:06.840 61821 INFO tempest.lib.common.rest_client [req-3455b6f9-a559-47cb-ba62-39aeef28f1ae req-3455b6f9-a559-47cb-ba62-39aeef28f1ae ] Request (ServersTestFqdnHostnames:test_create_server_with_fqdn_name): 200 GET http://10.180.1.21/compute/v2.1/servers/3b852a19-9f86-486b-b98d-e87ffc54d943 0.077s
2024-10-22 18:06:06.881 61837 INFO tempest.lib.common.rest_client [req-0315d0e3-ace3-492c-810e-a4e96298df2e req-0315d0e3-ace3-492c-810e-a4e96298df2e ] Request (ImagesOneServerNegativeTestJSON:setUpClass): 200 GET http://10.180.1.21/compute/v2.1/servers/b3d98e6f-4b45-4eaf-a79c-b683b32fe053 0.067s
2024-10-22 18:06:07.010 61841 INFO tempest.lib.common.rest_client [req-cd432302-975b-4570-a5e7-f74499d6806e req-cd432302-975b-4570-a5e7-f74499d6806e ] Request (ImagesNegativeTestJSON:test_create_image_from_deleted_server): 200 GET http://10.180.1.21/compute/v2.1/servers/454d97a2-40d0-4c7a-9df7-04c391715e0d 0.052s
2024-10-22 18:06:07.016 61797 INFO tempest.lib.common.rest_client [req-78900752-6524-4289-97cc-a527f25a909e req-78900752-6524-4289-97cc-a527f25a909e ] Request (ServersTestMultiNic:test_verify_multiple_nics_order): 200 GET http://10.180.1.21/compute/v2.1/servers/1f4985a7-f6cc-4e79-aea3-ce0623aed515 0.052s
2024-10-22 18:06:07.062 61799 INFO tempest.lib.common.rest_client [req-3e2e7482-28d7-4c58-be6a-7b2f84dfc560 req-3e2e7482-28d7-4c58-be6a-7b2f84dfc560 ] Request (DeleteServersTestJSON:test_delete_server_while_in_attached_volume): 200 GET http://10.180.1.21/compute/v2.1/servers/4a0a08ca-bbf5-4124-853e-0be45f531d91 0.059s
2024-10-22 18:06:07.067 61813 INFO tempest.lib.common.rest_client [req-3a6674bc-9763-4227-b416-6f558187a31d req-3a6674bc-9763-4227-b416-6f558187a31d ] Request (FloatingIPsAssociationNegativeTestJSON:setUpClass): 200 GET http://10.180.1.21/compute/v2.1/servers/72aa2816-5e02-4dc2-9d6a-c3e58c651224 0.055s
2024-10-22 18:06:07.118 61819 INFO tempest.lib.common.rest_client [req-c6cca4b2-c5c0-425c-acda-ea62c2740abe req-c6cca4b2-c5c0-425c-acda-ea62c2740abe ] Request (ServerPasswordTestJSON:setUpClass): 200 GET http://10.180.1.21/compute/v2.1/servers/cceaed50-e20f-45e4-9959-29dac2ecad30 0.054s
2024-10-22 18:06:07.125 61845 INFO tempest.lib.common.rest_client [req-1f561925-0c9a-4a97-9a6f-897d51930650 req-1f561925-0c9a-4a97-9a6f-897d51930650 ] Request (DeleteServersAdminTestJSON:test_delete_server_while_in_error_state): 200 GET http://10.180.1.21/compute/v2.1/servers/755cdc16-0eae-4978-917f-634a8ac7af8f 0.054s
2024-10-22 18:06:07.178 61858 INFO tempest.lib.common.rest_client [req-740572d3-acc6-4516-93a5-f773ee3bbc7a req-740572d3-acc6-4516-93a5-f773ee3bbc7a ] Request (SecurityGroupsTestJSON:test_server_security_groups): 200 GET http://10.180.1.21/compute/v2.1/servers/61d68f1c-6a48-475a-8cf5-fa6ce3b09f20 0.059s
2024-10-22 18:06:07.186 61811 INFO tempest.lib.common.rest_client [req-71087259-6810-4dbd-8568-55082a671832 req-71087259-6810-4dbd-8568-55082a671832 ] Request (ServerDiagnosticsV248Test:tearDownClass): 200 GET http://10.180.1.21/compute/v2.1/servers/b5163d89-ceb8-4c61-ae02-0ae3311b58a9 0.057s
2024-10-22 18:06:07.234 61803 INFO tempest.lib.common.rest_client [req-b12f1a70-1152-4ff6-8f45-a65157968e62 req-b12f1a70-1152-4ff6-8f45-a65157968e62 ] Request (ServersAdminTestJSON:setUpClass): 200 GET http://10.180.1.21/compute/v2.1/servers/06264429-11eb-4d64-9f6b-6587cf048c41 0.066s
2024-10-22 18:06:07.240 61801 INFO tempest.lib.common.rest_client [req-aa09ef99-51eb-4b20-82cf-3708383e8e70 req-aa09ef99-51eb-4b20-82cf-3708383e8e70 ] Request (InstanceActionsNegativeTestJSON:setUpClass): 200 GET http://10.180.1.21/compute/v2.1/servers/2e25cb9a-9b21-4b60-b741-944e53bd50e9 0.063s
2024-10-22 18:06:07.282 61823 INFO tempest.lib.common.rest_client [req-21b55c68-2144-4b4b-acd4-111955f9d6c7 req-21b55c68-2144-4b4b-acd4-111955f9d6c7 ] Request (ServerGroupTestJSON:test_create_server_with_scheduler_hint_group): 200 GET http://10.180.1.21/compute/v2.1/servers/37b43ee9-f991-4d56-8fcc-192f6534f803 0.076s
2024-10-22 18:06:07.328 61795 INFO tempest.lib.common.rest_client [req-c5165117-7a7e-4b29-a5ef-ae3b23082da6 req-c5165117-7a7e-4b29-a5ef-ae3b23082da6 ] Request (ServerActionsTestJSON:setUpClass): 200 GET http://10.180.1.21/compute/v2.1/servers/0d0504ae-8a82-4b5d-9d5d-535f30ceafa9 0.054s
2024-10-22 18:06:07.340 61839 INFO tempest.lib.common.rest_client [req-d2a89496-065d-448f-82fa-9f8e4921e994 req-d2a89496-065d-448f-82fa-9f8e4921e994 ] Request (ServerActionsV293TestJSON:setUpClass): 200 GET http://10.180.1.21/compute/v2.1/servers/0625ac10-55b4-488a-aba5-bdaa394045f4 0.056s
2024-10-22 18:06:07.379 61829 INFO tempest.lib.common.rest_client [req-d0f7486e-e5db-4d64-ba7f-ab2099f4ae55 req-d0f7486e-e5db-4d64-ba7f-ab2099f4ae55 ] Request (ServerTagsTestJSON:setUpClass): 200 GET http://10.180.1.21/compute/v2.1/servers/64efd676-9166-4ffa-a437-6fa6c466ace0 0.056s
2024-10-22 18:06:07.387 61815 INFO tempest.lib.common.rest_client [req-f6bc362d-10ca-4811-88b8-939a85d06cf9 req-f6bc362d-10ca-4811-88b8-939a85d06cf9 ] Request (ServerAddressesNegativeTestJSON:setUpClass): 200 GET http://10.180.1.21/compute/v2.1/servers/c887c01b-a67e-4e3e-9e17-1deb26e9b508 0.046s
2024-10-22 18:06:07.424 61817 INFO tempest.lib.common.rest_client [req-adcf67dc-e1a7-4d5f-8f2f-c256dcdac368 req-adcf67dc-e1a7-4d5f-8f2f-c256dcdac368 ] Request (ImagesOneServerTestJSON:setUpClass): 200 GET http://10.180.1.21/compute/v2.1/servers/0b223791-7e95-43fe-bef0-bac6222884ea 0.059s
2024-10-22 18:06:07.444 61843 INFO tempest.lib.common.rest_client [req-3dac082a-705e-4e28-b9c9-be7548c3f179 req-3dac082a-705e-4e28-b9c9-be7548c3f179 ] Request (ServerRescueNegativeTestJSON:setUpClass): 200 GET http://10.180.1.21/compute/v2.1/servers/f6566092-9921-4a94-a0b5-a2d3803a9d18 0.058s
2024-10-22 18:06:07.470 61805 INFO tempest.lib.common.rest_client [req-21546d50-a0f9-480e-baa4-5d69677c4a76 req-21546d50-a0f9-480e-baa4-5d69677c4a76 ] Request (ServerRescueTestJSONUnderV235:setUpClass): 200 GET http://10.180.1.21/compute/v2.1/servers/2a81aa94-3e30-4f0d-b540-1f98cfa4cea9 0.066s
2024-10-22 18:06:07.496 61855 INFO tempest.lib.common.rest_client [req-55509c89-f607-4091-9809-83738b4b7337 req-55509c89-f607-4091-9809-83738b4b7337 ] Request (ImagesTestJSON:test_create_image_from_stopped_server): 200 GET http://10.180.1.21/compute/v2.1/servers/d5131a9f-f4bd-40c8-98d1-043651537a16 0.067s
2024-10-22 18:06:07.519 61849 INFO tempest.lib.common.rest_client [req-08014463-b23e-48aa-bd38-eb04a04fc792 req-08014463-b23e-48aa-bd38-eb04a04fc792 ] Request (ServersAaction247Test:test_create_backup): 200 GET http://10.180.1.21/compute/v2.1/servers/fd2d724a-76b6-405f-b003-54de2ad84f5a 0.058s
2024-10-22 18:06:07.584 61807 INFO tempest.lib.common.rest_client [req-c3c22b99-b43a-467f-bbcb-2e3fdafa1015 req-c3c22b99-b43a-467f-bbcb-2e3fdafa1015 ] Request (MigrationsAdminTest:test_resize_server_revert_deleted_flavor): 200 GET http://10.180.1.21/compute/v2.1/servers/b1bad82d-d7bf-4e58-bbf2-f3d68f214115 0.047s
2024-10-22 18:06:07.660 61854 INFO tempest.lib.common.rest_client [req-0831483f-2a2a-419a-9a83-40a23722eb2b req-0831483f-2a2a-419a-9a83-40a23722eb2b ] Request (ServersTestBootFromVolume:setUpClass): 200 GET http://10.180.1.21/compute/v2.1/servers/e02f41be-125a-4228-8136-9e6639a268a9 0.045s
2024-10-22 18:06:07.746 61809 INFO tempest.lib.common.rest_client [req-2eccd506-9241-4d95-8f32-67627fdf4610 req-2eccd506-9241-4d95-8f32-67627fdf4610 ] Request (ServerMetadataTestJSON:setUpClass): 200 GET http://10.180.1.21/compute/v2.1/servers/be8ac265-b214-4db5-9781-d171cee46538 0.058s
2024-10-22 18:06:07.751 61851 INFO tempest.lib.common.rest_client [req-739bd2f7-eead-41fe-aab7-b41c6e41fe48 req-739bd2f7-eead-41fe-aab7-b41c6e41fe48 ] Request (VolumesAdminNegativeTest:test_update_attached_volume_with_nonexistent_volume_in_body): 200 GET http://10.180.1.21/compute/v2.1/servers/8efd391b-7b76-4167-bd18-48566271ccc8 0.050s
2024-10-22 18:06:07.896 61833 INFO tempest.lib.common.rest_client [req-870dc37d-0399-4ad1-aa52-f6e11b7d1dc9 req-870dc37d-0399-4ad1-aa52-f6e11b7d1dc9 ] Request (ListImageFiltersTestJSON:setUpClass): 200 GET http://10.180.1.21/compute/v2.1/servers/4072d5a6-f69d-4fb9-837b-7855054e5206 0.055s
2024-10-22 18:06:07.897 61821 INFO tempest.lib.common.rest_client [req-25529796-3e55-42d1-b0b3-d2a6cb86288e req-25529796-3e55-42d1-b0b3-d2a6cb86288e ] Request (ServersTestFqdnHostnames:test_create_server_with_fqdn_name): 200 GET http://10.180.1.21/compute/v2.1/servers/3b852a19-9f86-486b-b98d-e87ffc54d943 0.050s
2024-10-22 18:06:07.935 61837 INFO tempest.lib.common.rest_client [req-932b6fe8-46aa-49dc-892e-27765fb665f9 req-932b6fe8-46aa-49dc-892e-27765fb665f9 ] Request (ImagesOneServerNegativeTestJSON:setUpClass): 200 GET http://10.180.1.21/compute/v2.1/servers/b3d98e6f-4b45-4eaf-a79c-b683b32fe053 0.047s
2024-10-22 18:06:08.068 61841 INFO tempest.lib.common.rest_client [req-8af950fe-3f8a-4ed9-a86b-4f763dfea1e6 req-8af950fe-3f8a-4ed9-a86b-4f763dfea1e6 ] Request (ImagesNegativeTestJSON:test_create_image_from_deleted_server): 200 GET http://10.180.1.21/compute/v2.1/servers/454d97a2-40d0-4c7a-9df7-04c391715e0d 0.051s
2024-10-22 18:06:08.074 61797 INFO tempest.lib.common.rest_client [req-6b281a2f-da06-4bc3-8814-0ad867bb3118 req-6b281a2f-da06-4bc3-8814-0ad867bb3118 ] Request (ServersTestMultiNic:test_verify_multiple_nics_order): 200 GET http://10.180.1.21/compute/v2.1/servers/1f4985a7-f6cc-4e79-aea3-ce0623aed515 0.049s
2024-10-22 18:06:08.117 61799 INFO tempest.lib.common.rest_client [req-7d5de77f-1b36-422e-a8dc-b3188e657639 req-7d5de77f-1b36-422e-a8dc-b3188e657639 ] Request (DeleteServersTestJSON:test_delete_server_while_in_attached_volume): 200 GET http://10.180.1.21/compute/v2.1/servers/4a0a08ca-bbf5-4124-853e-0be45f531d91 0.048s
2024-10-22 18:06:08.122 61813 INFO tempest.lib.common.rest_client [req-2b2097de-7627-45ac-aed3-65076127e4fa req-2b2097de-7627-45ac-aed3-65076127e4fa ] Request (FloatingIPsAssociationNegativeTestJSON:setUpClass): 200 GET http://10.180.1.21/compute/v2.1/servers/72aa2816-5e02-4dc2-9d6a-c3e58c651224 0.049s
2024-10-22 18:06:08.165 61819 INFO tempest.lib.common.rest_client [req-9f7f99f1-a893-4ec6-8a07-855d4c38da1b req-9f7f99f1-a893-4ec6-8a07-855d4c38da1b ] Request (ServerPasswordTestJSON:setUpClass): 200 GET http://10.180.1.21/compute/v2.1/servers/cceaed50-e20f-45e4-9959-29dac2ecad30 0.040s
2024-10-22 18:06:08.177 61845 INFO tempest.lib.common.rest_client [req-a4fe17d8-ab5a-40d3-ab24-40a9a6340742 req-a4fe17d8-ab5a-40d3-ab24-40a9a6340742 ] Request (DeleteServersAdminTestJSON:test_delete_server_while_in_error_state): 200 GET http://10.180.1.21/compute/v2.1/servers/755cdc16-0eae-4978-917f-634a8ac7af8f 0.041s
2024-10-22 18:06:08.226 61858 INFO tempest.lib.common.rest_client [req-9f1f4cc4-bf91-4503-8174-5a8683d51958 req-9f1f4cc4-bf91-4503-8174-5a8683d51958 ] Request (SecurityGroupsTestJSON:test_server_security_groups): 200 GET http://10.180.1.21/compute/v2.1/servers/61d68f1c-6a48-475a-8cf5-fa6ce3b09f20 0.041s
2024-10-22 18:06:08.242 61811 INFO tempest.lib.common.rest_client [req-f3fad4e8-f71f-45d0-bdd2-8d9635b125a6 req-f3fad4e8-f71f-45d0-bdd2-8d9635b125a6 ] Request (ServerDiagnosticsV248Test:tearDownClass): 200 GET http://10.180.1.21/compute/v2.1/servers/b5163d89-ceb8-4c61-ae02-0ae3311b58a9 0.048s
2024-10-22 18:06:08.285 61803 INFO tempest.lib.common.rest_client [req-60e8f582-ad17-4d41-b77a-05219a1d5c9e req-60e8f582-ad17-4d41-b77a-05219a1d5c9e ] Request (ServersAdminTestJSON:setUpClass): 200 GET http://10.180.1.21/compute/v2.1/servers/06264429-11eb-4d64-9f6b-6587cf048c41 0.045s
2024-10-22 18:06:08.291 61801 INFO tempest.lib.common.rest_client [req-faee7801-8db8-49e6-be6d-d65ea8680ede req-faee7801-8db8-49e6-be6d-d65ea8680ede ] Request (InstanceActionsNegativeTestJSON:setUpClass): 200 GET http://10.180.1.21/compute/v2.1/servers/2e25cb9a-9b21-4b60-b741-944e53bd50e9 0.044s
2024-10-22 18:06:08.336 61823 INFO tempest.lib.common.rest_client [req-5cb3784b-51d3-48be-8b59-748ff737f598 req-5cb3784b-51d3-48be-8b59-748ff737f598 ] Request (ServerGroupTestJSON:test_create_server_with_scheduler_hint_group): 200 GET http://10.180.1.21/compute/v2.1/servers/37b43ee9-f991-4d56-8fcc-192f6534f803 0.046s
2024-10-22 18:06:08.381 61795 INFO tempest.lib.common.rest_client [req-8f1f5e21-f929-4ae2-b702-a96141883dce req-8f1f5e21-f929-4ae2-b702-a96141883dce ] Request (ServerActionsTestJSON:setUpClass): 200 GET http://10.180.1.21/compute/v2.1/servers/0d0504ae-8a82-4b5d-9d5d-535f30ceafa9 0.046s
2024-10-22 18:06:08.397 61839 INFO tempest.lib.common.rest_client [req-b64af09f-5d1d-46c5-9d99-0c94d986f8bf req-b64af09f-5d1d-46c5-9d99-0c94d986f8bf ] Request (ServerActionsV293TestJSON:setUpClass): 200 GET http://10.180.1.21/compute/v2.1/servers/0625ac10-55b4-488a-aba5-bdaa394045f4 0.048s
2024-10-22 18:06:08.441 61829 INFO tempest.lib.common.rest_client [req-8306d302-fec6-4af8-94a7-1a99238f7aad req-8306d302-fec6-4af8-94a7-1a99238f7aad ] Request (ServerTagsTestJSON:setUpClass): 200 GET http://10.180.1.21/compute/v2.1/servers/64efd676-9166-4ffa-a437-6fa6c466ace0 0.053s
2024-10-22 18:06:08.446 61815 INFO tempest.lib.common.rest_client [req-731c77d5-0158-4737-88f7-a5c95b521950 req-731c77d5-0158-4737-88f7-a5c95b521950 ] Request (ServerAddressesNegativeTestJSON:setUpClass): 200 GET http://10.180.1.21/compute/v2.1/servers/c887c01b-a67e-4e3e-9e17-1deb26e9b508 0.052s
2024-10-22 18:06:08.485 61817 INFO tempest.lib.common.rest_client [req-be411528-9dbc-42fa-9047-9e020e1cabe8 req-be411528-9dbc-42fa-9047-9e020e1cabe8 ] Request (ImagesOneServerTestJSON:setUpClass): 200 GET http://10.180.1.21/compute/v2.1/servers/0b223791-7e95-43fe-bef0-bac6222884ea 0.050s
2024-10-22 18:06:08.498 61843 INFO tempest.lib.common.rest_client [req-1cd03031-237b-4d35-8d3c-04159b92f563 req-1cd03031-237b-4d35-8d3c-04159b92f563 ] Request (ServerRescueNegativeTestJSON:setUpClass): 200 GET http://10.180.1.21/compute/v2.1/servers/f6566092-9921-4a94-a0b5-a2d3803a9d18 0.046s
2024-10-22 18:06:08.530 61805 INFO tempest.lib.common.rest_client [req-75b5e76f-818c-4842-8407-628ec4428999 req-75b5e76f-818c-4842-8407-628ec4428999 ] Request (ServerRescueTestJSONUnderV235:setUpClass): 200 GET http://10.180.1.21/compute/v2.1/servers/2a81aa94-3e30-4f0d-b540-1f98cfa4cea9 0.053s
2024-10-22 18:06:08.549 61855 INFO tempest.lib.common.rest_client [req-45a6e479-2e98-49b0-8f8b-8492f1e3f2ef req-45a6e479-2e98-49b0-8f8b-8492f1e3f2ef ] Request (ImagesTestJSON:test_create_image_from_stopped_server): 200 GET http://10.180.1.21/compute/v2.1/servers/d5131a9f-f4bd-40c8-98d1-043651537a16 0.043s
2024-10-22 18:06:08.573 61849 INFO tempest.lib.common.rest_client [req-51479878-07d3-467d-9a97-54f4dce93fd0 req-51479878-07d3-467d-9a97-54f4dce93fd0 ] Request (ServersAaction247Test:test_create_backup): 200 GET http://10.180.1.21/compute/v2.1/servers/fd2d724a-76b6-405f-b003-54de2ad84f5a 0.046s
2024-10-22 18:06:08.634 61807 INFO tempest.lib.common.rest_client [req-89c61a73-fc82-431a-abca-c1c6e5cbdce4 req-89c61a73-fc82-431a-abca-c1c6e5cbdce4 ] Request (MigrationsAdminTest:test_resize_server_revert_deleted_flavor): 200 GET http://10.180.1.21/compute/v2.1/servers/b1bad82d-d7bf-4e58-bbf2-f3d68f214115 0.043s
2024-10-22 18:06:08.714 61854 INFO tempest.lib.common.rest_client [req-37de1141-af6e-4828-a1da-cd435926cde7 req-37de1141-af6e-4828-a1da-cd435926cde7 ] Request (ServersTestBootFromVolume:setUpClass): 200 GET http://10.180.1.21/compute/v2.1/servers/e02f41be-125a-4228-8136-9e6639a268a9 0.047s
2024-10-22 18:06:08.809 61809 INFO tempest.lib.common.rest_client [req-0da1007c-9200-46d1-864b-94481ec903dc req-0da1007c-9200-46d1-864b-94481ec903dc ] Request (ServerMetadataTestJSON:setUpClass): 200 GET http://10.180.1.21/compute/v2.1/servers/be8ac265-b214-4db5-9781-d171cee46538 0.056s
2024-10-22 18:06:08.810 61851 INFO tempest.lib.common.rest_client [req-1bcf55fb-9c25-442e-8364-7e262aff6519 req-1bcf55fb-9c25-442e-8364-7e262aff6519 ] Request (VolumesAdminNegativeTest:test_update_attached_volume_with_nonexistent_volume_in_body): 200 GET http://10.180.1.21/compute/v2.1/servers/8efd391b-7b76-4167-bd18-48566271ccc8 0.053s
2024-10-22 18:06:08.953 61821 INFO tempest.lib.common.rest_client [req-5ad2316f-f7d7-4dc6-9678-3ea94039c40b req-5ad2316f-f7d7-4dc6-9678-3ea94039c40b ] Request (ServersTestFqdnHostnames:test_create_server_with_fqdn_name): 200 GET http://10.180.1.21/compute/v2.1/servers/3b852a19-9f86-486b-b98d-e87ffc54d943 0.049s
2024-10-22 18:06:08.959 61833 INFO tempest.lib.common.rest_client [req-cfea9874-16d1-407c-8a86-da360129423a req-cfea9874-16d1-407c-8a86-da360129423a ] Request (ListImageFiltersTestJSON:setUpClass): 200 GET http://10.180.1.21/compute/v2.1/servers/4072d5a6-f69d-4fb9-837b-7855054e5206 0.055s
2024-10-22 18:06:08.995 61837 INFO tempest.lib.common.rest_client [req-da5a060b-0ca0-4d46-9381-072aba168b11 req-da5a060b-0ca0-4d46-9381-072aba168b11 ] Request (ImagesOneServerNegativeTestJSON:setUpClass): 200 GET http://10.180.1.21/compute/v2.1/servers/b3d98e6f-4b45-4eaf-a79c-b683b32fe053 0.053s
2024-10-22 18:06:09.124 61841 INFO tempest.lib.common.rest_client [req-c9144488-553c-478c-95f4-d281842d3e96 req-c9144488-553c-478c-95f4-d281842d3e96 ] Request (ImagesNegativeTestJSON:test_create_image_from_deleted_server): 200 GET http://10.180.1.21/compute/v2.1/servers/454d97a2-40d0-4c7a-9df7-04c391715e0d 0.049s
2024-10-22 18:06:09.129 61797 INFO tempest.lib.common.rest_client [req-1060d6e2-7ad1-4cf5-8163-5d137d6bfff6 req-1060d6e2-7ad1-4cf5-8163-5d137d6bfff6 ] Request (ServersTestMultiNic:test_verify_multiple_nics_order): 200 GET http://10.180.1.21/compute/v2.1/servers/1f4985a7-f6cc-4e79-aea3-ce0623aed515 0.049s
2024-10-22 18:06:09.173 61799 INFO tempest.lib.common.rest_client [req-d9192810-8d61-46da-a6d0-803c2e4722f7 req-d9192810-8d61-46da-a6d0-803c2e4722f7 ] Request (DeleteServersTestJSON:test_delete_server_while_in_attached_volume): 200 GET http://10.180.1.21/compute/v2.1/servers/4a0a08ca-bbf5-4124-853e-0be45f531d91 0.048s
2024-10-22 18:06:09.178 61813 INFO tempest.lib.common.rest_client [req-0486b952-b3d2-40c7-8344-a39231bed84f req-0486b952-b3d2-40c7-8344-a39231bed84f ] Request (FloatingIPsAssociationNegativeTestJSON:setUpClass): 200 GET http://10.180.1.21/compute/v2.1/servers/72aa2816-5e02-4dc2-9d6a-c3e58c651224 0.048s
2024-10-22 18:06:09.218 61819 INFO tempest.lib.common.rest_client [req-e9565d0b-3dd5-4e4a-95c6-6f70f512b6a2 req-e9565d0b-3dd5-4e4a-95c6-6f70f512b6a2 ] Request (ServerPasswordTestJSON:setUpClass): 200 GET http://10.180.1.21/compute/v2.1/servers/cceaed50-e20f-45e4-9959-29dac2ecad30 0.045s
2024-10-22 18:06:09.227 61845 INFO tempest.lib.common.rest_client [req-3b8343ba-13f0-4f56-b8e8-d6e14573d26b req-3b8343ba-13f0-4f56-b8e8-d6e14573d26b ] Request (DeleteServersAdminTestJSON:test_delete_server_while_in_error_state): 200 GET http://10.180.1.21/compute/v2.1/servers/755cdc16-0eae-4978-917f-634a8ac7af8f 0.044s
2024-10-22 18:06:09.278 61858 INFO tempest.lib.common.rest_client [req-a44f6795-7e5f-4f07-9e23-1c2b1a7cb1f5 req-a44f6795-7e5f-4f07-9e23-1c2b1a7cb1f5 ] Request (SecurityGroupsTestJSON:test_server_security_groups): 200 GET http://10.180.1.21/compute/v2.1/servers/61d68f1c-6a48-475a-8cf5-fa6ce3b09f20 0.046s
2024-10-22 18:06:09.312 61811 INFO tempest.lib.common.rest_client [req-b95e7e37-96e5-44d2-b1f8-c4c6598e5106 req-b95e7e37-96e5-44d2-b1f8-c4c6598e5106 ] Request (ServerDiagnosticsV248Test:tearDownClass): 200 GET http://10.180.1.21/compute/v2.1/servers/b5163d89-ceb8-4c61-ae02-0ae3311b58a9 0.061s
2024-10-22 18:06:09.338 61803 INFO tempest.lib.common.rest_client [req-bc6b472e-34f9-4346-855c-975e86d7305c req-bc6b472e-34f9-4346-855c-975e86d7305c ] Request (ServersAdminTestJSON:setUpClass): 200 GET http://10.180.1.21/compute/v2.1/servers/06264429-11eb-4d64-9f6b-6587cf048c41 0.047s
2024-10-22 18:06:09.353 61801 INFO tempest.lib.common.rest_client [req-d20a225e-4026-430b-b096-9ea2a4b41f6d req-d20a225e-4026-430b-b096-9ea2a4b41f6d ] Request (InstanceActionsNegativeTestJSON:setUpClass): 200 GET http://10.180.1.21/compute/v2.1/servers/2e25cb9a-9b21-4b60-b741-944e53bd50e9 0.055s
2024-10-22 18:06:09.507 61823 INFO tempest.lib.common.rest_client [req-666bdbc5-3a07-4ad3-9ff0-6498cf32e3e4 req-666bdbc5-3a07-4ad3-9ff0-6498cf32e3e4 ] Request (ServerGroupTestJSON:test_create_server_with_scheduler_hint_group): 200 GET http://10.180.1.21/compute/v2.1/servers/37b43ee9-f991-4d56-8fcc-192f6534f803 0.165s
2024-10-22 18:06:09.517 61795 INFO tempest.lib.common.rest_client [req-8ad0988b-8d1a-46e5-ac50-5db2e9f9ecfb req-8ad0988b-8d1a-46e5-ac50-5db2e9f9ecfb ] Request (ServerActionsTestJSON:setUpClass): 200 GET http://10.180.1.21/compute/v2.1/servers/0d0504ae-8a82-4b5d-9d5d-535f30ceafa9 0.129s
2024-10-22 18:06:09.558 61839 INFO tempest.lib.common.rest_client [req-0806bb35-89aa-4818-bf86-22ab6ea5a0cb req-0806bb35-89aa-4818-bf86-22ab6ea5a0cb ] Request (ServerActionsV293TestJSON:setUpClass): 200 GET http://10.180.1.21/compute/v2.1/servers/0625ac10-55b4-488a-aba5-bdaa394045f4 0.153s
2024-10-22 18:06:09.567 61829 INFO tempest.lib.common.rest_client [req-370b8fe5-ecc6-4f93-88b4-bb018d6a20aa req-370b8fe5-ecc6-4f93-88b4-bb018d6a20aa ] Request (ServerTagsTestJSON:setUpClass): 200 GET http://10.180.1.21/compute/v2.1/servers/64efd676-9166-4ffa-a437-6fa6c466ace0 0.116s
2024-10-22 18:06:09.605 61815 INFO tempest.lib.common.rest_client [req-e2361728-9c73-4192-9698-769c65cc8f01 req-e2361728-9c73-4192-9698-769c65cc8f01 ] Request (ServerAddressesNegativeTestJSON:setUpClass): 200 GET http://10.180.1.21/compute/v2.1/servers/c887c01b-a67e-4e3e-9e17-1deb26e9b508 0.153s
2024-10-22 18:06:09.611 61817 INFO tempest.lib.common.rest_client [req-2d6640a6-5a5e-4224-8c5d-9d045ec3cf65 req-2d6640a6-5a5e-4224-8c5d-9d045ec3cf65 ] Request (ImagesOneServerTestJSON:setUpClass): 200 GET http://10.180.1.21/compute/v2.1/servers/0b223791-7e95-43fe-bef0-bac6222884ea 0.119s
2024-10-22 18:06:09.659 61805 INFO tempest.lib.common.rest_client [req-12ea799d-f156-4a79-852a-482f9f23dd69 req-12ea799d-f156-4a79-852a-482f9f23dd69 ] Request (ServerRescueTestJSONUnderV235:setUpClass): 200 GET http://10.180.1.21/compute/v2.1/servers/2a81aa94-3e30-4f0d-b540-1f98cfa4cea9 0.122s
2024-10-22 18:06:09.660 61843 INFO tempest.lib.common.rest_client [req-750880a0-5d79-45a6-b6c4-e21f2a1d8625 req-750880a0-5d79-45a6-b6c4-e21f2a1d8625 ] Request (ServerRescueNegativeTestJSON:setUpClass): 200 GET http://10.180.1.21/compute/v2.1/servers/f6566092-9921-4a94-a0b5-a2d3803a9d18 0.155s
