2024-10-22 18:05:07.944 61858 INFO tempest.lib.common.rest_client [req-6973d813-72fe-4349-890b-4babd779e03e req-6973d813-72fe-4349-890b-4babd779e03e ] Request (SecurityGroupsTestJSON:test_list_security_groups_by_server): 200 GET http://10.180.1.21/compute/v2.1/servers/8c93ef89-5d27-48d3-8c44-79eb23d66ee3 0.056s
2024-10-22 18:05:07.950 61858 INFO tempest.common.waiters [-] State transition "BUILD/spawning" ==> "BUILD/scheduling" after 68 second wait
2024-10-22 18:05:07.968 61829 INFO tempest.lib.common.rest_client [req-891945da-67c0-4502-b1d3-28e2a9869729 req-891945da-67c0-4502-b1d3-28e2a9869729 ] Request (ServerTagsTestJSON:setUpClass): 200 GET http://10.180.1.21/compute/v2.1/servers/64efd676-9166-4ffa-a437-6fa6c466ace0 0.050s
2024-10-22 18:05:07.992 61813 INFO tempest.lib.common.rest_client [req-67c6e80c-637c-4729-b047-5fc33e3fb530 req-67c6e80c-637c-4729-b047-5fc33e3fb530 ] Request (FloatingIPsAssociationNegativeTestJSON:setUpClass): 200 GET http://10.180.1.21/compute/v2.1/servers/72aa2816-5e02-4dc2-9d6a-c3e58c651224 0.045s
2024-10-22 18:05:08.027 61823 INFO tempest.lib.common.rest_client [req-ea5f52dd-23aa-40c2-87ad-f9d81cc28c52 req-ea5f52dd-23aa-40c2-87ad-f9d81cc28c52 ] Request (ServerGroupTestJSON:test_create_server_with_scheduler_hint_group): 200 GET http://10.180.1.21/compute/v2.1/servers/37b43ee9-f991-4d56-8fcc-192f6534f803 0.049s
2024-10-22 18:05:08.033 61801 INFO tempest.lib.common.rest_client [req-e8ea5661-0bdc-4b94-8f47-76642e89a945 req-e8ea5661-0bdc-4b94-8f47-76642e89a945 ] Request (ServerExternalEventsTest:tearDownClass): 204 DELETE http://10.180.1.21/identity/v3/projects/554888deb3c0439fa399c5f90e4e4c2c 0.098s
2024-10-22 18:05:08.098 61801 INFO tempest.lib.common.rest_client [req-8055170c-cbe9-4a38-85a5-46f6758cb2f8 req-8055170c-cbe9-4a38-85a5-46f6758cb2f8 ] Request (SecurityGroupRulesNegativeTestJSON:setUpClass): 201 POST http://10.180.1.21/identity/v3/auth/tokens 0.063s
2024-10-22 18:05:08.132 61801 INFO tempest.lib.common.rest_client [req-a1ac5f2e-b83f-4cbf-be0d-4ed405131c0a req-a1ac5f2e-b83f-4cbf-be0d-4ed405131c0a ] Request (SecurityGroupRulesNegativeTestJSON:setUpClass): 201 POST http://10.180.1.21/identity/v3/auth/tokens 0.031s
2024-10-22 18:05:08.138 61831 INFO tempest.lib.common.rest_client [req-c8c6f353-6716-4e94-9a65-e790344a5b8c req-c8c6f353-6716-4e94-9a65-e790344a5b8c ] Request (ServersWithSpecificFlavorTestJSON:test_verify_created_server_ephemeral_disk): 200 GET http://10.180.1.21/compute/v2.1/servers/762cbca7-4729-458a-b2af-2978723a25dc 0.059s
2024-10-22 18:05:08.155 61801 INFO tempest.lib.common.rest_client [req-bd68291f-90f3-4107-a944-1b668aa2092c req-bd68291f-90f3-4107-a944-1b668aa2092c ] Request (SecurityGroupRulesNegativeTestJSON:setUpClass): 200 GET http://10.180.1.21/identity/v3/domains?name=Default 0.023s
2024-10-22 18:05:08.163 61839 INFO tempest.lib.common.rest_client [req-a90a64f4-8599-4534-ad64-dc56afae404b req-a90a64f4-8599-4534-ad64-dc56afae404b ] Request (ServerActionsV293TestJSON:setUpClass): 200 GET http://10.180.1.21/compute/v2.1/servers/0625ac10-55b4-488a-aba5-bdaa394045f4 0.064s
2024-10-22 18:05:08.183 61801 INFO tempest.lib.common.rest_client [req-94fab7ac-485c-49ce-8541-f5dfb721007b req-94fab7ac-485c-49ce-8541-f5dfb721007b ] Request (SecurityGroupRulesNegativeTestJSON:setUpClass): 201 POST http://10.180.1.21/identity/v3/projects 0.027s
2024-10-22 18:05:08.210 61799 INFO tempest.lib.common.rest_client [req-b153af24-6ea3-4baf-83ef-be7ba4fdd530 req-b153af24-6ea3-4baf-83ef-be7ba4fdd530 ] Request (DeleteServersTestJSON:test_delete_active_server): 200 GET http://10.180.1.21/compute/v2.1/servers/9f2e0a06-b8c5-47e6-b8e3-d64fbf8fc47a 0.057s
2024-10-22 18:05:08.220 61811 INFO tempest.lib.common.rest_client [req-21df19a3-d4c8-401b-9f53-399d262ccf4c req-21df19a3-d4c8-401b-9f53-399d262ccf4c ] Request (ServerDiagnosticsV248Test:test_get_server_diagnostics): 200 GET http://10.180.1.21/compute/v2.1/servers/b5163d89-ceb8-4c61-ae02-0ae3311b58a9 0.061s
2024-10-22 18:05:08.233 61811 INFO tempest.common.waiters [-] State transition "BUILD/scheduling" ==> "BUILD/None" after 45 second wait
2024-10-22 18:05:08.236 61801 INFO tempest.lib.common.rest_client [req-0b5ea987-a24b-4503-a228-253679979856 req-0b5ea987-a24b-4503-a228-253679979856 ] Request (SecurityGroupRulesNegativeTestJSON:setUpClass): 201 POST http://10.180.1.21/identity/v3/users 0.052s
2024-10-22 18:05:08.258 61801 INFO tempest.lib.common.rest_client [req-6886541f-a7ad-49b0-b910-b52007aa7b94 req-6886541f-a7ad-49b0-b910-b52007aa7b94 ] Request (SecurityGroupRulesNegativeTestJSON:setUpClass): 200 GET http://10.180.1.21/identity/v3/roles 0.021s
2024-10-22 18:05:08.258 61803 INFO tempest.lib.common.rest_client [req-4f604484-4a4f-4b55-bf51-d9cfedf35979 req-4f604484-4a4f-4b55-bf51-d9cfedf35979 ] Request (ServersAdminTestJSON:setUpClass): 200 GET http://10.180.1.21/compute/v2.1/servers/06264429-11eb-4d64-9f6b-6587cf048c41 0.055s
2024-10-22 18:05:08.282 61795 INFO tempest.lib.common.rest_client [req-77e338e8-813d-4ed1-9378-cfdb922c2e8b req-77e338e8-813d-4ed1-9378-cfdb922c2e8b ] Request (ServersV294TestFqdnHostnames:setUpClass): 200 GET http://10.180.1.21/compute/v2.1/servers/3700deef-a438-4920-b35f-8fba370a5984 0.057s
2024-10-22 18:05:08.286 61801 INFO tempest.lib.common.rest_client [req-094be522-fec4-4f10-a1d7-1eeb5e0ae2bc req-094be522-fec4-4f10-a1d7-1eeb5e0ae2bc ] Request (SecurityGroupRulesNegativeTestJSON:setUpClass): 204 PUT http://10.180.1.21/identity/v3/projects/70f569ff4cde4feb9f875241a1205964/users/7884ca8f04974bc5b92aea6aa0301f9d/roles/1fcf9f6e4c0c436096eb5325b74fd9e0 0.027s
2024-10-22 18:05:08.286 61801 INFO tempest.lib.common.dynamic_creds [-] Dynamic test user 7884ca8f04974bc5b92aea6aa0301f9d is created with scope project and roles: ['member']
2024-10-22 18:05:08.286 61801 INFO tempest.lib.common.dynamic_creds [-] Acquired dynamic creds: credentials: Credentials: {'domain_id': 'default', 'domain_name': 'Default', 'username': 'tempest-SecurityGroupRulesNegativeTestJSON-1865961955-project-member', 'project_domain_id': 'default', 'project_domain_name': 'Default', 'project_id': '70f569ff4cde4feb9f875241a1205964', 'project_name': 'tempest-SecurityGroupRulesNegativeTestJSON-1865961955', 'tenant_id': '70f569ff4cde4feb9f875241a1205964', 'tenant_name': 'tempest-SecurityGroupRulesNegativeTestJSON-1865961955', 'user_domain_id': 'default', 'user_domain_name': 'Default', 'user_id': '7884ca8f04974bc5b92aea6aa0301f9d', 'system': None}, Network: None, Subnet: None, Router: None
2024-10-22 18:05:08.295 61795 INFO tempest.common.waiters [-] State transition "BUILD/None" ==> "BUILD/networking" after 51 second wait
2024-10-22 18:05:08.307 61825 INFO tempest.lib.common.rest_client [req-3340a9f9-bbbc-4633-b303-da52e52653d8 req-3340a9f9-bbbc-4633-b303-da52e52653d8 ] Request (ListServerFiltersTestJSON:setUpClass): 200 GET http://10.180.1.21/compute/v2.1/servers/461b2ef2-d665-47ab-affa-e525bffe561a 0.046s
2024-10-22 18:05:08.325 61797 INFO tempest.lib.common.rest_client [req-d54086c9-becc-412c-bf27-67c0c27ba509 req-d54086c9-becc-412c-bf27-67c0c27ba509 ] Request (ServersTestMultiNic:test_verify_duplicate_network_nics): 200 GET http://10.180.1.21/compute/v2.1/servers/5508a717-fb58-49b3-bfd1-b80d76a3c4e1 0.043s
2024-10-22 18:05:08.344 61801 INFO tempest.lib.common.rest_client [req-8baaf3c9-1af3-49a4-9648-70f18bf41924 req-8baaf3c9-1af3-49a4-9648-70f18bf41924 ] Request (SecurityGroupRulesNegativeTestJSON:setUpClass): 201 POST http://10.180.1.21/identity/v3/auth/tokens 0.057s
2024-10-22 18:05:08.391 61827 INFO tempest.lib.common.rest_client [req-abeaca28-d291-4b25-8779-2d8a957181bc req-abeaca28-d291-4b25-8779-2d8a957181bc ] Request (FloatingIPsAssociationTestJSON:setUpClass): 200 GET http://10.180.1.21/compute/v2.1/servers/e2c498c5-3df1-4b99-a322-a598afd506f8 0.050s
2024-10-22 18:05:08.408 61805 INFO tempest.lib.common.rest_client [req-644ade20-baa6-43f5-bcc3-8f771293b14a req-644ade20-baa6-43f5-bcc3-8f771293b14a ] Request (InstanceActionsV221TestJSON:test_get_list_deleted_instance_actions): 200 GET http://10.180.1.21/compute/v2.1/servers/2451843a-fd32-450e-933e-e635c789834b 0.057s
2024-10-22 18:05:08.440 61817 INFO tempest.lib.common.rest_client [req-9d953089-d283-4907-b0ee-8279a50056b2 req-9d953089-d283-4907-b0ee-8279a50056b2 ] Request (ImagesOneServerTestJSON:setUpClass): 200 GET http://10.180.1.21/compute/v2.1/servers/0b223791-7e95-43fe-bef0-bac6222884ea 0.053s
2024-10-22 18:05:08.455 61815 INFO tempest.lib.common.rest_client [req-e27e58e9-dda2-48f7-bf0e-bb1261309577 req-e27e58e9-dda2-48f7-bf0e-bb1261309577 ] Request (ServerAddressesNegativeTestJSON:setUpClass): 200 GET http://10.180.1.21/compute/v2.1/servers/c887c01b-a67e-4e3e-9e17-1deb26e9b508 0.056s
2024-10-22 18:05:08.486 61843 INFO tempest.lib.common.rest_client [req-59913234-406e-4070-88fa-92fb571555f9 req-59913234-406e-4070-88fa-92fb571555f9 ] Request (ServerRescueNegativeTestJSON:setUpClass): 200 GET http://10.180.1.21/compute/v2.1/servers/f6566092-9921-4a94-a0b5-a2d3803a9d18 0.057s
2024-10-22 18:05:08.519 61849 INFO tempest.lib.common.rest_client [req-a069cdd3-42cd-4dac-a611-8a456aa7a3a9 req-a069cdd3-42cd-4dac-a611-8a456aa7a3a9 ] Request (ServersAaction247Test:test_create_backup): 200 GET http://10.180.1.21/compute/v2.1/servers/fd2d724a-76b6-405f-b003-54de2ad84f5a 0.058s
2024-10-22 18:05:08.535 61855 INFO tempest.lib.common.rest_client [req-3e67eb65-0207-416a-832c-d6a03004b850 req-3e67eb65-0207-416a-832c-d6a03004b850 ] Request (ImagesTestJSON:test_create_image_from_stopped_server): 200 GET http://10.180.1.21/compute/v2.1/servers/d5131a9f-f4bd-40c8-98d1-043651537a16 0.055s
2024-10-22 18:05:08.566 61807 INFO tempest.lib.common.rest_client [req-2e93c441-0bc9-49a1-9855-03954989655a req-2e93c441-0bc9-49a1-9855-03954989655a ] Request (MigrationsAdminTest:test_resize_server_revert_deleted_flavor): 200 GET http://10.180.1.21/compute/v2.1/servers/b1bad82d-d7bf-4e58-bbf2-f3d68f214115 0.060s
2024-10-22 18:05:08.611 61801 INFO tempest.lib.common.rest_client [req-f91e7a9e-d9f2-4a78-8cf0-a7030fbd2eeb req-f91e7a9e-d9f2-4a78-8cf0-a7030fbd2eeb ] Request (SecurityGroupRulesNegativeTestJSON:setUpClass): 201 POST http://10.180.1.21:9696/networking/v2.0/networks 0.266s
2024-10-22 18:05:08.716 61809 INFO tempest.lib.common.rest_client [req-f5256e3c-ac48-4e54-bb78-02edb9bd057d req-f5256e3c-ac48-4e54-bb78-02edb9bd057d ] Request (ServerMetadataTestJSON:setUpClass): 200 GET http://10.180.1.21/compute/v2.1/servers/be8ac265-b214-4db5-9781-d171cee46538 0.058s
2024-10-22 18:05:08.778 61841 INFO tempest.lib.common.rest_client [req-3007c1c2-57c6-42c9-9b55-2c094b303762 req-3007c1c2-57c6-42c9-9b55-2c094b303762 ] Request (ServersAdmin275Test:tearDownClass): 200 GET http://10.180.1.21/compute/v2.1/servers/1b1b2bac-67af-4921-a49a-429017ef7a3b 0.075s
2024-10-22 18:05:08.795 61833 INFO tempest.lib.common.rest_client [req-58b54fff-18d6-4379-a019-1197429a25e0 req-58b54fff-18d6-4379-a019-1197429a25e0 ] Request (ListImageFiltersTestJSON:setUpClass): 200 GET http://10.180.1.21/compute/v2.1/servers/4072d5a6-f69d-4fb9-837b-7855054e5206 0.053s
2024-10-22 18:05:08.830 61854 INFO tempest.lib.common.rest_client [req-6f2cf339-5a69-4419-8819-beb8c57068c4 req-6f2cf339-5a69-4419-8819-beb8c57068c4 ] Request (ServersTestBootFromVolume:setUpClass): 200 GET http://10.180.1.21/compute/v2.1/servers/e02f41be-125a-4228-8136-9e6639a268a9 0.070s
2024-10-22 18:05:08.833 61801 INFO tempest.lib.common.rest_client [req-3a09f536-9238-4a97-92da-65d0051c2fb8 req-3a09f536-9238-4a97-92da-65d0051c2fb8 ] Request (SecurityGroupRulesNegativeTestJSON:setUpClass): 201 POST http://10.180.1.21:9696/networking/v2.0/subnets 0.222s
2024-10-22 18:05:08.847 61837 INFO tempest.lib.common.rest_client [req-96b5d2d8-2998-4cd0-bf38-2d790cd69973 req-96b5d2d8-2998-4cd0-bf38-2d790cd69973 ] Request (ImagesOneServerNegativeTestJSON:setUpClass): 200 GET http://10.180.1.21/compute/v2.1/servers/b3d98e6f-4b45-4eaf-a79c-b683b32fe053 0.058s
2024-10-22 18:05:08.878 61851 INFO tempest.lib.common.rest_client [req-870c8acc-0780-4dc5-b721-9f9a6b0001fe req-870c8acc-0780-4dc5-b721-9f9a6b0001fe ] Request (VolumesAdminNegativeTest:test_update_attached_volume_with_nonexistent_volume_in_body): 200 GET http://10.180.1.21/compute/v2.1/servers/8efd391b-7b76-4167-bd18-48566271ccc8 0.065s
2024-10-22 18:05:08.897 61845 INFO tempest.lib.common.rest_client [req-79283b79-46f2-45cf-aeb9-39e45c94d58a req-79283b79-46f2-45cf-aeb9-39e45c94d58a ] Request (DeleteServersAdminTestJSON:test_delete_server_while_in_error_state): 200 GET http://10.180.1.21/compute/v2.1/servers/755cdc16-0eae-4978-917f-634a8ac7af8f 0.047s
2024-10-22 18:05:08.935 61821 INFO tempest.lib.common.rest_client [req-4f78ab7e-1c67-4479-aa58-e4856b690cd7 req-4f78ab7e-1c67-4479-aa58-e4856b690cd7 ] Request (ServersTestFqdnHostnames:test_create_server_with_fqdn_name): 200 GET http://10.180.1.21/compute/v2.1/servers/3b852a19-9f86-486b-b98d-e87ffc54d943 0.049s
2024-10-22 18:05:08.977 61819 INFO tempest.lib.common.rest_client [req-69a13ed6-5ba7-4c5d-8de7-7b6f4474812e req-69a13ed6-5ba7-4c5d-8de7-7b6f4474812e ] Request (ServerPasswordTestJSON:setUpClass): 200 GET http://10.180.1.21/compute/v2.1/servers/cceaed50-e20f-45e4-9959-29dac2ecad30 0.048s
2024-10-22 18:05:09.007 61858 INFO tempest.lib.common.rest_client [req-dffe7833-48e4-4371-90e0-91e9e04acb5c req-dffe7833-48e4-4371-90e0-91e9e04acb5c ] Request (SecurityGroupsTestJSON:test_list_security_groups_by_server): 200 GET http://10.180.1.21/compute/v2.1/servers/8c93ef89-5d27-48d3-8c44-79eb23d66ee3 0.056s
2024-10-22 18:05:09.015 61858 INFO tempest.common.waiters [-] State transition "BUILD/scheduling" ==> "ERROR/None" after 70 second wait
2024-10-22 18:05:09.026 61829 INFO tempest.lib.common.rest_client [req-c5cbe478-b0de-497f-ba49-1e399e36144f req-c5cbe478-b0de-497f-ba49-1e399e36144f ] Request (ServerTagsTestJSON:setUpClass): 200 GET http://10.180.1.21/compute/v2.1/servers/64efd676-9166-4ffa-a437-6fa6c466ace0 0.049s
2024-10-22 18:05:09.055 61813 INFO tempest.lib.common.rest_client [req-21bceee1-b216-4030-b625-9108de0b9c66 req-21bceee1-b216-4030-b625-9108de0b9c66 ] Request (FloatingIPsAssociationNegativeTestJSON:setUpClass): 200 GET http://10.180.1.21/compute/v2.1/servers/72aa2816-5e02-4dc2-9d6a-c3e58c651224 0.054s
2024-10-22 18:05:09.100 61823 INFO tempest.lib.common.rest_client [req-0dd96792-f7ad-4a95-bf83-e6864748829a req-0dd96792-f7ad-4a95-bf83-e6864748829a ] Request (ServerGroupTestJSON:test_create_server_with_scheduler_hint_group): 200 GET http://10.180.1.21/compute/v2.1/servers/37b43ee9-f991-4d56-8fcc-192f6534f803 0.064s
2024-10-22 18:05:09.195 61831 INFO tempest.lib.common.rest_client [req-069b59c8-b2aa-4d54-ab23-48d9d880b619 req-069b59c8-b2aa-4d54-ab23-48d9d880b619 ] Request (ServersWithSpecificFlavorTestJSON:test_verify_created_server_ephemeral_disk): 200 GET http://10.180.1.21/compute/v2.1/servers/762cbca7-4729-458a-b2af-2978723a25dc 0.048s
2024-10-22 18:05:09.204 61858 INFO tempest.lib.common.rest_client [req-c65687e6-19e9-4493-8304-401471f4f9f9 req-c65687e6-19e9-4493-8304-401471f4f9f9 ] Request (SecurityGroupsTestJSON:test_list_security_groups_by_server): 204 DELETE http://10.180.1.21/compute/v2.1/servers/8c93ef89-5d27-48d3-8c44-79eb23d66ee3 0.188s
2024-10-22 18:05:09.226 61858 INFO tempest.lib.common.rest_client [req-40c78722-5735-489b-af32-47614e8b81ec req-40c78722-5735-489b-af32-47614e8b81ec ] Request (SecurityGroupsTestJSON:test_list_security_groups_by_server): 404 GET http://10.180.1.21/compute/v2.1/servers/8c93ef89-5d27-48d3-8c44-79eb23d66ee3 0.021s
2024-10-22 18:05:09.246 61839 INFO tempest.lib.common.rest_client [req-98623325-ad73-43ed-89c9-a0fcf606156d req-98623325-ad73-43ed-89c9-a0fcf606156d ] Request (ServerActionsV293TestJSON:setUpClass): 200 GET http://10.180.1.21/compute/v2.1/servers/0625ac10-55b4-488a-aba5-bdaa394045f4 0.074s
2024-10-22 18:05:09.280 61799 INFO tempest.lib.common.rest_client [req-7ae58b7e-e83b-46f7-a3ae-da647ad40231 req-7ae58b7e-e83b-46f7-a3ae-da647ad40231 ] Request (DeleteServersTestJSON:test_delete_active_server): 200 GET http://10.180.1.21/compute/v2.1/servers/9f2e0a06-b8c5-47e6-b8e3-d64fbf8fc47a 0.061s
2024-10-22 18:05:09.330 61811 INFO tempest.lib.common.rest_client [req-6fb5792d-1bf2-4b9c-bb3a-1d64be1c28c1 req-6fb5792d-1bf2-4b9c-bb3a-1d64be1c28c1 ] Request (ServerDiagnosticsV248Test:test_get_server_diagnostics): 200 GET http://10.180.1.21/compute/v2.1/servers/b5163d89-ceb8-4c61-ae02-0ae3311b58a9 0.097s
2024-10-22 18:05:09.378 61803 INFO tempest.lib.common.rest_client [req-560b91f1-4de6-4f0d-8bd8-d2b01b4302bf req-560b91f1-4de6-4f0d-8bd8-d2b01b4302bf ] Request (ServersAdminTestJSON:setUpClass): 200 GET http://10.180.1.21/compute/v2.1/servers/06264429-11eb-4d64-9f6b-6587cf048c41 0.112s
2024-10-22 18:05:09.381 61858 INFO tempest.lib.common.rest_client [req-2e6b5fd7-8270-4f95-aa56-1352abdd2ccd req-2e6b5fd7-8270-4f95-aa56-1352abdd2ccd ] Request (SecurityGroupsTestJSON:test_security_group_create_get_delete): 200 POST http://10.180.1.21/compute/v2.1/os-security-groups 0.152s
2024-10-22 18:05:09.435 61825 INFO tempest.lib.common.rest_client [req-4c0e7ca7-ebc8-4682-87c5-1ee117ae6407 req-4c0e7ca7-ebc8-4682-87c5-1ee117ae6407 ] Request (ListServerFiltersTestJSON:setUpClass): 200 GET http://10.180.1.21/compute/v2.1/servers/461b2ef2-d665-47ab-affa-e525bffe561a 0.121s
2024-10-22 18:05:09.441 61825 INFO tempest.common.waiters [-] State transition "BUILD/scheduling" ==> "BUILD/None" after 46 second wait
2024-10-22 18:05:09.483 61797 INFO tempest.lib.common.rest_client [req-050656cf-7934-4be7-a8da-71241e73d8ba req-050656cf-7934-4be7-a8da-71241e73d8ba ] Request (ServersTestMultiNic:test_verify_duplicate_network_nics): 200 GET http://10.180.1.21/compute/v2.1/servers/5508a717-fb58-49b3-bfd1-b80d76a3c4e1 0.151s
2024-10-22 18:05:09.510 61795 INFO tempest.lib.common.rest_client [req-3ddb1465-fc77-4080-beab-5212e9b1ffd1 req-3ddb1465-fc77-4080-beab-5212e9b1ffd1 ] Request (ServersV294TestFqdnHostnames:setUpClass): 200 GET http://10.180.1.21/compute/v2.1/servers/3700deef-a438-4920-b35f-8fba370a5984 0.214s
2024-10-22 18:05:09.513 61858 INFO tempest.lib.common.rest_client [req-2b4362c4-073d-4392-941c-06415476d420 req-2b4362c4-073d-4392-941c-06415476d420 ] Request (SecurityGroupsTestJSON:test_security_group_create_get_delete): 200 GET http://10.180.1.21/compute/v2.1/os-security-groups/babe54d8-7606-4699-939e-a80a1194c1c3 0.128s
2024-10-22 18:05:09.521 61795 INFO tempest.common.waiters [-] State transition "BUILD/networking" ==> "BUILD/spawning" after 52 second wait
2024-10-22 18:05:09.559 61827 INFO tempest.lib.common.rest_client [req-5f1fbd80-3c7e-4493-862c-5ae9caf08651 req-5f1fbd80-3c7e-4493-862c-5ae9caf08651 ] Request (FloatingIPsAssociationTestJSON:setUpClass): 200 GET http://10.180.1.21/compute/v2.1/servers/e2c498c5-3df1-4b99-a322-a598afd506f8 0.157s
2024-10-22 18:05:09.569 61805 INFO tempest.lib.common.rest_client [req-559ba094-59cc-475d-aaad-d477c68387b9 req-559ba094-59cc-475d-aaad-d477c68387b9 ] Request (InstanceActionsV221TestJSON:test_get_list_deleted_instance_actions): 200 GET http://10.180.1.21/compute/v2.1/servers/2451843a-fd32-450e-933e-e635c789834b 0.153s
2024-10-22 18:05:09.609 61817 INFO tempest.lib.common.rest_client [req-78bbf77a-9b63-4708-8f71-7af82a3fefa6 req-78bbf77a-9b63-4708-8f71-7af82a3fefa6 ] Request (ImagesOneServerTestJSON:setUpClass): 200 GET http://10.180.1.21/compute/v2.1/servers/0b223791-7e95-43fe-bef0-bac6222884ea 0.161s
2024-10-22 18:05:09.639 61815 INFO tempest.lib.common.rest_client [req-29306b90-6c00-4ba6-b32c-fe57dc3b23f3 req-29306b90-6c00-4ba6-b32c-fe57dc3b23f3 ] Request (ServerAddressesNegativeTestJSON:setUpClass): 200 GET http://10.180.1.21/compute/v2.1/servers/c887c01b-a67e-4e3e-9e17-1deb26e9b508 0.174s
2024-10-22 18:05:09.665 61843 INFO tempest.lib.common.rest_client [req-76bba993-22c5-4311-8895-1d7173b8477f req-76bba993-22c5-4311-8895-1d7173b8477f ] Request (ServerRescueNegativeTestJSON:setUpClass): 200 GET http://10.180.1.21/compute/v2.1/servers/f6566092-9921-4a94-a0b5-a2d3803a9d18 0.171s
2024-10-22 18:05:09.724 61849 INFO tempest.lib.common.rest_client [req-3571b2cf-300b-41ac-a373-df74b187575e req-3571b2cf-300b-41ac-a373-df74b187575e ] Request (ServersAaction247Test:test_create_backup): 200 GET http://10.180.1.21/compute/v2.1/servers/fd2d724a-76b6-405f-b003-54de2ad84f5a 0.196s
2024-10-22 18:05:09.771 61855 INFO tempest.lib.common.rest_client [req-d1b34f64-eff5-4cdb-af91-dd9b682d2102 req-d1b34f64-eff5-4cdb-af91-dd9b682d2102 ] Request (ImagesTestJSON:test_create_image_from_stopped_server): 200 GET http://10.180.1.21/compute/v2.1/servers/d5131a9f-f4bd-40c8-98d1-043651537a16 0.227s
2024-10-22 18:05:09.781 61858 INFO tempest.lib.common.rest_client [req-a2dab50f-5fe4-4ce7-9281-c667242800d6 req-a2dab50f-5fe4-4ce7-9281-c667242800d6 ] Request (SecurityGroupsTestJSON:test_security_group_create_get_delete): 202 DELETE http://10.180.1.21/compute/v2.1/os-security-groups/babe54d8-7606-4699-939e-a80a1194c1c3 0.265s
2024-10-22 18:05:09.821 61807 INFO tempest.lib.common.rest_client [req-42af2daf-7f35-4288-863a-7b45147e055f req-42af2daf-7f35-4288-863a-7b45147e055f ] Request (MigrationsAdminTest:test_resize_server_revert_deleted_flavor): 200 GET http://10.180.1.21/compute/v2.1/servers/b1bad82d-d7bf-4e58-bbf2-f3d68f214115 0.248s
2024-10-22 18:05:09.823 61801 INFO tempest.lib.common.rest_client [req-ce61d36a-0f4f-4a3b-be9e-f15b2cf543e0 req-ce61d36a-0f4f-4a3b-be9e-f15b2cf543e0 ] Request (SecurityGroupRulesNegativeTestJSON:setUpClass): 201 POST http://10.180.1.21:9696/networking/v2.0/routers 0.989s
2024-10-22 18:05:09.832 61809 INFO tempest.lib.common.rest_client [req-cf3b125b-d481-4eea-9582-7fd09eec0e35 req-cf3b125b-d481-4eea-9582-7fd09eec0e35 ] Request (ServerMetadataTestJSON:setUpClass): 200 GET http://10.180.1.21/compute/v2.1/servers/be8ac265-b214-4db5-9781-d171cee46538 0.107s
2024-10-22 18:05:09.848 61858 INFO tempest.lib.common.rest_client [req-77521989-c260-4de1-a89e-47e2ecf22b2f req-77521989-c260-4de1-a89e-47e2ecf22b2f ] Request (SecurityGroupsTestJSON:test_security_group_create_get_delete): 404 GET http://10.180.1.21/compute/v2.1/os-security-groups/babe54d8-7606-4699-939e-a80a1194c1c3 0.067s
2024-10-22 18:05:09.906 61833 INFO tempest.lib.common.rest_client [req-68c6686f-4040-4070-9a56-310467e09d79 req-68c6686f-4040-4070-9a56-310467e09d79 ] Request (ListImageFiltersTestJSON:setUpClass): 200 GET http://10.180.1.21/compute/v2.1/servers/4072d5a6-f69d-4fb9-837b-7855054e5206 0.103s
2024-10-22 18:05:09.915 61841 INFO tempest.lib.common.rest_client [req-db676218-f6a8-4813-a90d-33cf5192afdb req-db676218-f6a8-4813-a90d-33cf5192afdb ] Request (ServersAdmin275Test:tearDownClass): 200 GET http://10.180.1.21/compute/v2.1/servers/1b1b2bac-67af-4921-a49a-429017ef7a3b 0.128s
2024-10-22 18:05:09.956 61854 INFO tempest.lib.common.rest_client [req-c2782d0b-a155-4481-bcf2-35b1eade11d4 req-c2782d0b-a155-4481-bcf2-35b1eade11d4 ] Request (ServersTestBootFromVolume:setUpClass): 200 GET http://10.180.1.21/compute/v2.1/servers/e02f41be-125a-4228-8136-9e6639a268a9 0.120s
2024-10-22 18:05:10.011 61837 INFO tempest.lib.common.rest_client [req-139d1418-795b-4338-a5d2-559f90c7a20c req-139d1418-795b-4338-a5d2-559f90c7a20c ] Request (ImagesOneServerNegativeTestJSON:setUpClass): 200 GET http://10.180.1.21/compute/v2.1/servers/b3d98e6f-4b45-4eaf-a79c-b683b32fe053 0.157s
2024-10-22 18:05:10.068 61851 INFO tempest.lib.common.rest_client [req-2dbadb79-91c2-4555-99db-4c9c04e29db7 req-2dbadb79-91c2-4555-99db-4c9c04e29db7 ] Request (VolumesAdminNegativeTest:test_update_attached_volume_with_nonexistent_volume_in_body): 200 GET http://10.180.1.21/compute/v2.1/servers/8efd391b-7b76-4167-bd18-48566271ccc8 0.183s
2024-10-22 18:05:10.123 61845 INFO tempest.lib.common.rest_client [req-f107030b-9bd8-4175-893c-52d4a5f2f9be req-f107030b-9bd8-4175-893c-52d4a5f2f9be ] Request (DeleteServersAdminTestJSON:test_delete_server_while_in_error_state): 200 GET http://10.180.1.21/compute/v2.1/servers/755cdc16-0eae-4978-917f-634a8ac7af8f 0.220s
2024-10-22 18:05:10.126 61858 INFO tempest.lib.common.rest_client [req-9f6a99d7-0b65-486e-a431-e39f3f08ea6c req-9f6a99d7-0b65-486e-a431-e39f3f08ea6c ] Request (SecurityGroupsTestJSON:test_security_groups_create_list_delete): 200 POST http://10.180.1.21/compute/v2.1/os-security-groups 0.276s
2024-10-22 18:05:10.173 61821 INFO tempest.lib.common.rest_client [req-24fa6c9b-f149-4699-adce-95e6e54b42a2 req-24fa6c9b-f149-4699-adce-95e6e54b42a2 ] Request (ServersTestFqdnHostnames:test_create_server_with_fqdn_name): 200 GET http://10.180.1.21/compute/v2.1/servers/3b852a19-9f86-486b-b98d-e87ffc54d943 0.232s
2024-10-22 18:05:10.181 61819 INFO tempest.lib.common.rest_client [req-d9c49de6-c550-477d-ab71-b3b517fe2a92 req-d9c49de6-c550-477d-ab71-b3b517fe2a92 ] Request (ServerPasswordTestJSON:setUpClass): 200 GET http://10.180.1.21/compute/v2.1/servers/cceaed50-e20f-45e4-9959-29dac2ecad30 0.191s
2024-10-22 18:05:10.239 61813 INFO tempest.lib.common.rest_client [req-326a682a-f889-4a84-8f10-f85fadbeace4 req-326a682a-f889-4a84-8f10-f85fadbeace4 ] Request (FloatingIPsAssociationNegativeTestJSON:setUpClass): 200 GET http://10.180.1.21/compute/v2.1/servers/72aa2816-5e02-4dc2-9d6a-c3e58c651224 0.175s
2024-10-22 18:05:10.243 61829 INFO tempest.lib.common.rest_client [req-59e613ed-af9e-4cca-890f-b758c00a83dc req-59e613ed-af9e-4cca-890f-b758c00a83dc ] Request (ServerTagsTestJSON:setUpClass): 200 GET http://10.180.1.21/compute/v2.1/servers/64efd676-9166-4ffa-a437-6fa6c466ace0 0.209s
2024-10-22 18:05:10.299 61823 INFO tempest.lib.common.rest_client [req-8e816e19-af1b-4be8-a3fb-128bb84ddce8 req-8e816e19-af1b-4be8-a3fb-128bb84ddce8 ] Request (ServerGroupTestJSON:test_create_server_with_scheduler_hint_group): 200 GET http://10.180.1.21/compute/v2.1/servers/37b43ee9-f991-4d56-8fcc-192f6534f803 0.191s
2024-10-22 18:05:10.352 61831 INFO tempest.lib.common.rest_client [req-8ffa8fb8-d917-496d-afa6-036bfe7bf293 req-8ffa8fb8-d917-496d-afa6-036bfe7bf293 ] Request (ServersWithSpecificFlavorTestJSON:test_verify_created_server_ephemeral_disk): 200 GET http://10.180.1.21/compute/v2.1/servers/762cbca7-4729-458a-b2af-2978723a25dc 0.149s
2024-10-22 18:05:10.419 61839 INFO tempest.lib.common.rest_client [req-a69dea6e-8012-433b-9c0f-316a69730439 req-a69dea6e-8012-433b-9c0f-316a69730439 ] Request (ServerActionsV293TestJSON:setUpClass): 200 GET http://10.180.1.21/compute/v2.1/servers/0625ac10-55b4-488a-aba5-bdaa394045f4 0.163s
2024-10-22 18:05:10.439 61858 INFO tempest.lib.common.rest_client [req-f83815a7-32ec-47b4-8e07-6f77869bba84 req-f83815a7-32ec-47b4-8e07-6f77869bba84 ] Request (SecurityGroupsTestJSON:test_security_groups_create_list_delete): 200 POST http://10.180.1.21/compute/v2.1/os-security-groups 0.310s
2024-10-22 18:05:10.469 61799 INFO tempest.lib.common.rest_client [req-e01fff75-a259-43c8-b373-1b734b24f6d5 req-e01fff75-a259-43c8-b373-1b734b24f6d5 ] Request (DeleteServersTestJSON:test_delete_active_server): 200 GET http://10.180.1.21/compute/v2.1/servers/9f2e0a06-b8c5-47e6-b8e3-d64fbf8fc47a 0.181s
2024-10-22 18:05:10.496 61811 INFO tempest.lib.common.rest_client [req-eafcd853-70c3-44da-8cf7-b4bb2b64c31e req-eafcd853-70c3-44da-8cf7-b4bb2b64c31e ] Request (ServerDiagnosticsV248Test:test_get_server_diagnostics): 200 GET http://10.180.1.21/compute/v2.1/servers/b5163d89-ceb8-4c61-ae02-0ae3311b58a9 0.157s
2024-10-22 18:05:10.511 61803 INFO tempest.lib.common.rest_client [req-42df0e0b-67dc-4d84-bdd8-a3b1e78819d1 req-42df0e0b-67dc-4d84-bdd8-a3b1e78819d1 ] Request (ServersAdminTestJSON:setUpClass): 200 GET http://10.180.1.21/compute/v2.1/servers/06264429-11eb-4d64-9f6b-6587cf048c41 0.126s
2024-10-22 18:05:10.560 61825 INFO tempest.lib.common.rest_client [req-9c5c23ae-37ca-48ba-886b-5ba3fd6b918b req-9c5c23ae-37ca-48ba-886b-5ba3fd6b918b ] Request (ListServerFiltersTestJSON:setUpClass): 200 GET http://10.180.1.21/compute/v2.1/servers/461b2ef2-d665-47ab-affa-e525bffe561a 0.117s
2024-10-22 18:05:10.616 61797 INFO tempest.lib.common.rest_client [req-2350e71f-8892-45b7-b616-2f2fe6f83082 req-2350e71f-8892-45b7-b616-2f2fe6f83082 ] Request (ServersTestMultiNic:test_verify_duplicate_network_nics): 200 GET http://10.180.1.21/compute/v2.1/servers/5508a717-fb58-49b3-bfd1-b80d76a3c4e1 0.126s
2024-10-22 18:05:10.676 61795 INFO tempest.lib.common.rest_client [req-a2e3ce3d-da7e-40de-a96c-5205bcfaafe5 req-a2e3ce3d-da7e-40de-a96c-5205bcfaafe5 ] Request (ServersV294TestFqdnHostnames:setUpClass): 200 GET http://10.180.1.21/compute/v2.1/servers/3700deef-a438-4920-b35f-8fba370a5984 0.154s
2024-10-22 18:05:10.678 61858 INFO tempest.lib.common.rest_client [req-f344b406-3e44-4d0f-8ee4-9fe836051237 req-f344b406-3e44-4d0f-8ee4-9fe836051237 ] Request (SecurityGroupsTestJSON:test_security_groups_create_list_delete): 200 POST http://10.180.1.21/compute/v2.1/os-security-groups 0.237s
2024-10-22 18:05:10.738 61827 INFO tempest.lib.common.rest_client [req-3f522faa-44dd-461d-a609-553882e0bb78 req-3f522faa-44dd-461d-a609-553882e0bb78 ] Request (FloatingIPsAssociationTestJSON:setUpClass): 200 GET http://10.180.1.21/compute/v2.1/servers/e2c498c5-3df1-4b99-a322-a598afd506f8 0.169s
2024-10-22 18:05:10.742 61805 INFO tempest.lib.common.rest_client [req-5adedf0e-47c0-4049-897c-d7cb1ab52927 req-5adedf0e-47c0-4049-897c-d7cb1ab52927 ] Request (InstanceActionsV221TestJSON:test_get_list_deleted_instance_actions): 200 GET http://10.180.1.21/compute/v2.1/servers/2451843a-fd32-450e-933e-e635c789834b 0.158s
2024-10-22 18:05:10.801 61815 INFO tempest.lib.common.rest_client [req-2d4ffbb3-ecc8-4729-a47d-a6052fb7c52d req-2d4ffbb3-ecc8-4729-a47d-a6052fb7c52d ] Request (ServerAddressesNegativeTestJSON:setUpClass): 200 GET http://10.180.1.21/compute/v2.1/servers/c887c01b-a67e-4e3e-9e17-1deb26e9b508 0.149s
2024-10-22 18:05:10.801 61817 INFO tempest.lib.common.rest_client [req-92d68cfb-47db-4c06-a3ca-09551143fc85 req-92d68cfb-47db-4c06-a3ca-09551143fc85 ] Request (ImagesOneServerTestJSON:setUpClass): 200 GET http://10.180.1.21/compute/v2.1/servers/0b223791-7e95-43fe-bef0-bac6222884ea 0.182s
2024-10-22 18:05:10.881 61843 INFO tempest.lib.common.rest_client [req-8dc9ab51-37f3-48b9-b87a-37e06d3aa217 req-8dc9ab51-37f3-48b9-b87a-37e06d3aa217 ] Request (ServerRescueNegativeTestJSON:setUpClass): 200 GET http://10.180.1.21/compute/v2.1/servers/f6566092-9921-4a94-a0b5-a2d3803a9d18 0.206s
2024-10-22 18:05:11.077 61849 INFO tempest.lib.common.rest_client [req-296b9e0c-6069-441d-985c-261f761eac91 req-296b9e0c-6069-441d-985c-261f761eac91 ] Request (ServersAaction247Test:test_create_backup): 200 GET http://10.180.1.21/compute/v2.1/servers/fd2d724a-76b6-405f-b003-54de2ad84f5a 0.342s
2024-10-22 18:05:11.104 61858 INFO tempest.lib.common.rest_client [req-a7ea925b-c8e6-46b7-a230-1fa4cb0f5d7c req-a7ea925b-c8e6-46b7-a230-1fa4cb0f5d7c ] Request (SecurityGroupsTestJSON:test_security_groups_create_list_delete): 200 GET http://10.180.1.21/compute/v2.1/os-security-groups 0.423s
2024-10-22 18:05:11.128 61855 INFO tempest.lib.common.rest_client [req-be5e6a46-97ff-4c3d-bf6d-e221421f6fd7 req-be5e6a46-97ff-4c3d-bf6d-e221421f6fd7 ] Request (ImagesTestJSON:test_create_image_from_stopped_server): 200 GET http://10.180.1.21/compute/v2.1/servers/d5131a9f-f4bd-40c8-98d1-043651537a16 0.350s
2024-10-22 18:05:11.153 61807 INFO tempest.lib.common.rest_client [req-e620ef57-116a-46bb-b052-83e9d6880835 req-e620ef57-116a-46bb-b052-83e9d6880835 ] Request (MigrationsAdminTest:test_resize_server_revert_deleted_flavor): 200 GET http://10.180.1.21/compute/v2.1/servers/b1bad82d-d7bf-4e58-bbf2-f3d68f214115 0.325s
2024-10-22 18:05:11.179 61809 INFO tempest.lib.common.rest_client [req-ab1b0cc2-7399-40f4-93f5-80c8fd25fb8d req-ab1b0cc2-7399-40f4-93f5-80c8fd25fb8d ] Request (ServerMetadataTestJSON:setUpClass): 200 GET http://10.180.1.21/compute/v2.1/servers/be8ac265-b214-4db5-9781-d171cee46538 0.338s
2024-10-22 18:05:11.214 61833 INFO tempest.lib.common.rest_client [req-c76b3a7c-5130-4299-8a63-675ac5df242a req-c76b3a7c-5130-4299-8a63-675ac5df242a ] Request (ListImageFiltersTestJSON:setUpClass): 200 GET http://10.180.1.21/compute/v2.1/servers/4072d5a6-f69d-4fb9-837b-7855054e5206 0.298s
2024-10-22 18:05:11.252 61841 INFO tempest.lib.common.rest_client [req-f2d8bc3f-9ec5-4c14-92d3-e07a8f03cb59 req-f2d8bc3f-9ec5-4c14-92d3-e07a8f03cb59 ] Request (ServersAdmin275Test:tearDownClass): 200 GET http://10.180.1.21/compute/v2.1/servers/1b1b2bac-67af-4921-a49a-429017ef7a3b 0.326s
2024-10-22 18:05:11.277 61854 INFO tempest.lib.common.rest_client [req-1661faf9-fbc2-4af3-9f8e-fe763ab321ad req-1661faf9-fbc2-4af3-9f8e-fe763ab321ad ] Request (ServersTestBootFromVolume:setUpClass): 200 GET http://10.180.1.21/compute/v2.1/servers/e02f41be-125a-4228-8136-9e6639a268a9 0.311s
2024-10-22 18:05:11.309 61837 INFO tempest.lib.common.rest_client [req-571658c9-12ef-4dfa-a69d-afdb483fdd3c req-571658c9-12ef-4dfa-a69d-afdb483fdd3c ] Request (ImagesOneServerNegativeTestJSON:setUpClass): 200 GET http://10.180.1.21/compute/v2.1/servers/b3d98e6f-4b45-4eaf-a79c-b683b32fe053 0.286s
2024-10-22 18:05:11.343 61851 INFO tempest.lib.common.rest_client [req-dbac5064-8ab8-4dc1-91df-45500e9c5d59 req-dbac5064-8ab8-4dc1-91df-45500e9c5d59 ] Request (VolumesAdminNegativeTest:test_update_attached_volume_with_nonexistent_volume_in_body): 200 GET http://10.180.1.21/compute/v2.1/servers/8efd391b-7b76-4167-bd18-48566271ccc8 0.269s
2024-10-22 18:05:11.352 61801 INFO tempest.lib.common.rest_client [req-9234a9e1-d4c2-4d0b-9519-72abdbab019b req-9234a9e1-d4c2-4d0b-9519-72abdbab019b ] Request (SecurityGroupRulesNegativeTestJSON:setUpClass): 200 PUT http://10.180.1.21:9696/networking/v2.0/routers/28aeb2bd-d577-469e-a41e-939235ed2d92/add_router_interface 1.528s
2024-10-22 18:05:11.352 61801 INFO tempest.lib.common.dynamic_creds [-] Created isolated network resources for: credentials: Credentials: {'domain_id': 'default', 'domain_name': 'Default', 'username': 'tempest-SecurityGroupRulesNegativeTestJSON-1865961955-project-member', 'project_domain_id': 'default', 'project_domain_name': 'Default', 'project_id': '70f569ff4cde4feb9f875241a1205964', 'project_name': 'tempest-SecurityGroupRulesNegativeTestJSON-1865961955', 'tenant_id': '70f569ff4cde4feb9f875241a1205964', 'tenant_name': 'tempest-SecurityGroupRulesNegativeTestJSON-1865961955', 'user_domain_id': 'default', 'user_domain_name': 'Default', 'user_id': '7884ca8f04974bc5b92aea6aa0301f9d', 'system': None}, Network: {'id': '69bcd3e5-88f9-44d2-86bb-e3ceba405395', 'name': 'tempest-SecurityGroupRulesNegativeTestJSON-318374881-network', 'tenant_id': '70f569ff4cde4feb9f875241a1205964', 'admin_state_up': True, 'mtu': 8950, 'status': 'ACTIVE', 'subnets': [], 'shared': False, 'project_id': '70f569ff4cde4feb9f875241a1205964', 'port_security_enabled': True, 'router:external': False, 'provider:network_type': 'vlan', 'provider:physical_network': 'default', 'provider:segmentation_id': 572, 'is_default': False, 'availability_zone_hints': [], 'availability_zones': [], 'ipv4_address_scope': None, 'ipv6_address_scope': None, 'description': '', 'tags': [], 'created_at': '2024-10-22T18:05:08Z', 'updated_at': '2024-10-22T18:05:08Z', 'revision_number': 1}, Subnet: {'id': '3fe6f695-ab63-4e61-99b2-016caf87a94f', 'name': 'tempest-SecurityGroupRulesNegativeTestJSON-318374881-subnet', 'tenant_id': '70f569ff4cde4feb9f875241a1205964', 'network_id': '69bcd3e5-88f9-44d2-86bb-e3ceba405395', 'ip_version': 4, 'subnetpool_id': None, 'enable_dhcp': True, 'ipv6_ra_mode': None, 'ipv6_address_mode': None, 'gateway_ip': '192.168.128.1', 'cidr': '192.168.128.0/28', 'allocation_pools': [{'start': '192.168.128.2', 'end': '192.168.128.14'}], 'host_routes': [], 'dns_nameservers': [], 'description': '', 'router:external': False, 'service_types': [], 'tags': [], 'created_at': '2024-10-22T18:05:08Z', 'updated_at': '2024-10-22T18:05:08Z', 'revision_number': 0, 'project_id': '70f569ff4cde4feb9f875241a1205964'}, Router: {'id': '28aeb2bd-d577-469e-a41e-939235ed2d92', 'name': 'tempest-SecurityGroupRulesNegativeTestJSON-318374881-router', 'tenant_id': '70f569ff4cde4feb9f875241a1205964', 'admin_state_up': True, 'status': 'ACTIVE', 'external_gateway_info': {'network_id': 'c352c930-1b35-4e68-896d-912feca2f7ad', 'external_fixed_ips': [{'subnet_id': '5259542d-23f2-4463-9ab7-890f100f926a', 'ip_address': '10.180.180.131'}], 'enable_snat': True}, 'description': '', 'availability_zones': [], 'distributed': False, 'ha': False, 'availability_zone_hints': [], 'routes': [], 'flavor_id': None, 'tags': [], 'created_at': '2024-10-22T18:05:08Z', 'updated_at': '2024-10-22T18:05:09Z', 'revision_number': 2, 'project_id': '70f569ff4cde4feb9f875241a1205964'}
2024-10-22 18:05:11.390 61845 INFO tempest.lib.common.rest_client [req-ec14023c-d608-4cde-ad8a-d0aa81445aa6 req-ec14023c-d608-4cde-ad8a-d0aa81445aa6 ] Request (DeleteServersAdminTestJSON:test_delete_server_while_in_error_state): 200 GET http://10.180.1.21/compute/v2.1/servers/755cdc16-0eae-4978-917f-634a8ac7af8f 0.259s
2024-10-22 18:05:11.433 61821 INFO tempest.lib.common.rest_client [req-2f521cfd-9d5d-453c-97ca-c58d66d9976f req-2f521cfd-9d5d-453c-97ca-c58d66d9976f ] Request (ServersTestFqdnHostnames:test_create_server_with_fqdn_name): 200 GET http://10.180.1.21/compute/v2.1/servers/3b852a19-9f86-486b-b98d-e87ffc54d943 0.248s
2024-10-22 18:05:11.435 61801 INFO tempest.lib.common.rest_client [req-59360aad-a014-4fb9-8bd3-66da26b054a8 req-59360aad-a014-4fb9-8bd3-66da26b054a8 ] Request (SecurityGroupRulesNegativeTestJSON:setUpClass): 201 POST http://10.180.1.21/identity/v3/auth/tokens 0.080s
2024-10-22 18:05:11.449 61858 INFO tempest.lib.common.rest_client [req-40959136-8b6f-4150-ba7c-73d0c6f76b7a req-40959136-8b6f-4150-ba7c-73d0c6f76b7a ] Request (SecurityGroupsTestJSON:test_security_groups_create_list_delete): 202 DELETE http://10.180.1.21/compute/v2.1/os-security-groups/00ed5107-5d13-47ed-8ca7-0b92ad11bb65 0.340s
2024-10-22 18:05:11.476 61819 INFO tempest.lib.common.rest_client [req-95d23137-078d-45a1-b1cf-ad34c00c072b req-95d23137-078d-45a1-b1cf-ad34c00c072b ] Request (ServerPasswordTestJSON:setUpClass): 200 GET http://10.180.1.21/compute/v2.1/servers/cceaed50-e20f-45e4-9959-29dac2ecad30 0.285s
2024-10-22 18:05:11.489 61813 INFO tempest.lib.common.rest_client [req-d24bee60-b305-4980-94fc-7931505d002c req-d24bee60-b305-4980-94fc-7931505d002c ] Request (FloatingIPsAssociationNegativeTestJSON:setUpClass): 200 GET http://10.180.1.21/compute/v2.1/servers/72aa2816-5e02-4dc2-9d6a-c3e58c651224 0.237s
2024-10-22 18:05:11.519 61829 INFO tempest.lib.common.rest_client [req-72c04d38-31f3-4e78-9919-f291a2c58ce1 req-72c04d38-31f3-4e78-9919-f291a2c58ce1 ] Request (ServerTagsTestJSON:setUpClass): 200 GET http://10.180.1.21/compute/v2.1/servers/64efd676-9166-4ffa-a437-6fa6c466ace0 0.262s
2024-10-22 18:05:11.530 61823 INFO tempest.lib.common.rest_client [req-3837a091-55cf-4b84-aa59-d0e4160af40c req-3837a091-55cf-4b84-aa59-d0e4160af40c ] Request (ServerGroupTestJSON:test_create_server_with_scheduler_hint_group): 200 GET http://10.180.1.21/compute/v2.1/servers/37b43ee9-f991-4d56-8fcc-192f6534f803 0.223s
2024-10-22 18:05:11.573 61831 INFO tempest.lib.common.rest_client [req-23a4b9d9-8759-47a4-aad1-8593b6ed7d11 req-23a4b9d9-8759-47a4-aad1-8593b6ed7d11 ] Request (ServersWithSpecificFlavorTestJSON:test_verify_created_server_ephemeral_disk): 200 GET http://10.180.1.21/compute/v2.1/servers/762cbca7-4729-458a-b2af-2978723a25dc 0.210s
2024-10-22 18:05:11.577 61839 INFO tempest.lib.common.rest_client [req-d45d7379-342a-4acb-b1ca-a05e9b242fd5 req-d45d7379-342a-4acb-b1ca-a05e9b242fd5 ] Request (ServerActionsV293TestJSON:setUpClass): 200 GET http://10.180.1.21/compute/v2.1/servers/0625ac10-55b4-488a-aba5-bdaa394045f4 0.149s
2024-10-22 18:05:11.593 61858 INFO tempest.lib.common.rest_client [req-b814a4be-c6f3-4eac-a576-4f2d1d871947 req-b814a4be-c6f3-4eac-a576-4f2d1d871947 ] Request (SecurityGroupsTestJSON:test_security_groups_create_list_delete): 404 GET http://10.180.1.21/compute/v2.1/os-security-groups/00ed5107-5d13-47ed-8ca7-0b92ad11bb65 0.144s
2024-10-22 18:05:11.640 61799 INFO tempest.lib.common.rest_client [req-c6c13173-0c72-4fdd-b2aa-86dcd40b565e req-c6c13173-0c72-4fdd-b2aa-86dcd40b565e ] Request (DeleteServersTestJSON:test_delete_active_server): 200 GET http://10.180.1.21/compute/v2.1/servers/9f2e0a06-b8c5-47e6-b8e3-d64fbf8fc47a 0.162s
2024-10-22 18:05:11.694 61811 INFO tempest.lib.common.rest_client [req-6fa808c6-72ed-4d41-9fb3-813a967ccf32 req-6fa808c6-72ed-4d41-9fb3-813a967ccf32 ] Request (ServerDiagnosticsV248Test:test_get_server_diagnostics): 200 GET http://10.180.1.21/compute/v2.1/servers/b5163d89-ceb8-4c61-ae02-0ae3311b58a9 0.190s
2024-10-22 18:05:11.754 61803 INFO tempest.lib.common.rest_client [req-4e58babd-7d4e-488f-b10b-bb7085931b02 req-4e58babd-7d4e-488f-b10b-bb7085931b02 ] Request (ServersAdminTestJSON:setUpClass): 200 GET http://10.180.1.21/compute/v2.1/servers/06264429-11eb-4d64-9f6b-6587cf048c41 0.235s
2024-10-22 18:05:11.772 61801 INFO tempest.lib.common.rest_client [req-437c9cde-6615-49e9-bed4-4d452ad80494 req-437c9cde-6615-49e9-bed4-4d452ad80494 ] Request (SecurityGroupRulesNegativeTestJSON:test_create_security_group_rule_duplicate): 200 POST http://10.180.1.21/compute/v2.1/os-security-groups 0.335s
2024-10-22 18:05:11.808 61825 INFO tempest.lib.common.rest_client [req-1c7e2ac3-04ee-446d-a8ba-f91c97445da2 req-1c7e2ac3-04ee-446d-a8ba-f91c97445da2 ] Request (ListServerFiltersTestJSON:setUpClass): 200 GET http://10.180.1.21/compute/v2.1/servers/461b2ef2-d665-47ab-affa-e525bffe561a 0.241s
2024-10-22 18:05:11.882 61797 INFO tempest.lib.common.rest_client [req-94b62917-c298-4288-bc4b-ec829c727d2a req-94b62917-c298-4288-bc4b-ec829c727d2a ] Request (ServersTestMultiNic:test_verify_duplicate_network_nics): 200 GET http://10.180.1.21/compute/v2.1/servers/5508a717-fb58-49b3-bfd1-b80d76a3c4e1 0.258s
2024-10-22 18:05:11.905 61858 INFO tempest.lib.common.rest_client [req-ae242364-820b-460b-bf03-c20990edd37b req-ae242364-820b-460b-bf03-c20990edd37b ] Request (SecurityGroupsTestJSON:test_security_groups_create_list_delete): 202 DELETE http://10.180.1.21/compute/v2.1/os-security-groups/6d8b957d-b7f6-4e87-a78e-fb9b612b6a47 0.312s
2024-10-22 18:05:11.943 61795 INFO tempest.lib.common.rest_client [req-b8b4ec1e-f10e-485e-bbf4-ee69c789f35b req-b8b4ec1e-f10e-485e-bbf4-ee69c789f35b ] Request (ServersV294TestFqdnHostnames:setUpClass): 200 GET http://10.180.1.21/compute/v2.1/servers/3700deef-a438-4920-b35f-8fba370a5984 0.255s
2024-10-22 18:05:11.971 61827 INFO tempest.lib.common.rest_client [req-1bcec827-6da5-4f6d-bfc3-99fd58aaabc3 req-1bcec827-6da5-4f6d-bfc3-99fd58aaabc3 ] Request (FloatingIPsAssociationTestJSON:setUpClass): 200 GET http://10.180.1.21/compute/v2.1/servers/e2c498c5-3df1-4b99-a322-a598afd506f8 0.222s
2024-10-22 18:05:11.998 61805 INFO tempest.lib.common.rest_client [req-b664015c-ae6a-4c13-83db-91aed4357a4f req-b664015c-ae6a-4c13-83db-91aed4357a4f ] Request (InstanceActionsV221TestJSON:test_get_list_deleted_instance_actions): 200 GET http://10.180.1.21/compute/v2.1/servers/2451843a-fd32-450e-933e-e635c789834b 0.246s
2024-10-22 18:05:12.007 61805 INFO tempest.common.waiters [-] State transition "BUILD/None" ==> "BUILD/networking" after 54 second wait
2024-10-22 18:05:12.052 61815 INFO tempest.lib.common.rest_client [req-f59937cd-69e1-47f7-9b64-07a5b9f978ee req-f59937cd-69e1-47f7-9b64-07a5b9f978ee ] Request (ServerAddressesNegativeTestJSON:setUpClass): 200 GET http://10.180.1.21/compute/v2.1/servers/c887c01b-a67e-4e3e-9e17-1deb26e9b508 0.241s
2024-10-22 18:05:12.099 61817 INFO tempest.lib.common.rest_client [req-8502d975-eec2-4087-a495-1f54d070bc57 req-8502d975-eec2-4087-a495-1f54d070bc57 ] Request (ImagesOneServerTestJSON:setUpClass): 200 GET http://10.180.1.21/compute/v2.1/servers/0b223791-7e95-43fe-bef0-bac6222884ea 0.281s
2024-10-22 18:05:12.122 61801 INFO tempest.lib.common.rest_client [req-920ddb60-6495-44a3-ad54-f74e6b8c114b req-920ddb60-6495-44a3-ad54-f74e6b8c114b ] Request (SecurityGroupRulesNegativeTestJSON:test_create_security_group_rule_duplicate): 200 POST http://10.180.1.21/compute/v2.1/os-security-group-rules 0.347s
2024-10-22 18:05:12.148 61858 INFO tempest.lib.common.rest_client [req-7a6453d8-b0a5-48eb-8508-f5d194ad1d66 req-7a6453d8-b0a5-48eb-8508-f5d194ad1d66 ] Request (SecurityGroupsTestJSON:test_security_groups_create_list_delete): 404 GET http://10.180.1.21/compute/v2.1/os-security-groups/6d8b957d-b7f6-4e87-a78e-fb9b612b6a47 0.243s
2024-10-22 18:05:12.152 61843 INFO tempest.lib.common.rest_client [req-fa430f34-5fdd-4bf7-9a40-7616d3af6028 req-fa430f34-5fdd-4bf7-9a40-7616d3af6028 ] Request (ServerRescueNegativeTestJSON:setUpClass): 200 GET http://10.180.1.21/compute/v2.1/servers/f6566092-9921-4a94-a0b5-a2d3803a9d18 0.260s
2024-10-22 18:05:12.185 61801 INFO tempest.lib.common.rest_client [req-d928355a-a9fa-4fae-932d-c3785c933dfd req-d928355a-a9fa-4fae-932d-c3785c933dfd ] Request (SecurityGroupRulesNegativeTestJSON:test_create_security_group_rule_duplicate): 400 POST http://10.180.1.21/compute/v2.1/os-security-group-rules 0.060s
2024-10-22 18:05:12.202 61849 INFO tempest.lib.common.rest_client [req-1fa9a9bd-3a0a-4025-ac7c-15d2d9c5eec4 req-1fa9a9bd-3a0a-4025-ac7c-15d2d9c5eec4 ] Request (ServersAaction247Test:test_create_backup): 200 GET http://10.180.1.21/compute/v2.1/servers/fd2d724a-76b6-405f-b003-54de2ad84f5a 0.112s
2024-10-22 18:05:12.238 61855 INFO tempest.lib.common.rest_client [req-54a2cc14-e2c3-4ea1-aa87-baa7817831e2 req-54a2cc14-e2c3-4ea1-aa87-baa7817831e2 ] Request (ImagesTestJSON:test_create_image_from_stopped_server): 200 GET http://10.180.1.21/compute/v2.1/servers/d5131a9f-f4bd-40c8-98d1-043651537a16 0.100s
2024-10-22 18:05:12.292 61807 INFO tempest.lib.common.rest_client [req-3ce243ff-d5db-428f-ba29-d9fe87718fca req-3ce243ff-d5db-428f-ba29-d9fe87718fca ] Request (MigrationsAdminTest:test_resize_server_revert_deleted_flavor): 200 GET http://10.180.1.21/compute/v2.1/servers/b1bad82d-d7bf-4e58-bbf2-f3d68f214115 0.128s
2024-10-22 18:05:12.346 61858 INFO tempest.lib.common.rest_client [req-686822ac-ea68-43f6-a07a-a3b694f378f6 req-686822ac-ea68-43f6-a07a-a3b694f378f6 ] Request (SecurityGroupsTestJSON:test_security_groups_create_list_delete): 202 DELETE http://10.180.1.21/compute/v2.1/os-security-groups/172028b4-de76-4463-8e8c-0d24b15a0dd3 0.197s
2024-10-22 18:05:12.403 61809 INFO tempest.lib.common.rest_client [req-26d45730-a169-49d3-a014-221b9de5fa62 req-26d45730-a169-49d3-a014-221b9de5fa62 ] Request (ServerMetadataTestJSON:setUpClass): 200 GET http://10.180.1.21/compute/v2.1/servers/be8ac265-b214-4db5-9781-d171cee46538 0.216s
2024-10-22 18:05:12.427 61801 INFO tempest.lib.common.rest_client [req-75687089-1958-4566-b9f7-98fd0ab5efdc req-75687089-1958-4566-b9f7-98fd0ab5efdc ] Request (SecurityGroupRulesNegativeTestJSON:_run_cleanups): 202 DELETE http://10.180.1.21/compute/v2.1/os-security-group-rules/fb3dffb3-41b5-4bd8-9a69-056be262c132 0.241s
2024-10-22 18:05:12.446 61833 INFO tempest.lib.common.rest_client [req-95be0b7a-c0b6-47d9-92c6-c5495d617f33 req-95be0b7a-c0b6-47d9-92c6-c5495d617f33 ] Request (ListImageFiltersTestJSON:setUpClass): 200 GET http://10.180.1.21/compute/v2.1/servers/4072d5a6-f69d-4fb9-837b-7855054e5206 0.225s
2024-10-22 18:05:12.450 61841 INFO tempest.lib.common.rest_client [req-937c33d5-39ba-4093-b66a-f93165ec9dd7 req-937c33d5-39ba-4093-b66a-f93165ec9dd7 ] Request (ServersAdmin275Test:tearDownClass): 404 GET http://10.180.1.21/compute/v2.1/servers/1b1b2bac-67af-4921-a49a-429017ef7a3b 0.183s
2024-10-22 18:05:12.503 61854 INFO tempest.lib.common.rest_client [req-cc0c66ed-1712-4bcc-a636-5c2fbd6ed705 req-cc0c66ed-1712-4bcc-a636-5c2fbd6ed705 ] Request (ServersTestBootFromVolume:setUpClass): 200 GET http://10.180.1.21/compute/v2.1/servers/e02f41be-125a-4228-8136-9e6639a268a9 0.218s
2024-10-22 18:05:12.508 61837 INFO tempest.lib.common.rest_client [req-10e9415c-7d49-4bcf-8ccf-f55016ececed req-10e9415c-7d49-4bcf-8ccf-f55016ececed ] Request (ImagesOneServerNegativeTestJSON:setUpClass): 200 GET http://10.180.1.21/compute/v2.1/servers/b3d98e6f-4b45-4eaf-a79c-b683b32fe053 0.192s
2024-10-22 18:05:12.523 61858 INFO tempest.lib.common.rest_client [req-6ed850b0-8d61-4822-9d4a-6293df9cc603 req-6ed850b0-8d61-4822-9d4a-6293df9cc603 ] Request (SecurityGroupsTestJSON:test_security_groups_create_list_delete): 404 GET http://10.180.1.21/compute/v2.1/os-security-groups/172028b4-de76-4463-8e8c-0d24b15a0dd3 0.176s
2024-10-22 18:05:12.558 61841 INFO tempest.lib.common.rest_client [req-4b964b96-3e4c-49a1-bbef-89a6d95d523b req-4b964b96-3e4c-49a1-bbef-89a6d95d523b ] Request (ServersAdmin275Test:tearDownClass): 204 DELETE http://10.180.1.21/identity/v3/users/3e43c2563e8d42dbbf2a51e4977e20a0 0.107s
2024-10-22 18:05:12.567 61851 INFO tempest.lib.common.rest_client [req-c0f58a86-ceb5-4e49-9d38-73aa55f4c696 req-c0f58a86-ceb5-4e49-9d38-73aa55f4c696 ] Request (VolumesAdminNegativeTest:test_update_attached_volume_with_nonexistent_volume_in_body): 200 GET http://10.180.1.21/compute/v2.1/servers/8efd391b-7b76-4167-bd18-48566271ccc8 0.211s
2024-10-22 18:05:12.579 61845 INFO tempest.lib.common.rest_client [req-2784e9d1-9cfc-427a-bf36-586745d6bff3 req-2784e9d1-9cfc-427a-bf36-586745d6bff3 ] Request (DeleteServersAdminTestJSON:test_delete_server_while_in_error_state): 200 GET http://10.180.1.21/compute/v2.1/servers/755cdc16-0eae-4978-917f-634a8ac7af8f 0.177s
2024-10-22 18:05:12.637 61821 INFO tempest.lib.common.rest_client [req-1f7ed061-2c04-4443-93a6-f3b731fed50b req-1f7ed061-2c04-4443-93a6-f3b731fed50b ] Request (ServersTestFqdnHostnames:test_create_server_with_fqdn_name): 200 GET http://10.180.1.21/compute/v2.1/servers/3b852a19-9f86-486b-b98d-e87ffc54d943 0.196s
2024-10-22 18:05:12.666 61841 INFO tempest.lib.common.rest_client [req-76bb652c-30fa-4e87-aaee-3c4a2902bcc4 req-76bb652c-30fa-4e87-aaee-3c4a2902bcc4 ] Request (ServersAdmin275Test:tearDownClass): 204 DELETE http://10.180.1.21/identity/v3/users/edab367fa86940548e85803b694616aa 0.107s
2024-10-22 18:05:12.666 61841 INFO tempest.lib.common.dynamic_creds [-] Deleting project and security group for project: a6fc2dcc360144ba985a983a73ea91cd
