2024-10-22 18:04:57.395 61797 INFO tempest.lib.common.rest_client [req-6f715f4d-c015-4129-8538-145bf8e95b33 req-6f715f4d-c015-4129-8538-145bf8e95b33 ] Request (ServersTestMultiNic:test_verify_duplicate_network_nics): 200 GET http://10.180.1.21/compute/v2.1/servers/5508a717-fb58-49b3-bfd1-b80d76a3c4e1 0.244s
2024-10-22 18:04:57.401 61797 INFO tempest.common.waiters [-] State transition "BUILD/scheduling" ==> "BUILD/None" after 37 second wait
2024-10-22 18:04:57.432 61805 INFO tempest.lib.common.rest_client [req-1044d344-c7f9-486e-8907-81d6d72feeb6 req-1044d344-c7f9-486e-8907-81d6d72feeb6 ] Request (InstanceActionsV221TestJSON:test_get_list_deleted_instance_actions): 200 GET http://10.180.1.21/compute/v2.1/servers/2451843a-fd32-450e-933e-e635c789834b 0.222s
2024-10-22 18:04:57.436 61825 INFO tempest.lib.common.rest_client [req-70326384-5e47-43f3-a9a6-2eee9b7f1ce9 req-70326384-5e47-43f3-a9a6-2eee9b7f1ce9 ] Request (ListServerFiltersTestJSON:setUpClass): 200 GET http://10.180.1.21/compute/v2.1/servers/461b2ef2-d665-47ab-affa-e525bffe561a 0.161s
2024-10-22 18:04:57.449 61807 INFO tempest.lib.common.rest_client [req-4a5e44f6-5c87-4cd7-95b6-1264c4b76af4 req-4a5e44f6-5c87-4cd7-95b6-1264c4b76af4 ] Request (MigrationsAdminTest:test_resize_server_revert_deleted_flavor): 200 POST http://10.180.1.21/compute/v2.1/flavors 0.097s
2024-10-22 18:04:57.475 61817 INFO tempest.lib.common.rest_client [req-3ef6eb4e-7cb5-4a85-afd4-19234615d395 req-3ef6eb4e-7cb5-4a85-afd4-19234615d395 ] Request (ImagesOneServerTestJSON:setUpClass): 200 GET http://10.180.1.21/compute/v2.1/servers/0b223791-7e95-43fe-bef0-bac6222884ea 0.149s
2024-10-22 18:04:57.483 61807 INFO tempest.lib.common.rest_client [req-2767792d-725b-4238-8120-537c839494f3 req-2767792d-725b-4238-8120-537c839494f3 ] Request (MigrationsAdminTest:test_resize_server_revert_deleted_flavor): 200 GET http://10.180.1.21/compute/v2.1/flavors/42/os-extra_specs 0.032s
2024-10-22 18:04:57.491 61827 INFO tempest.lib.common.rest_client [req-5a484a24-b1a7-49ef-afbb-c4479883ff0d req-5a484a24-b1a7-49ef-afbb-c4479883ff0d ] Request (FloatingIPsAssociationTestJSON:setUpClass): 200 GET http://10.180.1.21/compute/v2.1/servers/e2c498c5-3df1-4b99-a322-a598afd506f8 0.116s
2024-10-22 18:04:57.507 61807 INFO tempest.lib.common.rest_client [req-fa4526b5-c9ed-459e-8587-41c5dc2f513d req-fa4526b5-c9ed-459e-8587-41c5dc2f513d ] Request (MigrationsAdminTest:test_resize_server_revert_deleted_flavor): 200 POST http://10.180.1.21/compute/v2.1/flavors/484da1ca-225e-47c9-9755-c2f63fc26fc4/os-extra_specs 0.023s
2024-10-22 18:04:57.528 61849 INFO tempest.lib.common.rest_client [req-91e34e5f-d857-435b-9b37-037392bc9007 req-91e34e5f-d857-435b-9b37-037392bc9007 ] Request (ServersAaction247Test:test_create_backup): 200 GET http://10.180.1.21/compute/v2.1/servers/fd2d724a-76b6-405f-b003-54de2ad84f5a 0.052s
2024-10-22 18:04:57.565 61815 INFO tempest.lib.common.rest_client [req-620d7991-b724-480c-b37f-cf783004523c req-620d7991-b724-480c-b37f-cf783004523c ] Request (ServerAddressesNegativeTestJSON:setUpClass): 200 GET http://10.180.1.21/compute/v2.1/servers/c887c01b-a67e-4e3e-9e17-1deb26e9b508 0.044s
2024-10-22 18:04:57.567 61807 INFO tempest.lib.common.rest_client [req-931bd438-0ad4-49bb-9dab-6554b392cd8a req-931bd438-0ad4-49bb-9dab-6554b392cd8a ] Request (MigrationsAdminTest:test_resize_server_revert_deleted_flavor): 201 POST http://10.180.1.21/identity/v3/auth/tokens 0.056s
2024-10-22 18:04:57.567 61807 INFO tempest.lib.common.fixed_network [-] (MigrationsAdminTest:test_resize_server_revert_deleted_flavor) Found network None available for tenant
2024-10-22 18:04:57.611 61843 INFO tempest.lib.common.rest_client [req-87e0d6cf-33ab-4060-936b-15dd7d0ab44c req-87e0d6cf-33ab-4060-936b-15dd7d0ab44c ] Request (ServerRescueNegativeTestJSON:setUpClass): 200 GET http://10.180.1.21/compute/v2.1/servers/f6566092-9921-4a94-a0b5-a2d3803a9d18 0.045s
2024-10-22 18:04:57.679 61855 INFO tempest.lib.common.rest_client [req-2a5a5323-ab17-4b73-9ab5-704f9855c3c2 req-2a5a5323-ab17-4b73-9ab5-704f9855c3c2 ] Request (ImagesTestJSON:test_create_image_from_stopped_server): 200 GET http://10.180.1.21/compute/v2.1/servers/d5131a9f-f4bd-40c8-98d1-043651537a16 0.053s
2024-10-22 18:04:57.757 61807 INFO tempest.lib.common.rest_client [req-d84a7414-3b19-4ad2-a7f3-49afecf3f4bf req-d84a7414-3b19-4ad2-a7f3-49afecf3f4bf ] Request (MigrationsAdminTest:test_resize_server_revert_deleted_flavor): 202 POST http://10.180.1.21/compute/v2.1/servers 0.188s
2024-10-22 18:04:57.760 61841 INFO tempest.lib.common.rest_client [req-c966d961-845b-4276-9738-ae53acdf440a req-c966d961-845b-4276-9738-ae53acdf440a ] Request (ServersAdmin275Test:tearDownClass): 200 GET http://10.180.1.21/compute/v2.1/servers/1b1b2bac-67af-4921-a49a-429017ef7a3b 0.068s
2024-10-22 18:04:57.795 61807 INFO tempest.lib.common.rest_client [req-107fba65-01ab-4be5-bff8-f8b219a2a60c req-107fba65-01ab-4be5-bff8-f8b219a2a60c ] Request (MigrationsAdminTest:test_resize_server_revert_deleted_flavor): 200 GET http://10.180.1.21/compute/v2.1/servers/b1bad82d-d7bf-4e58-bbf2-f3d68f214115 0.036s
2024-10-22 18:04:57.808 61809 INFO tempest.lib.common.rest_client [req-efb7a8a1-2205-4061-9db8-2775a0f135e9 req-efb7a8a1-2205-4061-9db8-2775a0f135e9 ] Request (ServerMetadataTestJSON:setUpClass): 200 GET http://10.180.1.21/compute/v2.1/servers/be8ac265-b214-4db5-9781-d171cee46538 0.062s
2024-10-22 18:04:57.850 61833 INFO tempest.lib.common.rest_client [req-41788e6a-f456-49bf-878d-33c514d43d2d req-41788e6a-f456-49bf-878d-33c514d43d2d ] Request (ListImageFiltersTestJSON:setUpClass): 200 GET http://10.180.1.21/compute/v2.1/servers/4072d5a6-f69d-4fb9-837b-7855054e5206 0.049s
2024-10-22 18:04:57.916 61801 INFO tempest.lib.common.rest_client [req-e2a5b985-cbd5-44d4-a31c-c0efc79b6509 req-e2a5b985-cbd5-44d4-a31c-c0efc79b6509 ] Request (ServerExternalEventsTest:test_create_server_external_events): 200 GET http://10.180.1.21/compute/v2.1/servers/25a896cb-fd91-4f16-a8cd-6de58fcfcc27 0.046s
2024-10-22 18:04:57.928 61854 INFO tempest.lib.common.rest_client [req-df3a5535-5cab-4e3a-88c9-8202c8fa95f3 req-df3a5535-5cab-4e3a-88c9-8202c8fa95f3 ] Request (ServersTestBootFromVolume:setUpClass): 200 GET http://10.180.1.21/compute/v2.1/servers/e02f41be-125a-4228-8136-9e6639a268a9 0.044s
2024-10-22 18:04:57.983 61837 INFO tempest.lib.common.rest_client [req-5adbdfe4-a231-4fef-a3cd-f3980e640f44 req-5adbdfe4-a231-4fef-a3cd-f3980e640f44 ] Request (ImagesOneServerNegativeTestJSON:setUpClass): 200 GET http://10.180.1.21/compute/v2.1/servers/b3d98e6f-4b45-4eaf-a79c-b683b32fe053 0.050s
2024-10-22 18:04:57.989 61851 INFO tempest.lib.common.rest_client [req-f31ccb8b-6143-403a-a5b0-41150f250195 req-f31ccb8b-6143-403a-a5b0-41150f250195 ] Request (VolumesAdminNegativeTest:test_update_attached_volume_with_nonexistent_volume_in_body): 200 GET http://10.180.1.21/compute/v2.1/servers/8efd391b-7b76-4167-bd18-48566271ccc8 0.047s
2024-10-22 18:04:58.029 61845 INFO tempest.lib.common.rest_client [req-2a7c9f84-688f-4583-aa4c-0192e29bf9e9 req-2a7c9f84-688f-4583-aa4c-0192e29bf9e9 ] Request (DeleteServersAdminTestJSON:test_delete_server_while_in_error_state): 200 GET http://10.180.1.21/compute/v2.1/servers/755cdc16-0eae-4978-917f-634a8ac7af8f 0.043s
2024-10-22 18:04:58.038 61821 INFO tempest.lib.common.rest_client [req-01eea8c3-5a98-4d3a-a8b9-8c1a5877f320 req-01eea8c3-5a98-4d3a-a8b9-8c1a5877f320 ] Request (ServersTestFqdnHostnames:test_create_server_with_fqdn_name): 200 GET http://10.180.1.21/compute/v2.1/servers/3b852a19-9f86-486b-b98d-e87ffc54d943 0.044s
2024-10-22 18:04:58.101 61819 INFO tempest.lib.common.rest_client [req-ce71678e-5d58-4853-b247-0998606a762a req-ce71678e-5d58-4853-b247-0998606a762a ] Request (ServerPasswordTestJSON:setUpClass): 200 GET http://10.180.1.21/compute/v2.1/servers/cceaed50-e20f-45e4-9959-29dac2ecad30 0.049s
2024-10-22 18:04:58.161 61829 INFO tempest.lib.common.rest_client [req-62c4860f-0081-4d78-ac02-e387e24250f8 req-62c4860f-0081-4d78-ac02-e387e24250f8 ] Request (ServerTagsTestJSON:setUpClass): 200 GET http://10.180.1.21/compute/v2.1/servers/64efd676-9166-4ffa-a437-6fa6c466ace0 0.055s
2024-10-22 18:04:58.210 61858 INFO tempest.lib.common.rest_client [req-b3bebcd9-5af5-445b-9c7e-8751475729cc req-b3bebcd9-5af5-445b-9c7e-8751475729cc ] Request (SecurityGroupsTestJSON:test_list_security_groups_by_server): 200 GET http://10.180.1.21/compute/v2.1/servers/8c93ef89-5d27-48d3-8c44-79eb23d66ee3 0.098s
2024-10-22 18:04:58.401 61813 INFO tempest.lib.common.rest_client [req-e5659fe0-4d1e-4883-8a44-78278d9015c3 req-e5659fe0-4d1e-4883-8a44-78278d9015c3 ] Request (FloatingIPsAssociationNegativeTestJSON:setUpClass): 200 GET http://10.180.1.21/compute/v2.1/servers/72aa2816-5e02-4dc2-9d6a-c3e58c651224 0.236s
2024-10-22 18:04:58.412 61831 INFO tempest.lib.common.rest_client [req-4bb2f609-1523-473a-aebf-4ea759787ae7 req-4bb2f609-1523-473a-aebf-4ea759787ae7 ] Request (ServersWithSpecificFlavorTestJSON:test_verify_created_server_ephemeral_disk): 200 GET http://10.180.1.21/compute/v2.1/servers/762cbca7-4729-458a-b2af-2978723a25dc 0.369s
2024-10-22 18:04:58.449 61823 INFO tempest.lib.common.rest_client [req-85d06368-4bf7-42ea-a7c2-cfef1a06c020 req-85d06368-4bf7-42ea-a7c2-cfef1a06c020 ] Request (ServerGroupTestJSON:test_create_server_with_scheduler_hint_group): 200 GET http://10.180.1.21/compute/v2.1/servers/37b43ee9-f991-4d56-8fcc-192f6534f803 0.227s
2024-10-22 18:04:58.458 61839 INFO tempest.lib.common.rest_client [req-0b075aa8-427f-49d7-bd1a-594ba76e7a43 req-0b075aa8-427f-49d7-bd1a-594ba76e7a43 ] Request (ServerActionsV293TestJSON:setUpClass): 200 GET http://10.180.1.21/compute/v2.1/servers/0625ac10-55b4-488a-aba5-bdaa394045f4 0.235s
2024-10-22 18:04:58.499 61811 INFO tempest.lib.common.rest_client [req-b34c8549-45b5-4291-b7e5-1f1b3813c53c req-b34c8549-45b5-4291-b7e5-1f1b3813c53c ] Request (ServerDiagnosticsV248Test:test_get_server_diagnostics): 200 GET http://10.180.1.21/compute/v2.1/servers/b5163d89-ceb8-4c61-ae02-0ae3311b58a9 0.211s
2024-10-22 18:04:58.502 61835 INFO tempest.lib.common.rest_client [req-ff5e07cf-fccc-4002-aff1-a54565c864f3 req-ff5e07cf-fccc-4002-aff1-a54565c864f3 ] Request (ServersTestJSON:setUpClass): 200 GET http://10.180.1.21/compute/v2.1/servers/f7f5e05e-4191-4f3c-90a5-aa4f3f02fc9d 0.209s
2024-10-22 18:04:58.552 61799 INFO tempest.lib.common.rest_client [req-94d87137-1c00-4d5b-84d7-1486087bc9df req-94d87137-1c00-4d5b-84d7-1486087bc9df ] Request (DeleteServersTestJSON:test_delete_active_server): 200 GET http://10.180.1.21/compute/v2.1/servers/9f2e0a06-b8c5-47e6-b8e3-d64fbf8fc47a 0.203s
2024-10-22 18:04:58.554 61795 INFO tempest.lib.common.rest_client [req-3c6ff449-bfac-4e9b-906b-936d3d21ad4e req-3c6ff449-bfac-4e9b-906b-936d3d21ad4e ] Request (ServersV294TestFqdnHostnames:setUpClass): 200 GET http://10.180.1.21/compute/v2.1/servers/3700deef-a438-4920-b35f-8fba370a5984 0.209s
2024-10-22 18:04:58.599 61803 INFO tempest.lib.common.rest_client [req-f3160dd1-4182-488e-8823-58e95560ee91 req-f3160dd1-4182-488e-8823-58e95560ee91 ] Request (ServersAdminTestJSON:setUpClass): 200 GET http://10.180.1.21/compute/v2.1/servers/06264429-11eb-4d64-9f6b-6587cf048c41 0.207s
2024-10-22 18:04:58.604 61797 INFO tempest.lib.common.rest_client [req-057dd680-bedf-4f31-b4d1-7614770e8fc3 req-057dd680-bedf-4f31-b4d1-7614770e8fc3 ] Request (ServersTestMultiNic:test_verify_duplicate_network_nics): 200 GET http://10.180.1.21/compute/v2.1/servers/5508a717-fb58-49b3-bfd1-b80d76a3c4e1 0.202s
2024-10-22 18:04:58.643 61805 INFO tempest.lib.common.rest_client [req-5b1d1032-fba3-41a6-b7e6-a5e7d0f0a006 req-5b1d1032-fba3-41a6-b7e6-a5e7d0f0a006 ] Request (InstanceActionsV221TestJSON:test_get_list_deleted_instance_actions): 200 GET http://10.180.1.21/compute/v2.1/servers/2451843a-fd32-450e-933e-e635c789834b 0.203s
2024-10-22 18:04:58.647 61825 INFO tempest.lib.common.rest_client [req-f824bdd6-372b-4cc3-b8c8-9b3a49f35d9e req-f824bdd6-372b-4cc3-b8c8-9b3a49f35d9e ] Request (ListServerFiltersTestJSON:setUpClass): 200 GET http://10.180.1.21/compute/v2.1/servers/461b2ef2-d665-47ab-affa-e525bffe561a 0.204s
2024-10-22 18:04:58.698 61827 INFO tempest.lib.common.rest_client [req-366decd4-59c2-4efb-b865-a133ae1f1375 req-366decd4-59c2-4efb-b865-a133ae1f1375 ] Request (FloatingIPsAssociationTestJSON:setUpClass): 200 GET http://10.180.1.21/compute/v2.1/servers/e2c498c5-3df1-4b99-a322-a598afd506f8 0.200s
2024-10-22 18:04:58.698 61817 INFO tempest.lib.common.rest_client [req-0d4ba1a0-664a-4795-b912-ff9fba0a3086 req-0d4ba1a0-664a-4795-b912-ff9fba0a3086 ] Request (ImagesOneServerTestJSON:setUpClass): 200 GET http://10.180.1.21/compute/v2.1/servers/0b223791-7e95-43fe-bef0-bac6222884ea 0.217s
2024-10-22 18:04:58.753 61815 INFO tempest.lib.common.rest_client [req-36cf580c-f6f2-4e2d-af50-972c7ca22671 req-36cf580c-f6f2-4e2d-af50-972c7ca22671 ] Request (ServerAddressesNegativeTestJSON:setUpClass): 200 GET http://10.180.1.21/compute/v2.1/servers/c887c01b-a67e-4e3e-9e17-1deb26e9b508 0.182s
2024-10-22 18:04:58.756 61849 INFO tempest.lib.common.rest_client [req-e481f72d-ac66-4e1e-beea-aff1bad3e724 req-e481f72d-ac66-4e1e-beea-aff1bad3e724 ] Request (ServersAaction247Test:test_create_backup): 200 GET http://10.180.1.21/compute/v2.1/servers/fd2d724a-76b6-405f-b003-54de2ad84f5a 0.217s
2024-10-22 18:04:58.802 61855 INFO tempest.lib.common.rest_client [req-e81d9bfd-5ab6-4f9b-abc1-238da9f8e6b3 req-e81d9bfd-5ab6-4f9b-abc1-238da9f8e6b3 ] Request (ImagesTestJSON:test_create_image_from_stopped_server): 200 GET http://10.180.1.21/compute/v2.1/servers/d5131a9f-f4bd-40c8-98d1-043651537a16 0.116s
2024-10-22 18:04:58.807 61843 INFO tempest.lib.common.rest_client [req-75915517-fbb7-442b-8c24-cdb28e3e6fbd req-75915517-fbb7-442b-8c24-cdb28e3e6fbd ] Request (ServerRescueNegativeTestJSON:setUpClass): 200 GET http://10.180.1.21/compute/v2.1/servers/f6566092-9921-4a94-a0b5-a2d3803a9d18 0.189s
2024-10-22 18:04:58.863 61807 INFO tempest.lib.common.rest_client [req-b4749765-20cb-43f2-ad67-8797c8e46ab4 req-b4749765-20cb-43f2-ad67-8797c8e46ab4 ] Request (MigrationsAdminTest:test_resize_server_revert_deleted_flavor): 200 GET http://10.180.1.21/compute/v2.1/servers/b1bad82d-d7bf-4e58-bbf2-f3d68f214115 0.061s
2024-10-22 18:04:58.878 61841 INFO tempest.lib.common.rest_client [req-57cfe341-edc5-4b20-b619-6a2bfc231d8b req-57cfe341-edc5-4b20-b619-6a2bfc231d8b ] Request (ServersAdmin275Test:tearDownClass): 200 GET http://10.180.1.21/compute/v2.1/servers/1b1b2bac-67af-4921-a49a-429017ef7a3b 0.109s
2024-10-22 18:04:58.915 61809 INFO tempest.lib.common.rest_client [req-9149c9bf-2ec9-4672-a8f0-a69f1aa7375a req-9149c9bf-2ec9-4672-a8f0-a69f1aa7375a ] Request (ServerMetadataTestJSON:setUpClass): 200 GET http://10.180.1.21/compute/v2.1/servers/be8ac265-b214-4db5-9781-d171cee46538 0.101s
2024-10-22 18:04:58.935 61833 INFO tempest.lib.common.rest_client [req-b190fa7a-e499-4d0e-a103-d2b8f8c4f4d9 req-b190fa7a-e499-4d0e-a103-d2b8f8c4f4d9 ] Request (ListImageFiltersTestJSON:setUpClass): 200 GET http://10.180.1.21/compute/v2.1/servers/4072d5a6-f69d-4fb9-837b-7855054e5206 0.077s
2024-10-22 18:04:58.988 61801 INFO tempest.lib.common.rest_client [req-3d94d2cf-1851-4ca3-a513-bc91fbdd38b1 req-3d94d2cf-1851-4ca3-a513-bc91fbdd38b1 ] Request (ServerExternalEventsTest:test_create_server_external_events): 200 GET http://10.180.1.21/compute/v2.1/servers/25a896cb-fd91-4f16-a8cd-6de58fcfcc27 0.065s
2024-10-22 18:04:59.007 61854 INFO tempest.lib.common.rest_client [req-d559e25d-a073-4f42-840b-f99c26f752fe req-d559e25d-a073-4f42-840b-f99c26f752fe ] Request (ServersTestBootFromVolume:setUpClass): 200 GET http://10.180.1.21/compute/v2.1/servers/e02f41be-125a-4228-8136-9e6639a268a9 0.072s
2024-10-22 18:04:59.077 61837 INFO tempest.lib.common.rest_client [req-7c8cd05c-95e4-442a-91fb-571c43b690c5 req-7c8cd05c-95e4-442a-91fb-571c43b690c5 ] Request (ImagesOneServerNegativeTestJSON:setUpClass): 200 GET http://10.180.1.21/compute/v2.1/servers/b3d98e6f-4b45-4eaf-a79c-b683b32fe053 0.087s
2024-10-22 18:04:59.089 61851 INFO tempest.lib.common.rest_client [req-46972ac8-2c7d-450e-bdcc-292fa6da54a7 req-46972ac8-2c7d-450e-bdcc-292fa6da54a7 ] Request (VolumesAdminNegativeTest:test_update_attached_volume_with_nonexistent_volume_in_body): 200 GET http://10.180.1.21/compute/v2.1/servers/8efd391b-7b76-4167-bd18-48566271ccc8 0.092s
2024-10-22 18:04:59.140 61845 INFO tempest.lib.common.rest_client [req-7fa53031-db60-409f-8751-7dbec412d702 req-7fa53031-db60-409f-8751-7dbec412d702 ] Request (DeleteServersAdminTestJSON:test_delete_server_while_in_error_state): 200 GET http://10.180.1.21/compute/v2.1/servers/755cdc16-0eae-4978-917f-634a8ac7af8f 0.105s
2024-10-22 18:04:59.147 61821 INFO tempest.lib.common.rest_client [req-ee89ab5e-2a27-4c6f-8f95-e61e4c5f9478 req-ee89ab5e-2a27-4c6f-8f95-e61e4c5f9478 ] Request (ServersTestFqdnHostnames:test_create_server_with_fqdn_name): 200 GET http://10.180.1.21/compute/v2.1/servers/3b852a19-9f86-486b-b98d-e87ffc54d943 0.102s
2024-10-22 18:04:59.185 61819 INFO tempest.lib.common.rest_client [req-7b8a8740-da1a-46eb-b35d-c28a81a69dd9 req-7b8a8740-da1a-46eb-b35d-c28a81a69dd9 ] Request (ServerPasswordTestJSON:setUpClass): 200 GET http://10.180.1.21/compute/v2.1/servers/cceaed50-e20f-45e4-9959-29dac2ecad30 0.077s
2024-10-22 18:04:59.218 61829 INFO tempest.lib.common.rest_client [req-e839a482-5886-44d6-921d-8c444a8531ee req-e839a482-5886-44d6-921d-8c444a8531ee ] Request (ServerTagsTestJSON:setUpClass): 200 GET http://10.180.1.21/compute/v2.1/servers/64efd676-9166-4ffa-a437-6fa6c466ace0 0.046s
2024-10-22 18:04:59.262 61858 INFO tempest.lib.common.rest_client [req-ca69b0b2-4798-41e9-8ccd-80234a97235a req-ca69b0b2-4798-41e9-8ccd-80234a97235a ] Request (SecurityGroupsTestJSON:test_list_security_groups_by_server): 200 GET http://10.180.1.21/compute/v2.1/servers/8c93ef89-5d27-48d3-8c44-79eb23d66ee3 0.044s
2024-10-22 18:04:59.461 61813 INFO tempest.lib.common.rest_client [req-883b7ad4-89bd-44eb-9570-f9ffa4d20b43 req-883b7ad4-89bd-44eb-9570-f9ffa4d20b43 ] Request (FloatingIPsAssociationNegativeTestJSON:setUpClass): 200 GET http://10.180.1.21/compute/v2.1/servers/72aa2816-5e02-4dc2-9d6a-c3e58c651224 0.053s
2024-10-22 18:04:59.468 61831 INFO tempest.lib.common.rest_client [req-00bf1581-493c-4f7b-b307-e8abebcee855 req-00bf1581-493c-4f7b-b307-e8abebcee855 ] Request (ServersWithSpecificFlavorTestJSON:test_verify_created_server_ephemeral_disk): 200 GET http://10.180.1.21/compute/v2.1/servers/762cbca7-4729-458a-b2af-2978723a25dc 0.048s
2024-10-22 18:04:59.505 61823 INFO tempest.lib.common.rest_client [req-04ba63cc-ac43-4b3f-9a52-c4765e6bd142 req-04ba63cc-ac43-4b3f-9a52-c4765e6bd142 ] Request (ServerGroupTestJSON:test_create_server_with_scheduler_hint_group): 200 GET http://10.180.1.21/compute/v2.1/servers/37b43ee9-f991-4d56-8fcc-192f6534f803 0.049s
2024-10-22 18:04:59.520 61839 INFO tempest.lib.common.rest_client [req-a676333d-0f20-4800-85f4-c69d581828ed req-a676333d-0f20-4800-85f4-c69d581828ed ] Request (ServerActionsV293TestJSON:setUpClass): 200 GET http://10.180.1.21/compute/v2.1/servers/0625ac10-55b4-488a-aba5-bdaa394045f4 0.054s
2024-10-22 18:04:59.560 61811 INFO tempest.lib.common.rest_client [req-06d67a93-56b9-4944-be7c-e154d8ee4678 req-06d67a93-56b9-4944-be7c-e154d8ee4678 ] Request (ServerDiagnosticsV248Test:test_get_server_diagnostics): 200 GET http://10.180.1.21/compute/v2.1/servers/b5163d89-ceb8-4c61-ae02-0ae3311b58a9 0.053s
2024-10-22 18:04:59.570 61835 INFO tempest.lib.common.rest_client [req-20cd68ff-e3f8-4219-9566-67a184bc6767 req-20cd68ff-e3f8-4219-9566-67a184bc6767 ] Request (ServersTestJSON:setUpClass): 200 GET http://10.180.1.21/compute/v2.1/servers/f7f5e05e-4191-4f3c-90a5-aa4f3f02fc9d 0.062s
2024-10-22 18:04:59.608 61799 INFO tempest.lib.common.rest_client [req-73f795f8-a6b0-4646-b23c-90bbe79d8801 req-73f795f8-a6b0-4646-b23c-90bbe79d8801 ] Request (DeleteServersTestJSON:test_delete_active_server): 200 GET http://10.180.1.21/compute/v2.1/servers/9f2e0a06-b8c5-47e6-b8e3-d64fbf8fc47a 0.049s
2024-10-22 18:04:59.617 61795 INFO tempest.lib.common.rest_client [req-d82fe417-d49d-443d-9b2a-340a3c508756 req-d82fe417-d49d-443d-9b2a-340a3c508756 ] Request (ServersV294TestFqdnHostnames:setUpClass): 200 GET http://10.180.1.21/compute/v2.1/servers/3700deef-a438-4920-b35f-8fba370a5984 0.054s
2024-10-22 18:04:59.659 61803 INFO tempest.lib.common.rest_client [req-83860d0c-0eac-4207-84f3-46ee8929b25c req-83860d0c-0eac-4207-84f3-46ee8929b25c ] Request (ServersAdminTestJSON:setUpClass): 200 GET http://10.180.1.21/compute/v2.1/servers/06264429-11eb-4d64-9f6b-6587cf048c41 0.054s
2024-10-22 18:04:59.666 61797 INFO tempest.lib.common.rest_client [req-f1a816a3-af87-42b5-963d-34af7f7df1b3 req-f1a816a3-af87-42b5-963d-34af7f7df1b3 ] Request (ServersTestMultiNic:test_verify_duplicate_network_nics): 200 GET http://10.180.1.21/compute/v2.1/servers/5508a717-fb58-49b3-bfd1-b80d76a3c4e1 0.053s
2024-10-22 18:04:59.715 61805 INFO tempest.lib.common.rest_client [req-c76e9ee7-0ac6-4f7e-ab84-809fb0abee2d req-c76e9ee7-0ac6-4f7e-ab84-809fb0abee2d ] Request (InstanceActionsV221TestJSON:test_get_list_deleted_instance_actions): 200 GET http://10.180.1.21/compute/v2.1/servers/2451843a-fd32-450e-933e-e635c789834b 0.062s
2024-10-22 18:04:59.717 61825 INFO tempest.lib.common.rest_client [req-30101bc1-2cb4-454b-addd-474fe7d31537 req-30101bc1-2cb4-454b-addd-474fe7d31537 ] Request (ListServerFiltersTestJSON:setUpClass): 200 GET http://10.180.1.21/compute/v2.1/servers/461b2ef2-d665-47ab-affa-e525bffe561a 0.062s
2024-10-22 18:04:59.773 61827 INFO tempest.lib.common.rest_client [req-295b0153-2061-45cb-a842-ccafece1c1bc req-295b0153-2061-45cb-a842-ccafece1c1bc ] Request (FloatingIPsAssociationTestJSON:setUpClass): 200 GET http://10.180.1.21/compute/v2.1/servers/e2c498c5-3df1-4b99-a322-a598afd506f8 0.068s
2024-10-22 18:04:59.776 61817 INFO tempest.lib.common.rest_client [req-346d0961-5c0a-454b-84e9-6fcc85ef50bd req-346d0961-5c0a-454b-84e9-6fcc85ef50bd ] Request (ImagesOneServerTestJSON:setUpClass): 200 GET http://10.180.1.21/compute/v2.1/servers/0b223791-7e95-43fe-bef0-bac6222884ea 0.070s
2024-10-22 18:04:59.827 61815 INFO tempest.lib.common.rest_client [req-5ae346e0-bde3-407c-8ed8-e0dedddf2096 req-5ae346e0-bde3-407c-8ed8-e0dedddf2096 ] Request (ServerAddressesNegativeTestJSON:setUpClass): 200 GET http://10.180.1.21/compute/v2.1/servers/c887c01b-a67e-4e3e-9e17-1deb26e9b508 0.067s
2024-10-22 18:04:59.830 61849 INFO tempest.lib.common.rest_client [req-35449a70-9eed-4f60-92fe-7005b0cdab23 req-35449a70-9eed-4f60-92fe-7005b0cdab23 ] Request (ServersAaction247Test:test_create_backup): 200 GET http://10.180.1.21/compute/v2.1/servers/fd2d724a-76b6-405f-b003-54de2ad84f5a 0.065s
2024-10-22 18:04:59.881 61855 INFO tempest.lib.common.rest_client [req-9b95d937-35f2-432d-a133-d15f34d02044 req-9b95d937-35f2-432d-a133-d15f34d02044 ] Request (ImagesTestJSON:test_create_image_from_stopped_server): 200 GET http://10.180.1.21/compute/v2.1/servers/d5131a9f-f4bd-40c8-98d1-043651537a16 0.071s
2024-10-22 18:04:59.882 61843 INFO tempest.lib.common.rest_client [req-4dbf34ea-22f7-48ba-ba7c-43dd6b22ac15 req-4dbf34ea-22f7-48ba-ba7c-43dd6b22ac15 ] Request (ServerRescueNegativeTestJSON:setUpClass): 200 GET http://10.180.1.21/compute/v2.1/servers/f6566092-9921-4a94-a0b5-a2d3803a9d18 0.068s
2024-10-22 18:04:59.924 61807 INFO tempest.lib.common.rest_client [req-fd81cb76-bdaa-4af3-87e1-e02b53ad085a req-fd81cb76-bdaa-4af3-87e1-e02b53ad085a ] Request (MigrationsAdminTest:test_resize_server_revert_deleted_flavor): 200 GET http://10.180.1.21/compute/v2.1/servers/b1bad82d-d7bf-4e58-bbf2-f3d68f214115 0.052s
2024-10-22 18:04:59.946 61841 INFO tempest.lib.common.rest_client [req-2f22a0c8-9348-4d15-9a2b-c95a0984137c req-2f22a0c8-9348-4d15-9a2b-c95a0984137c ] Request (ServersAdmin275Test:tearDownClass): 200 GET http://10.180.1.21/compute/v2.1/servers/1b1b2bac-67af-4921-a49a-429017ef7a3b 0.058s
2024-10-22 18:04:59.970 61809 INFO tempest.lib.common.rest_client [req-179294c8-0a5c-4170-950b-9c6e5f841030 req-179294c8-0a5c-4170-950b-9c6e5f841030 ] Request (ServerMetadataTestJSON:setUpClass): 200 GET http://10.180.1.21/compute/v2.1/servers/be8ac265-b214-4db5-9781-d171cee46538 0.047s
2024-10-22 18:04:59.991 61833 INFO tempest.lib.common.rest_client [req-061bc509-1684-42dc-97f2-85b7f5cea731 req-061bc509-1684-42dc-97f2-85b7f5cea731 ] Request (ListImageFiltersTestJSON:setUpClass): 200 GET http://10.180.1.21/compute/v2.1/servers/4072d5a6-f69d-4fb9-837b-7855054e5206 0.043s
2024-10-22 18:05:00.048 61801 INFO tempest.lib.common.rest_client [req-a9bc5960-c27f-4c53-b8ad-b974d8c3b725 req-a9bc5960-c27f-4c53-b8ad-b974d8c3b725 ] Request (ServerExternalEventsTest:test_create_server_external_events): 200 GET http://10.180.1.21/compute/v2.1/servers/25a896cb-fd91-4f16-a8cd-6de58fcfcc27 0.053s
2024-10-22 18:05:00.063 61854 INFO tempest.lib.common.rest_client [req-9db6a38d-882c-4508-b3c8-c89f42733828 req-9db6a38d-882c-4508-b3c8-c89f42733828 ] Request (ServersTestBootFromVolume:setUpClass): 200 GET http://10.180.1.21/compute/v2.1/servers/e02f41be-125a-4228-8136-9e6639a268a9 0.049s
2024-10-22 18:05:00.134 61837 INFO tempest.lib.common.rest_client [req-bd832a12-d139-4ab3-87d2-dd2542a7208f req-bd832a12-d139-4ab3-87d2-dd2542a7208f ] Request (ImagesOneServerNegativeTestJSON:setUpClass): 200 GET http://10.180.1.21/compute/v2.1/servers/b3d98e6f-4b45-4eaf-a79c-b683b32fe053 0.047s
2024-10-22 18:05:00.141 61851 INFO tempest.lib.common.rest_client [req-c5d469f5-168d-4b74-ade0-973aaffe6aa9 req-c5d469f5-168d-4b74-ade0-973aaffe6aa9 ] Request (VolumesAdminNegativeTest:test_update_attached_volume_with_nonexistent_volume_in_body): 200 GET http://10.180.1.21/compute/v2.1/servers/8efd391b-7b76-4167-bd18-48566271ccc8 0.045s
2024-10-22 18:05:00.192 61845 INFO tempest.lib.common.rest_client [req-97141e50-2c42-49bd-815d-4d43314780b0 req-97141e50-2c42-49bd-815d-4d43314780b0 ] Request (DeleteServersAdminTestJSON:test_delete_server_while_in_error_state): 200 GET http://10.180.1.21/compute/v2.1/servers/755cdc16-0eae-4978-917f-634a8ac7af8f 0.045s
2024-10-22 18:05:00.203 61821 INFO tempest.lib.common.rest_client [req-30344974-495b-4990-a825-0a054d3bc915 req-30344974-495b-4990-a825-0a054d3bc915 ] Request (ServersTestFqdnHostnames:test_create_server_with_fqdn_name): 200 GET http://10.180.1.21/compute/v2.1/servers/3b852a19-9f86-486b-b98d-e87ffc54d943 0.049s
2024-10-22 18:05:00.237 61819 INFO tempest.lib.common.rest_client [req-eccb74cd-5c5b-472d-9753-fe1ed0ca3515 req-eccb74cd-5c5b-472d-9753-fe1ed0ca3515 ] Request (ServerPasswordTestJSON:setUpClass): 200 GET http://10.180.1.21/compute/v2.1/servers/cceaed50-e20f-45e4-9959-29dac2ecad30 0.044s
2024-10-22 18:05:00.270 61829 INFO tempest.lib.common.rest_client [req-fab8cc0f-c6a8-4ccb-ac75-3af0a231458f req-fab8cc0f-c6a8-4ccb-ac75-3af0a231458f ] Request (ServerTagsTestJSON:setUpClass): 200 GET http://10.180.1.21/compute/v2.1/servers/64efd676-9166-4ffa-a437-6fa6c466ace0 0.043s
2024-10-22 18:05:00.310 61858 INFO tempest.lib.common.rest_client [req-ee4c07a7-a110-4930-82aa-283f8c363f5c req-ee4c07a7-a110-4930-82aa-283f8c363f5c ] Request (SecurityGroupsTestJSON:test_list_security_groups_by_server): 200 GET http://10.180.1.21/compute/v2.1/servers/8c93ef89-5d27-48d3-8c44-79eb23d66ee3 0.042s
2024-10-22 18:05:00.517 61813 INFO tempest.lib.common.rest_client [req-3d75c3ab-9ff2-4b34-bb40-bd35d519b2c2 req-3d75c3ab-9ff2-4b34-bb40-bd35d519b2c2 ] Request (FloatingIPsAssociationNegativeTestJSON:setUpClass): 200 GET http://10.180.1.21/compute/v2.1/servers/72aa2816-5e02-4dc2-9d6a-c3e58c651224 0.050s
2024-10-22 18:05:00.524 61831 INFO tempest.lib.common.rest_client [req-af000a9e-4abf-4510-87e6-8c51ad8be38f req-af000a9e-4abf-4510-87e6-8c51ad8be38f ] Request (ServersWithSpecificFlavorTestJSON:test_verify_created_server_ephemeral_disk): 200 GET http://10.180.1.21/compute/v2.1/servers/762cbca7-4729-458a-b2af-2978723a25dc 0.050s
2024-10-22 18:05:00.562 61823 INFO tempest.lib.common.rest_client [req-1e7fbec8-a3ae-4db8-a9ae-c2d127d94aa8 req-1e7fbec8-a3ae-4db8-a9ae-c2d127d94aa8 ] Request (ServerGroupTestJSON:test_create_server_with_scheduler_hint_group): 200 GET http://10.180.1.21/compute/v2.1/servers/37b43ee9-f991-4d56-8fcc-192f6534f803 0.050s
2024-10-22 18:05:00.576 61839 INFO tempest.lib.common.rest_client [req-d30629ac-525e-4cd8-a44a-4459980482b8 req-d30629ac-525e-4cd8-a44a-4459980482b8 ] Request (ServerActionsV293TestJSON:setUpClass): 200 GET http://10.180.1.21/compute/v2.1/servers/0625ac10-55b4-488a-aba5-bdaa394045f4 0.046s
2024-10-22 18:05:00.615 61811 INFO tempest.lib.common.rest_client [req-5f6e994a-676e-4b2e-ac34-879d0b0f5c81 req-5f6e994a-676e-4b2e-ac34-879d0b0f5c81 ] Request (ServerDiagnosticsV248Test:test_get_server_diagnostics): 200 GET http://10.180.1.21/compute/v2.1/servers/b5163d89-ceb8-4c61-ae02-0ae3311b58a9 0.047s
2024-10-22 18:05:00.625 61835 INFO tempest.lib.common.rest_client [req-5335177c-0acf-4ed0-b6f9-00e19251e9b5 req-5335177c-0acf-4ed0-b6f9-00e19251e9b5 ] Request (ServersTestJSON:setUpClass): 200 GET http://10.180.1.21/compute/v2.1/servers/f7f5e05e-4191-4f3c-90a5-aa4f3f02fc9d 0.048s
2024-10-22 18:05:00.631 61835 INFO tempest.common.waiters [-] State transition "BUILD/spawning" ==> "ERROR/None" after 67 second wait
2024-10-22 18:05:00.660 61799 INFO tempest.lib.common.rest_client [req-702ec258-b7ce-4a11-9fea-122280a53096 req-702ec258-b7ce-4a11-9fea-122280a53096 ] Request (DeleteServersTestJSON:test_delete_active_server): 200 GET http://10.180.1.21/compute/v2.1/servers/9f2e0a06-b8c5-47e6-b8e3-d64fbf8fc47a 0.045s
2024-10-22 18:05:00.675 61795 INFO tempest.lib.common.rest_client [req-4405e282-ff84-476a-99ef-b120879245e2 req-4405e282-ff84-476a-99ef-b120879245e2 ] Request (ServersV294TestFqdnHostnames:setUpClass): 200 GET http://10.180.1.21/compute/v2.1/servers/3700deef-a438-4920-b35f-8fba370a5984 0.049s
2024-10-22 18:05:00.728 61803 INFO tempest.lib.common.rest_client [req-fc634ef9-ee12-4489-b602-7a98b64887d0 req-fc634ef9-ee12-4489-b602-7a98b64887d0 ] Request (ServersAdminTestJSON:setUpClass): 200 GET http://10.180.1.21/compute/v2.1/servers/06264429-11eb-4d64-9f6b-6587cf048c41 0.061s
2024-10-22 18:05:00.767 61797 INFO tempest.lib.common.rest_client [req-fe0e82f4-9e2b-4d22-84c2-06a9dd1a7ea0 req-fe0e82f4-9e2b-4d22-84c2-06a9dd1a7ea0 ] Request (ServersTestMultiNic:test_verify_duplicate_network_nics): 200 GET http://10.180.1.21/compute/v2.1/servers/5508a717-fb58-49b3-bfd1-b80d76a3c4e1 0.092s
2024-10-22 18:05:00.811 61825 INFO tempest.lib.common.rest_client [req-34f2dc23-08aa-4aca-9ea8-928f76c7b60c req-34f2dc23-08aa-4aca-9ea8-928f76c7b60c ] Request (ListServerFiltersTestJSON:setUpClass): 200 GET http://10.180.1.21/compute/v2.1/servers/461b2ef2-d665-47ab-affa-e525bffe561a 0.088s
2024-10-22 18:05:00.847 61835 INFO tempest.lib.common.rest_client [req-cf0908b4-71aa-4f8a-8e1b-e545b5475190 req-cf0908b4-71aa-4f8a-8e1b-e545b5475190 ] Request (ServersTestJSON:setUpClass): 204 DELETE http://10.180.1.21/compute/v2.1/servers/f7f5e05e-4191-4f3c-90a5-aa4f3f02fc9d 0.216s
2024-10-22 18:05:00.859 61805 INFO tempest.lib.common.rest_client [req-8295dc75-4e50-46f0-b394-f21b169c9c0c req-8295dc75-4e50-46f0-b394-f21b169c9c0c ] Request (InstanceActionsV221TestJSON:test_get_list_deleted_instance_actions): 200 GET http://10.180.1.21/compute/v2.1/servers/2451843a-fd32-450e-933e-e635c789834b 0.136s
2024-10-22 18:05:00.894 61827 INFO tempest.lib.common.rest_client [req-99044ae4-8870-452c-b094-490bde0574c1 req-99044ae4-8870-452c-b094-490bde0574c1 ] Request (FloatingIPsAssociationTestJSON:setUpClass): 200 GET http://10.180.1.21/compute/v2.1/servers/e2c498c5-3df1-4b99-a322-a598afd506f8 0.114s
2024-10-22 18:05:00.900 61817 INFO tempest.lib.common.rest_client [req-65ad36ce-e388-4589-9ecc-8642584a151e req-65ad36ce-e388-4589-9ecc-8642584a151e ] Request (ImagesOneServerTestJSON:setUpClass): 200 GET http://10.180.1.21/compute/v2.1/servers/0b223791-7e95-43fe-bef0-bac6222884ea 0.118s
2024-10-22 18:05:00.937 61815 INFO tempest.lib.common.rest_client [req-6b816632-5788-4363-996b-62da5b80c67c req-6b816632-5788-4363-996b-62da5b80c67c ] Request (ServerAddressesNegativeTestJSON:setUpClass): 200 GET http://10.180.1.21/compute/v2.1/servers/c887c01b-a67e-4e3e-9e17-1deb26e9b508 0.104s
2024-10-22 18:05:00.948 61849 INFO tempest.lib.common.rest_client [req-a85e4dbb-63f4-42aa-a8c1-8b56207ddcc7 req-a85e4dbb-63f4-42aa-a8c1-8b56207ddcc7 ] Request (ServersAaction247Test:test_create_backup): 200 GET http://10.180.1.21/compute/v2.1/servers/fd2d724a-76b6-405f-b003-54de2ad84f5a 0.109s
2024-10-22 18:05:00.954 61835 INFO tempest.lib.common.rest_client [req-fee236d0-8927-473a-bd75-1ae0bf6eb822 req-fee236d0-8927-473a-bd75-1ae0bf6eb822 ] Request (ServersTestJSON:setUpClass): 404 GET http://10.180.1.21/compute/v2.1/servers/f7f5e05e-4191-4f3c-90a5-aa4f3f02fc9d 0.106s
2024-10-22 18:05:00.954 61835 INFO tempest.test [-] raised in ServersTestJSON.setUpClass. Invoking tearDownClass.
2024-10-22 18:05:00.997 61855 INFO tempest.lib.common.rest_client [req-e692c4f7-3308-41cf-b6b0-a50536595003 req-e692c4f7-3308-41cf-b6b0-a50536595003 ] Request (ImagesTestJSON:test_create_image_from_stopped_server): 200 GET http://10.180.1.21/compute/v2.1/servers/d5131a9f-f4bd-40c8-98d1-043651537a16 0.109s
2024-10-22 18:05:01.001 61843 INFO tempest.lib.common.rest_client [req-741cc4f9-00ce-4f8f-8dee-e3d18d8ac1d7 req-741cc4f9-00ce-4f8f-8dee-e3d18d8ac1d7 ] Request (ServerRescueNegativeTestJSON:setUpClass): 200 GET http://10.180.1.21/compute/v2.1/servers/f6566092-9921-4a94-a0b5-a2d3803a9d18 0.112s
2024-10-22 18:05:01.015 61835 INFO tempest.lib.common.rest_client [req-d198670b-6bbc-4b08-9b4b-ebae786ce891 req-d198670b-6bbc-4b08-9b4b-ebae786ce891 ] Request (ServersTestJSON:tearDownClass): 202 DELETE http://10.180.1.21/compute/v2.1/os-keypairs/tempest-keypair-1163073978 0.060s
2024-10-22 18:05:01.041 61807 INFO tempest.lib.common.rest_client [req-66d73b6f-dea7-4eee-9aec-3d1942740eb2 req-66d73b6f-dea7-4eee-9aec-3d1942740eb2 ] Request (MigrationsAdminTest:test_resize_server_revert_deleted_flavor): 200 GET http://10.180.1.21/compute/v2.1/servers/b1bad82d-d7bf-4e58-bbf2-f3d68f214115 0.110s
2024-10-22 18:05:01.077 61841 INFO tempest.lib.common.rest_client [req-dd448fe4-69fb-4767-9197-95b8649b3c81 req-dd448fe4-69fb-4767-9197-95b8649b3c81 ] Request (ServersAdmin275Test:tearDownClass): 200 GET http://10.180.1.21/compute/v2.1/servers/1b1b2bac-67af-4921-a49a-429017ef7a3b 0.120s
2024-10-22 18:05:01.083 61809 INFO tempest.lib.common.rest_client [req-199a3d61-f70e-4d7c-a5b4-8e37fffef0e2 req-199a3d61-f70e-4d7c-a5b4-8e37fffef0e2 ] Request (ServerMetadataTestJSON:setUpClass): 200 GET http://10.180.1.21/compute/v2.1/servers/be8ac265-b214-4db5-9781-d171cee46538 0.105s
2024-10-22 18:05:01.106 61835 INFO tempest.lib.common.rest_client [req-102d03d9-6e41-43b9-a7da-d5991349adcb req-102d03d9-6e41-43b9-a7da-d5991349adcb ] Request (ServersTestJSON:tearDownClass): 204 DELETE http://10.180.1.21:9696/networking/v2.0/security-groups/39bdf58a-01e3-47c6-abd4-0ea6ae663988 0.090s
2024-10-22 18:05:01.113 61835 INFO tempest.lib.common.rest_client [req-32e97861-2914-4305-b3be-2c15867bd2cf req-32e97861-2914-4305-b3be-2c15867bd2cf ] Request (ServersTestJSON:tearDownClass): 404 GET http://10.180.1.21:9696/networking/v2.0/security-groups/39bdf58a-01e3-47c6-abd4-0ea6ae663988 0.007s
2024-10-22 18:05:01.128 61833 INFO tempest.lib.common.rest_client [req-7740f345-51fc-4966-815d-c4c9cbae80bd req-7740f345-51fc-4966-815d-c4c9cbae80bd ] Request (ListImageFiltersTestJSON:setUpClass): 200 GET http://10.180.1.21/compute/v2.1/servers/4072d5a6-f69d-4fb9-837b-7855054e5206 0.131s
2024-10-22 18:05:01.129 61801 INFO tempest.lib.common.rest_client [req-cd67db32-4279-400e-81a1-8d8f8ddf51a6 req-cd67db32-4279-400e-81a1-8d8f8ddf51a6 ] Request (ServerExternalEventsTest:test_create_server_external_events): 200 GET http://10.180.1.21/compute/v2.1/servers/25a896cb-fd91-4f16-a8cd-6de58fcfcc27 0.072s
2024-10-22 18:05:01.171 61854 INFO tempest.lib.common.rest_client [req-9b80b3b0-4cb1-4969-a601-d929ddaa89ba req-9b80b3b0-4cb1-4969-a601-d929ddaa89ba ] Request (ServersTestBootFromVolume:setUpClass): 200 GET http://10.180.1.21/compute/v2.1/servers/e02f41be-125a-4228-8136-9e6639a268a9 0.101s
2024-10-22 18:05:01.185 61837 INFO tempest.lib.common.rest_client [req-b6d07568-496b-4e54-97a3-d2a30694d4a2 req-b6d07568-496b-4e54-97a3-d2a30694d4a2 ] Request (ImagesOneServerNegativeTestJSON:setUpClass): 200 GET http://10.180.1.21/compute/v2.1/servers/b3d98e6f-4b45-4eaf-a79c-b683b32fe053 0.045s
2024-10-22 18:05:01.217 61851 INFO tempest.lib.common.rest_client [req-fa64dcc5-60b1-4b40-9cc2-01ef56a05000 req-fa64dcc5-60b1-4b40-9cc2-01ef56a05000 ] Request (VolumesAdminNegativeTest:test_update_attached_volume_with_nonexistent_volume_in_body): 200 GET http://10.180.1.21/compute/v2.1/servers/8efd391b-7b76-4167-bd18-48566271ccc8 0.069s
2024-10-22 18:05:01.244 61845 INFO tempest.lib.common.rest_client [req-002d2a8a-04ee-4adf-9463-af5d2ba9450d req-002d2a8a-04ee-4adf-9463-af5d2ba9450d ] Request (DeleteServersAdminTestJSON:test_delete_server_while_in_error_state): 200 GET http://10.180.1.21/compute/v2.1/servers/755cdc16-0eae-4978-917f-634a8ac7af8f 0.046s
2024-10-22 18:05:01.263 61821 INFO tempest.lib.common.rest_client [req-cc857204-0a19-4606-b969-e97c4281688c req-cc857204-0a19-4606-b969-e97c4281688c ] Request (ServersTestFqdnHostnames:test_create_server_with_fqdn_name): 200 GET http://10.180.1.21/compute/v2.1/servers/3b852a19-9f86-486b-b98d-e87ffc54d943 0.054s
2024-10-22 18:05:01.291 61819 INFO tempest.lib.common.rest_client [req-a2b8a6db-90d6-4680-a6a3-f8c0f4b0f645 req-a2b8a6db-90d6-4680-a6a3-f8c0f4b0f645 ] Request (ServerPasswordTestJSON:setUpClass): 200 GET http://10.180.1.21/compute/v2.1/servers/cceaed50-e20f-45e4-9959-29dac2ecad30 0.047s
2024-10-22 18:05:01.329 61829 INFO tempest.lib.common.rest_client [req-fade23ac-9f48-4be5-a11a-5bf4f74b3e81 req-fade23ac-9f48-4be5-a11a-5bf4f74b3e81 ] Request (ServerTagsTestJSON:setUpClass): 200 GET http://10.180.1.21/compute/v2.1/servers/64efd676-9166-4ffa-a437-6fa6c466ace0 0.052s
2024-10-22 18:05:01.332 61835 INFO tempest.lib.common.rest_client [req-6c4c5227-8bae-49f8-b850-133d4f0afff0 req-6c4c5227-8bae-49f8-b850-133d4f0afff0 ] Request (ServersTestJSON:tearDownClass): 204 DELETE http://10.180.1.21:9696/networking/v2.0/floatingips/87960b60-6500-4e25-905a-efc6bf539134 0.218s
2024-10-22 18:05:01.373 61858 INFO tempest.lib.common.rest_client [req-d3185c31-81d7-4c84-9c0d-5ac076d3dfc0 req-d3185c31-81d7-4c84-9c0d-5ac076d3dfc0 ] Request (SecurityGroupsTestJSON:test_list_security_groups_by_server): 200 GET http://10.180.1.21/compute/v2.1/servers/8c93ef89-5d27-48d3-8c44-79eb23d66ee3 0.055s
2024-10-22 18:05:01.594 61831 INFO tempest.lib.common.rest_client [req-e53d8270-32cb-4a88-b774-c04acbe71e89 req-e53d8270-32cb-4a88-b774-c04acbe71e89 ] Request (ServersWithSpecificFlavorTestJSON:test_verify_created_server_ephemeral_disk): 200 GET http://10.180.1.21/compute/v2.1/servers/762cbca7-4729-458a-b2af-2978723a25dc 0.063s
2024-10-22 18:05:01.603 61831 INFO tempest.common.waiters [-] State transition "BUILD/None" ==> "BUILD/networking" after 49 second wait
2024-10-22 18:05:01.603 61813 INFO tempest.lib.common.rest_client [req-1d89a422-06ac-4cf1-80a5-535178bba7b3 req-1d89a422-06ac-4cf1-80a5-535178bba7b3 ] Request (FloatingIPsAssociationNegativeTestJSON:setUpClass): 200 GET http://10.180.1.21/compute/v2.1/servers/72aa2816-5e02-4dc2-9d6a-c3e58c651224 0.078s
2024-10-22 18:05:01.645 61823 INFO tempest.lib.common.rest_client [req-31d1da05-748b-4add-bdfb-7a7a3be1b5b1 req-31d1da05-748b-4add-bdfb-7a7a3be1b5b1 ] Request (ServerGroupTestJSON:test_create_server_with_scheduler_hint_group): 200 GET http://10.180.1.21/compute/v2.1/servers/37b43ee9-f991-4d56-8fcc-192f6534f803 0.075s
2024-10-22 18:05:01.661 61839 INFO tempest.lib.common.rest_client [req-14db840b-ae80-4a9e-8ddc-ed7c9467fef9 req-14db840b-ae80-4a9e-8ddc-ed7c9467fef9 ] Request (ServerActionsV293TestJSON:setUpClass): 200 GET http://10.180.1.21/compute/v2.1/servers/0625ac10-55b4-488a-aba5-bdaa394045f4 0.077s
2024-10-22 18:05:01.710 61811 INFO tempest.lib.common.rest_client [req-8026d09f-fdc7-4230-9601-3757f6d11e27 req-8026d09f-fdc7-4230-9601-3757f6d11e27 ] Request (ServerDiagnosticsV248Test:test_get_server_diagnostics): 200 GET http://10.180.1.21/compute/v2.1/servers/b5163d89-ceb8-4c61-ae02-0ae3311b58a9 0.087s
2024-10-22 18:05:01.735 61799 INFO tempest.lib.common.rest_client [req-035a96a5-186a-40b8-a5ba-31b7681b4c01 req-035a96a5-186a-40b8-a5ba-31b7681b4c01 ] Request (DeleteServersTestJSON:test_delete_active_server): 200 GET http://10.180.1.21/compute/v2.1/servers/9f2e0a06-b8c5-47e6-b8e3-d64fbf8fc47a 0.067s
2024-10-22 18:05:01.786 61795 INFO tempest.lib.common.rest_client [req-dd3c3acf-a7e9-4ba8-af17-e3ecfcf398b9 req-dd3c3acf-a7e9-4ba8-af17-e3ecfcf398b9 ] Request (ServersV294TestFqdnHostnames:setUpClass): 200 GET http://10.180.1.21/compute/v2.1/servers/3700deef-a438-4920-b35f-8fba370a5984 0.102s
2024-10-22 18:05:01.805 61803 INFO tempest.lib.common.rest_client [req-e744111f-e1dd-41b4-91f8-a6c7e435bad6 req-e744111f-e1dd-41b4-91f8-a6c7e435bad6 ] Request (ServersAdminTestJSON:setUpClass): 200 GET http://10.180.1.21/compute/v2.1/servers/06264429-11eb-4d64-9f6b-6587cf048c41 0.071s
2024-10-22 18:05:01.838 61797 INFO tempest.lib.common.rest_client [req-0433ee4d-a4bd-433a-982b-8087f125be5c req-0433ee4d-a4bd-433a-982b-8087f125be5c ] Request (ServersTestMultiNic:test_verify_duplicate_network_nics): 200 GET http://10.180.1.21/compute/v2.1/servers/5508a717-fb58-49b3-bfd1-b80d76a3c4e1 0.063s
2024-10-22 18:05:01.880 61825 INFO tempest.lib.common.rest_client [req-28490cdf-7a49-4201-a5a9-5fd02cb5fdfd req-28490cdf-7a49-4201-a5a9-5fd02cb5fdfd ] Request (ListServerFiltersTestJSON:setUpClass): 200 GET http://10.180.1.21/compute/v2.1/servers/461b2ef2-d665-47ab-affa-e525bffe561a 0.060s
2024-10-22 18:05:01.921 61805 INFO tempest.lib.common.rest_client [req-87f36a7c-319c-44d7-9d21-6c9d3dc521d3 req-87f36a7c-319c-44d7-9d21-6c9d3dc521d3 ] Request (InstanceActionsV221TestJSON:test_get_list_deleted_instance_actions): 200 GET http://10.180.1.21/compute/v2.1/servers/2451843a-fd32-450e-933e-e635c789834b 0.054s
2024-10-22 18:05:01.958 61827 INFO tempest.lib.common.rest_client [req-88b67711-e704-4e19-8fff-62f4f071fb0f req-88b67711-e704-4e19-8fff-62f4f071fb0f ] Request (FloatingIPsAssociationTestJSON:setUpClass): 200 GET http://10.180.1.21/compute/v2.1/servers/e2c498c5-3df1-4b99-a322-a598afd506f8 0.056s
2024-10-22 18:05:01.973 61817 INFO tempest.lib.common.rest_client [req-e81c4f37-c75c-410b-b608-79a16588062e req-e81c4f37-c75c-410b-b608-79a16588062e ] Request (ImagesOneServerTestJSON:setUpClass): 200 GET http://10.180.1.21/compute/v2.1/servers/0b223791-7e95-43fe-bef0-bac6222884ea 0.066s
2024-10-22 18:05:02.006 61815 INFO tempest.lib.common.rest_client [req-abd72f55-69bc-4b76-b6e7-bca4b912c717 req-abd72f55-69bc-4b76-b6e7-bca4b912c717 ] Request (ServerAddressesNegativeTestJSON:setUpClass): 200 GET http://10.180.1.21/compute/v2.1/servers/c887c01b-a67e-4e3e-9e17-1deb26e9b508 0.063s
2024-10-22 18:05:02.028 61849 INFO tempest.lib.common.rest_client [req-a91c3198-2712-46b8-a3c7-eff1af77587a req-a91c3198-2712-46b8-a3c7-eff1af77587a ] Request (ServersAaction247Test:test_create_backup): 200 GET http://10.180.1.21/compute/v2.1/servers/fd2d724a-76b6-405f-b003-54de2ad84f5a 0.070s
2024-10-22 18:05:02.085 61843 INFO tempest.lib.common.rest_client [req-68cc3b74-a574-4a4e-a38a-a53ab492baff req-68cc3b74-a574-4a4e-a38a-a53ab492baff ] Request (ServerRescueNegativeTestJSON:setUpClass): 200 GET http://10.180.1.21/compute/v2.1/servers/f6566092-9921-4a94-a0b5-a2d3803a9d18 0.074s
2024-10-22 18:05:02.085 61855 INFO tempest.lib.common.rest_client [req-bc459cd5-3b4c-4f4c-a2f8-2b73ccc92f3a req-bc459cd5-3b4c-4f4c-a2f8-2b73ccc92f3a ] Request (ImagesTestJSON:test_create_image_from_stopped_server): 200 GET http://10.180.1.21/compute/v2.1/servers/d5131a9f-f4bd-40c8-98d1-043651537a16 0.082s
2024-10-22 18:05:02.144 61807 INFO tempest.lib.common.rest_client [req-b394632a-eabc-4de0-b652-4fac71df86d9 req-b394632a-eabc-4de0-b652-4fac71df86d9 ] Request (MigrationsAdminTest:test_resize_server_revert_deleted_flavor): 200 GET http://10.180.1.21/compute/v2.1/servers/b1bad82d-d7bf-4e58-bbf2-f3d68f214115 0.095s
2024-10-22 18:05:02.149 61841 INFO tempest.lib.common.rest_client [req-d59805f6-1d1c-4b9b-9b6f-978da87b823b req-d59805f6-1d1c-4b9b-9b6f-978da87b823b ] Request (ServersAdmin275Test:tearDownClass): 200 GET http://10.180.1.21/compute/v2.1/servers/1b1b2bac-67af-4921-a49a-429017ef7a3b 0.063s
2024-10-22 18:05:02.198 61809 INFO tempest.lib.common.rest_client [req-4a3d67b9-e3ea-4ae2-92d2-2dc31c79cd28 req-4a3d67b9-e3ea-4ae2-92d2-2dc31c79cd28 ] Request (ServerMetadataTestJSON:setUpClass): 200 GET http://10.180.1.21/compute/v2.1/servers/be8ac265-b214-4db5-9781-d171cee46538 0.104s
2024-10-22 18:05:02.201 61801 INFO tempest.lib.common.rest_client [req-99bff123-831a-4bab-9e55-076a1788af97 req-99bff123-831a-4bab-9e55-076a1788af97 ] Request (ServerExternalEventsTest:test_create_server_external_events): 200 GET http://10.180.1.21/compute/v2.1/servers/25a896cb-fd91-4f16-a8cd-6de58fcfcc27 0.065s
2024-10-22 18:05:02.251 61833 INFO tempest.lib.common.rest_client [req-b2f33a63-90b1-44a6-9517-df86495d3586 req-b2f33a63-90b1-44a6-9517-df86495d3586 ] Request (ListImageFiltersTestJSON:setUpClass): 200 GET http://10.180.1.21/compute/v2.1/servers/4072d5a6-f69d-4fb9-837b-7855054e5206 0.115s
2024-10-22 18:05:02.252 61854 INFO tempest.lib.common.rest_client [req-22262e19-ab4f-4f74-8581-9c1e533b6e40 req-22262e19-ab4f-4f74-8581-9c1e533b6e40 ] Request (ServersTestBootFromVolume:setUpClass): 200 GET http://10.180.1.21/compute/v2.1/servers/e02f41be-125a-4228-8136-9e6639a268a9 0.073s
2024-10-22 18:05:02.301 61837 INFO tempest.lib.common.rest_client [req-71171d1b-0fa2-48c2-8def-23240a891686 req-71171d1b-0fa2-48c2-8def-23240a891686 ] Request (ImagesOneServerNegativeTestJSON:setUpClass): 200 GET http://10.180.1.21/compute/v2.1/servers/b3d98e6f-4b45-4eaf-a79c-b683b32fe053 0.109s
2024-10-22 18:05:02.305 61851 INFO tempest.lib.common.rest_client [req-f9315669-ef2d-4d8b-8df8-a59247f61777 req-f9315669-ef2d-4d8b-8df8-a59247f61777 ] Request (VolumesAdminNegativeTest:test_update_attached_volume_with_nonexistent_volume_in_body): 200 GET http://10.180.1.21/compute/v2.1/servers/8efd391b-7b76-4167-bd18-48566271ccc8 0.080s
2024-10-22 18:05:02.359 61845 INFO tempest.lib.common.rest_client [req-c2342b26-1140-4721-9974-bc4cc3ff8254 req-c2342b26-1140-4721-9974-bc4cc3ff8254 ] Request (DeleteServersAdminTestJSON:test_delete_server_while_in_error_state): 200 GET http://10.180.1.21/compute/v2.1/servers/755cdc16-0eae-4978-917f-634a8ac7af8f 0.104s
2024-10-22 18:05:02.367 61821 INFO tempest.lib.common.rest_client [req-58228070-6366-41c9-818e-2c6a1a7d675e req-58228070-6366-41c9-818e-2c6a1a7d675e ] Request (ServersTestFqdnHostnames:test_create_server_with_fqdn_name): 200 GET http://10.180.1.21/compute/v2.1/servers/3b852a19-9f86-486b-b98d-e87ffc54d943 0.096s
2024-10-22 18:05:02.370 61835 INFO tempest.lib.common.rest_client [req-e2d6f9c5-be8e-4570-8f4a-d938067a90ca req-e2d6f9c5-be8e-4570-8f4a-d938067a90ca ] Request (ServersTestJSON:tearDownClass): 200 PUT http://10.180.1.21:9696/networking/v2.0/routers/a1932ee0-b8f7-490e-b385-3182e27758ca/remove_router_interface 1.038s
2024-10-22 18:05:02.429 61819 INFO tempest.lib.common.rest_client [req-4ac711de-9fff-40bb-a7fe-fdc19f8f832e req-4ac711de-9fff-40bb-a7fe-fdc19f8f832e ] Request (ServerPasswordTestJSON:setUpClass): 200 GET http://10.180.1.21/compute/v2.1/servers/cceaed50-e20f-45e4-9959-29dac2ecad30 0.131s
2024-10-22 18:05:02.436 61829 INFO tempest.lib.common.rest_client [req-9091705a-c6ae-40f5-bc86-e4d32509bd8b req-9091705a-c6ae-40f5-bc86-e4d32509bd8b ] Request (ServerTagsTestJSON:setUpClass): 200 GET http://10.180.1.21/compute/v2.1/servers/64efd676-9166-4ffa-a437-6fa6c466ace0 0.093s
2024-10-22 18:05:02.491 61858 INFO tempest.lib.common.rest_client [req-19677d11-be43-4d0f-917b-e750f403df3c req-19677d11-be43-4d0f-917b-e750f403df3c ] Request (SecurityGroupsTestJSON:test_list_security_groups_by_server): 200 GET http://10.180.1.21/compute/v2.1/servers/8c93ef89-5d27-48d3-8c44-79eb23d66ee3 0.112s
2024-10-22 18:05:02.681 61813 INFO tempest.lib.common.rest_client [req-495097d6-9de8-4f44-97b6-95f04fc6726f req-495097d6-9de8-4f44-97b6-95f04fc6726f ] Request (FloatingIPsAssociationNegativeTestJSON:setUpClass): 200 GET http://10.180.1.21/compute/v2.1/servers/72aa2816-5e02-4dc2-9d6a-c3e58c651224 0.069s
2024-10-22 18:05:02.756 61823 INFO tempest.lib.common.rest_client [req-e5843135-636d-4969-8065-d1da50a00dbe req-e5843135-636d-4969-8065-d1da50a00dbe ] Request (ServerGroupTestJSON:test_create_server_with_scheduler_hint_group): 200 GET http://10.180.1.21/compute/v2.1/servers/37b43ee9-f991-4d56-8fcc-192f6534f803 0.104s
2024-10-22 18:05:02.815 61831 INFO tempest.lib.common.rest_client [req-c31a3ddc-7981-413b-a2f9-7ca76672f950 req-c31a3ddc-7981-413b-a2f9-7ca76672f950 ] Request (ServersWithSpecificFlavorTestJSON:test_verify_created_server_ephemeral_disk): 200 GET http://10.180.1.21/compute/v2.1/servers/762cbca7-4729-458a-b2af-2978723a25dc 0.212s
2024-10-22 18:05:02.817 61839 INFO tempest.lib.common.rest_client [req-19c0f938-38a6-4e33-8955-5dbb2697d3c6 req-19c0f938-38a6-4e33-8955-5dbb2697d3c6 ] Request (ServerActionsV293TestJSON:setUpClass): 200 GET http://10.180.1.21/compute/v2.1/servers/0625ac10-55b4-488a-aba5-bdaa394045f4 0.142s
2024-10-22 18:05:02.817 61835 INFO tempest.lib.common.rest_client [req-643ff811-a903-408a-821c-c3e312821823 req-643ff811-a903-408a-821c-c3e312821823 ] Request (ServersTestJSON:tearDownClass): 204 DELETE http://10.180.1.21:9696/networking/v2.0/routers/a1932ee0-b8f7-490e-b385-3182e27758ca 0.446s
2024-10-22 18:05:02.822 61831 INFO tempest.common.waiters [-] State transition "BUILD/networking" ==> "BUILD/spawning" after 50 second wait
2024-10-22 18:05:02.869 61811 INFO tempest.lib.common.rest_client [req-3cd0bb4d-1d69-4555-a4ac-09f292e0d7e4 req-3cd0bb4d-1d69-4555-a4ac-09f292e0d7e4 ] Request (ServerDiagnosticsV248Test:test_get_server_diagnostics): 200 GET http://10.180.1.21/compute/v2.1/servers/b5163d89-ceb8-4c61-ae02-0ae3311b58a9 0.147s
