2024-10-22 18:03:34.017 61851 WARNING oslo_config.cfg [-] Deprecated: Option "import_image" from group "image-feature-enabled" is deprecated for removal (Issue with image import in WSGI mode was fixed in Victoria, and this feature works in any deployment architecture now.). Its value may be silently ignored in the future.
2024-10-22 18:03:34.017 61851 WARNING oslo_config.cfg [-] Deprecated: Option "os_glance_reserved" from group "image-feature-enabled" is deprecated for removal (os_glance namespace is always reserved since Wallaby). Its value may be silently ignored in the future.
2024-10-22 18:03:34.032 61813 INFO tempest [-] Using tempest config file /opt/stack/testrun/etc/tempest.conf
2024-10-22 18:03:34.051 61813 WARNING oslo_config.cfg [-] Deprecated: Option "auth_version" from group "identity" is deprecated for removal (Identity v2 API was removed and v3 is the only available identity API version now). Its value may be silently ignored in the future.
2024-10-22 18:03:34.052 61813 WARNING oslo_config.cfg [-] Deprecated: Option "access_rules" from group "identity-feature-enabled" is deprecated for removal (Access rules for application credentials is a default feature since Train). Its value may be silently ignored in the future.
2024-10-22 18:03:34.056 61819 INFO tempest.lib.common.rest_client [req-e203c295-0af1-4c62-83bf-57c26b7ee232 req-e203c295-0af1-4c62-83bf-57c26b7ee232 ] Request (HostsAdminNegativeTestJSON:setUpClass): 200 GET http://10.180.1.21/compute/v2.1/os-hosts 0.105s
2024-10-22 18:03:34.060 61813 WARNING oslo_config.cfg [-] Deprecated: Option "import_image" from group "image-feature-enabled" is deprecated for removal (Issue with image import in WSGI mode was fixed in Victoria, and this feature works in any deployment architecture now.). Its value may be silently ignored in the future.
2024-10-22 18:03:34.060 61813 WARNING oslo_config.cfg [-] Deprecated: Option "os_glance_reserved" from group "image-feature-enabled" is deprecated for removal (os_glance namespace is always reserved since Wallaby). Its value may be silently ignored in the future.
2024-10-22 18:03:34.077 61795 INFO tempest.lib.common.rest_client [req-974e7797-9132-4ce0-92fa-dc1ebfe2fe8f req-974e7797-9132-4ce0-92fa-dc1ebfe2fe8f ] Request (FlavorsExtraSpecsNegativeTestJSON:setUpClass): 201 POST http://10.180.1.21/identity/v3/users 0.063s
2024-10-22 18:03:34.111 61795 INFO tempest.lib.common.rest_client [req-9961a80b-8402-48da-9028-63d246cd24dd req-9961a80b-8402-48da-9028-63d246cd24dd ] Request (FlavorsExtraSpecsNegativeTestJSON:setUpClass): 200 GET http://10.180.1.21/identity/v3/roles 0.033s
2024-10-22 18:03:34.133 61845 INFO tempest [-] Using tempest config file /opt/stack/testrun/etc/tempest.conf
2024-10-22 18:03:34.141 61795 INFO tempest.lib.common.rest_client [req-ea427c9c-d80d-49f6-b3d0-a0756bd1b730 req-ea427c9c-d80d-49f6-b3d0-a0756bd1b730 ] Request (FlavorsExtraSpecsNegativeTestJSON:setUpClass): 204 PUT http://10.180.1.21/identity/v3/projects/3d47d7a4481045ca9c1e5e2315debca1/users/94d79c1b11e341008dda168364715269/roles/1fcf9f6e4c0c436096eb5325b74fd9e0 0.029s
2024-10-22 18:03:34.141 61795 INFO tempest.lib.common.dynamic_creds [-] Dynamic test user 94d79c1b11e341008dda168364715269 is created with scope project and roles: ['member']
2024-10-22 18:03:34.141 61795 INFO tempest.lib.common.dynamic_creds [-] Acquired dynamic creds: credentials: Credentials: {'domain_id': 'default', 'domain_name': 'Default', 'username': 'tempest-FlavorsExtraSpecsNegativeTestJSON-1607137207-project-member', 'project_domain_id': 'default', 'project_domain_name': 'Default', 'project_id': '3d47d7a4481045ca9c1e5e2315debca1', 'project_name': 'tempest-FlavorsExtraSpecsNegativeTestJSON-1607137207', 'tenant_id': '3d47d7a4481045ca9c1e5e2315debca1', 'tenant_name': 'tempest-FlavorsExtraSpecsNegativeTestJSON-1607137207', 'user_domain_id': 'default', 'user_domain_name': 'Default', 'user_id': '94d79c1b11e341008dda168364715269', 'system': None}, Network: None, Subnet: None, Router: None
2024-10-22 18:03:34.141 61795 INFO tempest.lib.common.dynamic_creds [-] Created isolated network resources for: credentials: Credentials: {'domain_id': 'default', 'domain_name': 'Default', 'username': 'tempest-FlavorsExtraSpecsNegativeTestJSON-1607137207-project-member', 'project_domain_id': 'default', 'project_domain_name': 'Default', 'project_id': '3d47d7a4481045ca9c1e5e2315debca1', 'project_name': 'tempest-FlavorsExtraSpecsNegativeTestJSON-1607137207', 'tenant_id': '3d47d7a4481045ca9c1e5e2315debca1', 'tenant_name': 'tempest-FlavorsExtraSpecsNegativeTestJSON-1607137207', 'user_domain_id': 'default', 'user_domain_name': 'Default', 'user_id': '94d79c1b11e341008dda168364715269', 'system': None}, Network: None, Subnet: None, Router: None
2024-10-22 18:03:34.146 61833 INFO tempest [-] Using tempest config file /opt/stack/testrun/etc/tempest.conf
2024-10-22 18:03:34.149 61833 WARNING oslo_config.cfg [-] Deprecated: Option "auth_version" from group "identity" is deprecated for removal (Identity v2 API was removed and v3 is the only available identity API version now). Its value may be silently ignored in the future.
2024-10-22 18:03:34.150 61833 WARNING oslo_config.cfg [-] Deprecated: Option "access_rules" from group "identity-feature-enabled" is deprecated for removal (Access rules for application credentials is a default feature since Train). Its value may be silently ignored in the future.
2024-10-22 18:03:34.150 61833 WARNING oslo_config.cfg [-] Deprecated: Option "import_image" from group "image-feature-enabled" is deprecated for removal (Issue with image import in WSGI mode was fixed in Victoria, and this feature works in any deployment architecture now.). Its value may be silently ignored in the future.
2024-10-22 18:03:34.150 61833 WARNING oslo_config.cfg [-] Deprecated: Option "os_glance_reserved" from group "image-feature-enabled" is deprecated for removal (os_glance namespace is always reserved since Wallaby). Its value may be silently ignored in the future.
2024-10-22 18:03:34.155 61845 WARNING oslo_config.cfg [-] Deprecated: Option "auth_version" from group "identity" is deprecated for removal (Identity v2 API was removed and v3 is the only available identity API version now). Its value may be silently ignored in the future.
2024-10-22 18:03:34.156 61845 WARNING oslo_config.cfg [-] Deprecated: Option "access_rules" from group "identity-feature-enabled" is deprecated for removal (Access rules for application credentials is a default feature since Train). Its value may be silently ignored in the future.
2024-10-22 18:03:34.156 61845 WARNING oslo_config.cfg [-] Deprecated: Option "import_image" from group "image-feature-enabled" is deprecated for removal (Issue with image import in WSGI mode was fixed in Victoria, and this feature works in any deployment architecture now.). Its value may be silently ignored in the future.
2024-10-22 18:03:34.157 61845 WARNING oslo_config.cfg [-] Deprecated: Option "os_glance_reserved" from group "image-feature-enabled" is deprecated for removal (os_glance namespace is always reserved since Wallaby). Its value may be silently ignored in the future.
2024-10-22 18:03:34.188 61819 INFO tempest.lib.common.rest_client [req-9033c660-26c7-49cb-81ee-1431b864c202 req-9033c660-26c7-49cb-81ee-1431b864c202 ] Request (HostsAdminNegativeTestJSON:test_list_hosts_with_non_admin_user): 403 GET http://10.180.1.21/compute/v2.1/os-hosts 0.111s
2024-10-22 18:03:34.230 61855 INFO tempest.lib.common.rest_client [req-da1e6101-c25f-4947-a453-ec5bc18b51ce req-da1e6101-c25f-4947-a453-ec5bc18b51ce ] Request (FlavorsAccessTestJSON:setUpClass): 201 POST http://10.180.1.21/identity/v3/auth/tokens 0.074s
2024-10-22 18:03:34.253 61795 INFO tempest.lib.common.rest_client [req-cbf3c20c-1d05-42d9-adff-f95eafc58094 req-cbf3c20c-1d05-42d9-adff-f95eafc58094 ] Request (FlavorsExtraSpecsNegativeTestJSON:setUpClass): 201 POST http://10.180.1.21/identity/v3/auth/tokens 0.081s
2024-10-22 18:03:34.271 61855 INFO tempest.lib.common.rest_client [req-918a388e-b7c9-459f-9298-5a7c67954ab8 req-918a388e-b7c9-459f-9298-5a7c67954ab8 ] Request (FlavorsAccessTestJSON:setUpClass): 201 POST http://10.180.1.21/identity/v3/auth/tokens 0.031s
2024-10-22 18:03:34.280 61858 INFO tempest.lib.common.rest_client [req-b52e72ea-725c-4913-9942-667d209618ad req-b52e72ea-725c-4913-9942-667d209618ad ] Request (KeyPairsV210TestJSON:setUpClass): 201 POST http://10.180.1.21/identity/v3/auth/tokens 0.031s
2024-10-22 18:03:34.282 61831 INFO tempest [-] Using tempest config file /opt/stack/testrun/etc/tempest.conf
2024-10-22 18:03:34.299 61795 INFO tempest.lib.common.rest_client [req-5806f70b-7d27-47a4-8c98-bd3267e065a7 req-5806f70b-7d27-47a4-8c98-bd3267e065a7 ] Request (FlavorsExtraSpecsNegativeTestJSON:setUpClass): 201 POST http://10.180.1.21/identity/v3/projects 0.045s
2024-10-22 18:03:34.316 61831 WARNING oslo_config.cfg [-] Deprecated: Option "auth_version" from group "identity" is deprecated for removal (Identity v2 API was removed and v3 is the only available identity API version now). Its value may be silently ignored in the future.
2024-10-22 18:03:34.317 61831 WARNING oslo_config.cfg [-] Deprecated: Option "access_rules" from group "identity-feature-enabled" is deprecated for removal (Access rules for application credentials is a default feature since Train). Its value may be silently ignored in the future.
2024-10-22 18:03:34.318 61831 WARNING oslo_config.cfg [-] Deprecated: Option "import_image" from group "image-feature-enabled" is deprecated for removal (Issue with image import in WSGI mode was fixed in Victoria, and this feature works in any deployment architecture now.). Its value may be silently ignored in the future.
2024-10-22 18:03:34.318 61831 WARNING oslo_config.cfg [-] Deprecated: Option "os_glance_reserved" from group "image-feature-enabled" is deprecated for removal (os_glance namespace is always reserved since Wallaby). Its value may be silently ignored in the future.
2024-10-22 18:03:34.343 61855 INFO tempest.lib.common.rest_client [req-e2cfaeb8-0b85-4600-9879-4a4e443e4ace req-e2cfaeb8-0b85-4600-9879-4a4e443e4ace ] Request (FlavorsAccessTestJSON:setUpClass): 200 GET http://10.180.1.21/identity/v3/domains?name=Default 0.071s
2024-10-22 18:03:34.350 61819 INFO tempest.lib.common.rest_client [req-76cebe20-c76f-4028-aaf1-d6bfd750f490 req-76cebe20-c76f-4028-aaf1-d6bfd750f490 ] Request (HostsAdminNegativeTestJSON:test_reboot_host_with_non_admin_user): 403 GET http://10.180.1.21/compute/v2.1/os-hosts/devstack/reboot 0.012s
2024-10-22 18:03:34.371 61805 INFO tempest.lib.common.rest_client [req-51792c03-5e6e-4320-b323-29a2d10d0eea req-51792c03-5e6e-4320-b323-29a2d10d0eea ] Request (FlavorsExtraSpecsTestJSON:setUpClass): 201 POST http://10.180.1.21/identity/v3/auth/tokens 0.097s
2024-10-22 18:03:34.388 61819 INFO tempest.lib.common.rest_client [req-5314c615-672a-498d-bfd6-fe08329a9d3c req-5314c615-672a-498d-bfd6-fe08329a9d3c ] Request (HostsAdminNegativeTestJSON:test_reboot_nonexistent_host): 404 GET http://10.180.1.21/compute/v2.1/os-hosts/nonexistent_hostname/reboot 0.037s
2024-10-22 18:03:34.390 61829 INFO tempest.lib.common.rest_client [req-93806e5a-3003-4748-af76-1ae304f70fa0 req-93806e5a-3003-4748-af76-1ae304f70fa0 ] Request (InstanceUsageAuditLogNegativeTestJSON:test_instance_usage_audit_logs_with_nonadmin_user): 403 GET http://10.180.1.21/compute/v2.1/os-instance_usage_audit_log 0.141s
2024-10-22 18:03:34.394 61858 INFO tempest.lib.common.rest_client [req-57809ad1-1684-4b6a-a7f3-353eab7006ec req-57809ad1-1684-4b6a-a7f3-353eab7006ec ] Request (KeyPairsV210TestJSON:setUpClass): 201 POST http://10.180.1.21/identity/v3/auth/tokens 0.106s
2024-10-22 18:03:34.406 61819 INFO tempest.lib.common.rest_client [req-b4135608-5b67-48ff-98d2-a4f833562f38 req-b4135608-5b67-48ff-98d2-a4f833562f38 ] Request (HostsAdminNegativeTestJSON:test_show_host_detail_with_non_admin_user): 403 GET http://10.180.1.21/compute/v2.1/os-hosts/devstack 0.012s
2024-10-22 18:03:34.410 61829 INFO tempest.lib.common.rest_client [req-4a9a4281-1f04-429b-b054-9ab4fda7d151 req-4a9a4281-1f04-429b-b054-9ab4fda7d151 ] Request (InstanceUsageAuditLogNegativeTestJSON:test_instance_usage_audit_logs_with_nonadmin_user): 403 GET http://10.180.1.21/compute/v2.1/os-instance_usage_audit_log/2024-10-22%2018%3A03%3A34 0.019s
2024-10-22 18:03:34.415 61795 INFO tempest.lib.common.rest_client [req-3b06bf6e-de8b-4f0e-8e5e-7dca42d775b7 req-3b06bf6e-de8b-4f0e-8e5e-7dca42d775b7 ] Request (FlavorsExtraSpecsNegativeTestJSON:setUpClass): 201 POST http://10.180.1.21/identity/v3/users 0.115s
2024-10-22 18:03:34.418 61855 INFO tempest.lib.common.rest_client [req-1e7cdc1f-b220-4de3-bc0d-98500535fbec req-1e7cdc1f-b220-4de3-bc0d-98500535fbec ] Request (FlavorsAccessTestJSON:setUpClass): 201 POST http://10.180.1.21/identity/v3/projects 0.071s
2024-10-22 18:03:34.431 61819 INFO tempest.lib.common.rest_client [req-98df957b-09c1-49fa-925d-4f57a697cbeb req-98df957b-09c1-49fa-925d-4f57a697cbeb ] Request (HostsAdminNegativeTestJSON:test_show_host_detail_with_nonexistent_hostname): 404 GET http://10.180.1.21/compute/v2.1/os-hosts/nonexistent_hostname 0.024s
2024-10-22 18:03:34.440 61819 INFO tempest.lib.common.rest_client [req-a8a790c6-3b57-4878-a8e6-b4b3c58a6c20 req-a8a790c6-3b57-4878-a8e6-b4b3c58a6c20 ] Request (HostsAdminNegativeTestJSON:test_shutdown_host_with_non_admin_user): 403 GET http://10.180.1.21/compute/v2.1/os-hosts/devstack/shutdown 0.008s
2024-10-22 18:03:34.455 61815 INFO tempest.lib.common.rest_client [req-0f336735-3ac3-46be-98c6-893b277f0108 req-0f336735-3ac3-46be-98c6-893b277f0108 ] Request (QuotasAdminTestJSON:setUpClass): 201 POST http://10.180.1.21/identity/v3/auth/tokens 0.104s
2024-10-22 18:03:34.464 61819 INFO tempest.lib.common.rest_client [req-6213eb18-f25e-4d85-9458-d17a6a15561c req-6213eb18-f25e-4d85-9458-d17a6a15561c ] Request (HostsAdminNegativeTestJSON:test_shutdown_nonexistent_host): 404 GET http://10.180.1.21/compute/v2.1/os-hosts/nonexistent_hostname/shutdown 0.020s
2024-10-22 18:03:34.467 61858 INFO tempest.lib.common.rest_client [req-d31f71b4-074c-4f29-9764-a7941ba88bd6 req-d31f71b4-074c-4f29-9764-a7941ba88bd6 ] Request (KeyPairsV210TestJSON:setUpClass): 200 GET http://10.180.1.21/identity/v3/domains?name=Default 0.071s
2024-10-22 18:03:34.474 61805 INFO tempest.lib.common.rest_client [req-826aa9db-af66-4b1a-95e9-509fd7a06595 req-826aa9db-af66-4b1a-95e9-509fd7a06595 ] Request (FlavorsExtraSpecsTestJSON:setUpClass): 201 POST http://10.180.1.21/identity/v3/auth/tokens 0.098s
2024-10-22 18:03:34.476 61819 INFO tempest.lib.common.rest_client [req-ea4ebd99-5285-4dcf-a645-07c8161168f0 req-ea4ebd99-5285-4dcf-a645-07c8161168f0 ] Request (HostsAdminNegativeTestJSON:test_startup_host_with_non_admin_user): 403 GET http://10.180.1.21/compute/v2.1/os-hosts/devstack/startup 0.011s
2024-10-22 18:03:34.492 61819 INFO tempest.lib.common.rest_client [req-87b8011c-0b04-4209-8d50-d41b08cd9af4 req-87b8011c-0b04-4209-8d50-d41b08cd9af4 ] Request (HostsAdminNegativeTestJSON:test_startup_nonexistent_host): 404 GET http://10.180.1.21/compute/v2.1/os-hosts/nonexistent_hostname/startup 0.015s
2024-10-22 18:03:34.495 61795 INFO tempest.lib.common.rest_client [req-15f22b33-0814-4e89-a772-801f04378d1e req-15f22b33-0814-4e89-a772-801f04378d1e ] Request (FlavorsExtraSpecsNegativeTestJSON:setUpClass): 200 GET http://10.180.1.21/identity/v3/roles 0.079s
2024-10-22 18:03:34.506 61819 INFO tempest.lib.common.rest_client [req-361832a4-d82b-45ce-a2f5-65e26fc2eb1b req-361832a4-d82b-45ce-a2f5-65e26fc2eb1b ] Request (HostsAdminNegativeTestJSON:test_update_host_with_invalid_maintenance_mode): 400 PUT http://10.180.1.21/compute/v2.1/os-hosts/devstack 0.013s
2024-10-22 18:03:34.511 61855 INFO tempest.lib.common.rest_client [req-bd082833-bafe-43a1-a9d0-0fee1703178b req-bd082833-bafe-43a1-a9d0-0fee1703178b ] Request (FlavorsAccessTestJSON:setUpClass): 201 POST http://10.180.1.21/identity/v3/users 0.092s
2024-10-22 18:03:34.518 61819 INFO tempest.lib.common.rest_client [req-13f7455f-fc63-4986-ac2e-a9dc305ef7c4 req-13f7455f-fc63-4986-ac2e-a9dc305ef7c4 ] Request (HostsAdminNegativeTestJSON:test_update_host_with_invalid_status): 400 PUT http://10.180.1.21/compute/v2.1/os-hosts/devstack 0.010s
2024-10-22 18:03:34.531 61819 INFO tempest.lib.common.rest_client [req-2d3949e8-8ed5-4f8a-8937-8843fc15f90d req-2d3949e8-8ed5-4f8a-8937-8843fc15f90d ] Request (HostsAdminNegativeTestJSON:test_update_host_with_non_admin_user): 403 PUT http://10.180.1.21/compute/v2.1/os-hosts/devstack 0.012s
2024-10-22 18:03:34.540 61829 INFO tempest.lib.common.rest_client [req-09d90441-bf62-46c3-9cac-2ce8a34d4c7e req-09d90441-bf62-46c3-9cac-2ce8a34d4c7e ] Request (InstanceUsageAuditLogNegativeTestJSON:tearDownClass): 204 DELETE http://10.180.1.21/identity/v3/users/b38f17c1234947a194e4cac3047d8674 0.125s
2024-10-22 18:03:34.543 61819 INFO tempest.lib.common.rest_client [req-b5cd5dea-d37d-4619-bbda-c3d2be1fff3a req-b5cd5dea-d37d-4619-bbda-c3d2be1fff3a ] Request (HostsAdminNegativeTestJSON:test_update_host_without_param): 400 PUT http://10.180.1.21/compute/v2.1/os-hosts/devstack 0.009s
2024-10-22 18:03:34.547 61847 INFO tempest [-] Using tempest config file /opt/stack/testrun/etc/tempest.conf
2024-10-22 18:03:34.561 61827 INFO tempest.lib.common.rest_client [req-a2233bdd-30e5-4b04-9869-5a12b588a18d req-a2233bdd-30e5-4b04-9869-5a12b588a18d ] Request (FlavorMetadataValidation:setUpClass): 201 POST http://10.180.1.21/identity/v3/auth/tokens 0.105s
2024-10-22 18:03:34.562 61819 INFO tempest.lib.common.rest_client [req-cdc66dc8-a37c-4159-9e72-0cf7f06449cb req-cdc66dc8-a37c-4159-9e72-0cf7f06449cb ] Request (HostsAdminNegativeTestJSON:test_update_nonexistent_host): 404 PUT http://10.180.1.21/compute/v2.1/os-hosts/nonexistent_hostname 0.016s
2024-10-22 18:03:34.583 61847 WARNING oslo_config.cfg [-] Deprecated: Option "auth_version" from group "identity" is deprecated for removal (Identity v2 API was removed and v3 is the only available identity API version now). Its value may be silently ignored in the future.
2024-10-22 18:03:34.583 61847 WARNING oslo_config.cfg [-] Deprecated: Option "access_rules" from group "identity-feature-enabled" is deprecated for removal (Access rules for application credentials is a default feature since Train). Its value may be silently ignored in the future.
2024-10-22 18:03:34.584 61847 WARNING oslo_config.cfg [-] Deprecated: Option "import_image" from group "image-feature-enabled" is deprecated for removal (Issue with image import in WSGI mode was fixed in Victoria, and this feature works in any deployment architecture now.). Its value may be silently ignored in the future.
2024-10-22 18:03:34.584 61847 WARNING oslo_config.cfg [-] Deprecated: Option "os_glance_reserved" from group "image-feature-enabled" is deprecated for removal (os_glance namespace is always reserved since Wallaby). Its value may be silently ignored in the future.
2024-10-22 18:03:34.590 61815 INFO tempest.lib.common.rest_client [req-fd6ccf7d-3a2f-4640-9fbb-f941210fcd29 req-fd6ccf7d-3a2f-4640-9fbb-f941210fcd29 ] Request (QuotasAdminTestJSON:setUpClass): 201 POST http://10.180.1.21/identity/v3/auth/tokens 0.126s
2024-10-22 18:03:34.599 61835 INFO tempest [-] Using tempest config file /opt/stack/testrun/etc/tempest.conf
2024-10-22 18:03:34.615 61805 INFO tempest.lib.common.rest_client [req-726b5248-45e0-48f6-b998-1ff6ce7666fc req-726b5248-45e0-48f6-b998-1ff6ce7666fc ] Request (FlavorsExtraSpecsTestJSON:setUpClass): 200 GET http://10.180.1.21/identity/v3/domains?name=Default 0.135s
2024-10-22 18:03:34.617 61858 INFO tempest.lib.common.rest_client [req-206a0dea-ebe9-49f8-b4a2-a9f706aeb92b req-206a0dea-ebe9-49f8-b4a2-a9f706aeb92b ] Request (KeyPairsV210TestJSON:setUpClass): 201 POST http://10.180.1.21/identity/v3/projects 0.145s
2024-10-22 18:03:34.619 61835 WARNING oslo_config.cfg [-] Deprecated: Option "auth_version" from group "identity" is deprecated for removal (Identity v2 API was removed and v3 is the only available identity API version now). Its value may be silently ignored in the future.
2024-10-22 18:03:34.620 61835 WARNING oslo_config.cfg [-] Deprecated: Option "access_rules" from group "identity-feature-enabled" is deprecated for removal (Access rules for application credentials is a default feature since Train). Its value may be silently ignored in the future.
2024-10-22 18:03:34.637 61835 WARNING oslo_config.cfg [-] Deprecated: Option "import_image" from group "image-feature-enabled" is deprecated for removal (Issue with image import in WSGI mode was fixed in Victoria, and this feature works in any deployment architecture now.). Its value may be silently ignored in the future.
2024-10-22 18:03:34.638 61835 WARNING oslo_config.cfg [-] Deprecated: Option "os_glance_reserved" from group "image-feature-enabled" is deprecated for removal (os_glance namespace is always reserved since Wallaby). Its value may be silently ignored in the future.
2024-10-22 18:03:34.664 61855 INFO tempest.lib.common.rest_client [req-7bf30d0e-37cd-40b2-93ec-dcf687ffae81 req-7bf30d0e-37cd-40b2-93ec-dcf687ffae81 ] Request (FlavorsAccessTestJSON:setUpClass): 200 GET http://10.180.1.21/identity/v3/roles 0.152s
2024-10-22 18:03:34.674 61795 INFO tempest.lib.common.rest_client [req-ee4bee2e-4909-451e-a25d-b9cc0c0d19af req-ee4bee2e-4909-451e-a25d-b9cc0c0d19af ] Request (FlavorsExtraSpecsNegativeTestJSON:setUpClass): 204 PUT http://10.180.1.21/identity/v3/projects/57360068680b488393aa19e275a995f2/users/96618f470a744a3780896a243afc11bd/roles/d256478ef01f4ddb82bc577c4f843080 0.178s
2024-10-22 18:03:34.710 61811 INFO tempest.lib.common.rest_client [req-7d921c5e-7a88-415d-89aa-6b93daea1d73 req-7d921c5e-7a88-415d-89aa-6b93daea1d73 ] Request (ServerDiagnosticsTest:setUpClass): 201 POST http://10.180.1.21/identity/v3/auth/tokens 0.189s
2024-10-22 18:03:34.744 61829 INFO tempest.lib.common.rest_client [req-eaba6810-0a8f-4cb9-b303-308ce9ba8e26 req-eaba6810-0a8f-4cb9-b303-308ce9ba8e26 ] Request (InstanceUsageAuditLogNegativeTestJSON:tearDownClass): 204 DELETE http://10.180.1.21/identity/v3/users/477a0423615e45b4957792edee9829e4 0.204s
2024-10-22 18:03:34.744 61829 INFO tempest.lib.common.dynamic_creds [-] Deleting project and security group for project: e04141174f024dcb934caf4635614098
2024-10-22 18:03:34.756 61819 INFO tempest.lib.common.rest_client [req-7dc63b30-7e76-440e-9c4a-f6fdc71fbb75 req-7dc63b30-7e76-440e-9c4a-f6fdc71fbb75 ] Request (HostsAdminNegativeTestJSON:tearDownClass): 204 DELETE http://10.180.1.21/identity/v3/users/1934bd5c62ba4b89a770ce2b853b67cf 0.192s
2024-10-22 18:03:34.795 61849 INFO tempest.lib.common.rest_client [req-916cb7e5-8b96-4986-abff-e947d140e154 req-916cb7e5-8b96-4986-abff-e947d140e154 ] Request (FlavorsAdminTestJSON:setUpClass): 201 POST http://10.180.1.21/identity/v3/auth/tokens 0.237s
2024-10-22 18:03:34.800 61827 INFO tempest.lib.common.rest_client [req-0a09dacf-6191-4c0a-9b78-c320b58fb49a req-0a09dacf-6191-4c0a-9b78-c320b58fb49a ] Request (FlavorMetadataValidation:setUpClass): 201 POST http://10.180.1.21/identity/v3/auth/tokens 0.228s
2024-10-22 18:03:34.820 61815 INFO tempest.lib.common.rest_client [req-4ba1bab3-9f33-4f13-972c-4ae45ab7aa80 req-4ba1bab3-9f33-4f13-972c-4ae45ab7aa80 ] Request (QuotasAdminTestJSON:setUpClass): 200 GET http://10.180.1.21/identity/v3/domains?name=Default 0.229s
2024-10-22 18:03:34.827 61858 INFO tempest.lib.common.rest_client [req-9ea3080b-e098-43c9-80ca-e6421e7b1ee9 req-9ea3080b-e098-43c9-80ca-e6421e7b1ee9 ] Request (KeyPairsV210TestJSON:setUpClass): 201 POST http://10.180.1.21/identity/v3/users 0.209s
2024-10-22 18:03:34.845 61805 INFO tempest.lib.common.rest_client [req-6c35ab00-0c2b-4dcc-afd2-d9d9b8159942 req-6c35ab00-0c2b-4dcc-afd2-d9d9b8159942 ] Request (FlavorsExtraSpecsTestJSON:setUpClass): 201 POST http://10.180.1.21/identity/v3/projects 0.224s
2024-10-22 18:03:34.880 61837 INFO tempest.lib.common.rest_client [req-d726581d-182a-4399-b46f-59aa4ef13f31 req-d726581d-182a-4399-b46f-59aa4ef13f31 ] Request (QuotasAdminTestV236:setUpClass): 201 POST http://10.180.1.21/identity/v3/auth/tokens 0.238s
2024-10-22 18:03:34.899 61795 INFO tempest.lib.common.rest_client [req-2f61d32d-da39-4102-9be3-a89b98512674 req-2f61d32d-da39-4102-9be3-a89b98512674 ] Request (FlavorsExtraSpecsNegativeTestJSON:setUpClass): 200 GET http://10.180.1.21/identity/v3/roles 0.225s
2024-10-22 18:03:34.908 61855 INFO tempest.lib.common.rest_client [req-4ba324c6-defd-4ac0-b931-4d0d3cd4aad0 req-4ba324c6-defd-4ac0-b931-4d0d3cd4aad0 ] Request (FlavorsAccessTestJSON:setUpClass): 204 PUT http://10.180.1.21/identity/v3/projects/8e2a766b99764d438fb3a9e863d988bd/users/e22e4e0c32034723ac251273965da4ec/roles/1fcf9f6e4c0c436096eb5325b74fd9e0 0.238s
2024-10-22 18:03:34.908 61855 INFO tempest.lib.common.dynamic_creds [-] Dynamic test user e22e4e0c32034723ac251273965da4ec is created with scope project and roles: ['member']
2024-10-22 18:03:34.908 61855 INFO tempest.lib.common.dynamic_creds [-] Acquired dynamic creds: credentials: Credentials: {'domain_id': 'default', 'domain_name': 'Default', 'username': 'tempest-FlavorsAccessTestJSON-1803406315-project-member', 'project_domain_id': 'default', 'project_domain_name': 'Default', 'project_id': '8e2a766b99764d438fb3a9e863d988bd', 'project_name': 'tempest-FlavorsAccessTestJSON-1803406315', 'tenant_id': '8e2a766b99764d438fb3a9e863d988bd', 'tenant_name': 'tempest-FlavorsAccessTestJSON-1803406315', 'user_domain_id': 'default', 'user_domain_name': 'Default', 'user_id': 'e22e4e0c32034723ac251273965da4ec', 'system': None}, Network: None, Subnet: None, Router: None
2024-10-22 18:03:34.908 61855 INFO tempest.lib.common.dynamic_creds [-] Created isolated network resources for: credentials: Credentials: {'domain_id': 'default', 'domain_name': 'Default', 'username': 'tempest-FlavorsAccessTestJSON-1803406315-project-member', 'project_domain_id': 'default', 'project_domain_name': 'Default', 'project_id': '8e2a766b99764d438fb3a9e863d988bd', 'project_name': 'tempest-FlavorsAccessTestJSON-1803406315', 'tenant_id': '8e2a766b99764d438fb3a9e863d988bd', 'tenant_name': 'tempest-FlavorsAccessTestJSON-1803406315', 'user_domain_id': 'default', 'user_domain_name': 'Default', 'user_id': 'e22e4e0c32034723ac251273965da4ec', 'system': None}, Network: None, Subnet: None, Router: None
2024-10-22 18:03:34.938 61854 INFO tempest.lib.common.rest_client [req-712f373d-9add-47fb-8983-5c8ea6a2f7de req-712f373d-9add-47fb-8983-5c8ea6a2f7de ] Request (TenantUsagesTestJSON:setUpClass): 201 POST http://10.180.1.21/identity/v3/auth/tokens 0.258s
2024-10-22 18:03:34.949 61811 INFO tempest.lib.common.rest_client [req-37f7c7a6-9646-4928-bb47-5857751ecc62 req-37f7c7a6-9646-4928-bb47-5857751ecc62 ] Request (ServerDiagnosticsTest:setUpClass): 201 POST http://10.180.1.21/identity/v3/auth/tokens 0.231s
2024-10-22 18:03:34.959 61797 INFO tempest.lib.common.rest_client [req-e4e4b213-7d25-4b9c-a81c-b8a41e22d5cf req-e4e4b213-7d25-4b9c-a81c-b8a41e22d5cf ] Request (SecurityGroupsNegativeTestJSON:setUpClass): 201 POST http://10.180.1.21/identity/v3/auth/tokens 0.228s
2024-10-22 18:03:34.975 61829 INFO tempest.lib.common.rest_client [req-068cb456-8462-4d2f-b64a-074b7cc60154 req-068cb456-8462-4d2f-b64a-074b7cc60154 ] Request (InstanceUsageAuditLogNegativeTestJSON:tearDownClass): 201 POST http://10.180.1.21/identity/v3/auth/tokens 0.231s
2024-10-22 18:03:34.988 61817 INFO tempest.lib.common.rest_client [req-b2dad8e1-2f0f-4b44-aed4-16f8f77b7053 req-b2dad8e1-2f0f-4b44-aed4-16f8f77b7053 ] Request (ServicesAdminNegativeV253TestJSON:setUpClass): 201 POST http://10.180.1.21/identity/v3/auth/tokens 0.241s
2024-10-22 18:03:35.001 61827 INFO tempest.lib.common.rest_client [req-97616a46-29bf-4a60-960d-bef4ff86aae1 req-97616a46-29bf-4a60-960d-bef4ff86aae1 ] Request (FlavorMetadataValidation:setUpClass): 200 GET http://10.180.1.21/identity/v3/domains?name=Default 0.200s
2024-10-22 18:03:35.027 61819 INFO tempest.lib.common.rest_client [req-b923f986-f26f-48de-ae6b-48352c945ebb req-b923f986-f26f-48de-ae6b-48352c945ebb ] Request (HostsAdminNegativeTestJSON:tearDownClass): 204 DELETE http://10.180.1.21/identity/v3/users/aa23a38142a147a3b2f927113bc43439 0.271s
2024-10-22 18:03:35.028 61819 INFO tempest.lib.common.dynamic_creds [-] Deleting project and security group for project: afd7045dc6954c2ab2907214722f87b8
2024-10-22 18:03:35.030 61813 INFO tempest.test [-] raised in LiveMigrationTest.setUpClass. Invoking tearDownClass.
2024-10-22 18:03:35.053 61849 INFO tempest.lib.common.rest_client [req-33f4afd9-4359-4d9b-a013-4f53d8154b5f req-33f4afd9-4359-4d9b-a013-4f53d8154b5f ] Request (FlavorsAdminTestJSON:setUpClass): 201 POST http://10.180.1.21/identity/v3/auth/tokens 0.247s
2024-10-22 18:03:35.087 61801 INFO tempest.lib.common.rest_client [req-669acf44-4f39-4cc9-8f26-d9519611d739 req-669acf44-4f39-4cc9-8f26-d9519611d739 ] Request (HypervisorAdminV253TestBase:setUpClass): 201 POST http://10.180.1.21/identity/v3/auth/tokens 0.275s
2024-10-22 18:03:35.092 61858 INFO tempest.lib.common.rest_client [req-715ab6e8-4285-4c60-b32d-461942fe89b4 req-715ab6e8-4285-4c60-b32d-461942fe89b4 ] Request (KeyPairsV210TestJSON:setUpClass): 200 GET http://10.180.1.21/identity/v3/roles 0.264s
2024-10-22 18:03:35.113 61821 INFO tempest.lib.common.rest_client [req-b7e665f5-c104-4c28-bc02-ea14b117d294 req-b7e665f5-c104-4c28-bc02-ea14b117d294 ] Request (AZAdminV2TestJSON:setUpClass): 201 POST http://10.180.1.21/identity/v3/auth/tokens 0.270s
2024-10-22 18:03:35.115 61815 INFO tempest.lib.common.rest_client [req-5ebb2f1c-e440-4874-864e-54247f2fb3ab req-5ebb2f1c-e440-4874-864e-54247f2fb3ab ] Request (QuotasAdminTestJSON:setUpClass): 201 POST http://10.180.1.21/identity/v3/projects 0.293s
2024-10-22 18:03:35.139 61835 INFO tempest.test [-] raised in UnshelveToHostMultiNodesTest.setUpClass. Invoking tearDownClass.
2024-10-22 18:03:35.143 61835 INFO tempest.test [-] raised in TestVolumeSwap.setUpClass. Invoking tearDownClass.
2024-10-22 18:03:35.144 61835 INFO tempest.test [-] raised in UpdateMultiattachVolumeNegativeTest.setUpClass. Invoking tearDownClass.
2024-10-22 18:03:35.162 61805 INFO tempest.lib.common.rest_client [req-1706b60d-9eab-46c3-bbd9-47c7277c8744 req-1706b60d-9eab-46c3-bbd9-47c7277c8744 ] Request (FlavorsExtraSpecsTestJSON:setUpClass): 201 POST http://10.180.1.21/identity/v3/users 0.316s
2024-10-22 18:03:35.163 61843 INFO tempest.lib.common.rest_client [req-914e17e4-85bb-4dd7-8e55-bd209047dee7 req-914e17e4-85bb-4dd7-8e55-bd209047dee7 ] Request (HypervisorAdminNegativeTestJSON:setUpClass): 201 POST http://10.180.1.21/identity/v3/auth/tokens 0.306s
2024-10-22 18:03:35.183 61837 INFO tempest.lib.common.rest_client [req-4de0bda1-6642-4319-9207-a70bd1be6e14 req-4de0bda1-6642-4319-9207-a70bd1be6e14 ] Request (QuotasAdminTestV236:setUpClass): 201 POST http://10.180.1.21/identity/v3/auth/tokens 0.286s
2024-10-22 18:03:35.184 61831 INFO tempest.lib.common.rest_client [req-b65dfb64-f707-4eb1-97fa-0e5536c97617 req-b65dfb64-f707-4eb1-97fa-0e5536c97617 ] Request (ServersWithSpecificFlavorTestJSON:setUpClass): 201 POST http://10.180.1.21/identity/v3/auth/tokens 0.303s
2024-10-22 18:03:35.199 61795 INFO tempest.lib.common.rest_client [req-36441e5f-e345-47e7-bff3-34688f415ed0 req-36441e5f-e345-47e7-bff3-34688f415ed0 ] Request (FlavorsExtraSpecsNegativeTestJSON:setUpClass): 204 PUT http://10.180.1.21/identity/v3/projects/57360068680b488393aa19e275a995f2/users/96618f470a744a3780896a243afc11bd/roles/d256478ef01f4ddb82bc577c4f843080 0.299s
2024-10-22 18:03:35.199 61795 INFO tempest.lib.common.dynamic_creds [-] Dynamic test user 96618f470a744a3780896a243afc11bd is created with scope project and roles: ['admin']
2024-10-22 18:03:35.199 61795 INFO tempest.lib.common.dynamic_creds [-] Acquired dynamic creds: credentials: Credentials: {'domain_id': 'default', 'domain_name': 'Default', 'username': 'tempest-FlavorsExtraSpecsNegativeTestJSON-451926544-project-admin', 'project_domain_id': 'default', 'project_domain_name': 'Default', 'project_id': '57360068680b488393aa19e275a995f2', 'project_name': 'tempest-FlavorsExtraSpecsNegativeTestJSON-451926544', 'tenant_id': '57360068680b488393aa19e275a995f2', 'tenant_name': 'tempest-FlavorsExtraSpecsNegativeTestJSON-451926544', 'user_domain_id': 'default', 'user_domain_name': 'Default', 'user_id': '96618f470a744a3780896a243afc11bd', 'system': None}, Network: None, Subnet: None, Router: None
2024-10-22 18:03:35.199 61795 INFO tempest.lib.common.dynamic_creds [-] Created isolated network resources for: credentials: Credentials: {'domain_id': 'default', 'domain_name': 'Default', 'username': 'tempest-FlavorsExtraSpecsNegativeTestJSON-451926544-project-admin', 'project_domain_id': 'default', 'project_domain_name': 'Default', 'project_id': '57360068680b488393aa19e275a995f2', 'project_name': 'tempest-FlavorsExtraSpecsNegativeTestJSON-451926544', 'tenant_id': '57360068680b488393aa19e275a995f2', 'tenant_name': 'tempest-FlavorsExtraSpecsNegativeTestJSON-451926544', 'user_domain_id': 'default', 'user_domain_name': 'Default', 'user_id': '96618f470a744a3780896a243afc11bd', 'system': None}, Network: None, Subnet: None, Router: None
2024-10-22 18:03:35.230 61841 INFO tempest.lib.common.rest_client [req-77c8bfba-c25c-40cb-9aa7-1d102725dea5 req-77c8bfba-c25c-40cb-9aa7-1d102725dea5 ] Request (ServersAdmin275Test:setUpClass): 201 POST http://10.180.1.21/identity/v3/auth/tokens 0.320s
2024-10-22 18:03:35.243 61823 INFO tempest.lib.common.rest_client [req-34ee803d-5b0e-4eca-9b33-471a9c70aa0c req-34ee803d-5b0e-4eca-9b33-471a9c70aa0c ] Request (HypervisorAdminV228Test:setUpClass): 201 POST http://10.180.1.21/identity/v3/auth/tokens 0.318s
2024-10-22 18:03:35.261 61825 INFO tempest.lib.common.rest_client [req-8b5eac0b-2e5c-422e-a25b-c5630d33c2ec req-8b5eac0b-2e5c-422e-a25b-c5630d33c2ec ] Request (FlavorsV2TestJSON:setUpClass): 201 POST http://10.180.1.21/identity/v3/auth/tokens 0.319s
2024-10-22 18:03:35.279 61855 INFO tempest.lib.common.rest_client [req-97db5ad4-535d-4aa9-b2ad-94636b410474 req-97db5ad4-535d-4aa9-b2ad-94636b410474 ] Request (FlavorsAccessTestJSON:setUpClass): 201 POST http://10.180.1.21/identity/v3/auth/tokens 0.353s
2024-10-22 18:03:35.281 61809 INFO tempest.lib.common.rest_client [req-7d73508d-591b-48be-9d6c-4ef2403f5e11 req-7d73508d-591b-48be-9d6c-4ef2403f5e11 ] Request (VolumesAssistedSnapshotsTest:setUpClass): 201 POST http://10.180.1.21/identity/v3/auth/tokens 0.340s
2024-10-22 18:03:35.296 61811 INFO tempest.lib.common.rest_client [req-9fb9a8dc-9ad9-4b9f-a195-1576346494c5 req-9fb9a8dc-9ad9-4b9f-a195-1576346494c5 ] Request (ServerDiagnosticsTest:setUpClass): 200 GET http://10.180.1.21/identity/v3/domains?name=Default 0.345s
2024-10-22 18:03:35.300 61854 INFO tempest.lib.common.rest_client [req-4e7ba153-4756-435f-ae12-29ac167798d5 req-4e7ba153-4756-435f-ae12-29ac167798d5 ] Request (TenantUsagesTestJSON:setUpClass): 201 POST http://10.180.1.21/identity/v3/auth/tokens 0.352s
2024-10-22 18:03:35.317 61797 INFO tempest.lib.common.rest_client [req-0c41b3cb-52b5-4363-b0d8-418a31670b65 req-0c41b3cb-52b5-4363-b0d8-418a31670b65 ] Request (SecurityGroupsNegativeTestJSON:setUpClass): 201 POST http://10.180.1.21/identity/v3/auth/tokens 0.348s
2024-10-22 18:03:35.336 61807 INFO tempest.lib.common.rest_client [req-7f10d0ac-69eb-47d2-a19b-42b0753a2639 req-7f10d0ac-69eb-47d2-a19b-42b0753a2639 ] Request (MigrationsAdminTest:setUpClass): 201 POST http://10.180.1.21/identity/v3/auth/tokens 0.348s
2024-10-22 18:03:35.356 61817 INFO tempest.lib.common.rest_client [req-7dc84b0f-9b6b-4c1a-ace8-31da91327789 req-7dc84b0f-9b6b-4c1a-ace8-31da91327789 ] Request (ServicesAdminNegativeV253TestJSON:setUpClass): 201 POST http://10.180.1.21/identity/v3/auth/tokens 0.361s
2024-10-22 18:03:35.359 61799 INFO tempest.lib.common.rest_client [req-20f3c0a8-fb53-42b0-898b-d574026c867f req-20f3c0a8-fb53-42b0-898b-d574026c867f ] Request (HypervisorAdminTestJSON:setUpClass): 201 POST http://10.180.1.21/identity/v3/auth/tokens 0.352s
2024-10-22 18:03:35.379 61819 INFO tempest.lib.common.rest_client [req-b181bc8f-31f3-4eb3-9b21-52d710611695 req-b181bc8f-31f3-4eb3-9b21-52d710611695 ] Request (HostsAdminNegativeTestJSON:tearDownClass): 201 POST http://10.180.1.21/identity/v3/auth/tokens 0.351s
2024-10-22 18:03:35.381 61827 INFO tempest.lib.common.rest_client [req-c130474a-8a62-4b4f-9ae2-d92c69393230 req-c130474a-8a62-4b4f-9ae2-d92c69393230 ] Request (FlavorMetadataValidation:setUpClass): 201 POST http://10.180.1.21/identity/v3/projects 0.377s
2024-10-22 18:03:35.423 61813 INFO tempest.lib.common.rest_client [req-7dd81b2d-1077-4eef-9119-dacb4e397a6c req-7dd81b2d-1077-4eef-9119-dacb4e397a6c ] Request (ServerDiagnosticsNegativeTest:setUpClass): 201 POST http://10.180.1.21/identity/v3/auth/tokens 0.387s
2024-10-22 18:03:35.425 61803 INFO tempest.lib.common.rest_client [req-201190b3-a7fe-4ad7-8408-f2ed059f4e70 req-201190b3-a7fe-4ad7-8408-f2ed059f4e70 ] Request (QuotasAdminNegativeTest:setUpClass): 201 POST http://10.180.1.21/identity/v3/auth/tokens 0.386s
2024-10-22 18:03:35.437 61849 INFO tempest.lib.common.rest_client [req-d3c87540-acae-4bbc-babc-dd438da866c9 req-d3c87540-acae-4bbc-babc-dd438da866c9 ] Request (FlavorsAdminTestJSON:setUpClass): 200 GET http://10.180.1.21/identity/v3/domains?name=Default 0.383s
2024-10-22 18:03:35.445 61839 INFO tempest.lib.common.rest_client [req-d5280a6e-75de-40eb-b585-7cdca7070401 req-d5280a6e-75de-40eb-b585-7cdca7070401 ] Request (InstanceUsageAuditLogTestJSON:setUpClass): 201 POST http://10.180.1.21/identity/v3/auth/tokens 0.386s
2024-10-22 18:03:35.458 61829 INFO tempest.lib.common.rest_client [req-bb0f0b8e-f5c0-4ad7-9703-c70b0fdbc659 req-bb0f0b8e-f5c0-4ad7-9703-c70b0fdbc659 ] Request (InstanceUsageAuditLogNegativeTestJSON:tearDownClass): 200 GET http://10.180.1.21:9696/networking/v2.0/security-groups?tenant_id=e04141174f024dcb934caf4635614098&name=default 0.483s
2024-10-22 18:03:35.459 61801 INFO tempest.lib.common.rest_client [req-3bd35449-b63d-4ecc-8a49-b31a37cdfdb0 req-3bd35449-b63d-4ecc-8a49-b31a37cdfdb0 ] Request (HypervisorAdminV253TestBase:setUpClass): 201 POST http://10.180.1.21/identity/v3/auth/tokens 0.367s
2024-10-22 18:03:35.464 61858 INFO tempest.lib.common.rest_client [req-282ef113-c7a7-4280-8c05-547e69f99044 req-282ef113-c7a7-4280-8c05-547e69f99044 ] Request (KeyPairsV210TestJSON:setUpClass): 204 PUT http://10.180.1.21/identity/v3/projects/3d24b7bcadf54cbe9728d8fadd65c993/users/96e606cba55d459bb015a88667eefd26/roles/1fcf9f6e4c0c436096eb5325b74fd9e0 0.372s
2024-10-22 18:03:35.464 61858 INFO tempest.lib.common.dynamic_creds [-] Dynamic test user 96e606cba55d459bb015a88667eefd26 is created with scope project and roles: ['member']
2024-10-22 18:03:35.465 61858 INFO tempest.lib.common.dynamic_creds [-] Acquired dynamic creds: credentials: Credentials: {'domain_id': 'default', 'domain_name': 'Default', 'username': 'tempest-KeyPairsV210TestJSON-1030723039-project-member', 'project_domain_id': 'default', 'project_domain_name': 'Default', 'project_id': '3d24b7bcadf54cbe9728d8fadd65c993', 'project_name': 'tempest-KeyPairsV210TestJSON-1030723039', 'tenant_id': '3d24b7bcadf54cbe9728d8fadd65c993', 'tenant_name': 'tempest-KeyPairsV210TestJSON-1030723039', 'user_domain_id': 'default', 'user_domain_name': 'Default', 'user_id': '96e606cba55d459bb015a88667eefd26', 'system': None}, Network: None, Subnet: None, Router: None
2024-10-22 18:03:35.465 61858 INFO tempest.lib.common.dynamic_creds [-] Created isolated network resources for: credentials: Credentials: {'domain_id': 'default', 'domain_name': 'Default', 'username': 'tempest-KeyPairsV210TestJSON-1030723039-project-member', 'project_domain_id': 'default', 'project_domain_name': 'Default', 'project_id': '3d24b7bcadf54cbe9728d8fadd65c993', 'project_name': 'tempest-KeyPairsV210TestJSON-1030723039', 'tenant_id': '3d24b7bcadf54cbe9728d8fadd65c993', 'tenant_name': 'tempest-KeyPairsV210TestJSON-1030723039', 'user_domain_id': 'default', 'user_domain_name': 'Default', 'user_id': '96e606cba55d459bb015a88667eefd26', 'system': None}, Network: None, Subnet: None, Router: None
2024-10-22 18:03:35.503 61833 INFO tempest.lib.common.rest_client [req-b502cc39-d96f-4542-a367-8215600fd1e8 req-b502cc39-d96f-4542-a367-8215600fd1e8 ] Request (FlavorsV261TestJSON:setUpClass): 201 POST http://10.180.1.21/identity/v3/auth/tokens 0.402s
2024-10-22 18:03:35.508 61845 INFO tempest.lib.common.rest_client [req-3e7ec2b5-7ba6-4897-b7e8-f6b878781922 req-3e7ec2b5-7ba6-4897-b7e8-f6b878781922 ] Request (DeleteServersAdminTestJSON:setUpClass): 201 POST http://10.180.1.21/identity/v3/auth/tokens 0.406s
2024-10-22 18:03:35.525 61851 INFO tempest.lib.common.rest_client [req-908af995-6534-4515-a17b-8096809ea1a7 req-908af995-6534-4515-a17b-8096809ea1a7 ] Request (AZAdminNegativeTestJSON:setUpClass): 201 POST http://10.180.1.21/identity/v3/auth/tokens 0.416s
2024-10-22 18:03:35.527 61815 INFO tempest.lib.common.rest_client [req-da1f2dc5-8dc6-4723-8497-f51898343df6 req-da1f2dc5-8dc6-4723-8497-f51898343df6 ] Request (QuotasAdminTestJSON:setUpClass): 201 POST http://10.180.1.21/identity/v3/users 0.412s
2024-10-22 18:03:35.536 61829 INFO tempest.lib.common.rest_client [req-aa419aaf-5928-436b-a4eb-efedcb2962b3 req-aa419aaf-5928-436b-a4eb-efedcb2962b3 ] Request (InstanceUsageAuditLogNegativeTestJSON:tearDownClass): 204 DELETE http://10.180.1.21:9696/networking/v2.0/security-groups/ed5731c1-7561-47f4-9ef0-8cfd5f466cb2 0.078s
2024-10-22 18:03:35.548 61821 INFO tempest.lib.common.rest_client [req-acf20304-470a-40ab-8abe-85b50b8aca82 req-acf20304-470a-40ab-8abe-85b50b8aca82 ] Request (AZAdminV2TestJSON:setUpClass): 201 POST http://10.180.1.21/identity/v3/auth/tokens 0.430s
2024-10-22 18:03:35.549 61835 INFO tempest.lib.common.rest_client [req-47b26497-c5d9-422a-bb9d-c5b0c431b4a9 req-47b26497-c5d9-422a-bb9d-c5b0c431b4a9 ] Request (ServersTestJSON:setUpClass): 201 POST http://10.180.1.21/identity/v3/auth/tokens 0.401s
2024-10-22 18:03:35.559 61805 INFO tempest.lib.common.rest_client [req-4c3efab4-51b8-4777-a9da-d945f08cd446 req-4c3efab4-51b8-4777-a9da-d945f08cd446 ] Request (FlavorsExtraSpecsTestJSON:setUpClass): 200 GET http://10.180.1.21/identity/v3/roles 0.397s
2024-10-22 18:03:35.569 61847 INFO tempest.lib.common.rest_client [req-feb06429-3f56-41c4-aae1-1ad4424e8cce req-feb06429-3f56-41c4-aae1-1ad4424e8cce ] Request (AggregatesAdminNegativeTestJSON:setUpClass): 201 POST http://10.180.1.21/identity/v3/auth/tokens 0.407s
2024-10-22 18:03:35.580 61843 INFO tempest.lib.common.rest_client [req-db6431b5-4091-4f17-8b6b-1d18c157e03e req-db6431b5-4091-4f17-8b6b-1d18c157e03e ] Request (HypervisorAdminNegativeTestJSON:setUpClass): 201 POST http://10.180.1.21/identity/v3/auth/tokens 0.413s
2024-10-22 18:03:35.584 61837 INFO tempest.lib.common.rest_client [req-58fd4f8d-06b2-4a16-9d9d-5624a7fb7c68 req-58fd4f8d-06b2-4a16-9d9d-5624a7fb7c68 ] Request (QuotasAdminTestV236:setUpClass): 200 GET http://10.180.1.21/identity/v3/domains?name=Default 0.400s
2024-10-22 18:03:35.602 61831 INFO tempest.lib.common.rest_client [req-cd986b8f-f795-43c3-9de1-5ebd18213d60 req-cd986b8f-f795-43c3-9de1-5ebd18213d60 ] Request (ServersWithSpecificFlavorTestJSON:setUpClass): 201 POST http://10.180.1.21/identity/v3/auth/tokens 0.414s
2024-10-22 18:03:35.622 61841 INFO tempest.lib.common.rest_client [req-ed23f897-35ef-4121-916e-98f92d2535b6 req-ed23f897-35ef-4121-916e-98f92d2535b6 ] Request (ServersAdmin275Test:setUpClass): 201 POST http://10.180.1.21/identity/v3/auth/tokens 0.388s
2024-10-22 18:03:35.638 61795 INFO tempest.lib.common.rest_client [req-34ef335c-29d7-4a54-ab1d-acac2587747b req-34ef335c-29d7-4a54-ab1d-acac2587747b ] Request (FlavorsExtraSpecsNegativeTestJSON:setUpClass): 201 POST http://10.180.1.21/identity/v3/auth/tokens 0.436s
2024-10-22 18:03:35.640 61823 INFO tempest.lib.common.rest_client [req-c3c6dba5-6aa9-47fb-b9de-8d4044cea5a2 req-c3c6dba5-6aa9-47fb-b9de-8d4044cea5a2 ] Request (HypervisorAdminV228Test:setUpClass): 201 POST http://10.180.1.21/identity/v3/auth/tokens 0.393s
2024-10-22 18:03:35.659 61825 INFO tempest.lib.common.rest_client [req-f1c279e0-bcd7-4844-b9a7-9591349118e1 req-f1c279e0-bcd7-4844-b9a7-9591349118e1 ] Request (FlavorsV2TestJSON:setUpClass): 201 POST http://10.180.1.21/identity/v3/auth/tokens 0.393s
2024-10-22 18:03:35.664 61855 INFO tempest.lib.common.rest_client [req-33636e88-3b54-4cd8-9cd0-deff2e3660ea req-33636e88-3b54-4cd8-9cd0-deff2e3660ea ] Request (FlavorsAccessTestJSON:setUpClass): 201 POST http://10.180.1.21/identity/v3/projects 0.384s
2024-10-22 18:03:35.704 61809 INFO tempest.lib.common.rest_client [req-edf32ffc-331e-488d-b6e2-0687daf49ac2 req-edf32ffc-331e-488d-b6e2-0687daf49ac2 ] Request (VolumesAssistedSnapshotsTest:setUpClass): 201 POST http://10.180.1.21/identity/v3/auth/tokens 0.419s
2024-10-22 18:03:35.709 61811 INFO tempest.lib.common.rest_client [req-1922c936-cf13-4d71-a576-c86808099050 req-1922c936-cf13-4d71-a576-c86808099050 ] Request (ServerDiagnosticsTest:setUpClass): 201 POST http://10.180.1.21/identity/v3/projects 0.410s
2024-10-22 18:03:35.744 61854 INFO tempest.lib.common.rest_client [req-776d6f20-202b-4aa8-9b42-71cc80b310c2 req-776d6f20-202b-4aa8-9b42-71cc80b310c2 ] Request (TenantUsagesTestJSON:setUpClass): 200 GET http://10.180.1.21/identity/v3/domains?name=Default 0.443s
2024-10-22 18:03:35.748 61797 INFO tempest.lib.common.rest_client [req-38696de3-d8b1-4502-9c28-1170192eefac req-38696de3-d8b1-4502-9c28-1170192eefac ] Request (SecurityGroupsNegativeTestJSON:setUpClass): 200 GET http://10.180.1.21/identity/v3/domains?name=Default 0.430s
2024-10-22 18:03:35.762 61817 INFO tempest.lib.common.rest_client [req-f8bd7ecb-dba4-4e93-a62f-9f8cac6a8967 req-f8bd7ecb-dba4-4e93-a62f-9f8cac6a8967 ] Request (ServicesAdminNegativeV253TestJSON:setUpClass): 200 GET http://10.180.1.21/identity/v3/domains?name=Default 0.405s
2024-10-22 18:03:35.765 61807 INFO tempest.lib.common.rest_client [req-23cbd7c8-215c-4cbf-bdf1-44da1bf19cf9 req-23cbd7c8-215c-4cbf-bdf1-44da1bf19cf9 ] Request (MigrationsAdminTest:setUpClass): 201 POST http://10.180.1.21/identity/v3/auth/tokens 0.424s
2024-10-22 18:03:35.781 61827 INFO tempest.lib.common.rest_client [req-78e36426-f8f4-4cf5-b2a2-4fd7e2bd65b8 req-78e36426-f8f4-4cf5-b2a2-4fd7e2bd65b8 ] Request (FlavorMetadataValidation:setUpClass): 201 POST http://10.180.1.21/identity/v3/users 0.399s
2024-10-22 18:03:35.783 61799 INFO tempest.lib.common.rest_client [req-c6d79203-216a-4cda-9e27-abff868b3105 req-c6d79203-216a-4cda-9e27-abff868b3105 ] Request (HypervisorAdminTestJSON:setUpClass): 201 POST http://10.180.1.21/identity/v3/auth/tokens 0.419s
2024-10-22 18:03:35.802 61813 INFO tempest.lib.common.rest_client [req-30211d86-f70c-43ba-ad10-204fa3585bc9 req-30211d86-f70c-43ba-ad10-204fa3585bc9 ] Request (ServerDiagnosticsNegativeTest:setUpClass): 201 POST http://10.180.1.21/identity/v3/auth/tokens 0.376s
2024-10-22 18:03:35.821 61803 INFO tempest.lib.common.rest_client [req-ca8696a0-3a80-4da9-8b9e-b81a26bca1b6 req-ca8696a0-3a80-4da9-8b9e-b81a26bca1b6 ] Request (QuotasAdminNegativeTest:setUpClass): 201 POST http://10.180.1.21/identity/v3/auth/tokens 0.392s
2024-10-22 18:03:35.838 61849 INFO tempest.lib.common.rest_client [req-df39e4a3-a48b-4fe4-98ee-2bfe06506fc7 req-df39e4a3-a48b-4fe4-98ee-2bfe06506fc7 ] Request (FlavorsAdminTestJSON:setUpClass): 201 POST http://10.180.1.21/identity/v3/projects 0.398s
2024-10-22 18:03:35.867 61839 INFO tempest.lib.common.rest_client [req-f989b07e-016f-4fd5-8b37-65a14f7ccdad req-f989b07e-016f-4fd5-8b37-65a14f7ccdad ] Request (InstanceUsageAuditLogTestJSON:setUpClass): 201 POST http://10.180.1.21/identity/v3/auth/tokens 0.415s
2024-10-22 18:03:35.878 61801 INFO tempest.lib.common.rest_client [req-0c996b57-aca8-4f96-b3a8-a30849ed5084 req-0c996b57-aca8-4f96-b3a8-a30849ed5084 ] Request (HypervisorAdminV253TestBase:setUpClass): 200 GET http://10.180.1.21/identity/v3/domains?name=Default 0.418s
2024-10-22 18:03:35.898 61819 INFO tempest.lib.common.rest_client [req-d83972b6-78c2-41c3-b82e-2b1acc3d61f9 req-d83972b6-78c2-41c3-b82e-2b1acc3d61f9 ] Request (HostsAdminNegativeTestJSON:tearDownClass): 200 GET http://10.180.1.21:9696/networking/v2.0/security-groups?tenant_id=afd7045dc6954c2ab2907214722f87b8&name=default 0.518s
2024-10-22 18:03:35.899 61833 INFO tempest.lib.common.rest_client [req-23781e4b-2d40-4acd-94e1-bb7094b8cf09 req-23781e4b-2d40-4acd-94e1-bb7094b8cf09 ] Request (FlavorsV261TestJSON:setUpClass): 201 POST http://10.180.1.21/identity/v3/auth/tokens 0.392s
2024-10-22 18:03:35.916 61858 INFO tempest.lib.common.rest_client [req-9aaa6afd-4601-4214-a86d-080a5253804c req-9aaa6afd-4601-4214-a86d-080a5253804c ] Request (KeyPairsV210TestJSON:setUpClass): 201 POST http://10.180.1.21/identity/v3/auth/tokens 0.448s
2024-10-22 18:03:35.918 61845 INFO tempest.lib.common.rest_client [req-4f88308a-c7e1-483d-8c0b-237b33a99a77 req-4f88308a-c7e1-483d-8c0b-237b33a99a77 ] Request (DeleteServersAdminTestJSON:setUpClass): 201 POST http://10.180.1.21/identity/v3/auth/tokens 0.406s
2024-10-22 18:03:35.928 61815 INFO tempest.lib.common.rest_client [req-6c4b08b2-ab91-4c9b-8c69-0ecb20d1f29f req-6c4b08b2-ab91-4c9b-8c69-0ecb20d1f29f ] Request (QuotasAdminTestJSON:setUpClass): 200 GET http://10.180.1.21/identity/v3/roles 0.400s
2024-10-22 18:03:35.938 61851 INFO tempest.lib.common.rest_client [req-3e084d17-a54f-4288-a60e-4f283979f827 req-3e084d17-a54f-4288-a60e-4f283979f827 ] Request (AZAdminNegativeTestJSON:setUpClass): 201 POST http://10.180.1.21/identity/v3/auth/tokens 0.408s
2024-10-22 18:03:35.953 61821 INFO tempest.lib.common.rest_client [req-393f69b8-c58a-4bd2-8faa-475622555d56 req-393f69b8-c58a-4bd2-8faa-475622555d56 ] Request (AZAdminV2TestJSON:setUpClass): 200 GET http://10.180.1.21/identity/v3/domains?name=Default 0.405s
2024-10-22 18:03:35.960 61819 INFO tempest.lib.common.rest_client [req-56a57b7d-4562-4992-a9ed-988bc398e96e req-56a57b7d-4562-4992-a9ed-988bc398e96e ] Request (HostsAdminNegativeTestJSON:tearDownClass): 204 DELETE http://10.180.1.21:9696/networking/v2.0/security-groups/898fdcbc-2915-4961-85e4-3436adbffe44 0.062s
