2024-10-10 15:33:34.444 62828 INFO tempest.lib.common.rest_client [req-21d83a71-5de0-44dc-a3cd-84a14044fbaa req-21d83a71-5de0-44dc-a3cd-84a14044fbaa ] Request (DeleteServersAdminTestJSON:test_delete_server_while_in_error_state): 204 DELETE http://10.180.1.21/compute/v2.1/servers/ef52ac4a-fa98-4af8-b08a-b34cae526850 0.181s
2024-10-10 15:33:34.449 62797 INFO tempest.lib.common.rest_client [req-23f7e07d-2a9e-49ec-a8ef-f052c5264a21 req-23f7e07d-2a9e-49ec-a8ef-f052c5264a21 ] Request (ServersTestJSON:setUpClass): 200 GET http://10.180.1.21/compute/v2.1/servers/311e46eb-85ca-4262-a0a4-21eb073e0dc4 0.069s
2024-10-10 15:33:34.468 62828 INFO tempest.lib.common.rest_client [req-88f591e5-7a24-40f3-8a50-50214187e10b req-88f591e5-7a24-40f3-8a50-50214187e10b ] Request (DeleteServersAdminTestJSON:test_delete_server_while_in_error_state): 404 GET http://10.180.1.21/compute/v2.1/servers/ef52ac4a-fa98-4af8-b08a-b34cae526850 0.023s
2024-10-10 15:33:34.504 62778 INFO tempest.lib.common.rest_client [req-b620b7ab-e505-4031-8b38-024d582ca620 req-b620b7ab-e505-4031-8b38-024d582ca620 ] Request (VolumesAdminNegativeTest:test_update_attached_volume_with_nonexistent_volume_in_body): 200 GET http://10.180.1.21/compute/v2.1/servers/0f9cb1f6-e5b9-4f67-a45a-8e47e2a43a97 0.111s
2024-10-10 15:33:34.522 62794 INFO tempest.lib.common.rest_client [req-b8eacd80-5225-4a72-b186-d20f2327f40a req-b8eacd80-5225-4a72-b186-d20f2327f40a ] Request (AttachVolumeTestJSON:setUpClass): 201 POST http://10.180.1.21:9696/networking/v2.0/routers 1.215s
2024-10-10 15:33:34.547 62828 INFO tempest.lib.common.rest_client [req-7b0ff894-834b-471c-87af-e4cdd01a8084 req-7b0ff894-834b-471c-87af-e4cdd01a8084 ] Request (DeleteServersAdminTestJSON:tearDownClass): 204 DELETE http://10.180.1.21/identity/v3/users/6afea4ca95ea458aa26ad4ef74921072 0.077s
2024-10-10 15:33:34.642 62828 INFO tempest.lib.common.rest_client [req-37ccfdae-40a1-48b2-b149-26dc3c94cc3e req-37ccfdae-40a1-48b2-b149-26dc3c94cc3e ] Request (DeleteServersAdminTestJSON:tearDownClass): 204 DELETE http://10.180.1.21/identity/v3/users/80b7f38d652548ef9ee3c074b93b1517 0.094s
2024-10-10 15:33:34.642 62828 INFO tempest.lib.common.dynamic_creds [-] Deleting project and security group for project: 3ac17161664f4adba04ef8b8a5fcea78
2024-10-10 15:33:34.666 62808 INFO tempest.lib.common.rest_client [req-3cb6db71-1bdc-4345-bb39-d064b0749eec req-3cb6db71-1bdc-4345-bb39-d064b0749eec ] Request (AttachVolumeShelveTestJSON:test_attach_volume_shelved_or_offload_server): 200 GET http://10.180.1.21/compute/v2.1/servers/695022e4-bb58-44d7-87e5-58bbd577ec7b 0.064s
2024-10-10 15:33:34.683 62804 INFO tempest.lib.common.rest_client [req-7129bf5a-9566-4cb8-a67c-d196f8476b7e req-7129bf5a-9566-4cb8-a67c-d196f8476b7e ] Request (FloatingIPsAssociationTestJSON:setUpClass): 200 GET http://10.180.1.21/compute/v2.1/servers/17f0965b-edf8-4590-9402-2654d5d19f4e 0.066s
2024-10-10 15:33:34.701 62828 INFO tempest.lib.common.rest_client [req-5146ad83-373d-4209-b7d6-a077b19a1f58 req-5146ad83-373d-4209-b7d6-a077b19a1f58 ] Request (DeleteServersAdminTestJSON:tearDownClass): 201 POST http://10.180.1.21/identity/v3/auth/tokens 0.058s
2024-10-10 15:33:34.727 62788 INFO tempest.lib.common.rest_client [req-38ae5130-77f9-4b1b-9aee-48e20d3a2c8a req-38ae5130-77f9-4b1b-9aee-48e20d3a2c8a ] Request (ServerAddressesTestJSON:setUpClass): 200 GET http://10.180.1.21/compute/v2.1/servers/93c8445d-689c-4f77-836f-95eafafbb6a2 0.088s
2024-10-10 15:33:34.789 62824 INFO tempest.lib.common.rest_client [req-1349af4e-0b6f-4170-9104-7cb5b02012b9 req-1349af4e-0b6f-4170-9104-7cb5b02012b9 ] Request (ServerDiagnosticsNegativeTest:test_get_server_diagnostics_by_non_admin): 200 GET http://10.180.1.21/compute/v2.1/servers/21cde60b-2764-4ff7-ab5e-a17fb672351d 0.089s
2024-10-10 15:33:34.852 62768 INFO tempest.lib.common.rest_client [req-69e110ff-9ec1-441c-bab9-ad120e68b06d req-69e110ff-9ec1-441c-bab9-ad120e68b06d ] Request (ServerActionsTestOtherA:setUpClass): 200 GET http://10.180.1.21/compute/v2.1/servers/c6292246-847f-4466-909b-6139401943af 0.093s
2024-10-10 15:33:34.910 62790 INFO tempest.lib.common.rest_client [req-321ec931-366e-4eee-a09a-3969bf0a9b18 req-321ec931-366e-4eee-a09a-3969bf0a9b18 ] Request (MigrationsAdminTest:test_resize_server_revert_deleted_flavor): 200 GET http://10.180.1.21/compute/v2.1/servers/7cb248f2-2db2-4f62-b2d1-332488170c9b 0.144s
2024-10-10 15:33:34.920 62828 INFO tempest.lib.common.rest_client [req-f292252c-ca50-4fa4-89e0-2c3f632153d3 req-f292252c-ca50-4fa4-89e0-2c3f632153d3 ] Request (DeleteServersAdminTestJSON:tearDownClass): 200 GET http://10.180.1.21:9696/networking/v2.0/security-groups?tenant_id=3ac17161664f4adba04ef8b8a5fcea78&name=default 0.217s
2024-10-10 15:33:34.963 62814 INFO tempest.lib.common.rest_client [req-e227bbff-514c-48b6-997f-b9cd312ca8af req-e227bbff-514c-48b6-997f-b9cd312ca8af ] Request (ListImageFiltersTestJSON:setUpClass): 200 GET http://10.180.1.21/compute/v2.1/servers/76bddf93-ca4f-4987-a446-b369801ebd93 0.263s
2024-10-10 15:33:34.968 62814 INFO tempest.common.waiters [-] State transition "BUILD/networking" ==> "BUILD/block_device_mapping" after 64 second wait
2024-10-10 15:33:34.974 62774 INFO tempest.lib.common.rest_client [req-d6429f25-3a1b-4ac2-bbb7-70bd3316256b req-d6429f25-3a1b-4ac2-bbb7-70bd3316256b ] Request (ServersTestMultiNic:test_verify_duplicate_network_nics): 200 GET http://10.180.1.21/compute/v2.1/servers/68218523-ae44-4332-8b20-b23559304d60 0.157s
2024-10-10 15:33:35.049 62806 INFO tempest.lib.common.rest_client [req-07c51197-1fc9-4a5f-8bdd-36c59463ec44 req-07c51197-1fc9-4a5f-8bdd-36c59463ec44 ] Request (ServerDiskConfigTestJSON:test_rebuild_server_with_auto_disk_config): 200 GET http://10.180.1.21/compute/v2.1/servers/0eff7f21-17f8-4642-bfc4-a7a15bdfb41f 0.166s
2024-10-10 15:33:35.051 62766 INFO tempest.lib.common.rest_client [req-9bfb9f29-4db2-4db2-a768-8b194cd5f12e req-9bfb9f29-4db2-4db2-a768-8b194cd5f12e ] Request (ServersTestBootFromVolume:setUpClass): 200 GET http://10.180.1.21/compute/v2.1/servers/94818059-cf10-4dca-a711-fd5809583ce9 0.222s
2024-10-10 15:33:35.119 62816 INFO tempest.lib.common.rest_client [req-25a8b789-e262-435a-886a-98a981169efc req-25a8b789-e262-435a-886a-98a981169efc ] Request (ServerAddressesNegativeTestJSON:setUpClass): 200 GET http://10.180.1.21/compute/v2.1/servers/c29ad19e-91a5-4c3d-912b-bd7be4c42016 0.233s
2024-10-10 15:33:35.123 62810 INFO tempest.lib.common.rest_client [req-0c61023b-c185-4280-852b-820b88cd5ce1 req-0c61023b-c185-4280-852b-820b88cd5ce1 ] Request (ImagesOneServerNegativeTestJSON:setUpClass): 200 GET http://10.180.1.21/compute/v2.1/servers/a930be54-d8c9-4407-9d49-f067defc65e9 0.171s
2024-10-10 15:33:35.134 62828 INFO tempest.lib.common.rest_client [req-fc923a75-e95a-408e-86ac-8aa4c3c7f9d9 req-fc923a75-e95a-408e-86ac-8aa4c3c7f9d9 ] Request (DeleteServersAdminTestJSON:tearDownClass): 204 DELETE http://10.180.1.21:9696/networking/v2.0/security-groups/338a4545-1cac-4353-969a-e23db326c805 0.214s
2024-10-10 15:33:35.183 62786 INFO tempest.lib.common.rest_client [req-fdfadb65-46ac-4ac6-9d90-4a6895dec71f req-fdfadb65-46ac-4ac6-9d90-4a6895dec71f ] Request (MultipleCreateTestJSON:test_multiple_create): 200 GET http://10.180.1.21/compute/v2.1/servers/418c648a-06be-4e97-b138-45c65addf5cf 0.230s
2024-10-10 15:33:35.193 62786 INFO tempest.common.waiters [-] State transition "BUILD/scheduling" ==> "BUILD/None" after 53 second wait
2024-10-10 15:33:35.202 62784 INFO tempest.lib.common.rest_client [req-0f7bf3ab-da93-4d49-b5c2-33105de548f4 req-0f7bf3ab-da93-4d49-b5c2-33105de548f4 ] Request (ListServerFiltersTestJSON:setUpClass): 200 GET http://10.180.1.21/compute/v2.1/servers/34173a5f-8e4d-4646-b3e3-d537ffe752bb 0.187s
2024-10-10 15:33:35.205 62828 INFO tempest.lib.common.rest_client [req-7dce56e8-c5bf-4522-ac83-c460fb2c5f55 req-7dce56e8-c5bf-4522-ac83-c460fb2c5f55 ] Request (DeleteServersAdminTestJSON:tearDownClass): 204 DELETE http://10.180.1.21/identity/v3/projects/3ac17161664f4adba04ef8b8a5fcea78 0.071s
2024-10-10 15:33:35.206 62828 INFO tempest.lib.common.dynamic_creds [-] Deleting project and security group for project: 73cf75e06b424da98d1bad15070ea90b
2024-10-10 15:33:35.243 62819 INFO tempest.lib.common.rest_client [req-82d251c2-a1e8-4810-9327-379d0d29de0c req-82d251c2-a1e8-4810-9327-379d0d29de0c ] Request (ServersTestManualDisk:setUpClass): 200 GET http://10.180.1.21/compute/v2.1/servers/d3274d59-6cf7-4e86-90f9-ffea49ad5342 0.224s
2024-10-10 15:33:35.250 62828 INFO tempest.lib.common.rest_client [req-300eb52f-4e8f-4f3f-807c-a1016ac26468 req-300eb52f-4e8f-4f3f-807c-a1016ac26468 ] Request (DeleteServersAdminTestJSON:tearDownClass): 200 GET http://10.180.1.21:9696/networking/v2.0/security-groups?tenant_id=73cf75e06b424da98d1bad15070ea90b&name=default 0.044s
2024-10-10 15:33:35.264 62812 INFO tempest.lib.common.rest_client [req-e3029855-8304-4cba-98c9-0205452cc3e2 req-e3029855-8304-4cba-98c9-0205452cc3e2 ] Request (ServerRescueNegativeTestJSON:setUpClass): 200 GET http://10.180.1.21/compute/v2.1/servers/0dc705ca-6fd1-4844-9c2d-34f2c099ea67 0.194s
2024-10-10 15:33:35.315 62772 INFO tempest.lib.common.rest_client [req-b42a6a73-2f6b-4a97-829b-b20f654ddf8d req-b42a6a73-2f6b-4a97-829b-b20f654ddf8d ] Request (ServerShowV257Test:test_rebuild_server): 200 GET http://10.180.1.21/compute/v2.1/servers/4b9e4f73-4682-4170-b71e-1d3d1d860577 0.234s
2024-10-10 15:33:35.319 62820 INFO tempest.lib.common.rest_client [req-4ee39e4c-5656-4a2c-abf6-d41f713ef0eb req-4ee39e4c-5656-4a2c-abf6-d41f713ef0eb ] Request (AttachInterfacesUnderV243Test:test_add_remove_fixed_ip): 200 GET http://10.180.1.21/compute/v2.1/servers/e53104ad-35c7-49cb-b8de-035006148c52 0.194s
2024-10-10 15:33:35.357 62828 INFO tempest.lib.common.rest_client [req-adcd71f0-cdb4-47ba-8f33-b94fd8694418 req-adcd71f0-cdb4-47ba-8f33-b94fd8694418 ] Request (DeleteServersAdminTestJSON:tearDownClass): 204 DELETE http://10.180.1.21:9696/networking/v2.0/security-groups/81f40686-2871-4cac-abb0-151220f115b3 0.102s
2024-10-10 15:33:35.367 62802 INFO tempest.lib.common.rest_client [req-f1552f4c-2615-4d0e-82f3-345df20ff399 req-f1552f4c-2615-4d0e-82f3-345df20ff399 ] Request (AttachInterfacesTestJSON:test_create_list_show_delete_interfaces_by_fixed_ip): 200 GET http://10.180.1.21/compute/v2.1/servers/c3f25b97-0e1e-4e78-94f0-e8087d1b55c1 0.235s
2024-10-10 15:33:35.384 62780 INFO tempest.lib.common.rest_client [req-6936cef9-ee93-4e8d-ae89-bfc2bbc3d869 req-6936cef9-ee93-4e8d-ae89-bfc2bbc3d869 ] Request (AttachInterfacesV270Test:test_create_get_list_interfaces): 200 GET http://10.180.1.21/compute/v2.1/servers/0b3b6f33-b90f-4c3e-bdb7-7d67b7793bda 0.185s
2024-10-10 15:33:35.422 62776 INFO tempest.lib.common.rest_client [req-d671d299-2130-45fc-ac0c-f9836fb4c106 req-d671d299-2130-45fc-ac0c-f9836fb4c106 ] Request (SecurityGroupsTestJSON:test_list_security_groups_by_server): 200 GET http://10.180.1.21/compute/v2.1/servers/21af21da-87b1-4a84-8544-f1a88494eb08 0.221s
2024-10-10 15:33:35.437 62800 INFO tempest.lib.common.rest_client [req-c6f69159-ee13-4ea5-8c87-b2dd5d79f1d3 req-c6f69159-ee13-4ea5-8c87-b2dd5d79f1d3 ] Request (ImagesTestJSON:test_create_image_from_stopped_server): 200 GET http://10.180.1.21/compute/v2.1/servers/898f69fe-737a-44cb-9c43-965f1f8685f7 0.153s
2024-10-10 15:33:35.467 62828 INFO tempest.lib.common.rest_client [req-b17584f5-9ec3-4259-8b0a-d54aaab6062d req-b17584f5-9ec3-4259-8b0a-d54aaab6062d ] Request (DeleteServersAdminTestJSON:tearDownClass): 204 DELETE http://10.180.1.21/identity/v3/projects/73cf75e06b424da98d1bad15070ea90b 0.109s
2024-10-10 15:33:35.476 62782 INFO tempest.lib.common.rest_client [req-ba93cc9f-b703-4062-8279-cdec4c84a124 req-ba93cc9f-b703-4062-8279-cdec4c84a124 ] Request (ServersV294TestFqdnHostnames:setUpClass): 200 GET http://10.180.1.21/compute/v2.1/servers/3551a2e8-2f7f-475d-9c5c-2c8e88335bc2 0.127s
2024-10-10 15:33:35.493 62770 INFO tempest.lib.common.rest_client [req-e4bb4208-359a-42e9-9b83-5ee08a4cedc2 req-e4bb4208-359a-42e9-9b83-5ee08a4cedc2 ] Request (ImagesNegativeTestJSON:test_create_image_from_deleted_server): 200 GET http://10.180.1.21/compute/v2.1/servers/d53a6920-d70c-40a6-a059-162a5f876b29 0.090s
2024-10-10 15:33:35.522 62797 INFO tempest.lib.common.rest_client [req-091b6569-edd7-4501-8dba-407cfafbcce8 req-091b6569-edd7-4501-8dba-407cfafbcce8 ] Request (ServersTestJSON:setUpClass): 200 GET http://10.180.1.21/compute/v2.1/servers/311e46eb-85ca-4262-a0a4-21eb073e0dc4 0.064s
2024-10-10 15:33:35.538 62828 INFO tempest.lib.common.rest_client [req-0e569709-004b-43ca-8521-0285cfc89e46 req-0e569709-004b-43ca-8521-0285cfc89e46 ] Request (TenantUsagesTestJSON:setUpClass): 201 POST http://10.180.1.21/identity/v3/auth/tokens 0.069s
2024-10-10 15:33:35.566 62828 INFO tempest.lib.common.rest_client [req-0484233d-32b3-47f7-8453-9d956ce9bca3 req-0484233d-32b3-47f7-8453-9d956ce9bca3 ] Request (TenantUsagesTestJSON:setUpClass): 201 POST http://10.180.1.21/identity/v3/auth/tokens 0.026s
2024-10-10 15:33:35.571 62778 INFO tempest.lib.common.rest_client [req-675bf8a8-51e9-4341-b152-20f16aa3cc7f req-675bf8a8-51e9-4341-b152-20f16aa3cc7f ] Request (VolumesAdminNegativeTest:test_update_attached_volume_with_nonexistent_volume_in_body): 200 GET http://10.180.1.21/compute/v2.1/servers/0f9cb1f6-e5b9-4f67-a45a-8e47e2a43a97 0.058s
2024-10-10 15:33:35.589 62828 INFO tempest.lib.common.rest_client [req-50f062ba-a433-4c4d-90d6-e3b1961d8681 req-50f062ba-a433-4c4d-90d6-e3b1961d8681 ] Request (TenantUsagesTestJSON:setUpClass): 200 GET http://10.180.1.21/identity/v3/domains?name=Default 0.023s
2024-10-10 15:33:35.617 62828 INFO tempest.lib.common.rest_client [req-eb0b1885-5327-492d-b1db-7b3ec27c1760 req-eb0b1885-5327-492d-b1db-7b3ec27c1760 ] Request (TenantUsagesTestJSON:setUpClass): 201 POST http://10.180.1.21/identity/v3/projects 0.027s
2024-10-10 15:33:35.671 62828 INFO tempest.lib.common.rest_client [req-1b300f52-0305-4010-98df-4271df1201a1 req-1b300f52-0305-4010-98df-4271df1201a1 ] Request (TenantUsagesTestJSON:setUpClass): 201 POST http://10.180.1.21/identity/v3/users 0.054s
2024-10-10 15:33:35.691 62828 INFO tempest.lib.common.rest_client [req-2980d817-b5cd-4466-ba55-a7103ddfe5df req-2980d817-b5cd-4466-ba55-a7103ddfe5df ] Request (TenantUsagesTestJSON:setUpClass): 200 GET http://10.180.1.21/identity/v3/roles 0.019s
2024-10-10 15:33:35.730 62828 INFO tempest.lib.common.rest_client [req-e1815fdf-dab2-4f75-b566-cd4ca11084a9 req-e1815fdf-dab2-4f75-b566-cd4ca11084a9 ] Request (TenantUsagesTestJSON:setUpClass): 204 PUT http://10.180.1.21/identity/v3/projects/4ec74da9e2c0405cbf85e70f2a8c18e2/users/5695bbf5e890488a93376ea6994158c7/roles/157c8d99efc14ddd97b2975380dd29f1 0.038s
2024-10-10 15:33:35.730 62828 INFO tempest.lib.common.dynamic_creds [-] Dynamic test user 5695bbf5e890488a93376ea6994158c7 is created with scope project and roles: ['member']
2024-10-10 15:33:35.731 62828 INFO tempest.lib.common.dynamic_creds [-] Acquired dynamic creds: credentials: Credentials: {'domain_id': 'default', 'domain_name': 'Default', 'username': 'tempest-TenantUsagesTestJSON-670341100-project-member', 'project_domain_id': 'default', 'project_domain_name': 'Default', 'project_id': '4ec74da9e2c0405cbf85e70f2a8c18e2', 'project_name': 'tempest-TenantUsagesTestJSON-670341100', 'tenant_id': '4ec74da9e2c0405cbf85e70f2a8c18e2', 'tenant_name': 'tempest-TenantUsagesTestJSON-670341100', 'user_domain_id': 'default', 'user_domain_name': 'Default', 'user_id': '5695bbf5e890488a93376ea6994158c7', 'system': None}, Network: None, Subnet: None, Router: None
2024-10-10 15:33:35.731 62828 INFO tempest.lib.common.dynamic_creds [-] Created isolated network resources for: credentials: Credentials: {'domain_id': 'default', 'domain_name': 'Default', 'username': 'tempest-TenantUsagesTestJSON-670341100-project-member', 'project_domain_id': 'default', 'project_domain_name': 'Default', 'project_id': '4ec74da9e2c0405cbf85e70f2a8c18e2', 'project_name': 'tempest-TenantUsagesTestJSON-670341100', 'tenant_id': '4ec74da9e2c0405cbf85e70f2a8c18e2', 'tenant_name': 'tempest-TenantUsagesTestJSON-670341100', 'user_domain_id': 'default', 'user_domain_name': 'Default', 'user_id': '5695bbf5e890488a93376ea6994158c7', 'system': None}, Network: None, Subnet: None, Router: None
2024-10-10 15:33:35.734 62808 INFO tempest.lib.common.rest_client [req-ab3967cc-d39d-46a3-b318-d89c722166e9 req-ab3967cc-d39d-46a3-b318-d89c722166e9 ] Request (AttachVolumeShelveTestJSON:test_attach_volume_shelved_or_offload_server): 200 GET http://10.180.1.21/compute/v2.1/servers/695022e4-bb58-44d7-87e5-58bbd577ec7b 0.054s
2024-10-10 15:33:35.745 62804 INFO tempest.lib.common.rest_client [req-358735fa-49bb-430e-b3e9-5e034d96b021 req-358735fa-49bb-430e-b3e9-5e034d96b021 ] Request (FloatingIPsAssociationTestJSON:setUpClass): 200 GET http://10.180.1.21/compute/v2.1/servers/17f0965b-edf8-4590-9402-2654d5d19f4e 0.054s
2024-10-10 15:33:35.748 62794 INFO tempest.lib.common.rest_client [req-19558ee1-28af-410e-b8a8-c85f68bdd6e6 req-19558ee1-28af-410e-b8a8-c85f68bdd6e6 ] Request (AttachVolumeTestJSON:setUpClass): 200 PUT http://10.180.1.21:9696/networking/v2.0/routers/55634690-494e-422e-add9-64de1df15ce7/add_router_interface 1.226s
2024-10-10 15:33:35.748 62794 INFO tempest.lib.common.dynamic_creds [-] Created isolated network resources for: credentials: Credentials: {'domain_id': 'default', 'domain_name': 'Default', 'username': 'tempest-AttachVolumeTestJSON-2114587466-project-member', 'project_domain_id': 'default', 'project_domain_name': 'Default', 'project_id': 'e9ea55b00b574a7db0530efcb498ca2b', 'project_name': 'tempest-AttachVolumeTestJSON-2114587466', 'tenant_id': 'e9ea55b00b574a7db0530efcb498ca2b', 'tenant_name': 'tempest-AttachVolumeTestJSON-2114587466', 'user_domain_id': 'default', 'user_domain_name': 'Default', 'user_id': '75adf33d63ac4d07b358ed72daf8f12d', 'system': None}, Network: {'id': 'ba6b71b1-bd7b-493e-8682-68d842fa935f', 'name': 'tempest-AttachVolumeTestJSON-1892479706-network', 'tenant_id': 'e9ea55b00b574a7db0530efcb498ca2b', 'admin_state_up': True, 'mtu': 8950, 'status': 'ACTIVE', 'subnets': [], 'shared': False, 'project_id': 'e9ea55b00b574a7db0530efcb498ca2b', 'port_security_enabled': True, 'router:external': False, 'provider:network_type': 'vlan', 'provider:physical_network': 'default', 'provider:segmentation_id': 654, 'is_default': False, 'availability_zone_hints': [], 'availability_zones': [], 'ipv4_address_scope': None, 'ipv6_address_scope': None, 'description': '', 'tags': [], 'created_at': '2024-10-10T15:33:33Z', 'updated_at': '2024-10-10T15:33:33Z', 'revision_number': 1}, Subnet: {'id': '5e88bde9-f822-4d7b-82d0-119f0e04cee4', 'name': 'tempest-AttachVolumeTestJSON-1892479706-subnet', 'tenant_id': 'e9ea55b00b574a7db0530efcb498ca2b', 'network_id': 'ba6b71b1-bd7b-493e-8682-68d842fa935f', 'ip_version': 4, 'subnetpool_id': None, 'enable_dhcp': True, 'ipv6_ra_mode': None, 'ipv6_address_mode': None, 'gateway_ip': '192.168.128.1', 'cidr': '192.168.128.0/28', 'allocation_pools': [{'start': '192.168.128.2', 'end': '192.168.128.14'}], 'host_routes': [], 'dns_nameservers': [], 'description': '', 'router:external': False, 'service_types': [], 'tags': [], 'created_at': '2024-10-10T15:33:33Z', 'updated_at': '2024-10-10T15:33:33Z', 'revision_number': 0, 'project_id': 'e9ea55b00b574a7db0530efcb498ca2b'}, Router: {'id': '55634690-494e-422e-add9-64de1df15ce7', 'name': 'tempest-AttachVolumeTestJSON-1892479706-router', 'tenant_id': 'e9ea55b00b574a7db0530efcb498ca2b', 'admin_state_up': True, 'status': 'ACTIVE', 'external_gateway_info': {'network_id': '5fb41891-c5ee-4940-a990-75eb83e794b8', 'external_fixed_ips': [{'subnet_id': 'fdfc369c-fb07-4776-8a7d-4555384cfeed', 'ip_address': '10.180.180.223'}], 'enable_snat': True}, 'description': '', 'availability_zones': [], 'distributed': False, 'ha': False, 'availability_zone_hints': [], 'routes': [], 'flavor_id': None, 'tags': [], 'created_at': '2024-10-10T15:33:33Z', 'updated_at': '2024-10-10T15:33:34Z', 'revision_number': 2, 'project_id': 'e9ea55b00b574a7db0530efcb498ca2b'}
2024-10-10 15:33:35.795 62788 INFO tempest.lib.common.rest_client [req-d4a3f4e8-52a3-4af0-b571-6a0fd5c036dc req-d4a3f4e8-52a3-4af0-b571-6a0fd5c036dc ] Request (ServerAddressesTestJSON:setUpClass): 200 GET http://10.180.1.21/compute/v2.1/servers/93c8445d-689c-4f77-836f-95eafafbb6a2 0.056s
2024-10-10 15:33:35.806 62828 INFO tempest.lib.common.rest_client [req-46bfa4e8-225e-4839-96ef-5b5ddf25717c req-46bfa4e8-225e-4839-96ef-5b5ddf25717c ] Request (TenantUsagesTestJSON:setUpClass): 201 POST http://10.180.1.21/identity/v3/auth/tokens 0.072s
2024-10-10 15:33:35.818 62794 INFO tempest.lib.common.rest_client [req-64a988ed-de93-4c67-8c03-e8df957dc351 req-64a988ed-de93-4c67-8c03-e8df957dc351 ] Request (AttachVolumeTestJSON:setUpClass): 201 POST http://10.180.1.21/identity/v3/auth/tokens 0.066s
2024-10-10 15:33:35.848 62824 INFO tempest.lib.common.rest_client [req-7178fb12-b494-48c9-a950-e2d3b76e239d req-7178fb12-b494-48c9-a950-e2d3b76e239d ] Request (ServerDiagnosticsNegativeTest:test_get_server_diagnostics_by_non_admin): 200 GET http://10.180.1.21/compute/v2.1/servers/21cde60b-2764-4ff7-ab5e-a17fb672351d 0.049s
2024-10-10 15:33:35.874 62828 INFO tempest.lib.common.rest_client [req-9ea7fa6e-e5d3-49c1-b910-0b6f369b8dd0 req-9ea7fa6e-e5d3-49c1-b910-0b6f369b8dd0 ] Request (TenantUsagesTestJSON:setUpClass): 201 POST http://10.180.1.21/identity/v3/projects 0.067s
2024-10-10 15:33:35.912 62768 INFO tempest.lib.common.rest_client [req-062998e5-6971-4723-938e-a87ad535dede req-062998e5-6971-4723-938e-a87ad535dede ] Request (ServerActionsTestOtherA:setUpClass): 200 GET http://10.180.1.21/compute/v2.1/servers/c6292246-847f-4466-909b-6139401943af 0.051s
2024-10-10 15:33:35.925 62828 INFO tempest.lib.common.rest_client [req-94b2489b-05c3-407a-9beb-c71cfd6e4780 req-94b2489b-05c3-407a-9beb-c71cfd6e4780 ] Request (TenantUsagesTestJSON:setUpClass): 201 POST http://10.180.1.21/identity/v3/users 0.050s
2024-10-10 15:33:35.940 62828 INFO tempest.lib.common.rest_client [req-76cd53bb-099b-411d-a70a-91ab9b6cd880 req-76cd53bb-099b-411d-a70a-91ab9b6cd880 ] Request (TenantUsagesTestJSON:setUpClass): 200 GET http://10.180.1.21/identity/v3/roles 0.015s
2024-10-10 15:33:35.965 62828 INFO tempest.lib.common.rest_client [req-8beef0b1-1c13-4817-ae84-443a0acd16f1 req-8beef0b1-1c13-4817-ae84-443a0acd16f1 ] Request (TenantUsagesTestJSON:setUpClass): 204 PUT http://10.180.1.21/identity/v3/projects/4a2dfbcc468a461c84b0c5b041144cc4/users/e6085e21cba2470384ad4c2225aa4044/roles/2e082d3c0df341b9b335982e32ca5ab5 0.025s
2024-10-10 15:33:35.967 62790 INFO tempest.lib.common.rest_client [req-ca4e17d2-fea0-41c5-a3b1-bd27e971dd60 req-ca4e17d2-fea0-41c5-a3b1-bd27e971dd60 ] Request (MigrationsAdminTest:test_resize_server_revert_deleted_flavor): 200 GET http://10.180.1.21/compute/v2.1/servers/7cb248f2-2db2-4f62-b2d1-332488170c9b 0.048s
2024-10-10 15:33:35.983 62794 INFO tempest.lib.common.rest_client [req-c860873b-e650-49c5-98a7-b1db7b8fb760 req-c860873b-e650-49c5-98a7-b1db7b8fb760 ] Request (ValidationResourcesFixture:setUp): 200 POST http://10.180.1.21/compute/v2.1/os-keypairs 0.163s
2024-10-10 15:33:36.009 62828 INFO tempest.lib.common.rest_client [req-255afe1a-207d-45f6-81e5-bec3ea8a9002 req-255afe1a-207d-45f6-81e5-bec3ea8a9002 ] Request (TenantUsagesTestJSON:setUpClass): 200 GET http://10.180.1.21/identity/v3/roles 0.043s
2024-10-10 15:33:36.022 62814 INFO tempest.lib.common.rest_client [req-87b30617-d2d9-4dc2-9c5b-a0b545e35d4d req-87b30617-d2d9-4dc2-9c5b-a0b545e35d4d ] Request (ListImageFiltersTestJSON:setUpClass): 200 GET http://10.180.1.21/compute/v2.1/servers/76bddf93-ca4f-4987-a446-b369801ebd93 0.053s
2024-10-10 15:33:36.030 62814 INFO tempest.common.waiters [-] State transition "BUILD/block_device_mapping" ==> "BUILD/spawning" after 66 second wait
2024-10-10 15:33:36.034 62828 INFO tempest.lib.common.rest_client [req-466e4dff-6d1a-4ce6-8a7f-283d41105b50 req-466e4dff-6d1a-4ce6-8a7f-283d41105b50 ] Request (TenantUsagesTestJSON:setUpClass): 204 PUT http://10.180.1.21/identity/v3/projects/4a2dfbcc468a461c84b0c5b041144cc4/users/e6085e21cba2470384ad4c2225aa4044/roles/2e082d3c0df341b9b335982e32ca5ab5 0.024s
2024-10-10 15:33:36.034 62828 INFO tempest.lib.common.dynamic_creds [-] Dynamic test user e6085e21cba2470384ad4c2225aa4044 is created with scope project and roles: ['admin']
2024-10-10 15:33:36.034 62828 INFO tempest.lib.common.dynamic_creds [-] Acquired dynamic creds: credentials: Credentials: {'domain_id': 'default', 'domain_name': 'Default', 'username': 'tempest-TenantUsagesTestJSON-2142406256-project-admin', 'project_domain_id': 'default', 'project_domain_name': 'Default', 'project_id': '4a2dfbcc468a461c84b0c5b041144cc4', 'project_name': 'tempest-TenantUsagesTestJSON-2142406256', 'tenant_id': '4a2dfbcc468a461c84b0c5b041144cc4', 'tenant_name': 'tempest-TenantUsagesTestJSON-2142406256', 'user_domain_id': 'default', 'user_domain_name': 'Default', 'user_id': 'e6085e21cba2470384ad4c2225aa4044', 'system': None}, Network: None, Subnet: None, Router: None
2024-10-10 15:33:36.034 62828 INFO tempest.lib.common.dynamic_creds [-] Created isolated network resources for: credentials: Credentials: {'domain_id': 'default', 'domain_name': 'Default', 'username': 'tempest-TenantUsagesTestJSON-2142406256-project-admin', 'project_domain_id': 'default', 'project_domain_name': 'Default', 'project_id': '4a2dfbcc468a461c84b0c5b041144cc4', 'project_name': 'tempest-TenantUsagesTestJSON-2142406256', 'tenant_id': '4a2dfbcc468a461c84b0c5b041144cc4', 'tenant_name': 'tempest-TenantUsagesTestJSON-2142406256', 'user_domain_id': 'default', 'user_domain_name': 'Default', 'user_id': 'e6085e21cba2470384ad4c2225aa4044', 'system': None}, Network: None, Subnet: None, Router: None
2024-10-10 15:33:36.048 62774 INFO tempest.lib.common.rest_client [req-e9888d13-a073-4aaf-a5eb-85ea4441a0c9 req-e9888d13-a073-4aaf-a5eb-85ea4441a0c9 ] Request (ServersTestMultiNic:test_verify_duplicate_network_nics): 200 GET http://10.180.1.21/compute/v2.1/servers/68218523-ae44-4332-8b20-b23559304d60 0.063s
2024-10-10 15:33:36.111 62828 INFO tempest.lib.common.rest_client [req-e392f5ea-8673-4b1c-a966-2d063801244b req-e392f5ea-8673-4b1c-a966-2d063801244b ] Request (TenantUsagesTestJSON:setUpClass): 201 POST http://10.180.1.21/identity/v3/auth/tokens 0.073s
2024-10-10 15:33:36.112 62828 WARNING tempest.lib.common.rest_client [-] Deprecated: "tenant_id" property is deprecated for removal, use "project_id" instead
2024-10-10 15:33:36.125 62806 INFO tempest.lib.common.rest_client [req-93d7cbad-3402-4101-a898-80c8ef2ce76b req-93d7cbad-3402-4101-a898-80c8ef2ce76b ] Request (ServerDiskConfigTestJSON:test_rebuild_server_with_auto_disk_config): 200 GET http://10.180.1.21/compute/v2.1/servers/0eff7f21-17f8-4642-bfc4-a7a15bdfb41f 0.064s
2024-10-10 15:33:36.128 62766 INFO tempest.lib.common.rest_client [req-c1397391-bcff-42eb-8968-3da4781c4e75 req-c1397391-bcff-42eb-8968-3da4781c4e75 ] Request (ServersTestBootFromVolume:setUpClass): 200 GET http://10.180.1.21/compute/v2.1/servers/94818059-cf10-4dca-a711-fd5809583ce9 0.064s
2024-10-10 15:33:36.134 62794 INFO tempest.lib.common.rest_client [req-5a56a55e-c7a2-412c-bfc6-5a97c8a2b26a req-5a56a55e-c7a2-412c-bfc6-5a97c8a2b26a ] Request (ValidationResourcesFixture:setUp): 201 POST http://10.180.1.21:9696/networking/v2.0/security-groups 0.150s
2024-10-10 15:33:36.198 62828 INFO tempest.lib.common.rest_client [req-5ad5f7f8-be6e-4645-a4a1-ade3832f7cee req-5ad5f7f8-be6e-4645-a4a1-ade3832f7cee ] Request (TenantUsagesTestJSON:setUpClass): 201 POST http://10.180.1.21/identity/v3/auth/tokens 0.081s
2024-10-10 15:33:36.198 62828 INFO tempest.lib.common.fixed_network [-] (TenantUsagesTestJSON:setUpClass) Found network None available for tenant
2024-10-10 15:33:36.202 62810 INFO tempest.lib.common.rest_client [req-195386a6-4a6c-4f05-9690-169aa9f3c365 req-195386a6-4a6c-4f05-9690-169aa9f3c365 ] Request (ImagesOneServerNegativeTestJSON:setUpClass): 200 GET http://10.180.1.21/compute/v2.1/servers/a930be54-d8c9-4407-9d49-f067defc65e9 0.067s
2024-10-10 15:33:36.203 62816 INFO tempest.lib.common.rest_client [req-ddf17c08-f6bb-41a3-8ea9-b473ca612d5d req-ddf17c08-f6bb-41a3-8ea9-b473ca612d5d ] Request (ServerAddressesNegativeTestJSON:setUpClass): 200 GET http://10.180.1.21/compute/v2.1/servers/c29ad19e-91a5-4c3d-912b-bd7be4c42016 0.065s
2024-10-10 15:33:36.237 62794 INFO tempest.lib.common.rest_client [req-b111ef63-61c7-4354-85ec-45b44342ccfc req-b111ef63-61c7-4354-85ec-45b44342ccfc ] Request (ValidationResourcesFixture:setUp): 201 POST http://10.180.1.21:9696/networking/v2.0/security-group-rules 0.103s
2024-10-10 15:33:36.268 62786 INFO tempest.lib.common.rest_client [req-2185b42f-bc48-4ae5-9588-2dfc6182fefb req-2185b42f-bc48-4ae5-9588-2dfc6182fefb ] Request (MultipleCreateTestJSON:test_multiple_create): 200 GET http://10.180.1.21/compute/v2.1/servers/418c648a-06be-4e97-b138-45c65addf5cf 0.074s
2024-10-10 15:33:36.327 62784 INFO tempest.lib.common.rest_client [req-0c66beb1-2b79-4770-9150-48f82baf1438 req-0c66beb1-2b79-4770-9150-48f82baf1438 ] Request (ListServerFiltersTestJSON:setUpClass): 200 GET http://10.180.1.21/compute/v2.1/servers/34173a5f-8e4d-4646-b3e3-d537ffe752bb 0.114s
2024-10-10 15:33:36.360 62794 INFO tempest.lib.common.rest_client [req-7d713500-12c4-4b8a-bd24-ff25561a2502 req-7d713500-12c4-4b8a-bd24-ff25561a2502 ] Request (ValidationResourcesFixture:setUp): 201 POST http://10.180.1.21:9696/networking/v2.0/security-group-rules 0.122s
2024-10-10 15:33:36.545 62819 INFO tempest.lib.common.rest_client [req-922322d0-8bc9-49dd-9744-d9b63c985576 req-922322d0-8bc9-49dd-9744-d9b63c985576 ] Request (ServersTestManualDisk:setUpClass): 200 GET http://10.180.1.21/compute/v2.1/servers/d3274d59-6cf7-4e86-90f9-ffea49ad5342 0.294s
2024-10-10 15:33:36.599 62812 INFO tempest.lib.common.rest_client [req-7db69352-91f7-4b58-b394-50cbb063a0ff req-7db69352-91f7-4b58-b394-50cbb063a0ff ] Request (ServerRescueNegativeTestJSON:setUpClass): 200 GET http://10.180.1.21/compute/v2.1/servers/0dc705ca-6fd1-4844-9c2d-34f2c099ea67 0.326s
2024-10-10 15:33:36.659 62772 INFO tempest.lib.common.rest_client [req-1001631d-60fc-4b32-a73f-e28561226d8a req-1001631d-60fc-4b32-a73f-e28561226d8a ] Request (ServerShowV257Test:test_rebuild_server): 200 GET http://10.180.1.21/compute/v2.1/servers/4b9e4f73-4682-4170-b71e-1d3d1d860577 0.333s
2024-10-10 15:33:36.668 62828 INFO tempest.lib.common.rest_client [req-e47ef252-21ba-4155-81f5-83332caee67d req-e47ef252-21ba-4155-81f5-83332caee67d ] Request (TenantUsagesTestJSON:setUpClass): 202 POST http://10.180.1.21/compute/v2.1/servers 0.469s
2024-10-10 15:33:36.715 62820 INFO tempest.lib.common.rest_client [req-251c75c1-9559-49f3-b0f9-cfb8933ad0f3 req-251c75c1-9559-49f3-b0f9-cfb8933ad0f3 ] Request (AttachInterfacesUnderV243Test:test_add_remove_fixed_ip): 200 GET http://10.180.1.21/compute/v2.1/servers/e53104ad-35c7-49cb-b8de-035006148c52 0.386s
2024-10-10 15:33:36.719 62802 INFO tempest.lib.common.rest_client [req-bd5133f7-db2f-4b8f-afd9-e84f2f262e36 req-bd5133f7-db2f-4b8f-afd9-e84f2f262e36 ] Request (AttachInterfacesTestJSON:test_create_list_show_delete_interfaces_by_fixed_ip): 200 GET http://10.180.1.21/compute/v2.1/servers/c3f25b97-0e1e-4e78-94f0-e8087d1b55c1 0.343s
2024-10-10 15:33:36.780 62780 INFO tempest.lib.common.rest_client [req-6391097d-bf96-49e6-ac65-fa179e1a9768 req-6391097d-bf96-49e6-ac65-fa179e1a9768 ] Request (AttachInterfacesV270Test:test_create_get_list_interfaces): 200 GET http://10.180.1.21/compute/v2.1/servers/0b3b6f33-b90f-4c3e-bdb7-7d67b7793bda 0.381s
2024-10-10 15:33:36.783 62776 INFO tempest.lib.common.rest_client [req-fc9289cd-6c4c-4c2d-82b1-60f741d3d20d req-fc9289cd-6c4c-4c2d-82b1-60f741d3d20d ] Request (SecurityGroupsTestJSON:test_list_security_groups_by_server): 200 GET http://10.180.1.21/compute/v2.1/servers/21af21da-87b1-4a84-8544-f1a88494eb08 0.353s
2024-10-10 15:33:36.822 62794 INFO tempest.lib.common.rest_client [req-8f5e30bf-a26e-43fa-baf6-d0e3894c5ed9 req-8f5e30bf-a26e-43fa-baf6-d0e3894c5ed9 ] Request (ValidationResourcesFixture:setUp): 201 POST http://10.180.1.21:9696/networking/v2.0/floatingips 0.461s
2024-10-10 15:33:36.838 62800 INFO tempest.lib.common.rest_client [req-a05360a3-dc2c-474d-8297-1c1c270ef661 req-a05360a3-dc2c-474d-8297-1c1c270ef661 ] Request (ImagesTestJSON:test_create_image_from_stopped_server): 200 GET http://10.180.1.21/compute/v2.1/servers/898f69fe-737a-44cb-9c43-965f1f8685f7 0.388s
2024-10-10 15:33:36.857 62782 INFO tempest.lib.common.rest_client [req-02015421-c411-4f4a-820e-d5a0232d3b9d req-02015421-c411-4f4a-820e-d5a0232d3b9d ] Request (ServersV294TestFqdnHostnames:setUpClass): 200 GET http://10.180.1.21/compute/v2.1/servers/3551a2e8-2f7f-475d-9c5c-2c8e88335bc2 0.372s
2024-10-10 15:33:36.896 62770 INFO tempest.lib.common.rest_client [req-9e7c195f-da0d-4a38-9682-0977624629fa req-9e7c195f-da0d-4a38-9682-0977624629fa ] Request (ImagesNegativeTestJSON:test_create_image_from_deleted_server): 200 GET http://10.180.1.21/compute/v2.1/servers/d53a6920-d70c-40a6-a059-162a5f876b29 0.396s
2024-10-10 15:33:36.900 62794 INFO tempest.lib.common.rest_client [req-65b8dd27-edf9-4907-9b63-fcc49ee98b3f req-65b8dd27-edf9-4907-9b63-fcc49ee98b3f ] Request (AttachVolumeTestJSON:test_attach_detach_volume): 201 POST http://10.180.1.21/identity/v3/auth/tokens 0.075s
2024-10-10 15:33:36.901 62794 INFO tempest.lib.common.fixed_network [-] (AttachVolumeTestJSON:test_attach_detach_volume) Found network {'id': 'ba6b71b1-bd7b-493e-8682-68d842fa935f', 'name': 'tempest-AttachVolumeTestJSON-1892479706-network', 'tenant_id': 'e9ea55b00b574a7db0530efcb498ca2b', 'admin_state_up': True, 'mtu': 8950, 'status': 'ACTIVE', 'subnets': [], 'shared': False, 'project_id': 'e9ea55b00b574a7db0530efcb498ca2b', 'port_security_enabled': True, 'router:external': False, 'provider:network_type': 'vlan', 'provider:physical_network': 'default', 'provider:segmentation_id': 654, 'is_default': False, 'availability_zone_hints': [], 'availability_zones': [], 'ipv4_address_scope': None, 'ipv6_address_scope': None, 'description': '', 'tags': [], 'created_at': '2024-10-10T15:33:33Z', 'updated_at': '2024-10-10T15:33:33Z', 'revision_number': 1} available for tenant
2024-10-10 15:33:36.903 62797 INFO tempest.lib.common.rest_client [req-da242c22-4ecb-4585-9f43-23086006fc98 req-da242c22-4ecb-4585-9f43-23086006fc98 ] Request (ServersTestJSON:setUpClass): 200 GET http://10.180.1.21/compute/v2.1/servers/311e46eb-85ca-4262-a0a4-21eb073e0dc4 0.370s
2024-10-10 15:33:36.943 62778 INFO tempest.lib.common.rest_client [req-9169de1a-c666-48ce-ad17-b92112bcca03 req-9169de1a-c666-48ce-ad17-b92112bcca03 ] Request (VolumesAdminNegativeTest:test_update_attached_volume_with_nonexistent_volume_in_body): 200 GET http://10.180.1.21/compute/v2.1/servers/0f9cb1f6-e5b9-4f67-a45a-8e47e2a43a97 0.366s
2024-10-10 15:33:36.946 62828 INFO tempest.lib.common.rest_client [req-00edb893-73dc-4f0d-aac5-7b586acd1d22 req-00edb893-73dc-4f0d-aac5-7b586acd1d22 ] Request (TenantUsagesTestJSON:setUpClass): 200 GET http://10.180.1.21/compute/v2.1/servers/3f504d5c-3431-4a80-a7d9-e52af01cf24e 0.276s
2024-10-10 15:33:37.001 62804 INFO tempest.lib.common.rest_client [req-1a30a718-e771-42fc-bd97-394ecd419d86 req-1a30a718-e771-42fc-bd97-394ecd419d86 ] Request (FloatingIPsAssociationTestJSON:setUpClass): 200 GET http://10.180.1.21/compute/v2.1/servers/17f0965b-edf8-4590-9402-2654d5d19f4e 0.250s
2024-10-10 15:33:37.002 62808 INFO tempest.lib.common.rest_client [req-07c1f878-4af1-4b5a-bf77-04bb4b22ca06 req-07c1f878-4af1-4b5a-bf77-04bb4b22ca06 ] Request (AttachVolumeShelveTestJSON:test_attach_volume_shelved_or_offload_server): 200 GET http://10.180.1.21/compute/v2.1/servers/695022e4-bb58-44d7-87e5-58bbd577ec7b 0.258s
2024-10-10 15:33:37.052 62824 INFO tempest.lib.common.rest_client [req-830fd09f-9fdf-483d-8a7c-fea5419d1a60 req-830fd09f-9fdf-483d-8a7c-fea5419d1a60 ] Request (ServerDiagnosticsNegativeTest:test_get_server_diagnostics_by_non_admin): 200 GET http://10.180.1.21/compute/v2.1/servers/21cde60b-2764-4ff7-ab5e-a17fb672351d 0.196s
2024-10-10 15:33:37.059 62788 INFO tempest.lib.common.rest_client [req-458c01c4-bfa3-4495-b4ca-555ebb2ccb9f req-458c01c4-bfa3-4495-b4ca-555ebb2ccb9f ] Request (ServerAddressesTestJSON:setUpClass): 200 GET http://10.180.1.21/compute/v2.1/servers/93c8445d-689c-4f77-836f-95eafafbb6a2 0.257s
2024-10-10 15:33:37.108 62768 INFO tempest.lib.common.rest_client [req-82fee2a6-2ee2-46e6-b6c3-dc4f27482142 req-82fee2a6-2ee2-46e6-b6c3-dc4f27482142 ] Request (ServerActionsTestOtherA:setUpClass): 200 GET http://10.180.1.21/compute/v2.1/servers/c6292246-847f-4466-909b-6139401943af 0.189s
2024-10-10 15:33:37.156 62790 INFO tempest.lib.common.rest_client [req-04475a68-bdaa-4808-8164-c2618c1a12f0 req-04475a68-bdaa-4808-8164-c2618c1a12f0 ] Request (MigrationsAdminTest:test_resize_server_revert_deleted_flavor): 200 GET http://10.180.1.21/compute/v2.1/servers/7cb248f2-2db2-4f62-b2d1-332488170c9b 0.182s
2024-10-10 15:33:37.218 62814 INFO tempest.lib.common.rest_client [req-794fba56-a031-4816-b123-f23f0e72343e req-794fba56-a031-4816-b123-f23f0e72343e ] Request (ListImageFiltersTestJSON:setUpClass): 200 GET http://10.180.1.21/compute/v2.1/servers/76bddf93-ca4f-4987-a446-b369801ebd93 0.187s
2024-10-10 15:33:37.267 62774 INFO tempest.lib.common.rest_client [req-303188da-4156-45c0-86ef-3b8ebc1af169 req-303188da-4156-45c0-86ef-3b8ebc1af169 ] Request (ServersTestMultiNic:test_verify_duplicate_network_nics): 200 GET http://10.180.1.21/compute/v2.1/servers/68218523-ae44-4332-8b20-b23559304d60 0.212s
2024-10-10 15:33:37.310 62806 INFO tempest.lib.common.rest_client [req-5431065b-ccb4-4e54-8eb4-bcb77bb960dd req-5431065b-ccb4-4e54-8eb4-bcb77bb960dd ] Request (ServerDiskConfigTestJSON:test_rebuild_server_with_auto_disk_config): 200 GET http://10.180.1.21/compute/v2.1/servers/0eff7f21-17f8-4642-bfc4-a7a15bdfb41f 0.178s
2024-10-10 15:33:37.358 62766 INFO tempest.lib.common.rest_client [req-60bf473d-b423-4636-87bf-8ff9abecb8c9 req-60bf473d-b423-4636-87bf-8ff9abecb8c9 ] Request (ServersTestBootFromVolume:setUpClass): 200 GET http://10.180.1.21/compute/v2.1/servers/94818059-cf10-4dca-a711-fd5809583ce9 0.222s
2024-10-10 15:33:37.427 62810 INFO tempest.lib.common.rest_client [req-45147c3a-f9c3-4834-969f-0d788a279cee req-45147c3a-f9c3-4834-969f-0d788a279cee ] Request (ImagesOneServerNegativeTestJSON:setUpClass): 200 GET http://10.180.1.21/compute/v2.1/servers/a930be54-d8c9-4407-9d49-f067defc65e9 0.218s
2024-10-10 15:33:37.449 62794 INFO tempest.lib.common.rest_client [req-e0a1d0f3-a86a-4420-8ebc-475af2de7eab req-e0a1d0f3-a86a-4420-8ebc-475af2de7eab ] Request (AttachVolumeTestJSON:test_attach_detach_volume): 202 POST http://10.180.1.21/compute/v2.1/servers 0.547s
2024-10-10 15:33:37.470 62816 INFO tempest.lib.common.rest_client [req-5c376044-c7b6-4d1b-891a-fb1494d5fda2 req-5c376044-c7b6-4d1b-891a-fb1494d5fda2 ] Request (ServerAddressesNegativeTestJSON:setUpClass): 200 GET http://10.180.1.21/compute/v2.1/servers/c29ad19e-91a5-4c3d-912b-bd7be4c42016 0.256s
2024-10-10 15:33:37.498 62786 INFO tempest.lib.common.rest_client [req-93113c84-c256-4d79-9680-94bb9b012af3 req-93113c84-c256-4d79-9680-94bb9b012af3 ] Request (MultipleCreateTestJSON:test_multiple_create): 200 GET http://10.180.1.21/compute/v2.1/servers/418c648a-06be-4e97-b138-45c65addf5cf 0.222s
2024-10-10 15:33:37.513 62784 INFO tempest.lib.common.rest_client [req-1af103e0-e9f5-4ee2-a488-53f262925e64 req-1af103e0-e9f5-4ee2-a488-53f262925e64 ] Request (ListServerFiltersTestJSON:setUpClass): 200 GET http://10.180.1.21/compute/v2.1/servers/34173a5f-8e4d-4646-b3e3-d537ffe752bb 0.175s
2024-10-10 15:33:37.530 62794 INFO tempest.lib.common.rest_client [req-bbe6b669-1912-43b6-a60d-e81b7fd2a527 req-bbe6b669-1912-43b6-a60d-e81b7fd2a527 ] Request (AttachVolumeTestJSON:test_attach_detach_volume): 200 GET http://10.180.1.21/compute/v2.1/servers/a0b406c3-9466-41bd-9de1-e675cab2ceef 0.080s
2024-10-10 15:33:37.604 62819 INFO tempest.lib.common.rest_client [req-bd767555-ca29-4dfc-a65c-e3b66240a50a req-bd767555-ca29-4dfc-a65c-e3b66240a50a ] Request (ServersTestManualDisk:setUpClass): 200 GET http://10.180.1.21/compute/v2.1/servers/d3274d59-6cf7-4e86-90f9-ffea49ad5342 0.051s
2024-10-10 15:33:37.654 62812 INFO tempest.lib.common.rest_client [req-c2a7b697-1b81-43f3-9421-e022a8699ea9 req-c2a7b697-1b81-43f3-9421-e022a8699ea9 ] Request (ServerRescueNegativeTestJSON:setUpClass): 200 GET http://10.180.1.21/compute/v2.1/servers/0dc705ca-6fd1-4844-9c2d-34f2c099ea67 0.047s
2024-10-10 15:33:37.718 62772 INFO tempest.lib.common.rest_client [req-8862b945-46d4-49f6-bf4e-46352afdcca0 req-8862b945-46d4-49f6-bf4e-46352afdcca0 ] Request (ServerShowV257Test:test_rebuild_server): 200 GET http://10.180.1.21/compute/v2.1/servers/4b9e4f73-4682-4170-b71e-1d3d1d860577 0.048s
2024-10-10 15:33:37.771 62820 INFO tempest.lib.common.rest_client [req-ca47d333-7e2e-4cde-8a22-a8fb2f5b6033 req-ca47d333-7e2e-4cde-8a22-a8fb2f5b6033 ] Request (AttachInterfacesUnderV243Test:test_add_remove_fixed_ip): 200 GET http://10.180.1.21/compute/v2.1/servers/e53104ad-35c7-49cb-b8de-035006148c52 0.048s
2024-10-10 15:33:37.778 62802 INFO tempest.lib.common.rest_client [req-dc05a487-1db3-4f17-b130-12fc08b9a4b7 req-dc05a487-1db3-4f17-b130-12fc08b9a4b7 ] Request (AttachInterfacesTestJSON:test_create_list_show_delete_interfaces_by_fixed_ip): 200 GET http://10.180.1.21/compute/v2.1/servers/c3f25b97-0e1e-4e78-94f0-e8087d1b55c1 0.049s
2024-10-10 15:33:37.851 62780 INFO tempest.lib.common.rest_client [req-59e674c4-db39-45d1-8310-3a97c2997ab7 req-59e674c4-db39-45d1-8310-3a97c2997ab7 ] Request (AttachInterfacesV270Test:test_create_get_list_interfaces): 200 GET http://10.180.1.21/compute/v2.1/servers/0b3b6f33-b90f-4c3e-bdb7-7d67b7793bda 0.059s
2024-10-10 15:33:37.855 62776 INFO tempest.lib.common.rest_client [req-0e74a64b-6ad1-4b4b-8b49-44f9127948b2 req-0e74a64b-6ad1-4b4b-8b49-44f9127948b2 ] Request (SecurityGroupsTestJSON:test_list_security_groups_by_server): 200 GET http://10.180.1.21/compute/v2.1/servers/21af21da-87b1-4a84-8544-f1a88494eb08 0.061s
2024-10-10 15:33:37.897 62800 INFO tempest.lib.common.rest_client [req-0b5c57c3-98f7-4fee-b818-14f3ea96978c req-0b5c57c3-98f7-4fee-b818-14f3ea96978c ] Request (ImagesTestJSON:test_create_image_from_stopped_server): 200 GET http://10.180.1.21/compute/v2.1/servers/898f69fe-737a-44cb-9c43-965f1f8685f7 0.051s
2024-10-10 15:33:37.915 62782 INFO tempest.lib.common.rest_client [req-831831a3-6574-4d01-a8b5-b4f365fabf9d req-831831a3-6574-4d01-a8b5-b4f365fabf9d ] Request (ServersV294TestFqdnHostnames:setUpClass): 200 GET http://10.180.1.21/compute/v2.1/servers/3551a2e8-2f7f-475d-9c5c-2c8e88335bc2 0.048s
2024-10-10 15:33:37.957 62770 INFO tempest.lib.common.rest_client [req-e18a0dd3-d95a-42f7-a062-5d810ca687df req-e18a0dd3-d95a-42f7-a062-5d810ca687df ] Request (ImagesNegativeTestJSON:test_create_image_from_deleted_server): 200 GET http://10.180.1.21/compute/v2.1/servers/d53a6920-d70c-40a6-a059-162a5f876b29 0.054s
2024-10-10 15:33:37.958 62797 INFO tempest.lib.common.rest_client [req-fcff68f9-70c8-4e5f-88fb-13a5bbd2a6f9 req-fcff68f9-70c8-4e5f-88fb-13a5bbd2a6f9 ] Request (ServersTestJSON:setUpClass): 200 GET http://10.180.1.21/compute/v2.1/servers/311e46eb-85ca-4262-a0a4-21eb073e0dc4 0.049s
2024-10-10 15:33:38.010 62778 INFO tempest.lib.common.rest_client [req-7868e628-ee3e-4796-a336-fd85a0b88a5f req-7868e628-ee3e-4796-a336-fd85a0b88a5f ] Request (VolumesAdminNegativeTest:test_update_attached_volume_with_nonexistent_volume_in_body): 200 GET http://10.180.1.21/compute/v2.1/servers/0f9cb1f6-e5b9-4f67-a45a-8e47e2a43a97 0.061s
2024-10-10 15:33:38.015 62828 INFO tempest.lib.common.rest_client [req-e1ecf049-a735-45b7-ab99-31e5dd20d5a4 req-e1ecf049-a735-45b7-ab99-31e5dd20d5a4 ] Request (TenantUsagesTestJSON:setUpClass): 200 GET http://10.180.1.21/compute/v2.1/servers/3f504d5c-3431-4a80-a7d9-e52af01cf24e 0.057s
2024-10-10 15:33:38.062 62804 INFO tempest.lib.common.rest_client [req-f575429b-7526-4191-a1ca-883b57459fde req-f575429b-7526-4191-a1ca-883b57459fde ] Request (FloatingIPsAssociationTestJSON:setUpClass): 200 GET http://10.180.1.21/compute/v2.1/servers/17f0965b-edf8-4590-9402-2654d5d19f4e 0.054s
2024-10-10 15:33:38.064 62808 INFO tempest.lib.common.rest_client [req-dccfd90e-b168-45b8-b657-0288e3f66173 req-dccfd90e-b168-45b8-b657-0288e3f66173 ] Request (AttachVolumeShelveTestJSON:test_attach_volume_shelved_or_offload_server): 200 GET http://10.180.1.21/compute/v2.1/servers/695022e4-bb58-44d7-87e5-58bbd577ec7b 0.052s
2024-10-10 15:33:38.110 62824 INFO tempest.lib.common.rest_client [req-56d734e7-983a-4329-ab10-b89b3a1e544e req-56d734e7-983a-4329-ab10-b89b3a1e544e ] Request (ServerDiagnosticsNegativeTest:test_get_server_diagnostics_by_non_admin): 200 GET http://10.180.1.21/compute/v2.1/servers/21cde60b-2764-4ff7-ab5e-a17fb672351d 0.050s
2024-10-10 15:33:38.115 62788 INFO tempest.lib.common.rest_client [req-d240ce3d-a7a7-4dc0-9119-6330cfabce83 req-d240ce3d-a7a7-4dc0-9119-6330cfabce83 ] Request (ServerAddressesTestJSON:setUpClass): 200 GET http://10.180.1.21/compute/v2.1/servers/93c8445d-689c-4f77-836f-95eafafbb6a2 0.048s
2024-10-10 15:33:38.165 62768 INFO tempest.lib.common.rest_client [req-f2344d72-b920-436e-b2d6-987ddcbe7cc4 req-f2344d72-b920-436e-b2d6-987ddcbe7cc4 ] Request (ServerActionsTestOtherA:setUpClass): 200 GET http://10.180.1.21/compute/v2.1/servers/c6292246-847f-4466-909b-6139401943af 0.049s
2024-10-10 15:33:38.215 62790 INFO tempest.lib.common.rest_client [req-6c18a42e-e05b-4f6b-9411-970d748ae5ec req-6c18a42e-e05b-4f6b-9411-970d748ae5ec ] Request (MigrationsAdminTest:test_resize_server_revert_deleted_flavor): 200 GET http://10.180.1.21/compute/v2.1/servers/7cb248f2-2db2-4f62-b2d1-332488170c9b 0.049s
2024-10-10 15:33:38.272 62814 INFO tempest.lib.common.rest_client [req-6c7d2bdf-f93c-47b0-877b-87144a4bd017 req-6c7d2bdf-f93c-47b0-877b-87144a4bd017 ] Request (ListImageFiltersTestJSON:setUpClass): 200 GET http://10.180.1.21/compute/v2.1/servers/76bddf93-ca4f-4987-a446-b369801ebd93 0.047s
2024-10-10 15:33:38.320 62774 INFO tempest.lib.common.rest_client [req-aa39cc45-acfd-4c4e-b9b4-bfe2b4a923fc req-aa39cc45-acfd-4c4e-b9b4-bfe2b4a923fc ] Request (ServersTestMultiNic:test_verify_duplicate_network_nics): 200 GET http://10.180.1.21/compute/v2.1/servers/68218523-ae44-4332-8b20-b23559304d60 0.044s
2024-10-10 15:33:38.363 62806 INFO tempest.lib.common.rest_client [req-5601f0b3-b056-4e12-85ab-208f5678a650 req-5601f0b3-b056-4e12-85ab-208f5678a650 ] Request (ServerDiskConfigTestJSON:test_rebuild_server_with_auto_disk_config): 200 GET http://10.180.1.21/compute/v2.1/servers/0eff7f21-17f8-4642-bfc4-a7a15bdfb41f 0.045s
2024-10-10 15:33:38.415 62766 INFO tempest.lib.common.rest_client [req-1c0a3906-2f7e-43b8-beaf-c804c1e18358 req-1c0a3906-2f7e-43b8-beaf-c804c1e18358 ] Request (ServersTestBootFromVolume:setUpClass): 200 GET http://10.180.1.21/compute/v2.1/servers/94818059-cf10-4dca-a711-fd5809583ce9 0.045s
2024-10-10 15:33:38.478 62810 INFO tempest.lib.common.rest_client [req-f0be1b5f-7ee8-466e-bc64-5153a52ebfb0 req-f0be1b5f-7ee8-466e-bc64-5153a52ebfb0 ] Request (ImagesOneServerNegativeTestJSON:setUpClass): 200 GET http://10.180.1.21/compute/v2.1/servers/a930be54-d8c9-4407-9d49-f067defc65e9 0.044s
2024-10-10 15:33:38.525 62816 INFO tempest.lib.common.rest_client [req-494a817c-fbb7-44dd-9aff-0b9159044f24 req-494a817c-fbb7-44dd-9aff-0b9159044f24 ] Request (ServerAddressesNegativeTestJSON:setUpClass): 200 GET http://10.180.1.21/compute/v2.1/servers/c29ad19e-91a5-4c3d-912b-bd7be4c42016 0.048s
2024-10-10 15:33:38.554 62786 INFO tempest.lib.common.rest_client [req-236f5020-57dd-4b2c-9ca5-c955210864dd req-236f5020-57dd-4b2c-9ca5-c955210864dd ] Request (MultipleCreateTestJSON:test_multiple_create): 200 GET http://10.180.1.21/compute/v2.1/servers/418c648a-06be-4e97-b138-45c65addf5cf 0.049s
2024-10-10 15:33:38.568 62784 INFO tempest.lib.common.rest_client [req-6203ef4b-aa59-4550-999a-e8e177cd50f0 req-6203ef4b-aa59-4550-999a-e8e177cd50f0 ] Request (ListServerFiltersTestJSON:setUpClass): 200 GET http://10.180.1.21/compute/v2.1/servers/34173a5f-8e4d-4646-b3e3-d537ffe752bb 0.047s
2024-10-10 15:33:38.596 62794 INFO tempest.lib.common.rest_client [req-c121192f-fea3-4586-ad61-d27eb36841d7 req-c121192f-fea3-4586-ad61-d27eb36841d7 ] Request (AttachVolumeTestJSON:test_attach_detach_volume): 200 GET http://10.180.1.21/compute/v2.1/servers/a0b406c3-9466-41bd-9de1-e675cab2ceef 0.060s
2024-10-10 15:33:38.653 62819 INFO tempest.lib.common.rest_client [req-04927b15-fe8c-465b-a3e6-f0bbd523d73f req-04927b15-fe8c-465b-a3e6-f0bbd523d73f ] Request (ServersTestManualDisk:setUpClass): 200 GET http://10.180.1.21/compute/v2.1/servers/d3274d59-6cf7-4e86-90f9-ffea49ad5342 0.043s
2024-10-10 15:33:38.711 62812 INFO tempest.lib.common.rest_client [req-98dc3d74-483a-4b16-9904-96ebb3ab54c2 req-98dc3d74-483a-4b16-9904-96ebb3ab54c2 ] Request (ServerRescueNegativeTestJSON:setUpClass): 200 GET http://10.180.1.21/compute/v2.1/servers/0dc705ca-6fd1-4844-9c2d-34f2c099ea67 0.050s
2024-10-10 15:33:38.717 62812 INFO tempest.common.waiters [-] State transition "BUILD/spawning" ==> "ERROR/None" after 79 second wait
2024-10-10 15:33:38.779 62772 INFO tempest.lib.common.rest_client [req-910c294c-018f-4c26-92bf-02b0227fd7b1 req-910c294c-018f-4c26-92bf-02b0227fd7b1 ] Request (ServerShowV257Test:test_rebuild_server): 200 GET http://10.180.1.21/compute/v2.1/servers/4b9e4f73-4682-4170-b71e-1d3d1d860577 0.051s
2024-10-10 15:33:38.786 62772 INFO tempest.common.waiters [-] State transition "BUILD/None" ==> "BUILD/networking" after 67 second wait
2024-10-10 15:33:38.820 62820 INFO tempest.lib.common.rest_client [req-482cb6ba-1acb-4be9-9da5-242795fdddb0 req-482cb6ba-1acb-4be9-9da5-242795fdddb0 ] Request (AttachInterfacesUnderV243Test:test_add_remove_fixed_ip): 200 GET http://10.180.1.21/compute/v2.1/servers/e53104ad-35c7-49cb-b8de-035006148c52 0.043s
