2024-10-10 15:33:04.092 62804 INFO tempest.lib.common.rest_client [req-c1cd2122-850e-4f1c-a528-78ac4b431182 req-c1cd2122-850e-4f1c-a528-78ac4b431182 ] Request (FlavorsV2TestJSON:test_list_flavors_using_marker): 200 GET http://10.180.1.21/compute/v2.1/flavors/42 0.776s
2024-10-10 15:33:04.175 62816 INFO tempest.lib.common.rest_client [req-876c4cd5-73a6-4879-8844-8954855681de req-876c4cd5-73a6-4879-8844-8954855681de ] Request (ServerAddressesNegativeTestJSON:setUpClass): 200 GET http://10.180.1.21/compute/v2.1/servers/c29ad19e-91a5-4c3d-912b-bd7be4c42016 0.813s
2024-10-10 15:33:04.262 62786 INFO tempest.lib.common.rest_client [req-b3b547d4-b6c0-471d-a412-463d391c082a req-b3b547d4-b6c0-471d-a412-463d391c082a ] Request (MultipleCreateTestJSON:test_multiple_create): 200 GET http://10.180.1.21/compute/v2.1/servers/418c648a-06be-4e97-b138-45c65addf5cf 0.849s
2024-10-10 15:33:04.265 62784 INFO tempest.lib.common.rest_client [req-e2364460-7356-4349-afb4-b8bba0dc1963 req-e2364460-7356-4349-afb4-b8bba0dc1963 ] Request (ListServerFiltersTestJSON:setUpClass): 202 POST http://10.180.1.21/compute/v2.1/servers 1.334s
2024-10-10 15:33:04.280 62797 INFO tempest.lib.common.rest_client [req-4aa419ca-d844-465e-a4bb-b319cb687176 req-4aa419ca-d844-465e-a4bb-b319cb687176 ] Request (ServersTestJSON:setUpClass): 201 POST http://10.180.1.21:9696/networking/v2.0/networks 0.342s
2024-10-10 15:33:04.347 62812 INFO tempest.lib.common.rest_client [req-48620c51-f752-40d5-a618-824117ca6db2 req-48620c51-f752-40d5-a618-824117ca6db2 ] Request (ServerRescueNegativeTestJSON:setUpClass): 200 GET http://10.180.1.21/compute/v2.1/servers/0dc705ca-6fd1-4844-9c2d-34f2c099ea67 0.865s
2024-10-10 15:33:04.357 62819 INFO tempest.lib.common.rest_client [req-41dbc39d-68bd-498b-ac9c-5a96a6b9ee9b req-41dbc39d-68bd-498b-ac9c-5a96a6b9ee9b ] Request (ServersTestManualDisk:setUpClass): 200 GET http://10.180.1.21/compute/v2.1/servers/d3274d59-6cf7-4e86-90f9-ffea49ad5342 0.816s
2024-10-10 15:33:04.357 62784 INFO tempest.lib.common.rest_client [req-8b56ae27-aa63-4c3b-a151-eeb45cca5606 req-8b56ae27-aa63-4c3b-a151-eeb45cca5606 ] Request (ListServerFiltersTestJSON:setUpClass): 201 POST http://10.180.1.21/identity/v3/auth/tokens 0.086s
2024-10-10 15:33:04.358 62784 INFO tempest.lib.common.fixed_network [-] (ListServerFiltersTestJSON:setUpClass) Found network {'id': '87aeaa4b-4f34-42f7-aff2-651e4a59561a', 'name': 'tempest-ListServerFiltersTestJSON-1187657549-network', 'tenant_id': '17a68974796a49359e6498789537867a', 'admin_state_up': True, 'mtu': 8950, 'status': 'ACTIVE', 'subnets': [], 'shared': False, 'project_id': '17a68974796a49359e6498789537867a', 'port_security_enabled': True, 'router:external': False, 'provider:network_type': 'vlan', 'provider:physical_network': 'default', 'provider:segmentation_id': 355, 'is_default': False, 'availability_zone_hints': [], 'availability_zones': [], 'ipv4_address_scope': None, 'ipv6_address_scope': None, 'description': '', 'tags': [], 'created_at': '2024-10-10T15:33:02Z', 'updated_at': '2024-10-10T15:33:02Z', 'revision_number': 1} available for tenant
2024-10-10 15:33:04.419 62772 INFO tempest.lib.common.rest_client [req-768a4706-0563-4959-b37f-0d78cc300174 req-768a4706-0563-4959-b37f-0d78cc300174 ] Request (ServerShowV257Test:test_rebuild_server): 200 GET http://10.180.1.21/compute/v2.1/servers/4b9e4f73-4682-4170-b71e-1d3d1d860577 0.857s
2024-10-10 15:33:04.433 62782 INFO tempest.lib.common.rest_client [req-3978d275-ecf0-4243-9ab8-3166a20086ab req-3978d275-ecf0-4243-9ab8-3166a20086ab ] Request (ServersAdminTestJSON:setUpClass): 200 GET http://10.180.1.21/compute/v2.1/servers/9fa91603-f812-4d93-bef1-58e455f2c2e8 0.766s
2024-10-10 15:33:04.440 62782 INFO tempest.common.waiters [-] State transition "BUILD/spawning" ==> "ERROR/None" after 50 second wait
2024-10-10 15:33:04.574 62797 INFO tempest.lib.common.rest_client [req-6ba3cdac-da6c-4c2d-8dbb-f28a0d77bec8 req-6ba3cdac-da6c-4c2d-8dbb-f28a0d77bec8 ] Request (ServersTestJSON:setUpClass): 201 POST http://10.180.1.21:9696/networking/v2.0/subnets 0.293s
2024-10-10 15:33:04.670 62820 INFO tempest.lib.common.rest_client [req-6652bc36-1274-40b8-9ee3-a972bc5a82bb req-6652bc36-1274-40b8-9ee3-a972bc5a82bb ] Request (AttachInterfacesUnderV243Test:test_add_remove_fixed_ip): 200 GET http://10.180.1.21/compute/v2.1/servers/e53104ad-35c7-49cb-b8de-035006148c52 0.996s
2024-10-10 15:33:04.675 62788 INFO tempest.lib.common.rest_client [req-65b9dfc2-32e1-4eee-99fb-7fa01cb9bc1b req-65b9dfc2-32e1-4eee-99fb-7fa01cb9bc1b ] Request (ListServersNegativeTestJSON:setUpClass): 200 GET http://10.180.1.21/compute/v2.1/servers/11c53593-cf14-4e46-b546-c90a3184028e 0.901s
2024-10-10 15:33:04.721 62798 INFO tempest.lib.common.rest_client [req-66f7d0b0-0282-48e9-9e53-d83168acf20e req-66f7d0b0-0282-48e9-9e53-d83168acf20e ] Request (VolumesGetTestJSON:test_volume_create_get_delete): 200 GET http://10.180.1.21/compute/v2.1/os-volumes/53d581bd-b1c5-40e6-8394-eacc07211962 0.923s
2024-10-10 15:33:04.724 62798 INFO tempest.common.waiters [-] volume 53d581bd-b1c5-40e6-8394-eacc07211962 reached available after waiting for 0.724104 seconds
2024-10-10 15:33:04.753 62794 INFO tempest.lib.common.rest_client [req-40e415e1-e571-4f5c-ac2b-0e2a052d831c req-40e415e1-e571-4f5c-ac2b-0e2a052d831c ] Request (ServerPasswordTestJSON:setUpClass): 200 GET http://10.180.1.21/compute/v2.1/servers/49fdf371-5278-442b-b8cc-9a0fc22947b4 0.974s
2024-10-10 15:33:04.810 62776 INFO tempest.lib.common.rest_client [req-3e34710f-801e-4311-a152-e851cbf391d3 req-3e34710f-801e-4311-a152-e851cbf391d3 ] Request (SecurityGroupsTestJSON:test_list_security_groups_by_server): 200 GET http://10.180.1.21/compute/v2.1/servers/21af21da-87b1-4a84-8544-f1a88494eb08 0.806s
2024-10-10 15:33:04.833 62780 INFO tempest.lib.common.rest_client [req-9b7379f3-f343-4021-aca1-51ae3ac4ca30 req-9b7379f3-f343-4021-aca1-51ae3ac4ca30 ] Request (ServersAdmin275Test:tearDownClass): 200 GET http://10.180.1.21/compute/v2.1/servers/6e35fe1c-05bc-4dcc-b7ec-e9998a647739 0.820s
2024-10-10 15:33:04.996 62826 INFO tempest.lib.common.rest_client [req-8f6fb312-c4cf-4acb-97bf-33c19058448c req-8f6fb312-c4cf-4acb-97bf-33c19058448c ] Request (FloatingIPDetailsTestJSON:tearDownClass): 200 PUT http://10.180.1.21:9696/networking/v2.0/routers/5bbd2dea-d82f-4ac8-b33e-fc7d3ef8f2ec/remove_router_interface 2.532s
2024-10-10 15:33:05.011 62774 INFO tempest.lib.common.rest_client [req-cb154137-d48a-4c22-86f7-1e2c86b5f733 req-cb154137-d48a-4c22-86f7-1e2c86b5f733 ] Request (ServersTestMultiNic:setUpClass): 201 POST http://10.180.1.21:9696/networking/v2.0/routers 2.468s
2024-10-10 15:33:05.112 62802 INFO tempest.lib.common.rest_client [req-8c4c171b-9079-42a9-8939-b9768cb99229 req-8c4c171b-9079-42a9-8939-b9768cb99229 ] Request (AttachInterfacesTestJSON:test_create_list_show_delete_interfaces_by_fixed_ip): 200 GET http://10.180.1.21/compute/v2.1/servers/c3f25b97-0e1e-4e78-94f0-e8087d1b55c1 1.025s
2024-10-10 15:33:05.130 62828 INFO tempest.lib.common.rest_client [req-632cfaa3-cd13-4d26-bdfd-087f9170e9b1 req-632cfaa3-cd13-4d26-bdfd-087f9170e9b1 ] Request (DeleteServersAdminTestJSON:test_delete_server_while_in_error_state): 200 GET http://10.180.1.21/compute/v2.1/servers/ef52ac4a-fa98-4af8-b08a-b34cae526850 1.045s
2024-10-10 15:33:05.139 62828 INFO tempest.common.waiters [-] State transition "BUILD/None" ==> "BUILD/spawning" after 47 second wait
2024-10-10 15:33:05.141 62804 INFO tempest.lib.common.rest_client [req-4063c64f-a66c-4a49-a694-413366fb3e9e req-4063c64f-a66c-4a49-a694-413366fb3e9e ] Request (FlavorsV2TestJSON:test_list_flavors_using_marker): 200 GET http://10.180.1.21/compute/v2.1/flavors?marker=42 1.047s
2024-10-10 15:33:05.204 62800 INFO tempest.lib.common.rest_client [req-49dc206e-dc86-4a02-9c31-94b17b06b811 req-49dc206e-dc86-4a02-9c31-94b17b06b811 ] Request (ImagesTestJSON:test_create_image_from_stopped_server): 200 GET http://10.180.1.21/compute/v2.1/servers/898f69fe-737a-44cb-9c43-965f1f8685f7 1.013s
2024-10-10 15:33:05.210 62770 INFO tempest.lib.common.rest_client [req-d6a84144-6b57-4d39-adf6-6240bb45b55b req-d6a84144-6b57-4d39-adf6-6240bb45b55b ] Request (ImagesNegativeTestJSON:test_create_image_from_deleted_server): 200 GET http://10.180.1.21/compute/v2.1/servers/d53a6920-d70c-40a6-a059-162a5f876b29 1.016s
2024-10-10 15:33:05.287 62808 INFO tempest.lib.common.rest_client [req-2b094731-c08f-4f61-89e8-be9194ce458f req-2b094731-c08f-4f61-89e8-be9194ce458f ] Request (AttachVolumeShelveTestJSON:test_attach_volume_shelved_or_offload_server): 200 GET http://10.180.1.21/compute/v2.1/servers/695022e4-bb58-44d7-87e5-58bbd577ec7b 0.984s
2024-10-10 15:33:05.290 62778 INFO tempest.lib.common.rest_client [req-faae8005-2609-46e2-b528-9ec300c699dc req-faae8005-2609-46e2-b528-9ec300c699dc ] Request (VolumesAdminNegativeTest:test_update_attached_volume_with_nonexistent_volume_in_body): 200 GET http://10.180.1.21/compute/v2.1/servers/0f9cb1f6-e5b9-4f67-a45a-8e47e2a43a97 0.987s
2024-10-10 15:33:05.379 62768 INFO tempest.lib.common.rest_client [req-bf0ffe3c-6889-4b89-ac55-3d57cb90819b req-bf0ffe3c-6889-4b89-ac55-3d57cb90819b ] Request (ServerActionsTestOtherA:setUpClass): 200 GET http://10.180.1.21/compute/v2.1/servers/c6292246-847f-4466-909b-6139401943af 0.984s
2024-10-10 15:33:05.441 62814 INFO tempest.lib.common.rest_client [req-d71bfd18-25fe-4cd4-b762-8ad820397688 req-d71bfd18-25fe-4cd4-b762-8ad820397688 ] Request (ListImageFiltersTestJSON:setUpClass): 200 GET http://10.180.1.21/compute/v2.1/servers/76bddf93-ca4f-4987-a446-b369801ebd93 1.031s
2024-10-10 15:33:05.507 62810 INFO tempest.lib.common.rest_client [req-5c1ef037-9170-44ba-89ad-d881fc556487 req-5c1ef037-9170-44ba-89ad-d881fc556487 ] Request (ImagesOneServerNegativeTestJSON:setUpClass): 200 PUT http://10.180.1.21:9696/networking/v2.0/routers/ba85dc4d-7e98-414a-b2f9-7e345e4661cb/add_router_interface 2.942s
2024-10-10 15:33:05.507 62810 INFO tempest.lib.common.dynamic_creds [-] Created isolated network resources for: credentials: Credentials: {'domain_id': 'default', 'domain_name': 'Default', 'username': 'tempest-ImagesOneServerNegativeTestJSON-1718398631-project-member', 'project_domain_id': 'default', 'project_domain_name': 'Default', 'project_id': 'ea875a4f3ccc4b7f9bd91ccbcca2226d', 'project_name': 'tempest-ImagesOneServerNegativeTestJSON-1718398631', 'tenant_id': 'ea875a4f3ccc4b7f9bd91ccbcca2226d', 'tenant_name': 'tempest-ImagesOneServerNegativeTestJSON-1718398631', 'user_domain_id': 'default', 'user_domain_name': 'Default', 'user_id': '491bf8912b7b46e09c585060b6837362', 'system': None}, Network: {'id': '26a23bac-5da4-4e1b-9ba2-b75ee671bfb7', 'name': 'tempest-ImagesOneServerNegativeTestJSON-224511502-network', 'tenant_id': 'ea875a4f3ccc4b7f9bd91ccbcca2226d', 'admin_state_up': True, 'mtu': 8950, 'status': 'ACTIVE', 'subnets': [], 'shared': False, 'project_id': 'ea875a4f3ccc4b7f9bd91ccbcca2226d', 'port_security_enabled': True, 'router:external': False, 'provider:network_type': 'vlan', 'provider:physical_network': 'default', 'provider:segmentation_id': 635, 'is_default': False, 'availability_zone_hints': [], 'availability_zones': [], 'ipv4_address_scope': None, 'ipv6_address_scope': None, 'description': '', 'tags': [], 'created_at': '2024-10-10T15:33:00Z', 'updated_at': '2024-10-10T15:33:00Z', 'revision_number': 1}, Subnet: {'id': 'e0238fda-a532-4ee3-8cc0-ce86d6b6c28f', 'name': 'tempest-ImagesOneServerNegativeTestJSON-224511502-subnet', 'tenant_id': 'ea875a4f3ccc4b7f9bd91ccbcca2226d', 'network_id': '26a23bac-5da4-4e1b-9ba2-b75ee671bfb7', 'ip_version': 4, 'subnetpool_id': None, 'enable_dhcp': True, 'ipv6_ra_mode': None, 'ipv6_address_mode': None, 'gateway_ip': '192.168.128.1', 'cidr': '192.168.128.0/28', 'allocation_pools': [{'start': '192.168.128.2', 'end': '192.168.128.14'}], 'host_routes': [], 'dns_nameservers': [], 'description': '', 'router:external': False, 'service_types': [], 'tags': [], 'created_at': '2024-10-10T15:33:01Z', 'updated_at': '2024-10-10T15:33:01Z', 'revision_number': 0, 'project_id': 'ea875a4f3ccc4b7f9bd91ccbcca2226d'}, Router: {'id': 'ba85dc4d-7e98-414a-b2f9-7e345e4661cb', 'name': 'tempest-ImagesOneServerNegativeTestJSON-224511502-router', 'tenant_id': 'ea875a4f3ccc4b7f9bd91ccbcca2226d', 'admin_state_up': True, 'status': 'ACTIVE', 'external_gateway_info': {'network_id': '5fb41891-c5ee-4940-a990-75eb83e794b8', 'external_fixed_ips': [{'subnet_id': 'fdfc369c-fb07-4776-8a7d-4555384cfeed', 'ip_address': '10.180.180.171'}], 'enable_snat': True}, 'description': '', 'availability_zones': [], 'distributed': False, 'ha': False, 'availability_zone_hints': [], 'routes': [], 'flavor_id': None, 'tags': [], 'created_at': '2024-10-10T15:33:01Z', 'updated_at': '2024-10-10T15:33:02Z', 'revision_number': 2, 'project_id': 'ea875a4f3ccc4b7f9bd91ccbcca2226d'}
2024-10-10 15:33:05.610 62810 INFO tempest.lib.common.rest_client [req-c01a9bb6-cbbe-4bac-90c6-002473a6f10e req-c01a9bb6-cbbe-4bac-90c6-002473a6f10e ] Request (ImagesOneServerNegativeTestJSON:setUpClass): 201 POST http://10.180.1.21/identity/v3/auth/tokens 0.097s
2024-10-10 15:33:05.643 62810 INFO tempest.lib.common.rest_client [req-3543257b-6307-4e8f-be8f-61025a30b8f9 req-3543257b-6307-4e8f-be8f-61025a30b8f9 ] Request (ImagesOneServerNegativeTestJSON:setUpClass): 201 POST http://10.180.1.21/identity/v3/auth/tokens 0.030s
2024-10-10 15:33:05.643 62810 INFO tempest.lib.common.fixed_network [-] (ImagesOneServerNegativeTestJSON:setUpClass) Found network {'id': '26a23bac-5da4-4e1b-9ba2-b75ee671bfb7', 'name': 'tempest-ImagesOneServerNegativeTestJSON-224511502-network', 'tenant_id': 'ea875a4f3ccc4b7f9bd91ccbcca2226d', 'admin_state_up': True, 'mtu': 8950, 'status': 'ACTIVE', 'subnets': [], 'shared': False, 'project_id': 'ea875a4f3ccc4b7f9bd91ccbcca2226d', 'port_security_enabled': True, 'router:external': False, 'provider:network_type': 'vlan', 'provider:physical_network': 'default', 'provider:segmentation_id': 635, 'is_default': False, 'availability_zone_hints': [], 'availability_zones': [], 'ipv4_address_scope': None, 'ipv6_address_scope': None, 'description': '', 'tags': [], 'created_at': '2024-10-10T15:33:00Z', 'updated_at': '2024-10-10T15:33:00Z', 'revision_number': 1} available for tenant
2024-10-10 15:33:05.657 62782 INFO tempest.lib.common.rest_client [req-ba36ed81-2451-4243-9d3c-3dadfabaca82 req-ba36ed81-2451-4243-9d3c-3dadfabaca82 ] Request (ServersAdminTestJSON:setUpClass): 204 DELETE http://10.180.1.21/compute/v2.1/servers/9fa91603-f812-4d93-bef1-58e455f2c2e8 1.217s
2024-10-10 15:33:05.711 62790 INFO tempest.lib.common.rest_client [req-f8695a7c-ebe4-4aaa-ba2c-964602100147 req-f8695a7c-ebe4-4aaa-ba2c-964602100147 ] Request (MigrationsAdminTest:test_resize_server_revert_deleted_flavor): 200 GET http://10.180.1.21/compute/v2.1/servers/7cb248f2-2db2-4f62-b2d1-332488170c9b 1.238s
2024-10-10 15:33:05.744 62784 INFO tempest.lib.common.rest_client [req-56243f8b-437c-430e-a5ea-fb99ed27de9a req-56243f8b-437c-430e-a5ea-fb99ed27de9a ] Request (ListServerFiltersTestJSON:setUpClass): 202 POST http://10.180.1.21/compute/v2.1/servers 1.386s
2024-10-10 15:33:05.753 62798 INFO tempest.lib.common.rest_client [req-b7854c38-028b-440e-a6a5-e1f5f5817262 req-b7854c38-028b-440e-a6a5-e1f5f5817262 ] Request (VolumesGetTestJSON:test_volume_create_get_delete): 200 GET http://10.180.1.21/compute/v2.1/os-volumes/53d581bd-b1c5-40e6-8394-eacc07211962 1.029s
2024-10-10 15:33:05.784 62784 INFO tempest.lib.common.rest_client [req-dc31456c-f989-4f58-9617-3ced0b83c0bf req-dc31456c-f989-4f58-9617-3ced0b83c0bf ] Request (ListServerFiltersTestJSON:setUpClass): 201 POST http://10.180.1.21/identity/v3/auth/tokens 0.036s
2024-10-10 15:33:05.785 62784 INFO tempest.lib.common.fixed_network [-] (ListServerFiltersTestJSON:setUpClass) Found network {'id': '87aeaa4b-4f34-42f7-aff2-651e4a59561a', 'name': 'tempest-ListServerFiltersTestJSON-1187657549-network', 'tenant_id': '17a68974796a49359e6498789537867a', 'admin_state_up': True, 'mtu': 8950, 'status': 'ACTIVE', 'subnets': [], 'shared': False, 'project_id': '17a68974796a49359e6498789537867a', 'port_security_enabled': True, 'router:external': False, 'provider:network_type': 'vlan', 'provider:physical_network': 'default', 'provider:segmentation_id': 355, 'is_default': False, 'availability_zone_hints': [], 'availability_zones': [], 'ipv4_address_scope': None, 'ipv6_address_scope': None, 'description': '', 'tags': [], 'created_at': '2024-10-10T15:33:02Z', 'updated_at': '2024-10-10T15:33:02Z', 'revision_number': 1} available for tenant
2024-10-10 15:33:05.824 62824 INFO tempest.lib.common.rest_client [req-4763b7d9-ff01-4a1f-b628-3c54a761940b req-4763b7d9-ff01-4a1f-b628-3c54a761940b ] Request (ServerDiagnosticsNegativeTest:test_get_server_diagnostics_by_non_admin): 200 GET http://10.180.1.21/compute/v2.1/servers/21cde60b-2764-4ff7-ab5e-a17fb672351d 0.822s
2024-10-10 15:33:05.825 62766 INFO tempest.lib.common.rest_client [req-cca879ec-d629-4ce0-a79a-9a7394f9553e req-cca879ec-d629-4ce0-a79a-9a7394f9553e ] Request (ServersTestBootFromVolume:setUpClass): 200 GET http://10.180.1.21/compute/v2.1/servers/94818059-cf10-4dca-a711-fd5809583ce9 0.925s
2024-10-10 15:33:05.851 62804 INFO tempest.lib.common.rest_client [req-084f7ab0-c8ba-40f8-8099-e65472a2e7b5 req-084f7ab0-c8ba-40f8-8099-e65472a2e7b5 ] Request (FlavorsV2TestJSON:test_list_flavors_with_detail): 200 GET http://10.180.1.21/compute/v2.1/flavors/detail 0.704s
2024-10-10 15:33:05.911 62816 INFO tempest.lib.common.rest_client [req-915e615e-5072-4476-b7c0-2bde32300bef req-915e615e-5072-4476-b7c0-2bde32300bef ] Request (ServerAddressesNegativeTestJSON:setUpClass): 200 GET http://10.180.1.21/compute/v2.1/servers/c29ad19e-91a5-4c3d-912b-bd7be4c42016 0.721s
2024-10-10 15:33:05.911 62806 INFO tempest.lib.common.rest_client [req-a3087b24-7429-4dbc-8a5a-099e89519237 req-a3087b24-7429-4dbc-8a5a-099e89519237 ] Request (ServerDiskConfigTestJSON:test_rebuild_server_with_auto_disk_config): 200 GET http://10.180.1.21/compute/v2.1/servers/0eff7f21-17f8-4642-bfc4-a7a15bdfb41f 0.822s
2024-10-10 15:33:05.949 62826 INFO tempest.lib.common.rest_client [req-ab101da4-b44a-4ac9-b621-e4579c49b06e req-ab101da4-b44a-4ac9-b621-e4579c49b06e ] Request (FloatingIPDetailsTestJSON:tearDownClass): 204 DELETE http://10.180.1.21:9696/networking/v2.0/routers/5bbd2dea-d82f-4ac8-b33e-fc7d3ef8f2ec 0.951s
2024-10-10 15:33:05.980 62812 INFO tempest.lib.common.rest_client [req-530f4308-f29f-4bde-bd03-0b4d301932f1 req-530f4308-f29f-4bde-bd03-0b4d301932f1 ] Request (ServerRescueNegativeTestJSON:setUpClass): 200 GET http://10.180.1.21/compute/v2.1/servers/0dc705ca-6fd1-4844-9c2d-34f2c099ea67 0.623s
2024-10-10 15:33:05.988 62786 INFO tempest.lib.common.rest_client [req-c2856498-f975-4bbe-aeb5-36296e0aa562 req-c2856498-f975-4bbe-aeb5-36296e0aa562 ] Request (MultipleCreateTestJSON:test_multiple_create): 200 GET http://10.180.1.21/compute/v2.1/servers/418c648a-06be-4e97-b138-45c65addf5cf 0.717s
2024-10-10 15:33:06.037 62819 INFO tempest.lib.common.rest_client [req-680c7d92-faa5-401d-ad2f-78dd00e0b5bb req-680c7d92-faa5-401d-ad2f-78dd00e0b5bb ] Request (ServersTestManualDisk:setUpClass): 200 GET http://10.180.1.21/compute/v2.1/servers/d3274d59-6cf7-4e86-90f9-ffea49ad5342 0.672s
2024-10-10 15:33:06.056 62772 INFO tempest.lib.common.rest_client [req-9c1857f4-862f-4779-bcb0-a7d77444c575 req-9c1857f4-862f-4779-bcb0-a7d77444c575 ] Request (ServerShowV257Test:test_rebuild_server): 200 GET http://10.180.1.21/compute/v2.1/servers/4b9e4f73-4682-4170-b71e-1d3d1d860577 0.626s
2024-10-10 15:33:06.077 62782 INFO tempest.lib.common.rest_client [req-863bce8f-5437-4620-afe8-27cc447f56dd req-863bce8f-5437-4620-afe8-27cc447f56dd ] Request (ServersAdminTestJSON:setUpClass): 404 GET http://10.180.1.21/compute/v2.1/servers/9fa91603-f812-4d93-bef1-58e455f2c2e8 0.420s
2024-10-10 15:33:06.077 62782 INFO tempest.test [-] raised in ServersAdminTestJSON.setUpClass. Invoking tearDownClass.
2024-10-10 15:33:06.135 62797 INFO tempest.lib.common.rest_client [req-8af8e5da-46b8-42bc-a8c8-60e99b35418a req-8af8e5da-46b8-42bc-a8c8-60e99b35418a ] Request (ServersTestJSON:setUpClass): 201 POST http://10.180.1.21:9696/networking/v2.0/routers 1.560s
2024-10-10 15:33:06.145 62820 INFO tempest.lib.common.rest_client [req-86d65187-043a-45eb-a246-77d4beff8491 req-86d65187-043a-45eb-a246-77d4beff8491 ] Request (AttachInterfacesUnderV243Test:test_add_remove_fixed_ip): 200 GET http://10.180.1.21/compute/v2.1/servers/e53104ad-35c7-49cb-b8de-035006148c52 0.466s
2024-10-10 15:33:06.246 62788 INFO tempest.lib.common.rest_client [req-a730f949-8af2-4084-ab5b-a2e0e161e813 req-a730f949-8af2-4084-ab5b-a2e0e161e813 ] Request (ListServersNegativeTestJSON:setUpClass): 200 GET http://10.180.1.21/compute/v2.1/servers/11c53593-cf14-4e46-b546-c90a3184028e 0.555s
2024-10-10 15:33:06.262 62826 INFO tempest.lib.common.rest_client [req-e276a50f-be14-4daf-a8bb-08885ea21b25 req-e276a50f-be14-4daf-a8bb-08885ea21b25 ] Request (FloatingIPDetailsTestJSON:tearDownClass): 204 DELETE http://10.180.1.21:9696/networking/v2.0/subnets/c41cc3e7-7608-46a5-8c5f-07c61b4e5e0c 0.313s
2024-10-10 15:33:06.357 62794 INFO tempest.lib.common.rest_client [req-5b026be2-3e1d-4bb8-a057-14e8f6202f91 req-5b026be2-3e1d-4bb8-a057-14e8f6202f91 ] Request (ServerPasswordTestJSON:setUpClass): 200 GET http://10.180.1.21/compute/v2.1/servers/49fdf371-5278-442b-b8cc-9a0fc22947b4 0.596s
2024-10-10 15:33:06.421 62798 INFO tempest.lib.common.rest_client [req-437816f2-ee55-470c-99f0-8ab151f5c8e4 req-437816f2-ee55-470c-99f0-8ab151f5c8e4 ] Request (VolumesGetTestJSON:tearDownClass): 202 DELETE http://10.180.1.21/compute/v2.1/os-volumes/53d581bd-b1c5-40e6-8394-eacc07211962 0.656s
2024-10-10 15:33:06.611 62826 INFO tempest.lib.common.rest_client [req-3434221a-dfe1-43f3-82bc-d98245c26125 req-3434221a-dfe1-43f3-82bc-d98245c26125 ] Request (FloatingIPDetailsTestJSON:tearDownClass): 204 DELETE http://10.180.1.21:9696/networking/v2.0/networks/0860da69-3969-40ea-8717-3db830bf3df8 0.348s
2024-10-10 15:33:06.632 62774 INFO tempest.lib.common.rest_client [req-60ab6902-17bc-4d45-b061-7ee07d505532 req-60ab6902-17bc-4d45-b061-7ee07d505532 ] Request (ServersTestMultiNic:setUpClass): 200 PUT http://10.180.1.21:9696/networking/v2.0/routers/befafb0d-0d88-44dc-b006-bb38524cce9a/add_router_interface 1.620s
2024-10-10 15:33:06.632 62774 INFO tempest.lib.common.dynamic_creds [-] Created isolated network resources for: credentials: Credentials: {'domain_id': 'default', 'domain_name': 'Default', 'username': 'tempest-ServersTestMultiNic-1556202612-project-member', 'project_domain_id': 'default', 'project_domain_name': 'Default', 'project_id': '2ed0f5952cbd45eaa31512d6df93dc9e', 'project_name': 'tempest-ServersTestMultiNic-1556202612', 'tenant_id': '2ed0f5952cbd45eaa31512d6df93dc9e', 'tenant_name': 'tempest-ServersTestMultiNic-1556202612', 'user_domain_id': 'default', 'user_domain_name': 'Default', 'user_id': '4613deb515db4042b02af229bb05e9ca', 'system': None}, Network: {'id': '074275f8-9231-4811-88f4-38c7e368ccb4', 'name': 'tempest-ServersTestMultiNic-1479553579-network', 'tenant_id': '2ed0f5952cbd45eaa31512d6df93dc9e', 'admin_state_up': True, 'mtu': 8950, 'status': 'ACTIVE', 'subnets': [], 'shared': False, 'project_id': '2ed0f5952cbd45eaa31512d6df93dc9e', 'port_security_enabled': True, 'router:external': False, 'provider:network_type': 'vlan', 'provider:physical_network': 'default', 'provider:segmentation_id': 735, 'is_default': False, 'availability_zone_hints': [], 'availability_zones': [], 'ipv4_address_scope': None, 'ipv6_address_scope': None, 'description': '', 'tags': [], 'created_at': '2024-10-10T15:33:02Z', 'updated_at': '2024-10-10T15:33:02Z', 'revision_number': 1}, Subnet: {'id': '3d8ed0d8-a716-49c0-9562-f9ef7201dbf4', 'name': 'tempest-ServersTestMultiNic-1479553579-subnet', 'tenant_id': '2ed0f5952cbd45eaa31512d6df93dc9e', 'network_id': '074275f8-9231-4811-88f4-38c7e368ccb4', 'ip_version': 4, 'subnetpool_id': None, 'enable_dhcp': True, 'ipv6_ra_mode': None, 'ipv6_address_mode': None, 'gateway_ip': '192.168.128.1', 'cidr': '192.168.128.0/28', 'allocation_pools': [{'start': '192.168.128.2', 'end': '192.168.128.14'}], 'host_routes': [], 'dns_nameservers': [], 'description': '', 'router:external': False, 'service_types': [], 'tags': [], 'created_at': '2024-10-10T15:33:02Z', 'updated_at': '2024-10-10T15:33:02Z', 'revision_number': 0, 'project_id': '2ed0f5952cbd45eaa31512d6df93dc9e'}, Router: {'id': 'befafb0d-0d88-44dc-b006-bb38524cce9a', 'name': 'tempest-ServersTestMultiNic-1479553579-router', 'tenant_id': '2ed0f5952cbd45eaa31512d6df93dc9e', 'admin_state_up': True, 'status': 'ACTIVE', 'external_gateway_info': {'network_id': '5fb41891-c5ee-4940-a990-75eb83e794b8', 'external_fixed_ips': [{'subnet_id': 'fdfc369c-fb07-4776-8a7d-4555384cfeed', 'ip_address': '10.180.180.165'}], 'enable_snat': True}, 'description': '', 'availability_zones': [], 'distributed': False, 'ha': False, 'availability_zone_hints': [], 'routes': [], 'flavor_id': None, 'tags': [], 'created_at': '2024-10-10T15:33:02Z', 'updated_at': '2024-10-10T15:33:03Z', 'revision_number': 2, 'project_id': '2ed0f5952cbd45eaa31512d6df93dc9e'}
2024-10-10 15:33:06.716 62826 INFO tempest.lib.common.rest_client [req-46015c92-9178-495c-a8b2-fb6b5afb8c3f req-46015c92-9178-495c-a8b2-fb6b5afb8c3f ] Request (FloatingIPDetailsTestJSON:tearDownClass): 204 DELETE http://10.180.1.21/identity/v3/users/5449e4039c0c48efa9d71393700a6917 0.104s
2024-10-10 15:33:06.717 62826 INFO tempest.lib.common.dynamic_creds [-] Deleting project and security group for project: ec68c2b7339649dab4bb395906cbecc0
2024-10-10 15:33:06.731 62774 INFO tempest.lib.common.rest_client [req-2683ba5e-bc16-4ac2-b8fa-3c38266a8187 req-2683ba5e-bc16-4ac2-b8fa-3c38266a8187 ] Request (ServersTestMultiNic:setUpClass): 201 POST http://10.180.1.21/identity/v3/auth/tokens 0.095s
2024-10-10 15:33:06.767 62826 INFO tempest.lib.common.rest_client [req-e78d9b1d-21d7-426d-8122-4edd94c5cf05 req-e78d9b1d-21d7-426d-8122-4edd94c5cf05 ] Request (FloatingIPDetailsTestJSON:tearDownClass): 200 GET http://10.180.1.21:9696/networking/v2.0/security-groups?tenant_id=ec68c2b7339649dab4bb395906cbecc0&name=default 0.050s
2024-10-10 15:33:06.900 62826 INFO tempest.lib.common.rest_client [req-889be43e-293a-4ad4-b5af-3fd234ed23f7 req-889be43e-293a-4ad4-b5af-3fd234ed23f7 ] Request (FloatingIPDetailsTestJSON:tearDownClass): 204 DELETE http://10.180.1.21:9696/networking/v2.0/security-groups/e9e0d3e8-ca5f-4e16-9c89-8e39f533bc77 0.133s
2024-10-10 15:33:06.960 62774 INFO tempest.lib.common.rest_client [req-3d1921ee-74a7-4064-b294-0656d6b07128 req-3d1921ee-74a7-4064-b294-0656d6b07128 ] Request (ServersTestMultiNic:test_verify_duplicate_network_nics): 201 POST http://10.180.1.21:9696/networking/v2.0/networks 0.227s
2024-10-10 15:33:06.978 62810 INFO tempest.lib.common.rest_client [req-41200448-09c8-4afd-b962-5e0cc8ee6803 req-41200448-09c8-4afd-b962-5e0cc8ee6803 ] Request (ImagesOneServerNegativeTestJSON:setUpClass): 202 POST http://10.180.1.21/compute/v2.1/servers 1.334s
2024-10-10 15:33:07.022 62826 INFO tempest.lib.common.rest_client [req-d197d9c6-bb51-4e39-98d9-95a3490b72fc req-d197d9c6-bb51-4e39-98d9-95a3490b72fc ] Request (FloatingIPDetailsTestJSON:tearDownClass): 204 DELETE http://10.180.1.21/identity/v3/projects/ec68c2b7339649dab4bb395906cbecc0 0.122s
2024-10-10 15:33:07.061 62784 INFO tempest.lib.common.rest_client [req-b0515a1d-cc06-4267-bcf1-5a08bdb42fe7 req-b0515a1d-cc06-4267-bcf1-5a08bdb42fe7 ] Request (ListServerFiltersTestJSON:setUpClass): 202 POST http://10.180.1.21/compute/v2.1/servers 1.276s
2024-10-10 15:33:07.069 62776 INFO tempest.lib.common.rest_client [req-2a48b4fd-94bb-46eb-ba98-428296024cc2 req-2a48b4fd-94bb-46eb-ba98-428296024cc2 ] Request (SecurityGroupsTestJSON:test_list_security_groups_by_server): 200 GET http://10.180.1.21/compute/v2.1/servers/21af21da-87b1-4a84-8544-f1a88494eb08 1.248s
2024-10-10 15:33:07.085 62804 INFO tempest.lib.common.rest_client [req-9ca734a4-8762-4c6f-a762-c4bf24a82765 req-9ca734a4-8762-4c6f-a762-c4bf24a82765 ] Request (FlavorsV2TestJSON:test_list_flavors_with_detail): 200 GET http://10.180.1.21/compute/v2.1/flavors/42 1.230s
2024-10-10 15:33:07.167 62780 INFO tempest.lib.common.rest_client [req-ab35ba2e-f91c-4bdc-ae93-79d3305e00c6 req-ab35ba2e-f91c-4bdc-ae93-79d3305e00c6 ] Request (ServersAdmin275Test:tearDownClass): 200 GET http://10.180.1.21/compute/v2.1/servers/6e35fe1c-05bc-4dcc-b7ec-e9998a647739 1.323s
2024-10-10 15:33:07.247 62802 INFO tempest.lib.common.rest_client [req-0401570c-d5cc-4426-bf73-b853a95c8eb1 req-0401570c-d5cc-4426-bf73-b853a95c8eb1 ] Request (AttachInterfacesTestJSON:test_create_list_show_delete_interfaces_by_fixed_ip): 200 GET http://10.180.1.21/compute/v2.1/servers/c3f25b97-0e1e-4e78-94f0-e8087d1b55c1 1.124s
2024-10-10 15:33:07.270 62804 INFO tempest.lib.common.rest_client [req-a94d8e24-2bac-440e-8c3c-8cd7eb2811b0 req-a94d8e24-2bac-440e-8c3c-8cd7eb2811b0 ] Request (FlavorsV2TestJSON:tearDownClass): 204 DELETE http://10.180.1.21/identity/v3/users/6a9dc23676014479b7319f75890796a9 0.176s
2024-10-10 15:33:07.270 62804 INFO tempest.lib.common.dynamic_creds [-] Deleting project and security group for project: e782a99a49944836a6332bf43f27bafd
2024-10-10 15:33:07.306 62774 INFO tempest.lib.common.rest_client [req-e51c2167-f6e7-426a-a8b5-95ddefbc4150 req-e51c2167-f6e7-426a-a8b5-95ddefbc4150 ] Request (ServersTestMultiNic:test_verify_duplicate_network_nics): 201 POST http://10.180.1.21:9696/networking/v2.0/subnets 0.346s
2024-10-10 15:33:07.313 62828 INFO tempest.lib.common.rest_client [req-5d02df21-57e8-4a5d-8fb6-407d7fbea13b req-5d02df21-57e8-4a5d-8fb6-407d7fbea13b ] Request (DeleteServersAdminTestJSON:test_delete_server_while_in_error_state): 200 GET http://10.180.1.21/compute/v2.1/servers/ef52ac4a-fa98-4af8-b08a-b34cae526850 1.171s
2024-10-10 15:33:07.381 62804 INFO tempest.lib.common.rest_client [req-c396e332-2fdd-4a4b-b83e-efdba587b484 req-c396e332-2fdd-4a4b-b83e-efdba587b484 ] Request (FlavorsV2TestJSON:tearDownClass): 201 POST http://10.180.1.21/identity/v3/auth/tokens 0.110s
2024-10-10 15:33:07.397 62800 INFO tempest.lib.common.rest_client [req-8b932176-7616-4460-9a7a-c8c427dae4c5 req-8b932176-7616-4460-9a7a-c8c427dae4c5 ] Request (ImagesTestJSON:test_create_image_from_stopped_server): 200 GET http://10.180.1.21/compute/v2.1/servers/898f69fe-737a-44cb-9c43-965f1f8685f7 1.185s
2024-10-10 15:33:07.450 62782 INFO tempest.lib.common.rest_client [req-316608c7-bb81-4bd2-ab67-2c4d93e554b8 req-316608c7-bb81-4bd2-ab67-2c4d93e554b8 ] Request (ServersAdminTestJSON:tearDownClass): 204 DELETE http://10.180.1.21/compute/v2.1/servers/e8b8b029-b20a-4af3-a5dc-1b032ce46f8d 1.372s
2024-10-10 15:33:07.466 62770 INFO tempest.lib.common.rest_client [req-d5a29083-5e8f-48db-baa6-14de3042e009 req-d5a29083-5e8f-48db-baa6-14de3042e009 ] Request (ImagesNegativeTestJSON:test_create_image_from_deleted_server): 200 GET http://10.180.1.21/compute/v2.1/servers/d53a6920-d70c-40a6-a059-162a5f876b29 1.245s
2024-10-10 15:33:07.516 62778 INFO tempest.lib.common.rest_client [req-894a6290-be12-4932-ae6e-a47ae2481ca5 req-894a6290-be12-4932-ae6e-a47ae2481ca5 ] Request (VolumesAdminNegativeTest:test_update_attached_volume_with_nonexistent_volume_in_body): 200 GET http://10.180.1.21/compute/v2.1/servers/0f9cb1f6-e5b9-4f67-a45a-8e47e2a43a97 1.212s
2024-10-10 15:33:07.535 62808 INFO tempest.lib.common.rest_client [req-6eb0313f-22c2-4ea6-aafb-9469201ad763 req-6eb0313f-22c2-4ea6-aafb-9469201ad763 ] Request (AttachVolumeShelveTestJSON:test_attach_volume_shelved_or_offload_server): 200 GET http://10.180.1.21/compute/v2.1/servers/695022e4-bb58-44d7-87e5-58bbd577ec7b 1.229s
2024-10-10 15:33:07.561 62798 INFO tempest.lib.common.rest_client [req-db5276aa-c49c-4cd2-87cb-6bed9d45faf8 req-db5276aa-c49c-4cd2-87cb-6bed9d45faf8 ] Request (VolumesGetTestJSON:tearDownClass): 404 GET http://10.180.1.21/compute/v2.1/os-volumes/53d581bd-b1c5-40e6-8394-eacc07211962 1.140s
2024-10-10 15:33:07.592 62768 INFO tempest.lib.common.rest_client [req-36ca2832-7d57-4aa5-9e87-578d769ff415 req-36ca2832-7d57-4aa5-9e87-578d769ff415 ] Request (ServerActionsTestOtherA:setUpClass): 200 GET http://10.180.1.21/compute/v2.1/servers/c6292246-847f-4466-909b-6139401943af 1.203s
2024-10-10 15:33:07.632 62774 INFO tempest.lib.common.rest_client [req-ba44d002-1fdf-413e-8a94-033af21efb58 req-ba44d002-1fdf-413e-8a94-033af21efb58 ] Request (ServersTestMultiNic:test_verify_duplicate_network_nics): 201 POST http://10.180.1.21:9696/networking/v2.0/networks 0.325s
2024-10-10 15:33:07.650 62814 INFO tempest.lib.common.rest_client [req-009f92c2-fb30-43c7-97f9-7bdd4d5eafa2 req-009f92c2-fb30-43c7-97f9-7bdd4d5eafa2 ] Request (ListImageFiltersTestJSON:setUpClass): 200 GET http://10.180.1.21/compute/v2.1/servers/76bddf93-ca4f-4987-a446-b369801ebd93 1.199s
2024-10-10 15:33:07.672 62790 INFO tempest.lib.common.rest_client [req-38f66a5d-df8e-44c3-b7b6-4e9652eecac7 req-38f66a5d-df8e-44c3-b7b6-4e9652eecac7 ] Request (MigrationsAdminTest:test_resize_server_revert_deleted_flavor): 200 GET http://10.180.1.21/compute/v2.1/servers/7cb248f2-2db2-4f62-b2d1-332488170c9b 0.946s
2024-10-10 15:33:07.717 62798 INFO tempest.lib.common.rest_client [req-b53ccbbe-450f-422f-b541-d75f8f90bf06 req-b53ccbbe-450f-422f-b541-d75f8f90bf06 ] Request (VolumesGetTestJSON:tearDownClass): 204 DELETE http://10.180.1.21/identity/v3/users/56ab5a9b79e749a6925a55554361bcc9 0.155s
2024-10-10 15:33:07.718 62798 INFO tempest.lib.common.dynamic_creds [-] Deleting project and security group for project: 0e2876ee614a4891a275e30e3e334de3
2024-10-10 15:33:07.747 62824 INFO tempest.lib.common.rest_client [req-ad5f4657-a001-470c-922a-b008fb97bf3d req-ad5f4657-a001-470c-922a-b008fb97bf3d ] Request (ServerDiagnosticsNegativeTest:test_get_server_diagnostics_by_non_admin): 200 GET http://10.180.1.21/compute/v2.1/servers/21cde60b-2764-4ff7-ab5e-a17fb672351d 0.912s
2024-10-10 15:33:07.757 62804 INFO tempest.lib.common.rest_client [req-886f1358-4b87-4c08-8b9d-a9ccc94da7fa req-886f1358-4b87-4c08-8b9d-a9ccc94da7fa ] Request (FlavorsV2TestJSON:tearDownClass): 200 GET http://10.180.1.21:9696/networking/v2.0/security-groups?tenant_id=e782a99a49944836a6332bf43f27bafd&name=default 0.376s
2024-10-10 15:33:07.782 62766 INFO tempest.lib.common.rest_client [req-d4b36985-e5bc-4f7b-8a17-2f37e07f38c5 req-d4b36985-e5bc-4f7b-8a17-2f37e07f38c5 ] Request (ServersTestBootFromVolume:setUpClass): 200 GET http://10.180.1.21/compute/v2.1/servers/94818059-cf10-4dca-a711-fd5809583ce9 0.945s
2024-10-10 15:33:07.807 62798 INFO tempest.lib.common.rest_client [req-e6212a8d-13f3-4d35-888c-5ee7399e0c11 req-e6212a8d-13f3-4d35-888c-5ee7399e0c11 ] Request (VolumesGetTestJSON:tearDownClass): 201 POST http://10.180.1.21/identity/v3/auth/tokens 0.089s
2024-10-10 15:33:07.808 62816 INFO tempest.lib.common.rest_client [req-da38c653-ce76-485c-a3bf-8e5c0a5296c0 req-da38c653-ce76-485c-a3bf-8e5c0a5296c0 ] Request (ServerAddressesNegativeTestJSON:setUpClass): 200 GET http://10.180.1.21/compute/v2.1/servers/c29ad19e-91a5-4c3d-912b-bd7be4c42016 0.888s
2024-10-10 15:33:07.847 62806 INFO tempest.lib.common.rest_client [req-975e8cf5-e7e4-4694-8795-5eede2c04614 req-975e8cf5-e7e4-4694-8795-5eede2c04614 ] Request (ServerDiskConfigTestJSON:test_rebuild_server_with_auto_disk_config): 200 GET http://10.180.1.21/compute/v2.1/servers/0eff7f21-17f8-4642-bfc4-a7a15bdfb41f 0.923s
2024-10-10 15:33:07.884 62810 INFO tempest.lib.common.rest_client [req-7a8811cb-7ad7-4400-9a7c-1ab22b116de8 req-7a8811cb-7ad7-4400-9a7c-1ab22b116de8 ] Request (ImagesOneServerNegativeTestJSON:setUpClass): 200 GET http://10.180.1.21/compute/v2.1/servers/a930be54-d8c9-4407-9d49-f067defc65e9 0.902s
2024-10-10 15:33:07.922 62812 INFO tempest.lib.common.rest_client [req-6e52fa24-2f71-45ac-90bf-40c5667d4020 req-6e52fa24-2f71-45ac-90bf-40c5667d4020 ] Request (ServerRescueNegativeTestJSON:setUpClass): 200 GET http://10.180.1.21/compute/v2.1/servers/0dc705ca-6fd1-4844-9c2d-34f2c099ea67 0.934s
2024-10-10 15:33:07.939 62804 INFO tempest.lib.common.rest_client [req-1be6a290-ac78-497d-9153-c703d90d7fd0 req-1be6a290-ac78-497d-9153-c703d90d7fd0 ] Request (FlavorsV2TestJSON:tearDownClass): 204 DELETE http://10.180.1.21:9696/networking/v2.0/security-groups/c14b7366-5e26-47ba-9b80-ef4d2164a7aa 0.180s
2024-10-10 15:33:07.946 62786 INFO tempest.lib.common.rest_client [req-9ac580cd-d5e2-4978-9397-10b8732659fb req-9ac580cd-d5e2-4978-9397-10b8732659fb ] Request (MultipleCreateTestJSON:test_multiple_create): 200 GET http://10.180.1.21/compute/v2.1/servers/418c648a-06be-4e97-b138-45c65addf5cf 0.942s
2024-10-10 15:33:08.010 62774 INFO tempest.lib.common.rest_client [req-9e277f70-4913-4fb7-b362-f6c04011c780 req-9e277f70-4913-4fb7-b362-f6c04011c780 ] Request (ServersTestMultiNic:test_verify_duplicate_network_nics): 201 POST http://10.180.1.21:9696/networking/v2.0/subnets 0.377s
2024-10-10 15:33:08.011 62819 INFO tempest.lib.common.rest_client [req-b4360259-ccad-44b8-9118-64b6033fa639 req-b4360259-ccad-44b8-9118-64b6033fa639 ] Request (ServersTestManualDisk:setUpClass): 200 GET http://10.180.1.21/compute/v2.1/servers/d3274d59-6cf7-4e86-90f9-ffea49ad5342 0.961s
2024-10-10 15:33:08.013 62804 INFO tempest.lib.common.rest_client [req-70fa4134-0689-4eea-a111-5dfa3756042d req-70fa4134-0689-4eea-a111-5dfa3756042d ] Request (FlavorsV2TestJSON:tearDownClass): 204 DELETE http://10.180.1.21/identity/v3/projects/e782a99a49944836a6332bf43f27bafd 0.074s
2024-10-10 15:33:08.029 62784 INFO tempest.lib.common.rest_client [req-b01efbaa-b52d-4935-9137-37545a81629f req-b01efbaa-b52d-4935-9137-37545a81629f ] Request (ListServerFiltersTestJSON:setUpClass): 200 GET http://10.180.1.21/compute/v2.1/servers/34173a5f-8e4d-4646-b3e3-d537ffe752bb 0.966s
2024-10-10 15:33:08.069 62774 INFO tempest.lib.common.rest_client [req-4195f524-b73f-470d-8730-ffe40f3ee730 req-4195f524-b73f-470d-8730-ffe40f3ee730 ] Request (ServersTestMultiNic:test_verify_duplicate_network_nics): 201 POST http://10.180.1.21/identity/v3/auth/tokens 0.054s
2024-10-10 15:33:08.069 62774 INFO tempest.lib.common.fixed_network [-] (ServersTestMultiNic:test_verify_duplicate_network_nics) Found network {'id': '074275f8-9231-4811-88f4-38c7e368ccb4', 'name': 'tempest-ServersTestMultiNic-1479553579-network', 'tenant_id': '2ed0f5952cbd45eaa31512d6df93dc9e', 'admin_state_up': True, 'mtu': 8950, 'status': 'ACTIVE', 'subnets': [], 'shared': False, 'project_id': '2ed0f5952cbd45eaa31512d6df93dc9e', 'port_security_enabled': True, 'router:external': False, 'provider:network_type': 'vlan', 'provider:physical_network': 'default', 'provider:segmentation_id': 735, 'is_default': False, 'availability_zone_hints': [], 'availability_zones': [], 'ipv4_address_scope': None, 'ipv6_address_scope': None, 'description': '', 'tags': [], 'created_at': '2024-10-10T15:33:02Z', 'updated_at': '2024-10-10T15:33:02Z', 'revision_number': 1} available for tenant
2024-10-10 15:33:08.076 62772 INFO tempest.lib.common.rest_client [req-897dac68-784a-4f08-aae4-9d24eba4d4c2 req-897dac68-784a-4f08-aae4-9d24eba4d4c2 ] Request (ServerShowV257Test:test_rebuild_server): 200 GET http://10.180.1.21/compute/v2.1/servers/4b9e4f73-4682-4170-b71e-1d3d1d860577 1.002s
2024-10-10 15:33:08.086 62820 INFO tempest.lib.common.rest_client [req-b25c6d0b-b195-4eac-9b40-d89ab5c9009a req-b25c6d0b-b195-4eac-9b40-d89ab5c9009a ] Request (AttachInterfacesUnderV243Test:test_add_remove_fixed_ip): 200 GET http://10.180.1.21/compute/v2.1/servers/e53104ad-35c7-49cb-b8de-035006148c52 0.929s
2024-10-10 15:33:08.090 62804 INFO tempest.lib.common.rest_client [req-f65d997e-1c79-4ddc-b433-527a80db647b req-f65d997e-1c79-4ddc-b433-527a80db647b ] Request (FloatingIPsAssociationTestJSON:setUpClass): 201 POST http://10.180.1.21/identity/v3/auth/tokens 0.075s
2024-10-10 15:33:08.118 62804 INFO tempest.lib.common.rest_client [req-02444223-3316-49b2-a7e5-28347a02d725 req-02444223-3316-49b2-a7e5-28347a02d725 ] Request (FloatingIPsAssociationTestJSON:setUpClass): 201 POST http://10.180.1.21/identity/v3/auth/tokens 0.025s
2024-10-10 15:33:08.147 62804 INFO tempest.lib.common.rest_client [req-9a4b90fb-d4f5-43cc-bfba-740469eecaac req-9a4b90fb-d4f5-43cc-bfba-740469eecaac ] Request (FloatingIPsAssociationTestJSON:setUpClass): 200 GET http://10.180.1.21/identity/v3/domains?name=Default 0.028s
2024-10-10 15:33:08.148 62788 INFO tempest.lib.common.rest_client [req-8d966842-15f5-42a8-9b32-0654b73038f5 req-8d966842-15f5-42a8-9b32-0654b73038f5 ] Request (ListServersNegativeTestJSON:setUpClass): 200 GET http://10.180.1.21/compute/v2.1/servers/11c53593-cf14-4e46-b546-c90a3184028e 0.888s
2024-10-10 15:33:08.167 62782 INFO tempest.lib.common.rest_client [req-1b02df33-0194-4d42-8a69-97e45c0df22d req-1b02df33-0194-4d42-8a69-97e45c0df22d ] Request (ServersAdminTestJSON:tearDownClass): 404 GET http://10.180.1.21/compute/v2.1/servers/e8b8b029-b20a-4af3-a5dc-1b032ce46f8d 0.717s
2024-10-10 15:33:08.172 62794 INFO tempest.lib.common.rest_client [req-a19ea037-9a1e-4213-83b5-fb7f7945091e req-a19ea037-9a1e-4213-83b5-fb7f7945091e ] Request (ServerPasswordTestJSON:setUpClass): 200 GET http://10.180.1.21/compute/v2.1/servers/49fdf371-5278-442b-b8cc-9a0fc22947b4 0.808s
2024-10-10 15:33:08.181 62798 INFO tempest.lib.common.rest_client [req-8c5215e1-5312-423e-9852-46330a1d09d6 req-8c5215e1-5312-423e-9852-46330a1d09d6 ] Request (VolumesGetTestJSON:tearDownClass): 200 GET http://10.180.1.21:9696/networking/v2.0/security-groups?tenant_id=0e2876ee614a4891a275e30e3e334de3&name=default 0.374s
2024-10-10 15:33:08.205 62804 INFO tempest.lib.common.rest_client [req-589cc5c3-16fb-4acc-915d-8d926e8e3ed3 req-589cc5c3-16fb-4acc-915d-8d926e8e3ed3 ] Request (FloatingIPsAssociationTestJSON:setUpClass): 201 POST http://10.180.1.21/identity/v3/projects 0.058s
2024-10-10 15:33:08.206 62797 INFO tempest.lib.common.rest_client [req-c723b682-4725-4903-8cf1-966442166c89 req-c723b682-4725-4903-8cf1-966442166c89 ] Request (ServersTestJSON:setUpClass): 200 PUT http://10.180.1.21:9696/networking/v2.0/routers/78e7df9a-cc58-4363-b07d-0fc8edbb7924/add_router_interface 2.070s
2024-10-10 15:33:08.206 62797 INFO tempest.lib.common.dynamic_creds [-] Created isolated network resources for: credentials: Credentials: {'domain_id': 'default', 'domain_name': 'Default', 'username': 'tempest-ServersTestJSON-1360786528-project-member', 'project_domain_id': 'default', 'project_domain_name': 'Default', 'project_id': 'fa4519e5b87e4816a3e5ce362059e167', 'project_name': 'tempest-ServersTestJSON-1360786528', 'tenant_id': 'fa4519e5b87e4816a3e5ce362059e167', 'tenant_name': 'tempest-ServersTestJSON-1360786528', 'user_domain_id': 'default', 'user_domain_name': 'Default', 'user_id': '6d9d014eb68049228dbd5d588118f90c', 'system': None}, Network: {'id': '60ecfefd-21a6-48f6-8d5f-22bb40b6c797', 'name': 'tempest-ServersTestJSON-202837326-network', 'tenant_id': 'fa4519e5b87e4816a3e5ce362059e167', 'admin_state_up': True, 'mtu': 8950, 'status': 'ACTIVE', 'subnets': [], 'shared': False, 'project_id': 'fa4519e5b87e4816a3e5ce362059e167', 'port_security_enabled': True, 'router:external': False, 'provider:network_type': 'vlan', 'provider:physical_network': 'default', 'provider:segmentation_id': 339, 'is_default': False, 'availability_zone_hints': [], 'availability_zones': [], 'ipv4_address_scope': None, 'ipv6_address_scope': None, 'description': '', 'tags': [], 'created_at': '2024-10-10T15:33:04Z', 'updated_at': '2024-10-10T15:33:04Z', 'revision_number': 1}, Subnet: {'id': '0bf5c6eb-804f-47a3-8fe8-52305592aee5', 'name': 'tempest-ServersTestJSON-202837326-subnet', 'tenant_id': 'fa4519e5b87e4816a3e5ce362059e167', 'network_id': '60ecfefd-21a6-48f6-8d5f-22bb40b6c797', 'ip_version': 4, 'subnetpool_id': None, 'enable_dhcp': True, 'ipv6_ra_mode': None, 'ipv6_address_mode': None, 'gateway_ip': '192.168.128.1', 'cidr': '192.168.128.0/28', 'allocation_pools': [{'start': '192.168.128.2', 'end': '192.168.128.14'}], 'host_routes': [], 'dns_nameservers': [], 'description': '', 'router:external': False, 'service_types': [], 'tags': [], 'created_at': '2024-10-10T15:33:04Z', 'updated_at': '2024-10-10T15:33:04Z', 'revision_number': 0, 'project_id': 'fa4519e5b87e4816a3e5ce362059e167'}, Router: {'id': '78e7df9a-cc58-4363-b07d-0fc8edbb7924', 'name': 'tempest-ServersTestJSON-202837326-router', 'tenant_id': 'fa4519e5b87e4816a3e5ce362059e167', 'admin_state_up': True, 'status': 'ACTIVE', 'external_gateway_info': {'network_id': '5fb41891-c5ee-4940-a990-75eb83e794b8', 'external_fixed_ips': [{'subnet_id': 'fdfc369c-fb07-4776-8a7d-4555384cfeed', 'ip_address': '10.180.180.128'}], 'enable_snat': True}, 'description': '', 'availability_zones': [], 'distributed': False, 'ha': False, 'availability_zone_hints': [], 'routes': [], 'flavor_id': None, 'tags': [], 'created_at': '2024-10-10T15:33:04Z', 'updated_at': '2024-10-10T15:33:05Z', 'revision_number': 2, 'project_id': 'fa4519e5b87e4816a3e5ce362059e167'}
2024-10-10 15:33:08.253 62776 INFO tempest.lib.common.rest_client [req-dc3eb92a-b790-408f-8e62-4c0292bd16fc req-dc3eb92a-b790-408f-8e62-4c0292bd16fc ] Request (SecurityGroupsTestJSON:test_list_security_groups_by_server): 200 GET http://10.180.1.21/compute/v2.1/servers/21af21da-87b1-4a84-8544-f1a88494eb08 0.168s
2024-10-10 15:33:08.287 62797 INFO tempest.lib.common.rest_client [req-46f80986-3526-46fd-a6cd-d72cbf28ea91 req-46f80986-3526-46fd-a6cd-d72cbf28ea91 ] Request (ServersTestJSON:setUpClass): 201 POST http://10.180.1.21/identity/v3/auth/tokens 0.077s
2024-10-10 15:33:08.300 62804 INFO tempest.lib.common.rest_client [req-066372fa-69bd-44f0-90e4-7bdf6446e88d req-066372fa-69bd-44f0-90e4-7bdf6446e88d ] Request (FloatingIPsAssociationTestJSON:setUpClass): 201 POST http://10.180.1.21/identity/v3/users 0.093s
2024-10-10 15:33:08.319 62804 INFO tempest.lib.common.rest_client [req-9f262c3e-bc31-4abc-b23d-1e5eced99fd8 req-9f262c3e-bc31-4abc-b23d-1e5eced99fd8 ] Request (FloatingIPsAssociationTestJSON:setUpClass): 200 GET http://10.180.1.21/identity/v3/roles 0.018s
2024-10-10 15:33:08.348 62780 INFO tempest.lib.common.rest_client [req-27bacf5d-16ec-40a4-96dd-f886f055efc6 req-27bacf5d-16ec-40a4-96dd-f886f055efc6 ] Request (ServersAdmin275Test:tearDownClass): 200 GET http://10.180.1.21/compute/v2.1/servers/6e35fe1c-05bc-4dcc-b7ec-e9998a647739 0.162s
2024-10-10 15:33:08.358 62804 INFO tempest.lib.common.rest_client [req-65fdbb99-3e0f-4009-9341-b5feda9eef7c req-65fdbb99-3e0f-4009-9341-b5feda9eef7c ] Request (FloatingIPsAssociationTestJSON:setUpClass): 204 PUT http://10.180.1.21/identity/v3/projects/1c34b6d480e549598f1e9dae4838068a/users/d7a08521794f490bb3afc1fe589efea1/roles/157c8d99efc14ddd97b2975380dd29f1 0.038s
2024-10-10 15:33:08.358 62804 INFO tempest.lib.common.dynamic_creds [-] Dynamic test user d7a08521794f490bb3afc1fe589efea1 is created with scope project and roles: ['member']
2024-10-10 15:33:08.358 62804 INFO tempest.lib.common.dynamic_creds [-] Acquired dynamic creds: credentials: Credentials: {'domain_id': 'default', 'domain_name': 'Default', 'username': 'tempest-FloatingIPsAssociationTestJSON-171995455-project-member', 'project_domain_id': 'default', 'project_domain_name': 'Default', 'project_id': '1c34b6d480e549598f1e9dae4838068a', 'project_name': 'tempest-FloatingIPsAssociationTestJSON-171995455', 'tenant_id': '1c34b6d480e549598f1e9dae4838068a', 'tenant_name': 'tempest-FloatingIPsAssociationTestJSON-171995455', 'user_domain_id': 'default', 'user_domain_name': 'Default', 'user_id': 'd7a08521794f490bb3afc1fe589efea1', 'system': None}, Network: None, Subnet: None, Router: None
2024-10-10 15:33:08.427 62802 INFO tempest.lib.common.rest_client [req-392be145-f710-499a-849f-1b18c5cea03f req-392be145-f710-499a-849f-1b18c5cea03f ] Request (AttachInterfacesTestJSON:test_create_list_show_delete_interfaces_by_fixed_ip): 200 GET http://10.180.1.21/compute/v2.1/servers/c3f25b97-0e1e-4e78-94f0-e8087d1b55c1 0.170s
2024-10-10 15:33:08.440 62804 INFO tempest.lib.common.rest_client [req-44bf3e67-c1cc-4673-8d69-e05b78083487 req-44bf3e67-c1cc-4673-8d69-e05b78083487 ] Request (FloatingIPsAssociationTestJSON:setUpClass): 201 POST http://10.180.1.21/identity/v3/auth/tokens 0.081s
2024-10-10 15:33:08.468 62798 INFO tempest.lib.common.rest_client [req-818cc281-d29e-4af7-8fe6-293c8593af4d req-818cc281-d29e-4af7-8fe6-293c8593af4d ] Request (VolumesGetTestJSON:tearDownClass): 204 DELETE http://10.180.1.21:9696/networking/v2.0/security-groups/1abddc1e-bf33-4a42-8eb0-801d262fdbad 0.287s
2024-10-10 15:33:08.563 62798 INFO tempest.lib.common.rest_client [req-6c955bc4-d836-46a1-bd28-b1d9ede6591e req-6c955bc4-d836-46a1-bd28-b1d9ede6591e ] Request (VolumesGetTestJSON:tearDownClass): 204 DELETE http://10.180.1.21/identity/v3/projects/0e2876ee614a4891a275e30e3e334de3 0.094s
2024-10-10 15:33:08.577 62797 INFO tempest.lib.common.rest_client [req-a7d0b3fb-a3ba-4830-94e0-e59e9ca00045 req-a7d0b3fb-a3ba-4830-94e0-e59e9ca00045 ] Request (ServersTestJSON:setUpClass): 200 POST http://10.180.1.21/compute/v2.1/os-keypairs 0.288s
2024-10-10 15:33:08.643 62828 INFO tempest.lib.common.rest_client [req-26554512-3698-4c41-863c-367515bb6904 req-26554512-3698-4c41-863c-367515bb6904 ] Request (DeleteServersAdminTestJSON:test_delete_server_while_in_error_state): 200 GET http://10.180.1.21/compute/v2.1/servers/ef52ac4a-fa98-4af8-b08a-b34cae526850 0.312s
2024-10-10 15:33:08.726 62800 INFO tempest.lib.common.rest_client [req-5e3563b2-e575-4f0a-bec2-e86dd926a08e req-5e3563b2-e575-4f0a-bec2-e86dd926a08e ] Request (ImagesTestJSON:test_create_image_from_stopped_server): 200 GET http://10.180.1.21/compute/v2.1/servers/898f69fe-737a-44cb-9c43-965f1f8685f7 0.322s
2024-10-10 15:33:08.804 62770 INFO tempest.lib.common.rest_client [req-c331df69-ab99-4d2d-81e7-bb25e41badc7 req-c331df69-ab99-4d2d-81e7-bb25e41badc7 ] Request (ImagesNegativeTestJSON:test_create_image_from_deleted_server): 200 GET http://10.180.1.21/compute/v2.1/servers/d53a6920-d70c-40a6-a059-162a5f876b29 0.332s
