2024-10-10 15:31:54.608 62768 INFO tempest.lib.common.rest_client [req-16cf048f-c3f9-4d3f-8aeb-9bed407455aa req-16cf048f-c3f9-4d3f-8aeb-9bed407455aa ] Request (QuotasAdminNegativeTest:test_create_server_when_instances_quota_is_full): 200 GET http://10.180.1.21/compute/v2.1/os-quota-sets/1821881e1cae452687114a930159ad7e 1.052s
2024-10-10 15:31:54.617 62822 INFO tempest.lib.common.rest_client [req-a8cc2f2a-7787-4032-b626-44b7cd7e92da req-a8cc2f2a-7787-4032-b626-44b7cd7e92da ] Request (FlavorsExtraSpecsTestJSON:test_flavor_non_admin_get_specific_key): 200 GET http://10.180.1.21/compute/v2.1/flavors/1047258534/os-extra_specs/hw:numa_nodes 0.983s
2024-10-10 15:31:54.645 62776 INFO tempest.lib.common.rest_client [req-16eb04b4-588d-4530-b80f-7f99a6b77722 req-16eb04b4-588d-4530-b80f-7f99a6b77722 ] Request (HypervisorAdminTestJSON:tearDownClass): 204 DELETE http://10.180.1.21/identity/v3/users/17b8fce353604274a84407c43863a9d8 0.302s
2024-10-10 15:31:54.645 62776 INFO tempest.lib.common.dynamic_creds [-] Deleting project and security group for project: 31db018905c44814be98576aa41000f6
2024-10-10 15:31:54.665 62774 INFO tempest.lib.common.rest_client [req-8c130532-5039-4ef4-89c7-cd6478b8fea0 req-8c130532-5039-4ef4-89c7-cd6478b8fea0 ] Request (SecurityGroupsTestAdminJSON:setUpClass): 200 GET http://10.180.1.21/identity/v3/roles 0.268s
2024-10-10 15:31:54.677 62828 INFO tempest.lib.common.rest_client [req-1b09b83b-5bb6-43da-b4d5-a05bd6487567 req-1b09b83b-5bb6-43da-b4d5-a05bd6487567 ] Request (DeleteServersAdminTestJSON:test_admin_delete_servers_of_others): 200 GET http://10.180.1.21/compute/v2.1/servers/a2d5b36d-357f-42b0-8538-77c5ef915d61 0.851s
2024-10-10 15:31:54.702 62772 INFO tempest.lib.common.rest_client [req-67f1d57b-80ae-468a-8097-fc5adac421fa req-67f1d57b-80ae-468a-8097-fc5adac421fa ] Request (ImagesMetadataTestJSON:setUpClass): 201 POST http://10.180.1.21/identity/v3/auth/tokens 0.303s
2024-10-10 15:31:54.724 62816 INFO tempest.lib.common.rest_client [req-26e883f1-428d-43af-8e31-22abc0e8a39c req-26e883f1-428d-43af-8e31-22abc0e8a39c ] Request (InstanceActionsV221TestJSON:test_get_list_deleted_instance_actions): 200 GET http://10.180.1.21/compute/v2.1/servers/99412ace-3825-4c62-ad54-e59b83218387 0.808s
2024-10-10 15:31:54.729 62812 INFO tempest.lib.common.rest_client [req-767b0e3d-8584-4a89-b0d8-dcdebcee8709 req-767b0e3d-8584-4a89-b0d8-dcdebcee8709 ] Request (HypervisorAdminV228Test:setUpClass): 204 PUT http://10.180.1.21/identity/v3/projects/03f1cee940174262a385c4c8e516f187/users/1490d8b0c8e046e0b6dd90cd8cc9a969/roles/2e082d3c0df341b9b335982e32ca5ab5 0.286s
2024-10-10 15:31:54.732 62784 INFO tempest.lib.common.rest_client [req-5761709d-e1c0-43b4-b906-c10e654e4979 req-5761709d-e1c0-43b4-b906-c10e654e4979 ] Request (ServersWithSpecificFlavorTestJSON:test_verify_created_server_ephemeral_disk): 200 GET http://10.180.1.21/compute/v2.1/flavors/42/os-extra_specs 0.791s
2024-10-10 15:31:54.733 62816 INFO tempest.common.waiters [-] State transition "BUILD/networking" ==> "BUILD/spawning" after 5 second wait
2024-10-10 15:31:54.741 62794 INFO tempest.lib.common.rest_client [req-83306369-b1c5-432a-ab57-1b687bc90b12 req-83306369-b1c5-432a-ab57-1b687bc90b12 ] Request (ServicesAdminTestJSON:tearDownClass): 204 DELETE http://10.180.1.21/identity/v3/projects/a0c474235def493dba62d80fb0438b2b 0.333s
2024-10-10 15:31:54.742 62794 INFO tempest.test [-] raised in UpdateMultiattachVolumeNegativeTest.setUpClass. Invoking tearDownClass.
2024-10-10 15:31:54.748 62766 INFO tempest.lib.common.rest_client [req-ab699f19-433c-416b-bf07-b073acc59c2c req-ab699f19-433c-416b-bf07-b073acc59c2c ] Request (ServicesAdminNegativeTestJSON:test_get_service_with_valid_service_and_invalid_host): 200 GET http://10.180.1.21/compute/v2.1/os-services 0.781s
2024-10-10 15:31:54.764 62820 INFO tempest.lib.common.rest_client [req-9455b73a-ff43-4c51-9cf4-12c55f126604 req-9455b73a-ff43-4c51-9cf4-12c55f126604 ] Request (FlavorMetadataValidation:tearDownClass): 201 POST http://10.180.1.21/identity/v3/auth/tokens 0.266s
2024-10-10 15:31:54.776 62792 INFO tempest.lib.common.rest_client [req-5ae04ae3-3308-4eb6-a754-94ff896554a8 req-5ae04ae3-3308-4eb6-a754-94ff896554a8 ] Request (KeyPairsV2TestJSON:test_keypair_create_delete): 200 POST http://10.180.1.21/compute/v2.1/os-keypairs 0.793s
2024-10-10 15:31:54.778 62808 INFO tempest.lib.common.rest_client [req-e3a87805-bafd-4c36-8763-f16d4dc5d177 req-e3a87805-bafd-4c36-8763-f16d4dc5d177 ] Request (ServicesAdminNegativeV253TestJSON:setUpClass): 200 GET http://10.180.1.21/identity/v3/domains?name=Default 0.330s
2024-10-10 15:31:54.797 62776 INFO tempest.lib.common.rest_client [req-c4032b4c-4885-4bf1-aed8-8dcf4be97428 req-c4032b4c-4885-4bf1-aed8-8dcf4be97428 ] Request (HypervisorAdminTestJSON:tearDownClass): 201 POST http://10.180.1.21/identity/v3/auth/tokens 0.152s
2024-10-10 15:31:54.823 62774 INFO tempest.lib.common.rest_client [req-aa08896b-066b-4ca8-b874-f76090436b75 req-aa08896b-066b-4ca8-b874-f76090436b75 ] Request (SecurityGroupsTestAdminJSON:setUpClass): 204 PUT http://10.180.1.21/identity/v3/projects/bebce232868f4e42bfc6ba032fb4aba8/users/8f46bed4976b44eb95b055d594618e53/roles/157c8d99efc14ddd97b2975380dd29f1 0.157s
2024-10-10 15:31:54.823 62774 INFO tempest.lib.common.dynamic_creds [-] Dynamic test user 8f46bed4976b44eb95b055d594618e53 is created with scope project and roles: ['member']
2024-10-10 15:31:54.823 62774 INFO tempest.lib.common.dynamic_creds [-] Acquired dynamic creds: credentials: Credentials: {'domain_id': 'default', 'domain_name': 'Default', 'username': 'tempest-SecurityGroupsTestAdminJSON-697584897-project-member', 'project_domain_id': 'default', 'project_domain_name': 'Default', 'project_id': 'bebce232868f4e42bfc6ba032fb4aba8', 'project_name': 'tempest-SecurityGroupsTestAdminJSON-697584897', 'tenant_id': 'bebce232868f4e42bfc6ba032fb4aba8', 'tenant_name': 'tempest-SecurityGroupsTestAdminJSON-697584897', 'user_domain_id': 'default', 'user_domain_name': 'Default', 'user_id': '8f46bed4976b44eb95b055d594618e53', 'system': None}, Network: None, Subnet: None, Router: None
2024-10-10 15:31:54.823 62774 INFO tempest.lib.common.dynamic_creds [-] Created isolated network resources for: credentials: Credentials: {'domain_id': 'default', 'domain_name': 'Default', 'username': 'tempest-SecurityGroupsTestAdminJSON-697584897-project-member', 'project_domain_id': 'default', 'project_domain_name': 'Default', 'project_id': 'bebce232868f4e42bfc6ba032fb4aba8', 'project_name': 'tempest-SecurityGroupsTestAdminJSON-697584897', 'tenant_id': 'bebce232868f4e42bfc6ba032fb4aba8', 'tenant_name': 'tempest-SecurityGroupsTestAdminJSON-697584897', 'user_domain_id': 'default', 'user_domain_name': 'Default', 'user_id': '8f46bed4976b44eb95b055d594618e53', 'system': None}, Network: None, Subnet: None, Router: None
2024-10-10 15:31:54.828 62804 INFO tempest.lib.common.rest_client [req-151da544-3b9d-41d9-b930-8ac414e83603 req-151da544-3b9d-41d9-b930-8ac414e83603 ] Request (ServerDiagnosticsV248Test:test_get_server_diagnostics): 200 GET http://10.180.1.21/compute/v2.1/servers/17b0789b-6ffe-4e4e-8e4c-1cff2cc1d007 0.835s
2024-10-10 15:31:54.833 62780 INFO tempest.lib.common.rest_client [req-3f5eaaa2-9ecc-409e-956f-2aa7d0d847c9 req-3f5eaaa2-9ecc-409e-956f-2aa7d0d847c9 ] Request (HostsAdminNegativeTestJSON:test_startup_host_with_non_admin_user): 403 GET http://10.180.1.21/compute/v2.1/os-hosts/devstack/startup 0.835s
2024-10-10 15:31:54.838 62804 INFO tempest.common.waiters [-] State transition "BUILD/None" ==> "BUILD/networking" after 4 second wait
2024-10-10 15:31:54.847 62770 INFO tempest.lib.common.rest_client [req-542ddf03-7672-4f23-8a56-f915970601a4 req-542ddf03-7672-4f23-8a56-f915970601a4 ] Request (FlavorsV255TestJSON:_run_cleanups): 202 DELETE http://10.180.1.21/compute/v2.1/flavors/679169914 0.819s
2024-10-10 15:31:54.860 62798 INFO tempest.lib.common.rest_client [req-1b19592b-aedd-4eed-be7d-a8d849bd8557 req-1b19592b-aedd-4eed-be7d-a8d849bd8557 ] Request (FlavorsAdminTestJSON:test_create_flavor_verify_entry_in_list_details): 200 GET http://10.180.1.21/compute/v2.1/flavors/detail 0.815s
2024-10-10 15:31:54.865 62797 INFO tempest.lib.common.rest_client [req-5e82a47b-6668-4fe4-812a-4b316681ba28 req-5e82a47b-6668-4fe4-812a-4b316681ba28 ] Request (VolumesAssistedSnapshotsTest:test_volume_assisted_snapshot_create_delete): 200 POST http://10.180.1.21/compute/v2.1/os-keypairs 0.998s
2024-10-10 15:31:54.884 62812 INFO tempest.lib.common.rest_client [req-71e6cac1-44a6-4775-b89e-263dac64eae6 req-71e6cac1-44a6-4775-b89e-263dac64eae6 ] Request (HypervisorAdminV228Test:setUpClass): 200 GET http://10.180.1.21/identity/v3/roles 0.155s
2024-10-10 15:31:54.909 62794 INFO tempest.lib.common.rest_client [req-eb87e1fb-7a20-4061-af0d-b649b79a6769 req-eb87e1fb-7a20-4061-af0d-b649b79a6769 ] Request (FlavorsV2NegativeTest:setUpClass): 201 POST http://10.180.1.21/identity/v3/auth/tokens 0.163s
2024-10-10 15:31:54.912 62786 INFO tempest.lib.common.rest_client [req-bac1c859-804c-44ec-9cd6-9b3c8bb968c1 req-bac1c859-804c-44ec-9cd6-9b3c8bb968c1 ] Request (ImagesOneServerTestJSON:setUpClass): 200 GET http://10.180.1.21/compute/v2.1/servers/3a9b16bb-9d58-4f0a-8fab-16f2486a6702 0.854s
2024-10-10 15:31:54.927 62788 INFO tempest.lib.common.rest_client [req-ac7196ed-28a9-4814-b2e3-ed38af2388fe req-ac7196ed-28a9-4814-b2e3-ed38af2388fe ] Request (KeyPairsV210TestJSON:_run_cleanups): 204 DELETE http://10.180.1.21/compute/v2.1/os-keypairs/tempest-KeyPairsV210TestJSON-keypair-829725572 0.804s
2024-10-10 15:31:54.943 62826 INFO tempest.lib.common.rest_client [req-0fa61024-fcd1-43a5-bdf7-8d087e8f62e7 req-0fa61024-fcd1-43a5-bdf7-8d087e8f62e7 ] Request (FlavorsExtraSpecsNegativeTestJSON:test_flavor_non_admin_update_specific_key): 200 POST http://10.180.1.21/compute/v2.1/flavors/2004749849/os-extra_specs 0.816s
2024-10-10 15:31:54.950 62808 INFO tempest.lib.common.rest_client [req-6bb2c434-5383-4385-a035-e044ce726f5b req-6bb2c434-5383-4385-a035-e044ce726f5b ] Request (ServicesAdminNegativeV253TestJSON:setUpClass): 201 POST http://10.180.1.21/identity/v3/projects 0.171s
2024-10-10 15:31:54.981 62802 INFO tempest.lib.common.rest_client [req-21439f66-8439-422c-aeaa-6b4b4de2fd98 req-21439f66-8439-422c-aeaa-6b4b4de2fd98 ] Request (AggregatesAdminNegativeTestJSON:_run_cleanups): 200 POST http://10.180.1.21/compute/v2.1/os-aggregates/1/action 0.877s
2024-10-10 15:31:54.998 62812 INFO tempest.lib.common.rest_client [req-6f88ffa0-124f-486d-9553-5ff427b20f98 req-6f88ffa0-124f-486d-9553-5ff427b20f98 ] Request (HypervisorAdminV228Test:setUpClass): 204 PUT http://10.180.1.21/identity/v3/projects/03f1cee940174262a385c4c8e516f187/users/1490d8b0c8e046e0b6dd90cd8cc9a969/roles/2e082d3c0df341b9b335982e32ca5ab5 0.113s
2024-10-10 15:31:54.998 62812 INFO tempest.lib.common.dynamic_creds [-] Dynamic test user 1490d8b0c8e046e0b6dd90cd8cc9a969 is created with scope project and roles: ['admin']
2024-10-10 15:31:54.998 62812 INFO tempest.lib.common.dynamic_creds [-] Acquired dynamic creds: credentials: Credentials: {'domain_id': 'default', 'domain_name': 'Default', 'username': 'tempest-HypervisorAdminV228Test-1579117589-project-admin', 'project_domain_id': 'default', 'project_domain_name': 'Default', 'project_id': '03f1cee940174262a385c4c8e516f187', 'project_name': 'tempest-HypervisorAdminV228Test-1579117589', 'tenant_id': '03f1cee940174262a385c4c8e516f187', 'tenant_name': 'tempest-HypervisorAdminV228Test-1579117589', 'user_domain_id': 'default', 'user_domain_name': 'Default', 'user_id': '1490d8b0c8e046e0b6dd90cd8cc9a969', 'system': None}, Network: None, Subnet: None, Router: None
2024-10-10 15:31:54.998 62812 INFO tempest.lib.common.dynamic_creds [-] Created isolated network resources for: credentials: Credentials: {'domain_id': 'default', 'domain_name': 'Default', 'username': 'tempest-HypervisorAdminV228Test-1579117589-project-admin', 'project_domain_id': 'default', 'project_domain_name': 'Default', 'project_id': '03f1cee940174262a385c4c8e516f187', 'project_name': 'tempest-HypervisorAdminV228Test-1579117589', 'tenant_id': '03f1cee940174262a385c4c8e516f187', 'tenant_name': 'tempest-HypervisorAdminV228Test-1579117589', 'user_domain_id': 'default', 'user_domain_name': 'Default', 'user_id': '1490d8b0c8e046e0b6dd90cd8cc9a969', 'system': None}, Network: None, Subnet: None, Router: None
2024-10-10 15:31:55.016 62774 INFO tempest.lib.common.rest_client [req-099a8290-006d-4521-86e4-0b1ddb9e2ba8 req-099a8290-006d-4521-86e4-0b1ddb9e2ba8 ] Request (SecurityGroupsTestAdminJSON:setUpClass): 201 POST http://10.180.1.21/identity/v3/auth/tokens 0.190s
2024-10-10 15:31:55.049 62794 INFO tempest.lib.common.rest_client [req-5a9341eb-fe4e-4c6e-ad2d-df2bab42b45e req-5a9341eb-fe4e-4c6e-ad2d-df2bab42b45e ] Request (FlavorsV2NegativeTest:setUpClass): 201 POST http://10.180.1.21/identity/v3/auth/tokens 0.138s
2024-10-10 15:31:55.060 62790 INFO tempest.lib.common.rest_client [req-2ef3ec5d-abe1-413d-88b2-21d7a2789607 req-2ef3ec5d-abe1-413d-88b2-21d7a2789607 ] Request (MigrationsAdminTest:test_list_migrations_in_flavor_resize_situation): 200 GET http://10.180.1.21/compute/v2.1/servers/832ec210-bb14-4a52-9634-50b7709a9976 0.868s
2024-10-10 15:31:55.068 62778 INFO tempest.lib.common.rest_client [req-852f023d-f95f-436b-9c34-09a02b1c2c13 req-852f023d-f95f-436b-9c34-09a02b1c2c13 ] Request (ServersAdminNegativeTestJSON:setUpClass): 200 GET http://10.180.1.21/compute/v2.1/servers/611d4cfa-a888-47bc-8857-f061046a77ed 0.933s
2024-10-10 15:31:55.072 62808 INFO tempest.lib.common.rest_client [req-22080c8a-c1b1-41c6-9853-e3edc3b76919 req-22080c8a-c1b1-41c6-9853-e3edc3b76919 ] Request (ServicesAdminNegativeV253TestJSON:setUpClass): 201 POST http://10.180.1.21/identity/v3/users 0.122s
2024-10-10 15:31:55.087 62824 INFO tempest.lib.common.rest_client [req-19999435-eae4-474c-9012-bf09d0dfd1d3 req-19999435-eae4-474c-9012-bf09d0dfd1d3 ] Request (FlavorsAccessNegativeTestJSON:_run_cleanups): 202 DELETE http://10.180.1.21/compute/v2.1/flavors/1972567519 0.515s
2024-10-10 15:31:55.108 62800 INFO tempest.lib.common.rest_client [req-670be370-bd27-4078-8058-24561c1da5af req-670be370-bd27-4078-8058-24561c1da5af ] Request (FlavorsAccessTestJSON:_run_cleanups): 202 DELETE http://10.180.1.21/compute/v2.1/flavors/975007333 0.507s
2024-10-10 15:31:55.123 62797 INFO tempest.lib.common.rest_client [req-91f1bb55-bb5f-43a1-9f57-6189bb90f98b req-91f1bb55-bb5f-43a1-9f57-6189bb90f98b ] Request (VolumesAssistedSnapshotsTest:test_volume_assisted_snapshot_create_delete): 201 POST http://10.180.1.21:9696/networking/v2.0/security-groups 0.256s
2024-10-10 15:31:55.159 62774 INFO tempest.lib.common.rest_client [req-bc0d1819-a150-4cfe-81d6-fde09acd686e req-bc0d1819-a150-4cfe-81d6-fde09acd686e ] Request (SecurityGroupsTestAdminJSON:setUpClass): 201 POST http://10.180.1.21/identity/v3/projects 0.141s
2024-10-10 15:31:55.166 62776 INFO tempest.lib.common.rest_client [req-fc47f666-8873-4b46-8098-d974bfe71441 req-fc47f666-8873-4b46-8098-d974bfe71441 ] Request (HypervisorAdminTestJSON:tearDownClass): 200 GET http://10.180.1.21:9696/networking/v2.0/security-groups?tenant_id=31db018905c44814be98576aa41000f6&name=default 0.369s
2024-10-10 15:31:55.180 62812 INFO tempest.lib.common.rest_client [req-28054f9a-0196-4d8a-9069-625a2719a30b req-28054f9a-0196-4d8a-9069-625a2719a30b ] Request (HypervisorAdminV228Test:setUpClass): 201 POST http://10.180.1.21/identity/v3/auth/tokens 0.178s
2024-10-10 15:31:55.212 62794 INFO tempest.lib.common.rest_client [req-f6b2216d-07a7-4190-8c9a-6fd7d493af6a req-f6b2216d-07a7-4190-8c9a-6fd7d493af6a ] Request (FlavorsV2NegativeTest:setUpClass): 200 GET http://10.180.1.21/identity/v3/domains?name=Default 0.162s
2024-10-10 15:31:55.230 62820 INFO tempest.lib.common.rest_client [req-41fc03ad-8be2-42a8-9bc0-f057f1ef8370 req-41fc03ad-8be2-42a8-9bc0-f057f1ef8370 ] Request (FlavorMetadataValidation:tearDownClass): 200 GET http://10.180.1.21:9696/networking/v2.0/security-groups?tenant_id=4b316724ed7e41e0a365b97422428dc3&name=default 0.465s
2024-10-10 15:31:55.232 62808 INFO tempest.lib.common.rest_client [req-8de53856-9970-4be9-bb36-5f675ab46c19 req-8de53856-9970-4be9-bb36-5f675ab46c19 ] Request (ServicesAdminNegativeV253TestJSON:setUpClass): 200 GET http://10.180.1.21/identity/v3/roles 0.158s
2024-10-10 15:31:55.259 62774 INFO tempest.lib.common.rest_client [req-a6906584-f608-4171-80b9-88eb13eee595 req-a6906584-f608-4171-80b9-88eb13eee595 ] Request (SecurityGroupsTestAdminJSON:setUpClass): 201 POST http://10.180.1.21/identity/v3/users 0.100s
2024-10-10 15:31:55.285 62794 INFO tempest.lib.common.rest_client [req-850f6aa3-0758-4264-a844-55da633df586 req-850f6aa3-0758-4264-a844-55da633df586 ] Request (FlavorsV2NegativeTest:setUpClass): 201 POST http://10.180.1.21/identity/v3/projects 0.073s
2024-10-10 15:31:55.345 62808 INFO tempest.lib.common.rest_client [req-979ef2fb-d33e-4f75-9d1f-a18f3ad70ba2 req-979ef2fb-d33e-4f75-9d1f-a18f3ad70ba2 ] Request (ServicesAdminNegativeV253TestJSON:setUpClass): 204 PUT http://10.180.1.21/identity/v3/projects/c14e381d4c8a4694a1a33ffa1648cb5b/users/cf4e729fd81d458ab604f6c26c142739/roles/157c8d99efc14ddd97b2975380dd29f1 0.113s
2024-10-10 15:31:55.345 62808 INFO tempest.lib.common.dynamic_creds [-] Dynamic test user cf4e729fd81d458ab604f6c26c142739 is created with scope project and roles: ['member']
2024-10-10 15:31:55.345 62808 INFO tempest.lib.common.dynamic_creds [-] Acquired dynamic creds: credentials: Credentials: {'domain_id': 'default', 'domain_name': 'Default', 'username': 'tempest-ServicesAdminNegativeV253TestJSON-1143485821-project-member', 'project_domain_id': 'default', 'project_domain_name': 'Default', 'project_id': 'c14e381d4c8a4694a1a33ffa1648cb5b', 'project_name': 'tempest-ServicesAdminNegativeV253TestJSON-1143485821', 'tenant_id': 'c14e381d4c8a4694a1a33ffa1648cb5b', 'tenant_name': 'tempest-ServicesAdminNegativeV253TestJSON-1143485821', 'user_domain_id': 'default', 'user_domain_name': 'Default', 'user_id': 'cf4e729fd81d458ab604f6c26c142739', 'system': None}, Network: None, Subnet: None, Router: None
2024-10-10 15:31:55.346 62808 INFO tempest.lib.common.dynamic_creds [-] Created isolated network resources for: credentials: Credentials: {'domain_id': 'default', 'domain_name': 'Default', 'username': 'tempest-ServicesAdminNegativeV253TestJSON-1143485821-project-member', 'project_domain_id': 'default', 'project_domain_name': 'Default', 'project_id': 'c14e381d4c8a4694a1a33ffa1648cb5b', 'project_name': 'tempest-ServicesAdminNegativeV253TestJSON-1143485821', 'tenant_id': 'c14e381d4c8a4694a1a33ffa1648cb5b', 'tenant_name': 'tempest-ServicesAdminNegativeV253TestJSON-1143485821', 'user_domain_id': 'default', 'user_domain_name': 'Default', 'user_id': 'cf4e729fd81d458ab604f6c26c142739', 'system': None}, Network: None, Subnet: None, Router: None
2024-10-10 15:31:55.353 62797 INFO tempest.lib.common.rest_client [req-013951a0-1083-4907-95e6-ec2519bc63a0 req-013951a0-1083-4907-95e6-ec2519bc63a0 ] Request (VolumesAssistedSnapshotsTest:test_volume_assisted_snapshot_create_delete): 201 POST http://10.180.1.21:9696/networking/v2.0/security-group-rules 0.230s
2024-10-10 15:31:55.357 62776 INFO tempest.lib.common.rest_client [req-81ca2b27-b2f4-4f4d-a4d7-cf119e675086 req-81ca2b27-b2f4-4f4d-a4d7-cf119e675086 ] Request (HypervisorAdminTestJSON:tearDownClass): 204 DELETE http://10.180.1.21:9696/networking/v2.0/security-groups/eacc4dc0-7842-4282-b958-f4c3f0f7a042 0.190s
2024-10-10 15:31:55.402 62806 INFO tempest.lib.common.rest_client [req-648683ee-aed1-4a33-a226-2591d24ccc00 req-648683ee-aed1-4a33-a226-2591d24ccc00 ] Request (QuotasAdminTestV236:test_get_updated_quotas): 200 GET http://10.180.1.21/compute/v2.1/os-quota-sets/efc5183b2c6640a79afe194a1c56aec0/detail 1.206s
2024-10-10 15:31:55.425 62822 INFO tempest.lib.common.rest_client [req-1cfcdfac-6b48-4b42-a5df-e78c6ad312b2 req-1cfcdfac-6b48-4b42-a5df-e78c6ad312b2 ] Request (FlavorsExtraSpecsTestJSON:test_flavor_set_get_update_show_unset_keys): 200 POST http://10.180.1.21/compute/v2.1/flavors/1047258534/os-extra_specs 0.807s
2024-10-10 15:31:55.448 62820 INFO tempest.lib.common.rest_client [req-8e843a39-ecbb-45a3-8276-a9922273df07 req-8e843a39-ecbb-45a3-8276-a9922273df07 ] Request (FlavorMetadataValidation:tearDownClass): 204 DELETE http://10.180.1.21:9696/networking/v2.0/security-groups/0cffd54c-d30d-4445-9609-9e46814bf1e0 0.218s
2024-10-10 15:31:55.470 62774 INFO tempest.lib.common.rest_client [req-c5f644b3-12d7-42ad-9750-29d6d3f0b7a7 req-c5f644b3-12d7-42ad-9750-29d6d3f0b7a7 ] Request (SecurityGroupsTestAdminJSON:setUpClass): 200 GET http://10.180.1.21/identity/v3/roles 0.211s
2024-10-10 15:31:55.491 62768 INFO tempest.lib.common.rest_client [req-a2f53b59-6ba2-4049-8199-0d6071422404 req-a2f53b59-6ba2-4049-8199-0d6071422404 ] Request (QuotasAdminNegativeTest:test_create_server_when_instances_quota_is_full): 200 PUT http://10.180.1.21/compute/v2.1/os-quota-sets/1821881e1cae452687114a930159ad7e 0.877s
2024-10-10 15:31:55.492 62819 INFO tempest.lib.common.rest_client [req-8c85f4bb-87bc-40e5-9b39-60a343ab6046 req-8c85f4bb-87bc-40e5-9b39-60a343ab6046 ] Request (ServerExternalEventsTest:test_create_server_external_events): 200 GET http://10.180.1.21/compute/v2.1/servers/ff90249f-ae4b-4aeb-91ed-d8a41a942a5d 0.797s
2024-10-10 15:31:55.511 62794 INFO tempest.lib.common.rest_client [req-9d6e9dce-6781-493e-a28e-9b842da97c1d req-9d6e9dce-6781-493e-a28e-9b842da97c1d ] Request (FlavorsV2NegativeTest:setUpClass): 201 POST http://10.180.1.21/identity/v3/users 0.225s
2024-10-10 15:31:55.514 62784 INFO tempest.lib.common.rest_client [req-22cbaa2d-c838-48e6-804d-ffec824bef1f req-22cbaa2d-c838-48e6-804d-ffec824bef1f ] Request (ServersWithSpecificFlavorTestJSON:test_verify_created_server_ephemeral_disk): 200 POST http://10.180.1.21/compute/v2.1/flavors/1182661889/os-extra_specs 0.779s
2024-10-10 15:31:55.515 62766 INFO tempest.lib.common.rest_client [req-e6d66ed4-f31d-4ff7-8cfe-17e4e182ce0a req-e6d66ed4-f31d-4ff7-8cfe-17e4e182ce0a ] Request (ServicesAdminNegativeTestJSON:test_get_service_with_valid_service_and_invalid_host): 200 GET http://10.180.1.21/compute/v2.1/os-services?host=xxx&binary=nova-scheduler 0.764s
2024-10-10 15:31:55.526 62780 INFO tempest.lib.common.rest_client [req-60d6b2ee-96ec-4a05-b9fb-3d34d8e5e426 req-60d6b2ee-96ec-4a05-b9fb-3d34d8e5e426 ] Request (HostsAdminNegativeTestJSON:test_startup_nonexistent_host): 404 GET http://10.180.1.21/compute/v2.1/os-hosts/nonexistent_hostname/startup 0.687s
2024-10-10 15:31:55.529 62792 INFO tempest.lib.common.rest_client [req-e898c8d5-fb80-4703-a3d0-d30e4a9b777e req-e898c8d5-fb80-4703-a3d0-d30e4a9b777e ] Request (KeyPairsV2TestJSON:_run_cleanups): 202 DELETE http://10.180.1.21/compute/v2.1/os-keypairs/tempest-keypair-715153056 0.752s
2024-10-10 15:31:55.540 62770 INFO tempest.lib.common.rest_client [req-31d2d5ee-d103-40dd-a740-cdfac7fe52e1 req-31d2d5ee-d103-40dd-a740-cdfac7fe52e1 ] Request (FlavorsV255TestJSON:_run_cleanups): 200 GET http://10.180.1.21/compute/v2.1/flavors/detail 0.692s
2024-10-10 15:31:55.545 62798 INFO tempest.lib.common.rest_client [req-f6a8963b-c2fe-49b1-9f4b-fc45b85cdb62 req-f6a8963b-c2fe-49b1-9f4b-fc45b85cdb62 ] Request (FlavorsAdminTestJSON:_run_cleanups): 202 DELETE http://10.180.1.21/compute/v2.1/flavors/1934830772 0.680s
2024-10-10 15:31:55.553 62826 INFO tempest.lib.common.rest_client [req-9a0713ac-dcd7-43e5-9df7-508f47397ec7 req-9a0713ac-dcd7-43e5-9df7-508f47397ec7 ] Request (FlavorsExtraSpecsNegativeTestJSON:test_flavor_non_admin_update_specific_key): 403 PUT http://10.180.1.21/compute/v2.1/flavors/2004749849/os-extra_specs/hw:numa_nodes 0.609s
2024-10-10 15:31:55.555 62788 INFO tempest.lib.common.rest_client [req-759ad67e-d837-4a28-b57e-28eb959ae110 req-759ad67e-d837-4a28-b57e-28eb959ae110 ] Request (KeyPairsV210TestJSON:_run_cleanups): 204 DELETE http://10.180.1.21/compute/v2.1/os-keypairs/tempest-keypair-879488108?user_id=b209b50273ff4324863d422d3ef1c8e1 0.627s
2024-10-10 15:31:55.557 62808 INFO tempest.lib.common.rest_client [req-70546f99-030a-4d8e-9053-3c519d5f07aa req-70546f99-030a-4d8e-9053-3c519d5f07aa ] Request (ServicesAdminNegativeV253TestJSON:setUpClass): 201 POST http://10.180.1.21/identity/v3/auth/tokens 0.208s
2024-10-10 15:31:55.560 62797 INFO tempest.lib.common.rest_client [req-2a34140d-0366-41bf-9c9e-cfd922fc286c req-2a34140d-0366-41bf-9c9e-cfd922fc286c ] Request (VolumesAssistedSnapshotsTest:test_volume_assisted_snapshot_create_delete): 201 POST http://10.180.1.21:9696/networking/v2.0/security-group-rules 0.206s
2024-10-10 15:31:55.568 62824 INFO tempest.lib.common.rest_client [req-32ab28d9-7214-4bfc-929c-b8b22e63e397 req-32ab28d9-7214-4bfc-929c-b8b22e63e397 ] Request (FlavorsAccessNegativeTestJSON:_run_cleanups): 200 GET http://10.180.1.21/compute/v2.1/flavors/detail 0.481s
2024-10-10 15:31:55.579 62776 INFO tempest.lib.common.rest_client [req-7d437dbf-9433-4a4f-b027-f13a456d1b39 req-7d437dbf-9433-4a4f-b027-f13a456d1b39 ] Request (HypervisorAdminTestJSON:tearDownClass): 204 DELETE http://10.180.1.21/identity/v3/projects/31db018905c44814be98576aa41000f6 0.221s
2024-10-10 15:31:55.579 62776 INFO tempest.lib.common.dynamic_creds [-] Deleting project and security group for project: a1e09f30b8e44057b245a10fed84bb70
2024-10-10 15:31:55.581 62802 INFO tempest.lib.common.rest_client [req-ee7ba8f7-c9f3-45b2-bccc-dcf5ca504986 req-ee7ba8f7-c9f3-45b2-bccc-dcf5ca504986 ] Request (AggregatesAdminNegativeTestJSON:_run_cleanups): 200 DELETE http://10.180.1.21/compute/v2.1/os-aggregates/1 0.599s
2024-10-10 15:31:55.587 62800 INFO tempest.lib.common.rest_client [req-93f1c96e-1219-4c81-bed5-6a4f4cb32a7b req-93f1c96e-1219-4c81-bed5-6a4f4cb32a7b ] Request (FlavorsAccessTestJSON:_run_cleanups): 200 GET http://10.180.1.21/compute/v2.1/flavors/detail 0.479s
2024-10-10 15:31:55.591 62782 INFO tempest.lib.common.rest_client [req-4ad406c0-d5d9-4971-95d0-416705cc3086 req-4ad406c0-d5d9-4971-95d0-416705cc3086 ] Request (ServersAdminTestJSON:setUpClass): 201 POST http://10.180.1.21:9696/networking/v2.0/routers 1.009s
2024-10-10 15:31:55.601 62822 INFO tempest.lib.common.rest_client [req-c9de1d75-aaba-4057-94f6-61546c94bd88 req-c9de1d75-aaba-4057-94f6-61546c94bd88 ] Request (FlavorsExtraSpecsTestJSON:test_flavor_set_get_update_show_unset_keys): 200 GET http://10.180.1.21/compute/v2.1/flavors/1047258534/os-extra_specs 0.175s
2024-10-10 15:31:55.614 62784 INFO tempest.lib.common.rest_client [req-ad9293b4-dd78-4c4e-9824-17a0267ba88e req-ad9293b4-dd78-4c4e-9824-17a0267ba88e ] Request (ServersWithSpecificFlavorTestJSON:test_verify_created_server_ephemeral_disk): 200 POST http://10.180.1.21/compute/v2.1/flavors 0.099s
2024-10-10 15:31:55.642 62806 INFO tempest.lib.common.rest_client [req-b00ddd33-899e-4214-b541-760f2a578be8 req-b00ddd33-899e-4214-b541-760f2a578be8 ] Request (QuotasAdminTestV236:test_get_updated_quotas): 200 GET http://10.180.1.21/identity/v3/domains?name=Default 0.235s
2024-10-10 15:31:55.711 62774 INFO tempest.lib.common.rest_client [req-75cb800c-071b-438a-9fe0-1dc490253d6d req-75cb800c-071b-438a-9fe0-1dc490253d6d ] Request (SecurityGroupsTestAdminJSON:setUpClass): 204 PUT http://10.180.1.21/identity/v3/projects/0e4a2a81d51645c19ced7f0ad5604918/users/bb023193b6f54c71b381b89a4363848e/roles/2e082d3c0df341b9b335982e32ca5ab5 0.239s
2024-10-10 15:31:55.730 62820 INFO tempest.lib.common.rest_client [req-4cf3c420-1aee-46c3-b404-8251970a143d req-4cf3c420-1aee-46c3-b404-8251970a143d ] Request (FlavorMetadataValidation:tearDownClass): 204 DELETE http://10.180.1.21/identity/v3/projects/4b316724ed7e41e0a365b97422428dc3 0.281s
2024-10-10 15:31:55.730 62820 INFO tempest.lib.common.dynamic_creds [-] Deleting project and security group for project: 2562ac427b0441be90db4066f8f8722b
2024-10-10 15:31:55.732 62772 INFO tempest.lib.common.rest_client [req-054fc157-abb1-4d02-a7b9-511f3c458ac6 req-054fc157-abb1-4d02-a7b9-511f3c458ac6 ] Request (ImagesMetadataTestJSON:setUpClass): 201 POST http://10.180.1.21/image/v2/images 1.029s
2024-10-10 15:31:55.763 62768 INFO tempest.lib.common.rest_client [req-76c2536e-ee55-4ea3-87ed-e909f2766191 req-76c2536e-ee55-4ea3-87ed-e909f2766191 ] Request (QuotasAdminNegativeTest:test_create_server_when_instances_quota_is_full): 201 POST http://10.180.1.21/identity/v3/auth/tokens 0.267s
2024-10-10 15:31:55.764 62768 INFO tempest.lib.common.fixed_network [-] (QuotasAdminNegativeTest:test_create_server_when_instances_quota_is_full) Found network None available for tenant
2024-10-10 15:31:55.775 62794 INFO tempest.lib.common.rest_client [req-1c56941c-5581-4d75-ada7-0e2b6811da7f req-1c56941c-5581-4d75-ada7-0e2b6811da7f ] Request (FlavorsV2NegativeTest:setUpClass): 200 GET http://10.180.1.21/identity/v3/roles 0.263s
2024-10-10 15:31:55.793 62808 INFO tempest.lib.common.rest_client [req-2f344305-e4e9-4694-abe5-63d3b43ad7b0 req-2f344305-e4e9-4694-abe5-63d3b43ad7b0 ] Request (ServicesAdminNegativeV253TestJSON:setUpClass): 201 POST http://10.180.1.21/identity/v3/projects 0.236s
2024-10-10 15:31:55.860 62776 INFO tempest.lib.common.rest_client [req-5bf95a6f-f243-4343-a9fe-96e5fc2edf1e req-5bf95a6f-f243-4343-a9fe-96e5fc2edf1e ] Request (HypervisorAdminTestJSON:tearDownClass): 200 GET http://10.180.1.21:9696/networking/v2.0/security-groups?tenant_id=a1e09f30b8e44057b245a10fed84bb70&name=default 0.281s
2024-10-10 15:31:55.892 62766 INFO tempest.lib.common.rest_client [req-2f415367-9fea-45d3-a812-48c68c771968 req-2f415367-9fea-45d3-a812-48c68c771968 ] Request (ServicesAdminNegativeTestJSON:test_list_services_with_non_admin_user): 403 GET http://10.180.1.21/compute/v2.1/os-services 0.375s
2024-10-10 15:31:55.902 62780 INFO tempest.lib.common.rest_client [req-eecd53eb-f1c2-4659-a232-37c006875019 req-eecd53eb-f1c2-4659-a232-37c006875019 ] Request (HostsAdminNegativeTestJSON:test_update_host_with_invalid_maintenance_mode): 400 PUT http://10.180.1.21/compute/v2.1/os-hosts/devstack 0.375s
2024-10-10 15:31:55.932 62812 INFO tempest.lib.common.rest_client [req-860b8a7e-a0d7-4174-8994-bc565a3fb277 req-860b8a7e-a0d7-4174-8994-bc565a3fb277 ] Request (HypervisorAdminV228Test:test_get_list_hypervisor_details): 200 GET http://10.180.1.21/compute/v2.1/os-hypervisors 0.749s
2024-10-10 15:31:55.945 62792 INFO tempest.lib.common.rest_client [req-b0ef554f-8f1a-42d0-ae3d-7094e9683600 req-b0ef554f-8f1a-42d0-ae3d-7094e9683600 ] Request (KeyPairsV2TestJSON:test_keypair_create_with_pub_key): 200 POST http://10.180.1.21/compute/v2.1/os-keypairs 0.415s
2024-10-10 15:31:55.953 62798 INFO tempest.lib.common.rest_client [req-c797832f-4fd4-414d-9be6-8a68026ca283 req-c797832f-4fd4-414d-9be6-8a68026ca283 ] Request (FlavorsAdminTestJSON:_run_cleanups): 200 GET http://10.180.1.21/compute/v2.1/flavors/detail 0.407s
2024-10-10 15:31:55.963 62826 INFO tempest.lib.common.rest_client [req-4118204b-ecf3-410d-ae21-0910691e430e req-4118204b-ecf3-410d-ae21-0910691e430e ] Request (FlavorsExtraSpecsNegativeTestJSON:test_flavor_unset_nonexistent_key): 404 DELETE http://10.180.1.21/compute/v2.1/flavors/2004749849/os-extra_specs/hw:cpu_thread_policy 0.406s
2024-10-10 15:31:55.964 62788 INFO tempest.lib.common.rest_client [req-1e66bace-bf45-46f5-89f2-957af1123bca req-1e66bace-bf45-46f5-89f2-957af1123bca ] Request (KeyPairsV210TestJSON:_run_cleanups): 204 DELETE http://10.180.1.21/compute/v2.1/os-keypairs/tempest-keypair-1101802634?user_id=b209b50273ff4324863d422d3ef1c8e1 0.408s
2024-10-10 15:31:55.974 62806 INFO tempest.lib.common.rest_client [req-dd977339-c80f-4873-b394-fcbb1a1ba720 req-dd977339-c80f-4873-b394-fcbb1a1ba720 ] Request (QuotasAdminTestV236:test_get_updated_quotas): 201 POST http://10.180.1.21/identity/v3/users 0.332s
2024-10-10 15:31:55.984 62824 INFO tempest.lib.common.rest_client [req-260fe2f1-c61c-4e93-b74e-62a8768e0209 req-260fe2f1-c61c-4e93-b74e-62a8768e0209 ] Request (FlavorsAccessNegativeTestJSON:test_flavor_access_list_with_public_flavor): 200 POST http://10.180.1.21/compute/v2.1/flavors 0.400s
2024-10-10 15:31:55.985 62822 INFO tempest.lib.common.rest_client [req-3f39116a-499b-49bb-acf6-f85c0da2783b req-3f39116a-499b-49bb-acf6-f85c0da2783b ] Request (FlavorsExtraSpecsTestJSON:test_flavor_set_get_update_show_unset_keys): 200 PUT http://10.180.1.21/compute/v2.1/flavors/1047258534/os-extra_specs/hw:numa_nodes 0.378s
2024-10-10 15:31:55.986 62797 INFO tempest.lib.common.rest_client [req-0e81e5bc-d00e-4857-b8ef-a2e33490fdb8 req-0e81e5bc-d00e-4857-b8ef-a2e33490fdb8 ] Request (VolumesAssistedSnapshotsTest:test_volume_assisted_snapshot_create_delete): 201 POST http://10.180.1.21:9696/networking/v2.0/floatingips 0.425s
2024-10-10 15:31:55.997 62784 INFO tempest.lib.common.rest_client [req-07b3b9ba-80b1-4824-ba76-fee8678d61f1 req-07b3b9ba-80b1-4824-ba76-fee8678d61f1 ] Request (ServersWithSpecificFlavorTestJSON:test_verify_created_server_ephemeral_disk): 200 GET http://10.180.1.21/compute/v2.1/flavors/42/os-extra_specs 0.379s
2024-10-10 15:31:56.000 62770 INFO tempest.lib.common.rest_client [req-a84839bb-f2b3-4964-84c5-097a2d391e9b req-a84839bb-f2b3-4964-84c5-097a2d391e9b ] Request (FlavorsV255TestJSON:tearDownClass): 204 DELETE http://10.180.1.21/identity/v3/users/1144bd47b2ad4f5e92aaf679f64675c1 0.372s
2024-10-10 15:31:56.008 62802 INFO tempest.lib.common.rest_client [req-53016d0d-8e20-4e88-bfb5-622057e3646a req-53016d0d-8e20-4e88-bfb5-622057e3646a ] Request (AggregatesAdminNegativeTestJSON:test_aggregate_add_host_as_user): 200 POST http://10.180.1.21/compute/v2.1/os-aggregates 0.376s
2024-10-10 15:31:56.012 62800 INFO tempest.lib.common.rest_client [req-4b645711-9c34-4630-9235-95b852e09538 req-4b645711-9c34-4630-9235-95b852e09538 ] Request (FlavorsAccessTestJSON:test_flavor_access_list_with_private_flavor): 200 POST http://10.180.1.21/compute/v2.1/flavors 0.348s
2024-10-10 15:31:56.027 62774 INFO tempest.lib.common.rest_client [req-b81287ed-e9e1-4703-b791-1687ceaf29d7 req-b81287ed-e9e1-4703-b791-1687ceaf29d7 ] Request (SecurityGroupsTestAdminJSON:setUpClass): 200 GET http://10.180.1.21/identity/v3/roles 0.315s
2024-10-10 15:31:56.027 62810 INFO tempest.lib.common.rest_client [req-1b617a3c-a3a9-4e1e-bb76-6945794c1693 req-1b617a3c-a3a9-4e1e-bb76-6945794c1693 ] Request (HostsAdminTestJSON:test_list_hosts_with_zone): 200 GET http://10.180.1.21/compute/v2.1/os-hosts 0.353s
2024-10-10 15:31:56.081 62820 INFO tempest.lib.common.rest_client [req-8de943f6-e49c-4d24-8b59-11ffa767d7ef req-8de943f6-e49c-4d24-8b59-11ffa767d7ef ] Request (FlavorMetadataValidation:tearDownClass): 200 GET http://10.180.1.21:9696/networking/v2.0/security-groups?tenant_id=2562ac427b0441be90db4066f8f8722b&name=default 0.350s
2024-10-10 15:31:56.093 62794 INFO tempest.lib.common.rest_client [req-91bae639-7e4b-4e6d-beab-15eaa61ef7b1 req-91bae639-7e4b-4e6d-beab-15eaa61ef7b1 ] Request (FlavorsV2NegativeTest:setUpClass): 204 PUT http://10.180.1.21/identity/v3/projects/1b9aab5398384ecdb961b3fb83abb9c4/users/dbf201d749c54c0096978c42fb9be617/roles/157c8d99efc14ddd97b2975380dd29f1 0.317s
2024-10-10 15:31:56.093 62794 INFO tempest.lib.common.dynamic_creds [-] Dynamic test user dbf201d749c54c0096978c42fb9be617 is created with scope project and roles: ['member']
2024-10-10 15:31:56.094 62794 INFO tempest.lib.common.dynamic_creds [-] Acquired dynamic creds: credentials: Credentials: {'domain_id': 'default', 'domain_name': 'Default', 'username': 'tempest-FlavorsV2NegativeTest-536177796-project-member', 'project_domain_id': 'default', 'project_domain_name': 'Default', 'project_id': '1b9aab5398384ecdb961b3fb83abb9c4', 'project_name': 'tempest-FlavorsV2NegativeTest-536177796', 'tenant_id': '1b9aab5398384ecdb961b3fb83abb9c4', 'tenant_name': 'tempest-FlavorsV2NegativeTest-536177796', 'user_domain_id': 'default', 'user_domain_name': 'Default', 'user_id': 'dbf201d749c54c0096978c42fb9be617', 'system': None}, Network: None, Subnet: None, Router: None
2024-10-10 15:31:56.094 62794 INFO tempest.lib.common.dynamic_creds [-] Created isolated network resources for: credentials: Credentials: {'domain_id': 'default', 'domain_name': 'Default', 'username': 'tempest-FlavorsV2NegativeTest-536177796-project-member', 'project_domain_id': 'default', 'project_domain_name': 'Default', 'project_id': '1b9aab5398384ecdb961b3fb83abb9c4', 'project_name': 'tempest-FlavorsV2NegativeTest-536177796', 'tenant_id': '1b9aab5398384ecdb961b3fb83abb9c4', 'tenant_name': 'tempest-FlavorsV2NegativeTest-536177796', 'user_domain_id': 'default', 'user_domain_name': 'Default', 'user_id': 'dbf201d749c54c0096978c42fb9be617', 'system': None}, Network: None, Subnet: None, Router: None
2024-10-10 15:31:56.110 62828 INFO tempest.lib.common.rest_client [req-728ef295-9cd8-4fea-8f74-c590175cfc39 req-728ef295-9cd8-4fea-8f74-c590175cfc39 ] Request (DeleteServersAdminTestJSON:test_admin_delete_servers_of_others): 200 GET http://10.180.1.21/compute/v2.1/servers/a2d5b36d-357f-42b0-8538-77c5ef915d61 0.422s
2024-10-10 15:31:56.110 62816 INFO tempest.lib.common.rest_client [req-8f598ad7-b5a2-428b-a68c-57cae3e24ad4 req-8f598ad7-b5a2-428b-a68c-57cae3e24ad4 ] Request (InstanceActionsV221TestJSON:test_get_list_deleted_instance_actions): 200 GET http://10.180.1.21/compute/v2.1/servers/99412ace-3825-4c62-ad54-e59b83218387 0.376s
2024-10-10 15:31:56.127 62808 INFO tempest.lib.common.rest_client [req-b2172dda-d120-4670-a4d0-6e245202d2d7 req-b2172dda-d120-4670-a4d0-6e245202d2d7 ] Request (ServicesAdminNegativeV253TestJSON:setUpClass): 201 POST http://10.180.1.21/identity/v3/users 0.333s
2024-10-10 15:31:56.179 62776 INFO tempest.lib.common.rest_client [req-35cb8afa-1b35-44a2-819f-fea69d74c86e req-35cb8afa-1b35-44a2-819f-fea69d74c86e ] Request (HypervisorAdminTestJSON:tearDownClass): 204 DELETE http://10.180.1.21:9696/networking/v2.0/security-groups/dca8205b-7e3a-4f0f-b635-ca405181dc31 0.317s
2024-10-10 15:31:56.207 62766 INFO tempest.lib.common.rest_client [req-d2c45f6e-0859-46fe-b335-a7fba00aafdb req-d2c45f6e-0859-46fe-b335-a7fba00aafdb ] Request (ServicesAdminNegativeTestJSON:tearDownClass): 204 DELETE http://10.180.1.21/identity/v3/users/3126b5c9ce694c8c98a50d31605240a6 0.313s
2024-10-10 15:31:56.207 62804 INFO tempest.lib.common.rest_client [req-92776cbb-50d7-41dc-a606-9aa4a5a96d7a req-92776cbb-50d7-41dc-a606-9aa4a5a96d7a ] Request (ServerDiagnosticsV248Test:test_get_server_diagnostics): 200 GET http://10.180.1.21/compute/v2.1/servers/17b0789b-6ffe-4e4e-8e4c-1cff2cc1d007 0.369s
2024-10-10 15:31:56.214 62780 INFO tempest.lib.common.rest_client [req-0677eeea-6deb-467f-ac18-7e4f6d3a3239 req-0677eeea-6deb-467f-ac18-7e4f6d3a3239 ] Request (HostsAdminNegativeTestJSON:test_update_host_with_invalid_status): 400 PUT http://10.180.1.21/compute/v2.1/os-hosts/devstack 0.309s
2024-10-10 15:31:56.217 62804 INFO tempest.common.waiters [-] State transition "BUILD/networking" ==> "BUILD/spawning" after 6 second wait
2024-10-10 15:31:56.231 62806 INFO tempest.lib.common.rest_client [req-42504f7d-a19d-4307-b159-576faf798c61 req-42504f7d-a19d-4307-b159-576faf798c61 ] Request (QuotasAdminTestV236:test_get_updated_quotas): 200 GET http://10.180.1.21/identity/v3/domains?name=Default 0.256s
2024-10-10 15:31:56.254 62797 INFO tempest.lib.common.rest_client [req-042a7e12-2e6e-47ed-a972-2d35d93ba6e6 req-042a7e12-2e6e-47ed-a972-2d35d93ba6e6 ] Request (VolumesAssistedSnapshotsTest:test_volume_assisted_snapshot_create_delete): 201 POST http://10.180.1.21/identity/v3/auth/tokens 0.262s
2024-10-10 15:31:56.254 62797 INFO tempest.lib.common.fixed_network [-] (VolumesAssistedSnapshotsTest:test_volume_assisted_snapshot_create_delete) Found network {'id': '92f0f032-95be-4d8b-a6ac-bcb30b73ac26', 'name': 'tempest-VolumesAssistedSnapshotsTest-864645808-network', 'tenant_id': '67f23c4781134b30acacfeabbfb7761f', 'admin_state_up': True, 'mtu': 8950, 'status': 'ACTIVE', 'subnets': [], 'shared': False, 'project_id': '67f23c4781134b30acacfeabbfb7761f', 'port_security_enabled': True, 'router:external': False, 'provider:network_type': 'vlan', 'provider:physical_network': 'default', 'provider:segmentation_id': 281, 'is_default': False, 'availability_zone_hints': [], 'availability_zones': [], 'ipv4_address_scope': None, 'ipv6_address_scope': None, 'description': '', 'tags': [], 'created_at': '2024-10-10T15:31:39Z', 'updated_at': '2024-10-10T15:31:39Z', 'revision_number': 1} available for tenant
2024-10-10 15:31:56.286 62820 INFO tempest.lib.common.rest_client [req-01397cff-65b7-417d-97e7-62986ccd4e06 req-01397cff-65b7-417d-97e7-62986ccd4e06 ] Request (FlavorMetadataValidation:tearDownClass): 204 DELETE http://10.180.1.21:9696/networking/v2.0/security-groups/86319238-16f8-4686-a798-29759f9c93aa 0.205s
2024-10-10 15:31:56.304 62786 INFO tempest.lib.common.rest_client [req-1162a4a2-6246-4884-bcc6-aa2fb47d4ee6 req-1162a4a2-6246-4884-bcc6-aa2fb47d4ee6 ] Request (ImagesOneServerTestJSON:setUpClass): 200 GET http://10.180.1.21/compute/v2.1/servers/3a9b16bb-9d58-4f0a-8fab-16f2486a6702 0.382s
2024-10-10 15:31:56.305 62774 INFO tempest.lib.common.rest_client [req-18b823bb-8dda-4505-9908-266315a30d05 req-18b823bb-8dda-4505-9908-266315a30d05 ] Request (SecurityGroupsTestAdminJSON:setUpClass): 204 PUT http://10.180.1.21/identity/v3/projects/0e4a2a81d51645c19ced7f0ad5604918/users/bb023193b6f54c71b381b89a4363848e/roles/2e082d3c0df341b9b335982e32ca5ab5 0.277s
2024-10-10 15:31:56.305 62774 INFO tempest.lib.common.dynamic_creds [-] Dynamic test user bb023193b6f54c71b381b89a4363848e is created with scope project and roles: ['admin']
2024-10-10 15:31:56.305 62774 INFO tempest.lib.common.dynamic_creds [-] Acquired dynamic creds: credentials: Credentials: {'domain_id': 'default', 'domain_name': 'Default', 'username': 'tempest-SecurityGroupsTestAdminJSON-40986443-project-admin', 'project_domain_id': 'default', 'project_domain_name': 'Default', 'project_id': '0e4a2a81d51645c19ced7f0ad5604918', 'project_name': 'tempest-SecurityGroupsTestAdminJSON-40986443', 'tenant_id': '0e4a2a81d51645c19ced7f0ad5604918', 'tenant_name': 'tempest-SecurityGroupsTestAdminJSON-40986443', 'user_domain_id': 'default', 'user_domain_name': 'Default', 'user_id': 'bb023193b6f54c71b381b89a4363848e', 'system': None}, Network: None, Subnet: None, Router: None
2024-10-10 15:31:56.305 62774 INFO tempest.lib.common.dynamic_creds [-] Created isolated network resources for: credentials: Credentials: {'domain_id': 'default', 'domain_name': 'Default', 'username': 'tempest-SecurityGroupsTestAdminJSON-40986443-project-admin', 'project_domain_id': 'default', 'project_domain_name': 'Default', 'project_id': '0e4a2a81d51645c19ced7f0ad5604918', 'project_name': 'tempest-SecurityGroupsTestAdminJSON-40986443', 'tenant_id': '0e4a2a81d51645c19ced7f0ad5604918', 'tenant_name': 'tempest-SecurityGroupsTestAdminJSON-40986443', 'user_domain_id': 'default', 'user_domain_name': 'Default', 'user_id': 'bb023193b6f54c71b381b89a4363848e', 'system': None}, Network: None, Subnet: None, Router: None
2024-10-10 15:31:56.317 62768 INFO tempest.lib.common.rest_client [req-94405168-93ac-46f5-a627-6294bc9fd271 req-94405168-93ac-46f5-a627-6294bc9fd271 ] Request (QuotasAdminNegativeTest:test_create_server_when_instances_quota_is_full): 403 POST http://10.180.1.21/compute/v2.1/servers 0.553s
2024-10-10 15:31:56.327 62812 INFO tempest.lib.common.rest_client [req-3139d3f9-8751-4175-87d1-b247e484f247 req-3139d3f9-8751-4175-87d1-b247e484f247 ] Request (HypervisorAdminV228Test:test_get_list_hypervisor_details): 200 GET http://10.180.1.21/compute/v2.1/os-hypervisors/1 0.394s
2024-10-10 15:31:56.336 62792 INFO tempest.lib.common.rest_client [req-5efd9062-8741-49ac-8ed5-d951b1365de7 req-5efd9062-8741-49ac-8ed5-d951b1365de7 ] Request (KeyPairsV2TestJSON:_run_cleanups): 202 DELETE http://10.180.1.21/compute/v2.1/os-keypairs/tempest-keypair-1931261182 0.389s
2024-10-10 15:31:56.338 62770 INFO tempest.lib.common.rest_client [req-0acdf00b-2192-4173-9522-d3494da59dd5 req-0acdf00b-2192-4173-9522-d3494da59dd5 ] Request (FlavorsV255TestJSON:tearDownClass): 204 DELETE http://10.180.1.21/identity/v3/users/5b8c823a7d364ea3929d9e10d7405b59 0.337s
2024-10-10 15:31:56.338 62770 INFO tempest.lib.common.dynamic_creds [-] Deleting project and security group for project: 2067514a39d6447a95e45b2024abcb06
2024-10-10 15:31:56.342 62826 INFO tempest.lib.common.rest_client [req-a28af009-851d-4a76-a70b-e73ff653df9a req-a28af009-851d-4a76-a70b-e73ff653df9a ] Request (FlavorsExtraSpecsNegativeTestJSON:test_flavor_update_mismatch_key): 400 PUT http://10.180.1.21/compute/v2.1/flavors/2004749849/os-extra_specs/hw:numa_nodes 0.376s
2024-10-10 15:31:56.353 62798 INFO tempest.lib.common.rest_client [req-3b9d0613-5508-4b56-8ad2-37d7ffa4d8cd req-3b9d0613-5508-4b56-8ad2-37d7ffa4d8cd ] Request (FlavorsAdminTestJSON:test_create_flavor_with_int_id): 200 POST http://10.180.1.21/compute/v2.1/flavors 0.395s
2024-10-10 15:31:56.357 62822 INFO tempest.lib.common.rest_client [req-4019b479-271b-414f-a665-73efce5c3c46 req-4019b479-271b-414f-a665-73efce5c3c46 ] Request (FlavorsExtraSpecsTestJSON:test_flavor_set_get_update_show_unset_keys): 200 GET http://10.180.1.21/compute/v2.1/flavors/1047258534/os-extra_specs 0.370s
2024-10-10 15:31:56.363 62824 INFO tempest.lib.common.rest_client [req-8a074932-c81c-4479-8572-32fbeaab1a36 req-8a074932-c81c-4479-8572-32fbeaab1a36 ] Request (FlavorsAccessNegativeTestJSON:test_flavor_access_list_with_public_flavor): 404 GET http://10.180.1.21/compute/v2.1/flavors/923927884/os-flavor-access 0.372s
2024-10-10 15:31:56.372 62784 INFO tempest.lib.common.rest_client [req-ece2babc-2006-44bc-a3d5-b35f2e3cc3f4 req-ece2babc-2006-44bc-a3d5-b35f2e3cc3f4 ] Request (ServersWithSpecificFlavorTestJSON:test_verify_created_server_ephemeral_disk): 200 POST http://10.180.1.21/compute/v2.1/flavors/2073256351/os-extra_specs 0.374s
2024-10-10 15:31:56.385 62800 INFO tempest.lib.common.rest_client [req-949b5321-06d5-41db-9ed9-2c61bc9abfd4 req-949b5321-06d5-41db-9ed9-2c61bc9abfd4 ] Request (FlavorsAccessTestJSON:test_flavor_access_list_with_private_flavor): 200 GET http://10.180.1.21/compute/v2.1/flavors/1114564261/os-flavor-access 0.368s
2024-10-10 15:31:56.401 62810 INFO tempest.lib.common.rest_client [req-e59cab54-933e-4c3e-a612-82c9296cd860 req-e59cab54-933e-4c3e-a612-82c9296cd860 ] Request (HostsAdminTestJSON:test_list_hosts_with_zone): 200 GET http://10.180.1.21/compute/v2.1/os-hosts?zone=internal 0.371s
2024-10-10 15:31:56.422 62788 INFO tempest.lib.common.rest_client [req-4424286d-0b6b-4c99-a2b2-b8cb515602a3 req-4424286d-0b6b-4c99-a2b2-b8cb515602a3 ] Request (KeyPairsV210TestJSON:tearDownClass): 204 DELETE http://10.180.1.21/identity/v3/users/b209b50273ff4324863d422d3ef1c8e1 0.393s
2024-10-10 15:31:56.446 62790 INFO tempest.lib.common.rest_client [req-91df3286-c659-4645-989b-78bc471051fe req-91df3286-c659-4645-989b-78bc471051fe ] Request (MigrationsAdminTest:test_list_migrations_in_flavor_resize_situation): 200 GET http://10.180.1.21/compute/v2.1/servers/832ec210-bb14-4a52-9634-50b7709a9976 0.369s
2024-10-10 15:31:56.470 62808 INFO tempest.lib.common.rest_client [req-eaa3b447-257c-473c-987a-edc111ed1959 req-eaa3b447-257c-473c-987a-edc111ed1959 ] Request (ServicesAdminNegativeV253TestJSON:setUpClass): 200 GET http://10.180.1.21/identity/v3/roles 0.343s
2024-10-10 15:31:56.481 62794 INFO tempest.lib.common.rest_client [req-a668b620-c335-491b-bdf0-473993c103dc req-a668b620-c335-491b-bdf0-473993c103dc ] Request (FlavorsV2NegativeTest:setUpClass): 201 POST http://10.180.1.21/identity/v3/auth/tokens 0.384s
2024-10-10 15:31:56.497 62778 INFO tempest.lib.common.rest_client [req-54b81c91-913b-4b98-bd35-caf83a1810d2 req-54b81c91-913b-4b98-bd35-caf83a1810d2 ] Request (ServersAdminNegativeTestJSON:setUpClass): 200 GET http://10.180.1.21/compute/v2.1/servers/611d4cfa-a888-47bc-8857-f061046a77ed 0.420s
2024-10-10 15:31:56.521 62780 INFO tempest.lib.common.rest_client [req-fd8af418-8ee4-4743-bf89-597644d65a96 req-fd8af418-8ee4-4743-bf89-597644d65a96 ] Request (HostsAdminNegativeTestJSON:test_update_host_with_non_admin_user): 403 PUT http://10.180.1.21/compute/v2.1/os-hosts/devstack 0.302s
2024-10-10 15:31:56.531 62776 INFO tempest.lib.common.rest_client [req-949b31ab-cfeb-4b66-9d2c-bcd17b244c49 req-949b31ab-cfeb-4b66-9d2c-bcd17b244c49 ] Request (HypervisorAdminTestJSON:tearDownClass): 204 DELETE http://10.180.1.21/identity/v3/projects/a1e09f30b8e44057b245a10fed84bb70 0.350s
2024-10-10 15:31:56.538 62766 INFO tempest.lib.common.rest_client [req-7a0971ed-0a47-404e-8e82-16ea25821275 req-7a0971ed-0a47-404e-8e82-16ea25821275 ] Request (ServicesAdminNegativeTestJSON:tearDownClass): 204 DELETE http://10.180.1.21/identity/v3/users/daee527f463844f39238426b804e36d4 0.331s
2024-10-10 15:31:56.539 62766 INFO tempest.lib.common.dynamic_creds [-] Deleting project and security group for project: f2dffb6b986d4cd390031665cbf8f643
2024-10-10 15:31:56.595 62774 INFO tempest.lib.common.rest_client [req-d5ef095a-a53a-43c8-b5d6-81fa837fbd46 req-d5ef095a-a53a-43c8-b5d6-81fa837fbd46 ] Request (SecurityGroupsTestAdminJSON:setUpClass): 201 POST http://10.180.1.21/identity/v3/auth/tokens 0.285s
2024-10-10 15:31:56.647 62820 INFO tempest.lib.common.rest_client [req-d3911806-4417-4801-a613-57fd1d038281 req-d3911806-4417-4801-a613-57fd1d038281 ] Request (FlavorMetadataValidation:tearDownClass): 204 DELETE http://10.180.1.21/identity/v3/projects/2562ac427b0441be90db4066f8f8722b 0.360s
2024-10-10 15:31:56.699 62770 INFO tempest.lib.common.rest_client [req-0887d504-4aed-4a12-80cb-328c43293d3f req-0887d504-4aed-4a12-80cb-328c43293d3f ] Request (FlavorsV255TestJSON:tearDownClass): 201 POST http://10.180.1.21/identity/v3/auth/tokens 0.360s
2024-10-10 15:31:56.740 62812 INFO tempest.lib.common.rest_client [req-fdad81e1-e285-408b-8e07-9a200a96c7f2 req-fdad81e1-e285-408b-8e07-9a200a96c7f2 ] Request (HypervisorAdminV228Test:tearDownClass): 204 DELETE http://10.180.1.21/identity/v3/users/9f99652db2154be08982b2528ab14966 0.404s
2024-10-10 15:31:56.746 62782 INFO tempest.lib.common.rest_client [req-b6340f4d-01ff-4b4d-82ea-49c3338b618f req-b6340f4d-01ff-4b4d-82ea-49c3338b618f ] Request (ServersAdminTestJSON:setUpClass): 200 PUT http://10.180.1.21:9696/networking/v2.0/routers/25af0574-f6c7-4c50-a5b5-10b3e52697d1/add_router_interface 1.155s
