2024-10-10 15:32:22.086 62784 INFO tempest.lib.common.rest_client [req-f8564bcb-19a8-4154-beaa-7655f8d9b98a req-f8564bcb-19a8-4154-beaa-7655f8d9b98a ] Request (ServersWithSpecificFlavorTestJSON:test_verify_created_server_ephemeral_disk): 200 GET http://10.180.1.21/compute/v2.1/servers/c542f5dd-10d8-4959-a3ab-eab9b8f4525a 1.678s
2024-10-10 15:32:22.114 62808 INFO tempest.lib.common.rest_client [req-97bb6211-dd89-4b46-83d0-d65244de0fc0 req-97bb6211-dd89-4b46-83d0-d65244de0fc0 ] Request (FloatingIPDetailsNegativeTestJSON:setUpClass): 201 POST http://10.180.1.21:9696/networking/v2.0/routers 1.943s
2024-10-10 15:32:22.133 62768 INFO tempest.lib.common.rest_client [req-18173372-7ae7-429c-8edd-c6a691e507ed req-18173372-7ae7-429c-8edd-c6a691e507ed ] Request (ServerActionsTestOtherA:setUpClass): 202 POST http://10.180.1.21/compute/v2.1/servers 2.453s
2024-10-10 15:32:22.201 62816 INFO tempest.lib.common.rest_client [req-65e8ba0f-5ec1-466a-879e-86e43745c177 req-65e8ba0f-5ec1-466a-879e-86e43745c177 ] Request (InstanceActionsV221TestJSON:tearDownClass): 204 DELETE http://10.180.1.21:9696/networking/v2.0/routers/4251ee39-55c5-439f-8124-1177be236923 1.113s
2024-10-10 15:32:22.224 62797 INFO tempest.lib.common.rest_client [req-424da01b-2ddf-46bf-b63c-3a81b5a94e74 req-424da01b-2ddf-46bf-b63c-3a81b5a94e74 ] Request (VolumesAssistedSnapshotsTest:test_volume_assisted_snapshot_create_delete): 200 GET http://10.180.1.21/compute/v2.1/servers/597c9673-bbd4-4dd0-829a-c05f8667c951 1.640s
2024-10-10 15:32:22.243 62812 INFO tempest.lib.common.rest_client [req-5910bc12-cdd4-48e6-9b62-12505e3a9bef req-5910bc12-cdd4-48e6-9b62-12505e3a9bef ] Request (ServerRescueNegativeTestJSON:setUpClass): 200 GET http://10.180.1.21/compute/v2.1/servers/0dc705ca-6fd1-4844-9c2d-34f2c099ea67 1.552s
2024-10-10 15:32:22.403 62790 INFO tempest.lib.common.rest_client [req-0017cbf0-e2f1-4409-966c-a70193e37137 req-0017cbf0-e2f1-4409-966c-a70193e37137 ] Request (MigrationsAdminTest:test_list_migrations_in_flavor_resize_situation): 200 GET http://10.180.1.21/compute/v2.1/servers/832ec210-bb14-4a52-9634-50b7709a9976 1.594s
2024-10-10 15:32:22.488 62816 INFO tempest.lib.common.rest_client [req-5c7e1772-8211-4583-bc50-86e6ad621745 req-5c7e1772-8211-4583-bc50-86e6ad621745 ] Request (InstanceActionsV221TestJSON:tearDownClass): 204 DELETE http://10.180.1.21:9696/networking/v2.0/subnets/18aa9b94-6c08-4d18-a161-473cfecb351c 0.285s
2024-10-10 15:32:22.508 62794 INFO tempest.lib.common.rest_client [req-d7cb788d-fa9a-4386-b30c-7ef25a29e1ed req-d7cb788d-fa9a-4386-b30c-7ef25a29e1ed ] Request (ServerPasswordTestJSON:setUpClass): 200 GET http://10.180.1.21/compute/v2.1/servers/49fdf371-5278-442b-b8cc-9a0fc22947b4 1.697s
2024-10-10 15:32:22.529 62820 INFO tempest.lib.common.rest_client [req-91c0f72b-6227-4d07-9e9d-88af5fb54290 req-91c0f72b-6227-4d07-9e9d-88af5fb54290 ] Request (SecurityGroupsNegativeTestJSON:tearDownClass): 200 PUT http://10.180.1.21:9696/networking/v2.0/routers/7fd096d3-efb3-4965-a1fc-1493682b986d/remove_router_interface 3.055s
2024-10-10 15:32:22.544 62824 INFO tempest.lib.common.rest_client [req-741066ee-5f76-4730-be11-1c2fabbf3d21 req-741066ee-5f76-4730-be11-1c2fabbf3d21 ] Request (FlavorsAccessNegativeTestJSON:_run_cleanups): 202 DELETE http://10.180.1.21/compute/v2.1/flavors/1163194124 1.715s
2024-10-10 15:32:22.613 62800 INFO tempest.lib.common.rest_client [req-9a3b1633-3497-4c28-94a6-c0c4d6ff94ae req-9a3b1633-3497-4c28-94a6-c0c4d6ff94ae ] Request (ImagesTestJSON:setUpClass): 201 POST http://10.180.1.21:9696/networking/v2.0/networks 0.544s
2024-10-10 15:32:22.684 62782 INFO tempest.lib.common.rest_client [req-5a4e8de1-40f3-4ef4-9ac7-665569240fad req-5a4e8de1-40f3-4ef4-9ac7-665569240fad ] Request (ServersAdminTestJSON:setUpClass): 200 GET http://10.180.1.21/compute/v2.1/servers/9fa91603-f812-4d93-bef1-58e455f2c2e8 1.812s
2024-10-10 15:32:22.718 62802 INFO tempest.lib.common.rest_client [req-b1e80b1f-36d0-4f3f-81df-9006601a4e5a req-b1e80b1f-36d0-4f3f-81df-9006601a4e5a ] Request (AggregatesAdminNegativeTestJSON:test_aggregate_get_details_as_user): 200 POST http://10.180.1.21/compute/v2.1/os-aggregates 1.675s
2024-10-10 15:32:22.751 62766 INFO tempest.lib.common.rest_client [req-b24c0976-78da-4a73-aa69-0d872c1e93d7 req-b24c0976-78da-4a73-aa69-0d872c1e93d7 ] Request (ServersTestBootFromVolume:setUpClass): 200 GET http://10.180.1.21/volume/v3/volumes/a9be157f-b09a-4c72-b5d6-f3dad2ef3936 0.051s
2024-10-10 15:32:22.848 62788 INFO tempest.lib.common.rest_client [req-0d275b51-d8f9-4c88-8ebe-247f1219d353 req-0d275b51-d8f9-4c88-8ebe-247f1219d353 ] Request (ListServersNegativeTestJSON:setUpClass): 200 GET http://10.180.1.21/compute/v2.1/servers/11c53593-cf14-4e46-b546-c90a3184028e 1.664s
2024-10-10 15:32:22.875 62774 INFO tempest.lib.common.rest_client [req-7455b479-73bb-4dae-9516-3fc926da2e73 req-7455b479-73bb-4dae-9516-3fc926da2e73 ] Request (SecurityGroupsTestAdminJSON:_run_cleanups): 202 DELETE http://10.180.1.21/compute/v2.1/os-security-groups/49d0e29d-e9ec-4fc6-b6ee-1f1e38b6a4ad 2.151s
2024-10-10 15:32:22.906 62778 INFO tempest.lib.common.rest_client [req-02a6102f-d414-4875-a3c7-067a9dc6c46c req-02a6102f-d414-4875-a3c7-067a9dc6c46c ] Request (ServersAdminNegativeTestJSON:setUpClass): 404 GET http://10.180.1.21/compute/v2.1/servers/611d4cfa-a888-47bc-8857-f061046a77ed 1.592s
2024-10-10 15:32:22.906 62778 INFO tempest.test [-] raised in ServersAdminNegativeTestJSON.setUpClass. Invoking tearDownClass.
2024-10-10 15:32:22.960 62806 INFO tempest.lib.common.rest_client [req-5a1766dd-9be0-40de-94fb-ffd77f73412b req-5a1766dd-9be0-40de-94fb-ffd77f73412b ] Request (KeyPairsV22TestJSON:test_keypairs_create_list_delete): 201 POST http://10.180.1.21/compute/v2.1/os-keypairs 1.385s
2024-10-10 15:32:22.963 62816 INFO tempest.lib.common.rest_client [req-6a0cd18c-a6d5-4639-9d63-aac7a0745d25 req-6a0cd18c-a6d5-4639-9d63-aac7a0745d25 ] Request (InstanceActionsV221TestJSON:tearDownClass): 204 DELETE http://10.180.1.21:9696/networking/v2.0/networks/b0c6d5a5-7842-4e95-a2ef-fdddcfd58584 0.474s
2024-10-10 15:32:22.963 62822 INFO tempest.lib.common.rest_client [req-a7aa416e-e22c-4376-9bd6-93fbcefb4616 req-a7aa416e-e22c-4376-9bd6-93fbcefb4616 ] Request (HypervisorAdminNegativeTestJSON:test_show_hypervisor_with_non_admin_user): 403 GET http://10.180.1.21/compute/v2.1/os-hypervisors/1 1.362s
2024-10-10 15:32:23.003 62774 INFO tempest.lib.common.rest_client [req-5a31960a-4b98-4563-8d29-e85585295974 req-5a31960a-4b98-4563-8d29-e85585295974 ] Request (SecurityGroupsTestAdminJSON:tearDownClass): 204 DELETE http://10.180.1.21/identity/v3/users/8f46bed4976b44eb95b055d594618e53 0.125s
2024-10-10 15:32:23.069 62800 INFO tempest.lib.common.rest_client [req-700f7fc9-62c2-4263-b2a0-40903fafa95c req-700f7fc9-62c2-4263-b2a0-40903fafa95c ] Request (ImagesTestJSON:setUpClass): 201 POST http://10.180.1.21:9696/networking/v2.0/subnets 0.455s
2024-10-10 15:32:23.179 62828 INFO tempest.lib.common.rest_client [req-84928dcf-f4c3-44da-9b1f-89ebe0af8abb req-84928dcf-f4c3-44da-9b1f-89ebe0af8abb ] Request (DeleteServersAdminTestJSON:test_delete_server_while_in_error_state): 200 GET http://10.180.1.21/compute/v2.1/servers/ef52ac4a-fa98-4af8-b08a-b34cae526850 1.892s
2024-10-10 15:32:23.190 62778 INFO tempest.lib.common.rest_client [req-97d8266f-f4a5-4b88-ae55-aa0c5be47a7e req-97d8266f-f4a5-4b88-ae55-aa0c5be47a7e ] Request (ServersAdminNegativeTestJSON:tearDownClass): 204 DELETE http://10.180.1.21/identity/v3/users/733d6801a2ad4e99add107ef5215a795 0.284s
2024-10-10 15:32:23.204 62816 INFO tempest.lib.common.rest_client [req-ab62b981-ff84-4206-804e-b79718bc641f req-ab62b981-ff84-4206-804e-b79718bc641f ] Request (InstanceActionsV221TestJSON:tearDownClass): 204 DELETE http://10.180.1.21/identity/v3/users/9eb4ef48bcde4bd780a7721f7e8fc230 0.241s
2024-10-10 15:32:23.205 62816 INFO tempest.lib.common.dynamic_creds [-] Deleting project and security group for project: 705b55e8b5714144b451ba99f59fada7
2024-10-10 15:32:23.319 62816 INFO tempest.lib.common.rest_client [req-228b16a7-6c79-4ab5-8f54-2f8413b4be47 req-228b16a7-6c79-4ab5-8f54-2f8413b4be47 ] Request (InstanceActionsV221TestJSON:tearDownClass): 200 GET http://10.180.1.21:9696/networking/v2.0/security-groups?tenant_id=705b55e8b5714144b451ba99f59fada7&name=default 0.114s
2024-10-10 15:32:23.334 62774 INFO tempest.lib.common.rest_client [req-8d355b4a-ac31-4f4b-8378-2563437d48a2 req-8d355b4a-ac31-4f4b-8378-2563437d48a2 ] Request (SecurityGroupsTestAdminJSON:tearDownClass): 204 DELETE http://10.180.1.21/identity/v3/users/bb023193b6f54c71b381b89a4363848e 0.330s
2024-10-10 15:32:23.334 62774 INFO tempest.lib.common.dynamic_creds [-] Deleting project and security group for project: 0e4a2a81d51645c19ced7f0ad5604918
2024-10-10 15:32:23.339 62778 INFO tempest.lib.common.rest_client [req-0d0d099b-c0cf-40f8-90a5-7890b7301615 req-0d0d099b-c0cf-40f8-90a5-7890b7301615 ] Request (ServersAdminNegativeTestJSON:tearDownClass): 204 DELETE http://10.180.1.21/identity/v3/users/95ffe89fe379427688532e5a86562a00 0.148s
2024-10-10 15:32:23.339 62778 INFO tempest.lib.common.dynamic_creds [-] Deleting project and security group for project: 1b833f826be944d18834d13e2bff4124
2024-10-10 15:32:23.372 62786 INFO tempest.lib.common.rest_client [req-632260a2-66fc-4c41-a320-824f95b77b10 req-632260a2-66fc-4c41-a320-824f95b77b10 ] Request (ImagesOneServerTestJSON:tearDownClass): 200 PUT http://10.180.1.21:9696/networking/v2.0/routers/c81223e1-0f5a-4cc5-9ee7-f772d8406c25/remove_router_interface 3.440s
2024-10-10 15:32:23.505 62778 INFO tempest.lib.common.rest_client [req-b0a8bf2e-95a3-4042-abb1-c0122586f063 req-b0a8bf2e-95a3-4042-abb1-c0122586f063 ] Request (ServersAdminNegativeTestJSON:tearDownClass): 201 POST http://10.180.1.21/identity/v3/auth/tokens 0.165s
2024-10-10 15:32:23.515 62774 INFO tempest.lib.common.rest_client [req-084a88bf-17a8-4a4a-aea8-7711d483d884 req-084a88bf-17a8-4a4a-aea8-7711d483d884 ] Request (SecurityGroupsTestAdminJSON:tearDownClass): 201 POST http://10.180.1.21/identity/v3/auth/tokens 0.180s
2024-10-10 15:32:23.535 62770 INFO tempest.lib.common.rest_client [req-b5644c84-cdaa-48aa-bfda-4f2b94303eac req-b5644c84-cdaa-48aa-bfda-4f2b94303eac ] Request (QuotasAdminTestJSON:test_get_updated_quotas): 200 PUT http://10.180.1.21/compute/v2.1/os-quota-sets/bd3eba27307644d9a7780fa69b4b5664?user_id=7bb8b3c1e30d4d12bd02ef24ddb5d8c6 1.924s
2024-10-10 15:32:23.565 62772 INFO tempest.lib.common.rest_client [req-daabe9a1-76e1-4e1b-b346-7359c38b079b req-daabe9a1-76e1-4e1b-b346-7359c38b079b ] Request (ImagesMetadataTestJSON:test_set_image_metadata_item): 200 GET http://10.180.1.21/compute/v2.1/images/ef6e4fb8-d071-4a50-99c0-39537ca9ecc0/metadata 1.742s
2024-10-10 15:32:23.602 62798 INFO tempest.lib.common.rest_client [req-a9948991-87c2-40a5-b439-5745f62202b9 req-a9948991-87c2-40a5-b439-5745f62202b9 ] Request (FlavorsAdminTestJSON:_run_cleanups): 202 DELETE http://10.180.1.21/compute/v2.1/flavors/1583649894 1.758s
2024-10-10 15:32:23.645 62810 INFO tempest.lib.common.rest_client [req-b7d4f450-b6ff-46c7-a25d-b90516f98f02 req-b7d4f450-b6ff-46c7-a25d-b90516f98f02 ] Request (ServerDiagnosticsTest:test_get_server_diagnostics): 200 GET http://10.180.1.21/compute/v2.1/servers/ba23eea7-422c-4e5d-b95e-f95589e41550 1.874s
2024-10-10 15:32:23.705 62780 INFO tempest.lib.common.rest_client [req-31a558af-4b16-4347-bda0-906bef6e0220 req-31a558af-4b16-4347-bda0-906bef6e0220 ] Request (ServersAdmin275Test:test_rebuild_update_server_275): 200 GET http://10.180.1.21/compute/v2.1/servers/6e35fe1c-05bc-4dcc-b7ec-e9998a647739 1.785s
2024-10-10 15:32:23.717 62780 INFO tempest.common.waiters [-] State transition "BUILD/None" ==> "BUILD/block_device_mapping" after 7 second wait
2024-10-10 15:32:23.730 62776 INFO tempest.lib.common.rest_client [req-ae123dec-ef2d-4a12-bcf6-c060552ad702 req-ae123dec-ef2d-4a12-bcf6-c060552ad702 ] Request (SecurityGroupsTestJSON:test_list_security_groups_by_server): 200 GET http://10.180.1.21/compute/v2.1/servers/21af21da-87b1-4a84-8544-f1a88494eb08 1.706s
2024-10-10 15:32:23.748 62824 INFO tempest.lib.common.rest_client [req-3ade2504-e40b-48af-ba50-c8ba86069066 req-3ade2504-e40b-48af-ba50-c8ba86069066 ] Request (FlavorsAccessNegativeTestJSON:_run_cleanups): 200 GET http://10.180.1.21/compute/v2.1/flavors/detail 1.203s
2024-10-10 15:32:23.751 62778 INFO tempest.lib.common.rest_client [req-4e0beae7-75c6-42fe-8ef4-230d346bdf47 req-4e0beae7-75c6-42fe-8ef4-230d346bdf47 ] Request (ServersAdminNegativeTestJSON:tearDownClass): 200 GET http://10.180.1.21:9696/networking/v2.0/security-groups?tenant_id=1b833f826be944d18834d13e2bff4124&name=default 0.245s
2024-10-10 15:32:23.756 62802 INFO tempest.lib.common.rest_client [req-9ac19fc8-23a7-40ee-a8fd-f4d169755693 req-9ac19fc8-23a7-40ee-a8fd-f4d169755693 ] Request (AggregatesAdminNegativeTestJSON:test_aggregate_get_details_as_user): 403 GET http://10.180.1.21/compute/v2.1/os-aggregates/6 1.035s
2024-10-10 15:32:23.759 62814 INFO tempest.lib.common.rest_client [req-bce26c47-c7b3-4fba-b9e1-e7a868e63b39 req-bce26c47-c7b3-4fba-b9e1-e7a868e63b39 ] Request (ListImageFiltersTestJSON:setUpClass): 204 PUT http://10.180.1.21/image/v2/images/82844865-12c3-4ef0-9bbb-103898d2a25c/file 1.013s
2024-10-10 15:32:23.770 62806 INFO tempest.lib.common.rest_client [req-512bcde6-13f8-42a3-b5f3-d510830dab01 req-512bcde6-13f8-42a3-b5f3-d510830dab01 ] Request (KeyPairsV22TestJSON:test_keypairs_create_list_delete): 200 GET http://10.180.1.21/compute/v2.1/os-keypairs 0.808s
2024-10-10 15:32:23.776 62822 INFO tempest.lib.common.rest_client [req-d936e62c-ebca-414a-b394-80355de1c6be req-d936e62c-ebca-414a-b394-80355de1c6be ] Request (HypervisorAdminNegativeTestJSON:test_show_nonexistent_hypervisor): 404 GET http://10.180.1.21/compute/v2.1/os-hypervisors/e3b054fa-1ced-404f-9381-96c30984ff9e 0.811s
2024-10-10 15:32:23.777 62816 INFO tempest.lib.common.rest_client [req-007633e6-15ff-4b1a-bc57-fff4aeb48340 req-007633e6-15ff-4b1a-bc57-fff4aeb48340 ] Request (InstanceActionsV221TestJSON:tearDownClass): 204 DELETE http://10.180.1.21:9696/networking/v2.0/security-groups/586810e9-c055-449a-9649-353d4431ac3b 0.457s
2024-10-10 15:32:23.805 62766 INFO tempest.lib.common.rest_client [req-10a15dae-eaa9-4765-9fd8-9a2f33e604b3 req-10a15dae-eaa9-4765-9fd8-9a2f33e604b3 ] Request (ServersTestBootFromVolume:setUpClass): 200 GET http://10.180.1.21/volume/v3/volumes/a9be157f-b09a-4c72-b5d6-f3dad2ef3936 0.045s
2024-10-10 15:32:23.820 62768 INFO tempest.lib.common.rest_client [req-4ae7a2e7-7416-4ab4-a811-5163c251098b req-4ae7a2e7-7416-4ab4-a811-5163c251098b ] Request (ServerActionsTestOtherA:setUpClass): 200 GET http://10.180.1.21/compute/v2.1/servers/c6292246-847f-4466-909b-6139401943af 1.685s
2024-10-10 15:32:23.824 62774 INFO tempest.lib.common.rest_client [req-c02897cf-a294-4502-88a8-fc5ec435ccfc req-c02897cf-a294-4502-88a8-fc5ec435ccfc ] Request (SecurityGroupsTestAdminJSON:tearDownClass): 200 GET http://10.180.1.21:9696/networking/v2.0/security-groups?tenant_id=0e4a2a81d51645c19ced7f0ad5604918&name=default 0.309s
2024-10-10 15:32:23.849 62824 INFO tempest.lib.common.rest_client [req-195eaa4a-4c0c-4ba0-9ae7-936db22c2520 req-195eaa4a-4c0c-4ba0-9ae7-936db22c2520 ] Request (FlavorsAccessNegativeTestJSON:tearDownClass): 204 DELETE http://10.180.1.21/identity/v3/users/76faf6b5cf29468883f375b019630095 0.093s
2024-10-10 15:32:23.867 62822 INFO tempest.lib.common.rest_client [req-589e93d8-8afe-4c9d-8ac1-d4152a034681 req-589e93d8-8afe-4c9d-8ac1-d4152a034681 ] Request (HypervisorAdminNegativeTestJSON:tearDownClass): 204 DELETE http://10.180.1.21/identity/v3/users/1b761087bea14d20a679d210d0d21307 0.089s
2024-10-10 15:32:23.868 62819 INFO tempest.lib.common.rest_client [req-5b010775-d8ed-4197-9f10-eafaa024b5df req-5b010775-d8ed-4197-9f10-eafaa024b5df ] Request (ServerExternalEventsTest:test_create_server_external_events): 200 GET http://10.180.1.21/compute/v2.1/servers/ff90249f-ae4b-4aeb-91ed-d8a41a942a5d 0.890s
2024-10-10 15:32:23.982 62816 INFO tempest.lib.common.rest_client [req-e61be9aa-428d-4579-a8c5-3d87f477e2cb req-e61be9aa-428d-4579-a8c5-3d87f477e2cb ] Request (InstanceActionsV221TestJSON:tearDownClass): 204 DELETE http://10.180.1.21/identity/v3/projects/705b55e8b5714144b451ba99f59fada7 0.204s
2024-10-10 15:32:23.984 62784 INFO tempest.lib.common.rest_client [req-884bfca6-4003-467e-b39b-f540888b7c8d req-884bfca6-4003-467e-b39b-f540888b7c8d ] Request (ServersWithSpecificFlavorTestJSON:test_verify_created_server_ephemeral_disk): 200 GET http://10.180.1.21/compute/v2.1/servers/c542f5dd-10d8-4959-a3ab-eab9b8f4525a 0.882s
2024-10-10 15:32:23.992 62824 INFO tempest.lib.common.rest_client [req-6f98947e-2196-4dc7-82f4-dc94f8546e72 req-6f98947e-2196-4dc7-82f4-dc94f8546e72 ] Request (FlavorsAccessNegativeTestJSON:tearDownClass): 204 DELETE http://10.180.1.21/identity/v3/users/e6c37b3bfb1a416b9801e220ecf79a61 0.142s
2024-10-10 15:32:24.060 62816 INFO tempest.lib.common.rest_client [req-0227fec5-f185-4239-81cb-92a71e45ccab req-0227fec5-f185-4239-81cb-92a71e45ccab ] Request (ServerAddressesNegativeTestJSON:setUpClass): 201 POST http://10.180.1.21/identity/v3/auth/tokens 0.075s
2024-10-10 15:32:24.102 62797 INFO tempest.lib.common.rest_client [req-8e91f9eb-0746-4354-8ad0-0f37dfdeead1 req-8e91f9eb-0746-4354-8ad0-0f37dfdeead1 ] Request (VolumesAssistedSnapshotsTest:test_volume_assisted_snapshot_create_delete): 200 GET http://10.180.1.21/compute/v2.1/servers/597c9673-bbd4-4dd0-829a-c05f8667c951 0.866s
2024-10-10 15:32:24.130 62822 INFO tempest.lib.common.rest_client [req-abee0f71-e41f-45ac-a51a-af2c20b87736 req-abee0f71-e41f-45ac-a51a-af2c20b87736 ] Request (HypervisorAdminNegativeTestJSON:tearDownClass): 204 DELETE http://10.180.1.21/identity/v3/users/18516b67daef4bfe97985db353b50b29 0.262s
2024-10-10 15:32:24.131 62822 INFO tempest.lib.common.dynamic_creds [-] Deleting project and security group for project: 9e5039bd1d174beeb407c990480e66de
2024-10-10 15:32:24.146 62778 INFO tempest.lib.common.rest_client [req-6ce0729d-ef21-4dc5-94d9-29ff691888c4 req-6ce0729d-ef21-4dc5-94d9-29ff691888c4 ] Request (ServersAdminNegativeTestJSON:tearDownClass): 204 DELETE http://10.180.1.21:9696/networking/v2.0/security-groups/f8324db9-430a-407f-b769-60d75e97eaa0 0.395s
2024-10-10 15:32:24.180 62824 INFO tempest.lib.common.rest_client [req-1d4cc0cc-1f8b-4628-b1cb-8f5dac3e50ed req-1d4cc0cc-1f8b-4628-b1cb-8f5dac3e50ed ] Request (FlavorsAccessNegativeTestJSON:tearDownClass): 204 DELETE http://10.180.1.21/identity/v3/users/09d9c7a67f3947b3ab0f2334ce99baa1 0.187s
2024-10-10 15:32:24.180 62824 INFO tempest.lib.common.dynamic_creds [-] Deleting project and security group for project: 156c20624472426aa1b424db5f3555ed
2024-10-10 15:32:24.203 62816 INFO tempest.lib.common.rest_client [req-c31da75b-155d-4745-991d-e4913869cdac req-c31da75b-155d-4745-991d-e4913869cdac ] Request (ServerAddressesNegativeTestJSON:setUpClass): 201 POST http://10.180.1.21/identity/v3/auth/tokens 0.139s
2024-10-10 15:32:24.211 62812 INFO tempest.lib.common.rest_client [req-896fe9ba-3115-4a82-808e-a606728a7315 req-896fe9ba-3115-4a82-808e-a606728a7315 ] Request (ServerRescueNegativeTestJSON:setUpClass): 200 GET http://10.180.1.21/compute/v2.1/servers/0dc705ca-6fd1-4844-9c2d-34f2c099ea67 0.956s
2024-10-10 15:32:24.242 62774 INFO tempest.lib.common.rest_client [req-d2ef8d87-2296-4c1a-b322-221ca7ab1089 req-d2ef8d87-2296-4c1a-b322-221ca7ab1089 ] Request (SecurityGroupsTestAdminJSON:tearDownClass): 204 DELETE http://10.180.1.21:9696/networking/v2.0/security-groups/a234c678-c579-43b6-b578-ed6a38bbf71d 0.418s
2024-10-10 15:32:24.254 62822 INFO tempest.lib.common.rest_client [req-febc51e7-0862-4856-aa95-33bf50a477af req-febc51e7-0862-4856-aa95-33bf50a477af ] Request (HypervisorAdminNegativeTestJSON:tearDownClass): 201 POST http://10.180.1.21/identity/v3/auth/tokens 0.122s
2024-10-10 15:32:24.284 62824 INFO tempest.lib.common.rest_client [req-d7f09275-f2fe-4a7d-af0b-661a20bc1229 req-d7f09275-f2fe-4a7d-af0b-661a20bc1229 ] Request (FlavorsAccessNegativeTestJSON:tearDownClass): 201 POST http://10.180.1.21/identity/v3/auth/tokens 0.103s
2024-10-10 15:32:24.312 62778 INFO tempest.lib.common.rest_client [req-1b346936-608a-4be1-95a5-cd798c571248 req-1b346936-608a-4be1-95a5-cd798c571248 ] Request (ServersAdminNegativeTestJSON:tearDownClass): 204 DELETE http://10.180.1.21/identity/v3/projects/1b833f826be944d18834d13e2bff4124 0.166s
2024-10-10 15:32:24.313 62778 INFO tempest.lib.common.dynamic_creds [-] Deleting project and security group for project: 6ca8e2622da84696952da9b02b75d04c
2024-10-10 15:32:24.335 62816 INFO tempest.lib.common.rest_client [req-10501ddd-5b0c-4177-9915-33bd1ab90552 req-10501ddd-5b0c-4177-9915-33bd1ab90552 ] Request (ServerAddressesNegativeTestJSON:setUpClass): 200 GET http://10.180.1.21/identity/v3/domains?name=Default 0.131s
2024-10-10 15:32:24.345 62790 INFO tempest.lib.common.rest_client [req-73966c4b-69ca-4287-8e43-d20423a6a98f req-73966c4b-69ca-4287-8e43-d20423a6a98f ] Request (MigrationsAdminTest:test_list_migrations_in_flavor_resize_situation): 200 GET http://10.180.1.21/compute/v2.1/servers/832ec210-bb14-4a52-9634-50b7709a9976 0.933s
2024-10-10 15:32:24.406 62774 INFO tempest.lib.common.rest_client [req-1991fba7-2bf5-4825-971a-8c322236f8a2 req-1991fba7-2bf5-4825-971a-8c322236f8a2 ] Request (SecurityGroupsTestAdminJSON:tearDownClass): 204 DELETE http://10.180.1.21/identity/v3/projects/0e4a2a81d51645c19ced7f0ad5604918 0.162s
2024-10-10 15:32:24.407 62774 INFO tempest.lib.common.dynamic_creds [-] Deleting project and security group for project: bebce232868f4e42bfc6ba032fb4aba8
2024-10-10 15:32:24.475 62794 INFO tempest.lib.common.rest_client [req-aaacfffa-c034-4c84-a5da-42a4459e7a81 req-aaacfffa-c034-4c84-a5da-42a4459e7a81 ] Request (ServerPasswordTestJSON:setUpClass): 200 GET http://10.180.1.21/compute/v2.1/servers/49fdf371-5278-442b-b8cc-9a0fc22947b4 0.954s
2024-10-10 15:32:24.476 62816 INFO tempest.lib.common.rest_client [req-caf7d5a3-30d0-4cfb-9e85-79c446c28460 req-caf7d5a3-30d0-4cfb-9e85-79c446c28460 ] Request (ServerAddressesNegativeTestJSON:setUpClass): 201 POST http://10.180.1.21/identity/v3/projects 0.140s
2024-10-10 15:32:24.479 62820 INFO tempest.lib.common.rest_client [req-f08bb4f5-9d72-4bc1-8721-f743efa1562a req-f08bb4f5-9d72-4bc1-8721-f743efa1562a ] Request (SecurityGroupsNegativeTestJSON:tearDownClass): 204 DELETE http://10.180.1.21:9696/networking/v2.0/routers/7fd096d3-efb3-4965-a1fc-1493682b986d 1.949s
2024-10-10 15:32:24.540 62816 INFO tempest.lib.common.rest_client [req-6d571e64-b4ca-4dee-92ac-f47b540640de req-6d571e64-b4ca-4dee-92ac-f47b540640de ] Request (ServerAddressesNegativeTestJSON:setUpClass): 201 POST http://10.180.1.21/identity/v3/users 0.063s
2024-10-10 15:32:24.547 62774 INFO tempest.lib.common.rest_client [req-b31c0fba-e437-4134-b49d-6094ebc1b5a5 req-b31c0fba-e437-4134-b49d-6094ebc1b5a5 ] Request (SecurityGroupsTestAdminJSON:tearDownClass): 200 GET http://10.180.1.21:9696/networking/v2.0/security-groups?tenant_id=bebce232868f4e42bfc6ba032fb4aba8&name=default 0.140s
2024-10-10 15:32:24.560 62816 INFO tempest.lib.common.rest_client [req-356d7ab4-433e-4d9d-b3a6-0ce62bd46c3a req-356d7ab4-433e-4d9d-b3a6-0ce62bd46c3a ] Request (ServerAddressesNegativeTestJSON:setUpClass): 200 GET http://10.180.1.21/identity/v3/roles 0.020s
2024-10-10 15:32:24.595 62770 INFO tempest.lib.common.rest_client [req-57b34fdd-74df-477e-ab84-4fb2260dca16 req-57b34fdd-74df-477e-ab84-4fb2260dca16 ] Request (QuotasAdminTestJSON:test_get_updated_quotas): 200 GET http://10.180.1.21/compute/v2.1/os-quota-sets/bd3eba27307644d9a7780fa69b4b5664?user_id=7bb8b3c1e30d4d12bd02ef24ddb5d8c6 1.058s
2024-10-10 15:32:24.595 62816 INFO tempest.lib.common.rest_client [req-62a81e1a-b55e-44e4-b9d2-6b57b2d9f1a5 req-62a81e1a-b55e-44e4-b9d2-6b57b2d9f1a5 ] Request (ServerAddressesNegativeTestJSON:setUpClass): 204 PUT http://10.180.1.21/identity/v3/projects/1e3fe12587e64fdf808a548d4d703672/users/978371132fa04e699ad189d588be8240/roles/157c8d99efc14ddd97b2975380dd29f1 0.034s
2024-10-10 15:32:24.595 62816 INFO tempest.lib.common.dynamic_creds [-] Dynamic test user 978371132fa04e699ad189d588be8240 is created with scope project and roles: ['member']
2024-10-10 15:32:24.595 62816 INFO tempest.lib.common.dynamic_creds [-] Acquired dynamic creds: credentials: Credentials: {'domain_id': 'default', 'domain_name': 'Default', 'username': 'tempest-ServerAddressesNegativeTestJSON-2055780355-project-member', 'project_domain_id': 'default', 'project_domain_name': 'Default', 'project_id': '1e3fe12587e64fdf808a548d4d703672', 'project_name': 'tempest-ServerAddressesNegativeTestJSON-2055780355', 'tenant_id': '1e3fe12587e64fdf808a548d4d703672', 'tenant_name': 'tempest-ServerAddressesNegativeTestJSON-2055780355', 'user_domain_id': 'default', 'user_domain_name': 'Default', 'user_id': '978371132fa04e699ad189d588be8240', 'system': None}, Network: None, Subnet: None, Router: None
2024-10-10 15:32:24.599 62804 INFO tempest.lib.common.rest_client [req-e573a96f-018e-4daf-8147-a59200f1993f req-e573a96f-018e-4daf-8147-a59200f1993f ] Request (ServerDiagnosticsV248Test:test_get_server_diagnostics): 200 GET http://10.180.1.21/compute/v2.1/servers/17b0789b-6ffe-4e4e-8e4c-1cff2cc1d007/diagnostics 1.539s
2024-10-10 15:32:24.623 62798 INFO tempest.lib.common.rest_client [req-8d47e7cb-1580-462e-989f-65da86d46c78 req-8d47e7cb-1580-462e-989f-65da86d46c78 ] Request (FlavorsAdminTestJSON:_run_cleanups): 200 GET http://10.180.1.21/compute/v2.1/flavors/detail 1.021s
2024-10-10 15:32:24.682 62816 INFO tempest.lib.common.rest_client [req-3a990cc3-82fe-421f-bc10-4ca4362c97f2 req-3a990cc3-82fe-421f-bc10-4ca4362c97f2 ] Request (ServerAddressesNegativeTestJSON:setUpClass): 201 POST http://10.180.1.21/identity/v3/auth/tokens 0.086s
2024-10-10 15:32:24.708 62770 INFO tempest.lib.common.rest_client [req-cb77695e-7a14-439b-af0c-04fc864f2ed5 req-cb77695e-7a14-439b-af0c-04fc864f2ed5 ] Request (QuotasAdminTestJSON:_run_cleanups): 204 DELETE http://10.180.1.21/identity/v3/users/7bb8b3c1e30d4d12bd02ef24ddb5d8c6 0.108s
2024-10-10 15:32:24.754 62782 INFO tempest.lib.common.rest_client [req-074bf155-eb43-4aac-ab1a-e051455de3e1 req-074bf155-eb43-4aac-ab1a-e051455de3e1 ] Request (ServersAdminTestJSON:setUpClass): 200 GET http://10.180.1.21/compute/v2.1/servers/9fa91603-f812-4d93-bef1-58e455f2c2e8 1.061s
2024-10-10 15:32:24.782 62802 INFO tempest.lib.common.rest_client [req-a19ca403-8d7a-430f-938c-57e9a8842f10 req-a19ca403-8d7a-430f-938c-57e9a8842f10 ] Request (AggregatesAdminNegativeTestJSON:_run_cleanups): 200 DELETE http://10.180.1.21/compute/v2.1/os-aggregates/6 1.025s
2024-10-10 15:32:24.800 62786 INFO tempest.lib.common.rest_client [req-89bc94cf-5daa-498e-bd96-260e08d01002 req-89bc94cf-5daa-498e-bd96-260e08d01002 ] Request (ImagesOneServerTestJSON:tearDownClass): 204 DELETE http://10.180.1.21:9696/networking/v2.0/routers/c81223e1-0f5a-4cc5-9ee7-f772d8406c25 1.428s
2024-10-10 15:32:24.807 62770 INFO tempest.lib.common.rest_client [req-7a667004-0a6c-48c1-90b3-751a182a6850 req-7a667004-0a6c-48c1-90b3-751a182a6850 ] Request (QuotasAdminTestJSON:_run_cleanups): 204 DELETE http://10.180.1.21/identity/v3/projects/bd3eba27307644d9a7780fa69b4b5664 0.097s
2024-10-10 15:32:24.820 62772 INFO tempest.lib.common.rest_client [req-7a23ab22-69af-4bdf-a427-e8a7aa844cc7 req-7a23ab22-69af-4bdf-a427-e8a7aa844cc7 ] Request (ImagesMetadataTestJSON:setUp): 200 PUT http://10.180.1.21/compute/v2.1/images/ef6e4fb8-d071-4a50-99c0-39537ca9ecc0/metadata 1.253s
2024-10-10 15:32:24.828 62814 INFO tempest.lib.common.rest_client [req-3d01889c-aca8-434c-a66f-535cdeeaae1d req-3d01889c-aca8-434c-a66f-535cdeeaae1d ] Request (ListImageFiltersTestJSON:setUpClass): 200 GET http://10.180.1.21/compute/v2.1/images/82844865-12c3-4ef0-9bbb-103898d2a25c 1.067s
2024-10-10 15:32:24.837 62806 INFO tempest.lib.common.rest_client [req-389c74f4-c51b-4290-8e7a-766af8ecf019 req-389c74f4-c51b-4290-8e7a-766af8ecf019 ] Request (KeyPairsV22TestJSON:_run_cleanups): 204 DELETE http://10.180.1.21/compute/v2.1/os-keypairs/tempest-KeyPairsV22TestJSON-keypair-1694205978 1.065s
2024-10-10 15:32:24.856 62766 INFO tempest.lib.common.rest_client [req-9fd2b54e-2dd0-4111-991e-5e95887c88e8 req-9fd2b54e-2dd0-4111-991e-5e95887c88e8 ] Request (ServersTestBootFromVolume:setUpClass): 200 GET http://10.180.1.21/volume/v3/volumes/a9be157f-b09a-4c72-b5d6-f3dad2ef3936 0.038s
2024-10-10 15:32:24.942 62778 INFO tempest.lib.common.rest_client [req-2fcc0d8b-5e7a-49a7-87dc-81c398b8ce10 req-2fcc0d8b-5e7a-49a7-87dc-81c398b8ce10 ] Request (ServersAdminNegativeTestJSON:tearDownClass): 200 GET http://10.180.1.21:9696/networking/v2.0/security-groups?tenant_id=6ca8e2622da84696952da9b02b75d04c&name=default 0.629s
2024-10-10 15:32:24.981 62820 INFO tempest.lib.common.rest_client [req-de6f813d-cfcc-4690-a8e7-9de69184c39e req-de6f813d-cfcc-4690-a8e7-9de69184c39e ] Request (SecurityGroupsNegativeTestJSON:tearDownClass): 204 DELETE http://10.180.1.21:9696/networking/v2.0/subnets/d6f5c2a7-61a1-4228-ad24-d199e69c9726 0.501s
2024-10-10 15:32:25.002 62788 INFO tempest.lib.common.rest_client [req-979f63f1-3db9-49c2-bb5e-f847a216ceef req-979f63f1-3db9-49c2-bb5e-f847a216ceef ] Request (ListServersNegativeTestJSON:setUpClass): 200 GET http://10.180.1.21/compute/v2.1/servers/11c53593-cf14-4e46-b546-c90a3184028e 1.144s
2024-10-10 15:32:25.020 62828 INFO tempest.lib.common.rest_client [req-07133e8f-84d0-4df2-8eed-7dfdd2cc3c20 req-07133e8f-84d0-4df2-8eed-7dfdd2cc3c20 ] Request (DeleteServersAdminTestJSON:test_delete_server_while_in_error_state): 200 GET http://10.180.1.21/compute/v2.1/servers/ef52ac4a-fa98-4af8-b08a-b34cae526850 0.827s
2024-10-10 15:32:25.024 62774 INFO tempest.lib.common.rest_client [req-1538b63e-c7ac-4d09-a438-6add14ed74a7 req-1538b63e-c7ac-4d09-a438-6add14ed74a7 ] Request (SecurityGroupsTestAdminJSON:tearDownClass): 204 DELETE http://10.180.1.21:9696/networking/v2.0/security-groups/42d5800c-e474-4140-8556-74c9ff2444f2 0.476s
2024-10-10 15:32:25.028 62822 INFO tempest.lib.common.rest_client [req-a6b57cf9-3697-451d-98ca-44a3f13b0273 req-a6b57cf9-3697-451d-98ca-44a3f13b0273 ] Request (HypervisorAdminNegativeTestJSON:tearDownClass): 200 GET http://10.180.1.21:9696/networking/v2.0/security-groups?tenant_id=9e5039bd1d174beeb407c990480e66de&name=default 0.773s
2024-10-10 15:32:25.044 62798 INFO tempest.lib.common.rest_client [req-b92c949e-bb9b-446f-9522-c6d5fcb62621 req-b92c949e-bb9b-446f-9522-c6d5fcb62621 ] Request (FlavorsAdminTestJSON:test_is_public_string_variations): 200 POST http://10.180.1.21/compute/v2.1/flavors 0.414s
2024-10-10 15:32:25.090 62804 INFO tempest.lib.common.rest_client [req-9746e2d7-f1c0-4213-abff-1bba4f485a8e req-9746e2d7-f1c0-4213-abff-1bba4f485a8e ] Request (ServerDiagnosticsV248Test:tearDownClass): 204 DELETE http://10.180.1.21/compute/v2.1/servers/17b0789b-6ffe-4e4e-8e4c-1cff2cc1d007 0.475s
2024-10-10 15:32:25.106 62824 INFO tempest.lib.common.rest_client [req-018abb73-6305-4be5-a231-12349aef9959 req-018abb73-6305-4be5-a231-12349aef9959 ] Request (FlavorsAccessNegativeTestJSON:tearDownClass): 200 GET http://10.180.1.21:9696/networking/v2.0/security-groups?tenant_id=156c20624472426aa1b424db5f3555ed&name=default 0.822s
2024-10-10 15:32:25.127 62774 INFO tempest.lib.common.rest_client [req-ce12069a-d5f6-430b-99a7-8046900e7012 req-ce12069a-d5f6-430b-99a7-8046900e7012 ] Request (SecurityGroupsTestAdminJSON:tearDownClass): 204 DELETE http://10.180.1.21/identity/v3/projects/bebce232868f4e42bfc6ba032fb4aba8 0.103s
2024-10-10 15:32:25.199 62774 INFO tempest.lib.common.rest_client [req-764d86b7-d214-4647-a78e-3d0f83dd925a req-764d86b7-d214-4647-a78e-3d0f83dd925a ] Request (ImagesDeleteNegativeTestJSON:setUpClass): 201 POST http://10.180.1.21/identity/v3/auth/tokens 0.070s
2024-10-10 15:32:25.216 62780 INFO tempest.lib.common.rest_client [req-8a8c9e20-dc4f-40e2-98ee-077d9bc6ac2f req-8a8c9e20-dc4f-40e2-98ee-077d9bc6ac2f ] Request (ServersAdmin275Test:test_rebuild_update_server_275): 200 GET http://10.180.1.21/compute/v2.1/servers/6e35fe1c-05bc-4dcc-b7ec-e9998a647739 0.497s
2024-10-10 15:32:25.226 62780 INFO tempest.common.waiters [-] State transition "BUILD/block_device_mapping" ==> "BUILD/spawning" after 9 second wait
2024-10-10 15:32:25.246 62774 INFO tempest.lib.common.rest_client [req-68daeb31-cf1c-4190-92f3-e9738d90a227 req-68daeb31-cf1c-4190-92f3-e9738d90a227 ] Request (ImagesDeleteNegativeTestJSON:setUpClass): 201 POST http://10.180.1.21/identity/v3/auth/tokens 0.044s
2024-10-10 15:32:25.272 62774 INFO tempest.lib.common.rest_client [req-691f655f-755b-433b-9150-e9e0f3cb2ced req-691f655f-755b-433b-9150-e9e0f3cb2ced ] Request (ImagesDeleteNegativeTestJSON:setUpClass): 200 GET http://10.180.1.21/identity/v3/domains?name=Default 0.026s
2024-10-10 15:32:25.295 62786 INFO tempest.lib.common.rest_client [req-763db906-8c0e-48bb-b566-6cdeeafb59e3 req-763db906-8c0e-48bb-b566-6cdeeafb59e3 ] Request (ImagesOneServerTestJSON:tearDownClass): 204 DELETE http://10.180.1.21:9696/networking/v2.0/subnets/844c122e-a320-4ea3-bbbb-278af75a5a0d 0.495s
2024-10-10 15:32:25.305 62774 INFO tempest.lib.common.rest_client [req-3031a1fd-4442-4725-b371-6c240d5fd2d8 req-3031a1fd-4442-4725-b371-6c240d5fd2d8 ] Request (ImagesDeleteNegativeTestJSON:setUpClass): 201 POST http://10.180.1.21/identity/v3/projects 0.032s
2024-10-10 15:32:25.371 62774 INFO tempest.lib.common.rest_client [req-d83e7b07-226c-4339-97be-3a5d93ee7a86 req-d83e7b07-226c-4339-97be-3a5d93ee7a86 ] Request (ImagesDeleteNegativeTestJSON:setUpClass): 201 POST http://10.180.1.21/identity/v3/users 0.066s
2024-10-10 15:32:25.389 62774 INFO tempest.lib.common.rest_client [req-16e41d5d-5e52-4422-8532-11a050b4fa5a req-16e41d5d-5e52-4422-8532-11a050b4fa5a ] Request (ImagesDeleteNegativeTestJSON:setUpClass): 200 GET http://10.180.1.21/identity/v3/roles 0.017s
2024-10-10 15:32:25.424 62774 INFO tempest.lib.common.rest_client [req-fedfd7e5-346a-47c3-9c67-e632345e513b req-fedfd7e5-346a-47c3-9c67-e632345e513b ] Request (ImagesDeleteNegativeTestJSON:setUpClass): 204 PUT http://10.180.1.21/identity/v3/projects/29f6c2b68d734df6ba6904248e02887f/users/61d40af45584417da3b5edef089ff698/roles/157c8d99efc14ddd97b2975380dd29f1 0.035s
2024-10-10 15:32:25.425 62774 INFO tempest.lib.common.dynamic_creds [-] Dynamic test user 61d40af45584417da3b5edef089ff698 is created with scope project and roles: ['member']
2024-10-10 15:32:25.425 62774 INFO tempest.lib.common.dynamic_creds [-] Acquired dynamic creds: credentials: Credentials: {'domain_id': 'default', 'domain_name': 'Default', 'username': 'tempest-ImagesDeleteNegativeTestJSON-1851060661-project-member', 'project_domain_id': 'default', 'project_domain_name': 'Default', 'project_id': '29f6c2b68d734df6ba6904248e02887f', 'project_name': 'tempest-ImagesDeleteNegativeTestJSON-1851060661', 'tenant_id': '29f6c2b68d734df6ba6904248e02887f', 'tenant_name': 'tempest-ImagesDeleteNegativeTestJSON-1851060661', 'user_domain_id': 'default', 'user_domain_name': 'Default', 'user_id': '61d40af45584417da3b5edef089ff698', 'system': None}, Network: None, Subnet: None, Router: None
2024-10-10 15:32:25.425 62774 INFO tempest.lib.common.dynamic_creds [-] Created isolated network resources for: credentials: Credentials: {'domain_id': 'default', 'domain_name': 'Default', 'username': 'tempest-ImagesDeleteNegativeTestJSON-1851060661-project-member', 'project_domain_id': 'default', 'project_domain_name': 'Default', 'project_id': '29f6c2b68d734df6ba6904248e02887f', 'project_name': 'tempest-ImagesDeleteNegativeTestJSON-1851060661', 'tenant_id': '29f6c2b68d734df6ba6904248e02887f', 'tenant_name': 'tempest-ImagesDeleteNegativeTestJSON-1851060661', 'user_domain_id': 'default', 'user_domain_name': 'Default', 'user_id': '61d40af45584417da3b5edef089ff698', 'system': None}, Network: None, Subnet: None, Router: None
2024-10-10 15:32:25.439 62776 INFO tempest.lib.common.rest_client [req-6f4fb708-0479-4da3-88f1-02853a9c5c55 req-6f4fb708-0479-4da3-88f1-02853a9c5c55 ] Request (SecurityGroupsTestJSON:test_list_security_groups_by_server): 200 GET http://10.180.1.21/compute/v2.1/servers/21af21da-87b1-4a84-8544-f1a88494eb08 0.700s
2024-10-10 15:32:25.495 62802 INFO tempest.lib.common.rest_client [req-1ae7be95-6093-4771-9ca8-cb65e67e941c req-1ae7be95-6093-4771-9ca8-cb65e67e941c ] Request (AggregatesAdminNegativeTestJSON:test_aggregate_get_details_with_invalid_id): 404 GET http://10.180.1.21/compute/v2.1/os-aggregates/-1 0.711s
2024-10-10 15:32:25.498 62822 INFO tempest.lib.common.rest_client [req-e00e89b8-a3bc-4107-a88a-9c9584667e3a req-e00e89b8-a3bc-4107-a88a-9c9584667e3a ] Request (HypervisorAdminNegativeTestJSON:tearDownClass): 204 DELETE http://10.180.1.21:9696/networking/v2.0/security-groups/c9199a9e-6568-4567-b77f-c1c585efc46f 0.470s
2024-10-10 15:32:25.522 62774 INFO tempest.lib.common.rest_client [req-447342c3-44b9-48e1-8fd5-10dcdc1610a3 req-447342c3-44b9-48e1-8fd5-10dcdc1610a3 ] Request (ImagesDeleteNegativeTestJSON:setUpClass): 201 POST http://10.180.1.21/identity/v3/auth/tokens 0.093s
2024-10-10 15:32:25.543 62824 INFO tempest.lib.common.rest_client [req-72257ab4-7f5b-431d-9670-9c2b67a6910f req-72257ab4-7f5b-431d-9670-9c2b67a6910f ] Request (FlavorsAccessNegativeTestJSON:tearDownClass): 204 DELETE http://10.180.1.21:9696/networking/v2.0/security-groups/7172c569-8981-43b4-90ef-88d5992f7d93 0.437s
2024-10-10 15:32:25.602 62810 INFO tempest.lib.common.rest_client [req-0c197c21-af43-4f39-918f-61fa6c7b4eb1 req-0c197c21-af43-4f39-918f-61fa6c7b4eb1 ] Request (ServerDiagnosticsTest:test_get_server_diagnostics): 200 GET http://10.180.1.21/compute/v2.1/servers/ba23eea7-422c-4e5d-b95e-f95589e41550 0.948s
2024-10-10 15:32:25.637 62822 INFO tempest.lib.common.rest_client [req-70005020-4259-47d9-af59-82066da806a0 req-70005020-4259-47d9-af59-82066da806a0 ] Request (HypervisorAdminNegativeTestJSON:tearDownClass): 204 DELETE http://10.180.1.21/identity/v3/projects/9e5039bd1d174beeb407c990480e66de 0.138s
2024-10-10 15:32:25.637 62822 INFO tempest.lib.common.dynamic_creds [-] Deleting project and security group for project: f4999f23f27848ec9c1014d1f494c689
2024-10-10 15:32:25.642 62800 INFO tempest.lib.common.rest_client [req-6a40a8aa-41da-45b8-adae-068867701397 req-6a40a8aa-41da-45b8-adae-068867701397 ] Request (ImagesTestJSON:setUpClass): 201 POST http://10.180.1.21:9696/networking/v2.0/routers 2.572s
2024-10-10 15:32:25.670 62778 INFO tempest.lib.common.rest_client [req-91dd292d-e0de-4376-9ce3-62499320b24d req-91dd292d-e0de-4376-9ce3-62499320b24d ] Request (ServersAdminNegativeTestJSON:tearDownClass): 204 DELETE http://10.180.1.21:9696/networking/v2.0/security-groups/c35ac58b-60d4-480f-a903-cd744e25ed1c 0.727s
2024-10-10 15:32:25.680 62770 INFO tempest.lib.common.rest_client [req-a23acb68-4260-40a0-8c38-4ee96837a510 req-a23acb68-4260-40a0-8c38-4ee96837a510 ] Request (QuotasAdminTestJSON:test_update_all_quota_resources_for_tenant): 200 GET http://10.180.1.21/compute/v2.1/os-quota-sets/e72a47387e714ba59f7dfea50767a5a6/defaults 0.870s
2024-10-10 15:32:25.730 62814 INFO tempest.lib.common.rest_client [req-73b31e91-512c-4750-91ef-0abe2316f649 req-73b31e91-512c-4750-91ef-0abe2316f649 ] Request (ListImageFiltersTestJSON:setUpClass): 200 GET http://10.180.1.21/compute/v2.1/images/82844865-12c3-4ef0-9bbb-103898d2a25c 0.898s
2024-10-10 15:32:25.783 62778 INFO tempest.lib.common.rest_client [req-94ee0a57-3b47-4bf1-bbfe-09e5af1c8dcc req-94ee0a57-3b47-4bf1-bbfe-09e5af1c8dcc ] Request (ServersAdminNegativeTestJSON:tearDownClass): 204 DELETE http://10.180.1.21/identity/v3/projects/6ca8e2622da84696952da9b02b75d04c 0.111s
2024-10-10 15:32:25.788 62824 INFO tempest.lib.common.rest_client [req-e4f5828b-6737-48bb-b9bb-96e9c9c61fc6 req-e4f5828b-6737-48bb-b9bb-96e9c9c61fc6 ] Request (FlavorsAccessNegativeTestJSON:tearDownClass): 204 DELETE http://10.180.1.21/identity/v3/projects/156c20624472426aa1b424db5f3555ed 0.244s
2024-10-10 15:32:25.789 62824 INFO tempest.lib.common.dynamic_creds [-] Deleting project and security group for project: 46860d79b4f34812862e7e89c96a4465
2024-10-10 15:32:25.808 62820 INFO tempest.lib.common.rest_client [req-fc32443e-63bd-4fc1-9cfd-191194df1140 req-fc32443e-63bd-4fc1-9cfd-191194df1140 ] Request (SecurityGroupsNegativeTestJSON:tearDownClass): 204 DELETE http://10.180.1.21:9696/networking/v2.0/networks/6d64ed3d-5cf4-417e-a8d2-920e320f3271 0.827s
2024-10-10 15:32:25.820 62826 INFO tempest.lib.common.rest_client [req-37701004-b4db-42c2-8eae-6307cbaba192 req-37701004-b4db-42c2-8eae-6307cbaba192 ] Request (FloatingIPsTestJSON:setUpClass): 200 PUT http://10.180.1.21:9696/networking/v2.0/routers/569156ec-7f12-4646-b9e9-5afd73ae36a7/add_router_interface 4.610s
2024-10-10 15:32:25.820 62826 INFO tempest.lib.common.dynamic_creds [-] Created isolated network resources for: credentials: Credentials: {'domain_id': 'default', 'domain_name': 'Default', 'username': 'tempest-FloatingIPsTestJSON-242904809-project-member', 'project_domain_id': 'default', 'project_domain_name': 'Default', 'project_id': 'e883ac1fa08449abb5fdfc15953af908', 'project_name': 'tempest-FloatingIPsTestJSON-242904809', 'tenant_id': 'e883ac1fa08449abb5fdfc15953af908', 'tenant_name': 'tempest-FloatingIPsTestJSON-242904809', 'user_domain_id': 'default', 'user_domain_name': 'Default', 'user_id': '80aa7484d8da43fd8ae44997dcb58842', 'system': None}, Network: {'id': '109e354b-8842-4ee1-aeae-ef10e2155444', 'name': 'tempest-FloatingIPsTestJSON-1137366823-network', 'tenant_id': 'e883ac1fa08449abb5fdfc15953af908', 'admin_state_up': True, 'mtu': 8950, 'status': 'ACTIVE', 'subnets': [], 'shared': False, 'project_id': 'e883ac1fa08449abb5fdfc15953af908', 'port_security_enabled': True, 'router:external': False, 'provider:network_type': 'vlan', 'provider:physical_network': 'default', 'provider:segmentation_id': 657, 'is_default': False, 'availability_zone_hints': [], 'availability_zones': [], 'ipv4_address_scope': None, 'ipv6_address_scope': None, 'description': '', 'tags': [], 'created_at': '2024-10-10T15:32:18Z', 'updated_at': '2024-10-10T15:32:18Z', 'revision_number': 1}, Subnet: {'id': 'fab67f4e-ed64-4c15-b6e3-51689dfdb8ea', 'name': 'tempest-FloatingIPsTestJSON-1137366823-subnet', 'tenant_id': 'e883ac1fa08449abb5fdfc15953af908', 'network_id': '109e354b-8842-4ee1-aeae-ef10e2155444', 'ip_version': 4, 'subnetpool_id': None, 'enable_dhcp': True, 'ipv6_ra_mode': None, 'ipv6_address_mode': None, 'gateway_ip': '192.168.128.1', 'cidr': '192.168.128.0/28', 'allocation_pools': [{'start': '192.168.128.2', 'end': '192.168.128.14'}], 'host_routes': [], 'dns_nameservers': [], 'description': '', 'router:external': False, 'service_types': [], 'tags': [], 'created_at': '2024-10-10T15:32:19Z', 'updated_at': '2024-10-10T15:32:19Z', 'revision_number': 0, 'project_id': 'e883ac1fa08449abb5fdfc15953af908'}, Router: {'id': '569156ec-7f12-4646-b9e9-5afd73ae36a7', 'name': 'tempest-FloatingIPsTestJSON-1137366823-router', 'tenant_id': 'e883ac1fa08449abb5fdfc15953af908', 'admin_state_up': True, 'status': 'ACTIVE', 'external_gateway_info': {'network_id': '5fb41891-c5ee-4940-a990-75eb83e794b8', 'external_fixed_ips': [{'subnet_id': 'fdfc369c-fb07-4776-8a7d-4555384cfeed', 'ip_address': '10.180.180.238'}], 'enable_snat': True}, 'description': '', 'availability_zones': [], 'distributed': False, 'ha': False, 'availability_zone_hints': [], 'routes': [], 'flavor_id': None, 'tags': [], 'created_at': '2024-10-10T15:32:19Z', 'updated_at': '2024-10-10T15:32:20Z', 'revision_number': 2, 'project_id': 'e883ac1fa08449abb5fdfc15953af908'}
2024-10-10 15:32:25.853 62814 INFO tempest.lib.common.rest_client [req-c0bde920-26b8-431c-a0e9-31a1ec9b90c4 req-c0bde920-26b8-431c-a0e9-31a1ec9b90c4 ] Request (ListImageFiltersTestJSON:setUpClass): 201 POST http://10.180.1.21/identity/v3/auth/tokens 0.111s
2024-10-10 15:32:25.853 62814 INFO tempest.lib.common.fixed_network [-] (ListImageFiltersTestJSON:setUpClass) Found network None available for tenant
2024-10-10 15:32:25.864 62768 INFO tempest.lib.common.rest_client [req-e328b1ca-f352-4980-bd7d-2bd07cfa858f req-e328b1ca-f352-4980-bd7d-2bd07cfa858f ] Request (ServerActionsTestOtherA:setUpClass): 200 GET http://10.180.1.21/compute/v2.1/servers/c6292246-847f-4466-909b-6139401943af 1.032s
2024-10-10 15:32:25.884 62806 INFO tempest.lib.common.rest_client [req-0346e159-4fa6-4e24-a0af-2513256d952c req-0346e159-4fa6-4e24-a0af-2513256d952c ] Request (KeyPairsV22TestJSON:_run_cleanups): 204 DELETE http://10.180.1.21/compute/v2.1/os-keypairs/tempest-KeyPairsV22TestJSON-keypair-977114726 1.047s
2024-10-10 15:32:25.898 62766 INFO tempest.lib.common.rest_client [req-258924e4-4201-48c7-90fd-c647c0ac1a17 req-258924e4-4201-48c7-90fd-c647c0ac1a17 ] Request (ServersTestBootFromVolume:setUpClass): 200 GET http://10.180.1.21/volume/v3/volumes/a9be157f-b09a-4c72-b5d6-f3dad2ef3936 0.033s
2024-10-10 15:32:25.901 62778 INFO tempest.lib.common.rest_client [req-536d2c8f-38da-458d-aa6e-6fd66835b9b1 req-536d2c8f-38da-458d-aa6e-6fd66835b9b1 ] Request (VolumesAdminNegativeTest:setUpClass): 201 POST http://10.180.1.21/identity/v3/auth/tokens 0.104s
2024-10-10 15:32:25.919 62772 INFO tempest.lib.common.rest_client [req-0c93666e-2904-4f2c-a681-10d7b6b66d21 req-0c93666e-2904-4f2c-a681-10d7b6b66d21 ] Request (ImagesMetadataTestJSON:test_update_image_metadata): 200 POST http://10.180.1.21/compute/v2.1/images/ef6e4fb8-d071-4a50-99c0-39537ca9ecc0/metadata 1.098s
2024-10-10 15:32:25.919 62786 INFO tempest.lib.common.rest_client [req-0d3c1f42-45a7-4218-9831-b5f91cd82e35 req-0d3c1f42-45a7-4218-9831-b5f91cd82e35 ] Request (ImagesOneServerTestJSON:tearDownClass): 204 DELETE http://10.180.1.21:9696/networking/v2.0/networks/74a8a548-89f4-4570-b035-4c7ac64084c8 0.624s
2024-10-10 15:32:25.977 62816 INFO tempest.lib.common.rest_client [req-994a3e31-39b7-4ede-acd7-12cf1fe8cb0b req-994a3e31-39b7-4ede-acd7-12cf1fe8cb0b ] Request (ServerAddressesNegativeTestJSON:setUpClass): 201 POST http://10.180.1.21:9696/networking/v2.0/networks 1.294s
2024-10-10 15:32:25.986 62826 INFO tempest.lib.common.rest_client [req-598edb7f-b1d0-456c-86a0-0630fe459601 req-598edb7f-b1d0-456c-86a0-0630fe459601 ] Request (FloatingIPsTestJSON:setUpClass): 201 POST http://10.180.1.21/identity/v3/auth/tokens 0.161s
2024-10-10 15:32:25.988 62819 INFO tempest.lib.common.rest_client [req-3c66534c-5a61-40b0-b87b-85c3e355d836 req-3c66534c-5a61-40b0-b87b-85c3e355d836 ] Request (ServerExternalEventsTest:test_create_server_external_events): 200 GET http://10.180.1.21/compute/v2.1/servers/ff90249f-ae4b-4aeb-91ed-d8a41a942a5d 1.112s
2024-10-10 15:32:25.996 62824 INFO tempest.lib.common.rest_client [req-457814c6-1d7d-4c9b-97fe-9c9a75124a26 req-457814c6-1d7d-4c9b-97fe-9c9a75124a26 ] Request (FlavorsAccessNegativeTestJSON:tearDownClass): 200 GET http://10.180.1.21:9696/networking/v2.0/security-groups?tenant_id=46860d79b4f34812862e7e89c96a4465&name=default 0.207s
2024-10-10 15:32:26.002 62820 INFO tempest.lib.common.rest_client [req-9053fb8b-71a2-4e2c-983c-65be330d5146 req-9053fb8b-71a2-4e2c-983c-65be330d5146 ] Request (SecurityGroupsNegativeTestJSON:tearDownClass): 204 DELETE http://10.180.1.21/identity/v3/users/0a39ae6114e44bd9a7d77621be13e5d0 0.194s
2024-10-10 15:32:26.003 62820 INFO tempest.lib.common.dynamic_creds [-] Deleting project and security group for project: 5a6da235491342f1a8d314728dc98944
2024-10-10 15:32:26.008 62798 INFO tempest.lib.common.rest_client [req-4d82e7af-51b5-4ca7-9d57-b8bc37f3439d req-4d82e7af-51b5-4ca7-9d57-b8bc37f3439d ] Request (FlavorsAdminTestJSON:test_is_public_string_variations): 200 POST http://10.180.1.21/compute/v2.1/flavors 0.961s
2024-10-10 15:32:26.031 62784 INFO tempest.lib.common.rest_client [req-f372c0ff-8cd7-4de3-b641-8a3c1201ce48 req-f372c0ff-8cd7-4de3-b641-8a3c1201ce48 ] Request (ServersWithSpecificFlavorTestJSON:test_verify_created_server_ephemeral_disk): 200 GET http://10.180.1.21/compute/v2.1/servers/c542f5dd-10d8-4959-a3ab-eab9b8f4525a 1.028s
2024-10-10 15:32:26.044 62778 INFO tempest.lib.common.rest_client [req-64f0bc32-25ea-4e04-b3f1-e5f2bd6790c1 req-64f0bc32-25ea-4e04-b3f1-e5f2bd6790c1 ] Request (VolumesAdminNegativeTest:setUpClass): 201 POST http://10.180.1.21/identity/v3/auth/tokens 0.141s
2024-10-10 15:32:26.065 62778 INFO tempest.lib.common.rest_client [req-fffdec05-8f62-4a87-b5f5-8a2ede9c33e5 req-fffdec05-8f62-4a87-b5f5-8a2ede9c33e5 ] Request (VolumesAdminNegativeTest:setUpClass): 200 GET http://10.180.1.21/identity/v3/domains?name=Default 0.019s
2024-10-10 15:32:26.097 62820 INFO tempest.lib.common.rest_client [req-3a10a324-0097-4f0b-b61b-1d01d6a5d1df req-3a10a324-0097-4f0b-b61b-1d01d6a5d1df ] Request (SecurityGroupsNegativeTestJSON:tearDownClass): 200 GET http://10.180.1.21:9696/networking/v2.0/security-groups?tenant_id=5a6da235491342f1a8d314728dc98944&name=default 0.094s
2024-10-10 15:32:26.098 62786 INFO tempest.lib.common.rest_client [req-5a36aee1-975e-46a7-91c9-ceda60607363 req-5a36aee1-975e-46a7-91c9-ceda60607363 ] Request (ImagesOneServerTestJSON:tearDownClass): 204 DELETE http://10.180.1.21/identity/v3/users/d42f84d78f4a4548af83b23f8612f4e3 0.178s
2024-10-10 15:32:26.099 62786 INFO tempest.lib.common.dynamic_creds [-] Deleting project and security group for project: a1c80315678a4d37b2a00a372242e0a8
2024-10-10 15:32:26.122 62804 INFO tempest.lib.common.rest_client [req-8f769a2b-ecba-4969-9ecc-5c82495392c6 req-8f769a2b-ecba-4969-9ecc-5c82495392c6 ] Request (ServerDiagnosticsV248Test:tearDownClass): 200 GET http://10.180.1.21/compute/v2.1/servers/17b0789b-6ffe-4e4e-8e4c-1cff2cc1d007 1.032s
2024-10-10 15:32:26.145 62778 INFO tempest.lib.common.rest_client [req-bf57a594-9d2d-4be0-bf52-fbf49a149f60 req-bf57a594-9d2d-4be0-bf52-fbf49a149f60 ] Request (VolumesAdminNegativeTest:setUpClass): 201 POST http://10.180.1.21/identity/v3/projects 0.080s
2024-10-10 15:32:26.159 62797 INFO tempest.lib.common.rest_client [req-1dc9a291-364c-4560-a714-590e0331a82e req-1dc9a291-364c-4560-a714-590e0331a82e ] Request (VolumesAssistedSnapshotsTest:test_volume_assisted_snapshot_create_delete): 200 GET http://10.180.1.21/compute/v2.1/servers/597c9673-bbd4-4dd0-829a-c05f8667c951 1.047s
