2024-10-10 15:32:05.685 62780 INFO tempest.lib.common.dynamic_creds [-] Acquired dynamic creds: credentials: Credentials: {'domain_id': 'default', 'domain_name': 'Default', 'username': 'tempest-ServersAdmin275Test-1402741504-project-admin', 'project_domain_id': 'default', 'project_domain_name': 'Default', 'project_id': '89673075a53e4af8bb9b9f0085b5924d', 'project_name': 'tempest-ServersAdmin275Test-1402741504', 'tenant_id': '89673075a53e4af8bb9b9f0085b5924d', 'tenant_name': 'tempest-ServersAdmin275Test-1402741504', 'user_domain_id': 'default', 'user_domain_name': 'Default', 'user_id': '4cee66acad7348c38506bc131811df36', 'system': None}, Network: None, Subnet: None, Router: None
2024-10-10 15:32:05.685 62780 INFO tempest.lib.common.dynamic_creds [-] Created isolated network resources for: credentials: Credentials: {'domain_id': 'default', 'domain_name': 'Default', 'username': 'tempest-ServersAdmin275Test-1402741504-project-admin', 'project_domain_id': 'default', 'project_domain_name': 'Default', 'project_id': '89673075a53e4af8bb9b9f0085b5924d', 'project_name': 'tempest-ServersAdmin275Test-1402741504', 'tenant_id': '89673075a53e4af8bb9b9f0085b5924d', 'tenant_name': 'tempest-ServersAdmin275Test-1402741504', 'user_domain_id': 'default', 'user_domain_name': 'Default', 'user_id': '4cee66acad7348c38506bc131811df36', 'system': None}, Network: None, Subnet: None, Router: None
2024-10-10 15:32:05.689 62784 INFO tempest.lib.common.rest_client [req-68e62b42-59e3-492a-a04b-59ff650ec0ed req-68e62b42-59e3-492a-a04b-59ff650ec0ed ] Request (ServersWithSpecificFlavorTestJSON:test_verify_created_server_ephemeral_disk): 200 GET http://10.180.1.21/compute/v2.1/servers/c542f5dd-10d8-4959-a3ab-eab9b8f4525a 1.576s
2024-10-10 15:32:05.714 62824 INFO tempest.lib.common.rest_client [req-0958f61a-dd04-499e-8420-a28f38306610 req-0958f61a-dd04-499e-8420-a28f38306610 ] Request (FlavorsAccessNegativeTestJSON:test_flavor_non_admin_remove): 200 POST http://10.180.1.21/compute/v2.1/flavors 1.600s
2024-10-10 15:32:05.741 62794 INFO tempest.lib.common.rest_client [req-9f738484-aa8e-4497-8915-edc2f52ef223 req-9f738484-aa8e-4497-8915-edc2f52ef223 ] Request (ServerPasswordTestJSON:setUpClass): 201 POST http://10.180.1.21/identity/v3/auth/tokens 0.180s
2024-10-10 15:32:05.751 62808 INFO tempest.lib.common.rest_client [req-8d7edd97-bc85-41f3-b25c-05667ba7f9c4 req-8d7edd97-bc85-41f3-b25c-05667ba7f9c4 ] Request (ServicesAdminNegativeV253TestJSON:test_get_service_by_invalid_service_and_valid_host): 200 GET http://10.180.1.21/compute/v2.1/os-services 1.546s
2024-10-10 15:32:05.764 62802 INFO tempest.lib.common.rest_client [req-7d9f36a8-a495-414d-ac77-9a0b58cab99f req-7d9f36a8-a495-414d-ac77-9a0b58cab99f ] Request (AggregatesAdminNegativeTestJSON:test_aggregate_create_as_user): 403 POST http://10.180.1.21/compute/v2.1/os-aggregates 1.556s
2024-10-10 15:32:05.773 62768 INFO tempest.lib.common.rest_client [req-c0e10ae8-049e-45be-a07d-179a7eda09e7 req-c0e10ae8-049e-45be-a07d-179a7eda09e7 ] Request (QuotasAdminNegativeTest:test_update_quota_normal_user): 403 PUT http://10.180.1.21/compute/v2.1/os-quota-sets/1821881e1cae452687114a930159ad7e 1.420s
2024-10-10 15:32:05.811 62772 INFO tempest.lib.common.rest_client [req-113c902a-7077-433d-8e02-67e528951a60 req-113c902a-7077-433d-8e02-67e528951a60 ] Request (ImagesMetadataTestJSON:test_get_image_metadata_item): 200 GET http://10.180.1.21/compute/v2.1/images/ef6e4fb8-d071-4a50-99c0-39537ca9ecc0/metadata/os_distro 1.167s
2024-10-10 15:32:05.821 62794 INFO tempest.lib.common.rest_client [req-d6fe2cd8-694e-4129-aac6-448d2e17e401 req-d6fe2cd8-694e-4129-aac6-448d2e17e401 ] Request (ServerPasswordTestJSON:setUpClass): 201 POST http://10.180.1.21/identity/v3/auth/tokens 0.077s
2024-10-10 15:32:05.823 62780 INFO tempest.lib.common.rest_client [req-4b503cb2-2814-4ef9-b45b-6f39a059bd02 req-4b503cb2-2814-4ef9-b45b-6f39a059bd02 ] Request (ServersAdmin275Test:setUpClass): 201 POST http://10.180.1.21/identity/v3/auth/tokens 0.135s
2024-10-10 15:32:05.846 62794 INFO tempest.lib.common.rest_client [req-820e2e15-2bd8-4786-b6c7-5c2639bdc40c req-820e2e15-2bd8-4786-b6c7-5c2639bdc40c ] Request (ServerPasswordTestJSON:setUpClass): 200 GET http://10.180.1.21/identity/v3/domains?name=Default 0.024s
2024-10-10 15:32:05.891 62768 INFO tempest.lib.common.rest_client [req-f3420ea7-88bc-4d11-baa5-8a02b55e56da req-f3420ea7-88bc-4d11-baa5-8a02b55e56da ] Request (QuotasAdminNegativeTest:tearDownClass): 204 DELETE http://10.180.1.21/identity/v3/users/d993c4b8ab984121bab8dc4c67e385de 0.116s
2024-10-10 15:32:05.902 62797 INFO tempest.lib.common.rest_client [req-b9323edb-a515-47d0-bb57-38511f23bf24 req-b9323edb-a515-47d0-bb57-38511f23bf24 ] Request (VolumesAssistedSnapshotsTest:test_volume_assisted_snapshot_create_delete): 200 GET http://10.180.1.21/compute/v2.1/servers/597c9673-bbd4-4dd0-829a-c05f8667c951 0.992s
2024-10-10 15:32:05.913 62822 INFO tempest.lib.common.rest_client [req-3dee2050-4b9b-4b7e-84ec-2c10f1526407 req-3dee2050-4b9b-4b7e-84ec-2c10f1526407 ] Request (FlavorsExtraSpecsTestJSON:tearDownClass): 204 DELETE http://10.180.1.21:9696/networking/v2.0/security-groups/31f9be0b-45f5-4c66-8cb6-b1f168c2706f 0.434s
2024-10-10 15:32:05.939 62780 INFO tempest.lib.common.rest_client [req-f323dfad-beb9-43f0-a41c-33e19337641e req-f323dfad-beb9-43f0-a41c-33e19337641e ] Request (ServersAdmin275Test:test_rebuild_update_server_275): 201 POST http://10.180.1.21/identity/v3/auth/tokens 0.110s
2024-10-10 15:32:05.940 62780 INFO tempest.lib.common.fixed_network [-] (ServersAdmin275Test:test_rebuild_update_server_275) Found network None available for tenant
2024-10-10 15:32:05.998 62794 INFO tempest.lib.common.rest_client [req-675eb3c8-c784-46af-afbf-6307500152ec req-675eb3c8-c784-46af-afbf-6307500152ec ] Request (ServerPasswordTestJSON:setUpClass): 201 POST http://10.180.1.21/identity/v3/projects 0.152s
2024-10-10 15:32:06.037 62768 INFO tempest.lib.common.rest_client [req-63b64e51-c030-4465-9916-1c5d43a8b28a req-63b64e51-c030-4465-9916-1c5d43a8b28a ] Request (QuotasAdminNegativeTest:tearDownClass): 204 DELETE http://10.180.1.21/identity/v3/users/6bae75cb6e3d43f5a2558c26aaa6bcbc 0.146s
2024-10-10 15:32:06.037 62768 INFO tempest.lib.common.dynamic_creds [-] Deleting project and security group for project: d899cd015fe142a8a7097e2daf2c2f1f
2024-10-10 15:32:06.108 62790 INFO tempest.lib.common.rest_client [req-d118763d-e5a4-4b90-b9ba-93784ae4e229 req-d118763d-e5a4-4b90-b9ba-93784ae4e229 ] Request (MigrationsAdminTest:test_list_migrations_in_flavor_resize_situation): 200 GET http://10.180.1.21/compute/v2.1/servers/832ec210-bb14-4a52-9634-50b7709a9976 1.072s
2024-10-10 15:32:06.114 62790 INFO tempest.common.waiters [-] State transition "BUILD/None" ==> "BUILD/networking" after 13 second wait
2024-10-10 15:32:06.173 62822 INFO tempest.lib.common.rest_client [req-7b39de9c-da48-47fb-9f5c-4652a3fbda37 req-7b39de9c-da48-47fb-9f5c-4652a3fbda37 ] Request (FlavorsExtraSpecsTestJSON:tearDownClass): 204 DELETE http://10.180.1.21/identity/v3/projects/bc1023b0327940c88db0733444ed1161 0.259s
2024-10-10 15:32:06.260 62768 INFO tempest.lib.common.rest_client [req-898d8070-c0dc-4b08-8603-c4347822d8ef req-898d8070-c0dc-4b08-8603-c4347822d8ef ] Request (QuotasAdminNegativeTest:tearDownClass): 201 POST http://10.180.1.21/identity/v3/auth/tokens 0.222s
2024-10-10 15:32:06.275 62778 INFO tempest.lib.common.rest_client [req-d23c75fd-30e4-490e-b4af-a02ef8958e47 req-d23c75fd-30e4-490e-b4af-a02ef8958e47 ] Request (ServersAdminNegativeTestJSON:setUpClass): 200 GET http://10.180.1.21/compute/v2.1/servers/611d4cfa-a888-47bc-8857-f061046a77ed 1.089s
2024-10-10 15:32:06.285 62822 INFO tempest.lib.common.rest_client [req-a6cba3ca-aebc-4d2e-b9c9-206b4f859394 req-a6cba3ca-aebc-4d2e-b9c9-206b4f859394 ] Request (HypervisorAdminNegativeTestJSON:setUpClass): 201 POST http://10.180.1.21/identity/v3/auth/tokens 0.110s
2024-10-10 15:32:06.287 62806 INFO tempest.lib.common.rest_client [req-1f3095bd-be19-4ea3-9b89-67ddb4b034b1 req-1f3095bd-be19-4ea3-9b89-67ddb4b034b1 ] Request (KeyPairsV22TestJSON:test_get_keypair_detail): 200 GET http://10.180.1.21/compute/v2.1/os-keypairs/tempest-keypair-1080724102 0.960s
2024-10-10 15:32:06.300 62794 INFO tempest.lib.common.rest_client [req-baa9d904-83cd-439b-bbf3-184e2c712de0 req-baa9d904-83cd-439b-bbf3-184e2c712de0 ] Request (ServerPasswordTestJSON:setUpClass): 201 POST http://10.180.1.21/identity/v3/users 0.301s
2024-10-10 15:32:06.328 62822 INFO tempest.lib.common.rest_client [req-ef14a3c5-1f22-4510-adfc-55d7f127b480 req-ef14a3c5-1f22-4510-adfc-55d7f127b480 ] Request (HypervisorAdminNegativeTestJSON:setUpClass): 201 POST http://10.180.1.21/identity/v3/auth/tokens 0.039s
2024-10-10 15:32:06.359 62794 INFO tempest.lib.common.rest_client [req-d3c8e859-475f-4067-9c8b-adb219b491b6 req-d3c8e859-475f-4067-9c8b-adb219b491b6 ] Request (ServerPasswordTestJSON:setUpClass): 200 GET http://10.180.1.21/identity/v3/roles 0.058s
2024-10-10 15:32:06.359 62792 INFO tempest.lib.common.rest_client [req-f686e12c-f9d8-4788-8e03-8e1145ef5647 req-f686e12c-f9d8-4788-8e03-8e1145ef5647 ] Request (KeyPairsV2TestJSON:tearDownClass): 200 GET http://10.180.1.21:9696/networking/v2.0/security-groups?tenant_id=12569e437f3348649d8c33bee2f3be88&name=default 0.725s
2024-10-10 15:32:06.371 62776 INFO tempest.lib.common.rest_client [req-609eac69-edb4-417a-b5ef-8a6373c7dd03 req-609eac69-edb4-417a-b5ef-8a6373c7dd03 ] Request (SecurityGroupsTestJSON:setUpClass): 201 POST http://10.180.1.21:9696/networking/v2.0/subnets 0.930s
2024-10-10 15:32:06.376 62822 INFO tempest.lib.common.rest_client [req-59ab2e94-7d20-4418-b49b-7c7dfc806812 req-59ab2e94-7d20-4418-b49b-7c7dfc806812 ] Request (HypervisorAdminNegativeTestJSON:setUpClass): 200 GET http://10.180.1.21/identity/v3/domains?name=Default 0.047s
2024-10-10 15:32:06.396 62794 INFO tempest.lib.common.rest_client [req-f52c93c0-1166-46da-b1a5-1e55668f3b7f req-f52c93c0-1166-46da-b1a5-1e55668f3b7f ] Request (ServerPasswordTestJSON:setUpClass): 204 PUT http://10.180.1.21/identity/v3/projects/fd57a13c3cab4801bad22a91776c620d/users/7948a83ec06e43a284f4882fd9951484/roles/157c8d99efc14ddd97b2975380dd29f1 0.037s
2024-10-10 15:32:06.397 62794 INFO tempest.lib.common.dynamic_creds [-] Dynamic test user 7948a83ec06e43a284f4882fd9951484 is created with scope project and roles: ['member']
2024-10-10 15:32:06.398 62794 INFO tempest.lib.common.dynamic_creds [-] Acquired dynamic creds: credentials: Credentials: {'domain_id': 'default', 'domain_name': 'Default', 'username': 'tempest-ServerPasswordTestJSON-87937161-project-member', 'project_domain_id': 'default', 'project_domain_name': 'Default', 'project_id': 'fd57a13c3cab4801bad22a91776c620d', 'project_name': 'tempest-ServerPasswordTestJSON-87937161', 'tenant_id': 'fd57a13c3cab4801bad22a91776c620d', 'tenant_name': 'tempest-ServerPasswordTestJSON-87937161', 'user_domain_id': 'default', 'user_domain_name': 'Default', 'user_id': '7948a83ec06e43a284f4882fd9951484', 'system': None}, Network: None, Subnet: None, Router: None
2024-10-10 15:32:06.440 62794 INFO tempest.lib.common.rest_client [req-4d1124ac-bac8-48aa-b715-ce0f1902c63e req-4d1124ac-bac8-48aa-b715-ce0f1902c63e ] Request (ServerPasswordTestJSON:setUpClass): 201 POST http://10.180.1.21/identity/v3/auth/tokens 0.041s
2024-10-10 15:32:06.447 62822 INFO tempest.lib.common.rest_client [req-e95d3327-10fa-441e-b9c1-9ea7c9501b9a req-e95d3327-10fa-441e-b9c1-9ea7c9501b9a ] Request (HypervisorAdminNegativeTestJSON:setUpClass): 201 POST http://10.180.1.21/identity/v3/projects 0.070s
2024-10-10 15:32:06.501 62822 INFO tempest.lib.common.rest_client [req-eb7eb210-655b-4e8d-bb8e-17b12fad3766 req-eb7eb210-655b-4e8d-bb8e-17b12fad3766 ] Request (HypervisorAdminNegativeTestJSON:setUpClass): 201 POST http://10.180.1.21/identity/v3/users 0.054s
2024-10-10 15:32:06.519 62822 INFO tempest.lib.common.rest_client [req-4e08ab25-9493-49db-b304-60aeb6053ee9 req-4e08ab25-9493-49db-b304-60aeb6053ee9 ] Request (HypervisorAdminNegativeTestJSON:setUpClass): 200 GET http://10.180.1.21/identity/v3/roles 0.017s
2024-10-10 15:32:06.524 62814 INFO tempest.lib.common.rest_client [req-875a57e4-e6bb-404c-9ba0-6954331abada req-875a57e4-e6bb-404c-9ba0-6954331abada ] Request (QuotaClassesAdminTestJSON:tearDownClass): 200 GET http://10.180.1.21:9696/networking/v2.0/security-groups?tenant_id=edae94413cd94178a81f10cc7e104c34&name=default 0.856s
2024-10-10 15:32:06.545 62822 INFO tempest.lib.common.rest_client [req-6e767e3d-6653-459a-a7b0-2e821a4bc243 req-6e767e3d-6653-459a-a7b0-2e821a4bc243 ] Request (HypervisorAdminNegativeTestJSON:setUpClass): 204 PUT http://10.180.1.21/identity/v3/projects/9e5039bd1d174beeb407c990480e66de/users/1b761087bea14d20a679d210d0d21307/roles/157c8d99efc14ddd97b2975380dd29f1 0.025s
2024-10-10 15:32:06.545 62822 INFO tempest.lib.common.dynamic_creds [-] Dynamic test user 1b761087bea14d20a679d210d0d21307 is created with scope project and roles: ['member']
2024-10-10 15:32:06.545 62822 INFO tempest.lib.common.dynamic_creds [-] Acquired dynamic creds: credentials: Credentials: {'domain_id': 'default', 'domain_name': 'Default', 'username': 'tempest-HypervisorAdminNegativeTestJSON-1381126886-project-member', 'project_domain_id': 'default', 'project_domain_name': 'Default', 'project_id': '9e5039bd1d174beeb407c990480e66de', 'project_name': 'tempest-HypervisorAdminNegativeTestJSON-1381126886', 'tenant_id': '9e5039bd1d174beeb407c990480e66de', 'tenant_name': 'tempest-HypervisorAdminNegativeTestJSON-1381126886', 'user_domain_id': 'default', 'user_domain_name': 'Default', 'user_id': '1b761087bea14d20a679d210d0d21307', 'system': None}, Network: None, Subnet: None, Router: None
2024-10-10 15:32:06.545 62822 INFO tempest.lib.common.dynamic_creds [-] Created isolated network resources for: credentials: Credentials: {'domain_id': 'default', 'domain_name': 'Default', 'username': 'tempest-HypervisorAdminNegativeTestJSON-1381126886-project-member', 'project_domain_id': 'default', 'project_domain_name': 'Default', 'project_id': '9e5039bd1d174beeb407c990480e66de', 'project_name': 'tempest-HypervisorAdminNegativeTestJSON-1381126886', 'tenant_id': '9e5039bd1d174beeb407c990480e66de', 'tenant_name': 'tempest-HypervisorAdminNegativeTestJSON-1381126886', 'user_domain_id': 'default', 'user_domain_name': 'Default', 'user_id': '1b761087bea14d20a679d210d0d21307', 'system': None}, Network: None, Subnet: None, Router: None
2024-10-10 15:32:06.625 62822 INFO tempest.lib.common.rest_client [req-3ca1587f-1af3-4e4d-916b-57c3771c1b62 req-3ca1587f-1af3-4e4d-916b-57c3771c1b62 ] Request (HypervisorAdminNegativeTestJSON:setUpClass): 201 POST http://10.180.1.21/identity/v3/auth/tokens 0.076s
2024-10-10 15:32:06.712 62822 INFO tempest.lib.common.rest_client [req-ba210866-9e18-4a1a-9505-97f6d4621edc req-ba210866-9e18-4a1a-9505-97f6d4621edc ] Request (HypervisorAdminNegativeTestJSON:setUpClass): 201 POST http://10.180.1.21/identity/v3/projects 0.087s
2024-10-10 15:32:06.782 62822 INFO tempest.lib.common.rest_client [req-8cbbfb26-fe8d-4093-8bc1-10b662b33df4 req-8cbbfb26-fe8d-4093-8bc1-10b662b33df4 ] Request (HypervisorAdminNegativeTestJSON:setUpClass): 201 POST http://10.180.1.21/identity/v3/users 0.069s
2024-10-10 15:32:06.801 62822 INFO tempest.lib.common.rest_client [req-e0d7f493-4d58-4e39-bf66-b979b2402e03 req-e0d7f493-4d58-4e39-bf66-b979b2402e03 ] Request (HypervisorAdminNegativeTestJSON:setUpClass): 200 GET http://10.180.1.21/identity/v3/roles 0.018s
2024-10-10 15:32:06.830 62822 INFO tempest.lib.common.rest_client [req-fbfca1a2-2e60-4a5a-9771-fb386f3412c3 req-fbfca1a2-2e60-4a5a-9771-fb386f3412c3 ] Request (HypervisorAdminNegativeTestJSON:setUpClass): 204 PUT http://10.180.1.21/identity/v3/projects/f4999f23f27848ec9c1014d1f494c689/users/18516b67daef4bfe97985db353b50b29/roles/2e082d3c0df341b9b335982e32ca5ab5 0.028s
2024-10-10 15:32:06.878 62822 INFO tempest.lib.common.rest_client [req-a20d54b4-f110-472b-bac9-5a0d4692de39 req-a20d54b4-f110-472b-bac9-5a0d4692de39 ] Request (HypervisorAdminNegativeTestJSON:setUpClass): 200 GET http://10.180.1.21/identity/v3/roles 0.047s
2024-10-10 15:32:06.892 62792 INFO tempest.lib.common.rest_client [req-9d29d6d8-da8c-4300-9a91-0d29b87c6293 req-9d29d6d8-da8c-4300-9a91-0d29b87c6293 ] Request (KeyPairsV2TestJSON:tearDownClass): 204 DELETE http://10.180.1.21:9696/networking/v2.0/security-groups/a3b24d29-ac9b-4fc3-ab1a-5fc2c51ec0ac 0.533s
2024-10-10 15:32:06.910 62822 INFO tempest.lib.common.rest_client [req-baa3b260-5e2f-46a7-b4ff-a368210114bd req-baa3b260-5e2f-46a7-b4ff-a368210114bd ] Request (HypervisorAdminNegativeTestJSON:setUpClass): 204 PUT http://10.180.1.21/identity/v3/projects/f4999f23f27848ec9c1014d1f494c689/users/18516b67daef4bfe97985db353b50b29/roles/2e082d3c0df341b9b335982e32ca5ab5 0.031s
2024-10-10 15:32:06.910 62822 INFO tempest.lib.common.dynamic_creds [-] Dynamic test user 18516b67daef4bfe97985db353b50b29 is created with scope project and roles: ['admin']
2024-10-10 15:32:06.910 62822 INFO tempest.lib.common.dynamic_creds [-] Acquired dynamic creds: credentials: Credentials: {'domain_id': 'default', 'domain_name': 'Default', 'username': 'tempest-HypervisorAdminNegativeTestJSON-1898016930-project-admin', 'project_domain_id': 'default', 'project_domain_name': 'Default', 'project_id': 'f4999f23f27848ec9c1014d1f494c689', 'project_name': 'tempest-HypervisorAdminNegativeTestJSON-1898016930', 'tenant_id': 'f4999f23f27848ec9c1014d1f494c689', 'tenant_name': 'tempest-HypervisorAdminNegativeTestJSON-1898016930', 'user_domain_id': 'default', 'user_domain_name': 'Default', 'user_id': '18516b67daef4bfe97985db353b50b29', 'system': None}, Network: None, Subnet: None, Router: None
2024-10-10 15:32:06.911 62822 INFO tempest.lib.common.dynamic_creds [-] Created isolated network resources for: credentials: Credentials: {'domain_id': 'default', 'domain_name': 'Default', 'username': 'tempest-HypervisorAdminNegativeTestJSON-1898016930-project-admin', 'project_domain_id': 'default', 'project_domain_name': 'Default', 'project_id': 'f4999f23f27848ec9c1014d1f494c689', 'project_name': 'tempest-HypervisorAdminNegativeTestJSON-1898016930', 'tenant_id': 'f4999f23f27848ec9c1014d1f494c689', 'tenant_name': 'tempest-HypervisorAdminNegativeTestJSON-1898016930', 'user_domain_id': 'default', 'user_domain_name': 'Default', 'user_id': '18516b67daef4bfe97985db353b50b29', 'system': None}, Network: None, Subnet: None, Router: None
2024-10-10 15:32:06.959 62788 INFO tempest.lib.common.rest_client [req-42521ada-acd1-46d4-b9e8-25b0b54771cf req-42521ada-acd1-46d4-b9e8-25b0b54771cf ] Request (ListServersNegativeTestJSON:setUpClass): 201 POST http://10.180.1.21:9696/networking/v2.0/routers 2.985s
2024-10-10 15:32:07.003 62822 INFO tempest.lib.common.rest_client [req-96e3cb6c-c0bc-448f-84f7-7e18c72ef56f req-96e3cb6c-c0bc-448f-84f7-7e18c72ef56f ] Request (HypervisorAdminNegativeTestJSON:setUpClass): 201 POST http://10.180.1.21/identity/v3/auth/tokens 0.088s
2024-10-10 15:32:07.017 62792 INFO tempest.lib.common.rest_client [req-c61d3c5d-2000-4f46-95ca-a0adafcb3e04 req-c61d3c5d-2000-4f46-95ca-a0adafcb3e04 ] Request (KeyPairsV2TestJSON:tearDownClass): 204 DELETE http://10.180.1.21/identity/v3/projects/12569e437f3348649d8c33bee2f3be88 0.124s
2024-10-10 15:32:07.034 62768 INFO tempest.lib.common.rest_client [req-3c4cfd73-68c9-4a72-8932-02be1d2d34d1 req-3c4cfd73-68c9-4a72-8932-02be1d2d34d1 ] Request (QuotasAdminNegativeTest:tearDownClass): 200 GET http://10.180.1.21:9696/networking/v2.0/security-groups?tenant_id=d899cd015fe142a8a7097e2daf2c2f1f&name=default 0.774s
2024-10-10 15:32:07.125 62792 INFO tempest.lib.common.rest_client [req-15bb5838-e463-4c44-b016-3fcc69e8b582 req-15bb5838-e463-4c44-b016-3fcc69e8b582 ] Request (AbsoluteLimitsTestJSON:setUpClass): 201 POST http://10.180.1.21/identity/v3/auth/tokens 0.106s
2024-10-10 15:32:07.171 62792 INFO tempest.lib.common.rest_client [req-ca321b36-784a-472c-a35b-b74e14092aa3 req-ca321b36-784a-472c-a35b-b74e14092aa3 ] Request (AbsoluteLimitsTestJSON:setUpClass): 201 POST http://10.180.1.21/identity/v3/auth/tokens 0.038s
2024-10-10 15:32:07.205 62792 INFO tempest.lib.common.rest_client [req-22800a47-bed0-47f7-92ad-a80a5eeafec2 req-22800a47-bed0-47f7-92ad-a80a5eeafec2 ] Request (AbsoluteLimitsTestJSON:setUpClass): 200 GET http://10.180.1.21/identity/v3/domains?name=Default 0.033s
2024-10-10 15:32:07.242 62792 INFO tempest.lib.common.rest_client [req-aed31e70-0528-4738-bab3-28ee417599c9 req-aed31e70-0528-4738-bab3-28ee417599c9 ] Request (AbsoluteLimitsTestJSON:setUpClass): 201 POST http://10.180.1.21/identity/v3/projects 0.036s
2024-10-10 15:32:07.297 62814 INFO tempest.lib.common.rest_client [req-cb9c979b-fa4d-4d8b-9fa4-8fcfe2f9fbab req-cb9c979b-fa4d-4d8b-9fa4-8fcfe2f9fbab ] Request (QuotaClassesAdminTestJSON:tearDownClass): 204 DELETE http://10.180.1.21:9696/networking/v2.0/security-groups/c1d45a70-9c2a-4b17-8656-10e465c7c2db 0.772s
2024-10-10 15:32:07.335 62792 INFO tempest.lib.common.rest_client [req-7a7cf7ae-59c7-496e-84a7-769d7cf7560b req-7a7cf7ae-59c7-496e-84a7-769d7cf7560b ] Request (AbsoluteLimitsTestJSON:setUpClass): 201 POST http://10.180.1.21/identity/v3/users 0.093s
2024-10-10 15:32:07.363 62792 INFO tempest.lib.common.rest_client [req-ae2c7429-fd39-458d-9a0f-142cb7d9e42a req-ae2c7429-fd39-458d-9a0f-142cb7d9e42a ] Request (AbsoluteLimitsTestJSON:setUpClass): 200 GET http://10.180.1.21/identity/v3/roles 0.027s
2024-10-10 15:32:07.390 62814 INFO tempest.lib.common.rest_client [req-4b29b6b2-a582-4057-9e9d-201a60365135 req-4b29b6b2-a582-4057-9e9d-201a60365135 ] Request (QuotaClassesAdminTestJSON:tearDownClass): 204 DELETE http://10.180.1.21/identity/v3/projects/edae94413cd94178a81f10cc7e104c34 0.092s
2024-10-10 15:32:07.390 62814 INFO tempest.lib.common.dynamic_creds [-] Deleting project and security group for project: 0525075076e743878d1dd5fda4e80778
2024-10-10 15:32:07.436 62792 INFO tempest.lib.common.rest_client [req-d313db0d-0204-432d-8d9c-d372e2148c88 req-d313db0d-0204-432d-8d9c-d372e2148c88 ] Request (AbsoluteLimitsTestJSON:setUpClass): 204 PUT http://10.180.1.21/identity/v3/projects/434af2cf640c4c1d91d2947f7b7ea346/users/0ea2c270c8f442fe87010da5ab53e27b/roles/157c8d99efc14ddd97b2975380dd29f1 0.072s
2024-10-10 15:32:07.436 62792 INFO tempest.lib.common.dynamic_creds [-] Dynamic test user 0ea2c270c8f442fe87010da5ab53e27b is created with scope project and roles: ['member']
2024-10-10 15:32:07.436 62792 INFO tempest.lib.common.dynamic_creds [-] Acquired dynamic creds: credentials: Credentials: {'domain_id': 'default', 'domain_name': 'Default', 'username': 'tempest-AbsoluteLimitsTestJSON-1110601700-project-member', 'project_domain_id': 'default', 'project_domain_name': 'Default', 'project_id': '434af2cf640c4c1d91d2947f7b7ea346', 'project_name': 'tempest-AbsoluteLimitsTestJSON-1110601700', 'tenant_id': '434af2cf640c4c1d91d2947f7b7ea346', 'tenant_name': 'tempest-AbsoluteLimitsTestJSON-1110601700', 'user_domain_id': 'default', 'user_domain_name': 'Default', 'user_id': '0ea2c270c8f442fe87010da5ab53e27b', 'system': None}, Network: None, Subnet: None, Router: None
2024-10-10 15:32:07.436 62792 INFO tempest.lib.common.dynamic_creds [-] Created isolated network resources for: credentials: Credentials: {'domain_id': 'default', 'domain_name': 'Default', 'username': 'tempest-AbsoluteLimitsTestJSON-1110601700-project-member', 'project_domain_id': 'default', 'project_domain_name': 'Default', 'project_id': '434af2cf640c4c1d91d2947f7b7ea346', 'project_name': 'tempest-AbsoluteLimitsTestJSON-1110601700', 'tenant_id': '434af2cf640c4c1d91d2947f7b7ea346', 'tenant_name': 'tempest-AbsoluteLimitsTestJSON-1110601700', 'user_domain_id': 'default', 'user_domain_name': 'Default', 'user_id': '0ea2c270c8f442fe87010da5ab53e27b', 'system': None}, Network: None, Subnet: None, Router: None
2024-10-10 15:32:07.519 62792 INFO tempest.lib.common.rest_client [req-cad5c5d2-becb-4e2b-89bf-b96e4afb6dce req-cad5c5d2-becb-4e2b-89bf-b96e4afb6dce ] Request (AbsoluteLimitsTestJSON:setUpClass): 201 POST http://10.180.1.21/identity/v3/auth/tokens 0.079s
2024-10-10 15:32:07.684 62794 INFO tempest.lib.common.rest_client [req-51862550-2039-45d1-a68c-7361e5019b45 req-51862550-2039-45d1-a68c-7361e5019b45 ] Request (ServerPasswordTestJSON:setUpClass): 201 POST http://10.180.1.21:9696/networking/v2.0/networks 1.244s
2024-10-10 15:32:07.723 62768 INFO tempest.lib.common.rest_client [req-04875391-11ea-4414-8486-5f653156fb48 req-04875391-11ea-4414-8486-5f653156fb48 ] Request (QuotasAdminNegativeTest:tearDownClass): 204 DELETE http://10.180.1.21:9696/networking/v2.0/security-groups/15b2a7fc-1ec0-4679-971e-46165db37432 0.689s
2024-10-10 15:32:07.745 62782 INFO tempest.lib.common.rest_client [req-46ccb1bd-a2d1-4e56-96da-9c993cbb2001 req-46ccb1bd-a2d1-4e56-96da-9c993cbb2001 ] Request (ServersAdminTestJSON:setUpClass): 202 POST http://10.180.1.21/compute/v2.1/servers 2.396s
2024-10-10 15:32:07.842 62768 INFO tempest.lib.common.rest_client [req-1659d0c7-b090-4a29-b563-1b73001afdbf req-1659d0c7-b090-4a29-b563-1b73001afdbf ] Request (QuotasAdminNegativeTest:tearDownClass): 204 DELETE http://10.180.1.21/identity/v3/projects/d899cd015fe142a8a7097e2daf2c2f1f 0.119s
2024-10-10 15:32:07.842 62768 INFO tempest.lib.common.dynamic_creds [-] Deleting project and security group for project: 1821881e1cae452687114a930159ad7e
2024-10-10 15:32:07.917 62782 INFO tempest.lib.common.rest_client [req-b3f47412-489e-4451-be25-9fda90ca7251 req-b3f47412-489e-4451-be25-9fda90ca7251 ] Request (ServersAdminTestJSON:setUpClass): 201 POST http://10.180.1.21/identity/v3/auth/tokens 0.166s
2024-10-10 15:32:07.917 62782 INFO tempest.lib.common.fixed_network [-] (ServersAdminTestJSON:setUpClass) Found network {'id': '48eb2c6c-d895-43a5-9eab-6272f3f7201d', 'name': 'tempest-ServersAdminTestJSON-1853423947-network', 'tenant_id': 'c917db0ac9124b9aa2be1e0a0bffb662', 'admin_state_up': True, 'mtu': 8950, 'status': 'ACTIVE', 'subnets': [], 'shared': False, 'project_id': 'c917db0ac9124b9aa2be1e0a0bffb662', 'port_security_enabled': True, 'router:external': False, 'provider:network_type': 'vlan', 'provider:physical_network': 'default', 'provider:segmentation_id': 810, 'is_default': False, 'availability_zone_hints': [], 'availability_zones': [], 'ipv4_address_scope': None, 'ipv6_address_scope': None, 'description': '', 'tags': [], 'created_at': '2024-10-10T15:31:54Z', 'updated_at': '2024-10-10T15:31:54Z', 'revision_number': 1} available for tenant
2024-10-10 15:32:07.970 62820 INFO tempest.lib.common.rest_client [req-33fb81e6-28c0-4ef3-9299-abd43a05a83b req-33fb81e6-28c0-4ef3-9299-abd43a05a83b ] Request (SecurityGroupsNegativeTestJSON:test_delete_nonexistent_security_group): 404 DELETE http://10.180.1.21/compute/v2.1/os-security-groups/7ed80d31-0a03-4ac3-8e83-6766659ede17 2.529s
2024-10-10 15:32:07.989 62814 INFO tempest.lib.common.rest_client [req-005d9f19-4413-4811-88e7-89f6427172dc req-005d9f19-4413-4811-88e7-89f6427172dc ] Request (QuotaClassesAdminTestJSON:tearDownClass): 200 GET http://10.180.1.21:9696/networking/v2.0/security-groups?tenant_id=0525075076e743878d1dd5fda4e80778&name=default 0.599s
2024-10-10 15:32:08.218 62828 INFO tempest.lib.common.rest_client [req-ac435a0b-485d-4da5-9b9f-0577e3270a65 req-ac435a0b-485d-4da5-9b9f-0577e3270a65 ] Request (DeleteServersAdminTestJSON:test_admin_delete_servers_of_others): 200 GET http://10.180.1.21/compute/v2.1/servers/a2d5b36d-357f-42b0-8538-77c5ef915d61 2.759s
2024-10-10 15:32:08.225 62828 INFO tempest.common.waiters [-] State transition "BUILD/spawning" ==> "ERROR/None" after 25 second wait
2024-10-10 15:32:08.349 62810 INFO tempest.lib.common.rest_client [req-b8041e80-ad16-4d02-a2cc-c668f0f8c000 req-b8041e80-ad16-4d02-a2cc-c668f0f8c000 ] Request (ServerDiagnosticsTest:test_get_server_diagnostics): 200 GET http://10.180.1.21/compute/v2.1/servers/ba23eea7-422c-4e5d-b95e-f95589e41550 2.873s
2024-10-10 15:32:08.369 62798 INFO tempest.lib.common.rest_client [req-93c0bcc4-3a8d-49e5-bae2-707958049407 req-93c0bcc4-3a8d-49e5-bae2-707958049407 ] Request (FlavorsAdminTestJSON:_run_cleanups): 200 GET http://10.180.1.21/compute/v2.1/flavors/detail 2.773s
2024-10-10 15:32:08.466 62826 INFO tempest.lib.common.rest_client [req-e16453c2-f516-4738-8415-a48497dc9f4f req-e16453c2-f516-4738-8415-a48497dc9f4f ] Request (HypervisorAdminUnderV252Test:test_get_hypervisor_show_servers): 200 GET http://10.180.1.21/compute/v2.1/os-hypervisors 2.862s
2024-10-10 15:32:08.512 62794 INFO tempest.lib.common.rest_client [req-0b451173-e8e5-468d-a29d-ccfb99ca476d req-0b451173-e8e5-468d-a29d-ccfb99ca476d ] Request (ServerPasswordTestJSON:setUpClass): 201 POST http://10.180.1.21:9696/networking/v2.0/subnets 0.827s
2024-10-10 15:32:08.568 62770 INFO tempest.lib.common.rest_client [req-3e9025fa-00d2-49c5-923e-ba5cc1aaaa70 req-3e9025fa-00d2-49c5-923e-ba5cc1aaaa70 ] Request (QuotasAdminTestJSON:test_delete_quota): 200 GET http://10.180.1.21/compute/v2.1/os-quota-sets/11f41089e9ef4027b38ec6e877edb38a 2.909s
2024-10-10 15:32:08.589 62768 INFO tempest.lib.common.rest_client [req-e957c955-d555-451b-9080-0b9dc7a81816 req-e957c955-d555-451b-9080-0b9dc7a81816 ] Request (QuotasAdminNegativeTest:tearDownClass): 200 GET http://10.180.1.21:9696/networking/v2.0/security-groups?tenant_id=1821881e1cae452687114a930159ad7e&name=default 0.747s
2024-10-10 15:32:08.605 62800 INFO tempest.lib.common.rest_client [req-7e06ea22-6e62-4c3f-bdbb-53ac55ccab4c req-7e06ea22-6e62-4c3f-bdbb-53ac55ccab4c ] Request (FloatingIPsNegativeTestJSON:setUpClass): 201 POST http://10.180.1.21:9696/networking/v2.0/routers 3.080s
2024-10-10 15:32:08.653 62824 INFO tempest.lib.common.rest_client [req-1534e722-447e-4436-ad4c-587aeed2ea90 req-1534e722-447e-4436-ad4c-587aeed2ea90 ] Request (FlavorsAccessNegativeTestJSON:test_flavor_non_admin_remove): 200 POST http://10.180.1.21/compute/v2.1/flavors/171362929/action 2.933s
2024-10-10 15:32:08.674 62808 INFO tempest.lib.common.rest_client [req-0f65d2f5-ef2a-4151-a371-b4defb2e6d8d req-0f65d2f5-ef2a-4151-a371-b4defb2e6d8d ] Request (ServicesAdminNegativeV253TestJSON:test_get_service_by_invalid_service_and_valid_host): 200 GET http://10.180.1.21/compute/v2.1/os-services?host=devstack&binary=xxx 2.921s
2024-10-10 15:32:08.691 62814 INFO tempest.lib.common.rest_client [req-c1f6cb6f-1ba9-4fb1-abca-c87f54ebe07e req-c1f6cb6f-1ba9-4fb1-abca-c87f54ebe07e ] Request (QuotaClassesAdminTestJSON:tearDownClass): 204 DELETE http://10.180.1.21:9696/networking/v2.0/security-groups/fab8e04f-9ae8-4d99-8767-9801e5c521c4 0.701s
2024-10-10 15:32:08.756 62819 INFO tempest.lib.common.rest_client [req-59285aa2-6e6e-43e2-a9c4-73dd953f3ea5 req-59285aa2-6e6e-43e2-a9c4-73dd953f3ea5 ] Request (ServerExternalEventsTest:test_create_server_external_events): 200 GET http://10.180.1.21/compute/v2.1/servers/ff90249f-ae4b-4aeb-91ed-d8a41a942a5d 2.996s
2024-10-10 15:32:08.777 62802 INFO tempest.lib.common.rest_client [req-11221ae9-ecf2-4644-a169-c58c721afeff req-11221ae9-ecf2-4644-a169-c58c721afeff ] Request (AggregatesAdminNegativeTestJSON:test_aggregate_create_with_existent_aggregate_name): 200 POST http://10.180.1.21/compute/v2.1/os-aggregates 3.011s
2024-10-10 15:32:08.802 62814 INFO tempest.lib.common.rest_client [req-98e338d7-dce1-492d-a3c5-898a749bc710 req-98e338d7-dce1-492d-a3c5-898a749bc710 ] Request (QuotaClassesAdminTestJSON:tearDownClass): 204 DELETE http://10.180.1.21/identity/v3/projects/0525075076e743878d1dd5fda4e80778 0.110s
2024-10-10 15:32:08.860 62814 INFO tempest.lib.common.rest_client [req-b7357202-577e-44f5-a12f-ac524de00d3e req-b7357202-577e-44f5-a12f-ac524de00d3e ] Request (ListImageFiltersTestJSON:setUpClass): 201 POST http://10.180.1.21/identity/v3/auth/tokens 0.056s
2024-10-10 15:32:08.864 62816 INFO tempest.lib.common.rest_client [req-dc970330-b643-431d-8ce0-02c13e1ea246 req-dc970330-b643-431d-8ce0-02c13e1ea246 ] Request (InstanceActionsV221TestJSON:test_get_list_deleted_instance_actions): 200 GET http://10.180.1.21/compute/v2.1/servers/99412ace-3825-4c62-ad54-e59b83218387 3.067s
2024-10-10 15:32:08.899 62814 INFO tempest.lib.common.rest_client [req-80b91a73-31ed-4e0f-9f4f-b31a33dab945 req-80b91a73-31ed-4e0f-9f4f-b31a33dab945 ] Request (ListImageFiltersTestJSON:setUpClass): 201 POST http://10.180.1.21/identity/v3/auth/tokens 0.036s
2024-10-10 15:32:08.925 62814 INFO tempest.lib.common.rest_client [req-519afe10-886b-4cf5-830d-28734ac00b6b req-519afe10-886b-4cf5-830d-28734ac00b6b ] Request (ListImageFiltersTestJSON:setUpClass): 200 GET http://10.180.1.21/identity/v3/domains?name=Default 0.025s
2024-10-10 15:32:08.966 62814 INFO tempest.lib.common.rest_client [req-7ad41ac3-40cc-45dc-a711-c9322efdfc6b req-7ad41ac3-40cc-45dc-a711-c9322efdfc6b ] Request (ListImageFiltersTestJSON:setUpClass): 201 POST http://10.180.1.21/identity/v3/projects 0.041s
2024-10-10 15:32:09.018 62772 INFO tempest.lib.common.rest_client [req-c8ae6f6f-74ea-488e-a223-276550eebfed req-c8ae6f6f-74ea-488e-a223-276550eebfed ] Request (ImagesMetadataTestJSON:setUp): 200 PUT http://10.180.1.21/compute/v2.1/images/ef6e4fb8-d071-4a50-99c0-39537ca9ecc0/metadata 3.205s
2024-10-10 15:32:09.044 62812 INFO tempest.lib.common.rest_client [req-f91913a3-edd2-4d6a-90ed-e87da9625321 req-f91913a3-edd2-4d6a-90ed-e87da9625321 ] Request (ServerRescueNegativeTestJSON:setUpClass): 200 PUT http://10.180.1.21:9696/networking/v2.0/routers/631b61f9-b6fc-4276-9115-7c2d5593180a/add_router_interface 3.985s
2024-10-10 15:32:09.044 62812 INFO tempest.lib.common.dynamic_creds [-] Created isolated network resources for: credentials: Credentials: {'domain_id': 'default', 'domain_name': 'Default', 'username': 'tempest-ServerRescueNegativeTestJSON-818657039-project-member', 'project_domain_id': 'default', 'project_domain_name': 'Default', 'project_id': '454bd8bed8ed476abe622b2715653f72', 'project_name': 'tempest-ServerRescueNegativeTestJSON-818657039', 'tenant_id': '454bd8bed8ed476abe622b2715653f72', 'tenant_name': 'tempest-ServerRescueNegativeTestJSON-818657039', 'user_domain_id': 'default', 'user_domain_name': 'Default', 'user_id': 'e28265bc24244d5fa7e1c9d1f6ae2d26', 'system': None}, Network: {'id': 'd1fd4072-497d-4c25-8c06-bf1e08ca84ff', 'name': 'tempest-ServerRescueNegativeTestJSON-160128180-network', 'tenant_id': '454bd8bed8ed476abe622b2715653f72', 'admin_state_up': True, 'mtu': 8950, 'status': 'ACTIVE', 'subnets': [], 'shared': False, 'project_id': '454bd8bed8ed476abe622b2715653f72', 'port_security_enabled': True, 'router:external': False, 'provider:network_type': 'vlan', 'provider:physical_network': 'default', 'provider:segmentation_id': 531, 'is_default': False, 'availability_zone_hints': [], 'availability_zones': [], 'ipv4_address_scope': None, 'ipv6_address_scope': None, 'description': '', 'tags': [], 'created_at': '2024-10-10T15:32:01Z', 'updated_at': '2024-10-10T15:32:01Z', 'revision_number': 1}, Subnet: {'id': '4bf481f7-b0f5-44a1-9894-6b8d792bd299', 'name': 'tempest-ServerRescueNegativeTestJSON-160128180-subnet', 'tenant_id': '454bd8bed8ed476abe622b2715653f72', 'network_id': 'd1fd4072-497d-4c25-8c06-bf1e08ca84ff', 'ip_version': 4, 'subnetpool_id': None, 'enable_dhcp': True, 'ipv6_ra_mode': None, 'ipv6_address_mode': None, 'gateway_ip': '192.168.128.1', 'cidr': '192.168.128.0/28', 'allocation_pools': [{'start': '192.168.128.2', 'end': '192.168.128.14'}], 'host_routes': [], 'dns_nameservers': [], 'description': '', 'router:external': False, 'service_types': [], 'tags': [], 'created_at': '2024-10-10T15:32:02Z', 'updated_at': '2024-10-10T15:32:02Z', 'revision_number': 0, 'project_id': '454bd8bed8ed476abe622b2715653f72'}, Router: {'id': '631b61f9-b6fc-4276-9115-7c2d5593180a', 'name': 'tempest-ServerRescueNegativeTestJSON-160128180-router', 'tenant_id': '454bd8bed8ed476abe622b2715653f72', 'admin_state_up': True, 'status': 'ACTIVE', 'external_gateway_info': {'network_id': '5fb41891-c5ee-4940-a990-75eb83e794b8', 'external_fixed_ips': [{'subnet_id': 'fdfc369c-fb07-4776-8a7d-4555384cfeed', 'ip_address': '10.180.180.218'}], 'enable_snat': True}, 'description': '', 'availability_zones': [], 'distributed': False, 'ha': False, 'availability_zone_hints': [], 'routes': [], 'flavor_id': None, 'tags': [], 'created_at': '2024-10-10T15:32:02Z', 'updated_at': '2024-10-10T15:32:03Z', 'revision_number': 2, 'project_id': '454bd8bed8ed476abe622b2715653f72'}
2024-10-10 15:32:09.060 62814 INFO tempest.lib.common.rest_client [req-f47e7c5c-bfe6-4058-9a51-c0ea71d64ff7 req-f47e7c5c-bfe6-4058-9a51-c0ea71d64ff7 ] Request (ListImageFiltersTestJSON:setUpClass): 201 POST http://10.180.1.21/identity/v3/users 0.093s
2024-10-10 15:32:09.080 62814 INFO tempest.lib.common.rest_client [req-84738c27-392a-494d-9790-1923c47f4126 req-84738c27-392a-494d-9790-1923c47f4126 ] Request (ListImageFiltersTestJSON:setUpClass): 200 GET http://10.180.1.21/identity/v3/roles 0.020s
2024-10-10 15:32:09.084 62768 INFO tempest.lib.common.rest_client [req-20f67e41-5637-4c6c-ab48-53ab35f5e0bc req-20f67e41-5637-4c6c-ab48-53ab35f5e0bc ] Request (QuotasAdminNegativeTest:tearDownClass): 204 DELETE http://10.180.1.21:9696/networking/v2.0/security-groups/b18df255-35d8-4803-9cbf-4383a6fd599f 0.494s
2024-10-10 15:32:09.094 62766 INFO tempest.lib.common.rest_client [req-a9d31851-6c34-4016-8c97-e39c28902f9b req-a9d31851-6c34-4016-8c97-e39c28902f9b ] Request (ServersTestBootFromVolume:setUpClass): 200 PUT http://10.180.1.21:9696/networking/v2.0/routers/bbca3116-8517-4915-994f-0af92e5de1dd/add_router_interface 4.000s
2024-10-10 15:32:09.094 62766 INFO tempest.lib.common.dynamic_creds [-] Created isolated network resources for: credentials: Credentials: {'domain_id': 'default', 'domain_name': 'Default', 'username': 'tempest-ServersTestBootFromVolume-208288499-project-member', 'project_domain_id': 'default', 'project_domain_name': 'Default', 'project_id': '32999948b633402cb38352a6742f1a45', 'project_name': 'tempest-ServersTestBootFromVolume-208288499', 'tenant_id': '32999948b633402cb38352a6742f1a45', 'tenant_name': 'tempest-ServersTestBootFromVolume-208288499', 'user_domain_id': 'default', 'user_domain_name': 'Default', 'user_id': '699560fe93eb414ab6dd0ca0e28243b0', 'system': None}, Network: {'id': '7c14e4d9-55c2-4e20-b269-5e8b6ce66278', 'name': 'tempest-ServersTestBootFromVolume-671745755-network', 'tenant_id': '32999948b633402cb38352a6742f1a45', 'admin_state_up': True, 'mtu': 8950, 'status': 'ACTIVE', 'subnets': [], 'shared': False, 'project_id': '32999948b633402cb38352a6742f1a45', 'port_security_enabled': True, 'router:external': False, 'provider:network_type': 'vlan', 'provider:physical_network': 'default', 'provider:segmentation_id': 857, 'is_default': False, 'availability_zone_hints': [], 'availability_zones': [], 'ipv4_address_scope': None, 'ipv6_address_scope': None, 'description': '', 'tags': [], 'created_at': '2024-10-10T15:32:01Z', 'updated_at': '2024-10-10T15:32:01Z', 'revision_number': 1}, Subnet: {'id': 'cce54d54-18b2-4477-b1b1-bc0cc742778e', 'name': 'tempest-ServersTestBootFromVolume-671745755-subnet', 'tenant_id': '32999948b633402cb38352a6742f1a45', 'network_id': '7c14e4d9-55c2-4e20-b269-5e8b6ce66278', 'ip_version': 4, 'subnetpool_id': None, 'enable_dhcp': True, 'ipv6_ra_mode': None, 'ipv6_address_mode': None, 'gateway_ip': '192.168.128.1', 'cidr': '192.168.128.0/28', 'allocation_pools': [{'start': '192.168.128.2', 'end': '192.168.128.14'}], 'host_routes': [], 'dns_nameservers': [], 'description': '', 'router:external': False, 'service_types': [], 'tags': [], 'created_at': '2024-10-10T15:32:02Z', 'updated_at': '2024-10-10T15:32:02Z', 'revision_number': 0, 'project_id': '32999948b633402cb38352a6742f1a45'}, Router: {'id': 'bbca3116-8517-4915-994f-0af92e5de1dd', 'name': 'tempest-ServersTestBootFromVolume-671745755-router', 'tenant_id': '32999948b633402cb38352a6742f1a45', 'admin_state_up': True, 'status': 'ACTIVE', 'external_gateway_info': {'network_id': '5fb41891-c5ee-4940-a990-75eb83e794b8', 'external_fixed_ips': [{'subnet_id': 'fdfc369c-fb07-4776-8a7d-4555384cfeed', 'ip_address': '10.180.180.197'}], 'enable_snat': True}, 'description': '', 'availability_zones': [], 'distributed': False, 'ha': False, 'availability_zone_hints': [], 'routes': [], 'flavor_id': None, 'tags': [], 'created_at': '2024-10-10T15:32:02Z', 'updated_at': '2024-10-10T15:32:04Z', 'revision_number': 2, 'project_id': '32999948b633402cb38352a6742f1a45'}
2024-10-10 15:32:09.107 62804 INFO tempest.lib.common.rest_client [req-04cd24ce-8875-44dc-91de-9882050c65a8 req-04cd24ce-8875-44dc-91de-9882050c65a8 ] Request (ServerDiagnosticsV248Test:test_get_server_diagnostics): 200 GET http://10.180.1.21/compute/v2.1/servers/17b0789b-6ffe-4e4e-8e4c-1cff2cc1d007 3.274s
2024-10-10 15:32:09.116 62804 INFO tempest.common.waiters [-] State transition "BUILD/spawning" ==> "ACTIVE/None" after 19 second wait
2024-10-10 15:32:09.117 62814 INFO tempest.lib.common.rest_client [req-05d387ce-ae4a-420d-9dba-39d2f3ae70df req-05d387ce-ae4a-420d-9dba-39d2f3ae70df ] Request (ListImageFiltersTestJSON:setUpClass): 204 PUT http://10.180.1.21/identity/v3/projects/2f040fc2a74549928aa95138d82d1758/users/b2966ed9bdc74a8c8565aff261ff7a04/roles/157c8d99efc14ddd97b2975380dd29f1 0.036s
2024-10-10 15:32:09.118 62814 INFO tempest.lib.common.dynamic_creds [-] Dynamic test user b2966ed9bdc74a8c8565aff261ff7a04 is created with scope project and roles: ['member']
2024-10-10 15:32:09.118 62814 INFO tempest.lib.common.dynamic_creds [-] Acquired dynamic creds: credentials: Credentials: {'domain_id': 'default', 'domain_name': 'Default', 'username': 'tempest-ListImageFiltersTestJSON-1498332022-project-member', 'project_domain_id': 'default', 'project_domain_name': 'Default', 'project_id': '2f040fc2a74549928aa95138d82d1758', 'project_name': 'tempest-ListImageFiltersTestJSON-1498332022', 'tenant_id': '2f040fc2a74549928aa95138d82d1758', 'tenant_name': 'tempest-ListImageFiltersTestJSON-1498332022', 'user_domain_id': 'default', 'user_domain_name': 'Default', 'user_id': 'b2966ed9bdc74a8c8565aff261ff7a04', 'system': None}, Network: None, Subnet: None, Router: None
2024-10-10 15:32:09.118 62814 INFO tempest.lib.common.dynamic_creds [-] Created isolated network resources for: credentials: Credentials: {'domain_id': 'default', 'domain_name': 'Default', 'username': 'tempest-ListImageFiltersTestJSON-1498332022-project-member', 'project_domain_id': 'default', 'project_domain_name': 'Default', 'project_id': '2f040fc2a74549928aa95138d82d1758', 'project_name': 'tempest-ListImageFiltersTestJSON-1498332022', 'tenant_id': '2f040fc2a74549928aa95138d82d1758', 'tenant_name': 'tempest-ListImageFiltersTestJSON-1498332022', 'user_domain_id': 'default', 'user_domain_name': 'Default', 'user_id': 'b2966ed9bdc74a8c8565aff261ff7a04', 'system': None}, Network: None, Subnet: None, Router: None
2024-10-10 15:32:09.135 62812 INFO tempest.lib.common.rest_client [req-56cc1c01-35bc-45ec-afb9-a043eb67c21f req-56cc1c01-35bc-45ec-afb9-a043eb67c21f ] Request (ServerRescueNegativeTestJSON:setUpClass): 201 POST http://10.180.1.21/identity/v3/auth/tokens 0.088s
2024-10-10 15:32:09.202 62766 INFO tempest.lib.common.rest_client [req-1173e916-dd6c-4ef2-8819-8cd4962907c9 req-1173e916-dd6c-4ef2-8819-8cd4962907c9 ] Request (ServersTestBootFromVolume:setUpClass): 201 POST http://10.180.1.21/identity/v3/auth/tokens 0.104s
2024-10-10 15:32:09.239 62768 INFO tempest.lib.common.rest_client [req-6ab217a7-99a5-476a-9733-bef8d8f719a2 req-6ab217a7-99a5-476a-9733-bef8d8f719a2 ] Request (QuotasAdminNegativeTest:tearDownClass): 204 DELETE http://10.180.1.21/identity/v3/projects/1821881e1cae452687114a930159ad7e 0.155s
2024-10-10 15:32:09.240 62768 INFO tempest.test [-] raised in ServersOnMultiNodesTest.setUpClass. Invoking tearDownClass.
2024-10-10 15:32:09.311 62814 INFO tempest.lib.common.rest_client [req-3bfd8959-c2e5-4570-b7ae-a2ac9f4f172f req-3bfd8959-c2e5-4570-b7ae-a2ac9f4f172f ] Request (ListImageFiltersTestJSON:setUpClass): 201 POST http://10.180.1.21/identity/v3/auth/tokens 0.187s
2024-10-10 15:32:09.368 62812 INFO tempest.lib.common.rest_client [req-8f7fe391-3a5b-4074-939d-71735d471610 req-8f7fe391-3a5b-4074-939d-71735d471610 ] Request (ServerRescueNegativeTestJSON:setUpClass): 201 POST http://10.180.1.21/identity/v3/auth/tokens 0.227s
2024-10-10 15:32:09.368 62812 INFO tempest.lib.common.fixed_network [-] (ServerRescueNegativeTestJSON:setUpClass) Found network {'id': 'd1fd4072-497d-4c25-8c06-bf1e08ca84ff', 'name': 'tempest-ServerRescueNegativeTestJSON-160128180-network', 'tenant_id': '454bd8bed8ed476abe622b2715653f72', 'admin_state_up': True, 'mtu': 8950, 'status': 'ACTIVE', 'subnets': [], 'shared': False, 'project_id': '454bd8bed8ed476abe622b2715653f72', 'port_security_enabled': True, 'router:external': False, 'provider:network_type': 'vlan', 'provider:physical_network': 'default', 'provider:segmentation_id': 531, 'is_default': False, 'availability_zone_hints': [], 'availability_zones': [], 'ipv4_address_scope': None, 'ipv6_address_scope': None, 'description': '', 'tags': [], 'created_at': '2024-10-10T15:32:01Z', 'updated_at': '2024-10-10T15:32:01Z', 'revision_number': 1} available for tenant
2024-10-10 15:32:09.382 62768 INFO tempest.lib.common.rest_client [req-e529ca60-7fc1-4381-8570-3aced5fe4ca1 req-e529ca60-7fc1-4381-8570-3aced5fe4ca1 ] Request (ServerActionsTestOtherA:setUpClass): 201 POST http://10.180.1.21/identity/v3/auth/tokens 0.138s
2024-10-10 15:32:09.414 62768 INFO tempest.lib.common.rest_client [req-858e2f83-b705-4dfe-a53f-40da2f30a07d req-858e2f83-b705-4dfe-a53f-40da2f30a07d ] Request (ServerActionsTestOtherA:setUpClass): 201 POST http://10.180.1.21/identity/v3/auth/tokens 0.029s
2024-10-10 15:32:09.428 62776 INFO tempest.lib.common.rest_client [req-074193a9-fd0e-442c-b4c9-c0565b9db407 req-074193a9-fd0e-442c-b4c9-c0565b9db407 ] Request (SecurityGroupsTestJSON:setUpClass): 201 POST http://10.180.1.21:9696/networking/v2.0/routers 3.057s
2024-10-10 15:32:09.436 62768 INFO tempest.lib.common.rest_client [req-a3199b8f-911c-4ce4-a8a9-e28a307166c5 req-a3199b8f-911c-4ce4-a8a9-e28a307166c5 ] Request (ServerActionsTestOtherA:setUpClass): 200 GET http://10.180.1.21/identity/v3/domains?name=Default 0.021s
2024-10-10 15:32:09.468 62768 INFO tempest.lib.common.rest_client [req-421b5160-55da-49d2-ab1b-dabdbdea2f3a req-421b5160-55da-49d2-ab1b-dabdbdea2f3a ] Request (ServerActionsTestOtherA:setUpClass): 201 POST http://10.180.1.21/identity/v3/projects 0.031s
2024-10-10 15:32:09.472 62780 INFO tempest.lib.common.rest_client [req-d5a1da4d-37a7-404f-967c-60ba94a49b75 req-d5a1da4d-37a7-404f-967c-60ba94a49b75 ] Request (ServersAdmin275Test:test_rebuild_update_server_275): 202 POST http://10.180.1.21/compute/v2.1/servers 3.532s
2024-10-10 15:32:09.486 62806 INFO tempest.lib.common.rest_client [req-fdd88b4e-f36d-44bd-8391-15b24541c001 req-fdd88b4e-f36d-44bd-8391-15b24541c001 ] Request (KeyPairsV22TestJSON:_run_cleanups): 204 DELETE http://10.180.1.21/compute/v2.1/os-keypairs/tempest-keypair-1080724102 3.197s
2024-10-10 15:32:09.546 62768 INFO tempest.lib.common.rest_client [req-2e0343bd-0ca3-4c39-a048-f158c539e6f9 req-2e0343bd-0ca3-4c39-a048-f158c539e6f9 ] Request (ServerActionsTestOtherA:setUpClass): 201 POST http://10.180.1.21/identity/v3/users 0.078s
2024-10-10 15:32:09.569 62768 INFO tempest.lib.common.rest_client [req-fe2718ca-f61b-418b-9f55-db018d022ef5 req-fe2718ca-f61b-418b-9f55-db018d022ef5 ] Request (ServerActionsTestOtherA:setUpClass): 200 GET http://10.180.1.21/identity/v3/roles 0.020s
2024-10-10 15:32:09.595 62786 INFO tempest.lib.common.rest_client [req-69cd7cc4-f7e1-4cee-b9a2-67135c5e3ca1 req-69cd7cc4-f7e1-4cee-b9a2-67135c5e3ca1 ] Request (ImagesOneServerTestJSON:setUpClass): 200 GET http://10.180.1.21/compute/v2.1/servers/3a9b16bb-9d58-4f0a-8fab-16f2486a6702 3.013s
2024-10-10 15:32:09.606 62768 INFO tempest.lib.common.rest_client [req-7dc00722-af13-40a2-9123-4bae86f7dc10 req-7dc00722-af13-40a2-9123-4bae86f7dc10 ] Request (ServerActionsTestOtherA:setUpClass): 204 PUT http://10.180.1.21/identity/v3/projects/3999b0896dac4bb6b72c7171612edd2f/users/030d3999ecab4c74bbfb30e930af37b5/roles/157c8d99efc14ddd97b2975380dd29f1 0.036s
2024-10-10 15:32:09.606 62768 INFO tempest.lib.common.dynamic_creds [-] Dynamic test user 030d3999ecab4c74bbfb30e930af37b5 is created with scope project and roles: ['member']
2024-10-10 15:32:09.607 62768 INFO tempest.lib.common.dynamic_creds [-] Acquired dynamic creds: credentials: Credentials: {'domain_id': 'default', 'domain_name': 'Default', 'username': 'tempest-ServerActionsTestOtherA-1308457458-project-member', 'project_domain_id': 'default', 'project_domain_name': 'Default', 'project_id': '3999b0896dac4bb6b72c7171612edd2f', 'project_name': 'tempest-ServerActionsTestOtherA-1308457458', 'tenant_id': '3999b0896dac4bb6b72c7171612edd2f', 'tenant_name': 'tempest-ServerActionsTestOtherA-1308457458', 'user_domain_id': 'default', 'user_domain_name': 'Default', 'user_id': '030d3999ecab4c74bbfb30e930af37b5', 'system': None}, Network: None, Subnet: None, Router: None
2024-10-10 15:32:09.670 62768 INFO tempest.lib.common.rest_client [req-d3e52ba5-0d81-4d72-996d-425257e289cd req-d3e52ba5-0d81-4d72-996d-425257e289cd ] Request (ServerActionsTestOtherA:setUpClass): 201 POST http://10.180.1.21/identity/v3/auth/tokens 0.062s
2024-10-10 15:32:09.673 62784 INFO tempest.lib.common.rest_client [req-00497ae7-d5ea-4af7-8671-330d4070c534 req-00497ae7-d5ea-4af7-8671-330d4070c534 ] Request (ServersWithSpecificFlavorTestJSON:test_verify_created_server_ephemeral_disk): 200 GET http://10.180.1.21/compute/v2.1/servers/c542f5dd-10d8-4959-a3ab-eab9b8f4525a 2.967s
2024-10-10 15:32:09.747 62814 INFO tempest.lib.common.rest_client [req-e56a3b7c-b7bc-47c7-b819-cd6155daa890 req-e56a3b7c-b7bc-47c7-b819-cd6155daa890 ] Request (ListImageFiltersTestJSON:setUpClass): 201 POST http://10.180.1.21/image/v2/images 0.433s
2024-10-10 15:32:09.866 62797 INFO tempest.lib.common.rest_client [req-e13143bb-6218-45f9-aa73-9316da7ac4dd req-e13143bb-6218-45f9-aa73-9316da7ac4dd ] Request (VolumesAssistedSnapshotsTest:test_volume_assisted_snapshot_create_delete): 200 GET http://10.180.1.21/compute/v2.1/servers/597c9673-bbd4-4dd0-829a-c05f8667c951 2.951s
