2025-02-10 21:11:52.231 62730 INFO tempest.lib.common.rest_client [req-ed46c6cc-9357-4259-93c7-b971bc5e557c req-ed46c6cc-9357-4259-93c7-b971bc5e557c ] Request (ServersTestMultiNic:test_verify_duplicate_network_nics): 200 GET http://10.180.1.21/compute/v2.1/servers/63a3594c-b1e0-406d-8376-d407a4286d7d 0.851s
2025-02-10 21:11:52.252 62705 INFO tempest.lib.common.rest_client [req-7624f160-308d-4379-851c-dce21fc02a9f req-7624f160-308d-4379-851c-dce21fc02a9f ] Request (ServerGroupTestJSON:test_create_delete_server_group_with_anti_affinity_policy): 204 DELETE http://10.180.1.21/compute/v2.1/os-server-groups/7f766bbb-d5dd-4310-bea4-8fd28aebf985 0.807s
2025-02-10 21:11:52.278 62702 INFO tempest.lib.common.rest_client [req-1ef39d98-e3ae-4a1c-906f-3984f497e6c3 req-1ef39d98-e3ae-4a1c-906f-3984f497e6c3 ] Request (AttachInterfacesUnderV243Test:setUpClass): 201 POST http://10.180.1.21/identity/v3/auth/tokens 0.059s
2025-02-10 21:11:52.311 62702 INFO tempest.lib.common.rest_client [req-553d413b-1c8d-4da6-adcd-627d46e8b539 req-553d413b-1c8d-4da6-adcd-627d46e8b539 ] Request (AttachInterfacesUnderV243Test:setUpClass): 200 GET http://10.180.1.21/identity/v3/domains?name=Default 0.033s
2025-02-10 21:11:52.340 62706 INFO tempest.lib.common.rest_client [req-3daeb778-89e6-447d-80c3-494c6edb0783 req-3daeb778-89e6-447d-80c3-494c6edb0783 ] Request (ServersAdminTestJSON:setUpClass): 200 GET http://10.180.1.21/compute/v2.1/servers/f97b76f0-a71f-4b5c-8a5c-9b7e428d2a4a 0.872s
2025-02-10 21:11:52.344 62742 INFO tempest.lib.common.rest_client [req-69953b96-ada4-41e9-80c5-280bf4dba463 req-69953b96-ada4-41e9-80c5-280bf4dba463 ] Request (ServerAddressesTestJSON:tearDownClass): 200 GET http://10.180.1.21/compute/v2.1/servers/26b6dc14-6f61-48d3-9653-c4ef58e1679a 0.834s
2025-02-10 21:11:52.352 62706 INFO tempest.common.waiters [-] State transition "BUILD/None" ==> "BUILD/networking" after 32 second wait
2025-02-10 21:11:52.356 62702 INFO tempest.lib.common.rest_client [req-ef948738-5714-4cbb-a4c0-614e22cd504d req-ef948738-5714-4cbb-a4c0-614e22cd504d ] Request (AttachInterfacesUnderV243Test:setUpClass): 201 POST http://10.180.1.21/identity/v3/projects 0.044s
2025-02-10 21:11:52.427 62748 INFO tempest.lib.common.rest_client [req-56131cdd-3a82-45e3-8962-b73ef15dbe20 req-56131cdd-3a82-45e3-8962-b73ef15dbe20 ] Request (ServerShowV254Test:test_rebuild_server): 200 GET http://10.180.1.21/compute/v2.1/servers/75169e1c-1cbe-4ae7-82d0-1029915850ac 0.779s
2025-02-10 21:11:52.437 62690 INFO tempest.lib.common.rest_client [req-83238d65-4560-4ff3-8f97-7a7a58eb9ab7 req-83238d65-4560-4ff3-8f97-7a7a58eb9ab7 ] Request (ServerGroup264TestJSON:tearDownClass): 404 DELETE http://10.180.1.21/compute/v2.1/os-server-groups/07dd2c5a-107c-4fde-9184-f531f270de00 0.687s
2025-02-10 21:11:52.438 62702 INFO tempest.lib.common.rest_client [req-8ecd6be8-d3bf-4cc6-8fa5-bbdd839c9e28 req-8ecd6be8-d3bf-4cc6-8fa5-bbdd839c9e28 ] Request (AttachInterfacesUnderV243Test:setUpClass): 201 POST http://10.180.1.21/identity/v3/users 0.081s
2025-02-10 21:11:52.464 62702 INFO tempest.lib.common.rest_client [req-aabf47e7-9f99-4b07-95bb-fdd89cb4dce2 req-aabf47e7-9f99-4b07-95bb-fdd89cb4dce2 ] Request (AttachInterfacesUnderV243Test:setUpClass): 200 GET http://10.180.1.21/identity/v3/roles 0.026s
2025-02-10 21:11:52.492 62702 INFO tempest.lib.common.rest_client [req-0b7597f7-4a31-45ad-b85b-d72c5714aef4 req-0b7597f7-4a31-45ad-b85b-d72c5714aef4 ] Request (AttachInterfacesUnderV243Test:setUpClass): 204 PUT http://10.180.1.21/identity/v3/projects/490af6eea6e249c8805f83bd007e1e11/users/155def26735d4958aca18428f3e4a503/roles/147627c5890a4b30a80cd9b6e17b4b69 0.028s
2025-02-10 21:11:52.493 62702 INFO tempest.lib.common.dynamic_creds [-] Dynamic test user 155def26735d4958aca18428f3e4a503 is created with scope project and roles: ['member']
2025-02-10 21:11:52.493 62702 INFO tempest.lib.common.dynamic_creds [-] Acquired dynamic creds: credentials: Credentials: {'domain_id': 'default', 'domain_name': 'Default', 'username': 'tempest-AttachInterfacesUnderV243Test-1663126900-project-member', 'project_domain_id': 'default', 'project_domain_name': 'Default', 'project_id': '490af6eea6e249c8805f83bd007e1e11', 'project_name': 'tempest-AttachInterfacesUnderV243Test-1663126900', 'tenant_id': '490af6eea6e249c8805f83bd007e1e11', 'tenant_name': 'tempest-AttachInterfacesUnderV243Test-1663126900', 'user_domain_id': 'default', 'user_domain_name': 'Default', 'user_id': '155def26735d4958aca18428f3e4a503', 'system': None}, Network: None, Subnet: None, Router: None
2025-02-10 21:11:52.534 62692 INFO tempest.lib.common.rest_client [req-d4884a36-27dc-49e1-8152-7853af130d07 req-d4884a36-27dc-49e1-8152-7853af130d07 ] Request (InstanceActionsNegativeTestJSON:tearDownClass): 200 GET http://10.180.1.21/compute/v2.1/servers/5e015d27-e0a0-411c-9515-a459994115df 0.771s
2025-02-10 21:11:52.540 62692 INFO tempest.common.waiters [-] State transition "ACTIVE/deleting" ==> "DELETED/None" after 4 second wait
2025-02-10 21:11:52.562 62702 INFO tempest.lib.common.rest_client [req-feab3f93-878b-4cc0-b173-f6ad53c489a5 req-feab3f93-878b-4cc0-b173-f6ad53c489a5 ] Request (AttachInterfacesUnderV243Test:setUpClass): 201 POST http://10.180.1.21/identity/v3/auth/tokens 0.068s
2025-02-10 21:11:52.761 62688 INFO tempest.lib.common.rest_client [req-42f3b8f8-57d9-49f6-a093-e476008f6573 req-42f3b8f8-57d9-49f6-a093-e476008f6573 ] Request (ImagesOneServerNegativeTestJSON:setUpClass): 200 GET http://10.180.1.21/compute/v2.1/servers/9560cbaf-7b0c-4e1b-bdef-805fb0559fa6 0.970s
2025-02-10 21:11:52.818 62744 INFO tempest.lib.common.rest_client [req-95bab194-fe21-4fd0-a4a6-ddc9b4ccc7a7 req-95bab194-fe21-4fd0-a4a6-ddc9b4ccc7a7 ] Request (InstanceActionsV221TestJSON:setUpClass): 200 PUT http://10.180.1.21:9696/networking/v2.0/routers/a2867271-84b7-4572-9a8a-f1a0008ab970/add_router_interface 1.894s
2025-02-10 21:11:52.819 62744 INFO tempest.lib.common.dynamic_creds [-] Created isolated network resources for: credentials: Credentials: {'domain_id': 'default', 'domain_name': 'Default', 'username': 'tempest-InstanceActionsV221TestJSON-810449764-project-member', 'project_domain_id': 'default', 'project_domain_name': 'Default', 'project_id': 'b4ba0b38922340f994df8a86e4ca55f9', 'project_name': 'tempest-InstanceActionsV221TestJSON-810449764', 'tenant_id': 'b4ba0b38922340f994df8a86e4ca55f9', 'tenant_name': 'tempest-InstanceActionsV221TestJSON-810449764', 'user_domain_id': 'default', 'user_domain_name': 'Default', 'user_id': 'a75d1e38d27e4549918894b86cdb979b', 'system': None}, Network: {'id': '2f895c76-b806-4688-ab76-b3cadea4296b', 'name': 'tempest-InstanceActionsV221TestJSON-2094799269-network', 'tenant_id': 'b4ba0b38922340f994df8a86e4ca55f9', 'admin_state_up': True, 'mtu': 8950, 'status': 'ACTIVE', 'subnets': [], 'shared': False, 'project_id': 'b4ba0b38922340f994df8a86e4ca55f9', 'port_security_enabled': True, 'router:external': False, 'provider:network_type': 'vlan', 'provider:physical_network': 'default', 'provider:segmentation_id': 861, 'availability_zone_hints': [], 'availability_zones': [], 'ipv4_address_scope': None, 'ipv6_address_scope': None, 'description': '', 'tags': [], 'created_at': '2025-02-10T21:11:48Z', 'updated_at': '2025-02-10T21:11:48Z', 'revision_number': 1}, Subnet: {'id': '9ac5131d-ba5f-4f07-9b47-1b0d8ca7cc6c', 'name': 'tempest-InstanceActionsV221TestJSON-2094799269-subnet', 'tenant_id': 'b4ba0b38922340f994df8a86e4ca55f9', 'network_id': '2f895c76-b806-4688-ab76-b3cadea4296b', 'ip_version': 4, 'subnetpool_id': None, 'enable_dhcp': True, 'ipv6_ra_mode': None, 'ipv6_address_mode': None, 'gateway_ip': '192.168.128.1', 'cidr': '192.168.128.0/28', 'allocation_pools': [{'start': '192.168.128.2', 'end': '192.168.128.14'}], 'host_routes': [], 'dns_nameservers': [], 'description': '', 'router:external': False, 'service_types': [], 'tags': [], 'created_at': '2025-02-10T21:11:48Z', 'updated_at': '2025-02-10T21:11:48Z', 'revision_number': 0, 'project_id': 'b4ba0b38922340f994df8a86e4ca55f9'}, Router: {'id': 'a2867271-84b7-4572-9a8a-f1a0008ab970', 'name': 'tempest-InstanceActionsV221TestJSON-2094799269-router', 'tenant_id': 'b4ba0b38922340f994df8a86e4ca55f9', 'admin_state_up': True, 'status': 'ACTIVE', 'external_gateway_info': {'network_id': '3fa017fe-3abf-464f-8d90-5254af794dcc', 'external_fixed_ips': [{'subnet_id': '0ab6afdb-ac3f-4c0b-9a54-e1dc67a41e24', 'ip_address': '10.180.180.182'}], 'enable_snat': True}, 'description': '', 'availability_zones': [], 'distributed': False, 'ha': False, 'availability_zone_hints': [], 'routes': [], 'flavor_id': None, 'tags': [], 'created_at': '2025-02-10T21:11:49Z', 'updated_at': '2025-02-10T21:11:49Z', 'revision_number': 2, 'project_id': 'b4ba0b38922340f994df8a86e4ca55f9'}
2025-02-10 21:11:52.855 62698 INFO tempest.lib.common.rest_client [req-553a56de-313f-4cd8-a282-d69a6bbef061 req-553a56de-313f-4cd8-a282-d69a6bbef061 ] Request (ServerMetadataTestJSON:setUpClass): 200 GET http://10.180.1.21/compute/v2.1/servers/8577a502-89c3-4ab2-b116-fe335165524e 1.002s
2025-02-10 21:11:52.897 62724 INFO tempest.lib.common.rest_client [req-6f819c39-76a8-44aa-82e4-56c0ebdd8c66 req-6f819c39-76a8-44aa-82e4-56c0ebdd8c66 ] Request (SecurityGroupsTestJSON:test_security_groups_create_list_delete): 404 GET http://10.180.1.21/compute/v2.1/os-security-groups/081379fa-4260-44b8-b948-04b311593a59 0.960s
2025-02-10 21:11:52.902 62744 INFO tempest.lib.common.rest_client [req-11334ca3-2e60-4a0f-82c3-a52fab222eec req-11334ca3-2e60-4a0f-82c3-a52fab222eec ] Request (InstanceActionsV221TestJSON:setUpClass): 201 POST http://10.180.1.21/identity/v3/auth/tokens 0.080s
2025-02-10 21:11:52.910 62710 INFO tempest.lib.common.rest_client [req-6ee64eec-d08c-4f90-b0e1-2ac40414cf09 req-6ee64eec-d08c-4f90-b0e1-2ac40414cf09 ] Request (ServerActionsV293TestJSON:setUpClass): 200 GET http://10.180.1.21/volume/v3/volumes/f06dcba3-215d-40e9-b10f-135d1e57d7f6 0.050s
2025-02-10 21:11:52.936 62744 INFO tempest.lib.common.rest_client [req-66e8c962-65da-49e9-815e-b019641aa384 req-66e8c962-65da-49e9-815e-b019641aa384 ] Request (InstanceActionsV221TestJSON:test_get_list_deleted_instance_actions): 201 POST http://10.180.1.21/identity/v3/auth/tokens 0.029s
2025-02-10 21:11:52.936 62744 INFO tempest.lib.common.fixed_network [-] (InstanceActionsV221TestJSON:test_get_list_deleted_instance_actions) Found network {'id': '2f895c76-b806-4688-ab76-b3cadea4296b', 'name': 'tempest-InstanceActionsV221TestJSON-2094799269-network', 'tenant_id': 'b4ba0b38922340f994df8a86e4ca55f9', 'admin_state_up': True, 'mtu': 8950, 'status': 'ACTIVE', 'subnets': [], 'shared': False, 'project_id': 'b4ba0b38922340f994df8a86e4ca55f9', 'port_security_enabled': True, 'router:external': False, 'provider:network_type': 'vlan', 'provider:physical_network': 'default', 'provider:segmentation_id': 861, 'availability_zone_hints': [], 'availability_zones': [], 'ipv4_address_scope': None, 'ipv6_address_scope': None, 'description': '', 'tags': [], 'created_at': '2025-02-10T21:11:48Z', 'updated_at': '2025-02-10T21:11:48Z', 'revision_number': 1} available for tenant
2025-02-10 21:11:53.131 62694 INFO tempest.lib.common.rest_client [req-2eb28be1-c3a7-44b7-a919-5ab147b1919f req-2eb28be1-c3a7-44b7-a919-5ab147b1919f ] Request (ServersTestBootFromVolume:setUpClass): 200 GET http://10.180.1.21/volume/v3/volumes/b3de53db-253f-42e3-9d65-1cb453583325 0.042s
2025-02-10 21:11:53.166 62722 INFO tempest.lib.common.rest_client [req-06082b1f-baaf-4636-9ea4-4628cfb17e26 req-06082b1f-baaf-4636-9ea4-4628cfb17e26 ] Request (ImagesTestJSON:test_create_image_from_suspended_server): 200 GET http://10.180.1.21/compute/v2.1/servers/510928fc-fc7c-44ac-bd13-b2c042a3f9e1 1.228s
2025-02-10 21:11:53.265 62740 INFO tempest.lib.common.rest_client [req-b11f8361-78ef-4ade-bc44-a5ce10f150f4 req-b11f8361-78ef-4ade-bc44-a5ce10f150f4 ] Request (VolumesAdminNegativeTest:setUpClass): 201 POST http://10.180.1.21:9696/networking/v2.0/routers 1.770s
2025-02-10 21:11:53.274 62716 INFO tempest.lib.common.rest_client [req-e675a353-67d2-45fb-9cb1-d0bc305e44dc req-e675a353-67d2-45fb-9cb1-d0bc305e44dc ] Request (ServersAaction247Test:tearDownClass): 200 GET http://10.180.1.21/compute/v2.1/servers/96be33ea-8064-49df-bb04-78c162e2b557 1.299s
2025-02-10 21:11:53.372 62721 INFO tempest.lib.common.rest_client [req-2c5f2c6b-5daf-4d48-8412-5c1342abbc8b req-2c5f2c6b-5daf-4d48-8412-5c1342abbc8b ] Request (ServerMetadataNegativeTestJSON:tearDownClass): 200 GET http://10.180.1.21/compute/v2.1/servers/bae0649b-ebc1-459c-bb85-c4f152e4736e 1.348s
2025-02-10 21:11:53.461 62708 INFO tempest.lib.common.rest_client [req-7a4e1714-cef4-459b-8ff7-734dd535acb2 req-7a4e1714-cef4-459b-8ff7-734dd535acb2 ] Request (DeleteServersAdminTestJSON:test_delete_server_while_in_error_state): 200 GET http://10.180.1.21/compute/v2.1/servers/ab0297aa-4d35-4bf7-8d7e-5c43c16e1eba 1.406s
2025-02-10 21:11:53.477 62702 INFO tempest.lib.common.rest_client [req-b84b795f-d83a-4bbf-81d4-b29dec9f19a3 req-b84b795f-d83a-4bbf-81d4-b29dec9f19a3 ] Request (AttachInterfacesUnderV243Test:setUpClass): 201 POST http://10.180.1.21:9696/networking/v2.0/networks 0.915s
2025-02-10 21:11:53.494 62736 INFO tempest.lib.common.rest_client [req-0142d5a8-b751-4adc-91f4-1b6ff058be64 req-0142d5a8-b751-4adc-91f4-1b6ff058be64 ] Request (DeleteServersTestJSON:test_delete_active_server): 202 POST http://10.180.1.21/compute/v2.1/servers 1.759s
2025-02-10 21:11:53.550 62734 INFO tempest.lib.common.rest_client [req-3d8b4f19-efba-4be1-a385-44bfd5a31da0 req-3d8b4f19-efba-4be1-a385-44bfd5a31da0 ] Request (AttachVolumeTestJSON:test_attach_detach_volume): 200 GET http://10.180.1.21/compute/v2.1/servers/669b2134-e128-49a9-aad6-15fcecc71e2d 1.454s
2025-02-10 21:11:53.561 62705 INFO tempest.lib.common.rest_client [req-34948bfb-c47c-4345-aa67-ed7433c17c40 req-34948bfb-c47c-4345-aa67-ed7433c17c40 ] Request (ServerGroupTestJSON:test_create_delete_server_group_with_anti_affinity_policy): 200 GET http://10.180.1.21/compute/v2.1/os-server-groups 1.308s
2025-02-10 21:11:53.604 62732 INFO tempest.lib.common.rest_client [req-fb6e5bfc-a3a3-4b38-88fc-c602eba3a3fb req-fb6e5bfc-a3a3-4b38-88fc-c602eba3a3fb ] Request (ServerDiskConfigTestJSON:_run_cleanups): 204 DELETE http://10.180.1.21/compute/v2.1/servers/f77f03a2-5c31-478e-ad40-81ae15216981 1.426s
2025-02-10 21:11:53.706 62705 INFO tempest.lib.common.rest_client [req-791c9c05-ffba-402e-99b4-2852b0917d50 req-791c9c05-ffba-402e-99b4-2852b0917d50 ] Request (ServerGroupTestJSON:test_create_server_with_scheduler_hint_group): 201 POST http://10.180.1.21/identity/v3/auth/tokens 0.135s
2025-02-10 21:11:53.707 62705 INFO tempest.lib.common.fixed_network [-] (ServerGroupTestJSON:test_create_server_with_scheduler_hint_group) Found network {'id': '1bdc1b7f-ead6-4021-bb84-554f465f7a76', 'name': 'tempest-ServerGroupTestJSON-22607029-network', 'tenant_id': '9a053e7dfdba40628a52d2e2e92eaa8a', 'admin_state_up': True, 'mtu': 8950, 'status': 'ACTIVE', 'subnets': [], 'shared': False, 'project_id': '9a053e7dfdba40628a52d2e2e92eaa8a', 'port_security_enabled': True, 'router:external': False, 'provider:network_type': 'vlan', 'provider:physical_network': 'default', 'provider:segmentation_id': 368, 'availability_zone_hints': [], 'availability_zones': [], 'ipv4_address_scope': None, 'ipv6_address_scope': None, 'description': '', 'tags': [], 'created_at': '2025-02-10T21:11:33Z', 'updated_at': '2025-02-10T21:11:33Z', 'revision_number': 1} available for tenant
2025-02-10 21:11:53.725 62686 INFO tempest.lib.common.rest_client [req-4bc1c04d-eda3-43d0-81e0-cda7c84c7ab8 req-4bc1c04d-eda3-43d0-81e0-cda7c84c7ab8 ] Request (ListServerFiltersTestJSON:setUpClass): 200 GET http://10.180.1.21/compute/v2.1/servers/46e66edb-3b02-4c07-bdb2-499c76d4258a 1.193s
2025-02-10 21:11:53.728 62732 INFO tempest.lib.common.rest_client [req-9977ccc4-012c-4a59-9bf3-007985be6a67 req-9977ccc4-012c-4a59-9bf3-007985be6a67 ] Request (ServerDiskConfigTestJSON:test_rebuild_server_with_manual_disk_config): 201 POST http://10.180.1.21/identity/v3/auth/tokens 0.119s
2025-02-10 21:11:53.729 62732 INFO tempest.lib.common.fixed_network [-] (ServerDiskConfigTestJSON:test_rebuild_server_with_manual_disk_config) Found network {'id': '55945f20-4fa1-49cb-98a5-9fe4c78041ef', 'name': 'tempest-ServerDiskConfigTestJSON-539150746-network', 'tenant_id': '8fec1d0a54d74d8e9ff4f986133eabce', 'admin_state_up': True, 'mtu': 8950, 'status': 'ACTIVE', 'subnets': [], 'shared': False, 'project_id': '8fec1d0a54d74d8e9ff4f986133eabce', 'port_security_enabled': True, 'router:external': False, 'provider:network_type': 'vlan', 'provider:physical_network': 'default', 'provider:segmentation_id': 990, 'availability_zone_hints': [], 'availability_zones': [], 'ipv4_address_scope': None, 'ipv6_address_scope': None, 'description': '', 'tags': [], 'created_at': '2025-02-10T21:10:53Z', 'updated_at': '2025-02-10T21:10:53Z', 'revision_number': 1} available for tenant
2025-02-10 21:11:53.855 62712 INFO tempest.lib.common.rest_client [req-dd36150c-5239-4739-b224-190b7dadc0c0 req-dd36150c-5239-4739-b224-190b7dadc0c0 ] Request (ServersAdmin275Test:tearDownClass): 200 GET http://10.180.1.21/compute/v2.1/servers/14eaf7ed-743b-4198-832d-54d4cc21c2d8 1.199s
2025-02-10 21:11:53.956 62710 INFO tempest.lib.common.rest_client [req-70783b85-2399-4bee-9511-fc98a07e3d79 req-70783b85-2399-4bee-9511-fc98a07e3d79 ] Request (ServerActionsV293TestJSON:setUpClass): 200 GET http://10.180.1.21/volume/v3/volumes/f06dcba3-215d-40e9-b10f-135d1e57d7f6 0.036s
2025-02-10 21:11:53.969 62714 INFO tempest.lib.common.rest_client [req-b3826060-2d7d-4339-916f-e085356d4a28 req-b3826060-2d7d-4339-916f-e085356d4a28 ] Request (ImagesNegativeTestJSON:test_create_image_from_deleted_server): 200 GET http://10.180.1.21/compute/v2.1/servers/ab209762-cea6-4a76-9232-527ac7163c86 1.238s
2025-02-10 21:11:54.000 62726 INFO tempest.lib.common.rest_client [req-dde59ff0-8377-4eeb-b87e-d69429ead1a5 req-dde59ff0-8377-4eeb-b87e-d69429ead1a5 ] Request (TenantUsagesTestJSON:tearDownClass): 404 GET http://10.180.1.21/compute/v2.1/servers/59915864-7434-48a0-a2a5-7078596bac19 1.157s
2025-02-10 21:11:54.099 62746 INFO tempest.lib.common.rest_client [req-5eb91963-09b0-42b0-97a7-1804817beaa0 req-5eb91963-09b0-42b0-97a7-1804817beaa0 ] Request (MigrationsAdminTest:test_list_migrations_in_flavor_resize_situation): 200 GET http://10.180.1.21/compute/v2.1/servers/e1f32dac-ca5e-4065-b322-0b668901b2c7 1.709s
2025-02-10 21:11:54.130 62726 INFO tempest.lib.common.rest_client [req-114aae52-c865-4484-b14e-949c7b0ebdee req-114aae52-c865-4484-b14e-949c7b0ebdee ] Request (TenantUsagesTestJSON:tearDownClass): 204 DELETE http://10.180.1.21/identity/v3/users/6f077082a3c94fc480f7867a9f2664a9 0.128s
2025-02-10 21:11:54.193 62694 INFO tempest.lib.common.rest_client [req-e04a594d-6a65-484a-a429-6b91b2e16ffc req-e04a594d-6a65-484a-a429-6b91b2e16ffc ] Request (ServersTestBootFromVolume:setUpClass): 200 GET http://10.180.1.21/volume/v3/volumes/b3de53db-253f-42e3-9d65-1cb453583325 0.049s
2025-02-10 21:11:54.246 62719 INFO tempest.lib.common.rest_client [req-62c98163-68e4-4e98-8801-409146e4f853 req-62c98163-68e4-4e98-8801-409146e4f853 ] Request (ServerDiagnosticsV248Test:tearDownClass): 200 GET http://10.180.1.21/compute/v2.1/servers/f00b731b-a392-424e-9e52-8dd3d9017a9e 1.317s
2025-02-10 21:11:54.262 62702 INFO tempest.lib.common.rest_client [req-eaf82124-c3f0-44f1-ac9a-2a3603f53d4d req-eaf82124-c3f0-44f1-ac9a-2a3603f53d4d ] Request (AttachInterfacesUnderV243Test:setUpClass): 201 POST http://10.180.1.21:9696/networking/v2.0/subnets 0.784s
2025-02-10 21:11:54.435 62724 INFO tempest.lib.common.rest_client [req-2b558623-2a6e-496e-a9da-a6cbb1b2bef2 req-2b558623-2a6e-496e-a9da-a6cbb1b2bef2 ] Request (SecurityGroupsTestJSON:test_security_groups_create_list_delete): 202 DELETE http://10.180.1.21/compute/v2.1/os-security-groups/dc840563-f2eb-4037-8092-685c8b66ba14 1.537s
2025-02-10 21:11:54.438 62726 INFO tempest.lib.common.rest_client [req-aff21c01-a932-49c2-a9f5-7c876f9fb696 req-aff21c01-a932-49c2-a9f5-7c876f9fb696 ] Request (TenantUsagesTestJSON:tearDownClass): 204 DELETE http://10.180.1.21/identity/v3/users/795194ce5c3140f2b5266dad2e9cc8e9 0.308s
2025-02-10 21:11:54.439 62726 INFO tempest.lib.common.dynamic_creds [-] Deleting project and security group for project: 19cffbaeaacb46368590ae3f3b753226
2025-02-10 21:11:54.541 62726 INFO tempest.lib.common.rest_client [req-de0bc060-b103-423b-8d00-7a3b0e6a8455 req-de0bc060-b103-423b-8d00-7a3b0e6a8455 ] Request (TenantUsagesTestJSON:tearDownClass): 201 POST http://10.180.1.21/identity/v3/auth/tokens 0.102s
2025-02-10 21:11:54.546 62728 INFO tempest.lib.common.rest_client [req-a5bd4dbf-5510-491a-bb8d-69aa9ca0e113 req-a5bd4dbf-5510-491a-bb8d-69aa9ca0e113 ] Request (ServersAdminNegativeTestJSON:test_migrate_server_invalid_state): 200 GET http://10.180.1.21/compute/v2.1/servers/6fa2c60b-401c-49bf-b8fe-364cb0ebe426 1.526s
2025-02-10 21:11:54.838 62726 INFO tempest.lib.common.rest_client [req-83ad1c34-8ec6-47b0-8025-198c030d15ff req-83ad1c34-8ec6-47b0-8025-198c030d15ff ] Request (TenantUsagesTestJSON:tearDownClass): 200 GET http://10.180.1.21:9696/networking/v2.0/security-groups?tenant_id=19cffbaeaacb46368590ae3f3b753226&name=default 0.297s
2025-02-10 21:11:54.956 62730 INFO tempest.lib.common.rest_client [req-2ca59969-42d4-4a84-8c58-bdb61ad61882 req-2ca59969-42d4-4a84-8c58-bdb61ad61882 ] Request (ServersTestMultiNic:test_verify_duplicate_network_nics): 200 GET http://10.180.1.21/compute/v2.1/servers/63a3594c-b1e0-406d-8376-d407a4286d7d 1.712s
2025-02-10 21:11:54.971 62740 INFO tempest.lib.common.rest_client [req-01697080-1b02-4eda-b61a-dd095d999e93 req-01697080-1b02-4eda-b61a-dd095d999e93 ] Request (VolumesAdminNegativeTest:setUpClass): 200 PUT http://10.180.1.21:9696/networking/v2.0/routers/d370bd90-ed68-4eb3-8122-666f51a8f0a8/add_router_interface 1.706s
2025-02-10 21:11:54.974 62740 INFO tempest.lib.common.dynamic_creds [-] Created isolated network resources for: credentials: Credentials: {'domain_id': 'default', 'domain_name': 'Default', 'username': 'tempest-VolumesAdminNegativeTest-1257333262-project-admin', 'project_domain_id': 'default', 'project_domain_name': 'Default', 'project_id': '77432f1bf76043a2b5476d7c7b6d6c2a', 'project_name': 'tempest-VolumesAdminNegativeTest-1257333262', 'tenant_id': '77432f1bf76043a2b5476d7c7b6d6c2a', 'tenant_name': 'tempest-VolumesAdminNegativeTest-1257333262', 'user_domain_id': 'default', 'user_domain_name': 'Default', 'user_id': 'a97cc7c795d943b39046ab8e85433466', 'system': None}, Network: {'id': 'c18a3d46-570c-4b2a-9139-f8b36a9ea39e', 'name': 'tempest-VolumesAdminNegativeTest-1759879302-network', 'tenant_id': '77432f1bf76043a2b5476d7c7b6d6c2a', 'admin_state_up': True, 'mtu': 8950, 'status': 'ACTIVE', 'subnets': [], 'shared': False, 'project_id': '77432f1bf76043a2b5476d7c7b6d6c2a', 'port_security_enabled': True, 'router:external': False, 'provider:network_type': 'vlan', 'provider:physical_network': 'default', 'provider:segmentation_id': 17, 'availability_zone_hints': [], 'availability_zones': [], 'ipv4_address_scope': None, 'ipv6_address_scope': None, 'description': '', 'tags': [], 'created_at': '2025-02-10T21:11:50Z', 'updated_at': '2025-02-10T21:11:50Z', 'revision_number': 1}, Subnet: {'id': 'd53a173a-234e-45f6-a54d-caa180fbd12c', 'name': 'tempest-VolumesAdminNegativeTest-1759879302-subnet', 'tenant_id': '77432f1bf76043a2b5476d7c7b6d6c2a', 'network_id': 'c18a3d46-570c-4b2a-9139-f8b36a9ea39e', 'ip_version': 4, 'subnetpool_id': None, 'enable_dhcp': True, 'ipv6_ra_mode': None, 'ipv6_address_mode': None, 'gateway_ip': '192.168.128.1', 'cidr': '192.168.128.0/28', 'allocation_pools': [{'start': '192.168.128.2', 'end': '192.168.128.14'}], 'host_routes': [], 'dns_nameservers': [], 'description': '', 'router:external': False, 'service_types': [], 'tags': [], 'created_at': '2025-02-10T21:11:50Z', 'updated_at': '2025-02-10T21:11:50Z', 'revision_number': 0, 'project_id': '77432f1bf76043a2b5476d7c7b6d6c2a'}, Router: {'id': 'd370bd90-ed68-4eb3-8122-666f51a8f0a8', 'name': 'tempest-VolumesAdminNegativeTest-1759879302-router', 'tenant_id': '77432f1bf76043a2b5476d7c7b6d6c2a', 'admin_state_up': True, 'status': 'ACTIVE', 'external_gateway_info': {'network_id': '3fa017fe-3abf-464f-8d90-5254af794dcc', 'external_fixed_ips': [{'subnet_id': '0ab6afdb-ac3f-4c0b-9a54-e1dc67a41e24', 'ip_address': '10.180.180.229'}], 'enable_snat': True}, 'description': '', 'availability_zones': [], 'distributed': False, 'ha': False, 'availability_zone_hints': [], 'routes': [], 'flavor_id': None, 'tags': [], 'created_at': '2025-02-10T21:11:51Z', 'updated_at': '2025-02-10T21:11:52Z', 'revision_number': 2, 'project_id': '77432f1bf76043a2b5476d7c7b6d6c2a'}
2025-02-10 21:11:54.988 62726 INFO tempest.lib.common.rest_client [req-64e922cb-cc81-42a9-9177-840c9b1e54b2 req-64e922cb-cc81-42a9-9177-840c9b1e54b2 ] Request (TenantUsagesTestJSON:tearDownClass): 204 DELETE http://10.180.1.21:9696/networking/v2.0/security-groups/ef8b4dfc-a095-4fbb-ac26-574d6e8959e4 0.149s
2025-02-10 21:11:55.003 62710 INFO tempest.lib.common.rest_client [req-7ad1002d-8c6c-4db4-9ec3-de5c4059c02d req-7ad1002d-8c6c-4db4-9ec3-de5c4059c02d ] Request (ServerActionsV293TestJSON:setUpClass): 200 GET http://10.180.1.21/volume/v3/volumes/f06dcba3-215d-40e9-b10f-135d1e57d7f6 0.037s
2025-02-10 21:11:55.056 62740 INFO tempest.lib.common.rest_client [req-8ce6867e-6789-4d13-a61e-1a5b54ea3a87 req-8ce6867e-6789-4d13-a61e-1a5b54ea3a87 ] Request (VolumesAdminNegativeTest:setUpClass): 201 POST http://10.180.1.21/identity/v3/auth/tokens 0.078s
2025-02-10 21:11:55.076 62726 INFO tempest.lib.common.rest_client [req-b589a975-7ab8-430c-81ec-89aa14f486b0 req-b589a975-7ab8-430c-81ec-89aa14f486b0 ] Request (TenantUsagesTestJSON:tearDownClass): 204 DELETE http://10.180.1.21/identity/v3/projects/19cffbaeaacb46368590ae3f3b753226 0.088s
2025-02-10 21:11:55.077 62726 INFO tempest.lib.common.dynamic_creds [-] Deleting project and security group for project: ba5bb4262ad448c6808666b35621d7bc
2025-02-10 21:11:55.108 62726 INFO tempest.lib.common.rest_client [req-bdcddb37-c463-4996-a8d9-83ade6f6d76c req-bdcddb37-c463-4996-a8d9-83ade6f6d76c ] Request (TenantUsagesTestJSON:tearDownClass): 200 GET http://10.180.1.21:9696/networking/v2.0/security-groups?tenant_id=ba5bb4262ad448c6808666b35621d7bc&name=default 0.031s
2025-02-10 21:11:55.179 62690 INFO tempest.lib.common.rest_client [req-859129bf-525a-4aa9-b65b-d71a9b4f5946 req-859129bf-525a-4aa9-b65b-d71a9b4f5946 ] Request (ServerGroup264TestJSON:tearDownClass): 200 PUT http://10.180.1.21:9696/networking/v2.0/routers/c6ff6100-77f1-4e0a-8991-5363f9e857c9/remove_router_interface 2.740s
2025-02-10 21:11:55.224 62726 INFO tempest.lib.common.rest_client [req-2168e0f2-d893-4a23-9b99-dae1bef63389 req-2168e0f2-d893-4a23-9b99-dae1bef63389 ] Request (TenantUsagesTestJSON:tearDownClass): 204 DELETE http://10.180.1.21:9696/networking/v2.0/security-groups/c4fc6e89-9056-4868-a1a9-788fc62dcf3e 0.116s
2025-02-10 21:11:55.233 62694 INFO tempest.lib.common.rest_client [req-b897b60e-4c2f-482c-99cb-b0f68688a9c1 req-b897b60e-4c2f-482c-99cb-b0f68688a9c1 ] Request (ServersTestBootFromVolume:setUpClass): 200 GET http://10.180.1.21/volume/v3/volumes/b3de53db-253f-42e3-9d65-1cb453583325 0.029s
2025-02-10 21:11:55.357 62706 INFO tempest.lib.common.rest_client [req-703a8b1d-5908-4dfd-99ce-09f1ec6b08d3 req-703a8b1d-5908-4dfd-99ce-09f1ec6b08d3 ] Request (ServersAdminTestJSON:setUpClass): 200 GET http://10.180.1.21/compute/v2.1/servers/f97b76f0-a71f-4b5c-8a5c-9b7e428d2a4a 2.002s
2025-02-10 21:11:55.372 62706 INFO tempest.common.waiters [-] State transition "BUILD/networking" ==> "BUILD/spawning" after 35 second wait
2025-02-10 21:11:55.382 62726 INFO tempest.lib.common.rest_client [req-b7b63677-1bfd-4663-8249-19255f7c3204 req-b7b63677-1bfd-4663-8249-19255f7c3204 ] Request (TenantUsagesTestJSON:tearDownClass): 204 DELETE http://10.180.1.21/identity/v3/projects/ba5bb4262ad448c6808666b35621d7bc 0.157s
2025-02-10 21:11:55.431 62744 INFO tempest.lib.common.rest_client [req-fad6bb63-13b6-4895-8613-029df51ada2a req-fad6bb63-13b6-4895-8613-029df51ada2a ] Request (InstanceActionsV221TestJSON:test_get_list_deleted_instance_actions): 202 POST http://10.180.1.21/compute/v2.1/servers 2.494s
2025-02-10 21:11:55.466 62726 INFO tempest.lib.common.rest_client [req-86b00f5f-f57d-4e9e-a187-e5d67623ea91 req-86b00f5f-f57d-4e9e-a187-e5d67623ea91 ] Request (AttachInterfacesTestJSON:setUpClass): 201 POST http://10.180.1.21/identity/v3/auth/tokens 0.082s
2025-02-10 21:11:55.503 62726 INFO tempest.lib.common.rest_client [req-871bb97a-fc79-492b-9e56-bca64d34cfc5 req-871bb97a-fc79-492b-9e56-bca64d34cfc5 ] Request (AttachInterfacesTestJSON:setUpClass): 201 POST http://10.180.1.21/identity/v3/auth/tokens 0.034s
2025-02-10 21:11:55.527 62742 INFO tempest.lib.common.rest_client [req-4df85943-def7-46f1-848a-6c00540ac3b0 req-4df85943-def7-46f1-848a-6c00540ac3b0 ] Request (ServerAddressesTestJSON:tearDownClass): 200 GET http://10.180.1.21/compute/v2.1/servers/26b6dc14-6f61-48d3-9653-c4ef58e1679a 2.170s
2025-02-10 21:11:55.535 62726 INFO tempest.lib.common.rest_client [req-1d7b59f8-b9cf-462d-95c9-8d0209b3a6d9 req-1d7b59f8-b9cf-462d-95c9-8d0209b3a6d9 ] Request (AttachInterfacesTestJSON:setUpClass): 200 GET http://10.180.1.21/identity/v3/domains?name=Default 0.032s
2025-02-10 21:11:55.539 62748 INFO tempest.lib.common.rest_client [req-35f21667-42c7-4b42-a1c1-9b2d9802cabb req-35f21667-42c7-4b42-a1c1-9b2d9802cabb ] Request (ServerShowV254Test:test_rebuild_server): 200 GET http://10.180.1.21/compute/v2.1/servers/75169e1c-1cbe-4ae7-82d0-1029915850ac 2.093s
2025-02-10 21:11:55.588 62726 INFO tempest.lib.common.rest_client [req-fc7ed920-9eba-4b7f-8ace-bd506761ef76 req-fc7ed920-9eba-4b7f-8ace-bd506761ef76 ] Request (AttachInterfacesTestJSON:setUpClass): 201 POST http://10.180.1.21/identity/v3/projects 0.051s
2025-02-10 21:11:55.608 62736 INFO tempest.lib.common.rest_client [req-08fd6803-9483-4831-9822-13938feb0ec5 req-08fd6803-9483-4831-9822-13938feb0ec5 ] Request (DeleteServersTestJSON:test_delete_active_server): 200 GET http://10.180.1.21/compute/v2.1/servers/4d8aea82-d609-499c-970e-dc0369ae0e8f 2.112s
2025-02-10 21:11:55.639 62692 INFO tempest.lib.common.rest_client [req-22d7ec56-1c86-468f-a246-cc0130ff7cb3 req-22d7ec56-1c86-468f-a246-cc0130ff7cb3 ] Request (InstanceActionsNegativeTestJSON:tearDownClass): 200 GET http://10.180.1.21/compute/v2.1/servers/5e015d27-e0a0-411c-9515-a459994115df 2.097s
2025-02-10 21:11:55.669 62726 INFO tempest.lib.common.rest_client [req-4ca4bf8a-23ef-4705-ac9b-b1954c9da42e req-4ca4bf8a-23ef-4705-ac9b-b1954c9da42e ] Request (AttachInterfacesTestJSON:setUpClass): 201 POST http://10.180.1.21/identity/v3/users 0.081s
2025-02-10 21:11:55.694 62726 INFO tempest.lib.common.rest_client [req-e3eee3af-46ff-41ff-90b5-07c34718fa58 req-e3eee3af-46ff-41ff-90b5-07c34718fa58 ] Request (AttachInterfacesTestJSON:setUpClass): 200 GET http://10.180.1.21/identity/v3/roles 0.024s
2025-02-10 21:11:55.734 62726 INFO tempest.lib.common.rest_client [req-5099da85-a274-45e5-9bdb-ca2b1abe824c req-5099da85-a274-45e5-9bdb-ca2b1abe824c ] Request (AttachInterfacesTestJSON:setUpClass): 204 PUT http://10.180.1.21/identity/v3/projects/e7c0490bb1fb46d1a9d177a40f89c4fb/users/04ac8f682c844f929fc2042a78f02685/roles/147627c5890a4b30a80cd9b6e17b4b69 0.040s
2025-02-10 21:11:55.735 62726 INFO tempest.lib.common.dynamic_creds [-] Dynamic test user 04ac8f682c844f929fc2042a78f02685 is created with scope project and roles: ['member']
2025-02-10 21:11:55.735 62726 INFO tempest.lib.common.dynamic_creds [-] Acquired dynamic creds: credentials: Credentials: {'domain_id': 'default', 'domain_name': 'Default', 'username': 'tempest-AttachInterfacesTestJSON-559758097-project-member', 'project_domain_id': 'default', 'project_domain_name': 'Default', 'project_id': 'e7c0490bb1fb46d1a9d177a40f89c4fb', 'project_name': 'tempest-AttachInterfacesTestJSON-559758097', 'tenant_id': 'e7c0490bb1fb46d1a9d177a40f89c4fb', 'tenant_name': 'tempest-AttachInterfacesTestJSON-559758097', 'user_domain_id': 'default', 'user_domain_name': 'Default', 'user_id': '04ac8f682c844f929fc2042a78f02685', 'system': None}, Network: None, Subnet: None, Router: None
2025-02-10 21:11:55.820 62726 INFO tempest.lib.common.rest_client [req-524ab775-55c9-46c6-80e2-374506ef8c74 req-524ab775-55c9-46c6-80e2-374506ef8c74 ] Request (AttachInterfacesTestJSON:setUpClass): 201 POST http://10.180.1.21/identity/v3/auth/tokens 0.084s
2025-02-10 21:11:55.952 62690 INFO tempest.lib.common.rest_client [req-f88652b5-af5a-401b-aeab-4c1baf7e6275 req-f88652b5-af5a-401b-aeab-4c1baf7e6275 ] Request (ServerGroup264TestJSON:tearDownClass): 204 DELETE http://10.180.1.21:9696/networking/v2.0/routers/c6ff6100-77f1-4e0a-8991-5363f9e857c9 0.772s
2025-02-10 21:11:56.053 62710 INFO tempest.lib.common.rest_client [req-bc934f6c-24d4-4962-8917-5ac1d35821f7 req-bc934f6c-24d4-4962-8917-5ac1d35821f7 ] Request (ServerActionsV293TestJSON:setUpClass): 200 GET http://10.180.1.21/volume/v3/volumes/f06dcba3-215d-40e9-b10f-135d1e57d7f6 0.037s
2025-02-10 21:11:56.192 62690 INFO tempest.lib.common.rest_client [req-6e9124f3-72f8-4cc4-8d48-e10b231ad210 req-6e9124f3-72f8-4cc4-8d48-e10b231ad210 ] Request (ServerGroup264TestJSON:tearDownClass): 204 DELETE http://10.180.1.21:9696/networking/v2.0/subnets/811ff88a-c173-48a0-8082-6eaf5f2a4def 0.240s
2025-02-10 21:11:56.279 62694 INFO tempest.lib.common.rest_client [req-d38a9b10-6e03-49b6-b87a-00887c104f25 req-d38a9b10-6e03-49b6-b87a-00887c104f25 ] Request (ServersTestBootFromVolume:setUpClass): 200 GET http://10.180.1.21/volume/v3/volumes/b3de53db-253f-42e3-9d65-1cb453583325 0.038s
2025-02-10 21:11:56.327 62726 INFO tempest.lib.common.rest_client [req-5a39515d-3439-4531-a2c9-8719a6aa0c87 req-5a39515d-3439-4531-a2c9-8719a6aa0c87 ] Request (AttachInterfacesTestJSON:setUpClass): 201 POST http://10.180.1.21:9696/networking/v2.0/networks 0.507s
2025-02-10 21:11:56.483 62690 INFO tempest.lib.common.rest_client [req-3988be21-b7e1-49b7-a0e4-8acc4b9b5503 req-3988be21-b7e1-49b7-a0e4-8acc4b9b5503 ] Request (ServerGroup264TestJSON:tearDownClass): 204 DELETE http://10.180.1.21:9696/networking/v2.0/networks/046fdd04-3dd4-47fb-b975-91e5a5100b9d 0.291s
2025-02-10 21:11:56.496 62702 INFO tempest.lib.common.rest_client [req-8cc96c14-fd6c-4b89-afee-77dad841ce8e req-8cc96c14-fd6c-4b89-afee-77dad841ce8e ] Request (AttachInterfacesUnderV243Test:setUpClass): 201 POST http://10.180.1.21:9696/networking/v2.0/routers 2.232s
2025-02-10 21:11:56.508 62732 INFO tempest.lib.common.rest_client [req-13cf5a84-ebf4-4b4d-961f-cc533b5b26c4 req-13cf5a84-ebf4-4b4d-961f-cc533b5b26c4 ] Request (ServerDiskConfigTestJSON:test_rebuild_server_with_manual_disk_config): 202 POST http://10.180.1.21/compute/v2.1/servers 2.778s
2025-02-10 21:11:56.580 62690 INFO tempest.lib.common.rest_client [req-af8fbf3d-1fcf-4f98-b67b-6a6a85c182b6 req-af8fbf3d-1fcf-4f98-b67b-6a6a85c182b6 ] Request (ServerGroup264TestJSON:tearDownClass): 204 DELETE http://10.180.1.21/identity/v3/users/d1a142d4a82a4812894a05bad7839bae 0.096s
2025-02-10 21:11:56.580 62690 INFO tempest.lib.common.dynamic_creds [-] Deleting project and security group for project: f96924b35307488fa7c4dcc85d082524
2025-02-10 21:11:56.587 62705 INFO tempest.lib.common.rest_client [req-e489c6db-5209-4e14-ad70-a49bcf5baa5c req-e489c6db-5209-4e14-ad70-a49bcf5baa5c ] Request (ServerGroupTestJSON:test_create_server_with_scheduler_hint_group): 202 POST http://10.180.1.21/compute/v2.1/servers 2.880s
2025-02-10 21:11:56.618 62726 INFO tempest.lib.common.rest_client [req-0246d3ef-ceb9-451c-a2db-c09c31026966 req-0246d3ef-ceb9-451c-a2db-c09c31026966 ] Request (AttachInterfacesTestJSON:setUpClass): 201 POST http://10.180.1.21:9696/networking/v2.0/subnets 0.288s
2025-02-10 21:11:56.636 62690 INFO tempest.lib.common.rest_client [req-fa53122f-dc19-4aa8-99ac-70d30f1308a8 req-fa53122f-dc19-4aa8-99ac-70d30f1308a8 ] Request (ServerGroup264TestJSON:tearDownClass): 200 GET http://10.180.1.21:9696/networking/v2.0/security-groups?tenant_id=f96924b35307488fa7c4dcc85d082524&name=default 0.056s
2025-02-10 21:11:56.670 62698 INFO tempest.lib.common.rest_client [req-bc12f1fe-18bd-4e7c-8f43-5c7a586dc5d1 req-bc12f1fe-18bd-4e7c-8f43-5c7a586dc5d1 ] Request (ServerMetadataTestJSON:setUpClass): 200 GET http://10.180.1.21/compute/v2.1/servers/8577a502-89c3-4ab2-b116-fe335165524e 2.801s
2025-02-10 21:11:56.737 62690 INFO tempest.lib.common.rest_client [req-56133182-a2e3-4327-bf30-2a452ee9c810 req-56133182-a2e3-4327-bf30-2a452ee9c810 ] Request (ServerGroup264TestJSON:tearDownClass): 204 DELETE http://10.180.1.21:9696/networking/v2.0/security-groups/4b1f4920-5584-4887-b454-77297cbfa236 0.100s
2025-02-10 21:11:56.781 62722 INFO tempest.lib.common.rest_client [req-8543d605-8d1e-4f83-8d4d-045be4c61044 req-8543d605-8d1e-4f83-8d4d-045be4c61044 ] Request (ImagesTestJSON:test_create_image_from_suspended_server): 200 GET http://10.180.1.21/compute/v2.1/servers/510928fc-fc7c-44ac-bd13-b2c042a3f9e1 2.602s
2025-02-10 21:11:56.849 62690 INFO tempest.lib.common.rest_client [req-f1c56eb4-27e8-4e84-b3ee-d9877085156b req-f1c56eb4-27e8-4e84-b3ee-d9877085156b ] Request (ServerGroup264TestJSON:tearDownClass): 204 DELETE http://10.180.1.21/identity/v3/projects/f96924b35307488fa7c4dcc85d082524 0.111s
2025-02-10 21:11:56.850 62690 INFO tempest.test [-] raised in ServerStableDeviceRescueTestIDE.setUpClass. Invoking tearDownClass.
2025-02-10 21:11:56.883 62688 INFO tempest.lib.common.rest_client [req-19527768-3898-4cd3-bfd0-5e6f54e16fc6 req-19527768-3898-4cd3-bfd0-5e6f54e16fc6 ] Request (ImagesOneServerNegativeTestJSON:setUpClass): 200 GET http://10.180.1.21/compute/v2.1/servers/9560cbaf-7b0c-4e1b-bdef-805fb0559fa6 3.112s
2025-02-10 21:11:56.978 62721 INFO tempest.lib.common.rest_client [req-bdfbc0f4-e173-4caf-9773-d586fc593902 req-bdfbc0f4-e173-4caf-9773-d586fc593902 ] Request (ServerMetadataNegativeTestJSON:tearDownClass): 200 GET http://10.180.1.21/compute/v2.1/servers/bae0649b-ebc1-459c-bb85-c4f152e4736e 2.597s
2025-02-10 21:11:57.024 62724 INFO tempest.lib.common.rest_client [req-44ba11ce-f13f-407a-b1c0-c9b6063715cd req-44ba11ce-f13f-407a-b1c0-c9b6063715cd ] Request (SecurityGroupsTestJSON:test_security_groups_create_list_delete): 404 GET http://10.180.1.21/compute/v2.1/os-security-groups/dc840563-f2eb-4037-8092-685c8b66ba14 2.588s
2025-02-10 21:11:57.070 62716 INFO tempest.lib.common.rest_client [req-bcba6d4a-ae3a-426f-b5e5-40e8ccc1839e req-bcba6d4a-ae3a-426f-b5e5-40e8ccc1839e ] Request (ServersAaction247Test:tearDownClass): 200 GET http://10.180.1.21/compute/v2.1/servers/96be33ea-8064-49df-bb04-78c162e2b557 2.784s
2025-02-10 21:11:57.109 62710 INFO tempest.lib.common.rest_client [req-665d81c9-3f50-4ba2-af4a-f08882ac15e4 req-665d81c9-3f50-4ba2-af4a-f08882ac15e4 ] Request (ServerActionsV293TestJSON:setUpClass): 200 GET http://10.180.1.21/volume/v3/volumes/f06dcba3-215d-40e9-b10f-135d1e57d7f6 0.041s
2025-02-10 21:11:57.129 62708 INFO tempest.lib.common.rest_client [req-b15322ad-8c44-46fb-b28c-69eef1bfd4d4 req-b15322ad-8c44-46fb-b28c-69eef1bfd4d4 ] Request (DeleteServersAdminTestJSON:test_delete_server_while_in_error_state): 200 GET http://10.180.1.21/compute/v2.1/servers/ab0297aa-4d35-4bf7-8d7e-5c43c16e1eba 2.654s
2025-02-10 21:11:57.145 62734 INFO tempest.lib.common.rest_client [req-24ab27a4-3b2c-4960-add3-8d4dbdb2749c req-24ab27a4-3b2c-4960-add3-8d4dbdb2749c ] Request (AttachVolumeTestJSON:test_attach_detach_volume): 200 GET http://10.180.1.21/compute/v2.1/servers/669b2134-e128-49a9-aad6-15fcecc71e2d 2.575s
2025-02-10 21:11:57.155 62734 INFO tempest.common.waiters [-] State transition "BUILD/None" ==> "BUILD/networking" after 30 second wait
2025-02-10 21:11:57.242 62686 INFO tempest.lib.common.rest_client [req-579b3fc1-6099-41a4-a5f5-5460c6b430f9 req-579b3fc1-6099-41a4-a5f5-5460c6b430f9 ] Request (ListServerFiltersTestJSON:setUpClass): 200 GET http://10.180.1.21/compute/v2.1/servers/46e66edb-3b02-4c07-bdb2-499c76d4258a 2.502s
2025-02-10 21:11:57.271 62712 INFO tempest.lib.common.rest_client [req-85babf58-c2c5-45e1-b20f-b06ff889e50b req-85babf58-c2c5-45e1-b20f-b06ff889e50b ] Request (ServersAdmin275Test:tearDownClass): 200 GET http://10.180.1.21/compute/v2.1/servers/14eaf7ed-743b-4198-832d-54d4cc21c2d8 2.394s
2025-02-10 21:11:57.324 62694 INFO tempest.lib.common.rest_client [req-ba800791-b5f3-4699-b7c5-d02c8d878627 req-ba800791-b5f3-4699-b7c5-d02c8d878627 ] Request (ServersTestBootFromVolume:setUpClass): 200 GET http://10.180.1.21/volume/v3/volumes/b3de53db-253f-42e3-9d65-1cb453583325 0.034s
2025-02-10 21:11:57.357 62714 INFO tempest.lib.common.rest_client [req-e6887c65-dd2a-4c65-a703-d828bb5e030e req-e6887c65-dd2a-4c65-a703-d828bb5e030e ] Request (ImagesNegativeTestJSON:test_create_image_from_deleted_server): 200 GET http://10.180.1.21/compute/v2.1/servers/ab209762-cea6-4a76-9232-527ac7163c86 2.379s
2025-02-10 21:11:57.527 62740 INFO tempest.lib.common.rest_client [req-e2ce5840-9863-49a2-89bb-d98f23c0b4b6 req-e2ce5840-9863-49a2-89bb-d98f23c0b4b6 ] Request (VolumesAdminNegativeTest:test_update_attached_volume_with_nonexistent_volume_in_body): 200 POST http://10.180.1.21/compute/v2.1/os-keypairs 2.468s
2025-02-10 21:11:57.639 62719 INFO tempest.lib.common.rest_client [req-3601c5a1-b9d1-48ef-8f89-73ccf165386e req-3601c5a1-b9d1-48ef-8f89-73ccf165386e ] Request (ServerDiagnosticsV248Test:tearDownClass): 200 GET http://10.180.1.21/compute/v2.1/servers/f00b731b-a392-424e-9e52-8dd3d9017a9e 2.367s
2025-02-10 21:11:57.647 62746 INFO tempest.lib.common.rest_client [req-42e8a8bc-65b0-468e-a453-8cd0d8fcac7a req-42e8a8bc-65b0-468e-a453-8cd0d8fcac7a ] Request (MigrationsAdminTest:test_list_migrations_in_flavor_resize_situation): 200 GET http://10.180.1.21/compute/v2.1/servers/e1f32dac-ca5e-4065-b322-0b668901b2c7 2.529s
2025-02-10 21:11:57.741 62728 INFO tempest.lib.common.rest_client [req-b345a904-5ec2-41c7-8c61-8be547e8c5fe req-b345a904-5ec2-41c7-8c61-8be547e8c5fe ] Request (ServersAdminNegativeTestJSON:test_migrate_server_invalid_state): 200 GET http://10.180.1.21/compute/v2.1/servers/6fa2c60b-401c-49bf-b8fe-364cb0ebe426 2.186s
2025-02-10 21:11:57.744 62744 INFO tempest.lib.common.rest_client [req-1866fadf-f68d-4ec2-b7aa-831c5e125a2e req-1866fadf-f68d-4ec2-b7aa-831c5e125a2e ] Request (InstanceActionsV221TestJSON:test_get_list_deleted_instance_actions): 200 GET http://10.180.1.21/compute/v2.1/servers/d66af878-384b-4046-b7b4-19f5bd038f46 2.311s
2025-02-10 21:11:57.755 62740 INFO tempest.lib.common.rest_client [req-e98d568c-2475-4c75-bd77-db01ac816264 req-e98d568c-2475-4c75-bd77-db01ac816264 ] Request (VolumesAdminNegativeTest:test_update_attached_volume_with_nonexistent_volume_in_body): 201 POST http://10.180.1.21:9696/networking/v2.0/security-groups 0.225s
2025-02-10 21:11:57.912 62740 INFO tempest.lib.common.rest_client [req-0610cfe3-9d53-4c74-b668-300d2bb1c4d5 req-0610cfe3-9d53-4c74-b668-300d2bb1c4d5 ] Request (VolumesAdminNegativeTest:test_update_attached_volume_with_nonexistent_volume_in_body): 201 POST http://10.180.1.21:9696/networking/v2.0/security-group-rules 0.157s
2025-02-10 21:11:58.057 62740 INFO tempest.lib.common.rest_client [req-bf3733c4-7bbc-432b-99a6-f6177df5354b req-bf3733c4-7bbc-432b-99a6-f6177df5354b ] Request (VolumesAdminNegativeTest:test_update_attached_volume_with_nonexistent_volume_in_body): 201 POST http://10.180.1.21:9696/networking/v2.0/security-group-rules 0.144s
2025-02-10 21:11:58.082 62706 INFO tempest.lib.common.rest_client [req-1048598e-4ea3-49a8-8d4e-ba1a7759b634 req-1048598e-4ea3-49a8-8d4e-ba1a7759b634 ] Request (ServersAdminTestJSON:setUpClass): 200 GET http://10.180.1.21/compute/v2.1/servers/f97b76f0-a71f-4b5c-8a5c-9b7e428d2a4a 1.709s
2025-02-10 21:11:58.158 62710 INFO tempest.lib.common.rest_client [req-43b6b02b-3abf-4b87-a969-ed6f7d3000a3 req-43b6b02b-3abf-4b87-a969-ed6f7d3000a3 ] Request (ServerActionsV293TestJSON:setUpClass): 200 GET http://10.180.1.21/volume/v3/volumes/f06dcba3-215d-40e9-b10f-135d1e57d7f6 0.035s
2025-02-10 21:11:58.162 62730 INFO tempest.lib.common.rest_client [req-bc5d94ed-ed17-421a-ada8-a0b9ea448f4e req-bc5d94ed-ed17-421a-ada8-a0b9ea448f4e ] Request (ServersTestMultiNic:test_verify_duplicate_network_nics): 200 GET http://10.180.1.21/compute/v2.1/servers/63a3594c-b1e0-406d-8376-d407a4286d7d 2.198s
2025-02-10 21:11:58.193 62732 INFO tempest.lib.common.rest_client [req-de81d77b-9323-4d67-a521-a262aaa4769e req-de81d77b-9323-4d67-a521-a262aaa4769e ] Request (ServerDiskConfigTestJSON:test_rebuild_server_with_manual_disk_config): 200 GET http://10.180.1.21/compute/v2.1/servers/c94cf40d-a2a6-446d-8458-a160fcb8ff38 1.683s
2025-02-10 21:11:58.302 62700 WARNING tempest.lib.common.ssh [-] Failed to establish authenticated ssh connection to cirros@10.180.180.195 ([Errno None] Unable to connect to port 22 on 10.180.180.195). Number attempts: 5. Retry after 6 seconds.: paramiko.ssh_exception.NoValidConnectionsError: [Errno None] Unable to connect to port 22 on 10.180.180.195
2025-02-10 21:11:58.367 62694 INFO tempest.lib.common.rest_client [req-a778703a-b59b-4dba-a6d7-97bd086fa4dd req-a778703a-b59b-4dba-a6d7-97bd086fa4dd ] Request (ServersTestBootFromVolume:setUpClass): 200 GET http://10.180.1.21/volume/v3/volumes/b3de53db-253f-42e3-9d65-1cb453583325 0.034s
2025-02-10 21:11:58.465 62748 INFO tempest.lib.common.rest_client [req-8e618469-6583-462f-9736-f16b70510c31 req-8e618469-6583-462f-9736-f16b70510c31 ] Request (ServerShowV254Test:test_rebuild_server): 200 GET http://10.180.1.21/compute/v2.1/servers/75169e1c-1cbe-4ae7-82d0-1029915850ac 1.911s
2025-02-10 21:11:58.471 62742 INFO tempest.lib.common.rest_client [req-36b18675-39d4-40cf-bbda-60be31ac697e req-36b18675-39d4-40cf-bbda-60be31ac697e ] Request (ServerAddressesTestJSON:tearDownClass): 200 GET http://10.180.1.21/compute/v2.1/servers/26b6dc14-6f61-48d3-9653-c4ef58e1679a 1.934s
2025-02-10 21:11:58.519 62740 INFO tempest.lib.common.rest_client [req-d6f8a6be-4ad5-4e93-8b5c-1953a62be580 req-d6f8a6be-4ad5-4e93-8b5c-1953a62be580 ] Request (VolumesAdminNegativeTest:test_update_attached_volume_with_nonexistent_volume_in_body): 201 POST http://10.180.1.21:9696/networking/v2.0/floatingips 0.461s
2025-02-10 21:11:58.559 62736 INFO tempest.lib.common.rest_client [req-3c51da69-c808-4a8a-ba68-4dafd3021e8f req-3c51da69-c808-4a8a-ba68-4dafd3021e8f ] Request (DeleteServersTestJSON:test_delete_active_server): 200 GET http://10.180.1.21/compute/v2.1/servers/4d8aea82-d609-499c-970e-dc0369ae0e8f 1.940s
2025-02-10 21:11:58.559 62740 INFO tempest.lib.common.rest_client [req-21ab6ea6-fe38-4523-b75d-5f8cec0c42ec req-21ab6ea6-fe38-4523-b75d-5f8cec0c42ec ] Request (VolumesAdminNegativeTest:test_update_attached_volume_with_nonexistent_volume_in_body): 201 POST http://10.180.1.21/identity/v3/auth/tokens 0.036s
2025-02-10 21:11:58.560 62740 INFO tempest.lib.common.fixed_network [-] (VolumesAdminNegativeTest:test_update_attached_volume_with_nonexistent_volume_in_body) Found network {'id': 'fd65fcd9-8e9e-4ff3-b4b2-033cab37c791', 'name': 'tempest-VolumesAdminNegativeTest-955662674-network', 'tenant_id': '7906ea8da6f64316866fea8316803eaf', 'admin_state_up': True, 'mtu': 8950, 'status': 'ACTIVE', 'subnets': [], 'shared': False, 'project_id': '7906ea8da6f64316866fea8316803eaf', 'port_security_enabled': True, 'router:external': False, 'provider:network_type': 'vlan', 'provider:physical_network': 'default', 'provider:segmentation_id': 140, 'availability_zone_hints': [], 'availability_zones': [], 'ipv4_address_scope': None, 'ipv6_address_scope': None, 'description': '', 'tags': [], 'created_at': '2025-02-10T21:11:41Z', 'updated_at': '2025-02-10T21:11:41Z', 'revision_number': 1} available for tenant
2025-02-10 21:11:58.570 62705 INFO tempest.lib.common.rest_client [req-0221ebc5-f47b-48eb-aa4a-fe46a2f16d05 req-0221ebc5-f47b-48eb-aa4a-fe46a2f16d05 ] Request (ServerGroupTestJSON:test_create_server_with_scheduler_hint_group): 200 GET http://10.180.1.21/compute/v2.1/servers/563269aa-69f0-4ace-ade4-18fda65aeb72 1.980s
2025-02-10 21:11:58.647 62692 INFO tempest.lib.common.rest_client [req-33b68d78-2516-4052-b55d-348f109ef001 req-33b68d78-2516-4052-b55d-348f109ef001 ] Request (InstanceActionsNegativeTestJSON:tearDownClass): 200 GET http://10.180.1.21/compute/v2.1/servers/5e015d27-e0a0-411c-9515-a459994115df 1.994s
2025-02-10 21:11:58.711 62698 INFO tempest.lib.common.rest_client [req-75c459e3-4605-4537-9fc8-e4821e4a43d7 req-75c459e3-4605-4537-9fc8-e4821e4a43d7 ] Request (ServerMetadataTestJSON:setUpClass): 200 GET http://10.180.1.21/compute/v2.1/servers/8577a502-89c3-4ab2-b116-fe335165524e 1.024s
2025-02-10 21:11:58.774 62722 INFO tempest.lib.common.rest_client [req-d2e9e70d-4f79-4cf3-a622-fa2ee74c5745 req-d2e9e70d-4f79-4cf3-a622-fa2ee74c5745 ] Request (ImagesTestJSON:test_create_image_from_suspended_server): 200 GET http://10.180.1.21/compute/v2.1/servers/510928fc-fc7c-44ac-bd13-b2c042a3f9e1 0.986s
2025-02-10 21:11:58.801 62724 INFO tempest.lib.common.rest_client [req-bf8df815-9d74-49d7-a4d9-272f5d7b7ff0 req-bf8df815-9d74-49d7-a4d9-272f5d7b7ff0 ] Request (SecurityGroupsTestJSON:test_security_groups_create_list_delete): 200 GET http://10.180.1.21/compute/v2.1/os-security-groups 1.777s
2025-02-10 21:11:58.886 62721 INFO tempest.lib.common.rest_client [req-a7bedbff-d7bc-4fd4-b6c5-44b562db1ab3 req-a7bedbff-d7bc-4fd4-b6c5-44b562db1ab3 ] Request (ServerMetadataNegativeTestJSON:tearDownClass): 200 GET http://10.180.1.21/compute/v2.1/servers/bae0649b-ebc1-459c-bb85-c4f152e4736e 0.894s
2025-02-10 21:11:58.944 62726 INFO tempest.lib.common.rest_client [req-995c969e-a27d-4128-9b17-4401d430a783 req-995c969e-a27d-4128-9b17-4401d430a783 ] Request (AttachInterfacesTestJSON:setUpClass): 201 POST http://10.180.1.21:9696/networking/v2.0/routers 2.326s
2025-02-10 21:11:58.978 62716 INFO tempest.lib.common.rest_client [req-609a47c1-f3b9-4528-b65b-4e73ba446469 req-609a47c1-f3b9-4528-b65b-4e73ba446469 ] Request (ServersAaction247Test:tearDownClass): 200 GET http://10.180.1.21/compute/v2.1/servers/96be33ea-8064-49df-bb04-78c162e2b557 0.895s
