2025-02-10 21:10:55.838 62748 INFO tempest.lib.common.rest_client [req-dffa8dc0-a21c-46f5-905c-13acb819b65b req-dffa8dc0-a21c-46f5-905c-13acb819b65b ] Request (FlavorsAccessNegativeTestJSON:setUpClass): 204 PUT http://10.180.1.21/identity/v3/projects/16a27bc8db8040a792493696b71f25d5/users/5f06cf1fd0df45268e2f4958642d87bc/roles/147627c5890a4b30a80cd9b6e17b4b69 0.039s
2025-02-10 21:10:55.839 62748 INFO tempest.lib.common.dynamic_creds [-] Dynamic test user 5f06cf1fd0df45268e2f4958642d87bc is created with scope project and roles: ['member']
2025-02-10 21:10:55.839 62748 INFO tempest.lib.common.dynamic_creds [-] Acquired dynamic creds: credentials: Credentials: {'domain_id': 'default', 'domain_name': 'Default', 'username': 'tempest-FlavorsAccessNegativeTestJSON-1530629824-project-member', 'project_domain_id': 'default', 'project_domain_name': 'Default', 'project_id': '16a27bc8db8040a792493696b71f25d5', 'project_name': 'tempest-FlavorsAccessNegativeTestJSON-1530629824', 'tenant_id': '16a27bc8db8040a792493696b71f25d5', 'tenant_name': 'tempest-FlavorsAccessNegativeTestJSON-1530629824', 'user_domain_id': 'default', 'user_domain_name': 'Default', 'user_id': '5f06cf1fd0df45268e2f4958642d87bc', 'system': None}, Network: None, Subnet: None, Router: None
2025-02-10 21:10:55.839 62748 INFO tempest.lib.common.dynamic_creds [-] Created isolated network resources for: credentials: Credentials: {'domain_id': 'default', 'domain_name': 'Default', 'username': 'tempest-FlavorsAccessNegativeTestJSON-1530629824-project-member', 'project_domain_id': 'default', 'project_domain_name': 'Default', 'project_id': '16a27bc8db8040a792493696b71f25d5', 'project_name': 'tempest-FlavorsAccessNegativeTestJSON-1530629824', 'tenant_id': '16a27bc8db8040a792493696b71f25d5', 'tenant_name': 'tempest-FlavorsAccessNegativeTestJSON-1530629824', 'user_domain_id': 'default', 'user_domain_name': 'Default', 'user_id': '5f06cf1fd0df45268e2f4958642d87bc', 'system': None}, Network: None, Subnet: None, Router: None
2025-02-10 21:10:55.841 62736 INFO tempest.lib.common.rest_client [req-94b8f0ba-12ae-4bae-afa0-d559188d3181 req-94b8f0ba-12ae-4bae-afa0-d559188d3181 ] Request (FlavorsAdminTestJSON:_run_cleanups): 200 GET http://10.180.1.21/compute/v2.1/flavors/detail 0.962s
2025-02-10 21:10:55.871 62705 INFO tempest.lib.common.rest_client [req-550ab36d-4c4f-40ed-8b6c-6851ca846d0a req-550ab36d-4c4f-40ed-8b6c-6851ca846d0a ] Request (QuotasAdminTestV236:_run_cleanups): 204 DELETE http://10.180.1.21/identity/v3/users/f6c50bb3161e4f359caaea1c4bb0dced 0.089s
2025-02-10 21:10:55.887 62692 INFO tempest.lib.common.rest_client [req-9e284619-aafc-41eb-99ca-dab1ef5ceb09 req-9e284619-aafc-41eb-99ca-dab1ef5ceb09 ] Request (FlavorsV2NegativeTest:test_boot_with_low_ram): 204 PUT http://10.180.1.21/image/v2/images/19ebccd3-dc49-4cdd-b7fb-1363885833b6/file 1.997s
2025-02-10 21:10:55.925 62748 INFO tempest.lib.common.rest_client [req-5143c44f-a197-4281-a7a0-b45ffceaba5b req-5143c44f-a197-4281-a7a0-b45ffceaba5b ] Request (FlavorsAccessNegativeTestJSON:setUpClass): 201 POST http://10.180.1.21/identity/v3/auth/tokens 0.080s
2025-02-10 21:10:55.967 62730 INFO tempest.lib.common.rest_client [req-72752853-1232-4080-98e9-c2ca89829067 req-72752853-1232-4080-98e9-c2ca89829067 ] Request (AggregatesAdminNegativeTestJSON:_run_cleanups): 200 POST http://10.180.1.21/compute/v2.1/os-aggregates/7/action 1.078s
2025-02-10 21:10:55.992 62692 INFO tempest.lib.common.rest_client [req-9e9ff497-a1db-4c18-ad92-776c0655e1a9 req-9e9ff497-a1db-4c18-ad92-776c0655e1a9 ] Request (FlavorsV2NegativeTest:test_boot_with_low_ram): 201 POST http://10.180.1.21/identity/v3/auth/tokens 0.098s
2025-02-10 21:10:55.993 62692 INFO tempest.lib.common.fixed_network [-] (FlavorsV2NegativeTest:test_boot_with_low_ram) Found network None available for tenant
2025-02-10 21:10:55.993 62705 INFO tempest.lib.common.rest_client [req-b02d5cb4-563b-4a24-bb4f-d86d81229ee8 req-b02d5cb4-563b-4a24-bb4f-d86d81229ee8 ] Request (QuotasAdminTestV236:_run_cleanups): 204 DELETE http://10.180.1.21/identity/v3/projects/1e06ebc0ed184195a79c2e8d096b0058 0.121s
2025-02-10 21:10:56.120 62705 INFO tempest.lib.common.rest_client [req-38cab649-c05c-496f-8cdb-2a58840a6cb1 req-38cab649-c05c-496f-8cdb-2a58840a6cb1 ] Request (QuotasAdminTestV236:tearDownClass): 204 DELETE http://10.180.1.21/identity/v3/users/4dfa5226f8924d638f23ee2291a11014 0.121s
2025-02-10 21:10:56.175 62738 INFO tempest.lib.common.rest_client [req-a0fc91a0-bbca-4d42-be3d-cda453c095f4 req-a0fc91a0-bbca-4d42-be3d-cda453c095f4 ] Request (QuotasAdminTestV257:test_get_updated_quotas): 200 GET http://10.180.1.21/identity/v3/domains?name=Default 0.149s
2025-02-10 21:10:56.227 62724 INFO tempest.lib.common.rest_client [req-ce0e3b58-4045-409e-be1a-c71c3aca094d req-ce0e3b58-4045-409e-be1a-c71c3aca094d ] Request (SecurityGroupsTestJSON:setUpClass): 200 PUT http://10.180.1.21:9696/networking/v2.0/routers/8088569a-487f-46c5-bc92-c1c1b285be79/add_router_interface 3.795s
2025-02-10 21:10:56.227 62724 INFO tempest.lib.common.dynamic_creds [-] Created isolated network resources for: credentials: Credentials: {'domain_id': 'default', 'domain_name': 'Default', 'username': 'tempest-SecurityGroupsTestJSON-1439958167-project-member', 'project_domain_id': 'default', 'project_domain_name': 'Default', 'project_id': 'a7bc39b8487b46cda130f2422b4dbc2a', 'project_name': 'tempest-SecurityGroupsTestJSON-1439958167', 'tenant_id': 'a7bc39b8487b46cda130f2422b4dbc2a', 'tenant_name': 'tempest-SecurityGroupsTestJSON-1439958167', 'user_domain_id': 'default', 'user_domain_name': 'Default', 'user_id': 'b66d335d656542f6b7d181a433a3963d', 'system': None}, Network: {'id': 'bbe9b7d5-e56a-400f-865d-76deedc96663', 'name': 'tempest-SecurityGroupsTestJSON-918902509-network', 'tenant_id': 'a7bc39b8487b46cda130f2422b4dbc2a', 'admin_state_up': True, 'mtu': 8950, 'status': 'ACTIVE', 'subnets': [], 'shared': False, 'project_id': 'a7bc39b8487b46cda130f2422b4dbc2a', 'port_security_enabled': True, 'router:external': False, 'provider:network_type': 'vlan', 'provider:physical_network': 'default', 'provider:segmentation_id': 38, 'availability_zone_hints': [], 'availability_zones': [], 'ipv4_address_scope': None, 'ipv6_address_scope': None, 'description': '', 'tags': [], 'created_at': '2025-02-10T21:10:50Z', 'updated_at': '2025-02-10T21:10:50Z', 'revision_number': 1}, Subnet: {'id': '44c23955-3c1e-4710-be4b-3eecdbe67ca0', 'name': 'tempest-SecurityGroupsTestJSON-918902509-subnet', 'tenant_id': 'a7bc39b8487b46cda130f2422b4dbc2a', 'network_id': 'bbe9b7d5-e56a-400f-865d-76deedc96663', 'ip_version': 4, 'subnetpool_id': None, 'enable_dhcp': True, 'ipv6_ra_mode': None, 'ipv6_address_mode': None, 'gateway_ip': '192.168.128.1', 'cidr': '192.168.128.0/28', 'allocation_pools': [{'start': '192.168.128.2', 'end': '192.168.128.14'}], 'host_routes': [], 'dns_nameservers': [], 'description': '', 'router:external': False, 'service_types': [], 'tags': [], 'created_at': '2025-02-10T21:10:50Z', 'updated_at': '2025-02-10T21:10:50Z', 'revision_number': 0, 'project_id': 'a7bc39b8487b46cda130f2422b4dbc2a'}, Router: {'id': '8088569a-487f-46c5-bc92-c1c1b285be79', 'name': 'tempest-SecurityGroupsTestJSON-918902509-router', 'tenant_id': 'a7bc39b8487b46cda130f2422b4dbc2a', 'admin_state_up': True, 'status': 'ACTIVE', 'external_gateway_info': {'network_id': '3fa017fe-3abf-464f-8d90-5254af794dcc', 'external_fixed_ips': [{'subnet_id': '0ab6afdb-ac3f-4c0b-9a54-e1dc67a41e24', 'ip_address': '10.180.180.135'}], 'enable_snat': True}, 'description': '', 'availability_zones': [], 'distributed': False, 'ha': False, 'availability_zone_hints': [], 'routes': [], 'flavor_id': None, 'tags': [], 'created_at': '2025-02-10T21:10:51Z', 'updated_at': '2025-02-10T21:10:51Z', 'revision_number': 2, 'project_id': 'a7bc39b8487b46cda130f2422b4dbc2a'}
2025-02-10 21:10:56.245 62705 INFO tempest.lib.common.rest_client [req-555bf329-f9ff-4e1f-8e50-ce4ca0ed50d5 req-555bf329-f9ff-4e1f-8e50-ce4ca0ed50d5 ] Request (QuotasAdminTestV236:tearDownClass): 204 DELETE http://10.180.1.21/identity/v3/users/509882ab27e1484db3f858d9b608907b 0.125s
2025-02-10 21:10:56.246 62705 INFO tempest.lib.common.dynamic_creds [-] Deleting project and security group for project: e766243b24e644ac87da89b9d67b46e3
2025-02-10 21:10:56.268 62738 INFO tempest.lib.common.rest_client [req-38593f99-1c57-4a96-ac1a-27d4176cd1c9 req-38593f99-1c57-4a96-ac1a-27d4176cd1c9 ] Request (QuotasAdminTestV257:test_get_updated_quotas): 201 POST http://10.180.1.21/identity/v3/projects 0.092s
2025-02-10 21:10:56.288 62719 INFO tempest.lib.common.rest_client [req-cf075958-2cca-4757-89ce-153278e955cb req-cf075958-2cca-4757-89ce-153278e955cb ] Request (ServerDiagnosticsV248Test:test_get_server_diagnostics): 200 GET http://10.180.1.21/compute/v2.1/servers/f00b731b-a392-424e-9e52-8dd3d9017a9e 1.380s
2025-02-10 21:10:56.306 62719 INFO tempest.common.waiters [-] State transition "BUILD/None" ==> "BUILD/spawning" after 14 second wait
2025-02-10 21:10:56.343 62705 INFO tempest.lib.common.rest_client [req-33bcf387-e2fd-4e5d-8345-2854006147cf req-33bcf387-e2fd-4e5d-8345-2854006147cf ] Request (QuotasAdminTestV236:tearDownClass): 201 POST http://10.180.1.21/identity/v3/auth/tokens 0.097s
2025-02-10 21:10:56.372 62724 INFO tempest.lib.common.rest_client [req-a0c5073a-54c3-4a0d-9027-5fd016cda635 req-a0c5073a-54c3-4a0d-9027-5fd016cda635 ] Request (SecurityGroupsTestJSON:setUpClass): 201 POST http://10.180.1.21/identity/v3/auth/tokens 0.141s
2025-02-10 21:10:56.405 62738 INFO tempest.lib.common.rest_client [req-6690efae-f873-4c27-923f-32ad6366e58e req-6690efae-f873-4c27-923f-32ad6366e58e ] Request (QuotasAdminTestV257:test_get_updated_quotas): 200 GET http://10.180.1.21/identity/v3/domains?name=Default 0.136s
2025-02-10 21:10:56.486 62744 INFO tempest.lib.common.rest_client [req-a74315ce-229d-49c0-80cc-5ade72dff9b4 req-a74315ce-229d-49c0-80cc-5ade72dff9b4 ] Request (AttachInterfacesV270Test:test_create_get_list_interfaces): 200 GET http://10.180.1.21/compute/v2.1/servers/22951fa0-9695-487c-88de-05a13a9e96a5 1.659s
2025-02-10 21:10:56.608 62702 INFO tempest.lib.common.rest_client [req-beb62725-8bfe-40fa-9c0e-66554e1503de req-beb62725-8bfe-40fa-9c0e-66554e1503de ] Request (ServerExternalEventsTest:test_create_server_external_events): 200 GET http://10.180.1.21/compute/v2.1/servers/5632f00a-9ab2-43ac-a035-7714913417e4 1.638s
2025-02-10 21:10:56.711 62746 INFO tempest.lib.common.rest_client [req-540d9a30-19ea-4296-90c6-0f50da0e73a4 req-540d9a30-19ea-4296-90c6-0f50da0e73a4 ] Request (InstanceUsageAuditLogTestJSON:test_get_instance_usage_audit_log): 200 GET http://10.180.1.21/compute/v2.1/os-instance_usage_audit_log/2025-02-10%2021%3A10%3A55 1.672s
2025-02-10 21:10:56.844 62700 INFO tempest.lib.common.rest_client [req-49fa58ad-48f2-4f70-8d5a-b8c91a00ae33 req-49fa58ad-48f2-4f70-8d5a-b8c91a00ae33 ] Request (VolumesAssistedSnapshotsTest:test_volume_assisted_snapshot_create_delete): 200 GET http://10.180.1.21/compute/v2.1/servers/1efd98fb-74e1-463e-afee-a53f890f8043 1.796s
2025-02-10 21:10:56.952 62696 INFO tempest.lib.common.rest_client [req-455e27d4-8e87-4cb5-aa43-cca309d920c3 req-455e27d4-8e87-4cb5-aa43-cca309d920c3 ] Request (ServersWithSpecificFlavorTestJSON:test_verify_created_server_ephemeral_disk): 200 GET http://10.180.1.21/compute/v2.1/servers/bb3d6ca0-7eb0-42b2-ac0e-e91924211240 1.726s
2025-02-10 21:10:57.091 62742 INFO tempest.lib.common.rest_client [req-0975c3b3-f504-40dd-b01e-141d29928d74 req-0975c3b3-f504-40dd-b01e-141d29928d74 ] Request (ServerAddressesTestJSON:setUpClass): 200 GET http://10.180.1.21/compute/v2.1/servers/26b6dc14-6f61-48d3-9653-c4ef58e1679a 1.740s
2025-02-10 21:10:57.137 62728 INFO tempest.lib.common.rest_client [req-d4ce8874-f312-4944-bf5f-c08fa884e1fd req-d4ce8874-f312-4944-bf5f-c08fa884e1fd ] Request (ServersAdminNegativeTestJSON:setUpClass): 202 POST http://10.180.1.21/compute/v2.1/servers 2.169s
2025-02-10 21:10:57.192 62705 INFO tempest.lib.common.rest_client [req-4f10c938-19da-4fa5-ba98-501accee9d75 req-4f10c938-19da-4fa5-ba98-501accee9d75 ] Request (QuotasAdminTestV236:tearDownClass): 200 GET http://10.180.1.21:9696/networking/v2.0/security-groups?tenant_id=e766243b24e644ac87da89b9d67b46e3&name=default 0.849s
2025-02-10 21:10:57.222 62688 INFO tempest.lib.common.rest_client [req-f49197eb-7f00-4181-bd5a-8d4a7337ab42 req-f49197eb-7f00-4181-bd5a-8d4a7337ab42 ] Request (HypervisorAdminUnderV252Test:test_get_hypervisor_show_servers): 200 GET http://10.180.1.21/compute/v2.1/os-hypervisors 1.843s
2025-02-10 21:10:57.252 62734 INFO tempest.lib.common.rest_client [req-a97415e4-23ce-48e6-8477-7cfcc3764905 req-a97415e4-23ce-48e6-8477-7cfcc3764905 ] Request (FloatingIPsNegativeTestJSON:setUpClass): 201 POST http://10.180.1.21:9696/networking/v2.0/routers 1.651s
2025-02-10 21:10:57.286 62694 INFO tempest.lib.common.rest_client [req-cbafc3d0-5bae-4c0a-a39f-f30f154c2e84 req-cbafc3d0-5bae-4c0a-a39f-f30f154c2e84 ] Request (ImagesMetadataTestJSON:setUpClass): 200 GET http://10.180.1.21/compute/v2.1/images/5c5bf8db-5def-407a-b1b2-ff68a73f85dc 1.540s
2025-02-10 21:10:57.317 62710 INFO tempest.lib.common.rest_client [req-54a10969-092b-4fbe-8eb7-7fbebeedc995 req-54a10969-092b-4fbe-8eb7-7fbebeedc995 ] Request (QuotasAdminNegativeTest:test_create_server_when_cpu_quota_is_full): 200 GET http://10.180.1.21/compute/v2.1/os-quota-sets/3c58161f83eb46d2afac544e801f5993 1.703s
2025-02-10 21:10:57.337 62736 INFO tempest.lib.common.rest_client [req-38522f93-1748-4170-bf4c-49a534f39730 req-38522f93-1748-4170-bf4c-49a534f39730 ] Request (FlavorsAdminTestJSON:test_is_public_string_variations): 200 POST http://10.180.1.21/compute/v2.1/flavors 1.489s
2025-02-10 21:10:57.556 62714 INFO tempest.lib.common.rest_client [req-211ddf2a-f1ab-48ce-9bd9-71444792c4c3 req-211ddf2a-f1ab-48ce-9bd9-71444792c4c3 ] Request (ImagesNegativeTestJSON:setUpClass): 200 PUT http://10.180.1.21:9696/networking/v2.0/routers/7a2dd719-e4d6-45a2-9ace-d0722e275a11/add_router_interface 2.001s
2025-02-10 21:10:57.556 62714 INFO tempest.lib.common.dynamic_creds [-] Created isolated network resources for: credentials: Credentials: {'domain_id': 'default', 'domain_name': 'Default', 'username': 'tempest-ImagesNegativeTestJSON-783460736-project-member', 'project_domain_id': 'default', 'project_domain_name': 'Default', 'project_id': '6f90ba0110d04d9a9910462355002cd5', 'project_name': 'tempest-ImagesNegativeTestJSON-783460736', 'tenant_id': '6f90ba0110d04d9a9910462355002cd5', 'tenant_name': 'tempest-ImagesNegativeTestJSON-783460736', 'user_domain_id': 'default', 'user_domain_name': 'Default', 'user_id': '23466133a6f640fdb4c59c93efce0d57', 'system': None}, Network: {'id': '7ec1750a-67d4-4584-a3ff-7d2593aafb8d', 'name': 'tempest-ImagesNegativeTestJSON-1770207374-network', 'tenant_id': '6f90ba0110d04d9a9910462355002cd5', 'admin_state_up': True, 'mtu': 8950, 'status': 'ACTIVE', 'subnets': [], 'shared': False, 'project_id': '6f90ba0110d04d9a9910462355002cd5', 'port_security_enabled': True, 'router:external': False, 'provider:network_type': 'vlan', 'provider:physical_network': 'default', 'provider:segmentation_id': 260, 'availability_zone_hints': [], 'availability_zones': [], 'ipv4_address_scope': None, 'ipv6_address_scope': None, 'description': '', 'tags': [], 'created_at': '2025-02-10T21:10:53Z', 'updated_at': '2025-02-10T21:10:53Z', 'revision_number': 1}, Subnet: {'id': '2f7bac84-17d1-46f4-9f39-79e4eb039e44', 'name': 'tempest-ImagesNegativeTestJSON-1770207374-subnet', 'tenant_id': '6f90ba0110d04d9a9910462355002cd5', 'network_id': '7ec1750a-67d4-4584-a3ff-7d2593aafb8d', 'ip_version': 4, 'subnetpool_id': None, 'enable_dhcp': True, 'ipv6_ra_mode': None, 'ipv6_address_mode': None, 'gateway_ip': '192.168.128.1', 'cidr': '192.168.128.0/28', 'allocation_pools': [{'start': '192.168.128.2', 'end': '192.168.128.14'}], 'host_routes': [], 'dns_nameservers': [], 'description': '', 'router:external': False, 'service_types': [], 'tags': [], 'created_at': '2025-02-10T21:10:53Z', 'updated_at': '2025-02-10T21:10:53Z', 'revision_number': 0, 'project_id': '6f90ba0110d04d9a9910462355002cd5'}, Router: {'id': '7a2dd719-e4d6-45a2-9ace-d0722e275a11', 'name': 'tempest-ImagesNegativeTestJSON-1770207374-router', 'tenant_id': '6f90ba0110d04d9a9910462355002cd5', 'admin_state_up': True, 'status': 'ACTIVE', 'external_gateway_info': {'network_id': '3fa017fe-3abf-464f-8d90-5254af794dcc', 'external_fixed_ips': [{'subnet_id': '0ab6afdb-ac3f-4c0b-9a54-e1dc67a41e24', 'ip_address': '10.180.180.218'}], 'enable_snat': True}, 'description': '', 'availability_zones': [], 'distributed': False, 'ha': False, 'availability_zone_hints': [], 'routes': [], 'flavor_id': None, 'tags': [], 'created_at': '2025-02-10T21:10:53Z', 'updated_at': '2025-02-10T21:10:54Z', 'revision_number': 2, 'project_id': '6f90ba0110d04d9a9910462355002cd5'}
2025-02-10 21:10:57.634 62712 INFO tempest.lib.common.rest_client [req-969959ac-0b39-44e4-9126-8434f85bf29f req-969959ac-0b39-44e4-9126-8434f85bf29f ] Request (ServersAdmin275Test:test_rebuild_update_server_275): 200 GET http://10.180.1.21/compute/v2.1/servers/14eaf7ed-743b-4198-832d-54d4cc21c2d8 1.766s
2025-02-10 21:10:57.649 62712 INFO tempest.common.waiters [-] State transition "BUILD/None" ==> "BUILD/block_device_mapping" after 14 second wait
2025-02-10 21:10:57.677 62714 INFO tempest.lib.common.rest_client [req-fff8afdd-9077-457b-bf24-566f090b2484 req-fff8afdd-9077-457b-bf24-566f090b2484 ] Request (ImagesNegativeTestJSON:setUpClass): 201 POST http://10.180.1.21/identity/v3/auth/tokens 0.114s
2025-02-10 21:10:57.715 62714 INFO tempest.lib.common.rest_client [req-dc3ca0ab-bec2-4a37-ad6f-496fd1ebb58d req-dc3ca0ab-bec2-4a37-ad6f-496fd1ebb58d ] Request (ImagesNegativeTestJSON:test_create_image_from_deleted_server): 201 POST http://10.180.1.21/identity/v3/auth/tokens 0.031s
2025-02-10 21:10:57.715 62714 INFO tempest.lib.common.fixed_network [-] (ImagesNegativeTestJSON:test_create_image_from_deleted_server) Found network {'id': '7ec1750a-67d4-4584-a3ff-7d2593aafb8d', 'name': 'tempest-ImagesNegativeTestJSON-1770207374-network', 'tenant_id': '6f90ba0110d04d9a9910462355002cd5', 'admin_state_up': True, 'mtu': 8950, 'status': 'ACTIVE', 'subnets': [], 'shared': False, 'project_id': '6f90ba0110d04d9a9910462355002cd5', 'port_security_enabled': True, 'router:external': False, 'provider:network_type': 'vlan', 'provider:physical_network': 'default', 'provider:segmentation_id': 260, 'availability_zone_hints': [], 'availability_zones': [], 'ipv4_address_scope': None, 'ipv6_address_scope': None, 'description': '', 'tags': [], 'created_at': '2025-02-10T21:10:53Z', 'updated_at': '2025-02-10T21:10:53Z', 'revision_number': 1} available for tenant
2025-02-10 21:10:57.732 62748 INFO tempest.lib.common.rest_client [req-71a61e80-8f55-4be0-bea8-ca057a8cc7ec req-71a61e80-8f55-4be0-bea8-ca057a8cc7ec ] Request (FlavorsAccessNegativeTestJSON:test_add_flavor_access_duplicate): 200 POST http://10.180.1.21/compute/v2.1/flavors 1.805s
2025-02-10 21:10:57.757 62730 INFO tempest.lib.common.rest_client [req-25d62a49-0fc9-4aec-94be-cb1e61d517be req-25d62a49-0fc9-4aec-94be-cb1e61d517be ] Request (AggregatesAdminNegativeTestJSON:_run_cleanups): 200 DELETE http://10.180.1.21/compute/v2.1/os-aggregates/7 1.787s
2025-02-10 21:10:57.887 62705 INFO tempest.lib.common.rest_client [req-53d02c2c-5f0c-48b9-a6e0-b2be1685622e req-53d02c2c-5f0c-48b9-a6e0-b2be1685622e ] Request (QuotasAdminTestV236:tearDownClass): 204 DELETE http://10.180.1.21:9696/networking/v2.0/security-groups/17b3ed52-d7d9-45db-b532-c0a935eb31f1 0.695s
2025-02-10 21:10:57.972 62705 INFO tempest.lib.common.rest_client [req-a07f5d78-20b6-4530-a50f-742a76f1aafc req-a07f5d78-20b6-4530-a50f-742a76f1aafc ] Request (QuotasAdminTestV236:tearDownClass): 204 DELETE http://10.180.1.21/identity/v3/projects/e766243b24e644ac87da89b9d67b46e3 0.084s
2025-02-10 21:10:57.972 62705 INFO tempest.lib.common.dynamic_creds [-] Deleting project and security group for project: dc12f77bdb21414db8cb23009029ecc6
2025-02-10 21:10:58.031 62740 INFO tempest.lib.common.rest_client [req-ab983038-8dd1-403f-b516-eef8724d6396 req-ab983038-8dd1-403f-b516-eef8724d6396 ] Request (ServerDiagnosticsTest:test_get_server_diagnostics): 200 GET http://10.180.1.21/compute/v2.1/servers/92047179-2f4d-4f31-8c80-853d7c10946c 2.214s
2025-02-10 21:10:58.142 62705 INFO tempest.lib.common.rest_client [req-8382ac42-069a-4556-b369-2fd1e956358c req-8382ac42-069a-4556-b369-2fd1e956358c ] Request (QuotasAdminTestV236:tearDownClass): 200 GET http://10.180.1.21:9696/networking/v2.0/security-groups?tenant_id=dc12f77bdb21414db8cb23009029ecc6&name=default 0.170s
2025-02-10 21:10:58.203 62692 INFO tempest.lib.common.rest_client [req-65e3bafe-8069-417b-8d72-9b3f9eb2daf8 req-65e3bafe-8069-417b-8d72-9b3f9eb2daf8 ] Request (FlavorsV2NegativeTest:test_boot_with_low_ram): 400 POST http://10.180.1.21/compute/v2.1/servers 2.209s
2025-02-10 21:10:58.255 62692 INFO tempest.lib.common.rest_client [req-8b6eacb3-3147-427c-9e1d-2d38ee566a36 req-8b6eacb3-3147-427c-9e1d-2d38ee566a36 ] Request (FlavorsV2NegativeTest:_run_cleanups): 204 DELETE http://10.180.1.21/image/v2/images/19ebccd3-dc49-4cdd-b7fb-1363885833b6 0.051s
2025-02-10 21:10:58.271 62734 INFO tempest.lib.common.rest_client [req-1f3649d7-89ed-432b-9965-f1787e3e96c4 req-1f3649d7-89ed-432b-9965-f1787e3e96c4 ] Request (FloatingIPsNegativeTestJSON:setUpClass): 200 PUT http://10.180.1.21:9696/networking/v2.0/routers/fb1b0686-5421-439c-af4a-c7706bec6050/add_router_interface 1.019s
2025-02-10 21:10:58.272 62734 INFO tempest.lib.common.dynamic_creds [-] Created isolated network resources for: credentials: Credentials: {'domain_id': 'default', 'domain_name': 'Default', 'username': 'tempest-FloatingIPsNegativeTestJSON-1538191190-project-member', 'project_domain_id': 'default', 'project_domain_name': 'Default', 'project_id': 'c5091780721e4393ab0fb0ca3a5ad500', 'project_name': 'tempest-FloatingIPsNegativeTestJSON-1538191190', 'tenant_id': 'c5091780721e4393ab0fb0ca3a5ad500', 'tenant_name': 'tempest-FloatingIPsNegativeTestJSON-1538191190', 'user_domain_id': 'default', 'user_domain_name': 'Default', 'user_id': '192b4ced830c4a07992b9283ac36803c', 'system': None}, Network: {'id': 'e0940aac-da62-4a14-b278-14542d8dc03d', 'name': 'tempest-FloatingIPsNegativeTestJSON-1939741818-network', 'tenant_id': 'c5091780721e4393ab0fb0ca3a5ad500', 'admin_state_up': True, 'mtu': 8950, 'status': 'ACTIVE', 'subnets': [], 'shared': False, 'project_id': 'c5091780721e4393ab0fb0ca3a5ad500', 'port_security_enabled': True, 'router:external': False, 'provider:network_type': 'vlan', 'provider:physical_network': 'default', 'provider:segmentation_id': 229, 'availability_zone_hints': [], 'availability_zones': [], 'ipv4_address_scope': None, 'ipv6_address_scope': None, 'description': '', 'tags': [], 'created_at': '2025-02-10T21:10:54Z', 'updated_at': '2025-02-10T21:10:55Z', 'revision_number': 1}, Subnet: {'id': 'e21e513e-f380-4212-9c64-f41f4f776adc', 'name': 'tempest-FloatingIPsNegativeTestJSON-1939741818-subnet', 'tenant_id': 'c5091780721e4393ab0fb0ca3a5ad500', 'network_id': 'e0940aac-da62-4a14-b278-14542d8dc03d', 'ip_version': 4, 'subnetpool_id': None, 'enable_dhcp': True, 'ipv6_ra_mode': None, 'ipv6_address_mode': None, 'gateway_ip': '192.168.128.1', 'cidr': '192.168.128.0/28', 'allocation_pools': [{'start': '192.168.128.2', 'end': '192.168.128.14'}], 'host_routes': [], 'dns_nameservers': [], 'description': '', 'router:external': False, 'service_types': [], 'tags': [], 'created_at': '2025-02-10T21:10:55Z', 'updated_at': '2025-02-10T21:10:55Z', 'revision_number': 0, 'project_id': 'c5091780721e4393ab0fb0ca3a5ad500'}, Router: {'id': 'fb1b0686-5421-439c-af4a-c7706bec6050', 'name': 'tempest-FloatingIPsNegativeTestJSON-1939741818-router', 'tenant_id': 'c5091780721e4393ab0fb0ca3a5ad500', 'admin_state_up': True, 'status': 'ACTIVE', 'external_gateway_info': {'network_id': '3fa017fe-3abf-464f-8d90-5254af794dcc', 'external_fixed_ips': [{'subnet_id': '0ab6afdb-ac3f-4c0b-9a54-e1dc67a41e24', 'ip_address': '10.180.180.211'}], 'enable_snat': True}, 'description': '', 'availability_zones': [], 'distributed': False, 'ha': False, 'availability_zone_hints': [], 'routes': [], 'flavor_id': None, 'tags': [], 'created_at': '2025-02-10T21:10:55Z', 'updated_at': '2025-02-10T21:10:56Z', 'revision_number': 2, 'project_id': 'c5091780721e4393ab0fb0ca3a5ad500'}
2025-02-10 21:10:58.289 62705 INFO tempest.lib.common.rest_client [req-59a19aa6-4dc2-40b1-9a19-74df448d1c45 req-59a19aa6-4dc2-40b1-9a19-74df448d1c45 ] Request (QuotasAdminTestV236:tearDownClass): 204 DELETE http://10.180.1.21:9696/networking/v2.0/security-groups/2ee4df1b-5508-49e6-a76f-f098650a61a0 0.146s
2025-02-10 21:10:58.322 62732 INFO tempest.lib.common.rest_client [req-d0cb0af1-10f3-443b-9a99-0bfa85a1691e req-d0cb0af1-10f3-443b-9a99-0bfa85a1691e ] Request (ServerDiskConfigTestJSON:setUpClass): 201 POST http://10.180.1.21:9696/networking/v2.0/routers 4.358s
2025-02-10 21:10:58.372 62734 INFO tempest.lib.common.rest_client [req-3c45653a-26fc-4c8b-b484-f4950507f19d req-3c45653a-26fc-4c8b-b484-f4950507f19d ] Request (FloatingIPsNegativeTestJSON:setUpClass): 201 POST http://10.180.1.21/identity/v3/auth/tokens 0.093s
2025-02-10 21:10:58.382 62692 INFO tempest.lib.common.rest_client [req-996b2d1e-c0fd-44f3-a918-f3fca4e00079 req-996b2d1e-c0fd-44f3-a918-f3fca4e00079 ] Request (FlavorsV2NegativeTest:tearDownClass): 204 DELETE http://10.180.1.21/identity/v3/users/3742df3399a44a88a4d357ce680d4d28 0.126s
2025-02-10 21:10:58.382 62692 INFO tempest.lib.common.dynamic_creds [-] Deleting project and security group for project: d20cc4109a1a4d489c6bc1eec2443614
2025-02-10 21:10:58.439 62692 INFO tempest.lib.common.rest_client [req-3939b929-1761-4481-98ab-0d430333b722 req-3939b929-1761-4481-98ab-0d430333b722 ] Request (FlavorsV2NegativeTest:tearDownClass): 201 POST http://10.180.1.21/identity/v3/auth/tokens 0.056s
2025-02-10 21:10:58.460 62705 INFO tempest.lib.common.rest_client [req-ad5cc9f0-396f-4db0-b844-fcc029088900 req-ad5cc9f0-396f-4db0-b844-fcc029088900 ] Request (QuotasAdminTestV236:tearDownClass): 204 DELETE http://10.180.1.21/identity/v3/projects/dc12f77bdb21414db8cb23009029ecc6 0.171s
2025-02-10 21:10:58.515 62705 INFO tempest.lib.common.rest_client [req-7cce246b-a91b-4dae-b093-357ce20fb15a req-7cce246b-a91b-4dae-b093-357ce20fb15a ] Request (QuotasSecurityGroupAdminNegativeTest:setUpClass): 201 POST http://10.180.1.21/identity/v3/auth/tokens 0.053s
2025-02-10 21:10:58.546 62705 INFO tempest.lib.common.rest_client [req-31144105-5138-46dc-89e0-4d2cd3352498 req-31144105-5138-46dc-89e0-4d2cd3352498 ] Request (QuotasSecurityGroupAdminNegativeTest:setUpClass): 201 POST http://10.180.1.21/identity/v3/auth/tokens 0.029s
2025-02-10 21:10:58.576 62705 INFO tempest.lib.common.rest_client [req-20d8977b-2824-4a5f-8266-50e8e950de1e req-20d8977b-2824-4a5f-8266-50e8e950de1e ] Request (QuotasSecurityGroupAdminNegativeTest:setUpClass): 200 GET http://10.180.1.21/identity/v3/domains?name=Default 0.029s
2025-02-10 21:10:58.619 62705 INFO tempest.lib.common.rest_client [req-0618ec2d-6ba2-4f6f-ae8b-902953cc730c req-0618ec2d-6ba2-4f6f-ae8b-902953cc730c ] Request (QuotasSecurityGroupAdminNegativeTest:setUpClass): 201 POST http://10.180.1.21/identity/v3/projects 0.042s
2025-02-10 21:10:58.671 62698 INFO tempest.lib.common.rest_client [req-b2bb77db-8731-48c6-b3aa-eb5543fec93b req-b2bb77db-8731-48c6-b3aa-eb5543fec93b ] Request (FloatingIPsTestJSON:setUpClass): 201 POST http://10.180.1.21:9696/networking/v2.0/routers 4.401s
2025-02-10 21:10:58.700 62705 INFO tempest.lib.common.rest_client [req-4f0081f5-ce88-4040-a602-1c45fcdcac0d req-4f0081f5-ce88-4040-a602-1c45fcdcac0d ] Request (QuotasSecurityGroupAdminNegativeTest:setUpClass): 201 POST http://10.180.1.21/identity/v3/users 0.080s
2025-02-10 21:10:58.724 62716 INFO tempest.lib.common.rest_client [req-c8450688-21e9-429e-afe6-46fd38a7852f req-c8450688-21e9-429e-afe6-46fd38a7852f ] Request (SecurityGroupsNegativeTestJSON:tearDownClass): 200 PUT http://10.180.1.21:9696/networking/v2.0/routers/90b642ea-d446-4fb8-a0b5-b9168e2139be/remove_router_interface 4.646s
2025-02-10 21:10:58.726 62705 INFO tempest.lib.common.rest_client [req-efa356b7-9d63-434f-bc8e-a025676b02dd req-efa356b7-9d63-434f-bc8e-a025676b02dd ] Request (QuotasSecurityGroupAdminNegativeTest:setUpClass): 200 GET http://10.180.1.21/identity/v3/roles 0.025s
2025-02-10 21:10:58.762 62705 INFO tempest.lib.common.rest_client [req-602e7c37-24bc-48eb-9a07-d3e7269454bb req-602e7c37-24bc-48eb-9a07-d3e7269454bb ] Request (QuotasSecurityGroupAdminNegativeTest:setUpClass): 204 PUT http://10.180.1.21/identity/v3/projects/f4a7859cd3504f26acc416c1e8ac988a/users/218872cbb4c1447c9c60f19e456ec25f/roles/147627c5890a4b30a80cd9b6e17b4b69 0.036s
2025-02-10 21:10:58.762 62705 INFO tempest.lib.common.dynamic_creds [-] Dynamic test user 218872cbb4c1447c9c60f19e456ec25f is created with scope project and roles: ['member']
2025-02-10 21:10:58.763 62705 INFO tempest.lib.common.dynamic_creds [-] Acquired dynamic creds: credentials: Credentials: {'domain_id': 'default', 'domain_name': 'Default', 'username': 'tempest-QuotasSecurityGroupAdminNegativeTest-1952458119-project-member', 'project_domain_id': 'default', 'project_domain_name': 'Default', 'project_id': 'f4a7859cd3504f26acc416c1e8ac988a', 'project_name': 'tempest-QuotasSecurityGroupAdminNegativeTest-1952458119', 'tenant_id': 'f4a7859cd3504f26acc416c1e8ac988a', 'tenant_name': 'tempest-QuotasSecurityGroupAdminNegativeTest-1952458119', 'user_domain_id': 'default', 'user_domain_name': 'Default', 'user_id': '218872cbb4c1447c9c60f19e456ec25f', 'system': None}, Network: None, Subnet: None, Router: None
2025-02-10 21:10:58.763 62705 INFO tempest.lib.common.dynamic_creds [-] Created isolated network resources for: credentials: Credentials: {'domain_id': 'default', 'domain_name': 'Default', 'username': 'tempest-QuotasSecurityGroupAdminNegativeTest-1952458119-project-member', 'project_domain_id': 'default', 'project_domain_name': 'Default', 'project_id': 'f4a7859cd3504f26acc416c1e8ac988a', 'project_name': 'tempest-QuotasSecurityGroupAdminNegativeTest-1952458119', 'tenant_id': 'f4a7859cd3504f26acc416c1e8ac988a', 'tenant_name': 'tempest-QuotasSecurityGroupAdminNegativeTest-1952458119', 'user_domain_id': 'default', 'user_domain_name': 'Default', 'user_id': '218872cbb4c1447c9c60f19e456ec25f', 'system': None}, Network: None, Subnet: None, Router: None
2025-02-10 21:10:58.782 62721 INFO tempest.lib.common.rest_client [req-9fc27ae5-1ad3-409c-8a05-632572a3c15e req-9fc27ae5-1ad3-409c-8a05-632572a3c15e ] Request (ServerMetadataNegativeTestJSON:setUpClass): 200 GET http://10.180.1.21/compute/v2.1/servers/bae0649b-ebc1-459c-bb85-c4f152e4736e 2.478s
2025-02-10 21:10:58.841 62705 INFO tempest.lib.common.rest_client [req-1a375696-8a14-43f0-bb8b-670aaa4d9106 req-1a375696-8a14-43f0-bb8b-670aaa4d9106 ] Request (QuotasSecurityGroupAdminNegativeTest:setUpClass): 201 POST http://10.180.1.21/identity/v3/auth/tokens 0.074s
2025-02-10 21:10:58.870 62724 INFO tempest.lib.common.rest_client [req-14326c70-6e30-43a3-ae43-c5c6c93a6bf0 req-14326c70-6e30-43a3-ae43-c5c6c93a6bf0 ] Request (SecurityGroupsTestJSON:test_list_security_groups_by_server): 200 POST http://10.180.1.21/compute/v2.1/os-security-groups 2.496s
2025-02-10 21:10:58.935 62705 INFO tempest.lib.common.rest_client [req-55cab7ed-b579-4a04-99b7-bc424519f826 req-55cab7ed-b579-4a04-99b7-bc424519f826 ] Request (QuotasSecurityGroupAdminNegativeTest:setUpClass): 201 POST http://10.180.1.21/identity/v3/projects 0.093s
2025-02-10 21:10:58.993 62692 INFO tempest.lib.common.rest_client [req-9e45feed-57b8-49c8-854a-b3b2941af7b9 req-9e45feed-57b8-49c8-854a-b3b2941af7b9 ] Request (FlavorsV2NegativeTest:tearDownClass): 200 GET http://10.180.1.21:9696/networking/v2.0/security-groups?tenant_id=d20cc4109a1a4d489c6bc1eec2443614&name=default 0.553s
2025-02-10 21:10:59.003 62705 INFO tempest.lib.common.rest_client [req-5da00837-5626-449a-ba28-862150d442de req-5da00837-5626-449a-ba28-862150d442de ] Request (QuotasSecurityGroupAdminNegativeTest:setUpClass): 201 POST http://10.180.1.21/identity/v3/users 0.067s
2025-02-10 21:10:59.030 62705 INFO tempest.lib.common.rest_client [req-04118e5b-2e45-4d70-bf66-9c8dff98f1bc req-04118e5b-2e45-4d70-bf66-9c8dff98f1bc ] Request (QuotasSecurityGroupAdminNegativeTest:setUpClass): 200 GET http://10.180.1.21/identity/v3/roles 0.027s
2025-02-10 21:10:59.049 62738 INFO tempest.lib.common.rest_client [req-2b3d1e5b-f36f-48b2-8ad2-2dd9b97d3152 req-2b3d1e5b-f36f-48b2-8ad2-2dd9b97d3152 ] Request (QuotasAdminTestV257:test_get_updated_quotas): 200 PUT http://10.180.1.21/compute/v2.1/os-quota-sets/359fb01de0bb4f8cb8752b240f33f204 2.643s
2025-02-10 21:10:59.078 62705 INFO tempest.lib.common.rest_client [req-dbdc6142-461e-4dbf-931e-436b493a5950 req-dbdc6142-461e-4dbf-931e-436b493a5950 ] Request (QuotasSecurityGroupAdminNegativeTest:setUpClass): 204 PUT http://10.180.1.21/identity/v3/projects/4706a5c20add4922aefda1a664112a20/users/c710737a03a64e7e8eaae63392d8fd29/roles/fa87783890134b36994e334d858b0181 0.047s
2025-02-10 21:10:59.169 62705 INFO tempest.lib.common.rest_client [req-eadd5fd9-740e-406b-9c76-5b5d35e88e90 req-eadd5fd9-740e-406b-9c76-5b5d35e88e90 ] Request (QuotasSecurityGroupAdminNegativeTest:setUpClass): 200 GET http://10.180.1.21/identity/v3/roles 0.091s
2025-02-10 21:10:59.197 62705 INFO tempest.lib.common.rest_client [req-0b37b0d4-7be5-487b-be5b-705031c55836 req-0b37b0d4-7be5-487b-be5b-705031c55836 ] Request (QuotasSecurityGroupAdminNegativeTest:setUpClass): 204 PUT http://10.180.1.21/identity/v3/projects/4706a5c20add4922aefda1a664112a20/users/c710737a03a64e7e8eaae63392d8fd29/roles/fa87783890134b36994e334d858b0181 0.027s
2025-02-10 21:10:59.197 62705 INFO tempest.lib.common.dynamic_creds [-] Dynamic test user c710737a03a64e7e8eaae63392d8fd29 is created with scope project and roles: ['admin']
2025-02-10 21:10:59.197 62705 INFO tempest.lib.common.dynamic_creds [-] Acquired dynamic creds: credentials: Credentials: {'domain_id': 'default', 'domain_name': 'Default', 'username': 'tempest-QuotasSecurityGroupAdminNegativeTest-1098510140-project-admin', 'project_domain_id': 'default', 'project_domain_name': 'Default', 'project_id': '4706a5c20add4922aefda1a664112a20', 'project_name': 'tempest-QuotasSecurityGroupAdminNegativeTest-1098510140', 'tenant_id': '4706a5c20add4922aefda1a664112a20', 'tenant_name': 'tempest-QuotasSecurityGroupAdminNegativeTest-1098510140', 'user_domain_id': 'default', 'user_domain_name': 'Default', 'user_id': 'c710737a03a64e7e8eaae63392d8fd29', 'system': None}, Network: None, Subnet: None, Router: None
2025-02-10 21:10:59.197 62705 INFO tempest.lib.common.dynamic_creds [-] Created isolated network resources for: credentials: Credentials: {'domain_id': 'default', 'domain_name': 'Default', 'username': 'tempest-QuotasSecurityGroupAdminNegativeTest-1098510140-project-admin', 'project_domain_id': 'default', 'project_domain_name': 'Default', 'project_id': '4706a5c20add4922aefda1a664112a20', 'project_name': 'tempest-QuotasSecurityGroupAdminNegativeTest-1098510140', 'tenant_id': '4706a5c20add4922aefda1a664112a20', 'tenant_name': 'tempest-QuotasSecurityGroupAdminNegativeTest-1098510140', 'user_domain_id': 'default', 'user_domain_name': 'Default', 'user_id': 'c710737a03a64e7e8eaae63392d8fd29', 'system': None}, Network: None, Subnet: None, Router: None
2025-02-10 21:10:59.331 62705 INFO tempest.lib.common.rest_client [req-b1635e90-6ef8-422f-9d70-8e1a5f98aa68 req-b1635e90-6ef8-422f-9d70-8e1a5f98aa68 ] Request (QuotasSecurityGroupAdminNegativeTest:setUpClass): 201 POST http://10.180.1.21/identity/v3/auth/tokens 0.130s
2025-02-10 21:10:59.357 62726 INFO tempest.lib.common.rest_client [req-947fe910-40ab-428e-859f-bcddd51aebe9 req-947fe910-40ab-428e-859f-bcddd51aebe9 ] Request (TenantUsagesTestJSON:setUpClass): 200 GET http://10.180.1.21/compute/v2.1/servers/59915864-7434-48a0-a2a5-7078596bac19 2.750s
2025-02-10 21:10:59.364 62726 INFO tempest.common.waiters [-] State transition "BUILD/None" ==> "BUILD/networking" after 17 second wait
2025-02-10 21:10:59.374 62708 INFO tempest.lib.common.rest_client [req-d8cee68c-d7e9-4939-96ca-1dd766adb1e7 req-d8cee68c-d7e9-4939-96ca-1dd766adb1e7 ] Request (DeleteServersAdminTestJSON:test_admin_delete_servers_of_others): 200 GET http://10.180.1.21/compute/v2.1/servers/5fe67ecd-6ce4-4f2a-9223-62caff0f6a66 2.946s
2025-02-10 21:10:59.382 62690 INFO tempest.lib.common.rest_client [req-804efcf6-6143-4e8a-8c70-6bedf464ee7e req-804efcf6-6143-4e8a-8c70-6bedf464ee7e ] Request (FloatingIPDetailsTestJSON:setUpClass): 201 POST http://10.180.1.21:9696/networking/v2.0/routers 4.526s
2025-02-10 21:10:59.384 62746 INFO tempest.lib.common.rest_client [req-d9e99ef0-2c20-4d47-8b46-4d7095e08894 req-d9e99ef0-2c20-4d47-8b46-4d7095e08894 ] Request (InstanceUsageAuditLogTestJSON:test_list_instance_usage_audit_logs): 200 GET http://10.180.1.21/compute/v2.1/os-instance_usage_audit_log 2.668s
2025-02-10 21:10:59.488 62746 INFO tempest.lib.common.rest_client [req-15453f73-fecf-4204-b874-efec8b768688 req-15453f73-fecf-4204-b874-efec8b768688 ] Request (InstanceUsageAuditLogTestJSON:tearDownClass): 204 DELETE http://10.180.1.21/identity/v3/users/7abcf04fa35f4db187f1084bb87a5929 0.095s
2025-02-10 21:10:59.500 62728 INFO tempest.lib.common.rest_client [req-8614dd41-b3fb-4647-86e1-4e6e778cb31a req-8614dd41-b3fb-4647-86e1-4e6e778cb31a ] Request (ServersAdminNegativeTestJSON:setUpClass): 200 GET http://10.180.1.21/compute/v2.1/servers/dff0ac3a-7e94-4349-af9c-2739b6c029ba 2.360s
2025-02-10 21:10:59.520 62692 INFO tempest.lib.common.rest_client [req-43e08a36-61ce-421d-b502-a963babc655b req-43e08a36-61ce-421d-b502-a963babc655b ] Request (FlavorsV2NegativeTest:tearDownClass): 204 DELETE http://10.180.1.21:9696/networking/v2.0/security-groups/0f7428a3-fbc4-445c-85be-e09a887c872f 0.526s
2025-02-10 21:10:59.518 62705 INFO tempest.lib.common.rest_client [req-7c9c5089-ba82-4e28-9c23-53c1303f70b3 req-7c9c5089-ba82-4e28-9c23-53c1303f70b3 ] Request (QuotasSecurityGroupAdminNegativeTest:tearDownClass): 204 DELETE http://10.180.1.21/identity/v3/users/218872cbb4c1447c9c60f19e456ec25f 0.184s
2025-02-10 21:10:59.565 62688 INFO tempest.lib.common.rest_client [req-a8206c19-ba23-40a9-bd56-ccdac4ee3231 req-a8206c19-ba23-40a9-bd56-ccdac4ee3231 ] Request (HypervisorAdminUnderV252Test:test_get_hypervisor_show_servers): 200 GET http://10.180.1.21/compute/v2.1/os-hypervisors/domain-c8.fc996f14-c53b-4953-92e3-bdfa48f5cc28/servers 2.342s
2025-02-10 21:10:59.672 62692 INFO tempest.lib.common.rest_client [req-1c6fca0b-4054-43b1-b958-283c53f35277 req-1c6fca0b-4054-43b1-b958-283c53f35277 ] Request (FlavorsV2NegativeTest:tearDownClass): 204 DELETE http://10.180.1.21/identity/v3/projects/d20cc4109a1a4d489c6bc1eec2443614 0.151s
2025-02-10 21:10:59.673 62746 INFO tempest.lib.common.rest_client [req-9be157b5-e2f3-4f9e-946e-7caec657d3a1 req-9be157b5-e2f3-4f9e-946e-7caec657d3a1 ] Request (InstanceUsageAuditLogTestJSON:tearDownClass): 204 DELETE http://10.180.1.21/identity/v3/users/21d64d67c9b94103ad2758044dd88c25 0.184s
2025-02-10 21:10:59.673 62746 INFO tempest.lib.common.dynamic_creds [-] Deleting project and security group for project: bad2dc83c2cd47c2b1feccfbceda28ee
2025-02-10 21:10:59.726 62722 INFO tempest.lib.common.rest_client [req-68b6615d-4d27-4054-b121-ec37f8a627c6 req-68b6615d-4d27-4054-b121-ec37f8a627c6 ] Request (ImagesTestJSON:test_create_image_from_stopped_server): 200 GET http://10.180.1.21/compute/v2.1/servers/981fb438-a3ad-415e-9dc8-276a8829a769 2.905s
2025-02-10 21:10:59.741 62706 INFO tempest.lib.common.rest_client [req-8cd64437-27fa-442c-8d39-ec5cda987ba9 req-8cd64437-27fa-442c-8d39-ec5cda987ba9 ] Request (ServersAdminTestJSON:setUpClass): 201 POST http://10.180.1.21:9696/networking/v2.0/routers 3.977s
2025-02-10 21:10:59.782 62692 INFO tempest.lib.common.rest_client [req-8d59d398-9329-47e6-a7fd-09fe0f263ae7 req-8d59d398-9329-47e6-a7fd-09fe0f263ae7 ] Request (InstanceActionsNegativeTestJSON:setUpClass): 201 POST http://10.180.1.21/identity/v3/auth/tokens 0.109s
2025-02-10 21:10:59.837 62719 INFO tempest.lib.common.rest_client [req-5f66f386-ff1d-4a89-81db-be937a8840f8 req-5f66f386-ff1d-4a89-81db-be937a8840f8 ] Request (ServerDiagnosticsV248Test:test_get_server_diagnostics): 200 GET http://10.180.1.21/compute/v2.1/servers/f00b731b-a392-424e-9e52-8dd3d9017a9e 2.529s
2025-02-10 21:10:59.847 62705 INFO tempest.lib.common.rest_client [req-d01bcb15-a4b0-4e5d-9722-70186af6b908 req-d01bcb15-a4b0-4e5d-9722-70186af6b908 ] Request (QuotasSecurityGroupAdminNegativeTest:tearDownClass): 204 DELETE http://10.180.1.21/identity/v3/users/c710737a03a64e7e8eaae63392d8fd29 0.324s
2025-02-10 21:10:59.847 62705 INFO tempest.lib.common.dynamic_creds [-] Deleting project and security group for project: f4a7859cd3504f26acc416c1e8ac988a
2025-02-10 21:10:59.852 62746 INFO tempest.lib.common.rest_client [req-81417817-3929-42da-9406-ca64eb15e52f req-81417817-3929-42da-9406-ca64eb15e52f ] Request (InstanceUsageAuditLogTestJSON:tearDownClass): 201 POST http://10.180.1.21/identity/v3/auth/tokens 0.179s
2025-02-10 21:10:59.895 62694 INFO tempest.lib.common.rest_client [req-291a82b0-7e46-4e17-af09-89694bf13a92 req-291a82b0-7e46-4e17-af09-89694bf13a92 ] Request (ImagesMetadataTestJSON:setUp): 200 PUT http://10.180.1.21/compute/v2.1/images/5c5bf8db-5def-407a-b1b2-ff68a73f85dc/metadata 2.604s
2025-02-10 21:10:59.913 62692 INFO tempest.lib.common.rest_client [req-92318076-db48-4967-a63a-e5c2f06b094c req-92318076-db48-4967-a63a-e5c2f06b094c ] Request (InstanceActionsNegativeTestJSON:setUpClass): 201 POST http://10.180.1.21/identity/v3/auth/tokens 0.124s
2025-02-10 21:10:59.918 62736 INFO tempest.lib.common.rest_client [req-1d8e9ea6-bdd5-4be8-9c13-d4a8bb1be818 req-1d8e9ea6-bdd5-4be8-9c13-d4a8bb1be818 ] Request (FlavorsAdminTestJSON:test_is_public_string_variations): 200 POST http://10.180.1.21/compute/v2.1/flavors 2.577s
2025-02-10 21:10:59.930 62705 INFO tempest.lib.common.rest_client [req-52eada48-1949-4b21-ad50-4749679c7720 req-52eada48-1949-4b21-ad50-4749679c7720 ] Request (QuotasSecurityGroupAdminNegativeTest:tearDownClass): 201 POST http://10.180.1.21/identity/v3/auth/tokens 0.083s
2025-02-10 21:11:00.013 62692 INFO tempest.lib.common.rest_client [req-ea70a4f3-1e09-45d8-9f33-a680c9e30dcd req-ea70a4f3-1e09-45d8-9f33-a680c9e30dcd ] Request (InstanceActionsNegativeTestJSON:setUpClass): 200 GET http://10.180.1.21/identity/v3/domains?name=Default 0.100s
2025-02-10 21:11:00.062 62716 INFO tempest.lib.common.rest_client [req-eefb8e97-5617-460e-a486-96f9b7aad2be req-eefb8e97-5617-460e-a486-96f9b7aad2be ] Request (SecurityGroupsNegativeTestJSON:tearDownClass): 204 DELETE http://10.180.1.21:9696/networking/v2.0/routers/90b642ea-d446-4fb8-a0b5-b9168e2139be 1.338s
2025-02-10 21:11:00.077 62692 INFO tempest.lib.common.rest_client [req-46334183-bdfa-4f84-996d-2096d0f03875 req-46334183-bdfa-4f84-996d-2096d0f03875 ] Request (InstanceActionsNegativeTestJSON:setUpClass): 201 POST http://10.180.1.21/identity/v3/projects 0.061s
2025-02-10 21:11:00.124 62710 INFO tempest.lib.common.rest_client [req-de9dd113-9035-4052-b518-6c370a6c49c8 req-de9dd113-9035-4052-b518-6c370a6c49c8 ] Request (QuotasAdminNegativeTest:test_create_server_when_cpu_quota_is_full): 200 PUT http://10.180.1.21/compute/v2.1/os-quota-sets/3c58161f83eb46d2afac544e801f5993 2.804s
2025-02-10 21:11:00.217 62692 INFO tempest.lib.common.rest_client [req-2237d6a9-e853-45a4-9b22-13c9474d9e1c req-2237d6a9-e853-45a4-9b22-13c9474d9e1c ] Request (InstanceActionsNegativeTestJSON:setUpClass): 201 POST http://10.180.1.21/identity/v3/users 0.140s
2025-02-10 21:11:00.226 62710 INFO tempest.lib.common.rest_client [req-2c082374-34ad-4d82-9f17-f42c7e3c1b1e req-2c082374-34ad-4d82-9f17-f42c7e3c1b1e ] Request (QuotasAdminNegativeTest:test_create_server_when_cpu_quota_is_full): 201 POST http://10.180.1.21/identity/v3/auth/tokens 0.091s
2025-02-10 21:11:00.226 62710 INFO tempest.lib.common.fixed_network [-] (QuotasAdminNegativeTest:test_create_server_when_cpu_quota_is_full) Found network None available for tenant
2025-02-10 21:11:00.256 62692 INFO tempest.lib.common.rest_client [req-ab3a5995-9448-406d-9d82-5123f2259179 req-ab3a5995-9448-406d-9d82-5123f2259179 ] Request (InstanceActionsNegativeTestJSON:setUpClass): 200 GET http://10.180.1.21/identity/v3/roles 0.039s
2025-02-10 21:11:00.269 62702 INFO tempest.lib.common.rest_client [req-6e8393d9-5584-49d4-ba14-d97aa4ad7eeb req-6e8393d9-5584-49d4-ba14-d97aa4ad7eeb ] Request (ServerExternalEventsTest:test_create_server_external_events): 200 GET http://10.180.1.21/compute/v2.1/servers/5632f00a-9ab2-43ac-a035-7714913417e4 2.649s
2025-02-10 21:11:00.317 62692 INFO tempest.lib.common.rest_client [req-91c3b3e2-f25b-4a41-96e5-9197ba3d596a req-91c3b3e2-f25b-4a41-96e5-9197ba3d596a ] Request (InstanceActionsNegativeTestJSON:setUpClass): 204 PUT http://10.180.1.21/identity/v3/projects/94eda48ceaf548e8898027084136c946/users/ba3441b9fb8749e0801694793711f3c6/roles/147627c5890a4b30a80cd9b6e17b4b69 0.060s
2025-02-10 21:11:00.317 62692 INFO tempest.lib.common.dynamic_creds [-] Dynamic test user ba3441b9fb8749e0801694793711f3c6 is created with scope project and roles: ['member']
2025-02-10 21:11:00.318 62692 INFO tempest.lib.common.dynamic_creds [-] Acquired dynamic creds: credentials: Credentials: {'domain_id': 'default', 'domain_name': 'Default', 'username': 'tempest-InstanceActionsNegativeTestJSON-1279520806-project-member', 'project_domain_id': 'default', 'project_domain_name': 'Default', 'project_id': '94eda48ceaf548e8898027084136c946', 'project_name': 'tempest-InstanceActionsNegativeTestJSON-1279520806', 'tenant_id': '94eda48ceaf548e8898027084136c946', 'tenant_name': 'tempest-InstanceActionsNegativeTestJSON-1279520806', 'user_domain_id': 'default', 'user_domain_name': 'Default', 'user_id': 'ba3441b9fb8749e0801694793711f3c6', 'system': None}, Network: None, Subnet: None, Router: None
2025-02-10 21:11:00.398 62692 INFO tempest.lib.common.rest_client [req-8bc4dc26-7367-42f9-b0ba-78150ca74f9e req-8bc4dc26-7367-42f9-b0ba-78150ca74f9e ] Request (InstanceActionsNegativeTestJSON:setUpClass): 201 POST http://10.180.1.21/identity/v3/auth/tokens 0.079s
2025-02-10 21:11:00.546 62716 INFO tempest.lib.common.rest_client [req-23f2569b-3ff8-4b58-8338-93c774bda936 req-23f2569b-3ff8-4b58-8338-93c774bda936 ] Request (SecurityGroupsNegativeTestJSON:tearDownClass): 204 DELETE http://10.180.1.21:9696/networking/v2.0/subnets/dafe6c6c-2574-45f5-9a14-b6f93b8edd76 0.484s
2025-02-10 21:11:00.643 62744 INFO tempest.lib.common.rest_client [req-4e42c81e-c847-4dd3-81db-de627cc3164c req-4e42c81e-c847-4dd3-81db-de627cc3164c ] Request (AttachInterfacesV270Test:test_create_get_list_interfaces): 200 GET http://10.180.1.21/compute/v2.1/servers/22951fa0-9695-487c-88de-05a13a9e96a5 3.147s
2025-02-10 21:11:00.773 62748 INFO tempest.lib.common.rest_client [req-9cafc0a9-f523-4428-b6f8-cb3cad2da139 req-9cafc0a9-f523-4428-b6f8-cb3cad2da139 ] Request (FlavorsAccessNegativeTestJSON:test_add_flavor_access_duplicate): 200 POST http://10.180.1.21/compute/v2.1/flavors/500842584/action 3.037s
2025-02-10 21:11:00.788 62705 INFO tempest.lib.common.rest_client [req-075621e9-3a87-4e85-ab5e-4a65cbb8eb9e req-075621e9-3a87-4e85-ab5e-4a65cbb8eb9e ] Request (QuotasSecurityGroupAdminNegativeTest:tearDownClass): 200 GET http://10.180.1.21:9696/networking/v2.0/security-groups?tenant_id=f4a7859cd3504f26acc416c1e8ac988a&name=default 0.858s
2025-02-10 21:11:00.808 62730 INFO tempest.lib.common.rest_client [req-510f3ac8-483f-4505-8f5d-79d0ff527e47 req-510f3ac8-483f-4505-8f5d-79d0ff527e47 ] Request (AggregatesAdminNegativeTestJSON:test_aggregate_remove_nonexistent_host): 200 POST http://10.180.1.21/compute/v2.1/os-aggregates 3.049s
2025-02-10 21:11:00.916 62746 INFO tempest.lib.common.rest_client [req-9a4d328f-6a0b-4d17-b51a-51d9bc2016c0 req-9a4d328f-6a0b-4d17-b51a-51d9bc2016c0 ] Request (InstanceUsageAuditLogTestJSON:tearDownClass): 200 GET http://10.180.1.21:9696/networking/v2.0/security-groups?tenant_id=bad2dc83c2cd47c2b1feccfbceda28ee&name=default 1.064s
2025-02-10 21:11:00.920 62700 INFO tempest.lib.common.rest_client [req-2c6317c9-abd6-44b6-bfd1-d90231635207 req-2c6317c9-abd6-44b6-bfd1-d90231635207 ] Request (VolumesAssistedSnapshotsTest:test_volume_assisted_snapshot_create_delete): 200 GET http://10.180.1.21/compute/v2.1/servers/1efd98fb-74e1-463e-afee-a53f890f8043 3.064s
2025-02-10 21:11:01.031 62696 INFO tempest.lib.common.rest_client [req-8e290903-1ab3-40d7-8c08-c8f856a410f5 req-8e290903-1ab3-40d7-8c08-c8f856a410f5 ] Request (ServersWithSpecificFlavorTestJSON:test_verify_created_server_ephemeral_disk): 200 GET http://10.180.1.21/compute/v2.1/servers/bb3d6ca0-7eb0-42b2-ac0e-e91924211240 3.067s
2025-02-10 21:11:01.147 62742 INFO tempest.lib.common.rest_client [req-5ec689e6-0aa2-445c-9f5a-bee5869cbd8b req-5ec689e6-0aa2-445c-9f5a-bee5869cbd8b ] Request (ServerAddressesTestJSON:setUpClass): 200 GET http://10.180.1.21/compute/v2.1/servers/26b6dc14-6f61-48d3-9653-c4ef58e1679a 3.041s
2025-02-10 21:11:01.311 62705 INFO tempest.lib.common.rest_client [req-2f7fe0ee-9a2d-4ef8-b0a4-0d249695e29f req-2f7fe0ee-9a2d-4ef8-b0a4-0d249695e29f ] Request (QuotasSecurityGroupAdminNegativeTest:tearDownClass): 204 DELETE http://10.180.1.21:9696/networking/v2.0/security-groups/112d2065-28d3-4b36-a99c-2cd80a2ff6ef 0.520s
2025-02-10 21:11:01.327 62734 INFO tempest.lib.common.rest_client [req-0c9ea08a-1af4-443f-859f-2ceb63f09e32 req-0c9ea08a-1af4-443f-859f-2ceb63f09e32 ] Request (FloatingIPsNegativeTestJSON:setUpClass): 200 GET http://10.180.1.21/compute/v2.1/os-floating-ips 2.954s
2025-02-10 21:11:01.438 62692 INFO tempest.lib.common.rest_client [req-e1829f2e-c741-4564-a527-d021544966a3 req-e1829f2e-c741-4564-a527-d021544966a3 ] Request (InstanceActionsNegativeTestJSON:setUpClass): 201 POST http://10.180.1.21:9696/networking/v2.0/networks 1.040s
