2025-02-10 21:13:27.149 62730 INFO tempest.lib.common.rest_client [req-24b7d2f6-4943-4e6f-a6af-78efba329f93 req-24b7d2f6-4943-4e6f-a6af-78efba329f93 ] Request (ServersTestMultiNic:test_verify_multiple_nics_order): 200 GET http://10.180.1.21/compute/v2.1/servers/88397693-cf4e-4fbd-88f7-f1c29dcf9d1b 0.122s
2025-02-10 21:13:27.208 62714 INFO tempest.lib.common.rest_client [req-99d1425f-7c59-48e8-887a-80c12c61447e req-99d1425f-7c59-48e8-887a-80c12c61447e ] Request (ServerActionsTestJSON:setUpClass): 200 GET http://10.180.1.21/compute/v2.1/servers/8e3af67b-5850-4fff-9437-83b6c2cc0852 0.130s
2025-02-10 21:13:27.212 62686 INFO tempest.lib.common.rest_client [req-89dd04f4-9ef6-464e-98d4-5a58a2e28051 req-89dd04f4-9ef6-464e-98d4-5a58a2e28051 ] Request (ListServerFiltersTestJSON:tearDownClass): 200 GET http://10.180.1.21/compute/v2.1/servers/46e66edb-3b02-4c07-bdb2-499c76d4258a 0.077s
2025-02-10 21:13:27.270 62708 INFO tempest.lib.common.rest_client [req-02ac9344-6cc6-439c-be42-c0a571420bb1 req-02ac9344-6cc6-439c-be42-c0a571420bb1 ] Request (ListServersNegativeTestJSON:setUpClass): 200 GET http://10.180.1.21/compute/v2.1/servers/9130a935-afbc-498f-9e27-4347e29c95d4 0.090s
2025-02-10 21:13:27.316 62732 INFO tempest.lib.common.rest_client [req-21839eb4-1031-4397-a9fe-1d681077f3d5 req-21839eb4-1031-4397-a9fe-1d681077f3d5 ] Request (ServerDiskConfigTestJSON:test_resize_server_from_auto_to_manual): 200 GET http://10.180.1.21/compute/v2.1/servers/bc030728-2a01-4be4-a15c-994c33282493 0.108s
2025-02-10 21:13:27.320 62726 INFO tempest.lib.common.rest_client [req-252536b8-3fd3-4e7b-89d8-e4f107ad25b1 req-252536b8-3fd3-4e7b-89d8-e4f107ad25b1 ] Request (AttachInterfacesTestJSON:test_create_list_show_delete_interfaces_by_fixed_ip): 200 GET http://10.180.1.21/compute/v2.1/servers/7612af2a-962a-4b03-9d1d-95c06e91968c 0.164s
2025-02-10 21:13:27.374 62719 INFO tempest.lib.common.rest_client [req-ed4581ef-a5b5-4e25-b4cf-9654e66eab37 req-ed4581ef-a5b5-4e25-b4cf-9654e66eab37 ] Request (ServerActionsTestOtherA:setUpClass): 200 GET http://10.180.1.21/compute/v2.1/servers/9354bdc7-4ce8-477e-a612-328ecde7e7fa 0.115s
2025-02-10 21:13:27.419 62716 INFO tempest.lib.common.rest_client [req-5acaa23a-9691-4b0d-9d85-098dac57d7c1 req-5acaa23a-9691-4b0d-9d85-098dac57d7c1 ] Request (ServerShowV247Test:test_update_rebuild_list_server): 200 GET http://10.180.1.21/compute/v2.1/servers/dfebfd70-185b-453d-952f-eecea0e0c7b0 0.110s
2025-02-10 21:13:27.429 62746 INFO tempest.lib.common.rest_client [req-297ca04b-56b7-453f-8a8d-ada105c06477 req-297ca04b-56b7-453f-8a8d-ada105c06477 ] Request (MigrationsAdminTest:test_list_migrations_in_flavor_resize_situation): 200 GET http://10.180.1.21/compute/v2.1/servers/e1f32dac-ca5e-4065-b322-0b668901b2c7 0.151s
2025-02-10 21:13:27.454 62696 WARNING tempest.lib.common.ssh [-] Failed to establish authenticated ssh connection to cirros@10.180.180.238 ([Errno None] Unable to connect to port 22 on 10.180.180.238). Number attempts: 12. Retry after 13 seconds.: paramiko.ssh_exception.NoValidConnectionsError: [Errno None] Unable to connect to port 22 on 10.180.180.238
2025-02-10 21:13:27.476 62705 INFO tempest.lib.common.rest_client [req-f73fa724-2a58-4854-8804-558cdb24a492 req-f73fa724-2a58-4854-8804-558cdb24a492 ] Request (ServerGroupTestJSON:_run_cleanups): 200 GET http://10.180.1.21/compute/v2.1/servers/563269aa-69f0-4ace-ade4-18fda65aeb72 0.147s
2025-02-10 21:13:27.484 62694 INFO tempest.lib.common.rest_client [req-4d6954c5-a8ad-458f-8ed5-57b95ab37a99 req-4d6954c5-a8ad-458f-8ed5-57b95ab37a99 ] Request (ServersTestBootFromVolume:setUpClass): 200 GET http://10.180.1.21/compute/v2.1/servers/519dab60-99ae-4f98-9cb5-216ea79aa4b2 0.125s
2025-02-10 21:13:27.521 62722 INFO tempest.lib.common.rest_client [req-92554d22-2c1d-4d88-af0b-fc1a705a607a req-92554d22-2c1d-4d88-af0b-fc1a705a607a ] Request (ImagesTestJSON:test_create_server_from_snapshot): 200 GET http://10.180.1.21/compute/v2.1/servers/49f77949-d892-470f-bc90-908d75400e34 0.151s
2025-02-10 21:13:27.535 62744 INFO tempest.lib.common.rest_client [req-3bb81755-fefd-4c0f-95c8-a7cb6a2c1d3a req-3bb81755-fefd-4c0f-95c8-a7cb6a2c1d3a ] Request (InstanceActionsV221TestJSON:test_get_list_deleted_instance_actions): 200 GET http://10.180.1.21/compute/v2.1/servers/d66af878-384b-4046-b7b4-19f5bd038f46 0.127s
2025-02-10 21:13:27.568 62698 INFO tempest.lib.common.rest_client [req-84466d33-c465-42d1-97f9-b6d8a17ad9ca req-84466d33-c465-42d1-97f9-b6d8a17ad9ca ] Request (ServerRescueTestJSON:setUpClass): 200 GET http://10.180.1.21/compute/v2.1/servers/39c0a0d7-aaae-47a3-8683-1e3f6500bbfb 0.148s
2025-02-10 21:13:27.580 62688 INFO tempest.lib.common.rest_client [req-1741ec81-2ff8-43bd-819f-ff77ffda0268 req-1741ec81-2ff8-43bd-819f-ff77ffda0268 ] Request (ImagesOneServerNegativeTestJSON:_run_cleanups): 200 GET http://10.180.1.21/compute/v2.1/servers/74affe11-9b15-461d-b616-c9206d86236a 0.096s
2025-02-10 21:13:27.682 62710 INFO tempest.lib.common.rest_client [req-1f6175e5-dd7c-416f-8aa5-afddab90f0c3 req-1f6175e5-dd7c-416f-8aa5-afddab90f0c3 ] Request (ServerActionsV293TestJSON:setUpClass): 200 GET http://10.180.1.21/compute/v2.1/servers/0d7cebb7-37e9-4e30-8681-2fa58d89b0b5 0.056s
2025-02-10 21:13:27.750 62702 INFO tempest.lib.common.rest_client [req-4410ebe8-7b00-443e-a3e4-dcf80e7cf99c req-4410ebe8-7b00-443e-a3e4-dcf80e7cf99c ] Request (AttachInterfacesUnderV243Test:test_add_remove_fixed_ip): 200 GET http://10.180.1.21/compute/v2.1/servers/5b56543f-7140-4cc9-9ad7-9a93e36888cf 0.091s
2025-02-10 21:13:27.757 62702 INFO tempest.common.waiters [-] State transition "BUILD/spawning" ==> "ACTIVE/None" after 84 second wait
2025-02-10 21:13:27.816 62702 INFO tempest.lib.common.rest_client [req-99c068e7-035c-45d8-862b-e3de4873024c req-99c068e7-035c-45d8-862b-e3de4873024c ] Request (AttachInterfacesUnderV243Test:test_add_remove_fixed_ip): 200 GET http://10.180.1.21/compute/v2.1/servers/5b56543f-7140-4cc9-9ad7-9a93e36888cf/os-interface 0.059s
2025-02-10 21:13:27.973 62748 INFO tempest.lib.common.rest_client [req-f132d74a-5741-470b-a984-808f006d10b7 req-f132d74a-5741-470b-a984-808f006d10b7 ] Request (ServerShowV254Test:tearDownClass): 200 GET http://10.180.1.21/compute/v2.1/servers/75169e1c-1cbe-4ae7-82d0-1029915850ac 0.061s
2025-02-10 21:13:28.047 62728 INFO tempest.lib.common.rest_client [req-ad5fc543-ac35-47bb-942a-45992e0829c1 req-ad5fc543-ac35-47bb-942a-45992e0829c1 ] Request (ServersAdminNegativeTestJSON:tearDownClass): 200 GET http://10.180.1.21/compute/v2.1/servers/dff0ac3a-7e94-4349-af9c-2739b6c029ba 0.067s
2025-02-10 21:13:28.102 62706 INFO tempest.lib.common.rest_client [req-faf304fb-f4b1-4c0e-ae8a-f63e79f31ec8 req-faf304fb-f4b1-4c0e-ae8a-f63e79f31ec8 ] Request (ServersAdminTestJSON:test_create_server_with_scheduling_hint): 200 GET http://10.180.1.21/compute/v2.1/servers/5815dbcf-e70f-46b0-910c-ed60f8245a56 0.061s
2025-02-10 21:13:28.150 62712 INFO tempest.lib.common.rest_client [req-3c879ad9-a5a0-48b1-aa5f-ab6e5c2e414a req-3c879ad9-a5a0-48b1-aa5f-ab6e5c2e414a ] Request (FloatingIPsAssociationTestJSON:setUpClass): 200 GET http://10.180.1.21/compute/v2.1/servers/09455f5a-ac87-4c1f-a6d1-0e9a0736493b 0.057s
2025-02-10 21:13:28.157 62724 INFO tempest.lib.common.rest_client [req-790d27d2-131a-40d5-b9df-75e2da864544 req-790d27d2-131a-40d5-b9df-75e2da864544 ] Request (SecurityGroupsTestJSON:test_server_security_groups): 200 GET http://10.180.1.21/compute/v2.1/servers/8ad6a0bd-5b35-4b39-bfbb-c714da148898 0.124s
2025-02-10 21:13:28.167 62724 INFO tempest.common.waiters [-] State transition "HARD_REBOOT/rebooting_hard" ==> "HARD_REBOOT/reboot_started_hard" after 4 second wait
2025-02-10 21:13:28.200 62721 INFO tempest.lib.common.rest_client [req-a503d7b1-9701-487e-ab36-c1c69ba07a19 req-a503d7b1-9701-487e-ab36-c1c69ba07a19 ] Request (ServerPasswordTestJSON:setUpClass): 200 GET http://10.180.1.21/compute/v2.1/servers/baec1543-5ffb-4fd8-8ce7-0b353a826f64 0.103s
2025-02-10 21:13:28.215 62736 INFO tempest.lib.common.rest_client [req-62adc709-0abb-4e36-8e14-d279e0413ea5 req-62adc709-0abb-4e36-8e14-d279e0413ea5 ] Request (DeleteServersTestJSON:test_delete_active_server): 200 GET http://10.180.1.21/compute/v2.1/servers/4d8aea82-d609-499c-970e-dc0369ae0e8f 0.061s
2025-02-10 21:13:28.249 62730 INFO tempest.lib.common.rest_client [req-8dd9cef4-531e-4862-87c0-1a0d3af21d34 req-8dd9cef4-531e-4862-87c0-1a0d3af21d34 ] Request (ServersTestMultiNic:test_verify_multiple_nics_order): 200 GET http://10.180.1.21/compute/v2.1/servers/88397693-cf4e-4fbd-88f7-f1c29dcf9d1b 0.093s
2025-02-10 21:13:28.268 62714 INFO tempest.lib.common.rest_client [req-afda9973-c381-4bfc-930d-80f6bb241b1d req-afda9973-c381-4bfc-930d-80f6bb241b1d ] Request (ServerActionsTestJSON:setUpClass): 200 GET http://10.180.1.21/compute/v2.1/servers/8e3af67b-5850-4fff-9437-83b6c2cc0852 0.052s
2025-02-10 21:13:28.287 62702 INFO tempest.lib.common.rest_client [req-38085fa9-6719-4994-ba1a-1040f9028ef7 req-38085fa9-6719-4994-ba1a-1040f9028ef7 ] Request (AttachInterfacesUnderV243Test:test_add_remove_fixed_ip): 200 PUT http://10.180.1.21:9696/networking/v2.0/floatingips/d58ad46b-05d5-4f95-abc0-bf9e97268e71 0.467s
2025-02-10 21:13:28.302 62686 INFO tempest.lib.common.rest_client [req-b1784a20-6c80-4e8f-af21-364bb8fd2ef0 req-b1784a20-6c80-4e8f-af21-364bb8fd2ef0 ] Request (ListServerFiltersTestJSON:tearDownClass): 200 GET http://10.180.1.21/compute/v2.1/servers/46e66edb-3b02-4c07-bdb2-499c76d4258a 0.081s
2025-02-10 21:13:28.323 62708 INFO tempest.lib.common.rest_client [req-7d4c01b1-c4be-41b6-a5dc-18e795f302c0 req-7d4c01b1-c4be-41b6-a5dc-18e795f302c0 ] Request (ListServersNegativeTestJSON:setUpClass): 200 GET http://10.180.1.21/compute/v2.1/servers/9130a935-afbc-498f-9e27-4347e29c95d4 0.044s
2025-02-10 21:13:28.418 62726 INFO tempest.lib.common.rest_client [req-c3c9b9e1-ce63-4a7c-95b7-6544eaa2ea76 req-c3c9b9e1-ce63-4a7c-95b7-6544eaa2ea76 ] Request (AttachInterfacesTestJSON:test_create_list_show_delete_interfaces_by_fixed_ip): 200 GET http://10.180.1.21/compute/v2.1/servers/7612af2a-962a-4b03-9d1d-95c06e91968c 0.091s
2025-02-10 21:13:28.468 62732 INFO tempest.lib.common.rest_client [req-61538a11-ce88-42dc-851e-85db08af2525 req-61538a11-ce88-42dc-851e-85db08af2525 ] Request (ServerDiskConfigTestJSON:test_resize_server_from_auto_to_manual): 200 GET http://10.180.1.21/compute/v2.1/servers/bc030728-2a01-4be4-a15c-994c33282493 0.141s
2025-02-10 21:13:28.516 62719 INFO tempest.lib.common.rest_client [req-05b97338-bd17-48a8-9cf8-948dd6fdaeb9 req-05b97338-bd17-48a8-9cf8-948dd6fdaeb9 ] Request (ServerActionsTestOtherA:setUpClass): 200 GET http://10.180.1.21/compute/v2.1/servers/9354bdc7-4ce8-477e-a612-328ecde7e7fa 0.133s
2025-02-10 21:13:28.565 62716 INFO tempest.lib.common.rest_client [req-380771a5-45ad-480a-bc89-ff383954996f req-380771a5-45ad-480a-bc89-ff383954996f ] Request (ServerShowV247Test:test_update_rebuild_list_server): 200 GET http://10.180.1.21/compute/v2.1/servers/dfebfd70-185b-453d-952f-eecea0e0c7b0 0.135s
2025-02-10 21:13:28.708 62702 INFO tempest.lib.common.rest_client [req-f89975d4-acad-49a6-8130-5bad1a01212a req-f89975d4-acad-49a6-8130-5bad1a01212a ] Request (AttachInterfacesUnderV243Test:test_add_remove_fixed_ip): 200 GET http://10.180.1.21/compute/v2.1/servers/5b56543f-7140-4cc9-9ad7-9a93e36888cf 0.420s
2025-02-10 21:13:28.720 62702 INFO tempest.lib.common.ssh [-] Creating ssh connection to '10.180.180.247:22' as 'cirros' with public key authentication
2025-02-10 21:13:28.733 62746 INFO tempest.lib.common.rest_client [req-8779b9e7-494b-4c12-977e-31fe797fc440 req-8779b9e7-494b-4c12-977e-31fe797fc440 ] Request (MigrationsAdminTest:test_list_migrations_in_flavor_resize_situation): 200 GET http://10.180.1.21/compute/v2.1/servers/e1f32dac-ca5e-4065-b322-0b668901b2c7 0.296s
2025-02-10 21:13:28.767 62705 INFO tempest.lib.common.rest_client [req-72a24f86-d83b-4c26-9b34-2a70b235f919 req-72a24f86-d83b-4c26-9b34-2a70b235f919 ] Request (ServerGroupTestJSON:_run_cleanups): 200 GET http://10.180.1.21/compute/v2.1/servers/563269aa-69f0-4ace-ade4-18fda65aeb72 0.282s
2025-02-10 21:13:28.784 62694 INFO tempest.lib.common.rest_client [req-efc3dae9-671f-4ffe-bad2-ec5b69c6b59c req-efc3dae9-671f-4ffe-bad2-ec5b69c6b59c ] Request (ServersTestBootFromVolume:setUpClass): 200 GET http://10.180.1.21/compute/v2.1/servers/519dab60-99ae-4f98-9cb5-216ea79aa4b2 0.292s
2025-02-10 21:13:28.821 62722 INFO tempest.lib.common.rest_client [req-d100b61c-4082-442e-a92b-548d50d08dbb req-d100b61c-4082-442e-a92b-548d50d08dbb ] Request (ImagesTestJSON:test_create_server_from_snapshot): 200 GET http://10.180.1.21/compute/v2.1/servers/49f77949-d892-470f-bc90-908d75400e34 0.291s
2025-02-10 21:13:28.851 62744 INFO tempest.lib.common.rest_client [req-e58bd50f-fd06-422a-a286-7679deeb8561 req-e58bd50f-fd06-422a-a286-7679deeb8561 ] Request (InstanceActionsV221TestJSON:test_get_list_deleted_instance_actions): 200 GET http://10.180.1.21/compute/v2.1/servers/d66af878-384b-4046-b7b4-19f5bd038f46 0.306s
2025-02-10 21:13:28.883 62698 INFO tempest.lib.common.rest_client [req-1e5c646b-9ac4-4951-b0b2-75414e231778 req-1e5c646b-9ac4-4951-b0b2-75414e231778 ] Request (ServerRescueTestJSON:setUpClass): 200 GET http://10.180.1.21/compute/v2.1/servers/39c0a0d7-aaae-47a3-8683-1e3f6500bbfb 0.307s
2025-02-10 21:13:28.909 62688 INFO tempest.lib.common.rest_client [req-fad404bc-1e9c-4a37-bd04-d339b8132e59 req-fad404bc-1e9c-4a37-bd04-d339b8132e59 ] Request (ImagesOneServerNegativeTestJSON:_run_cleanups): 200 GET http://10.180.1.21/compute/v2.1/servers/74affe11-9b15-461d-b616-c9206d86236a 0.320s
2025-02-10 21:13:28.940 62710 INFO tempest.lib.common.rest_client [req-291e354a-77e8-459f-ac18-4c48a82f4e4a req-291e354a-77e8-459f-ac18-4c48a82f4e4a ] Request (ServerActionsV293TestJSON:setUpClass): 200 GET http://10.180.1.21/compute/v2.1/servers/0d7cebb7-37e9-4e30-8681-2fa58d89b0b5 0.247s
2025-02-10 21:13:29.054 62748 INFO tempest.lib.common.rest_client [req-c79280b0-0e8b-4a7d-9fec-e78795014a14 req-c79280b0-0e8b-4a7d-9fec-e78795014a14 ] Request (ServerShowV254Test:tearDownClass): 200 GET http://10.180.1.21/compute/v2.1/servers/75169e1c-1cbe-4ae7-82d0-1029915850ac 0.065s
2025-02-10 21:13:29.122 62728 INFO tempest.lib.common.rest_client [req-b61b85d1-922d-4a4b-a7f9-daf5812a340c req-b61b85d1-922d-4a4b-a7f9-daf5812a340c ] Request (ServersAdminNegativeTestJSON:tearDownClass): 200 GET http://10.180.1.21/compute/v2.1/servers/dff0ac3a-7e94-4349-af9c-2739b6c029ba 0.065s
2025-02-10 21:13:29.168 62706 INFO tempest.lib.common.rest_client [req-eff22d6e-6c0b-44f0-ae88-d693334963ef req-eff22d6e-6c0b-44f0-ae88-d693334963ef ] Request (ServersAdminTestJSON:test_create_server_with_scheduling_hint): 200 GET http://10.180.1.21/compute/v2.1/servers/5815dbcf-e70f-46b0-910c-ed60f8245a56 0.056s
2025-02-10 21:13:29.210 62712 INFO tempest.lib.common.rest_client [req-925e4f6a-ec4f-4b84-adcc-d82eb12b41fd req-925e4f6a-ec4f-4b84-adcc-d82eb12b41fd ] Request (FloatingIPsAssociationTestJSON:setUpClass): 200 GET http://10.180.1.21/compute/v2.1/servers/09455f5a-ac87-4c1f-a6d1-0e9a0736493b 0.051s
2025-02-10 21:13:29.260 62721 INFO tempest.lib.common.rest_client [req-fc7c5716-c170-4b61-8e67-48c484a96602 req-fc7c5716-c170-4b61-8e67-48c484a96602 ] Request (ServerPasswordTestJSON:setUpClass): 200 GET http://10.180.1.21/compute/v2.1/servers/baec1543-5ffb-4fd8-8ce7-0b353a826f64 0.052s
2025-02-10 21:13:29.304 62724 INFO tempest.lib.common.rest_client [req-2732f6a3-4925-42e6-ad0b-1c43c6fc28fd req-2732f6a3-4925-42e6-ad0b-1c43c6fc28fd ] Request (SecurityGroupsTestJSON:test_server_security_groups): 200 GET http://10.180.1.21/compute/v2.1/servers/8ad6a0bd-5b35-4b39-bfbb-c714da148898 0.136s
2025-02-10 21:13:29.312 62724 INFO tempest.common.waiters [-] State transition "HARD_REBOOT/reboot_started_hard" ==> "ACTIVE/None" after 5 second wait
2025-02-10 21:13:29.315 62736 INFO tempest.lib.common.rest_client [req-62453eb7-b744-4bf5-ab30-05ef331504f0 req-62453eb7-b744-4bf5-ab30-05ef331504f0 ] Request (DeleteServersTestJSON:test_delete_active_server): 200 GET http://10.180.1.21/compute/v2.1/servers/4d8aea82-d609-499c-970e-dc0369ae0e8f 0.088s
2025-02-10 21:13:29.351 62730 INFO tempest.lib.common.rest_client [req-9ccaf814-60f4-4400-9487-5cdad582d8f4 req-9ccaf814-60f4-4400-9487-5cdad582d8f4 ] Request (ServersTestMultiNic:test_verify_multiple_nics_order): 200 GET http://10.180.1.21/compute/v2.1/servers/88397693-cf4e-4fbd-88f7-f1c29dcf9d1b 0.092s
2025-02-10 21:13:29.360 62714 INFO tempest.lib.common.rest_client [req-f6a39c9d-bac4-4fb9-ae5e-44ae247339f3 req-f6a39c9d-bac4-4fb9-ae5e-44ae247339f3 ] Request (ServerActionsTestJSON:setUpClass): 200 GET http://10.180.1.21/compute/v2.1/servers/8e3af67b-5850-4fff-9437-83b6c2cc0852 0.082s
2025-02-10 21:13:29.367 62714 INFO tempest.common.waiters [-] State transition "BUILD/scheduling" ==> "BUILD/None" after 55 second wait
2025-02-10 21:13:29.407 62686 INFO tempest.lib.common.rest_client [req-d4d186d7-2227-4d42-86c9-51633198e023 req-d4d186d7-2227-4d42-86c9-51633198e023 ] Request (ListServerFiltersTestJSON:tearDownClass): 200 GET http://10.180.1.21/compute/v2.1/servers/46e66edb-3b02-4c07-bdb2-499c76d4258a 0.097s
2025-02-10 21:13:29.458 62708 INFO tempest.lib.common.rest_client [req-4f46e0d1-5c85-4f1d-af2f-54b1e22eb6cd req-4f46e0d1-5c85-4f1d-af2f-54b1e22eb6cd ] Request (ListServersNegativeTestJSON:setUpClass): 200 GET http://10.180.1.21/compute/v2.1/servers/9130a935-afbc-498f-9e27-4347e29c95d4 0.127s
2025-02-10 21:13:29.580 62726 INFO tempest.lib.common.rest_client [req-0f738afd-026b-4ecb-8e21-cbaf9fde95f2 req-0f738afd-026b-4ecb-8e21-cbaf9fde95f2 ] Request (AttachInterfacesTestJSON:test_create_list_show_delete_interfaces_by_fixed_ip): 200 GET http://10.180.1.21/compute/v2.1/servers/7612af2a-962a-4b03-9d1d-95c06e91968c 0.152s
2025-02-10 21:13:29.588 62726 INFO tempest.common.waiters [-] State transition "BUILD/spawning" ==> "ACTIVE/None" after 85 second wait
2025-02-10 21:13:29.634 62732 INFO tempest.lib.common.rest_client [req-6292f1ae-eac9-4f4f-b60a-bbc6c7ccd404 req-6292f1ae-eac9-4f4f-b60a-bbc6c7ccd404 ] Request (ServerDiskConfigTestJSON:test_resize_server_from_auto_to_manual): 200 GET http://10.180.1.21/compute/v2.1/servers/bc030728-2a01-4be4-a15c-994c33282493 0.157s
2025-02-10 21:13:29.683 62719 INFO tempest.lib.common.rest_client [req-584856ba-7d93-4b26-a773-caf5f5f6060f req-584856ba-7d93-4b26-a773-caf5f5f6060f ] Request (ServerActionsTestOtherA:setUpClass): 200 GET http://10.180.1.21/compute/v2.1/servers/9354bdc7-4ce8-477e-a612-328ecde7e7fa 0.159s
2025-02-10 21:13:29.731 62716 INFO tempest.lib.common.rest_client [req-6f620dad-57e3-4017-beb5-6a6c2dde4769 req-6f620dad-57e3-4017-beb5-6a6c2dde4769 ] Request (ServerShowV247Test:test_update_rebuild_list_server): 200 GET http://10.180.1.21/compute/v2.1/servers/dfebfd70-185b-453d-952f-eecea0e0c7b0 0.148s
2025-02-10 21:13:29.801 62726 INFO tempest.lib.common.rest_client [req-32c323fe-9820-4a50-95bf-c20074f4aa7a req-32c323fe-9820-4a50-95bf-c20074f4aa7a ] Request (AttachInterfacesTestJSON:test_create_list_show_delete_interfaces_by_fixed_ip): 200 GET http://10.180.1.21/compute/v2.1/servers/7612af2a-962a-4b03-9d1d-95c06e91968c/os-interface 0.212s
2025-02-10 21:13:29.832 62724 INFO tempest.lib.common.rest_client [req-6399de5d-726d-43b1-9b26-1ae412b0a0f6 req-6399de5d-726d-43b1-9b26-1ae412b0a0f6 ] Request (SecurityGroupsTestJSON:test_server_security_groups): 202 POST http://10.180.1.21/compute/v2.1/servers/8ad6a0bd-5b35-4b39-bfbb-c714da148898/action 0.519s
2025-02-10 21:13:29.899 62705 INFO tempest.lib.common.rest_client [req-180f8625-598a-488b-b447-0ae4dc12c377 req-180f8625-598a-488b-b447-0ae4dc12c377 ] Request (ServerGroupTestJSON:_run_cleanups): 200 GET http://10.180.1.21/compute/v2.1/servers/563269aa-69f0-4ace-ade4-18fda65aeb72 0.125s
2025-02-10 21:13:29.914 62746 INFO tempest.lib.common.rest_client [req-c2ccc6be-0a1b-4907-aa04-985108dd6af0 req-c2ccc6be-0a1b-4907-aa04-985108dd6af0 ] Request (MigrationsAdminTest:test_list_migrations_in_flavor_resize_situation): 200 GET http://10.180.1.21/compute/v2.1/servers/e1f32dac-ca5e-4065-b322-0b668901b2c7 0.173s
2025-02-10 21:13:29.951 62694 INFO tempest.lib.common.rest_client [req-9e380933-0727-477a-a2ca-e27e25d4b836 req-9e380933-0727-477a-a2ca-e27e25d4b836 ] Request (ServersTestBootFromVolume:setUpClass): 200 GET http://10.180.1.21/compute/v2.1/servers/519dab60-99ae-4f98-9cb5-216ea79aa4b2 0.160s
2025-02-10 21:13:29.987 62722 INFO tempest.lib.common.rest_client [req-eb08d35d-a85c-4d67-9d18-f953011492b1 req-eb08d35d-a85c-4d67-9d18-f953011492b1 ] Request (ImagesTestJSON:test_create_server_from_snapshot): 200 GET http://10.180.1.21/compute/v2.1/servers/49f77949-d892-470f-bc90-908d75400e34 0.156s
2025-02-10 21:13:30.014 62724 INFO tempest.lib.common.rest_client [req-8437ad82-6837-4b48-b5c8-187ec6be273b req-8437ad82-6837-4b48-b5c8-187ec6be273b ] Request (SecurityGroupsTestJSON:test_server_security_groups): 400 DELETE http://10.180.1.21/compute/v2.1/os-security-groups/1bb9e33f-1511-48b4-a2b2-e47865af7315 0.179s
2025-02-10 21:13:30.042 62744 INFO tempest.lib.common.rest_client [req-6fac8c51-3e01-4100-ba45-77a9e530f4e3 req-6fac8c51-3e01-4100-ba45-77a9e530f4e3 ] Request (InstanceActionsV221TestJSON:test_get_list_deleted_instance_actions): 200 GET http://10.180.1.21/compute/v2.1/servers/d66af878-384b-4046-b7b4-19f5bd038f46 0.182s
2025-02-10 21:13:30.068 62698 INFO tempest.lib.common.rest_client [req-e9c7bb33-a00c-4938-b3ae-3fef53a29084 req-e9c7bb33-a00c-4938-b3ae-3fef53a29084 ] Request (ServerRescueTestJSON:setUpClass): 200 GET http://10.180.1.21/compute/v2.1/servers/39c0a0d7-aaae-47a3-8683-1e3f6500bbfb 0.175s
2025-02-10 21:13:30.085 62688 INFO tempest.lib.common.rest_client [req-58d138ef-bdc2-42b8-beff-41a90d4e5396 req-58d138ef-bdc2-42b8-beff-41a90d4e5396 ] Request (ImagesOneServerNegativeTestJSON:_run_cleanups): 200 GET http://10.180.1.21/compute/v2.1/servers/74affe11-9b15-461d-b616-c9206d86236a 0.167s
2025-02-10 21:13:30.132 62710 INFO tempest.lib.common.rest_client [req-cbd9fff1-4731-4274-a8bf-4c7ce714c274 req-cbd9fff1-4731-4274-a8bf-4c7ce714c274 ] Request (ServerActionsV293TestJSON:setUpClass): 200 GET http://10.180.1.21/compute/v2.1/servers/0d7cebb7-37e9-4e30-8681-2fa58d89b0b5 0.177s
2025-02-10 21:13:30.159 62724 INFO tempest.lib.common.rest_client [req-3d24f39a-c0ee-4f53-ac48-85227eafbcf1 req-3d24f39a-c0ee-4f53-ac48-85227eafbcf1 ] Request (SecurityGroupsTestJSON:test_server_security_groups): 204 DELETE http://10.180.1.21/compute/v2.1/servers/8ad6a0bd-5b35-4b39-bfbb-c714da148898 0.144s
2025-02-10 21:13:30.198 62748 INFO tempest.lib.common.rest_client [req-db9e1fbc-7605-47bf-ac8d-921b39499996 req-db9e1fbc-7605-47bf-ac8d-921b39499996 ] Request (ServerShowV254Test:tearDownClass): 200 GET http://10.180.1.21/compute/v2.1/servers/75169e1c-1cbe-4ae7-82d0-1029915850ac 0.132s
2025-02-10 21:13:30.218 62728 INFO tempest.lib.common.rest_client [req-482dc7ee-90d1-480c-ae6f-4fb60eac26e0 req-482dc7ee-90d1-480c-ae6f-4fb60eac26e0 ] Request (ServersAdminNegativeTestJSON:tearDownClass): 200 GET http://10.180.1.21/compute/v2.1/servers/dff0ac3a-7e94-4349-af9c-2739b6c029ba 0.088s
2025-02-10 21:13:30.271 62706 INFO tempest.lib.common.rest_client [req-9541c3a8-86f4-4081-9bf5-50bf8b0a5e67 req-9541c3a8-86f4-4081-9bf5-50bf8b0a5e67 ] Request (ServersAdminTestJSON:test_create_server_with_scheduling_hint): 200 GET http://10.180.1.21/compute/v2.1/servers/5815dbcf-e70f-46b0-910c-ed60f8245a56 0.093s
2025-02-10 21:13:30.272 62726 INFO tempest.lib.common.rest_client [req-71ba47dd-083f-4b7f-bf02-c1d266f8c934 req-71ba47dd-083f-4b7f-bf02-c1d266f8c934 ] Request (AttachInterfacesTestJSON:test_create_list_show_delete_interfaces_by_fixed_ip): 200 PUT http://10.180.1.21:9696/networking/v2.0/floatingips/a4148f55-56b0-427a-9188-96bc2182a80f 0.468s
2025-02-10 21:13:30.308 62724 INFO tempest.lib.common.rest_client [req-fe6805e7-00fc-468c-8395-6ef37459cb8f req-fe6805e7-00fc-468c-8395-6ef37459cb8f ] Request (SecurityGroupsTestJSON:test_server_security_groups): 200 GET http://10.180.1.21/compute/v2.1/servers/8ad6a0bd-5b35-4b39-bfbb-c714da148898 0.148s
2025-02-10 21:13:30.322 62712 INFO tempest.lib.common.rest_client [req-0be66665-212d-458b-bc88-b9e3647c5b64 req-0be66665-212d-458b-bc88-b9e3647c5b64 ] Request (FloatingIPsAssociationTestJSON:setUpClass): 200 GET http://10.180.1.21/compute/v2.1/servers/09455f5a-ac87-4c1f-a6d1-0e9a0736493b 0.104s
2025-02-10 21:13:30.356 62721 INFO tempest.lib.common.rest_client [req-a5bbe67f-10ad-4ae7-a6f8-f6d236894e6a req-a5bbe67f-10ad-4ae7-a6f8-f6d236894e6a ] Request (ServerPasswordTestJSON:setUpClass): 200 GET http://10.180.1.21/compute/v2.1/servers/baec1543-5ffb-4fd8-8ce7-0b353a826f64 0.088s
2025-02-10 21:13:30.411 62736 INFO tempest.lib.common.rest_client [req-5c46c8f5-cdbf-48bc-8a02-029dfd5e7a32 req-5c46c8f5-cdbf-48bc-8a02-029dfd5e7a32 ] Request (DeleteServersTestJSON:test_delete_active_server): 200 GET http://10.180.1.21/compute/v2.1/servers/4d8aea82-d609-499c-970e-dc0369ae0e8f 0.089s
2025-02-10 21:13:30.430 62726 INFO tempest.lib.common.rest_client [req-f2753c53-4dcf-4105-9e0d-648261ad8f7d req-f2753c53-4dcf-4105-9e0d-648261ad8f7d ] Request (AttachInterfacesTestJSON:test_create_list_show_delete_interfaces_by_fixed_ip): 200 GET http://10.180.1.21/compute/v2.1/servers/7612af2a-962a-4b03-9d1d-95c06e91968c 0.157s
2025-02-10 21:13:30.438 62726 INFO tempest.lib.common.ssh [-] Creating ssh connection to '10.180.180.160:22' as 'cirros' with public key authentication
2025-02-10 21:13:30.483 62730 INFO tempest.lib.common.rest_client [req-fa119581-74c3-40aa-8e50-55d441bc37a9 req-fa119581-74c3-40aa-8e50-55d441bc37a9 ] Request (ServersTestMultiNic:test_verify_multiple_nics_order): 200 GET http://10.180.1.21/compute/v2.1/servers/88397693-cf4e-4fbd-88f7-f1c29dcf9d1b 0.124s
2025-02-10 21:13:30.498 62714 INFO tempest.lib.common.rest_client [req-4ed37b9d-5095-4e83-82d5-a65b8e6d15cb req-4ed37b9d-5095-4e83-82d5-a65b8e6d15cb ] Request (ServerActionsTestJSON:setUpClass): 200 GET http://10.180.1.21/compute/v2.1/servers/8e3af67b-5850-4fff-9437-83b6c2cc0852 0.131s
2025-02-10 21:13:30.547 62708 INFO tempest.lib.common.rest_client [req-11247f57-417d-4b15-8011-b58a240a508b req-11247f57-417d-4b15-8011-b58a240a508b ] Request (ListServersNegativeTestJSON:setUpClass): 200 GET http://10.180.1.21/compute/v2.1/servers/9130a935-afbc-498f-9e27-4347e29c95d4 0.081s
2025-02-10 21:13:30.550 62686 INFO tempest.lib.common.rest_client [req-1a121157-9d9d-4e1f-9620-040a5fbb5fb7 req-1a121157-9d9d-4e1f-9620-040a5fbb5fb7 ] Request (ListServerFiltersTestJSON:tearDownClass): 200 GET http://10.180.1.21/compute/v2.1/servers/46e66edb-3b02-4c07-bdb2-499c76d4258a 0.134s
2025-02-10 21:13:30.690 62732 INFO tempest.lib.common.rest_client [req-25045480-3125-453b-aa70-7b28851d5ac4 req-25045480-3125-453b-aa70-7b28851d5ac4 ] Request (ServerDiskConfigTestJSON:test_resize_server_from_auto_to_manual): 200 GET http://10.180.1.21/compute/v2.1/servers/bc030728-2a01-4be4-a15c-994c33282493 0.049s
2025-02-10 21:13:30.736 62719 INFO tempest.lib.common.rest_client [req-69386d86-2282-4a67-baa5-cffecc290d52 req-69386d86-2282-4a67-baa5-cffecc290d52 ] Request (ServerActionsTestOtherA:setUpClass): 200 GET http://10.180.1.21/compute/v2.1/servers/9354bdc7-4ce8-477e-a612-328ecde7e7fa 0.044s
2025-02-10 21:13:30.801 62716 INFO tempest.lib.common.rest_client [req-3d0162d8-90d6-4438-a428-5ed90b203242 req-3d0162d8-90d6-4438-a428-5ed90b203242 ] Request (ServerShowV247Test:test_update_rebuild_list_server): 200 GET http://10.180.1.21/compute/v2.1/servers/dfebfd70-185b-453d-952f-eecea0e0c7b0 0.053s
2025-02-10 21:13:30.970 62705 INFO tempest.lib.common.rest_client [req-d3553605-bff2-49ef-87cb-84e02661adca req-d3553605-bff2-49ef-87cb-84e02661adca ] Request (ServerGroupTestJSON:_run_cleanups): 200 GET http://10.180.1.21/compute/v2.1/servers/563269aa-69f0-4ace-ade4-18fda65aeb72 0.063s
2025-02-10 21:13:31.024 62694 INFO tempest.lib.common.rest_client [req-82211fe7-1f3f-4dd3-88d2-77864bd778ae req-82211fe7-1f3f-4dd3-88d2-77864bd778ae ] Request (ServersTestBootFromVolume:setUpClass): 200 GET http://10.180.1.21/compute/v2.1/servers/519dab60-99ae-4f98-9cb5-216ea79aa4b2 0.064s
2025-02-10 21:13:31.067 62746 INFO tempest.lib.common.rest_client [req-84715d0a-d858-4ee8-bb4d-5b533ef98bfa req-84715d0a-d858-4ee8-bb4d-5b533ef98bfa ] Request (MigrationsAdminTest:test_list_migrations_in_flavor_resize_situation): 200 GET http://10.180.1.21/compute/v2.1/servers/e1f32dac-ca5e-4065-b322-0b668901b2c7 0.144s
2025-02-10 21:13:31.074 62722 INFO tempest.lib.common.rest_client [req-4e9af027-4b81-461b-84ca-1602703e4771 req-4e9af027-4b81-461b-84ca-1602703e4771 ] Request (ImagesTestJSON:test_create_server_from_snapshot): 200 GET http://10.180.1.21/compute/v2.1/servers/49f77949-d892-470f-bc90-908d75400e34 0.078s
2025-02-10 21:13:31.080 62722 INFO tempest.common.waiters [-] State transition "BUILD/scheduling" ==> "BUILD/None" after 35 second wait
2025-02-10 21:13:31.138 62744 INFO tempest.lib.common.rest_client [req-9572e235-cb46-4f2d-919c-12a8d333e7ec req-9572e235-cb46-4f2d-919c-12a8d333e7ec ] Request (InstanceActionsV221TestJSON:test_get_list_deleted_instance_actions): 200 GET http://10.180.1.21/compute/v2.1/servers/d66af878-384b-4046-b7b4-19f5bd038f46 0.087s
2025-02-10 21:13:31.149 62698 INFO tempest.lib.common.rest_client [req-a6499119-dca4-493f-a229-aca22bedd6f9 req-a6499119-dca4-493f-a229-aca22bedd6f9 ] Request (ServerRescueTestJSON:setUpClass): 200 GET http://10.180.1.21/compute/v2.1/servers/39c0a0d7-aaae-47a3-8683-1e3f6500bbfb 0.073s
2025-02-10 21:13:31.191 62688 INFO tempest.lib.common.rest_client [req-8bbd6970-add5-4aad-94b5-8def1ea0f260 req-8bbd6970-add5-4aad-94b5-8def1ea0f260 ] Request (ImagesOneServerNegativeTestJSON:_run_cleanups): 200 GET http://10.180.1.21/compute/v2.1/servers/74affe11-9b15-461d-b616-c9206d86236a 0.094s
2025-02-10 21:13:31.207 62710 INFO tempest.lib.common.rest_client [req-de26fa26-fd47-44d5-acb4-f244b4a7d539 req-de26fa26-fd47-44d5-acb4-f244b4a7d539 ] Request (ServerActionsV293TestJSON:setUpClass): 200 GET http://10.180.1.21/compute/v2.1/servers/0d7cebb7-37e9-4e30-8681-2fa58d89b0b5 0.063s
2025-02-10 21:13:31.274 62748 INFO tempest.lib.common.rest_client [req-a02e7b0a-4a3c-40ed-9ce2-0bb2022c4fee req-a02e7b0a-4a3c-40ed-9ce2-0bb2022c4fee ] Request (ServerShowV254Test:tearDownClass): 200 GET http://10.180.1.21/compute/v2.1/servers/75169e1c-1cbe-4ae7-82d0-1029915850ac 0.065s
2025-02-10 21:13:31.304 62728 INFO tempest.lib.common.rest_client [req-a2192fba-cc56-4824-8e00-39fcb175539b req-a2192fba-cc56-4824-8e00-39fcb175539b ] Request (ServersAdminNegativeTestJSON:tearDownClass): 200 GET http://10.180.1.21/compute/v2.1/servers/dff0ac3a-7e94-4349-af9c-2739b6c029ba 0.077s
2025-02-10 21:13:31.332 62706 INFO tempest.lib.common.rest_client [req-629674ab-fe9f-478a-a924-016f3bd08880 req-629674ab-fe9f-478a-a924-016f3bd08880 ] Request (ServersAdminTestJSON:test_create_server_with_scheduling_hint): 200 GET http://10.180.1.21/compute/v2.1/servers/5815dbcf-e70f-46b0-910c-ed60f8245a56 0.052s
2025-02-10 21:13:31.379 62712 INFO tempest.lib.common.rest_client [req-66d220f2-7224-48f7-8bc9-83f0f9a1fb53 req-66d220f2-7224-48f7-8bc9-83f0f9a1fb53 ] Request (FloatingIPsAssociationTestJSON:setUpClass): 200 GET http://10.180.1.21/compute/v2.1/servers/09455f5a-ac87-4c1f-a6d1-0e9a0736493b 0.049s
2025-02-10 21:13:31.434 62721 INFO tempest.lib.common.rest_client [req-5a56f53a-750f-4945-9701-533d6631b329 req-5a56f53a-750f-4945-9701-533d6631b329 ] Request (ServerPasswordTestJSON:setUpClass): 200 GET http://10.180.1.21/compute/v2.1/servers/baec1543-5ffb-4fd8-8ce7-0b353a826f64 0.070s
2025-02-10 21:13:31.440 62724 INFO tempest.lib.common.rest_client [req-a57236d1-89bb-45dd-ae05-2840bb69c06b req-a57236d1-89bb-45dd-ae05-2840bb69c06b ] Request (SecurityGroupsTestJSON:test_server_security_groups): 200 GET http://10.180.1.21/compute/v2.1/servers/8ad6a0bd-5b35-4b39-bfbb-c714da148898 0.124s
2025-02-10 21:13:31.490 62736 INFO tempest.lib.common.rest_client [req-8511bdf9-e516-4a04-9c2e-2998635bb35d req-8511bdf9-e516-4a04-9c2e-2998635bb35d ] Request (DeleteServersTestJSON:test_delete_active_server): 200 GET http://10.180.1.21/compute/v2.1/servers/4d8aea82-d609-499c-970e-dc0369ae0e8f 0.069s
2025-02-10 21:13:31.540 62730 INFO tempest.lib.common.rest_client [req-ed5febc7-ad77-405c-9f1e-4955914cd9a6 req-ed5febc7-ad77-405c-9f1e-4955914cd9a6 ] Request (ServersTestMultiNic:test_verify_multiple_nics_order): 200 GET http://10.180.1.21/compute/v2.1/servers/88397693-cf4e-4fbd-88f7-f1c29dcf9d1b 0.049s
2025-02-10 21:13:31.559 62714 INFO tempest.lib.common.rest_client [req-f7a16bbe-f763-418f-bac7-e4d2c742fb08 req-f7a16bbe-f763-418f-bac7-e4d2c742fb08 ] Request (ServerActionsTestJSON:setUpClass): 200 GET http://10.180.1.21/compute/v2.1/servers/8e3af67b-5850-4fff-9437-83b6c2cc0852 0.050s
2025-02-10 21:13:31.608 62708 INFO tempest.lib.common.rest_client [req-e76f6922-3bb3-4f5d-8a52-907575f32396 req-e76f6922-3bb3-4f5d-8a52-907575f32396 ] Request (ListServersNegativeTestJSON:setUpClass): 200 GET http://10.180.1.21/compute/v2.1/servers/9130a935-afbc-498f-9e27-4347e29c95d4 0.054s
2025-02-10 21:13:31.621 62686 INFO tempest.lib.common.rest_client [req-033e491e-01d5-4f51-b495-602287182262 req-033e491e-01d5-4f51-b495-602287182262 ] Request (ListServerFiltersTestJSON:tearDownClass): 200 GET http://10.180.1.21/compute/v2.1/servers/46e66edb-3b02-4c07-bdb2-499c76d4258a 0.063s
2025-02-10 21:13:31.759 62732 INFO tempest.lib.common.rest_client [req-229a0d2f-7451-4ce1-8b27-1b03e0248542 req-229a0d2f-7451-4ce1-8b27-1b03e0248542 ] Request (ServerDiskConfigTestJSON:test_resize_server_from_auto_to_manual): 200 GET http://10.180.1.21/compute/v2.1/servers/bc030728-2a01-4be4-a15c-994c33282493 0.059s
2025-02-10 21:13:31.794 62719 INFO tempest.lib.common.rest_client [req-1aa1a479-d838-4984-8112-0a9b24c7effe req-1aa1a479-d838-4984-8112-0a9b24c7effe ] Request (ServerActionsTestOtherA:setUpClass): 200 GET http://10.180.1.21/compute/v2.1/servers/9354bdc7-4ce8-477e-a612-328ecde7e7fa 0.051s
2025-02-10 21:13:31.865 62716 INFO tempest.lib.common.rest_client [req-8b27b717-46fa-4508-92be-19a318fbfb65 req-8b27b717-46fa-4508-92be-19a318fbfb65 ] Request (ServerShowV247Test:test_update_rebuild_list_server): 200 GET http://10.180.1.21/compute/v2.1/servers/dfebfd70-185b-453d-952f-eecea0e0c7b0 0.054s
2025-02-10 21:13:32.043 62705 INFO tempest.lib.common.rest_client [req-a1e39df9-1e19-4902-afe0-ea80e6984e21 req-a1e39df9-1e19-4902-afe0-ea80e6984e21 ] Request (ServerGroupTestJSON:_run_cleanups): 200 GET http://10.180.1.21/compute/v2.1/servers/563269aa-69f0-4ace-ade4-18fda65aeb72 0.065s
2025-02-10 21:13:32.079 62694 INFO tempest.lib.common.rest_client [req-365b5921-13b8-4ad2-8b5f-f36cf91c1abc req-365b5921-13b8-4ad2-8b5f-f36cf91c1abc ] Request (ServersTestBootFromVolume:setUpClass): 200 GET http://10.180.1.21/compute/v2.1/servers/519dab60-99ae-4f98-9cb5-216ea79aa4b2 0.047s
2025-02-10 21:13:32.140 62722 INFO tempest.lib.common.rest_client [req-17706aae-20aa-425e-b4a7-a650c557ae30 req-17706aae-20aa-425e-b4a7-a650c557ae30 ] Request (ImagesTestJSON:test_create_server_from_snapshot): 200 GET http://10.180.1.21/compute/v2.1/servers/49f77949-d892-470f-bc90-908d75400e34 0.058s
2025-02-10 21:13:32.180 62746 INFO tempest.lib.common.rest_client [req-845351d9-4436-4014-b160-92c0e0948366 req-845351d9-4436-4014-b160-92c0e0948366 ] Request (MigrationsAdminTest:test_list_migrations_in_flavor_resize_situation): 200 GET http://10.180.1.21/compute/v2.1/servers/e1f32dac-ca5e-4065-b322-0b668901b2c7 0.097s
2025-02-10 21:13:32.199 62744 INFO tempest.lib.common.rest_client [req-6890e553-a92e-4bb8-a332-ed80040b2f5f req-6890e553-a92e-4bb8-a332-ed80040b2f5f ] Request (InstanceActionsV221TestJSON:test_get_list_deleted_instance_actions): 200 GET http://10.180.1.21/compute/v2.1/servers/d66af878-384b-4046-b7b4-19f5bd038f46 0.052s
2025-02-10 21:13:32.224 62698 INFO tempest.lib.common.rest_client [req-5549f904-a060-4fdc-befb-c8b1ed3463a2 req-5549f904-a060-4fdc-befb-c8b1ed3463a2 ] Request (ServerRescueTestJSON:setUpClass): 200 GET http://10.180.1.21/compute/v2.1/servers/39c0a0d7-aaae-47a3-8683-1e3f6500bbfb 0.067s
2025-02-10 21:13:32.243 62688 INFO tempest.lib.common.rest_client [req-2f555ce7-724a-46b4-ba69-bce0f947e091 req-2f555ce7-724a-46b4-ba69-bce0f947e091 ] Request (ImagesOneServerNegativeTestJSON:_run_cleanups): 200 GET http://10.180.1.21/compute/v2.1/servers/74affe11-9b15-461d-b616-c9206d86236a 0.042s
2025-02-10 21:13:32.272 62710 INFO tempest.lib.common.rest_client [req-a6355ee6-715d-469a-bdfc-1a77af2696d0 req-a6355ee6-715d-469a-bdfc-1a77af2696d0 ] Request (ServerActionsV293TestJSON:setUpClass): 200 GET http://10.180.1.21/compute/v2.1/servers/0d7cebb7-37e9-4e30-8681-2fa58d89b0b5 0.050s
2025-02-10 21:13:32.349 62748 INFO tempest.lib.common.rest_client [req-f2e1235f-23ac-415a-bddd-3077e5e94379 req-f2e1235f-23ac-415a-bddd-3077e5e94379 ] Request (ServerShowV254Test:tearDownClass): 200 GET http://10.180.1.21/compute/v2.1/servers/75169e1c-1cbe-4ae7-82d0-1029915850ac 0.064s
2025-02-10 21:13:32.368 62728 INFO tempest.lib.common.rest_client [req-93e84b75-b3c2-475f-afe2-d1f87808e09a req-93e84b75-b3c2-475f-afe2-d1f87808e09a ] Request (ServersAdminNegativeTestJSON:tearDownClass): 200 GET http://10.180.1.21/compute/v2.1/servers/dff0ac3a-7e94-4349-af9c-2739b6c029ba 0.056s
2025-02-10 21:13:32.400 62706 INFO tempest.lib.common.rest_client [req-80faea4c-f16f-4991-90ee-283492f43f4a req-80faea4c-f16f-4991-90ee-283492f43f4a ] Request (ServersAdminTestJSON:test_create_server_with_scheduling_hint): 200 GET http://10.180.1.21/compute/v2.1/servers/5815dbcf-e70f-46b0-910c-ed60f8245a56 0.061s
2025-02-10 21:13:32.433 62712 INFO tempest.lib.common.rest_client [req-6d39dd0c-19e5-47e0-830a-c3d126ee023e req-6d39dd0c-19e5-47e0-830a-c3d126ee023e ] Request (FloatingIPsAssociationTestJSON:setUpClass): 200 GET http://10.180.1.21/compute/v2.1/servers/09455f5a-ac87-4c1f-a6d1-0e9a0736493b 0.046s
2025-02-10 21:13:32.504 62721 INFO tempest.lib.common.rest_client [req-31bedcc9-657f-46fb-9260-b1acc6271a8b req-31bedcc9-657f-46fb-9260-b1acc6271a8b ] Request (ServerPasswordTestJSON:setUpClass): 200 GET http://10.180.1.21/compute/v2.1/servers/baec1543-5ffb-4fd8-8ce7-0b353a826f64 0.061s
2025-02-10 21:13:32.564 62736 INFO tempest.lib.common.rest_client [req-24e38aa6-6d3b-4431-a8d6-709994988da1 req-24e38aa6-6d3b-4431-a8d6-709994988da1 ] Request (DeleteServersTestJSON:test_delete_active_server): 200 GET http://10.180.1.21/compute/v2.1/servers/4d8aea82-d609-499c-970e-dc0369ae0e8f 0.067s
2025-02-10 21:13:32.592 62724 INFO tempest.lib.common.rest_client [req-3f7d871d-37a7-4b4e-a83c-f481089f16c9 req-3f7d871d-37a7-4b4e-a83c-f481089f16c9 ] Request (SecurityGroupsTestJSON:test_server_security_groups): 200 GET http://10.180.1.21/compute/v2.1/servers/8ad6a0bd-5b35-4b39-bfbb-c714da148898 0.140s
2025-02-10 21:13:32.616 62730 INFO tempest.lib.common.rest_client [req-27082fd7-6f79-4243-9f38-b7ffdccecf44 req-27082fd7-6f79-4243-9f38-b7ffdccecf44 ] Request (ServersTestMultiNic:test_verify_multiple_nics_order): 200 GET http://10.180.1.21/compute/v2.1/servers/88397693-cf4e-4fbd-88f7-f1c29dcf9d1b 0.067s
2025-02-10 21:13:32.649 62714 INFO tempest.lib.common.rest_client [req-dbd2f834-351b-4b71-ae91-a25bf743dd64 req-dbd2f834-351b-4b71-ae91-a25bf743dd64 ] Request (ServerActionsTestJSON:setUpClass): 200 GET http://10.180.1.21/compute/v2.1/servers/8e3af67b-5850-4fff-9437-83b6c2cc0852 0.082s
2025-02-10 21:13:32.663 62708 INFO tempest.lib.common.rest_client [req-922c3a1d-0f8a-499d-af95-a0c7a22ee43d req-922c3a1d-0f8a-499d-af95-a0c7a22ee43d ] Request (ListServersNegativeTestJSON:setUpClass): 200 GET http://10.180.1.21/compute/v2.1/servers/9130a935-afbc-498f-9e27-4347e29c95d4 0.047s
2025-02-10 21:13:32.711 62686 INFO tempest.lib.common.rest_client [req-b4208bab-3ab9-44cd-afc5-677e010d72d2 req-b4208bab-3ab9-44cd-afc5-677e010d72d2 ] Request (ListServerFiltersTestJSON:tearDownClass): 200 GET http://10.180.1.21/compute/v2.1/servers/46e66edb-3b02-4c07-bdb2-499c76d4258a 0.081s
2025-02-10 21:13:32.818 62732 INFO tempest.lib.common.rest_client [req-66c5ac24-1e32-4586-8fe0-edbdacb71242 req-66c5ac24-1e32-4586-8fe0-edbdacb71242 ] Request (ServerDiskConfigTestJSON:test_resize_server_from_auto_to_manual): 200 GET http://10.180.1.21/compute/v2.1/servers/bc030728-2a01-4be4-a15c-994c33282493 0.051s
2025-02-10 21:13:32.830 62740 WARNING tempest.lib.common.ssh [-] Failed to establish authenticated ssh connection to cirros@10.180.180.194 ([Errno None] Unable to connect to port 22 on 10.180.180.194). Number attempts: 3. Retry after 4 seconds.: paramiko.ssh_exception.NoValidConnectionsError: [Errno None] Unable to connect to port 22 on 10.180.180.194
2025-02-10 21:13:32.831 62702 WARNING tempest.lib.common.ssh [-] Failed to establish authenticated ssh connection to cirros@10.180.180.247 ([Errno None] Unable to connect to port 22 on 10.180.180.247). Number attempts: 1. Retry after 2 seconds.: paramiko.ssh_exception.NoValidConnectionsError: [Errno None] Unable to connect to port 22 on 10.180.180.247
2025-02-10 21:13:32.852 62719 INFO tempest.lib.common.rest_client [req-4773ed6b-9f1c-4aac-b5ff-455d4e87b76a req-4773ed6b-9f1c-4aac-b5ff-455d4e87b76a ] Request (ServerActionsTestOtherA:setUpClass): 200 GET http://10.180.1.21/compute/v2.1/servers/9354bdc7-4ce8-477e-a612-328ecde7e7fa 0.050s
2025-02-10 21:13:32.923 62716 INFO tempest.lib.common.rest_client [req-fe7a9aaf-0446-445a-97b3-74086451920d req-fe7a9aaf-0446-445a-97b3-74086451920d ] Request (ServerShowV247Test:test_update_rebuild_list_server): 200 GET http://10.180.1.21/compute/v2.1/servers/dfebfd70-185b-453d-952f-eecea0e0c7b0 0.049s
2025-02-10 21:13:33.102 62705 INFO tempest.lib.common.rest_client [req-345cf6f2-cfdf-4375-8ec7-ea53ab8b80f4 req-345cf6f2-cfdf-4375-8ec7-ea53ab8b80f4 ] Request (ServerGroupTestJSON:_run_cleanups): 200 GET http://10.180.1.21/compute/v2.1/servers/563269aa-69f0-4ace-ade4-18fda65aeb72 0.050s
2025-02-10 21:13:33.131 62694 INFO tempest.lib.common.rest_client [req-fd3c0da1-cefa-4d65-9734-c07cfe1f0a33 req-fd3c0da1-cefa-4d65-9734-c07cfe1f0a33 ] Request (ServersTestBootFromVolume:setUpClass): 200 GET http://10.180.1.21/compute/v2.1/servers/519dab60-99ae-4f98-9cb5-216ea79aa4b2 0.045s
2025-02-10 21:13:33.193 62722 INFO tempest.lib.common.rest_client [req-9c572090-c9b9-4c61-ae9d-f9603a30950f req-9c572090-c9b9-4c61-ae9d-f9603a30950f ] Request (ImagesTestJSON:test_create_server_from_snapshot): 200 GET http://10.180.1.21/compute/v2.1/servers/49f77949-d892-470f-bc90-908d75400e34 0.045s
2025-02-10 21:13:33.282 62744 INFO tempest.lib.common.rest_client [req-675ece7d-bb60-4ae0-b00b-784dd15d78c2 req-675ece7d-bb60-4ae0-b00b-784dd15d78c2 ] Request (InstanceActionsV221TestJSON:test_get_list_deleted_instance_actions): 200 GET http://10.180.1.21/compute/v2.1/servers/d66af878-384b-4046-b7b4-19f5bd038f46 0.074s
2025-02-10 21:13:33.305 62746 INFO tempest.lib.common.rest_client [req-48dc6737-4589-4d28-9a3b-58e84430efa4 req-48dc6737-4589-4d28-9a3b-58e84430efa4 ] Request (MigrationsAdminTest:test_list_migrations_in_flavor_resize_situation): 200 GET http://10.180.1.21/compute/v2.1/servers/e1f32dac-ca5e-4065-b322-0b668901b2c7 0.117s
2025-02-10 21:13:33.328 62698 INFO tempest.lib.common.rest_client [req-22453940-a1f5-4830-9d71-9f47733c666f req-22453940-a1f5-4830-9d71-9f47733c666f ] Request (ServerRescueTestJSON:setUpClass): 200 GET http://10.180.1.21/compute/v2.1/servers/39c0a0d7-aaae-47a3-8683-1e3f6500bbfb 0.096s
2025-02-10 21:13:33.358 62688 INFO tempest.lib.common.rest_client [req-7c0c0bbf-d04f-4f9b-8d04-775d52990ba9 req-7c0c0bbf-d04f-4f9b-8d04-775d52990ba9 ] Request (ImagesOneServerNegativeTestJSON:_run_cleanups): 200 GET http://10.180.1.21/compute/v2.1/servers/74affe11-9b15-461d-b616-c9206d86236a 0.107s
2025-02-10 21:13:33.382 62710 INFO tempest.lib.common.rest_client [req-22333992-02e6-4683-ac4e-60579922609f req-22333992-02e6-4683-ac4e-60579922609f ] Request (ServerActionsV293TestJSON:setUpClass): 200 GET http://10.180.1.21/compute/v2.1/servers/0d7cebb7-37e9-4e30-8681-2fa58d89b0b5 0.100s
2025-02-10 21:13:33.418 62748 INFO tempest.lib.common.rest_client [req-e707cd2a-65fe-4cfa-90e2-079cc4bbd52f req-e707cd2a-65fe-4cfa-90e2-079cc4bbd52f ] Request (ServerShowV254Test:tearDownClass): 200 GET http://10.180.1.21/compute/v2.1/servers/75169e1c-1cbe-4ae7-82d0-1029915850ac 0.060s
2025-02-10 21:13:33.438 62728 INFO tempest.lib.common.rest_client [req-91692372-edef-4e0c-964f-d4d8571ec61b req-91692372-edef-4e0c-964f-d4d8571ec61b ] Request (ServersAdminNegativeTestJSON:tearDownClass): 200 GET http://10.180.1.21/compute/v2.1/servers/dff0ac3a-7e94-4349-af9c-2739b6c029ba 0.063s
2025-02-10 21:13:33.463 62706 INFO tempest.lib.common.rest_client [req-2133ae61-e38c-4ace-9853-a4199bba5330 req-2133ae61-e38c-4ace-9853-a4199bba5330 ] Request (ServersAdminTestJSON:test_create_server_with_scheduling_hint): 200 GET http://10.180.1.21/compute/v2.1/servers/5815dbcf-e70f-46b0-910c-ed60f8245a56 0.055s
2025-02-10 21:13:33.470 62706 INFO tempest.common.waiters [-] State transition "BUILD/None" ==> "BUILD/networking" after 88 second wait
2025-02-10 21:13:33.492 62712 INFO tempest.lib.common.rest_client [req-1267fca1-75f7-45a1-b48f-fc3a8aef3561 req-1267fca1-75f7-45a1-b48f-fc3a8aef3561 ] Request (FloatingIPsAssociationTestJSON:setUpClass): 200 GET http://10.180.1.21/compute/v2.1/servers/09455f5a-ac87-4c1f-a6d1-0e9a0736493b 0.052s
2025-02-10 21:13:33.563 62721 INFO tempest.lib.common.rest_client [req-c09f15fa-f9ce-464e-ab57-b62f4a0a70a3 req-c09f15fa-f9ce-464e-ab57-b62f4a0a70a3 ] Request (ServerPasswordTestJSON:setUpClass): 200 GET http://10.180.1.21/compute/v2.1/servers/baec1543-5ffb-4fd8-8ce7-0b353a826f64 0.050s
2025-02-10 21:13:33.632 62736 INFO tempest.lib.common.rest_client [req-bfd96c9f-6af9-4c8e-bc44-fea001d0e9d9 req-bfd96c9f-6af9-4c8e-bc44-fea001d0e9d9 ] Request (DeleteServersTestJSON:test_delete_active_server): 200 GET http://10.180.1.21/compute/v2.1/servers/4d8aea82-d609-499c-970e-dc0369ae0e8f 0.059s
2025-02-10 21:13:33.661 62724 INFO tempest.lib.common.rest_client [req-a2fe660a-c10c-4940-bff2-d0e3963111ea req-a2fe660a-c10c-4940-bff2-d0e3963111ea ] Request (SecurityGroupsTestJSON:test_server_security_groups): 200 GET http://10.180.1.21/compute/v2.1/servers/8ad6a0bd-5b35-4b39-bfbb-c714da148898 0.056s
2025-02-10 21:13:33.693 62730 INFO tempest.lib.common.rest_client [req-795124fe-e6cf-4f66-b825-6fa7508885b1 req-795124fe-e6cf-4f66-b825-6fa7508885b1 ] Request (ServersTestMultiNic:test_verify_multiple_nics_order): 200 GET http://10.180.1.21/compute/v2.1/servers/88397693-cf4e-4fbd-88f7-f1c29dcf9d1b 0.065s
2025-02-10 21:13:33.715 62714 INFO tempest.lib.common.rest_client [req-af368391-1f9c-496d-9a73-3c18d24aaf4d req-af368391-1f9c-496d-9a73-3c18d24aaf4d ] Request (ServerActionsTestJSON:setUpClass): 200 GET http://10.180.1.21/compute/v2.1/servers/8e3af67b-5850-4fff-9437-83b6c2cc0852 0.056s
2025-02-10 21:13:33.739 62708 INFO tempest.lib.common.rest_client [req-30a9df9f-0eda-428f-ab5b-a3d798379a25 req-30a9df9f-0eda-428f-ab5b-a3d798379a25 ] Request (ListServersNegativeTestJSON:setUpClass): 200 GET http://10.180.1.21/compute/v2.1/servers/9130a935-afbc-498f-9e27-4347e29c95d4 0.068s
2025-02-10 21:13:33.776 62686 INFO tempest.lib.common.rest_client [req-f607ac46-0819-45f5-ad10-97beadbafa9c req-f607ac46-0819-45f5-ad10-97beadbafa9c ] Request (ListServerFiltersTestJSON:tearDownClass): 200 GET http://10.180.1.21/compute/v2.1/servers/46e66edb-3b02-4c07-bdb2-499c76d4258a 0.058s
2025-02-10 21:13:33.887 62732 INFO tempest.lib.common.rest_client [req-bda02faa-9d2c-4752-b1b0-fd41bf3717be req-bda02faa-9d2c-4752-b1b0-fd41bf3717be ] Request (ServerDiskConfigTestJSON:test_resize_server_from_auto_to_manual): 200 GET http://10.180.1.21/compute/v2.1/servers/bc030728-2a01-4be4-a15c-994c33282493 0.060s
2025-02-10 21:13:33.918 62719 INFO tempest.lib.common.rest_client [req-e5832fff-2b4d-46d5-97a9-c88a97581979 req-e5832fff-2b4d-46d5-97a9-c88a97581979 ] Request (ServerActionsTestOtherA:setUpClass): 200 GET http://10.180.1.21/compute/v2.1/servers/9354bdc7-4ce8-477e-a612-328ecde7e7fa 0.059s
2025-02-10 21:13:33.993 62716 INFO tempest.lib.common.rest_client [req-aa16b9a3-6b90-4040-8a8c-50eb4d2247e9 req-aa16b9a3-6b90-4040-8a8c-50eb4d2247e9 ] Request (ServerShowV247Test:test_update_rebuild_list_server): 200 GET http://10.180.1.21/compute/v2.1/servers/dfebfd70-185b-453d-952f-eecea0e0c7b0 0.061s
2025-02-10 21:13:34.164 62705 INFO tempest.lib.common.rest_client [req-c8621afb-fff5-4752-be92-1121c48b1356 req-c8621afb-fff5-4752-be92-1121c48b1356 ] Request (ServerGroupTestJSON:_run_cleanups): 200 GET http://10.180.1.21/compute/v2.1/servers/563269aa-69f0-4ace-ade4-18fda65aeb72 0.055s
2025-02-10 21:13:34.192 62694 INFO tempest.lib.common.rest_client [req-1f1f3405-de40-4acb-a4dc-cdff578fd745 req-1f1f3405-de40-4acb-a4dc-cdff578fd745 ] Request (ServersTestBootFromVolume:setUpClass): 200 GET http://10.180.1.21/compute/v2.1/servers/519dab60-99ae-4f98-9cb5-216ea79aa4b2 0.052s
2025-02-10 21:13:34.253 62722 INFO tempest.lib.common.rest_client [req-442f16f8-dd01-41db-97a3-349b934ec746 req-442f16f8-dd01-41db-97a3-349b934ec746 ] Request (ImagesTestJSON:test_create_server_from_snapshot): 200 GET http://10.180.1.21/compute/v2.1/servers/49f77949-d892-470f-bc90-908d75400e34 0.052s
2025-02-10 21:13:34.362 62744 INFO tempest.lib.common.rest_client [req-e8d273b7-3a5e-414b-9131-857e310f6fa2 req-e8d273b7-3a5e-414b-9131-857e310f6fa2 ] Request (InstanceActionsV221TestJSON:test_get_list_deleted_instance_actions): 200 GET http://10.180.1.21/compute/v2.1/servers/d66af878-384b-4046-b7b4-19f5bd038f46 0.070s
2025-02-10 21:13:34.414 62698 INFO tempest.lib.common.rest_client [req-72d5cb2b-dba3-42cb-a7ce-fa62e4e5ad5e req-72d5cb2b-dba3-42cb-a7ce-fa62e4e5ad5e ] Request (ServerRescueTestJSON:setUpClass): 200 GET http://10.180.1.21/compute/v2.1/servers/39c0a0d7-aaae-47a3-8683-1e3f6500bbfb 0.078s
2025-02-10 21:13:34.463 62688 INFO tempest.lib.common.rest_client [req-436af941-18c9-4319-83d9-01fdf9eab22a req-436af941-18c9-4319-83d9-01fdf9eab22a ] Request (ImagesOneServerNegativeTestJSON:_run_cleanups): 200 GET http://10.180.1.21/compute/v2.1/servers/74affe11-9b15-461d-b616-c9206d86236a 0.096s
