2025-02-10 21:12:14.658 62732 INFO tempest.lib.common.rest_client [req-f2a5acde-d579-4ab5-ad49-f0e939a9de93 req-f2a5acde-d579-4ab5-ad49-f0e939a9de93 ] Request (ServerDiskConfigTestJSON:test_rebuild_server_with_manual_disk_config): 200 GET http://10.180.1.21/compute/v2.1/servers/c94cf40d-a2a6-446d-8458-a160fcb8ff38 0.300s
2025-02-10 21:12:14.718 62748 INFO tempest.lib.common.rest_client [req-089e9873-045b-4858-ac67-253ffaf83396 req-089e9873-045b-4858-ac67-253ffaf83396 ] Request (ServerShowV254Test:test_rebuild_server): 200 GET http://10.180.1.21/compute/v2.1/servers/75169e1c-1cbe-4ae7-82d0-1029915850ac 0.299s
2025-02-10 21:12:14.731 62730 INFO tempest.lib.common.rest_client [req-a2a06059-b537-4aa3-8f90-d637781bbaff req-a2a06059-b537-4aa3-8f90-d637781bbaff ] Request (ServersTestMultiNic:_run_cleanups): 200 GET http://10.180.1.21/compute/v2.1/servers/63a3594c-b1e0-406d-8376-d407a4286d7d 0.436s
2025-02-10 21:12:14.780 62714 INFO tempest.lib.common.rest_client [req-c7a8b45b-2398-49f1-9c70-b6d6371f673d req-c7a8b45b-2398-49f1-9c70-b6d6371f673d ] Request (SecurityGroupRulesTestJSON:setUpClass): 201 POST http://10.180.1.21:9696/networking/v2.0/subnets 0.275s
2025-02-10 21:12:14.800 62694 INFO tempest.lib.common.rest_client [req-4083cd96-2a6f-4991-bb1f-89fcbcba6e6c req-4083cd96-2a6f-4991-bb1f-89fcbcba6e6c ] Request (ServersTestBootFromVolume:setUpClass): 200 GET http://10.180.1.21/compute/v2.1/servers/519dab60-99ae-4f98-9cb5-216ea79aa4b2 0.325s
2025-02-10 21:12:14.861 62728 INFO tempest.lib.common.rest_client [req-4c4b3434-07b7-4e0a-83e4-56a6b0b33871 req-4c4b3434-07b7-4e0a-83e4-56a6b0b33871 ] Request (ServersAdminNegativeTestJSON:test_migrate_server_invalid_state): 200 GET http://10.180.1.21/compute/v2.1/servers/6fa2c60b-401c-49bf-b8fe-364cb0ebe426 0.414s
2025-02-10 21:12:14.863 62705 INFO tempest.lib.common.rest_client [req-7c62e1b5-bfe3-4f37-8549-0aa58089ca01 req-7c62e1b5-bfe3-4f37-8549-0aa58089ca01 ] Request (ServerGroupTestJSON:test_create_server_with_scheduler_hint_group): 200 GET http://10.180.1.21/compute/v2.1/servers/563269aa-69f0-4ace-ade4-18fda65aeb72 0.308s
2025-02-10 21:12:14.869 62728 INFO tempest.common.waiters [-] State transition "BUILD/spawning" ==> "ACTIVE/None" after 43 second wait
2025-02-10 21:12:14.915 62736 INFO tempest.lib.common.rest_client [req-f2ff398c-bbd8-4c09-be7c-c99063b2e57a req-f2ff398c-bbd8-4c09-be7c-c99063b2e57a ] Request (DeleteServersTestJSON:test_delete_active_server): 200 GET http://10.180.1.21/compute/v2.1/servers/4d8aea82-d609-499c-970e-dc0369ae0e8f 0.295s
2025-02-10 21:12:14.966 62698 INFO tempest.lib.common.rest_client [req-4806e325-97b5-4f55-aecb-bba9d0b86ffc req-4806e325-97b5-4f55-aecb-bba9d0b86ffc ] Request (ServerMetadataTestJSON:setUpClass): 200 GET http://10.180.1.21/compute/v2.1/servers/8577a502-89c3-4ab2-b116-fe335165524e 0.140s
2025-02-10 21:12:14.974 62698 INFO tempest.common.waiters [-] State transition "BUILD/block_device_mapping" ==> "BUILD/spawning" after 35 second wait
2025-02-10 21:12:14.999 62728 INFO tempest.lib.common.rest_client [req-8578ffaa-ff22-4652-90d9-298e694e8317 req-8578ffaa-ff22-4652-90d9-298e694e8317 ] Request (ServersAdminNegativeTestJSON:test_migrate_server_invalid_state): 202 POST http://10.180.1.21/compute/v2.1/servers/6fa2c60b-401c-49bf-b8fe-364cb0ebe426/action 0.130s
2025-02-10 21:12:15.015 62706 INFO tempest.lib.common.rest_client [req-4deab8ce-0760-44c3-9439-0d81c12ff719 req-4deab8ce-0760-44c3-9439-0d81c12ff719 ] Request (ServersAdminTestJSON:test_create_server_with_scheduling_hint): 200 GET http://10.180.1.21/compute/v2.1/servers/5815dbcf-e70f-46b0-910c-ed60f8245a56 0.120s
2025-02-10 21:12:15.047 62722 INFO tempest.lib.common.rest_client [req-5be123cc-39a0-4f5a-ac48-c96e769a3ccd req-5be123cc-39a0-4f5a-ac48-c96e769a3ccd ] Request (ImagesTestJSON:test_create_image_from_suspended_server): 200 GET http://10.180.1.21/compute/v2.1/servers/510928fc-fc7c-44ac-bd13-b2c042a3f9e1 0.097s
2025-02-10 21:12:15.104 62740 INFO tempest.lib.common.rest_client [req-a3e410b1-6362-48a1-80fc-8e62b440f030 req-a3e410b1-6362-48a1-80fc-8e62b440f030 ] Request (VolumesAdminNegativeTest:test_update_attached_volume_with_nonexistent_volume_in_body): 200 GET http://10.180.1.21/compute/v2.1/servers/73b635f5-1588-4312-b068-fbe3e8346af3 0.085s
2025-02-10 21:12:15.162 62692 INFO tempest.lib.common.rest_client [req-65913e31-5df2-40ac-89a6-f9c838e603d8 req-65913e31-5df2-40ac-89a6-f9c838e603d8 ] Request (InstanceActionsNegativeTestJSON:tearDownClass): 200 GET http://10.180.1.21/compute/v2.1/servers/5e015d27-e0a0-411c-9515-a459994115df 0.139s
2025-02-10 21:12:15.236 62726 INFO tempest.lib.common.rest_client [req-c9e38b07-3df8-4a7b-b1a3-160f9e7f06ab req-c9e38b07-3df8-4a7b-b1a3-160f9e7f06ab ] Request (AttachInterfacesTestJSON:test_create_list_show_delete_interfaces_by_fixed_ip): 200 GET http://10.180.1.21/compute/v2.1/servers/7612af2a-962a-4b03-9d1d-95c06e91968c 0.159s
2025-02-10 21:12:15.248 62728 INFO tempest.lib.common.rest_client [req-09224bb5-41ef-4f8a-86c4-2f5d30efc6fd req-09224bb5-41ef-4f8a-86c4-2f5d30efc6fd ] Request (ServersAdminNegativeTestJSON:test_migrate_server_invalid_state): 200 GET http://10.180.1.21/compute/v2.1/servers/6fa2c60b-401c-49bf-b8fe-364cb0ebe426 0.249s
2025-02-10 21:12:15.303 62721 INFO tempest.lib.common.rest_client [req-e46b4ae0-2d02-401d-adb8-24d5e4f7c9a7 req-e46b4ae0-2d02-401d-adb8-24d5e4f7c9a7 ] Request (ServerMetadataNegativeTestJSON:tearDownClass): 200 GET http://10.180.1.21/compute/v2.1/servers/bae0649b-ebc1-459c-bb85-c4f152e4736e 0.218s
2025-02-10 21:12:15.318 62686 INFO tempest.lib.common.rest_client [req-161cb462-ba6c-4af6-87ca-2058a452b3b0 req-161cb462-ba6c-4af6-87ca-2058a452b3b0 ] Request (ListServerFiltersTestJSON:setUpClass): 200 GET http://10.180.1.21/compute/v2.1/servers/46e66edb-3b02-4c07-bdb2-499c76d4258a 0.180s
2025-02-10 21:12:15.365 62716 INFO tempest.lib.common.rest_client [req-e3c3c567-b038-4971-95e7-519cb5f33a60 req-e3c3c567-b038-4971-95e7-519cb5f33a60 ] Request (ServersAaction247Test:tearDownClass): 200 GET http://10.180.1.21/compute/v2.1/servers/96be33ea-8064-49df-bb04-78c162e2b557 0.208s
2025-02-10 21:12:15.387 62712 INFO tempest.lib.common.rest_client [req-389d9b80-7cce-4b1a-9bc9-68ea04ce5a34 req-389d9b80-7cce-4b1a-9bc9-68ea04ce5a34 ] Request (ServersAdmin275Test:tearDownClass): 200 GET http://10.180.1.21/compute/v2.1/servers/14eaf7ed-743b-4198-832d-54d4cc21c2d8 0.175s
2025-02-10 21:12:15.423 62710 INFO tempest.lib.common.rest_client [req-1c625b99-678d-42ff-b8c5-959da222c330 req-1c625b99-678d-42ff-b8c5-959da222c330 ] Request (ServerActionsV293TestJSON:setUpClass): 200 GET http://10.180.1.21/compute/v2.1/servers/0d7cebb7-37e9-4e30-8681-2fa58d89b0b5 0.200s
2025-02-10 21:12:15.443 62724 INFO tempest.lib.common.rest_client [req-d0590a8a-6506-45e5-92ba-05cfe999cba2 req-d0590a8a-6506-45e5-92ba-05cfe999cba2 ] Request (SecurityGroupsTestJSON:test_server_security_groups): 200 GET http://10.180.1.21/compute/v2.1/servers/8ad6a0bd-5b35-4b39-bfbb-c714da148898 0.150s
2025-02-10 21:12:15.468 62744 INFO tempest.lib.common.rest_client [req-52af992f-7cc6-449a-a514-93ac53707413 req-52af992f-7cc6-449a-a514-93ac53707413 ] Request (InstanceActionsV221TestJSON:test_get_list_deleted_instance_actions): 200 GET http://10.180.1.21/compute/v2.1/servers/d66af878-384b-4046-b7b4-19f5bd038f46 0.110s
2025-02-10 21:12:15.568 62719 INFO tempest.lib.common.rest_client [req-0469e091-72a2-410d-9367-afbf8103beda req-0469e091-72a2-410d-9367-afbf8103beda ] Request (ServerActionsTestOtherA:setUpClass): 200 GET http://10.180.1.21/compute/v2.1/servers/9354bdc7-4ce8-477e-a612-328ecde7e7fa 0.161s
2025-02-10 21:12:15.592 62708 INFO tempest.lib.common.rest_client [req-9200808a-6312-4dbb-aa81-5033db1da626 req-9200808a-6312-4dbb-aa81-5033db1da626 ] Request (DeleteServersAdminTestJSON:test_delete_server_while_in_error_state): 200 GET http://10.180.1.21/compute/v2.1/servers/ab0297aa-4d35-4bf7-8d7e-5c43c16e1eba 0.230s
2025-02-10 21:12:15.622 62702 INFO tempest.lib.common.rest_client [req-f4996ff7-3110-461a-942c-2ec6116b0d8e req-f4996ff7-3110-461a-942c-2ec6116b0d8e ] Request (AttachInterfacesUnderV243Test:test_add_remove_fixed_ip): 200 GET http://10.180.1.21/compute/v2.1/servers/5b56543f-7140-4cc9-9ad7-9a93e36888cf 0.186s
2025-02-10 21:12:15.730 62746 INFO tempest.lib.common.rest_client [req-a5771ec0-84a4-4063-aacf-545023a7ecae req-a5771ec0-84a4-4063-aacf-545023a7ecae ] Request (MigrationsAdminTest:test_list_migrations_in_flavor_resize_situation): 200 GET http://10.180.1.21/compute/v2.1/servers/e1f32dac-ca5e-4065-b322-0b668901b2c7 0.164s
2025-02-10 21:12:15.745 62688 INFO tempest.lib.common.rest_client [req-664af1d8-241d-45f3-b539-45cf5b50b884 req-664af1d8-241d-45f3-b539-45cf5b50b884 ] Request (ImagesOneServerNegativeTestJSON:tearDown): 200 GET http://10.180.1.21/compute/v2.1/servers/9560cbaf-7b0c-4e1b-bdef-805fb0559fa6 0.150s
2025-02-10 21:12:15.758 62688 INFO tempest.common.waiters [-] State transition "ACTIVE/image_uploading" ==> "ACTIVE/None" after 8 second wait
2025-02-10 21:12:15.794 62732 INFO tempest.lib.common.rest_client [req-e581a522-d3c0-4cfb-9d9f-1b659af8ff22 req-e581a522-d3c0-4cfb-9d9f-1b659af8ff22 ] Request (ServerDiskConfigTestJSON:test_rebuild_server_with_manual_disk_config): 200 GET http://10.180.1.21/compute/v2.1/servers/c94cf40d-a2a6-446d-8458-a160fcb8ff38 0.126s
2025-02-10 21:12:15.804 62732 INFO tempest.common.waiters [-] State transition "BUILD/scheduling" ==> "BUILD/None" after 17 second wait
2025-02-10 21:12:15.811 62748 INFO tempest.lib.common.rest_client [req-180b09b9-f914-4938-a995-35c8b81fc2d1 req-180b09b9-f914-4938-a995-35c8b81fc2d1 ] Request (ServerShowV254Test:test_rebuild_server): 200 GET http://10.180.1.21/compute/v2.1/servers/75169e1c-1cbe-4ae7-82d0-1029915850ac 0.083s
2025-02-10 21:12:15.898 62688 INFO tempest.lib.common.rest_client [req-23bb7d31-2e6c-4db7-9588-f8d8039c4ae0 req-23bb7d31-2e6c-4db7-9588-f8d8039c4ae0 ] Request (ImagesOneServerNegativeTestJSON:_run_cleanups): 204 DELETE http://10.180.1.21/compute/v2.1/servers/9560cbaf-7b0c-4e1b-bdef-805fb0559fa6 0.139s
2025-02-10 21:12:15.962 62694 INFO tempest.lib.common.rest_client [req-3335725f-019c-4efc-82fb-3906157bd24b req-3335725f-019c-4efc-82fb-3906157bd24b ] Request (ServersTestBootFromVolume:setUpClass): 200 GET http://10.180.1.21/compute/v2.1/servers/519dab60-99ae-4f98-9cb5-216ea79aa4b2 0.147s
2025-02-10 21:12:15.971 62730 INFO tempest.lib.common.rest_client [req-52cbd850-a74c-412a-8315-c62ab562660f req-52cbd850-a74c-412a-8315-c62ab562660f ] Request (ServersTestMultiNic:_run_cleanups): 200 GET http://10.180.1.21/compute/v2.1/servers/63a3594c-b1e0-406d-8376-d407a4286d7d 0.225s
2025-02-10 21:12:16.017 62705 INFO tempest.lib.common.rest_client [req-97e85f5d-61c1-4a21-834d-119b21c5acd5 req-97e85f5d-61c1-4a21-834d-119b21c5acd5 ] Request (ServerGroupTestJSON:test_create_server_with_scheduler_hint_group): 200 GET http://10.180.1.21/compute/v2.1/servers/563269aa-69f0-4ace-ade4-18fda65aeb72 0.145s
2025-02-10 21:12:16.080 62736 INFO tempest.lib.common.rest_client [req-2c14ee00-01b4-46c7-b6f1-9971ad408027 req-2c14ee00-01b4-46c7-b6f1-9971ad408027 ] Request (DeleteServersTestJSON:test_delete_active_server): 200 GET http://10.180.1.21/compute/v2.1/servers/4d8aea82-d609-499c-970e-dc0369ae0e8f 0.155s
2025-02-10 21:12:16.095 62734 WARNING tempest.lib.common.ssh [-] Failed to establish authenticated ssh connection to cirros@10.180.180.172 ([Errno None] Unable to connect to port 22 on 10.180.180.172). Number attempts: 2. Retry after 3 seconds.: paramiko.ssh_exception.NoValidConnectionsError: [Errno None] Unable to connect to port 22 on 10.180.180.172
2025-02-10 21:12:16.099 62688 INFO tempest.lib.common.rest_client [req-ab6c49e4-d9a7-475d-997a-be5b3f790a07 req-ab6c49e4-d9a7-475d-997a-be5b3f790a07 ] Request (ImagesOneServerNegativeTestJSON:_run_cleanups): 200 GET http://10.180.1.21/compute/v2.1/servers/9560cbaf-7b0c-4e1b-bdef-805fb0559fa6 0.200s
2025-02-10 21:12:16.169 62706 INFO tempest.lib.common.rest_client [req-cff4092d-6e8c-43dc-82b4-7edcb846d8c5 req-cff4092d-6e8c-43dc-82b4-7edcb846d8c5 ] Request (ServersAdminTestJSON:test_create_server_with_scheduling_hint): 200 GET http://10.180.1.21/compute/v2.1/servers/5815dbcf-e70f-46b0-910c-ed60f8245a56 0.140s
2025-02-10 21:12:16.204 62698 INFO tempest.lib.common.rest_client [req-6cd4b072-c15d-41b2-a690-7ebd02a32063 req-6cd4b072-c15d-41b2-a690-7ebd02a32063 ] Request (ServerMetadataTestJSON:setUpClass): 200 GET http://10.180.1.21/compute/v2.1/servers/8577a502-89c3-4ab2-b116-fe335165524e 0.228s
2025-02-10 21:12:16.228 62722 INFO tempest.lib.common.rest_client [req-5c0c02df-a346-4551-9d8b-03d2270cb527 req-5c0c02df-a346-4551-9d8b-03d2270cb527 ] Request (ImagesTestJSON:test_create_image_from_suspended_server): 200 GET http://10.180.1.21/compute/v2.1/servers/510928fc-fc7c-44ac-bd13-b2c042a3f9e1 0.172s
2025-02-10 21:12:16.273 62740 INFO tempest.lib.common.rest_client [req-b47878c0-d2f0-4a88-8723-4864d4d29d79 req-b47878c0-d2f0-4a88-8723-4864d4d29d79 ] Request (VolumesAdminNegativeTest:test_update_attached_volume_with_nonexistent_volume_in_body): 200 GET http://10.180.1.21/compute/v2.1/servers/73b635f5-1588-4312-b068-fbe3e8346af3 0.161s
2025-02-10 21:12:16.303 62692 INFO tempest.lib.common.rest_client [req-96d5ec78-83af-483f-a95b-11cc759e44bb req-96d5ec78-83af-483f-a95b-11cc759e44bb ] Request (InstanceActionsNegativeTestJSON:tearDownClass): 200 GET http://10.180.1.21/compute/v2.1/servers/5e015d27-e0a0-411c-9515-a459994115df 0.133s
2025-02-10 21:12:16.329 62726 INFO tempest.lib.common.rest_client [req-222077c6-ae6d-4ce6-906b-aa17e5875780 req-222077c6-ae6d-4ce6-906b-aa17e5875780 ] Request (AttachInterfacesTestJSON:test_create_list_show_delete_interfaces_by_fixed_ip): 200 GET http://10.180.1.21/compute/v2.1/servers/7612af2a-962a-4b03-9d1d-95c06e91968c 0.083s
2025-02-10 21:12:16.364 62714 INFO tempest.lib.common.rest_client [req-cb81d2d7-e2c7-465a-abe9-fa18065d349f req-cb81d2d7-e2c7-465a-abe9-fa18065d349f ] Request (SecurityGroupRulesTestJSON:setUpClass): 201 POST http://10.180.1.21:9696/networking/v2.0/routers 1.584s
2025-02-10 21:12:16.414 62721 INFO tempest.lib.common.rest_client [req-ca48b4b6-7370-43b0-9175-6ce21e4e380c req-ca48b4b6-7370-43b0-9175-6ce21e4e380c ] Request (ServerMetadataNegativeTestJSON:tearDownClass): 200 GET http://10.180.1.21/compute/v2.1/servers/bae0649b-ebc1-459c-bb85-c4f152e4736e 0.101s
2025-02-10 21:12:16.482 62686 INFO tempest.lib.common.rest_client [req-8aa2ea7b-08ad-405c-b2ff-717735bdc874 req-8aa2ea7b-08ad-405c-b2ff-717735bdc874 ] Request (ListServerFiltersTestJSON:setUpClass): 200 GET http://10.180.1.21/compute/v2.1/servers/46e66edb-3b02-4c07-bdb2-499c76d4258a 0.154s
2025-02-10 21:12:16.518 62728 INFO tempest.lib.common.rest_client [req-d6cb5df7-776f-40aa-b12f-1795e96a08fc req-d6cb5df7-776f-40aa-b12f-1795e96a08fc ] Request (ServersAdminNegativeTestJSON:test_migrate_server_invalid_state): 200 GET http://10.180.1.21/compute/v2.1/servers/6fa2c60b-401c-49bf-b8fe-364cb0ebe426 0.261s
2025-02-10 21:12:16.569 62716 INFO tempest.lib.common.rest_client [req-d5ebcab8-e217-403e-9009-c2871c31c135 req-d5ebcab8-e217-403e-9009-c2871c31c135 ] Request (ServersAaction247Test:tearDownClass): 200 GET http://10.180.1.21/compute/v2.1/servers/96be33ea-8064-49df-bb04-78c162e2b557 0.194s
2025-02-10 21:12:16.610 62712 INFO tempest.lib.common.rest_client [req-69c89f81-de4f-4827-a460-a22c7516489f req-69c89f81-de4f-4827-a460-a22c7516489f ] Request (ServersAdmin275Test:tearDownClass): 200 GET http://10.180.1.21/compute/v2.1/servers/14eaf7ed-743b-4198-832d-54d4cc21c2d8 0.210s
2025-02-10 21:12:16.642 62710 INFO tempest.lib.common.rest_client [req-7de29575-bdd0-4ab0-888c-62ad5809541a req-7de29575-bdd0-4ab0-888c-62ad5809541a ] Request (ServerActionsV293TestJSON:setUpClass): 200 GET http://10.180.1.21/compute/v2.1/servers/0d7cebb7-37e9-4e30-8681-2fa58d89b0b5 0.208s
2025-02-10 21:12:16.684 62724 INFO tempest.lib.common.rest_client [req-97ed4e61-a1c4-457d-8306-f63b58cdaf7e req-97ed4e61-a1c4-457d-8306-f63b58cdaf7e ] Request (SecurityGroupsTestJSON:test_server_security_groups): 200 GET http://10.180.1.21/compute/v2.1/servers/8ad6a0bd-5b35-4b39-bfbb-c714da148898 0.233s
2025-02-10 21:12:16.709 62744 INFO tempest.lib.common.rest_client [req-e3d81155-b82c-4131-9b07-0c1ca4ecf37b req-e3d81155-b82c-4131-9b07-0c1ca4ecf37b ] Request (InstanceActionsV221TestJSON:test_get_list_deleted_instance_actions): 200 GET http://10.180.1.21/compute/v2.1/servers/d66af878-384b-4046-b7b4-19f5bd038f46 0.229s
2025-02-10 21:12:16.745 62719 INFO tempest.lib.common.rest_client [req-147d47e8-a99e-434d-a843-7ed5d7e5999b req-147d47e8-a99e-434d-a843-7ed5d7e5999b ] Request (ServerActionsTestOtherA:setUpClass): 200 GET http://10.180.1.21/compute/v2.1/servers/9354bdc7-4ce8-477e-a612-328ecde7e7fa 0.169s
2025-02-10 21:12:16.813 62702 INFO tempest.lib.common.rest_client [req-b3504d57-bb07-4462-882a-6929f8c0b7ff req-b3504d57-bb07-4462-882a-6929f8c0b7ff ] Request (AttachInterfacesUnderV243Test:test_add_remove_fixed_ip): 200 GET http://10.180.1.21/compute/v2.1/servers/5b56543f-7140-4cc9-9ad7-9a93e36888cf 0.183s
2025-02-10 21:12:16.846 62708 INFO tempest.lib.common.rest_client [req-a191bc55-6cc4-4031-a39f-a4326cf09c91 req-a191bc55-6cc4-4031-a39f-a4326cf09c91 ] Request (DeleteServersAdminTestJSON:test_delete_server_while_in_error_state): 200 GET http://10.180.1.21/compute/v2.1/servers/ab0297aa-4d35-4bf7-8d7e-5c43c16e1eba 0.244s
2025-02-10 21:12:16.912 62732 INFO tempest.lib.common.rest_client [req-6aaaf8fe-02a8-4ba6-9004-8eb5dee5f79d req-6aaaf8fe-02a8-4ba6-9004-8eb5dee5f79d ] Request (ServerDiskConfigTestJSON:test_rebuild_server_with_manual_disk_config): 200 GET http://10.180.1.21/compute/v2.1/servers/c94cf40d-a2a6-446d-8458-a160fcb8ff38 0.106s
2025-02-10 21:12:16.952 62746 INFO tempest.lib.common.rest_client [req-1e482f7c-7a17-4b17-8f8d-9c6cfd9718a5 req-1e482f7c-7a17-4b17-8f8d-9c6cfd9718a5 ] Request (MigrationsAdminTest:test_list_migrations_in_flavor_resize_situation): 200 GET http://10.180.1.21/compute/v2.1/servers/e1f32dac-ca5e-4065-b322-0b668901b2c7 0.205s
2025-02-10 21:12:16.978 62748 INFO tempest.lib.common.rest_client [req-02e31ff8-87fc-48bb-8afa-7c326455c0ec req-02e31ff8-87fc-48bb-8afa-7c326455c0ec ] Request (ServerShowV254Test:test_rebuild_server): 200 GET http://10.180.1.21/compute/v2.1/servers/75169e1c-1cbe-4ae7-82d0-1029915850ac 0.149s
2025-02-10 21:12:17.066 62694 INFO tempest.lib.common.rest_client [req-8cc388fa-cef4-4f8e-aee3-c120a1bbd5d8 req-8cc388fa-cef4-4f8e-aee3-c120a1bbd5d8 ] Request (ServersTestBootFromVolume:setUpClass): 200 GET http://10.180.1.21/compute/v2.1/servers/519dab60-99ae-4f98-9cb5-216ea79aa4b2 0.093s
2025-02-10 21:12:17.072 62730 INFO tempest.lib.common.rest_client [req-d5a5097d-ebef-4f2b-8b43-c87073b1d318 req-d5a5097d-ebef-4f2b-8b43-c87073b1d318 ] Request (ServersTestMultiNic:_run_cleanups): 200 GET http://10.180.1.21/compute/v2.1/servers/63a3594c-b1e0-406d-8376-d407a4286d7d 0.086s
2025-02-10 21:12:17.130 62705 INFO tempest.lib.common.rest_client [req-172ec8b4-384f-4be5-a465-3cc5afb5802f req-172ec8b4-384f-4be5-a465-3cc5afb5802f ] Request (ServerGroupTestJSON:test_create_server_with_scheduler_hint_group): 200 GET http://10.180.1.21/compute/v2.1/servers/563269aa-69f0-4ace-ade4-18fda65aeb72 0.105s
2025-02-10 21:12:17.156 62736 INFO tempest.lib.common.rest_client [req-f0ea3dc5-f22a-419f-890a-3f15e26658b8 req-f0ea3dc5-f22a-419f-890a-3f15e26658b8 ] Request (DeleteServersTestJSON:test_delete_active_server): 200 GET http://10.180.1.21/compute/v2.1/servers/4d8aea82-d609-499c-970e-dc0369ae0e8f 0.064s
2025-02-10 21:12:17.253 62706 INFO tempest.lib.common.rest_client [req-3f422c3b-1c23-4816-ab63-e5ebc8549d1d req-3f422c3b-1c23-4816-ab63-e5ebc8549d1d ] Request (ServersAdminTestJSON:test_create_server_with_scheduling_hint): 200 GET http://10.180.1.21/compute/v2.1/servers/5815dbcf-e70f-46b0-910c-ed60f8245a56 0.072s
2025-02-10 21:12:17.294 62688 INFO tempest.lib.common.rest_client [req-f3bce9a4-01a5-4984-8647-75cce539ebe8 req-f3bce9a4-01a5-4984-8647-75cce539ebe8 ] Request (ImagesOneServerNegativeTestJSON:_run_cleanups): 200 GET http://10.180.1.21/compute/v2.1/servers/9560cbaf-7b0c-4e1b-bdef-805fb0559fa6 0.176s
2025-02-10 21:12:17.364 62722 INFO tempest.lib.common.rest_client [req-f972d3d5-ccd0-4286-b2e9-12a93bcd52f5 req-f972d3d5-ccd0-4286-b2e9-12a93bcd52f5 ] Request (ImagesTestJSON:test_create_image_from_suspended_server): 200 GET http://10.180.1.21/compute/v2.1/servers/510928fc-fc7c-44ac-bd13-b2c042a3f9e1 0.125s
2025-02-10 21:12:17.429 62740 INFO tempest.lib.common.rest_client [req-a0a0d91a-01ad-4202-9c53-7ffc409297df req-a0a0d91a-01ad-4202-9c53-7ffc409297df ] Request (VolumesAdminNegativeTest:test_update_attached_volume_with_nonexistent_volume_in_body): 200 GET http://10.180.1.21/compute/v2.1/servers/73b635f5-1588-4312-b068-fbe3e8346af3 0.149s
2025-02-10 21:12:17.452 62698 INFO tempest.lib.common.rest_client [req-5eaf120a-80f7-415b-87a3-1d075c655537 req-5eaf120a-80f7-415b-87a3-1d075c655537 ] Request (ServerMetadataTestJSON:setUpClass): 200 GET http://10.180.1.21/compute/v2.1/servers/8577a502-89c3-4ab2-b116-fe335165524e 0.236s
2025-02-10 21:12:17.502 62692 INFO tempest.lib.common.rest_client [req-3cf622ac-361c-4538-82b1-642b5d9a53dc req-3cf622ac-361c-4538-82b1-642b5d9a53dc ] Request (InstanceActionsNegativeTestJSON:tearDownClass): 200 GET http://10.180.1.21/compute/v2.1/servers/5e015d27-e0a0-411c-9515-a459994115df 0.186s
2025-02-10 21:12:17.519 62726 INFO tempest.lib.common.rest_client [req-d309fd73-5eea-47ad-adaf-707081889b9d req-d309fd73-5eea-47ad-adaf-707081889b9d ] Request (AttachInterfacesTestJSON:test_create_list_show_delete_interfaces_by_fixed_ip): 200 GET http://10.180.1.21/compute/v2.1/servers/7612af2a-962a-4b03-9d1d-95c06e91968c 0.172s
2025-02-10 21:12:17.597 62686 INFO tempest.lib.common.rest_client [req-c6a2d588-4451-4636-b8a2-857f9fc8df98 req-c6a2d588-4451-4636-b8a2-857f9fc8df98 ] Request (ListServerFiltersTestJSON:setUpClass): 200 GET http://10.180.1.21/compute/v2.1/servers/46e66edb-3b02-4c07-bdb2-499c76d4258a 0.107s
2025-02-10 21:12:17.598 62721 INFO tempest.lib.common.rest_client [req-951187f0-c6d0-4d88-a00e-4849de3f22f8 req-951187f0-c6d0-4d88-a00e-4849de3f22f8 ] Request (ServerMetadataNegativeTestJSON:tearDownClass): 200 GET http://10.180.1.21/compute/v2.1/servers/bae0649b-ebc1-459c-bb85-c4f152e4736e 0.176s
2025-02-10 21:12:17.689 62716 INFO tempest.lib.common.rest_client [req-041e26ca-97f9-4cf4-93a4-ac1b4450b7aa req-041e26ca-97f9-4cf4-93a4-ac1b4450b7aa ] Request (ServersAaction247Test:tearDownClass): 200 GET http://10.180.1.21/compute/v2.1/servers/96be33ea-8064-49df-bb04-78c162e2b557 0.105s
2025-02-10 21:12:17.761 62712 INFO tempest.lib.common.rest_client [req-5e6a010a-e513-44df-85a6-0ce3a8187288 req-5e6a010a-e513-44df-85a6-0ce3a8187288 ] Request (ServersAdmin275Test:tearDownClass): 200 GET http://10.180.1.21/compute/v2.1/servers/14eaf7ed-743b-4198-832d-54d4cc21c2d8 0.137s
2025-02-10 21:12:17.770 62728 INFO tempest.lib.common.rest_client [req-ba1e803c-84cb-411f-8c58-f587c755498d req-ba1e803c-84cb-411f-8c58-f587c755498d ] Request (ServersAdminNegativeTestJSON:test_migrate_server_invalid_state): 200 GET http://10.180.1.21/compute/v2.1/servers/6fa2c60b-401c-49bf-b8fe-364cb0ebe426 0.242s
2025-02-10 21:12:17.779 62728 INFO tempest.common.waiters [-] State transition "ACTIVE/suspending" ==> "SUSPENDED/None" after 2 second wait
2025-02-10 21:12:18.028 62710 INFO tempest.lib.common.rest_client [req-59997301-4470-4a23-9039-f911a2acfac3 req-59997301-4470-4a23-9039-f911a2acfac3 ] Request (ServerActionsV293TestJSON:setUpClass): 200 GET http://10.180.1.21/compute/v2.1/servers/0d7cebb7-37e9-4e30-8681-2fa58d89b0b5 0.371s
2025-02-10 21:12:18.033 62724 INFO tempest.lib.common.rest_client [req-413097cc-dfc7-4b67-abc8-459f93d0f4f0 req-413097cc-dfc7-4b67-abc8-459f93d0f4f0 ] Request (SecurityGroupsTestJSON:test_server_security_groups): 200 GET http://10.180.1.21/compute/v2.1/servers/8ad6a0bd-5b35-4b39-bfbb-c714da148898 0.339s
2025-02-10 21:12:18.096 62744 INFO tempest.lib.common.rest_client [req-e6321813-826c-44ad-84e6-426b1178dcc8 req-e6321813-826c-44ad-84e6-426b1178dcc8 ] Request (InstanceActionsV221TestJSON:test_get_list_deleted_instance_actions): 200 GET http://10.180.1.21/compute/v2.1/servers/d66af878-384b-4046-b7b4-19f5bd038f46 0.375s
2025-02-10 21:12:18.104 62719 INFO tempest.lib.common.rest_client [req-b4ef74da-fb84-482b-85a4-5745786775a2 req-b4ef74da-fb84-482b-85a4-5745786775a2 ] Request (ServerActionsTestOtherA:setUpClass): 200 GET http://10.180.1.21/compute/v2.1/servers/9354bdc7-4ce8-477e-a612-328ecde7e7fa 0.351s
2025-02-10 21:12:18.169 62702 INFO tempest.lib.common.rest_client [req-5dc0e600-e290-4216-afa6-1741eaabb892 req-5dc0e600-e290-4216-afa6-1741eaabb892 ] Request (AttachInterfacesUnderV243Test:test_add_remove_fixed_ip): 200 GET http://10.180.1.21/compute/v2.1/servers/5b56543f-7140-4cc9-9ad7-9a93e36888cf 0.347s
2025-02-10 21:12:18.181 62728 INFO tempest.lib.common.rest_client [req-95ac459a-ca7b-44db-978f-e4726b33c86b req-95ac459a-ca7b-44db-978f-e4726b33c86b ] Request (ServersAdminNegativeTestJSON:test_migrate_server_invalid_state): 409 POST http://10.180.1.21/compute/v2.1/servers/6fa2c60b-401c-49bf-b8fe-364cb0ebe426/action 0.402s
2025-02-10 21:12:18.232 62714 INFO tempest.lib.common.rest_client [req-986e8f9b-43a2-4d4e-ad47-51493ae88a52 req-986e8f9b-43a2-4d4e-ad47-51493ae88a52 ] Request (SecurityGroupRulesTestJSON:setUpClass): 200 PUT http://10.180.1.21:9696/networking/v2.0/routers/74a13c71-5685-426c-a015-aa90dad4ae17/add_router_interface 1.867s
2025-02-10 21:12:18.232 62714 INFO tempest.lib.common.dynamic_creds [-] Created isolated network resources for: credentials: Credentials: {'domain_id': 'default', 'domain_name': 'Default', 'username': 'tempest-SecurityGroupRulesTestJSON-1045451433-project-member', 'project_domain_id': 'default', 'project_domain_name': 'Default', 'project_id': '420e0fe81d5047bcb11a2e70dc56faa3', 'project_name': 'tempest-SecurityGroupRulesTestJSON-1045451433', 'tenant_id': '420e0fe81d5047bcb11a2e70dc56faa3', 'tenant_name': 'tempest-SecurityGroupRulesTestJSON-1045451433', 'user_domain_id': 'default', 'user_domain_name': 'Default', 'user_id': '960adaf57716457096cf1a6e6c0361b4', 'system': None}, Network: {'id': '171d260d-26c8-498a-963c-b52e92a22426', 'name': 'tempest-SecurityGroupRulesTestJSON-218322835-network', 'tenant_id': '420e0fe81d5047bcb11a2e70dc56faa3', 'admin_state_up': True, 'mtu': 8950, 'status': 'ACTIVE', 'subnets': [], 'shared': False, 'project_id': '420e0fe81d5047bcb11a2e70dc56faa3', 'port_security_enabled': True, 'router:external': False, 'provider:network_type': 'vlan', 'provider:physical_network': 'default', 'provider:segmentation_id': 44, 'availability_zone_hints': [], 'availability_zones': [], 'ipv4_address_scope': None, 'ipv6_address_scope': None, 'description': '', 'tags': [], 'created_at': '2025-02-10T21:12:14Z', 'updated_at': '2025-02-10T21:12:14Z', 'revision_number': 1}, Subnet: {'id': 'b14bbcb7-7712-49e1-be51-830886eaaf32', 'name': 'tempest-SecurityGroupRulesTestJSON-218322835-subnet', 'tenant_id': '420e0fe81d5047bcb11a2e70dc56faa3', 'network_id': '171d260d-26c8-498a-963c-b52e92a22426', 'ip_version': 4, 'subnetpool_id': None, 'enable_dhcp': True, 'ipv6_ra_mode': None, 'ipv6_address_mode': None, 'gateway_ip': '192.168.128.1', 'cidr': '192.168.128.0/28', 'allocation_pools': [{'start': '192.168.128.2', 'end': '192.168.128.14'}], 'host_routes': [], 'dns_nameservers': [], 'description': '', 'router:external': False, 'service_types': [], 'tags': [], 'created_at': '2025-02-10T21:12:14Z', 'updated_at': '2025-02-10T21:12:14Z', 'revision_number': 0, 'project_id': '420e0fe81d5047bcb11a2e70dc56faa3'}, Router: {'id': '74a13c71-5685-426c-a015-aa90dad4ae17', 'name': 'tempest-SecurityGroupRulesTestJSON-218322835-router', 'tenant_id': '420e0fe81d5047bcb11a2e70dc56faa3', 'admin_state_up': True, 'status': 'ACTIVE', 'external_gateway_info': {'network_id': '3fa017fe-3abf-464f-8d90-5254af794dcc', 'external_fixed_ips': [{'subnet_id': '0ab6afdb-ac3f-4c0b-9a54-e1dc67a41e24', 'ip_address': '10.180.180.179'}], 'enable_snat': True}, 'description': '', 'availability_zones': [], 'distributed': False, 'ha': False, 'availability_zone_hints': [], 'routes': [], 'flavor_id': None, 'tags': [], 'created_at': '2025-02-10T21:12:14Z', 'updated_at': '2025-02-10T21:12:15Z', 'revision_number': 2, 'project_id': '420e0fe81d5047bcb11a2e70dc56faa3'}
2025-02-10 21:12:18.268 62732 INFO tempest.lib.common.rest_client [req-d8bfb267-ab9e-495c-b31e-12abf5121858 req-d8bfb267-ab9e-495c-b31e-12abf5121858 ] Request (ServerDiskConfigTestJSON:test_rebuild_server_with_manual_disk_config): 200 GET http://10.180.1.21/compute/v2.1/servers/c94cf40d-a2a6-446d-8458-a160fcb8ff38 0.343s
2025-02-10 21:12:18.324 62714 INFO tempest.lib.common.rest_client [req-a0c04182-dc82-4e85-972d-fa7cdd3a7649 req-a0c04182-dc82-4e85-972d-fa7cdd3a7649 ] Request (SecurityGroupRulesTestJSON:setUpClass): 201 POST http://10.180.1.21/identity/v3/auth/tokens 0.088s
2025-02-10 21:12:18.370 62708 INFO tempest.lib.common.rest_client [req-b8db8a9b-ff73-4dc5-ac20-418d2f37c54e req-b8db8a9b-ff73-4dc5-ac20-418d2f37c54e ] Request (DeleteServersAdminTestJSON:test_delete_server_while_in_error_state): 200 GET http://10.180.1.21/compute/v2.1/servers/ab0297aa-4d35-4bf7-8d7e-5c43c16e1eba 0.517s
2025-02-10 21:12:18.379 62708 INFO tempest.common.waiters [-] State transition "BUILD/spawning" ==> "ACTIVE/None" after 44 second wait
2025-02-10 21:12:18.408 62746 INFO tempest.lib.common.rest_client [req-788dbf1b-0a71-4547-a982-bd4715497f86 req-788dbf1b-0a71-4547-a982-bd4715497f86 ] Request (MigrationsAdminTest:test_list_migrations_in_flavor_resize_situation): 200 GET http://10.180.1.21/compute/v2.1/servers/e1f32dac-ca5e-4065-b322-0b668901b2c7 0.442s
2025-02-10 21:12:18.432 62748 INFO tempest.lib.common.rest_client [req-3ef1f549-c808-4e82-8510-cb19d9e3ad8f req-3ef1f549-c808-4e82-8510-cb19d9e3ad8f ] Request (ServerShowV254Test:test_rebuild_server): 200 GET http://10.180.1.21/compute/v2.1/servers/75169e1c-1cbe-4ae7-82d0-1029915850ac 0.438s
2025-02-10 21:12:18.462 62700 WARNING tempest.lib.common.ssh [-] Failed to establish authenticated ssh connection to cirros@10.180.180.195 ([Errno None] Unable to connect to port 22 on 10.180.180.195). Number attempts: 7. Retry after 8 seconds.: paramiko.ssh_exception.NoValidConnectionsError: [Errno None] Unable to connect to port 22 on 10.180.180.195
2025-02-10 21:12:18.476 62694 INFO tempest.lib.common.rest_client [req-4d9ff5f8-2ed4-4d41-97c1-604a07d27d09 req-4d9ff5f8-2ed4-4d41-97c1-604a07d27d09 ] Request (ServersTestBootFromVolume:setUpClass): 200 GET http://10.180.1.21/compute/v2.1/servers/519dab60-99ae-4f98-9cb5-216ea79aa4b2 0.400s
2025-02-10 21:12:18.492 62730 INFO tempest.lib.common.rest_client [req-22afa0bc-f9db-4f59-af69-f7717ab57119 req-22afa0bc-f9db-4f59-af69-f7717ab57119 ] Request (ServersTestMultiNic:_run_cleanups): 200 GET http://10.180.1.21/compute/v2.1/servers/63a3594c-b1e0-406d-8376-d407a4286d7d 0.404s
2025-02-10 21:12:18.498 62730 INFO tempest.common.waiters [-] State transition "ACTIVE/deleting" ==> "DELETED/None" after 5 second wait
2025-02-10 21:12:18.519 62705 INFO tempest.lib.common.rest_client [req-495327d5-08d5-4db9-93cb-226ba69c2525 req-495327d5-08d5-4db9-93cb-226ba69c2525 ] Request (ServerGroupTestJSON:test_create_server_with_scheduler_hint_group): 200 GET http://10.180.1.21/compute/v2.1/servers/563269aa-69f0-4ace-ade4-18fda65aeb72 0.376s
2025-02-10 21:12:18.532 62728 INFO tempest.lib.common.rest_client [req-a7defd0b-7de3-47b4-a6fa-f508cc643fff req-a7defd0b-7de3-47b4-a6fa-f508cc643fff ] Request (ServersAdminNegativeTestJSON:test_reset_state_server_invalid_state): 400 POST http://10.180.1.21/compute/v2.1/servers/dff0ac3a-7e94-4349-af9c-2739b6c029ba/action 0.348s
2025-02-10 21:12:18.548 62736 INFO tempest.lib.common.rest_client [req-c4ad8aa7-1dc4-427b-ac9f-d77a3e967fa8 req-c4ad8aa7-1dc4-427b-ac9f-d77a3e967fa8 ] Request (DeleteServersTestJSON:test_delete_active_server): 200 GET http://10.180.1.21/compute/v2.1/servers/4d8aea82-d609-499c-970e-dc0369ae0e8f 0.383s
2025-02-10 21:12:18.590 62706 INFO tempest.lib.common.rest_client [req-c9cb335f-2653-4594-9fc8-8c04639e39ae req-c9cb335f-2653-4594-9fc8-8c04639e39ae ] Request (ServersAdminTestJSON:test_create_server_with_scheduling_hint): 200 GET http://10.180.1.21/compute/v2.1/servers/5815dbcf-e70f-46b0-910c-ed60f8245a56 0.327s
2025-02-10 21:12:18.600 62688 INFO tempest.lib.common.rest_client [req-cefeb763-cbda-4b04-8e05-4b374365edbb req-cefeb763-cbda-4b04-8e05-4b374365edbb ] Request (ImagesOneServerNegativeTestJSON:_run_cleanups): 200 GET http://10.180.1.21/compute/v2.1/servers/9560cbaf-7b0c-4e1b-bdef-805fb0559fa6 0.298s
2025-02-10 21:12:18.649 62722 INFO tempest.lib.common.rest_client [req-e5e1e391-ef5b-47ca-8fd4-36d2b099f3b5 req-e5e1e391-ef5b-47ca-8fd4-36d2b099f3b5 ] Request (ImagesTestJSON:test_create_image_from_suspended_server): 200 GET http://10.180.1.21/compute/v2.1/servers/510928fc-fc7c-44ac-bd13-b2c042a3f9e1 0.268s
2025-02-10 21:12:18.699 62708 INFO tempest.lib.common.rest_client [req-8b04645d-a7f7-4433-8dcf-bdc98257643c req-8b04645d-a7f7-4433-8dcf-bdc98257643c ] Request (DeleteServersAdminTestJSON:test_delete_server_while_in_error_state): 202 POST http://10.180.1.21/compute/v2.1/servers/ab0297aa-4d35-4bf7-8d7e-5c43c16e1eba/action 0.319s
2025-02-10 21:12:18.750 62740 INFO tempest.lib.common.rest_client [req-ecd56082-5df6-41d8-958b-882808695072 req-ecd56082-5df6-41d8-958b-882808695072 ] Request (VolumesAdminNegativeTest:test_update_attached_volume_with_nonexistent_volume_in_body): 200 GET http://10.180.1.21/compute/v2.1/servers/73b635f5-1588-4312-b068-fbe3e8346af3 0.310s
2025-02-10 21:12:18.782 62714 INFO tempest.lib.common.rest_client [req-86b09180-760f-4bbf-8a7c-60f942a8fa78 req-86b09180-760f-4bbf-8a7c-60f942a8fa78 ] Request (SecurityGroupRulesTestJSON:test_security_group_rules_create): 200 POST http://10.180.1.21/compute/v2.1/os-security-groups 0.457s
2025-02-10 21:12:18.864 62692 INFO tempest.lib.common.rest_client [req-bf9ee34a-922d-4321-a11b-135398e39368 req-bf9ee34a-922d-4321-a11b-135398e39368 ] Request (InstanceActionsNegativeTestJSON:tearDownClass): 200 GET http://10.180.1.21/compute/v2.1/servers/5e015d27-e0a0-411c-9515-a459994115df 0.347s
2025-02-10 21:12:18.887 62698 INFO tempest.lib.common.rest_client [req-1733384e-6a21-40d3-9bd0-f2fb808f0506 req-1733384e-6a21-40d3-9bd0-f2fb808f0506 ] Request (ServerMetadataTestJSON:setUpClass): 200 GET http://10.180.1.21/compute/v2.1/servers/8577a502-89c3-4ab2-b116-fe335165524e 0.421s
2025-02-10 21:12:18.894 62728 INFO tempest.lib.common.rest_client [req-360ebc35-a4c2-4f50-b808-13d4b6d46113 req-360ebc35-a4c2-4f50-b808-13d4b6d46113 ] Request (ServersAdminNegativeTestJSON:test_reset_state_server_invalid_type): 400 POST http://10.180.1.21/compute/v2.1/servers/dff0ac3a-7e94-4349-af9c-2739b6c029ba/action 0.361s
2025-02-10 21:12:18.915 62726 INFO tempest.lib.common.rest_client [req-dabd1729-3bd6-4b47-b7f8-f94142cb7ebe req-dabd1729-3bd6-4b47-b7f8-f94142cb7ebe ] Request (AttachInterfacesTestJSON:test_create_list_show_delete_interfaces_by_fixed_ip): 200 GET http://10.180.1.21/compute/v2.1/servers/7612af2a-962a-4b03-9d1d-95c06e91968c 0.385s
2025-02-10 21:12:18.945 62686 INFO tempest.lib.common.rest_client [req-ef788cb9-9d6e-49d2-ae60-c3ddf0a372f8 req-ef788cb9-9d6e-49d2-ae60-c3ddf0a372f8 ] Request (ListServerFiltersTestJSON:setUpClass): 200 GET http://10.180.1.21/compute/v2.1/servers/46e66edb-3b02-4c07-bdb2-499c76d4258a 0.340s
2025-02-10 21:12:18.972 62721 INFO tempest.lib.common.rest_client [req-37037f5b-ff3e-4eb2-8187-2891912e0cfc req-37037f5b-ff3e-4eb2-8187-2891912e0cfc ] Request (ServerMetadataNegativeTestJSON:tearDownClass): 200 GET http://10.180.1.21/compute/v2.1/servers/bae0649b-ebc1-459c-bb85-c4f152e4736e 0.363s
2025-02-10 21:12:18.994 62716 INFO tempest.lib.common.rest_client [req-28e3956b-28d3-424d-99b4-88b820dd1bda req-28e3956b-28d3-424d-99b4-88b820dd1bda ] Request (ServersAaction247Test:tearDownClass): 404 GET http://10.180.1.21/compute/v2.1/servers/96be33ea-8064-49df-bb04-78c162e2b557 0.288s
2025-02-10 21:12:19.052 62708 INFO tempest.lib.common.rest_client [req-fb7a9a66-b430-48f3-bbff-466f30aab6c1 req-fb7a9a66-b430-48f3-bbff-466f30aab6c1 ] Request (DeleteServersAdminTestJSON:test_delete_server_while_in_error_state): 200 GET http://10.180.1.21/compute/v2.1/servers/ab0297aa-4d35-4bf7-8d7e-5c43c16e1eba 0.352s
2025-02-10 21:12:19.053 62712 INFO tempest.lib.common.rest_client [req-21254ded-0c43-418e-9916-4bab5059f14a req-21254ded-0c43-418e-9916-4bab5059f14a ] Request (ServersAdmin275Test:tearDownClass): 200 GET http://10.180.1.21/compute/v2.1/servers/14eaf7ed-743b-4198-832d-54d4cc21c2d8 0.280s
2025-02-10 21:12:19.062 62728 INFO tempest.lib.common.rest_client [req-a596263f-e988-4f57-b00a-36dc4b1e1082 req-a596263f-e988-4f57-b00a-36dc4b1e1082 ] Request (ServersAdminNegativeTestJSON:test_reset_state_server_nonexistent_server): 404 POST http://10.180.1.21/compute/v2.1/servers/999/action 0.165s
2025-02-10 21:12:19.079 62716 INFO tempest.lib.common.rest_client [req-d52bfb3a-6299-41ea-bef6-23db1dbc13af req-d52bfb3a-6299-41ea-bef6-23db1dbc13af ] Request (ServersAaction247Test:tearDownClass): 204 DELETE http://10.180.1.21/identity/v3/users/277568614a4c407babd8b2f568fd5cb6 0.085s
2025-02-10 21:12:19.080 62716 INFO tempest.lib.common.dynamic_creds [-] Deleting project and security group for project: 15a8176f3a864570b437adabf61e25c8
2025-02-10 21:12:19.121 62710 INFO tempest.lib.common.rest_client [req-dfe8e375-8892-4164-88c7-fe7d92f5cbf5 req-dfe8e375-8892-4164-88c7-fe7d92f5cbf5 ] Request (ServerActionsV293TestJSON:setUpClass): 200 GET http://10.180.1.21/compute/v2.1/servers/0d7cebb7-37e9-4e30-8681-2fa58d89b0b5 0.078s
2025-02-10 21:12:19.141 62716 INFO tempest.lib.common.rest_client [req-c6f17a9a-2b2b-4dfc-8d30-fbe367304066 req-c6f17a9a-2b2b-4dfc-8d30-fbe367304066 ] Request (ServersAaction247Test:tearDownClass): 201 POST http://10.180.1.21/identity/v3/auth/tokens 0.061s
2025-02-10 21:12:19.181 62724 INFO tempest.lib.common.rest_client [req-e551fafd-4301-4417-8f56-4c860a34884b req-e551fafd-4301-4417-8f56-4c860a34884b ] Request (SecurityGroupsTestJSON:test_server_security_groups): 200 GET http://10.180.1.21/compute/v2.1/servers/8ad6a0bd-5b35-4b39-bfbb-c714da148898 0.139s
2025-02-10 21:12:19.214 62714 INFO tempest.lib.common.rest_client [req-74d9e9e7-b61e-4e98-a6b8-e523c21115bf req-74d9e9e7-b61e-4e98-a6b8-e523c21115bf ] Request (SecurityGroupRulesTestJSON:test_security_group_rules_create): 200 POST http://10.180.1.21/compute/v2.1/os-security-group-rules 0.429s
2025-02-10 21:12:19.271 62708 INFO tempest.lib.common.rest_client [req-61f3811f-502a-4f29-9e76-828e7027120f req-61f3811f-502a-4f29-9e76-828e7027120f ] Request (DeleteServersAdminTestJSON:test_delete_server_while_in_error_state): 204 DELETE http://10.180.1.21/compute/v2.1/servers/ab0297aa-4d35-4bf7-8d7e-5c43c16e1eba 0.206s
2025-02-10 21:12:19.322 62716 INFO tempest.lib.common.rest_client [req-1fc49394-0d4f-4a88-b3de-a2da8bd9c0ee req-1fc49394-0d4f-4a88-b3de-a2da8bd9c0ee ] Request (ServersAaction247Test:tearDownClass): 200 GET http://10.180.1.21:9696/networking/v2.0/security-groups?tenant_id=15a8176f3a864570b437adabf61e25c8&name=default 0.180s
2025-02-10 21:12:19.330 62744 INFO tempest.lib.common.rest_client [req-4221f3c3-06b6-42ae-91e7-86e81be19151 req-4221f3c3-06b6-42ae-91e7-86e81be19151 ] Request (InstanceActionsV221TestJSON:test_get_list_deleted_instance_actions): 200 GET http://10.180.1.21/compute/v2.1/servers/d66af878-384b-4046-b7b4-19f5bd038f46 0.221s
2025-02-10 21:12:19.382 62728 INFO tempest.lib.common.rest_client [req-cda46a95-bc99-4885-9bb3-7fa6baabd326 req-cda46a95-bc99-4885-9bb3-7fa6baabd326 ] Request (ServersAdminNegativeTestJSON:test_resize_server_using_overlimit_ram): 200 GET http://10.180.1.21/compute/v2.1/os-quota-sets/9024daecc28f436eb2fdf22d8a418d90 0.312s
2025-02-10 21:12:19.395 62719 INFO tempest.lib.common.rest_client [req-13e576f7-71c0-41ae-9b23-4611b4396710 req-13e576f7-71c0-41ae-9b23-4611b4396710 ] Request (ServerActionsTestOtherA:setUpClass): 200 GET http://10.180.1.21/compute/v2.1/servers/9354bdc7-4ce8-477e-a612-328ecde7e7fa 0.283s
2025-02-10 21:12:19.462 62702 INFO tempest.lib.common.rest_client [req-538b92e9-1f74-4149-8ddf-fb7203b1a657 req-538b92e9-1f74-4149-8ddf-fb7203b1a657 ] Request (AttachInterfacesUnderV243Test:test_add_remove_fixed_ip): 200 GET http://10.180.1.21/compute/v2.1/servers/5b56543f-7140-4cc9-9ad7-9a93e36888cf 0.275s
2025-02-10 21:12:19.486 62696 WARNING tempest.lib.common.ssh [-] Failed to establish authenticated ssh connection to cirros@10.180.180.238 ([Errno None] Unable to connect to port 22 on 10.180.180.238). Number attempts: 7. Retry after 8 seconds.: paramiko.ssh_exception.NoValidConnectionsError: [Errno None] Unable to connect to port 22 on 10.180.180.238
2025-02-10 21:12:19.494 62716 INFO tempest.lib.common.rest_client [req-cdec9309-c50d-4088-ab8c-438692ea0e41 req-cdec9309-c50d-4088-ab8c-438692ea0e41 ] Request (ServersAaction247Test:tearDownClass): 204 DELETE http://10.180.1.21:9696/networking/v2.0/security-groups/e7780f30-e52a-4f0c-8009-1d81538c2a5e 0.171s
2025-02-10 21:12:19.582 62716 INFO tempest.lib.common.rest_client [req-0a9d22f2-0e05-499f-8aab-fe71a7743fd8 req-0a9d22f2-0e05-499f-8aab-fe71a7743fd8 ] Request (ServersAaction247Test:tearDownClass): 204 DELETE http://10.180.1.21/identity/v3/projects/15a8176f3a864570b437adabf61e25c8 0.088s
2025-02-10 21:12:19.588 62714 INFO tempest.lib.common.rest_client [req-f4b50122-e0e5-4095-9cf9-1eba382d3f0f req-f4b50122-e0e5-4095-9cf9-1eba382d3f0f ] Request (SecurityGroupRulesTestJSON:test_security_group_rules_create_with_optional_cidr): 200 POST http://10.180.1.21/compute/v2.1/os-security-groups 0.370s
2025-02-10 21:12:19.604 62708 INFO tempest.lib.common.rest_client [req-666cae06-6c7b-44ec-811b-be39b1c80737 req-666cae06-6c7b-44ec-811b-be39b1c80737 ] Request (DeleteServersAdminTestJSON:test_delete_server_while_in_error_state): 200 GET http://10.180.1.21/compute/v2.1/servers/ab0297aa-4d35-4bf7-8d7e-5c43c16e1eba 0.333s
2025-02-10 21:12:19.637 62732 INFO tempest.lib.common.rest_client [req-8c135e3e-53fb-4a9b-b3cb-210b078ef604 req-8c135e3e-53fb-4a9b-b3cb-210b078ef604 ] Request (ServerDiskConfigTestJSON:test_rebuild_server_with_manual_disk_config): 200 GET http://10.180.1.21/compute/v2.1/servers/c94cf40d-a2a6-446d-8458-a160fcb8ff38 0.352s
2025-02-10 21:12:19.651 62728 INFO tempest.lib.common.rest_client [req-74d880e1-2163-495b-8164-8c18cbb9d2d5 req-74d880e1-2163-495b-8164-8c18cbb9d2d5 ] Request (ServersAdminNegativeTestJSON:test_resize_server_using_overlimit_ram): 200 POST http://10.180.1.21/compute/v2.1/flavors 0.267s
2025-02-10 21:12:19.651 62716 INFO tempest.lib.common.rest_client [req-5119c4e9-dc09-4a63-93ca-f0466c06a349 req-5119c4e9-dc09-4a63-93ca-f0466c06a349 ] Request (ServerShowV247Test:setUpClass): 201 POST http://10.180.1.21/identity/v3/auth/tokens 0.068s
2025-02-10 21:12:19.689 62716 INFO tempest.lib.common.rest_client [req-a318ce4d-5658-4873-a02b-51a78464853f req-a318ce4d-5658-4873-a02b-51a78464853f ] Request (ServerShowV247Test:setUpClass): 201 POST http://10.180.1.21/identity/v3/auth/tokens 0.035s
2025-02-10 21:12:19.717 62748 INFO tempest.lib.common.rest_client [req-e8f527db-3bb5-4628-a52a-bbd0b3829a78 req-e8f527db-3bb5-4628-a52a-bbd0b3829a78 ] Request (ServerShowV254Test:test_rebuild_server): 200 GET http://10.180.1.21/compute/v2.1/servers/75169e1c-1cbe-4ae7-82d0-1029915850ac 0.273s
2025-02-10 21:12:19.720 62716 INFO tempest.lib.common.rest_client [req-217aeae1-0152-4c0a-b268-c02289ad1e38 req-217aeae1-0152-4c0a-b268-c02289ad1e38 ] Request (ServerShowV247Test:setUpClass): 200 GET http://10.180.1.21/identity/v3/domains?name=Default 0.030s
2025-02-10 21:12:19.759 62716 INFO tempest.lib.common.rest_client [req-4ea6532c-a4ce-45a0-85a6-080d9d59caf2 req-4ea6532c-a4ce-45a0-85a6-080d9d59caf2 ] Request (ServerShowV247Test:setUpClass): 201 POST http://10.180.1.21/identity/v3/projects 0.038s
2025-02-10 21:12:19.764 62746 INFO tempest.lib.common.rest_client [req-9f35a8a4-2693-4e11-af3b-aa682f3a1b9e req-9f35a8a4-2693-4e11-af3b-aa682f3a1b9e ] Request (MigrationsAdminTest:test_list_migrations_in_flavor_resize_situation): 200 GET http://10.180.1.21/compute/v2.1/servers/e1f32dac-ca5e-4065-b322-0b668901b2c7 0.344s
2025-02-10 21:12:19.803 62694 INFO tempest.lib.common.rest_client [req-96e23cae-6983-40c7-a4c2-3753e22a196e req-96e23cae-6983-40c7-a4c2-3753e22a196e ] Request (ServersTestBootFromVolume:setUpClass): 200 GET http://10.180.1.21/compute/v2.1/servers/519dab60-99ae-4f98-9cb5-216ea79aa4b2 0.315s
2025-02-10 21:12:19.849 62716 INFO tempest.lib.common.rest_client [req-2cd35906-8040-421a-aa93-26424d5a0aa1 req-2cd35906-8040-421a-aa93-26424d5a0aa1 ] Request (ServerShowV247Test:setUpClass): 201 POST http://10.180.1.21/identity/v3/users 0.089s
2025-02-10 21:12:19.850 62730 INFO tempest.lib.common.rest_client [req-655e5494-fa78-4b91-a9f1-92483f1b9337 req-655e5494-fa78-4b91-a9f1-92483f1b9337 ] Request (ServersTestMultiNic:_run_cleanups): 200 GET http://10.180.1.21/compute/v2.1/servers/63a3594c-b1e0-406d-8376-d407a4286d7d 0.350s
2025-02-10 21:12:19.859 62705 INFO tempest.lib.common.rest_client [req-4676fef0-42a8-4d3c-9853-18f48884f12c req-4676fef0-42a8-4d3c-9853-18f48884f12c ] Request (ServerGroupTestJSON:test_create_server_with_scheduler_hint_group): 200 GET http://10.180.1.21/compute/v2.1/servers/563269aa-69f0-4ace-ade4-18fda65aeb72 0.323s
2025-02-10 21:12:19.869 62705 INFO tempest.common.waiters [-] State transition "BUILD/scheduling" ==> "BUILD/None" after 21 second wait
2025-02-10 21:12:19.891 62716 INFO tempest.lib.common.rest_client [req-2ad6b2c6-e690-43c7-bbde-2425201f4864 req-2ad6b2c6-e690-43c7-bbde-2425201f4864 ] Request (ServerShowV247Test:setUpClass): 200 GET http://10.180.1.21/identity/v3/roles 0.041s
2025-02-10 21:12:19.925 62716 INFO tempest.lib.common.rest_client [req-672960f4-acca-4f9f-bb54-ed80afdd54b5 req-672960f4-acca-4f9f-bb54-ed80afdd54b5 ] Request (ServerShowV247Test:setUpClass): 204 PUT http://10.180.1.21/identity/v3/projects/5ae0610c5f5a42e284687c0fe55fc8ca/users/9a8f9b18de3a4a9c811909fddc6f8fce/roles/147627c5890a4b30a80cd9b6e17b4b69 0.034s
2025-02-10 21:12:19.925 62716 INFO tempest.lib.common.dynamic_creds [-] Dynamic test user 9a8f9b18de3a4a9c811909fddc6f8fce is created with scope project and roles: ['member']
2025-02-10 21:12:19.925 62716 INFO tempest.lib.common.dynamic_creds [-] Acquired dynamic creds: credentials: Credentials: {'domain_id': 'default', 'domain_name': 'Default', 'username': 'tempest-ServerShowV247Test-1605797389-project-member', 'project_domain_id': 'default', 'project_domain_name': 'Default', 'project_id': '5ae0610c5f5a42e284687c0fe55fc8ca', 'project_name': 'tempest-ServerShowV247Test-1605797389', 'tenant_id': '5ae0610c5f5a42e284687c0fe55fc8ca', 'tenant_name': 'tempest-ServerShowV247Test-1605797389', 'user_domain_id': 'default', 'user_domain_name': 'Default', 'user_id': '9a8f9b18de3a4a9c811909fddc6f8fce', 'system': None}, Network: None, Subnet: None, Router: None
2025-02-10 21:12:19.925 62716 INFO tempest.lib.common.dynamic_creds [-] Created isolated network resources for: credentials: Credentials: {'domain_id': 'default', 'domain_name': 'Default', 'username': 'tempest-ServerShowV247Test-1605797389-project-member', 'project_domain_id': 'default', 'project_domain_name': 'Default', 'project_id': '5ae0610c5f5a42e284687c0fe55fc8ca', 'project_name': 'tempest-ServerShowV247Test-1605797389', 'tenant_id': '5ae0610c5f5a42e284687c0fe55fc8ca', 'tenant_name': 'tempest-ServerShowV247Test-1605797389', 'user_domain_id': 'default', 'user_domain_name': 'Default', 'user_id': '9a8f9b18de3a4a9c811909fddc6f8fce', 'system': None}, Network: None, Subnet: None, Router: None
2025-02-10 21:12:19.928 62736 INFO tempest.lib.common.rest_client [req-1a685f4a-2ccc-423e-a904-f3bd914fddb6 req-1a685f4a-2ccc-423e-a904-f3bd914fddb6 ] Request (DeleteServersTestJSON:test_delete_active_server): 200 GET http://10.180.1.21/compute/v2.1/servers/4d8aea82-d609-499c-970e-dc0369ae0e8f 0.367s
2025-02-10 21:12:19.990 62706 INFO tempest.lib.common.rest_client [req-06d0c011-0046-438e-8af0-65ded923dd79 req-06d0c011-0046-438e-8af0-65ded923dd79 ] Request (ServersAdminTestJSON:test_create_server_with_scheduling_hint): 200 GET http://10.180.1.21/compute/v2.1/servers/5815dbcf-e70f-46b0-910c-ed60f8245a56 0.391s
2025-02-10 21:12:20.031 62716 INFO tempest.lib.common.rest_client [req-31ccd9f9-e0fc-4607-88ea-393831e44941 req-31ccd9f9-e0fc-4607-88ea-393831e44941 ] Request (ServerShowV247Test:setUpClass): 201 POST http://10.180.1.21/identity/v3/auth/tokens 0.102s
2025-02-10 21:12:20.034 62714 INFO tempest.lib.common.rest_client [req-34e927a1-d578-47df-8af4-ce7f7fdfda9a req-34e927a1-d578-47df-8af4-ce7f7fdfda9a ] Request (SecurityGroupRulesTestJSON:test_security_group_rules_create_with_optional_cidr): 200 POST http://10.180.1.21/compute/v2.1/os-security-group-rules 0.442s
2025-02-10 21:12:20.050 62688 INFO tempest.lib.common.rest_client [req-1bfdc4ef-1bb2-4990-beb7-3b4f37227907 req-1bfdc4ef-1bb2-4990-beb7-3b4f37227907 ] Request (ImagesOneServerNegativeTestJSON:_run_cleanups): 200 GET http://10.180.1.21/compute/v2.1/servers/9560cbaf-7b0c-4e1b-bdef-805fb0559fa6 0.441s
2025-02-10 21:12:20.059 62688 INFO tempest.common.waiters [-] State transition "ACTIVE/deleting" ==> "DELETED/None" after 4 second wait
2025-02-10 21:12:20.094 62716 INFO tempest.lib.common.rest_client [req-6d720726-466e-4b37-af17-9c62a0f9f77f req-6d720726-466e-4b37-af17-9c62a0f9f77f ] Request (ServerShowV247Test:setUpClass): 200 GET http://10.180.1.21/identity/v3/projects/5ae0610c5f5a42e284687c0fe55fc8ca 0.062s
2025-02-10 21:12:20.094 62716 INFO tempest.lib.common.dynamic_creds [-] Using the existing project 5ae0610c5f5a42e284687c0fe55fc8ca for scope project and roles: ['reader']
