2025-02-10 21:12:24.878 62730 INFO tempest.lib.common.rest_client [req-5b356971-640f-4063-8ad9-c3c9344141b1 req-5b356971-640f-4063-8ad9-c3c9344141b1 ] Request (ServersTestMultiNic:_run_cleanups): 200 GET http://10.180.1.21/compute/v2.1/servers/63a3594c-b1e0-406d-8376-d407a4286d7d 0.205s
2025-02-10 21:12:24.898 62705 INFO tempest.lib.common.rest_client [req-a873960a-7044-486d-8643-d10112debca9 req-a873960a-7044-486d-8643-d10112debca9 ] Request (ServerGroupTestJSON:test_create_server_with_scheduler_hint_group): 200 GET http://10.180.1.21/compute/v2.1/servers/563269aa-69f0-4ace-ade4-18fda65aeb72 0.205s
2025-02-10 21:12:24.954 62736 INFO tempest.lib.common.rest_client [req-2d09c5fd-f540-48d3-b812-d59108fbb2a3 req-2d09c5fd-f540-48d3-b812-d59108fbb2a3 ] Request (DeleteServersTestJSON:test_delete_active_server): 200 GET http://10.180.1.21/compute/v2.1/servers/4d8aea82-d609-499c-970e-dc0369ae0e8f 0.150s
2025-02-10 21:12:24.978 62698 INFO tempest.lib.common.rest_client [req-f474ee72-5b81-49bc-a3da-35fb1df6080a req-f474ee72-5b81-49bc-a3da-35fb1df6080a ] Request (ServerMetadataTestJSON:test_set_server_metadata): 200 GET http://10.180.1.21/compute/v2.1/servers/8577a502-89c3-4ab2-b116-fe335165524e/metadata 0.136s
2025-02-10 21:12:24.998 62714 INFO tempest.lib.common.rest_client [req-89df9dd4-15bf-46fc-b42e-0409ae5b6267 req-89df9dd4-15bf-46fc-b42e-0409ae5b6267 ] Request (SecurityGroupRulesTestJSON:tearDownClass): 202 DELETE http://10.180.1.21/compute/v2.1/os-security-groups/076784bf-c889-4588-87ab-9b14db826312 0.243s
2025-02-10 21:12:25.031 62706 INFO tempest.lib.common.rest_client [req-91199dc6-e9fd-45c9-a4f5-3447c94b0ffd req-91199dc6-e9fd-45c9-a4f5-3447c94b0ffd ] Request (ServersAdminTestJSON:test_create_server_with_scheduling_hint): 200 GET http://10.180.1.21/compute/v2.1/servers/5815dbcf-e70f-46b0-910c-ed60f8245a56 0.172s
2025-02-10 21:12:25.056 62688 INFO tempest.lib.common.rest_client [req-17ab36ba-0534-47b0-8686-73a3bc12b78f req-17ab36ba-0534-47b0-8686-73a3bc12b78f ] Request (ImagesOneServerNegativeTestJSON:_run_cleanups): 200 GET http://10.180.1.21/compute/v2.1/servers/9560cbaf-7b0c-4e1b-bdef-805fb0559fa6 0.142s
2025-02-10 21:12:25.083 62722 INFO tempest.lib.common.rest_client [req-3adec691-a27a-42cc-b646-83e57842ee59 req-3adec691-a27a-42cc-b646-83e57842ee59 ] Request (ImagesTestJSON:test_create_image_from_suspended_server): 200 GET http://10.180.1.21/compute/v2.1/servers/510928fc-fc7c-44ac-bd13-b2c042a3f9e1 0.162s
2025-02-10 21:12:25.106 62740 INFO tempest.lib.common.rest_client [req-475f609e-7c51-4259-b2b8-69fb022316f0 req-475f609e-7c51-4259-b2b8-69fb022316f0 ] Request (VolumesAdminNegativeTest:test_update_attached_volume_with_nonexistent_volume_in_body): 200 GET http://10.180.1.21/compute/v2.1/servers/73b635f5-1588-4312-b068-fbe3e8346af3 0.138s
2025-02-10 21:12:25.143 62698 INFO tempest.lib.common.rest_client [req-74333cc5-5953-4a1a-9628-21b7e024b98e req-74333cc5-5953-4a1a-9628-21b7e024b98e ] Request (ServerMetadataTestJSON:setUp): 200 PUT http://10.180.1.21/compute/v2.1/servers/8577a502-89c3-4ab2-b116-fe335165524e/metadata 0.163s
2025-02-10 21:12:25.220 62692 INFO tempest.lib.common.rest_client [req-3baea673-f9b3-4858-949a-5eba8e3d3a8e req-3baea673-f9b3-4858-949a-5eba8e3d3a8e ] Request (InstanceActionsNegativeTestJSON:tearDownClass): 200 GET http://10.180.1.21/compute/v2.1/servers/5e015d27-e0a0-411c-9515-a459994115df 0.217s
2025-02-10 21:12:25.237 62714 INFO tempest.lib.common.rest_client [req-49e6331f-af27-43e3-9fb2-19f5dec80a4a req-49e6331f-af27-43e3-9fb2-19f5dec80a4a ] Request (SecurityGroupRulesTestJSON:tearDownClass): 202 DELETE http://10.180.1.21/compute/v2.1/os-security-groups/082acf58-186e-4230-ba93-0cc6c265e8da 0.237s
2025-02-10 21:12:25.281 62726 INFO tempest.lib.common.rest_client [req-bc07ce3a-1ffc-493a-8f71-e716ebd57df8 req-bc07ce3a-1ffc-493a-8f71-e716ebd57df8 ] Request (AttachInterfacesTestJSON:test_create_list_show_delete_interfaces_by_fixed_ip): 200 GET http://10.180.1.21/compute/v2.1/servers/7612af2a-962a-4b03-9d1d-95c06e91968c 0.229s
2025-02-10 21:12:25.344 62698 INFO tempest.lib.common.rest_client [req-959f0f6a-f445-499f-a393-0c1ec541045e req-959f0f6a-f445-499f-a393-0c1ec541045e ] Request (ServerMetadataTestJSON:test_set_server_metadata_item): 200 PUT http://10.180.1.21/compute/v2.1/servers/8577a502-89c3-4ab2-b116-fe335165524e/metadata/nova 0.199s
2025-02-10 21:12:25.447 62712 INFO tempest.lib.common.rest_client [req-067f4010-0b38-4a22-9d3a-3b8c31bf582f req-067f4010-0b38-4a22-9d3a-3b8c31bf582f ] Request (FloatingIPsAssociationTestJSON:setUpClass): 200 PUT http://10.180.1.21:9696/networking/v2.0/routers/982a1bdf-ddcc-457c-95aa-6ca292567476/add_router_interface 0.976s
2025-02-10 21:12:25.447 62712 INFO tempest.lib.common.dynamic_creds [-] Created isolated network resources for: credentials: Credentials: {'domain_id': 'default', 'domain_name': 'Default', 'username': 'tempest-FloatingIPsAssociationTestJSON-2144828771-project-member', 'project_domain_id': 'default', 'project_domain_name': 'Default', 'project_id': 'bfd69a872fdd4c9b81c2bf557ee63fdc', 'project_name': 'tempest-FloatingIPsAssociationTestJSON-2144828771', 'tenant_id': 'bfd69a872fdd4c9b81c2bf557ee63fdc', 'tenant_name': 'tempest-FloatingIPsAssociationTestJSON-2144828771', 'user_domain_id': 'default', 'user_domain_name': 'Default', 'user_id': '2c1c46cc613b48099fdb12deb7ddb5bc', 'system': None}, Network: {'id': '01a83b5f-78c0-4146-9408-55f2418a57eb', 'name': 'tempest-FloatingIPsAssociationTestJSON-1898378545-network', 'tenant_id': 'bfd69a872fdd4c9b81c2bf557ee63fdc', 'admin_state_up': True, 'mtu': 8950, 'status': 'ACTIVE', 'subnets': [], 'shared': False, 'project_id': 'bfd69a872fdd4c9b81c2bf557ee63fdc', 'port_security_enabled': True, 'router:external': False, 'provider:network_type': 'vlan', 'provider:physical_network': 'default', 'provider:segmentation_id': 847, 'availability_zone_hints': [], 'availability_zones': [], 'ipv4_address_scope': None, 'ipv6_address_scope': None, 'description': '', 'tags': [], 'created_at': '2025-02-10T21:12:23Z', 'updated_at': '2025-02-10T21:12:23Z', 'revision_number': 1}, Subnet: {'id': '87300bc9-84a0-488e-a9d0-6eaf40b370a4', 'name': 'tempest-FloatingIPsAssociationTestJSON-1898378545-subnet', 'tenant_id': 'bfd69a872fdd4c9b81c2bf557ee63fdc', 'network_id': '01a83b5f-78c0-4146-9408-55f2418a57eb', 'ip_version': 4, 'subnetpool_id': None, 'enable_dhcp': True, 'ipv6_ra_mode': None, 'ipv6_address_mode': None, 'gateway_ip': '192.168.128.1', 'cidr': '192.168.128.0/28', 'allocation_pools': [{'start': '192.168.128.2', 'end': '192.168.128.14'}], 'host_routes': [], 'dns_nameservers': [], 'description': '', 'router:external': False, 'service_types': [], 'tags': [], 'created_at': '2025-02-10T21:12:23Z', 'updated_at': '2025-02-10T21:12:23Z', 'revision_number': 0, 'project_id': 'bfd69a872fdd4c9b81c2bf557ee63fdc'}, Router: {'id': '982a1bdf-ddcc-457c-95aa-6ca292567476', 'name': 'tempest-FloatingIPsAssociationTestJSON-1898378545-router', 'tenant_id': 'bfd69a872fdd4c9b81c2bf557ee63fdc', 'admin_state_up': True, 'status': 'ACTIVE', 'external_gateway_info': {'network_id': '3fa017fe-3abf-464f-8d90-5254af794dcc', 'external_fixed_ips': [{'subnet_id': '0ab6afdb-ac3f-4c0b-9a54-e1dc67a41e24', 'ip_address': '10.180.180.188'}], 'enable_snat': True}, 'description': '', 'availability_zones': [], 'distributed': False, 'ha': False, 'availability_zone_hints': [], 'routes': [], 'flavor_id': None, 'tags': [], 'created_at': '2025-02-10T21:12:23Z', 'updated_at': '2025-02-10T21:12:24Z', 'revision_number': 2, 'project_id': 'bfd69a872fdd4c9b81c2bf557ee63fdc'}
2025-02-10 21:12:25.487 62728 INFO tempest.lib.common.rest_client [req-c9ebcffa-ce39-4d23-b686-a5769ed780e6 req-c9ebcffa-ce39-4d23-b686-a5769ed780e6 ] Request (ServersAdminNegativeTestJSON:tearDownClass): 200 GET http://10.180.1.21/compute/v2.1/servers/6fa2c60b-401c-49bf-b8fe-364cb0ebe426 0.378s
2025-02-10 21:12:25.499 62686 INFO tempest.lib.common.rest_client [req-908ad4cd-4cea-44a5-96e3-69a3588379a3 req-908ad4cd-4cea-44a5-96e3-69a3588379a3 ] Request (ListServerFiltersTestJSON:setUpClass): 200 GET http://10.180.1.21/compute/v2.1/servers/46e66edb-3b02-4c07-bdb2-499c76d4258a 0.343s
2025-02-10 21:12:25.517 62721 INFO tempest.lib.common.rest_client [req-3137f8ae-70c7-4120-83f8-0cebe9856dcf req-3137f8ae-70c7-4120-83f8-0cebe9856dcf ] Request (ServerMetadataNegativeTestJSON:tearDownClass): 404 GET http://10.180.1.21/compute/v2.1/servers/bae0649b-ebc1-459c-bb85-c4f152e4736e 0.287s
2025-02-10 21:12:25.530 62712 INFO tempest.lib.common.rest_client [req-8c21a152-430c-4346-9eff-ac514e7a4ae9 req-8c21a152-430c-4346-9eff-ac514e7a4ae9 ] Request (FloatingIPsAssociationTestJSON:setUpClass): 201 POST http://10.180.1.21/identity/v3/auth/tokens 0.080s
2025-02-10 21:12:25.557 62712 INFO tempest.lib.common.rest_client [req-6995da39-175f-4bfe-b0bb-813eb7b2debd req-6995da39-175f-4bfe-b0bb-813eb7b2debd ] Request (FloatingIPsAssociationTestJSON:setUpClass): 201 POST http://10.180.1.21/identity/v3/auth/tokens 0.024s
2025-02-10 21:12:25.557 62712 INFO tempest.lib.common.fixed_network [-] (FloatingIPsAssociationTestJSON:setUpClass) Found network {'id': '01a83b5f-78c0-4146-9408-55f2418a57eb', 'name': 'tempest-FloatingIPsAssociationTestJSON-1898378545-network', 'tenant_id': 'bfd69a872fdd4c9b81c2bf557ee63fdc', 'admin_state_up': True, 'mtu': 8950, 'status': 'ACTIVE', 'subnets': [], 'shared': False, 'project_id': 'bfd69a872fdd4c9b81c2bf557ee63fdc', 'port_security_enabled': True, 'router:external': False, 'provider:network_type': 'vlan', 'provider:physical_network': 'default', 'provider:segmentation_id': 847, 'availability_zone_hints': [], 'availability_zones': [], 'ipv4_address_scope': None, 'ipv6_address_scope': None, 'description': '', 'tags': [], 'created_at': '2025-02-10T21:12:23Z', 'updated_at': '2025-02-10T21:12:23Z', 'revision_number': 1} available for tenant
2025-02-10 21:12:25.583 62710 INFO tempest.lib.common.rest_client [req-3c13abf3-1323-4d82-9b71-1326b045023e req-3c13abf3-1323-4d82-9b71-1326b045023e ] Request (ServerActionsV293TestJSON:setUpClass): 200 GET http://10.180.1.21/compute/v2.1/servers/0d7cebb7-37e9-4e30-8681-2fa58d89b0b5 0.274s
2025-02-10 21:12:25.609 62698 INFO tempest.lib.common.rest_client [req-78461ea6-03e5-40f1-ad6f-d359daf2a352 req-78461ea6-03e5-40f1-ad6f-d359daf2a352 ] Request (ServerMetadataTestJSON:test_set_server_metadata_item): 200 GET http://10.180.1.21/compute/v2.1/servers/8577a502-89c3-4ab2-b116-fe335165524e/metadata 0.265s
2025-02-10 21:12:25.623 62714 INFO tempest.lib.common.rest_client [req-3ae2a089-dabc-4d26-8b05-998aee77eab7 req-3ae2a089-dabc-4d26-8b05-998aee77eab7 ] Request (SecurityGroupRulesTestJSON:tearDownClass): 202 DELETE http://10.180.1.21/compute/v2.1/os-security-groups/77ee3c17-dba3-440d-a014-351ec711308c 0.384s
2025-02-10 21:12:25.654 62724 INFO tempest.lib.common.rest_client [req-077b638f-4196-47ea-a2f6-ef64852f027b req-077b638f-4196-47ea-a2f6-ef64852f027b ] Request (SecurityGroupsTestJSON:test_server_security_groups): 200 GET http://10.180.1.21/compute/v2.1/servers/8ad6a0bd-5b35-4b39-bfbb-c714da148898 0.293s
2025-02-10 21:12:25.674 62744 INFO tempest.lib.common.rest_client [req-438a93c6-1703-4094-9228-849cd56f9b01 req-438a93c6-1703-4094-9228-849cd56f9b01 ] Request (InstanceActionsV221TestJSON:test_get_list_deleted_instance_actions): 200 GET http://10.180.1.21/compute/v2.1/servers/d66af878-384b-4046-b7b4-19f5bd038f46 0.258s
2025-02-10 21:12:25.700 62719 INFO tempest.lib.common.rest_client [req-b4587c9b-30b4-45a7-959e-ab9502e7446a req-b4587c9b-30b4-45a7-959e-ab9502e7446a ] Request (ServerActionsTestOtherA:setUpClass): 200 GET http://10.180.1.21/compute/v2.1/servers/9354bdc7-4ce8-477e-a612-328ecde7e7fa 0.273s
2025-02-10 21:12:25.726 62702 INFO tempest.lib.common.rest_client [req-c99bb843-9886-489e-878e-e7f4141ccfb0 req-c99bb843-9886-489e-878e-e7f4141ccfb0 ] Request (AttachInterfacesUnderV243Test:test_add_remove_fixed_ip): 200 GET http://10.180.1.21/compute/v2.1/servers/5b56543f-7140-4cc9-9ad7-9a93e36888cf 0.244s
2025-02-10 21:12:25.748 62716 INFO tempest.lib.common.rest_client [req-c8ab432f-4387-40e4-85c4-886e51c4b556 req-c8ab432f-4387-40e4-85c4-886e51c4b556 ] Request (ServerShowV247Test:test_update_rebuild_list_server): 200 GET http://10.180.1.21/compute/v2.1/servers/dfebfd70-185b-453d-952f-eecea0e0c7b0 0.255s
2025-02-10 21:12:25.788 62732 INFO tempest.lib.common.rest_client [req-f401e021-7c86-400e-9087-0e0978c6b6fa req-f401e021-7c86-400e-9087-0e0978c6b6fa ] Request (ServerDiskConfigTestJSON:test_rebuild_server_with_manual_disk_config): 200 GET http://10.180.1.21/compute/v2.1/servers/c94cf40d-a2a6-446d-8458-a160fcb8ff38 0.251s
2025-02-10 21:12:25.861 62748 INFO tempest.lib.common.rest_client [req-21df6b5c-ff37-432f-861d-660aa1191d86 req-21df6b5c-ff37-432f-861d-660aa1191d86 ] Request (ServerShowV254Test:test_rebuild_server): 200 GET http://10.180.1.21/compute/v2.1/servers/75169e1c-1cbe-4ae7-82d0-1029915850ac 0.269s
2025-02-10 21:12:25.926 62698 INFO tempest.lib.common.rest_client [req-a253346d-6ea9-4dfe-9e31-2e36adb27d47 req-a253346d-6ea9-4dfe-9e31-2e36adb27d47 ] Request (ServerMetadataTestJSON:setUp): 200 PUT http://10.180.1.21/compute/v2.1/servers/8577a502-89c3-4ab2-b116-fe335165524e/metadata 0.312s
2025-02-10 21:12:26.107 62714 INFO tempest.lib.common.rest_client [req-b49262e8-dfef-4998-b78a-cc4c1cff0098 req-b49262e8-dfef-4998-b78a-cc4c1cff0098 ] Request (SecurityGroupRulesTestJSON:tearDownClass): 202 DELETE http://10.180.1.21/compute/v2.1/os-security-groups/cb9f0a73-9fad-4d1a-a52b-36ef4a654b55 0.484s
2025-02-10 21:12:26.182 62708 INFO tempest.lib.common.rest_client [req-19ccf60e-0292-42f0-af0c-520988ffe622 req-19ccf60e-0292-42f0-af0c-520988ffe622 ] Request (DeleteServersAdminTestJSON:test_delete_server_while_in_error_state): 200 GET http://10.180.1.21/compute/v2.1/servers/ab0297aa-4d35-4bf7-8d7e-5c43c16e1eba 0.463s
2025-02-10 21:12:26.254 62712 INFO tempest.lib.common.rest_client [req-38c4674e-7eab-4848-b376-79027dc4d6fb req-38c4674e-7eab-4848-b376-79027dc4d6fb ] Request (FloatingIPsAssociationTestJSON:setUpClass): 202 POST http://10.180.1.21/compute/v2.1/servers 0.696s
2025-02-10 21:12:26.298 62721 INFO tempest.lib.common.rest_client [req-f9b8dbd3-6c04-4d7a-9652-7ce891a5003d req-f9b8dbd3-6c04-4d7a-9652-7ce891a5003d ] Request (ServerMetadataNegativeTestJSON:tearDownClass): 200 PUT http://10.180.1.21:9696/networking/v2.0/routers/17b05c3b-0a11-40c9-8355-7b15ee154693/remove_router_interface 0.781s
2025-02-10 21:12:26.336 62694 INFO tempest.lib.common.rest_client [req-1b11c8a5-c3ed-42ed-b9b0-f6eb79676740 req-1b11c8a5-c3ed-42ed-b9b0-f6eb79676740 ] Request (ServersTestBootFromVolume:setUpClass): 200 GET http://10.180.1.21/compute/v2.1/servers/519dab60-99ae-4f98-9cb5-216ea79aa4b2 0.515s
2025-02-10 21:12:26.365 62746 INFO tempest.lib.common.rest_client [req-661f06f5-e351-45b3-b843-8fc71542a2ca req-661f06f5-e351-45b3-b843-8fc71542a2ca ] Request (MigrationsAdminTest:test_list_migrations_in_flavor_resize_situation): 200 GET http://10.180.1.21/compute/v2.1/servers/e1f32dac-ca5e-4065-b322-0b668901b2c7 0.593s
2025-02-10 21:12:26.418 62705 INFO tempest.lib.common.rest_client [req-351786a7-25e9-43c7-8941-76f00878d807 req-351786a7-25e9-43c7-8941-76f00878d807 ] Request (ServerGroupTestJSON:test_create_server_with_scheduler_hint_group): 200 GET http://10.180.1.21/compute/v2.1/servers/563269aa-69f0-4ace-ade4-18fda65aeb72 0.507s
2025-02-10 21:12:26.450 62730 INFO tempest.lib.common.rest_client [req-01c4a660-3fa2-4a71-97aa-862145c997be req-01c4a660-3fa2-4a71-97aa-862145c997be ] Request (ServersTestMultiNic:_run_cleanups): 200 GET http://10.180.1.21/compute/v2.1/servers/63a3594c-b1e0-406d-8376-d407a4286d7d 0.560s
2025-02-10 21:12:26.492 62698 INFO tempest.lib.common.rest_client [req-247fb605-7aea-45c8-9ab8-94d338322e38 req-247fb605-7aea-45c8-9ab8-94d338322e38 ] Request (ServerMetadataTestJSON:test_update_metadata_empty_body): 200 POST http://10.180.1.21/compute/v2.1/servers/8577a502-89c3-4ab2-b116-fe335165524e/metadata 0.564s
2025-02-10 21:12:26.507 62736 INFO tempest.lib.common.rest_client [req-10ea31bf-a733-4af0-966c-afa49c193114 req-10ea31bf-a733-4af0-966c-afa49c193114 ] Request (DeleteServersTestJSON:test_delete_active_server): 200 GET http://10.180.1.21/compute/v2.1/servers/4d8aea82-d609-499c-970e-dc0369ae0e8f 0.540s
2025-02-10 21:12:26.540 62706 INFO tempest.lib.common.rest_client [req-66923ad8-3b6f-439b-acbb-a41b2869bb3f req-66923ad8-3b6f-439b-acbb-a41b2869bb3f ] Request (ServersAdminTestJSON:test_create_server_with_scheduling_hint): 200 GET http://10.180.1.21/compute/v2.1/servers/5815dbcf-e70f-46b0-910c-ed60f8245a56 0.501s
2025-02-10 21:12:26.573 62688 INFO tempest.lib.common.rest_client [req-9c3bdedb-ad26-4209-9498-2cba49ed009c req-9c3bdedb-ad26-4209-9498-2cba49ed009c ] Request (ImagesOneServerNegativeTestJSON:_run_cleanups): 200 GET http://10.180.1.21/compute/v2.1/servers/9560cbaf-7b0c-4e1b-bdef-805fb0559fa6 0.506s
2025-02-10 21:12:26.595 62722 INFO tempest.lib.common.rest_client [req-3a48f1dd-7fab-4781-bd6d-2a5099e3c66b req-3a48f1dd-7fab-4781-bd6d-2a5099e3c66b ] Request (ImagesTestJSON:test_create_image_from_suspended_server): 200 GET http://10.180.1.21/compute/v2.1/servers/510928fc-fc7c-44ac-bd13-b2c042a3f9e1 0.503s
2025-02-10 21:12:26.650 62740 INFO tempest.lib.common.rest_client [req-a4373510-75c0-4cf8-aad1-a0b96473ea7e req-a4373510-75c0-4cf8-aad1-a0b96473ea7e ] Request (VolumesAdminNegativeTest:test_update_attached_volume_with_nonexistent_volume_in_body): 200 GET http://10.180.1.21/compute/v2.1/servers/73b635f5-1588-4312-b068-fbe3e8346af3 0.535s
2025-02-10 21:12:26.693 62721 INFO tempest.lib.common.rest_client [req-4cb72ce0-2f33-4511-9cbf-f9f6ef832d55 req-4cb72ce0-2f33-4511-9cbf-f9f6ef832d55 ] Request (ServerMetadataNegativeTestJSON:tearDownClass): 204 DELETE http://10.180.1.21:9696/networking/v2.0/routers/17b05c3b-0a11-40c9-8355-7b15ee154693 0.394s
2025-02-10 21:12:26.709 62714 INFO tempest.lib.common.rest_client [req-3b7b23e9-7d6b-4fd6-8d7a-a27a25cf833d req-3b7b23e9-7d6b-4fd6-8d7a-a27a25cf833d ] Request (SecurityGroupRulesTestJSON:tearDownClass): 202 DELETE http://10.180.1.21/compute/v2.1/os-security-groups/16e78893-2055-4c8d-ba79-a958c417e469 0.601s
2025-02-10 21:12:26.710 62692 INFO tempest.lib.common.rest_client [req-11816470-2810-4bde-b2dc-bce1eeccd336 req-11816470-2810-4bde-b2dc-bce1eeccd336 ] Request (InstanceActionsNegativeTestJSON:tearDownClass): 200 GET http://10.180.1.21/compute/v2.1/servers/5e015d27-e0a0-411c-9515-a459994115df 0.481s
2025-02-10 21:12:26.759 62712 INFO tempest.lib.common.rest_client [req-d1942662-ee93-4272-bf0b-6bae981ce350 req-d1942662-ee93-4272-bf0b-6bae981ce350 ] Request (FloatingIPsAssociationTestJSON:setUpClass): 200 GET http://10.180.1.21/compute/v2.1/servers/09455f5a-ac87-4c1f-a6d1-0e9a0736493b 0.503s
2025-02-10 21:12:26.766 62726 INFO tempest.lib.common.rest_client [req-4afd7c78-e44e-40dc-852f-dbab22af286f req-4afd7c78-e44e-40dc-852f-dbab22af286f ] Request (AttachInterfacesTestJSON:test_create_list_show_delete_interfaces_by_fixed_ip): 200 GET http://10.180.1.21/compute/v2.1/servers/7612af2a-962a-4b03-9d1d-95c06e91968c 0.476s
2025-02-10 21:12:26.784 62698 INFO tempest.lib.common.rest_client [req-a5c78583-4cc2-4f8a-b3c1-88b61687232a req-a5c78583-4cc2-4f8a-b3c1-88b61687232a ] Request (ServerMetadataTestJSON:test_update_metadata_empty_body): 200 GET http://10.180.1.21/compute/v2.1/servers/8577a502-89c3-4ab2-b116-fe335165524e/metadata 0.291s
2025-02-10 21:12:26.840 62728 INFO tempest.lib.common.rest_client [req-9a927405-6a58-46ac-b3de-93a880539297 req-9a927405-6a58-46ac-b3de-93a880539297 ] Request (ServersAdminNegativeTestJSON:tearDownClass): 200 GET http://10.180.1.21/compute/v2.1/servers/6fa2c60b-401c-49bf-b8fe-364cb0ebe426 0.343s
2025-02-10 21:12:26.847 62728 INFO tempest.common.waiters [-] State transition "SUSPENDED/deleting" ==> "DELETED/None" after 4 second wait
2025-02-10 21:12:26.848 62686 INFO tempest.lib.common.rest_client [req-92219747-8e32-4b62-bc7a-1b6967ce44df req-92219747-8e32-4b62-bc7a-1b6967ce44df ] Request (ListServerFiltersTestJSON:setUpClass): 200 GET http://10.180.1.21/compute/v2.1/servers/46e66edb-3b02-4c07-bdb2-499c76d4258a 0.339s
2025-02-10 21:12:26.887 62721 INFO tempest.lib.common.rest_client [req-fb13c2e1-6030-435e-8080-7d83081d3263 req-fb13c2e1-6030-435e-8080-7d83081d3263 ] Request (ServerMetadataNegativeTestJSON:tearDownClass): 204 DELETE http://10.180.1.21:9696/networking/v2.0/subnets/03fb4582-eec9-45cb-a9ce-e0eb1d9ee9c7 0.194s
2025-02-10 21:12:26.910 62710 INFO tempest.lib.common.rest_client [req-775ab739-c3ae-4f3e-b175-9bce71ac4a11 req-775ab739-c3ae-4f3e-b175-9bce71ac4a11 ] Request (ServerActionsV293TestJSON:setUpClass): 200 GET http://10.180.1.21/compute/v2.1/servers/0d7cebb7-37e9-4e30-8681-2fa58d89b0b5 0.315s
2025-02-10 21:12:26.921 62724 INFO tempest.lib.common.rest_client [req-c5359ec1-a893-4f70-a5ad-025501bbf00c req-c5359ec1-a893-4f70-a5ad-025501bbf00c ] Request (SecurityGroupsTestJSON:test_server_security_groups): 200 GET http://10.180.1.21/compute/v2.1/servers/8ad6a0bd-5b35-4b39-bfbb-c714da148898 0.258s
2025-02-10 21:12:26.983 62744 INFO tempest.lib.common.rest_client [req-e2c16bb0-d44a-40da-a5a4-1b9f1949a95c req-e2c16bb0-d44a-40da-a5a4-1b9f1949a95c ] Request (InstanceActionsV221TestJSON:test_get_list_deleted_instance_actions): 200 GET http://10.180.1.21/compute/v2.1/servers/d66af878-384b-4046-b7b4-19f5bd038f46 0.298s
2025-02-10 21:12:26.987 62719 INFO tempest.lib.common.rest_client [req-c3ea5d79-34f2-4237-89fc-176e03ba0274 req-c3ea5d79-34f2-4237-89fc-176e03ba0274 ] Request (ServerActionsTestOtherA:setUpClass): 200 GET http://10.180.1.21/compute/v2.1/servers/9354bdc7-4ce8-477e-a612-328ecde7e7fa 0.277s
2025-02-10 21:12:27.042 62716 INFO tempest.lib.common.rest_client [req-3ad28ffc-ab9c-4c1a-956f-d679906027a3 req-3ad28ffc-ab9c-4c1a-956f-d679906027a3 ] Request (ServerShowV247Test:test_update_rebuild_list_server): 200 GET http://10.180.1.21/compute/v2.1/servers/dfebfd70-185b-453d-952f-eecea0e0c7b0 0.284s
2025-02-10 21:12:27.066 62702 INFO tempest.lib.common.rest_client [req-b5cb5d99-d4ea-4bfe-8453-40b6b6444e9d req-b5cb5d99-d4ea-4bfe-8453-40b6b6444e9d ] Request (AttachInterfacesUnderV243Test:test_add_remove_fixed_ip): 200 GET http://10.180.1.21/compute/v2.1/servers/5b56543f-7140-4cc9-9ad7-9a93e36888cf 0.330s
2025-02-10 21:12:27.107 62698 INFO tempest.lib.common.rest_client [req-09fa74dd-57f5-4744-ae88-1073dd0c3ef3 req-09fa74dd-57f5-4744-ae88-1073dd0c3ef3 ] Request (ServerMetadataTestJSON:setUp): 200 PUT http://10.180.1.21/compute/v2.1/servers/8577a502-89c3-4ab2-b116-fe335165524e/metadata 0.317s
2025-02-10 21:12:27.118 62732 INFO tempest.lib.common.rest_client [req-daced7c4-5495-4be5-9f26-38fc0b0c5ff6 req-daced7c4-5495-4be5-9f26-38fc0b0c5ff6 ] Request (ServerDiskConfigTestJSON:test_rebuild_server_with_manual_disk_config): 200 GET http://10.180.1.21/compute/v2.1/servers/c94cf40d-a2a6-446d-8458-a160fcb8ff38 0.320s
2025-02-10 21:12:27.165 62748 INFO tempest.lib.common.rest_client [req-38d57cf7-e975-478e-912a-a90b821fdefc req-38d57cf7-e975-478e-912a-a90b821fdefc ] Request (ServerShowV254Test:test_rebuild_server): 200 GET http://10.180.1.21/compute/v2.1/servers/75169e1c-1cbe-4ae7-82d0-1029915850ac 0.291s
2025-02-10 21:12:27.177 62698 INFO tempest.lib.common.rest_client [req-bbe24705-2549-437a-bc70-3bbfbc3cea2b req-bbe24705-2549-437a-bc70-3bbfbc3cea2b ] Request (ServerMetadataTestJSON:test_update_server_metadata): 200 POST http://10.180.1.21/compute/v2.1/servers/8577a502-89c3-4ab2-b116-fe335165524e/metadata 0.068s
2025-02-10 21:12:27.215 62698 INFO tempest.lib.common.rest_client [req-3ece4e00-3a28-4bff-98f3-4ae4f92e385b req-3ece4e00-3a28-4bff-98f3-4ae4f92e385b ] Request (ServerMetadataTestJSON:test_update_server_metadata): 200 GET http://10.180.1.21/compute/v2.1/servers/8577a502-89c3-4ab2-b116-fe335165524e/metadata 0.037s
2025-02-10 21:12:27.247 62721 INFO tempest.lib.common.rest_client [req-04b3c8ed-485f-4a4f-a009-6c204297a6d8 req-04b3c8ed-485f-4a4f-a009-6c204297a6d8 ] Request (ServerMetadataNegativeTestJSON:tearDownClass): 204 DELETE http://10.180.1.21:9696/networking/v2.0/networks/e911a9db-61e9-4f9f-8429-c581ae7e603c 0.359s
2025-02-10 21:12:27.270 62708 INFO tempest.lib.common.rest_client [req-1c49c95b-8917-4ff9-bca7-aa3d24b41c64 req-1c49c95b-8917-4ff9-bca7-aa3d24b41c64 ] Request (DeleteServersAdminTestJSON:test_delete_server_while_in_error_state): 200 GET http://10.180.1.21/compute/v2.1/servers/ab0297aa-4d35-4bf7-8d7e-5c43c16e1eba 0.078s
2025-02-10 21:12:27.308 62698 INFO tempest.lib.common.rest_client [req-da42be03-6195-46af-ac7e-7ea2305b65ea req-da42be03-6195-46af-ac7e-7ea2305b65ea ] Request (ServerMetadataTestJSON:tearDownClass): 204 DELETE http://10.180.1.21/compute/v2.1/servers/8577a502-89c3-4ab2-b116-fe335165524e 0.092s
2025-02-10 21:12:27.345 62721 INFO tempest.lib.common.rest_client [req-cdc81f49-93e8-4ae3-8180-16210b0e3463 req-cdc81f49-93e8-4ae3-8180-16210b0e3463 ] Request (ServerMetadataNegativeTestJSON:tearDownClass): 204 DELETE http://10.180.1.21/identity/v3/users/34622634380948e6b9b26266df1356b2 0.098s
2025-02-10 21:12:27.345 62721 INFO tempest.lib.common.dynamic_creds [-] Deleting project and security group for project: ebb217f7aab04cf4a4e4a1d174faa451
2025-02-10 21:12:27.399 62721 INFO tempest.lib.common.rest_client [req-4d61144a-cce8-4127-82e8-0a38cbaafd62 req-4d61144a-cce8-4127-82e8-0a38cbaafd62 ] Request (ServerMetadataNegativeTestJSON:tearDownClass): 200 GET http://10.180.1.21:9696/networking/v2.0/security-groups?tenant_id=ebb217f7aab04cf4a4e4a1d174faa451&name=default 0.053s
2025-02-10 21:12:27.404 62694 INFO tempest.lib.common.rest_client [req-dfa62f36-e2a5-4acd-80a5-1020100dc535 req-dfa62f36-e2a5-4acd-80a5-1020100dc535 ] Request (ServersTestBootFromVolume:setUpClass): 200 GET http://10.180.1.21/compute/v2.1/servers/519dab60-99ae-4f98-9cb5-216ea79aa4b2 0.059s
2025-02-10 21:12:27.467 62698 INFO tempest.lib.common.rest_client [req-69035d2d-0d7e-4d77-9a33-8fa2f5e2883f req-69035d2d-0d7e-4d77-9a33-8fa2f5e2883f ] Request (ServerMetadataTestJSON:tearDownClass): 200 GET http://10.180.1.21/compute/v2.1/servers/8577a502-89c3-4ab2-b116-fe335165524e 0.158s
2025-02-10 21:12:27.513 62746 INFO tempest.lib.common.rest_client [req-d1bb04c1-58f5-4d00-9f05-e048807cc0d0 req-d1bb04c1-58f5-4d00-9f05-e048807cc0d0 ] Request (MigrationsAdminTest:test_list_migrations_in_flavor_resize_situation): 200 GET http://10.180.1.21/compute/v2.1/servers/e1f32dac-ca5e-4065-b322-0b668901b2c7 0.132s
2025-02-10 21:12:27.523 62705 INFO tempest.lib.common.rest_client [req-08f701a6-0ab3-41d5-b11b-e97b7646d86b req-08f701a6-0ab3-41d5-b11b-e97b7646d86b ] Request (ServerGroupTestJSON:test_create_server_with_scheduler_hint_group): 200 GET http://10.180.1.21/compute/v2.1/servers/563269aa-69f0-4ace-ade4-18fda65aeb72 0.096s
2025-02-10 21:12:27.525 62721 INFO tempest.lib.common.rest_client [req-2b48799b-a02d-48d0-84ab-598c295f88d1 req-2b48799b-a02d-48d0-84ab-598c295f88d1 ] Request (ServerMetadataNegativeTestJSON:tearDownClass): 204 DELETE http://10.180.1.21:9696/networking/v2.0/security-groups/14d36637-7e92-48d0-8a31-bc8152ca752d 0.125s
2025-02-10 21:12:27.531 62714 INFO tempest.lib.common.rest_client [req-f50b7665-5e57-4cee-8c10-0e51b1386525 req-f50b7665-5e57-4cee-8c10-0e51b1386525 ] Request (SecurityGroupRulesTestJSON:tearDownClass): 200 PUT http://10.180.1.21:9696/networking/v2.0/routers/74a13c71-5685-426c-a015-aa90dad4ae17/remove_router_interface 0.822s
2025-02-10 21:12:27.593 62736 INFO tempest.lib.common.rest_client [req-a9a382ff-a468-422a-bbdc-6d35c9070d5d req-a9a382ff-a468-422a-bbdc-6d35c9070d5d ] Request (DeleteServersTestJSON:test_delete_active_server): 200 GET http://10.180.1.21/compute/v2.1/servers/4d8aea82-d609-499c-970e-dc0369ae0e8f 0.077s
2025-02-10 21:12:27.594 62730 INFO tempest.lib.common.rest_client [req-c63f6518-718f-4033-9f37-28706210bf99 req-c63f6518-718f-4033-9f37-28706210bf99 ] Request (ServersTestMultiNic:_run_cleanups): 200 GET http://10.180.1.21/compute/v2.1/servers/63a3594c-b1e0-406d-8376-d407a4286d7d 0.132s
2025-02-10 21:12:27.631 62721 INFO tempest.lib.common.rest_client [req-6235c52d-047d-4c0a-a731-ebb8265df8ff req-6235c52d-047d-4c0a-a731-ebb8265df8ff ] Request (ServerMetadataNegativeTestJSON:tearDownClass): 204 DELETE http://10.180.1.21/identity/v3/projects/ebb217f7aab04cf4a4e4a1d174faa451 0.106s
2025-02-10 21:12:27.640 62706 INFO tempest.lib.common.rest_client [req-467d4916-37aa-4a04-935b-92c482480fd7 req-467d4916-37aa-4a04-935b-92c482480fd7 ] Request (ServersAdminTestJSON:test_create_server_with_scheduling_hint): 200 GET http://10.180.1.21/compute/v2.1/servers/5815dbcf-e70f-46b0-910c-ed60f8245a56 0.091s
2025-02-10 21:12:27.662 62688 INFO tempest.lib.common.rest_client [req-c465542f-c38f-42da-8c8c-977c50947e73 req-c465542f-c38f-42da-8c8c-977c50947e73 ] Request (ImagesOneServerNegativeTestJSON:_run_cleanups): 200 GET http://10.180.1.21/compute/v2.1/servers/9560cbaf-7b0c-4e1b-bdef-805fb0559fa6 0.079s
2025-02-10 21:12:27.691 62722 INFO tempest.lib.common.rest_client [req-c39c66de-025e-4b45-9de6-9bb7e0652464 req-c39c66de-025e-4b45-9de6-9bb7e0652464 ] Request (ImagesTestJSON:test_create_image_from_suspended_server): 200 GET http://10.180.1.21/compute/v2.1/servers/510928fc-fc7c-44ac-bd13-b2c042a3f9e1 0.087s
2025-02-10 21:12:27.698 62722 INFO tempest.common.waiters [-] State transition "BUILD/None" ==> "BUILD/networking" after 43 second wait
2025-02-10 21:12:27.700 62721 INFO tempest.lib.common.rest_client [req-bd012dfd-e8f8-4a1f-a8c5-769475a88c1a req-bd012dfd-e8f8-4a1f-a8c5-769475a88c1a ] Request (ServerPasswordTestJSON:setUpClass): 201 POST http://10.180.1.21/identity/v3/auth/tokens 0.067s
2025-02-10 21:12:27.710 62740 INFO tempest.lib.common.rest_client [req-a40d5831-1d73-4063-ac4b-bfbe6d958686 req-a40d5831-1d73-4063-ac4b-bfbe6d958686 ] Request (VolumesAdminNegativeTest:test_update_attached_volume_with_nonexistent_volume_in_body): 200 GET http://10.180.1.21/compute/v2.1/servers/73b635f5-1588-4312-b068-fbe3e8346af3 0.050s
2025-02-10 21:12:27.732 62721 INFO tempest.lib.common.rest_client [req-29296d07-d0f8-497b-ba18-a1a74bc0e7c3 req-29296d07-d0f8-497b-ba18-a1a74bc0e7c3 ] Request (ServerPasswordTestJSON:setUpClass): 201 POST http://10.180.1.21/identity/v3/auth/tokens 0.029s
2025-02-10 21:12:27.765 62721 INFO tempest.lib.common.rest_client [req-2a4562cb-7007-41b0-9279-125be00c9c25 req-2a4562cb-7007-41b0-9279-125be00c9c25 ] Request (ServerPasswordTestJSON:setUpClass): 200 GET http://10.180.1.21/identity/v3/domains?name=Default 0.031s
2025-02-10 21:12:27.781 62692 INFO tempest.lib.common.rest_client [req-7463ea9e-a725-4776-b465-e17c0f00e062 req-7463ea9e-a725-4776-b465-e17c0f00e062 ] Request (InstanceActionsNegativeTestJSON:tearDownClass): 200 GET http://10.180.1.21/compute/v2.1/servers/5e015d27-e0a0-411c-9515-a459994115df 0.059s
2025-02-10 21:12:27.800 62721 INFO tempest.lib.common.rest_client [req-f599307d-52b1-43e6-9dd2-4ac4474dfad6 req-f599307d-52b1-43e6-9dd2-4ac4474dfad6 ] Request (ServerPasswordTestJSON:setUpClass): 201 POST http://10.180.1.21/identity/v3/projects 0.035s
2025-02-10 21:12:27.827 62712 INFO tempest.lib.common.rest_client [req-14261535-90f9-45ef-847e-5bf7a6b09da2 req-14261535-90f9-45ef-847e-5bf7a6b09da2 ] Request (FloatingIPsAssociationTestJSON:setUpClass): 200 GET http://10.180.1.21/compute/v2.1/servers/09455f5a-ac87-4c1f-a6d1-0e9a0736493b 0.060s
2025-02-10 21:12:27.836 62726 INFO tempest.lib.common.rest_client [req-90b595d2-a34a-489e-ac8b-19693547d761 req-90b595d2-a34a-489e-ac8b-19693547d761 ] Request (AttachInterfacesTestJSON:test_create_list_show_delete_interfaces_by_fixed_ip): 200 GET http://10.180.1.21/compute/v2.1/servers/7612af2a-962a-4b03-9d1d-95c06e91968c 0.055s
2025-02-10 21:12:27.863 62721 INFO tempest.lib.common.rest_client [req-71405e61-54ac-4e7f-be21-fd7df68e8f64 req-71405e61-54ac-4e7f-be21-fd7df68e8f64 ] Request (ServerPasswordTestJSON:setUpClass): 201 POST http://10.180.1.21/identity/v3/users 0.062s
2025-02-10 21:12:27.884 62721 INFO tempest.lib.common.rest_client [req-db98336a-4cc7-48e6-98be-e6fd97cfe679 req-db98336a-4cc7-48e6-98be-e6fd97cfe679 ] Request (ServerPasswordTestJSON:setUpClass): 200 GET http://10.180.1.21/identity/v3/roles 0.021s
2025-02-10 21:12:27.906 62714 INFO tempest.lib.common.rest_client [req-1a8be81c-c1f4-4cf4-bc51-d7a7820b7a46 req-1a8be81c-c1f4-4cf4-bc51-d7a7820b7a46 ] Request (SecurityGroupRulesTestJSON:tearDownClass): 204 DELETE http://10.180.1.21:9696/networking/v2.0/routers/74a13c71-5685-426c-a015-aa90dad4ae17 0.375s
2025-02-10 21:12:27.910 62728 INFO tempest.lib.common.rest_client [req-f13ebe91-464c-4a39-b4c0-14c8e145eb24 req-f13ebe91-464c-4a39-b4c0-14c8e145eb24 ] Request (ServersAdminNegativeTestJSON:tearDownClass): 200 GET http://10.180.1.21/compute/v2.1/servers/6fa2c60b-401c-49bf-b8fe-364cb0ebe426 0.062s
2025-02-10 21:12:27.912 62721 INFO tempest.lib.common.rest_client [req-9b619f53-b577-4fe8-a822-6af4d67d0af5 req-9b619f53-b577-4fe8-a822-6af4d67d0af5 ] Request (ServerPasswordTestJSON:setUpClass): 204 PUT http://10.180.1.21/identity/v3/projects/545943562e6345d49408be6c608afda5/users/917e179f84194355a98742e51c50f4fd/roles/147627c5890a4b30a80cd9b6e17b4b69 0.028s
2025-02-10 21:12:27.913 62721 INFO tempest.lib.common.dynamic_creds [-] Dynamic test user 917e179f84194355a98742e51c50f4fd is created with scope project and roles: ['member']
2025-02-10 21:12:27.913 62721 INFO tempest.lib.common.dynamic_creds [-] Acquired dynamic creds: credentials: Credentials: {'domain_id': 'default', 'domain_name': 'Default', 'username': 'tempest-ServerPasswordTestJSON-941040581-project-member', 'project_domain_id': 'default', 'project_domain_name': 'Default', 'project_id': '545943562e6345d49408be6c608afda5', 'project_name': 'tempest-ServerPasswordTestJSON-941040581', 'tenant_id': '545943562e6345d49408be6c608afda5', 'tenant_name': 'tempest-ServerPasswordTestJSON-941040581', 'user_domain_id': 'default', 'user_domain_name': 'Default', 'user_id': '917e179f84194355a98742e51c50f4fd', 'system': None}, Network: None, Subnet: None, Router: None
2025-02-10 21:12:27.916 62686 INFO tempest.lib.common.rest_client [req-d43c0ff6-0320-491c-8b8e-329bf653ea5b req-d43c0ff6-0320-491c-8b8e-329bf653ea5b ] Request (ListServerFiltersTestJSON:setUpClass): 200 GET http://10.180.1.21/compute/v2.1/servers/46e66edb-3b02-4c07-bdb2-499c76d4258a 0.059s
2025-02-10 21:12:27.970 62721 INFO tempest.lib.common.rest_client [req-76c0c409-5c22-4fa6-a943-266f2bf20834 req-76c0c409-5c22-4fa6-a943-266f2bf20834 ] Request (ServerPasswordTestJSON:setUpClass): 201 POST http://10.180.1.21/identity/v3/auth/tokens 0.056s
2025-02-10 21:12:27.981 62710 INFO tempest.lib.common.rest_client [req-aa734388-ba2a-488a-bcb5-fbf9925400b7 req-aa734388-ba2a-488a-bcb5-fbf9925400b7 ] Request (ServerActionsV293TestJSON:setUpClass): 200 GET http://10.180.1.21/compute/v2.1/servers/0d7cebb7-37e9-4e30-8681-2fa58d89b0b5 0.056s
2025-02-10 21:12:27.986 62724 INFO tempest.lib.common.rest_client [req-7e5b711f-e255-4aa0-a81b-86c8eaaee5e4 req-7e5b711f-e255-4aa0-a81b-86c8eaaee5e4 ] Request (SecurityGroupsTestJSON:test_server_security_groups): 200 GET http://10.180.1.21/compute/v2.1/servers/8ad6a0bd-5b35-4b39-bfbb-c714da148898 0.058s
2025-02-10 21:12:27.993 62724 INFO tempest.common.waiters [-] State transition "BUILD/scheduling" ==> "BUILD/None" after 24 second wait
2025-02-10 21:12:28.017 62714 INFO tempest.lib.common.rest_client [req-6587c792-101e-4fb5-b304-3590ae391b67 req-6587c792-101e-4fb5-b304-3590ae391b67 ] Request (SecurityGroupRulesTestJSON:tearDownClass): 204 DELETE http://10.180.1.21:9696/networking/v2.0/subnets/b14bbcb7-7712-49e1-be51-830886eaaf32 0.110s
2025-02-10 21:12:28.066 62744 INFO tempest.lib.common.rest_client [req-26cc19f6-e8e7-497c-8117-7b6600a58859 req-26cc19f6-e8e7-497c-8117-7b6600a58859 ] Request (InstanceActionsV221TestJSON:test_get_list_deleted_instance_actions): 200 GET http://10.180.1.21/compute/v2.1/servers/d66af878-384b-4046-b7b4-19f5bd038f46 0.065s
2025-02-10 21:12:28.074 62719 INFO tempest.lib.common.rest_client [req-f9fc0b01-d957-4132-a174-6fa1bb612fdd req-f9fc0b01-d957-4132-a174-6fa1bb612fdd ] Request (ServerActionsTestOtherA:setUpClass): 200 GET http://10.180.1.21/compute/v2.1/servers/9354bdc7-4ce8-477e-a612-328ecde7e7fa 0.071s
2025-02-10 21:12:28.131 62716 INFO tempest.lib.common.rest_client [req-b216fa9e-ec37-48e9-9b91-4be7041c4e56 req-b216fa9e-ec37-48e9-9b91-4be7041c4e56 ] Request (ServerShowV247Test:test_update_rebuild_list_server): 200 GET http://10.180.1.21/compute/v2.1/servers/dfebfd70-185b-453d-952f-eecea0e0c7b0 0.071s
2025-02-10 21:12:28.147 62702 INFO tempest.lib.common.rest_client [req-fadf299e-bd3f-4821-b9d5-94b982fae77e req-fadf299e-bd3f-4821-b9d5-94b982fae77e ] Request (AttachInterfacesUnderV243Test:test_add_remove_fixed_ip): 200 GET http://10.180.1.21/compute/v2.1/servers/5b56543f-7140-4cc9-9ad7-9a93e36888cf 0.066s
2025-02-10 21:12:28.195 62732 INFO tempest.lib.common.rest_client [req-ada19bd9-d44a-4fe0-bdd0-51f0ac935ea6 req-ada19bd9-d44a-4fe0-bdd0-51f0ac935ea6 ] Request (ServerDiskConfigTestJSON:test_rebuild_server_with_manual_disk_config): 200 GET http://10.180.1.21/compute/v2.1/servers/c94cf40d-a2a6-446d-8458-a160fcb8ff38 0.066s
2025-02-10 21:12:28.251 62721 INFO tempest.lib.common.rest_client [req-b7ff0c0d-e0ca-41d9-a87f-c51cc83c7c6f req-b7ff0c0d-e0ca-41d9-a87f-c51cc83c7c6f ] Request (ServerPasswordTestJSON:setUpClass): 201 POST http://10.180.1.21:9696/networking/v2.0/networks 0.281s
2025-02-10 21:12:28.273 62748 INFO tempest.lib.common.rest_client [req-fe519ad0-ed5e-4929-89cc-b37b93427042 req-fe519ad0-ed5e-4929-89cc-b37b93427042 ] Request (ServerShowV254Test:test_rebuild_server): 200 GET http://10.180.1.21/compute/v2.1/servers/75169e1c-1cbe-4ae7-82d0-1029915850ac 0.098s
2025-02-10 21:12:28.373 62708 INFO tempest.lib.common.rest_client [req-2b20b26a-5184-468a-9bfa-85ea9c215afc req-2b20b26a-5184-468a-9bfa-85ea9c215afc ] Request (DeleteServersAdminTestJSON:test_delete_server_while_in_error_state): 200 GET http://10.180.1.21/compute/v2.1/servers/ab0297aa-4d35-4bf7-8d7e-5c43c16e1eba 0.094s
2025-02-10 21:12:28.410 62721 INFO tempest.lib.common.rest_client [req-d66a1e38-32e3-43b5-ad81-41f25bc11e32 req-d66a1e38-32e3-43b5-ad81-41f25bc11e32 ] Request (ServerPasswordTestJSON:setUpClass): 201 POST http://10.180.1.21:9696/networking/v2.0/subnets 0.159s
2025-02-10 21:12:28.495 62694 INFO tempest.lib.common.rest_client [req-311f99f0-4201-4e10-8dcf-cc645e025c9e req-311f99f0-4201-4e10-8dcf-cc645e025c9e ] Request (ServersTestBootFromVolume:setUpClass): 200 GET http://10.180.1.21/compute/v2.1/servers/519dab60-99ae-4f98-9cb5-216ea79aa4b2 0.080s
2025-02-10 21:12:28.581 62714 INFO tempest.lib.common.rest_client [req-13bcf185-3d67-499d-b95c-1c0ee3d0715d req-13bcf185-3d67-499d-b95c-1c0ee3d0715d ] Request (SecurityGroupRulesTestJSON:tearDownClass): 204 DELETE http://10.180.1.21:9696/networking/v2.0/networks/171d260d-26c8-498a-963c-b52e92a22426 0.563s
2025-02-10 21:12:28.643 62698 INFO tempest.lib.common.rest_client [req-0c4ffe2f-c1e3-4778-a5a9-7f45a334387a req-0c4ffe2f-c1e3-4778-a5a9-7f45a334387a ] Request (ServerMetadataTestJSON:tearDownClass): 200 GET http://10.180.1.21/compute/v2.1/servers/8577a502-89c3-4ab2-b116-fe335165524e 0.167s
2025-02-10 21:12:28.657 62714 INFO tempest.lib.common.rest_client [req-136be695-e3ac-4252-bd1b-9cdc9b1ea5c6 req-136be695-e3ac-4252-bd1b-9cdc9b1ea5c6 ] Request (SecurityGroupRulesTestJSON:tearDownClass): 204 DELETE http://10.180.1.21/identity/v3/users/960adaf57716457096cf1a6e6c0361b4 0.075s
2025-02-10 21:12:28.657 62714 INFO tempest.lib.common.dynamic_creds [-] Deleting project and security group for project: 420e0fe81d5047bcb11a2e70dc56faa3
2025-02-10 21:12:28.713 62705 INFO tempest.lib.common.rest_client [req-93b7c03a-701c-46a4-a432-fd15dff9ef28 req-93b7c03a-701c-46a4-a432-fd15dff9ef28 ] Request (ServerGroupTestJSON:test_create_server_with_scheduler_hint_group): 200 GET http://10.180.1.21/compute/v2.1/servers/563269aa-69f0-4ace-ade4-18fda65aeb72 0.182s
2025-02-10 21:12:28.726 62714 INFO tempest.lib.common.rest_client [req-f53ea832-0392-4816-b9be-ab7639447b1f req-f53ea832-0392-4816-b9be-ab7639447b1f ] Request (SecurityGroupRulesTestJSON:tearDownClass): 200 GET http://10.180.1.21:9696/networking/v2.0/security-groups?tenant_id=420e0fe81d5047bcb11a2e70dc56faa3&name=default 0.069s
2025-02-10 21:12:28.731 62746 INFO tempest.lib.common.rest_client [req-51d24ff6-b6a2-477c-a5ad-ab2df268711e req-51d24ff6-b6a2-477c-a5ad-ab2df268711e ] Request (MigrationsAdminTest:test_list_migrations_in_flavor_resize_situation): 200 GET http://10.180.1.21/compute/v2.1/servers/e1f32dac-ca5e-4065-b322-0b668901b2c7 0.209s
2025-02-10 21:12:28.770 62736 INFO tempest.lib.common.rest_client [req-95c26cd2-e1a0-41d1-b5e9-33578a09c210 req-95c26cd2-e1a0-41d1-b5e9-33578a09c210 ] Request (DeleteServersTestJSON:test_delete_active_server): 200 GET http://10.180.1.21/compute/v2.1/servers/4d8aea82-d609-499c-970e-dc0369ae0e8f 0.168s
2025-02-10 21:12:28.798 62730 INFO tempest.lib.common.rest_client [req-0b08230c-ffc0-40ae-885e-169e26e54b37 req-0b08230c-ffc0-40ae-885e-169e26e54b37 ] Request (ServersTestMultiNic:_run_cleanups): 200 GET http://10.180.1.21/compute/v2.1/servers/63a3594c-b1e0-406d-8376-d407a4286d7d 0.195s
2025-02-10 21:12:28.823 62706 INFO tempest.lib.common.rest_client [req-c5d90a57-e318-4230-b8f5-ffbdd8aab3e9 req-c5d90a57-e318-4230-b8f5-ffbdd8aab3e9 ] Request (ServersAdminTestJSON:test_create_server_with_scheduling_hint): 200 GET http://10.180.1.21/compute/v2.1/servers/5815dbcf-e70f-46b0-910c-ed60f8245a56 0.169s
2025-02-10 21:12:28.856 62688 INFO tempest.lib.common.rest_client [req-0f7539e4-3a78-4622-a8eb-ea29a063b646 req-0f7539e4-3a78-4622-a8eb-ea29a063b646 ] Request (ImagesOneServerNegativeTestJSON:_run_cleanups): 200 GET http://10.180.1.21/compute/v2.1/servers/9560cbaf-7b0c-4e1b-bdef-805fb0559fa6 0.182s
2025-02-10 21:12:28.885 62714 INFO tempest.lib.common.rest_client [req-a7e21cfa-08ad-4494-82f2-c2f2f7f15918 req-a7e21cfa-08ad-4494-82f2-c2f2f7f15918 ] Request (SecurityGroupRulesTestJSON:tearDownClass): 204 DELETE http://10.180.1.21:9696/networking/v2.0/security-groups/22a3bd29-1565-4a56-af8f-1e5765a0a23e 0.158s
2025-02-10 21:12:28.920 62740 INFO tempest.lib.common.rest_client [req-fa16b52a-f735-4d35-913d-9bd955440a77 req-fa16b52a-f735-4d35-913d-9bd955440a77 ] Request (VolumesAdminNegativeTest:test_update_attached_volume_with_nonexistent_volume_in_body): 200 GET http://10.180.1.21/compute/v2.1/servers/73b635f5-1588-4312-b068-fbe3e8346af3 0.199s
2025-02-10 21:12:28.963 62722 INFO tempest.lib.common.rest_client [req-bf4604bd-5b43-4cbb-a636-3b6de26d1988 req-bf4604bd-5b43-4cbb-a636-3b6de26d1988 ] Request (ImagesTestJSON:test_create_image_from_suspended_server): 200 GET http://10.180.1.21/compute/v2.1/servers/510928fc-fc7c-44ac-bd13-b2c042a3f9e1 0.264s
2025-02-10 21:12:28.972 62722 INFO tempest.common.waiters [-] State transition "BUILD/networking" ==> "BUILD/block_device_mapping" after 44 second wait
2025-02-10 21:12:28.991 62692 INFO tempest.lib.common.rest_client [req-2365b656-54a9-4abb-8b01-324d28385b4f req-2365b656-54a9-4abb-8b01-324d28385b4f ] Request (InstanceActionsNegativeTestJSON:tearDownClass): 200 GET http://10.180.1.21/compute/v2.1/servers/5e015d27-e0a0-411c-9515-a459994115df 0.201s
2025-02-10 21:12:29.000 62714 INFO tempest.lib.common.rest_client [req-609ecb60-b07a-4836-8826-e2d26451d08c req-609ecb60-b07a-4836-8826-e2d26451d08c ] Request (SecurityGroupRulesTestJSON:tearDownClass): 204 DELETE http://10.180.1.21/identity/v3/projects/420e0fe81d5047bcb11a2e70dc56faa3 0.113s
2025-02-10 21:12:29.019 62712 INFO tempest.lib.common.rest_client [req-23dbb86c-8840-4e49-b410-12b52c57efd7 req-23dbb86c-8840-4e49-b410-12b52c57efd7 ] Request (FloatingIPsAssociationTestJSON:setUpClass): 200 GET http://10.180.1.21/compute/v2.1/servers/09455f5a-ac87-4c1f-a6d1-0e9a0736493b 0.182s
2025-02-10 21:12:29.065 62726 INFO tempest.lib.common.rest_client [req-78569dbd-42ca-490c-80e1-64e2609c6b3a req-78569dbd-42ca-490c-80e1-64e2609c6b3a ] Request (AttachInterfacesTestJSON:test_create_list_show_delete_interfaces_by_fixed_ip): 200 GET http://10.180.1.21/compute/v2.1/servers/7612af2a-962a-4b03-9d1d-95c06e91968c 0.221s
2025-02-10 21:12:29.070 62714 INFO tempest.lib.common.rest_client [req-6ec34966-2af0-48a0-9748-6e42c1cc3fcb req-6ec34966-2af0-48a0-9748-6e42c1cc3fcb ] Request (ServerActionsTestJSON:setUpClass): 201 POST http://10.180.1.21/identity/v3/auth/tokens 0.069s
2025-02-10 21:12:29.087 62728 INFO tempest.lib.common.rest_client [req-b4d2e453-5197-4034-9e97-7e6c6143573b req-b4d2e453-5197-4034-9e97-7e6c6143573b ] Request (ServersAdminNegativeTestJSON:tearDownClass): 200 GET http://10.180.1.21/compute/v2.1/servers/6fa2c60b-401c-49bf-b8fe-364cb0ebe426 0.168s
2025-02-10 21:12:29.111 62714 INFO tempest.lib.common.rest_client [req-d44574b3-5c10-48c8-9087-aec4e195c90b req-d44574b3-5c10-48c8-9087-aec4e195c90b ] Request (ServerActionsTestJSON:setUpClass): 201 POST http://10.180.1.21/identity/v3/auth/tokens 0.039s
2025-02-10 21:12:29.119 62686 INFO tempest.lib.common.rest_client [req-2fca2998-5423-453c-86b7-5fba902e4e41 req-2fca2998-5423-453c-86b7-5fba902e4e41 ] Request (ListServerFiltersTestJSON:setUpClass): 200 GET http://10.180.1.21/compute/v2.1/servers/46e66edb-3b02-4c07-bdb2-499c76d4258a 0.193s
2025-02-10 21:12:29.159 62724 INFO tempest.lib.common.rest_client [req-80a97902-4023-4c88-b584-864d9fca6199 req-80a97902-4023-4c88-b584-864d9fca6199 ] Request (SecurityGroupsTestJSON:test_server_security_groups): 200 GET http://10.180.1.21/compute/v2.1/servers/8ad6a0bd-5b35-4b39-bfbb-c714da148898 0.165s
2025-02-10 21:12:29.167 62714 INFO tempest.lib.common.rest_client [req-9dadbace-3f2d-421d-a5c0-f0fe11960361 req-9dadbace-3f2d-421d-a5c0-f0fe11960361 ] Request (ServerActionsTestJSON:setUpClass): 200 GET http://10.180.1.21/identity/v3/domains?name=Default 0.055s
2025-02-10 21:12:29.196 62710 INFO tempest.lib.common.rest_client [req-490cdfd4-8738-47aa-94d3-cb191afcc3e6 req-490cdfd4-8738-47aa-94d3-cb191afcc3e6 ] Request (ServerActionsV293TestJSON:setUpClass): 200 GET http://10.180.1.21/compute/v2.1/servers/0d7cebb7-37e9-4e30-8681-2fa58d89b0b5 0.202s
2025-02-10 21:12:29.201 62714 INFO tempest.lib.common.rest_client [req-857ad2f4-cf21-4369-a890-2b265367a7e5 req-857ad2f4-cf21-4369-a890-2b265367a7e5 ] Request (ServerActionsTestJSON:setUpClass): 201 POST http://10.180.1.21/identity/v3/projects 0.033s
2025-02-10 21:12:29.222 62744 INFO tempest.lib.common.rest_client [req-0649c24e-6a5b-4e1c-ba9c-dabc4a10e455 req-0649c24e-6a5b-4e1c-ba9c-dabc4a10e455 ] Request (InstanceActionsV221TestJSON:test_get_list_deleted_instance_actions): 200 GET http://10.180.1.21/compute/v2.1/servers/d66af878-384b-4046-b7b4-19f5bd038f46 0.142s
2025-02-10 21:12:29.253 62719 INFO tempest.lib.common.rest_client [req-b6414425-66ff-423e-926b-7ce666fc2aad req-b6414425-66ff-423e-926b-7ce666fc2aad ] Request (ServerActionsTestOtherA:setUpClass): 200 GET http://10.180.1.21/compute/v2.1/servers/9354bdc7-4ce8-477e-a612-328ecde7e7fa 0.172s
2025-02-10 21:12:29.294 62714 INFO tempest.lib.common.rest_client [req-72ebe2bd-e783-49fa-832e-a38baf16c2b2 req-72ebe2bd-e783-49fa-832e-a38baf16c2b2 ] Request (ServerActionsTestJSON:setUpClass): 201 POST http://10.180.1.21/identity/v3/users 0.092s
2025-02-10 21:12:29.307 62721 INFO tempest.lib.common.rest_client [req-db0e3ed5-66ff-4a6f-ba05-47ece94f3519 req-db0e3ed5-66ff-4a6f-ba05-47ece94f3519 ] Request (ServerPasswordTestJSON:setUpClass): 201 POST http://10.180.1.21:9696/networking/v2.0/routers 0.896s
2025-02-10 21:12:29.318 62702 INFO tempest.lib.common.rest_client [req-d9de63e2-5419-4c5d-88c2-4a66e505f3e5 req-d9de63e2-5419-4c5d-88c2-4a66e505f3e5 ] Request (AttachInterfacesUnderV243Test:test_add_remove_fixed_ip): 200 GET http://10.180.1.21/compute/v2.1/servers/5b56543f-7140-4cc9-9ad7-9a93e36888cf 0.161s
2025-02-10 21:12:29.324 62716 INFO tempest.lib.common.rest_client [req-4fd0490c-3a84-4e6d-930f-aaa2e691b3c0 req-4fd0490c-3a84-4e6d-930f-aaa2e691b3c0 ] Request (ServerShowV247Test:test_update_rebuild_list_server): 200 GET http://10.180.1.21/compute/v2.1/servers/dfebfd70-185b-453d-952f-eecea0e0c7b0 0.174s
2025-02-10 21:12:29.327 62714 INFO tempest.lib.common.rest_client [req-51928551-5a30-4376-8eef-b9250e1e9da8 req-51928551-5a30-4376-8eef-b9250e1e9da8 ] Request (ServerActionsTestJSON:setUpClass): 200 GET http://10.180.1.21/identity/v3/roles 0.033s
2025-02-10 21:12:29.358 62714 INFO tempest.lib.common.rest_client [req-2f969a68-8e87-4e8c-90e7-2401d5ee69b9 req-2f969a68-8e87-4e8c-90e7-2401d5ee69b9 ] Request (ServerActionsTestJSON:setUpClass): 204 PUT http://10.180.1.21/identity/v3/projects/0540ceaa468d4df5bbb5553cb24bdb04/users/ca645113cab5472a904c1afb5877164a/roles/147627c5890a4b30a80cd9b6e17b4b69 0.030s
2025-02-10 21:12:29.359 62714 INFO tempest.lib.common.dynamic_creds [-] Dynamic test user ca645113cab5472a904c1afb5877164a is created with scope project and roles: ['member']
2025-02-10 21:12:29.359 62714 INFO tempest.lib.common.dynamic_creds [-] Acquired dynamic creds: credentials: Credentials: {'domain_id': 'default', 'domain_name': 'Default', 'username': 'tempest-ServerActionsTestJSON-494958665-project-member', 'project_domain_id': 'default', 'project_domain_name': 'Default', 'project_id': '0540ceaa468d4df5bbb5553cb24bdb04', 'project_name': 'tempest-ServerActionsTestJSON-494958665', 'tenant_id': '0540ceaa468d4df5bbb5553cb24bdb04', 'tenant_name': 'tempest-ServerActionsTestJSON-494958665', 'user_domain_id': 'default', 'user_domain_name': 'Default', 'user_id': 'ca645113cab5472a904c1afb5877164a', 'system': None}, Network: None, Subnet: None, Router: None
2025-02-10 21:12:29.375 62748 INFO tempest.lib.common.rest_client [req-e4cb5283-4728-46c7-b071-c59524a480ef req-e4cb5283-4728-46c7-b071-c59524a480ef ] Request (ServerShowV254Test:test_rebuild_server): 200 GET http://10.180.1.21/compute/v2.1/servers/75169e1c-1cbe-4ae7-82d0-1029915850ac 0.087s
