2025-02-10 21:12:08.942 62719 INFO tempest.lib.common.rest_client [req-b9db1c37-4011-4702-b626-02a911e03ed5 req-b9db1c37-4011-4702-b626-02a911e03ed5 ] Request (ServerActionsTestOtherA:setUpClass): 204 PUT http://10.180.1.21/identity/v3/projects/dafe9b5ca6094ec1b31838029de4e3f1/users/92467156672441bcbba0a0e3c9b2da62/roles/147627c5890a4b30a80cd9b6e17b4b69 0.029s
2025-02-10 21:12:08.942 62719 INFO tempest.lib.common.dynamic_creds [-] Dynamic test user 92467156672441bcbba0a0e3c9b2da62 is created with scope project and roles: ['member']
2025-02-10 21:12:08.942 62719 INFO tempest.lib.common.dynamic_creds [-] Acquired dynamic creds: credentials: Credentials: {'domain_id': 'default', 'domain_name': 'Default', 'username': 'tempest-ServerActionsTestOtherA-1968691485-project-member', 'project_domain_id': 'default', 'project_domain_name': 'Default', 'project_id': 'dafe9b5ca6094ec1b31838029de4e3f1', 'project_name': 'tempest-ServerActionsTestOtherA-1968691485', 'tenant_id': 'dafe9b5ca6094ec1b31838029de4e3f1', 'tenant_name': 'tempest-ServerActionsTestOtherA-1968691485', 'user_domain_id': 'default', 'user_domain_name': 'Default', 'user_id': '92467156672441bcbba0a0e3c9b2da62', 'system': None}, Network: None, Subnet: None, Router: None
2025-02-10 21:12:08.947 62688 INFO tempest.lib.common.rest_client [req-6b29aaac-c35b-4f1f-a6fc-d3be05da093b req-6b29aaac-c35b-4f1f-a6fc-d3be05da093b ] Request (ImagesOneServerNegativeTestJSON:tearDown): 200 GET http://10.180.1.21/compute/v2.1/servers/9560cbaf-7b0c-4e1b-bdef-805fb0559fa6 0.457s
2025-02-10 21:12:08.954 62688 INFO tempest.common.waiters [-] State transition "ACTIVE/image_snapshot_pending" ==> "ACTIVE/image_pending_upload" after 1 second wait
2025-02-10 21:12:08.977 62744 INFO tempest.lib.common.rest_client [req-fa0b5287-3a76-4b6b-aa0f-1eccf2240a61 req-fa0b5287-3a76-4b6b-aa0f-1eccf2240a61 ] Request (InstanceActionsV221TestJSON:test_get_list_deleted_instance_actions): 200 GET http://10.180.1.21/compute/v2.1/servers/d66af878-384b-4046-b7b4-19f5bd038f46 0.407s
2025-02-10 21:12:09.003 62719 INFO tempest.lib.common.rest_client [req-cf5f7428-c4c6-4af2-8801-62497d53b882 req-cf5f7428-c4c6-4af2-8801-62497d53b882 ] Request (ServerActionsTestOtherA:setUpClass): 201 POST http://10.180.1.21/identity/v3/auth/tokens 0.060s
2025-02-10 21:12:09.032 62702 INFO tempest.lib.common.rest_client [req-893a6e19-97be-4db4-b908-ae7b2ffd7dcc req-893a6e19-97be-4db4-b908-ae7b2ffd7dcc ] Request (AttachInterfacesUnderV243Test:test_add_remove_fixed_ip): 200 GET http://10.180.1.21/compute/v2.1/servers/5b56543f-7140-4cc9-9ad7-9a93e36888cf 0.285s
2025-02-10 21:12:09.051 62746 INFO tempest.lib.common.rest_client [req-e2a32704-2b54-4ea2-a68b-e438a01039d3 req-e2a32704-2b54-4ea2-a68b-e438a01039d3 ] Request (MigrationsAdminTest:test_list_migrations_in_flavor_resize_situation): 200 GET http://10.180.1.21/compute/v2.1/servers/e1f32dac-ca5e-4065-b322-0b668901b2c7 0.359s
2025-02-10 21:12:09.128 62728 INFO tempest.lib.common.rest_client [req-5b7f7e87-e0ca-49c9-af4d-f3664aab5c8d req-5b7f7e87-e0ca-49c9-af4d-f3664aab5c8d ] Request (ServersAdminNegativeTestJSON:test_migrate_server_invalid_state): 200 GET http://10.180.1.21/compute/v2.1/servers/6fa2c60b-401c-49bf-b8fe-364cb0ebe426 0.356s
2025-02-10 21:12:09.255 62719 INFO tempest.lib.common.rest_client [req-d3ca128b-6df2-45f4-8a4b-6cc59edf4bbc req-d3ca128b-6df2-45f4-8a4b-6cc59edf4bbc ] Request (ServerActionsTestOtherA:setUpClass): 201 POST http://10.180.1.21:9696/networking/v2.0/networks 0.252s
2025-02-10 21:12:09.283 62730 INFO tempest.lib.common.rest_client [req-d8c2c07f-6181-4107-a6d4-9c64255e5bbf req-d8c2c07f-6181-4107-a6d4-9c64255e5bbf ] Request (ServersTestMultiNic:test_verify_duplicate_network_nics): 200 GET http://10.180.1.21/compute/v2.1/servers/63a3594c-b1e0-406d-8376-d407a4286d7d 0.316s
2025-02-10 21:12:09.378 62748 INFO tempest.lib.common.rest_client [req-e71fe319-b310-4417-ab7c-f4c2768d4073 req-e71fe319-b310-4417-ab7c-f4c2768d4073 ] Request (ServerShowV254Test:test_rebuild_server): 200 GET http://10.180.1.21/compute/v2.1/servers/75169e1c-1cbe-4ae7-82d0-1029915850ac 0.385s
2025-02-10 21:12:09.381 62732 INFO tempest.lib.common.rest_client [req-c9d7836d-fc77-4df2-bf2f-7beed311c186 req-c9d7836d-fc77-4df2-bf2f-7beed311c186 ] Request (ServerDiskConfigTestJSON:test_rebuild_server_with_manual_disk_config): 200 GET http://10.180.1.21/compute/v2.1/servers/c94cf40d-a2a6-446d-8458-a160fcb8ff38 0.448s
2025-02-10 21:12:09.414 62719 INFO tempest.lib.common.rest_client [req-ec072420-72ad-4975-943a-be5f0ed864ed req-ec072420-72ad-4975-943a-be5f0ed864ed ] Request (ServerActionsTestOtherA:setUpClass): 201 POST http://10.180.1.21:9696/networking/v2.0/subnets 0.159s
2025-02-10 21:12:09.451 62705 INFO tempest.lib.common.rest_client [req-940d53df-a2da-4d1b-b507-279ed21f5eec req-940d53df-a2da-4d1b-b507-279ed21f5eec ] Request (ServerGroupTestJSON:test_create_server_with_scheduler_hint_group): 200 GET http://10.180.1.21/compute/v2.1/servers/563269aa-69f0-4ace-ade4-18fda65aeb72 0.314s
2025-02-10 21:12:09.459 62736 INFO tempest.lib.common.rest_client [req-bb4316f0-2901-4303-ae33-c0b8bc06d390 req-bb4316f0-2901-4303-ae33-c0b8bc06d390 ] Request (DeleteServersTestJSON:test_delete_active_server): 200 GET http://10.180.1.21/compute/v2.1/servers/4d8aea82-d609-499c-970e-dc0369ae0e8f 0.424s
2025-02-10 21:12:09.467 62736 INFO tempest.common.waiters [-] State transition "BUILD/scheduling" ==> "BUILD/None" after 14 second wait
2025-02-10 21:12:09.519 62698 INFO tempest.lib.common.rest_client [req-503ea1d2-2fae-4d6b-924c-6e6477c282d1 req-503ea1d2-2fae-4d6b-924c-6e6477c282d1 ] Request (ServerMetadataTestJSON:setUpClass): 200 GET http://10.180.1.21/compute/v2.1/servers/8577a502-89c3-4ab2-b116-fe335165524e 0.138s
2025-02-10 21:12:09.532 62706 INFO tempest.lib.common.rest_client [req-d0cb304e-1a9a-4c42-9dc0-4ed7c49fcb15 req-d0cb304e-1a9a-4c42-9dc0-4ed7c49fcb15 ] Request (ServersAdminTestJSON:test_create_server_with_scheduling_hint): 200 GET http://10.180.1.21/compute/v2.1/servers/5815dbcf-e70f-46b0-910c-ed60f8245a56 0.142s
2025-02-10 21:12:09.579 62722 INFO tempest.lib.common.rest_client [req-cb19aae0-2159-4104-9e44-ce1655c38fb3 req-cb19aae0-2159-4104-9e44-ce1655c38fb3 ] Request (ImagesTestJSON:test_create_image_from_suspended_server): 200 GET http://10.180.1.21/compute/v2.1/servers/510928fc-fc7c-44ac-bd13-b2c042a3f9e1 0.109s
2025-02-10 21:12:09.600 62692 INFO tempest.lib.common.rest_client [req-fa9b3154-6c62-4512-8629-1badd7dbf45f req-fa9b3154-6c62-4512-8629-1badd7dbf45f ] Request (InstanceActionsNegativeTestJSON:tearDownClass): 200 GET http://10.180.1.21/compute/v2.1/servers/5e015d27-e0a0-411c-9515-a459994115df 0.124s
2025-02-10 21:12:09.635 62740 INFO tempest.lib.common.rest_client [req-0af8cf95-db11-48c7-9852-5da98f4d2647 req-0af8cf95-db11-48c7-9852-5da98f4d2647 ] Request (VolumesAdminNegativeTest:test_update_attached_volume_with_nonexistent_volume_in_body): 200 GET http://10.180.1.21/compute/v2.1/servers/73b635f5-1588-4312-b068-fbe3e8346af3 0.111s
2025-02-10 21:12:09.657 62721 INFO tempest.lib.common.rest_client [req-c47b34c4-290a-45ee-b8f4-2b9722768b3d req-c47b34c4-290a-45ee-b8f4-2b9722768b3d ] Request (ServerMetadataNegativeTestJSON:tearDownClass): 200 GET http://10.180.1.21/compute/v2.1/servers/bae0649b-ebc1-459c-bb85-c4f152e4736e 0.107s
2025-02-10 21:12:09.680 62726 INFO tempest.lib.common.rest_client [req-b639ec5b-6099-4f63-a533-9df9e363fb26 req-b639ec5b-6099-4f63-a533-9df9e363fb26 ] Request (AttachInterfacesTestJSON:test_create_list_show_delete_interfaces_by_fixed_ip): 200 GET http://10.180.1.21/compute/v2.1/servers/7612af2a-962a-4b03-9d1d-95c06e91968c 0.095s
2025-02-10 21:12:09.723 62716 INFO tempest.lib.common.rest_client [req-9940ba13-4958-4898-9115-bbc56ed8d7fa req-9940ba13-4958-4898-9115-bbc56ed8d7fa ] Request (ServersAaction247Test:tearDownClass): 200 GET http://10.180.1.21/compute/v2.1/servers/96be33ea-8064-49df-bb04-78c162e2b557 0.063s
2025-02-10 21:12:09.778 62686 INFO tempest.lib.common.rest_client [req-81718537-999a-44a6-ab25-169619a61a53 req-81718537-999a-44a6-ab25-169619a61a53 ] Request (ListServerFiltersTestJSON:setUpClass): 200 GET http://10.180.1.21/compute/v2.1/servers/46e66edb-3b02-4c07-bdb2-499c76d4258a 0.056s
2025-02-10 21:12:09.810 62708 INFO tempest.lib.common.rest_client [req-954a3a4c-b2ba-40e8-bb24-17d0b7a82a34 req-954a3a4c-b2ba-40e8-bb24-17d0b7a82a34 ] Request (DeleteServersAdminTestJSON:test_delete_server_while_in_error_state): 200 GET http://10.180.1.21/compute/v2.1/servers/ab0297aa-4d35-4bf7-8d7e-5c43c16e1eba 0.118s
2025-02-10 21:12:09.821 62708 INFO tempest.common.waiters [-] State transition "BUILD/block_device_mapping" ==> "BUILD/spawning" after 35 second wait
2025-02-10 21:12:09.841 62714 INFO tempest.lib.common.rest_client [req-82bd2e56-d764-4a7a-ad77-5884d2d45b88 req-82bd2e56-d764-4a7a-ad77-5884d2d45b88 ] Request (ImagesNegativeTestJSON:test_create_image_from_deleted_server): 404 GET http://10.180.1.21/compute/v2.1/servers/ab209762-cea6-4a76-9232-527ac7163c86 0.024s
2025-02-10 21:12:09.865 62712 INFO tempest.lib.common.rest_client [req-56e71485-6a23-4148-b7b4-3e6f885d496a req-56e71485-6a23-4148-b7b4-3e6f885d496a ] Request (ServersAdmin275Test:tearDownClass): 200 GET http://10.180.1.21/compute/v2.1/servers/14eaf7ed-743b-4198-832d-54d4cc21c2d8 0.088s
2025-02-10 21:12:09.867 62694 INFO tempest.lib.common.rest_client [req-3647d612-60cb-49c2-afe5-2534e2eaaa88 req-3647d612-60cb-49c2-afe5-2534e2eaaa88 ] Request (ServersTestBootFromVolume:setUpClass): 200 GET http://10.180.1.21/volume/v3/volumes/b3de53db-253f-42e3-9d65-1cb453583325 0.038s
2025-02-10 21:12:09.873 62714 INFO tempest.lib.common.rest_client [req-d883070d-4450-4ab2-a03e-0601b5363db7 req-d883070d-4450-4ab2-a03e-0601b5363db7 ] Request (ImagesNegativeTestJSON:test_create_image_from_deleted_server): 404 POST http://10.180.1.21/compute/v2.1/servers/ab209762-cea6-4a76-9232-527ac7163c86/action 0.030s
2025-02-10 21:12:09.874 62694 INFO tempest.common.waiters [-] volume b3de53db-253f-42e3-9d65-1cb453583325 reached available after waiting for 21.874419 seconds
2025-02-10 21:12:09.884 62714 INFO tempest.lib.common.rest_client [req-35c25db0-471f-4912-8022-28ddb3cab258 req-35c25db0-471f-4912-8022-28ddb3cab258 ] Request (ImagesNegativeTestJSON:test_create_image_from_invalid_server): 404 POST http://10.180.1.21/compute/v2.1/servers/tempest-invalid-485332842/action 0.010s
2025-02-10 21:12:09.897 62714 INFO tempest.lib.common.rest_client [req-fe23ab98-e812-4a93-abeb-b08e17de8253 req-fe23ab98-e812-4a93-abeb-b08e17de8253 ] Request (ImagesNegativeTestJSON:test_create_image_specify_uuid_35_characters_or_less): 404 POST http://10.180.1.21/compute/v2.1/servers/aaaaaaaaaaaaaaaaaaaaaaaaaaaaaaaaaaa/action 0.012s
2025-02-10 21:12:09.978 62710 INFO tempest.lib.common.rest_client [req-83dd4c6e-b301-4666-ac50-a26e90874c52 req-83dd4c6e-b301-4666-ac50-a26e90874c52 ] Request (ServerActionsV293TestJSON:setUpClass): 200 GET http://10.180.1.21/compute/v2.1/servers/0d7cebb7-37e9-4e30-8681-2fa58d89b0b5 0.091s
2025-02-10 21:12:09.986 62714 INFO tempest.lib.common.rest_client [req-ea505686-8032-4f4a-bb1d-c51fbe0db0fc req-ea505686-8032-4f4a-bb1d-c51fbe0db0fc ] Request (ImagesNegativeTestJSON:test_create_image_specify_uuid_37_characters_or_more): 404 POST http://10.180.1.21/compute/v2.1/servers/aaaaaaaaaaaaaaaaaaaaaaaaaaaaaaaaaaaaa/action 0.087s
2025-02-10 21:12:10.058 62724 INFO tempest.lib.common.rest_client [req-c5987168-e714-4987-abbf-71b44306fd6f req-c5987168-e714-4987-abbf-71b44306fd6f ] Request (SecurityGroupsTestJSON:test_server_security_groups): 200 GET http://10.180.1.21/compute/v2.1/servers/8ad6a0bd-5b35-4b39-bfbb-c714da148898 0.116s
2025-02-10 21:12:10.194 62688 INFO tempest.lib.common.rest_client [req-f14b3857-7dd5-4e5f-948d-4ef000823581 req-f14b3857-7dd5-4e5f-948d-4ef000823581 ] Request (ImagesOneServerNegativeTestJSON:tearDown): 200 GET http://10.180.1.21/compute/v2.1/servers/9560cbaf-7b0c-4e1b-bdef-805fb0559fa6 0.239s
2025-02-10 21:12:10.217 62714 INFO tempest.lib.common.rest_client [req-d0a95ec4-f662-4807-b80f-83c42cbe1b5c req-d0a95ec4-f662-4807-b80f-83c42cbe1b5c ] Request (ImagesNegativeTestJSON:tearDownClass): 404 DELETE http://10.180.1.21/compute/v2.1/servers/ab209762-cea6-4a76-9232-527ac7163c86 0.230s
2025-02-10 21:12:10.286 62744 INFO tempest.lib.common.rest_client [req-54d06ab9-12be-4fa3-a507-8670a3116d97 req-54d06ab9-12be-4fa3-a507-8670a3116d97 ] Request (InstanceActionsV221TestJSON:test_get_list_deleted_instance_actions): 200 GET http://10.180.1.21/compute/v2.1/servers/d66af878-384b-4046-b7b4-19f5bd038f46 0.299s
2025-02-10 21:12:10.360 62702 INFO tempest.lib.common.rest_client [req-aad5ecae-f74e-45f2-a813-9df0b68a5d4e req-aad5ecae-f74e-45f2-a813-9df0b68a5d4e ] Request (AttachInterfacesUnderV243Test:test_add_remove_fixed_ip): 200 GET http://10.180.1.21/compute/v2.1/servers/5b56543f-7140-4cc9-9ad7-9a93e36888cf 0.320s
2025-02-10 21:12:10.455 62694 INFO tempest.lib.common.rest_client [req-f99d4dbc-94b2-4940-851a-0a6efff5aced req-f99d4dbc-94b2-4940-851a-0a6efff5aced ] Request (ServersTestBootFromVolume:setUpClass): 202 POST http://10.180.1.21/compute/v2.1/servers 0.580s
2025-02-10 21:12:10.513 62719 INFO tempest.lib.common.rest_client [req-b48d0838-2e2b-4705-b47a-14491f40f70a req-b48d0838-2e2b-4705-b47a-14491f40f70a ] Request (ServerActionsTestOtherA:setUpClass): 201 POST http://10.180.1.21:9696/networking/v2.0/routers 1.098s
2025-02-10 21:12:10.572 62746 INFO tempest.lib.common.rest_client [req-91f4c574-ac41-4dac-8956-08900f3dfab2 req-91f4c574-ac41-4dac-8956-08900f3dfab2 ] Request (MigrationsAdminTest:test_list_migrations_in_flavor_resize_situation): 200 GET http://10.180.1.21/compute/v2.1/servers/e1f32dac-ca5e-4065-b322-0b668901b2c7 0.507s
2025-02-10 21:12:10.590 62728 INFO tempest.lib.common.rest_client [req-a8bd6aa8-ae29-4ad6-b090-43e0b4e079ba req-a8bd6aa8-ae29-4ad6-b090-43e0b4e079ba ] Request (ServersAdminNegativeTestJSON:test_migrate_server_invalid_state): 200 GET http://10.180.1.21/compute/v2.1/servers/6fa2c60b-401c-49bf-b8fe-364cb0ebe426 0.455s
2025-02-10 21:12:10.595 62714 INFO tempest.lib.common.rest_client [req-e6cc6748-5394-4f8e-ad03-5cb8c9698781 req-e6cc6748-5394-4f8e-ad03-5cb8c9698781 ] Request (ImagesNegativeTestJSON:tearDownClass): 404 GET http://10.180.1.21/compute/v2.1/servers/ab209762-cea6-4a76-9232-527ac7163c86 0.376s
2025-02-10 21:12:10.658 62732 INFO tempest.lib.common.rest_client [req-987fd96d-1bbf-4908-ab15-4cb9c5d980a8 req-987fd96d-1bbf-4908-ab15-4cb9c5d980a8 ] Request (ServerDiskConfigTestJSON:test_rebuild_server_with_manual_disk_config): 200 GET http://10.180.1.21/compute/v2.1/servers/c94cf40d-a2a6-446d-8458-a160fcb8ff38 0.269s
2025-02-10 21:12:10.735 62748 INFO tempest.lib.common.rest_client [req-a06441f6-4de8-430b-906f-8dd6bbe96fb1 req-a06441f6-4de8-430b-906f-8dd6bbe96fb1 ] Request (ServerShowV254Test:test_rebuild_server): 200 GET http://10.180.1.21/compute/v2.1/servers/75169e1c-1cbe-4ae7-82d0-1029915850ac 0.341s
2025-02-10 21:12:10.801 62694 INFO tempest.lib.common.rest_client [req-1146c702-2000-4f55-be5b-08343c79c55f req-1146c702-2000-4f55-be5b-08343c79c55f ] Request (ServersTestBootFromVolume:setUpClass): 200 GET http://10.180.1.21/compute/v2.1/servers/519dab60-99ae-4f98-9cb5-216ea79aa4b2 0.345s
2025-02-10 21:12:10.871 62730 INFO tempest.lib.common.rest_client [req-238dc501-e76b-4fda-999c-70c7c6a77d64 req-238dc501-e76b-4fda-999c-70c7c6a77d64 ] Request (ServersTestMultiNic:test_verify_duplicate_network_nics): 200 GET http://10.180.1.21/compute/v2.1/servers/63a3594c-b1e0-406d-8376-d407a4286d7d 0.571s
2025-02-10 21:12:10.891 62705 INFO tempest.lib.common.rest_client [req-03996da6-d2b2-451e-ade7-2fb5edc6f4df req-03996da6-d2b2-451e-ade7-2fb5edc6f4df ] Request (ServerGroupTestJSON:test_create_server_with_scheduler_hint_group): 200 GET http://10.180.1.21/compute/v2.1/servers/563269aa-69f0-4ace-ade4-18fda65aeb72 0.426s
2025-02-10 21:12:10.952 62736 INFO tempest.lib.common.rest_client [req-055a3a65-1f95-45a8-b586-2649b8499725 req-055a3a65-1f95-45a8-b586-2649b8499725 ] Request (DeleteServersTestJSON:test_delete_active_server): 200 GET http://10.180.1.21/compute/v2.1/servers/4d8aea82-d609-499c-970e-dc0369ae0e8f 0.482s
2025-02-10 21:12:10.961 62698 INFO tempest.lib.common.rest_client [req-e6990b2f-f22f-4c3a-b889-889f3f17aa09 req-e6990b2f-f22f-4c3a-b889-889f3f17aa09 ] Request (ServerMetadataTestJSON:setUpClass): 200 GET http://10.180.1.21/compute/v2.1/servers/8577a502-89c3-4ab2-b116-fe335165524e 0.432s
2025-02-10 21:12:11.019 62706 INFO tempest.lib.common.rest_client [req-ed7a958f-335c-4208-8916-09a1c060ee2f req-ed7a958f-335c-4208-8916-09a1c060ee2f ] Request (ServersAdminTestJSON:test_create_server_with_scheduling_hint): 200 GET http://10.180.1.21/compute/v2.1/servers/5815dbcf-e70f-46b0-910c-ed60f8245a56 0.473s
2025-02-10 21:12:11.038 62722 INFO tempest.lib.common.rest_client [req-a6111449-2f34-4499-a920-53d79049d691 req-a6111449-2f34-4499-a920-53d79049d691 ] Request (ImagesTestJSON:test_create_image_from_suspended_server): 200 GET http://10.180.1.21/compute/v2.1/servers/510928fc-fc7c-44ac-bd13-b2c042a3f9e1 0.451s
2025-02-10 21:12:11.094 62692 INFO tempest.lib.common.rest_client [req-8463da74-7f6b-444f-80e5-3aa15762bb64 req-8463da74-7f6b-444f-80e5-3aa15762bb64 ] Request (InstanceActionsNegativeTestJSON:tearDownClass): 200 GET http://10.180.1.21/compute/v2.1/servers/5e015d27-e0a0-411c-9515-a459994115df 0.483s
2025-02-10 21:12:11.115 62740 INFO tempest.lib.common.rest_client [req-7336d0e4-ca6a-453a-bbef-71f222865adc req-7336d0e4-ca6a-453a-bbef-71f222865adc ] Request (VolumesAdminNegativeTest:test_update_attached_volume_with_nonexistent_volume_in_body): 200 GET http://10.180.1.21/compute/v2.1/servers/73b635f5-1588-4312-b068-fbe3e8346af3 0.472s
2025-02-10 21:12:11.180 62721 INFO tempest.lib.common.rest_client [req-2b166ccd-a000-4459-b9a0-c1d3c952af54 req-2b166ccd-a000-4459-b9a0-c1d3c952af54 ] Request (ServerMetadataNegativeTestJSON:tearDownClass): 200 GET http://10.180.1.21/compute/v2.1/servers/bae0649b-ebc1-459c-bb85-c4f152e4736e 0.514s
2025-02-10 21:12:11.185 62726 INFO tempest.lib.common.rest_client [req-27c95ffa-b69d-4acc-9e4e-0fd1b02994d9 req-27c95ffa-b69d-4acc-9e4e-0fd1b02994d9 ] Request (AttachInterfacesTestJSON:test_create_list_show_delete_interfaces_by_fixed_ip): 200 GET http://10.180.1.21/compute/v2.1/servers/7612af2a-962a-4b03-9d1d-95c06e91968c 0.495s
2025-02-10 21:12:11.261 62716 INFO tempest.lib.common.rest_client [req-2b3fa2e3-6965-4db8-a7b4-eef4f04c4daf req-2b3fa2e3-6965-4db8-a7b4-eef4f04c4daf ] Request (ServersAaction247Test:tearDownClass): 200 GET http://10.180.1.21/compute/v2.1/servers/96be33ea-8064-49df-bb04-78c162e2b557 0.528s
2025-02-10 21:12:11.285 62686 INFO tempest.lib.common.rest_client [req-b55ced49-b436-4fbe-9da0-3ada8295cdfc req-b55ced49-b436-4fbe-9da0-3ada8295cdfc ] Request (ListServerFiltersTestJSON:setUpClass): 200 GET http://10.180.1.21/compute/v2.1/servers/46e66edb-3b02-4c07-bdb2-499c76d4258a 0.486s
2025-02-10 21:12:11.369 62712 INFO tempest.lib.common.rest_client [req-909cec3c-1e43-4912-af36-af3b130ba3d7 req-909cec3c-1e43-4912-af36-af3b130ba3d7 ] Request (ServersAdmin275Test:tearDownClass): 200 GET http://10.180.1.21/compute/v2.1/servers/14eaf7ed-743b-4198-832d-54d4cc21c2d8 0.490s
2025-02-10 21:12:11.410 62708 INFO tempest.lib.common.rest_client [req-843ab851-7d83-4306-82df-14e3cb05af46 req-843ab851-7d83-4306-82df-14e3cb05af46 ] Request (DeleteServersAdminTestJSON:test_delete_server_while_in_error_state): 200 GET http://10.180.1.21/compute/v2.1/servers/ab0297aa-4d35-4bf7-8d7e-5c43c16e1eba 0.587s
2025-02-10 21:12:11.451 62710 INFO tempest.lib.common.rest_client [req-d80fb7eb-9aec-4f7e-8017-0197aedf5814 req-d80fb7eb-9aec-4f7e-8017-0197aedf5814 ] Request (ServerActionsV293TestJSON:setUpClass): 200 GET http://10.180.1.21/compute/v2.1/servers/0d7cebb7-37e9-4e30-8681-2fa58d89b0b5 0.457s
2025-02-10 21:12:11.476 62719 INFO tempest.lib.common.rest_client [req-ae6fe1cf-6520-467d-94c5-833ae3062e42 req-ae6fe1cf-6520-467d-94c5-833ae3062e42 ] Request (ServerActionsTestOtherA:setUpClass): 200 PUT http://10.180.1.21:9696/networking/v2.0/routers/a9da26e6-1211-408c-9e74-685b0581893c/add_router_interface 0.962s
2025-02-10 21:12:11.476 62719 INFO tempest.lib.common.dynamic_creds [-] Created isolated network resources for: credentials: Credentials: {'domain_id': 'default', 'domain_name': 'Default', 'username': 'tempest-ServerActionsTestOtherA-1968691485-project-member', 'project_domain_id': 'default', 'project_domain_name': 'Default', 'project_id': 'dafe9b5ca6094ec1b31838029de4e3f1', 'project_name': 'tempest-ServerActionsTestOtherA-1968691485', 'tenant_id': 'dafe9b5ca6094ec1b31838029de4e3f1', 'tenant_name': 'tempest-ServerActionsTestOtherA-1968691485', 'user_domain_id': 'default', 'user_domain_name': 'Default', 'user_id': '92467156672441bcbba0a0e3c9b2da62', 'system': None}, Network: {'id': '42c87fb4-936d-464a-a8b4-a7024493ffba', 'name': 'tempest-ServerActionsTestOtherA-20194677-network', 'tenant_id': 'dafe9b5ca6094ec1b31838029de4e3f1', 'admin_state_up': True, 'mtu': 8950, 'status': 'ACTIVE', 'subnets': [], 'shared': False, 'project_id': 'dafe9b5ca6094ec1b31838029de4e3f1', 'port_security_enabled': True, 'router:external': False, 'provider:network_type': 'vlan', 'provider:physical_network': 'default', 'provider:segmentation_id': 312, 'availability_zone_hints': [], 'availability_zones': [], 'ipv4_address_scope': None, 'ipv6_address_scope': None, 'description': '', 'tags': [], 'created_at': '2025-02-10T21:12:09Z', 'updated_at': '2025-02-10T21:12:09Z', 'revision_number': 1}, Subnet: {'id': 'b10bc038-8459-44f4-a42a-2aee003ea80d', 'name': 'tempest-ServerActionsTestOtherA-20194677-subnet', 'tenant_id': 'dafe9b5ca6094ec1b31838029de4e3f1', 'network_id': '42c87fb4-936d-464a-a8b4-a7024493ffba', 'ip_version': 4, 'subnetpool_id': None, 'enable_dhcp': True, 'ipv6_ra_mode': None, 'ipv6_address_mode': None, 'gateway_ip': '192.168.128.1', 'cidr': '192.168.128.0/28', 'allocation_pools': [{'start': '192.168.128.2', 'end': '192.168.128.14'}], 'host_routes': [], 'dns_nameservers': [], 'description': '', 'router:external': False, 'service_types': [], 'tags': [], 'created_at': '2025-02-10T21:12:09Z', 'updated_at': '2025-02-10T21:12:09Z', 'revision_number': 0, 'project_id': 'dafe9b5ca6094ec1b31838029de4e3f1'}, Router: {'id': 'a9da26e6-1211-408c-9e74-685b0581893c', 'name': 'tempest-ServerActionsTestOtherA-20194677-router', 'tenant_id': 'dafe9b5ca6094ec1b31838029de4e3f1', 'admin_state_up': True, 'status': 'ACTIVE', 'external_gateway_info': {'network_id': '3fa017fe-3abf-464f-8d90-5254af794dcc', 'external_fixed_ips': [{'subnet_id': '0ab6afdb-ac3f-4c0b-9a54-e1dc67a41e24', 'ip_address': '10.180.180.225'}], 'enable_snat': True}, 'description': '', 'availability_zones': [], 'distributed': False, 'ha': False, 'availability_zone_hints': [], 'routes': [], 'flavor_id': None, 'tags': [], 'created_at': '2025-02-10T21:12:09Z', 'updated_at': '2025-02-10T21:12:10Z', 'revision_number': 2, 'project_id': 'dafe9b5ca6094ec1b31838029de4e3f1'}
2025-02-10 21:12:11.494 62724 INFO tempest.lib.common.rest_client [req-fe561a5e-29d3-4a83-8965-161872194d83 req-fe561a5e-29d3-4a83-8965-161872194d83 ] Request (SecurityGroupsTestJSON:test_server_security_groups): 200 GET http://10.180.1.21/compute/v2.1/servers/8ad6a0bd-5b35-4b39-bfbb-c714da148898 0.429s
2025-02-10 21:12:11.553 62744 INFO tempest.lib.common.rest_client [req-c24983f3-a38d-485b-98b6-4b1cbdd0487d req-c24983f3-a38d-485b-98b6-4b1cbdd0487d ] Request (InstanceActionsV221TestJSON:test_get_list_deleted_instance_actions): 200 GET http://10.180.1.21/compute/v2.1/servers/d66af878-384b-4046-b7b4-19f5bd038f46 0.256s
2025-02-10 21:12:11.601 62719 INFO tempest.lib.common.rest_client [req-5a0edd79-486a-46e9-8297-f80e8e090602 req-5a0edd79-486a-46e9-8297-f80e8e090602 ] Request (ServerActionsTestOtherA:setUpClass): 201 POST http://10.180.1.21/identity/v3/auth/tokens 0.117s
2025-02-10 21:12:11.628 62702 INFO tempest.lib.common.rest_client [req-ffb3ff46-8c00-47f2-b1d2-715885c1c1e1 req-ffb3ff46-8c00-47f2-b1d2-715885c1c1e1 ] Request (AttachInterfacesUnderV243Test:test_add_remove_fixed_ip): 200 GET http://10.180.1.21/compute/v2.1/servers/5b56543f-7140-4cc9-9ad7-9a93e36888cf 0.259s
2025-02-10 21:12:11.647 62688 INFO tempest.lib.common.rest_client [req-9b8796a7-c19e-409a-8001-72b13cc3aae3 req-9b8796a7-c19e-409a-8001-72b13cc3aae3 ] Request (ImagesOneServerNegativeTestJSON:tearDown): 200 GET http://10.180.1.21/compute/v2.1/servers/9560cbaf-7b0c-4e1b-bdef-805fb0559fa6 0.438s
2025-02-10 21:12:11.658 62688 INFO tempest.common.waiters [-] State transition "ACTIVE/image_pending_upload" ==> "ACTIVE/image_uploading" after 4 second wait
2025-02-10 21:12:11.813 62746 INFO tempest.lib.common.rest_client [req-62512bc9-80d1-4e1d-9e71-1a00cf8eaf6d req-62512bc9-80d1-4e1d-9e71-1a00cf8eaf6d ] Request (MigrationsAdminTest:test_list_migrations_in_flavor_resize_situation): 200 GET http://10.180.1.21/compute/v2.1/servers/e1f32dac-ca5e-4065-b322-0b668901b2c7 0.230s
2025-02-10 21:12:11.920 62719 INFO tempest.lib.common.rest_client [req-69418588-db40-4434-a402-c873d45dbd58 req-69418588-db40-4434-a402-c873d45dbd58 ] Request (ServerActionsTestOtherA:setUpClass): 200 POST http://10.180.1.21/compute/v2.1/os-keypairs 0.317s
2025-02-10 21:12:12.030 62719 INFO tempest.lib.common.rest_client [req-17b4e89a-61b2-4607-9ade-f60efdaf584e req-17b4e89a-61b2-4607-9ade-f60efdaf584e ] Request (ServerActionsTestOtherA:setUpClass): 201 POST http://10.180.1.21:9696/networking/v2.0/security-groups 0.108s
2025-02-10 21:12:12.051 62728 INFO tempest.lib.common.rest_client [req-6b78c56c-8905-45e4-b685-4a234b3a6b41 req-6b78c56c-8905-45e4-b685-4a234b3a6b41 ] Request (ServersAdminNegativeTestJSON:test_migrate_server_invalid_state): 200 GET http://10.180.1.21/compute/v2.1/servers/6fa2c60b-401c-49bf-b8fe-364cb0ebe426 0.449s
2025-02-10 21:12:12.065 62732 INFO tempest.lib.common.rest_client [req-67f72928-01c5-4db6-bc18-0a355cb90645 req-67f72928-01c5-4db6-bc18-0a355cb90645 ] Request (ServerDiskConfigTestJSON:test_rebuild_server_with_manual_disk_config): 200 GET http://10.180.1.21/compute/v2.1/servers/c94cf40d-a2a6-446d-8458-a160fcb8ff38 0.397s
2025-02-10 21:12:12.114 62719 INFO tempest.lib.common.rest_client [req-c50ce19a-2fa0-4758-88af-7d65536c4b48 req-c50ce19a-2fa0-4758-88af-7d65536c4b48 ] Request (ServerActionsTestOtherA:setUpClass): 201 POST http://10.180.1.21:9696/networking/v2.0/security-group-rules 0.083s
2025-02-10 21:12:12.120 62748 INFO tempest.lib.common.rest_client [req-627b98fe-8f22-4d1a-9b95-e68ba637a028 req-627b98fe-8f22-4d1a-9b95-e68ba637a028 ] Request (ServerShowV254Test:test_rebuild_server): 200 GET http://10.180.1.21/compute/v2.1/servers/75169e1c-1cbe-4ae7-82d0-1029915850ac 0.373s
2025-02-10 21:12:12.129 62694 INFO tempest.lib.common.rest_client [req-6689bbb6-1b24-4706-bd5e-bd7c80463726 req-6689bbb6-1b24-4706-bd5e-bd7c80463726 ] Request (ServersTestBootFromVolume:setUpClass): 200 GET http://10.180.1.21/compute/v2.1/servers/519dab60-99ae-4f98-9cb5-216ea79aa4b2 0.314s
2025-02-10 21:12:12.161 62714 INFO tempest.lib.common.rest_client [req-06d0bdf4-bdd7-4b4e-91e9-7ad5d6a56e85 req-06d0bdf4-bdd7-4b4e-91e9-7ad5d6a56e85 ] Request (ImagesNegativeTestJSON:tearDownClass): 200 PUT http://10.180.1.21:9696/networking/v2.0/routers/7a2dd719-e4d6-45a2-9ace-d0722e275a11/remove_router_interface 1.565s
2025-02-10 21:12:12.224 62705 INFO tempest.lib.common.rest_client [req-212f354a-ef7e-4b75-b8d9-73bc35ebb4ab req-212f354a-ef7e-4b75-b8d9-73bc35ebb4ab ] Request (ServerGroupTestJSON:test_create_server_with_scheduler_hint_group): 200 GET http://10.180.1.21/compute/v2.1/servers/563269aa-69f0-4ace-ade4-18fda65aeb72 0.318s
2025-02-10 21:12:12.302 62736 INFO tempest.lib.common.rest_client [req-7ed4f156-5a04-4d04-870e-3ecee8f86f62 req-7ed4f156-5a04-4d04-870e-3ecee8f86f62 ] Request (DeleteServersTestJSON:test_delete_active_server): 200 GET http://10.180.1.21/compute/v2.1/servers/4d8aea82-d609-499c-970e-dc0369ae0e8f 0.342s
2025-02-10 21:12:12.325 62730 INFO tempest.lib.common.rest_client [req-95b5c73e-e5df-4e42-a32e-8e1ba3034517 req-95b5c73e-e5df-4e42-a32e-8e1ba3034517 ] Request (ServersTestMultiNic:test_verify_duplicate_network_nics): 200 GET http://10.180.1.21/compute/v2.1/servers/63a3594c-b1e0-406d-8376-d407a4286d7d 0.433s
2025-02-10 21:12:12.335 62730 INFO tempest.common.waiters [-] State transition "BUILD/spawning" ==> "ACTIVE/None" after 53 second wait
2025-02-10 21:12:12.344 62719 INFO tempest.lib.common.rest_client [req-b4bd7679-0ad7-4a08-99b0-cf21238b67a9 req-b4bd7679-0ad7-4a08-99b0-cf21238b67a9 ] Request (ServerActionsTestOtherA:setUpClass): 201 POST http://10.180.1.21:9696/networking/v2.0/security-group-rules 0.230s
2025-02-10 21:12:12.397 62698 INFO tempest.lib.common.rest_client [req-d8c7f3ae-27f2-4229-8270-6355a834e851 req-d8c7f3ae-27f2-4229-8270-6355a834e851 ] Request (ServerMetadataTestJSON:setUpClass): 200 GET http://10.180.1.21/compute/v2.1/servers/8577a502-89c3-4ab2-b116-fe335165524e 0.422s
2025-02-10 21:12:12.412 62706 INFO tempest.lib.common.rest_client [req-af30e78c-04f3-4860-8503-2e88fdbbd73f req-af30e78c-04f3-4860-8503-2e88fdbbd73f ] Request (ServersAdminTestJSON:test_create_server_with_scheduling_hint): 200 GET http://10.180.1.21/compute/v2.1/servers/5815dbcf-e70f-46b0-910c-ed60f8245a56 0.382s
2025-02-10 21:12:12.465 62722 INFO tempest.lib.common.rest_client [req-47b6dfd3-1821-4d50-9a13-405834ffd71c req-47b6dfd3-1821-4d50-9a13-405834ffd71c ] Request (ImagesTestJSON:test_create_image_from_suspended_server): 200 GET http://10.180.1.21/compute/v2.1/servers/510928fc-fc7c-44ac-bd13-b2c042a3f9e1 0.413s
2025-02-10 21:12:12.498 62692 INFO tempest.lib.common.rest_client [req-b7770a1d-102c-4d43-94d1-55a17e8fa576 req-b7770a1d-102c-4d43-94d1-55a17e8fa576 ] Request (InstanceActionsNegativeTestJSON:tearDownClass): 200 GET http://10.180.1.21/compute/v2.1/servers/5e015d27-e0a0-411c-9515-a459994115df 0.395s
2025-02-10 21:12:12.527 62740 INFO tempest.lib.common.rest_client [req-53f3ad69-5d19-4c92-8650-e5020c8eef78 req-53f3ad69-5d19-4c92-8650-e5020c8eef78 ] Request (VolumesAdminNegativeTest:test_update_attached_volume_with_nonexistent_volume_in_body): 200 GET http://10.180.1.21/compute/v2.1/servers/73b635f5-1588-4312-b068-fbe3e8346af3 0.399s
2025-02-10 21:12:12.568 62721 INFO tempest.lib.common.rest_client [req-39c3cbba-0585-4064-b13c-7546ecce7dcc req-39c3cbba-0585-4064-b13c-7546ecce7dcc ] Request (ServerMetadataNegativeTestJSON:tearDownClass): 200 GET http://10.180.1.21/compute/v2.1/servers/bae0649b-ebc1-459c-bb85-c4f152e4736e 0.376s
2025-02-10 21:12:12.590 62726 INFO tempest.lib.common.rest_client [req-6c25fac3-49b3-4432-a6db-7712b4d8cf39 req-6c25fac3-49b3-4432-a6db-7712b4d8cf39 ] Request (AttachInterfacesTestJSON:test_create_list_show_delete_interfaces_by_fixed_ip): 200 GET http://10.180.1.21/compute/v2.1/servers/7612af2a-962a-4b03-9d1d-95c06e91968c 0.393s
2025-02-10 21:12:12.650 62716 INFO tempest.lib.common.rest_client [req-d19076f4-8ef2-4121-8593-fee15749fb47 req-d19076f4-8ef2-4121-8593-fee15749fb47 ] Request (ServersAaction247Test:tearDownClass): 200 GET http://10.180.1.21/compute/v2.1/servers/96be33ea-8064-49df-bb04-78c162e2b557 0.372s
2025-02-10 21:12:12.654 62686 INFO tempest.lib.common.rest_client [req-b5b14131-e4d2-4a72-b6a5-1bf2f545fc17 req-b5b14131-e4d2-4a72-b6a5-1bf2f545fc17 ] Request (ListServerFiltersTestJSON:setUpClass): 200 GET http://10.180.1.21/compute/v2.1/servers/46e66edb-3b02-4c07-bdb2-499c76d4258a 0.361s
2025-02-10 21:12:12.675 62730 INFO tempest.lib.common.rest_client [req-7c91a950-fa10-4e0b-9449-89416deeb79f req-7c91a950-fa10-4e0b-9449-89416deeb79f ] Request (ServersTestMultiNic:test_verify_duplicate_network_nics): 200 GET http://10.180.1.21/compute/v2.1/servers/63a3594c-b1e0-406d-8376-d407a4286d7d/ips 0.339s
2025-02-10 21:12:12.759 62712 INFO tempest.lib.common.rest_client [req-8086842a-797f-4eb6-9f23-358833fffc4b req-8086842a-797f-4eb6-9f23-358833fffc4b ] Request (ServersAdmin275Test:tearDownClass): 200 GET http://10.180.1.21/compute/v2.1/servers/14eaf7ed-743b-4198-832d-54d4cc21c2d8 0.377s
2025-02-10 21:12:12.774 62714 INFO tempest.lib.common.rest_client [req-ebefb3b6-87aa-4328-9db8-cdccd5a99009 req-ebefb3b6-87aa-4328-9db8-cdccd5a99009 ] Request (ImagesNegativeTestJSON:tearDownClass): 204 DELETE http://10.180.1.21:9696/networking/v2.0/routers/7a2dd719-e4d6-45a2-9ace-d0722e275a11 0.613s
2025-02-10 21:12:12.829 62710 INFO tempest.lib.common.rest_client [req-7e4bf5bd-f8cd-4748-a766-f0b3ce9d017d req-7e4bf5bd-f8cd-4748-a766-f0b3ce9d017d ] Request (ServerActionsV293TestJSON:setUpClass): 200 GET http://10.180.1.21/compute/v2.1/servers/0d7cebb7-37e9-4e30-8681-2fa58d89b0b5 0.367s
2025-02-10 21:12:12.852 62708 INFO tempest.lib.common.rest_client [req-2e5fe25a-f666-4a6b-828f-a0f367b06e81 req-2e5fe25a-f666-4a6b-828f-a0f367b06e81 ] Request (DeleteServersAdminTestJSON:test_delete_server_while_in_error_state): 200 GET http://10.180.1.21/compute/v2.1/servers/ab0297aa-4d35-4bf7-8d7e-5c43c16e1eba 0.432s
2025-02-10 21:12:12.893 62724 INFO tempest.lib.common.rest_client [req-306e2428-fd9f-4db2-8683-4af0069b39cf req-306e2428-fd9f-4db2-8683-4af0069b39cf ] Request (SecurityGroupsTestJSON:test_server_security_groups): 200 GET http://10.180.1.21/compute/v2.1/servers/8ad6a0bd-5b35-4b39-bfbb-c714da148898 0.391s
2025-02-10 21:12:12.916 62744 INFO tempest.lib.common.rest_client [req-113b4054-8a77-478d-bc33-f49059db9f67 req-113b4054-8a77-478d-bc33-f49059db9f67 ] Request (InstanceActionsV221TestJSON:test_get_list_deleted_instance_actions): 200 GET http://10.180.1.21/compute/v2.1/servers/d66af878-384b-4046-b7b4-19f5bd038f46 0.349s
2025-02-10 21:12:12.966 62702 INFO tempest.lib.common.rest_client [req-a28303e1-2eeb-4183-8696-7e3f20ccbb88 req-a28303e1-2eeb-4183-8696-7e3f20ccbb88 ] Request (AttachInterfacesUnderV243Test:test_add_remove_fixed_ip): 200 GET http://10.180.1.21/compute/v2.1/servers/5b56543f-7140-4cc9-9ad7-9a93e36888cf 0.325s
2025-02-10 21:12:13.010 62714 INFO tempest.lib.common.rest_client [req-283bd343-408e-4997-aa84-b8371822be7e req-283bd343-408e-4997-aa84-b8371822be7e ] Request (ImagesNegativeTestJSON:tearDownClass): 204 DELETE http://10.180.1.21:9696/networking/v2.0/subnets/2f7bac84-17d1-46f4-9f39-79e4eb039e44 0.235s
2025-02-10 21:12:13.023 62734 WARNING tempest.lib.common.ssh [-] Failed to establish authenticated ssh connection to cirros@10.180.180.172 ([Errno None] Unable to connect to port 22 on 10.180.180.172). Number attempts: 1. Retry after 2 seconds.: paramiko.ssh_exception.NoValidConnectionsError: [Errno None] Unable to connect to port 22 on 10.180.180.172
2025-02-10 21:12:13.057 62730 INFO tempest.lib.common.rest_client [req-86034697-5d6f-4301-adaf-98ec4ff1bf4e req-86034697-5d6f-4301-adaf-98ec4ff1bf4e ] Request (ServersTestMultiNic:_run_cleanups): 204 DELETE http://10.180.1.21/compute/v2.1/servers/63a3594c-b1e0-406d-8376-d407a4286d7d 0.380s
2025-02-10 21:12:13.099 62688 INFO tempest.lib.common.rest_client [req-98e4eef5-07ad-421a-9647-52af739bb688 req-98e4eef5-07ad-421a-9647-52af739bb688 ] Request (ImagesOneServerNegativeTestJSON:tearDown): 200 GET http://10.180.1.21/compute/v2.1/servers/9560cbaf-7b0c-4e1b-bdef-805fb0559fa6 0.440s
2025-02-10 21:12:13.132 62719 INFO tempest.lib.common.rest_client [req-d79d26c5-0641-4d8b-8355-71345ab7b8dc req-d79d26c5-0641-4d8b-8355-71345ab7b8dc ] Request (ServerActionsTestOtherA:setUpClass): 201 POST http://10.180.1.21:9696/networking/v2.0/floatingips 0.787s
2025-02-10 21:12:13.169 62719 INFO tempest.lib.common.rest_client [req-2a160e6b-4178-434d-a260-994b494fade5 req-2a160e6b-4178-434d-a260-994b494fade5 ] Request (ServerActionsTestOtherA:setUpClass): 201 POST http://10.180.1.21/identity/v3/auth/tokens 0.032s
2025-02-10 21:12:13.169 62719 INFO tempest.lib.common.fixed_network [-] (ServerActionsTestOtherA:setUpClass) Found network {'id': '42c87fb4-936d-464a-a8b4-a7024493ffba', 'name': 'tempest-ServerActionsTestOtherA-20194677-network', 'tenant_id': 'dafe9b5ca6094ec1b31838029de4e3f1', 'admin_state_up': True, 'mtu': 8950, 'status': 'ACTIVE', 'subnets': [], 'shared': False, 'project_id': 'dafe9b5ca6094ec1b31838029de4e3f1', 'port_security_enabled': True, 'router:external': False, 'provider:network_type': 'vlan', 'provider:physical_network': 'default', 'provider:segmentation_id': 312, 'availability_zone_hints': [], 'availability_zones': [], 'ipv4_address_scope': None, 'ipv6_address_scope': None, 'description': '', 'tags': [], 'created_at': '2025-02-10T21:12:09Z', 'updated_at': '2025-02-10T21:12:09Z', 'revision_number': 1} available for tenant
2025-02-10 21:12:13.264 62746 INFO tempest.lib.common.rest_client [req-5aac8a29-2d94-4b5c-9d5a-7ae177b6dc41 req-5aac8a29-2d94-4b5c-9d5a-7ae177b6dc41 ] Request (MigrationsAdminTest:test_list_migrations_in_flavor_resize_situation): 200 GET http://10.180.1.21/compute/v2.1/servers/e1f32dac-ca5e-4065-b322-0b668901b2c7 0.442s
2025-02-10 21:12:13.282 62730 INFO tempest.lib.common.rest_client [req-16842fd3-3e89-4b3b-820a-e6becb3d5a3c req-16842fd3-3e89-4b3b-820a-e6becb3d5a3c ] Request (ServersTestMultiNic:_run_cleanups): 200 GET http://10.180.1.21/compute/v2.1/servers/63a3594c-b1e0-406d-8376-d407a4286d7d 0.225s
2025-02-10 21:12:13.350 62732 INFO tempest.lib.common.rest_client [req-ca68f4bc-6469-4afa-be3c-5c5230b0c467 req-ca68f4bc-6469-4afa-be3c-5c5230b0c467 ] Request (ServerDiskConfigTestJSON:test_rebuild_server_with_manual_disk_config): 200 GET http://10.180.1.21/compute/v2.1/servers/c94cf40d-a2a6-446d-8458-a160fcb8ff38 0.275s
2025-02-10 21:12:13.408 62748 INFO tempest.lib.common.rest_client [req-f9965a3c-09f9-4949-b03c-dd48e143a0cb req-f9965a3c-09f9-4949-b03c-dd48e143a0cb ] Request (ServerShowV254Test:test_rebuild_server): 200 GET http://10.180.1.21/compute/v2.1/servers/75169e1c-1cbe-4ae7-82d0-1029915850ac 0.270s
2025-02-10 21:12:13.437 62728 INFO tempest.lib.common.rest_client [req-fada3389-0a49-4da9-84bb-855712e61a28 req-fada3389-0a49-4da9-84bb-855712e61a28 ] Request (ServersAdminNegativeTestJSON:test_migrate_server_invalid_state): 200 GET http://10.180.1.21/compute/v2.1/servers/6fa2c60b-401c-49bf-b8fe-364cb0ebe426 0.377s
2025-02-10 21:12:13.466 62694 INFO tempest.lib.common.rest_client [req-846b5887-18d0-4ddd-b322-bd66da789fe7 req-846b5887-18d0-4ddd-b322-bd66da789fe7 ] Request (ServersTestBootFromVolume:setUpClass): 200 GET http://10.180.1.21/compute/v2.1/servers/519dab60-99ae-4f98-9cb5-216ea79aa4b2 0.319s
2025-02-10 21:12:13.544 62714 INFO tempest.lib.common.rest_client [req-529c2970-db14-48d2-ba85-1478ec5268d3 req-529c2970-db14-48d2-ba85-1478ec5268d3 ] Request (ImagesNegativeTestJSON:tearDownClass): 204 DELETE http://10.180.1.21:9696/networking/v2.0/networks/7ec1750a-67d4-4584-a3ff-7d2593aafb8d 0.533s
2025-02-10 21:12:13.544 62705 INFO tempest.lib.common.rest_client [req-63879471-e00a-4082-b9f4-ec9526b102fb req-63879471-e00a-4082-b9f4-ec9526b102fb ] Request (ServerGroupTestJSON:test_create_server_with_scheduler_hint_group): 200 GET http://10.180.1.21/compute/v2.1/servers/563269aa-69f0-4ace-ade4-18fda65aeb72 0.309s
2025-02-10 21:12:13.607 62736 INFO tempest.lib.common.rest_client [req-4e6e9d9e-b522-491b-9801-550cb4e7b0de req-4e6e9d9e-b522-491b-9801-550cb4e7b0de ] Request (DeleteServersTestJSON:test_delete_active_server): 200 GET http://10.180.1.21/compute/v2.1/servers/4d8aea82-d609-499c-970e-dc0369ae0e8f 0.293s
2025-02-10 21:12:13.641 62714 INFO tempest.lib.common.rest_client [req-597c1a25-75d3-47a2-a217-07cd35cfba7e req-597c1a25-75d3-47a2-a217-07cd35cfba7e ] Request (ImagesNegativeTestJSON:tearDownClass): 204 DELETE http://10.180.1.21/identity/v3/users/23466133a6f640fdb4c59c93efce0d57 0.096s
2025-02-10 21:12:13.641 62714 INFO tempest.lib.common.dynamic_creds [-] Deleting project and security group for project: 6f90ba0110d04d9a9910462355002cd5
2025-02-10 21:12:13.669 62714 INFO tempest.lib.common.rest_client [req-e88bfe6d-3100-410b-a654-03669e82e420 req-e88bfe6d-3100-410b-a654-03669e82e420 ] Request (ImagesNegativeTestJSON:tearDownClass): 200 GET http://10.180.1.21:9696/networking/v2.0/security-groups?tenant_id=6f90ba0110d04d9a9910462355002cd5&name=default 0.028s
2025-02-10 21:12:13.749 62714 INFO tempest.lib.common.rest_client [req-8c254ee3-c057-4ef2-bd2d-0629b445675d req-8c254ee3-c057-4ef2-bd2d-0629b445675d ] Request (ImagesNegativeTestJSON:tearDownClass): 204 DELETE http://10.180.1.21:9696/networking/v2.0/security-groups/f00dda0d-33d6-49bb-810e-60631643b911 0.079s
2025-02-10 21:12:13.809 62698 INFO tempest.lib.common.rest_client [req-51248cdf-01b2-4c56-94b9-b1efbcae5448 req-51248cdf-01b2-4c56-94b9-b1efbcae5448 ] Request (ServerMetadataTestJSON:setUpClass): 200 GET http://10.180.1.21/compute/v2.1/servers/8577a502-89c3-4ab2-b116-fe335165524e 0.398s
2025-02-10 21:12:13.825 62698 INFO tempest.common.waiters [-] State transition "BUILD/None" ==> "BUILD/block_device_mapping" after 34 second wait
2025-02-10 21:12:13.862 62714 INFO tempest.lib.common.rest_client [req-5985edfa-b0b9-4cf7-8080-43050754c6d8 req-5985edfa-b0b9-4cf7-8080-43050754c6d8 ] Request (ImagesNegativeTestJSON:tearDownClass): 204 DELETE http://10.180.1.21/identity/v3/projects/6f90ba0110d04d9a9910462355002cd5 0.112s
2025-02-10 21:12:13.881 62706 INFO tempest.lib.common.rest_client [req-8ce51593-81cb-4538-9e9c-d871c5049868 req-8ce51593-81cb-4538-9e9c-d871c5049868 ] Request (ServersAdminTestJSON:test_create_server_with_scheduling_hint): 200 GET http://10.180.1.21/compute/v2.1/servers/5815dbcf-e70f-46b0-910c-ed60f8245a56 0.459s
2025-02-10 21:12:13.937 62714 INFO tempest.lib.common.rest_client [req-8eafa190-619d-440e-b600-30202f412aa8 req-8eafa190-619d-440e-b600-30202f412aa8 ] Request (SecurityGroupRulesTestJSON:setUpClass): 201 POST http://10.180.1.21/identity/v3/auth/tokens 0.074s
2025-02-10 21:12:13.940 62722 INFO tempest.lib.common.rest_client [req-23d22c6a-1371-41a0-bb2e-f62f7e3a5b7e req-23d22c6a-1371-41a0-bb2e-f62f7e3a5b7e ] Request (ImagesTestJSON:test_create_image_from_suspended_server): 200 GET http://10.180.1.21/compute/v2.1/servers/510928fc-fc7c-44ac-bd13-b2c042a3f9e1 0.466s
2025-02-10 21:12:13.951 62719 INFO tempest.lib.common.rest_client [req-76881623-70a5-43c8-991f-0e9d54d01ff0 req-76881623-70a5-43c8-991f-0e9d54d01ff0 ] Request (ServerActionsTestOtherA:setUpClass): 202 POST http://10.180.1.21/compute/v2.1/servers 0.780s
2025-02-10 21:12:13.982 62714 INFO tempest.lib.common.rest_client [req-b39dcd90-0453-4ade-8dd2-d0e687c99e2d req-b39dcd90-0453-4ade-8dd2-d0e687c99e2d ] Request (SecurityGroupRulesTestJSON:setUpClass): 201 POST http://10.180.1.21/identity/v3/auth/tokens 0.041s
2025-02-10 21:12:14.008 62714 INFO tempest.lib.common.rest_client [req-ef308dde-61cd-4a72-9468-877ec4b651ec req-ef308dde-61cd-4a72-9468-877ec4b651ec ] Request (SecurityGroupRulesTestJSON:setUpClass): 200 GET http://10.180.1.21/identity/v3/domains?name=Default 0.026s
2025-02-10 21:12:14.010 62740 INFO tempest.lib.common.rest_client [req-a5ee3d52-c469-4a39-b053-307fb0b15310 req-a5ee3d52-c469-4a39-b053-307fb0b15310 ] Request (VolumesAdminNegativeTest:test_update_attached_volume_with_nonexistent_volume_in_body): 200 GET http://10.180.1.21/compute/v2.1/servers/73b635f5-1588-4312-b068-fbe3e8346af3 0.474s
2025-02-10 21:12:14.011 62692 INFO tempest.lib.common.rest_client [req-07d82aa3-47ae-478b-8520-767ef1b4f74e req-07d82aa3-47ae-478b-8520-767ef1b4f74e ] Request (InstanceActionsNegativeTestJSON:tearDownClass): 200 GET http://10.180.1.21/compute/v2.1/servers/5e015d27-e0a0-411c-9515-a459994115df 0.501s
2025-02-10 21:12:14.036 62714 INFO tempest.lib.common.rest_client [req-1075a0e0-fa2b-4284-8761-deefd21d7955 req-1075a0e0-fa2b-4284-8761-deefd21d7955 ] Request (SecurityGroupRulesTestJSON:setUpClass): 201 POST http://10.180.1.21/identity/v3/projects 0.027s
2025-02-10 21:12:14.068 62726 INFO tempest.lib.common.rest_client [req-dee3c8af-a587-45c8-8925-dcb5a8fd3692 req-dee3c8af-a587-45c8-8925-dcb5a8fd3692 ] Request (AttachInterfacesTestJSON:test_create_list_show_delete_interfaces_by_fixed_ip): 200 GET http://10.180.1.21/compute/v2.1/servers/7612af2a-962a-4b03-9d1d-95c06e91968c 0.466s
2025-02-10 21:12:14.073 62721 INFO tempest.lib.common.rest_client [req-38ff8409-43f7-42c9-91c5-8cfbcb4c8b3b req-38ff8409-43f7-42c9-91c5-8cfbcb4c8b3b ] Request (ServerMetadataNegativeTestJSON:tearDownClass): 200 GET http://10.180.1.21/compute/v2.1/servers/bae0649b-ebc1-459c-bb85-c4f152e4736e 0.496s
2025-02-10 21:12:14.098 62714 INFO tempest.lib.common.rest_client [req-30a4e5aa-57ef-4a26-94f1-3cb70308f968 req-30a4e5aa-57ef-4a26-94f1-3cb70308f968 ] Request (SecurityGroupRulesTestJSON:setUpClass): 201 POST http://10.180.1.21/identity/v3/users 0.061s
2025-02-10 21:12:14.124 62714 INFO tempest.lib.common.rest_client [req-3a28068d-5571-436f-a805-fc9f678f3268 req-3a28068d-5571-436f-a805-fc9f678f3268 ] Request (SecurityGroupRulesTestJSON:setUpClass): 200 GET http://10.180.1.21/identity/v3/roles 0.026s
2025-02-10 21:12:14.129 62686 INFO tempest.lib.common.rest_client [req-d3bf154d-d980-40c7-9f86-046fb035ba33 req-d3bf154d-d980-40c7-9f86-046fb035ba33 ] Request (ListServerFiltersTestJSON:setUpClass): 200 GET http://10.180.1.21/compute/v2.1/servers/46e66edb-3b02-4c07-bdb2-499c76d4258a 0.466s
2025-02-10 21:12:14.147 62716 INFO tempest.lib.common.rest_client [req-acf4a2f9-0e85-492a-9018-026e58e71c93 req-acf4a2f9-0e85-492a-9018-026e58e71c93 ] Request (ServersAaction247Test:tearDownClass): 200 GET http://10.180.1.21/compute/v2.1/servers/96be33ea-8064-49df-bb04-78c162e2b557 0.483s
2025-02-10 21:12:14.163 62714 INFO tempest.lib.common.rest_client [req-843e83d2-607e-443f-ba56-e5d89c0a9dfb req-843e83d2-607e-443f-ba56-e5d89c0a9dfb ] Request (SecurityGroupRulesTestJSON:setUpClass): 204 PUT http://10.180.1.21/identity/v3/projects/420e0fe81d5047bcb11a2e70dc56faa3/users/960adaf57716457096cf1a6e6c0361b4/roles/147627c5890a4b30a80cd9b6e17b4b69 0.038s
2025-02-10 21:12:14.164 62714 INFO tempest.lib.common.dynamic_creds [-] Dynamic test user 960adaf57716457096cf1a6e6c0361b4 is created with scope project and roles: ['member']
2025-02-10 21:12:14.164 62714 INFO tempest.lib.common.dynamic_creds [-] Acquired dynamic creds: credentials: Credentials: {'domain_id': 'default', 'domain_name': 'Default', 'username': 'tempest-SecurityGroupRulesTestJSON-1045451433-project-member', 'project_domain_id': 'default', 'project_domain_name': 'Default', 'project_id': '420e0fe81d5047bcb11a2e70dc56faa3', 'project_name': 'tempest-SecurityGroupRulesTestJSON-1045451433', 'tenant_id': '420e0fe81d5047bcb11a2e70dc56faa3', 'tenant_name': 'tempest-SecurityGroupRulesTestJSON-1045451433', 'user_domain_id': 'default', 'user_domain_name': 'Default', 'user_id': '960adaf57716457096cf1a6e6c0361b4', 'system': None}, Network: None, Subnet: None, Router: None
2025-02-10 21:12:14.198 62712 INFO tempest.lib.common.rest_client [req-3ea3b03a-2f57-4cae-9fd9-d1c7e3671787 req-3ea3b03a-2f57-4cae-9fd9-d1c7e3671787 ] Request (ServersAdmin275Test:tearDownClass): 200 GET http://10.180.1.21/compute/v2.1/servers/14eaf7ed-743b-4198-832d-54d4cc21c2d8 0.424s
2025-02-10 21:12:14.207 62710 INFO tempest.lib.common.rest_client [req-a55de8ac-f702-4aa6-bfaf-a13ccf2a403a req-a55de8ac-f702-4aa6-bfaf-a13ccf2a403a ] Request (ServerActionsV293TestJSON:setUpClass): 200 GET http://10.180.1.21/compute/v2.1/servers/0d7cebb7-37e9-4e30-8681-2fa58d89b0b5 0.365s
2025-02-10 21:12:14.227 62714 INFO tempest.lib.common.rest_client [req-fcdd4dad-e5b8-4487-ad1b-c683fc8f6931 req-fcdd4dad-e5b8-4487-ad1b-c683fc8f6931 ] Request (SecurityGroupRulesTestJSON:setUpClass): 201 POST http://10.180.1.21/identity/v3/auth/tokens 0.062s
2025-02-10 21:12:14.285 62724 INFO tempest.lib.common.rest_client [req-27db9d2b-6170-4d3c-98e2-d4fb91d50a55 req-27db9d2b-6170-4d3c-98e2-d4fb91d50a55 ] Request (SecurityGroupsTestJSON:test_server_security_groups): 200 GET http://10.180.1.21/compute/v2.1/servers/8ad6a0bd-5b35-4b39-bfbb-c714da148898 0.380s
2025-02-10 21:12:14.348 62744 INFO tempest.lib.common.rest_client [req-48d4321f-a763-48a6-8c14-225dd2542c6c req-48d4321f-a763-48a6-8c14-225dd2542c6c ] Request (InstanceActionsV221TestJSON:test_get_list_deleted_instance_actions): 200 GET http://10.180.1.21/compute/v2.1/servers/d66af878-384b-4046-b7b4-19f5bd038f46 0.421s
2025-02-10 21:12:14.352 62708 INFO tempest.lib.common.rest_client [req-2a9b2367-30ea-4af8-ad7e-9e12e2cd02d7 req-2a9b2367-30ea-4af8-ad7e-9e12e2cd02d7 ] Request (DeleteServersAdminTestJSON:test_delete_server_while_in_error_state): 200 GET http://10.180.1.21/compute/v2.1/servers/ab0297aa-4d35-4bf7-8d7e-5c43c16e1eba 0.489s
2025-02-10 21:12:14.357 62744 INFO tempest.common.waiters [-] State transition "BUILD/scheduling" ==> "BUILD/None" after 17 second wait
2025-02-10 21:12:14.394 62719 INFO tempest.lib.common.rest_client [req-b640312c-4ac6-4de0-99e2-42f63ecdd506 req-b640312c-4ac6-4de0-99e2-42f63ecdd506 ] Request (ServerActionsTestOtherA:setUpClass): 200 GET http://10.180.1.21/compute/v2.1/servers/9354bdc7-4ce8-477e-a612-328ecde7e7fa 0.441s
2025-02-10 21:12:14.425 62702 INFO tempest.lib.common.rest_client [req-90d755a3-f052-4956-aa57-03bae5533238 req-90d755a3-f052-4956-aa57-03bae5533238 ] Request (AttachInterfacesUnderV243Test:test_add_remove_fixed_ip): 200 GET http://10.180.1.21/compute/v2.1/servers/5b56543f-7140-4cc9-9ad7-9a93e36888cf 0.450s
2025-02-10 21:12:14.504 62714 INFO tempest.lib.common.rest_client [req-4696f567-c0b1-43e1-8552-1753c270cf3d req-4696f567-c0b1-43e1-8552-1753c270cf3d ] Request (SecurityGroupRulesTestJSON:setUpClass): 201 POST http://10.180.1.21:9696/networking/v2.0/networks 0.276s
2025-02-10 21:12:14.556 62746 INFO tempest.lib.common.rest_client [req-2cfdb6cd-dd76-4cf2-8571-d142ef0da8cb req-2cfdb6cd-dd76-4cf2-8571-d142ef0da8cb ] Request (MigrationsAdminTest:test_list_migrations_in_flavor_resize_situation): 200 GET http://10.180.1.21/compute/v2.1/servers/e1f32dac-ca5e-4065-b322-0b668901b2c7 0.283s
2025-02-10 21:12:14.587 62688 INFO tempest.lib.common.rest_client [req-84f1a9e6-09ed-4fe4-b36d-e13195d33790 req-84f1a9e6-09ed-4fe4-b36d-e13195d33790 ] Request (ImagesOneServerNegativeTestJSON:tearDown): 200 GET http://10.180.1.21/compute/v2.1/servers/9560cbaf-7b0c-4e1b-bdef-805fb0559fa6 0.478s
