2025-02-10 21:13:34.476 62746 INFO tempest.lib.common.rest_client [req-3a8a02fa-9a40-4301-9755-3c865be67914 req-3a8a02fa-9a40-4301-9755-3c865be67914 ] Request (MigrationsAdminTest:test_list_migrations_in_flavor_resize_situation): 200 GET http://10.180.1.21/compute/v2.1/servers/e1f32dac-ca5e-4065-b322-0b668901b2c7 0.163s
2025-02-10 21:13:34.520 62710 INFO tempest.lib.common.rest_client [req-ba900874-0944-4026-a083-19b0a76c83ff req-ba900874-0944-4026-a083-19b0a76c83ff ] Request (ServerActionsV293TestJSON:setUpClass): 200 GET http://10.180.1.21/compute/v2.1/servers/0d7cebb7-37e9-4e30-8681-2fa58d89b0b5 0.127s
2025-02-10 21:13:34.534 62748 INFO tempest.lib.common.rest_client [req-b9f9bc84-437b-4280-82e8-b2f73d3f77e4 req-b9f9bc84-437b-4280-82e8-b2f73d3f77e4 ] Request (ServerShowV254Test:tearDownClass): 200 GET http://10.180.1.21/compute/v2.1/servers/75169e1c-1cbe-4ae7-82d0-1029915850ac 0.106s
2025-02-10 21:13:34.559 62726 WARNING tempest.lib.common.ssh [-] Failed to establish authenticated ssh connection to cirros@10.180.180.160 ([Errno None] Unable to connect to port 22 on 10.180.180.160). Number attempts: 1. Retry after 2 seconds.: paramiko.ssh_exception.NoValidConnectionsError: [Errno None] Unable to connect to port 22 on 10.180.180.160
2025-02-10 21:13:34.596 62728 INFO tempest.lib.common.rest_client [req-01811b18-96c8-45b9-9b39-87f359791549 req-01811b18-96c8-45b9-9b39-87f359791549 ] Request (ServersAdminNegativeTestJSON:tearDownClass): 200 GET http://10.180.1.21/compute/v2.1/servers/dff0ac3a-7e94-4349-af9c-2739b6c029ba 0.151s
2025-02-10 21:13:34.652 62706 INFO tempest.lib.common.rest_client [req-42ae3a21-8937-4307-88e1-822c86a041b5 req-42ae3a21-8937-4307-88e1-822c86a041b5 ] Request (ServersAdminTestJSON:test_create_server_with_scheduling_hint): 200 GET http://10.180.1.21/compute/v2.1/servers/5815dbcf-e70f-46b0-910c-ed60f8245a56 0.181s
2025-02-10 21:13:34.656 62712 INFO tempest.lib.common.rest_client [req-490c4fac-2234-4f15-bcf0-eceadb3af398 req-490c4fac-2234-4f15-bcf0-eceadb3af398 ] Request (FloatingIPsAssociationTestJSON:setUpClass): 200 GET http://10.180.1.21/compute/v2.1/servers/09455f5a-ac87-4c1f-a6d1-0e9a0736493b 0.155s
2025-02-10 21:13:34.660 62706 INFO tempest.common.waiters [-] State transition "BUILD/networking" ==> "BUILD/block_device_mapping" after 89 second wait
2025-02-10 21:13:34.700 62721 INFO tempest.lib.common.rest_client [req-ec59b03e-aabc-41d9-972b-0a9b7e1641bb req-ec59b03e-aabc-41d9-972b-0a9b7e1641bb ] Request (ServerPasswordTestJSON:setUpClass): 200 GET http://10.180.1.21/compute/v2.1/servers/baec1543-5ffb-4fd8-8ce7-0b353a826f64 0.128s
2025-02-10 21:13:34.719 62736 INFO tempest.lib.common.rest_client [req-4acc0ca7-2d1c-4347-8d66-7ff5410985f9 req-4acc0ca7-2d1c-4347-8d66-7ff5410985f9 ] Request (DeleteServersTestJSON:test_delete_active_server): 200 GET http://10.180.1.21/compute/v2.1/servers/4d8aea82-d609-499c-970e-dc0369ae0e8f 0.079s
2025-02-10 21:13:34.760 62724 INFO tempest.lib.common.rest_client [req-a70cb228-5426-47c1-a46f-86657bd6b083 req-a70cb228-5426-47c1-a46f-86657bd6b083 ] Request (SecurityGroupsTestJSON:test_server_security_groups): 200 GET http://10.180.1.21/compute/v2.1/servers/8ad6a0bd-5b35-4b39-bfbb-c714da148898 0.085s
2025-02-10 21:13:34.768 62724 INFO tempest.common.waiters [-] State transition "ACTIVE/deleting" ==> "DELETED/None" after 4 second wait
2025-02-10 21:13:34.776 62730 INFO tempest.lib.common.rest_client [req-d332c9b6-5d27-49f8-879a-b92d0e7ca11f req-d332c9b6-5d27-49f8-879a-b92d0e7ca11f ] Request (ServersTestMultiNic:test_verify_multiple_nics_order): 200 GET http://10.180.1.21/compute/v2.1/servers/88397693-cf4e-4fbd-88f7-f1c29dcf9d1b 0.075s
2025-02-10 21:13:34.812 62714 INFO tempest.lib.common.rest_client [req-1873e3d1-97c0-42a1-998f-2c39f551a84b req-1873e3d1-97c0-42a1-998f-2c39f551a84b ] Request (ServerActionsTestJSON:setUpClass): 200 GET http://10.180.1.21/compute/v2.1/servers/8e3af67b-5850-4fff-9437-83b6c2cc0852 0.085s
2025-02-10 21:13:34.832 62708 INFO tempest.lib.common.rest_client [req-40f4c198-a1b7-4cfc-a48b-b69341693170 req-40f4c198-a1b7-4cfc-a48b-b69341693170 ] Request (ListServersNegativeTestJSON:setUpClass): 200 GET http://10.180.1.21/compute/v2.1/servers/9130a935-afbc-498f-9e27-4347e29c95d4 0.085s
2025-02-10 21:13:34.873 62686 INFO tempest.lib.common.rest_client [req-37f07eeb-69c5-4250-9bf1-b9ab6428ef0f req-37f07eeb-69c5-4250-9bf1-b9ab6428ef0f ] Request (ListServerFiltersTestJSON:tearDownClass): 200 GET http://10.180.1.21/compute/v2.1/servers/46e66edb-3b02-4c07-bdb2-499c76d4258a 0.087s
2025-02-10 21:13:34.950 62732 INFO tempest.lib.common.rest_client [req-b5819d00-4c4d-44e6-848d-637d34af74cc req-b5819d00-4c4d-44e6-848d-637d34af74cc ] Request (ServerDiskConfigTestJSON:test_resize_server_from_auto_to_manual): 200 GET http://10.180.1.21/compute/v2.1/servers/bc030728-2a01-4be4-a15c-994c33282493 0.055s
2025-02-10 21:13:34.988 62719 INFO tempest.lib.common.rest_client [req-00e5b5d5-7b70-4bb3-8d13-7ec61cd0cec9 req-00e5b5d5-7b70-4bb3-8d13-7ec61cd0cec9 ] Request (ServerActionsTestOtherA:setUpClass): 200 GET http://10.180.1.21/compute/v2.1/servers/9354bdc7-4ce8-477e-a612-328ecde7e7fa 0.061s
2025-02-10 21:13:35.060 62716 INFO tempest.lib.common.rest_client [req-7e53079d-1ae1-47b9-98c0-0426733ba167 req-7e53079d-1ae1-47b9-98c0-0426733ba167 ] Request (ServerShowV247Test:test_update_rebuild_list_server): 200 GET http://10.180.1.21/compute/v2.1/servers/dfebfd70-185b-453d-952f-eecea0e0c7b0 0.052s
2025-02-10 21:13:35.238 62705 INFO tempest.lib.common.rest_client [req-1aca71b6-b85a-4a8c-9015-7198886b2f78 req-1aca71b6-b85a-4a8c-9015-7198886b2f78 ] Request (ServerGroupTestJSON:_run_cleanups): 200 GET http://10.180.1.21/compute/v2.1/servers/563269aa-69f0-4ace-ade4-18fda65aeb72 0.066s
2025-02-10 21:13:35.260 62694 INFO tempest.lib.common.rest_client [req-b1a605ef-3fb9-4513-b348-40da28b557a6 req-b1a605ef-3fb9-4513-b348-40da28b557a6 ] Request (ServersTestBootFromVolume:setUpClass): 200 GET http://10.180.1.21/compute/v2.1/servers/519dab60-99ae-4f98-9cb5-216ea79aa4b2 0.060s
2025-02-10 21:13:35.517 62722 INFO tempest.lib.common.rest_client [req-54a2c478-d675-42f9-80d6-5f623fff420e req-54a2c478-d675-42f9-80d6-5f623fff420e ] Request (ImagesTestJSON:test_create_server_from_snapshot): 200 GET http://10.180.1.21/compute/v2.1/servers/49f77949-d892-470f-bc90-908d75400e34 0.256s
2025-02-10 21:13:35.521 62744 INFO tempest.lib.common.rest_client [req-f7e34b04-7b76-4d0d-b6c2-2b76b970f0e9 req-f7e34b04-7b76-4d0d-b6c2-2b76b970f0e9 ] Request (InstanceActionsV221TestJSON:test_get_list_deleted_instance_actions): 200 GET http://10.180.1.21/compute/v2.1/servers/d66af878-384b-4046-b7b4-19f5bd038f46 0.149s
2025-02-10 21:13:35.579 62698 INFO tempest.lib.common.rest_client [req-cebc2dac-664a-4a2a-9050-272217591009 req-cebc2dac-664a-4a2a-9050-272217591009 ] Request (ServerRescueTestJSON:setUpClass): 200 GET http://10.180.1.21/compute/v2.1/servers/39c0a0d7-aaae-47a3-8683-1e3f6500bbfb 0.157s
2025-02-10 21:13:35.581 62688 INFO tempest.lib.common.rest_client [req-b894e4b4-0347-43d7-947a-014ac5fe2d6a req-b894e4b4-0347-43d7-947a-014ac5fe2d6a ] Request (ImagesOneServerNegativeTestJSON:_run_cleanups): 200 GET http://10.180.1.21/compute/v2.1/servers/74affe11-9b15-461d-b616-c9206d86236a 0.109s
2025-02-10 21:13:35.689 62710 INFO tempest.lib.common.rest_client [req-411b856f-f90f-4eb2-a988-cb9395bf68e2 req-411b856f-f90f-4eb2-a988-cb9395bf68e2 ] Request (ServerActionsV293TestJSON:setUpClass): 200 GET http://10.180.1.21/compute/v2.1/servers/0d7cebb7-37e9-4e30-8681-2fa58d89b0b5 0.154s
2025-02-10 21:13:35.737 62746 INFO tempest.lib.common.rest_client [req-1d147aa0-f864-4a41-80c3-a28f2096ef41 req-1d147aa0-f864-4a41-80c3-a28f2096ef41 ] Request (MigrationsAdminTest:test_list_migrations_in_flavor_resize_situation): 200 GET http://10.180.1.21/compute/v2.1/servers/e1f32dac-ca5e-4065-b322-0b668901b2c7 0.252s
2025-02-10 21:13:35.750 62748 INFO tempest.lib.common.rest_client [req-8f0e10b7-6de4-456f-8350-e78afe6759ac req-8f0e10b7-6de4-456f-8350-e78afe6759ac ] Request (ServerShowV254Test:tearDownClass): 200 GET http://10.180.1.21/compute/v2.1/servers/75169e1c-1cbe-4ae7-82d0-1029915850ac 0.203s
2025-02-10 21:13:35.806 62728 INFO tempest.lib.common.rest_client [req-4c23c264-479c-4523-9a9d-96776d47c808 req-4c23c264-479c-4523-9a9d-96776d47c808 ] Request (ServersAdminNegativeTestJSON:tearDownClass): 200 GET http://10.180.1.21/compute/v2.1/servers/dff0ac3a-7e94-4349-af9c-2739b6c029ba 0.203s
2025-02-10 21:13:35.857 62712 INFO tempest.lib.common.rest_client [req-d0318688-3576-49bf-809d-82985d84d3d4 req-d0318688-3576-49bf-809d-82985d84d3d4 ] Request (FloatingIPsAssociationTestJSON:setUpClass): 200 GET http://10.180.1.21/compute/v2.1/servers/09455f5a-ac87-4c1f-a6d1-0e9a0736493b 0.193s
2025-02-10 21:13:35.864 62706 INFO tempest.lib.common.rest_client [req-890a6c92-4c98-46e6-82a5-8c7201304188 req-890a6c92-4c98-46e6-82a5-8c7201304188 ] Request (ServersAdminTestJSON:test_create_server_with_scheduling_hint): 200 GET http://10.180.1.21/compute/v2.1/servers/5815dbcf-e70f-46b0-910c-ed60f8245a56 0.203s
2025-02-10 21:13:35.871 62706 INFO tempest.common.waiters [-] State transition "BUILD/block_device_mapping" ==> "BUILD/spawning" after 90 second wait
2025-02-10 21:13:35.901 62702 WARNING tempest.lib.common.ssh [-] Failed to establish authenticated ssh connection to cirros@10.180.180.247 ([Errno None] Unable to connect to port 22 on 10.180.180.247). Number attempts: 2. Retry after 3 seconds.: paramiko.ssh_exception.NoValidConnectionsError: [Errno None] Unable to connect to port 22 on 10.180.180.247
2025-02-10 21:13:35.902 62721 INFO tempest.lib.common.rest_client [req-0f0a8310-b4ac-4d39-a02b-c354c744edcd req-0f0a8310-b4ac-4d39-a02b-c354c744edcd ] Request (ServerPasswordTestJSON:setUpClass): 200 GET http://10.180.1.21/compute/v2.1/servers/baec1543-5ffb-4fd8-8ce7-0b353a826f64 0.192s
2025-02-10 21:13:35.913 62736 INFO tempest.lib.common.rest_client [req-763db54e-7869-4535-a288-daeb255f7a0c req-763db54e-7869-4535-a288-daeb255f7a0c ] Request (DeleteServersTestJSON:test_delete_active_server): 200 GET http://10.180.1.21/compute/v2.1/servers/4d8aea82-d609-499c-970e-dc0369ae0e8f 0.183s
2025-02-10 21:13:35.964 62724 INFO tempest.lib.common.rest_client [req-20c3dad5-6642-4aab-bf97-0fc5d45508fe req-20c3dad5-6642-4aab-bf97-0fc5d45508fe ] Request (SecurityGroupsTestJSON:test_server_security_groups): 200 GET http://10.180.1.21/compute/v2.1/servers/8ad6a0bd-5b35-4b39-bfbb-c714da148898 0.194s
2025-02-10 21:13:35.969 62730 INFO tempest.lib.common.rest_client [req-9c9925e3-ba6e-47ac-97e0-3f150fce46be req-9c9925e3-ba6e-47ac-97e0-3f150fce46be ] Request (ServersTestMultiNic:test_verify_multiple_nics_order): 200 GET http://10.180.1.21/compute/v2.1/servers/88397693-cf4e-4fbd-88f7-f1c29dcf9d1b 0.180s
2025-02-10 21:13:36.014 62714 INFO tempest.lib.common.rest_client [req-bd37a9ed-8196-46fe-8e13-791274983bbe req-bd37a9ed-8196-46fe-8e13-791274983bbe ] Request (ServerActionsTestJSON:setUpClass): 200 GET http://10.180.1.21/compute/v2.1/servers/8e3af67b-5850-4fff-9437-83b6c2cc0852 0.189s
2025-02-10 21:13:36.019 62708 INFO tempest.lib.common.rest_client [req-d2e35e6e-46b1-4d2a-b556-664a5bd632fe req-d2e35e6e-46b1-4d2a-b556-664a5bd632fe ] Request (ListServersNegativeTestJSON:setUpClass): 200 GET http://10.180.1.21/compute/v2.1/servers/9130a935-afbc-498f-9e27-4347e29c95d4 0.179s
2025-02-10 21:13:36.072 62732 INFO tempest.lib.common.rest_client [req-375c35b2-fcd2-4eeb-95e7-a63319c40e58 req-375c35b2-fcd2-4eeb-95e7-a63319c40e58 ] Request (ServerDiskConfigTestJSON:test_resize_server_from_auto_to_manual): 200 GET http://10.180.1.21/compute/v2.1/servers/bc030728-2a01-4be4-a15c-994c33282493 0.110s
2025-02-10 21:13:36.073 62686 INFO tempest.lib.common.rest_client [req-c66320cf-53ae-4356-b35b-a7164ad2eee2 req-c66320cf-53ae-4356-b35b-a7164ad2eee2 ] Request (ListServerFiltersTestJSON:tearDownClass): 200 GET http://10.180.1.21/compute/v2.1/servers/46e66edb-3b02-4c07-bdb2-499c76d4258a 0.186s
2025-02-10 21:13:36.120 62719 INFO tempest.lib.common.rest_client [req-c54d9b12-d84b-40bd-a567-162ab838b334 req-c54d9b12-d84b-40bd-a567-162ab838b334 ] Request (ServerActionsTestOtherA:setUpClass): 200 GET http://10.180.1.21/compute/v2.1/servers/9354bdc7-4ce8-477e-a612-328ecde7e7fa 0.123s
2025-02-10 21:13:36.127 62716 INFO tempest.lib.common.rest_client [req-33ebfb5a-87e7-4990-acfd-ae0987720c7d req-33ebfb5a-87e7-4990-acfd-ae0987720c7d ] Request (ServerShowV247Test:test_update_rebuild_list_server): 200 GET http://10.180.1.21/compute/v2.1/servers/dfebfd70-185b-453d-952f-eecea0e0c7b0 0.055s
2025-02-10 21:13:36.303 62705 INFO tempest.lib.common.rest_client [req-7d56a2d6-61db-45f0-8da9-e04f297e0376 req-7d56a2d6-61db-45f0-8da9-e04f297e0376 ] Request (ServerGroupTestJSON:_run_cleanups): 200 GET http://10.180.1.21/compute/v2.1/servers/563269aa-69f0-4ace-ade4-18fda65aeb72 0.056s
2025-02-10 21:13:36.312 62694 INFO tempest.lib.common.rest_client [req-76851994-4064-4488-95e0-cc3a856830c0 req-76851994-4064-4488-95e0-cc3a856830c0 ] Request (ServersTestBootFromVolume:setUpClass): 200 GET http://10.180.1.21/compute/v2.1/servers/519dab60-99ae-4f98-9cb5-216ea79aa4b2 0.045s
2025-02-10 21:13:36.587 62722 INFO tempest.lib.common.rest_client [req-0aea30d8-aed4-41bb-bf6e-2fc4aae298ff req-0aea30d8-aed4-41bb-bf6e-2fc4aae298ff ] Request (ImagesTestJSON:test_create_server_from_snapshot): 200 GET http://10.180.1.21/compute/v2.1/servers/49f77949-d892-470f-bc90-908d75400e34 0.059s
2025-02-10 21:13:36.594 62744 INFO tempest.lib.common.rest_client [req-dd7b679c-6132-4aed-a686-e1ff41fbe083 req-dd7b679c-6132-4aed-a686-e1ff41fbe083 ] Request (InstanceActionsV221TestJSON:test_get_list_deleted_instance_actions): 200 GET http://10.180.1.21/compute/v2.1/servers/d66af878-384b-4046-b7b4-19f5bd038f46 0.062s
2025-02-10 21:13:36.633 62698 INFO tempest.lib.common.rest_client [req-738c8f5b-81d7-4ab1-bc2b-66f077d2d34e req-738c8f5b-81d7-4ab1-bc2b-66f077d2d34e ] Request (ServerRescueTestJSON:setUpClass): 200 GET http://10.180.1.21/compute/v2.1/servers/39c0a0d7-aaae-47a3-8683-1e3f6500bbfb 0.046s
2025-02-10 21:13:36.646 62688 INFO tempest.lib.common.rest_client [req-89136d11-4cb1-4ab9-9906-9943c1da55ac req-89136d11-4cb1-4ab9-9906-9943c1da55ac ] Request (ImagesOneServerNegativeTestJSON:_run_cleanups): 200 GET http://10.180.1.21/compute/v2.1/servers/74affe11-9b15-461d-b616-c9206d86236a 0.056s
2025-02-10 21:13:36.769 62710 INFO tempest.lib.common.rest_client [req-50ce1354-7b86-4070-8817-a2de4f4fa90b req-50ce1354-7b86-4070-8817-a2de4f4fa90b ] Request (ServerActionsV293TestJSON:setUpClass): 200 GET http://10.180.1.21/compute/v2.1/servers/0d7cebb7-37e9-4e30-8681-2fa58d89b0b5 0.062s
2025-02-10 21:13:36.779 62710 INFO tempest.common.waiters [-] State transition "BUILD/None" ==> "BUILD/networking" after 90 second wait
2025-02-10 21:13:36.798 62734 WARNING tempest.lib.common.ssh [-] Failed to establish authenticated ssh connection to cirros@10.180.180.172 ([Errno None] Unable to connect to port 22 on 10.180.180.172). Number attempts: 10. Retry after 11 seconds.: paramiko.ssh_exception.NoValidConnectionsError: [Errno None] Unable to connect to port 22 on 10.180.180.172
2025-02-10 21:13:36.840 62748 INFO tempest.lib.common.rest_client [req-bde1676e-8c69-4ea2-ad25-592ef06cbadc req-bde1676e-8c69-4ea2-ad25-592ef06cbadc ] Request (ServerShowV254Test:tearDownClass): 200 GET http://10.180.1.21/compute/v2.1/servers/75169e1c-1cbe-4ae7-82d0-1029915850ac 0.079s
2025-02-10 21:13:36.918 62728 INFO tempest.lib.common.rest_client [req-2baee2e6-4250-4240-a550-18fb60648e79 req-2baee2e6-4250-4240-a550-18fb60648e79 ] Request (ServersAdminNegativeTestJSON:tearDownClass): 200 GET http://10.180.1.21/compute/v2.1/servers/dff0ac3a-7e94-4349-af9c-2739b6c029ba 0.104s
2025-02-10 21:13:36.927 62746 INFO tempest.lib.common.rest_client [req-cc877e00-8cbb-4348-bacd-10eb427abb22 req-cc877e00-8cbb-4348-bacd-10eb427abb22 ] Request (MigrationsAdminTest:test_list_migrations_in_flavor_resize_situation): 200 GET http://10.180.1.21/compute/v2.1/servers/e1f32dac-ca5e-4065-b322-0b668901b2c7 0.180s
2025-02-10 21:13:36.973 62712 INFO tempest.lib.common.rest_client [req-45af61e5-e94e-45ed-9ba8-48561c0f3d77 req-45af61e5-e94e-45ed-9ba8-48561c0f3d77 ] Request (FloatingIPsAssociationTestJSON:setUpClass): 200 GET http://10.180.1.21/compute/v2.1/servers/09455f5a-ac87-4c1f-a6d1-0e9a0736493b 0.107s
2025-02-10 21:13:37.036 62721 INFO tempest.lib.common.rest_client [req-b8212d82-7757-4e00-addb-c1972e54098d req-b8212d82-7757-4e00-addb-c1972e54098d ] Request (ServerPasswordTestJSON:setUpClass): 200 GET http://10.180.1.21/compute/v2.1/servers/baec1543-5ffb-4fd8-8ce7-0b353a826f64 0.125s
2025-02-10 21:13:37.057 62706 INFO tempest.lib.common.rest_client [req-0034fc97-a43f-4306-ae88-417c108373d8 req-0034fc97-a43f-4306-ae88-417c108373d8 ] Request (ServersAdminTestJSON:test_create_server_with_scheduling_hint): 200 GET http://10.180.1.21/compute/v2.1/servers/5815dbcf-e70f-46b0-910c-ed60f8245a56 0.185s
2025-02-10 21:13:37.085 62736 INFO tempest.lib.common.rest_client [req-094f2ce9-a022-42f2-ade2-78e7a7ce7206 req-094f2ce9-a022-42f2-ade2-78e7a7ce7206 ] Request (DeleteServersTestJSON:test_delete_active_server): 200 GET http://10.180.1.21/compute/v2.1/servers/4d8aea82-d609-499c-970e-dc0369ae0e8f 0.164s
2025-02-10 21:13:37.115 62724 INFO tempest.lib.common.rest_client [req-953e84e0-a3b0-4d18-a694-098cd050dd86 req-953e84e0-a3b0-4d18-a694-098cd050dd86 ] Request (SecurityGroupsTestJSON:test_server_security_groups): 200 GET http://10.180.1.21/compute/v2.1/servers/8ad6a0bd-5b35-4b39-bfbb-c714da148898 0.143s
2025-02-10 21:13:37.128 62730 INFO tempest.lib.common.rest_client [req-1a5d30de-2880-4e00-9fbb-963b2b976fe0 req-1a5d30de-2880-4e00-9fbb-963b2b976fe0 ] Request (ServersTestMultiNic:test_verify_multiple_nics_order): 200 GET http://10.180.1.21/compute/v2.1/servers/88397693-cf4e-4fbd-88f7-f1c29dcf9d1b 0.152s
2025-02-10 21:13:37.167 62714 INFO tempest.lib.common.rest_client [req-c33bb0b6-f93a-4fd1-8d0a-ca12c54564fa req-c33bb0b6-f93a-4fd1-8d0a-ca12c54564fa ] Request (ServerActionsTestJSON:setUpClass): 200 GET http://10.180.1.21/compute/v2.1/servers/8e3af67b-5850-4fff-9437-83b6c2cc0852 0.146s
2025-02-10 21:13:37.179 62708 INFO tempest.lib.common.rest_client [req-dd9124f6-9499-48df-b0a7-4fa1bf0c18b0 req-dd9124f6-9499-48df-b0a7-4fa1bf0c18b0 ] Request (ListServersNegativeTestJSON:setUpClass): 200 GET http://10.180.1.21/compute/v2.1/servers/9130a935-afbc-498f-9e27-4347e29c95d4 0.152s
2025-02-10 21:13:37.225 62686 INFO tempest.lib.common.rest_client [req-17e59c97-f770-482b-8971-0674b69f90a2 req-17e59c97-f770-482b-8971-0674b69f90a2 ] Request (ListServerFiltersTestJSON:tearDownClass): 200 GET http://10.180.1.21/compute/v2.1/servers/46e66edb-3b02-4c07-bdb2-499c76d4258a 0.145s
2025-02-10 21:13:37.231 62732 INFO tempest.lib.common.rest_client [req-883c7b9c-ccd8-48b7-92da-1a141a5f7845 req-883c7b9c-ccd8-48b7-92da-1a141a5f7845 ] Request (ServerDiskConfigTestJSON:test_resize_server_from_auto_to_manual): 200 GET http://10.180.1.21/compute/v2.1/servers/bc030728-2a01-4be4-a15c-994c33282493 0.150s
2025-02-10 21:13:37.278 62719 INFO tempest.lib.common.rest_client [req-b55f657c-8891-42e3-a18d-da8cf219dc91 req-b55f657c-8891-42e3-a18d-da8cf219dc91 ] Request (ServerActionsTestOtherA:setUpClass): 200 GET http://10.180.1.21/compute/v2.1/servers/9354bdc7-4ce8-477e-a612-328ecde7e7fa 0.150s
2025-02-10 21:13:37.292 62716 INFO tempest.lib.common.rest_client [req-6cc5591c-8bc3-4199-8751-eeb16890007d req-6cc5591c-8bc3-4199-8751-eeb16890007d ] Request (ServerShowV247Test:test_update_rebuild_list_server): 200 GET http://10.180.1.21/compute/v2.1/servers/dfebfd70-185b-453d-952f-eecea0e0c7b0 0.154s
2025-02-10 21:13:37.337 62740 WARNING tempest.lib.common.ssh [-] Failed to establish authenticated ssh connection to cirros@10.180.180.194 ([Errno None] Unable to connect to port 22 on 10.180.180.194). Number attempts: 4. Retry after 5 seconds.: paramiko.ssh_exception.NoValidConnectionsError: [Errno None] Unable to connect to port 22 on 10.180.180.194
2025-02-10 21:13:37.381 62694 INFO tempest.lib.common.rest_client [req-1e3a128b-0661-478c-9fc4-3f36dafa1551 req-1e3a128b-0661-478c-9fc4-3f36dafa1551 ] Request (ServersTestBootFromVolume:setUpClass): 200 GET http://10.180.1.21/compute/v2.1/servers/519dab60-99ae-4f98-9cb5-216ea79aa4b2 0.062s
2025-02-10 21:13:37.382 62705 INFO tempest.lib.common.rest_client [req-a1d30304-5d89-49fb-816c-3d96630fb8e5 req-a1d30304-5d89-49fb-816c-3d96630fb8e5 ] Request (ServerGroupTestJSON:_run_cleanups): 200 GET http://10.180.1.21/compute/v2.1/servers/563269aa-69f0-4ace-ade4-18fda65aeb72 0.071s
2025-02-10 21:13:37.629 62726 WARNING tempest.lib.common.ssh [-] Failed to establish authenticated ssh connection to cirros@10.180.180.160 ([Errno None] Unable to connect to port 22 on 10.180.180.160). Number attempts: 2. Retry after 3 seconds.: paramiko.ssh_exception.NoValidConnectionsError: [Errno None] Unable to connect to port 22 on 10.180.180.160
2025-02-10 21:13:37.643 62722 INFO tempest.lib.common.rest_client [req-5c9421a6-8e3d-4082-a94e-6b8905c07153 req-5c9421a6-8e3d-4082-a94e-6b8905c07153 ] Request (ImagesTestJSON:test_create_server_from_snapshot): 200 GET http://10.180.1.21/compute/v2.1/servers/49f77949-d892-470f-bc90-908d75400e34 0.049s
2025-02-10 21:13:37.679 62744 INFO tempest.lib.common.rest_client [req-23e77bf5-3c33-490f-900e-3f7a83b69074 req-23e77bf5-3c33-490f-900e-3f7a83b69074 ] Request (InstanceActionsV221TestJSON:test_get_list_deleted_instance_actions): 200 GET http://10.180.1.21/compute/v2.1/servers/d66af878-384b-4046-b7b4-19f5bd038f46 0.077s
2025-02-10 21:13:37.688 62698 INFO tempest.lib.common.rest_client [req-dbe0f976-0b77-4898-864b-03fd4ff304d2 req-dbe0f976-0b77-4898-864b-03fd4ff304d2 ] Request (ServerRescueTestJSON:setUpClass): 200 GET http://10.180.1.21/compute/v2.1/servers/39c0a0d7-aaae-47a3-8683-1e3f6500bbfb 0.047s
2025-02-10 21:13:37.727 62688 INFO tempest.lib.common.rest_client [req-9d5121ab-d7b4-4446-9970-363c64a4449a req-9d5121ab-d7b4-4446-9970-363c64a4449a ] Request (ImagesOneServerNegativeTestJSON:_run_cleanups): 200 GET http://10.180.1.21/compute/v2.1/servers/74affe11-9b15-461d-b616-c9206d86236a 0.072s
2025-02-10 21:13:37.915 62748 INFO tempest.lib.common.rest_client [req-51c0ada4-6361-43b2-9b92-517e0fb65465 req-51c0ada4-6361-43b2-9b92-517e0fb65465 ] Request (ServerShowV254Test:tearDownClass): 200 GET http://10.180.1.21/compute/v2.1/servers/75169e1c-1cbe-4ae7-82d0-1029915850ac 0.062s
2025-02-10 21:13:37.924 62710 INFO tempest.lib.common.rest_client [req-d76521fb-cdd1-4a4f-822f-ae41c277cc9e req-d76521fb-cdd1-4a4f-822f-ae41c277cc9e ] Request (ServerActionsV293TestJSON:setUpClass): 200 GET http://10.180.1.21/compute/v2.1/servers/0d7cebb7-37e9-4e30-8681-2fa58d89b0b5 0.144s
2025-02-10 21:13:37.934 62710 INFO tempest.common.waiters [-] State transition "BUILD/networking" ==> "BUILD/block_device_mapping" after 91 second wait
2025-02-10 21:13:38.003 62728 INFO tempest.lib.common.rest_client [req-0d55762d-4015-4d5f-b22d-bbfaa0790700 req-0d55762d-4015-4d5f-b22d-bbfaa0790700 ] Request (ServersAdminNegativeTestJSON:tearDownClass): 200 GET http://10.180.1.21/compute/v2.1/servers/dff0ac3a-7e94-4349-af9c-2739b6c029ba 0.071s
2025-02-10 21:13:38.045 62746 INFO tempest.lib.common.rest_client [req-51d0ffa2-13b4-4aa6-8617-2ce14a216bde req-51d0ffa2-13b4-4aa6-8617-2ce14a216bde ] Request (MigrationsAdminTest:test_list_migrations_in_flavor_resize_situation): 200 GET http://10.180.1.21/compute/v2.1/servers/e1f32dac-ca5e-4065-b322-0b668901b2c7 0.106s
2025-02-10 21:13:38.050 62712 INFO tempest.lib.common.rest_client [req-f2025f9f-627c-4d35-a8be-dbcd5c3c585c req-f2025f9f-627c-4d35-a8be-dbcd5c3c585c ] Request (FloatingIPsAssociationTestJSON:setUpClass): 200 GET http://10.180.1.21/compute/v2.1/servers/09455f5a-ac87-4c1f-a6d1-0e9a0736493b 0.062s
2025-02-10 21:13:38.092 62721 INFO tempest.lib.common.rest_client [req-d680f506-b1fa-43ab-8136-570835b823ef req-d680f506-b1fa-43ab-8136-570835b823ef ] Request (ServerPasswordTestJSON:setUpClass): 200 GET http://10.180.1.21/compute/v2.1/servers/baec1543-5ffb-4fd8-8ce7-0b353a826f64 0.046s
2025-02-10 21:13:38.161 62736 INFO tempest.lib.common.rest_client [req-9652de93-b2a4-4913-a763-e211a4f98f48 req-9652de93-b2a4-4913-a763-e211a4f98f48 ] Request (DeleteServersTestJSON:test_delete_active_server): 200 GET http://10.180.1.21/compute/v2.1/servers/4d8aea82-d609-499c-970e-dc0369ae0e8f 0.067s
2025-02-10 21:13:38.203 62706 INFO tempest.lib.common.rest_client [req-3a25f3ca-c431-437a-920c-5a45aec46796 req-3a25f3ca-c431-437a-920c-5a45aec46796 ] Request (ServersAdminTestJSON:test_create_server_with_scheduling_hint): 200 GET http://10.180.1.21/compute/v2.1/servers/5815dbcf-e70f-46b0-910c-ed60f8245a56 0.138s
2025-02-10 21:13:38.231 62724 INFO tempest.lib.common.rest_client [req-381ec861-c269-4649-9ca4-63f7156453ae req-381ec861-c269-4649-9ca4-63f7156453ae ] Request (SecurityGroupsTestJSON:test_server_security_groups): 200 GET http://10.180.1.21/compute/v2.1/servers/8ad6a0bd-5b35-4b39-bfbb-c714da148898 0.108s
2025-02-10 21:13:38.286 62730 INFO tempest.lib.common.rest_client [req-22e8e646-8da5-401d-9b7c-ff8eb69b3ebe req-22e8e646-8da5-401d-9b7c-ff8eb69b3ebe ] Request (ServersTestMultiNic:test_verify_multiple_nics_order): 200 GET http://10.180.1.21/compute/v2.1/servers/88397693-cf4e-4fbd-88f7-f1c29dcf9d1b 0.150s
2025-02-10 21:13:38.306 62714 INFO tempest.lib.common.rest_client [req-57c60802-5982-4070-905b-189fbd337db4 req-57c60802-5982-4070-905b-189fbd337db4 ] Request (ServerActionsTestJSON:setUpClass): 200 GET http://10.180.1.21/compute/v2.1/servers/8e3af67b-5850-4fff-9437-83b6c2cc0852 0.129s
2025-02-10 21:13:38.345 62708 INFO tempest.lib.common.rest_client [req-da502d40-a5d1-42a6-9b6e-94887d6b9a35 req-da502d40-a5d1-42a6-9b6e-94887d6b9a35 ] Request (ListServersNegativeTestJSON:setUpClass): 200 GET http://10.180.1.21/compute/v2.1/servers/9130a935-afbc-498f-9e27-4347e29c95d4 0.157s
2025-02-10 21:13:38.375 62686 INFO tempest.lib.common.rest_client [req-f4be9378-0228-4e64-a1eb-d2f18ef6d4e7 req-f4be9378-0228-4e64-a1eb-d2f18ef6d4e7 ] Request (ListServerFiltersTestJSON:tearDownClass): 200 GET http://10.180.1.21/compute/v2.1/servers/46e66edb-3b02-4c07-bdb2-499c76d4258a 0.142s
2025-02-10 21:13:38.424 62732 INFO tempest.lib.common.rest_client [req-f1ed22d8-67a3-4999-8128-ee94f7b628b6 req-f1ed22d8-67a3-4999-8128-ee94f7b628b6 ] Request (ServerDiskConfigTestJSON:test_resize_server_from_auto_to_manual): 200 GET http://10.180.1.21/compute/v2.1/servers/bc030728-2a01-4be4-a15c-994c33282493 0.180s
2025-02-10 21:13:38.430 62719 INFO tempest.lib.common.rest_client [req-b0551089-6f2d-432a-99f2-92ea40076f0c req-b0551089-6f2d-432a-99f2-92ea40076f0c ] Request (ServerActionsTestOtherA:setUpClass): 200 GET http://10.180.1.21/compute/v2.1/servers/9354bdc7-4ce8-477e-a612-328ecde7e7fa 0.144s
2025-02-10 21:13:38.483 62716 INFO tempest.lib.common.rest_client [req-49b13b70-5edd-468b-81f7-18050c7cb467 req-49b13b70-5edd-468b-81f7-18050c7cb467 ] Request (ServerShowV247Test:test_update_rebuild_list_server): 200 GET http://10.180.1.21/compute/v2.1/servers/dfebfd70-185b-453d-952f-eecea0e0c7b0 0.182s
2025-02-10 21:13:38.493 62694 INFO tempest.lib.common.rest_client [req-e60b424b-212c-4178-ad73-177a3b3ef9ae req-e60b424b-212c-4178-ad73-177a3b3ef9ae ] Request (ServersTestBootFromVolume:setUpClass): 200 GET http://10.180.1.21/compute/v2.1/servers/519dab60-99ae-4f98-9cb5-216ea79aa4b2 0.104s
2025-02-10 21:13:38.536 62705 INFO tempest.lib.common.rest_client [req-8627f8c1-d1dc-4329-b43a-88b6d37e3a22 req-8627f8c1-d1dc-4329-b43a-88b6d37e3a22 ] Request (ServerGroupTestJSON:_run_cleanups): 200 GET http://10.180.1.21/compute/v2.1/servers/563269aa-69f0-4ace-ade4-18fda65aeb72 0.145s
2025-02-10 21:13:38.707 62722 INFO tempest.lib.common.rest_client [req-3593ad70-4606-48e0-9e21-b49a3267ba16 req-3593ad70-4606-48e0-9e21-b49a3267ba16 ] Request (ImagesTestJSON:test_create_server_from_snapshot): 200 GET http://10.180.1.21/compute/v2.1/servers/49f77949-d892-470f-bc90-908d75400e34 0.056s
2025-02-10 21:13:38.758 62744 INFO tempest.lib.common.rest_client [req-fa5654da-99d5-4d86-9f21-df1ab03c9a45 req-fa5654da-99d5-4d86-9f21-df1ab03c9a45 ] Request (InstanceActionsV221TestJSON:test_get_list_deleted_instance_actions): 200 GET http://10.180.1.21/compute/v2.1/servers/d66af878-384b-4046-b7b4-19f5bd038f46 0.069s
2025-02-10 21:13:38.763 62698 INFO tempest.lib.common.rest_client [req-f7bc3800-26cb-40a2-ad34-5b96d71d97f3 req-f7bc3800-26cb-40a2-ad34-5b96d71d97f3 ] Request (ServerRescueTestJSON:setUpClass): 200 GET http://10.180.1.21/compute/v2.1/servers/39c0a0d7-aaae-47a3-8683-1e3f6500bbfb 0.067s
2025-02-10 21:13:38.803 62688 INFO tempest.lib.common.rest_client [req-2eb69d59-d3b1-4892-8a6f-f571506856c9 req-2eb69d59-d3b1-4892-8a6f-f571506856c9 ] Request (ImagesOneServerNegativeTestJSON:_run_cleanups): 200 GET http://10.180.1.21/compute/v2.1/servers/74affe11-9b15-461d-b616-c9206d86236a 0.069s
2025-02-10 21:13:38.989 62748 INFO tempest.lib.common.rest_client [req-8763acfa-59b6-48e7-8efa-6080284f5107 req-8763acfa-59b6-48e7-8efa-6080284f5107 ] Request (ServerShowV254Test:tearDownClass): 200 GET http://10.180.1.21/compute/v2.1/servers/75169e1c-1cbe-4ae7-82d0-1029915850ac 0.064s
2025-02-10 21:13:39.039 62710 INFO tempest.lib.common.rest_client [req-3c198e80-f07e-4733-afe8-4cc5b7b489a9 req-3c198e80-f07e-4733-afe8-4cc5b7b489a9 ] Request (ServerActionsV293TestJSON:setUpClass): 200 GET http://10.180.1.21/compute/v2.1/servers/0d7cebb7-37e9-4e30-8681-2fa58d89b0b5 0.105s
2025-02-10 21:13:39.065 62728 INFO tempest.lib.common.rest_client [req-be821596-128c-42f0-b603-c80d476601ba req-be821596-128c-42f0-b603-c80d476601ba ] Request (ServersAdminNegativeTestJSON:tearDownClass): 200 GET http://10.180.1.21/compute/v2.1/servers/dff0ac3a-7e94-4349-af9c-2739b6c029ba 0.054s
2025-02-10 21:13:39.113 62712 INFO tempest.lib.common.rest_client [req-ee1337d4-79c0-49ad-8dad-415af0e03a69 req-ee1337d4-79c0-49ad-8dad-415af0e03a69 ] Request (FloatingIPsAssociationTestJSON:setUpClass): 200 GET http://10.180.1.21/compute/v2.1/servers/09455f5a-ac87-4c1f-a6d1-0e9a0736493b 0.055s
2025-02-10 21:13:39.154 62746 INFO tempest.lib.common.rest_client [req-fc7a5e17-bcfa-4599-9f4b-065ae0ebaad2 req-fc7a5e17-bcfa-4599-9f4b-065ae0ebaad2 ] Request (MigrationsAdminTest:test_list_migrations_in_flavor_resize_situation): 200 GET http://10.180.1.21/compute/v2.1/servers/e1f32dac-ca5e-4065-b322-0b668901b2c7 0.101s
2025-02-10 21:13:39.159 62721 INFO tempest.lib.common.rest_client [req-21f0bc56-0e12-4a19-b08b-74fa12dc94c7 req-21f0bc56-0e12-4a19-b08b-74fa12dc94c7 ] Request (ServerPasswordTestJSON:setUpClass): 200 GET http://10.180.1.21/compute/v2.1/servers/baec1543-5ffb-4fd8-8ce7-0b353a826f64 0.058s
2025-02-10 21:13:39.161 62746 INFO tempest.common.waiters [-] State transition "VERIFY_RESIZE/None" ==> "ACTIVE/None" after 48 second wait
2025-02-10 21:13:39.223 62736 INFO tempest.lib.common.rest_client [req-7f3962bc-7167-441c-91df-c6e4daec14de req-7f3962bc-7167-441c-91df-c6e4daec14de ] Request (DeleteServersTestJSON:test_delete_active_server): 200 GET http://10.180.1.21/compute/v2.1/servers/4d8aea82-d609-499c-970e-dc0369ae0e8f 0.054s
2025-02-10 21:13:39.277 62746 INFO tempest.lib.common.rest_client [req-709e9ef4-c0d5-4bfa-b7a5-d87035daadbe req-709e9ef4-c0d5-4bfa-b7a5-d87035daadbe ] Request (MigrationsAdminTest:test_list_migrations_in_flavor_resize_situation): 200 GET http://10.180.1.21/compute/v2.1/servers/e1f32dac-ca5e-4065-b322-0b668901b2c7 0.116s
2025-02-10 21:13:39.330 62724 INFO tempest.lib.common.rest_client [req-4593e067-39c3-4a1f-9506-2a9e46744e5d req-4593e067-39c3-4a1f-9506-2a9e46744e5d ] Request (SecurityGroupsTestJSON:test_server_security_groups): 200 GET http://10.180.1.21/compute/v2.1/servers/8ad6a0bd-5b35-4b39-bfbb-c714da148898 0.089s
2025-02-10 21:13:39.363 62746 INFO tempest.lib.common.rest_client [req-c95d5a7a-576b-4b44-b5ab-7da4a1048040 req-c95d5a7a-576b-4b44-b5ab-7da4a1048040 ] Request (MigrationsAdminTest:test_list_migrations_in_flavor_resize_situation): 200 POST http://10.180.1.21/compute/v2.1/os-keypairs 0.077s
2025-02-10 21:13:39.363 62706 INFO tempest.lib.common.rest_client [req-7ce726e1-8459-49e4-bbaf-c6d5d401dabd req-7ce726e1-8459-49e4-bbaf-c6d5d401dabd ] Request (ServersAdminTestJSON:test_create_server_with_scheduling_hint): 200 GET http://10.180.1.21/compute/v2.1/servers/5815dbcf-e70f-46b0-910c-ed60f8245a56 0.146s
2025-02-10 21:13:39.419 62730 INFO tempest.lib.common.rest_client [req-0bbed65f-b7d0-45e6-9365-2b633b14052d req-0bbed65f-b7d0-45e6-9365-2b633b14052d ] Request (ServersTestMultiNic:test_verify_multiple_nics_order): 200 GET http://10.180.1.21/compute/v2.1/servers/88397693-cf4e-4fbd-88f7-f1c29dcf9d1b 0.124s
2025-02-10 21:13:39.421 62714 INFO tempest.lib.common.rest_client [req-559a0bb6-1acf-4416-a9dd-c1d0b32eab69 req-559a0bb6-1acf-4416-a9dd-c1d0b32eab69 ] Request (ServerActionsTestJSON:setUpClass): 200 GET http://10.180.1.21/compute/v2.1/servers/8e3af67b-5850-4fff-9437-83b6c2cc0852 0.105s
2025-02-10 21:13:39.464 62746 INFO tempest.lib.common.rest_client [req-9d8bd93e-bf37-40b9-a153-2353befb359b req-9d8bd93e-bf37-40b9-a153-2353befb359b ] Request (MigrationsAdminTest:test_list_migrations_in_flavor_resize_situation): 201 POST http://10.180.1.21:9696/networking/v2.0/security-groups 0.100s
2025-02-10 21:13:39.467 62708 INFO tempest.lib.common.rest_client [req-a1818482-9588-48a3-81b2-1b2f1ff0a7ef req-a1818482-9588-48a3-81b2-1b2f1ff0a7ef ] Request (ListServersNegativeTestJSON:setUpClass): 200 GET http://10.180.1.21/compute/v2.1/servers/9130a935-afbc-498f-9e27-4347e29c95d4 0.114s
2025-02-10 21:13:39.478 62686 INFO tempest.lib.common.rest_client [req-7b4038e0-68e3-41ff-88b6-728dc9802676 req-7b4038e0-68e3-41ff-88b6-728dc9802676 ] Request (ListServerFiltersTestJSON:tearDownClass): 200 GET http://10.180.1.21/compute/v2.1/servers/46e66edb-3b02-4c07-bdb2-499c76d4258a 0.092s
2025-02-10 21:13:39.529 62732 INFO tempest.lib.common.rest_client [req-626c61ee-8735-455e-9382-3e24016fb5fd req-626c61ee-8735-455e-9382-3e24016fb5fd ] Request (ServerDiskConfigTestJSON:test_resize_server_from_auto_to_manual): 200 GET http://10.180.1.21/compute/v2.1/servers/bc030728-2a01-4be4-a15c-994c33282493 0.091s
2025-02-10 21:13:39.534 62719 INFO tempest.lib.common.rest_client [req-15434be6-0158-4f40-b0e4-4358564bd192 req-15434be6-0158-4f40-b0e4-4358564bd192 ] Request (ServerActionsTestOtherA:setUpClass): 200 GET http://10.180.1.21/compute/v2.1/servers/9354bdc7-4ce8-477e-a612-328ecde7e7fa 0.093s
2025-02-10 21:13:39.543 62746 INFO tempest.lib.common.rest_client [req-00e505d9-10ff-4efe-aff2-17352ec604f9 req-00e505d9-10ff-4efe-aff2-17352ec604f9 ] Request (MigrationsAdminTest:test_list_migrations_in_flavor_resize_situation): 201 POST http://10.180.1.21:9696/networking/v2.0/security-group-rules 0.078s
2025-02-10 21:13:39.589 62716 INFO tempest.lib.common.rest_client [req-b374c90f-6cba-4384-a255-8490d10c24e4 req-b374c90f-6cba-4384-a255-8490d10c24e4 ] Request (ServerShowV247Test:test_update_rebuild_list_server): 200 GET http://10.180.1.21/compute/v2.1/servers/dfebfd70-185b-453d-952f-eecea0e0c7b0 0.097s
2025-02-10 21:13:39.594 62694 INFO tempest.lib.common.rest_client [req-dfd02656-2016-4f74-b4dc-7a2128fb11b5 req-dfd02656-2016-4f74-b4dc-7a2128fb11b5 ] Request (ServersTestBootFromVolume:setUpClass): 200 GET http://10.180.1.21/compute/v2.1/servers/519dab60-99ae-4f98-9cb5-216ea79aa4b2 0.092s
2025-02-10 21:13:39.618 62746 INFO tempest.lib.common.rest_client [req-9a34cd34-f5dd-463f-b65f-bed0bf676904 req-9a34cd34-f5dd-463f-b65f-bed0bf676904 ] Request (MigrationsAdminTest:test_list_migrations_in_flavor_resize_situation): 201 POST http://10.180.1.21:9696/networking/v2.0/security-group-rules 0.074s
2025-02-10 21:13:39.639 62705 INFO tempest.lib.common.rest_client [req-cc612f63-799c-4dfd-947d-785fff066fce req-cc612f63-799c-4dfd-947d-785fff066fce ] Request (ServerGroupTestJSON:_run_cleanups): 200 GET http://10.180.1.21/compute/v2.1/servers/563269aa-69f0-4ace-ade4-18fda65aeb72 0.095s
2025-02-10 21:13:39.767 62722 INFO tempest.lib.common.rest_client [req-0de65766-d2c7-4c8f-ba34-c9158ab68d4c req-0de65766-d2c7-4c8f-ba34-c9158ab68d4c ] Request (ImagesTestJSON:test_create_server_from_snapshot): 200 GET http://10.180.1.21/compute/v2.1/servers/49f77949-d892-470f-bc90-908d75400e34 0.052s
2025-02-10 21:13:39.829 62698 INFO tempest.lib.common.rest_client [req-3a7b8571-f6a3-4f00-b1e2-ab7f571285ce req-3a7b8571-f6a3-4f00-b1e2-ab7f571285ce ] Request (ServerRescueTestJSON:setUpClass): 200 GET http://10.180.1.21/compute/v2.1/servers/39c0a0d7-aaae-47a3-8683-1e3f6500bbfb 0.059s
2025-02-10 21:13:39.848 62744 INFO tempest.lib.common.rest_client [req-5f5e9e00-19b6-4548-96ac-949343d6d728 req-5f5e9e00-19b6-4548-96ac-949343d6d728 ] Request (InstanceActionsV221TestJSON:test_get_list_deleted_instance_actions): 200 GET http://10.180.1.21/compute/v2.1/servers/d66af878-384b-4046-b7b4-19f5bd038f46 0.081s
2025-02-10 21:13:39.885 62688 INFO tempest.lib.common.rest_client [req-532b9bba-4400-4007-a255-8ca91d8f12ec req-532b9bba-4400-4007-a255-8ca91d8f12ec ] Request (ImagesOneServerNegativeTestJSON:_run_cleanups): 200 GET http://10.180.1.21/compute/v2.1/servers/74affe11-9b15-461d-b616-c9206d86236a 0.070s
2025-02-10 21:13:40.085 62748 INFO tempest.lib.common.rest_client [req-da1ebe5e-619a-459b-a10a-4a9fcb072e00 req-da1ebe5e-619a-459b-a10a-4a9fcb072e00 ] Request (ServerShowV254Test:tearDownClass): 200 GET http://10.180.1.21/compute/v2.1/servers/75169e1c-1cbe-4ae7-82d0-1029915850ac 0.086s
2025-02-10 21:13:40.136 62746 INFO tempest.lib.common.rest_client [req-f451019b-c11f-445b-8320-e2bb56d59d9e req-f451019b-c11f-445b-8320-e2bb56d59d9e ] Request (MigrationsAdminTest:test_list_migrations_in_flavor_resize_situation): 201 POST http://10.180.1.21:9696/networking/v2.0/floatingips 0.517s
2025-02-10 21:13:40.157 62728 INFO tempest.lib.common.rest_client [req-f71edd76-1ff4-4199-aefb-358c1e13fc0c req-f71edd76-1ff4-4199-aefb-358c1e13fc0c ] Request (ServersAdminNegativeTestJSON:tearDownClass): 200 GET http://10.180.1.21/compute/v2.1/servers/dff0ac3a-7e94-4349-af9c-2739b6c029ba 0.085s
2025-02-10 21:13:40.191 62710 INFO tempest.lib.common.rest_client [req-afb90c4f-314b-4b82-a772-35172da0a045 req-afb90c4f-314b-4b82-a772-35172da0a045 ] Request (ServerActionsV293TestJSON:setUpClass): 200 GET http://10.180.1.21/compute/v2.1/servers/0d7cebb7-37e9-4e30-8681-2fa58d89b0b5 0.141s
2025-02-10 21:13:40.203 62710 INFO tempest.common.waiters [-] State transition "BUILD/block_device_mapping" ==> "BUILD/spawning" after 94 second wait
2025-02-10 21:13:40.204 62746 INFO tempest.lib.common.rest_client [req-9aeb361d-330d-4ec6-b5cc-28ab5b06775d req-9aeb361d-330d-4ec6-b5cc-28ab5b06775d ] Request (MigrationsAdminTest:test_list_migrations_in_flavor_resize_situation): 200 GET http://10.180.1.21/compute/v2.1/os-migrations 0.067s
2025-02-10 21:13:40.208 62712 INFO tempest.lib.common.rest_client [req-28b80a05-b5ce-43d1-8d25-7c29432fa49a req-28b80a05-b5ce-43d1-8d25-7c29432fa49a ] Request (FloatingIPsAssociationTestJSON:setUpClass): 200 GET http://10.180.1.21/compute/v2.1/servers/09455f5a-ac87-4c1f-a6d1-0e9a0736493b 0.087s
2025-02-10 21:13:40.226 62746 INFO tempest.lib.common.rest_client [req-8e4feaa7-c59f-4de9-8736-9d8d0ce8e62e req-8e4feaa7-c59f-4de9-8736-9d8d0ce8e62e ] Request (MigrationsAdminTest:test_resize_server_revert_deleted_flavor): 200 GET http://10.180.1.21/compute/v2.1/flavors/42 0.017s
2025-02-10 21:13:40.248 62746 INFO tempest.lib.common.rest_client [req-ab09560d-64f7-4b92-9e71-728ec91a5e30 req-ab09560d-64f7-4b92-9e71-728ec91a5e30 ] Request (MigrationsAdminTest:test_resize_server_revert_deleted_flavor): 200 POST http://10.180.1.21/compute/v2.1/flavors 0.020s
2025-02-10 21:13:40.263 62721 INFO tempest.lib.common.rest_client [req-275602d7-c258-4654-88f6-2acfe6b4da64 req-275602d7-c258-4654-88f6-2acfe6b4da64 ] Request (ServerPasswordTestJSON:setUpClass): 200 GET http://10.180.1.21/compute/v2.1/servers/baec1543-5ffb-4fd8-8ce7-0b353a826f64 0.096s
2025-02-10 21:13:40.276 62746 INFO tempest.lib.common.rest_client [req-472e6ced-c3bf-4d5b-aab3-e34a1d381b1f req-472e6ced-c3bf-4d5b-aab3-e34a1d381b1f ] Request (MigrationsAdminTest:test_resize_server_revert_deleted_flavor): 200 GET http://10.180.1.21/compute/v2.1/flavors/42/os-extra_specs 0.026s
2025-02-10 21:13:40.300 62746 INFO tempest.lib.common.rest_client [req-1f7aba5d-10a8-4f31-90c2-5e150512924b req-1f7aba5d-10a8-4f31-90c2-5e150512924b ] Request (MigrationsAdminTest:test_resize_server_revert_deleted_flavor): 200 POST http://10.180.1.21/compute/v2.1/flavors/b9263297-9203-4ff9-896c-621dbd8c79da/os-extra_specs 0.022s
2025-02-10 21:13:40.312 62736 INFO tempest.lib.common.rest_client [req-b6fcad11-5053-4a76-95da-42cf287a3247 req-b6fcad11-5053-4a76-95da-42cf287a3247 ] Request (DeleteServersTestJSON:test_delete_active_server): 200 GET http://10.180.1.21/compute/v2.1/servers/4d8aea82-d609-499c-970e-dc0369ae0e8f 0.082s
2025-02-10 21:13:40.355 62746 INFO tempest.lib.common.rest_client [req-473c2344-2c4d-47a8-8706-049893c673f1 req-473c2344-2c4d-47a8-8706-049893c673f1 ] Request (MigrationsAdminTest:test_resize_server_revert_deleted_flavor): 201 POST http://10.180.1.21/identity/v3/auth/tokens 0.052s
2025-02-10 21:13:40.356 62746 INFO tempest.lib.common.fixed_network [-] (MigrationsAdminTest:test_resize_server_revert_deleted_flavor) Found network None available for tenant
2025-02-10 21:13:40.366 62702 WARNING tempest.lib.common.ssh [-] Failed to establish authenticated ssh connection to cirros@10.180.180.247 ([Errno None] Unable to connect to port 22 on 10.180.180.247). Number attempts: 3. Retry after 4 seconds.: paramiko.ssh_exception.NoValidConnectionsError: [Errno None] Unable to connect to port 22 on 10.180.180.247
2025-02-10 21:13:40.395 62724 INFO tempest.lib.common.rest_client [req-0b062476-3a0b-4e61-8290-e75d780c7e05 req-0b062476-3a0b-4e61-8290-e75d780c7e05 ] Request (SecurityGroupsTestJSON:test_server_security_groups): 200 GET http://10.180.1.21/compute/v2.1/servers/8ad6a0bd-5b35-4b39-bfbb-c714da148898 0.058s
2025-02-10 21:13:40.514 62706 INFO tempest.lib.common.rest_client [req-09112671-c6ab-4776-8ae2-87eee9f36d03 req-09112671-c6ab-4776-8ae2-87eee9f36d03 ] Request (ServersAdminTestJSON:test_create_server_with_scheduling_hint): 200 GET http://10.180.1.21/compute/v2.1/servers/5815dbcf-e70f-46b0-910c-ed60f8245a56 0.142s
2025-02-10 21:13:40.562 62730 INFO tempest.lib.common.rest_client [req-a6052ad0-38e6-4b37-9a62-f576d2847e6f req-a6052ad0-38e6-4b37-9a62-f576d2847e6f ] Request (ServersTestMultiNic:test_verify_multiple_nics_order): 200 GET http://10.180.1.21/compute/v2.1/servers/88397693-cf4e-4fbd-88f7-f1c29dcf9d1b 0.134s
2025-02-10 21:13:40.608 62714 INFO tempest.lib.common.rest_client [req-4d364893-c52e-40fc-88d5-a6b681989954 req-4d364893-c52e-40fc-88d5-a6b681989954 ] Request (ServerActionsTestJSON:setUpClass): 200 GET http://10.180.1.21/compute/v2.1/servers/8e3af67b-5850-4fff-9437-83b6c2cc0852 0.177s
2025-02-10 21:13:40.629 62746 INFO tempest.lib.common.rest_client [req-b26528fe-3ffe-4bbc-b9fe-399a75d9cf81 req-b26528fe-3ffe-4bbc-b9fe-399a75d9cf81 ] Request (MigrationsAdminTest:test_resize_server_revert_deleted_flavor): 202 POST http://10.180.1.21/compute/v2.1/servers 0.273s
2025-02-10 21:13:40.660 62708 INFO tempest.lib.common.rest_client [req-0af39dee-110d-47cb-a071-801a2396c033 req-0af39dee-110d-47cb-a071-801a2396c033 ] Request (ListServersNegativeTestJSON:setUpClass): 200 GET http://10.180.1.21/compute/v2.1/servers/9130a935-afbc-498f-9e27-4347e29c95d4 0.184s
2025-02-10 21:13:40.683 62686 INFO tempest.lib.common.rest_client [req-386d1afd-fb48-415f-9824-9ddbc3d5ea6c req-386d1afd-fb48-415f-9824-9ddbc3d5ea6c ] Request (ListServerFiltersTestJSON:tearDownClass): 200 GET http://10.180.1.21/compute/v2.1/servers/46e66edb-3b02-4c07-bdb2-499c76d4258a 0.197s
2025-02-10 21:13:40.711 62732 INFO tempest.lib.common.rest_client [req-7404e7af-cd25-4908-a2cb-64da7339e0cd req-7404e7af-cd25-4908-a2cb-64da7339e0cd ] Request (ServerDiskConfigTestJSON:test_resize_server_from_auto_to_manual): 200 GET http://10.180.1.21/compute/v2.1/servers/bc030728-2a01-4be4-a15c-994c33282493 0.170s
2025-02-10 21:13:40.735 62719 INFO tempest.lib.common.rest_client [req-07118947-b525-4800-ba67-1e4ba62f37a4 req-07118947-b525-4800-ba67-1e4ba62f37a4 ] Request (ServerActionsTestOtherA:setUpClass): 200 GET http://10.180.1.21/compute/v2.1/servers/9354bdc7-4ce8-477e-a612-328ecde7e7fa 0.191s
2025-02-10 21:13:40.786 62694 INFO tempest.lib.common.rest_client [req-0be7599a-edaf-4d3a-99d4-dac4f316b3c1 req-0be7599a-edaf-4d3a-99d4-dac4f316b3c1 ] Request (ServersTestBootFromVolume:setUpClass): 200 GET http://10.180.1.21/compute/v2.1/servers/519dab60-99ae-4f98-9cb5-216ea79aa4b2 0.182s
2025-02-10 21:13:40.793 62716 INFO tempest.lib.common.rest_client [req-0e0d91d9-0880-47dd-8cfc-9c1bcba391ff req-0e0d91d9-0880-47dd-8cfc-9c1bcba391ff ] Request (ServerShowV247Test:test_update_rebuild_list_server): 200 GET http://10.180.1.21/compute/v2.1/servers/dfebfd70-185b-453d-952f-eecea0e0c7b0 0.193s
2025-02-10 21:13:40.819 62746 INFO tempest.lib.common.rest_client [req-7f7cea36-aa45-4bc9-9905-b69e7b2d9464 req-7f7cea36-aa45-4bc9-9905-b69e7b2d9464 ] Request (MigrationsAdminTest:test_resize_server_revert_deleted_flavor): 200 GET http://10.180.1.21/compute/v2.1/servers/ca6ca5fe-040d-46ea-b893-412a9d300ab4 0.188s
2025-02-10 21:13:40.841 62705 INFO tempest.lib.common.rest_client [req-27e7689c-1720-46c9-837a-e8a7f4c95d16 req-27e7689c-1720-46c9-837a-e8a7f4c95d16 ] Request (ServerGroupTestJSON:_run_cleanups): 200 GET http://10.180.1.21/compute/v2.1/servers/563269aa-69f0-4ace-ade4-18fda65aeb72 0.194s
2025-02-10 21:13:40.866 62722 INFO tempest.lib.common.rest_client [req-b18ced2a-d40a-4ff7-8908-0998feca330b req-b18ced2a-d40a-4ff7-8908-0998feca330b ] Request (ImagesTestJSON:test_create_server_from_snapshot): 200 GET http://10.180.1.21/compute/v2.1/servers/49f77949-d892-470f-bc90-908d75400e34 0.092s
2025-02-10 21:13:40.885 62698 INFO tempest.lib.common.rest_client [req-f24ee809-f4cf-4069-ba67-7e9c7bbf9a22 req-f24ee809-f4cf-4069-ba67-7e9c7bbf9a22 ] Request (ServerRescueTestJSON:setUpClass): 200 GET http://10.180.1.21/compute/v2.1/servers/39c0a0d7-aaae-47a3-8683-1e3f6500bbfb 0.048s
2025-02-10 21:13:40.920 62744 INFO tempest.lib.common.rest_client [req-967e2f43-94d5-46a7-9a00-cec6c613ed63 req-967e2f43-94d5-46a7-9a00-cec6c613ed63 ] Request (InstanceActionsV221TestJSON:test_get_list_deleted_instance_actions): 200 GET http://10.180.1.21/compute/v2.1/servers/d66af878-384b-4046-b7b4-19f5bd038f46 0.058s
2025-02-10 21:13:40.949 62688 INFO tempest.lib.common.rest_client [req-f08a7bb8-cca1-4ff7-9b8e-5854605b110a req-f08a7bb8-cca1-4ff7-9b8e-5854605b110a ] Request (ImagesOneServerNegativeTestJSON:_run_cleanups): 200 GET http://10.180.1.21/compute/v2.1/servers/74affe11-9b15-461d-b616-c9206d86236a 0.049s
2025-02-10 21:13:41.155 62748 INFO tempest.lib.common.rest_client [req-89f4d68c-45b3-489d-ab3c-7663090e7970 req-89f4d68c-45b3-489d-ab3c-7663090e7970 ] Request (ServerShowV254Test:tearDownClass): 200 GET http://10.180.1.21/compute/v2.1/servers/75169e1c-1cbe-4ae7-82d0-1029915850ac 0.056s
2025-02-10 21:13:41.229 62728 INFO tempest.lib.common.rest_client [req-1a4f9e01-fbfe-4c7b-b501-dfcff8cc1f63 req-1a4f9e01-fbfe-4c7b-b501-dfcff8cc1f63 ] Request (ServersAdminNegativeTestJSON:tearDownClass): 200 GET http://10.180.1.21/compute/v2.1/servers/dff0ac3a-7e94-4349-af9c-2739b6c029ba 0.064s
2025-02-10 21:13:41.293 62712 INFO tempest.lib.common.rest_client [req-90c1914a-5f94-46c1-bfbb-c4d3c6b7c3bf req-90c1914a-5f94-46c1-bfbb-c4d3c6b7c3bf ] Request (FloatingIPsAssociationTestJSON:setUpClass): 200 GET http://10.180.1.21/compute/v2.1/servers/09455f5a-ac87-4c1f-a6d1-0e9a0736493b 0.073s
2025-02-10 21:13:41.323 62710 INFO tempest.lib.common.rest_client [req-8451c730-0cbc-403e-be90-b2efb2aa7d2b req-8451c730-0cbc-403e-be90-b2efb2aa7d2b ] Request (ServerActionsV293TestJSON:setUpClass): 200 GET http://10.180.1.21/compute/v2.1/servers/0d7cebb7-37e9-4e30-8681-2fa58d89b0b5 0.120s
2025-02-10 21:13:41.339 62721 INFO tempest.lib.common.rest_client [req-e60d0fe1-85eb-49a1-b84d-dd0de2f272bc req-e60d0fe1-85eb-49a1-b84d-dd0de2f272bc ] Request (ServerPasswordTestJSON:setUpClass): 200 GET http://10.180.1.21/compute/v2.1/servers/baec1543-5ffb-4fd8-8ce7-0b353a826f64 0.069s
2025-02-10 21:13:41.380 62736 INFO tempest.lib.common.rest_client [req-544e5374-318c-446a-8576-d849806545be req-544e5374-318c-446a-8576-d849806545be ] Request (DeleteServersTestJSON:test_delete_active_server): 200 GET http://10.180.1.21/compute/v2.1/servers/4d8aea82-d609-499c-970e-dc0369ae0e8f 0.060s
2025-02-10 21:13:41.458 62724 INFO tempest.lib.common.rest_client [req-295729fc-f5e2-4dcb-95ed-570c099aecc7 req-295729fc-f5e2-4dcb-95ed-570c099aecc7 ] Request (SecurityGroupsTestJSON:test_server_security_groups): 200 GET http://10.180.1.21/compute/v2.1/servers/8ad6a0bd-5b35-4b39-bfbb-c714da148898 0.055s
2025-02-10 21:13:41.623 62706 INFO tempest.lib.common.rest_client [req-dfc17f65-e081-453e-a83a-4dca7854fc9a req-dfc17f65-e081-453e-a83a-4dca7854fc9a ] Request (ServersAdminTestJSON:test_create_server_with_scheduling_hint): 200 GET http://10.180.1.21/compute/v2.1/servers/5815dbcf-e70f-46b0-910c-ed60f8245a56 0.101s
2025-02-10 21:13:41.623 62730 INFO tempest.lib.common.rest_client [req-b0d8b960-3271-43fd-96ed-f0010a95a193 req-b0d8b960-3271-43fd-96ed-f0010a95a193 ] Request (ServersTestMultiNic:test_verify_multiple_nics_order): 200 GET http://10.180.1.21/compute/v2.1/servers/88397693-cf4e-4fbd-88f7-f1c29dcf9d1b 0.054s
2025-02-10 21:13:41.669 62714 INFO tempest.lib.common.rest_client [req-797eeb80-d3aa-493e-86c7-0fd58d0d12f0 req-797eeb80-d3aa-493e-86c7-0fd58d0d12f0 ] Request (ServerActionsTestJSON:setUpClass): 200 GET http://10.180.1.21/compute/v2.1/servers/8e3af67b-5850-4fff-9437-83b6c2cc0852 0.052s
2025-02-10 21:13:41.733 62708 INFO tempest.lib.common.rest_client [req-46262fc4-f798-497f-9b4d-006b1763278b req-46262fc4-f798-497f-9b4d-006b1763278b ] Request (ListServersNegativeTestJSON:setUpClass): 200 GET http://10.180.1.21/compute/v2.1/servers/9130a935-afbc-498f-9e27-4347e29c95d4 0.066s
