2024-10-31 12:31:20.923 63242 INFO tempest.lib.common.rest_client [req-e840c6f4-f926-4774-bafd-bc085cf72e33 req-e840c6f4-f926-4774-bafd-bc085cf72e33 ] Request (ServersWithSpecificFlavorTestJSON:test_verify_created_server_ephemeral_disk): 200 POST http://10.180.1.21/compute/v2.1/flavors/316658043/os-extra_specs 0.580s
2024-10-31 12:31:20.946 63218 INFO tempest.lib.common.rest_client [req-79394cc6-c038-4484-afcc-41bd6786960f req-79394cc6-c038-4484-afcc-41bd6786960f ] Request (FlavorsAccessTestJSON:_run_cleanups): 200 GET http://10.180.1.21/compute/v2.1/flavors/detail 0.538s
2024-10-31 12:31:20.964 63236 INFO tempest.lib.common.rest_client [req-308ca81f-5f95-4403-befe-fd33e17462f1 req-308ca81f-5f95-4403-befe-fd33e17462f1 ] Request (HostsAdminNegativeTestJSON:test_startup_nonexistent_host): 404 GET http://10.180.1.21/compute/v2.1/os-hosts/nonexistent_hostname/startup 0.548s
2024-10-31 12:31:20.980 63244 INFO tempest.lib.common.rest_client [req-9688884d-ce4e-405d-978f-397c63ec4701 req-9688884d-ce4e-405d-978f-397c63ec4701 ] Request (FlavorsAccessNegativeTestJSON:_run_cleanups): 202 DELETE http://10.180.1.21/compute/v2.1/flavors/1130340865 0.557s
2024-10-31 12:31:21.002 63220 INFO tempest.lib.common.rest_client [req-e3baa915-784f-48df-89d0-588fe0414898 req-e3baa915-784f-48df-89d0-588fe0414898 ] Request (SecurityGroupsTestAdminJSON:_run_cleanups): 202 DELETE http://10.180.1.21/compute/v2.1/os-security-groups/86b629d2-9f78-4653-a281-4e1f62c37f42 0.994s
2024-10-31 12:31:21.010 63224 INFO tempest.lib.common.rest_client [req-02e960c6-6e6c-441e-8de5-15dbc39551df req-02e960c6-6e6c-441e-8de5-15dbc39551df ] Request (FlavorsExtraSpecsNegativeTestJSON:test_flavor_non_admin_update_specific_key): 403 PUT http://10.180.1.21/compute/v2.1/flavors/1789101153/os-extra_specs/hw:numa_nodes 0.566s
2024-10-31 12:31:21.050 63206 INFO tempest.lib.common.rest_client [req-352b6993-fd57-4993-82ab-6f1c4c3f16db req-352b6993-fd57-4993-82ab-6f1c4c3f16db ] Request (FlavorsV255TestJSON:tearDownClass): 204 DELETE http://10.180.1.21:9696/networking/v2.0/security-groups/9c6a9016-50cf-40e7-b43f-e997fd21e62a 0.458s
2024-10-31 12:31:21.078 63218 INFO tempest.lib.common.rest_client [req-4f7bde36-aeb8-4bf0-b76e-5bd84044ee69 req-4f7bde36-aeb8-4bf0-b76e-5bd84044ee69 ] Request (FlavorsAccessTestJSON:tearDownClass): 204 DELETE http://10.180.1.21/identity/v3/users/d8efc655f54d435586f453ef625788f9 0.123s
2024-10-31 12:31:21.128 63240 INFO tempest.lib.common.rest_client [req-11b14495-a7ed-4688-9915-f644b4e58f99 req-11b14495-a7ed-4688-9915-f644b4e58f99 ] Request (ServersAdminTestJSON:setUpClass): 200 GET http://10.180.1.21/compute/v2.1/servers/fa55e796-81d0-46b7-b025-9119bae2f305 0.686s
2024-10-31 12:31:21.131 63260 INFO tempest.lib.common.rest_client [req-98230d71-d40d-4674-b3d5-08c14c7e6711 req-98230d71-d40d-4674-b3d5-08c14c7e6711 ] Request (FloatingIPsAssociationNegativeTestJSON:setUpClass): 200 GET http://10.180.1.21/compute/v2.1/servers/1e128a17-cc1a-4aa0-8020-9c01775d9f75 0.519s
2024-10-31 12:31:21.163 63204 INFO tempest.lib.common.rest_client [req-6fba3db4-7762-4b26-8849-7a5e2ac66b7a req-6fba3db4-7762-4b26-8849-7a5e2ac66b7a ] Request (AggregatesAdminNegativeTestJSON:test_aggregate_add_non_exist_host): 404 POST http://10.180.1.21/compute/v2.1/os-aggregates/3/action 0.545s
2024-10-31 12:31:21.172 63216 INFO tempest.lib.common.rest_client [req-aea77eb1-b44d-4d29-b036-d074a3d6cec9 req-aea77eb1-b44d-4d29-b036-d074a3d6cec9 ] Request (MultipleCreateNegativeTestJSON:tearDownClass): 204 DELETE http://10.180.1.21:9696/networking/v2.0/security-groups/a05477e0-bc2a-4e19-a088-96af85251947 0.521s
2024-10-31 12:31:21.179 63222 INFO tempest.lib.common.rest_client [req-1d6ccbd4-64fa-4f6e-9b76-1258a540d81b req-1d6ccbd4-64fa-4f6e-9b76-1258a540d81b ] Request (VolumesAssistedSnapshotsTest:test_volume_assisted_snapshot_create_delete): 201 POST http://10.180.1.21:9696/networking/v2.0/security-group-rules 0.468s
2024-10-31 12:31:21.219 63218 INFO tempest.lib.common.rest_client [req-94b12260-70a0-4de4-9bbc-53ca1645df17 req-94b12260-70a0-4de4-9bbc-53ca1645df17 ] Request (FlavorsAccessTestJSON:tearDownClass): 204 DELETE http://10.180.1.21/identity/v3/users/6168427c85ee48c5ac6e37a88d544469 0.140s
2024-10-31 12:31:21.220 63218 INFO tempest.lib.common.dynamic_creds [-] Deleting project and security group for project: c7145739da504e8b9dc0af5d22205a66
2024-10-31 12:31:21.224 63206 INFO tempest.lib.common.rest_client [req-ad4a5225-9829-400d-b6c2-86cef9b11519 req-ad4a5225-9829-400d-b6c2-86cef9b11519 ] Request (FlavorsV255TestJSON:tearDownClass): 204 DELETE http://10.180.1.21/identity/v3/projects/5bf528eadef840babeddd16201f260d5 0.173s
2024-10-31 12:31:21.224 63250 INFO tempest.lib.common.rest_client [req-1e11cdbe-b3c2-4f0d-9f8c-bbaa04846b15 req-1e11cdbe-b3c2-4f0d-9f8c-bbaa04846b15 ] Request (FlavorsAdminTestJSON:test_create_flavor_with_none_id): 200 POST http://10.180.1.21/compute/v2.1/flavors 0.403s
2024-10-31 12:31:21.259 63254 INFO tempest.lib.common.rest_client [req-e5383955-9a6d-4593-ad35-296624fe3ce8 req-e5383955-9a6d-4593-ad35-296624fe3ce8 ] Request (ImagesTestJSON:test_create_image_from_stopped_server): 200 GET http://10.180.1.21/compute/v2.1/servers/2931c8b9-ed5f-4994-a4d5-50e1369d67e9 0.624s
2024-10-31 12:31:21.264 63208 INFO tempest.lib.common.rest_client [req-0022fb45-838c-4b43-a43e-1e7b56d989f6 req-0022fb45-838c-4b43-a43e-1e7b56d989f6 ] Request (HypervisorAdminNegativeUnderV252Test:tearDownClass): 204 DELETE http://10.180.1.21:9696/networking/v2.0/security-groups/43a24a9b-5a72-4dd2-8c7c-cbf7f4c12e3f 0.445s
2024-10-31 12:31:21.267 63252 INFO tempest.lib.common.rest_client [req-b25f9c4b-ac84-4f09-bbee-86c5c92ee421 req-b25f9c4b-ac84-4f09-bbee-86c5c92ee421 ] Request (FlavorsV261TestJSON:tearDownClass): 204 DELETE http://10.180.1.21:9696/networking/v2.0/security-groups/c01ce1dc-8780-4523-920b-23dba281ddb3 0.506s
2024-10-31 12:31:21.295 63218 INFO tempest.lib.common.rest_client [req-6f72ef6d-f96f-4086-8ba1-c3af22572ed4 req-6f72ef6d-f96f-4086-8ba1-c3af22572ed4 ] Request (FlavorsAccessTestJSON:tearDownClass): 201 POST http://10.180.1.21/identity/v3/auth/tokens 0.075s
2024-10-31 12:31:21.308 63242 INFO tempest.lib.common.rest_client [req-af6f4527-1a6b-41b8-b8f7-04e430249c53 req-af6f4527-1a6b-41b8-b8f7-04e430249c53 ] Request (ValidationResourcesFixture:setUp): 200 POST http://10.180.1.21/compute/v2.1/os-keypairs 0.383s
2024-10-31 12:31:21.313 63236 INFO tempest.lib.common.rest_client [req-a6b4e083-ced7-4475-83b1-1ee14f6ac229 req-a6b4e083-ced7-4475-83b1-1ee14f6ac229 ] Request (HostsAdminNegativeTestJSON:test_update_host_with_invalid_maintenance_mode): 400 PUT http://10.180.1.21/compute/v2.1/os-hosts/devstack 0.348s
2024-10-31 12:31:21.324 63206 INFO tempest.lib.common.rest_client [req-f1f6954b-776a-4d32-8163-b14e02b2150b req-f1f6954b-776a-4d32-8163-b14e02b2150b ] Request (HostsAdminTestJSON:setUpClass): 201 POST http://10.180.1.21/identity/v3/auth/tokens 0.098s
2024-10-31 12:31:21.356 63216 INFO tempest.lib.common.rest_client [req-8ce305c5-3f3c-4e18-a5f9-3f61eeb9e636 req-8ce305c5-3f3c-4e18-a5f9-3f61eeb9e636 ] Request (MultipleCreateNegativeTestJSON:tearDownClass): 204 DELETE http://10.180.1.21/identity/v3/projects/9c2f685a64584f508d22e7e1059ba9f3 0.183s
2024-10-31 12:31:21.357 63216 INFO tempest.test [-] raised in ServerStableDeviceRescueTest.setUpClass. Invoking tearDownClass.
2024-10-31 12:31:21.419 63208 INFO tempest.lib.common.rest_client [req-bfe77fa2-243c-49ee-9cca-dc5c1452d62b req-bfe77fa2-243c-49ee-9cca-dc5c1452d62b ] Request (HypervisorAdminNegativeUnderV252Test:tearDownClass): 204 DELETE http://10.180.1.21/identity/v3/projects/780d84f02887483da16d5f25891f42ef 0.155s
2024-10-31 12:31:21.419 63208 INFO tempest.lib.common.dynamic_creds [-] Deleting project and security group for project: 7846af6862f4468cb3298b349e5b9cec
2024-10-31 12:31:21.419 63246 INFO tempest.lib.common.rest_client [req-6605f7df-47e9-4cd5-a3b2-f1337e153e66 req-6605f7df-47e9-4cd5-a3b2-f1337e153e66 ] Request (ListServersNegativeTestJSON:setUpClass): 200 GET http://10.180.1.21/compute/v2.1/servers/2870d8cb-8c19-454e-8a6e-1675eba8ddd4 0.448s
2024-10-31 12:31:21.444 63244 INFO tempest.lib.common.rest_client [req-eb40202a-15c9-46aa-b833-81792f20c753 req-eb40202a-15c9-46aa-b833-81792f20c753 ] Request (FlavorsAccessNegativeTestJSON:_run_cleanups): 200 GET http://10.180.1.21/compute/v2.1/flavors/detail 0.463s
2024-10-31 12:31:21.475 63252 INFO tempest.lib.common.rest_client [req-b408194c-0462-41d3-94ea-e191c53a9356 req-b408194c-0462-41d3-94ea-e191c53a9356 ] Request (FlavorsV261TestJSON:tearDownClass): 204 DELETE http://10.180.1.21/identity/v3/projects/cf6f124a07ec4826bb7bda3f0977ba02 0.207s
2024-10-31 12:31:21.476 63252 INFO tempest.test [-] raised in LiveMigrationTest.setUpClass. Invoking tearDownClass.
2024-10-31 12:31:21.479 63226 INFO tempest.lib.common.rest_client [req-2fb61568-36a0-4b33-8489-826f09547f54 req-2fb61568-36a0-4b33-8489-826f09547f54 ] Request (KeyPairsV210TestJSON:tearDownClass): 200 GET http://10.180.1.21:9696/networking/v2.0/security-groups?tenant_id=3a87a3179d504d1dab3fe727b95a19a9&name=default 0.708s
2024-10-31 12:31:21.530 63206 INFO tempest.lib.common.rest_client [req-af60a26c-68c2-40d4-a744-e15b64f9b458 req-af60a26c-68c2-40d4-a744-e15b64f9b458 ] Request (HostsAdminTestJSON:setUpClass): 201 POST http://10.180.1.21/identity/v3/auth/tokens 0.202s
2024-10-31 12:31:21.575 63216 INFO tempest.lib.common.rest_client [req-6e9e4c3d-7a1f-48a9-820a-5cd1ab1b16e7 req-6e9e4c3d-7a1f-48a9-820a-5cd1ab1b16e7 ] Request (VolumesSnapshotsTestJSON:setUpClass): 201 POST http://10.180.1.21/identity/v3/auth/tokens 0.214s
2024-10-31 12:31:21.600 63252 INFO tempest.lib.common.rest_client [req-138b665e-a89c-425c-8a03-653e28109355 req-138b665e-a89c-425c-8a03-653e28109355 ] Request (FloatingIPsNegativeTestJSON:setUpClass): 201 POST http://10.180.1.21/identity/v3/auth/tokens 0.120s
2024-10-31 12:31:21.618 63206 INFO tempest.lib.common.rest_client [req-a1434fb2-c12e-4684-a969-4c7d9d2b8754 req-a1434fb2-c12e-4684-a969-4c7d9d2b8754 ] Request (HostsAdminTestJSON:setUpClass): 200 GET http://10.180.1.21/identity/v3/domains?name=Default 0.087s
2024-10-31 12:31:21.622 63238 INFO tempest.lib.common.rest_client [req-600b1ece-3f89-459d-aa77-a80dc6e81688 req-600b1ece-3f89-459d-aa77-a80dc6e81688 ] Request (QuotasAdminTestJSON:test_get_default_quotas): 200 GET http://10.180.1.21/compute/v2.1/os-quota-sets/8ddb0583b5674690b56bb69a5d1a5d13/defaults 0.752s
2024-10-31 12:31:21.638 63224 INFO tempest.lib.common.rest_client [req-5dcd9e5c-c95e-4efc-9fd4-fb22b238f38e req-5dcd9e5c-c95e-4efc-9fd4-fb22b238f38e ] Request (FlavorsExtraSpecsNegativeTestJSON:test_flavor_unset_nonexistent_key): 404 DELETE http://10.180.1.21/compute/v2.1/flavors/1789101153/os-extra_specs/hw:cpu_thread_policy 0.626s
2024-10-31 12:31:21.642 63252 INFO tempest.lib.common.rest_client [req-0a0f835a-44b4-4697-8046-d0ce2d649ce9 req-0a0f835a-44b4-4697-8046-d0ce2d649ce9 ] Request (FloatingIPsNegativeTestJSON:setUpClass): 201 POST http://10.180.1.21/identity/v3/auth/tokens 0.040s
2024-10-31 12:31:21.647 63216 INFO tempest.lib.common.rest_client [req-31ab3e91-16cb-4bef-bcfa-db8bb7910ef5 req-31ab3e91-16cb-4bef-bcfa-db8bb7910ef5 ] Request (VolumesSnapshotsTestJSON:setUpClass): 201 POST http://10.180.1.21/identity/v3/auth/tokens 0.069s
2024-10-31 12:31:21.658 63232 INFO tempest.lib.common.rest_client [req-c7fc38bd-a42a-4b5a-bbd6-3432cb8bde2a req-c7fc38bd-a42a-4b5a-bbd6-3432cb8bde2a ] Request (ServerRescueNegativeTestJSON:setUpClass): 201 POST http://10.180.1.21:9696/networking/v2.0/networks 1.168s
2024-10-31 12:31:21.675 63206 INFO tempest.lib.common.rest_client [req-6d6ea86f-fa57-4364-867e-de4265b6f911 req-6d6ea86f-fa57-4364-867e-de4265b6f911 ] Request (HostsAdminTestJSON:setUpClass): 201 POST http://10.180.1.21/identity/v3/projects 0.056s
2024-10-31 12:31:21.676 63238 INFO tempest.lib.common.rest_client [req-f876643c-3311-48c2-bf2b-203def591bf4 req-f876643c-3311-48c2-bf2b-203def591bf4 ] Request (QuotasAdminTestJSON:test_get_updated_quotas): 200 GET http://10.180.1.21/identity/v3/domains?name=Default 0.050s
2024-10-31 12:31:21.729 63216 INFO tempest.lib.common.rest_client [req-b173cfe5-516a-4a27-9ac4-106284612f22 req-b173cfe5-516a-4a27-9ac4-106284612f22 ] Request (VolumesSnapshotsTestJSON:setUpClass): 200 GET http://10.180.1.21/identity/v3/domains?name=Default 0.082s
2024-10-31 12:31:21.738 63252 INFO tempest.lib.common.rest_client [req-edfe2645-79f4-44b1-8f7e-124563e87625 req-edfe2645-79f4-44b1-8f7e-124563e87625 ] Request (FloatingIPsNegativeTestJSON:setUpClass): 200 GET http://10.180.1.21/identity/v3/domains?name=Default 0.095s
2024-10-31 12:31:21.763 63206 INFO tempest.lib.common.rest_client [req-1e3dbe11-46a1-4685-949f-cdbc90cab987 req-1e3dbe11-46a1-4685-949f-cdbc90cab987 ] Request (HostsAdminTestJSON:setUpClass): 201 POST http://10.180.1.21/identity/v3/users 0.088s
2024-10-31 12:31:21.786 63216 INFO tempest.lib.common.rest_client [req-4e47ee74-99b2-4fb3-8092-6fa989724c41 req-4e47ee74-99b2-4fb3-8092-6fa989724c41 ] Request (VolumesSnapshotsTestJSON:setUpClass): 201 POST http://10.180.1.21/identity/v3/projects 0.056s
2024-10-31 12:31:21.798 63238 INFO tempest.lib.common.rest_client [req-7d762204-51ec-46a3-aea3-1d04f0ca76e3 req-7d762204-51ec-46a3-aea3-1d04f0ca76e3 ] Request (QuotasAdminTestJSON:test_get_updated_quotas): 201 POST http://10.180.1.21/identity/v3/projects 0.121s
2024-10-31 12:31:21.838 63242 INFO tempest.lib.common.rest_client [req-6147e15d-5230-46cf-ae0d-5d68e3d7a943 req-6147e15d-5230-46cf-ae0d-5d68e3d7a943 ] Request (ValidationResourcesFixture:setUp): 201 POST http://10.180.1.21:9696/networking/v2.0/security-groups 0.527s
2024-10-31 12:31:21.842 63206 INFO tempest.lib.common.rest_client [req-ba1027cb-aaa1-42c6-a665-2827e5037478 req-ba1027cb-aaa1-42c6-a665-2827e5037478 ] Request (HostsAdminTestJSON:setUpClass): 200 GET http://10.180.1.21/identity/v3/roles 0.078s
2024-10-31 12:31:21.863 63216 INFO tempest.lib.common.rest_client [req-3b03b0c3-fd68-4f20-82d1-736f3d23027a req-3b03b0c3-fd68-4f20-82d1-736f3d23027a ] Request (VolumesSnapshotsTestJSON:setUpClass): 201 POST http://10.180.1.21/identity/v3/users 0.076s
2024-10-31 12:31:21.870 63252 INFO tempest.lib.common.rest_client [req-728e7ddf-403f-4326-84a1-809488cfdda5 req-728e7ddf-403f-4326-84a1-809488cfdda5 ] Request (FloatingIPsNegativeTestJSON:setUpClass): 201 POST http://10.180.1.21/identity/v3/projects 0.132s
2024-10-31 12:31:21.903 63208 INFO tempest.lib.common.rest_client [req-7c62a4ce-8fcf-4968-87f2-4f520d440e8f req-7c62a4ce-8fcf-4968-87f2-4f520d440e8f ] Request (HypervisorAdminNegativeUnderV252Test:tearDownClass): 200 GET http://10.180.1.21:9696/networking/v2.0/security-groups?tenant_id=7846af6862f4468cb3298b349e5b9cec&name=default 0.484s
2024-10-31 12:31:21.930 63206 INFO tempest.lib.common.rest_client [req-9d965979-21d6-4687-b13b-f0edcb86e887 req-9d965979-21d6-4687-b13b-f0edcb86e887 ] Request (HostsAdminTestJSON:setUpClass): 204 PUT http://10.180.1.21/identity/v3/projects/d7495ff2be0f455b9372a49a31bfdf8a/users/452c48ab49614a8290fc34f4a65a74ab/roles/ad044c832e5d4cfaa6ae363693442e4a 0.087s
2024-10-31 12:31:21.930 63206 INFO tempest.lib.common.dynamic_creds [-] Dynamic test user 452c48ab49614a8290fc34f4a65a74ab is created with scope project and roles: ['member']
2024-10-31 12:31:21.931 63206 INFO tempest.lib.common.dynamic_creds [-] Acquired dynamic creds: credentials: Credentials: {'domain_id': 'default', 'domain_name': 'Default', 'username': 'tempest-HostsAdminTestJSON-518942615-project-member', 'project_domain_id': 'default', 'project_domain_name': 'Default', 'project_id': 'd7495ff2be0f455b9372a49a31bfdf8a', 'project_name': 'tempest-HostsAdminTestJSON-518942615', 'tenant_id': 'd7495ff2be0f455b9372a49a31bfdf8a', 'tenant_name': 'tempest-HostsAdminTestJSON-518942615', 'user_domain_id': 'default', 'user_domain_name': 'Default', 'user_id': '452c48ab49614a8290fc34f4a65a74ab', 'system': None}, Network: None, Subnet: None, Router: None
2024-10-31 12:31:21.931 63206 INFO tempest.lib.common.dynamic_creds [-] Created isolated network resources for: credentials: Credentials: {'domain_id': 'default', 'domain_name': 'Default', 'username': 'tempest-HostsAdminTestJSON-518942615-project-member', 'project_domain_id': 'default', 'project_domain_name': 'Default', 'project_id': 'd7495ff2be0f455b9372a49a31bfdf8a', 'project_name': 'tempest-HostsAdminTestJSON-518942615', 'tenant_id': 'd7495ff2be0f455b9372a49a31bfdf8a', 'tenant_name': 'tempest-HostsAdminTestJSON-518942615', 'user_domain_id': 'default', 'user_domain_name': 'Default', 'user_id': '452c48ab49614a8290fc34f4a65a74ab', 'system': None}, Network: None, Subnet: None, Router: None
2024-10-31 12:31:21.937 63226 INFO tempest.lib.common.rest_client [req-532528a5-636d-4d09-8814-50c536abf8bf req-532528a5-636d-4d09-8814-50c536abf8bf ] Request (KeyPairsV210TestJSON:tearDownClass): 204 DELETE http://10.180.1.21:9696/networking/v2.0/security-groups/876bc549-4245-470d-b720-bd8590bf021b 0.457s
2024-10-31 12:31:21.942 63238 INFO tempest.lib.common.rest_client [req-68d1711a-b6c2-450c-a5d9-776bb5b568bb req-68d1711a-b6c2-450c-a5d9-776bb5b568bb ] Request (QuotasAdminTestJSON:test_get_updated_quotas): 200 GET http://10.180.1.21/identity/v3/domains?name=Default 0.143s
2024-10-31 12:31:21.997 63216 INFO tempest.lib.common.rest_client [req-8ad1ffbb-9581-400e-8fbe-2d17e150b97c req-8ad1ffbb-9581-400e-8fbe-2d17e150b97c ] Request (VolumesSnapshotsTestJSON:setUpClass): 200 GET http://10.180.1.21/identity/v3/roles 0.134s
2024-10-31 12:31:22.018 63252 INFO tempest.lib.common.rest_client [req-90d5fd24-af08-4a7e-91ba-86f727f16fcc req-90d5fd24-af08-4a7e-91ba-86f727f16fcc ] Request (FloatingIPsNegativeTestJSON:setUpClass): 201 POST http://10.180.1.21/identity/v3/users 0.147s
2024-10-31 12:31:22.040 63218 INFO tempest.lib.common.rest_client [req-c702187d-437e-4761-863a-72a6aa1b7b22 req-c702187d-437e-4761-863a-72a6aa1b7b22 ] Request (FlavorsAccessTestJSON:tearDownClass): 200 GET http://10.180.1.21:9696/networking/v2.0/security-groups?tenant_id=c7145739da504e8b9dc0af5d22205a66&name=default 0.744s
2024-10-31 12:31:22.093 63220 INFO tempest.lib.common.rest_client [req-8557c3fb-6e8e-4f7e-bc8a-d0de3797efac req-8557c3fb-6e8e-4f7e-bc8a-d0de3797efac ] Request (SecurityGroupsTestAdminJSON:_run_cleanups): 202 DELETE http://10.180.1.21/compute/v2.1/os-security-groups/722c58a4-bce8-44cf-bb32-cfcf70e5ce3a 1.091s
2024-10-31 12:31:22.119 63206 INFO tempest.lib.common.rest_client [req-c10fa7e0-707a-42f0-9d4b-368529ea6b81 req-c10fa7e0-707a-42f0-9d4b-368529ea6b81 ] Request (HostsAdminTestJSON:setUpClass): 201 POST http://10.180.1.21/identity/v3/auth/tokens 0.184s
2024-10-31 12:31:22.123 63204 INFO tempest.lib.common.rest_client [req-be9ab5f8-3c14-4f3c-874c-b02a39661946 req-be9ab5f8-3c14-4f3c-874c-b02a39661946 ] Request (AggregatesAdminNegativeTestJSON:_run_cleanups): 200 DELETE http://10.180.1.21/compute/v2.1/os-aggregates/3 0.960s
2024-10-31 12:31:22.139 63226 INFO tempest.lib.common.rest_client [req-81bdf106-ea7d-4057-a006-61de99f41f4d req-81bdf106-ea7d-4057-a006-61de99f41f4d ] Request (KeyPairsV210TestJSON:tearDownClass): 204 DELETE http://10.180.1.21/identity/v3/projects/3a87a3179d504d1dab3fe727b95a19a9 0.202s
2024-10-31 12:31:22.139 63226 INFO tempest.lib.common.dynamic_creds [-] Deleting project and security group for project: f4aabb8a02f8447e864e56dc96e1990a
2024-10-31 12:31:22.174 63202 INFO tempest.lib.common.rest_client [req-dad4bff9-60e8-4d52-8bc9-3c3dbf944fba req-dad4bff9-60e8-4d52-8bc9-3c3dbf944fba ] Request (ServerDiagnosticsTest:test_get_server_diagnostics): 200 GET http://10.180.1.21/compute/v2.1/servers/709bac33-9605-4254-bf38-49fc7892b15e 1.118s
2024-10-31 12:31:22.184 63216 INFO tempest.lib.common.rest_client [req-9ddd3ffa-1d39-42ba-9cad-666d4b1736ca req-9ddd3ffa-1d39-42ba-9cad-666d4b1736ca ] Request (VolumesSnapshotsTestJSON:setUpClass): 204 PUT http://10.180.1.21/identity/v3/projects/3596d8a877e140079f0198276bdfffaa/users/b5076e5ed4ad4716acc2d0fc8ed45b1a/roles/ad044c832e5d4cfaa6ae363693442e4a 0.186s
2024-10-31 12:31:22.184 63216 INFO tempest.lib.common.dynamic_creds [-] Dynamic test user b5076e5ed4ad4716acc2d0fc8ed45b1a is created with scope project and roles: ['member']
2024-10-31 12:31:22.184 63216 INFO tempest.lib.common.dynamic_creds [-] Acquired dynamic creds: credentials: Credentials: {'domain_id': 'default', 'domain_name': 'Default', 'username': 'tempest-VolumesSnapshotsTestJSON-231518920-project-member', 'project_domain_id': 'default', 'project_domain_name': 'Default', 'project_id': '3596d8a877e140079f0198276bdfffaa', 'project_name': 'tempest-VolumesSnapshotsTestJSON-231518920', 'tenant_id': '3596d8a877e140079f0198276bdfffaa', 'tenant_name': 'tempest-VolumesSnapshotsTestJSON-231518920', 'user_domain_id': 'default', 'user_domain_name': 'Default', 'user_id': 'b5076e5ed4ad4716acc2d0fc8ed45b1a', 'system': None}, Network: None, Subnet: None, Router: None
2024-10-31 12:31:22.185 63216 INFO tempest.lib.common.dynamic_creds [-] Created isolated network resources for: credentials: Credentials: {'domain_id': 'default', 'domain_name': 'Default', 'username': 'tempest-VolumesSnapshotsTestJSON-231518920-project-member', 'project_domain_id': 'default', 'project_domain_name': 'Default', 'project_id': '3596d8a877e140079f0198276bdfffaa', 'project_name': 'tempest-VolumesSnapshotsTestJSON-231518920', 'tenant_id': '3596d8a877e140079f0198276bdfffaa', 'tenant_name': 'tempest-VolumesSnapshotsTestJSON-231518920', 'user_domain_id': 'default', 'user_domain_name': 'Default', 'user_id': 'b5076e5ed4ad4716acc2d0fc8ed45b1a', 'system': None}, Network: None, Subnet: None, Router: None
2024-10-31 12:31:22.185 63202 INFO tempest.common.waiters [-] State transition "BUILD/networking" ==> "BUILD/spawning" after 11 second wait
2024-10-31 12:31:22.225 63228 INFO tempest.lib.common.rest_client [req-2ebe79ec-d21c-41c7-8b87-6c18cd12d5ca req-2ebe79ec-d21c-41c7-8b87-6c18cd12d5ca ] Request (ServersAdminNegativeTestJSON:setUpClass): 200 GET http://10.180.1.21/compute/v2.1/servers/585a0d73-9a2c-4a1e-8e7e-7b4f406a56d5 1.056s
2024-10-31 12:31:22.239 63252 INFO tempest.lib.common.rest_client [req-f1bb66e2-6ca7-4d34-96d3-456b0f3afdbc req-f1bb66e2-6ca7-4d34-96d3-456b0f3afdbc ] Request (FloatingIPsNegativeTestJSON:setUpClass): 200 GET http://10.180.1.21/identity/v3/roles 0.220s
2024-10-31 12:31:22.247 63206 INFO tempest.lib.common.rest_client [req-b77b1eb9-1422-4727-af7a-d7c9a1b1e08a req-b77b1eb9-1422-4727-af7a-d7c9a1b1e08a ] Request (HostsAdminTestJSON:setUpClass): 201 POST http://10.180.1.21/identity/v3/projects 0.127s
2024-10-31 12:31:22.247 63250 INFO tempest.lib.common.rest_client [req-eb8ef307-709d-44c4-b8ce-00f235171206 req-eb8ef307-709d-44c4-b8ce-00f235171206 ] Request (FlavorsAdminTestJSON:_run_cleanups): 202 DELETE http://10.180.1.21/compute/v2.1/flavors/b29eb636-7497-4efc-8f71-904aa3ccc139 1.020s
2024-10-31 12:31:22.249 63236 INFO tempest.lib.common.rest_client [req-9bd50f78-825e-4ee7-b8e6-405f667ef408 req-9bd50f78-825e-4ee7-b8e6-405f667ef408 ] Request (HostsAdminNegativeTestJSON:test_update_host_with_invalid_status): 400 PUT http://10.180.1.21/compute/v2.1/os-hosts/devstack 0.931s
2024-10-31 12:31:22.262 63262 INFO tempest.lib.common.rest_client [req-6500f476-26fa-4d91-ab18-93df38c6a1ba req-6500f476-26fa-4d91-ab18-93df38c6a1ba ] Request (DeleteServersAdminTestJSON:test_admin_delete_servers_of_others): 200 GET http://10.180.1.21/compute/v2.1/servers/ebb7d30d-c9d7-4ed6-8d5b-22c83d7c80bb 1.054s
2024-10-31 12:31:22.305 63216 INFO tempest.lib.common.rest_client [req-6a3ab38f-157d-4271-bc70-8f929509c7d8 req-6a3ab38f-157d-4271-bc70-8f929509c7d8 ] Request (VolumesSnapshotsTestJSON:setUpClass): 201 POST http://10.180.1.21/identity/v3/auth/tokens 0.117s
2024-10-31 12:31:22.320 63252 INFO tempest.lib.common.rest_client [req-618e6d9a-7e48-46d4-bfc9-fede251c7fc5 req-618e6d9a-7e48-46d4-bfc9-fede251c7fc5 ] Request (FloatingIPsNegativeTestJSON:setUpClass): 204 PUT http://10.180.1.21/identity/v3/projects/1c6a2c8900e6419ea59cc5bd1d595f18/users/08ae98cd54694866a9f381cd1b944207/roles/ad044c832e5d4cfaa6ae363693442e4a 0.081s
2024-10-31 12:31:22.321 63252 INFO tempest.lib.common.dynamic_creds [-] Dynamic test user 08ae98cd54694866a9f381cd1b944207 is created with scope project and roles: ['member']
2024-10-31 12:31:22.321 63252 INFO tempest.lib.common.dynamic_creds [-] Acquired dynamic creds: credentials: Credentials: {'domain_id': 'default', 'domain_name': 'Default', 'username': 'tempest-FloatingIPsNegativeTestJSON-1755667998-project-member', 'project_domain_id': 'default', 'project_domain_name': 'Default', 'project_id': '1c6a2c8900e6419ea59cc5bd1d595f18', 'project_name': 'tempest-FloatingIPsNegativeTestJSON-1755667998', 'tenant_id': '1c6a2c8900e6419ea59cc5bd1d595f18', 'tenant_name': 'tempest-FloatingIPsNegativeTestJSON-1755667998', 'user_domain_id': 'default', 'user_domain_name': 'Default', 'user_id': '08ae98cd54694866a9f381cd1b944207', 'system': None}, Network: None, Subnet: None, Router: None
2024-10-31 12:31:22.334 63206 INFO tempest.lib.common.rest_client [req-43885f34-d8e7-405a-9b7f-d1b98dd3552c req-43885f34-d8e7-405a-9b7f-d1b98dd3552c ] Request (HostsAdminTestJSON:setUpClass): 201 POST http://10.180.1.21/identity/v3/users 0.087s
2024-10-31 12:31:22.337 63258 INFO tempest.lib.common.rest_client [req-59d608d6-f512-4e6e-ad61-93ca0c0c6a61 req-59d608d6-f512-4e6e-ad61-93ca0c0c6a61 ] Request (ServerActionsTestOtherA:setUpClass): 200 GET http://10.180.1.21/compute/v2.1/servers/7780b346-28a4-4d80-9f83-a452c23741ec 0.998s
2024-10-31 12:31:22.345 63258 INFO tempest.common.waiters [-] State transition "BUILD/None" ==> "BUILD/networking" after 11 second wait
2024-10-31 12:31:22.352 63244 INFO tempest.lib.common.rest_client [req-687a6805-dd3c-49ef-86bd-5c117dfc778c req-687a6805-dd3c-49ef-86bd-5c117dfc778c ] Request (FlavorsAccessNegativeTestJSON:test_flavor_non_admin_add): 200 POST http://10.180.1.21/compute/v2.1/flavors 0.899s
2024-10-31 12:31:22.370 63230 INFO tempest.lib.common.rest_client [req-863396f5-d7b4-4f70-91ec-a1d0899cdab8 req-863396f5-d7b4-4f70-91ec-a1d0899cdab8 ] Request (SecurityGroupsTestJSON:test_list_security_groups_by_server): 200 GET http://10.180.1.21/compute/v2.1/servers/f619dd08-0cdf-486f-8f13-707b254a8593 0.973s
2024-10-31 12:31:22.375 63224 INFO tempest.lib.common.rest_client [req-19a7aa25-d504-4ef3-b1b8-0ee8ac9ce043 req-19a7aa25-d504-4ef3-b1b8-0ee8ac9ce043 ] Request (FlavorsExtraSpecsNegativeTestJSON:test_flavor_update_mismatch_key): 400 PUT http://10.180.1.21/compute/v2.1/flavors/1789101153/os-extra_specs/hw:numa_nodes 0.733s
2024-10-31 12:31:22.379 63252 INFO tempest.lib.common.rest_client [req-6e42585d-1495-49c7-8179-ebaf0b46fdf9 req-6e42585d-1495-49c7-8179-ebaf0b46fdf9 ] Request (FloatingIPsNegativeTestJSON:setUpClass): 201 POST http://10.180.1.21/identity/v3/auth/tokens 0.058s
2024-10-31 12:31:22.391 63242 INFO tempest.lib.common.rest_client [req-147aaf62-2e87-4b60-a167-054d89aa1efc req-147aaf62-2e87-4b60-a167-054d89aa1efc ] Request (ValidationResourcesFixture:setUp): 201 POST http://10.180.1.21:9696/networking/v2.0/security-group-rules 0.553s
2024-10-31 12:31:22.398 63206 INFO tempest.lib.common.rest_client [req-d4b30176-7b71-4dcb-9720-1643880d2302 req-d4b30176-7b71-4dcb-9720-1643880d2302 ] Request (HostsAdminTestJSON:setUpClass): 200 GET http://10.180.1.21/identity/v3/roles 0.063s
2024-10-31 12:31:22.438 63206 INFO tempest.lib.common.rest_client [req-d073ceee-3327-4d05-b8aa-0e6fef713d1e req-d073ceee-3327-4d05-b8aa-0e6fef713d1e ] Request (HostsAdminTestJSON:setUpClass): 204 PUT http://10.180.1.21/identity/v3/projects/22b4e2354d4a475baf2b4e49977419ca/users/c77d280e0ce845f1810741ede0dba462/roles/218a9973ddd24e35ba09ac6b84471e63 0.040s
2024-10-31 12:31:22.452 63232 INFO tempest.lib.common.rest_client [req-7df1fd5e-f27d-40b3-8719-3d8229ec598c req-7df1fd5e-f27d-40b3-8719-3d8229ec598c ] Request (ServerRescueNegativeTestJSON:setUpClass): 201 POST http://10.180.1.21:9696/networking/v2.0/subnets 0.793s
2024-10-31 12:31:22.496 63206 INFO tempest.lib.common.rest_client [req-8741b493-ad3a-40f1-af6f-cab1c816db99 req-8741b493-ad3a-40f1-af6f-cab1c816db99 ] Request (HostsAdminTestJSON:setUpClass): 200 GET http://10.180.1.21/identity/v3/roles 0.057s
2024-10-31 12:31:22.509 63248 INFO tempest.lib.common.rest_client [req-d3e600d9-fd5a-4ea4-b38f-329a5a5be711 req-d3e600d9-fd5a-4ea4-b38f-329a5a5be711 ] Request (VolumesAdminNegativeTest:test_update_attached_volume_with_nonexistent_volume_in_body): 200 GET http://10.180.1.21/compute/v2.1/servers/647a3ba2-8b84-45f9-9d28-130eb0521d1b 1.049s
2024-10-31 12:31:22.528 63206 INFO tempest.lib.common.rest_client [req-767e1ba2-397c-4e43-b259-4217bd7b82d9 req-767e1ba2-397c-4e43-b259-4217bd7b82d9 ] Request (HostsAdminTestJSON:setUpClass): 204 PUT http://10.180.1.21/identity/v3/projects/22b4e2354d4a475baf2b4e49977419ca/users/c77d280e0ce845f1810741ede0dba462/roles/218a9973ddd24e35ba09ac6b84471e63 0.031s
2024-10-31 12:31:22.528 63206 INFO tempest.lib.common.dynamic_creds [-] Dynamic test user c77d280e0ce845f1810741ede0dba462 is created with scope project and roles: ['admin']
2024-10-31 12:31:22.528 63206 INFO tempest.lib.common.dynamic_creds [-] Acquired dynamic creds: credentials: Credentials: {'domain_id': 'default', 'domain_name': 'Default', 'username': 'tempest-HostsAdminTestJSON-214225270-project-admin', 'project_domain_id': 'default', 'project_domain_name': 'Default', 'project_id': '22b4e2354d4a475baf2b4e49977419ca', 'project_name': 'tempest-HostsAdminTestJSON-214225270', 'tenant_id': '22b4e2354d4a475baf2b4e49977419ca', 'tenant_name': 'tempest-HostsAdminTestJSON-214225270', 'user_domain_id': 'default', 'user_domain_name': 'Default', 'user_id': 'c77d280e0ce845f1810741ede0dba462', 'system': None}, Network: None, Subnet: None, Router: None
2024-10-31 12:31:22.529 63206 INFO tempest.lib.common.dynamic_creds [-] Created isolated network resources for: credentials: Credentials: {'domain_id': 'default', 'domain_name': 'Default', 'username': 'tempest-HostsAdminTestJSON-214225270-project-admin', 'project_domain_id': 'default', 'project_domain_name': 'Default', 'project_id': '22b4e2354d4a475baf2b4e49977419ca', 'project_name': 'tempest-HostsAdminTestJSON-214225270', 'tenant_id': '22b4e2354d4a475baf2b4e49977419ca', 'tenant_name': 'tempest-HostsAdminTestJSON-214225270', 'user_domain_id': 'default', 'user_domain_name': 'Default', 'user_id': 'c77d280e0ce845f1810741ede0dba462', 'system': None}, Network: None, Subnet: None, Router: None
2024-10-31 12:31:22.537 63208 INFO tempest.lib.common.rest_client [req-dfce5476-7c21-43da-a269-1ca6abea4c6a req-dfce5476-7c21-43da-a269-1ca6abea4c6a ] Request (HypervisorAdminNegativeUnderV252Test:tearDownClass): 204 DELETE http://10.180.1.21:9696/networking/v2.0/security-groups/84cb3920-a1fa-4300-b17d-6e987fd66f49 0.633s
2024-10-31 12:31:22.560 63234 INFO tempest.lib.common.rest_client [req-b095ed0c-b5fd-40a4-a384-6f72744d60d9 req-b095ed0c-b5fd-40a4-a384-6f72744d60d9 ] Request (ServerDiagnosticsV248Test:test_get_server_diagnostics): 200 GET http://10.180.1.21/compute/v2.1/servers/532ae225-da05-4cbb-9bb4-c72a8451acff 0.779s
2024-10-31 12:31:22.572 63234 INFO tempest.common.waiters [-] State transition "BUILD/spawning" ==> "ACTIVE/None" after 16 second wait
2024-10-31 12:31:22.616 63210 INFO tempest.lib.common.rest_client [req-2d72c616-7759-4e73-b18e-e7a294107eb1 req-2d72c616-7759-4e73-b18e-e7a294107eb1 ] Request (TenantUsagesTestJSON:setUpClass): 200 GET http://10.180.1.21/compute/v2.1/servers/d66e557f-fbd5-4369-bdcb-14f25c3bbc7b 0.700s
2024-10-31 12:31:22.616 63206 INFO tempest.lib.common.rest_client [req-c2419d4b-61c5-4d29-9343-d5f7b349e3cc req-c2419d4b-61c5-4d29-9343-d5f7b349e3cc ] Request (HostsAdminTestJSON:setUpClass): 201 POST http://10.180.1.21/identity/v3/auth/tokens 0.081s
2024-10-31 12:31:22.634 63208 INFO tempest.lib.common.rest_client [req-7c080d6f-bca7-474f-a996-0670154383e1 req-7c080d6f-bca7-474f-a996-0670154383e1 ] Request (HypervisorAdminNegativeUnderV252Test:tearDownClass): 204 DELETE http://10.180.1.21/identity/v3/projects/7846af6862f4468cb3298b349e5b9cec 0.097s
2024-10-31 12:31:22.655 63218 INFO tempest.lib.common.rest_client [req-5dcee454-2850-4d27-965f-8f3ec71f0b12 req-5dcee454-2850-4d27-965f-8f3ec71f0b12 ] Request (FlavorsAccessTestJSON:tearDownClass): 204 DELETE http://10.180.1.21:9696/networking/v2.0/security-groups/b8e0565b-e4de-429c-9be8-b49be5a56095 0.614s
2024-10-31 12:31:22.695 63208 INFO tempest.lib.common.rest_client [req-c5c9ea68-bcf4-4fa4-8478-c72e274ad5f6 req-c5c9ea68-bcf4-4fa4-8478-c72e274ad5f6 ] Request (FloatingIPsAssociationTestJSON:setUpClass): 201 POST http://10.180.1.21/identity/v3/auth/tokens 0.059s
2024-10-31 12:31:22.761 63218 INFO tempest.lib.common.rest_client [req-700075c3-c53d-4584-9202-39d751797a99 req-700075c3-c53d-4584-9202-39d751797a99 ] Request (FlavorsAccessTestJSON:tearDownClass): 204 DELETE http://10.180.1.21/identity/v3/projects/c7145739da504e8b9dc0af5d22205a66 0.106s
2024-10-31 12:31:22.762 63218 INFO tempest.lib.common.dynamic_creds [-] Deleting project and security group for project: e2cd18dd14ab489d94f072b38cdc2b24
2024-10-31 12:31:22.769 63238 INFO tempest.lib.common.rest_client [req-6fc5eaf1-5533-4563-8075-1a7fcd09ee50 req-6fc5eaf1-5533-4563-8075-1a7fcd09ee50 ] Request (QuotasAdminTestJSON:test_get_updated_quotas): 200 PUT http://10.180.1.21/compute/v2.1/os-quota-sets/a42bd8027035475284fc3bae1958de0d 0.826s
2024-10-31 12:31:22.774 63204 INFO tempest.lib.common.rest_client [req-384a386d-f713-4b27-bad2-6fb0ee487683 req-384a386d-f713-4b27-bad2-6fb0ee487683 ] Request (AggregatesAdminNegativeTestJSON:test_aggregate_create_aggregate_name_length_exceeds_255): 400 POST http://10.180.1.21/compute/v2.1/os-aggregates 0.648s
2024-10-31 12:31:22.782 63208 INFO tempest.lib.common.rest_client [req-7b781616-0c7b-43f5-a162-7ba938a15a30 req-7b781616-0c7b-43f5-a162-7ba938a15a30 ] Request (FloatingIPsAssociationTestJSON:setUpClass): 201 POST http://10.180.1.21/identity/v3/auth/tokens 0.085s
2024-10-31 12:31:22.804 63226 INFO tempest.lib.common.rest_client [req-54e9f9e7-a229-419a-8e11-3ce413256aa0 req-54e9f9e7-a229-419a-8e11-3ce413256aa0 ] Request (KeyPairsV210TestJSON:tearDownClass): 200 GET http://10.180.1.21:9696/networking/v2.0/security-groups?tenant_id=f4aabb8a02f8447e864e56dc96e1990a&name=default 0.664s
2024-10-31 12:31:22.806 63208 INFO tempest.lib.common.rest_client [req-c0c63a5d-17d0-4062-8320-69f7b86bb592 req-c0c63a5d-17d0-4062-8320-69f7b86bb592 ] Request (FloatingIPsAssociationTestJSON:setUpClass): 200 GET http://10.180.1.21/identity/v3/domains?name=Default 0.023s
2024-10-31 12:31:22.832 63208 INFO tempest.lib.common.rest_client [req-766c4cce-803d-481b-afed-5821a0d27b2a req-766c4cce-803d-481b-afed-5821a0d27b2a ] Request (FloatingIPsAssociationTestJSON:setUpClass): 201 POST http://10.180.1.21/identity/v3/projects 0.026s
2024-10-31 12:31:22.877 63240 INFO tempest.lib.common.rest_client [req-88cf928e-9e2d-4605-9740-54edb2a67022 req-88cf928e-9e2d-4605-9740-54edb2a67022 ] Request (ServersAdminTestJSON:setUpClass): 200 GET http://10.180.1.21/compute/v2.1/servers/fa55e796-81d0-46b7-b025-9119bae2f305 0.734s
2024-10-31 12:31:22.892 63208 INFO tempest.lib.common.rest_client [req-995f49de-fc4d-46ce-977b-ca2512a6a7af req-995f49de-fc4d-46ce-977b-ca2512a6a7af ] Request (FloatingIPsAssociationTestJSON:setUpClass): 201 POST http://10.180.1.21/identity/v3/users 0.059s
2024-10-31 12:31:22.909 63208 INFO tempest.lib.common.rest_client [req-75033585-967d-4af4-a3a5-baee1958d627 req-75033585-967d-4af4-a3a5-baee1958d627 ] Request (FloatingIPsAssociationTestJSON:setUpClass): 200 GET http://10.180.1.21/identity/v3/roles 0.016s
2024-10-31 12:31:22.933 63208 INFO tempest.lib.common.rest_client [req-1b7e0894-7d90-4ec9-91d3-41eeb74060f8 req-1b7e0894-7d90-4ec9-91d3-41eeb74060f8 ] Request (FloatingIPsAssociationTestJSON:setUpClass): 204 PUT http://10.180.1.21/identity/v3/projects/c26a5af6390440cf8d6eb40ba101a9ba/users/e5ccf1db0e914bd3afb47ceb37449f5f/roles/ad044c832e5d4cfaa6ae363693442e4a 0.024s
2024-10-31 12:31:22.934 63208 INFO tempest.lib.common.dynamic_creds [-] Dynamic test user e5ccf1db0e914bd3afb47ceb37449f5f is created with scope project and roles: ['member']
2024-10-31 12:31:22.934 63208 INFO tempest.lib.common.dynamic_creds [-] Acquired dynamic creds: credentials: Credentials: {'domain_id': 'default', 'domain_name': 'Default', 'username': 'tempest-FloatingIPsAssociationTestJSON-1139767551-project-member', 'project_domain_id': 'default', 'project_domain_name': 'Default', 'project_id': 'c26a5af6390440cf8d6eb40ba101a9ba', 'project_name': 'tempest-FloatingIPsAssociationTestJSON-1139767551', 'tenant_id': 'c26a5af6390440cf8d6eb40ba101a9ba', 'tenant_name': 'tempest-FloatingIPsAssociationTestJSON-1139767551', 'user_domain_id': 'default', 'user_domain_name': 'Default', 'user_id': 'e5ccf1db0e914bd3afb47ceb37449f5f', 'system': None}, Network: None, Subnet: None, Router: None
2024-10-31 12:31:22.974 63242 INFO tempest.lib.common.rest_client [req-b39152f5-3e4f-4971-8704-f91302d99f04 req-b39152f5-3e4f-4971-8704-f91302d99f04 ] Request (ValidationResourcesFixture:setUp): 201 POST http://10.180.1.21:9696/networking/v2.0/security-group-rules 0.583s
2024-10-31 12:31:22.980 63260 INFO tempest.lib.common.rest_client [req-66b65d61-171b-4c0d-8762-a0359e6152fd req-66b65d61-171b-4c0d-8762-a0359e6152fd ] Request (FloatingIPsAssociationNegativeTestJSON:setUpClass): 200 GET http://10.180.1.21/compute/v2.1/servers/1e128a17-cc1a-4aa0-8020-9c01775d9f75 0.834s
2024-10-31 12:31:23.006 63250 INFO tempest.lib.common.rest_client [req-fa4f7636-5830-4f0d-854c-fa6905ccba50 req-fa4f7636-5830-4f0d-854c-fa6905ccba50 ] Request (FlavorsAdminTestJSON:_run_cleanups): 200 GET http://10.180.1.21/compute/v2.1/flavors/detail 0.758s
2024-10-31 12:31:23.009 63208 INFO tempest.lib.common.rest_client [req-5613cdd4-3493-4570-87db-ee674fd54c71 req-5613cdd4-3493-4570-87db-ee674fd54c71 ] Request (FloatingIPsAssociationTestJSON:setUpClass): 201 POST http://10.180.1.21/identity/v3/auth/tokens 0.075s
2024-10-31 12:31:23.016 63236 INFO tempest.lib.common.rest_client [req-e9aed8af-9746-433d-a447-64fbb8754571 req-e9aed8af-9746-433d-a447-64fbb8754571 ] Request (HostsAdminNegativeTestJSON:test_update_host_with_non_admin_user): 403 PUT http://10.180.1.21/compute/v2.1/os-hosts/devstack 0.766s
2024-10-31 12:31:23.103 63254 INFO tempest.lib.common.rest_client [req-a00b523a-ac98-40ac-807c-208c2808b273 req-a00b523a-ac98-40ac-807c-208c2808b273 ] Request (ImagesTestJSON:test_create_image_from_stopped_server): 200 GET http://10.180.1.21/compute/v2.1/servers/2931c8b9-ed5f-4994-a4d5-50e1369d67e9 0.834s
2024-10-31 12:31:23.171 63220 INFO tempest.lib.common.rest_client [req-a9d41f06-f3a3-4b3e-bfb0-d54f80cf29d7 req-a9d41f06-f3a3-4b3e-bfb0-d54f80cf29d7 ] Request (SecurityGroupsTestAdminJSON:_run_cleanups): 202 DELETE http://10.180.1.21/compute/v2.1/os-security-groups/d8a290e1-a7ff-449e-96bf-6ad332213a4a 1.077s
2024-10-31 12:31:23.192 63264 INFO tempest.lib.common.rest_client [req-e7ee1b75-7b97-4d73-a69b-25f32240444d req-e7ee1b75-7b97-4d73-a69b-25f32240444d ] Request (ServersTestJSON:setUpClass): 200 PUT http://10.180.1.21:9696/networking/v2.0/routers/8ef28b4d-20cd-4e31-9a0f-bc56ccd026bc/add_router_interface 4.068s
2024-10-31 12:31:23.193 63264 INFO tempest.lib.common.dynamic_creds [-] Created isolated network resources for: credentials: Credentials: {'domain_id': 'default', 'domain_name': 'Default', 'username': 'tempest-ServersTestJSON-1688430543-project-member', 'project_domain_id': 'default', 'project_domain_name': 'Default', 'project_id': '93413fa776be4e7cb4111f16721a8688', 'project_name': 'tempest-ServersTestJSON-1688430543', 'tenant_id': '93413fa776be4e7cb4111f16721a8688', 'tenant_name': 'tempest-ServersTestJSON-1688430543', 'user_domain_id': 'default', 'user_domain_name': 'Default', 'user_id': 'dc2af663375640c88a35792dca53a198', 'system': None}, Network: {'id': '35ec7ff3-2e25-4f18-9b9f-70cc2af8ee76', 'name': 'tempest-ServersTestJSON-1139112319-network', 'tenant_id': '93413fa776be4e7cb4111f16721a8688', 'admin_state_up': True, 'mtu': 8950, 'status': 'ACTIVE', 'subnets': [], 'shared': False, 'project_id': '93413fa776be4e7cb4111f16721a8688', 'port_security_enabled': True, 'router:external': False, 'provider:network_type': 'vlan', 'provider:physical_network': 'default', 'provider:segmentation_id': 383, 'availability_zone_hints': [], 'availability_zones': [], 'ipv4_address_scope': None, 'ipv6_address_scope': None, 'description': '', 'tags': [], 'created_at': '2024-10-31T12:31:15Z', 'updated_at': '2024-10-31T12:31:15Z', 'revision_number': 1}, Subnet: {'id': '2037c755-082f-4125-860d-cc336eff99e4', 'name': 'tempest-ServersTestJSON-1139112319-subnet', 'tenant_id': '93413fa776be4e7cb4111f16721a8688', 'network_id': '35ec7ff3-2e25-4f18-9b9f-70cc2af8ee76', 'ip_version': 4, 'subnetpool_id': None, 'enable_dhcp': True, 'ipv6_ra_mode': None, 'ipv6_address_mode': None, 'gateway_ip': '192.168.128.1', 'cidr': '192.168.128.0/28', 'allocation_pools': [{'start': '192.168.128.2', 'end': '192.168.128.14'}], 'host_routes': [], 'dns_nameservers': [], 'description': '', 'router:external': False, 'service_types': [], 'tags': [], 'created_at': '2024-10-31T12:31:15Z', 'updated_at': '2024-10-31T12:31:15Z', 'revision_number': 0, 'project_id': '93413fa776be4e7cb4111f16721a8688'}, Router: {'id': '8ef28b4d-20cd-4e31-9a0f-bc56ccd026bc', 'name': 'tempest-ServersTestJSON-1139112319-router', 'tenant_id': '93413fa776be4e7cb4111f16721a8688', 'admin_state_up': True, 'status': 'ACTIVE', 'external_gateway_info': {'network_id': '0532b6e2-95a2-45f7-b5ed-331ebc4b25d1', 'external_fixed_ips': [{'subnet_id': 'fc9da9cb-4bb0-40c8-a8a8-5c064b60248d', 'ip_address': '10.180.180.194'}], 'enable_snat': True}, 'description': '', 'availability_zones': [], 'distributed': False, 'ha': False, 'availability_zone_hints': [], 'routes': [], 'flavor_id': None, 'tags': [], 'created_at': '2024-10-31T12:31:16Z', 'updated_at': '2024-10-31T12:31:17Z', 'revision_number': 2, 'project_id': '93413fa776be4e7cb4111f16721a8688'}
2024-10-31 12:31:23.262 63218 INFO tempest.lib.common.rest_client [req-24c15b40-3fe3-464d-9106-2ebcca7ca071 req-24c15b40-3fe3-464d-9106-2ebcca7ca071 ] Request (FlavorsAccessTestJSON:tearDownClass): 200 GET http://10.180.1.21:9696/networking/v2.0/security-groups?tenant_id=e2cd18dd14ab489d94f072b38cdc2b24&name=default 0.500s
2024-10-31 12:31:23.272 63244 INFO tempest.lib.common.rest_client [req-81de1f83-ecf4-4a43-8c1e-243e20e40732 req-81de1f83-ecf4-4a43-8c1e-243e20e40732 ] Request (FlavorsAccessNegativeTestJSON:test_flavor_non_admin_add): 403 POST http://10.180.1.21/compute/v2.1/flavors/1268095663/action 0.916s
2024-10-31 12:31:23.277 63224 INFO tempest.lib.common.rest_client [req-010d0bd9-ac2e-41f6-b46e-1d3565198a84 req-010d0bd9-ac2e-41f6-b46e-1d3565198a84 ] Request (FlavorsExtraSpecsNegativeTestJSON:test_flavor_update_more_key): 400 PUT http://10.180.1.21/compute/v2.1/flavors/1789101153/os-extra_specs/hw:numa_nodes 0.899s
2024-10-31 12:31:23.318 63264 INFO tempest.lib.common.rest_client [req-c2828513-6642-483e-88dc-209b471fe1a9 req-c2828513-6642-483e-88dc-209b471fe1a9 ] Request (ServersTestJSON:setUpClass): 201 POST http://10.180.1.21/identity/v3/auth/tokens 0.120s
2024-10-31 12:31:23.353 63226 INFO tempest.lib.common.rest_client [req-cc7de884-5f98-4e1f-a6e9-aa79cf8198a5 req-cc7de884-5f98-4e1f-a6e9-aa79cf8198a5 ] Request (KeyPairsV210TestJSON:tearDownClass): 204 DELETE http://10.180.1.21:9696/networking/v2.0/security-groups/e9774ab0-36eb-4ad0-a155-60b8071c780d 0.549s
2024-10-31 12:31:23.364 63220 INFO tempest.lib.common.rest_client [req-d613bb93-8c95-4e06-9c11-66137a93a7c9 req-d613bb93-8c95-4e06-9c11-66137a93a7c9 ] Request (SecurityGroupsTestAdminJSON:tearDownClass): 204 DELETE http://10.180.1.21/identity/v3/users/7eca4113336e4534a5c9ee7704f2c71e 0.137s
2024-10-31 12:31:23.372 63246 INFO tempest.lib.common.rest_client [req-cc9e6f87-b0eb-4e38-8d38-4d2302aed198 req-cc9e6f87-b0eb-4e38-8d38-4d2302aed198 ] Request (ListServersNegativeTestJSON:setUpClass): 200 GET http://10.180.1.21/compute/v2.1/servers/2870d8cb-8c19-454e-8a6e-1675eba8ddd4 0.940s
2024-10-31 12:31:23.442 63222 INFO tempest.lib.common.rest_client [req-da78aca0-f547-44cf-9392-fbbc595da7f5 req-da78aca0-f547-44cf-9392-fbbc595da7f5 ] Request (VolumesAssistedSnapshotsTest:test_volume_assisted_snapshot_create_delete): 201 POST http://10.180.1.21:9696/networking/v2.0/floatingips 2.262s
2024-10-31 12:31:23.462 63214 INFO tempest.lib.common.rest_client [req-6aa50612-5d04-42bf-b687-bf89a78ea7d6 req-6aa50612-5d04-42bf-b687-bf89a78ea7d6 ] Request (AttachInterfacesUnderV243Test:setUpClass): 200 PUT http://10.180.1.21:9696/networking/v2.0/routers/50fe1fd1-24de-4c4d-97da-c4c0980c7627/add_router_interface 4.081s
2024-10-31 12:31:23.462 63214 INFO tempest.lib.common.dynamic_creds [-] Created isolated network resources for: credentials: Credentials: {'domain_id': 'default', 'domain_name': 'Default', 'username': 'tempest-AttachInterfacesUnderV243Test-906941893-project-member', 'project_domain_id': 'default', 'project_domain_name': 'Default', 'project_id': '503e420565454b169ca53f0779a040af', 'project_name': 'tempest-AttachInterfacesUnderV243Test-906941893', 'tenant_id': '503e420565454b169ca53f0779a040af', 'tenant_name': 'tempest-AttachInterfacesUnderV243Test-906941893', 'user_domain_id': 'default', 'user_domain_name': 'Default', 'user_id': 'f16e1775265f4ec3adbcd66d4df484a3', 'system': None}, Network: {'id': '50cf6091-2e79-422d-a05f-331a3e32045b', 'name': 'tempest-AttachInterfacesUnderV243Test-2110707648-network', 'tenant_id': '503e420565454b169ca53f0779a040af', 'admin_state_up': True, 'mtu': 8950, 'status': 'ACTIVE', 'subnets': [], 'shared': False, 'project_id': '503e420565454b169ca53f0779a040af', 'port_security_enabled': True, 'router:external': False, 'provider:network_type': 'vlan', 'provider:physical_network': 'default', 'provider:segmentation_id': 464, 'availability_zone_hints': [], 'availability_zones': [], 'ipv4_address_scope': None, 'ipv6_address_scope': None, 'description': '', 'tags': [], 'created_at': '2024-10-31T12:31:16Z', 'updated_at': '2024-10-31T12:31:16Z', 'revision_number': 1}, Subnet: {'id': '481ffea5-d869-41e8-84ba-f90c23bfce55', 'name': 'tempest-AttachInterfacesUnderV243Test-2110707648-subnet', 'tenant_id': '503e420565454b169ca53f0779a040af', 'network_id': '50cf6091-2e79-422d-a05f-331a3e32045b', 'ip_version': 4, 'subnetpool_id': None, 'enable_dhcp': True, 'ipv6_ra_mode': None, 'ipv6_address_mode': None, 'gateway_ip': '192.168.128.1', 'cidr': '192.168.128.0/28', 'allocation_pools': [{'start': '192.168.128.2', 'end': '192.168.128.14'}], 'host_routes': [], 'dns_nameservers': [], 'description': '', 'router:external': False, 'service_types': [], 'tags': [], 'created_at': '2024-10-31T12:31:16Z', 'updated_at': '2024-10-31T12:31:16Z', 'revision_number': 0, 'project_id': '503e420565454b169ca53f0779a040af'}, Router: {'id': '50fe1fd1-24de-4c4d-97da-c4c0980c7627', 'name': 'tempest-AttachInterfacesUnderV243Test-2110707648-router', 'tenant_id': '503e420565454b169ca53f0779a040af', 'admin_state_up': True, 'status': 'ACTIVE', 'external_gateway_info': {'network_id': '0532b6e2-95a2-45f7-b5ed-331ebc4b25d1', 'external_fixed_ips': [{'subnet_id': 'fc9da9cb-4bb0-40c8-a8a8-5c064b60248d', 'ip_address': '10.180.180.193'}], 'enable_snat': True}, 'description': '', 'availability_zones': [], 'distributed': False, 'ha': False, 'availability_zone_hints': [], 'routes': [], 'flavor_id': None, 'tags': [], 'created_at': '2024-10-31T12:31:16Z', 'updated_at': '2024-10-31T12:31:18Z', 'revision_number': 2, 'project_id': '503e420565454b169ca53f0779a040af'}
2024-10-31 12:31:23.464 63226 INFO tempest.lib.common.rest_client [req-61909313-9114-4080-8d01-e5bcf0ecbc4e req-61909313-9114-4080-8d01-e5bcf0ecbc4e ] Request (KeyPairsV210TestJSON:tearDownClass): 204 DELETE http://10.180.1.21/identity/v3/projects/f4aabb8a02f8447e864e56dc96e1990a 0.110s
2024-10-31 12:31:23.484 63220 INFO tempest.lib.common.rest_client [req-d3ed7d7e-38ea-4738-84f7-f2bec8c4507b req-d3ed7d7e-38ea-4738-84f7-f2bec8c4507b ] Request (SecurityGroupsTestAdminJSON:tearDownClass): 204 DELETE http://10.180.1.21/identity/v3/users/854de06ce4c8415e93080f29eb822cc9 0.119s
2024-10-31 12:31:23.484 63220 INFO tempest.lib.common.dynamic_creds [-] Deleting project and security group for project: 036c1ab8b8cc4a608036e28768702963
2024-10-31 12:31:23.560 63218 INFO tempest.lib.common.rest_client [req-7327fc22-88a3-4131-8c6e-c2f4973d2a44 req-7327fc22-88a3-4131-8c6e-c2f4973d2a44 ] Request (FlavorsAccessTestJSON:tearDownClass): 204 DELETE http://10.180.1.21:9696/networking/v2.0/security-groups/964aa774-e765-436f-a15d-0528f31e2230 0.297s
2024-10-31 12:31:23.572 63222 INFO tempest.lib.common.rest_client [req-c20623ab-fc97-40a3-a7ac-c3ea2e0011e5 req-c20623ab-fc97-40a3-a7ac-c3ea2e0011e5 ] Request (VolumesAssistedSnapshotsTest:test_volume_assisted_snapshot_create_delete): 201 POST http://10.180.1.21/identity/v3/auth/tokens 0.126s
2024-10-31 12:31:23.573 63222 INFO tempest.lib.common.fixed_network [-] (VolumesAssistedSnapshotsTest:test_volume_assisted_snapshot_create_delete) Found network {'id': 'a7abc2bb-1e02-4352-9c53-ba97c49ee9a3', 'name': 'tempest-VolumesAssistedSnapshotsTest-1533139658-network', 'tenant_id': 'b4c59e1d6b5b4ad0bb0e46a72dfc5a2c', 'admin_state_up': True, 'mtu': 8950, 'status': 'ACTIVE', 'subnets': [], 'shared': False, 'project_id': 'b4c59e1d6b5b4ad0bb0e46a72dfc5a2c', 'port_security_enabled': True, 'router:external': False, 'provider:network_type': 'vlan', 'provider:physical_network': 'default', 'provider:segmentation_id': 831, 'availability_zone_hints': [], 'availability_zones': [], 'ipv4_address_scope': None, 'ipv6_address_scope': None, 'description': '', 'tags': [], 'created_at': '2024-10-31T12:30:56Z', 'updated_at': '2024-10-31T12:30:56Z', 'revision_number': 1} available for tenant
2024-10-31 12:31:23.574 63252 INFO tempest.lib.common.rest_client [req-b375d146-4f99-40df-ac6f-2a518125e0de req-b375d146-4f99-40df-ac6f-2a518125e0de ] Request (FloatingIPsNegativeTestJSON:setUpClass): 201 POST http://10.180.1.21:9696/networking/v2.0/networks 1.195s
