2024-10-31 12:32:44.336 63210 INFO tempest.lib.common.rest_client [req-6837ee22-850a-4b3e-a670-83371ff75336 req-6837ee22-850a-4b3e-a670-83371ff75336 ] Request (ListImageFiltersTestJSON:setUpClass): 200 GET http://10.180.1.21/compute/v2.1/images/509b4376-93b3-42a9-966f-5b0597da8619 0.027s
2024-10-31 12:32:44.364 63210 INFO tempest.lib.common.rest_client [req-2a2d7c57-2357-4298-8403-b47719eab5b3 req-2a2d7c57-2357-4298-8403-b47719eab5b3 ] Request (ListImageFiltersTestJSON:setUpClass): 200 GET http://10.180.1.21/compute/v2.1/images/509b4376-93b3-42a9-966f-5b0597da8619 0.025s
2024-10-31 12:32:44.392 63210 INFO tempest.lib.common.rest_client [req-eaf4f7a3-d219-4d4f-b299-a10914c20039 req-eaf4f7a3-d219-4d4f-b299-a10914c20039 ] Request (ListImageFiltersTestJSON:setUpClass): 201 POST http://10.180.1.21/identity/v3/auth/tokens 0.023s
2024-10-31 12:32:44.393 63210 INFO tempest.lib.common.fixed_network [-] (ListImageFiltersTestJSON:setUpClass) Found network None available for tenant
2024-10-31 12:32:44.426 63230 INFO tempest.lib.common.rest_client [req-86158ccd-deaa-42a7-8331-c7a3884b668e req-86158ccd-deaa-42a7-8331-c7a3884b668e ] Request (SecurityGroupsTestJSON:test_list_security_groups_by_server): 200 GET http://10.180.1.21/compute/v2.1/servers/f619dd08-0cdf-486f-8f13-707b254a8593 0.053s
2024-10-31 12:32:44.432 63230 INFO tempest.common.waiters [-] State transition "BUILD/scheduling" ==> "ERROR/None" after 84 second wait
2024-10-31 12:32:44.475 63214 INFO tempest.lib.common.rest_client [req-0dfb973b-f79e-43bb-8453-110c54afb081 req-0dfb973b-f79e-43bb-8453-110c54afb081 ] Request (AttachInterfacesUnderV243Test:test_add_remove_fixed_ip): 200 GET http://10.180.1.21/compute/v2.1/servers/63c54ed4-4525-42f6-a99f-033f7b9838a7 0.074s
2024-10-31 12:32:44.580 63210 INFO tempest.lib.common.rest_client [req-41dc0875-322c-4c79-ac33-039a17589932 req-41dc0875-322c-4c79-ac33-039a17589932 ] Request (ListImageFiltersTestJSON:setUpClass): 202 POST http://10.180.1.21/compute/v2.1/servers 0.186s
2024-10-31 12:32:44.610 63210 INFO tempest.lib.common.rest_client [req-90a780db-e148-4337-9c56-851716d4cce6 req-90a780db-e148-4337-9c56-851716d4cce6 ] Request (ListImageFiltersTestJSON:setUpClass): 201 POST http://10.180.1.21/identity/v3/auth/tokens 0.025s
2024-10-31 12:32:44.610 63210 INFO tempest.lib.common.fixed_network [-] (ListImageFiltersTestJSON:setUpClass) Found network None available for tenant
2024-10-31 12:32:44.623 63230 INFO tempest.lib.common.rest_client [req-7f83d732-c38f-482c-a72a-5b692e5da61d req-7f83d732-c38f-482c-a72a-5b692e5da61d ] Request (SecurityGroupsTestJSON:test_list_security_groups_by_server): 204 DELETE http://10.180.1.21/compute/v2.1/servers/f619dd08-0cdf-486f-8f13-707b254a8593 0.191s
2024-10-31 12:32:44.624 63232 INFO tempest.lib.common.rest_client [req-8601bd70-70e7-4dd1-b065-8e478c103d1c req-8601bd70-70e7-4dd1-b065-8e478c103d1c ] Request (ServerRescueNegativeTestJSON:setUpClass): 200 GET http://10.180.1.21/compute/v2.1/servers/8a893e6e-37d4-4fd4-b0db-d6633117bdce 0.167s
2024-10-31 12:32:44.669 63218 INFO tempest.lib.common.rest_client [req-4d925e2e-0c32-4620-b73b-36d4a6115ac6 req-4d925e2e-0c32-4620-b73b-36d4a6115ac6 ] Request (ImagesNegativeTestJSON:test_create_image_from_deleted_server): 200 GET http://10.180.1.21/compute/v2.1/servers/f45f605f-cb91-4169-879c-bf9e6ce9c989 0.209s
2024-10-31 12:32:44.674 63254 INFO tempest.lib.common.rest_client [req-e549c31a-c9aa-4b96-9d4e-d404070c3cd9 req-e549c31a-c9aa-4b96-9d4e-d404070c3cd9 ] Request (ImagesTestJSON:test_create_image_from_suspended_server): 200 GET http://10.180.1.21/compute/v2.1/servers/3a994542-8c8e-4b3c-87bc-2c40a0fc95b5 0.174s
2024-10-31 12:32:44.711 63238 INFO tempest.lib.common.rest_client [req-a8aedb97-0c55-463d-8de1-b0d56e095ae0 req-a8aedb97-0c55-463d-8de1-b0d56e095ae0 ] Request (ServersNegativeTestMultiTenantJSON:setUpClass): 200 GET http://10.180.1.21/compute/v2.1/servers/f8ba32e4-6234-4dee-8bc5-b7a12105a3c4 0.185s
2024-10-31 12:32:44.729 63230 INFO tempest.lib.common.rest_client [req-173e4d80-3a8c-431b-9ee1-29ad6d7220c6 req-173e4d80-3a8c-431b-9ee1-29ad6d7220c6 ] Request (SecurityGroupsTestJSON:test_list_security_groups_by_server): 404 GET http://10.180.1.21/compute/v2.1/servers/f619dd08-0cdf-486f-8f13-707b254a8593 0.105s
2024-10-31 12:32:44.773 63260 INFO tempest.lib.common.rest_client [req-65d78063-b4ad-43c2-9e5f-7b3dab84708f req-65d78063-b4ad-43c2-9e5f-7b3dab84708f ] Request (ServerPasswordTestJSON:setUpClass): 200 GET http://10.180.1.21/compute/v2.1/servers/852e7cdf-5da3-4217-8960-f3204d4c1035 0.050s
2024-10-31 12:32:44.816 63226 INFO tempest.lib.common.rest_client [req-6877eeee-42f6-41b9-817f-585e1beb8e41 req-6877eeee-42f6-41b9-817f-585e1beb8e41 ] Request (AttachVolumeTestJSON:test_attach_detach_volume): 200 GET http://10.180.1.21/compute/v2.1/servers/ece118fc-a39e-443a-bfd1-fc332da2452f 0.090s
2024-10-31 12:32:44.845 63210 INFO tempest.lib.common.rest_client [req-f653a15f-5633-42a6-91a4-a18df25d142e req-f653a15f-5633-42a6-91a4-a18df25d142e ] Request (ListImageFiltersTestJSON:setUpClass): 202 POST http://10.180.1.21/compute/v2.1/servers 0.234s
2024-10-31 12:32:44.893 63222 INFO tempest.lib.common.rest_client [req-903f2423-c9ae-4642-b473-d6f010bea615 req-903f2423-c9ae-4642-b473-d6f010bea615 ] Request (VolumesAssistedSnapshotsTest:test_volume_assisted_snapshot_create_delete): 200 GET http://10.180.1.21/compute/v2.1/servers/61702d54-59d2-4d13-9eed-59b052b7fe74 0.120s
2024-10-31 12:32:44.953 63220 INFO tempest.lib.common.rest_client [req-1b20b530-14aa-4ead-b95d-01c4dc85c822 req-1b20b530-14aa-4ead-b95d-01c4dc85c822 ] Request (InstanceActionsV221TestJSON:test_get_list_deleted_instance_actions): 200 GET http://10.180.1.21/compute/v2.1/servers/8ac4264d-7d75-4c38-b8da-e3d90ffe9363 0.172s
2024-10-31 12:32:44.960 63220 INFO tempest.common.waiters [-] State transition "BUILD/scheduling" ==> "BUILD/None" after 69 second wait
2024-10-31 12:32:44.965 63230 INFO tempest.lib.common.rest_client [req-8dcda423-e71c-4d68-a7cd-743331e3e6c0 req-8dcda423-e71c-4d68-a7cd-743331e3e6c0 ] Request (SecurityGroupsTestJSON:test_security_group_create_get_delete): 200 POST http://10.180.1.21/compute/v2.1/os-security-groups 0.233s
2024-10-31 12:32:45.023 63262 INFO tempest.lib.common.rest_client [req-a11a938b-6485-494a-8726-9cf80fb95032 req-a11a938b-6485-494a-8726-9cf80fb95032 ] Request (DeleteServersAdminTestJSON:test_delete_server_while_in_error_state): 200 GET http://10.180.1.21/compute/v2.1/servers/7eee167f-50e3-48d5-9c6d-9115df9bb0b9 0.191s
2024-10-31 12:32:45.035 63204 INFO tempest.lib.common.rest_client [req-8cc4a82d-cdcf-4f28-be01-2504034da8df req-8cc4a82d-cdcf-4f28-be01-2504034da8df ] Request (ServerActionsTestOtherB:setUpClass): 200 GET http://10.180.1.21/compute/v2.1/servers/1a55a4d1-59ea-4dee-b0bd-de5d04e3ecdb 0.208s
2024-10-31 12:32:45.062 63210 INFO tempest.lib.common.rest_client [req-edfc4c6b-71ce-4bfb-a8da-9c9b3c59fc65 req-edfc4c6b-71ce-4bfb-a8da-9c9b3c59fc65 ] Request (ListImageFiltersTestJSON:setUpClass): 200 GET http://10.180.1.21/compute/v2.1/servers/d6e90043-ebd3-4daf-acfa-545ce8462942 0.216s
2024-10-31 12:32:45.094 63224 INFO tempest.lib.common.rest_client [req-9fa39a36-a3f4-451c-bb25-4c9c2a6e7a3e req-9fa39a36-a3f4-451c-bb25-4c9c2a6e7a3e ] Request (ListServerFiltersTestJSON:setUpClass): 200 GET http://10.180.1.21/compute/v2.1/servers/79a4d3c8-ead6-4893-b0a7-89a8ff435e54 0.233s
2024-10-31 12:32:45.112 63228 INFO tempest.lib.common.rest_client [req-e26af6df-33e4-4ba9-b54b-b9e80809ff02 req-e26af6df-33e4-4ba9-b54b-b9e80809ff02 ] Request (ServersTestFqdnHostnames:test_create_server_with_fqdn_name): 200 GET http://10.180.1.21/compute/v2.1/servers/b2f38e92-37a1-4e0b-9292-b20ea43a2038 0.236s
2024-10-31 12:32:45.139 63208 INFO tempest.lib.common.rest_client [req-c69391f9-806a-4f13-81c7-6dbde147bf16 req-c69391f9-806a-4f13-81c7-6dbde147bf16 ] Request (FloatingIPsAssociationTestJSON:setUpClass): 200 GET http://10.180.1.21/compute/v2.1/servers/222f547e-8fce-4576-bafc-809ea2ee8631 0.227s
2024-10-31 12:32:45.158 63264 INFO tempest.lib.common.rest_client [req-227737cf-e264-4f3f-807c-bfbf1b5be08c req-227737cf-e264-4f3f-807c-bfbf1b5be08c ] Request (ServersTestJSON:setUpClass): 200 GET http://10.180.1.21/compute/v2.1/servers/f594c50e-25b3-4e85-840c-7dfe0994a2c2 0.235s
2024-10-31 12:32:45.185 63212 INFO tempest.lib.common.rest_client [req-f18d6440-e46a-40ce-b888-27e5cfb7e4c6 req-f18d6440-e46a-40ce-b888-27e5cfb7e4c6 ] Request (ServerAddressesNegativeTestJSON:setUpClass): 200 GET http://10.180.1.21/compute/v2.1/servers/53519d3e-34d2-410f-ac19-69a015e407b9 0.227s
2024-10-31 12:32:45.198 63230 INFO tempest.lib.common.rest_client [req-2673e9b3-bff2-4d7d-87d3-4252f7f7e79c req-2673e9b3-bff2-4d7d-87d3-4252f7f7e79c ] Request (SecurityGroupsTestJSON:test_security_group_create_get_delete): 200 GET http://10.180.1.21/compute/v2.1/os-security-groups/d2378e14-a1b4-4367-92e8-60b0b147ef40 0.230s
2024-10-31 12:32:45.227 63234 INFO tempest.lib.common.rest_client [req-d79469a1-0fb1-4efb-aaea-20246aa8bdbd req-d79469a1-0fb1-4efb-aaea-20246aa8bdbd ] Request (ServerExternalEventsTest:test_create_server_external_events): 200 GET http://10.180.1.21/compute/v2.1/servers/cd978d56-ba80-44a9-9a02-3a1254066571 0.260s
2024-10-31 12:32:45.238 63242 INFO tempest.lib.common.rest_client [req-8b668bde-7ea3-472b-b68d-8a26878173cc req-8b668bde-7ea3-472b-b68d-8a26878173cc ] Request (ServersWithSpecificFlavorTestJSON:test_verify_created_server_ephemeral_disk): 200 GET http://10.180.1.21/compute/v2.1/servers/59187ca2-0482-4603-8689-542d2bf5d023 0.236s
2024-10-31 12:32:45.267 63236 INFO tempest.lib.common.rest_client [req-6c284f38-4d37-4ff9-a90a-ab175c5d6603 req-6c284f38-4d37-4ff9-a90a-ab175c5d6603 ] Request (ServerMetadataTestJSON:setUpClass): 200 GET http://10.180.1.21/compute/v2.1/servers/eaf9ca94-4f45-403e-bb06-e9a9adf58f38 0.236s
2024-10-31 12:32:45.277 63248 INFO tempest.lib.common.rest_client [req-9f8b9b4e-8452-42fa-a9dc-0e917a39a658 req-9f8b9b4e-8452-42fa-a9dc-0e917a39a658 ] Request (VolumesAdminNegativeTest:test_update_attached_volume_with_nonexistent_volume_in_uri): 200 GET http://10.180.1.21/compute/v2.1/servers/f9a2b957-a312-4c9b-bb0d-0b1dad6416cd 0.198s
2024-10-31 12:32:45.309 63250 INFO tempest.lib.common.rest_client [req-5f56ad17-d315-454c-8aa7-463a657e6c9c req-5f56ad17-d315-454c-8aa7-463a657e6c9c ] Request (MigrationsAdminTest:test_list_migrations_in_flavor_resize_situation): 200 GET http://10.180.1.21/compute/v2.1/servers/4519d37a-f8e6-4a25-99a1-399925199a58 0.191s
2024-10-31 12:32:45.319 63252 INFO tempest.lib.common.rest_client [req-2126532b-9c0e-4f2b-82a7-181b20c11a83 req-2126532b-9c0e-4f2b-82a7-181b20c11a83 ] Request (ServersTestBootFromVolume:setUpClass): 200 GET http://10.180.1.21/compute/v2.1/servers/99db6bef-6501-4ab3-a329-0877ca303f1b 0.148s
2024-10-31 12:32:45.371 63206 INFO tempest.lib.common.rest_client [req-a8054433-db72-42c6-bb97-fe1e50e43ce3 req-a8054433-db72-42c6-bb97-fe1e50e43ce3 ] Request (AttachInterfacesTestJSON:test_create_list_show_delete_interfaces_by_fixed_ip): 200 GET http://10.180.1.21/compute/v2.1/servers/83c4b731-780a-4f3c-bbdd-b624a52365ef 0.169s
2024-10-31 12:32:45.413 63244 INFO tempest.lib.common.rest_client [req-2df832b9-2436-4f5c-a2f9-507795cb076e req-2df832b9-2436-4f5c-a2f9-507795cb076e ] Request (ServerDiagnosticsNegativeTest:test_get_server_diagnostics_by_non_admin): 200 GET http://10.180.1.21/compute/v2.1/servers/6c7ed2a3-ed0f-476b-8232-d7a3c27adcee 0.197s
2024-10-31 12:32:45.420 63230 INFO tempest.lib.common.rest_client [req-07e30297-8150-4214-8dd3-7760c36b7bc8 req-07e30297-8150-4214-8dd3-7760c36b7bc8 ] Request (SecurityGroupsTestJSON:test_security_group_create_get_delete): 202 DELETE http://10.180.1.21/compute/v2.1/os-security-groups/d2378e14-a1b4-4367-92e8-60b0b147ef40 0.219s
2024-10-31 12:32:45.454 63240 INFO tempest.lib.common.rest_client [req-f1f1a98f-fe0d-4e56-94b0-7b20a8e6cb79 req-f1f1a98f-fe0d-4e56-94b0-7b20a8e6cb79 ] Request (ServerRescueTestJSON:setUpClass): 200 GET http://10.180.1.21/compute/v2.1/servers/8342b9df-ebfd-403b-a0b8-1fdd6ebe2add 0.209s
2024-10-31 12:32:45.467 63256 INFO tempest.lib.common.rest_client [req-c649285a-dcac-41f0-9605-efed66ef06d2 req-c649285a-dcac-41f0-9605-efed66ef06d2 ] Request (ServersAdmin275Test:test_rebuild_update_server_275): 200 GET http://10.180.1.21/compute/v2.1/servers/02f113d2-f991-4268-b9a4-59e2e6bcf7a6 0.138s
2024-10-31 12:32:45.468 63230 INFO tempest.lib.common.rest_client [req-72b474be-5b91-4e71-b094-09da4c6c8545 req-72b474be-5b91-4e71-b094-09da4c6c8545 ] Request (SecurityGroupsTestJSON:test_security_group_create_get_delete): 404 GET http://10.180.1.21/compute/v2.1/os-security-groups/d2378e14-a1b4-4367-92e8-60b0b147ef40 0.048s
2024-10-31 12:32:45.530 63214 INFO tempest.lib.common.rest_client [req-4bb6df5a-137c-424e-85d4-195456b0cc88 req-4bb6df5a-137c-424e-85d4-195456b0cc88 ] Request (AttachInterfacesUnderV243Test:test_add_remove_fixed_ip): 200 GET http://10.180.1.21/compute/v2.1/servers/63c54ed4-4525-42f6-a99f-033f7b9838a7 0.047s
2024-10-31 12:32:45.576 63230 INFO tempest.lib.common.rest_client [req-4a2d8bd3-a4c0-4b90-824f-c36029c38a4d req-4a2d8bd3-a4c0-4b90-824f-c36029c38a4d ] Request (SecurityGroupsTestJSON:test_security_groups_create_list_delete): 200 POST http://10.180.1.21/compute/v2.1/os-security-groups 0.107s
2024-10-31 12:32:45.675 63230 INFO tempest.lib.common.rest_client [req-d7779714-f21f-4331-891e-37d8ddec4e37 req-d7779714-f21f-4331-891e-37d8ddec4e37 ] Request (SecurityGroupsTestJSON:test_security_groups_create_list_delete): 200 POST http://10.180.1.21/compute/v2.1/os-security-groups 0.096s
2024-10-31 12:32:45.677 63232 INFO tempest.lib.common.rest_client [req-29a9c737-e3c7-4e0a-aaa7-196a7f19136e req-29a9c737-e3c7-4e0a-aaa7-196a7f19136e ] Request (ServerRescueNegativeTestJSON:setUpClass): 200 GET http://10.180.1.21/compute/v2.1/servers/8a893e6e-37d4-4fd4-b0db-d6633117bdce 0.046s
2024-10-31 12:32:45.723 63218 INFO tempest.lib.common.rest_client [req-e682b389-a1d6-4de9-9739-722161364ec4 req-e682b389-a1d6-4de9-9739-722161364ec4 ] Request (ImagesNegativeTestJSON:test_create_image_from_deleted_server): 200 GET http://10.180.1.21/compute/v2.1/servers/f45f605f-cb91-4169-879c-bf9e6ce9c989 0.048s
2024-10-31 12:32:45.766 63254 INFO tempest.lib.common.rest_client [req-95600e75-b6c5-4728-bfb8-cc68201daaf8 req-95600e75-b6c5-4728-bfb8-cc68201daaf8 ] Request (ImagesTestJSON:test_create_image_from_suspended_server): 200 GET http://10.180.1.21/compute/v2.1/servers/3a994542-8c8e-4b3c-87bc-2c40a0fc95b5 0.084s
2024-10-31 12:32:45.788 63230 INFO tempest.lib.common.rest_client [req-88948e36-f012-4ff9-af3c-2390ab4c2014 req-88948e36-f012-4ff9-af3c-2390ab4c2014 ] Request (SecurityGroupsTestJSON:test_security_groups_create_list_delete): 200 POST http://10.180.1.21/compute/v2.1/os-security-groups 0.110s
2024-10-31 12:32:45.810 63238 INFO tempest.lib.common.rest_client [req-5242ba8b-94e0-4865-8f87-c4b11f4a558d req-5242ba8b-94e0-4865-8f87-c4b11f4a558d ] Request (ServersNegativeTestMultiTenantJSON:setUpClass): 200 GET http://10.180.1.21/compute/v2.1/servers/f8ba32e4-6234-4dee-8bc5-b7a12105a3c4 0.093s
2024-10-31 12:32:45.834 63260 INFO tempest.lib.common.rest_client [req-b05edb65-dd76-43a7-ad79-d23c0251ff52 req-b05edb65-dd76-43a7-ad79-d23c0251ff52 ] Request (ServerPasswordTestJSON:setUpClass): 200 GET http://10.180.1.21/compute/v2.1/servers/852e7cdf-5da3-4217-8960-f3204d4c1035 0.053s
2024-10-31 12:32:45.885 63226 INFO tempest.lib.common.rest_client [req-d3339a29-598e-48c0-904c-6093e420ae94 req-d3339a29-598e-48c0-904c-6093e420ae94 ] Request (AttachVolumeTestJSON:test_attach_detach_volume): 200 GET http://10.180.1.21/compute/v2.1/servers/ece118fc-a39e-443a-bfd1-fc332da2452f 0.063s
2024-10-31 12:32:45.911 63230 INFO tempest.lib.common.rest_client [req-ebd0fbe8-f62a-451b-94c1-146c0b3da995 req-ebd0fbe8-f62a-451b-94c1-146c0b3da995 ] Request (SecurityGroupsTestJSON:test_security_groups_create_list_delete): 200 GET http://10.180.1.21/compute/v2.1/os-security-groups 0.120s
2024-10-31 12:32:45.956 63222 INFO tempest.lib.common.rest_client [req-483c2111-80a3-4b2d-a7af-09f991e3152b req-483c2111-80a3-4b2d-a7af-09f991e3152b ] Request (VolumesAssistedSnapshotsTest:test_volume_assisted_snapshot_create_delete): 200 GET http://10.180.1.21/compute/v2.1/servers/61702d54-59d2-4d13-9eed-59b052b7fe74 0.054s
2024-10-31 12:32:45.962 63222 INFO tempest.common.waiters [-] State transition "BUILD/spawning" ==> "ERROR/None" after 77 second wait
2024-10-31 12:32:46.010 63220 INFO tempest.lib.common.rest_client [req-d0af81cd-0bd4-4c6b-8008-7b6d8b3b3ae5 req-d0af81cd-0bd4-4c6b-8008-7b6d8b3b3ae5 ] Request (InstanceActionsV221TestJSON:test_get_list_deleted_instance_actions): 200 GET http://10.180.1.21/compute/v2.1/servers/8ac4264d-7d75-4c38-b8da-e3d90ffe9363 0.049s
2024-10-31 12:32:46.022 63230 INFO tempest.lib.common.rest_client [req-4e83653d-d0b5-4bc5-8ab2-cd4276a9498b req-4e83653d-d0b5-4bc5-8ab2-cd4276a9498b ] Request (SecurityGroupsTestJSON:test_security_groups_create_list_delete): 202 DELETE http://10.180.1.21/compute/v2.1/os-security-groups/a986dd47-50a6-454f-8c7e-c3ad7076587f 0.107s
2024-10-31 12:32:46.040 63230 INFO tempest.lib.common.rest_client [req-61f4e073-7c0b-4ea1-a280-f57c47c4abec req-61f4e073-7c0b-4ea1-a280-f57c47c4abec ] Request (SecurityGroupsTestJSON:test_security_groups_create_list_delete): 404 GET http://10.180.1.21/compute/v2.1/os-security-groups/a986dd47-50a6-454f-8c7e-c3ad7076587f 0.018s
2024-10-31 12:32:46.086 63262 INFO tempest.lib.common.rest_client [req-8f647b08-d19c-45bc-8e49-c0738b13850c req-8f647b08-d19c-45bc-8e49-c0738b13850c ] Request (DeleteServersAdminTestJSON:test_delete_server_while_in_error_state): 200 GET http://10.180.1.21/compute/v2.1/servers/7eee167f-50e3-48d5-9c6d-9115df9bb0b9 0.054s
2024-10-31 12:32:46.177 63222 INFO tempest.lib.common.rest_client [req-1d587b83-0000-4e7f-a8c5-3b2cff51cd74 req-1d587b83-0000-4e7f-a8c5-3b2cff51cd74 ] Request (VolumesAssistedSnapshotsTest:test_volume_assisted_snapshot_create_delete): 204 DELETE http://10.180.1.21/compute/v2.1/servers/61702d54-59d2-4d13-9eed-59b052b7fe74 0.215s
2024-10-31 12:32:46.188 63230 INFO tempest.lib.common.rest_client [req-871961ea-099b-470d-9e41-51167914d7a6 req-871961ea-099b-470d-9e41-51167914d7a6 ] Request (SecurityGroupsTestJSON:test_security_groups_create_list_delete): 202 DELETE http://10.180.1.21/compute/v2.1/os-security-groups/ddb529f7-44a0-4847-99a8-93168a1bc314 0.147s
2024-10-31 12:32:46.219 63204 INFO tempest.lib.common.rest_client [req-27bd5c40-cb01-438d-aa2f-949b506d2ed5 req-27bd5c40-cb01-438d-aa2f-949b506d2ed5 ] Request (ServerActionsTestOtherB:setUpClass): 200 GET http://10.180.1.21/compute/v2.1/servers/1a55a4d1-59ea-4dee-b0bd-de5d04e3ecdb 0.177s
2024-10-31 12:32:46.229 63210 INFO tempest.lib.common.rest_client [req-d1bad36b-8a28-402c-9375-b6504eacb741 req-d1bad36b-8a28-402c-9375-b6504eacb741 ] Request (ListImageFiltersTestJSON:setUpClass): 200 GET http://10.180.1.21/compute/v2.1/servers/d6e90043-ebd3-4daf-acfa-545ce8462942 0.157s
2024-10-31 12:32:46.268 63224 INFO tempest.lib.common.rest_client [req-2dc99585-d2d9-41e3-b48e-f139b812f3e7 req-2dc99585-d2d9-41e3-b48e-f139b812f3e7 ] Request (ListServerFiltersTestJSON:setUpClass): 200 GET http://10.180.1.21/compute/v2.1/servers/79a4d3c8-ead6-4893-b0a7-89a8ff435e54 0.167s
2024-10-31 12:32:46.268 63228 INFO tempest.lib.common.rest_client [req-7d13c9eb-beb4-4897-a04d-dd895daaf3c8 req-7d13c9eb-beb4-4897-a04d-dd895daaf3c8 ] Request (ServersTestFqdnHostnames:test_create_server_with_fqdn_name): 200 GET http://10.180.1.21/compute/v2.1/servers/b2f38e92-37a1-4e0b-9292-b20ea43a2038 0.149s
2024-10-31 12:32:46.311 63208 INFO tempest.lib.common.rest_client [req-782ec6cb-5e66-4e4c-b78c-c340fdd773c1 req-782ec6cb-5e66-4e4c-b78c-c340fdd773c1 ] Request (FloatingIPsAssociationTestJSON:setUpClass): 200 GET http://10.180.1.21/compute/v2.1/servers/222f547e-8fce-4576-bafc-809ea2ee8631 0.164s
2024-10-31 12:32:46.316 63264 INFO tempest.lib.common.rest_client [req-ef11e29d-bf4c-4b6c-bcda-4d2669dc4c89 req-ef11e29d-bf4c-4b6c-bcda-4d2669dc4c89 ] Request (ServersTestJSON:setUpClass): 200 GET http://10.180.1.21/compute/v2.1/servers/f594c50e-25b3-4e85-840c-7dfe0994a2c2 0.151s
2024-10-31 12:32:46.328 63222 INFO tempest.lib.common.rest_client [req-db9f3743-eea2-492d-8d9b-58f84df8d01c req-db9f3743-eea2-492d-8d9b-58f84df8d01c ] Request (VolumesAssistedSnapshotsTest:test_volume_assisted_snapshot_create_delete): 404 GET http://10.180.1.21/compute/v2.1/servers/61702d54-59d2-4d13-9eed-59b052b7fe74 0.150s
2024-10-31 12:32:46.332 63230 INFO tempest.lib.common.rest_client [req-0eab7c66-7d38-4b7b-b3f1-ebd0392dd2b3 req-0eab7c66-7d38-4b7b-b3f1-ebd0392dd2b3 ] Request (SecurityGroupsTestJSON:test_security_groups_create_list_delete): 404 GET http://10.180.1.21/compute/v2.1/os-security-groups/ddb529f7-44a0-4847-99a8-93168a1bc314 0.143s
2024-10-31 12:32:46.365 63222 INFO tempest.lib.common.rest_client [req-fd10bce4-1900-45b0-ac49-9c079106facb req-fd10bce4-1900-45b0-ac49-9c079106facb ] Request (VolumesAssistedSnapshotsTest:_run_cleanups): 202 DELETE http://10.180.1.21/volume/v3/volumes/4def0547-9854-4b37-9b06-3133efe8aa6e 0.036s
2024-10-31 12:32:46.381 63212 INFO tempest.lib.common.rest_client [req-205e17d2-cb32-45fc-9643-a0c1e3bd5c9a req-205e17d2-cb32-45fc-9643-a0c1e3bd5c9a ] Request (ServerAddressesNegativeTestJSON:setUpClass): 200 GET http://10.180.1.21/compute/v2.1/servers/53519d3e-34d2-410f-ac19-69a015e407b9 0.189s
2024-10-31 12:32:46.382 63234 INFO tempest.lib.common.rest_client [req-6da6d2fd-4c0a-4bd1-b8b8-afd6eb03bdf3 req-6da6d2fd-4c0a-4bd1-b8b8-afd6eb03bdf3 ] Request (ServerExternalEventsTest:test_create_server_external_events): 200 GET http://10.180.1.21/compute/v2.1/servers/cd978d56-ba80-44a9-9a02-3a1254066571 0.148s
2024-10-31 12:32:46.389 63222 INFO tempest.lib.common.rest_client [req-24c20e20-17d7-4de7-86b2-1bfc95efcfd4 req-24c20e20-17d7-4de7-86b2-1bfc95efcfd4 ] Request (VolumesAssistedSnapshotsTest:_run_cleanups): 200 GET http://10.180.1.21/volume/v3/volumes/4def0547-9854-4b37-9b06-3133efe8aa6e 0.023s
2024-10-31 12:32:46.437 63236 INFO tempest.lib.common.rest_client [req-c42c8cb9-4078-4de6-bcc9-ac568b042821 req-c42c8cb9-4078-4de6-bcc9-ac568b042821 ] Request (ServerMetadataTestJSON:setUpClass): 200 GET http://10.180.1.21/compute/v2.1/servers/eaf9ca94-4f45-403e-bb06-e9a9adf58f38 0.163s
2024-10-31 12:32:46.440 63242 INFO tempest.lib.common.rest_client [req-8f886213-5d14-42df-8d1e-c539378ae85d req-8f886213-5d14-42df-8d1e-c539378ae85d ] Request (ServersWithSpecificFlavorTestJSON:test_verify_created_server_ephemeral_disk): 200 GET http://10.180.1.21/compute/v2.1/servers/59187ca2-0482-4603-8689-542d2bf5d023 0.195s
2024-10-31 12:32:46.494 63248 INFO tempest.lib.common.rest_client [req-076ab44d-af61-4200-b18f-c382ae90baef req-076ab44d-af61-4200-b18f-c382ae90baef ] Request (VolumesAdminNegativeTest:test_update_attached_volume_with_nonexistent_volume_in_uri): 200 GET http://10.180.1.21/compute/v2.1/servers/f9a2b957-a312-4c9b-bb0d-0b1dad6416cd 0.211s
2024-10-31 12:32:46.495 63250 INFO tempest.lib.common.rest_client [req-5a31522c-3f7a-47de-ac10-29282073941c req-5a31522c-3f7a-47de-ac10-29282073941c ] Request (MigrationsAdminTest:test_list_migrations_in_flavor_resize_situation): 200 GET http://10.180.1.21/compute/v2.1/servers/4519d37a-f8e6-4a25-99a1-399925199a58 0.180s
2024-10-31 12:32:46.542 63252 INFO tempest.lib.common.rest_client [req-080a493b-5d2c-45b5-9422-f2adf8759a37 req-080a493b-5d2c-45b5-9422-f2adf8759a37 ] Request (ServersTestBootFromVolume:setUpClass): 200 GET http://10.180.1.21/compute/v2.1/servers/99db6bef-6501-4ab3-a329-0877ca303f1b 0.217s
2024-10-31 12:32:46.590 63206 INFO tempest.lib.common.rest_client [req-14465cc9-022e-44a5-a42a-7aa26dbcb6b3 req-14465cc9-022e-44a5-a42a-7aa26dbcb6b3 ] Request (AttachInterfacesTestJSON:test_create_list_show_delete_interfaces_by_fixed_ip): 200 GET http://10.180.1.21/compute/v2.1/servers/83c4b731-780a-4f3c-bbdd-b624a52365ef 0.212s
2024-10-31 12:32:46.598 63230 INFO tempest.lib.common.rest_client [req-0cff0fac-2ecd-4dfe-9d15-9d02f19cb8a5 req-0cff0fac-2ecd-4dfe-9d15-9d02f19cb8a5 ] Request (SecurityGroupsTestJSON:test_security_groups_create_list_delete): 202 DELETE http://10.180.1.21/compute/v2.1/os-security-groups/a8814316-0975-4576-b0fd-69c2f50f87de 0.265s
2024-10-31 12:32:46.633 63244 INFO tempest.lib.common.rest_client [req-a6ecdaba-9e5e-4aa7-bbb8-9a8e01bf3ca6 req-a6ecdaba-9e5e-4aa7-bbb8-9a8e01bf3ca6 ] Request (ServerDiagnosticsNegativeTest:test_get_server_diagnostics_by_non_admin): 200 GET http://10.180.1.21/compute/v2.1/servers/6c7ed2a3-ed0f-476b-8232-d7a3c27adcee 0.214s
2024-10-31 12:32:46.643 63240 INFO tempest.lib.common.rest_client [req-25ea1e74-da2d-48fb-8489-040e96b4e8ab req-25ea1e74-da2d-48fb-8489-040e96b4e8ab ] Request (ServerRescueTestJSON:setUpClass): 200 GET http://10.180.1.21/compute/v2.1/servers/8342b9df-ebfd-403b-a0b8-1fdd6ebe2add 0.183s
2024-10-31 12:32:46.680 63256 INFO tempest.lib.common.rest_client [req-01c97846-5b18-4cd6-8712-63b1ba480c95 req-01c97846-5b18-4cd6-8712-63b1ba480c95 ] Request (ServersAdmin275Test:test_rebuild_update_server_275): 200 GET http://10.180.1.21/compute/v2.1/servers/02f113d2-f991-4268-b9a4-59e2e6bcf7a6 0.204s
2024-10-31 12:32:46.687 63214 INFO tempest.lib.common.rest_client [req-72512358-33e0-4978-8b07-d013120417c6 req-72512358-33e0-4978-8b07-d013120417c6 ] Request (AttachInterfacesUnderV243Test:test_add_remove_fixed_ip): 200 GET http://10.180.1.21/compute/v2.1/servers/63c54ed4-4525-42f6-a99f-033f7b9838a7 0.149s
2024-10-31 12:32:46.696 63230 INFO tempest.lib.common.rest_client [req-36d933bd-05a1-4cb4-9ad4-210ea46181d4 req-36d933bd-05a1-4cb4-9ad4-210ea46181d4 ] Request (SecurityGroupsTestJSON:test_security_groups_create_list_delete): 404 GET http://10.180.1.21/compute/v2.1/os-security-groups/a8814316-0975-4576-b0fd-69c2f50f87de 0.097s
2024-10-31 12:32:46.735 63232 INFO tempest.lib.common.rest_client [req-0307e027-2cd9-4612-8bc7-b93a5f6bde0c req-0307e027-2cd9-4612-8bc7-b93a5f6bde0c ] Request (ServerRescueNegativeTestJSON:setUpClass): 200 GET http://10.180.1.21/compute/v2.1/servers/8a893e6e-37d4-4fd4-b0db-d6633117bdce 0.051s
2024-10-31 12:32:46.779 63218 INFO tempest.lib.common.rest_client [req-ab996eaa-6494-49a8-941d-95d87e72f9ee req-ab996eaa-6494-49a8-941d-95d87e72f9ee ] Request (ImagesNegativeTestJSON:test_create_image_from_deleted_server): 200 GET http://10.180.1.21/compute/v2.1/servers/f45f605f-cb91-4169-879c-bf9e6ce9c989 0.049s
2024-10-31 12:32:46.800 63230 INFO tempest.lib.common.rest_client [req-90ddf72d-d15f-4d26-9b43-010fbb39a1dc req-90ddf72d-d15f-4d26-9b43-010fbb39a1dc ] Request (SecurityGroupsTestJSON:test_security_groups_create_list_delete): 200 GET http://10.180.1.21/compute/v2.1/os-security-groups 0.103s
2024-10-31 12:32:46.826 63254 INFO tempest.lib.common.rest_client [req-0856823b-375b-4ea7-aa81-9959bc51ddf6 req-0856823b-375b-4ea7-aa81-9959bc51ddf6 ] Request (ImagesTestJSON:test_create_image_from_suspended_server): 200 GET http://10.180.1.21/compute/v2.1/servers/3a994542-8c8e-4b3c-87bc-2c40a0fc95b5 0.051s
2024-10-31 12:32:46.869 63238 INFO tempest.lib.common.rest_client [req-27e3eabf-3fd4-47c6-a124-3aa97628ecbf req-27e3eabf-3fd4-47c6-a124-3aa97628ecbf ] Request (ServersNegativeTestMultiTenantJSON:setUpClass): 200 GET http://10.180.1.21/compute/v2.1/servers/f8ba32e4-6234-4dee-8bc5-b7a12105a3c4 0.052s
2024-10-31 12:32:46.913 63260 INFO tempest.lib.common.rest_client [req-caac7b6a-51a9-4543-a57f-fb33f57d8407 req-caac7b6a-51a9-4543-a57f-fb33f57d8407 ] Request (ServerPasswordTestJSON:setUpClass): 200 GET http://10.180.1.21/compute/v2.1/servers/852e7cdf-5da3-4217-8960-f3204d4c1035 0.072s
2024-10-31 12:32:46.921 63230 INFO tempest.lib.common.rest_client [req-98bd3a21-e175-433d-a19f-eb77e2d5cbfb req-98bd3a21-e175-433d-a19f-eb77e2d5cbfb ] Request (SecurityGroupsTestJSON:test_server_security_groups): 200 POST http://10.180.1.21/compute/v2.1/os-security-groups 0.117s
2024-10-31 12:32:46.965 63226 INFO tempest.lib.common.rest_client [req-52585665-b28f-40e3-b9e5-1810ccf2788f req-52585665-b28f-40e3-b9e5-1810ccf2788f ] Request (AttachVolumeTestJSON:test_attach_detach_volume): 200 GET http://10.180.1.21/compute/v2.1/servers/ece118fc-a39e-443a-bfd1-fc332da2452f 0.072s
2024-10-31 12:32:47.038 63230 INFO tempest.lib.common.rest_client [req-57c6767d-065e-4452-9475-e8b9181c92cd req-57c6767d-065e-4452-9475-e8b9181c92cd ] Request (SecurityGroupsTestJSON:test_server_security_groups): 200 POST http://10.180.1.21/compute/v2.1/os-security-groups 0.114s
2024-10-31 12:32:47.074 63220 INFO tempest.lib.common.rest_client [req-94fd77fd-70c6-4c8d-8926-3e08cf6aa590 req-94fd77fd-70c6-4c8d-8926-3e08cf6aa590 ] Request (InstanceActionsV221TestJSON:test_get_list_deleted_instance_actions): 200 GET http://10.180.1.21/compute/v2.1/servers/8ac4264d-7d75-4c38-b8da-e3d90ffe9363 0.055s
2024-10-31 12:32:47.104 63230 INFO tempest.lib.common.rest_client [req-12dc43b7-12c3-418f-94aa-e27fe278d4e9 req-12dc43b7-12c3-418f-94aa-e27fe278d4e9 ] Request (SecurityGroupsTestJSON:test_server_security_groups): 201 POST http://10.180.1.21/identity/v3/auth/tokens 0.061s
2024-10-31 12:32:47.104 63230 INFO tempest.lib.common.fixed_network [-] (SecurityGroupsTestJSON:test_server_security_groups) Found network {'id': '8831bf7d-86c0-4b2a-8847-380f93f9c1a6', 'name': 'tempest-SecurityGroupsTestJSON-394564764-network', 'tenant_id': 'd7298fbffd9d491e9bb59440f5889521', 'admin_state_up': True, 'mtu': 8950, 'status': 'ACTIVE', 'subnets': [], 'shared': False, 'project_id': 'd7298fbffd9d491e9bb59440f5889521', 'port_security_enabled': True, 'router:external': False, 'provider:network_type': 'vlan', 'provider:physical_network': 'default', 'provider:segmentation_id': 242, 'availability_zone_hints': [], 'availability_zones': [], 'ipv4_address_scope': None, 'ipv6_address_scope': None, 'description': '', 'tags': [], 'created_at': '2024-10-31T12:31:05Z', 'updated_at': '2024-10-31T12:31:05Z', 'revision_number': 1} available for tenant
2024-10-31 12:32:47.145 63262 INFO tempest.lib.common.rest_client [req-5cb6720e-df4c-4474-a7f7-5e79d3610764 req-5cb6720e-df4c-4474-a7f7-5e79d3610764 ] Request (DeleteServersAdminTestJSON:test_delete_server_while_in_error_state): 200 GET http://10.180.1.21/compute/v2.1/servers/7eee167f-50e3-48d5-9c6d-9115df9bb0b9 0.052s
2024-10-31 12:32:47.276 63204 INFO tempest.lib.common.rest_client [req-f128ff98-ac5c-4122-9b1a-205e5f391168 req-f128ff98-ac5c-4122-9b1a-205e5f391168 ] Request (ServerActionsTestOtherB:setUpClass): 200 GET http://10.180.1.21/compute/v2.1/servers/1a55a4d1-59ea-4dee-b0bd-de5d04e3ecdb 0.050s
2024-10-31 12:32:47.323 63210 INFO tempest.lib.common.rest_client [req-1f096293-17a5-4e5a-b4c6-bbad476d30a1 req-1f096293-17a5-4e5a-b4c6-bbad476d30a1 ] Request (ListImageFiltersTestJSON:setUpClass): 200 GET http://10.180.1.21/compute/v2.1/servers/d6e90043-ebd3-4daf-acfa-545ce8462942 0.087s
2024-10-31 12:32:47.369 63224 INFO tempest.lib.common.rest_client [req-de621a64-ae71-45ef-92fb-a066b4bd5dfc req-de621a64-ae71-45ef-92fb-a066b4bd5dfc ] Request (ListServerFiltersTestJSON:setUpClass): 200 GET http://10.180.1.21/compute/v2.1/servers/79a4d3c8-ead6-4893-b0a7-89a8ff435e54 0.094s
2024-10-31 12:32:47.408 63222 INFO tempest.lib.common.rest_client [req-525b3393-9259-4f41-9a2d-5c30d6e216b5 req-525b3393-9259-4f41-9a2d-5c30d6e216b5 ] Request (VolumesAssistedSnapshotsTest:_run_cleanups): 404 GET http://10.180.1.21/volume/v3/volumes/4def0547-9854-4b37-9b06-3133efe8aa6e 0.014s
2024-10-31 12:32:47.412 63228 INFO tempest.lib.common.rest_client [req-8807c1f4-26fc-4dd2-9532-88888013d58b req-8807c1f4-26fc-4dd2-9532-88888013d58b ] Request (ServersTestFqdnHostnames:test_create_server_with_fqdn_name): 200 GET http://10.180.1.21/compute/v2.1/servers/b2f38e92-37a1-4e0b-9292-b20ea43a2038 0.137s
2024-10-31 12:32:47.417 63230 INFO tempest.lib.common.rest_client [req-246d5221-7f9e-409a-acdf-f1cbd86ffcd0 req-246d5221-7f9e-409a-acdf-f1cbd86ffcd0 ] Request (SecurityGroupsTestJSON:test_server_security_groups): 202 POST http://10.180.1.21/compute/v2.1/servers 0.312s
2024-10-31 12:32:47.460 63208 INFO tempest.lib.common.rest_client [req-9e330c38-cefd-4b63-a55c-e558ce922ced req-9e330c38-cefd-4b63-a55c-e558ce922ced ] Request (FloatingIPsAssociationTestJSON:setUpClass): 200 GET http://10.180.1.21/compute/v2.1/servers/222f547e-8fce-4576-bafc-809ea2ee8631 0.142s
2024-10-31 12:32:47.465 63264 INFO tempest.lib.common.rest_client [req-7eb79d19-0bfc-496c-b845-5719c3cc91f2 req-7eb79d19-0bfc-496c-b845-5719c3cc91f2 ] Request (ServersTestJSON:setUpClass): 200 GET http://10.180.1.21/compute/v2.1/servers/f594c50e-25b3-4e85-840c-7dfe0994a2c2 0.142s
2024-10-31 12:32:47.506 63212 INFO tempest.lib.common.rest_client [req-a917448a-7482-4ef4-b53e-60269f3c1f9e req-a917448a-7482-4ef4-b53e-60269f3c1f9e ] Request (ServerAddressesNegativeTestJSON:setUpClass): 200 GET http://10.180.1.21/compute/v2.1/servers/53519d3e-34d2-410f-ac19-69a015e407b9 0.118s
2024-10-31 12:32:47.512 63234 INFO tempest.lib.common.rest_client [req-04d8697c-5b37-4a04-96cf-43bb5591a944 req-04d8697c-5b37-4a04-96cf-43bb5591a944 ] Request (ServerExternalEventsTest:test_create_server_external_events): 200 GET http://10.180.1.21/compute/v2.1/servers/cd978d56-ba80-44a9-9a02-3a1254066571 0.124s
2024-10-31 12:32:47.518 63222 INFO tempest.lib.common.rest_client [req-53705bca-c9c2-4b62-be54-4797adab2a21 req-53705bca-c9c2-4b62-be54-4797adab2a21 ] Request (VolumesAssistedSnapshotsTest:tearDownClass): 202 DELETE http://10.180.1.21/compute/v2.1/os-keypairs/tempest-keypair-1264039726 0.104s
2024-10-31 12:32:47.550 63230 INFO tempest.lib.common.rest_client [req-a2eddd66-c03c-45a4-87be-afa4f5454d26 req-a2eddd66-c03c-45a4-87be-afa4f5454d26 ] Request (SecurityGroupsTestJSON:test_server_security_groups): 200 GET http://10.180.1.21/compute/v2.1/servers/afaec369-6aef-4bdc-b886-eed795644867 0.132s
2024-10-31 12:32:47.562 63236 INFO tempest.lib.common.rest_client [req-2124d6ca-f1f6-44ea-8a0d-2db3fbe76cdc req-2124d6ca-f1f6-44ea-8a0d-2db3fbe76cdc ] Request (ServerMetadataTestJSON:setUpClass): 200 GET http://10.180.1.21/compute/v2.1/servers/eaf9ca94-4f45-403e-bb06-e9a9adf58f38 0.118s
2024-10-31 12:32:47.602 63242 INFO tempest.lib.common.rest_client [req-d2bd4ecf-5cdc-4278-94e3-5374bf1932fa req-d2bd4ecf-5cdc-4278-94e3-5374bf1932fa ] Request (ServersWithSpecificFlavorTestJSON:test_verify_created_server_ephemeral_disk): 200 GET http://10.180.1.21/compute/v2.1/servers/59187ca2-0482-4603-8689-542d2bf5d023 0.154s
2024-10-31 12:32:47.608 63242 INFO tempest.common.waiters [-] State transition "BUILD/spawning" ==> "BUILD/scheduling" after 79 second wait
2024-10-31 12:32:47.609 63248 INFO tempest.lib.common.rest_client [req-7c456c19-808f-49fc-b915-7060547cb614 req-7c456c19-808f-49fc-b915-7060547cb614 ] Request (VolumesAdminNegativeTest:test_update_attached_volume_with_nonexistent_volume_in_uri): 200 GET http://10.180.1.21/compute/v2.1/servers/f9a2b957-a312-4c9b-bb0d-0b1dad6416cd 0.107s
2024-10-31 12:32:47.618 63222 INFO tempest.lib.common.rest_client [req-5cb4a0dd-2774-4242-91e4-8c5909bfef55 req-5cb4a0dd-2774-4242-91e4-8c5909bfef55 ] Request (VolumesAssistedSnapshotsTest:tearDownClass): 204 DELETE http://10.180.1.21:9696/networking/v2.0/security-groups/82917f6c-3bf8-442f-8d8b-2186710c1f90 0.099s
2024-10-31 12:32:47.629 63222 INFO tempest.lib.common.rest_client [req-f3e0339d-dbaf-4134-9a9c-417cfa04f89e req-f3e0339d-dbaf-4134-9a9c-417cfa04f89e ] Request (VolumesAssistedSnapshotsTest:tearDownClass): 404 GET http://10.180.1.21:9696/networking/v2.0/security-groups/82917f6c-3bf8-442f-8d8b-2186710c1f90 0.010s
2024-10-31 12:32:47.657 63252 INFO tempest.lib.common.rest_client [req-fbab81d5-3930-4aba-8c97-a1271b7c9771 req-fbab81d5-3930-4aba-8c97-a1271b7c9771 ] Request (ServersTestBootFromVolume:setUpClass): 200 GET http://10.180.1.21/compute/v2.1/servers/99db6bef-6501-4ab3-a329-0877ca303f1b 0.107s
2024-10-31 12:32:47.657 63250 INFO tempest.lib.common.rest_client [req-8b37a6e2-361a-43a3-b4f3-6f1d3d6c5d49 req-8b37a6e2-361a-43a3-b4f3-6f1d3d6c5d49 ] Request (MigrationsAdminTest:test_list_migrations_in_flavor_resize_situation): 200 GET http://10.180.1.21/compute/v2.1/servers/4519d37a-f8e6-4a25-99a1-399925199a58 0.155s
2024-10-31 12:32:47.708 63206 INFO tempest.lib.common.rest_client [req-4e43fd96-8f30-4397-82e9-9c89dfa29c93 req-4e43fd96-8f30-4397-82e9-9c89dfa29c93 ] Request (AttachInterfacesTestJSON:test_create_list_show_delete_interfaces_by_fixed_ip): 200 GET http://10.180.1.21/compute/v2.1/servers/83c4b731-780a-4f3c-bbdd-b624a52365ef 0.111s
2024-10-31 12:32:47.717 63244 INFO tempest.lib.common.rest_client [req-21e8895e-316f-492e-aa6a-16855ced79b6 req-21e8895e-316f-492e-aa6a-16855ced79b6 ] Request (ServerDiagnosticsNegativeTest:test_get_server_diagnostics_by_non_admin): 200 GET http://10.180.1.21/compute/v2.1/servers/6c7ed2a3-ed0f-476b-8232-d7a3c27adcee 0.076s
2024-10-31 12:32:47.753 63240 INFO tempest.lib.common.rest_client [req-c40c22fb-f670-4a57-a01e-fa5f0b476470 req-c40c22fb-f670-4a57-a01e-fa5f0b476470 ] Request (ServerRescueTestJSON:setUpClass): 200 GET http://10.180.1.21/compute/v2.1/servers/8342b9df-ebfd-403b-a0b8-1fdd6ebe2add 0.103s
2024-10-31 12:32:47.768 63256 INFO tempest.lib.common.rest_client [req-a0344e64-0b5e-4e71-bc03-589f273c1866 req-a0344e64-0b5e-4e71-bc03-589f273c1866 ] Request (ServersAdmin275Test:test_rebuild_update_server_275): 200 GET http://10.180.1.21/compute/v2.1/servers/02f113d2-f991-4268-b9a4-59e2e6bcf7a6 0.074s
2024-10-31 12:32:47.798 63214 INFO tempest.lib.common.rest_client [req-a4b844b1-9f8f-4a68-9d87-856a8ace9702 req-a4b844b1-9f8f-4a68-9d87-856a8ace9702 ] Request (AttachInterfacesUnderV243Test:test_add_remove_fixed_ip): 200 GET http://10.180.1.21/compute/v2.1/servers/63c54ed4-4525-42f6-a99f-033f7b9838a7 0.105s
2024-10-31 12:32:47.810 63232 INFO tempest.lib.common.rest_client [req-4ab0b191-83f9-487e-b80a-0835f72888ce req-4ab0b191-83f9-487e-b80a-0835f72888ce ] Request (ServerRescueNegativeTestJSON:setUpClass): 200 GET http://10.180.1.21/compute/v2.1/servers/8a893e6e-37d4-4fd4-b0db-d6633117bdce 0.068s
2024-10-31 12:32:47.820 63222 INFO tempest.lib.common.rest_client [req-ca50b51c-f165-4e91-b68c-e86638f465b9 req-ca50b51c-f165-4e91-b68c-e86638f465b9 ] Request (VolumesAssistedSnapshotsTest:tearDownClass): 204 DELETE http://10.180.1.21:9696/networking/v2.0/floatingips/005d671d-1bf7-4264-aded-e252b677ae2e 0.191s
2024-10-31 12:32:47.832 63222 INFO tempest.lib.common.rest_client [req-d175e735-b0bb-4246-b9bd-6de73148eb80 req-d175e735-b0bb-4246-b9bd-6de73148eb80 ] Request (VolumesAssistedSnapshotsTest:tearDownClass): 404 DELETE http://10.180.1.21/volume/v3/volumes/4def0547-9854-4b37-9b06-3133efe8aa6e 0.012s
2024-10-31 12:32:47.841 63218 INFO tempest.lib.common.rest_client [req-2327abfb-5a2b-4a3c-8891-1dc58fd2a81f req-2327abfb-5a2b-4a3c-8891-1dc58fd2a81f ] Request (ImagesNegativeTestJSON:test_create_image_from_deleted_server): 200 GET http://10.180.1.21/compute/v2.1/servers/f45f605f-cb91-4169-879c-bf9e6ce9c989 0.056s
2024-10-31 12:32:47.844 63222 INFO tempest.lib.common.rest_client [req-7ad0e9b7-326b-491b-9414-12f2742ed585 req-7ad0e9b7-326b-491b-9414-12f2742ed585 ] Request (VolumesAssistedSnapshotsTest:tearDownClass): 404 GET http://10.180.1.21/volume/v3/volumes/4def0547-9854-4b37-9b06-3133efe8aa6e 0.012s
2024-10-31 12:32:47.880 63254 INFO tempest.lib.common.rest_client [req-39e73e1c-4a99-4512-bf1b-35c2e2d53ef4 req-39e73e1c-4a99-4512-bf1b-35c2e2d53ef4 ] Request (ImagesTestJSON:test_create_image_from_suspended_server): 200 GET http://10.180.1.21/compute/v2.1/servers/3a994542-8c8e-4b3c-87bc-2c40a0fc95b5 0.048s
2024-10-31 12:32:47.922 63238 INFO tempest.lib.common.rest_client [req-d04edaef-af70-436e-ad31-274b1f8777e4 req-d04edaef-af70-436e-ad31-274b1f8777e4 ] Request (ServersNegativeTestMultiTenantJSON:setUpClass): 200 GET http://10.180.1.21/compute/v2.1/servers/f8ba32e4-6234-4dee-8bc5-b7a12105a3c4 0.047s
2024-10-31 12:32:47.971 63260 INFO tempest.lib.common.rest_client [req-942c090c-55ae-4d78-a0ec-1df90599e97a req-942c090c-55ae-4d78-a0ec-1df90599e97a ] Request (ServerPasswordTestJSON:setUpClass): 200 GET http://10.180.1.21/compute/v2.1/servers/852e7cdf-5da3-4217-8960-f3204d4c1035 0.051s
2024-10-31 12:32:48.027 63226 INFO tempest.lib.common.rest_client [req-36aa1bf1-3724-48db-9e9f-1ef807c95fb4 req-36aa1bf1-3724-48db-9e9f-1ef807c95fb4 ] Request (AttachVolumeTestJSON:test_attach_detach_volume): 200 GET http://10.180.1.21/compute/v2.1/servers/ece118fc-a39e-443a-bfd1-fc332da2452f 0.054s
2024-10-31 12:32:48.137 63220 INFO tempest.lib.common.rest_client [req-16e406d4-2ee5-41b7-b1ca-cc65becd869e req-16e406d4-2ee5-41b7-b1ca-cc65becd869e ] Request (InstanceActionsV221TestJSON:test_get_list_deleted_instance_actions): 200 GET http://10.180.1.21/compute/v2.1/servers/8ac4264d-7d75-4c38-b8da-e3d90ffe9363 0.055s
2024-10-31 12:32:48.205 63262 INFO tempest.lib.common.rest_client [req-cbcf6b2f-7c06-497d-883a-359d0e8e0115 req-cbcf6b2f-7c06-497d-883a-359d0e8e0115 ] Request (DeleteServersAdminTestJSON:test_delete_server_while_in_error_state): 200 GET http://10.180.1.21/compute/v2.1/servers/7eee167f-50e3-48d5-9c6d-9115df9bb0b9 0.053s
2024-10-31 12:32:48.331 63204 INFO tempest.lib.common.rest_client [req-b7c826ed-e476-4024-8fa8-3e6678fd96f1 req-b7c826ed-e476-4024-8fa8-3e6678fd96f1 ] Request (ServerActionsTestOtherB:setUpClass): 200 GET http://10.180.1.21/compute/v2.1/servers/1a55a4d1-59ea-4dee-b0bd-de5d04e3ecdb 0.048s
2024-10-31 12:32:48.381 63210 INFO tempest.lib.common.rest_client [req-29dc3800-9416-4b33-9011-208594e59eff req-29dc3800-9416-4b33-9011-208594e59eff ] Request (ListImageFiltersTestJSON:setUpClass): 200 GET http://10.180.1.21/compute/v2.1/servers/d6e90043-ebd3-4daf-acfa-545ce8462942 0.052s
2024-10-31 12:32:48.433 63224 INFO tempest.lib.common.rest_client [req-0bce004e-32bf-4d0d-b500-624b8bf8552d req-0bce004e-32bf-4d0d-b500-624b8bf8552d ] Request (ListServerFiltersTestJSON:setUpClass): 200 GET http://10.180.1.21/compute/v2.1/servers/79a4d3c8-ead6-4893-b0a7-89a8ff435e54 0.058s
2024-10-31 12:32:48.467 63228 INFO tempest.lib.common.rest_client [req-fcdafe94-5ede-467a-8786-f88b18432604 req-fcdafe94-5ede-467a-8786-f88b18432604 ] Request (ServersTestFqdnHostnames:test_create_server_with_fqdn_name): 200 GET http://10.180.1.21/compute/v2.1/servers/b2f38e92-37a1-4e0b-9292-b20ea43a2038 0.047s
2024-10-31 12:32:48.529 63264 INFO tempest.lib.common.rest_client [req-c3352c90-8823-4174-89bc-1ee51db947b2 req-c3352c90-8823-4174-89bc-1ee51db947b2 ] Request (ServersTestJSON:setUpClass): 200 GET http://10.180.1.21/compute/v2.1/servers/f594c50e-25b3-4e85-840c-7dfe0994a2c2 0.057s
2024-10-31 12:32:48.535 63208 INFO tempest.lib.common.rest_client [req-45a4905c-17b1-4d2c-a780-d9dd7f8a00df req-45a4905c-17b1-4d2c-a780-d9dd7f8a00df ] Request (FloatingIPsAssociationTestJSON:setUpClass): 200 GET http://10.180.1.21/compute/v2.1/servers/222f547e-8fce-4576-bafc-809ea2ee8631 0.068s
2024-10-31 12:32:48.570 63222 INFO tempest.lib.common.rest_client [req-9c1957a9-a770-4b1e-9d7b-8f86e78a7904 req-9c1957a9-a770-4b1e-9d7b-8f86e78a7904 ] Request (VolumesAssistedSnapshotsTest:tearDownClass): 200 PUT http://10.180.1.21:9696/networking/v2.0/routers/214b8b14-f048-4c45-8739-dbe1801d0de5/remove_router_interface 0.725s
2024-10-31 12:32:48.583 63212 INFO tempest.lib.common.rest_client [req-420fb1a1-94a6-406b-8cf9-5b18371a8327 req-420fb1a1-94a6-406b-8cf9-5b18371a8327 ] Request (ServerAddressesNegativeTestJSON:setUpClass): 200 GET http://10.180.1.21/compute/v2.1/servers/53519d3e-34d2-410f-ac19-69a015e407b9 0.070s
2024-10-31 12:32:48.603 63234 INFO tempest.lib.common.rest_client [req-c09a85bf-0ca1-4e46-8921-256c9f537125 req-c09a85bf-0ca1-4e46-8921-256c9f537125 ] Request (ServerExternalEventsTest:test_create_server_external_events): 200 GET http://10.180.1.21/compute/v2.1/servers/cd978d56-ba80-44a9-9a02-3a1254066571 0.084s
2024-10-31 12:32:48.631 63230 INFO tempest.lib.common.rest_client [req-827b27e3-4281-48c2-b79b-091676939475 req-827b27e3-4281-48c2-b79b-091676939475 ] Request (SecurityGroupsTestJSON:test_server_security_groups): 200 GET http://10.180.1.21/compute/v2.1/servers/afaec369-6aef-4bdc-b886-eed795644867 0.073s
2024-10-31 12:32:48.820 63236 INFO tempest.lib.common.rest_client [req-c580b5dd-e03c-4d52-b47a-1712c2e840bc req-c580b5dd-e03c-4d52-b47a-1712c2e840bc ] Request (ServerMetadataTestJSON:setUpClass): 200 GET http://10.180.1.21/compute/v2.1/servers/eaf9ca94-4f45-403e-bb06-e9a9adf58f38 0.248s
2024-10-31 12:32:48.836 63242 INFO tempest.lib.common.rest_client [req-ac2398b1-14c9-4182-82c6-e0fa8c247a6c req-ac2398b1-14c9-4182-82c6-e0fa8c247a6c ] Request (ServersWithSpecificFlavorTestJSON:test_verify_created_server_ephemeral_disk): 200 GET http://10.180.1.21/compute/v2.1/servers/59187ca2-0482-4603-8689-542d2bf5d023 0.224s
2024-10-31 12:32:48.842 63242 INFO tempest.common.waiters [-] State transition "BUILD/scheduling" ==> "ERROR/None" after 80 second wait
2024-10-31 12:32:48.873 63248 INFO tempest.lib.common.rest_client [req-49b2f313-55f1-41c0-a937-76550b467f1e req-49b2f313-55f1-41c0-a937-76550b467f1e ] Request (VolumesAdminNegativeTest:test_update_attached_volume_with_nonexistent_volume_in_uri): 200 GET http://10.180.1.21/compute/v2.1/servers/f9a2b957-a312-4c9b-bb0d-0b1dad6416cd 0.258s
2024-10-31 12:32:48.893 63250 INFO tempest.lib.common.rest_client [req-c704bf8f-e46f-4ce6-921d-d328175c52bb req-c704bf8f-e46f-4ce6-921d-d328175c52bb ] Request (MigrationsAdminTest:test_list_migrations_in_flavor_resize_situation): 200 GET http://10.180.1.21/compute/v2.1/servers/4519d37a-f8e6-4a25-99a1-399925199a58 0.229s
2024-10-31 12:32:48.922 63252 INFO tempest.lib.common.rest_client [req-72d82681-679b-4c7b-b44e-fbfc0d5e3ca2 req-72d82681-679b-4c7b-b44e-fbfc0d5e3ca2 ] Request (ServersTestBootFromVolume:setUpClass): 200 GET http://10.180.1.21/compute/v2.1/servers/99db6bef-6501-4ab3-a329-0877ca303f1b 0.258s
2024-10-31 12:32:48.944 63206 INFO tempest.lib.common.rest_client [req-2127e3ad-80cc-42a0-86fa-4b8597478834 req-2127e3ad-80cc-42a0-86fa-4b8597478834 ] Request (AttachInterfacesTestJSON:test_create_list_show_delete_interfaces_by_fixed_ip): 200 GET http://10.180.1.21/compute/v2.1/servers/83c4b731-780a-4f3c-bbdd-b624a52365ef 0.228s
2024-10-31 12:32:48.969 63244 INFO tempest.lib.common.rest_client [req-aad40c09-302b-4340-b384-10e14b4c958c req-aad40c09-302b-4340-b384-10e14b4c958c ] Request (ServerDiagnosticsNegativeTest:test_get_server_diagnostics_by_non_admin): 200 GET http://10.180.1.21/compute/v2.1/servers/6c7ed2a3-ed0f-476b-8232-d7a3c27adcee 0.246s
2024-10-31 12:32:49.000 63240 INFO tempest.lib.common.rest_client [req-4b9c751c-fad2-45fb-bd0c-c504cea3e6e5 req-4b9c751c-fad2-45fb-bd0c-c504cea3e6e5 ] Request (ServerRescueTestJSON:setUpClass): 200 GET http://10.180.1.21/compute/v2.1/servers/8342b9df-ebfd-403b-a0b8-1fdd6ebe2add 0.238s
2024-10-31 12:32:49.017 63256 INFO tempest.lib.common.rest_client [req-c63add14-1df3-4611-bea7-ebf31a77d2ae req-c63add14-1df3-4611-bea7-ebf31a77d2ae ] Request (ServersAdmin275Test:test_rebuild_update_server_275): 200 GET http://10.180.1.21/compute/v2.1/servers/02f113d2-f991-4268-b9a4-59e2e6bcf7a6 0.240s
2024-10-31 12:32:49.049 63214 INFO tempest.lib.common.rest_client [req-9a09e0f9-cc21-47b8-bf9c-2171fc4cd397 req-9a09e0f9-cc21-47b8-bf9c-2171fc4cd397 ] Request (AttachInterfacesUnderV243Test:test_add_remove_fixed_ip): 200 GET http://10.180.1.21/compute/v2.1/servers/63c54ed4-4525-42f6-a99f-033f7b9838a7 0.245s
2024-10-31 12:32:49.070 63232 INFO tempest.lib.common.rest_client [req-a95f40f1-d67b-4f5b-bf53-33d4d7f942bb req-a95f40f1-d67b-4f5b-bf53-33d4d7f942bb ] Request (ServerRescueNegativeTestJSON:setUpClass): 200 GET http://10.180.1.21/compute/v2.1/servers/8a893e6e-37d4-4fd4-b0db-d6633117bdce 0.252s
2024-10-31 12:32:49.139 63218 INFO tempest.lib.common.rest_client [req-72a2071a-5972-4635-a383-f50e09cdba18 req-72a2071a-5972-4635-a383-f50e09cdba18 ] Request (ImagesNegativeTestJSON:test_create_image_from_deleted_server): 200 GET http://10.180.1.21/compute/v2.1/servers/f45f605f-cb91-4169-879c-bf9e6ce9c989 0.290s
2024-10-31 12:32:49.187 63254 INFO tempest.lib.common.rest_client [req-6526558e-8b82-415e-99bd-eb40af28fba8 req-6526558e-8b82-415e-99bd-eb40af28fba8 ] Request (ImagesTestJSON:test_create_image_from_suspended_server): 200 GET http://10.180.1.21/compute/v2.1/servers/3a994542-8c8e-4b3c-87bc-2c40a0fc95b5 0.300s
2024-10-31 12:32:49.230 63222 INFO tempest.lib.common.rest_client [req-370639af-34f6-4ec6-a3d6-3e91a8e36f99 req-370639af-34f6-4ec6-a3d6-3e91a8e36f99 ] Request (VolumesAssistedSnapshotsTest:tearDownClass): 204 DELETE http://10.180.1.21:9696/networking/v2.0/routers/214b8b14-f048-4c45-8739-dbe1801d0de5 0.659s
2024-10-31 12:32:49.236 63238 INFO tempest.lib.common.rest_client [req-32ceb1c9-48f4-4bd7-b5e6-7b095f1e8636 req-32ceb1c9-48f4-4bd7-b5e6-7b095f1e8636 ] Request (ServersNegativeTestMultiTenantJSON:setUpClass): 200 GET http://10.180.1.21/compute/v2.1/servers/f8ba32e4-6234-4dee-8bc5-b7a12105a3c4 0.307s
2024-10-31 12:32:49.258 63242 INFO tempest.lib.common.rest_client [req-afbc69e0-7099-4272-8a91-538c97ae2ebd req-afbc69e0-7099-4272-8a91-538c97ae2ebd ] Request (ServersWithSpecificFlavorTestJSON:test_verify_created_server_ephemeral_disk): 204 DELETE http://10.180.1.21/compute/v2.1/servers/59187ca2-0482-4603-8689-542d2bf5d023 0.415s
2024-10-31 12:32:49.290 63260 INFO tempest.lib.common.rest_client [req-a01ec5ae-0beb-41e6-a2c4-713dd7fabd7c req-a01ec5ae-0beb-41e6-a2c4-713dd7fabd7c ] Request (ServerPasswordTestJSON:setUpClass): 200 GET http://10.180.1.21/compute/v2.1/servers/852e7cdf-5da3-4217-8960-f3204d4c1035 0.312s
2024-10-31 12:32:49.305 63226 INFO tempest.lib.common.rest_client [req-0ce7242a-be38-464d-b90c-da1605988aa5 req-0ce7242a-be38-464d-b90c-da1605988aa5 ] Request (AttachVolumeTestJSON:test_attach_detach_volume): 200 GET http://10.180.1.21/compute/v2.1/servers/ece118fc-a39e-443a-bfd1-fc332da2452f 0.270s
