2024-10-31 12:31:15.966 63212 INFO tempest.lib.common.rest_client [req-f49cbfc0-f77c-48e3-a407-1844bde86f8f req-f49cbfc0-f77c-48e3-a407-1844bde86f8f ] Request (ServerAddressesNegativeTestJSON:setUpClass): 200 GET http://10.180.1.21/identity/v3/roles 0.053s
2024-10-31 12:31:15.989 63232 INFO tempest.lib.common.rest_client [req-db8b05e6-9872-44ea-87ea-9983cf33845b req-db8b05e6-9872-44ea-87ea-9983cf33845b ] Request (ListImageFiltersNegativeTestJSON:setUpClass): 201 POST http://10.180.1.21/identity/v3/projects 0.126s
2024-10-31 12:31:16.038 63214 INFO tempest.lib.common.rest_client [req-c904ec28-a98a-4577-a249-073e18c3f00e req-c904ec28-a98a-4577-a249-073e18c3f00e ] Request (AttachInterfacesUnderV243Test:setUpClass): 201 POST http://10.180.1.21/identity/v3/auth/tokens 0.119s
2024-10-31 12:31:16.061 63212 INFO tempest.lib.common.rest_client [req-314718db-9986-4e4f-b345-30e2bc312d15 req-314718db-9986-4e4f-b345-30e2bc312d15 ] Request (ServerAddressesNegativeTestJSON:setUpClass): 204 PUT http://10.180.1.21/identity/v3/projects/14b716820b354f2d82b357bfa5c2afa5/users/1fe38180500e4610b505c48479ee4cd9/roles/ad044c832e5d4cfaa6ae363693442e4a 0.094s
2024-10-31 12:31:16.061 63212 INFO tempest.lib.common.dynamic_creds [-] Dynamic test user 1fe38180500e4610b505c48479ee4cd9 is created with scope project and roles: ['member']
2024-10-31 12:31:16.061 63212 INFO tempest.lib.common.dynamic_creds [-] Acquired dynamic creds: credentials: Credentials: {'domain_id': 'default', 'domain_name': 'Default', 'username': 'tempest-ServerAddressesNegativeTestJSON-1869540618-project-member', 'project_domain_id': 'default', 'project_domain_name': 'Default', 'project_id': '14b716820b354f2d82b357bfa5c2afa5', 'project_name': 'tempest-ServerAddressesNegativeTestJSON-1869540618', 'tenant_id': '14b716820b354f2d82b357bfa5c2afa5', 'tenant_name': 'tempest-ServerAddressesNegativeTestJSON-1869540618', 'user_domain_id': 'default', 'user_domain_name': 'Default', 'user_id': '1fe38180500e4610b505c48479ee4cd9', 'system': None}, Network: None, Subnet: None, Router: None
2024-10-31 12:31:16.065 63232 INFO tempest.lib.common.rest_client [req-bdc66d2b-dbc2-4ee2-bcc7-3efcdc0f3330 req-bdc66d2b-dbc2-4ee2-bcc7-3efcdc0f3330 ] Request (ListImageFiltersNegativeTestJSON:setUpClass): 201 POST http://10.180.1.21/identity/v3/users 0.075s
2024-10-31 12:31:16.152 63212 INFO tempest.lib.common.rest_client [req-fcf44e35-4e75-46ab-98b9-73f24460f2e5 req-fcf44e35-4e75-46ab-98b9-73f24460f2e5 ] Request (ServerAddressesNegativeTestJSON:setUpClass): 201 POST http://10.180.1.21/identity/v3/auth/tokens 0.089s
2024-10-31 12:31:16.161 63232 INFO tempest.lib.common.rest_client [req-0dffc609-a6a9-40bb-99fb-7888ee276cc5 req-0dffc609-a6a9-40bb-99fb-7888ee276cc5 ] Request (ListImageFiltersNegativeTestJSON:setUpClass): 200 GET http://10.180.1.21/identity/v3/roles 0.096s
2024-10-31 12:31:16.204 63232 INFO tempest.lib.common.rest_client [req-bed71268-55b9-48fb-9792-0b3330d7bd92 req-bed71268-55b9-48fb-9792-0b3330d7bd92 ] Request (ListImageFiltersNegativeTestJSON:setUpClass): 204 PUT http://10.180.1.21/identity/v3/projects/9e75d3651b884f229c6d825bd90a7f4d/users/e94d21fd89594026a4160667c91663c9/roles/ad044c832e5d4cfaa6ae363693442e4a 0.042s
2024-10-31 12:31:16.204 63232 INFO tempest.lib.common.dynamic_creds [-] Dynamic test user e94d21fd89594026a4160667c91663c9 is created with scope project and roles: ['member']
2024-10-31 12:31:16.204 63232 INFO tempest.lib.common.dynamic_creds [-] Acquired dynamic creds: credentials: Credentials: {'domain_id': 'default', 'domain_name': 'Default', 'username': 'tempest-ListImageFiltersNegativeTestJSON-1855347337-project-member', 'project_domain_id': 'default', 'project_domain_name': 'Default', 'project_id': '9e75d3651b884f229c6d825bd90a7f4d', 'project_name': 'tempest-ListImageFiltersNegativeTestJSON-1855347337', 'tenant_id': '9e75d3651b884f229c6d825bd90a7f4d', 'tenant_name': 'tempest-ListImageFiltersNegativeTestJSON-1855347337', 'user_domain_id': 'default', 'user_domain_name': 'Default', 'user_id': 'e94d21fd89594026a4160667c91663c9', 'system': None}, Network: None, Subnet: None, Router: None
2024-10-31 12:31:16.205 63232 INFO tempest.lib.common.dynamic_creds [-] Created isolated network resources for: credentials: Credentials: {'domain_id': 'default', 'domain_name': 'Default', 'username': 'tempest-ListImageFiltersNegativeTestJSON-1855347337-project-member', 'project_domain_id': 'default', 'project_domain_name': 'Default', 'project_id': '9e75d3651b884f229c6d825bd90a7f4d', 'project_name': 'tempest-ListImageFiltersNegativeTestJSON-1855347337', 'tenant_id': '9e75d3651b884f229c6d825bd90a7f4d', 'tenant_name': 'tempest-ListImageFiltersNegativeTestJSON-1855347337', 'user_domain_id': 'default', 'user_domain_name': 'Default', 'user_id': 'e94d21fd89594026a4160667c91663c9', 'system': None}, Network: None, Subnet: None, Router: None
2024-10-31 12:31:16.275 63232 INFO tempest.lib.common.rest_client [req-1aa68bdf-65eb-4fbb-a2ad-ab2533a80a1e req-1aa68bdf-65eb-4fbb-a2ad-ab2533a80a1e ] Request (ListImageFiltersNegativeTestJSON:setUpClass): 201 POST http://10.180.1.21/identity/v3/auth/tokens 0.067s
2024-10-31 12:31:16.428 63214 INFO tempest.lib.common.rest_client [req-90bcd241-4e70-4252-a14a-a2c422974ed6 req-90bcd241-4e70-4252-a14a-a2c422974ed6 ] Request (AttachInterfacesUnderV243Test:setUpClass): 201 POST http://10.180.1.21:9696/networking/v2.0/networks 0.389s
2024-10-31 12:31:16.615 63264 INFO tempest.lib.common.rest_client [req-6ed775b7-6b4d-408a-9d1c-647010ae7cfc req-6ed775b7-6b4d-408a-9d1c-647010ae7cfc ] Request (ServersTestJSON:setUpClass): 201 POST http://10.180.1.21:9696/networking/v2.0/subnets 0.939s
2024-10-31 12:31:16.707 63248 INFO tempest.lib.common.rest_client [req-b644d330-e48f-4c67-a5ff-411759023b6c req-b644d330-e48f-4c67-a5ff-411759023b6c ] Request (VolumesAdminNegativeTest:test_update_attached_volume_with_nonexistent_volume_in_body): 202 POST http://10.180.1.21/compute/v2.1/servers 3.206s
2024-10-31 12:31:16.718 63216 INFO tempest.lib.common.rest_client [req-5c8b656d-5853-40ad-b7b1-2def746b46ee req-5c8b656d-5853-40ad-b7b1-2def746b46ee ] Request (MultipleCreateNegativeTestJSON:test_max_count_non_integer): 400 POST http://10.180.1.21/compute/v2.1/servers 3.152s
2024-10-31 12:31:16.797 63216 INFO tempest.lib.common.rest_client [req-d8f44c52-41fa-4c30-a7a9-a80d20eef7e7 req-d8f44c52-41fa-4c30-a7a9-a80d20eef7e7 ] Request (MultipleCreateNegativeTestJSON:test_min_count_less_than_one): 201 POST http://10.180.1.21/identity/v3/auth/tokens 0.075s
2024-10-31 12:31:16.797 63216 INFO tempest.lib.common.fixed_network [-] (MultipleCreateNegativeTestJSON:test_min_count_less_than_one) Found network None available for tenant
2024-10-31 12:31:16.802 63234 INFO tempest.lib.common.rest_client [req-57eb7d32-a21f-4554-b1f6-43229827f3db req-57eb7d32-a21f-4554-b1f6-43229827f3db ] Request (ServerDiagnosticsV248Test:test_get_server_diagnostics): 200 GET http://10.180.1.21/compute/v2.1/servers/532ae225-da05-4cbb-9bb4-c72a8451acff 3.102s
2024-10-31 12:31:16.903 63214 INFO tempest.lib.common.rest_client [req-293f73df-d815-4d34-8626-40d269421fbc req-293f73df-d815-4d34-8626-40d269421fbc ] Request (AttachInterfacesUnderV243Test:setUpClass): 201 POST http://10.180.1.21:9696/networking/v2.0/subnets 0.474s
2024-10-31 12:31:16.909 63212 INFO tempest.lib.common.rest_client [req-c3676ff7-9806-4602-b8b2-56604711ebc7 req-c3676ff7-9806-4602-b8b2-56604711ebc7 ] Request (ServerAddressesNegativeTestJSON:setUpClass): 201 POST http://10.180.1.21:9696/networking/v2.0/networks 0.756s
2024-10-31 12:31:16.970 63238 INFO tempest.lib.common.rest_client [req-072860b6-5c9f-4d9f-97b9-102fa0e8eb1e req-072860b6-5c9f-4d9f-97b9-102fa0e8eb1e ] Request (QuotasAdminTestJSON:test_delete_quota): 200 GET http://10.180.1.21/compute/v2.1/os-quota-sets/824d995414564529a8d179eb8907e34b 3.187s
2024-10-31 12:31:16.986 63244 INFO tempest.lib.common.rest_client [req-5f214ece-62f1-4fc6-be88-27a55e1059e6 req-5f214ece-62f1-4fc6-be88-27a55e1059e6 ] Request (FlavorsAccessNegativeTestJSON:_run_cleanups): 202 DELETE http://10.180.1.21/compute/v2.1/flavors/342345886 3.039s
2024-10-31 12:31:17.064 63240 INFO tempest.lib.common.rest_client [req-e6656995-de63-4822-a0ea-f10faa5fe6fe req-e6656995-de63-4822-a0ea-f10faa5fe6fe ] Request (ServersAdminTestJSON:setUpClass): 200 GET http://10.180.1.21/compute/v2.1/servers/fa55e796-81d0-46b7-b025-9119bae2f305 3.097s
2024-10-31 12:31:17.230 63222 INFO tempest.lib.common.rest_client [req-295e9184-3ce4-41c2-b44b-4c655c43dde0 req-295e9184-3ce4-41c2-b44b-4c655c43dde0 ] Request (VolumesAssistedSnapshotsTest:setUpClass): 200 PUT http://10.180.1.21:9696/networking/v2.0/routers/4c24dec1-c951-4799-85c1-bb7d37a9404a/add_router_interface 3.882s
2024-10-31 12:31:17.231 63222 INFO tempest.lib.common.dynamic_creds [-] Created isolated network resources for: credentials: Credentials: {'domain_id': 'default', 'domain_name': 'Default', 'username': 'tempest-VolumesAssistedSnapshotsTest-141585571-project', 'project_domain_id': 'default', 'project_domain_name': 'Default', 'project_id': '3fd6e4eae39c485aaf46db48adec8df3', 'project_name': 'tempest-VolumesAssistedSnapshotsTest-141585571', 'tenant_id': '3fd6e4eae39c485aaf46db48adec8df3', 'tenant_name': 'tempest-VolumesAssistedSnapshotsTest-141585571', 'user_domain_id': 'default', 'user_domain_name': 'Default', 'user_id': '441da7786d9240dca4b88e30af53a4a4', 'system': None}, Network: {'id': 'f0e45db2-72e9-420b-b3be-dfed9f0b8e4d', 'name': 'tempest-VolumesAssistedSnapshotsTest-551812885-network', 'tenant_id': '3fd6e4eae39c485aaf46db48adec8df3', 'admin_state_up': True, 'mtu': 8950, 'status': 'ACTIVE', 'subnets': [], 'shared': False, 'project_id': '3fd6e4eae39c485aaf46db48adec8df3', 'port_security_enabled': True, 'router:external': False, 'provider:network_type': 'vlan', 'provider:physical_network': 'default', 'provider:segmentation_id': 8, 'availability_zone_hints': [], 'availability_zones': [], 'ipv4_address_scope': None, 'ipv6_address_scope': None, 'description': '', 'tags': [], 'created_at': '2024-10-31T12:31:10Z', 'updated_at': '2024-10-31T12:31:10Z', 'revision_number': 1}, Subnet: {'id': '548a7cf3-7652-44d5-9dcd-f7fe8a643522', 'name': 'tempest-VolumesAssistedSnapshotsTest-551812885-subnet', 'tenant_id': '3fd6e4eae39c485aaf46db48adec8df3', 'network_id': 'f0e45db2-72e9-420b-b3be-dfed9f0b8e4d', 'ip_version': 4, 'subnetpool_id': None, 'enable_dhcp': True, 'ipv6_ra_mode': None, 'ipv6_address_mode': None, 'gateway_ip': '192.168.128.1', 'cidr': '192.168.128.0/28', 'allocation_pools': [{'start': '192.168.128.2', 'end': '192.168.128.14'}], 'host_routes': [], 'dns_nameservers': [], 'description': '', 'router:external': False, 'service_types': [], 'tags': [], 'created_at': '2024-10-31T12:31:11Z', 'updated_at': '2024-10-31T12:31:11Z', 'revision_number': 0, 'project_id': '3fd6e4eae39c485aaf46db48adec8df3'}, Router: {'id': '4c24dec1-c951-4799-85c1-bb7d37a9404a', 'name': 'tempest-VolumesAssistedSnapshotsTest-551812885-router', 'tenant_id': '3fd6e4eae39c485aaf46db48adec8df3', 'admin_state_up': True, 'status': 'ACTIVE', 'external_gateway_info': {'network_id': '0532b6e2-95a2-45f7-b5ed-331ebc4b25d1', 'external_fixed_ips': [{'subnet_id': 'fc9da9cb-4bb0-40c8-a8a8-5c064b60248d', 'ip_address': '10.180.180.196'}], 'enable_snat': True}, 'description': '', 'availability_zones': [], 'distributed': False, 'ha': False, 'availability_zone_hints': [], 'routes': [], 'flavor_id': None, 'tags': [], 'created_at': '2024-10-31T12:31:11Z', 'updated_at': '2024-10-31T12:31:12Z', 'revision_number': 2, 'project_id': '3fd6e4eae39c485aaf46db48adec8df3'}
2024-10-31 12:31:17.348 63260 INFO tempest.lib.common.rest_client [req-c4ea0889-ebfc-4674-b7f6-25cb31807391 req-c4ea0889-ebfc-4674-b7f6-25cb31807391 ] Request (FloatingIPsAssociationNegativeTestJSON:setUpClass): 200 GET http://10.180.1.21/compute/v2.1/servers/1e128a17-cc1a-4aa0-8020-9c01775d9f75 3.247s
2024-10-31 12:31:17.359 63260 INFO tempest.common.waiters [-] State transition "BUILD/None" ==> "BUILD/spawning" after 7 second wait
2024-10-31 12:31:17.405 63222 INFO tempest.lib.common.rest_client [req-f1473d19-5433-4a07-8952-02a41d2d3781 req-f1473d19-5433-4a07-8952-02a41d2d3781 ] Request (VolumesAssistedSnapshotsTest:setUpClass): 201 POST http://10.180.1.21/identity/v3/auth/tokens 0.123s
2024-10-31 12:31:17.520 63212 INFO tempest.lib.common.rest_client [req-bb999c2b-afbc-4b18-96d7-edc095b6fedc req-bb999c2b-afbc-4b18-96d7-edc095b6fedc ] Request (ServerAddressesNegativeTestJSON:setUpClass): 201 POST http://10.180.1.21:9696/networking/v2.0/subnets 0.611s
2024-10-31 12:31:17.577 63230 INFO tempest.lib.common.rest_client [req-a42acc72-e0c6-4979-a13e-52c0e2b90a95 req-a42acc72-e0c6-4979-a13e-52c0e2b90a95 ] Request (SecurityGroupsTestJSON:test_list_security_groups_by_server): 200 POST http://10.180.1.21/compute/v2.1/os-security-groups 3.413s
2024-10-31 12:31:17.594 63224 INFO tempest.lib.common.rest_client [req-96843acd-de54-4c59-a4dd-2e9e1efcdcb6 req-96843acd-de54-4c59-a4dd-2e9e1efcdcb6 ] Request (FlavorsExtraSpecsNegativeTestJSON:test_flavor_non_admin_set_keys): 403 POST http://10.180.1.21/compute/v2.1/flavors/1789101153/os-extra_specs 3.424s
2024-10-31 12:31:17.621 63252 INFO tempest.lib.common.rest_client [req-46cb89fc-59b5-4db4-b758-f270f10cbfe7 req-46cb89fc-59b5-4db4-b758-f270f10cbfe7 ] Request (FlavorsV261TestJSON:_run_cleanups): 202 DELETE http://10.180.1.21/compute/v2.1/flavors/1719097429 3.419s
2024-10-31 12:31:17.636 63226 INFO tempest.lib.common.rest_client [req-04bacfa3-c3d7-450c-a512-3fde6afb46de req-04bacfa3-c3d7-450c-a512-3fde6afb46de ] Request (KeyPairsV210TestJSON:test_admin_manage_keypairs_for_other_users): 200 GET http://10.180.1.21/compute/v2.1/os-keypairs?user_id=dc92b43753754e0eb8bcd81de0124abb 3.421s
2024-10-31 12:31:17.662 63230 INFO tempest.lib.common.rest_client [req-4071af9c-b2c5-43ce-9b5b-644f7135364f req-4071af9c-b2c5-43ce-9b5b-644f7135364f ] Request (SecurityGroupsTestJSON:test_list_security_groups_by_server): 201 POST http://10.180.1.21/identity/v3/auth/tokens 0.079s
2024-10-31 12:31:17.662 63230 INFO tempest.lib.common.fixed_network [-] (SecurityGroupsTestJSON:test_list_security_groups_by_server) Found network {'id': '8831bf7d-86c0-4b2a-8847-380f93f9c1a6', 'name': 'tempest-SecurityGroupsTestJSON-394564764-network', 'tenant_id': 'd7298fbffd9d491e9bb59440f5889521', 'admin_state_up': True, 'mtu': 8950, 'status': 'ACTIVE', 'subnets': [], 'shared': False, 'project_id': 'd7298fbffd9d491e9bb59440f5889521', 'port_security_enabled': True, 'router:external': False, 'provider:network_type': 'vlan', 'provider:physical_network': 'default', 'provider:segmentation_id': 242, 'availability_zone_hints': [], 'availability_zones': [], 'ipv4_address_scope': None, 'ipv6_address_scope': None, 'description': '', 'tags': [], 'created_at': '2024-10-31T12:31:05Z', 'updated_at': '2024-10-31T12:31:05Z', 'revision_number': 1} available for tenant
2024-10-31 12:31:17.783 63220 INFO tempest.lib.common.rest_client [req-f7a8b317-4560-4625-8f2b-f1f6a6369953 req-f7a8b317-4560-4625-8f2b-f1f6a6369953 ] Request (SecurityGroupsTestAdminJSON:test_list_security_groups_list_all_tenants_filter): 200 GET http://10.180.1.21/compute/v2.1/os-security-groups?all_tenants=true 5.748s
2024-10-31 12:31:17.818 63204 INFO tempest.lib.common.rest_client [req-ee865bcf-e841-4b13-a0e5-4acff1ca0064 req-ee865bcf-e841-4b13-a0e5-4acff1ca0064 ] Request (AggregatesAdminNegativeTestJSON:test_aggregate_add_host_as_user): 200 POST http://10.180.1.21/compute/v2.1/os-aggregates 3.505s
2024-10-31 12:31:17.884 63222 INFO tempest.lib.common.rest_client [req-0bbf0356-5555-485c-bac8-3ed06805c195 req-0bbf0356-5555-485c-bac8-3ed06805c195 ] Request (VolumesAssistedSnapshotsTest:test_volume_assisted_snapshot_create_delete): 202 POST http://10.180.1.21/volume/v3/volumes 0.477s
2024-10-31 12:31:17.959 63222 INFO tempest.lib.common.rest_client [req-ed7996bf-0364-4906-88b8-5c235cfca8f8 req-ed7996bf-0364-4906-88b8-5c235cfca8f8 ] Request (VolumesAssistedSnapshotsTest:test_volume_assisted_snapshot_create_delete): 200 GET http://10.180.1.21/volume/v3/volumes/4def0547-9854-4b37-9b06-3133efe8aa6e 0.069s
2024-10-31 12:31:17.970 63210 INFO tempest.lib.common.rest_client [req-2ebde45c-aee8-42fe-aa22-8540160c0199 req-2ebde45c-aee8-42fe-aa22-8540160c0199 ] Request (TenantUsagesTestJSON:setUpClass): 202 POST http://10.180.1.21/compute/v2.1/servers 3.714s
2024-10-31 12:31:18.071 63250 INFO tempest.lib.common.rest_client [req-6cdda681-25df-4376-9af8-baad8b11d5d3 req-6cdda681-25df-4376-9af8-baad8b11d5d3 ] Request (FlavorsAdminTestJSON:_run_cleanups): 200 GET http://10.180.1.21/compute/v2.1/flavors/detail 3.196s
2024-10-31 12:31:18.124 63246 INFO tempest.lib.common.rest_client [req-1e0e9f8d-dd31-4cd0-ad88-a8484524eb9e req-1e0e9f8d-dd31-4cd0-ad88-a8484524eb9e ] Request (ListServersNegativeTestJSON:setUpClass): 200 GET http://10.180.1.21/compute/v2.1/servers/2870d8cb-8c19-454e-8a6e-1675eba8ddd4 2.701s
2024-10-31 12:31:18.178 63202 INFO tempest.lib.common.rest_client [req-16bdc8e1-9535-4616-8f17-09b96d7ae5b2 req-16bdc8e1-9535-4616-8f17-09b96d7ae5b2 ] Request (ServerDiagnosticsTest:test_get_server_diagnostics): 200 GET http://10.180.1.21/compute/v2.1/servers/709bac33-9605-4254-bf38-49fc7892b15e 2.727s
2024-10-31 12:31:18.193 63206 INFO tempest.lib.common.rest_client [req-b3936301-87be-4cd6-910f-a8ef094033b8 req-b3936301-87be-4cd6-910f-a8ef094033b8 ] Request (FlavorsV255TestJSON:_run_cleanups): 200 GET http://10.180.1.21/compute/v2.1/flavors/detail 2.736s
2024-10-31 12:31:18.211 63242 INFO tempest.lib.common.rest_client [req-7e94d732-5d9b-4143-8157-13bf5ab16060 req-7e94d732-5d9b-4143-8157-13bf5ab16060 ] Request (ServersWithSpecificFlavorTestJSON:test_verify_created_server_ephemeral_disk): 200 POST http://10.180.1.21/compute/v2.1/flavors/193956770/os-extra_specs 2.740s
2024-10-31 12:31:18.218 63208 INFO tempest.lib.common.rest_client [req-8e513c51-6f03-453b-bc67-55034635b33a req-8e513c51-6f03-453b-bc67-55034635b33a ] Request (HypervisorAdminNegativeUnderV252Test:test_show_servers_with_non_admin_user): 403 GET http://10.180.1.21/compute/v2.1/os-hypervisors/1/servers 2.716s
2024-10-31 12:31:18.233 63218 INFO tempest.lib.common.rest_client [req-8bc9a9ff-cbb9-40ab-bebd-fadd6ae3e96a req-8bc9a9ff-cbb9-40ab-bebd-fadd6ae3e96a ] Request (FlavorsAccessTestJSON:test_flavor_access_list_with_private_flavor): 200 POST http://10.180.1.21/compute/v2.1/flavors 2.726s
2024-10-31 12:31:18.238 63236 INFO tempest.lib.common.rest_client [req-b3aecd4f-fe25-4c6d-999f-e2f3b02f4721 req-b3aecd4f-fe25-4c6d-999f-e2f3b02f4721 ] Request (HostsAdminNegativeTestJSON:test_shutdown_host_with_non_admin_user): 403 GET http://10.180.1.21/compute/v2.1/os-hosts/devstack/shutdown 2.723s
2024-10-31 12:31:18.296 63228 INFO tempest.lib.common.rest_client [req-0f2cb335-7f53-4775-bf20-fe9901ae92d3 req-0f2cb335-7f53-4775-bf20-fe9901ae92d3 ] Request (ServersAdminNegativeTestJSON:setUpClass): 200 GET http://10.180.1.21/compute/v2.1/servers/585a0d73-9a2c-4a1e-8e7e-7b4f406a56d5 2.435s
2024-10-31 12:31:18.331 63254 INFO tempest.lib.common.rest_client [req-12e7fde8-a680-4676-8ed6-60f416f407a7 req-12e7fde8-a680-4676-8ed6-60f416f407a7 ] Request (ImagesTestJSON:test_create_image_from_stopped_server): 202 POST http://10.180.1.21/compute/v2.1/servers 3.863s
2024-10-31 12:31:18.354 63262 INFO tempest.lib.common.rest_client [req-5f0a5de8-17ab-4dcc-bd72-e531435bfa73 req-5f0a5de8-17ab-4dcc-bd72-e531435bfa73 ] Request (DeleteServersAdminTestJSON:test_admin_delete_servers_of_others): 200 GET http://10.180.1.21/compute/v2.1/servers/ebb7d30d-c9d7-4ed6-8d5b-22c83d7c80bb 2.167s
2024-10-31 12:31:18.385 63232 INFO tempest.lib.common.rest_client [req-b3137c42-30b7-4367-870c-1cb32456216d req-b3137c42-30b7-4367-870c-1cb32456216d ] Request (ListImageFiltersNegativeTestJSON:test_get_nonexistent_image): 404 GET http://10.180.1.21/compute/v2.1/images/1ab65bad-393b-45ee-b51a-cffe0e39718b 2.108s
2024-10-31 12:31:18.403 63206 INFO tempest.lib.common.rest_client [req-2015bfdf-9742-4bb9-9e4a-261206ce221e req-2015bfdf-9742-4bb9-9e4a-261206ce221e ] Request (FlavorsV255TestJSON:tearDownClass): 204 DELETE http://10.180.1.21/identity/v3/users/59b10dd1853444b79d9cfc3b5c7e2c47 0.149s
2024-10-31 12:31:18.444 63258 INFO tempest.lib.common.rest_client [req-847814aa-c941-4d6c-a10f-8337bcc9029c req-847814aa-c941-4d6c-a10f-8337bcc9029c ] Request (ServerActionsTestOtherA:setUpClass): 200 GET http://10.180.1.21/compute/v2.1/servers/7780b346-28a4-4d80-9f83-a452c23741ec 2.155s
2024-10-31 12:31:18.458 63216 INFO tempest.lib.common.rest_client [req-c8c823ac-50db-4d4e-8572-bc1ecba55dd0 req-c8c823ac-50db-4d4e-8572-bc1ecba55dd0 ] Request (MultipleCreateNegativeTestJSON:test_min_count_less_than_one): 400 POST http://10.180.1.21/compute/v2.1/servers 1.660s
2024-10-31 12:31:18.481 63248 INFO tempest.lib.common.rest_client [req-c629a201-6f97-46c7-b6b3-92bcbe4995e7 req-c629a201-6f97-46c7-b6b3-92bcbe4995e7 ] Request (VolumesAdminNegativeTest:test_update_attached_volume_with_nonexistent_volume_in_body): 200 GET http://10.180.1.21/compute/v2.1/servers/647a3ba2-8b84-45f9-9d28-130eb0521d1b 1.773s
2024-10-31 12:31:18.513 63232 INFO tempest.lib.common.rest_client [req-5bfc9280-9281-4aa9-9101-9556d39d870c req-5bfc9280-9281-4aa9-9101-9556d39d870c ] Request (ListImageFiltersNegativeTestJSON:tearDownClass): 204 DELETE http://10.180.1.21/identity/v3/users/e94d21fd89594026a4160667c91663c9 0.124s
2024-10-31 12:31:18.514 63232 INFO tempest.lib.common.dynamic_creds [-] Deleting project and security group for project: 9e75d3651b884f229c6d825bd90a7f4d
2024-10-31 12:31:18.515 63244 INFO tempest.lib.common.rest_client [req-0b192ce7-9e1c-4db8-9577-43f2bbaeefe6 req-0b192ce7-9e1c-4db8-9577-43f2bbaeefe6 ] Request (FlavorsAccessNegativeTestJSON:_run_cleanups): 200 GET http://10.180.1.21/compute/v2.1/flavors/detail 1.528s
2024-10-31 12:31:18.555 63224 INFO tempest.lib.common.rest_client [req-e4f876fb-29bb-416b-825c-a0f4ae74f7f0 req-e4f876fb-29bb-416b-825c-a0f4ae74f7f0 ] Request (FlavorsExtraSpecsNegativeTestJSON:test_flavor_non_admin_unset_keys): 200 POST http://10.180.1.21/compute/v2.1/flavors/1789101153/os-extra_specs 0.959s
2024-10-31 12:31:18.570 63252 INFO tempest.lib.common.rest_client [req-93751f1c-1071-485d-ac70-6d87503456f5 req-93751f1c-1071-485d-ac70-6d87503456f5 ] Request (FlavorsV261TestJSON:_run_cleanups): 200 GET http://10.180.1.21/compute/v2.1/flavors/detail 0.949s
2024-10-31 12:31:18.594 63226 INFO tempest.lib.common.rest_client [req-f03b8d4f-9be0-4ace-96ae-090b7ce65f46 req-f03b8d4f-9be0-4ace-96ae-090b7ce65f46 ] Request (KeyPairsV210TestJSON:_run_cleanups): 204 DELETE http://10.180.1.21/compute/v2.1/os-keypairs/tempest-KeyPairsV210TestJSON-keypair-1786542140 0.955s
2024-10-31 12:31:18.601 63206 INFO tempest.lib.common.rest_client [req-bc035300-fc36-4ec2-8606-a6f97a738e14 req-bc035300-fc36-4ec2-8606-a6f97a738e14 ] Request (FlavorsV255TestJSON:tearDownClass): 204 DELETE http://10.180.1.21/identity/v3/users/fca250f05582402fb906a9bb70928574 0.198s
2024-10-31 12:31:18.601 63206 INFO tempest.lib.common.dynamic_creds [-] Deleting project and security group for project: 7af4e78946be49d0bf3c86e7a190819d
2024-10-31 12:31:18.611 63216 INFO tempest.lib.common.rest_client [req-7648ba02-bbd1-4f8e-b799-1a2cf16d0bf4 req-7648ba02-bbd1-4f8e-b799-1a2cf16d0bf4 ] Request (MultipleCreateNegativeTestJSON:test_min_count_non_integer): 201 POST http://10.180.1.21/identity/v3/auth/tokens 0.149s
2024-10-31 12:31:18.612 63216 INFO tempest.lib.common.fixed_network [-] (MultipleCreateNegativeTestJSON:test_min_count_non_integer) Found network None available for tenant
2024-10-31 12:31:18.658 63232 INFO tempest.lib.common.rest_client [req-2eb9cad1-ddde-495c-9758-c57f6baacb6f req-2eb9cad1-ddde-495c-9758-c57f6baacb6f ] Request (ListImageFiltersNegativeTestJSON:tearDownClass): 201 POST http://10.180.1.21/identity/v3/auth/tokens 0.143s
2024-10-31 12:31:18.681 63206 INFO tempest.lib.common.rest_client [req-ff0ffc13-4d9b-424e-bf5c-6537ad00fa83 req-ff0ffc13-4d9b-424e-bf5c-6537ad00fa83 ] Request (FlavorsV255TestJSON:tearDownClass): 201 POST http://10.180.1.21/identity/v3/auth/tokens 0.079s
2024-10-31 12:31:18.783 63252 INFO tempest.lib.common.rest_client [req-8524fa91-cf1b-4e80-a17d-036298fdcf6f req-8524fa91-cf1b-4e80-a17d-036298fdcf6f ] Request (FlavorsV261TestJSON:tearDownClass): 204 DELETE http://10.180.1.21/identity/v3/users/57c9092eb5eb41a3ab2da4ede23c1816 0.139s
2024-10-31 12:31:18.843 63238 INFO tempest.lib.common.rest_client [req-e8dd4642-27cf-4827-a88b-3595f6edd941 req-e8dd4642-27cf-4827-a88b-3595f6edd941 ] Request (QuotasAdminTestJSON:test_delete_quota): 200 PUT http://10.180.1.21/compute/v2.1/os-quota-sets/824d995414564529a8d179eb8907e34b 1.869s
2024-10-31 12:31:18.913 63252 INFO tempest.lib.common.rest_client [req-86143aa2-6de4-46e6-97e2-78568ae6d510 req-86143aa2-6de4-46e6-97e2-78568ae6d510 ] Request (FlavorsV261TestJSON:tearDownClass): 204 DELETE http://10.180.1.21/identity/v3/users/0c6ab78ee38e4cf8bc96a5217d6a84fc 0.130s
2024-10-31 12:31:18.913 63252 INFO tempest.lib.common.dynamic_creds [-] Deleting project and security group for project: fd0d050082b344f3a3e80fa94562a9fd
2024-10-31 12:31:18.979 63252 INFO tempest.lib.common.rest_client [req-44490d98-ac9e-4dad-bddb-e4ee608f6a17 req-44490d98-ac9e-4dad-bddb-e4ee608f6a17 ] Request (FlavorsV261TestJSON:tearDownClass): 201 POST http://10.180.1.21/identity/v3/auth/tokens 0.065s
2024-10-31 12:31:19.010 63222 INFO tempest.lib.common.rest_client [req-67d2e79b-49e3-45e0-a1bc-582cb06ce020 req-67d2e79b-49e3-45e0-a1bc-582cb06ce020 ] Request (VolumesAssistedSnapshotsTest:test_volume_assisted_snapshot_create_delete): 200 GET http://10.180.1.21/volume/v3/volumes/4def0547-9854-4b37-9b06-3133efe8aa6e 0.042s
2024-10-31 12:31:19.017 63222 INFO tempest.common.waiters [-] volume 4def0547-9854-4b37-9b06-3133efe8aa6e reached available after waiting for 2.017379 seconds
2024-10-31 12:31:19.050 63220 INFO tempest.lib.common.rest_client [req-cc455273-8c80-4982-978d-1c391bf8c3d6 req-cc455273-8c80-4982-978d-1c391bf8c3d6 ] Request (SecurityGroupsTestAdminJSON:test_list_security_groups_list_all_tenants_filter): 200 GET http://10.180.1.21/compute/v2.1/os-security-groups?all_tenants=true 1.256s
2024-10-31 12:31:19.121 63234 INFO tempest.lib.common.rest_client [req-26992207-7ea3-4330-ada3-cc17e79e4da8 req-26992207-7ea3-4330-ada3-cc17e79e4da8 ] Request (ServerDiagnosticsV248Test:test_get_server_diagnostics): 200 GET http://10.180.1.21/compute/v2.1/servers/532ae225-da05-4cbb-9bb4-c72a8451acff 1.306s
2024-10-31 12:31:19.124 63264 INFO tempest.lib.common.rest_client [req-609d265d-3a79-46b8-9053-75310e06831a req-609d265d-3a79-46b8-9053-75310e06831a ] Request (ServersTestJSON:setUpClass): 201 POST http://10.180.1.21:9696/networking/v2.0/routers 2.507s
2024-10-31 12:31:19.202 63232 INFO tempest.lib.common.rest_client [req-a5e2b3d9-b65a-4094-b3b7-3e6ba72b30a8 req-a5e2b3d9-b65a-4094-b3b7-3e6ba72b30a8 ] Request (ListImageFiltersNegativeTestJSON:tearDownClass): 200 GET http://10.180.1.21:9696/networking/v2.0/security-groups?tenant_id=9e75d3651b884f229c6d825bd90a7f4d&name=default 0.544s
2024-10-31 12:31:19.246 63204 INFO tempest.lib.common.rest_client [req-d4eef000-d3a2-4f14-a216-76a566967456 req-d4eef000-d3a2-4f14-a216-76a566967456 ] Request (AggregatesAdminNegativeTestJSON:test_aggregate_add_host_as_user): 403 POST http://10.180.1.21/compute/v2.1/os-aggregates/2/action 1.426s
2024-10-31 12:31:19.263 63206 INFO tempest.lib.common.rest_client [req-0c2028a7-cf64-435d-bc85-fbaa591e88c3 req-0c2028a7-cf64-435d-bc85-fbaa591e88c3 ] Request (FlavorsV255TestJSON:tearDownClass): 200 GET http://10.180.1.21:9696/networking/v2.0/security-groups?tenant_id=7af4e78946be49d0bf3c86e7a190819d&name=default 0.581s
2024-10-31 12:31:19.331 63210 INFO tempest.lib.common.rest_client [req-35eb0c8f-2377-4c79-b23f-079362b8475e req-35eb0c8f-2377-4c79-b23f-079362b8475e ] Request (TenantUsagesTestJSON:setUpClass): 200 GET http://10.180.1.21/compute/v2.1/servers/d66e557f-fbd5-4369-bdcb-14f25c3bbc7b 1.356s
2024-10-31 12:31:19.380 63214 INFO tempest.lib.common.rest_client [req-96f351ff-bd1a-43db-8406-a9b342015e95 req-96f351ff-bd1a-43db-8406-a9b342015e95 ] Request (AttachInterfacesUnderV243Test:setUpClass): 201 POST http://10.180.1.21:9696/networking/v2.0/routers 2.476s
2024-10-31 12:31:19.429 63240 INFO tempest.lib.common.rest_client [req-3cf3523f-74bf-436b-bb42-72dea570b9c6 req-3cf3523f-74bf-436b-bb42-72dea570b9c6 ] Request (ServersAdminTestJSON:setUpClass): 200 GET http://10.180.1.21/compute/v2.1/servers/fa55e796-81d0-46b7-b025-9119bae2f305 1.354s
2024-10-31 12:31:19.439 63252 INFO tempest.lib.common.rest_client [req-0d2c9eca-55a0-4196-9d05-d786a66487ca req-0d2c9eca-55a0-4196-9d05-d786a66487ca ] Request (FlavorsV261TestJSON:tearDownClass): 200 GET http://10.180.1.21:9696/networking/v2.0/security-groups?tenant_id=fd0d050082b344f3a3e80fa94562a9fd&name=default 0.460s
2024-10-31 12:31:19.450 63250 INFO tempest.lib.common.rest_client [req-13ba63da-ad2e-42aa-ac18-246785c32903 req-13ba63da-ad2e-42aa-ac18-246785c32903 ] Request (FlavorsAdminTestJSON:test_create_flavor_with_int_id): 200 POST http://10.180.1.21/compute/v2.1/flavors 1.371s
2024-10-31 12:31:19.475 63242 INFO tempest.lib.common.rest_client [req-ca0f9168-c056-4875-b5d5-b81f0c69b168 req-ca0f9168-c056-4875-b5d5-b81f0c69b168 ] Request (ServersWithSpecificFlavorTestJSON:test_verify_created_server_ephemeral_disk): 200 POST http://10.180.1.21/compute/v2.1/flavors 1.262s
2024-10-31 12:31:19.475 63230 INFO tempest.lib.common.rest_client [req-1bf5721a-1e86-46c1-ab12-3efc91fd666f req-1bf5721a-1e86-46c1-ab12-3efc91fd666f ] Request (SecurityGroupsTestJSON:test_list_security_groups_by_server): 202 POST http://10.180.1.21/compute/v2.1/servers 1.812s
2024-10-31 12:31:19.491 63208 INFO tempest.lib.common.rest_client [req-94531970-3304-4379-8ad1-8a327f2a12a5 req-94531970-3304-4379-8ad1-8a327f2a12a5 ] Request (HypervisorAdminNegativeUnderV252Test:test_show_servers_with_nonexistent_hypervisor): 404 GET http://10.180.1.21/compute/v2.1/os-hypervisors/a24e42cf-4113-4779-aeee-dc124d418e46/servers 1.271s
2024-10-31 12:31:19.500 63218 INFO tempest.lib.common.rest_client [req-db6432da-e5b8-4b81-9f83-6b45dfbb7981 req-db6432da-e5b8-4b81-9f83-6b45dfbb7981 ] Request (FlavorsAccessTestJSON:test_flavor_access_list_with_private_flavor): 200 GET http://10.180.1.21/compute/v2.1/flavors/1592632877/os-flavor-access 1.264s
2024-10-31 12:31:19.506 63236 INFO tempest.lib.common.rest_client [req-3d2752d9-f055-4b7b-acc9-fdf02c2dddd8 req-3d2752d9-f055-4b7b-acc9-fdf02c2dddd8 ] Request (HostsAdminNegativeTestJSON:test_shutdown_nonexistent_host): 404 GET http://10.180.1.21/compute/v2.1/os-hosts/nonexistent_hostname/shutdown 1.267s
2024-10-31 12:31:19.560 63232 INFO tempest.lib.common.rest_client [req-34557a8e-8a4e-429b-966c-25cfc5ecda22 req-34557a8e-8a4e-429b-966c-25cfc5ecda22 ] Request (ListImageFiltersNegativeTestJSON:tearDownClass): 204 DELETE http://10.180.1.21:9696/networking/v2.0/security-groups/70395b7e-fca6-4715-8b02-793927380e55 0.358s
2024-10-31 12:31:19.602 63260 INFO tempest.lib.common.rest_client [req-0324b937-e79e-45a4-9eb2-17aecae49972 req-0324b937-e79e-45a4-9eb2-17aecae49972 ] Request (FloatingIPsAssociationNegativeTestJSON:setUpClass): 200 GET http://10.180.1.21/compute/v2.1/servers/1e128a17-cc1a-4aa0-8020-9c01775d9f75 1.238s
2024-10-31 12:31:19.620 63254 INFO tempest.lib.common.rest_client [req-c04f45da-f8e4-455f-97bb-b08510dccec2 req-c04f45da-f8e4-455f-97bb-b08510dccec2 ] Request (ImagesTestJSON:test_create_image_from_stopped_server): 200 GET http://10.180.1.21/compute/v2.1/servers/2931c8b9-ed5f-4994-a4d5-50e1369d67e9 1.287s
2024-10-31 12:31:19.622 63244 INFO tempest.lib.common.rest_client [req-36f20886-8b8e-413e-a647-2940614eb5a6 req-36f20886-8b8e-413e-a647-2940614eb5a6 ] Request (FlavorsAccessNegativeTestJSON:test_flavor_access_list_with_public_flavor): 200 POST http://10.180.1.21/compute/v2.1/flavors 1.096s
2024-10-31 12:31:19.628 63224 INFO tempest.lib.common.rest_client [req-a1367190-4047-47fd-9473-b86a4b43dc7b req-a1367190-4047-47fd-9473-b86a4b43dc7b ] Request (FlavorsExtraSpecsNegativeTestJSON:test_flavor_non_admin_unset_keys): 403 DELETE http://10.180.1.21/compute/v2.1/flavors/1789101153/os-extra_specs/hw:numa_nodes 1.071s
2024-10-31 12:31:19.633 63216 INFO tempest.lib.common.rest_client [req-d1e1fa98-b19b-41fc-8aab-2dab53f618ef req-d1e1fa98-b19b-41fc-8aab-2dab53f618ef ] Request (MultipleCreateNegativeTestJSON:test_min_count_non_integer): 400 POST http://10.180.1.21/compute/v2.1/servers 1.020s
2024-10-31 12:31:19.638 63208 INFO tempest.lib.common.rest_client [req-7709b0b4-433a-4e91-9722-aa86b6b82026 req-7709b0b4-433a-4e91-9722-aa86b6b82026 ] Request (HypervisorAdminNegativeUnderV252Test:tearDownClass): 204 DELETE http://10.180.1.21/identity/v3/users/50e778197da64ea8b4c8ac3dbcc45c81 0.144s
2024-10-31 12:31:19.645 63226 INFO tempest.lib.common.rest_client [req-dce9cc49-65ec-43fd-afeb-a3df02270ddc req-dce9cc49-65ec-43fd-afeb-a3df02270ddc ] Request (KeyPairsV210TestJSON:_run_cleanups): 204 DELETE http://10.180.1.21/compute/v2.1/os-keypairs/tempest-keypair-1997119807?user_id=dc92b43753754e0eb8bcd81de0124abb 1.051s
2024-10-31 12:31:19.667 63238 INFO tempest.lib.common.rest_client [req-0ef51b8a-db2c-45b2-b613-cc6456232cb6 req-0ef51b8a-db2c-45b2-b613-cc6456232cb6 ] Request (QuotasAdminTestJSON:test_delete_quota): 202 DELETE http://10.180.1.21/compute/v2.1/os-quota-sets/824d995414564529a8d179eb8907e34b 0.822s
2024-10-31 12:31:19.713 63232 INFO tempest.lib.common.rest_client [req-b3fbc1f0-b163-45bd-98d0-f60eac69ad9c req-b3fbc1f0-b163-45bd-98d0-f60eac69ad9c ] Request (ListImageFiltersNegativeTestJSON:tearDownClass): 204 DELETE http://10.180.1.21/identity/v3/projects/9e75d3651b884f229c6d825bd90a7f4d 0.152s
2024-10-31 12:31:19.766 63216 INFO tempest.lib.common.rest_client [req-8380b441-43a4-472a-a9f5-04b996a814b5 req-8380b441-43a4-472a-a9f5-04b996a814b5 ] Request (MultipleCreateNegativeTestJSON:tearDownClass): 204 DELETE http://10.180.1.21/identity/v3/users/bc443791782542de90b0e7ce6552d362 0.132s
2024-10-31 12:31:19.766 63216 INFO tempest.lib.common.dynamic_creds [-] Deleting project and security group for project: 9c2f685a64584f508d22e7e1059ba9f3
2024-10-31 12:31:19.816 63206 INFO tempest.lib.common.rest_client [req-d99bd9e2-9942-4d0d-be45-ad49922c55f6 req-d99bd9e2-9942-4d0d-be45-ad49922c55f6 ] Request (FlavorsV255TestJSON:tearDownClass): 204 DELETE http://10.180.1.21:9696/networking/v2.0/security-groups/a2bd39c1-716c-457d-984d-b759e8913d82 0.552s
2024-10-31 12:31:19.854 63208 INFO tempest.lib.common.rest_client [req-80a3eaed-3d91-42d3-8015-9b72ffffcc18 req-80a3eaed-3d91-42d3-8015-9b72ffffcc18 ] Request (HypervisorAdminNegativeUnderV252Test:tearDownClass): 204 DELETE http://10.180.1.21/identity/v3/users/91644e88310648a99c320876ef1b644d 0.210s
2024-10-31 12:31:19.854 63208 INFO tempest.lib.common.dynamic_creds [-] Deleting project and security group for project: 780d84f02887483da16d5f25891f42ef
2024-10-31 12:31:19.874 63222 INFO tempest.lib.common.rest_client [req-5f17e716-3043-441f-962d-376983183d53 req-5f17e716-3043-441f-962d-376983183d53 ] Request (VolumesAssistedSnapshotsTest:test_volume_assisted_snapshot_create_delete): 200 POST http://10.180.1.21/compute/v2.1/os-keypairs 0.855s
2024-10-31 12:31:19.921 63216 INFO tempest.lib.common.rest_client [req-e72bc382-1d7f-4af5-9c40-c7e5884d01a1 req-e72bc382-1d7f-4af5-9c40-c7e5884d01a1 ] Request (MultipleCreateNegativeTestJSON:tearDownClass): 201 POST http://10.180.1.21/identity/v3/auth/tokens 0.154s
2024-10-31 12:31:19.923 63232 INFO tempest.lib.common.rest_client [req-d42926f7-7e60-49c8-a6ed-e3ddd069e0ec req-d42926f7-7e60-49c8-a6ed-e3ddd069e0ec ] Request (ServerRescueNegativeTestJSON:setUpClass): 201 POST http://10.180.1.21/identity/v3/auth/tokens 0.207s
2024-10-31 12:31:19.926 63252 INFO tempest.lib.common.rest_client [req-b267d0ee-7960-40c0-8136-5bb4b2c5bd27 req-b267d0ee-7960-40c0-8136-5bb4b2c5bd27 ] Request (FlavorsV261TestJSON:tearDownClass): 204 DELETE http://10.180.1.21:9696/networking/v2.0/security-groups/4d14fc8c-8c62-4d21-a5ff-d962efacbf3c 0.485s
2024-10-31 12:31:19.958 63208 INFO tempest.lib.common.rest_client [req-061db8e7-b348-4db9-8fc6-308f844fdda5 req-061db8e7-b348-4db9-8fc6-308f844fdda5 ] Request (HypervisorAdminNegativeUnderV252Test:tearDownClass): 201 POST http://10.180.1.21/identity/v3/auth/tokens 0.104s
2024-10-31 12:31:19.959 63246 INFO tempest.lib.common.rest_client [req-0292e1c2-d507-4de1-a76f-6bfc0b19fb61 req-0292e1c2-d507-4de1-a76f-6bfc0b19fb61 ] Request (ListServersNegativeTestJSON:setUpClass): 200 GET http://10.180.1.21/compute/v2.1/servers/2870d8cb-8c19-454e-8a6e-1675eba8ddd4 0.827s
2024-10-31 12:31:19.995 63206 INFO tempest.lib.common.rest_client [req-f901782b-cb15-40e6-95b4-19c9c3e5773c req-f901782b-cb15-40e6-95b4-19c9c3e5773c ] Request (FlavorsV255TestJSON:tearDownClass): 204 DELETE http://10.180.1.21/identity/v3/projects/7af4e78946be49d0bf3c86e7a190819d 0.178s
2024-10-31 12:31:19.995 63206 INFO tempest.lib.common.dynamic_creds [-] Deleting project and security group for project: 5bf528eadef840babeddd16201f260d5
2024-10-31 12:31:20.006 63220 INFO tempest.lib.common.rest_client [req-77f2eb99-0503-4228-9118-a84ae231d243 req-77f2eb99-0503-4228-9118-a84ae231d243 ] Request (SecurityGroupsTestAdminJSON:_run_cleanups): 202 DELETE http://10.180.1.21/compute/v2.1/os-security-groups/b0a139f3-eb9f-42c1-8274-e5ad894ba481 0.951s
2024-10-31 12:31:20.030 63232 INFO tempest.lib.common.rest_client [req-1e517b39-6100-45cd-b341-60181893795f req-1e517b39-6100-45cd-b341-60181893795f ] Request (ServerRescueNegativeTestJSON:setUpClass): 201 POST http://10.180.1.21/identity/v3/auth/tokens 0.100s
2024-10-31 12:31:20.044 63204 INFO tempest.lib.common.rest_client [req-5d6fe2b7-4776-4564-ac26-cb357716b2ca req-5d6fe2b7-4776-4564-ac26-cb357716b2ca ] Request (AggregatesAdminNegativeTestJSON:_run_cleanups): 200 DELETE http://10.180.1.21/compute/v2.1/os-aggregates/2 0.798s
2024-10-31 12:31:20.047 63202 INFO tempest.lib.common.rest_client [req-f708c90a-4160-476e-8b26-bfda92b5c23a req-f708c90a-4160-476e-8b26-bfda92b5c23a ] Request (ServerDiagnosticsTest:test_get_server_diagnostics): 200 GET http://10.180.1.21/compute/v2.1/servers/709bac33-9605-4254-bf38-49fc7892b15e 0.859s
2024-10-31 12:31:20.055 63202 INFO tempest.common.waiters [-] State transition "BUILD/None" ==> "BUILD/networking" after 9 second wait
2024-10-31 12:31:20.103 63252 INFO tempest.lib.common.rest_client [req-60aebb41-3d68-4781-b83c-74c401d6ec51 req-60aebb41-3d68-4781-b83c-74c401d6ec51 ] Request (FlavorsV261TestJSON:tearDownClass): 204 DELETE http://10.180.1.21/identity/v3/projects/fd0d050082b344f3a3e80fa94562a9fd 0.176s
2024-10-31 12:31:20.103 63252 INFO tempest.lib.common.dynamic_creds [-] Deleting project and security group for project: cf6f124a07ec4826bb7bda3f0977ba02
2024-10-31 12:31:20.158 63228 INFO tempest.lib.common.rest_client [req-0873a931-3d84-455e-bff3-cc4e4d114997 req-0873a931-3d84-455e-bff3-cc4e4d114997 ] Request (ServersAdminNegativeTestJSON:setUpClass): 200 GET http://10.180.1.21/compute/v2.1/servers/585a0d73-9a2c-4a1e-8e7e-7b4f406a56d5 0.853s
2024-10-31 12:31:20.190 63250 INFO tempest.lib.common.rest_client [req-5eb03d29-3db1-48ce-bd64-75afb9bde256 req-5eb03d29-3db1-48ce-bd64-75afb9bde256 ] Request (FlavorsAdminTestJSON:_run_cleanups): 202 DELETE http://10.180.1.21/compute/v2.1/flavors/348182663 0.735s
2024-10-31 12:31:20.196 63262 INFO tempest.lib.common.rest_client [req-05ed479e-22be-40fe-a9f5-a18e9c6e8f18 req-05ed479e-22be-40fe-a9f5-a18e9c6e8f18 ] Request (DeleteServersAdminTestJSON:test_admin_delete_servers_of_others): 200 GET http://10.180.1.21/compute/v2.1/servers/ebb7d30d-c9d7-4ed6-8d5b-22c83d7c80bb 0.828s
2024-10-31 12:31:20.258 63232 INFO tempest.lib.common.rest_client [req-f3ecfd98-52b1-4b47-81b3-cadba30e4687 req-f3ecfd98-52b1-4b47-81b3-cadba30e4687 ] Request (ServerRescueNegativeTestJSON:setUpClass): 200 GET http://10.180.1.21/identity/v3/domains?name=Default 0.227s
2024-10-31 12:31:20.290 63232 INFO tempest.lib.common.rest_client [req-2f6d5a4a-e2ae-486c-b98a-7f08247697ec req-2f6d5a4a-e2ae-486c-b98a-7f08247697ec ] Request (ServerRescueNegativeTestJSON:setUpClass): 201 POST http://10.180.1.21/identity/v3/projects 0.031s
2024-10-31 12:31:20.332 63258 INFO tempest.lib.common.rest_client [req-565ca012-c182-4126-8f7f-0a9252b5c413 req-565ca012-c182-4126-8f7f-0a9252b5c413 ] Request (ServerActionsTestOtherA:setUpClass): 200 GET http://10.180.1.21/compute/v2.1/servers/7780b346-28a4-4d80-9f83-a452c23741ec 0.875s
2024-10-31 12:31:20.336 63222 INFO tempest.lib.common.rest_client [req-a84c3df5-04ba-433b-b8b3-27c1cb2585ee req-a84c3df5-04ba-433b-b8b3-27c1cb2585ee ] Request (VolumesAssistedSnapshotsTest:test_volume_assisted_snapshot_create_delete): 201 POST http://10.180.1.21:9696/networking/v2.0/security-groups 0.460s
2024-10-31 12:31:20.342 63242 INFO tempest.lib.common.rest_client [req-a811a12a-5158-4d18-bb06-fdf6c39965dd req-a811a12a-5158-4d18-bb06-fdf6c39965dd ] Request (ServersWithSpecificFlavorTestJSON:test_verify_created_server_ephemeral_disk): 200 GET http://10.180.1.21/compute/v2.1/flavors/42/os-extra_specs 0.862s
2024-10-31 12:31:20.357 63232 INFO tempest.lib.common.rest_client [req-ca3a6421-aa1d-453c-adb8-327ea8cb67bb req-ca3a6421-aa1d-453c-adb8-327ea8cb67bb ] Request (ServerRescueNegativeTestJSON:setUpClass): 201 POST http://10.180.1.21/identity/v3/users 0.066s
2024-10-31 12:31:20.381 63232 INFO tempest.lib.common.rest_client [req-4b961701-51aa-457f-9904-79f19879f4c0 req-4b961701-51aa-457f-9904-79f19879f4c0 ] Request (ServerRescueNegativeTestJSON:setUpClass): 200 GET http://10.180.1.21/identity/v3/roles 0.023s
2024-10-31 12:31:20.388 63230 INFO tempest.lib.common.rest_client [req-4c2e69aa-2cd7-4651-a888-19a2e8c72790 req-4c2e69aa-2cd7-4651-a888-19a2e8c72790 ] Request (SecurityGroupsTestJSON:test_list_security_groups_by_server): 200 GET http://10.180.1.21/compute/v2.1/servers/f619dd08-0cdf-486f-8f13-707b254a8593 0.911s
2024-10-31 12:31:20.408 63218 INFO tempest.lib.common.rest_client [req-2933d24a-5334-4952-b5b4-9dfe0020eb19 req-2933d24a-5334-4952-b5b4-9dfe0020eb19 ] Request (FlavorsAccessTestJSON:_run_cleanups): 202 DELETE http://10.180.1.21/compute/v2.1/flavors/1592632877 0.906s
2024-10-31 12:31:20.413 63232 INFO tempest.lib.common.rest_client [req-e423d106-829b-4b6b-a378-ff62e84695fe req-e423d106-829b-4b6b-a378-ff62e84695fe ] Request (ServerRescueNegativeTestJSON:setUpClass): 204 PUT http://10.180.1.21/identity/v3/projects/e1013f4d0e864d3f9630f65f2f9a643e/users/b586afcd74b34c36b03dd6f35f2e962b/roles/ad044c832e5d4cfaa6ae363693442e4a 0.032s
2024-10-31 12:31:20.414 63232 INFO tempest.lib.common.dynamic_creds [-] Dynamic test user b586afcd74b34c36b03dd6f35f2e962b is created with scope project and roles: ['member']
2024-10-31 12:31:20.414 63232 INFO tempest.lib.common.dynamic_creds [-] Acquired dynamic creds: credentials: Credentials: {'domain_id': 'default', 'domain_name': 'Default', 'username': 'tempest-ServerRescueNegativeTestJSON-203051354-project-member', 'project_domain_id': 'default', 'project_domain_name': 'Default', 'project_id': 'e1013f4d0e864d3f9630f65f2f9a643e', 'project_name': 'tempest-ServerRescueNegativeTestJSON-203051354', 'tenant_id': 'e1013f4d0e864d3f9630f65f2f9a643e', 'tenant_name': 'tempest-ServerRescueNegativeTestJSON-203051354', 'user_domain_id': 'default', 'user_domain_name': 'Default', 'user_id': 'b586afcd74b34c36b03dd6f35f2e962b', 'system': None}, Network: None, Subnet: None, Router: None
2024-10-31 12:31:20.414 63236 INFO tempest.lib.common.rest_client [req-f518987e-7f78-4b2a-9568-963617132b47 req-f518987e-7f78-4b2a-9568-963617132b47 ] Request (HostsAdminNegativeTestJSON:test_startup_host_with_non_admin_user): 403 GET http://10.180.1.21/compute/v2.1/os-hosts/devstack/startup 0.906s
2024-10-31 12:31:20.423 63244 INFO tempest.lib.common.rest_client [req-7d075305-46a9-4ab1-a731-3c0c55e8656b req-7d075305-46a9-4ab1-a731-3c0c55e8656b ] Request (FlavorsAccessNegativeTestJSON:test_flavor_access_list_with_public_flavor): 404 GET http://10.180.1.21/compute/v2.1/flavors/1130340865/os-flavor-access 0.797s
2024-10-31 12:31:20.442 63224 INFO tempest.lib.common.rest_client [req-d888d70f-a423-4632-aa28-1511b9139f71 req-d888d70f-a423-4632-aa28-1511b9139f71 ] Request (FlavorsExtraSpecsNegativeTestJSON:test_flavor_non_admin_update_specific_key): 200 POST http://10.180.1.21/compute/v2.1/flavors/1789101153/os-extra_specs 0.813s
2024-10-31 12:31:20.448 63248 INFO tempest.lib.common.rest_client [req-27c2ea17-19c9-455e-97cb-5f011f80af29 req-27c2ea17-19c9-455e-97cb-5f011f80af29 ] Request (VolumesAdminNegativeTest:test_update_attached_volume_with_nonexistent_volume_in_body): 200 GET http://10.180.1.21/compute/v2.1/servers/647a3ba2-8b84-45f9-9d28-130eb0521d1b 0.954s
2024-10-31 12:31:20.458 63226 INFO tempest.lib.common.rest_client [req-4a0620ec-120a-403b-8d50-5e0abd0408cb req-4a0620ec-120a-403b-8d50-5e0abd0408cb ] Request (KeyPairsV210TestJSON:_run_cleanups): 204 DELETE http://10.180.1.21/compute/v2.1/os-keypairs/tempest-keypair-608200018?user_id=dc92b43753754e0eb8bcd81de0124abb 0.812s
2024-10-31 12:31:20.489 63232 INFO tempest.lib.common.rest_client [req-e0f5428f-cf48-4f50-8326-85aa9e5e6fac req-e0f5428f-cf48-4f50-8326-85aa9e5e6fac ] Request (ServerRescueNegativeTestJSON:setUpClass): 201 POST http://10.180.1.21/identity/v3/auth/tokens 0.075s
2024-10-31 12:31:20.517 63212 INFO tempest.lib.common.rest_client [req-b172bc73-04c4-4883-baa4-e55ae4bef68d req-b172bc73-04c4-4883-baa4-e55ae4bef68d ] Request (ServerAddressesNegativeTestJSON:setUpClass): 201 POST http://10.180.1.21:9696/networking/v2.0/routers 2.997s
2024-10-31 12:31:20.554 63226 INFO tempest.lib.common.rest_client [req-aa3896f3-1ab0-497f-93ea-4951f0e60562 req-aa3896f3-1ab0-497f-93ea-4951f0e60562 ] Request (KeyPairsV210TestJSON:tearDownClass): 204 DELETE http://10.180.1.21/identity/v3/users/dc92b43753754e0eb8bcd81de0124abb 0.093s
2024-10-31 12:31:20.591 63206 INFO tempest.lib.common.rest_client [req-a2f03d25-2fee-48bf-aa3c-e7349922eb4d req-a2f03d25-2fee-48bf-aa3c-e7349922eb4d ] Request (FlavorsV255TestJSON:tearDownClass): 200 GET http://10.180.1.21:9696/networking/v2.0/security-groups?tenant_id=5bf528eadef840babeddd16201f260d5&name=default 0.596s
2024-10-31 12:31:20.593 63238 INFO tempest.lib.common.rest_client [req-a285a3d9-b876-48a7-8eb7-eab9d0dbba3b req-a285a3d9-b876-48a7-8eb7-eab9d0dbba3b ] Request (QuotasAdminTestJSON:test_delete_quota): 200 GET http://10.180.1.21/compute/v2.1/os-quota-sets/824d995414564529a8d179eb8907e34b 0.925s
2024-10-31 12:31:20.616 63204 INFO tempest.lib.common.rest_client [req-3144c942-4c46-4183-a643-486ae5189b4e req-3144c942-4c46-4183-a643-486ae5189b4e ] Request (AggregatesAdminNegativeTestJSON:test_aggregate_add_non_exist_host): 200 POST http://10.180.1.21/compute/v2.1/os-aggregates 0.571s
2024-10-31 12:31:20.650 63216 INFO tempest.lib.common.rest_client [req-a887fc37-b178-457f-97d9-80aeefcf453c req-a887fc37-b178-457f-97d9-80aeefcf453c ] Request (MultipleCreateNegativeTestJSON:tearDownClass): 200 GET http://10.180.1.21:9696/networking/v2.0/security-groups?tenant_id=9c2f685a64584f508d22e7e1059ba9f3&name=default 0.729s
2024-10-31 12:31:20.711 63222 INFO tempest.lib.common.rest_client [req-69eaeee0-ffbc-41b4-9904-4090d8eb2777 req-69eaeee0-ffbc-41b4-9904-4090d8eb2777 ] Request (VolumesAssistedSnapshotsTest:test_volume_assisted_snapshot_create_delete): 201 POST http://10.180.1.21:9696/networking/v2.0/security-group-rules 0.374s
2024-10-31 12:31:20.712 63226 INFO tempest.lib.common.rest_client [req-83bc41b5-a595-4caf-9873-432b7b7fda24 req-83bc41b5-a595-4caf-9873-432b7b7fda24 ] Request (KeyPairsV210TestJSON:tearDownClass): 204 DELETE http://10.180.1.21/identity/v3/users/d6b19857a8ba4bf4afea09c2f4a37638 0.158s
2024-10-31 12:31:20.712 63226 INFO tempest.lib.common.dynamic_creds [-] Deleting project and security group for project: 3a87a3179d504d1dab3fe727b95a19a9
2024-10-31 12:31:20.761 63252 INFO tempest.lib.common.rest_client [req-1a1b0459-3691-49f6-85a5-27f3b24b6a49 req-1a1b0459-3691-49f6-85a5-27f3b24b6a49 ] Request (FlavorsV261TestJSON:tearDownClass): 200 GET http://10.180.1.21:9696/networking/v2.0/security-groups?tenant_id=cf6f124a07ec4826bb7bda3f0977ba02&name=default 0.657s
2024-10-31 12:31:20.769 63234 INFO tempest.lib.common.rest_client [req-eb83d312-9562-4a52-80bf-926be70e2c19 req-eb83d312-9562-4a52-80bf-926be70e2c19 ] Request (ServerDiagnosticsV248Test:test_get_server_diagnostics): 200 GET http://10.180.1.21/compute/v2.1/servers/532ae225-da05-4cbb-9bb4-c72a8451acff 0.632s
2024-10-31 12:31:20.770 63226 INFO tempest.lib.common.rest_client [req-3f4fc917-672e-4184-a464-0addc5ec5b58 req-3f4fc917-672e-4184-a464-0addc5ec5b58 ] Request (KeyPairsV210TestJSON:tearDownClass): 201 POST http://10.180.1.21/identity/v3/auth/tokens 0.057s
2024-10-31 12:31:20.814 63250 INFO tempest.lib.common.rest_client [req-180262f5-3565-4b5c-a98e-a8ea01dad380 req-180262f5-3565-4b5c-a98e-a8ea01dad380 ] Request (FlavorsAdminTestJSON:_run_cleanups): 200 GET http://10.180.1.21/compute/v2.1/flavors/detail 0.624s
2024-10-31 12:31:20.819 63208 INFO tempest.lib.common.rest_client [req-c32d9b82-1529-4e5f-ab80-f5fd73f9a7d6 req-c32d9b82-1529-4e5f-ab80-f5fd73f9a7d6 ] Request (HypervisorAdminNegativeUnderV252Test:tearDownClass): 200 GET http://10.180.1.21:9696/networking/v2.0/security-groups?tenant_id=780d84f02887483da16d5f25891f42ef&name=default 0.860s
2024-10-31 12:31:20.825 63238 INFO tempest.lib.common.rest_client [req-db6dc898-9f3f-40f5-9979-f8ef386a97f9 req-db6dc898-9f3f-40f5-9979-f8ef386a97f9 ] Request (QuotasAdminTestJSON:_run_cleanups): 204 DELETE http://10.180.1.21/identity/v3/projects/824d995414564529a8d179eb8907e34b 0.229s
2024-10-31 12:31:20.903 63210 INFO tempest.lib.common.rest_client [req-71b32389-b61a-48f5-9d89-44eab79293b7 req-71b32389-b61a-48f5-9d89-44eab79293b7 ] Request (TenantUsagesTestJSON:setUpClass): 200 GET http://10.180.1.21/compute/v2.1/servers/d66e557f-fbd5-4369-bdcb-14f25c3bbc7b 0.564s
