2024-10-31 12:32:08.790 63210 INFO tempest.lib.common.rest_client [req-1555dff7-996a-4848-87b6-ae22a31fede5 req-1555dff7-996a-4848-87b6-ae22a31fede5 ] Request (TenantUsagesTestJSON:setUpClass): 200 GET http://10.180.1.21/compute/v2.1/servers/d66e557f-fbd5-4369-bdcb-14f25c3bbc7b 0.313s
2024-10-31 12:32:08.800 63210 INFO tempest.common.waiters [-] State transition "BUILD/networking" ==> "BUILD/block_device_mapping" after 49 second wait
2024-10-31 12:32:08.864 63260 INFO tempest.lib.common.rest_client [req-a97bd248-b426-491d-a04b-cff6f245d310 req-a97bd248-b426-491d-a04b-cff6f245d310 ] Request (ServerPasswordTestJSON:setUpClass): 200 GET http://10.180.1.21/compute/v2.1/servers/852e7cdf-5da3-4217-8960-f3204d4c1035 0.341s
2024-10-31 12:32:08.868 63202 INFO tempest.lib.common.rest_client [req-a4cff0cd-890d-4600-887b-a6cb28be9fc4 req-a4cff0cd-890d-4600-887b-a6cb28be9fc4 ] Request (FloatingIPDetailsTestJSON:tearDownClass): 202 DELETE http://10.180.1.21/compute/v2.1/os-floating-ips/c25cfa96-3b58-422e-84e3-da978b520b22 0.574s
2024-10-31 12:32:08.913 63226 INFO tempest.lib.common.rest_client [req-5ee3e8c5-5ca9-49fe-a526-baf1e88f93ab req-5ee3e8c5-5ca9-49fe-a526-baf1e88f93ab ] Request (AttachVolumeTestJSON:test_attach_detach_volume): 200 GET http://10.180.1.21/compute/v2.1/servers/ece118fc-a39e-443a-bfd1-fc332da2452f 0.376s
2024-10-31 12:32:08.950 63262 INFO tempest.lib.common.rest_client [req-fdb9d989-4620-47a3-b082-0d0e84b891b8 req-fdb9d989-4620-47a3-b082-0d0e84b891b8 ] Request (DeleteServersAdminTestJSON:test_delete_server_while_in_error_state): 200 GET http://10.180.1.21/compute/v2.1/servers/7eee167f-50e3-48d5-9c6d-9115df9bb0b9 0.381s
2024-10-31 12:32:08.973 63254 INFO tempest.lib.common.rest_client [req-ec5b8eeb-ceca-4d2f-b98b-b2bb4ea61500 req-ec5b8eeb-ceca-4d2f-b98b-b2bb4ea61500 ] Request (ImagesTestJSON:test_create_image_from_stopped_server): 200 GET http://10.180.1.21/compute/v2.1/servers/2931c8b9-ed5f-4994-a4d5-50e1369d67e9 0.385s
2024-10-31 12:32:08.979 63240 INFO tempest.lib.common.rest_client [req-9fb903d8-a938-44e0-8efa-8dd13c20301d req-9fb903d8-a938-44e0-8efa-8dd13c20301d ] Request (ServerRescueTestJSON:setUpClass): 201 POST http://10.180.1.21:9696/networking/v2.0/networks 0.442s
2024-10-31 12:32:09.018 63204 INFO tempest.lib.common.rest_client [req-9eab1eb1-3df9-4406-9b94-3a2597d6d927 req-9eab1eb1-3df9-4406-9b94-3a2597d6d927 ] Request (ServerActionsTestOtherB:setUpClass): 200 GET http://10.180.1.21/compute/v2.1/servers/1a55a4d1-59ea-4dee-b0bd-de5d04e3ecdb 0.391s
2024-10-31 12:32:09.032 63224 INFO tempest.lib.common.rest_client [req-39545722-cce6-4f2f-9dee-67681c37aea3 req-39545722-cce6-4f2f-9dee-67681c37aea3 ] Request (ListServerFiltersTestJSON:setUpClass): 200 GET http://10.180.1.21/compute/v2.1/servers/79a4d3c8-ead6-4893-b0a7-89a8ff435e54 0.366s
2024-10-31 12:32:09.097 63246 INFO tempest.lib.common.rest_client [req-c0eb4646-bddf-4b8c-922a-30b076ff91ab req-c0eb4646-bddf-4b8c-922a-30b076ff91ab ] Request (ListServersNegativeTestJSON:setUpClass): 200 GET http://10.180.1.21/compute/v2.1/servers/2870d8cb-8c19-454e-8a6e-1675eba8ddd4 0.331s
2024-10-31 12:32:09.099 63234 INFO tempest.lib.common.rest_client [req-9935f54c-7f14-41c2-9571-8b97340de802 req-9935f54c-7f14-41c2-9571-8b97340de802 ] Request (ServerDiagnosticsV248Test:tearDownClass): 200 GET http://10.180.1.21/compute/v2.1/servers/532ae225-da05-4cbb-9bb4-c72a8451acff 0.368s
2024-10-31 12:32:09.153 63228 INFO tempest.lib.common.rest_client [req-ab6fbbec-9e84-47e3-9339-c25b9d8180ad req-ab6fbbec-9e84-47e3-9339-c25b9d8180ad ] Request (ServersTestFqdnHostnames:test_create_server_with_fqdn_name): 200 GET http://10.180.1.21/compute/v2.1/servers/b2f38e92-37a1-4e0b-9292-b20ea43a2038 0.376s
2024-10-31 12:32:09.156 63264 INFO tempest.lib.common.rest_client [req-4e48ba57-2242-4d13-a39b-16d6174cf194 req-4e48ba57-2242-4d13-a39b-16d6174cf194 ] Request (ServersTestJSON:setUpClass): 200 GET http://10.180.1.21/compute/v2.1/servers/f594c50e-25b3-4e85-840c-7dfe0994a2c2 0.328s
2024-10-31 12:32:09.205 63242 INFO tempest.lib.common.rest_client [req-775fb9b0-0865-45af-94f5-ec35e75b5c3b req-775fb9b0-0865-45af-94f5-ec35e75b5c3b ] Request (ServersWithSpecificFlavorTestJSON:test_verify_created_server_ephemeral_disk): 200 GET http://10.180.1.21/compute/v2.1/servers/59187ca2-0482-4603-8689-542d2bf5d023 0.370s
2024-10-31 12:32:09.229 63240 INFO tempest.lib.common.rest_client [req-f2fecba3-7aed-4dc6-8e36-d68bf3fca421 req-f2fecba3-7aed-4dc6-8e36-d68bf3fca421 ] Request (ServerRescueTestJSON:setUpClass): 201 POST http://10.180.1.21:9696/networking/v2.0/subnets 0.249s
2024-10-31 12:32:09.259 63212 INFO tempest.lib.common.rest_client [req-7b2047eb-db44-4979-878b-7a4b41a4fae4 req-7b2047eb-db44-4979-878b-7a4b41a4fae4 ] Request (ServerAddressesNegativeTestJSON:setUpClass): 200 GET http://10.180.1.21/compute/v2.1/servers/53519d3e-34d2-410f-ac19-69a015e407b9 0.380s
2024-10-31 12:32:09.313 63208 INFO tempest.lib.common.rest_client [req-1f35e046-18ee-4ba3-914c-af9aef52c720 req-1f35e046-18ee-4ba3-914c-af9aef52c720 ] Request (FloatingIPsAssociationTestJSON:setUpClass): 200 GET http://10.180.1.21/compute/v2.1/servers/222f547e-8fce-4576-bafc-809ea2ee8631 0.428s
2024-10-31 12:32:09.403 63236 INFO tempest.lib.common.rest_client [req-5d07b83a-0321-4631-88ba-f90d21073ae3 req-5d07b83a-0321-4631-88ba-f90d21073ae3 ] Request (ServerMetadataTestJSON:setUpClass): 200 GET http://10.180.1.21/compute/v2.1/servers/eaf9ca94-4f45-403e-bb06-e9a9adf58f38 0.463s
2024-10-31 12:32:09.465 63206 INFO tempest.lib.common.rest_client [req-ece827de-d052-4227-a243-27be8b2ef8b8 req-ece827de-d052-4227-a243-27be8b2ef8b8 ] Request (AttachInterfacesTestJSON:test_create_list_show_delete_interfaces_by_fixed_ip): 200 GET http://10.180.1.21/compute/v2.1/servers/83c4b731-780a-4f3c-bbdd-b624a52365ef 0.455s
2024-10-31 12:32:09.521 63252 INFO tempest.lib.common.rest_client [req-f8e557ba-ea80-45f2-a38a-2ffbe3fa7cbc req-f8e557ba-ea80-45f2-a38a-2ffbe3fa7cbc ] Request (ServersTestBootFromVolume:setUpClass): 200 GET http://10.180.1.21/compute/v2.1/servers/99db6bef-6501-4ab3-a329-0877ca303f1b 0.454s
2024-10-31 12:32:09.573 63250 INFO tempest.lib.common.rest_client [req-9e035561-a4f5-416c-b61b-96104ac72d75 req-9e035561-a4f5-416c-b61b-96104ac72d75 ] Request (MigrationsAdminTest:test_list_migrations_in_flavor_resize_situation): 200 GET http://10.180.1.21/compute/v2.1/servers/4519d37a-f8e6-4a25-99a1-399925199a58 0.443s
2024-10-31 12:32:09.640 63256 INFO tempest.lib.common.rest_client [req-169c09c6-f84a-46d6-9c3f-601ca8dca9bf req-169c09c6-f84a-46d6-9c3f-601ca8dca9bf ] Request (ServersAdmin275Test:test_rebuild_update_server_275): 200 GET http://10.180.1.21/compute/v2.1/servers/02f113d2-f991-4268-b9a4-59e2e6bcf7a6 0.449s
2024-10-31 12:32:09.697 63244 INFO tempest.lib.common.rest_client [req-79fedb79-4497-49f8-9b27-62fbd6a0f66d req-79fedb79-4497-49f8-9b27-62fbd6a0f66d ] Request (ServerDiagnosticsNegativeTest:test_get_server_diagnostics_by_non_admin): 200 GET http://10.180.1.21/compute/v2.1/servers/6c7ed2a3-ed0f-476b-8232-d7a3c27adcee 0.450s
2024-10-31 12:32:09.717 63202 INFO tempest.lib.common.rest_client [req-be9704b8-c8d9-4a78-87fd-9f8554e3c898 req-be9704b8-c8d9-4a78-87fd-9f8554e3c898 ] Request (FloatingIPDetailsTestJSON:tearDownClass): 202 DELETE http://10.180.1.21/compute/v2.1/os-floating-ips/177171b0-2a4d-4797-91af-6390c0ab1408 0.849s
2024-10-31 12:32:09.751 63230 INFO tempest.lib.common.rest_client [req-406b1d82-bff3-4060-85ec-96d7b1946592 req-406b1d82-bff3-4060-85ec-96d7b1946592 ] Request (SecurityGroupsTestJSON:test_list_security_groups_by_server): 200 GET http://10.180.1.21/compute/v2.1/servers/f619dd08-0cdf-486f-8f13-707b254a8593 0.452s
2024-10-31 12:32:09.769 63214 INFO tempest.lib.common.rest_client [req-6c39ee6c-3d87-4807-8927-834e4ebd4c49 req-6c39ee6c-3d87-4807-8927-834e4ebd4c49 ] Request (AttachInterfacesUnderV243Test:test_add_remove_fixed_ip): 200 GET http://10.180.1.21/compute/v2.1/servers/63c54ed4-4525-42f6-a99f-033f7b9838a7 0.418s
2024-10-31 12:32:09.799 63248 INFO tempest.lib.common.rest_client [req-720ae2bd-fe59-4fac-af23-8d4a1d64d69f req-720ae2bd-fe59-4fac-af23-8d4a1d64d69f ] Request (VolumesAdminNegativeTest:test_update_attached_volume_with_nonexistent_volume_in_body): 200 GET http://10.180.1.21/compute/v2.1/servers/647a3ba2-8b84-45f9-9d28-130eb0521d1b 0.438s
2024-10-31 12:32:09.828 63232 INFO tempest.lib.common.rest_client [req-add6944f-992e-4129-a1d8-c982e1573c66 req-add6944f-992e-4129-a1d8-c982e1573c66 ] Request (ServerRescueNegativeTestJSON:setUpClass): 200 GET http://10.180.1.21/compute/v2.1/servers/8a893e6e-37d4-4fd4-b0db-d6633117bdce 0.424s
2024-10-31 12:32:09.856 63238 INFO tempest.lib.common.rest_client [req-a7a70ad4-c9f7-4095-8d07-57e19a1fe92a req-a7a70ad4-c9f7-4095-8d07-57e19a1fe92a ] Request (ServersNegativeTestMultiTenantJSON:setUpClass): 200 GET http://10.180.1.21/compute/v2.1/servers/f8ba32e4-6234-4dee-8bc5-b7a12105a3c4 0.446s
2024-10-31 12:32:09.883 63218 INFO tempest.lib.common.rest_client [req-ed3af016-0ca8-4d8f-8d3b-48bf3de492b7 req-ed3af016-0ca8-4d8f-8d3b-48bf3de492b7 ] Request (ImagesNegativeTestJSON:test_create_image_from_deleted_server): 200 GET http://10.180.1.21/compute/v2.1/servers/f45f605f-cb91-4169-879c-bf9e6ce9c989 0.417s
2024-10-31 12:32:10.072 63222 INFO tempest.lib.common.rest_client [req-0f0da5f8-aa9a-4b3f-80be-2ae37424739b req-0f0da5f8-aa9a-4b3f-80be-2ae37424739b ] Request (VolumesAssistedSnapshotsTest:test_volume_assisted_snapshot_create_delete): 200 GET http://10.180.1.21/compute/v2.1/servers/61702d54-59d2-4d13-9eed-59b052b7fe74 0.540s
2024-10-31 12:32:10.079 63220 INFO tempest.lib.common.rest_client [req-68bf916a-b844-421d-a85e-305d64c88954 req-68bf916a-b844-421d-a85e-305d64c88954 ] Request (InstanceActionsV221TestJSON:test_get_list_deleted_instance_actions): 200 GET http://10.180.1.21/compute/v2.1/servers/8ac4264d-7d75-4c38-b8da-e3d90ffe9363 0.479s
2024-10-31 12:32:10.147 63210 INFO tempest.lib.common.rest_client [req-030ee984-7ba9-46ae-a88c-761934be190e req-030ee984-7ba9-46ae-a88c-761934be190e ] Request (TenantUsagesTestJSON:setUpClass): 200 GET http://10.180.1.21/compute/v2.1/servers/d66e557f-fbd5-4369-bdcb-14f25c3bbc7b 0.344s
2024-10-31 12:32:10.156 63210 INFO tempest.common.waiters [-] State transition "BUILD/block_device_mapping" ==> "BUILD/spawning" after 51 second wait
2024-10-31 12:32:10.164 63260 INFO tempest.lib.common.rest_client [req-2e045487-b189-4ced-8d0d-2e80b4831eb8 req-2e045487-b189-4ced-8d0d-2e80b4831eb8 ] Request (ServerPasswordTestJSON:setUpClass): 200 GET http://10.180.1.21/compute/v2.1/servers/852e7cdf-5da3-4217-8960-f3204d4c1035 0.292s
2024-10-31 12:32:10.210 63226 INFO tempest.lib.common.rest_client [req-14d8c342-584b-4838-bd5e-e96d66f1f18a req-14d8c342-584b-4838-bd5e-e96d66f1f18a ] Request (AttachVolumeTestJSON:test_attach_detach_volume): 200 GET http://10.180.1.21/compute/v2.1/servers/ece118fc-a39e-443a-bfd1-fc332da2452f 0.285s
2024-10-31 12:32:10.213 63262 INFO tempest.lib.common.rest_client [req-0f57faa9-59de-4e5d-9727-e35ffa8aa593 req-0f57faa9-59de-4e5d-9727-e35ffa8aa593 ] Request (DeleteServersAdminTestJSON:test_delete_server_while_in_error_state): 200 GET http://10.180.1.21/compute/v2.1/servers/7eee167f-50e3-48d5-9c6d-9115df9bb0b9 0.253s
2024-10-31 12:32:10.280 63254 INFO tempest.lib.common.rest_client [req-a3563691-2feb-49e8-b12c-50ae091e7ede req-a3563691-2feb-49e8-b12c-50ae091e7ede ] Request (ImagesTestJSON:test_create_image_from_stopped_server): 200 GET http://10.180.1.21/compute/v2.1/servers/2931c8b9-ed5f-4994-a4d5-50e1369d67e9 0.300s
2024-10-31 12:32:10.283 63204 INFO tempest.lib.common.rest_client [req-4f571c95-5958-4ec9-9833-e459191af0b3 req-4f571c95-5958-4ec9-9833-e459191af0b3 ] Request (ServerActionsTestOtherB:setUpClass): 200 GET http://10.180.1.21/compute/v2.1/servers/1a55a4d1-59ea-4dee-b0bd-de5d04e3ecdb 0.258s
2024-10-31 12:32:10.288 63254 INFO tempest.common.waiters [-] State transition "BUILD/None" ==> "BUILD/networking" after 51 second wait
2024-10-31 12:32:10.328 63246 INFO tempest.lib.common.rest_client [req-26159770-748f-437c-98dd-3c26235f7982 req-26159770-748f-437c-98dd-3c26235f7982 ] Request (ListServersNegativeTestJSON:setUpClass): 200 GET http://10.180.1.21/compute/v2.1/servers/2870d8cb-8c19-454e-8a6e-1675eba8ddd4 0.224s
2024-10-31 12:32:10.341 63224 INFO tempest.lib.common.rest_client [req-a9fc3510-21da-4110-b1db-96b9a04ea03f req-a9fc3510-21da-4110-b1db-96b9a04ea03f ] Request (ListServerFiltersTestJSON:setUpClass): 200 GET http://10.180.1.21/compute/v2.1/servers/79a4d3c8-ead6-4893-b0a7-89a8ff435e54 0.300s
2024-10-31 12:32:10.350 63202 INFO tempest.lib.common.rest_client [req-cc4ce742-e0c5-4b32-be10-583942c9adb2 req-cc4ce742-e0c5-4b32-be10-583942c9adb2 ] Request (FloatingIPDetailsTestJSON:tearDownClass): 200 PUT http://10.180.1.21:9696/networking/v2.0/routers/567cb4eb-47e9-41c1-8eeb-fb813a0c8e50/remove_router_interface 0.632s
2024-10-31 12:32:10.398 63234 INFO tempest.lib.common.rest_client [req-86d6d094-b826-4354-a5b3-11131ff54261 req-86d6d094-b826-4354-a5b3-11131ff54261 ] Request (ServerDiagnosticsV248Test:tearDownClass): 200 GET http://10.180.1.21/compute/v2.1/servers/532ae225-da05-4cbb-9bb4-c72a8451acff 0.290s
2024-10-31 12:32:10.409 63228 INFO tempest.lib.common.rest_client [req-be46798b-f4ea-4d69-b56f-4c512d98ee9c req-be46798b-f4ea-4d69-b56f-4c512d98ee9c ] Request (ServersTestFqdnHostnames:test_create_server_with_fqdn_name): 200 GET http://10.180.1.21/compute/v2.1/servers/b2f38e92-37a1-4e0b-9292-b20ea43a2038 0.249s
2024-10-31 12:32:10.423 63240 INFO tempest.lib.common.rest_client [req-93d965a7-e425-4fae-b2ad-dcd9120b9dfe req-93d965a7-e425-4fae-b2ad-dcd9120b9dfe ] Request (ServerRescueTestJSON:setUpClass): 201 POST http://10.180.1.21:9696/networking/v2.0/routers 1.194s
2024-10-31 12:32:10.471 63264 INFO tempest.lib.common.rest_client [req-1f5e36f0-9a51-4edc-9852-9e3648c22a41 req-1f5e36f0-9a51-4edc-9852-9e3648c22a41 ] Request (ServersTestJSON:setUpClass): 200 GET http://10.180.1.21/compute/v2.1/servers/f594c50e-25b3-4e85-840c-7dfe0994a2c2 0.306s
2024-10-31 12:32:10.488 63242 INFO tempest.lib.common.rest_client [req-c25ede8b-428a-43df-90c0-5d4e3f437f67 req-c25ede8b-428a-43df-90c0-5d4e3f437f67 ] Request (ServersWithSpecificFlavorTestJSON:test_verify_created_server_ephemeral_disk): 200 GET http://10.180.1.21/compute/v2.1/servers/59187ca2-0482-4603-8689-542d2bf5d023 0.271s
2024-10-31 12:32:10.550 63212 INFO tempest.lib.common.rest_client [req-b3f60ca2-912b-415d-aaa2-d342ef8c5fd7 req-b3f60ca2-912b-415d-aaa2-d342ef8c5fd7 ] Request (ServerAddressesNegativeTestJSON:setUpClass): 200 GET http://10.180.1.21/compute/v2.1/servers/53519d3e-34d2-410f-ac19-69a015e407b9 0.283s
2024-10-31 12:32:10.565 63208 INFO tempest.lib.common.rest_client [req-7e941398-8c18-4a0a-b1c1-22fbdefed097 req-7e941398-8c18-4a0a-b1c1-22fbdefed097 ] Request (FloatingIPsAssociationTestJSON:setUpClass): 200 GET http://10.180.1.21/compute/v2.1/servers/222f547e-8fce-4576-bafc-809ea2ee8631 0.241s
2024-10-31 12:32:10.612 63236 INFO tempest.lib.common.rest_client [req-f6054ccc-304b-41ec-a403-dbf4b963dab7 req-f6054ccc-304b-41ec-a403-dbf4b963dab7 ] Request (ServerMetadataTestJSON:setUpClass): 200 GET http://10.180.1.21/compute/v2.1/servers/eaf9ca94-4f45-403e-bb06-e9a9adf58f38 0.202s
2024-10-31 12:32:10.630 63206 INFO tempest.lib.common.rest_client [req-0e43ad16-2802-463a-900c-3b0b858a3a52 req-0e43ad16-2802-463a-900c-3b0b858a3a52 ] Request (AttachInterfacesTestJSON:test_create_list_show_delete_interfaces_by_fixed_ip): 200 GET http://10.180.1.21/compute/v2.1/servers/83c4b731-780a-4f3c-bbdd-b624a52365ef 0.158s
2024-10-31 12:32:10.684 63252 INFO tempest.lib.common.rest_client [req-48ab80e7-d1d0-46c6-93b2-507aac2adfa6 req-48ab80e7-d1d0-46c6-93b2-507aac2adfa6 ] Request (ServersTestBootFromVolume:setUpClass): 200 GET http://10.180.1.21/compute/v2.1/servers/99db6bef-6501-4ab3-a329-0877ca303f1b 0.155s
2024-10-31 12:32:10.696 63250 INFO tempest.lib.common.rest_client [req-d7eda390-d692-45b2-919e-56c356a6e1cb req-d7eda390-d692-45b2-919e-56c356a6e1cb ] Request (MigrationsAdminTest:test_list_migrations_in_flavor_resize_situation): 200 GET http://10.180.1.21/compute/v2.1/servers/4519d37a-f8e6-4a25-99a1-399925199a58 0.111s
2024-10-31 12:32:10.711 63202 INFO tempest.lib.common.rest_client [req-a71cba65-b4df-4f3d-9d2c-fb6092523930 req-a71cba65-b4df-4f3d-9d2c-fb6092523930 ] Request (FloatingIPDetailsTestJSON:tearDownClass): 204 DELETE http://10.180.1.21:9696/networking/v2.0/routers/567cb4eb-47e9-41c1-8eeb-fb813a0c8e50 0.361s
2024-10-31 12:32:10.751 63256 INFO tempest.lib.common.rest_client [req-e3722367-9cb8-4a56-a2ef-131ce5073917 req-e3722367-9cb8-4a56-a2ef-131ce5073917 ] Request (ServersAdmin275Test:test_rebuild_update_server_275): 200 GET http://10.180.1.21/compute/v2.1/servers/02f113d2-f991-4268-b9a4-59e2e6bcf7a6 0.102s
2024-10-31 12:32:10.771 63244 INFO tempest.lib.common.rest_client [req-a2a5ff38-2b07-4ed4-a5ea-f1884bea397e req-a2a5ff38-2b07-4ed4-a5ea-f1884bea397e ] Request (ServerDiagnosticsNegativeTest:test_get_server_diagnostics_by_non_admin): 200 GET http://10.180.1.21/compute/v2.1/servers/6c7ed2a3-ed0f-476b-8232-d7a3c27adcee 0.066s
2024-10-31 12:32:10.809 63202 INFO tempest.lib.common.rest_client [req-565c660f-c51d-4dea-9753-8aca5aa50c28 req-565c660f-c51d-4dea-9753-8aca5aa50c28 ] Request (FloatingIPDetailsTestJSON:tearDownClass): 204 DELETE http://10.180.1.21:9696/networking/v2.0/subnets/b0569158-5a16-4360-9318-2f0834c00ac6 0.097s
2024-10-31 12:32:10.823 63230 INFO tempest.lib.common.rest_client [req-8af3950b-4a71-42dc-a582-5c6c316777b8 req-8af3950b-4a71-42dc-a582-5c6c316777b8 ] Request (SecurityGroupsTestJSON:test_list_security_groups_by_server): 200 GET http://10.180.1.21/compute/v2.1/servers/f619dd08-0cdf-486f-8f13-707b254a8593 0.065s
2024-10-31 12:32:10.858 63214 INFO tempest.lib.common.rest_client [req-7b7ab494-e4f1-4cab-be86-71cf5fcab0e9 req-7b7ab494-e4f1-4cab-be86-71cf5fcab0e9 ] Request (AttachInterfacesUnderV243Test:test_add_remove_fixed_ip): 200 GET http://10.180.1.21/compute/v2.1/servers/63c54ed4-4525-42f6-a99f-033f7b9838a7 0.081s
2024-10-31 12:32:10.881 63248 INFO tempest.lib.common.rest_client [req-389607b5-1205-44d5-8003-3756fe2e223d req-389607b5-1205-44d5-8003-3756fe2e223d ] Request (VolumesAdminNegativeTest:test_update_attached_volume_with_nonexistent_volume_in_body): 200 GET http://10.180.1.21/compute/v2.1/servers/647a3ba2-8b84-45f9-9d28-130eb0521d1b 0.074s
2024-10-31 12:32:10.924 63232 INFO tempest.lib.common.rest_client [req-c1fdfcdb-a6df-4537-bfdd-37b2cc7bdb2b req-c1fdfcdb-a6df-4537-bfdd-37b2cc7bdb2b ] Request (ServerRescueNegativeTestJSON:setUpClass): 200 GET http://10.180.1.21/compute/v2.1/servers/8a893e6e-37d4-4fd4-b0db-d6633117bdce 0.085s
2024-10-31 12:32:10.938 63202 INFO tempest.lib.common.rest_client [req-8afd1b75-06a2-4105-a18f-1ea5f7f8cb4b req-8afd1b75-06a2-4105-a18f-1ea5f7f8cb4b ] Request (FloatingIPDetailsTestJSON:tearDownClass): 204 DELETE http://10.180.1.21:9696/networking/v2.0/networks/ff7f75b3-bc45-4009-96e3-260032e2c1e8 0.129s
2024-10-31 12:32:10.955 63238 INFO tempest.lib.common.rest_client [req-6a2e5b6e-4a18-4790-904e-25da6abbb3cd req-6a2e5b6e-4a18-4790-904e-25da6abbb3cd ] Request (ServersNegativeTestMultiTenantJSON:setUpClass): 200 GET http://10.180.1.21/compute/v2.1/servers/f8ba32e4-6234-4dee-8bc5-b7a12105a3c4 0.092s
2024-10-31 12:32:10.997 63218 INFO tempest.lib.common.rest_client [req-1f528e67-9c9d-45b5-8662-5e56fbb76f7d req-1f528e67-9c9d-45b5-8662-5e56fbb76f7d ] Request (ImagesNegativeTestJSON:test_create_image_from_deleted_server): 200 GET http://10.180.1.21/compute/v2.1/servers/f45f605f-cb91-4169-879c-bf9e6ce9c989 0.106s
2024-10-31 12:32:11.029 63202 INFO tempest.lib.common.rest_client [req-71a03b26-a6fd-4461-a034-fc820f91935b req-71a03b26-a6fd-4461-a034-fc820f91935b ] Request (FloatingIPDetailsTestJSON:tearDownClass): 204 DELETE http://10.180.1.21/identity/v3/users/2418d798cf074c518dc5fdf3e578055d 0.090s
2024-10-31 12:32:11.029 63202 INFO tempest.lib.common.dynamic_creds [-] Deleting project and security group for project: ab48c60f4dba4fdcafc6713462870ee7
2024-10-31 12:32:11.068 63202 INFO tempest.lib.common.rest_client [req-34e0a97d-9124-484a-9bd2-65f4d17d4a05 req-34e0a97d-9124-484a-9bd2-65f4d17d4a05 ] Request (FloatingIPDetailsTestJSON:tearDownClass): 200 GET http://10.180.1.21:9696/networking/v2.0/security-groups?tenant_id=ab48c60f4dba4fdcafc6713462870ee7&name=default 0.038s
2024-10-31 12:32:11.173 63202 INFO tempest.lib.common.rest_client [req-2e3e8c1d-6943-4ebb-b4ca-d581809ee6d2 req-2e3e8c1d-6943-4ebb-b4ca-d581809ee6d2 ] Request (FloatingIPDetailsTestJSON:tearDownClass): 204 DELETE http://10.180.1.21:9696/networking/v2.0/security-groups/c08abe02-2a0e-4f43-8227-4e8317486e1b 0.104s
2024-10-31 12:32:11.183 63220 INFO tempest.lib.common.rest_client [req-ed991062-bb6a-434f-87aa-31bef636c61c req-ed991062-bb6a-434f-87aa-31bef636c61c ] Request (InstanceActionsV221TestJSON:test_get_list_deleted_instance_actions): 200 GET http://10.180.1.21/compute/v2.1/servers/8ac4264d-7d75-4c38-b8da-e3d90ffe9363 0.095s
2024-10-31 12:32:11.192 63222 INFO tempest.lib.common.rest_client [req-e4132f0f-c56d-4581-8306-59e5dd3628f3 req-e4132f0f-c56d-4581-8306-59e5dd3628f3 ] Request (VolumesAssistedSnapshotsTest:test_volume_assisted_snapshot_create_delete): 200 GET http://10.180.1.21/compute/v2.1/servers/61702d54-59d2-4d13-9eed-59b052b7fe74 0.112s
2024-10-31 12:32:11.275 63260 INFO tempest.lib.common.rest_client [req-9c149757-dc11-482b-b0c2-2c9d830bd317 req-9c149757-dc11-482b-b0c2-2c9d830bd317 ] Request (ServerPasswordTestJSON:setUpClass): 200 GET http://10.180.1.21/compute/v2.1/servers/852e7cdf-5da3-4217-8960-f3204d4c1035 0.103s
2024-10-31 12:32:11.279 63210 INFO tempest.lib.common.rest_client [req-bf93532b-ee65-43c4-b45d-e912da7d1dc9 req-bf93532b-ee65-43c4-b45d-e912da7d1dc9 ] Request (TenantUsagesTestJSON:setUpClass): 200 GET http://10.180.1.21/compute/v2.1/servers/d66e557f-fbd5-4369-bdcb-14f25c3bbc7b 0.121s
2024-10-31 12:32:11.312 63202 INFO tempest.lib.common.rest_client [req-858d7e4d-f297-48d7-acc1-c90616db890c req-858d7e4d-f297-48d7-acc1-c90616db890c ] Request (FloatingIPDetailsTestJSON:tearDownClass): 204 DELETE http://10.180.1.21/identity/v3/projects/ab48c60f4dba4fdcafc6713462870ee7 0.137s
2024-10-31 12:32:11.343 63226 INFO tempest.lib.common.rest_client [req-ae196f09-5f7c-4987-89e7-f8900f9b383f req-ae196f09-5f7c-4987-89e7-f8900f9b383f ] Request (AttachVolumeTestJSON:test_attach_detach_volume): 200 GET http://10.180.1.21/compute/v2.1/servers/ece118fc-a39e-443a-bfd1-fc332da2452f 0.127s
2024-10-31 12:32:11.357 63262 INFO tempest.lib.common.rest_client [req-063061b5-5dd2-40e9-8279-0caa08ef82d5 req-063061b5-5dd2-40e9-8279-0caa08ef82d5 ] Request (DeleteServersAdminTestJSON:test_delete_server_while_in_error_state): 200 GET http://10.180.1.21/compute/v2.1/servers/7eee167f-50e3-48d5-9c6d-9115df9bb0b9 0.136s
2024-10-31 12:32:11.367 63202 INFO tempest.lib.common.rest_client [req-a401e75d-fc05-4a1d-a9e7-1b390c19b8bb req-a401e75d-fc05-4a1d-a9e7-1b390c19b8bb ] Request (SecurityGroupsNegativeTestJSON:setUpClass): 201 POST http://10.180.1.21/identity/v3/auth/tokens 0.053s
2024-10-31 12:32:11.397 63202 INFO tempest.lib.common.rest_client [req-31a829fd-7b75-4cd1-8382-5d07b313d6f0 req-31a829fd-7b75-4cd1-8382-5d07b313d6f0 ] Request (SecurityGroupsNegativeTestJSON:setUpClass): 201 POST http://10.180.1.21/identity/v3/auth/tokens 0.026s
2024-10-31 12:32:11.422 63202 INFO tempest.lib.common.rest_client [req-a78ba6c1-09ae-4435-af5e-a793644a172e req-a78ba6c1-09ae-4435-af5e-a793644a172e ] Request (SecurityGroupsNegativeTestJSON:setUpClass): 200 GET http://10.180.1.21/identity/v3/domains?name=Default 0.024s
2024-10-31 12:32:11.431 63204 INFO tempest.lib.common.rest_client [req-2053b7e5-3893-4b9b-8a31-d6c9e2761b35 req-2053b7e5-3893-4b9b-8a31-d6c9e2761b35 ] Request (ServerActionsTestOtherB:setUpClass): 200 GET http://10.180.1.21/compute/v2.1/servers/1a55a4d1-59ea-4dee-b0bd-de5d04e3ecdb 0.136s
2024-10-31 12:32:11.463 63202 INFO tempest.lib.common.rest_client [req-3afb48eb-7a41-4dcf-8e0f-588a5a8172c5 req-3afb48eb-7a41-4dcf-8e0f-588a5a8172c5 ] Request (SecurityGroupsNegativeTestJSON:setUpClass): 201 POST http://10.180.1.21/identity/v3/projects 0.041s
2024-10-31 12:32:11.496 63246 INFO tempest.lib.common.rest_client [req-ecbbc1fc-1eae-4732-9c03-d482cabd469e req-ecbbc1fc-1eae-4732-9c03-d482cabd469e ] Request (ListServersNegativeTestJSON:setUpClass): 200 GET http://10.180.1.21/compute/v2.1/servers/2870d8cb-8c19-454e-8a6e-1675eba8ddd4 0.157s
2024-10-31 12:32:11.552 63202 INFO tempest.lib.common.rest_client [req-eeae6cf8-0d01-4c25-a7cf-8f851355fb25 req-eeae6cf8-0d01-4c25-a7cf-8f851355fb25 ] Request (SecurityGroupsNegativeTestJSON:setUpClass): 201 POST http://10.180.1.21/identity/v3/users 0.087s
2024-10-31 12:32:11.562 63224 INFO tempest.lib.common.rest_client [req-feefe11d-be8f-4b80-8648-548683167b7d req-feefe11d-be8f-4b80-8648-548683167b7d ] Request (ListServerFiltersTestJSON:setUpClass): 200 GET http://10.180.1.21/compute/v2.1/servers/79a4d3c8-ead6-4893-b0a7-89a8ff435e54 0.210s
2024-10-31 12:32:11.584 63202 INFO tempest.lib.common.rest_client [req-4a420947-a5c4-48e5-afc7-74c9d2b94eac req-4a420947-a5c4-48e5-afc7-74c9d2b94eac ] Request (SecurityGroupsNegativeTestJSON:setUpClass): 200 GET http://10.180.1.21/identity/v3/roles 0.031s
2024-10-31 12:32:11.619 63202 INFO tempest.lib.common.rest_client [req-abb13ed5-49f9-4fff-af16-61a58062b1b5 req-abb13ed5-49f9-4fff-af16-61a58062b1b5 ] Request (SecurityGroupsNegativeTestJSON:setUpClass): 204 PUT http://10.180.1.21/identity/v3/projects/b5852220de884f3cba47b2a53d7615b7/users/38cb33d8f63f477e8c4d2e4e2c4448bb/roles/ad044c832e5d4cfaa6ae363693442e4a 0.034s
2024-10-31 12:32:11.620 63202 INFO tempest.lib.common.dynamic_creds [-] Dynamic test user 38cb33d8f63f477e8c4d2e4e2c4448bb is created with scope project and roles: ['member']
2024-10-31 12:32:11.620 63202 INFO tempest.lib.common.dynamic_creds [-] Acquired dynamic creds: credentials: Credentials: {'domain_id': 'default', 'domain_name': 'Default', 'username': 'tempest-SecurityGroupsNegativeTestJSON-337576208-project-member', 'project_domain_id': 'default', 'project_domain_name': 'Default', 'project_id': 'b5852220de884f3cba47b2a53d7615b7', 'project_name': 'tempest-SecurityGroupsNegativeTestJSON-337576208', 'tenant_id': 'b5852220de884f3cba47b2a53d7615b7', 'tenant_name': 'tempest-SecurityGroupsNegativeTestJSON-337576208', 'user_domain_id': 'default', 'user_domain_name': 'Default', 'user_id': '38cb33d8f63f477e8c4d2e4e2c4448bb', 'system': None}, Network: None, Subnet: None, Router: None
2024-10-31 12:32:11.645 63254 INFO tempest.lib.common.rest_client [req-08b3c93c-d869-4d0a-803e-3577a42344ca req-08b3c93c-d869-4d0a-803e-3577a42344ca ] Request (ImagesTestJSON:test_create_image_from_stopped_server): 200 GET http://10.180.1.21/compute/v2.1/servers/2931c8b9-ed5f-4994-a4d5-50e1369d67e9 0.356s
2024-10-31 12:32:11.649 63234 INFO tempest.lib.common.rest_client [req-8dce69be-b49e-4145-815e-b0bd123d242c req-8dce69be-b49e-4145-815e-b0bd123d242c ] Request (ServerDiagnosticsV248Test:tearDownClass): 200 GET http://10.180.1.21/compute/v2.1/servers/532ae225-da05-4cbb-9bb4-c72a8451acff 0.240s
2024-10-31 12:32:11.651 63254 INFO tempest.common.waiters [-] State transition "BUILD/networking" ==> "BUILD/block_device_mapping" after 52 second wait
2024-10-31 12:32:11.688 63202 INFO tempest.lib.common.rest_client [req-4a08b293-6ffd-41da-b609-fdd214cfc7c2 req-4a08b293-6ffd-41da-b609-fdd214cfc7c2 ] Request (SecurityGroupsNegativeTestJSON:setUpClass): 201 POST http://10.180.1.21/identity/v3/auth/tokens 0.068s
2024-10-31 12:32:11.718 63228 INFO tempest.lib.common.rest_client [req-9cd32e5a-3d36-404d-8a59-16eb702c1ac4 req-9cd32e5a-3d36-404d-8a59-16eb702c1ac4 ] Request (ServersTestFqdnHostnames:test_create_server_with_fqdn_name): 200 GET http://10.180.1.21/compute/v2.1/servers/b2f38e92-37a1-4e0b-9292-b20ea43a2038 0.300s
2024-10-31 12:32:11.726 63264 INFO tempest.lib.common.rest_client [req-fdfdbc52-a993-4ff7-97d4-d52b912d10e0 req-fdfdbc52-a993-4ff7-97d4-d52b912d10e0 ] Request (ServersTestJSON:setUpClass): 200 GET http://10.180.1.21/compute/v2.1/servers/f594c50e-25b3-4e85-840c-7dfe0994a2c2 0.247s
2024-10-31 12:32:11.786 63242 INFO tempest.lib.common.rest_client [req-8c45a98c-ed05-4af4-8ce7-2460e6c5a93c req-8c45a98c-ed05-4af4-8ce7-2460e6c5a93c ] Request (ServersWithSpecificFlavorTestJSON:test_verify_created_server_ephemeral_disk): 200 GET http://10.180.1.21/compute/v2.1/servers/59187ca2-0482-4603-8689-542d2bf5d023 0.289s
2024-10-31 12:32:11.796 63212 INFO tempest.lib.common.rest_client [req-f255bef7-ec2a-430e-8066-34445fadb980 req-f255bef7-ec2a-430e-8066-34445fadb980 ] Request (ServerAddressesNegativeTestJSON:setUpClass): 200 GET http://10.180.1.21/compute/v2.1/servers/53519d3e-34d2-410f-ac19-69a015e407b9 0.237s
2024-10-31 12:32:11.855 63208 INFO tempest.lib.common.rest_client [req-0b898de7-bb93-4182-9277-e64090842f36 req-0b898de7-bb93-4182-9277-e64090842f36 ] Request (FloatingIPsAssociationTestJSON:setUpClass): 200 GET http://10.180.1.21/compute/v2.1/servers/222f547e-8fce-4576-bafc-809ea2ee8631 0.280s
2024-10-31 12:32:11.865 63236 INFO tempest.lib.common.rest_client [req-9a476af4-34f6-4c12-a64a-08d9a250c679 req-9a476af4-34f6-4c12-a64a-08d9a250c679 ] Request (ServerMetadataTestJSON:setUpClass): 200 GET http://10.180.1.21/compute/v2.1/servers/eaf9ca94-4f45-403e-bb06-e9a9adf58f38 0.242s
2024-10-31 12:32:11.913 63206 INFO tempest.lib.common.rest_client [req-304c16e6-5fb0-49cb-807c-485ce479f00c req-304c16e6-5fb0-49cb-807c-485ce479f00c ] Request (AttachInterfacesTestJSON:test_create_list_show_delete_interfaces_by_fixed_ip): 200 GET http://10.180.1.21/compute/v2.1/servers/83c4b731-780a-4f3c-bbdd-b624a52365ef 0.269s
2024-10-31 12:32:11.928 63202 INFO tempest.lib.common.rest_client [req-234b2e56-d8a1-492f-9699-dcbac6f090e4 req-234b2e56-d8a1-492f-9699-dcbac6f090e4 ] Request (SecurityGroupsNegativeTestJSON:setUpClass): 201 POST http://10.180.1.21:9696/networking/v2.0/networks 0.239s
2024-10-31 12:32:11.932 63252 INFO tempest.lib.common.rest_client [req-db2f7e34-c421-4305-b48b-36a61d0cc37c req-db2f7e34-c421-4305-b48b-36a61d0cc37c ] Request (ServersTestBootFromVolume:setUpClass): 200 GET http://10.180.1.21/compute/v2.1/servers/99db6bef-6501-4ab3-a329-0877ca303f1b 0.238s
2024-10-31 12:32:11.973 63250 INFO tempest.lib.common.rest_client [req-2874502d-e938-48c2-bbf6-eb630c6007c8 req-2874502d-e938-48c2-bbf6-eb630c6007c8 ] Request (MigrationsAdminTest:test_list_migrations_in_flavor_resize_situation): 200 GET http://10.180.1.21/compute/v2.1/servers/4519d37a-f8e6-4a25-99a1-399925199a58 0.269s
2024-10-31 12:32:12.007 63256 INFO tempest.lib.common.rest_client [req-bfc83be2-518f-4409-8ba3-ab553790ea8f req-bfc83be2-518f-4409-8ba3-ab553790ea8f ] Request (ServersAdmin275Test:test_rebuild_update_server_275): 200 GET http://10.180.1.21/compute/v2.1/servers/02f113d2-f991-4268-b9a4-59e2e6bcf7a6 0.247s
2024-10-31 12:32:12.045 63244 INFO tempest.lib.common.rest_client [req-9660ce56-fc4e-4c57-949c-86d61936b101 req-9660ce56-fc4e-4c57-949c-86d61936b101 ] Request (ServerDiagnosticsNegativeTest:test_get_server_diagnostics_by_non_admin): 200 GET http://10.180.1.21/compute/v2.1/servers/6c7ed2a3-ed0f-476b-8232-d7a3c27adcee 0.261s
2024-10-31 12:32:12.077 63230 INFO tempest.lib.common.rest_client [req-15681f4d-7380-4e30-85ea-f0b22997159a req-15681f4d-7380-4e30-85ea-f0b22997159a ] Request (SecurityGroupsTestJSON:test_list_security_groups_by_server): 200 GET http://10.180.1.21/compute/v2.1/servers/f619dd08-0cdf-486f-8f13-707b254a8593 0.247s
2024-10-31 12:32:12.123 63214 INFO tempest.lib.common.rest_client [req-d9d9e8dd-292f-44b5-80b9-cd3a5dd1dfbf req-d9d9e8dd-292f-44b5-80b9-cd3a5dd1dfbf ] Request (AttachInterfacesUnderV243Test:test_add_remove_fixed_ip): 200 GET http://10.180.1.21/compute/v2.1/servers/63c54ed4-4525-42f6-a99f-033f7b9838a7 0.252s
2024-10-31 12:32:12.131 63202 INFO tempest.lib.common.rest_client [req-df9a1585-c689-452b-afd3-f35a085a4853 req-df9a1585-c689-452b-afd3-f35a085a4853 ] Request (SecurityGroupsNegativeTestJSON:setUpClass): 201 POST http://10.180.1.21:9696/networking/v2.0/subnets 0.202s
2024-10-31 12:32:12.141 63248 INFO tempest.lib.common.rest_client [req-f9f53316-17d7-47d7-a385-105dfb12d1ec req-f9f53316-17d7-47d7-a385-105dfb12d1ec ] Request (VolumesAdminNegativeTest:test_update_attached_volume_with_nonexistent_volume_in_body): 200 GET http://10.180.1.21/compute/v2.1/servers/647a3ba2-8b84-45f9-9d28-130eb0521d1b 0.252s
2024-10-31 12:32:12.184 63232 INFO tempest.lib.common.rest_client [req-c7518378-415c-4286-8b41-51697425dd8e req-c7518378-415c-4286-8b41-51697425dd8e ] Request (ServerRescueNegativeTestJSON:setUpClass): 200 GET http://10.180.1.21/compute/v2.1/servers/8a893e6e-37d4-4fd4-b0db-d6633117bdce 0.251s
2024-10-31 12:32:12.214 63238 INFO tempest.lib.common.rest_client [req-f05d284d-1c5b-4f49-8f4b-c6bfe73cd0d7 req-f05d284d-1c5b-4f49-8f4b-c6bfe73cd0d7 ] Request (ServersNegativeTestMultiTenantJSON:setUpClass): 200 GET http://10.180.1.21/compute/v2.1/servers/f8ba32e4-6234-4dee-8bc5-b7a12105a3c4 0.250s
2024-10-31 12:32:12.246 63218 INFO tempest.lib.common.rest_client [req-717eefa0-c96f-403d-a84e-7abb63b26db8 req-717eefa0-c96f-403d-a84e-7abb63b26db8 ] Request (ImagesNegativeTestJSON:test_create_image_from_deleted_server): 200 GET http://10.180.1.21/compute/v2.1/servers/f45f605f-cb91-4169-879c-bf9e6ce9c989 0.240s
2024-10-31 12:32:12.271 63220 INFO tempest.lib.common.rest_client [req-e5cd2acc-bf1d-4123-8cc5-b32fecf5d4d1 req-e5cd2acc-bf1d-4123-8cc5-b32fecf5d4d1 ] Request (InstanceActionsV221TestJSON:test_get_list_deleted_instance_actions): 200 GET http://10.180.1.21/compute/v2.1/servers/8ac4264d-7d75-4c38-b8da-e3d90ffe9363 0.077s
2024-10-31 12:32:12.278 63240 INFO tempest.lib.common.rest_client [req-45a4ed81-902e-4698-b789-a898cc12e366 req-45a4ed81-902e-4698-b789-a898cc12e366 ] Request (ServerRescueTestJSON:setUpClass): 200 PUT http://10.180.1.21:9696/networking/v2.0/routers/df2a426b-bb02-47e5-9672-3b08a43949a6/add_router_interface 1.854s
2024-10-31 12:32:12.278 63240 INFO tempest.lib.common.dynamic_creds [-] Created isolated network resources for: credentials: Credentials: {'domain_id': 'default', 'domain_name': 'Default', 'username': 'tempest-ServerRescueTestJSON-100932118-project-member', 'project_domain_id': 'default', 'project_domain_name': 'Default', 'project_id': '759a695bb7ee41a78d38ebf69e6bd51f', 'project_name': 'tempest-ServerRescueTestJSON-100932118', 'tenant_id': '759a695bb7ee41a78d38ebf69e6bd51f', 'tenant_name': 'tempest-ServerRescueTestJSON-100932118', 'user_domain_id': 'default', 'user_domain_name': 'Default', 'user_id': '7e7bde3eb8774dd2927e9a4ea9dd4cf4', 'system': None}, Network: {'id': '1798f121-fbee-4a1f-b8b3-cf6ebf9f6863', 'name': 'tempest-ServerRescueTestJSON-1569672323-network', 'tenant_id': '759a695bb7ee41a78d38ebf69e6bd51f', 'admin_state_up': True, 'mtu': 8950, 'status': 'ACTIVE', 'subnets': [], 'shared': False, 'project_id': '759a695bb7ee41a78d38ebf69e6bd51f', 'port_security_enabled': True, 'router:external': False, 'provider:network_type': 'vlan', 'provider:physical_network': 'default', 'provider:segmentation_id': 239, 'availability_zone_hints': [], 'availability_zones': [], 'ipv4_address_scope': None, 'ipv6_address_scope': None, 'description': '', 'tags': [], 'created_at': '2024-10-31T12:32:08Z', 'updated_at': '2024-10-31T12:32:08Z', 'revision_number': 1}, Subnet: {'id': 'dda1df3c-9f4e-40fc-9995-eb9f8cb3898e', 'name': 'tempest-ServerRescueTestJSON-1569672323-subnet', 'tenant_id': '759a695bb7ee41a78d38ebf69e6bd51f', 'network_id': '1798f121-fbee-4a1f-b8b3-cf6ebf9f6863', 'ip_version': 4, 'subnetpool_id': None, 'enable_dhcp': False, 'ipv6_ra_mode': None, 'ipv6_address_mode': None, 'gateway_ip': '192.168.128.1', 'cidr': '192.168.128.0/28', 'allocation_pools': [{'start': '192.168.128.2', 'end': '192.168.128.14'}], 'host_routes': [], 'dns_nameservers': [], 'description': '', 'router:external': False, 'service_types': [], 'tags': [], 'created_at': '2024-10-31T12:32:09Z', 'updated_at': '2024-10-31T12:32:09Z', 'revision_number': 0, 'project_id': '759a695bb7ee41a78d38ebf69e6bd51f'}, Router: {'id': 'df2a426b-bb02-47e5-9672-3b08a43949a6', 'name': 'tempest-ServerRescueTestJSON-1569672323-router', 'tenant_id': '759a695bb7ee41a78d38ebf69e6bd51f', 'admin_state_up': True, 'status': 'ACTIVE', 'external_gateway_info': {'network_id': '0532b6e2-95a2-45f7-b5ed-331ebc4b25d1', 'external_fixed_ips': [{'subnet_id': 'fc9da9cb-4bb0-40c8-a8a8-5c064b60248d', 'ip_address': '10.180.180.158'}], 'enable_snat': True}, 'description': '', 'availability_zones': [], 'distributed': False, 'ha': False, 'availability_zone_hints': [], 'routes': [], 'flavor_id': None, 'tags': [], 'created_at': '2024-10-31T12:32:09Z', 'updated_at': '2024-10-31T12:32:09Z', 'revision_number': 2, 'project_id': '759a695bb7ee41a78d38ebf69e6bd51f'}
2024-10-31 12:32:12.302 63222 INFO tempest.lib.common.rest_client [req-a54e9730-579c-4a99-9536-47c2299d48c3 req-a54e9730-579c-4a99-9536-47c2299d48c3 ] Request (VolumesAssistedSnapshotsTest:test_volume_assisted_snapshot_create_delete): 200 GET http://10.180.1.21/compute/v2.1/servers/61702d54-59d2-4d13-9eed-59b052b7fe74 0.102s
2024-10-31 12:32:12.340 63260 INFO tempest.lib.common.rest_client [req-c21357da-b4f2-4679-a198-f842e0f3f613 req-c21357da-b4f2-4679-a198-f842e0f3f613 ] Request (ServerPasswordTestJSON:setUpClass): 200 GET http://10.180.1.21/compute/v2.1/servers/852e7cdf-5da3-4217-8960-f3204d4c1035 0.057s
2024-10-31 12:32:12.356 63210 INFO tempest.lib.common.rest_client [req-bf60ef0c-a7b5-4a34-b9da-aeadd32c84b0 req-bf60ef0c-a7b5-4a34-b9da-aeadd32c84b0 ] Request (TenantUsagesTestJSON:setUpClass): 200 GET http://10.180.1.21/compute/v2.1/servers/d66e557f-fbd5-4369-bdcb-14f25c3bbc7b 0.068s
2024-10-31 12:32:12.385 63240 INFO tempest.lib.common.rest_client [req-23e73655-0195-41f1-bd16-d939d5ca7c86 req-23e73655-0195-41f1-bd16-d939d5ca7c86 ] Request (ServerRescueTestJSON:setUpClass): 201 POST http://10.180.1.21/identity/v3/auth/tokens 0.100s
2024-10-31 12:32:12.401 63226 INFO tempest.lib.common.rest_client [req-d6381eac-f72b-428d-b136-ee870ea01dd6 req-d6381eac-f72b-428d-b136-ee870ea01dd6 ] Request (AttachVolumeTestJSON:test_attach_detach_volume): 200 GET http://10.180.1.21/compute/v2.1/servers/ece118fc-a39e-443a-bfd1-fc332da2452f 0.050s
2024-10-31 12:32:12.414 63240 INFO tempest.lib.common.rest_client [req-a855bd12-5e11-4248-b8bb-c357367b31f2 req-a855bd12-5e11-4248-b8bb-c357367b31f2 ] Request (ServerRescueTestJSON:setUpClass): 201 POST http://10.180.1.21/identity/v3/auth/tokens 0.025s
2024-10-31 12:32:12.415 63240 INFO tempest.lib.common.fixed_network [-] (ServerRescueTestJSON:setUpClass) Found network {'id': '1798f121-fbee-4a1f-b8b3-cf6ebf9f6863', 'name': 'tempest-ServerRescueTestJSON-1569672323-network', 'tenant_id': '759a695bb7ee41a78d38ebf69e6bd51f', 'admin_state_up': True, 'mtu': 8950, 'status': 'ACTIVE', 'subnets': [], 'shared': False, 'project_id': '759a695bb7ee41a78d38ebf69e6bd51f', 'port_security_enabled': True, 'router:external': False, 'provider:network_type': 'vlan', 'provider:physical_network': 'default', 'provider:segmentation_id': 239, 'availability_zone_hints': [], 'availability_zones': [], 'ipv4_address_scope': None, 'ipv6_address_scope': None, 'description': '', 'tags': [], 'created_at': '2024-10-31T12:32:08Z', 'updated_at': '2024-10-31T12:32:08Z', 'revision_number': 1} available for tenant
2024-10-31 12:32:12.418 63262 INFO tempest.lib.common.rest_client [req-3074aaa3-64ea-4ce1-8a49-0b3299693eac req-3074aaa3-64ea-4ce1-8a49-0b3299693eac ] Request (DeleteServersAdminTestJSON:test_delete_server_while_in_error_state): 200 GET http://10.180.1.21/compute/v2.1/servers/7eee167f-50e3-48d5-9c6d-9115df9bb0b9 0.053s
2024-10-31 12:32:12.495 63204 INFO tempest.lib.common.rest_client [req-e75caae0-5179-4ea0-b74a-d41e583e215c req-e75caae0-5179-4ea0-b74a-d41e583e215c ] Request (ServerActionsTestOtherB:setUpClass): 200 GET http://10.180.1.21/compute/v2.1/servers/1a55a4d1-59ea-4dee-b0bd-de5d04e3ecdb 0.056s
2024-10-31 12:32:12.569 63246 INFO tempest.lib.common.rest_client [req-5c951970-cbe4-4e2b-820c-9c300f0f443e req-5c951970-cbe4-4e2b-820c-9c300f0f443e ] Request (ListServersNegativeTestJSON:setUpClass): 200 GET http://10.180.1.21/compute/v2.1/servers/2870d8cb-8c19-454e-8a6e-1675eba8ddd4 0.061s
2024-10-31 12:32:12.643 63224 INFO tempest.lib.common.rest_client [req-310a1c2c-eab1-4c63-b863-825bd6e39818 req-310a1c2c-eab1-4c63-b863-825bd6e39818 ] Request (ListServerFiltersTestJSON:setUpClass): 200 GET http://10.180.1.21/compute/v2.1/servers/79a4d3c8-ead6-4893-b0a7-89a8ff435e54 0.061s
2024-10-31 12:32:12.826 63254 INFO tempest.lib.common.rest_client [req-a2b97352-59d8-4326-bd1a-879bdcaf46bb req-a2b97352-59d8-4326-bd1a-879bdcaf46bb ] Request (ImagesTestJSON:test_create_image_from_stopped_server): 200 GET http://10.180.1.21/compute/v2.1/servers/2931c8b9-ed5f-4994-a4d5-50e1369d67e9 0.174s
2024-10-31 12:32:12.833 63254 INFO tempest.common.waiters [-] State transition "BUILD/block_device_mapping" ==> "BUILD/spawning" after 53 second wait
2024-10-31 12:32:12.853 63234 INFO tempest.lib.common.rest_client [req-896b7c67-58e3-4baa-b379-9e4ea77b3e56 req-896b7c67-58e3-4baa-b379-9e4ea77b3e56 ] Request (ServerDiagnosticsV248Test:tearDownClass): 404 GET http://10.180.1.21/compute/v2.1/servers/532ae225-da05-4cbb-9bb4-c72a8451acff 0.193s
2024-10-31 12:32:12.923 63202 INFO tempest.lib.common.rest_client [req-f7357250-5ac6-4f4f-b19f-cc768b92b2da req-f7357250-5ac6-4f4f-b19f-cc768b92b2da ] Request (SecurityGroupsNegativeTestJSON:setUpClass): 201 POST http://10.180.1.21:9696/networking/v2.0/routers 0.791s
2024-10-31 12:32:12.931 63234 INFO tempest.lib.common.rest_client [req-ef9d3037-4e3f-4893-b6dd-7f7e39ca030c req-ef9d3037-4e3f-4893-b6dd-7f7e39ca030c ] Request (ServerDiagnosticsV248Test:tearDownClass): 204 DELETE http://10.180.1.21/identity/v3/users/63faee0caa614db180c2455ade2739e3 0.078s
2024-10-31 12:32:13.020 63234 INFO tempest.lib.common.rest_client [req-d11d4f5c-d2bb-4d39-8ac2-e9d21b204032 req-d11d4f5c-d2bb-4d39-8ac2-e9d21b204032 ] Request (ServerDiagnosticsV248Test:tearDownClass): 204 DELETE http://10.180.1.21/identity/v3/users/27efa4d5f6e245788363114937a90176 0.088s
2024-10-31 12:32:13.021 63234 INFO tempest.lib.common.dynamic_creds [-] Deleting project and security group for project: f4f2a08f90194913a4b968190ee77503
2024-10-31 12:32:13.058 63228 INFO tempest.lib.common.rest_client [req-6ad61b86-daa8-4938-8f16-e16c41a45c4e req-6ad61b86-daa8-4938-8f16-e16c41a45c4e ] Request (ServersTestFqdnHostnames:test_create_server_with_fqdn_name): 200 GET http://10.180.1.21/compute/v2.1/servers/b2f38e92-37a1-4e0b-9292-b20ea43a2038 0.331s
2024-10-31 12:32:13.117 63234 INFO tempest.lib.common.rest_client [req-2a9b5f8e-afa5-4589-abc2-68cad9e9b49c req-2a9b5f8e-afa5-4589-abc2-68cad9e9b49c ] Request (ServerDiagnosticsV248Test:tearDownClass): 201 POST http://10.180.1.21/identity/v3/auth/tokens 0.095s
2024-10-31 12:32:13.138 63240 INFO tempest.lib.common.rest_client [req-3802ebbd-8df3-45d4-ae46-ece4ec547998 req-3802ebbd-8df3-45d4-ae46-ece4ec547998 ] Request (ServerRescueTestJSON:setUpClass): 202 POST http://10.180.1.21/compute/v2.1/servers 0.723s
2024-10-31 12:32:13.147 63264 INFO tempest.lib.common.rest_client [req-f623d008-8273-46c7-b974-3ca0d6ac325c req-f623d008-8273-46c7-b974-3ca0d6ac325c ] Request (ServersTestJSON:setUpClass): 200 GET http://10.180.1.21/compute/v2.1/servers/f594c50e-25b3-4e85-840c-7dfe0994a2c2 0.412s
2024-10-31 12:32:13.213 63242 INFO tempest.lib.common.rest_client [req-70fc83ec-00c5-43a6-8ecb-6cd4704f0d40 req-70fc83ec-00c5-43a6-8ecb-6cd4704f0d40 ] Request (ServersWithSpecificFlavorTestJSON:test_verify_created_server_ephemeral_disk): 200 GET http://10.180.1.21/compute/v2.1/servers/59187ca2-0482-4603-8689-542d2bf5d023 0.417s
2024-10-31 12:32:13.228 63212 INFO tempest.lib.common.rest_client [req-a0a1f288-a7d3-45e2-acf1-f9dfaac4bafe req-a0a1f288-a7d3-45e2-acf1-f9dfaac4bafe ] Request (ServerAddressesNegativeTestJSON:setUpClass): 200 GET http://10.180.1.21/compute/v2.1/servers/53519d3e-34d2-410f-ac19-69a015e407b9 0.424s
2024-10-31 12:32:13.277 63208 INFO tempest.lib.common.rest_client [req-538bf6de-923c-4434-8f04-34ab3436face req-538bf6de-923c-4434-8f04-34ab3436face ] Request (FloatingIPsAssociationTestJSON:setUpClass): 200 GET http://10.180.1.21/compute/v2.1/servers/222f547e-8fce-4576-bafc-809ea2ee8631 0.414s
2024-10-31 12:32:13.292 63236 INFO tempest.lib.common.rest_client [req-9e1ac7e3-4c61-4efe-b099-73aa6185d1ac req-9e1ac7e3-4c61-4efe-b099-73aa6185d1ac ] Request (ServerMetadataTestJSON:setUpClass): 200 GET http://10.180.1.21/compute/v2.1/servers/eaf9ca94-4f45-403e-bb06-e9a9adf58f38 0.419s
2024-10-31 12:32:13.329 63206 INFO tempest.lib.common.rest_client [req-5a1d772d-8fd1-4f38-88f9-88dcdcecd640 req-5a1d772d-8fd1-4f38-88f9-88dcdcecd640 ] Request (AttachInterfacesTestJSON:test_create_list_show_delete_interfaces_by_fixed_ip): 200 GET http://10.180.1.21/compute/v2.1/servers/83c4b731-780a-4f3c-bbdd-b624a52365ef 0.404s
2024-10-31 12:32:13.348 63234 INFO tempest.lib.common.rest_client [req-3dd74d9b-ae9f-4e7d-92c0-8e18f4ead743 req-3dd74d9b-ae9f-4e7d-92c0-8e18f4ead743 ] Request (ServerDiagnosticsV248Test:tearDownClass): 200 GET http://10.180.1.21:9696/networking/v2.0/security-groups?tenant_id=f4f2a08f90194913a4b968190ee77503&name=default 0.226s
2024-10-31 12:32:13.353 63252 INFO tempest.lib.common.rest_client [req-f922ae3e-d740-4d19-9cdf-4af46aa9caab req-f922ae3e-d740-4d19-9cdf-4af46aa9caab ] Request (ServersTestBootFromVolume:setUpClass): 200 GET http://10.180.1.21/compute/v2.1/servers/99db6bef-6501-4ab3-a329-0877ca303f1b 0.413s
2024-10-31 12:32:13.381 63250 INFO tempest.lib.common.rest_client [req-8912aa16-54c6-426c-ba20-ff2bbd9f88df req-8912aa16-54c6-426c-ba20-ff2bbd9f88df ] Request (MigrationsAdminTest:test_list_migrations_in_flavor_resize_situation): 200 GET http://10.180.1.21/compute/v2.1/servers/4519d37a-f8e6-4a25-99a1-399925199a58 0.398s
2024-10-31 12:32:13.406 63256 INFO tempest.lib.common.rest_client [req-ef792a57-c39b-4607-a6ef-848b3094bec8 req-ef792a57-c39b-4607-a6ef-848b3094bec8 ] Request (ServersAdmin275Test:test_rebuild_update_server_275): 200 GET http://10.180.1.21/compute/v2.1/servers/02f113d2-f991-4268-b9a4-59e2e6bcf7a6 0.388s
2024-10-31 12:32:13.434 63244 INFO tempest.lib.common.rest_client [req-2c8f0854-f08e-4eee-949b-b3ba0985b7a9 req-2c8f0854-f08e-4eee-949b-b3ba0985b7a9 ] Request (ServerDiagnosticsNegativeTest:test_get_server_diagnostics_by_non_admin): 200 GET http://10.180.1.21/compute/v2.1/servers/6c7ed2a3-ed0f-476b-8232-d7a3c27adcee 0.382s
2024-10-31 12:32:13.464 63230 INFO tempest.lib.common.rest_client [req-d02217f6-00f6-4bee-b796-64df74eac860 req-d02217f6-00f6-4bee-b796-64df74eac860 ] Request (SecurityGroupsTestJSON:test_list_security_groups_by_server): 200 GET http://10.180.1.21/compute/v2.1/servers/f619dd08-0cdf-486f-8f13-707b254a8593 0.376s
2024-10-31 12:32:13.479 63234 INFO tempest.lib.common.rest_client [req-c9e92c16-cd24-4885-adfd-377ecb800f18 req-c9e92c16-cd24-4885-adfd-377ecb800f18 ] Request (ServerDiagnosticsV248Test:tearDownClass): 204 DELETE http://10.180.1.21:9696/networking/v2.0/security-groups/c790fe6c-21d9-4cc6-8f22-eac7699a07a2 0.131s
2024-10-31 12:32:13.484 63214 INFO tempest.lib.common.rest_client [req-155779a2-1544-48cc-9055-c789232657b4 req-155779a2-1544-48cc-9055-c789232657b4 ] Request (AttachInterfacesUnderV243Test:test_add_remove_fixed_ip): 200 GET http://10.180.1.21/compute/v2.1/servers/63c54ed4-4525-42f6-a99f-033f7b9838a7 0.350s
2024-10-31 12:32:13.498 63240 INFO tempest.lib.common.rest_client [req-a3dd41da-d6e0-43af-8581-386d32f44043 req-a3dd41da-d6e0-43af-8581-386d32f44043 ] Request (ServerRescueTestJSON:setUpClass): 200 GET http://10.180.1.21/compute/v2.1/servers/8342b9df-ebfd-403b-a0b8-1fdd6ebe2add 0.358s
2024-10-31 12:32:13.547 63248 INFO tempest.lib.common.rest_client [req-513ce47b-a350-4aa1-9095-2625affefe1e req-513ce47b-a350-4aa1-9095-2625affefe1e ] Request (VolumesAdminNegativeTest:test_update_attached_volume_with_nonexistent_volume_in_body): 200 GET http://10.180.1.21/compute/v2.1/servers/647a3ba2-8b84-45f9-9d28-130eb0521d1b 0.398s
2024-10-31 12:32:13.563 63234 INFO tempest.lib.common.rest_client [req-d0c356d4-1dc9-4f81-a64a-0b453f018537 req-d0c356d4-1dc9-4f81-a64a-0b453f018537 ] Request (ServerDiagnosticsV248Test:tearDownClass): 204 DELETE http://10.180.1.21/identity/v3/projects/f4f2a08f90194913a4b968190ee77503 0.084s
2024-10-31 12:32:13.564 63234 INFO tempest.lib.common.dynamic_creds [-] Deleting project and security group for project: d315cbc9aa004085b337c752da996e71
2024-10-31 12:32:13.568 63232 INFO tempest.lib.common.rest_client [req-24cafb9a-86ad-43fd-b774-c6c3666fb2ff req-24cafb9a-86ad-43fd-b774-c6c3666fb2ff ] Request (ServerRescueNegativeTestJSON:setUpClass): 200 GET http://10.180.1.21/compute/v2.1/servers/8a893e6e-37d4-4fd4-b0db-d6633117bdce 0.371s
2024-10-31 12:32:13.602 63238 INFO tempest.lib.common.rest_client [req-ef2f3a57-3cac-4cdc-be47-6928d39b70b5 req-ef2f3a57-3cac-4cdc-be47-6928d39b70b5 ] Request (ServersNegativeTestMultiTenantJSON:setUpClass): 200 GET http://10.180.1.21/compute/v2.1/servers/f8ba32e4-6234-4dee-8bc5-b7a12105a3c4 0.382s
2024-10-31 12:32:13.628 63218 INFO tempest.lib.common.rest_client [req-2c55a24a-7b8e-40ce-a0b4-846d29b7cfbf req-2c55a24a-7b8e-40ce-a0b4-846d29b7cfbf ] Request (ImagesNegativeTestJSON:test_create_image_from_deleted_server): 200 GET http://10.180.1.21/compute/v2.1/servers/f45f605f-cb91-4169-879c-bf9e6ce9c989 0.375s
2024-10-31 12:32:13.668 63220 INFO tempest.lib.common.rest_client [req-ab51f825-9e2e-441d-9437-dd0dc20af1d2 req-ab51f825-9e2e-441d-9437-dd0dc20af1d2 ] Request (InstanceActionsV221TestJSON:test_get_list_deleted_instance_actions): 200 GET http://10.180.1.21/compute/v2.1/servers/8ac4264d-7d75-4c38-b8da-e3d90ffe9363 0.381s
