2024-10-31 12:31:31.982 63220 INFO tempest.lib.common.dynamic_creds [-] Created isolated network resources for: credentials: Credentials: {'domain_id': 'default', 'domain_name': 'Default', 'username': 'tempest-InstanceActionsV221TestJSON-15046983-project-member', 'project_domain_id': 'default', 'project_domain_name': 'Default', 'project_id': '62caf44d43074f99aae93c87a6fead1c', 'project_name': 'tempest-InstanceActionsV221TestJSON-15046983', 'tenant_id': '62caf44d43074f99aae93c87a6fead1c', 'tenant_name': 'tempest-InstanceActionsV221TestJSON-15046983', 'user_domain_id': 'default', 'user_domain_name': 'Default', 'user_id': '06ce81ccb906488398ac5e038ff786f5', 'system': None}, Network: {'id': '4d0cf352-a7f0-440b-953f-9abe8a386987', 'name': 'tempest-InstanceActionsV221TestJSON-384832285-network', 'tenant_id': '62caf44d43074f99aae93c87a6fead1c', 'admin_state_up': True, 'mtu': 8950, 'status': 'ACTIVE', 'subnets': [], 'shared': False, 'project_id': '62caf44d43074f99aae93c87a6fead1c', 'port_security_enabled': True, 'router:external': False, 'provider:network_type': 'vlan', 'provider:physical_network': 'default', 'provider:segmentation_id': 786, 'availability_zone_hints': [], 'availability_zones': [], 'ipv4_address_scope': None, 'ipv6_address_scope': None, 'description': '', 'tags': [], 'created_at': '2024-10-31T12:31:25Z', 'updated_at': '2024-10-31T12:31:25Z', 'revision_number': 1}, Subnet: {'id': 'fa413b12-12bf-4c82-bf4b-52ee91d80d28', 'name': 'tempest-InstanceActionsV221TestJSON-384832285-subnet', 'tenant_id': '62caf44d43074f99aae93c87a6fead1c', 'network_id': '4d0cf352-a7f0-440b-953f-9abe8a386987', 'ip_version': 4, 'subnetpool_id': None, 'enable_dhcp': True, 'ipv6_ra_mode': None, 'ipv6_address_mode': None, 'gateway_ip': '192.168.128.1', 'cidr': '192.168.128.0/28', 'allocation_pools': [{'start': '192.168.128.2', 'end': '192.168.128.14'}], 'host_routes': [], 'dns_nameservers': [], 'description': '', 'router:external': False, 'service_types': [], 'tags': [], 'created_at': '2024-10-31T12:31:26Z', 'updated_at': '2024-10-31T12:31:26Z', 'revision_number': 0, 'project_id': '62caf44d43074f99aae93c87a6fead1c'}, Router: {'id': 'b6848292-fb2d-40ae-b632-c903827e7bbc', 'name': 'tempest-InstanceActionsV221TestJSON-384832285-router', 'tenant_id': '62caf44d43074f99aae93c87a6fead1c', 'admin_state_up': True, 'status': 'ACTIVE', 'external_gateway_info': {'network_id': '0532b6e2-95a2-45f7-b5ed-331ebc4b25d1', 'external_fixed_ips': [{'subnet_id': 'fc9da9cb-4bb0-40c8-a8a8-5c064b60248d', 'ip_address': '10.180.180.235'}], 'enable_snat': True}, 'description': '', 'availability_zones': [], 'distributed': False, 'ha': False, 'availability_zone_hints': [], 'routes': [], 'flavor_id': None, 'tags': [], 'created_at': '2024-10-31T12:31:27Z', 'updated_at': '2024-10-31T12:31:28Z', 'revision_number': 2, 'project_id': '62caf44d43074f99aae93c87a6fead1c'}
2024-10-31 12:31:32.031 63214 INFO tempest.lib.common.rest_client [req-fae1b3a3-060b-4d9f-8c17-27d364bf1b01 req-fae1b3a3-060b-4d9f-8c17-27d364bf1b01 ] Request (AttachInterfacesUnderV243Test:test_add_remove_fixed_ip): 200 GET http://10.180.1.21/compute/v2.1/servers/63c54ed4-4525-42f6-a99f-033f7b9838a7 0.929s
2024-10-31 12:31:32.096 63220 INFO tempest.lib.common.rest_client [req-1ab4424d-d02a-408b-b931-fa237fc5eb3d req-1ab4424d-d02a-408b-b931-fa237fc5eb3d ] Request (InstanceActionsV221TestJSON:setUpClass): 201 POST http://10.180.1.21/identity/v3/auth/tokens 0.109s
2024-10-31 12:31:32.120 63230 INFO tempest.lib.common.rest_client [req-67731117-db16-4998-bd11-6d862267bac9 req-67731117-db16-4998-bd11-6d862267bac9 ] Request (SecurityGroupsTestJSON:test_list_security_groups_by_server): 200 GET http://10.180.1.21/compute/v2.1/servers/f619dd08-0cdf-486f-8f13-707b254a8593 0.925s
2024-10-31 12:31:32.135 63220 INFO tempest.lib.common.rest_client [req-f4e983a2-1e45-4947-bd62-b0b4b5df1107 req-f4e983a2-1e45-4947-bd62-b0b4b5df1107 ] Request (InstanceActionsV221TestJSON:test_get_list_deleted_instance_actions): 201 POST http://10.180.1.21/identity/v3/auth/tokens 0.032s
2024-10-31 12:31:32.136 63220 INFO tempest.lib.common.fixed_network [-] (InstanceActionsV221TestJSON:test_get_list_deleted_instance_actions) Found network {'id': '4d0cf352-a7f0-440b-953f-9abe8a386987', 'name': 'tempest-InstanceActionsV221TestJSON-384832285-network', 'tenant_id': '62caf44d43074f99aae93c87a6fead1c', 'admin_state_up': True, 'mtu': 8950, 'status': 'ACTIVE', 'subnets': [], 'shared': False, 'project_id': '62caf44d43074f99aae93c87a6fead1c', 'port_security_enabled': True, 'router:external': False, 'provider:network_type': 'vlan', 'provider:physical_network': 'default', 'provider:segmentation_id': 786, 'availability_zone_hints': [], 'availability_zones': [], 'ipv4_address_scope': None, 'ipv6_address_scope': None, 'description': '', 'tags': [], 'created_at': '2024-10-31T12:31:25Z', 'updated_at': '2024-10-31T12:31:25Z', 'revision_number': 1} available for tenant
2024-10-31 12:31:32.294 63236 INFO tempest.lib.common.rest_client [req-b293befe-f61e-4482-902b-139c41c976ab req-b293befe-f61e-4482-902b-139c41c976ab ] Request (ServerMetadataTestJSON:setUpClass): 201 POST http://10.180.1.21:9696/networking/v2.0/routers 1.727s
2024-10-31 12:31:32.482 63208 INFO tempest.lib.common.rest_client [req-756a80d4-ecc4-4baf-97d2-515e3fe3cb5e req-756a80d4-ecc4-4baf-97d2-515e3fe3cb5e ] Request (FloatingIPsAssociationTestJSON:setUpClass): 202 POST http://10.180.1.21/compute/v2.1/servers 1.477s
2024-10-31 12:31:32.583 63224 INFO tempest.lib.common.rest_client [req-c4aacf45-0a79-4d78-b16b-1b3abd70a928 req-c4aacf45-0a79-4d78-b16b-1b3abd70a928 ] Request (ListServerFiltersTestJSON:setUpClass): 202 POST http://10.180.1.21/compute/v2.1/servers 1.360s
2024-10-31 12:31:32.633 63224 INFO tempest.lib.common.rest_client [req-f1a3e7a8-b189-4342-8586-1a5172cb55b9 req-f1a3e7a8-b189-4342-8586-1a5172cb55b9 ] Request (ListServerFiltersTestJSON:setUpClass): 201 POST http://10.180.1.21/identity/v3/auth/tokens 0.043s
2024-10-31 12:31:32.634 63224 INFO tempest.lib.common.fixed_network [-] (ListServerFiltersTestJSON:setUpClass) Found network {'id': '265d5cdf-70b7-40e9-a6f6-d95e3c696085', 'name': 'tempest-ListServerFiltersTestJSON-1391198479-network', 'tenant_id': '346df53fb497435b9e0c1157c502e8e9', 'admin_state_up': True, 'mtu': 8950, 'status': 'ACTIVE', 'subnets': [], 'shared': False, 'project_id': '346df53fb497435b9e0c1157c502e8e9', 'port_security_enabled': True, 'router:external': False, 'provider:network_type': 'vlan', 'provider:physical_network': 'default', 'provider:segmentation_id': 813, 'availability_zone_hints': [], 'availability_zones': [], 'ipv4_address_scope': None, 'ipv6_address_scope': None, 'description': '', 'tags': [], 'created_at': '2024-10-31T12:31:29Z', 'updated_at': '2024-10-31T12:31:30Z', 'revision_number': 1} available for tenant
2024-10-31 12:31:32.656 63248 INFO tempest.lib.common.rest_client [req-48d26ec6-d42d-4893-bf34-c3065c2025e2 req-48d26ec6-d42d-4893-bf34-c3065c2025e2 ] Request (VolumesAdminNegativeTest:test_update_attached_volume_with_nonexistent_volume_in_body): 200 GET http://10.180.1.21/compute/v2.1/servers/647a3ba2-8b84-45f9-9d28-130eb0521d1b 1.378s
2024-10-31 12:31:32.687 63238 INFO tempest.lib.common.rest_client [req-f7dd09d4-88c6-4fc1-9d04-745f0125b9f4 req-f7dd09d4-88c6-4fc1-9d04-745f0125b9f4 ] Request (QuotasAdminTestJSON:_run_cleanups): 200 PUT http://10.180.1.21/compute/v2.1/os-quota-sets/8ddb0583b5674690b56bb69a5d1a5d13 1.422s
2024-10-31 12:31:32.691 63218 INFO tempest.lib.common.rest_client [req-8e2be8fb-0105-476c-89e2-4dc845c4564f req-8e2be8fb-0105-476c-89e2-4dc845c4564f ] Request (HypervisorAdminTestJSON:test_get_hypervisor_stats): 200 GET http://10.180.1.21/compute/v2.1/os-hypervisors/statistics 1.246s
2024-10-31 12:31:32.725 63252 INFO tempest.lib.common.rest_client [req-16df3967-20ab-462a-9f99-f8ed1c16f756 req-16df3967-20ab-462a-9f99-f8ed1c16f756 ] Request (FloatingIPsNegativeTestJSON:test_allocate_floating_ip_from_nonexistent_pool): 404 POST http://10.180.1.21/compute/v2.1/os-floating-ips 1.160s
2024-10-31 12:31:32.726 63204 INFO tempest.lib.common.rest_client [req-32578154-2846-44f1-8884-5a2afbafb13e req-32578154-2846-44f1-8884-5a2afbafb13e ] Request (AggregatesAdminNegativeTestJSON:test_aggregate_delete_as_user): 403 DELETE http://10.180.1.21/compute/v2.1/os-aggregates/5 1.118s
2024-10-31 12:31:32.733 63206 INFO tempest.lib.common.rest_client [req-ebb45d59-33d4-43a4-923d-0b9301671372 req-ebb45d59-33d4-43a4-923d-0b9301671372 ] Request (HostsAdminTestJSON:test_show_host_detail): 200 GET http://10.180.1.21/compute/v2.1/os-hosts/cpu-1 1.140s
2024-10-31 12:31:32.794 63216 INFO tempest.lib.common.rest_client [req-f87aedb5-a208-47fe-882d-7c18afe8a249 req-f87aedb5-a208-47fe-882d-7c18afe8a249 ] Request (VolumesSnapshotsTestJSON:_run_cleanups): 202 DELETE http://10.180.1.21/compute/v2.1/os-snapshots/acba0b21-fbf2-4ade-b5a2-3f9ba4cc9ed8 1.164s
2024-10-31 12:31:32.811 63238 INFO tempest.lib.common.rest_client [req-e7029f16-f162-408a-a0a3-bf176291ace4 req-e7029f16-f162-408a-a0a3-bf176291ace4 ] Request (QuotasAdminTestJSON:tearDownClass): 204 DELETE http://10.180.1.21/identity/v3/users/22d9abe2c4e6422784917b66c7e890c8 0.121s
2024-10-31 12:31:32.811 63218 INFO tempest.lib.common.rest_client [req-d9b55636-acde-4a37-a009-3976ead9152a req-d9b55636-acde-4a37-a009-3976ead9152a ] Request (HypervisorAdminTestJSON:tearDownClass): 204 DELETE http://10.180.1.21/identity/v3/users/672887d1ab7b4635861e310ad712dc15 0.116s
2024-10-31 12:31:32.817 63250 INFO tempest.lib.common.rest_client [req-8da332a4-99d6-44ff-b45e-baf89aedd94a req-8da332a4-99d6-44ff-b45e-baf89aedd94a ] Request (FlavorsAdminTestJSON:_run_cleanups): 202 DELETE http://10.180.1.21/compute/v2.1/flavors/139361439 1.075s
2024-10-31 12:31:32.839 63226 INFO tempest.lib.common.rest_client [req-eb0757d6-e388-44f9-a969-7c9073dae012 req-eb0757d6-e388-44f9-a969-7c9073dae012 ] Request (ServicesAdminNegativeTestJSON:test_get_service_with_valid_service_and_invalid_host): 200 GET http://10.180.1.21/compute/v2.1/os-services?host=xxx&binary=nova-scheduler 1.079s
2024-10-31 12:31:32.854 63244 INFO tempest.lib.common.rest_client [req-cd5f5867-4326-4914-9951-b4ed1df86533 req-cd5f5867-4326-4914-9951-b4ed1df86533 ] Request (FlavorsAccessNegativeTestJSON:_run_cleanups): 202 DELETE http://10.180.1.21/compute/v2.1/flavors/745054954 1.031s
2024-10-31 12:31:32.917 63238 INFO tempest.lib.common.rest_client [req-2465b0c1-3c43-4fe4-9d50-8a7b4acd506d req-2465b0c1-3c43-4fe4-9d50-8a7b4acd506d ] Request (QuotasAdminTestJSON:tearDownClass): 204 DELETE http://10.180.1.21/identity/v3/users/52557b627091419eb4b14df03f379775 0.105s
2024-10-31 12:31:32.917 63238 INFO tempest.lib.common.dynamic_creds [-] Deleting project and security group for project: 273827ae2a94491083d37ee5a241838a
2024-10-31 12:31:32.929 63206 INFO tempest.lib.common.rest_client [req-824df886-f50f-45c9-a55c-eccb020f4447 req-824df886-f50f-45c9-a55c-eccb020f4447 ] Request (HostsAdminTestJSON:tearDownClass): 204 DELETE http://10.180.1.21/identity/v3/users/452c48ab49614a8290fc34f4a65a74ab 0.194s
2024-10-31 12:31:32.953 63222 INFO tempest.lib.common.rest_client [req-96c383c9-3842-4b35-a9ea-7bccac29a0bf req-96c383c9-3842-4b35-a9ea-7bccac29a0bf ] Request (VolumesAssistedSnapshotsTest:test_volume_assisted_snapshot_create_delete): 200 GET http://10.180.1.21/compute/v2.1/servers/61702d54-59d2-4d13-9eed-59b052b7fe74 1.124s
2024-10-31 12:31:32.994 63238 INFO tempest.lib.common.rest_client [req-e7815462-04a0-4d81-bc43-943e05933c45 req-e7815462-04a0-4d81-bc43-943e05933c45 ] Request (QuotasAdminTestJSON:tearDownClass): 201 POST http://10.180.1.21/identity/v3/auth/tokens 0.076s
2024-10-31 12:31:33.037 63258 INFO tempest.lib.common.rest_client [req-b3f8d233-7132-42d5-8795-0d03e548bbed req-b3f8d233-7132-42d5-8795-0d03e548bbed ] Request (ServerActionsTestOtherA:setUpClass): 200 GET http://10.180.1.21/compute/v2.1/servers/7780b346-28a4-4d80-9f83-a452c23741ec 1.078s
2024-10-31 12:31:33.056 63218 INFO tempest.lib.common.rest_client [req-23a23a56-aeee-4e38-a3e6-789461a2a5cb req-23a23a56-aeee-4e38-a3e6-789461a2a5cb ] Request (HypervisorAdminTestJSON:tearDownClass): 204 DELETE http://10.180.1.21/identity/v3/users/dd0c06a5af5b4378af560365789e30a1 0.245s
2024-10-31 12:31:33.057 63218 INFO tempest.lib.common.dynamic_creds [-] Deleting project and security group for project: 13866b27b9ce4f85b91615614feffe2f
2024-10-31 12:31:33.114 63206 INFO tempest.lib.common.rest_client [req-7d48f6a6-cf94-4d3e-8dd2-f03b48a2a407 req-7d48f6a6-cf94-4d3e-8dd2-f03b48a2a407 ] Request (HostsAdminTestJSON:tearDownClass): 204 DELETE http://10.180.1.21/identity/v3/users/c77d280e0ce845f1810741ede0dba462 0.185s
2024-10-31 12:31:33.114 63206 INFO tempest.lib.common.dynamic_creds [-] Deleting project and security group for project: d7495ff2be0f455b9372a49a31bfdf8a
2024-10-31 12:31:33.152 63210 INFO tempest.lib.common.rest_client [req-241c8519-e56e-4d15-ada2-ee283718ba9d req-241c8519-e56e-4d15-ada2-ee283718ba9d ] Request (TenantUsagesTestJSON:setUpClass): 200 GET http://10.180.1.21/compute/v2.1/servers/d66e557f-fbd5-4369-bdcb-14f25c3bbc7b 1.122s
2024-10-31 12:31:33.187 63218 INFO tempest.lib.common.rest_client [req-d6f3f3d3-6fb6-41c6-bcaf-7fc1d07ab423 req-d6f3f3d3-6fb6-41c6-bcaf-7fc1d07ab423 ] Request (HypervisorAdminTestJSON:tearDownClass): 201 POST http://10.180.1.21/identity/v3/auth/tokens 0.130s
2024-10-31 12:31:33.227 63206 INFO tempest.lib.common.rest_client [req-6724ee94-191b-4cf3-80b9-d9e7d5d620e5 req-6724ee94-191b-4cf3-80b9-d9e7d5d620e5 ] Request (HostsAdminTestJSON:tearDownClass): 201 POST http://10.180.1.21/identity/v3/auth/tokens 0.112s
2024-10-31 12:31:33.258 63232 INFO tempest.lib.common.rest_client [req-77e0049d-bf66-40d8-adf5-478262d58116 req-77e0049d-bf66-40d8-adf5-478262d58116 ] Request (ServerRescueNegativeTestJSON:setUpClass): 202 POST http://10.180.1.21/compute/v2.1/servers 1.620s
2024-10-31 12:31:33.329 63260 INFO tempest.lib.common.rest_client [req-3265d5f7-1b7a-4b29-b61e-2ef63dc74acf req-3265d5f7-1b7a-4b29-b61e-2ef63dc74acf ] Request (FloatingIPsAssociationNegativeTestJSON:setUpClass): 200 GET http://10.180.1.21/compute/v2.1/servers/1e128a17-cc1a-4aa0-8020-9c01775d9f75 1.137s
2024-10-31 12:31:33.413 63254 INFO tempest.lib.common.rest_client [req-e02860a0-ed75-4256-8794-c6a8a0fdcf30 req-e02860a0-ed75-4256-8794-c6a8a0fdcf30 ] Request (ImagesTestJSON:test_create_image_from_stopped_server): 200 GET http://10.180.1.21/compute/v2.1/servers/2931c8b9-ed5f-4994-a4d5-50e1369d67e9 1.162s
2024-10-31 12:31:33.424 63238 INFO tempest.lib.common.rest_client [req-c35b06ba-f209-43be-9f70-76080ae04350 req-c35b06ba-f209-43be-9f70-76080ae04350 ] Request (QuotasAdminTestJSON:tearDownClass): 200 GET http://10.180.1.21:9696/networking/v2.0/security-groups?tenant_id=273827ae2a94491083d37ee5a241838a&name=default 0.430s
2024-10-31 12:31:33.457 63236 INFO tempest.lib.common.rest_client [req-5ed8738c-9714-4ad7-a51d-8566104faae6 req-5ed8738c-9714-4ad7-a51d-8566104faae6 ] Request (ServerMetadataTestJSON:setUpClass): 200 PUT http://10.180.1.21:9696/networking/v2.0/routers/2549eade-ebb7-4337-8fec-ce3d8c4c7648/add_router_interface 1.162s
2024-10-31 12:31:33.457 63236 INFO tempest.lib.common.dynamic_creds [-] Created isolated network resources for: credentials: Credentials: {'domain_id': 'default', 'domain_name': 'Default', 'username': 'tempest-ServerMetadataTestJSON-1143213976-project-member', 'project_domain_id': 'default', 'project_domain_name': 'Default', 'project_id': '295fdf21de9b4c999b79781a8aa3726b', 'project_name': 'tempest-ServerMetadataTestJSON-1143213976', 'tenant_id': '295fdf21de9b4c999b79781a8aa3726b', 'tenant_name': 'tempest-ServerMetadataTestJSON-1143213976', 'user_domain_id': 'default', 'user_domain_name': 'Default', 'user_id': '5d1bf4c1dbfa46dc9ed97a136cec314f', 'system': None}, Network: {'id': 'a7b6de2e-c765-497b-9bb1-3a6e9f5a8dcd', 'name': 'tempest-ServerMetadataTestJSON-879758074-network', 'tenant_id': '295fdf21de9b4c999b79781a8aa3726b', 'admin_state_up': True, 'mtu': 8950, 'status': 'ACTIVE', 'subnets': [], 'shared': False, 'project_id': '295fdf21de9b4c999b79781a8aa3726b', 'port_security_enabled': True, 'router:external': False, 'provider:network_type': 'vlan', 'provider:physical_network': 'default', 'provider:segmentation_id': 816, 'availability_zone_hints': [], 'availability_zones': [], 'ipv4_address_scope': None, 'ipv6_address_scope': None, 'description': '', 'tags': [], 'created_at': '2024-10-31T12:31:29Z', 'updated_at': '2024-10-31T12:31:29Z', 'revision_number': 1}, Subnet: {'id': 'aa815935-783b-41d6-82f1-acb18fe94a2a', 'name': 'tempest-ServerMetadataTestJSON-879758074-subnet', 'tenant_id': '295fdf21de9b4c999b79781a8aa3726b', 'network_id': 'a7b6de2e-c765-497b-9bb1-3a6e9f5a8dcd', 'ip_version': 4, 'subnetpool_id': None, 'enable_dhcp': True, 'ipv6_ra_mode': None, 'ipv6_address_mode': None, 'gateway_ip': '192.168.128.1', 'cidr': '192.168.128.0/28', 'allocation_pools': [{'start': '192.168.128.2', 'end': '192.168.128.14'}], 'host_routes': [], 'dns_nameservers': [], 'description': '', 'router:external': False, 'service_types': [], 'tags': [], 'created_at': '2024-10-31T12:31:30Z', 'updated_at': '2024-10-31T12:31:30Z', 'revision_number': 0, 'project_id': '295fdf21de9b4c999b79781a8aa3726b'}, Router: {'id': '2549eade-ebb7-4337-8fec-ce3d8c4c7648', 'name': 'tempest-ServerMetadataTestJSON-879758074-router', 'tenant_id': '295fdf21de9b4c999b79781a8aa3726b', 'admin_state_up': True, 'status': 'ACTIVE', 'external_gateway_info': {'network_id': '0532b6e2-95a2-45f7-b5ed-331ebc4b25d1', 'external_fixed_ips': [{'subnet_id': 'fc9da9cb-4bb0-40c8-a8a8-5c064b60248d', 'ip_address': '10.180.180.237'}], 'enable_snat': True}, 'description': '', 'availability_zones': [], 'distributed': False, 'ha': False, 'availability_zone_hints': [], 'routes': [], 'flavor_id': None, 'tags': [], 'created_at': '2024-10-31T12:31:30Z', 'updated_at': '2024-10-31T12:31:31Z', 'revision_number': 2, 'project_id': '295fdf21de9b4c999b79781a8aa3726b'}
2024-10-31 12:31:33.519 63238 INFO tempest.lib.common.rest_client [req-f1fa5985-bd84-43a4-8aba-47b702bb8b5e req-f1fa5985-bd84-43a4-8aba-47b702bb8b5e ] Request (QuotasAdminTestJSON:tearDownClass): 204 DELETE http://10.180.1.21:9696/networking/v2.0/security-groups/85bb3b14-fef3-4ae5-8386-ac1759e0b0d1 0.094s
2024-10-31 12:31:33.538 63236 INFO tempest.lib.common.rest_client [req-8b5710b9-2176-4711-b08b-7d4caec33fbb req-8b5710b9-2176-4711-b08b-7d4caec33fbb ] Request (ServerMetadataTestJSON:setUpClass): 201 POST http://10.180.1.21/identity/v3/auth/tokens 0.077s
2024-10-31 12:31:33.568 63236 INFO tempest.lib.common.rest_client [req-470f24a0-e531-40cc-ab53-0786915d5b30 req-470f24a0-e531-40cc-ab53-0786915d5b30 ] Request (ServerMetadataTestJSON:setUpClass): 201 POST http://10.180.1.21/identity/v3/auth/tokens 0.026s
2024-10-31 12:31:33.568 63236 INFO tempest.lib.common.fixed_network [-] (ServerMetadataTestJSON:setUpClass) Found network {'id': 'a7b6de2e-c765-497b-9bb1-3a6e9f5a8dcd', 'name': 'tempest-ServerMetadataTestJSON-879758074-network', 'tenant_id': '295fdf21de9b4c999b79781a8aa3726b', 'admin_state_up': True, 'mtu': 8950, 'status': 'ACTIVE', 'subnets': [], 'shared': False, 'project_id': '295fdf21de9b4c999b79781a8aa3726b', 'port_security_enabled': True, 'router:external': False, 'provider:network_type': 'vlan', 'provider:physical_network': 'default', 'provider:segmentation_id': 816, 'availability_zone_hints': [], 'availability_zones': [], 'ipv4_address_scope': None, 'ipv6_address_scope': None, 'description': '', 'tags': [], 'created_at': '2024-10-31T12:31:29Z', 'updated_at': '2024-10-31T12:31:29Z', 'revision_number': 1} available for tenant
2024-10-31 12:31:33.598 63238 INFO tempest.lib.common.rest_client [req-9d5b4af0-8ef4-4ecf-b8a7-8ff282871182 req-9d5b4af0-8ef4-4ecf-b8a7-8ff282871182 ] Request (QuotasAdminTestJSON:tearDownClass): 204 DELETE http://10.180.1.21/identity/v3/projects/273827ae2a94491083d37ee5a241838a 0.079s
2024-10-31 12:31:33.598 63238 INFO tempest.lib.common.dynamic_creds [-] Deleting project and security group for project: 8ddb0583b5674690b56bb69a5d1a5d13
2024-10-31 12:31:33.641 63264 INFO tempest.lib.common.rest_client [req-43007987-ed66-4c23-ba43-1dec41066dc0 req-43007987-ed66-4c23-ba43-1dec41066dc0 ] Request (ServersTestJSON:setUpClass): 200 GET http://10.180.1.21/compute/v2.1/servers/f594c50e-25b3-4e85-840c-7dfe0994a2c2 1.304s
2024-10-31 12:31:33.679 63218 INFO tempest.lib.common.rest_client [req-03fa3218-9c6b-466e-b650-106f188ba5ec req-03fa3218-9c6b-466e-b650-106f188ba5ec ] Request (HypervisorAdminTestJSON:tearDownClass): 200 GET http://10.180.1.21:9696/networking/v2.0/security-groups?tenant_id=13866b27b9ce4f85b91615614feffe2f&name=default 0.491s
2024-10-31 12:31:33.708 63246 INFO tempest.lib.common.rest_client [req-d0fc9cd2-610b-4802-bef5-da6b4763b795 req-d0fc9cd2-610b-4802-bef5-da6b4763b795 ] Request (ListServersNegativeTestJSON:setUpClass): 200 GET http://10.180.1.21/compute/v2.1/servers/2870d8cb-8c19-454e-8a6e-1675eba8ddd4 1.358s
2024-10-31 12:31:33.708 63206 INFO tempest.lib.common.rest_client [req-17d22486-4a73-4151-8f71-8b89937b9035 req-17d22486-4a73-4151-8f71-8b89937b9035 ] Request (HostsAdminTestJSON:tearDownClass): 200 GET http://10.180.1.21:9696/networking/v2.0/security-groups?tenant_id=d7495ff2be0f455b9372a49a31bfdf8a&name=default 0.481s
2024-10-31 12:31:33.718 63238 INFO tempest.lib.common.rest_client [req-01b887f6-fca4-4145-9940-ff3a1d5b41c0 req-01b887f6-fca4-4145-9940-ff3a1d5b41c0 ] Request (QuotasAdminTestJSON:tearDownClass): 200 GET http://10.180.1.21:9696/networking/v2.0/security-groups?tenant_id=8ddb0583b5674690b56bb69a5d1a5d13&name=default 0.119s
2024-10-31 12:31:33.788 63242 INFO tempest.lib.common.rest_client [req-7b5ed91a-7ca2-43b1-bdf8-bfd6aa76d89a req-7b5ed91a-7ca2-43b1-bdf8-bfd6aa76d89a ] Request (ServersWithSpecificFlavorTestJSON:test_verify_created_server_ephemeral_disk): 200 GET http://10.180.1.21/compute/v2.1/servers/59187ca2-0482-4603-8689-542d2bf5d023 1.379s
2024-10-31 12:31:33.876 63240 INFO tempest.lib.common.rest_client [req-1f4b2e42-0174-464d-bc37-517d833dd551 req-1f4b2e42-0174-464d-bc37-517d833dd551 ] Request (ServersAdminTestJSON:setUpClass): 200 GET http://10.180.1.21/compute/v2.1/servers/fa55e796-81d0-46b7-b025-9119bae2f305 1.451s
2024-10-31 12:31:33.905 63206 INFO tempest.lib.common.rest_client [req-2c0cdd9b-4c85-4609-885f-9737cbf3519f req-2c0cdd9b-4c85-4609-885f-9737cbf3519f ] Request (HostsAdminTestJSON:tearDownClass): 204 DELETE http://10.180.1.21:9696/networking/v2.0/security-groups/aff0f57f-6f5e-4bd3-8b90-830e33235147 0.196s
2024-10-31 12:31:33.937 63212 INFO tempest.lib.common.rest_client [req-65970dab-aa32-442b-9ff4-a28cdb99e495 req-65970dab-aa32-442b-9ff4-a28cdb99e495 ] Request (ServerAddressesNegativeTestJSON:setUpClass): 200 GET http://10.180.1.21/compute/v2.1/servers/53519d3e-34d2-410f-ac19-69a015e407b9 1.457s
2024-10-31 12:31:33.995 63208 INFO tempest.lib.common.rest_client [req-7486a164-aeb5-498a-8bd5-47213a0e1653 req-7486a164-aeb5-498a-8bd5-47213a0e1653 ] Request (FloatingIPsAssociationTestJSON:setUpClass): 200 GET http://10.180.1.21/compute/v2.1/servers/222f547e-8fce-4576-bafc-809ea2ee8631 1.512s
2024-10-31 12:31:34.065 63238 INFO tempest.lib.common.rest_client [req-b9566095-980e-4e9a-8181-bfeb5401d51b req-b9566095-980e-4e9a-8181-bfeb5401d51b ] Request (QuotasAdminTestJSON:tearDownClass): 204 DELETE http://10.180.1.21:9696/networking/v2.0/security-groups/a2fc18a9-f71a-417b-b7d4-ea4bbf0a70d3 0.346s
2024-10-31 12:31:34.079 63218 INFO tempest.lib.common.rest_client [req-ec2f7b19-dc41-4e13-b67a-f25b87bcf761 req-ec2f7b19-dc41-4e13-b67a-f25b87bcf761 ] Request (HypervisorAdminTestJSON:tearDownClass): 204 DELETE http://10.180.1.21:9696/networking/v2.0/security-groups/e88568a1-4078-4e94-9f7b-f4c7c6ccfc3c 0.399s
2024-10-31 12:31:34.149 63220 INFO tempest.lib.common.rest_client [req-f38bdb2c-9565-46a0-b784-ce06dae728f0 req-f38bdb2c-9565-46a0-b784-ce06dae728f0 ] Request (InstanceActionsV221TestJSON:test_get_list_deleted_instance_actions): 202 POST http://10.180.1.21/compute/v2.1/servers 2.012s
2024-10-31 12:31:34.159 63206 INFO tempest.lib.common.rest_client [req-29befef7-567d-4752-a96d-11b397421320 req-29befef7-567d-4752-a96d-11b397421320 ] Request (HostsAdminTestJSON:tearDownClass): 204 DELETE http://10.180.1.21/identity/v3/projects/d7495ff2be0f455b9372a49a31bfdf8a 0.254s
2024-10-31 12:31:34.160 63206 INFO tempest.lib.common.dynamic_creds [-] Deleting project and security group for project: 22b4e2354d4a475baf2b4e49977419ca
2024-10-31 12:31:34.234 63238 INFO tempest.lib.common.rest_client [req-5321324c-f148-4c52-8175-32cd31584fee req-5321324c-f148-4c52-8175-32cd31584fee ] Request (QuotasAdminTestJSON:tearDownClass): 204 DELETE http://10.180.1.21/identity/v3/projects/8ddb0583b5674690b56bb69a5d1a5d13 0.169s
2024-10-31 12:31:34.236 63218 INFO tempest.lib.common.rest_client [req-33aad3b4-06b7-4ae0-ad6b-db4f8ad52016 req-33aad3b4-06b7-4ae0-ad6b-db4f8ad52016 ] Request (HypervisorAdminTestJSON:tearDownClass): 204 DELETE http://10.180.1.21/identity/v3/projects/13866b27b9ce4f85b91615614feffe2f 0.156s
2024-10-31 12:31:34.236 63218 INFO tempest.lib.common.dynamic_creds [-] Deleting project and security group for project: a818208e3bbf4ee99c338d04531d86b9
2024-10-31 12:31:34.275 63228 INFO tempest.lib.common.rest_client [req-9f305d6d-b624-4092-895a-6aa3237aa274 req-9f305d6d-b624-4092-895a-6aa3237aa274 ] Request (ServersAdminNegativeTestJSON:setUpClass): 200 GET http://10.180.1.21/compute/v2.1/servers/585a0d73-9a2c-4a1e-8e7e-7b4f406a56d5 1.574s
2024-10-31 12:31:34.283 63228 INFO tempest.common.waiters [-] State transition "BUILD/spawning" ==> "BUILD/scheduling" after 26 second wait
2024-10-31 12:31:34.301 63204 INFO tempest.lib.common.rest_client [req-19f38ee4-a482-487b-8d39-e9c5ec2f972f req-19f38ee4-a482-487b-8d39-e9c5ec2f972f ] Request (AggregatesAdminNegativeTestJSON:_run_cleanups): 200 DELETE http://10.180.1.21/compute/v2.1/os-aggregates/5 1.574s
2024-10-31 12:31:34.320 63238 INFO tempest.lib.common.rest_client [req-52ef556b-1c5b-4cff-bf6b-c6cb24213e3a req-52ef556b-1c5b-4cff-bf6b-c6cb24213e3a ] Request (QuotasAdminTestV236:setUpClass): 201 POST http://10.180.1.21/identity/v3/auth/tokens 0.085s
2024-10-31 12:31:34.329 63252 INFO tempest.lib.common.rest_client [req-88320388-2f9c-4a82-93b8-39c77397ced1 req-88320388-2f9c-4a82-93b8-39c77397ced1 ] Request (FloatingIPsNegativeTestJSON:test_delete_nonexistent_floating_ip): 404 DELETE http://10.180.1.21/compute/v2.1/os-floating-ips/18fb628f-55a8-4690-a59d-373d47c8db83 1.602s
2024-10-31 12:31:34.357 63238 INFO tempest.lib.common.rest_client [req-6e97ffc3-585b-4fd2-8daf-01026f70fc7b req-6e97ffc3-585b-4fd2-8daf-01026f70fc7b ] Request (QuotasAdminTestV236:setUpClass): 201 POST http://10.180.1.21/identity/v3/auth/tokens 0.035s
2024-10-31 12:31:34.378 63238 INFO tempest.lib.common.rest_client [req-b3849126-4ca5-4bc1-9e80-ec282a97791e req-b3849126-4ca5-4bc1-9e80-ec282a97791e ] Request (QuotasAdminTestV236:setUpClass): 200 GET http://10.180.1.21/identity/v3/domains?name=Default 0.020s
2024-10-31 12:31:34.410 63238 INFO tempest.lib.common.rest_client [req-37ea7103-a61f-4a4f-9368-61c0747a4361 req-37ea7103-a61f-4a4f-9368-61c0747a4361 ] Request (QuotasAdminTestV236:setUpClass): 201 POST http://10.180.1.21/identity/v3/projects 0.032s
2024-10-31 12:31:34.411 63224 INFO tempest.lib.common.rest_client [req-ff5f1043-bd6b-4842-b872-ecd424195d07 req-ff5f1043-bd6b-4842-b872-ecd424195d07 ] Request (ListServerFiltersTestJSON:setUpClass): 202 POST http://10.180.1.21/compute/v2.1/servers 1.776s
2024-10-31 12:31:34.429 63206 INFO tempest.lib.common.rest_client [req-a09973bb-3259-47ac-8088-6ed49f7aa6f9 req-a09973bb-3259-47ac-8088-6ed49f7aa6f9 ] Request (HostsAdminTestJSON:tearDownClass): 200 GET http://10.180.1.21:9696/networking/v2.0/security-groups?tenant_id=22b4e2354d4a475baf2b4e49977419ca&name=default 0.269s
2024-10-31 12:31:34.436 63216 INFO tempest.lib.common.rest_client [req-cf2fac5c-6787-4227-acd4-b1e13a33094f req-cf2fac5c-6787-4227-acd4-b1e13a33094f ] Request (VolumesSnapshotsTestJSON:_run_cleanups): 404 GET http://10.180.1.21/compute/v2.1/os-snapshots/acba0b21-fbf2-4ade-b5a2-3f9ba4cc9ed8 1.642s
2024-10-31 12:31:34.450 63250 INFO tempest.lib.common.rest_client [req-6cdc6f90-300f-4fce-866f-660e7a434e1f req-6cdc6f90-300f-4fce-866f-660e7a434e1f ] Request (FlavorsAdminTestJSON:_run_cleanups): 200 GET http://10.180.1.21/compute/v2.1/flavors/detail 1.633s
2024-10-31 12:31:34.454 63256 INFO tempest.lib.common.rest_client [req-43f2b521-2f74-44da-9e7a-81907bc04d85 req-43f2b521-2f74-44da-9e7a-81907bc04d85 ] Request (QuotaClassesAdminTestJSON:test_update_default_quotas): 200 GET http://10.180.1.21/compute/v2.1/os-quota-class-sets/default 1.675s
2024-10-31 12:31:34.470 63238 INFO tempest.lib.common.rest_client [req-490fd8d9-1d98-46ca-966d-ae57dcbd8e73 req-490fd8d9-1d98-46ca-966d-ae57dcbd8e73 ] Request (QuotasAdminTestV236:setUpClass): 201 POST http://10.180.1.21/identity/v3/users 0.059s
2024-10-31 12:31:34.493 63224 INFO tempest.lib.common.rest_client [req-517a290b-c2fe-4cca-bdd6-c55c23f402cb req-517a290b-c2fe-4cca-bdd6-c55c23f402cb ] Request (ListServerFiltersTestJSON:setUpClass): 201 POST http://10.180.1.21/identity/v3/auth/tokens 0.076s
2024-10-31 12:31:34.493 63224 INFO tempest.lib.common.fixed_network [-] (ListServerFiltersTestJSON:setUpClass) Found network {'id': '265d5cdf-70b7-40e9-a6f6-d95e3c696085', 'name': 'tempest-ListServerFiltersTestJSON-1391198479-network', 'tenant_id': '346df53fb497435b9e0c1157c502e8e9', 'admin_state_up': True, 'mtu': 8950, 'status': 'ACTIVE', 'subnets': [], 'shared': False, 'project_id': '346df53fb497435b9e0c1157c502e8e9', 'port_security_enabled': True, 'router:external': False, 'provider:network_type': 'vlan', 'provider:physical_network': 'default', 'provider:segmentation_id': 813, 'availability_zone_hints': [], 'availability_zones': [], 'ipv4_address_scope': None, 'ipv6_address_scope': None, 'description': '', 'tags': [], 'created_at': '2024-10-31T12:31:29Z', 'updated_at': '2024-10-31T12:31:30Z', 'revision_number': 1} available for tenant
2024-10-31 12:31:34.512 63238 INFO tempest.lib.common.rest_client [req-f38a63db-b1b8-40ba-a04e-d3fcb6c16585 req-f38a63db-b1b8-40ba-a04e-d3fcb6c16585 ] Request (QuotasAdminTestV236:setUpClass): 200 GET http://10.180.1.21/identity/v3/roles 0.042s
2024-10-31 12:31:34.513 63218 INFO tempest.lib.common.rest_client [req-b9c0b4de-1e81-46e8-a1a9-ffca0d4df80b req-b9c0b4de-1e81-46e8-a1a9-ffca0d4df80b ] Request (HypervisorAdminTestJSON:tearDownClass): 200 GET http://10.180.1.21:9696/networking/v2.0/security-groups?tenant_id=a818208e3bbf4ee99c338d04531d86b9&name=default 0.276s
2024-10-31 12:31:34.517 63262 INFO tempest.lib.common.rest_client [req-91c17997-95cd-492a-8aa3-ce0c51f13ac8 req-91c17997-95cd-492a-8aa3-ce0c51f13ac8 ] Request (DeleteServersAdminTestJSON:test_admin_delete_servers_of_others): 200 GET http://10.180.1.21/compute/v2.1/servers/ebb7d30d-c9d7-4ed6-8d5b-22c83d7c80bb 1.664s
2024-10-31 12:31:34.534 63244 INFO tempest.lib.common.rest_client [req-044ed313-2b05-4a3c-bdbd-171129daa697 req-044ed313-2b05-4a3c-bdbd-171129daa697 ] Request (FlavorsAccessNegativeTestJSON:_run_cleanups): 200 GET http://10.180.1.21/compute/v2.1/flavors/detail 1.679s
2024-10-31 12:31:34.542 63238 INFO tempest.lib.common.rest_client [req-3ec5f4db-c7eb-4fc2-a849-d46eb066576f req-3ec5f4db-c7eb-4fc2-a849-d46eb066576f ] Request (QuotasAdminTestV236:setUpClass): 204 PUT http://10.180.1.21/identity/v3/projects/75a76a1500644cf98b4cc8dd944c8c9d/users/6351b0a23da746deb5d4939e4491c6bb/roles/ad044c832e5d4cfaa6ae363693442e4a 0.029s
2024-10-31 12:31:34.542 63238 INFO tempest.lib.common.dynamic_creds [-] Dynamic test user 6351b0a23da746deb5d4939e4491c6bb is created with scope project and roles: ['member']
2024-10-31 12:31:34.543 63238 INFO tempest.lib.common.dynamic_creds [-] Acquired dynamic creds: credentials: Credentials: {'domain_id': 'default', 'domain_name': 'Default', 'username': 'tempest-QuotasAdminTestV236-799822081-project-member', 'project_domain_id': 'default', 'project_domain_name': 'Default', 'project_id': '75a76a1500644cf98b4cc8dd944c8c9d', 'project_name': 'tempest-QuotasAdminTestV236-799822081', 'tenant_id': '75a76a1500644cf98b4cc8dd944c8c9d', 'tenant_name': 'tempest-QuotasAdminTestV236-799822081', 'user_domain_id': 'default', 'user_domain_name': 'Default', 'user_id': '6351b0a23da746deb5d4939e4491c6bb', 'system': None}, Network: None, Subnet: None, Router: None
2024-10-31 12:31:34.543 63238 INFO tempest.lib.common.dynamic_creds [-] Created isolated network resources for: credentials: Credentials: {'domain_id': 'default', 'domain_name': 'Default', 'username': 'tempest-QuotasAdminTestV236-799822081-project-member', 'project_domain_id': 'default', 'project_domain_name': 'Default', 'project_id': '75a76a1500644cf98b4cc8dd944c8c9d', 'project_name': 'tempest-QuotasAdminTestV236-799822081', 'tenant_id': '75a76a1500644cf98b4cc8dd944c8c9d', 'tenant_name': 'tempest-QuotasAdminTestV236-799822081', 'user_domain_id': 'default', 'user_domain_name': 'Default', 'user_id': '6351b0a23da746deb5d4939e4491c6bb', 'system': None}, Network: None, Subnet: None, Router: None
2024-10-31 12:31:34.566 63226 INFO tempest.lib.common.rest_client [req-42a9b3f7-fa2e-4cfb-a3c0-871af643c44d req-42a9b3f7-fa2e-4cfb-a3c0-871af643c44d ] Request (ServicesAdminNegativeTestJSON:test_list_services_with_non_admin_user): 403 GET http://10.180.1.21/compute/v2.1/os-services 1.721s
2024-10-31 12:31:34.602 63202 INFO tempest.lib.common.rest_client [req-26b79b68-4cdc-48f5-8f41-955743c7dd76 req-26b79b68-4cdc-48f5-8f41-955743c7dd76 ] Request (ServerDiagnosticsTest:test_get_server_diagnostics): 200 GET http://10.180.1.21/compute/v2.1/servers/709bac33-9605-4254-bf38-49fc7892b15e 1.669s
2024-10-31 12:31:34.622 63238 INFO tempest.lib.common.rest_client [req-925e37d7-c27d-4514-bf2a-d953170be9e1 req-925e37d7-c27d-4514-bf2a-d953170be9e1 ] Request (QuotasAdminTestV236:setUpClass): 201 POST http://10.180.1.21/identity/v3/auth/tokens 0.077s
2024-10-31 12:31:34.639 63214 INFO tempest.lib.common.rest_client [req-25a93a98-0c11-4298-b399-393bf91528e9 req-25a93a98-0c11-4298-b399-393bf91528e9 ] Request (AttachInterfacesUnderV243Test:test_add_remove_fixed_ip): 200 GET http://10.180.1.21/compute/v2.1/servers/63c54ed4-4525-42f6-a99f-033f7b9838a7 1.599s
2024-10-31 12:31:34.652 63218 INFO tempest.lib.common.rest_client [req-c6c064c3-a729-4055-96ab-1fa2eb9603f3 req-c6c064c3-a729-4055-96ab-1fa2eb9603f3 ] Request (HypervisorAdminTestJSON:tearDownClass): 204 DELETE http://10.180.1.21:9696/networking/v2.0/security-groups/38d5bd77-b8a3-4ca0-8c90-db8845173527 0.139s
2024-10-31 12:31:34.655 63238 INFO tempest.lib.common.rest_client [req-c0de20eb-ff71-436e-a93e-68176d692535 req-c0de20eb-ff71-436e-a93e-68176d692535 ] Request (QuotasAdminTestV236:setUpClass): 201 POST http://10.180.1.21/identity/v3/projects 0.032s
2024-10-31 12:31:34.656 63230 INFO tempest.lib.common.rest_client [req-9236b7f3-8016-4dcb-87d0-f6bdcb2990b4 req-9236b7f3-8016-4dcb-87d0-f6bdcb2990b4 ] Request (SecurityGroupsTestJSON:test_list_security_groups_by_server): 200 GET http://10.180.1.21/compute/v2.1/servers/f619dd08-0cdf-486f-8f13-707b254a8593 1.526s
2024-10-31 12:31:34.661 63206 INFO tempest.lib.common.rest_client [req-fba49426-8425-4ee0-8c7c-0a0f6d08c5ff req-fba49426-8425-4ee0-8c7c-0a0f6d08c5ff ] Request (HostsAdminTestJSON:tearDownClass): 204 DELETE http://10.180.1.21:9696/networking/v2.0/security-groups/0a08fc8a-154f-4e84-a866-3bd9aec34f63 0.231s
2024-10-31 12:31:34.664 63226 INFO tempest.lib.common.rest_client [req-74234d5a-3672-472e-bf4d-7b7478639303 req-74234d5a-3672-472e-bf4d-7b7478639303 ] Request (ServicesAdminNegativeTestJSON:tearDownClass): 204 DELETE http://10.180.1.21/identity/v3/users/ab501769954b4799a8188790ff8563bf 0.096s
2024-10-31 12:31:34.688 63232 INFO tempest.lib.common.rest_client [req-4f19c0aa-3e9f-46de-8e1f-62f524572b33 req-4f19c0aa-3e9f-46de-8e1f-62f524572b33 ] Request (ServerRescueNegativeTestJSON:setUpClass): 200 GET http://10.180.1.21/compute/v2.1/servers/8a893e6e-37d4-4fd4-b0db-d6633117bdce 1.428s
2024-10-31 12:31:34.715 63238 INFO tempest.lib.common.rest_client [req-04ac1c52-fe2b-4a7e-ac84-672fa2511d14 req-04ac1c52-fe2b-4a7e-ac84-672fa2511d14 ] Request (QuotasAdminTestV236:setUpClass): 201 POST http://10.180.1.21/identity/v3/users 0.059s
2024-10-31 12:31:34.744 63248 INFO tempest.lib.common.rest_client [req-bde86c29-f014-46bf-a335-724c97cbf65c req-bde86c29-f014-46bf-a335-724c97cbf65c ] Request (VolumesAdminNegativeTest:test_update_attached_volume_with_nonexistent_volume_in_body): 200 GET http://10.180.1.21/compute/v2.1/servers/647a3ba2-8b84-45f9-9d28-130eb0521d1b 1.077s
2024-10-31 12:31:34.753 63218 INFO tempest.lib.common.rest_client [req-935e67f8-c03f-43cc-8731-4aabbc487b13 req-935e67f8-c03f-43cc-8731-4aabbc487b13 ] Request (HypervisorAdminTestJSON:tearDownClass): 204 DELETE http://10.180.1.21/identity/v3/projects/a818208e3bbf4ee99c338d04531d86b9 0.101s
2024-10-31 12:31:34.816 63222 INFO tempest.lib.common.rest_client [req-35a761ac-e8cf-4b34-9b1a-1eef36ceb0eb req-35a761ac-e8cf-4b34-9b1a-1eef36ceb0eb ] Request (VolumesAssistedSnapshotsTest:test_volume_assisted_snapshot_create_delete): 200 GET http://10.180.1.21/compute/v2.1/servers/61702d54-59d2-4d13-9eed-59b052b7fe74 0.851s
2024-10-31 12:31:34.832 63206 INFO tempest.lib.common.rest_client [req-fa134717-3d4c-4bde-a3db-da2ebca883b0 req-fa134717-3d4c-4bde-a3db-da2ebca883b0 ] Request (HostsAdminTestJSON:tearDownClass): 204 DELETE http://10.180.1.21/identity/v3/projects/22b4e2354d4a475baf2b4e49977419ca 0.170s
2024-10-31 12:31:34.866 63258 INFO tempest.lib.common.rest_client [req-7871c033-92fc-447a-b53e-1c478832299e req-7871c033-92fc-447a-b53e-1c478832299e ] Request (ServerActionsTestOtherA:setUpClass): 200 GET http://10.180.1.21/compute/v2.1/servers/7780b346-28a4-4d80-9f83-a452c23741ec 0.820s
2024-10-31 12:31:34.884 63238 INFO tempest.lib.common.rest_client [req-4273ce16-db7c-46de-b78f-2e96f8dcccd3 req-4273ce16-db7c-46de-b78f-2e96f8dcccd3 ] Request (QuotasAdminTestV236:setUpClass): 200 GET http://10.180.1.21/identity/v3/roles 0.168s
2024-10-31 12:31:34.913 63226 INFO tempest.lib.common.rest_client [req-6f7daa6a-4200-4ad1-b099-4efd155b4996 req-6f7daa6a-4200-4ad1-b099-4efd155b4996 ] Request (ServicesAdminNegativeTestJSON:tearDownClass): 204 DELETE http://10.180.1.21/identity/v3/users/f0e7338a23eb44529e2d9fd2d0d0aa82 0.249s
2024-10-31 12:31:34.914 63226 INFO tempest.lib.common.dynamic_creds [-] Deleting project and security group for project: 6f9a7296cce14645902509390b6853f1
2024-10-31 12:31:34.942 63218 INFO tempest.lib.common.rest_client [req-029a1549-522a-43d8-9f3a-3bc9e4d90347 req-029a1549-522a-43d8-9f3a-3bc9e4d90347 ] Request (ImagesNegativeTestJSON:setUpClass): 201 POST http://10.180.1.21/identity/v3/auth/tokens 0.187s
2024-10-31 12:31:35.007 63206 INFO tempest.lib.common.rest_client [req-e7465deb-4111-4f8b-8592-6a7b90d53aac req-e7465deb-4111-4f8b-8592-6a7b90d53aac ] Request (QuotaClassesAdmin257Test:setUpClass): 201 POST http://10.180.1.21/identity/v3/auth/tokens 0.173s
2024-10-31 12:31:35.037 63238 INFO tempest.lib.common.rest_client [req-96998a18-2110-4311-bf2e-8fee6ebf7c6b req-96998a18-2110-4311-bf2e-8fee6ebf7c6b ] Request (QuotasAdminTestV236:setUpClass): 204 PUT http://10.180.1.21/identity/v3/projects/095b093a1c9b4291a14481e0da56a41b/users/2a41f56278c841b3a35ed6feeb3b33c0/roles/218a9973ddd24e35ba09ac6b84471e63 0.151s
2024-10-31 12:31:35.081 63226 INFO tempest.lib.common.rest_client [req-962e869c-01c9-4dd1-a00a-505bc0784ede req-962e869c-01c9-4dd1-a00a-505bc0784ede ] Request (ServicesAdminNegativeTestJSON:tearDownClass): 201 POST http://10.180.1.21/identity/v3/auth/tokens 0.167s
2024-10-31 12:31:35.088 63218 INFO tempest.lib.common.rest_client [req-fcb2263d-814f-4539-84c5-965843af5288 req-fcb2263d-814f-4539-84c5-965843af5288 ] Request (ImagesNegativeTestJSON:setUpClass): 201 POST http://10.180.1.21/identity/v3/auth/tokens 0.142s
2024-10-31 12:31:35.101 63238 INFO tempest.lib.common.rest_client [req-47fb807a-24ae-4be0-b495-c8401e83a7f7 req-47fb807a-24ae-4be0-b495-c8401e83a7f7 ] Request (QuotasAdminTestV236:setUpClass): 200 GET http://10.180.1.21/identity/v3/roles 0.063s
2024-10-31 12:31:35.104 63206 INFO tempest.lib.common.rest_client [req-1acd0fff-4509-48cd-b086-89a1a6d6da92 req-1acd0fff-4509-48cd-b086-89a1a6d6da92 ] Request (QuotaClassesAdmin257Test:setUpClass): 201 POST http://10.180.1.21/identity/v3/auth/tokens 0.094s
2024-10-31 12:31:35.113 63220 INFO tempest.lib.common.rest_client [req-a86b2479-6f4e-4cdb-9af6-3ec8a951adff req-a86b2479-6f4e-4cdb-9af6-3ec8a951adff ] Request (InstanceActionsV221TestJSON:test_get_list_deleted_instance_actions): 200 GET http://10.180.1.21/compute/v2.1/servers/8ac4264d-7d75-4c38-b8da-e3d90ffe9363 0.962s
2024-10-31 12:31:35.119 63218 INFO tempest.lib.common.rest_client [req-49fce803-6b2f-4600-a9c4-556866b4868d req-49fce803-6b2f-4600-a9c4-556866b4868d ] Request (ImagesNegativeTestJSON:setUpClass): 200 GET http://10.180.1.21/identity/v3/domains?name=Default 0.031s
2024-10-31 12:31:35.133 63238 INFO tempest.lib.common.rest_client [req-3fa5e648-125e-4623-9aa8-274de6704884 req-3fa5e648-125e-4623-9aa8-274de6704884 ] Request (QuotasAdminTestV236:setUpClass): 204 PUT http://10.180.1.21/identity/v3/projects/095b093a1c9b4291a14481e0da56a41b/users/2a41f56278c841b3a35ed6feeb3b33c0/roles/218a9973ddd24e35ba09ac6b84471e63 0.032s
2024-10-31 12:31:35.134 63238 INFO tempest.lib.common.dynamic_creds [-] Dynamic test user 2a41f56278c841b3a35ed6feeb3b33c0 is created with scope project and roles: ['admin']
2024-10-31 12:31:35.134 63238 INFO tempest.lib.common.dynamic_creds [-] Acquired dynamic creds: credentials: Credentials: {'domain_id': 'default', 'domain_name': 'Default', 'username': 'tempest-QuotasAdminTestV236-1842424479-project-admin', 'project_domain_id': 'default', 'project_domain_name': 'Default', 'project_id': '095b093a1c9b4291a14481e0da56a41b', 'project_name': 'tempest-QuotasAdminTestV236-1842424479', 'tenant_id': '095b093a1c9b4291a14481e0da56a41b', 'tenant_name': 'tempest-QuotasAdminTestV236-1842424479', 'user_domain_id': 'default', 'user_domain_name': 'Default', 'user_id': '2a41f56278c841b3a35ed6feeb3b33c0', 'system': None}, Network: None, Subnet: None, Router: None
2024-10-31 12:31:35.134 63238 INFO tempest.lib.common.dynamic_creds [-] Created isolated network resources for: credentials: Credentials: {'domain_id': 'default', 'domain_name': 'Default', 'username': 'tempest-QuotasAdminTestV236-1842424479-project-admin', 'project_domain_id': 'default', 'project_domain_name': 'Default', 'project_id': '095b093a1c9b4291a14481e0da56a41b', 'project_name': 'tempest-QuotasAdminTestV236-1842424479', 'tenant_id': '095b093a1c9b4291a14481e0da56a41b', 'tenant_name': 'tempest-QuotasAdminTestV236-1842424479', 'user_domain_id': 'default', 'user_domain_name': 'Default', 'user_id': '2a41f56278c841b3a35ed6feeb3b33c0', 'system': None}, Network: None, Subnet: None, Router: None
2024-10-31 12:31:35.167 63210 INFO tempest.lib.common.rest_client [req-3790870b-5795-4369-9351-f0a4bbfbb1b3 req-3790870b-5795-4369-9351-f0a4bbfbb1b3 ] Request (TenantUsagesTestJSON:setUpClass): 200 GET http://10.180.1.21/compute/v2.1/servers/d66e557f-fbd5-4369-bdcb-14f25c3bbc7b 1.005s
2024-10-31 12:31:35.177 63206 INFO tempest.lib.common.rest_client [req-879fb5d6-4aaa-4715-a02a-6e1b6eb76295 req-879fb5d6-4aaa-4715-a02a-6e1b6eb76295 ] Request (QuotaClassesAdmin257Test:setUpClass): 200 GET http://10.180.1.21/identity/v3/domains?name=Default 0.071s
2024-10-31 12:31:35.186 63236 INFO tempest.lib.common.rest_client [req-93bfe9ea-c8d7-470d-b66a-cab6a76a7fa6 req-93bfe9ea-c8d7-470d-b66a-cab6a76a7fa6 ] Request (ServerMetadataTestJSON:setUpClass): 202 POST http://10.180.1.21/compute/v2.1/servers 1.617s
2024-10-31 12:31:35.205 63204 INFO tempest.lib.common.rest_client [req-06ed1093-9049-4db3-8443-55830a158707 req-06ed1093-9049-4db3-8443-55830a158707 ] Request (AggregatesAdminNegativeTestJSON:test_aggregate_delete_with_invalid_id): 404 DELETE http://10.180.1.21/compute/v2.1/os-aggregates/-1 0.902s
2024-10-31 12:31:35.212 63218 INFO tempest.lib.common.rest_client [req-c6365f52-43da-4165-b2b9-f7996133cb90 req-c6365f52-43da-4165-b2b9-f7996133cb90 ] Request (ImagesNegativeTestJSON:setUpClass): 201 POST http://10.180.1.21/identity/v3/projects 0.092s
2024-10-31 12:31:35.265 63238 INFO tempest.lib.common.rest_client [req-abdfe768-d3aa-4a43-af35-cc3d7ef4b85a req-abdfe768-d3aa-4a43-af35-cc3d7ef4b85a ] Request (QuotasAdminTestV236:setUpClass): 201 POST http://10.180.1.21/identity/v3/auth/tokens 0.124s
2024-10-31 12:31:35.280 63260 INFO tempest.lib.common.rest_client [req-bc445f93-bf28-4380-8890-9bbae12ee43e req-bc445f93-bf28-4380-8890-9bbae12ee43e ] Request (FloatingIPsAssociationNegativeTestJSON:setUpClass): 200 GET http://10.180.1.21/compute/v2.1/servers/1e128a17-cc1a-4aa0-8020-9c01775d9f75 0.945s
2024-10-31 12:31:35.288 63218 INFO tempest.lib.common.rest_client [req-4c0c7faa-47b6-44b2-8229-de506f5e553c req-4c0c7faa-47b6-44b2-8229-de506f5e553c ] Request (ImagesNegativeTestJSON:setUpClass): 201 POST http://10.180.1.21/identity/v3/users 0.076s
2024-10-31 12:31:35.291 63206 INFO tempest.lib.common.rest_client [req-0c3ee775-f65b-449c-bcdd-d3dc6b06906a req-0c3ee775-f65b-449c-bcdd-d3dc6b06906a ] Request (QuotaClassesAdmin257Test:setUpClass): 201 POST http://10.180.1.21/identity/v3/projects 0.113s
2024-10-31 12:31:35.331 63252 INFO tempest.lib.common.rest_client [req-5c7b194a-9b6a-4b41-8cda-78c5e289ee86 req-5c7b194a-9b6a-4b41-8cda-78c5e289ee86 ] Request (FloatingIPsNegativeTestJSON:tearDownClass): 200 PUT http://10.180.1.21:9696/networking/v2.0/routers/ed15d032-d18e-48df-94d1-d63d7da13939/remove_router_interface 1.000s
2024-10-31 12:31:35.340 63218 INFO tempest.lib.common.rest_client [req-52647923-3450-403f-aecf-087858b9d255 req-52647923-3450-403f-aecf-087858b9d255 ] Request (ImagesNegativeTestJSON:setUpClass): 200 GET http://10.180.1.21/identity/v3/roles 0.051s
2024-10-31 12:31:35.342 63254 INFO tempest.lib.common.rest_client [req-dfaac121-ad49-4963-8b2a-466b6b3561d3 req-dfaac121-ad49-4963-8b2a-466b6b3561d3 ] Request (ImagesTestJSON:test_create_image_from_stopped_server): 200 GET http://10.180.1.21/compute/v2.1/servers/2931c8b9-ed5f-4994-a4d5-50e1369d67e9 0.922s
2024-10-31 12:31:35.345 63226 INFO tempest.lib.common.rest_client [req-7bd09efa-4cae-40f4-98a7-14f87b858e5d req-7bd09efa-4cae-40f4-98a7-14f87b858e5d ] Request (ServicesAdminNegativeTestJSON:tearDownClass): 200 GET http://10.180.1.21:9696/networking/v2.0/security-groups?tenant_id=6f9a7296cce14645902509390b6853f1&name=default 0.264s
2024-10-31 12:31:35.352 63206 INFO tempest.lib.common.rest_client [req-94caed17-b148-4111-bb1c-de7e1c3dfaea req-94caed17-b148-4111-bb1c-de7e1c3dfaea ] Request (QuotaClassesAdmin257Test:setUpClass): 201 POST http://10.180.1.21/identity/v3/users 0.060s
2024-10-31 12:31:35.365 63218 INFO tempest.lib.common.rest_client [req-2e519b83-9913-4785-8ad6-452a8da97f52 req-2e519b83-9913-4785-8ad6-452a8da97f52 ] Request (ImagesNegativeTestJSON:setUpClass): 204 PUT http://10.180.1.21/identity/v3/projects/5f656d82f77d45c5a5b55673a2d01cb3/users/c584837dbebe4491af4a2e12d7adb273/roles/ad044c832e5d4cfaa6ae363693442e4a 0.024s
2024-10-31 12:31:35.365 63218 INFO tempest.lib.common.dynamic_creds [-] Dynamic test user c584837dbebe4491af4a2e12d7adb273 is created with scope project and roles: ['member']
2024-10-31 12:31:35.366 63218 INFO tempest.lib.common.dynamic_creds [-] Acquired dynamic creds: credentials: Credentials: {'domain_id': 'default', 'domain_name': 'Default', 'username': 'tempest-ImagesNegativeTestJSON-694409788-project-member', 'project_domain_id': 'default', 'project_domain_name': 'Default', 'project_id': '5f656d82f77d45c5a5b55673a2d01cb3', 'project_name': 'tempest-ImagesNegativeTestJSON-694409788', 'tenant_id': '5f656d82f77d45c5a5b55673a2d01cb3', 'tenant_name': 'tempest-ImagesNegativeTestJSON-694409788', 'user_domain_id': 'default', 'user_domain_name': 'Default', 'user_id': 'c584837dbebe4491af4a2e12d7adb273', 'system': None}, Network: None, Subnet: None, Router: None
2024-10-31 12:31:35.369 63206 INFO tempest.lib.common.rest_client [req-7ca68d3a-ae6a-4eef-aff6-1a4635522eba req-7ca68d3a-ae6a-4eef-aff6-1a4635522eba ] Request (QuotaClassesAdmin257Test:setUpClass): 200 GET http://10.180.1.21/identity/v3/roles 0.015s
2024-10-31 12:31:35.407 63216 INFO tempest.lib.common.rest_client [req-7590da6f-a169-47c7-9658-c2220dea237a req-7590da6f-a169-47c7-9658-c2220dea237a ] Request (VolumesSnapshotsTestJSON:_run_cleanups): 202 DELETE http://10.180.1.21/compute/v2.1/os-volumes/86c9c79c-12c3-45b6-b29c-e9892b1738c4 0.970s
2024-10-31 12:31:35.420 63218 INFO tempest.lib.common.rest_client [req-7533b945-40e4-4880-bcef-e0749d468cd4 req-7533b945-40e4-4880-bcef-e0749d468cd4 ] Request (ImagesNegativeTestJSON:setUpClass): 201 POST http://10.180.1.21/identity/v3/auth/tokens 0.054s
2024-10-31 12:31:35.426 63206 INFO tempest.lib.common.rest_client [req-971059eb-a48f-41c3-8f58-2b59038211ec req-971059eb-a48f-41c3-8f58-2b59038211ec ] Request (QuotaClassesAdmin257Test:setUpClass): 204 PUT http://10.180.1.21/identity/v3/projects/786cfad371834f57bec4c0a4ace58721/users/a624bd0d73bd4a369759b055c74fee65/roles/ad044c832e5d4cfaa6ae363693442e4a 0.056s
2024-10-31 12:31:35.426 63206 INFO tempest.lib.common.dynamic_creds [-] Dynamic test user a624bd0d73bd4a369759b055c74fee65 is created with scope project and roles: ['member']
