2024-10-31 12:31:58.824 63204 INFO tempest.lib.common.rest_client [req-687f4af5-6cf3-4533-8bd6-9856507195e5 req-687f4af5-6cf3-4533-8bd6-9856507195e5 ] Request (ServerActionsTestOtherB:setUpClass): 201 POST http://10.180.1.21:9696/networking/v2.0/routers 0.985s
2024-10-31 12:31:58.834 63232 INFO tempest.lib.common.rest_client [req-ea26a3ab-c2bf-411f-ae4e-280b7e0b7e58 req-ea26a3ab-c2bf-411f-ae4e-280b7e0b7e58 ] Request (ServerRescueNegativeTestJSON:setUpClass): 200 GET http://10.180.1.21/compute/v2.1/servers/8a893e6e-37d4-4fd4-b0db-d6633117bdce 0.062s
2024-10-31 12:31:58.848 63202 INFO tempest.lib.common.rest_client [req-dc70fc38-4199-41a3-bd2a-b80af1d47458 req-dc70fc38-4199-41a3-bd2a-b80af1d47458 ] Request (FloatingIPDetailsTestJSON:setUpClass): 201 POST http://10.180.1.21/identity/v3/auth/tokens 0.048s
2024-10-31 12:31:58.854 63238 INFO tempest.lib.common.rest_client [req-05e69057-70b2-4d88-97d7-baa99c425a88 req-05e69057-70b2-4d88-97d7-baa99c425a88 ] Request (ServersNegativeTestMultiTenantJSON:setUpClass): 200 GET http://10.180.1.21/compute/v2.1/servers/f8ba32e4-6234-4dee-8bc5-b7a12105a3c4 0.065s
2024-10-31 12:31:58.874 63202 INFO tempest.lib.common.rest_client [req-5463063e-8b70-4fc8-9a95-c95d312fb229 req-5463063e-8b70-4fc8-9a95-c95d312fb229 ] Request (FloatingIPDetailsTestJSON:setUpClass): 200 GET http://10.180.1.21/identity/v3/domains?name=Default 0.025s
2024-10-31 12:31:58.889 63218 INFO tempest.lib.common.rest_client [req-868168bb-627f-4809-afd6-30822965d344 req-868168bb-627f-4809-afd6-30822965d344 ] Request (ImagesNegativeTestJSON:test_create_image_from_deleted_server): 200 GET http://10.180.1.21/compute/v2.1/servers/f45f605f-cb91-4169-879c-bf9e6ce9c989 0.073s
2024-10-31 12:31:58.901 63222 INFO tempest.lib.common.rest_client [req-f0b1c981-71d4-446c-b3e2-7c73fdb5dd1e req-f0b1c981-71d4-446c-b3e2-7c73fdb5dd1e ] Request (VolumesAssistedSnapshotsTest:test_volume_assisted_snapshot_create_delete): 200 GET http://10.180.1.21/compute/v2.1/servers/61702d54-59d2-4d13-9eed-59b052b7fe74 0.061s
2024-10-31 12:31:58.906 63202 INFO tempest.lib.common.rest_client [req-c9b2741a-ca7d-43ec-9aac-0149fe7f9743 req-c9b2741a-ca7d-43ec-9aac-0149fe7f9743 ] Request (FloatingIPDetailsTestJSON:setUpClass): 201 POST http://10.180.1.21/identity/v3/projects 0.031s
2024-10-31 12:31:58.911 63222 INFO tempest.common.waiters [-] State transition "BUILD/scheduling" ==> "BUILD/None" after 30 second wait
2024-10-31 12:31:58.951 63258 INFO tempest.lib.common.rest_client [req-75516bf4-1477-4581-a2e5-be6e16bcba9a req-75516bf4-1477-4581-a2e5-be6e16bcba9a ] Request (ServerActionsTestOtherA:setUpClass): 200 GET http://10.180.1.21/compute/v2.1/servers/7780b346-28a4-4d80-9f83-a452c23741ec 0.084s
2024-10-31 12:31:58.954 63220 INFO tempest.lib.common.rest_client [req-9addeee6-f6c4-47d5-9bf2-11850cc6dcdd req-9addeee6-f6c4-47d5-9bf2-11850cc6dcdd ] Request (InstanceActionsV221TestJSON:test_get_list_deleted_instance_actions): 200 GET http://10.180.1.21/compute/v2.1/servers/8ac4264d-7d75-4c38-b8da-e3d90ffe9363 0.070s
2024-10-31 12:31:58.960 63258 INFO tempest.common.waiters [-] State transition "BUILD/spawning" ==> "BUILD/scheduling" after 47 second wait
2024-10-31 12:31:58.975 63202 INFO tempest.lib.common.rest_client [req-f5c8fc75-079c-48d7-ad44-37959c3e3d57 req-f5c8fc75-079c-48d7-ad44-37959c3e3d57 ] Request (FloatingIPDetailsTestJSON:setUpClass): 201 POST http://10.180.1.21/identity/v3/users 0.069s
2024-10-31 12:31:58.995 63202 INFO tempest.lib.common.rest_client [req-bbc1981d-f4f5-405b-9f7a-c5d4586aa284 req-bbc1981d-f4f5-405b-9f7a-c5d4586aa284 ] Request (FloatingIPDetailsTestJSON:setUpClass): 200 GET http://10.180.1.21/identity/v3/roles 0.019s
2024-10-31 12:31:59.015 63260 INFO tempest.lib.common.rest_client [req-1b09c5f3-f97c-4959-89ff-61c39609e9d4 req-1b09c5f3-f97c-4959-89ff-61c39609e9d4 ] Request (ServerPasswordTestJSON:setUpClass): 200 GET http://10.180.1.21/compute/v2.1/servers/852e7cdf-5da3-4217-8960-f3204d4c1035 0.098s
2024-10-31 12:31:59.017 63210 INFO tempest.lib.common.rest_client [req-17e3df88-4ee7-4bfa-8560-e586ab360d35 req-17e3df88-4ee7-4bfa-8560-e586ab360d35 ] Request (TenantUsagesTestJSON:setUpClass): 200 GET http://10.180.1.21/compute/v2.1/servers/d66e557f-fbd5-4369-bdcb-14f25c3bbc7b 0.081s
2024-10-31 12:31:59.031 63202 INFO tempest.lib.common.rest_client [req-4e6b78c0-4c2b-4edf-b311-ba4903f9f18a req-4e6b78c0-4c2b-4edf-b311-ba4903f9f18a ] Request (FloatingIPDetailsTestJSON:setUpClass): 204 PUT http://10.180.1.21/identity/v3/projects/ab48c60f4dba4fdcafc6713462870ee7/users/2418d798cf074c518dc5fdf3e578055d/roles/ad044c832e5d4cfaa6ae363693442e4a 0.036s
2024-10-31 12:31:59.032 63202 INFO tempest.lib.common.dynamic_creds [-] Dynamic test user 2418d798cf074c518dc5fdf3e578055d is created with scope project and roles: ['member']
2024-10-31 12:31:59.032 63202 INFO tempest.lib.common.dynamic_creds [-] Acquired dynamic creds: credentials: Credentials: {'domain_id': 'default', 'domain_name': 'Default', 'username': 'tempest-FloatingIPDetailsTestJSON-604617236-project-member', 'project_domain_id': 'default', 'project_domain_name': 'Default', 'project_id': 'ab48c60f4dba4fdcafc6713462870ee7', 'project_name': 'tempest-FloatingIPDetailsTestJSON-604617236', 'tenant_id': 'ab48c60f4dba4fdcafc6713462870ee7', 'tenant_name': 'tempest-FloatingIPDetailsTestJSON-604617236', 'user_domain_id': 'default', 'user_domain_name': 'Default', 'user_id': '2418d798cf074c518dc5fdf3e578055d', 'system': None}, Network: None, Subnet: None, Router: None
2024-10-31 12:31:59.071 63226 INFO tempest.lib.common.rest_client [req-13ce1b17-398e-45ba-af00-2d35f3c01105 req-13ce1b17-398e-45ba-af00-2d35f3c01105 ] Request (AttachVolumeTestJSON:test_attach_detach_volume): 200 GET http://10.180.1.21/compute/v2.1/servers/ece118fc-a39e-443a-bfd1-fc332da2452f 0.073s
2024-10-31 12:31:59.075 63262 INFO tempest.lib.common.rest_client [req-878b05ea-74ce-4f6a-a621-f87e2b8b179a req-878b05ea-74ce-4f6a-a621-f87e2b8b179a ] Request (DeleteServersAdminTestJSON:test_delete_server_while_in_error_state): 200 GET http://10.180.1.21/compute/v2.1/servers/7eee167f-50e3-48d5-9c6d-9115df9bb0b9 0.084s
2024-10-31 12:31:59.099 63202 INFO tempest.lib.common.rest_client [req-9c3e19b5-5170-4d01-ba90-12b353ea8040 req-9c3e19b5-5170-4d01-ba90-12b353ea8040 ] Request (FloatingIPDetailsTestJSON:setUpClass): 201 POST http://10.180.1.21/identity/v3/auth/tokens 0.066s
2024-10-31 12:31:59.125 63254 INFO tempest.lib.common.rest_client [req-d71b8a4a-ecfe-45c1-8313-2c754c7f1d91 req-d71b8a4a-ecfe-45c1-8313-2c754c7f1d91 ] Request (ImagesTestJSON:test_create_image_from_stopped_server): 200 GET http://10.180.1.21/compute/v2.1/servers/2931c8b9-ed5f-4994-a4d5-50e1369d67e9 0.075s
2024-10-31 12:31:59.142 63224 INFO tempest.lib.common.rest_client [req-c0f3ae69-a93b-4284-b067-36f4c0d8f4e5 req-c0f3ae69-a93b-4284-b067-36f4c0d8f4e5 ] Request (ListServerFiltersTestJSON:setUpClass): 200 GET http://10.180.1.21/compute/v2.1/servers/79a4d3c8-ead6-4893-b0a7-89a8ff435e54 0.063s
2024-10-31 12:31:59.197 63234 INFO tempest.lib.common.rest_client [req-637c3105-3d11-44ba-a0c4-9bb8fc48b698 req-637c3105-3d11-44ba-a0c4-9bb8fc48b698 ] Request (ServerDiagnosticsV248Test:tearDownClass): 200 GET http://10.180.1.21/compute/v2.1/servers/532ae225-da05-4cbb-9bb4-c72a8451acff 0.080s
2024-10-31 12:31:59.211 63246 INFO tempest.lib.common.rest_client [req-49707e4a-b1da-4c98-8755-426c26c7d7c8 req-49707e4a-b1da-4c98-8755-426c26c7d7c8 ] Request (ListServersNegativeTestJSON:setUpClass): 200 GET http://10.180.1.21/compute/v2.1/servers/2870d8cb-8c19-454e-8a6e-1675eba8ddd4 0.073s
2024-10-31 12:31:59.252 63264 INFO tempest.lib.common.rest_client [req-0296e227-c2b6-4ea8-be74-2eb70a2b1983 req-0296e227-c2b6-4ea8-be74-2eb70a2b1983 ] Request (ServersTestJSON:setUpClass): 200 GET http://10.180.1.21/compute/v2.1/servers/f594c50e-25b3-4e85-840c-7dfe0994a2c2 0.095s
2024-10-31 12:31:59.273 63228 INFO tempest.lib.common.rest_client [req-920690e9-97f7-4b6b-bb4a-43daa3c80dab req-920690e9-97f7-4b6b-bb4a-43daa3c80dab ] Request (ServersTestFqdnHostnames:test_create_server_with_fqdn_name): 200 GET http://10.180.1.21/compute/v2.1/servers/b2f38e92-37a1-4e0b-9292-b20ea43a2038 0.091s
2024-10-31 12:31:59.300 63240 INFO tempest.lib.common.rest_client [req-f3974d3b-203b-48de-9000-743d7d731e9e req-f3974d3b-203b-48de-9000-743d7d731e9e ] Request (ServersAdminTestJSON:setUpClass): 200 GET http://10.180.1.21/compute/v2.1/servers/fa55e796-81d0-46b7-b025-9119bae2f305 0.057s
2024-10-31 12:31:59.329 63252 INFO tempest.lib.common.rest_client [req-8de16bf6-bdd3-496d-9d80-10a8fde0b006 req-8de16bf6-bdd3-496d-9d80-10a8fde0b006 ] Request (ServersTestBootFromVolume:setUpClass): 200 GET http://10.180.1.21/volume/v3/volumes/2692164e-9d8f-4fa7-b3c0-b11b8a9a30a5 0.036s
2024-10-31 12:31:59.392 63242 INFO tempest.lib.common.rest_client [req-a0ec4ffe-b0b4-49d3-a2f2-28ea9ecba1e6 req-a0ec4ffe-b0b4-49d3-a2f2-28ea9ecba1e6 ] Request (ServersWithSpecificFlavorTestJSON:test_verify_created_server_ephemeral_disk): 200 GET http://10.180.1.21/compute/v2.1/servers/59187ca2-0482-4603-8689-542d2bf5d023 0.054s
2024-10-31 12:31:59.409 63202 INFO tempest.lib.common.rest_client [req-d3130ce1-ce7f-4cec-aa56-4fdf632c82d3 req-d3130ce1-ce7f-4cec-aa56-4fdf632c82d3 ] Request (FloatingIPDetailsTestJSON:setUpClass): 201 POST http://10.180.1.21:9696/networking/v2.0/networks 0.309s
2024-10-31 12:31:59.597 63208 INFO tempest.lib.common.rest_client [req-709d91b2-88ec-461f-a639-5ead27aabb6c req-709d91b2-88ec-461f-a639-5ead27aabb6c ] Request (FloatingIPsAssociationTestJSON:setUpClass): 200 GET http://10.180.1.21/compute/v2.1/servers/222f547e-8fce-4576-bafc-809ea2ee8631 0.150s
2024-10-31 12:31:59.610 63212 INFO tempest.lib.common.rest_client [req-363770d2-37ec-48c4-936c-35db12426f5f req-363770d2-37ec-48c4-936c-35db12426f5f ] Request (ServerAddressesNegativeTestJSON:setUpClass): 200 GET http://10.180.1.21/compute/v2.1/servers/53519d3e-34d2-410f-ac19-69a015e407b9 0.226s
2024-10-31 12:31:59.646 63204 INFO tempest.lib.common.rest_client [req-9b3731df-645f-4a96-977a-6b3fa387f173 req-9b3731df-645f-4a96-977a-6b3fa387f173 ] Request (ServerActionsTestOtherB:setUpClass): 200 PUT http://10.180.1.21:9696/networking/v2.0/routers/5067df7b-02cb-464d-8eab-6ec694655885/add_router_interface 0.822s
2024-10-31 12:31:59.646 63204 INFO tempest.lib.common.dynamic_creds [-] Created isolated network resources for: credentials: Credentials: {'domain_id': 'default', 'domain_name': 'Default', 'username': 'tempest-ServerActionsTestOtherB-1134441931-project-member', 'project_domain_id': 'default', 'project_domain_name': 'Default', 'project_id': '502d87d3c6b74442a37e2055c7bca243', 'project_name': 'tempest-ServerActionsTestOtherB-1134441931', 'tenant_id': '502d87d3c6b74442a37e2055c7bca243', 'tenant_name': 'tempest-ServerActionsTestOtherB-1134441931', 'user_domain_id': 'default', 'user_domain_name': 'Default', 'user_id': '4c6cdbd0473c4feaa68cb973f6da7e37', 'system': None}, Network: {'id': '120aeda5-b7ba-4355-9df2-452da2b9276d', 'name': 'tempest-ServerActionsTestOtherB-774364389-network', 'tenant_id': '502d87d3c6b74442a37e2055c7bca243', 'admin_state_up': True, 'mtu': 8950, 'status': 'ACTIVE', 'subnets': [], 'shared': False, 'project_id': '502d87d3c6b74442a37e2055c7bca243', 'port_security_enabled': True, 'router:external': False, 'provider:network_type': 'vlan', 'provider:physical_network': 'default', 'provider:segmentation_id': 172, 'availability_zone_hints': [], 'availability_zones': [], 'ipv4_address_scope': None, 'ipv6_address_scope': None, 'description': '', 'tags': [], 'created_at': '2024-10-31T12:31:57Z', 'updated_at': '2024-10-31T12:31:57Z', 'revision_number': 1}, Subnet: {'id': 'f53bcc63-5d44-4ba6-96a6-233c9f846f5f', 'name': 'tempest-ServerActionsTestOtherB-774364389-subnet', 'tenant_id': '502d87d3c6b74442a37e2055c7bca243', 'network_id': '120aeda5-b7ba-4355-9df2-452da2b9276d', 'ip_version': 4, 'subnetpool_id': None, 'enable_dhcp': True, 'ipv6_ra_mode': None, 'ipv6_address_mode': None, 'gateway_ip': '192.168.128.1', 'cidr': '192.168.128.0/28', 'allocation_pools': [{'start': '192.168.128.2', 'end': '192.168.128.14'}], 'host_routes': [], 'dns_nameservers': [], 'description': '', 'router:external': False, 'service_types': [], 'tags': [], 'created_at': '2024-10-31T12:31:57Z', 'updated_at': '2024-10-31T12:31:57Z', 'revision_number': 0, 'project_id': '502d87d3c6b74442a37e2055c7bca243'}, Router: {'id': '5067df7b-02cb-464d-8eab-6ec694655885', 'name': 'tempest-ServerActionsTestOtherB-774364389-router', 'tenant_id': '502d87d3c6b74442a37e2055c7bca243', 'admin_state_up': True, 'status': 'ACTIVE', 'external_gateway_info': {'network_id': '0532b6e2-95a2-45f7-b5ed-331ebc4b25d1', 'external_fixed_ips': [{'subnet_id': 'fc9da9cb-4bb0-40c8-a8a8-5c064b60248d', 'ip_address': '10.180.180.135'}], 'enable_snat': True}, 'description': '', 'availability_zones': [], 'distributed': False, 'ha': False, 'availability_zone_hints': [], 'routes': [], 'flavor_id': None, 'tags': [], 'created_at': '2024-10-31T12:31:57Z', 'updated_at': '2024-10-31T12:31:58Z', 'revision_number': 2, 'project_id': '502d87d3c6b74442a37e2055c7bca243'}
2024-10-31 12:31:59.664 63236 INFO tempest.lib.common.rest_client [req-aec63b1f-aa47-4a73-99a3-2d1fe065d0e1 req-aec63b1f-aa47-4a73-99a3-2d1fe065d0e1 ] Request (ServerMetadataTestJSON:setUpClass): 200 GET http://10.180.1.21/compute/v2.1/servers/eaf9ca94-4f45-403e-bb06-e9a9adf58f38 0.148s
2024-10-31 12:31:59.676 63206 INFO tempest.lib.common.rest_client [req-2adccd03-07f3-43ee-8ee4-bdb43704c1ef req-2adccd03-07f3-43ee-8ee4-bdb43704c1ef ] Request (AttachInterfacesTestJSON:test_create_list_show_delete_interfaces_by_fixed_ip): 200 GET http://10.180.1.21/compute/v2.1/servers/83c4b731-780a-4f3c-bbdd-b624a52365ef 0.158s
2024-10-31 12:31:59.739 63204 INFO tempest.lib.common.rest_client [req-53fc493c-6aac-4ec2-b210-4ec86e820e8d req-53fc493c-6aac-4ec2-b210-4ec86e820e8d ] Request (ServerActionsTestOtherB:setUpClass): 201 POST http://10.180.1.21/identity/v3/auth/tokens 0.088s
2024-10-31 12:31:59.745 63250 INFO tempest.lib.common.rest_client [req-214c976e-e7da-4820-978f-dd3896a6936d req-214c976e-e7da-4820-978f-dd3896a6936d ] Request (MigrationsAdminTest:test_list_migrations_in_flavor_resize_situation): 200 GET http://10.180.1.21/compute/v2.1/servers/4519d37a-f8e6-4a25-99a1-399925199a58 0.183s
2024-10-31 12:31:59.755 63256 INFO tempest.lib.common.rest_client [req-4cd39aa0-6604-4305-bf66-e45baf26db9a req-4cd39aa0-6604-4305-bf66-e45baf26db9a ] Request (ServersAdmin275Test:test_rebuild_update_server_275): 200 GET http://10.180.1.21/compute/v2.1/servers/02f113d2-f991-4268-b9a4-59e2e6bcf7a6 0.118s
2024-10-31 12:31:59.797 63202 INFO tempest.lib.common.rest_client [req-9090390b-26aa-4961-bf9e-3f8efb443a8f req-9090390b-26aa-4961-bf9e-3f8efb443a8f ] Request (FloatingIPDetailsTestJSON:setUpClass): 201 POST http://10.180.1.21:9696/networking/v2.0/subnets 0.388s
2024-10-31 12:31:59.800 63244 INFO tempest.lib.common.rest_client [req-73559d8a-a390-4548-b149-b5e5715e395a req-73559d8a-a390-4548-b149-b5e5715e395a ] Request (ServerDiagnosticsNegativeTest:test_get_server_diagnostics_by_non_admin): 200 GET http://10.180.1.21/compute/v2.1/servers/6c7ed2a3-ed0f-476b-8232-d7a3c27adcee 0.113s
2024-10-31 12:31:59.858 63230 INFO tempest.lib.common.rest_client [req-8bc3d239-fd2d-4c64-9b9c-c9fbeb3c3f2c req-8bc3d239-fd2d-4c64-9b9c-c9fbeb3c3f2c ] Request (SecurityGroupsTestJSON:test_list_security_groups_by_server): 200 GET http://10.180.1.21/compute/v2.1/servers/f619dd08-0cdf-486f-8f13-707b254a8593 0.096s
2024-10-31 12:31:59.882 63204 INFO tempest.lib.common.rest_client [req-1e8acb40-aff6-4d76-8d33-775712c428f2 req-1e8acb40-aff6-4d76-8d33-775712c428f2 ] Request (ServerActionsTestOtherB:setUpClass): 200 POST http://10.180.1.21/compute/v2.1/os-keypairs 0.141s
2024-10-31 12:31:59.919 63214 INFO tempest.lib.common.rest_client [req-9b1a0610-2a2a-45d8-8302-de776fda93ae req-9b1a0610-2a2a-45d8-8302-de776fda93ae ] Request (AttachInterfacesUnderV243Test:test_add_remove_fixed_ip): 200 GET http://10.180.1.21/compute/v2.1/servers/63c54ed4-4525-42f6-a99f-033f7b9838a7 0.146s
2024-10-31 12:31:59.950 63248 INFO tempest.lib.common.rest_client [req-e2ac6022-d170-4916-9acf-4d552d9f543f req-e2ac6022-d170-4916-9acf-4d552d9f543f ] Request (VolumesAdminNegativeTest:test_update_attached_volume_with_nonexistent_volume_in_body): 200 GET http://10.180.1.21/compute/v2.1/servers/647a3ba2-8b84-45f9-9d28-130eb0521d1b 0.133s
2024-10-31 12:31:59.996 63232 INFO tempest.lib.common.rest_client [req-274a9ddc-86aa-4d5b-91c0-4bcf9135a83e req-274a9ddc-86aa-4d5b-91c0-4bcf9135a83e ] Request (ServerRescueNegativeTestJSON:setUpClass): 200 GET http://10.180.1.21/compute/v2.1/servers/8a893e6e-37d4-4fd4-b0db-d6633117bdce 0.150s
2024-10-31 12:32:00.028 63238 INFO tempest.lib.common.rest_client [req-09c0c507-29d9-4350-b689-e3c4a2ea5c91 req-09c0c507-29d9-4350-b689-e3c4a2ea5c91 ] Request (ServersNegativeTestMultiTenantJSON:setUpClass): 200 GET http://10.180.1.21/compute/v2.1/servers/f8ba32e4-6234-4dee-8bc5-b7a12105a3c4 0.165s
2024-10-31 12:32:00.032 63204 INFO tempest.lib.common.rest_client [req-00979289-0a7c-414d-860b-81e688586854 req-00979289-0a7c-414d-860b-81e688586854 ] Request (ServerActionsTestOtherB:setUpClass): 201 POST http://10.180.1.21:9696/networking/v2.0/security-groups 0.149s
2024-10-31 12:32:00.061 63218 INFO tempest.lib.common.rest_client [req-36cd1e06-4ca3-4f63-a023-cf49ae2fccfc req-36cd1e06-4ca3-4f63-a023-cf49ae2fccfc ] Request (ImagesNegativeTestJSON:test_create_image_from_deleted_server): 200 GET http://10.180.1.21/compute/v2.1/servers/f45f605f-cb91-4169-879c-bf9e6ce9c989 0.164s
2024-10-31 12:32:00.085 63222 INFO tempest.lib.common.rest_client [req-116ba0a8-2f9d-42c0-bbfe-9a9d7f88cd06 req-116ba0a8-2f9d-42c0-bbfe-9a9d7f88cd06 ] Request (VolumesAssistedSnapshotsTest:test_volume_assisted_snapshot_create_delete): 200 GET http://10.180.1.21/compute/v2.1/servers/61702d54-59d2-4d13-9eed-59b052b7fe74 0.173s
2024-10-31 12:32:00.133 63258 INFO tempest.lib.common.rest_client [req-1084656e-ca76-4f2c-86a6-ee2db7cadcb5 req-1084656e-ca76-4f2c-86a6-ee2db7cadcb5 ] Request (ServerActionsTestOtherA:setUpClass): 200 GET http://10.180.1.21/compute/v2.1/servers/7780b346-28a4-4d80-9f83-a452c23741ec 0.170s
2024-10-31 12:32:00.145 63258 INFO tempest.common.waiters [-] State transition "BUILD/scheduling" ==> "ERROR/None" after 49 second wait
2024-10-31 12:32:00.151 63220 INFO tempest.lib.common.rest_client [req-9fbf5570-405a-4f04-a59a-0a5f5796cb92 req-9fbf5570-405a-4f04-a59a-0a5f5796cb92 ] Request (InstanceActionsV221TestJSON:test_get_list_deleted_instance_actions): 200 GET http://10.180.1.21/compute/v2.1/servers/8ac4264d-7d75-4c38-b8da-e3d90ffe9363 0.183s
2024-10-31 12:32:00.162 63204 INFO tempest.lib.common.rest_client [req-791782bd-b859-4642-80ae-e4a28a217c5a req-791782bd-b859-4642-80ae-e4a28a217c5a ] Request (ServerActionsTestOtherB:setUpClass): 201 POST http://10.180.1.21:9696/networking/v2.0/security-group-rules 0.129s
2024-10-31 12:32:00.203 63260 INFO tempest.lib.common.rest_client [req-616ab4f7-2c46-4a60-a0e6-926212078ad4 req-616ab4f7-2c46-4a60-a0e6-926212078ad4 ] Request (ServerPasswordTestJSON:setUpClass): 200 GET http://10.180.1.21/compute/v2.1/servers/852e7cdf-5da3-4217-8960-f3204d4c1035 0.178s
2024-10-31 12:32:00.213 63210 INFO tempest.lib.common.rest_client [req-d68d165e-c513-4d33-9351-2396849f17ec req-d68d165e-c513-4d33-9351-2396849f17ec ] Request (TenantUsagesTestJSON:setUpClass): 200 GET http://10.180.1.21/compute/v2.1/servers/d66e557f-fbd5-4369-bdcb-14f25c3bbc7b 0.187s
2024-10-31 12:32:00.252 63204 INFO tempest.lib.common.rest_client [req-5f221867-891d-41c7-b1ab-a61e0b01ee06 req-5f221867-891d-41c7-b1ab-a61e0b01ee06 ] Request (ServerActionsTestOtherB:setUpClass): 201 POST http://10.180.1.21:9696/networking/v2.0/security-group-rules 0.089s
2024-10-31 12:32:00.260 63226 INFO tempest.lib.common.rest_client [req-c7d64914-e96d-4fe1-b18f-d99b816d1d68 req-c7d64914-e96d-4fe1-b18f-d99b816d1d68 ] Request (AttachVolumeTestJSON:test_attach_detach_volume): 200 GET http://10.180.1.21/compute/v2.1/servers/ece118fc-a39e-443a-bfd1-fc332da2452f 0.180s
2024-10-31 12:32:00.275 63262 INFO tempest.lib.common.rest_client [req-4dd553ea-27dd-4e53-ad90-e13c131af9ef req-4dd553ea-27dd-4e53-ad90-e13c131af9ef ] Request (DeleteServersAdminTestJSON:test_delete_server_while_in_error_state): 200 GET http://10.180.1.21/compute/v2.1/servers/7eee167f-50e3-48d5-9c6d-9115df9bb0b9 0.184s
2024-10-31 12:32:00.328 63254 INFO tempest.lib.common.rest_client [req-5eb25c8f-aee9-4c1f-897a-709977b82168 req-5eb25c8f-aee9-4c1f-897a-709977b82168 ] Request (ImagesTestJSON:test_create_image_from_stopped_server): 200 GET http://10.180.1.21/compute/v2.1/servers/2931c8b9-ed5f-4994-a4d5-50e1369d67e9 0.195s
2024-10-31 12:32:00.376 63252 INFO tempest.lib.common.rest_client [req-422fdb1b-dc20-4398-958b-e41adc552617 req-422fdb1b-dc20-4398-958b-e41adc552617 ] Request (ServersTestBootFromVolume:setUpClass): 200 GET http://10.180.1.21/volume/v3/volumes/2692164e-9d8f-4fa7-b3c0-b11b8a9a30a5 0.040s
2024-10-31 12:32:00.400 63224 INFO tempest.lib.common.rest_client [req-49aa4043-1146-4e91-b6a8-a8524db00dd7 req-49aa4043-1146-4e91-b6a8-a8524db00dd7 ] Request (ListServerFiltersTestJSON:setUpClass): 200 GET http://10.180.1.21/compute/v2.1/servers/79a4d3c8-ead6-4893-b0a7-89a8ff435e54 0.246s
2024-10-31 12:32:00.472 63234 INFO tempest.lib.common.rest_client [req-5bfc1f8c-4b19-404b-ac16-25925b5ae587 req-5bfc1f8c-4b19-404b-ac16-25925b5ae587 ] Request (ServerDiagnosticsV248Test:tearDownClass): 200 GET http://10.180.1.21/compute/v2.1/servers/532ae225-da05-4cbb-9bb4-c72a8451acff 0.266s
2024-10-31 12:32:00.521 63258 INFO tempest.lib.common.rest_client [req-05e305cd-e08f-4335-8b5e-8f0672a1ba0c req-05e305cd-e08f-4335-8b5e-8f0672a1ba0c ] Request (ServerActionsTestOtherA:setUpClass): 204 DELETE http://10.180.1.21/compute/v2.1/servers/7780b346-28a4-4d80-9f83-a452c23741ec 0.375s
2024-10-31 12:32:00.530 63246 INFO tempest.lib.common.rest_client [req-6bb56a40-88e7-49b0-a31d-58f864eef8de req-6bb56a40-88e7-49b0-a31d-58f864eef8de ] Request (ListServersNegativeTestJSON:setUpClass): 200 GET http://10.180.1.21/compute/v2.1/servers/2870d8cb-8c19-454e-8a6e-1675eba8ddd4 0.310s
2024-10-31 12:32:00.592 63228 INFO tempest.lib.common.rest_client [req-2d1665cf-ab82-44cd-8fde-96c983db1304 req-2d1665cf-ab82-44cd-8fde-96c983db1304 ] Request (ServersTestFqdnHostnames:test_create_server_with_fqdn_name): 200 GET http://10.180.1.21/compute/v2.1/servers/b2f38e92-37a1-4e0b-9292-b20ea43a2038 0.309s
2024-10-31 12:32:00.597 63264 INFO tempest.lib.common.rest_client [req-1153d33a-5f9d-4086-b173-db04231e9d80 req-1153d33a-5f9d-4086-b173-db04231e9d80 ] Request (ServersTestJSON:setUpClass): 200 GET http://10.180.1.21/compute/v2.1/servers/f594c50e-25b3-4e85-840c-7dfe0994a2c2 0.334s
2024-10-31 12:32:00.644 63240 INFO tempest.lib.common.rest_client [req-94aa3c67-1655-4799-bbff-13c6d26d59af req-94aa3c67-1655-4799-bbff-13c6d26d59af ] Request (ServersAdminTestJSON:setUpClass): 200 GET http://10.180.1.21/compute/v2.1/servers/fa55e796-81d0-46b7-b025-9119bae2f305 0.336s
2024-10-31 12:32:00.650 63240 INFO tempest.common.waiters [-] State transition "BUILD/spawning" ==> "BUILD/scheduling" after 48 second wait
2024-10-31 12:32:00.665 63242 INFO tempest.lib.common.rest_client [req-22412e33-f6a0-40d8-9fc8-ec9241090858 req-22412e33-f6a0-40d8-9fc8-ec9241090858 ] Request (ServersWithSpecificFlavorTestJSON:test_verify_created_server_ephemeral_disk): 200 GET http://10.180.1.21/compute/v2.1/servers/59187ca2-0482-4603-8689-542d2bf5d023 0.260s
2024-10-31 12:32:00.670 63258 INFO tempest.lib.common.rest_client [req-af2ca147-cc21-4695-9392-1ab80ca9971b req-af2ca147-cc21-4695-9392-1ab80ca9971b ] Request (ServerActionsTestOtherA:setUpClass): 404 GET http://10.180.1.21/compute/v2.1/servers/7780b346-28a4-4d80-9f83-a452c23741ec 0.149s
2024-10-31 12:32:00.671 63258 INFO tempest.test [-] raised in ServerActionsTestOtherA.setUpClass. Invoking tearDownClass.
2024-10-31 12:32:00.678 63242 INFO tempest.common.waiters [-] State transition "BUILD/scheduling" ==> "BUILD/None" after 32 second wait
2024-10-31 12:32:00.727 63212 INFO tempest.lib.common.rest_client [req-49d7322f-55e3-454e-a1a6-0cca76c635ab req-49d7322f-55e3-454e-a1a6-0cca76c635ab ] Request (ServerAddressesNegativeTestJSON:setUpClass): 200 GET http://10.180.1.21/compute/v2.1/servers/53519d3e-34d2-410f-ac19-69a015e407b9 0.106s
2024-10-31 12:32:00.732 63204 INFO tempest.lib.common.rest_client [req-1b0bd669-81ac-471d-afc1-c7c095789496 req-1b0bd669-81ac-471d-afc1-c7c095789496 ] Request (ServerActionsTestOtherB:setUpClass): 201 POST http://10.180.1.21:9696/networking/v2.0/floatingips 0.479s
2024-10-31 12:32:00.733 63208 INFO tempest.lib.common.rest_client [req-bfb3518a-a533-4d7d-a436-b284191eaf38 req-bfb3518a-a533-4d7d-a436-b284191eaf38 ] Request (FloatingIPsAssociationTestJSON:setUpClass): 200 GET http://10.180.1.21/compute/v2.1/servers/222f547e-8fce-4576-bafc-809ea2ee8631 0.125s
2024-10-31 12:32:00.761 63258 INFO tempest.lib.common.rest_client [req-5a93dcf9-9ce8-465b-83fd-8ddfca6f019b req-5a93dcf9-9ce8-465b-83fd-8ddfca6f019b ] Request (ServerActionsTestOtherA:tearDownClass): 202 DELETE http://10.180.1.21/compute/v2.1/os-keypairs/tempest-keypair-549519784 0.088s
2024-10-31 12:32:00.790 63204 INFO tempest.lib.common.rest_client [req-de8faa7a-b2de-47bd-8bd6-36d199383a67 req-de8faa7a-b2de-47bd-8bd6-36d199383a67 ] Request (ServerActionsTestOtherB:setUpClass): 201 POST http://10.180.1.21/identity/v3/auth/tokens 0.053s
2024-10-31 12:32:00.791 63204 INFO tempest.lib.common.fixed_network [-] (ServerActionsTestOtherB:setUpClass) Found network {'id': '120aeda5-b7ba-4355-9df2-452da2b9276d', 'name': 'tempest-ServerActionsTestOtherB-774364389-network', 'tenant_id': '502d87d3c6b74442a37e2055c7bca243', 'admin_state_up': True, 'mtu': 8950, 'status': 'ACTIVE', 'subnets': [], 'shared': False, 'project_id': '502d87d3c6b74442a37e2055c7bca243', 'port_security_enabled': True, 'router:external': False, 'provider:network_type': 'vlan', 'provider:physical_network': 'default', 'provider:segmentation_id': 172, 'availability_zone_hints': [], 'availability_zones': [], 'ipv4_address_scope': None, 'ipv6_address_scope': None, 'description': '', 'tags': [], 'created_at': '2024-10-31T12:31:57Z', 'updated_at': '2024-10-31T12:31:57Z', 'revision_number': 1} available for tenant
2024-10-31 12:32:00.806 63236 INFO tempest.lib.common.rest_client [req-9d07319b-5b6d-442b-9eea-7e57263c8376 req-9d07319b-5b6d-442b-9eea-7e57263c8376 ] Request (ServerMetadataTestJSON:setUpClass): 200 GET http://10.180.1.21/compute/v2.1/servers/eaf9ca94-4f45-403e-bb06-e9a9adf58f38 0.131s
2024-10-31 12:32:00.831 63206 INFO tempest.lib.common.rest_client [req-2f818af6-377f-4bdb-bf33-44c5c6643b90 req-2f818af6-377f-4bdb-bf33-44c5c6643b90 ] Request (AttachInterfacesTestJSON:test_create_list_show_delete_interfaces_by_fixed_ip): 200 GET http://10.180.1.21/compute/v2.1/servers/83c4b731-780a-4f3c-bbdd-b624a52365ef 0.142s
2024-10-31 12:32:00.875 63250 INFO tempest.lib.common.rest_client [req-72741eea-ff8e-42ed-b71c-7390ac695e60 req-72741eea-ff8e-42ed-b71c-7390ac695e60 ] Request (MigrationsAdminTest:test_list_migrations_in_flavor_resize_situation): 200 GET http://10.180.1.21/compute/v2.1/servers/4519d37a-f8e6-4a25-99a1-399925199a58 0.123s
2024-10-31 12:32:00.902 63256 INFO tempest.lib.common.rest_client [req-d2de8eb8-6448-4dd5-8c47-8042d2e348e6 req-d2de8eb8-6448-4dd5-8c47-8042d2e348e6 ] Request (ServersAdmin275Test:test_rebuild_update_server_275): 200 GET http://10.180.1.21/compute/v2.1/servers/02f113d2-f991-4268-b9a4-59e2e6bcf7a6 0.138s
2024-10-31 12:32:00.906 63202 INFO tempest.lib.common.rest_client [req-dcd117b9-ca70-413d-8e89-4c11be8e5fe7 req-dcd117b9-ca70-413d-8e89-4c11be8e5fe7 ] Request (FloatingIPDetailsTestJSON:setUpClass): 201 POST http://10.180.1.21:9696/networking/v2.0/routers 1.108s
2024-10-31 12:32:00.968 63244 INFO tempest.lib.common.rest_client [req-22bcecaa-d346-4a12-bc8f-a0e7c0617a07 req-22bcecaa-d346-4a12-bc8f-a0e7c0617a07 ] Request (ServerDiagnosticsNegativeTest:test_get_server_diagnostics_by_non_admin): 200 GET http://10.180.1.21/compute/v2.1/servers/6c7ed2a3-ed0f-476b-8232-d7a3c27adcee 0.161s
2024-10-31 12:32:00.996 63258 INFO tempest.lib.common.rest_client [req-0ad4c594-2cea-4d66-9f9f-6d9dba1e5718 req-0ad4c594-2cea-4d66-9f9f-6d9dba1e5718 ] Request (ServerActionsTestOtherA:tearDownClass): 204 DELETE http://10.180.1.21:9696/networking/v2.0/security-groups/e0945632-7d4a-484a-8af5-80d63a83848c 0.235s
2024-10-31 12:32:01.012 63258 INFO tempest.lib.common.rest_client [req-a7ea439d-ba4a-4af8-80a4-3ed6989249c7 req-a7ea439d-ba4a-4af8-80a4-3ed6989249c7 ] Request (ServerActionsTestOtherA:tearDownClass): 404 GET http://10.180.1.21:9696/networking/v2.0/security-groups/e0945632-7d4a-484a-8af5-80d63a83848c 0.015s
2024-10-31 12:32:01.038 63230 INFO tempest.lib.common.rest_client [req-4d0c3d34-c57e-490c-bc40-a02f40c31d9c req-4d0c3d34-c57e-490c-bc40-a02f40c31d9c ] Request (SecurityGroupsTestJSON:test_list_security_groups_by_server): 200 GET http://10.180.1.21/compute/v2.1/servers/f619dd08-0cdf-486f-8f13-707b254a8593 0.173s
2024-10-31 12:32:01.119 63214 INFO tempest.lib.common.rest_client [req-99a13e24-e719-4079-81c0-1579c470ba25 req-99a13e24-e719-4079-81c0-1579c470ba25 ] Request (AttachInterfacesUnderV243Test:test_add_remove_fixed_ip): 200 GET http://10.180.1.21/compute/v2.1/servers/63c54ed4-4525-42f6-a99f-033f7b9838a7 0.188s
2024-10-31 12:32:01.193 63248 INFO tempest.lib.common.rest_client [req-4ed7cc4b-92af-48fd-8710-a5c9c8d03ec1 req-4ed7cc4b-92af-48fd-8710-a5c9c8d03ec1 ] Request (VolumesAdminNegativeTest:test_update_attached_volume_with_nonexistent_volume_in_body): 200 GET http://10.180.1.21/compute/v2.1/servers/647a3ba2-8b84-45f9-9d28-130eb0521d1b 0.234s
2024-10-31 12:32:01.266 63232 INFO tempest.lib.common.rest_client [req-b4ff0d7d-8b15-4cba-a943-20eb1c9ebd8a req-b4ff0d7d-8b15-4cba-a943-20eb1c9ebd8a ] Request (ServerRescueNegativeTestJSON:setUpClass): 200 GET http://10.180.1.21/compute/v2.1/servers/8a893e6e-37d4-4fd4-b0db-d6633117bdce 0.262s
2024-10-31 12:32:01.318 63238 INFO tempest.lib.common.rest_client [req-f895a820-2a22-4ed5-9511-398e23f6ba72 req-f895a820-2a22-4ed5-9511-398e23f6ba72 ] Request (ServersNegativeTestMultiTenantJSON:setUpClass): 200 GET http://10.180.1.21/compute/v2.1/servers/f8ba32e4-6234-4dee-8bc5-b7a12105a3c4 0.282s
2024-10-31 12:32:01.372 63218 INFO tempest.lib.common.rest_client [req-842590b2-2f1d-4596-8bf0-ecaceb5e2a8b req-842590b2-2f1d-4596-8bf0-ecaceb5e2a8b ] Request (ImagesNegativeTestJSON:test_create_image_from_deleted_server): 200 GET http://10.180.1.21/compute/v2.1/servers/f45f605f-cb91-4169-879c-bf9e6ce9c989 0.299s
2024-10-31 12:32:01.377 63204 INFO tempest.lib.common.rest_client [req-65b83c48-b8b2-4d4f-abcd-f0cf6a723184 req-65b83c48-b8b2-4d4f-abcd-f0cf6a723184 ] Request (ServerActionsTestOtherB:setUpClass): 202 POST http://10.180.1.21/compute/v2.1/servers 0.584s
2024-10-31 12:32:01.420 63252 INFO tempest.lib.common.rest_client [req-3095e0fc-8e9c-4670-b4de-42c5d43c424a req-3095e0fc-8e9c-4670-b4de-42c5d43c424a ] Request (ServersTestBootFromVolume:setUpClass): 200 GET http://10.180.1.21/volume/v3/volumes/2692164e-9d8f-4fa7-b3c0-b11b8a9a30a5 0.037s
2024-10-31 12:32:01.440 63222 INFO tempest.lib.common.rest_client [req-0e18c2c2-c7b2-4518-8942-beb7e14aea67 req-0e18c2c2-c7b2-4518-8942-beb7e14aea67 ] Request (VolumesAssistedSnapshotsTest:test_volume_assisted_snapshot_create_delete): 200 GET http://10.180.1.21/compute/v2.1/servers/61702d54-59d2-4d13-9eed-59b052b7fe74 0.346s
2024-10-31 12:32:01.454 63220 INFO tempest.lib.common.rest_client [req-320506a1-e6d2-426d-b677-b492c794f409 req-320506a1-e6d2-426d-b677-b492c794f409 ] Request (InstanceActionsV221TestJSON:test_get_list_deleted_instance_actions): 200 GET http://10.180.1.21/compute/v2.1/servers/8ac4264d-7d75-4c38-b8da-e3d90ffe9363 0.294s
2024-10-31 12:32:01.510 63260 INFO tempest.lib.common.rest_client [req-700c8ecc-841a-4cdb-baac-fe8d81b620da req-700c8ecc-841a-4cdb-baac-fe8d81b620da ] Request (ServerPasswordTestJSON:setUpClass): 200 GET http://10.180.1.21/compute/v2.1/servers/852e7cdf-5da3-4217-8960-f3204d4c1035 0.300s
2024-10-31 12:32:01.514 63210 INFO tempest.lib.common.rest_client [req-f39e69e8-0fd1-4eb5-8039-32dfafc56d15 req-f39e69e8-0fd1-4eb5-8039-32dfafc56d15 ] Request (TenantUsagesTestJSON:setUpClass): 200 GET http://10.180.1.21/compute/v2.1/servers/d66e557f-fbd5-4369-bdcb-14f25c3bbc7b 0.290s
2024-10-31 12:32:01.569 63226 INFO tempest.lib.common.rest_client [req-d74f3d17-90bc-49b5-909a-e91b67c08bc9 req-d74f3d17-90bc-49b5-909a-e91b67c08bc9 ] Request (AttachVolumeTestJSON:test_attach_detach_volume): 200 GET http://10.180.1.21/compute/v2.1/servers/ece118fc-a39e-443a-bfd1-fc332da2452f 0.301s
2024-10-31 12:32:01.572 63258 INFO tempest.lib.common.rest_client [req-089c88e3-80d7-461f-ab63-51f9f8aa6bf1 req-089c88e3-80d7-461f-ab63-51f9f8aa6bf1 ] Request (ServerActionsTestOtherA:tearDownClass): 204 DELETE http://10.180.1.21:9696/networking/v2.0/floatingips/01a671cd-099b-47cf-8363-e4c5cfa95972 0.560s
2024-10-31 12:32:01.577 63262 INFO tempest.lib.common.rest_client [req-b64b0600-b298-436b-9a18-edbc07b53acb req-b64b0600-b298-436b-9a18-edbc07b53acb ] Request (DeleteServersAdminTestJSON:test_delete_server_while_in_error_state): 200 GET http://10.180.1.21/compute/v2.1/servers/7eee167f-50e3-48d5-9c6d-9115df9bb0b9 0.295s
2024-10-31 12:32:01.638 63254 INFO tempest.lib.common.rest_client [req-bc78189f-3040-404a-b50f-84156e40429b req-bc78189f-3040-404a-b50f-84156e40429b ] Request (ImagesTestJSON:test_create_image_from_stopped_server): 200 GET http://10.180.1.21/compute/v2.1/servers/2931c8b9-ed5f-4994-a4d5-50e1369d67e9 0.299s
2024-10-31 12:32:01.642 63204 INFO tempest.lib.common.rest_client [req-a1c2a972-797d-4db8-b61d-eef59c1fa783 req-a1c2a972-797d-4db8-b61d-eef59c1fa783 ] Request (ServerActionsTestOtherB:setUpClass): 200 GET http://10.180.1.21/compute/v2.1/servers/1a55a4d1-59ea-4dee-b0bd-de5d04e3ecdb 0.263s
2024-10-31 12:32:01.690 63224 INFO tempest.lib.common.rest_client [req-653860f0-6add-422f-922c-2dccd62e3c8b req-653860f0-6add-422f-922c-2dccd62e3c8b ] Request (ListServerFiltersTestJSON:setUpClass): 200 GET http://10.180.1.21/compute/v2.1/servers/79a4d3c8-ead6-4893-b0a7-89a8ff435e54 0.282s
2024-10-31 12:32:01.710 63234 INFO tempest.lib.common.rest_client [req-43ccd0d4-dd83-4a25-b141-61c67a499c26 req-43ccd0d4-dd83-4a25-b141-61c67a499c26 ] Request (ServerDiagnosticsV248Test:tearDownClass): 200 GET http://10.180.1.21/compute/v2.1/servers/532ae225-da05-4cbb-9bb4-c72a8451acff 0.230s
2024-10-31 12:32:01.743 63246 INFO tempest.lib.common.rest_client [req-87f1c8d2-71f5-4ff8-bba6-1ac528f00f36 req-87f1c8d2-71f5-4ff8-bba6-1ac528f00f36 ] Request (ListServersNegativeTestJSON:setUpClass): 200 GET http://10.180.1.21/compute/v2.1/servers/2870d8cb-8c19-454e-8a6e-1675eba8ddd4 0.205s
2024-10-31 12:32:01.766 63228 INFO tempest.lib.common.rest_client [req-b46d8af1-f8ae-4f67-a367-b0002026724f req-b46d8af1-f8ae-4f67-a367-b0002026724f ] Request (ServersTestFqdnHostnames:test_create_server_with_fqdn_name): 200 GET http://10.180.1.21/compute/v2.1/servers/b2f38e92-37a1-4e0b-9292-b20ea43a2038 0.162s
2024-10-31 12:32:01.794 63264 INFO tempest.lib.common.rest_client [req-d2b87fd7-b753-4d38-ab80-d878a931c074 req-d2b87fd7-b753-4d38-ab80-d878a931c074 ] Request (ServersTestJSON:setUpClass): 200 GET http://10.180.1.21/compute/v2.1/servers/f594c50e-25b3-4e85-840c-7dfe0994a2c2 0.187s
2024-10-31 12:32:01.827 63240 INFO tempest.lib.common.rest_client [req-c73a7cd0-ab2f-4500-b515-52f3e9bc9727 req-c73a7cd0-ab2f-4500-b515-52f3e9bc9727 ] Request (ServersAdminTestJSON:setUpClass): 200 GET http://10.180.1.21/compute/v2.1/servers/fa55e796-81d0-46b7-b025-9119bae2f305 0.176s
2024-10-31 12:32:01.836 63240 INFO tempest.common.waiters [-] State transition "BUILD/scheduling" ==> "ERROR/None" after 49 second wait
2024-10-31 12:32:01.848 63242 INFO tempest.lib.common.rest_client [req-3a38ba45-082b-4ad7-ad1d-43542ef3c72b req-3a38ba45-082b-4ad7-ad1d-43542ef3c72b ] Request (ServersWithSpecificFlavorTestJSON:test_verify_created_server_ephemeral_disk): 200 GET http://10.180.1.21/compute/v2.1/servers/59187ca2-0482-4603-8689-542d2bf5d023 0.170s
2024-10-31 12:32:01.876 63212 INFO tempest.lib.common.rest_client [req-235d707a-85bb-4709-b600-db10dcdd6860 req-235d707a-85bb-4709-b600-db10dcdd6860 ] Request (ServerAddressesNegativeTestJSON:setUpClass): 200 GET http://10.180.1.21/compute/v2.1/servers/53519d3e-34d2-410f-ac19-69a015e407b9 0.141s
2024-10-31 12:32:01.906 63208 INFO tempest.lib.common.rest_client [req-2c542c69-5cf0-492c-879e-f8cc0fa0ae16 req-2c542c69-5cf0-492c-879e-f8cc0fa0ae16 ] Request (FloatingIPsAssociationTestJSON:setUpClass): 200 GET http://10.180.1.21/compute/v2.1/servers/222f547e-8fce-4576-bafc-809ea2ee8631 0.167s
2024-10-31 12:32:01.943 63236 INFO tempest.lib.common.rest_client [req-33d37772-d038-4b33-86a5-5cd38ad2ab80 req-33d37772-d038-4b33-86a5-5cd38ad2ab80 ] Request (ServerMetadataTestJSON:setUpClass): 200 GET http://10.180.1.21/compute/v2.1/servers/eaf9ca94-4f45-403e-bb06-e9a9adf58f38 0.128s
2024-10-31 12:32:02.015 63206 INFO tempest.lib.common.rest_client [req-6fdbd984-a2c4-4ecc-945c-a4f527bf00af req-6fdbd984-a2c4-4ecc-945c-a4f527bf00af ] Request (AttachInterfacesTestJSON:test_create_list_show_delete_interfaces_by_fixed_ip): 200 GET http://10.180.1.21/compute/v2.1/servers/83c4b731-780a-4f3c-bbdd-b624a52365ef 0.175s
2024-10-31 12:32:02.092 63202 INFO tempest.lib.common.rest_client [req-7938bb4c-553a-4d1e-853f-68f033cd517b req-7938bb4c-553a-4d1e-853f-68f033cd517b ] Request (FloatingIPDetailsTestJSON:setUpClass): 200 PUT http://10.180.1.21:9696/networking/v2.0/routers/567cb4eb-47e9-41c1-8eeb-fb813a0c8e50/add_router_interface 1.186s
2024-10-31 12:32:02.092 63202 INFO tempest.lib.common.dynamic_creds [-] Created isolated network resources for: credentials: Credentials: {'domain_id': 'default', 'domain_name': 'Default', 'username': 'tempest-FloatingIPDetailsTestJSON-604617236-project-member', 'project_domain_id': 'default', 'project_domain_name': 'Default', 'project_id': 'ab48c60f4dba4fdcafc6713462870ee7', 'project_name': 'tempest-FloatingIPDetailsTestJSON-604617236', 'tenant_id': 'ab48c60f4dba4fdcafc6713462870ee7', 'tenant_name': 'tempest-FloatingIPDetailsTestJSON-604617236', 'user_domain_id': 'default', 'user_domain_name': 'Default', 'user_id': '2418d798cf074c518dc5fdf3e578055d', 'system': None}, Network: {'id': 'ff7f75b3-bc45-4009-96e3-260032e2c1e8', 'name': 'tempest-FloatingIPDetailsTestJSON-1870066220-network', 'tenant_id': 'ab48c60f4dba4fdcafc6713462870ee7', 'admin_state_up': True, 'mtu': 8950, 'status': 'ACTIVE', 'subnets': [], 'shared': False, 'project_id': 'ab48c60f4dba4fdcafc6713462870ee7', 'port_security_enabled': True, 'router:external': False, 'provider:network_type': 'vlan', 'provider:physical_network': 'default', 'provider:segmentation_id': 357, 'availability_zone_hints': [], 'availability_zones': [], 'ipv4_address_scope': None, 'ipv6_address_scope': None, 'description': '', 'tags': [], 'created_at': '2024-10-31T12:31:59Z', 'updated_at': '2024-10-31T12:31:59Z', 'revision_number': 1}, Subnet: {'id': 'b0569158-5a16-4360-9318-2f0834c00ac6', 'name': 'tempest-FloatingIPDetailsTestJSON-1870066220-subnet', 'tenant_id': 'ab48c60f4dba4fdcafc6713462870ee7', 'network_id': 'ff7f75b3-bc45-4009-96e3-260032e2c1e8', 'ip_version': 4, 'subnetpool_id': None, 'enable_dhcp': True, 'ipv6_ra_mode': None, 'ipv6_address_mode': None, 'gateway_ip': '192.168.128.1', 'cidr': '192.168.128.0/28', 'allocation_pools': [{'start': '192.168.128.2', 'end': '192.168.128.14'}], 'host_routes': [], 'dns_nameservers': [], 'description': '', 'router:external': False, 'service_types': [], 'tags': [], 'created_at': '2024-10-31T12:31:59Z', 'updated_at': '2024-10-31T12:31:59Z', 'revision_number': 0, 'project_id': 'ab48c60f4dba4fdcafc6713462870ee7'}, Router: {'id': '567cb4eb-47e9-41c1-8eeb-fb813a0c8e50', 'name': 'tempest-FloatingIPDetailsTestJSON-1870066220-router', 'tenant_id': 'ab48c60f4dba4fdcafc6713462870ee7', 'admin_state_up': True, 'status': 'ACTIVE', 'external_gateway_info': {'network_id': '0532b6e2-95a2-45f7-b5ed-331ebc4b25d1', 'external_fixed_ips': [{'subnet_id': 'fc9da9cb-4bb0-40c8-a8a8-5c064b60248d', 'ip_address': '10.180.180.251'}], 'enable_snat': True}, 'description': '', 'availability_zones': [], 'distributed': False, 'ha': False, 'availability_zone_hints': [], 'routes': [], 'flavor_id': None, 'tags': [], 'created_at': '2024-10-31T12:31:59Z', 'updated_at': '2024-10-31T12:32:00Z', 'revision_number': 2, 'project_id': 'ab48c60f4dba4fdcafc6713462870ee7'}
2024-10-31 12:32:02.097 63250 INFO tempest.lib.common.rest_client [req-cd2ae565-5507-451f-8155-f1316c2c7a69 req-cd2ae565-5507-451f-8155-f1316c2c7a69 ] Request (MigrationsAdminTest:test_list_migrations_in_flavor_resize_situation): 200 GET http://10.180.1.21/compute/v2.1/servers/4519d37a-f8e6-4a25-99a1-399925199a58 0.209s
2024-10-31 12:32:02.119 63240 INFO tempest.lib.common.rest_client [req-1ef6f7ec-66fb-48ad-9866-56d2a82cec8f req-1ef6f7ec-66fb-48ad-9866-56d2a82cec8f ] Request (ServersAdminTestJSON:setUpClass): 204 DELETE http://10.180.1.21/compute/v2.1/servers/fa55e796-81d0-46b7-b025-9119bae2f305 0.283s
2024-10-31 12:32:02.165 63256 INFO tempest.lib.common.rest_client [req-55f25b12-3352-49b1-8f82-6074f6968510 req-55f25b12-3352-49b1-8f82-6074f6968510 ] Request (ServersAdmin275Test:test_rebuild_update_server_275): 200 GET http://10.180.1.21/compute/v2.1/servers/02f113d2-f991-4268-b9a4-59e2e6bcf7a6 0.251s
2024-10-31 12:32:02.186 63244 INFO tempest.lib.common.rest_client [req-b75105a5-4cb6-411f-bd43-ef2aff6116a9 req-b75105a5-4cb6-411f-bd43-ef2aff6116a9 ] Request (ServerDiagnosticsNegativeTest:test_get_server_diagnostics_by_non_admin): 200 GET http://10.180.1.21/compute/v2.1/servers/6c7ed2a3-ed0f-476b-8232-d7a3c27adcee 0.206s
2024-10-31 12:32:02.188 63202 INFO tempest.lib.common.rest_client [req-e9caafc8-5507-4576-a633-21d80fc2f4fb req-e9caafc8-5507-4576-a633-21d80fc2f4fb ] Request (FloatingIPDetailsTestJSON:setUpClass): 201 POST http://10.180.1.21/identity/v3/auth/tokens 0.093s
2024-10-31 12:32:02.222 63230 INFO tempest.lib.common.rest_client [req-572f99c9-1b8e-4e49-8427-5dbd05f14442 req-572f99c9-1b8e-4e49-8427-5dbd05f14442 ] Request (SecurityGroupsTestJSON:test_list_security_groups_by_server): 200 GET http://10.180.1.21/compute/v2.1/servers/f619dd08-0cdf-486f-8f13-707b254a8593 0.176s
2024-10-31 12:32:02.274 63214 INFO tempest.lib.common.rest_client [req-97c1f38f-02a5-47c8-8aad-038685294c9f req-97c1f38f-02a5-47c8-8aad-038685294c9f ] Request (AttachInterfacesUnderV243Test:test_add_remove_fixed_ip): 200 GET http://10.180.1.21/compute/v2.1/servers/63c54ed4-4525-42f6-a99f-033f7b9838a7 0.144s
2024-10-31 12:32:02.393 63240 INFO tempest.lib.common.rest_client [req-a9b02132-5930-498a-8c12-49b6c393c52f req-a9b02132-5930-498a-8c12-49b6c393c52f ] Request (ServersAdminTestJSON:setUpClass): 404 GET http://10.180.1.21/compute/v2.1/servers/fa55e796-81d0-46b7-b025-9119bae2f305 0.273s
2024-10-31 12:32:02.394 63240 INFO tempest.test [-] raised in ServersAdminTestJSON.setUpClass. Invoking tearDownClass.
2024-10-31 12:32:02.454 63248 INFO tempest.lib.common.rest_client [req-5c891790-f56e-413e-916d-c47c414308ec req-5c891790-f56e-413e-916d-c47c414308ec ] Request (VolumesAdminNegativeTest:test_update_attached_volume_with_nonexistent_volume_in_body): 200 GET http://10.180.1.21/compute/v2.1/servers/647a3ba2-8b84-45f9-9d28-130eb0521d1b 0.251s
2024-10-31 12:32:02.461 63252 INFO tempest.lib.common.rest_client [req-420c59b8-9adb-4d41-b505-04e9da08e0ad req-420c59b8-9adb-4d41-b505-04e9da08e0ad ] Request (ServersTestBootFromVolume:setUpClass): 200 GET http://10.180.1.21/volume/v3/volumes/2692164e-9d8f-4fa7-b3c0-b11b8a9a30a5 0.033s
2024-10-31 12:32:02.514 63232 INFO tempest.lib.common.rest_client [req-24d032a4-8cde-49d8-812d-2d3bb502ae6a req-24d032a4-8cde-49d8-812d-2d3bb502ae6a ] Request (ServerRescueNegativeTestJSON:setUpClass): 200 GET http://10.180.1.21/compute/v2.1/servers/8a893e6e-37d4-4fd4-b0db-d6633117bdce 0.238s
2024-10-31 12:32:02.569 63238 INFO tempest.lib.common.rest_client [req-b650eaa7-f87f-49e0-bf78-19e18cc17882 req-b650eaa7-f87f-49e0-bf78-19e18cc17882 ] Request (ServersNegativeTestMultiTenantJSON:setUpClass): 200 GET http://10.180.1.21/compute/v2.1/servers/f8ba32e4-6234-4dee-8bc5-b7a12105a3c4 0.239s
2024-10-31 12:32:02.632 63218 INFO tempest.lib.common.rest_client [req-26c64d72-88d3-4f90-8153-700bd5460b28 req-26c64d72-88d3-4f90-8153-700bd5460b28 ] Request (ImagesNegativeTestJSON:test_create_image_from_deleted_server): 200 GET http://10.180.1.21/compute/v2.1/servers/f45f605f-cb91-4169-879c-bf9e6ce9c989 0.248s
2024-10-31 12:32:02.668 63258 INFO tempest.lib.common.rest_client [req-ceda67da-6258-439c-9ccb-7c24cdb4c879 req-ceda67da-6258-439c-9ccb-7c24cdb4c879 ] Request (ServerActionsTestOtherA:tearDownClass): 200 PUT http://10.180.1.21:9696/networking/v2.0/routers/64ec5687-e0e3-421a-9cd3-f720e4fd3299/remove_router_interface 1.094s
2024-10-31 12:32:02.803 63240 INFO tempest.lib.common.rest_client [req-3a274626-eb8b-4ac5-b0d1-ec9de46b0882 req-3a274626-eb8b-4ac5-b0d1-ec9de46b0882 ] Request (ServersAdminTestJSON:tearDownClass): 204 DELETE http://10.180.1.21/compute/v2.1/servers/c46f89de-5156-49b4-b8f7-f60d78f1134b 0.409s
2024-10-31 12:32:02.943 63222 INFO tempest.lib.common.rest_client [req-b1508a84-60d7-4445-8e69-2e80994a13bb req-b1508a84-60d7-4445-8e69-2e80994a13bb ] Request (VolumesAssistedSnapshotsTest:test_volume_assisted_snapshot_create_delete): 200 GET http://10.180.1.21/compute/v2.1/servers/61702d54-59d2-4d13-9eed-59b052b7fe74 0.495s
2024-10-31 12:32:02.999 63220 INFO tempest.lib.common.rest_client [req-6cf64741-99fa-4a97-8f91-e50cdaa7dc0a req-6cf64741-99fa-4a97-8f91-e50cdaa7dc0a ] Request (InstanceActionsV221TestJSON:test_get_list_deleted_instance_actions): 200 GET http://10.180.1.21/compute/v2.1/servers/8ac4264d-7d75-4c38-b8da-e3d90ffe9363 0.533s
2024-10-31 12:32:03.022 63258 INFO tempest.lib.common.rest_client [req-3aa45f42-2395-47be-84b4-8d49b290cd7e req-3aa45f42-2395-47be-84b4-8d49b290cd7e ] Request (ServerActionsTestOtherA:tearDownClass): 204 DELETE http://10.180.1.21:9696/networking/v2.0/routers/64ec5687-e0e3-421a-9cd3-f720e4fd3299 0.353s
2024-10-31 12:32:03.053 63210 INFO tempest.lib.common.rest_client [req-5fec0f03-c9fb-4a56-917c-723437bb5843 req-5fec0f03-c9fb-4a56-917c-723437bb5843 ] Request (TenantUsagesTestJSON:setUpClass): 200 GET http://10.180.1.21/compute/v2.1/servers/d66e557f-fbd5-4369-bdcb-14f25c3bbc7b 0.531s
2024-10-31 12:32:03.136 63260 INFO tempest.lib.common.rest_client [req-908fca9c-d152-4982-b8a4-1721b54fed01 req-908fca9c-d152-4982-b8a4-1721b54fed01 ] Request (ServerPasswordTestJSON:setUpClass): 200 GET http://10.180.1.21/compute/v2.1/servers/852e7cdf-5da3-4217-8960-f3204d4c1035 0.614s
2024-10-31 12:32:03.194 63226 INFO tempest.lib.common.rest_client [req-ea2e07d0-3326-49bc-9e13-426e6e7f0bde req-ea2e07d0-3326-49bc-9e13-426e6e7f0bde ] Request (AttachVolumeTestJSON:test_attach_detach_volume): 200 GET http://10.180.1.21/compute/v2.1/servers/ece118fc-a39e-443a-bfd1-fc332da2452f 0.615s
2024-10-31 12:32:03.210 63202 INFO tempest.lib.common.rest_client [req-50717c97-423a-4a3a-99b7-fce84adb91b8 req-50717c97-423a-4a3a-99b7-fce84adb91b8 ] Request (FloatingIPDetailsTestJSON:setUpClass): 200 POST http://10.180.1.21/compute/v2.1/os-floating-ips 1.021s
2024-10-31 12:32:03.248 63258 INFO tempest.lib.common.rest_client [req-43a85268-8136-4967-9aa9-d634cb362418 req-43a85268-8136-4967-9aa9-d634cb362418 ] Request (ServerActionsTestOtherA:tearDownClass): 204 DELETE http://10.180.1.21:9696/networking/v2.0/subnets/2cd04481-7f3f-48ed-aa04-2a27413d0380 0.225s
2024-10-31 12:32:03.253 63262 INFO tempest.lib.common.rest_client [req-0dd4a09a-71c8-4861-82eb-39741a452796 req-0dd4a09a-71c8-4861-82eb-39741a452796 ] Request (DeleteServersAdminTestJSON:test_delete_server_while_in_error_state): 200 GET http://10.180.1.21/compute/v2.1/servers/7eee167f-50e3-48d5-9c6d-9115df9bb0b9 0.668s
2024-10-31 12:32:03.269 63254 INFO tempest.lib.common.rest_client [req-aede10f4-4c34-420e-bef8-7e0b92dea03d req-aede10f4-4c34-420e-bef8-7e0b92dea03d ] Request (ImagesTestJSON:test_create_image_from_stopped_server): 200 GET http://10.180.1.21/compute/v2.1/servers/2931c8b9-ed5f-4994-a4d5-50e1369d67e9 0.621s
2024-10-31 12:32:03.306 63204 INFO tempest.lib.common.rest_client [req-da5ac4c4-9f43-422d-8565-3300d43920ef req-da5ac4c4-9f43-422d-8565-3300d43920ef ] Request (ServerActionsTestOtherB:setUpClass): 200 GET http://10.180.1.21/compute/v2.1/servers/1a55a4d1-59ea-4dee-b0bd-de5d04e3ecdb 0.656s
2024-10-31 12:32:03.330 63224 INFO tempest.lib.common.rest_client [req-bc809c39-3fe9-4a4d-bbdf-391229c8b5f4 req-bc809c39-3fe9-4a4d-bbdf-391229c8b5f4 ] Request (ListServerFiltersTestJSON:setUpClass): 200 GET http://10.180.1.21/compute/v2.1/servers/79a4d3c8-ead6-4893-b0a7-89a8ff435e54 0.632s
2024-10-31 12:32:03.374 63234 INFO tempest.lib.common.rest_client [req-e8d2ba69-96f3-48ea-aa8b-2c1105f0bd1b req-e8d2ba69-96f3-48ea-aa8b-2c1105f0bd1b ] Request (ServerDiagnosticsV248Test:tearDownClass): 200 GET http://10.180.1.21/compute/v2.1/servers/532ae225-da05-4cbb-9bb4-c72a8451acff 0.652s
2024-10-31 12:32:03.385 63246 INFO tempest.lib.common.rest_client [req-f47f30fc-657f-4011-8255-08616de08cab req-f47f30fc-657f-4011-8255-08616de08cab ] Request (ListServersNegativeTestJSON:setUpClass): 200 GET http://10.180.1.21/compute/v2.1/servers/2870d8cb-8c19-454e-8a6e-1675eba8ddd4 0.635s
2024-10-31 12:32:03.402 63240 INFO tempest.lib.common.rest_client [req-232ce5c8-d6f1-4469-9d25-b3f66fc06962 req-232ce5c8-d6f1-4469-9d25-b3f66fc06962 ] Request (ServersAdminTestJSON:tearDownClass): 404 GET http://10.180.1.21/compute/v2.1/servers/c46f89de-5156-49b4-b8f7-f60d78f1134b 0.598s
2024-10-31 12:32:03.437 63228 INFO tempest.lib.common.rest_client [req-aeac2665-f7ca-4697-99be-e9ba6a4739ff req-aeac2665-f7ca-4697-99be-e9ba6a4739ff ] Request (ServersTestFqdnHostnames:test_create_server_with_fqdn_name): 200 GET http://10.180.1.21/compute/v2.1/servers/b2f38e92-37a1-4e0b-9292-b20ea43a2038 0.664s
