2024-10-31 12:33:21.009 63222 INFO tempest.lib.common.rest_client [req-fa39d7d3-0e34-486f-9efd-7d8714b3a8ca req-fa39d7d3-0e34-486f-9efd-7d8714b3a8ca ] Request (AttachInterfacesV270Test:test_create_get_list_interfaces): 200 GET http://10.180.1.21/compute/v2.1/servers/6af65c7d-3bb0-47b3-a69e-14fdd1fbe1c1 0.063s
2024-10-31 12:33:21.042 63252 INFO tempest.lib.common.rest_client [req-22265a32-4b18-4ee2-b31e-caf218ebd22e req-22265a32-4b18-4ee2-b31e-caf218ebd22e ] Request (ServersTestBootFromVolume:setUpClass): 200 GET http://10.180.1.21/compute/v2.1/servers/99db6bef-6501-4ab3-a329-0877ca303f1b 0.052s
2024-10-31 12:33:21.060 63208 INFO tempest.lib.common.rest_client [req-a966bfa2-26fb-493f-9067-cda1db2e772f req-a966bfa2-26fb-493f-9067-cda1db2e772f ] Request (FloatingIPsAssociationTestJSON:tearDownClass): 204 DELETE http://10.180.1.21:9696/networking/v2.0/security-groups/e2e1d37c-e87b-43b0-b138-9a6587d46423 0.099s
2024-10-31 12:33:21.095 63240 INFO tempest.lib.common.rest_client [req-96826262-d3d9-4a85-bf26-b81c842f87a6 req-96826262-d3d9-4a85-bf26-b81c842f87a6 ] Request (ServerRescueTestJSON:setUpClass): 200 GET http://10.180.1.21/compute/v2.1/servers/8342b9df-ebfd-403b-a0b8-1fdd6ebe2add 0.052s
2024-10-31 12:33:21.140 63208 INFO tempest.lib.common.rest_client [req-70fb4848-1b3a-4feb-b398-a6c9d09b57c6 req-70fb4848-1b3a-4feb-b398-a6c9d09b57c6 ] Request (FloatingIPsAssociationTestJSON:tearDownClass): 204 DELETE http://10.180.1.21/identity/v3/projects/c26a5af6390440cf8d6eb40ba101a9ba 0.079s
2024-10-31 12:33:21.163 63206 INFO tempest.lib.common.rest_client [req-aa8a218e-91a4-49c0-9c1d-8189bba82c17 req-aa8a218e-91a4-49c0-9c1d-8189bba82c17 ] Request (AttachInterfacesTestJSON:test_create_list_show_delete_interfaces_by_fixed_ip): 200 GET http://10.180.1.21/compute/v2.1/servers/83c4b731-780a-4f3c-bbdd-b624a52365ef 0.050s
2024-10-31 12:33:21.197 63208 INFO tempest.lib.common.rest_client [req-a39177c1-3558-4f87-8470-7a77eb4d4002 req-a39177c1-3558-4f87-8470-7a77eb4d4002 ] Request (AZV2TestJSON:setUpClass): 201 POST http://10.180.1.21/identity/v3/auth/tokens 0.052s
2024-10-31 12:33:21.224 63208 INFO tempest.lib.common.rest_client [req-c251e13e-9eca-4bcf-bc62-306f53972a83 req-c251e13e-9eca-4bcf-bc62-306f53972a83 ] Request (AZV2TestJSON:setUpClass): 201 POST http://10.180.1.21/identity/v3/auth/tokens 0.024s
2024-10-31 12:33:21.245 63208 INFO tempest.lib.common.rest_client [req-9ede24ef-e88d-47f5-b3d5-5eeaa68cfda2 req-9ede24ef-e88d-47f5-b3d5-5eeaa68cfda2 ] Request (AZV2TestJSON:setUpClass): 200 GET http://10.180.1.21/identity/v3/domains?name=Default 0.021s
2024-10-31 12:33:21.272 63208 INFO tempest.lib.common.rest_client [req-fe61670b-9907-43c4-8e74-5ffe0d05b21e req-fe61670b-9907-43c4-8e74-5ffe0d05b21e ] Request (AZV2TestJSON:setUpClass): 201 POST http://10.180.1.21/identity/v3/projects 0.026s
2024-10-31 12:33:21.340 63208 INFO tempest.lib.common.rest_client [req-392c0b25-56b0-48ab-a6a6-d612aae685ef req-392c0b25-56b0-48ab-a6a6-d612aae685ef ] Request (AZV2TestJSON:setUpClass): 201 POST http://10.180.1.21/identity/v3/users 0.068s
2024-10-31 12:33:21.356 63212 INFO tempest.lib.common.rest_client [req-704e28b4-7c23-4996-baae-adeb7a359a1d req-704e28b4-7c23-4996-baae-adeb7a359a1d ] Request (ServerMetadataNegativeTestJSON:setUpClass): 200 GET http://10.180.1.21/compute/v2.1/servers/9a2a324c-4eb1-45b6-8414-42671b412429 0.203s
2024-10-31 12:33:21.359 63208 INFO tempest.lib.common.rest_client [req-5f9eeade-13b0-414f-b420-03394b3a6bf8 req-5f9eeade-13b0-414f-b420-03394b3a6bf8 ] Request (AZV2TestJSON:setUpClass): 200 GET http://10.180.1.21/identity/v3/roles 0.018s
2024-10-31 12:33:21.365 63244 INFO tempest.lib.common.rest_client [req-380c226c-834a-43e7-b88c-91db2dcea640 req-380c226c-834a-43e7-b88c-91db2dcea640 ] Request (ServerDiagnosticsNegativeTest:test_get_server_diagnostics_by_non_admin): 200 GET http://10.180.1.21/compute/v2.1/servers/6c7ed2a3-ed0f-476b-8232-d7a3c27adcee 0.149s
2024-10-31 12:33:21.385 63208 INFO tempest.lib.common.rest_client [req-1e96ba2b-16cf-4d6d-a17c-33c0fd4151ea req-1e96ba2b-16cf-4d6d-a17c-33c0fd4151ea ] Request (AZV2TestJSON:setUpClass): 204 PUT http://10.180.1.21/identity/v3/projects/92c89e0ec733449f8fb89f0b0cb8da89/users/662a8302668c4c78a066841ab4150172/roles/ad044c832e5d4cfaa6ae363693442e4a 0.025s
2024-10-31 12:33:21.385 63208 INFO tempest.lib.common.dynamic_creds [-] Dynamic test user 662a8302668c4c78a066841ab4150172 is created with scope project and roles: ['member']
2024-10-31 12:33:21.385 63208 INFO tempest.lib.common.dynamic_creds [-] Acquired dynamic creds: credentials: Credentials: {'domain_id': 'default', 'domain_name': 'Default', 'username': 'tempest-AZV2TestJSON-388693398-project-member', 'project_domain_id': 'default', 'project_domain_name': 'Default', 'project_id': '92c89e0ec733449f8fb89f0b0cb8da89', 'project_name': 'tempest-AZV2TestJSON-388693398', 'tenant_id': '92c89e0ec733449f8fb89f0b0cb8da89', 'tenant_name': 'tempest-AZV2TestJSON-388693398', 'user_domain_id': 'default', 'user_domain_name': 'Default', 'user_id': '662a8302668c4c78a066841ab4150172', 'system': None}, Network: None, Subnet: None, Router: None
2024-10-31 12:33:21.385 63208 INFO tempest.lib.common.dynamic_creds [-] Created isolated network resources for: credentials: Credentials: {'domain_id': 'default', 'domain_name': 'Default', 'username': 'tempest-AZV2TestJSON-388693398-project-member', 'project_domain_id': 'default', 'project_domain_name': 'Default', 'project_id': '92c89e0ec733449f8fb89f0b0cb8da89', 'project_name': 'tempest-AZV2TestJSON-388693398', 'tenant_id': '92c89e0ec733449f8fb89f0b0cb8da89', 'tenant_name': 'tempest-AZV2TestJSON-388693398', 'user_domain_id': 'default', 'user_domain_name': 'Default', 'user_id': '662a8302668c4c78a066841ab4150172', 'system': None}, Network: None, Subnet: None, Router: None
2024-10-31 12:33:21.407 63238 INFO tempest.lib.common.rest_client [req-9415cf3a-ac4d-411e-a18b-0e80489fa928 req-9415cf3a-ac4d-411e-a18b-0e80489fa928 ] Request (ServersNegativeTestMultiTenantJSON:setUpClass): 200 GET http://10.180.1.21/compute/v2.1/servers/f8ba32e4-6234-4dee-8bc5-b7a12105a3c4 0.112s
2024-10-31 12:33:21.417 63218 INFO tempest.lib.common.rest_client [req-2ada79fa-3249-41a6-b11f-6a3fd36e6950 req-2ada79fa-3249-41a6-b11f-6a3fd36e6950 ] Request (ImagesNegativeTestJSON:test_create_image_from_deleted_server): 200 GET http://10.180.1.21/compute/v2.1/servers/f45f605f-cb91-4169-879c-bf9e6ce9c989 0.093s
2024-10-31 12:33:21.449 63208 INFO tempest.lib.common.rest_client [req-a1f28949-68c7-404d-91f7-662c655abae1 req-a1f28949-68c7-404d-91f7-662c655abae1 ] Request (AZV2TestJSON:setUpClass): 201 POST http://10.180.1.21/identity/v3/auth/tokens 0.060s
2024-10-31 12:33:21.460 63256 INFO tempest.lib.common.rest_client [req-a6ff99e5-9a45-4f15-bd3f-120c109a463f req-a6ff99e5-9a45-4f15-bd3f-120c109a463f ] Request (ServersAdmin275Test:test_rebuild_update_server_275): 200 GET http://10.180.1.21/compute/v2.1/servers/02f113d2-f991-4268-b9a4-59e2e6bcf7a6 0.099s
2024-10-31 12:33:21.462 63214 INFO tempest.lib.common.rest_client [req-bb769586-58d8-4dab-8683-29c777950dd5 req-bb769586-58d8-4dab-8683-29c777950dd5 ] Request (ServerDiskConfigTestJSON:test_rebuild_server_with_auto_disk_config): 200 GET http://10.180.1.21/compute/v2.1/servers/dcae9cae-d4f5-4b34-b392-00b5ef9c81bf 0.080s
2024-10-31 12:33:21.513 63254 INFO tempest.lib.common.rest_client [req-1d7d5efc-a0a1-49ce-8d0f-0ed5c76b1d9e req-1d7d5efc-a0a1-49ce-8d0f-0ed5c76b1d9e ] Request (ImagesTestJSON:test_create_image_from_suspended_server): 200 GET http://10.180.1.21/compute/v2.1/servers/3a994542-8c8e-4b3c-87bc-2c40a0fc95b5 0.088s
2024-10-31 12:33:21.514 63226 INFO tempest.lib.common.rest_client [req-7ba797f5-f7b4-473a-8ae0-c7a30bb26c9a req-7ba797f5-f7b4-473a-8ae0-c7a30bb26c9a ] Request (AttachVolumeTestJSON:test_attach_detach_volume): 200 GET http://10.180.1.21/compute/v2.1/servers/ece118fc-a39e-443a-bfd1-fc332da2452f 0.073s
2024-10-31 12:33:21.543 63242 INFO tempest.lib.common.rest_client [req-4d8d528d-6d5e-4dfe-830c-c520e82d04cb req-4d8d528d-6d5e-4dfe-830c-c520e82d04cb ] Request (ServerActionsV293TestJSON:setUpClass): 200 GET http://10.180.1.21/volume/v3/volumes/a346bc67-ff3f-4650-bc9c-c91d97212609 0.026s
2024-10-31 12:33:21.558 63232 INFO tempest.lib.common.rest_client [req-9ebbd493-6807-4175-acd1-8ea6792eb9f0 req-9ebbd493-6807-4175-acd1-8ea6792eb9f0 ] Request (ServerRescueNegativeTestJSON:setUpClass): 200 GET http://10.180.1.21/compute/v2.1/servers/8a893e6e-37d4-4fd4-b0db-d6633117bdce 0.082s
2024-10-31 12:33:21.586 63208 INFO tempest.lib.common.rest_client [req-246e030e-ae18-4d60-b40a-b9709cbad574 req-246e030e-ae18-4d60-b40a-b9709cbad574 ] Request (AZV2TestJSON:test_get_availability_zone_list_with_non_admin_user): 200 GET http://10.180.1.21/compute/v2.1/os-availability-zone 0.136s
2024-10-31 12:33:21.600 63260 INFO tempest.lib.common.rest_client [req-4cc971b1-7419-4d6e-b651-4a4130f67bee req-4cc971b1-7419-4d6e-b651-4a4130f67bee ] Request (ServerPasswordTestJSON:setUpClass): 200 GET http://10.180.1.21/compute/v2.1/servers/852e7cdf-5da3-4217-8960-f3204d4c1035 0.086s
2024-10-31 12:33:21.629 63204 INFO tempest.lib.common.rest_client [req-c9ff6f41-3182-4a37-8278-d100c4b91de6 req-c9ff6f41-3182-4a37-8278-d100c4b91de6 ] Request (ServerActionsTestOtherB:setUpClass): 200 GET http://10.180.1.21/compute/v2.1/servers/1a55a4d1-59ea-4dee-b0bd-de5d04e3ecdb 0.094s
2024-10-31 12:33:21.641 63262 INFO tempest.lib.common.rest_client [req-86162a27-0255-48b6-b5b2-a39363852c99 req-86162a27-0255-48b6-b5b2-a39363852c99 ] Request (DeleteServersAdminTestJSON:test_delete_server_while_in_error_state): 200 GET http://10.180.1.21/compute/v2.1/servers/7eee167f-50e3-48d5-9c6d-9115df9bb0b9 0.059s
2024-10-31 12:33:21.670 63208 INFO tempest.lib.common.rest_client [req-18079b18-70e6-43b8-9ad2-903f46cbbd45 req-18079b18-70e6-43b8-9ad2-903f46cbbd45 ] Request (AZV2TestJSON:tearDownClass): 204 DELETE http://10.180.1.21/identity/v3/users/662a8302668c4c78a066841ab4150172 0.082s
2024-10-31 12:33:21.671 63208 INFO tempest.lib.common.dynamic_creds [-] Deleting project and security group for project: 92c89e0ec733449f8fb89f0b0cb8da89
2024-10-31 12:33:21.673 63264 INFO tempest.lib.common.rest_client [req-4a395253-c661-48c0-9f7f-5d6e73dd47a5 req-4a395253-c661-48c0-9f7f-5d6e73dd47a5 ] Request (ServerShowV247Test:test_update_rebuild_list_server): 200 GET http://10.180.1.21/compute/v2.1/servers/e87adfae-3ea4-4cc4-9978-d8c811c80941 0.072s
2024-10-31 12:33:21.702 63220 INFO tempest.lib.common.rest_client [req-cf9aca03-f98c-4e6a-84bc-09f675db14f1 req-cf9aca03-f98c-4e6a-84bc-09f675db14f1 ] Request (InstanceActionsV221TestJSON:test_get_list_deleted_instance_actions): 200 GET http://10.180.1.21/compute/v2.1/servers/8ac4264d-7d75-4c38-b8da-e3d90ffe9363 0.058s
2024-10-31 12:33:21.712 63224 INFO tempest.lib.common.rest_client [req-655958aa-b4f9-4ad1-b98d-0a5296f664ee req-655958aa-b4f9-4ad1-b98d-0a5296f664ee ] Request (ListServerFiltersTestJSON:setUpClass): 200 GET http://10.180.1.21/compute/v2.1/servers/79a4d3c8-ead6-4893-b0a7-89a8ff435e54 0.047s
2024-10-31 12:33:21.721 63208 INFO tempest.lib.common.rest_client [req-f537753b-f326-46fb-8133-ba3e42b00cf0 req-f537753b-f326-46fb-8133-ba3e42b00cf0 ] Request (AZV2TestJSON:tearDownClass): 201 POST http://10.180.1.21/identity/v3/auth/tokens 0.050s
2024-10-31 12:33:21.783 63234 INFO tempest.lib.common.rest_client [req-dbb7c8f3-f8cf-4694-beb5-abde6d53c60a req-dbb7c8f3-f8cf-4694-beb5-abde6d53c60a ] Request (ServerExternalEventsTest:test_create_server_external_events): 200 GET http://10.180.1.21/compute/v2.1/servers/cd978d56-ba80-44a9-9a02-3a1254066571 0.050s
2024-10-31 12:33:21.822 63228 INFO tempest.lib.common.rest_client [req-5af92933-8dce-4e42-9cb9-afceadb00a0f req-5af92933-8dce-4e42-9cb9-afceadb00a0f ] Request (ServersTestFqdnHostnames:test_create_server_with_fqdn_name): 200 GET http://10.180.1.21/compute/v2.1/servers/b2f38e92-37a1-4e0b-9292-b20ea43a2038 0.055s
2024-10-31 12:33:21.858 63248 INFO tempest.lib.common.rest_client [req-ebdd22a9-31ff-44c7-8d5c-21aa96582d9b req-ebdd22a9-31ff-44c7-8d5c-21aa96582d9b ] Request (VolumesAdminNegativeTest:test_update_attached_volume_with_nonexistent_volume_in_uri): 200 GET http://10.180.1.21/compute/v2.1/servers/f9a2b957-a312-4c9b-bb0d-0b1dad6416cd 0.049s
2024-10-31 12:33:21.888 63208 INFO tempest.lib.common.rest_client [req-403de03c-7b9c-4eaa-bd19-074476bb66f9 req-403de03c-7b9c-4eaa-bd19-074476bb66f9 ] Request (AZV2TestJSON:tearDownClass): 200 GET http://10.180.1.21:9696/networking/v2.0/security-groups?tenant_id=92c89e0ec733449f8fb89f0b0cb8da89&name=default 0.167s
2024-10-31 12:33:21.902 63210 INFO tempest.lib.common.rest_client [req-d300a993-34c6-4720-a7e6-f5e4b46d935f req-d300a993-34c6-4720-a7e6-f5e4b46d935f ] Request (ListImageFiltersTestJSON:setUpClass): 200 GET http://10.180.1.21/compute/v2.1/servers/d6e90043-ebd3-4daf-acfa-545ce8462942 0.051s
2024-10-31 12:33:21.926 63236 INFO tempest.lib.common.rest_client [req-7c2e0f4a-af53-4753-b323-7d52313549bb req-7c2e0f4a-af53-4753-b323-7d52313549bb ] Request (ServerMetadataTestJSON:setUpClass): 200 GET http://10.180.1.21/compute/v2.1/servers/eaf9ca94-4f45-403e-bb06-e9a9adf58f38 0.051s
2024-10-31 12:33:21.965 63230 INFO tempest.lib.common.rest_client [req-7adc445c-7fef-49c2-ba5c-9aee5e5702e9 req-7adc445c-7fef-49c2-ba5c-9aee5e5702e9 ] Request (SecurityGroupsTestJSON:test_server_security_groups): 200 GET http://10.180.1.21/compute/v2.1/servers/afaec369-6aef-4bdc-b886-eed795644867 0.049s
2024-10-31 12:33:21.980 63208 INFO tempest.lib.common.rest_client [req-1b81c77f-177e-4966-9e89-c7a68e3e7c48 req-1b81c77f-177e-4966-9e89-c7a68e3e7c48 ] Request (AZV2TestJSON:tearDownClass): 204 DELETE http://10.180.1.21:9696/networking/v2.0/security-groups/52d88cdd-ada8-4ee9-a159-e22cbd188aa5 0.091s
2024-10-31 12:33:22.036 63208 INFO tempest.lib.common.rest_client [req-6c8a532f-88d2-4c77-a044-92f5dbde0d63 req-6c8a532f-88d2-4c77-a044-92f5dbde0d63 ] Request (AZV2TestJSON:tearDownClass): 204 DELETE http://10.180.1.21/identity/v3/projects/92c89e0ec733449f8fb89f0b0cb8da89 0.055s
2024-10-31 12:33:22.037 63208 INFO tempest.test [-] raised in ComputeNetworksTest.setUpClass. Invoking tearDownClass.
2024-10-31 12:33:22.046 63250 INFO tempest.lib.common.rest_client [req-ce384efc-36fb-4e91-9591-18dcd20aa6c6 req-ce384efc-36fb-4e91-9591-18dcd20aa6c6 ] Request (MigrationsAdminTest:test_list_migrations_in_flavor_resize_situation): 200 GET http://10.180.1.21/compute/v2.1/servers/4519d37a-f8e6-4a25-99a1-399925199a58 0.049s
2024-10-31 12:33:22.069 63222 INFO tempest.lib.common.rest_client [req-202a91ba-32db-42aa-a4f6-d8802aac6fe6 req-202a91ba-32db-42aa-a4f6-d8802aac6fe6 ] Request (AttachInterfacesV270Test:test_create_get_list_interfaces): 200 GET http://10.180.1.21/compute/v2.1/servers/6af65c7d-3bb0-47b3-a69e-14fdd1fbe1c1 0.052s
2024-10-31 12:33:22.107 63252 INFO tempest.lib.common.rest_client [req-4bacd5e7-8ddb-4ca7-b075-f12ec36280cf req-4bacd5e7-8ddb-4ca7-b075-f12ec36280cf ] Request (ServersTestBootFromVolume:setUpClass): 200 GET http://10.180.1.21/compute/v2.1/servers/99db6bef-6501-4ab3-a329-0877ca303f1b 0.056s
2024-10-31 12:33:22.149 63240 INFO tempest.lib.common.rest_client [req-b6b85918-bf2c-4f20-af98-d9b6fa4380c9 req-b6b85918-bf2c-4f20-af98-d9b6fa4380c9 ] Request (ServerRescueTestJSON:setUpClass): 200 GET http://10.180.1.21/compute/v2.1/servers/8342b9df-ebfd-403b-a0b8-1fdd6ebe2add 0.047s
2024-10-31 12:33:22.216 63206 INFO tempest.lib.common.rest_client [req-f686e76f-bba1-42cb-adf2-d7afed516426 req-f686e76f-bba1-42cb-adf2-d7afed516426 ] Request (AttachInterfacesTestJSON:test_create_list_show_delete_interfaces_by_fixed_ip): 200 GET http://10.180.1.21/compute/v2.1/servers/83c4b731-780a-4f3c-bbdd-b624a52365ef 0.045s
2024-10-31 12:33:22.412 63212 INFO tempest.lib.common.rest_client [req-e24b230d-5f7f-4914-af75-025585bbbc1c req-e24b230d-5f7f-4914-af75-025585bbbc1c ] Request (ServerMetadataNegativeTestJSON:setUpClass): 200 GET http://10.180.1.21/compute/v2.1/servers/9a2a324c-4eb1-45b6-8414-42671b412429 0.048s
2024-10-31 12:33:22.428 63244 INFO tempest.lib.common.rest_client [req-ed081c5c-5733-4bd5-9359-2872b9fb388b req-ed081c5c-5733-4bd5-9359-2872b9fb388b ] Request (ServerDiagnosticsNegativeTest:test_get_server_diagnostics_by_non_admin): 200 GET http://10.180.1.21/compute/v2.1/servers/6c7ed2a3-ed0f-476b-8232-d7a3c27adcee 0.055s
2024-10-31 12:33:22.466 63238 INFO tempest.lib.common.rest_client [req-4e421b1c-0c2e-4705-a5ef-55924cad9739 req-4e421b1c-0c2e-4705-a5ef-55924cad9739 ] Request (ServersNegativeTestMultiTenantJSON:setUpClass): 200 GET http://10.180.1.21/compute/v2.1/servers/f8ba32e4-6234-4dee-8bc5-b7a12105a3c4 0.052s
2024-10-31 12:33:22.476 63218 INFO tempest.lib.common.rest_client [req-e9146c13-7ae1-4f22-8ba6-fc36e67cb1ca req-e9146c13-7ae1-4f22-8ba6-fc36e67cb1ca ] Request (ImagesNegativeTestJSON:test_create_image_from_deleted_server): 200 GET http://10.180.1.21/compute/v2.1/servers/f45f605f-cb91-4169-879c-bf9e6ce9c989 0.053s
2024-10-31 12:33:22.520 63214 INFO tempest.lib.common.rest_client [req-15758fcf-f8d8-40c1-bbce-c0fc79acbd91 req-15758fcf-f8d8-40c1-bbce-c0fc79acbd91 ] Request (ServerDiskConfigTestJSON:test_rebuild_server_with_auto_disk_config): 200 GET http://10.180.1.21/compute/v2.1/servers/dcae9cae-d4f5-4b34-b392-00b5ef9c81bf 0.052s
2024-10-31 12:33:22.536 63256 INFO tempest.lib.common.rest_client [req-ba303b29-6e08-410f-a189-2f0d3a1bf8c6 req-ba303b29-6e08-410f-a189-2f0d3a1bf8c6 ] Request (ServersAdmin275Test:test_rebuild_update_server_275): 200 GET http://10.180.1.21/compute/v2.1/servers/02f113d2-f991-4268-b9a4-59e2e6bcf7a6 0.066s
2024-10-31 12:33:22.576 63242 INFO tempest.lib.common.rest_client [req-83cb4af6-07fe-4d94-9751-4171de728e03 req-83cb4af6-07fe-4d94-9751-4171de728e03 ] Request (ServerActionsV293TestJSON:setUpClass): 200 GET http://10.180.1.21/volume/v3/volumes/a346bc67-ff3f-4650-bc9c-c91d97212609 0.027s
2024-10-31 12:33:22.577 63254 INFO tempest.lib.common.rest_client [req-aee226c9-92d3-4483-8027-ff0cc9de3d31 req-aee226c9-92d3-4483-8027-ff0cc9de3d31 ] Request (ImagesTestJSON:test_create_image_from_suspended_server): 200 GET http://10.180.1.21/compute/v2.1/servers/3a994542-8c8e-4b3c-87bc-2c40a0fc95b5 0.057s
2024-10-31 12:33:22.581 63226 INFO tempest.lib.common.rest_client [req-62e2bf88-24e4-4fe4-bb3a-16271af760c3 req-62e2bf88-24e4-4fe4-bb3a-16271af760c3 ] Request (AttachVolumeTestJSON:test_attach_detach_volume): 200 GET http://10.180.1.21/compute/v2.1/servers/ece118fc-a39e-443a-bfd1-fc332da2452f 0.059s
2024-10-31 12:33:22.621 63232 INFO tempest.lib.common.rest_client [req-ed5b6690-f3ee-496b-a25b-e9a548037681 req-ed5b6690-f3ee-496b-a25b-e9a548037681 ] Request (ServerRescueNegativeTestJSON:setUpClass): 200 GET http://10.180.1.21/compute/v2.1/servers/8a893e6e-37d4-4fd4-b0db-d6633117bdce 0.057s
2024-10-31 12:33:22.655 63260 INFO tempest.lib.common.rest_client [req-5f55bb6b-2657-4654-9acc-528ae65114fa req-5f55bb6b-2657-4654-9acc-528ae65114fa ] Request (ServerPasswordTestJSON:setUpClass): 200 GET http://10.180.1.21/compute/v2.1/servers/852e7cdf-5da3-4217-8960-f3204d4c1035 0.047s
2024-10-31 12:33:22.685 63204 INFO tempest.lib.common.rest_client [req-e9817a45-d2f1-4476-84f8-4d174c7bbffb req-e9817a45-d2f1-4476-84f8-4d174c7bbffb ] Request (ServerActionsTestOtherB:setUpClass): 200 GET http://10.180.1.21/compute/v2.1/servers/1a55a4d1-59ea-4dee-b0bd-de5d04e3ecdb 0.048s
2024-10-31 12:33:22.696 63262 INFO tempest.lib.common.rest_client [req-37b68266-2491-4e65-b52a-84c50bedebdd req-37b68266-2491-4e65-b52a-84c50bedebdd ] Request (DeleteServersAdminTestJSON:test_delete_server_while_in_error_state): 200 GET http://10.180.1.21/compute/v2.1/servers/7eee167f-50e3-48d5-9c6d-9115df9bb0b9 0.049s
2024-10-31 12:33:22.731 63264 INFO tempest.lib.common.rest_client [req-8a4c1e0f-7bec-47a7-a8a4-f442822a7d59 req-8a4c1e0f-7bec-47a7-a8a4-f442822a7d59 ] Request (ServerShowV247Test:test_update_rebuild_list_server): 200 GET http://10.180.1.21/compute/v2.1/servers/e87adfae-3ea4-4cc4-9978-d8c811c80941 0.050s
2024-10-31 12:33:22.761 63220 INFO tempest.lib.common.rest_client [req-267e598d-8410-4a74-a760-00a86bda6e6f req-267e598d-8410-4a74-a760-00a86bda6e6f ] Request (InstanceActionsV221TestJSON:test_get_list_deleted_instance_actions): 200 GET http://10.180.1.21/compute/v2.1/servers/8ac4264d-7d75-4c38-b8da-e3d90ffe9363 0.051s
2024-10-31 12:33:22.783 63224 INFO tempest.lib.common.rest_client [req-84ed4c31-5a0e-4094-a940-a16b3e03043d req-84ed4c31-5a0e-4094-a940-a16b3e03043d ] Request (ListServerFiltersTestJSON:setUpClass): 200 GET http://10.180.1.21/compute/v2.1/servers/79a4d3c8-ead6-4893-b0a7-89a8ff435e54 0.065s
2024-10-31 12:33:22.841 63234 INFO tempest.lib.common.rest_client [req-89576764-2f92-4f0f-b36d-8aa274a7b886 req-89576764-2f92-4f0f-b36d-8aa274a7b886 ] Request (ServerExternalEventsTest:test_create_server_external_events): 200 GET http://10.180.1.21/compute/v2.1/servers/cd978d56-ba80-44a9-9a02-3a1254066571 0.050s
2024-10-31 12:33:22.881 63228 INFO tempest.lib.common.rest_client [req-7be98543-097a-48bd-9395-b13db9f7d1ff req-7be98543-097a-48bd-9395-b13db9f7d1ff ] Request (ServersTestFqdnHostnames:test_create_server_with_fqdn_name): 200 GET http://10.180.1.21/compute/v2.1/servers/b2f38e92-37a1-4e0b-9292-b20ea43a2038 0.053s
2024-10-31 12:33:22.915 63248 INFO tempest.lib.common.rest_client [req-09c136a9-eaab-4970-ba31-c3a126e8277a req-09c136a9-eaab-4970-ba31-c3a126e8277a ] Request (VolumesAdminNegativeTest:test_update_attached_volume_with_nonexistent_volume_in_uri): 200 GET http://10.180.1.21/compute/v2.1/servers/f9a2b957-a312-4c9b-bb0d-0b1dad6416cd 0.050s
2024-10-31 12:33:22.960 63210 INFO tempest.lib.common.rest_client [req-b7f2165d-eec8-467c-9ac6-ea984da58549 req-b7f2165d-eec8-467c-9ac6-ea984da58549 ] Request (ListImageFiltersTestJSON:setUpClass): 200 GET http://10.180.1.21/compute/v2.1/servers/d6e90043-ebd3-4daf-acfa-545ce8462942 0.049s
2024-10-31 12:33:22.979 63236 INFO tempest.lib.common.rest_client [req-ff35d7ac-7ff9-42fe-b33f-d36483e3e894 req-ff35d7ac-7ff9-42fe-b33f-d36483e3e894 ] Request (ServerMetadataTestJSON:setUpClass): 200 GET http://10.180.1.21/compute/v2.1/servers/eaf9ca94-4f45-403e-bb06-e9a9adf58f38 0.046s
2024-10-31 12:33:23.020 63230 INFO tempest.lib.common.rest_client [req-11af1061-cf0f-466e-b6ce-2281b68bac50 req-11af1061-cf0f-466e-b6ce-2281b68bac50 ] Request (SecurityGroupsTestJSON:test_server_security_groups): 200 GET http://10.180.1.21/compute/v2.1/servers/afaec369-6aef-4bdc-b886-eed795644867 0.047s
2024-10-31 12:33:23.101 63250 INFO tempest.lib.common.rest_client [req-8a1ea4bc-aa43-4914-b93c-4f9974aea145 req-8a1ea4bc-aa43-4914-b93c-4f9974aea145 ] Request (MigrationsAdminTest:test_list_migrations_in_flavor_resize_situation): 200 GET http://10.180.1.21/compute/v2.1/servers/4519d37a-f8e6-4a25-99a1-399925199a58 0.047s
2024-10-31 12:33:23.130 63222 INFO tempest.lib.common.rest_client [req-67e80623-dd3e-4512-8c14-6ba57ccd287c req-67e80623-dd3e-4512-8c14-6ba57ccd287c ] Request (AttachInterfacesV270Test:test_create_get_list_interfaces): 200 GET http://10.180.1.21/compute/v2.1/servers/6af65c7d-3bb0-47b3-a69e-14fdd1fbe1c1 0.052s
2024-10-31 12:33:23.159 63252 INFO tempest.lib.common.rest_client [req-78692a1f-994c-4d46-a4c2-07e75e3801dc req-78692a1f-994c-4d46-a4c2-07e75e3801dc ] Request (ServersTestBootFromVolume:setUpClass): 200 GET http://10.180.1.21/compute/v2.1/servers/99db6bef-6501-4ab3-a329-0877ca303f1b 0.045s
2024-10-31 12:33:23.204 63240 INFO tempest.lib.common.rest_client [req-21ad8648-e8ec-4159-85a9-b50c64cef12f req-21ad8648-e8ec-4159-85a9-b50c64cef12f ] Request (ServerRescueTestJSON:setUpClass): 200 GET http://10.180.1.21/compute/v2.1/servers/8342b9df-ebfd-403b-a0b8-1fdd6ebe2add 0.049s
2024-10-31 12:33:23.270 63206 INFO tempest.lib.common.rest_client [req-39c556af-c166-46d6-952b-4c46268d5104 req-39c556af-c166-46d6-952b-4c46268d5104 ] Request (AttachInterfacesTestJSON:test_create_list_show_delete_interfaces_by_fixed_ip): 200 GET http://10.180.1.21/compute/v2.1/servers/83c4b731-780a-4f3c-bbdd-b624a52365ef 0.047s
2024-10-31 12:33:23.467 63212 INFO tempest.lib.common.rest_client [req-021bd8e9-3841-477e-aa76-c458d278f85c req-021bd8e9-3841-477e-aa76-c458d278f85c ] Request (ServerMetadataNegativeTestJSON:setUpClass): 200 GET http://10.180.1.21/compute/v2.1/servers/9a2a324c-4eb1-45b6-8414-42671b412429 0.049s
2024-10-31 12:33:23.478 63244 INFO tempest.lib.common.rest_client [req-2d886cdd-9ea5-4b0c-9c5e-5bc1b6d41105 req-2d886cdd-9ea5-4b0c-9c5e-5bc1b6d41105 ] Request (ServerDiagnosticsNegativeTest:test_get_server_diagnostics_by_non_admin): 200 GET http://10.180.1.21/compute/v2.1/servers/6c7ed2a3-ed0f-476b-8232-d7a3c27adcee 0.043s
2024-10-31 12:33:23.520 63238 INFO tempest.lib.common.rest_client [req-df9f835a-4a9b-4195-92a0-af797e950551 req-df9f835a-4a9b-4195-92a0-af797e950551 ] Request (ServersNegativeTestMultiTenantJSON:setUpClass): 200 GET http://10.180.1.21/compute/v2.1/servers/f8ba32e4-6234-4dee-8bc5-b7a12105a3c4 0.045s
2024-10-31 12:33:23.529 63218 INFO tempest.lib.common.rest_client [req-b4ef8982-c6c1-47d0-853c-4420c1d371c7 req-b4ef8982-c6c1-47d0-853c-4420c1d371c7 ] Request (ImagesNegativeTestJSON:test_create_image_from_deleted_server): 200 GET http://10.180.1.21/compute/v2.1/servers/f45f605f-cb91-4169-879c-bf9e6ce9c989 0.046s
2024-10-31 12:33:23.569 63214 INFO tempest.lib.common.rest_client [req-b4009a26-7fe3-4b55-9716-888289c38ac7 req-b4009a26-7fe3-4b55-9716-888289c38ac7 ] Request (ServerDiskConfigTestJSON:test_rebuild_server_with_auto_disk_config): 200 GET http://10.180.1.21/compute/v2.1/servers/dcae9cae-d4f5-4b34-b392-00b5ef9c81bf 0.041s
2024-10-31 12:33:23.593 63256 INFO tempest.lib.common.rest_client [req-96b52914-d678-4dc4-9726-6af18fb20dd7 req-96b52914-d678-4dc4-9726-6af18fb20dd7 ] Request (ServersAdmin275Test:test_rebuild_update_server_275): 200 GET http://10.180.1.21/compute/v2.1/servers/02f113d2-f991-4268-b9a4-59e2e6bcf7a6 0.047s
2024-10-31 12:33:23.605 63242 INFO tempest.lib.common.rest_client [req-1c5d4cc0-8180-478b-9b8e-fb8c75eb060e req-1c5d4cc0-8180-478b-9b8e-fb8c75eb060e ] Request (ServerActionsV293TestJSON:setUpClass): 200 GET http://10.180.1.21/volume/v3/volumes/a346bc67-ff3f-4650-bc9c-c91d97212609 0.021s
2024-10-31 12:33:23.635 63254 INFO tempest.lib.common.rest_client [req-96f52a37-e782-4a08-a471-298c139d0a1b req-96f52a37-e782-4a08-a471-298c139d0a1b ] Request (ImagesTestJSON:test_create_image_from_suspended_server): 200 GET http://10.180.1.21/compute/v2.1/servers/3a994542-8c8e-4b3c-87bc-2c40a0fc95b5 0.050s
2024-10-31 12:33:23.641 63226 INFO tempest.lib.common.rest_client [req-2c6b82eb-b84d-4cb8-bdf7-b95d1c4badd1 req-2c6b82eb-b84d-4cb8-bdf7-b95d1c4badd1 ] Request (AttachVolumeTestJSON:test_attach_detach_volume): 200 GET http://10.180.1.21/compute/v2.1/servers/ece118fc-a39e-443a-bfd1-fc332da2452f 0.052s
2024-10-31 12:33:23.673 63232 INFO tempest.lib.common.rest_client [req-375a203e-d88a-42e1-b56a-599f21fa6169 req-375a203e-d88a-42e1-b56a-599f21fa6169 ] Request (ServerRescueNegativeTestJSON:setUpClass): 200 GET http://10.180.1.21/compute/v2.1/servers/8a893e6e-37d4-4fd4-b0db-d6633117bdce 0.046s
2024-10-31 12:33:23.705 63260 INFO tempest.lib.common.rest_client [req-c655c632-11aa-47fd-a88c-8a2bb63e040f req-c655c632-11aa-47fd-a88c-8a2bb63e040f ] Request (ServerPasswordTestJSON:setUpClass): 200 GET http://10.180.1.21/compute/v2.1/servers/852e7cdf-5da3-4217-8960-f3204d4c1035 0.043s
2024-10-31 12:33:23.733 63204 INFO tempest.lib.common.rest_client [req-5a83081e-7cb7-4cfe-84b8-cac0567bca9a req-5a83081e-7cb7-4cfe-84b8-cac0567bca9a ] Request (ServerActionsTestOtherB:setUpClass): 200 GET http://10.180.1.21/compute/v2.1/servers/1a55a4d1-59ea-4dee-b0bd-de5d04e3ecdb 0.041s
2024-10-31 12:33:23.745 63262 INFO tempest.lib.common.rest_client [req-5533df9a-8573-42dd-8aa0-3e58a2366c1c req-5533df9a-8573-42dd-8aa0-3e58a2366c1c ] Request (DeleteServersAdminTestJSON:test_delete_server_while_in_error_state): 200 GET http://10.180.1.21/compute/v2.1/servers/7eee167f-50e3-48d5-9c6d-9115df9bb0b9 0.042s
2024-10-31 12:33:23.785 63264 INFO tempest.lib.common.rest_client [req-d5be277a-2125-4429-a9b2-ae8227616715 req-d5be277a-2125-4429-a9b2-ae8227616715 ] Request (ServerShowV247Test:test_update_rebuild_list_server): 200 GET http://10.180.1.21/compute/v2.1/servers/e87adfae-3ea4-4cc4-9978-d8c811c80941 0.044s
2024-10-31 12:33:23.817 63220 INFO tempest.lib.common.rest_client [req-c83dfae1-6daa-4800-b3ac-22c879d8ee6c req-c83dfae1-6daa-4800-b3ac-22c879d8ee6c ] Request (InstanceActionsV221TestJSON:test_get_list_deleted_instance_actions): 200 GET http://10.180.1.21/compute/v2.1/servers/8ac4264d-7d75-4c38-b8da-e3d90ffe9363 0.045s
2024-10-31 12:33:23.833 63224 INFO tempest.lib.common.rest_client [req-1a23950e-0803-4869-8570-7b6ab5c604cf req-1a23950e-0803-4869-8570-7b6ab5c604cf ] Request (ListServerFiltersTestJSON:setUpClass): 200 GET http://10.180.1.21/compute/v2.1/servers/79a4d3c8-ead6-4893-b0a7-89a8ff435e54 0.042s
2024-10-31 12:33:23.891 63234 INFO tempest.lib.common.rest_client [req-73071ca4-1d25-42e6-9cc0-065376f33118 req-73071ca4-1d25-42e6-9cc0-065376f33118 ] Request (ServerExternalEventsTest:test_create_server_external_events): 200 GET http://10.180.1.21/compute/v2.1/servers/cd978d56-ba80-44a9-9a02-3a1254066571 0.043s
2024-10-31 12:33:23.935 63228 INFO tempest.lib.common.rest_client [req-f23782b6-a864-4492-a512-e472721d2f37 req-f23782b6-a864-4492-a512-e472721d2f37 ] Request (ServersTestFqdnHostnames:test_create_server_with_fqdn_name): 200 GET http://10.180.1.21/compute/v2.1/servers/b2f38e92-37a1-4e0b-9292-b20ea43a2038 0.047s
2024-10-31 12:33:23.967 63248 INFO tempest.lib.common.rest_client [req-7971e571-a458-4f6e-84a2-ebc86663f59b req-7971e571-a458-4f6e-84a2-ebc86663f59b ] Request (VolumesAdminNegativeTest:test_update_attached_volume_with_nonexistent_volume_in_uri): 200 GET http://10.180.1.21/compute/v2.1/servers/f9a2b957-a312-4c9b-bb0d-0b1dad6416cd 0.045s
2024-10-31 12:33:24.011 63210 INFO tempest.lib.common.rest_client [req-7f40330b-0c10-444b-ab57-c1f5ba9e2226 req-7f40330b-0c10-444b-ab57-c1f5ba9e2226 ] Request (ListImageFiltersTestJSON:setUpClass): 200 GET http://10.180.1.21/compute/v2.1/servers/d6e90043-ebd3-4daf-acfa-545ce8462942 0.044s
2024-10-31 12:33:24.030 63236 INFO tempest.lib.common.rest_client [req-520c1910-7a7a-43b4-94fd-74aa53873bab req-520c1910-7a7a-43b4-94fd-74aa53873bab ] Request (ServerMetadataTestJSON:setUpClass): 200 GET http://10.180.1.21/compute/v2.1/servers/eaf9ca94-4f45-403e-bb06-e9a9adf58f38 0.045s
2024-10-31 12:33:24.072 63230 INFO tempest.lib.common.rest_client [req-f259af51-fdb7-4a53-97f9-96c39b2b2366 req-f259af51-fdb7-4a53-97f9-96c39b2b2366 ] Request (SecurityGroupsTestJSON:test_server_security_groups): 200 GET http://10.180.1.21/compute/v2.1/servers/afaec369-6aef-4bdc-b886-eed795644867 0.045s
2024-10-31 12:33:24.191 63222 INFO tempest.lib.common.rest_client [req-ec8f0547-b968-4d0f-a932-29464c0e3a11 req-ec8f0547-b968-4d0f-a932-29464c0e3a11 ] Request (AttachInterfacesV270Test:test_create_get_list_interfaces): 200 GET http://10.180.1.21/compute/v2.1/servers/6af65c7d-3bb0-47b3-a69e-14fdd1fbe1c1 0.052s
2024-10-31 12:33:24.237 63252 INFO tempest.lib.common.rest_client [req-b7495a92-8963-42c3-b5d1-dd2f5f62c99e req-b7495a92-8963-42c3-b5d1-dd2f5f62c99e ] Request (ServersTestBootFromVolume:setUpClass): 200 GET http://10.180.1.21/compute/v2.1/servers/99db6bef-6501-4ab3-a329-0877ca303f1b 0.071s
2024-10-31 12:33:24.283 63240 INFO tempest.lib.common.rest_client [req-0a9d93b0-849b-4855-a1af-666545358505 req-0a9d93b0-849b-4855-a1af-666545358505 ] Request (ServerRescueTestJSON:setUpClass): 200 GET http://10.180.1.21/compute/v2.1/servers/8342b9df-ebfd-403b-a0b8-1fdd6ebe2add 0.071s
2024-10-31 12:33:24.324 63206 INFO tempest.lib.common.rest_client [req-e3a05f6e-44ae-47ba-9d34-a3b6b1212cdb req-e3a05f6e-44ae-47ba-9d34-a3b6b1212cdb ] Request (AttachInterfacesTestJSON:test_create_list_show_delete_interfaces_by_fixed_ip): 200 GET http://10.180.1.21/compute/v2.1/servers/83c4b731-780a-4f3c-bbdd-b624a52365ef 0.046s
2024-10-31 12:33:24.348 63250 INFO tempest.lib.common.rest_client [req-66e70baf-9a2e-45ce-84b1-98a3fad16f9d req-66e70baf-9a2e-45ce-84b1-98a3fad16f9d ] Request (MigrationsAdminTest:test_list_migrations_in_flavor_resize_situation): 200 GET http://10.180.1.21/compute/v2.1/servers/4519d37a-f8e6-4a25-99a1-399925199a58 0.239s
2024-10-31 12:33:24.521 63212 INFO tempest.lib.common.rest_client [req-60508cea-83b0-4376-a302-fd1411bf2b15 req-60508cea-83b0-4376-a302-fd1411bf2b15 ] Request (ServerMetadataNegativeTestJSON:setUpClass): 200 GET http://10.180.1.21/compute/v2.1/servers/9a2a324c-4eb1-45b6-8414-42671b412429 0.046s
2024-10-31 12:33:24.530 63244 INFO tempest.lib.common.rest_client [req-6a5942d5-31e8-4517-b34b-93f687f91b16 req-6a5942d5-31e8-4517-b34b-93f687f91b16 ] Request (ServerDiagnosticsNegativeTest:test_get_server_diagnostics_by_non_admin): 200 GET http://10.180.1.21/compute/v2.1/servers/6c7ed2a3-ed0f-476b-8232-d7a3c27adcee 0.045s
2024-10-31 12:33:24.536 63244 INFO tempest.common.waiters [-] State transition "BUILD/scheduling" ==> "BUILD/None" after 92 second wait
2024-10-31 12:33:24.572 63238 INFO tempest.lib.common.rest_client [req-a2fdb65e-6587-4492-a7f0-e9d8c5b171cc req-a2fdb65e-6587-4492-a7f0-e9d8c5b171cc ] Request (ServersNegativeTestMultiTenantJSON:setUpClass): 200 GET http://10.180.1.21/compute/v2.1/servers/f8ba32e4-6234-4dee-8bc5-b7a12105a3c4 0.045s
2024-10-31 12:33:24.582 63218 INFO tempest.lib.common.rest_client [req-fe33c9fc-391c-4b6a-9b6c-f93948a8fc34 req-fe33c9fc-391c-4b6a-9b6c-f93948a8fc34 ] Request (ImagesNegativeTestJSON:test_create_image_from_deleted_server): 200 GET http://10.180.1.21/compute/v2.1/servers/f45f605f-cb91-4169-879c-bf9e6ce9c989 0.047s
2024-10-31 12:33:24.623 63214 INFO tempest.lib.common.rest_client [req-8c16e241-277c-48b0-bf39-a3a2d5cb9d45 req-8c16e241-277c-48b0-bf39-a3a2d5cb9d45 ] Request (ServerDiskConfigTestJSON:test_rebuild_server_with_auto_disk_config): 200 GET http://10.180.1.21/compute/v2.1/servers/dcae9cae-d4f5-4b34-b392-00b5ef9c81bf 0.047s
2024-10-31 12:33:24.632 63242 INFO tempest.lib.common.rest_client [req-968be252-1576-4d16-8881-3f97ec2518a8 req-968be252-1576-4d16-8881-3f97ec2518a8 ] Request (ServerActionsV293TestJSON:setUpClass): 200 GET http://10.180.1.21/volume/v3/volumes/a346bc67-ff3f-4650-bc9c-c91d97212609 0.021s
2024-10-31 12:33:24.656 63256 INFO tempest.lib.common.rest_client [req-9a34385d-66c1-462b-9265-65ceb2ef293b req-9a34385d-66c1-462b-9265-65ceb2ef293b ] Request (ServersAdmin275Test:test_rebuild_update_server_275): 200 GET http://10.180.1.21/compute/v2.1/servers/02f113d2-f991-4268-b9a4-59e2e6bcf7a6 0.053s
2024-10-31 12:33:24.664 63256 INFO tempest.common.waiters [-] State transition "BUILD/None" ==> "BUILD/networking" after 102 second wait
2024-10-31 12:33:24.688 63254 INFO tempest.lib.common.rest_client [req-2aabdfe9-f475-41d5-9390-e536f1f81819 req-2aabdfe9-f475-41d5-9390-e536f1f81819 ] Request (ImagesTestJSON:test_create_image_from_suspended_server): 200 GET http://10.180.1.21/compute/v2.1/servers/3a994542-8c8e-4b3c-87bc-2c40a0fc95b5 0.047s
2024-10-31 12:33:24.699 63226 INFO tempest.lib.common.rest_client [req-6e87346c-648e-4781-a277-03dd4e9b1142 req-6e87346c-648e-4781-a277-03dd4e9b1142 ] Request (AttachVolumeTestJSON:test_attach_detach_volume): 200 GET http://10.180.1.21/compute/v2.1/servers/ece118fc-a39e-443a-bfd1-fc332da2452f 0.051s
2024-10-31 12:33:24.729 63232 INFO tempest.lib.common.rest_client [req-4381fbbd-72b8-441d-a9a4-04b851d615e1 req-4381fbbd-72b8-441d-a9a4-04b851d615e1 ] Request (ServerRescueNegativeTestJSON:setUpClass): 200 GET http://10.180.1.21/compute/v2.1/servers/8a893e6e-37d4-4fd4-b0db-d6633117bdce 0.050s
2024-10-31 12:33:24.736 63232 INFO tempest.common.waiters [-] State transition "BUILD/spawning" ==> "BUILD/scheduling" after 110 second wait
2024-10-31 12:33:24.757 63260 INFO tempest.lib.common.rest_client [req-6f2c004f-3e99-4f99-8877-15b3cf7c01d2 req-6f2c004f-3e99-4f99-8877-15b3cf7c01d2 ] Request (ServerPasswordTestJSON:setUpClass): 200 GET http://10.180.1.21/compute/v2.1/servers/852e7cdf-5da3-4217-8960-f3204d4c1035 0.045s
2024-10-31 12:33:24.781 63204 INFO tempest.lib.common.rest_client [req-ee11ebfa-5a43-4a25-b396-7628f059f998 req-ee11ebfa-5a43-4a25-b396-7628f059f998 ] Request (ServerActionsTestOtherB:setUpClass): 200 GET http://10.180.1.21/compute/v2.1/servers/1a55a4d1-59ea-4dee-b0bd-de5d04e3ecdb 0.041s
2024-10-31 12:33:24.800 63262 INFO tempest.lib.common.rest_client [req-ddf96033-1fe3-4437-a92e-4fa1513d96f9 req-ddf96033-1fe3-4437-a92e-4fa1513d96f9 ] Request (DeleteServersAdminTestJSON:test_delete_server_while_in_error_state): 200 GET http://10.180.1.21/compute/v2.1/servers/7eee167f-50e3-48d5-9c6d-9115df9bb0b9 0.048s
2024-10-31 12:33:24.837 63264 INFO tempest.lib.common.rest_client [req-43a2ca76-0e2f-49c6-8981-636681f2db22 req-43a2ca76-0e2f-49c6-8981-636681f2db22 ] Request (ServerShowV247Test:test_update_rebuild_list_server): 200 GET http://10.180.1.21/compute/v2.1/servers/e87adfae-3ea4-4cc4-9978-d8c811c80941 0.044s
2024-10-31 12:33:24.869 63220 INFO tempest.lib.common.rest_client [req-b98bf26a-b7e5-49d6-9493-6b9d27d62efb req-b98bf26a-b7e5-49d6-9493-6b9d27d62efb ] Request (InstanceActionsV221TestJSON:test_get_list_deleted_instance_actions): 200 GET http://10.180.1.21/compute/v2.1/servers/8ac4264d-7d75-4c38-b8da-e3d90ffe9363 0.044s
2024-10-31 12:33:24.879 63224 INFO tempest.lib.common.rest_client [req-b57e34ba-4b3c-45d2-881e-b9bfec24290a req-b57e34ba-4b3c-45d2-881e-b9bfec24290a ] Request (ListServerFiltersTestJSON:setUpClass): 200 GET http://10.180.1.21/compute/v2.1/servers/79a4d3c8-ead6-4893-b0a7-89a8ff435e54 0.039s
2024-10-31 12:33:24.946 63234 INFO tempest.lib.common.rest_client [req-ef3f832e-dbc0-40e7-8c0e-1f82e9d8cd85 req-ef3f832e-dbc0-40e7-8c0e-1f82e9d8cd85 ] Request (ServerExternalEventsTest:test_create_server_external_events): 200 GET http://10.180.1.21/compute/v2.1/servers/cd978d56-ba80-44a9-9a02-3a1254066571 0.044s
2024-10-31 12:33:24.988 63228 INFO tempest.lib.common.rest_client [req-cf19f147-6f1c-4169-9608-2800b967b28d req-cf19f147-6f1c-4169-9608-2800b967b28d ] Request (ServersTestFqdnHostnames:test_create_server_with_fqdn_name): 200 GET http://10.180.1.21/compute/v2.1/servers/b2f38e92-37a1-4e0b-9292-b20ea43a2038 0.046s
2024-10-31 12:33:25.020 63248 INFO tempest.lib.common.rest_client [req-d9bda554-e518-4454-a52b-7d42989275a1 req-d9bda554-e518-4454-a52b-7d42989275a1 ] Request (VolumesAdminNegativeTest:test_update_attached_volume_with_nonexistent_volume_in_uri): 200 GET http://10.180.1.21/compute/v2.1/servers/f9a2b957-a312-4c9b-bb0d-0b1dad6416cd 0.046s
2024-10-31 12:33:25.065 63210 INFO tempest.lib.common.rest_client [req-92cb4fcb-2f50-4888-ab4d-21115bcfb5a0 req-92cb4fcb-2f50-4888-ab4d-21115bcfb5a0 ] Request (ListImageFiltersTestJSON:setUpClass): 200 GET http://10.180.1.21/compute/v2.1/servers/d6e90043-ebd3-4daf-acfa-545ce8462942 0.047s
2024-10-31 12:33:25.083 63236 INFO tempest.lib.common.rest_client [req-df0ab9cf-6bcc-4652-8fe9-1759f464f3d7 req-df0ab9cf-6bcc-4652-8fe9-1759f464f3d7 ] Request (ServerMetadataTestJSON:setUpClass): 200 GET http://10.180.1.21/compute/v2.1/servers/eaf9ca94-4f45-403e-bb06-e9a9adf58f38 0.045s
2024-10-31 12:33:25.123 63230 INFO tempest.lib.common.rest_client [req-34876d0f-c0aa-41b1-b50d-6dd39d5e829a req-34876d0f-c0aa-41b1-b50d-6dd39d5e829a ] Request (SecurityGroupsTestJSON:test_server_security_groups): 200 GET http://10.180.1.21/compute/v2.1/servers/afaec369-6aef-4bdc-b886-eed795644867 0.044s
2024-10-31 12:33:25.251 63222 INFO tempest.lib.common.rest_client [req-fddd226c-b176-4791-b189-cf2e8df593fe req-fddd226c-b176-4791-b189-cf2e8df593fe ] Request (AttachInterfacesV270Test:test_create_get_list_interfaces): 200 GET http://10.180.1.21/compute/v2.1/servers/6af65c7d-3bb0-47b3-a69e-14fdd1fbe1c1 0.051s
2024-10-31 12:33:25.288 63252 INFO tempest.lib.common.rest_client [req-85ae7c9e-c3ac-4d1d-9d34-a534c0bdb05d req-85ae7c9e-c3ac-4d1d-9d34-a534c0bdb05d ] Request (ServersTestBootFromVolume:setUpClass): 200 GET http://10.180.1.21/compute/v2.1/servers/99db6bef-6501-4ab3-a329-0877ca303f1b 0.045s
2024-10-31 12:33:25.333 63240 INFO tempest.lib.common.rest_client [req-d34961fe-8fd8-4264-88ff-b7ef3025b079 req-d34961fe-8fd8-4264-88ff-b7ef3025b079 ] Request (ServerRescueTestJSON:setUpClass): 200 GET http://10.180.1.21/compute/v2.1/servers/8342b9df-ebfd-403b-a0b8-1fdd6ebe2add 0.043s
2024-10-31 12:33:25.375 63206 INFO tempest.lib.common.rest_client [req-e3822d1f-c1f3-41b2-a1a9-ad1ce9b6d74c req-e3822d1f-c1f3-41b2-a1a9-ad1ce9b6d74c ] Request (AttachInterfacesTestJSON:test_create_list_show_delete_interfaces_by_fixed_ip): 200 GET http://10.180.1.21/compute/v2.1/servers/83c4b731-780a-4f3c-bbdd-b624a52365ef 0.045s
2024-10-31 12:33:25.397 63250 INFO tempest.lib.common.rest_client [req-d6f0882d-7c20-4b8b-94af-04453b0f7a9c req-d6f0882d-7c20-4b8b-94af-04453b0f7a9c ] Request (MigrationsAdminTest:test_list_migrations_in_flavor_resize_situation): 200 GET http://10.180.1.21/compute/v2.1/servers/4519d37a-f8e6-4a25-99a1-399925199a58 0.043s
2024-10-31 12:33:25.578 63212 INFO tempest.lib.common.rest_client [req-e00ea33f-ef92-43f2-a854-370021adf65c req-e00ea33f-ef92-43f2-a854-370021adf65c ] Request (ServerMetadataNegativeTestJSON:setUpClass): 200 GET http://10.180.1.21/compute/v2.1/servers/9a2a324c-4eb1-45b6-8414-42671b412429 0.050s
2024-10-31 12:33:25.590 63244 INFO tempest.lib.common.rest_client [req-71f51107-590e-422d-989d-dd1d09f38060 req-71f51107-590e-422d-989d-dd1d09f38060 ] Request (ServerDiagnosticsNegativeTest:test_get_server_diagnostics_by_non_admin): 200 GET http://10.180.1.21/compute/v2.1/servers/6c7ed2a3-ed0f-476b-8232-d7a3c27adcee 0.053s
2024-10-31 12:33:25.623 63238 INFO tempest.lib.common.rest_client [req-1770560c-12b8-4c83-acd5-cd496ccc63dd req-1770560c-12b8-4c83-acd5-cd496ccc63dd ] Request (ServersNegativeTestMultiTenantJSON:setUpClass): 200 GET http://10.180.1.21/compute/v2.1/servers/f8ba32e4-6234-4dee-8bc5-b7a12105a3c4 0.043s
2024-10-31 12:33:25.634 63218 INFO tempest.lib.common.rest_client [req-85489160-d822-4f43-9519-1be069fd416e req-85489160-d822-4f43-9519-1be069fd416e ] Request (ImagesNegativeTestJSON:test_create_image_from_deleted_server): 200 GET http://10.180.1.21/compute/v2.1/servers/f45f605f-cb91-4169-879c-bf9e6ce9c989 0.044s
2024-10-31 12:33:25.663 63242 INFO tempest.lib.common.rest_client [req-8c0181c1-61c9-4026-af41-2712c1217f89 req-8c0181c1-61c9-4026-af41-2712c1217f89 ] Request (ServerActionsV293TestJSON:setUpClass): 200 GET http://10.180.1.21/volume/v3/volumes/a346bc67-ff3f-4650-bc9c-c91d97212609 0.022s
2024-10-31 12:33:25.683 63214 INFO tempest.lib.common.rest_client [req-dba17687-2d5f-4a6e-9dd4-30543e7ddbb2 req-dba17687-2d5f-4a6e-9dd4-30543e7ddbb2 ] Request (ServerDiskConfigTestJSON:test_rebuild_server_with_auto_disk_config): 200 GET http://10.180.1.21/compute/v2.1/servers/dcae9cae-d4f5-4b34-b392-00b5ef9c81bf 0.052s
2024-10-31 12:33:25.716 63256 INFO tempest.lib.common.rest_client [req-de7bdde2-f944-4f72-b794-9aed21431148 req-de7bdde2-f944-4f72-b794-9aed21431148 ] Request (ServersAdmin275Test:test_rebuild_update_server_275): 200 GET http://10.180.1.21/compute/v2.1/servers/02f113d2-f991-4268-b9a4-59e2e6bcf7a6 0.051s
2024-10-31 12:33:25.725 63256 INFO tempest.common.waiters [-] State transition "BUILD/networking" ==> "BUILD/block_device_mapping" after 103 second wait
2024-10-31 12:33:25.739 63254 INFO tempest.lib.common.rest_client [req-b5361335-c2f2-4522-a5f0-750226e2f23c req-b5361335-c2f2-4522-a5f0-750226e2f23c ] Request (ImagesTestJSON:test_create_image_from_suspended_server): 200 GET http://10.180.1.21/compute/v2.1/servers/3a994542-8c8e-4b3c-87bc-2c40a0fc95b5 0.044s
2024-10-31 12:33:25.758 63226 INFO tempest.lib.common.rest_client [req-f569855a-8725-47ec-a35c-1af01d30155d req-f569855a-8725-47ec-a35c-1af01d30155d ] Request (AttachVolumeTestJSON:test_attach_detach_volume): 200 GET http://10.180.1.21/compute/v2.1/servers/ece118fc-a39e-443a-bfd1-fc332da2452f 0.051s
2024-10-31 12:33:25.787 63232 INFO tempest.lib.common.rest_client [req-428f4865-1306-477e-8524-fc670874ce27 req-428f4865-1306-477e-8524-fc670874ce27 ] Request (ServerRescueNegativeTestJSON:setUpClass): 200 GET http://10.180.1.21/compute/v2.1/servers/8a893e6e-37d4-4fd4-b0db-d6633117bdce 0.051s
2024-10-31 12:33:25.795 63232 INFO tempest.common.waiters [-] State transition "BUILD/scheduling" ==> "ERROR/None" after 111 second wait
2024-10-31 12:33:25.809 63260 INFO tempest.lib.common.rest_client [req-9994e376-18ae-42a6-ba5c-ece42949dcc1 req-9994e376-18ae-42a6-ba5c-ece42949dcc1 ] Request (ServerPasswordTestJSON:setUpClass): 200 GET http://10.180.1.21/compute/v2.1/servers/852e7cdf-5da3-4217-8960-f3204d4c1035 0.045s
2024-10-31 12:33:25.831 63204 INFO tempest.lib.common.rest_client [req-c531309c-9d00-4695-ab11-cadf9ba0672f req-c531309c-9d00-4695-ab11-cadf9ba0672f ] Request (ServerActionsTestOtherB:setUpClass): 200 GET http://10.180.1.21/compute/v2.1/servers/1a55a4d1-59ea-4dee-b0bd-de5d04e3ecdb 0.043s
2024-10-31 12:33:25.876 63262 INFO tempest.lib.common.rest_client [req-d7394d4f-24bf-46db-8885-53f4ccf6c878 req-d7394d4f-24bf-46db-8885-53f4ccf6c878 ] Request (DeleteServersAdminTestJSON:test_delete_server_while_in_error_state): 200 GET http://10.180.1.21/compute/v2.1/servers/7eee167f-50e3-48d5-9c6d-9115df9bb0b9 0.069s
2024-10-31 12:33:25.919 63264 INFO tempest.lib.common.rest_client [req-4b720706-825f-4d02-bb8c-3a7526539850 req-4b720706-825f-4d02-bb8c-3a7526539850 ] Request (ServerShowV247Test:test_update_rebuild_list_server): 200 GET http://10.180.1.21/compute/v2.1/servers/e87adfae-3ea4-4cc4-9978-d8c811c80941 0.074s
2024-10-31 12:33:25.963 63220 INFO tempest.lib.common.rest_client [req-164d3c54-b9b4-4f3e-b6b2-92f043720db1 req-164d3c54-b9b4-4f3e-b6b2-92f043720db1 ] Request (InstanceActionsV221TestJSON:test_get_list_deleted_instance_actions): 200 GET http://10.180.1.21/compute/v2.1/servers/8ac4264d-7d75-4c38-b8da-e3d90ffe9363 0.086s
2024-10-31 12:33:25.969 63232 INFO tempest.lib.common.rest_client [req-af6f5504-6c86-485b-9844-c94c88c9cf2c req-af6f5504-6c86-485b-9844-c94c88c9cf2c ] Request (ServerRescueNegativeTestJSON:setUpClass): 204 DELETE http://10.180.1.21/compute/v2.1/servers/8a893e6e-37d4-4fd4-b0db-d6633117bdce 0.174s
2024-10-31 12:33:26.010 63224 INFO tempest.lib.common.rest_client [req-dea1dd18-a0c9-4a61-bb0e-153ac45e4e39 req-dea1dd18-a0c9-4a61-bb0e-153ac45e4e39 ] Request (ListServerFiltersTestJSON:setUpClass): 200 GET http://10.180.1.21/compute/v2.1/servers/79a4d3c8-ead6-4893-b0a7-89a8ff435e54 0.124s
2024-10-31 12:33:26.020 63234 INFO tempest.lib.common.rest_client [req-579086f0-706a-4173-8070-542d3114278a req-579086f0-706a-4173-8070-542d3114278a ] Request (ServerExternalEventsTest:test_create_server_external_events): 200 GET http://10.180.1.21/compute/v2.1/servers/cd978d56-ba80-44a9-9a02-3a1254066571 0.067s
2024-10-31 12:33:26.027 63232 INFO tempest.lib.common.rest_client [req-4477ebd6-e435-424a-8b30-6a60433230bb req-4477ebd6-e435-424a-8b30-6a60433230bb ] Request (ServerRescueNegativeTestJSON:setUpClass): 404 GET http://10.180.1.21/compute/v2.1/servers/8a893e6e-37d4-4fd4-b0db-d6633117bdce 0.058s
2024-10-31 12:33:26.027 63232 INFO tempest.test [-] raised in ServerRescueNegativeTestJSON.setUpClass. Invoking tearDownClass.
2024-10-31 12:33:26.063 63228 INFO tempest.lib.common.rest_client [req-56631e09-a47c-48cb-8198-8b7b62ce5543 req-56631e09-a47c-48cb-8198-8b7b62ce5543 ] Request (ServersTestFqdnHostnames:test_create_server_with_fqdn_name): 200 GET http://10.180.1.21/compute/v2.1/servers/b2f38e92-37a1-4e0b-9292-b20ea43a2038 0.068s
2024-10-31 12:33:26.075 63248 INFO tempest.lib.common.rest_client [req-620dd96b-92e4-41bd-8ff0-30555f22b310 req-620dd96b-92e4-41bd-8ff0-30555f22b310 ] Request (VolumesAdminNegativeTest:test_update_attached_volume_with_nonexistent_volume_in_uri): 200 GET http://10.180.1.21/compute/v2.1/servers/f9a2b957-a312-4c9b-bb0d-0b1dad6416cd 0.048s
2024-10-31 12:33:26.119 63210 INFO tempest.lib.common.rest_client [req-d798cd63-f2fc-4575-b581-036a7b359a07 req-d798cd63-f2fc-4575-b581-036a7b359a07 ] Request (ListImageFiltersTestJSON:setUpClass): 200 GET http://10.180.1.21/compute/v2.1/servers/d6e90043-ebd3-4daf-acfa-545ce8462942 0.048s
2024-10-31 12:33:26.164 63236 INFO tempest.lib.common.rest_client [req-d4b3acbb-15c4-45e7-9858-1515a6ffb743 req-d4b3acbb-15c4-45e7-9858-1515a6ffb743 ] Request (ServerMetadataTestJSON:setUpClass): 200 GET http://10.180.1.21/compute/v2.1/servers/eaf9ca94-4f45-403e-bb06-e9a9adf58f38 0.074s
2024-10-31 12:33:26.209 63230 INFO tempest.lib.common.rest_client [req-adb43155-247a-42cc-ac8d-95f27de694e5 req-adb43155-247a-42cc-ac8d-95f27de694e5 ] Request (SecurityGroupsTestJSON:test_server_security_groups): 200 GET http://10.180.1.21/compute/v2.1/servers/afaec369-6aef-4bdc-b886-eed795644867 0.079s
2024-10-31 12:33:26.228 63232 INFO tempest.lib.common.rest_client [req-db81f8f1-595c-4f5e-8b73-9f1aa4eea94c req-db81f8f1-595c-4f5e-8b73-9f1aa4eea94c ] Request (ServerRescueNegativeTestJSON:tearDownClass): 204 DELETE http://10.180.1.21/compute/v2.1/servers/09b62788-3082-4c99-9dfc-0843c4988feb 0.200s
2024-10-31 12:33:26.248 63232 INFO tempest.lib.common.rest_client [req-1a18914f-414e-400d-ae06-3a41d2530dd6 req-1a18914f-414e-400d-ae06-3a41d2530dd6 ] Request (ServerRescueNegativeTestJSON:tearDownClass): 404 GET http://10.180.1.21/compute/v2.1/servers/09b62788-3082-4c99-9dfc-0843c4988feb 0.020s
2024-10-31 12:33:26.321 63222 INFO tempest.lib.common.rest_client [req-e90674e8-df9f-489f-956f-92a0fc967c03 req-e90674e8-df9f-489f-956f-92a0fc967c03 ] Request (AttachInterfacesV270Test:test_create_get_list_interfaces): 200 GET http://10.180.1.21/compute/v2.1/servers/6af65c7d-3bb0-47b3-a69e-14fdd1fbe1c1 0.061s
2024-10-31 12:33:26.351 63252 INFO tempest.lib.common.rest_client [req-5d3b34e9-515f-452c-b3e6-7c05fbf74941 req-5d3b34e9-515f-452c-b3e6-7c05fbf74941 ] Request (ServersTestBootFromVolume:setUpClass): 200 GET http://10.180.1.21/compute/v2.1/servers/99db6bef-6501-4ab3-a329-0877ca303f1b 0.057s
