2024-10-10 16:20:10.323 62529 INFO tempest.lib.common.dynamic_creds [-] Created isolated network resources for: credentials: Credentials: {'domain_id': 'default', 'domain_name': 'Default', 'username': 'tempest-ServersTestFqdnHostnames-1287896808-project-member', 'project_domain_id': 'default', 'project_domain_name': 'Default', 'project_id': '6a579ea90b974cc4a8c83b8ae01925ab', 'project_name': 'tempest-ServersTestFqdnHostnames-1287896808', 'tenant_id': '6a579ea90b974cc4a8c83b8ae01925ab', 'tenant_name': 'tempest-ServersTestFqdnHostnames-1287896808', 'user_domain_id': 'default', 'user_domain_name': 'Default', 'user_id': '49361d5b4ee44612998dc6cf7fa6f3c9', 'system': None}, Network: {'id': '358bd70b-156c-4fc0-8a1e-075117474410', 'name': 'tempest-ServersTestFqdnHostnames-975360005-network', 'tenant_id': '6a579ea90b974cc4a8c83b8ae01925ab', 'admin_state_up': True, 'mtu': 8950, 'status': 'ACTIVE', 'subnets': [], 'shared': False, 'project_id': '6a579ea90b974cc4a8c83b8ae01925ab', 'port_security_enabled': True, 'router:external': False, 'provider:network_type': 'vlan', 'provider:physical_network': 'default', 'provider:segmentation_id': 586, 'is_default': False, 'availability_zone_hints': [], 'availability_zones': [], 'ipv4_address_scope': None, 'ipv6_address_scope': None, 'description': '', 'tags': [], 'created_at': '2024-10-10T16:20:02Z', 'updated_at': '2024-10-10T16:20:02Z', 'revision_number': 1}, Subnet: {'id': '96abcfc7-9675-452b-aa37-68765a4ec11b', 'name': 'tempest-ServersTestFqdnHostnames-975360005-subnet', 'tenant_id': '6a579ea90b974cc4a8c83b8ae01925ab', 'network_id': '358bd70b-156c-4fc0-8a1e-075117474410', 'ip_version': 4, 'subnetpool_id': None, 'enable_dhcp': True, 'ipv6_ra_mode': None, 'ipv6_address_mode': None, 'gateway_ip': '192.168.128.1', 'cidr': '192.168.128.0/28', 'allocation_pools': [{'start': '192.168.128.2', 'end': '192.168.128.14'}], 'host_routes': [], 'dns_nameservers': [], 'description': '', 'router:external': False, 'service_types': [], 'tags': [], 'created_at': '2024-10-10T16:20:02Z', 'updated_at': '2024-10-10T16:20:02Z', 'revision_number': 0, 'project_id': '6a579ea90b974cc4a8c83b8ae01925ab'}, Router: {'id': '9cea43cf-344d-4b35-b84d-d2d8fdf9a7a1', 'name': 'tempest-ServersTestFqdnHostnames-975360005-router', 'tenant_id': '6a579ea90b974cc4a8c83b8ae01925ab', 'admin_state_up': True, 'status': 'ACTIVE', 'external_gateway_info': {'network_id': '764bb1ed-afa0-4ccc-a713-b8a8fb01fbe0', 'external_fixed_ips': [{'subnet_id': 'ca3eef53-904c-4a5b-a6fb-586619a7c527', 'ip_address': '10.180.180.230'}], 'enable_snat': True}, 'description': '', 'availability_zones': [], 'distributed': False, 'ha': False, 'availability_zone_hints': [], 'routes': [], 'flavor_id': None, 'tags': [], 'created_at': '2024-10-10T16:20:03Z', 'updated_at': '2024-10-10T16:20:04Z', 'revision_number': 2, 'project_id': '6a579ea90b974cc4a8c83b8ae01925ab'}
2024-10-10 16:20:10.381 62503 INFO tempest.lib.common.rest_client [req-f3b97f80-94f5-403e-930d-23884eb58ae5 req-f3b97f80-94f5-403e-930d-23884eb58ae5 ] Request (SecurityGroupsTestJSON:test_list_security_groups_by_server): 200 GET http://10.180.1.21/compute/v2.1/servers/a2f583a4-5558-4438-863c-90174786c664 1.862s
2024-10-10 16:20:10.462 62529 INFO tempest.lib.common.rest_client [req-4f3d6561-b577-432e-b966-daf78853ccba req-4f3d6561-b577-432e-b966-daf78853ccba ] Request (ServersTestFqdnHostnames:setUpClass): 201 POST http://10.180.1.21/identity/v3/auth/tokens 0.133s
2024-10-10 16:20:10.544 62515 INFO tempest.lib.common.rest_client [req-e8cf1181-6799-4f88-94c5-acdd5ff8db3d req-e8cf1181-6799-4f88-94c5-acdd5ff8db3d ] Request (ServerActionsV293TestJSON:setUpClass): 200 GET http://10.180.1.21/volume/v3/volumes/54a8a184-2812-4030-8f3b-b2f9895782c0 0.034s
2024-10-10 16:20:10.800 62523 INFO tempest.lib.common.rest_client [req-c8742ed2-24b3-44e2-8a3a-353bbe219785 req-c8742ed2-24b3-44e2-8a3a-353bbe219785 ] Request (SecurityGroupRulesTestJSON:test_security_group_rules_create): 200 POST http://10.180.1.21/compute/v2.1/os-security-groups 2.051s
2024-10-10 16:20:10.916 62537 INFO tempest.lib.common.rest_client [req-fe415fcc-2136-4df3-89b4-0501dd680c14 req-fe415fcc-2136-4df3-89b4-0501dd680c14 ] Request (QuotasAdminTestV257:test_get_updated_quotas): 200 PUT http://10.180.1.21/compute/v2.1/os-quota-sets/7c651c03a8e949c797f52f7bafd25f53?user_id=10d8b13e0e99453d80affdf3ef3fd74a 2.151s
2024-10-10 16:20:10.997 62489 INFO tempest.lib.common.rest_client [req-6ac485cc-4176-4f69-a883-e352e87df12b req-6ac485cc-4176-4f69-a883-e352e87df12b ] Request (ValidationResourcesFixture:setUp): 200 POST http://10.180.1.21/compute/v2.1/os-keypairs 1.950s
2024-10-10 16:20:11.080 62513 INFO tempest.lib.common.rest_client [req-dcab6580-926b-4e20-a507-ef70a4537861 req-dcab6580-926b-4e20-a507-ef70a4537861 ] Request (VolumesAssistedSnapshotsTest:test_volume_assisted_snapshot_create_delete): 200 GET http://10.180.1.21/compute/v2.1/servers/c40ffe4c-6fdd-420b-aa4b-6e58c2ad2557 1.943s
2024-10-10 16:20:11.126 62489 INFO tempest.lib.common.rest_client [req-0c4582ea-e730-4d14-a726-a1298d8801f8 req-0c4582ea-e730-4d14-a726-a1298d8801f8 ] Request (ValidationResourcesFixture:setUp): 201 POST http://10.180.1.21:9696/networking/v2.0/security-groups 0.126s
2024-10-10 16:20:11.168 62539 INFO tempest.lib.common.rest_client [req-eec81083-1530-4fab-ab95-81a614d40e69 req-eec81083-1530-4fab-ab95-81a614d40e69 ] Request (DeleteServersTestJSON:test_delete_active_server): 200 GET http://10.180.1.21/compute/v2.1/servers/8de4fffb-7ff1-434f-bd30-03bf766a3801 1.952s
2024-10-10 16:20:11.249 62497 INFO tempest.lib.common.rest_client [req-9515e63c-9965-4649-bade-b3c206d9dbfd req-9515e63c-9965-4649-bade-b3c206d9dbfd ] Request (ServersAdminTestJSON:setUpClass): 200 GET http://10.180.1.21/compute/v2.1/servers/d3070dc9-6b33-46a6-b93b-a9b6dcc431f9 1.953s
2024-10-10 16:20:11.249 62489 INFO tempest.lib.common.rest_client [req-31778ee7-d07c-4d00-a270-f7c3a44ad307 req-31778ee7-d07c-4d00-a270-f7c3a44ad307 ] Request (ValidationResourcesFixture:setUp): 201 POST http://10.180.1.21:9696/networking/v2.0/security-group-rules 0.122s
2024-10-10 16:20:11.285 62531 INFO tempest.lib.common.rest_client [req-4159d871-a28a-48c2-9f81-1fc7f493ba9d req-4159d871-a28a-48c2-9f81-1fc7f493ba9d ] Request (ListServersNegativeTestJSON:setUpClass): 201 POST http://10.180.1.21:9696/networking/v2.0/routers 2.094s
2024-10-10 16:20:11.339 62522 INFO tempest.lib.common.rest_client [req-15f15839-527e-48c3-a471-d35dc21ea814 req-15f15839-527e-48c3-a471-d35dc21ea814 ] Request (ServersWithSpecificFlavorTestJSON:test_verify_created_server_ephemeral_disk): 200 GET http://10.180.1.21/compute/v2.1/servers/7b5754cf-73fd-46a5-a635-c346ed17a8a9 1.960s
2024-10-10 16:20:11.347 62489 INFO tempest.lib.common.rest_client [req-fb6b2d59-c9e8-4e35-bc3c-c521ef542760 req-fb6b2d59-c9e8-4e35-bc3c-c521ef542760 ] Request (ValidationResourcesFixture:setUp): 201 POST http://10.180.1.21:9696/networking/v2.0/security-group-rules 0.097s
2024-10-10 16:20:11.414 62543 INFO tempest.lib.common.rest_client [req-6c048974-be6a-4126-9aed-dadd35d3799e req-6c048974-be6a-4126-9aed-dadd35d3799e ] Request (FloatingIPsAssociationTestJSON:setUpClass): 200 GET http://10.180.1.21/compute/v2.1/servers/a56f16f6-1884-413c-a19d-ab853fc61514 1.954s
2024-10-10 16:20:11.591 62515 INFO tempest.lib.common.rest_client [req-13b2b3da-8171-4ada-985d-28f4843a5d75 req-13b2b3da-8171-4ada-985d-28f4843a5d75 ] Request (ServerActionsV293TestJSON:setUpClass): 200 GET http://10.180.1.21/volume/v3/volumes/54a8a184-2812-4030-8f3b-b2f9895782c0 0.038s
2024-10-10 16:20:11.746 62489 INFO tempest.lib.common.rest_client [req-f4fc281d-9e37-4b01-9cda-d718728b927f req-f4fc281d-9e37-4b01-9cda-d718728b927f ] Request (ValidationResourcesFixture:setUp): 201 POST http://10.180.1.21:9696/networking/v2.0/floatingips 0.398s
2024-10-10 16:20:11.787 62535 INFO tempest.lib.common.rest_client [req-53c5c185-8bc4-4c66-b5e7-da2a34a3628b req-53c5c185-8bc4-4c66-b5e7-da2a34a3628b ] Request (SecurityGroupRulesNegativeTestJSON:tearDownClass): 202 DELETE http://10.180.1.21/compute/v2.1/os-security-groups/2afb7d16-99c6-4d68-b860-cbed8d0f7468 2.168s
2024-10-10 16:20:11.790 62489 INFO tempest.lib.common.rest_client [req-1b00af82-0b14-415c-b2ee-c2e56d96c205 req-1b00af82-0b14-415c-b2ee-c2e56d96c205 ] Request (AttachInterfacesUnderV243Test:test_add_remove_fixed_ip): 201 POST http://10.180.1.21/identity/v3/auth/tokens 0.039s
2024-10-10 16:20:11.791 62489 INFO tempest.lib.common.fixed_network [-] (AttachInterfacesUnderV243Test:test_add_remove_fixed_ip) Found network {'id': '99e9c186-8840-4603-9064-b9f3f59bc1f2', 'name': 'tempest-AttachInterfacesUnderV243Test-1502912736-network', 'tenant_id': 'b6a422d612934e91897dd5dfa14864c1', 'admin_state_up': True, 'mtu': 8950, 'status': 'ACTIVE', 'subnets': [], 'shared': False, 'project_id': 'b6a422d612934e91897dd5dfa14864c1', 'port_security_enabled': True, 'router:external': False, 'provider:network_type': 'vlan', 'provider:physical_network': 'default', 'provider:segmentation_id': 100, 'is_default': False, 'availability_zone_hints': [], 'availability_zones': [], 'ipv4_address_scope': None, 'ipv6_address_scope': None, 'description': '', 'tags': [], 'created_at': '2024-10-10T16:20:01Z', 'updated_at': '2024-10-10T16:20:02Z', 'revision_number': 1} available for tenant
2024-10-10 16:20:11.879 62507 INFO tempest.lib.common.rest_client [req-3d98042f-d7e1-490d-9227-bcc577045704 req-3d98042f-d7e1-490d-9227-bcc577045704 ] Request (ServerDiagnosticsTest:test_get_server_diagnostics): 200 GET http://10.180.1.21/compute/v2.1/servers/ec42d208-e34e-4c8f-834a-07913824e6ea 2.112s
2024-10-10 16:20:11.961 62526 INFO tempest.lib.common.rest_client [req-15d755ba-3411-4bc5-9481-4e3f5b6c3415 req-15d755ba-3411-4bc5-9481-4e3f5b6c3415 ] Request (ImagesTestJSON:test_create_image_from_stopped_server): 200 GET http://10.180.1.21/compute/v2.1/servers/d26249f7-dad2-4160-bdc1-bb629fb696d8 2.090s
2024-10-10 16:20:12.035 62533 INFO tempest.lib.common.rest_client [req-260fd7dc-5f7d-4e7c-baee-2272a46e6b70 req-260fd7dc-5f7d-4e7c-baee-2272a46e6b70 ] Request (FloatingIPDetailsNegativeTestJSON:test_get_nonexistent_floating_ip_details): 404 GET http://10.180.1.21/compute/v2.1/os-floating-ips/170fe992-30d8-42b5-9014-816a25cfafcf 2.084s
2024-10-10 16:20:12.120 62493 INFO tempest.lib.common.rest_client [req-7af1a4d9-729d-4fca-ac4e-dc4b1639f11e req-7af1a4d9-729d-4fca-ac4e-dc4b1639f11e ] Request (ListImageFiltersTestJSON:setUpClass): 200 GET http://10.180.1.21/compute/v2.1/servers/2b98a191-071d-42a9-ba65-00ad310fb788 2.165s
2024-10-10 16:20:12.573 62535 INFO tempest.lib.common.rest_client [req-7947d164-e073-4070-a482-1332f95880e7 req-7947d164-e073-4070-a482-1332f95880e7 ] Request (SecurityGroupRulesNegativeTestJSON:tearDownClass): 200 PUT http://10.180.1.21:9696/networking/v2.0/routers/2aa7ad34-eb42-4230-9031-8a63b8d9cef6/remove_router_interface 0.785s
2024-10-10 16:20:12.588 62509 INFO tempest.lib.common.rest_client [req-5d5ae29b-8266-4005-aca4-905b62130fce req-5d5ae29b-8266-4005-aca4-905b62130fce ] Request (FlavorsV2NegativeTest:test_boot_with_low_ram): 400 POST http://10.180.1.21/compute/v2.1/servers 2.551s
2024-10-10 16:20:12.622 62487 INFO tempest.lib.common.rest_client [req-263b9a82-4170-4558-af5d-63963c6300dd req-263b9a82-4170-4558-af5d-63963c6300dd ] Request (ServersTestJSON:setUpClass): 200 PUT http://10.180.1.21:9696/networking/v2.0/routers/ff1dccac-1e94-4aef-98a5-62727998b6ee/add_router_interface 3.108s
2024-10-10 16:20:12.622 62487 INFO tempest.lib.common.dynamic_creds [-] Created isolated network resources for: credentials: Credentials: {'domain_id': 'default', 'domain_name': 'Default', 'username': 'tempest-ServersTestJSON-1752168765-project-member', 'project_domain_id': 'default', 'project_domain_name': 'Default', 'project_id': 'fabfac74d5814af4a5e7537d1544ecff', 'project_name': 'tempest-ServersTestJSON-1752168765', 'tenant_id': 'fabfac74d5814af4a5e7537d1544ecff', 'tenant_name': 'tempest-ServersTestJSON-1752168765', 'user_domain_id': 'default', 'user_domain_name': 'Default', 'user_id': '35587a4ce42744bbb85ec6e1078d46ec', 'system': None}, Network: {'id': 'c3e703c3-9fc7-49f6-9ad6-af863c7dbb50', 'name': 'tempest-ServersTestJSON-428002239-network', 'tenant_id': 'fabfac74d5814af4a5e7537d1544ecff', 'admin_state_up': True, 'mtu': 8950, 'status': 'ACTIVE', 'subnets': [], 'shared': False, 'project_id': 'fabfac74d5814af4a5e7537d1544ecff', 'port_security_enabled': True, 'router:external': False, 'provider:network_type': 'vlan', 'provider:physical_network': 'default', 'provider:segmentation_id': 635, 'is_default': False, 'availability_zone_hints': [], 'availability_zones': [], 'ipv4_address_scope': None, 'ipv6_address_scope': None, 'description': '', 'tags': [], 'created_at': '2024-10-10T16:20:04Z', 'updated_at': '2024-10-10T16:20:04Z', 'revision_number': 1}, Subnet: {'id': '043cec5f-7756-46f4-af9c-a9df41394619', 'name': 'tempest-ServersTestJSON-428002239-subnet', 'tenant_id': 'fabfac74d5814af4a5e7537d1544ecff', 'network_id': 'c3e703c3-9fc7-49f6-9ad6-af863c7dbb50', 'ip_version': 4, 'subnetpool_id': None, 'enable_dhcp': True, 'ipv6_ra_mode': None, 'ipv6_address_mode': None, 'gateway_ip': '192.168.128.1', 'cidr': '192.168.128.0/28', 'allocation_pools': [{'start': '192.168.128.2', 'end': '192.168.128.14'}], 'host_routes': [], 'dns_nameservers': [], 'description': '', 'router:external': False, 'service_types': [], 'tags': [], 'created_at': '2024-10-10T16:20:05Z', 'updated_at': '2024-10-10T16:20:05Z', 'revision_number': 0, 'project_id': 'fabfac74d5814af4a5e7537d1544ecff'}, Router: {'id': 'ff1dccac-1e94-4aef-98a5-62727998b6ee', 'name': 'tempest-ServersTestJSON-428002239-router', 'tenant_id': 'fabfac74d5814af4a5e7537d1544ecff', 'admin_state_up': True, 'status': 'ACTIVE', 'external_gateway_info': {'network_id': '764bb1ed-afa0-4ccc-a713-b8a8fb01fbe0', 'external_fixed_ips': [{'subnet_id': 'ca3eef53-904c-4a5b-a6fb-586619a7c527', 'ip_address': '10.180.180.167'}], 'enable_snat': True}, 'description': '', 'availability_zones': [], 'distributed': False, 'ha': False, 'availability_zone_hints': [], 'routes': [], 'flavor_id': None, 'tags': [], 'created_at': '2024-10-10T16:20:06Z', 'updated_at': '2024-10-10T16:20:08Z', 'revision_number': 2, 'project_id': 'fabfac74d5814af4a5e7537d1544ecff'}
2024-10-10 16:20:12.636 62515 INFO tempest.lib.common.rest_client [req-d8de5fac-8475-47ce-9774-a1b3e9f2c323 req-d8de5fac-8475-47ce-9774-a1b3e9f2c323 ] Request (ServerActionsV293TestJSON:setUpClass): 200 GET http://10.180.1.21/volume/v3/volumes/54a8a184-2812-4030-8f3b-b2f9895782c0 0.034s
2024-10-10 16:20:12.654 62509 INFO tempest.lib.common.rest_client [req-aa439aac-49ea-4c50-bcf6-f43bdc48358f req-aa439aac-49ea-4c50-bcf6-f43bdc48358f ] Request (FlavorsV2NegativeTest:_run_cleanups): 204 DELETE http://10.180.1.21/image/v2/images/685b4d25-a8de-4099-bfc6-517020fd4653 0.066s
2024-10-10 16:20:12.673 62491 INFO tempest.lib.common.rest_client [req-bba2db8c-1883-4be2-9cca-c0e6b7b707b6 req-bba2db8c-1883-4be2-9cca-c0e6b7b707b6 ] Request (VolumesAdminNegativeTest:test_update_attached_volume_with_nonexistent_volume_in_body): 200 GET http://10.180.1.21/compute/v2.1/servers/219b937c-6979-4586-9273-a7ca1481a229 2.570s
2024-10-10 16:20:12.736 62487 INFO tempest.lib.common.rest_client [req-9f2ecce8-0eae-4042-8a31-12aab062a0d6 req-9f2ecce8-0eae-4042-8a31-12aab062a0d6 ] Request (ServersTestJSON:setUpClass): 201 POST http://10.180.1.21/identity/v3/auth/tokens 0.109s
2024-10-10 16:20:12.811 62519 INFO tempest.lib.common.rest_client [req-30d59acd-ebfb-498d-b69d-828aa758bbd7 req-30d59acd-ebfb-498d-b69d-828aa758bbd7 ] Request (ServersTestManualDisk:setUpClass): 200 POST http://10.180.1.21/compute/v2.1/os-keypairs 2.637s
2024-10-10 16:20:12.813 62509 INFO tempest.lib.common.rest_client [req-56f2c93a-25be-4bb8-b3d3-42cc56f5e8f3 req-56f2c93a-25be-4bb8-b3d3-42cc56f5e8f3 ] Request (FlavorsV2NegativeTest:tearDownClass): 204 DELETE http://10.180.1.21/identity/v3/users/c3a2d0543e694d98ba0b2bc224ea1172 0.158s
2024-10-10 16:20:12.815 62509 INFO tempest.lib.common.dynamic_creds [-] Deleting project and security group for project: 743e96deb3b048bbaa559d6432698c17
2024-10-10 16:20:12.877 62509 INFO tempest.lib.common.rest_client [req-28e5d169-1617-4e41-a307-09cdc8bfbe07 req-28e5d169-1617-4e41-a307-09cdc8bfbe07 ] Request (FlavorsV2NegativeTest:tearDownClass): 201 POST http://10.180.1.21/identity/v3/auth/tokens 0.062s
2024-10-10 16:20:12.917 62481 INFO tempest.lib.common.rest_client [req-9b4a32a0-c07f-48cb-9f25-29bd814d7c70 req-9b4a32a0-c07f-48cb-9f25-29bd814d7c70 ] Request (ServerDiagnosticsV248Test:tearDownClass): 200 GET http://10.180.1.21/compute/v2.1/servers/22370fe8-3188-41e6-ba58-3ed6df1622e9 2.734s
2024-10-10 16:20:12.926 62481 INFO tempest.common.waiters [-] State transition "ACTIVE/deleting" ==> "DELETED/None" after 6 second wait
2024-10-10 16:20:13.090 62485 INFO tempest.lib.common.rest_client [req-e689512f-c489-4c38-bcf2-5646cdf123ac req-e689512f-c489-4c38-bcf2-5646cdf123ac ] Request (ServerActionsTestOtherA:setUpClass): 200 POST http://10.180.1.21/compute/v2.1/os-keypairs 2.858s
2024-10-10 16:20:13.117 62519 INFO tempest.lib.common.rest_client [req-0f658fdb-8869-4020-b60b-4f5d5a90c1a1 req-0f658fdb-8869-4020-b60b-4f5d5a90c1a1 ] Request (ServersTestManualDisk:setUpClass): 201 POST http://10.180.1.21:9696/networking/v2.0/security-groups 0.304s
2024-10-10 16:20:13.135 62509 INFO tempest.lib.common.rest_client [req-1f8dcccf-c2cb-48aa-ba8a-8581b81ace65 req-1f8dcccf-c2cb-48aa-ba8a-8581b81ace65 ] Request (FlavorsV2NegativeTest:tearDownClass): 200 GET http://10.180.1.21:9696/networking/v2.0/security-groups?tenant_id=743e96deb3b048bbaa559d6432698c17&name=default 0.257s
2024-10-10 16:20:13.197 62517 INFO tempest.lib.common.rest_client [req-b086781a-d995-4afa-8990-c5506b65ee57 req-b086781a-d995-4afa-8990-c5506b65ee57 ] Request (FloatingIPsAssociationNegativeTestJSON:setUpClass): 200 GET http://10.180.1.21/compute/v2.1/servers/4cbc4419-f965-46ba-86e9-944f685ea003 2.952s
2024-10-10 16:20:13.204 62499 INFO tempest.lib.common.rest_client [req-ea2e6c4a-4a1a-4449-bb96-cdec0cf7a1c9 req-ea2e6c4a-4a1a-4449-bb96-cdec0cf7a1c9 ] Request (HostsAdminNegativeTestJSON:test_show_host_detail_with_non_admin_user): 403 GET http://10.180.1.21/compute/v2.1/os-hosts/devstack 2.909s
2024-10-10 16:20:13.210 62517 INFO tempest.common.waiters [-] State transition "BUILD/spawning" ==> "ERROR/None" after 40 second wait
2024-10-10 16:20:13.289 62529 INFO tempest.lib.common.rest_client [req-d84d18d5-108c-4d70-ae6e-fca3bd06580a req-d84d18d5-108c-4d70-ae6e-fca3bd06580a ] Request (ServersTestFqdnHostnames:test_create_server_with_fqdn_name): 200 POST http://10.180.1.21/compute/v2.1/os-keypairs 2.824s
2024-10-10 16:20:13.303 62485 INFO tempest.lib.common.rest_client [req-b4921a15-8e23-4130-9d87-6d5794d0226b req-b4921a15-8e23-4130-9d87-6d5794d0226b ] Request (ServerActionsTestOtherA:setUpClass): 201 POST http://10.180.1.21:9696/networking/v2.0/security-groups 0.212s
2024-10-10 16:20:13.312 62535 INFO tempest.lib.common.rest_client [req-dd802c6a-f18f-4ce7-b668-70680d47506d req-dd802c6a-f18f-4ce7-b668-70680d47506d ] Request (SecurityGroupRulesNegativeTestJSON:tearDownClass): 204 DELETE http://10.180.1.21:9696/networking/v2.0/routers/2aa7ad34-eb42-4230-9031-8a63b8d9cef6 0.738s
2024-10-10 16:20:13.423 62511 INFO tempest.lib.common.rest_client [req-cd8912e6-8eea-4c46-b415-3c103c201a80 req-cd8912e6-8eea-4c46-b415-3c103c201a80 ] Request (DeleteServersAdminTestJSON:test_delete_server_while_in_error_state): 200 GET http://10.180.1.21/compute/v2.1/servers/71607aaf-5f3d-410b-b1b9-c6cdbdc70b96 2.703s
2024-10-10 16:20:13.443 62529 INFO tempest.lib.common.rest_client [req-0d44687d-7391-48d1-aef3-6c4c8683f7f9 req-0d44687d-7391-48d1-aef3-6c4c8683f7f9 ] Request (ServersTestFqdnHostnames:test_create_server_with_fqdn_name): 201 POST http://10.180.1.21:9696/networking/v2.0/security-groups 0.152s
2024-10-10 16:20:13.493 62535 INFO tempest.lib.common.rest_client [req-9c0830e8-18fb-4583-8fc7-67e79d1be4e9 req-9c0830e8-18fb-4583-8fc7-67e79d1be4e9 ] Request (SecurityGroupRulesNegativeTestJSON:tearDownClass): 204 DELETE http://10.180.1.21:9696/networking/v2.0/subnets/86be59c9-7f08-48d8-8fa6-9330c1c7abcc 0.181s
2024-10-10 16:20:13.556 62519 INFO tempest.lib.common.rest_client [req-c8f16636-5a7f-49b9-8f03-d93f5b7340c1 req-c8f16636-5a7f-49b9-8f03-d93f5b7340c1 ] Request (ServersTestManualDisk:setUpClass): 201 POST http://10.180.1.21:9696/networking/v2.0/security-group-rules 0.439s
2024-10-10 16:20:13.640 62529 INFO tempest.lib.common.rest_client [req-640cd3c6-d12a-4d7c-99a7-1e5a4ae2d9e9 req-640cd3c6-d12a-4d7c-99a7-1e5a4ae2d9e9 ] Request (ServersTestFqdnHostnames:test_create_server_with_fqdn_name): 201 POST http://10.180.1.21:9696/networking/v2.0/security-group-rules 0.196s
2024-10-10 16:20:13.642 62509 INFO tempest.lib.common.rest_client [req-cba821a0-283b-4826-ae68-8639cba3116d req-cba821a0-283b-4826-ae68-8639cba3116d ] Request (FlavorsV2NegativeTest:tearDownClass): 204 DELETE http://10.180.1.21:9696/networking/v2.0/security-groups/4dca87fc-4381-474a-b963-cd73a7643542 0.507s
2024-10-10 16:20:13.681 62515 INFO tempest.lib.common.rest_client [req-f4e7984b-f0a3-4a43-bc0f-18c57ee4fcef req-f4e7984b-f0a3-4a43-bc0f-18c57ee4fcef ] Request (ServerActionsV293TestJSON:setUpClass): 200 GET http://10.180.1.21/volume/v3/volumes/54a8a184-2812-4030-8f3b-b2f9895782c0 0.032s
2024-10-10 16:20:13.734 62509 INFO tempest.lib.common.rest_client [req-fc0a7c1d-2820-47ea-b6f0-e5d019b6dd30 req-fc0a7c1d-2820-47ea-b6f0-e5d019b6dd30 ] Request (FlavorsV2NegativeTest:tearDownClass): 204 DELETE http://10.180.1.21/identity/v3/projects/743e96deb3b048bbaa559d6432698c17 0.091s
2024-10-10 16:20:13.769 62485 INFO tempest.lib.common.rest_client [req-13a39a06-a9f7-4849-8a7c-522ed81ff195 req-13a39a06-a9f7-4849-8a7c-522ed81ff195 ] Request (ServerActionsTestOtherA:setUpClass): 201 POST http://10.180.1.21:9696/networking/v2.0/security-group-rules 0.465s
2024-10-10 16:20:13.770 62519 INFO tempest.lib.common.rest_client [req-d5d89d8f-9a85-47a1-9491-54741f075a03 req-d5d89d8f-9a85-47a1-9491-54741f075a03 ] Request (ServersTestManualDisk:setUpClass): 201 POST http://10.180.1.21:9696/networking/v2.0/security-group-rules 0.213s
2024-10-10 16:20:13.815 62509 INFO tempest.lib.common.rest_client [req-492a9419-dfaf-47d1-80a1-1134474eef2b req-492a9419-dfaf-47d1-80a1-1134474eef2b ] Request (AbsoluteLimitsTestJSON:setUpClass): 201 POST http://10.180.1.21/identity/v3/auth/tokens 0.080s
2024-10-10 16:20:13.847 62509 INFO tempest.lib.common.rest_client [req-3e8f43ff-91a2-426d-b057-4c15a7ab81ca req-3e8f43ff-91a2-426d-b057-4c15a7ab81ca ] Request (AbsoluteLimitsTestJSON:setUpClass): 201 POST http://10.180.1.21/identity/v3/auth/tokens 0.028s
2024-10-10 16:20:13.872 62509 INFO tempest.lib.common.rest_client [req-416c2292-2a00-4717-a03a-13bb65933dee req-416c2292-2a00-4717-a03a-13bb65933dee ] Request (AbsoluteLimitsTestJSON:setUpClass): 200 GET http://10.180.1.21/identity/v3/domains?name=Default 0.024s
2024-10-10 16:20:13.898 62509 INFO tempest.lib.common.rest_client [req-ffcd70c2-43be-4eea-9c89-ac012ce5e549 req-ffcd70c2-43be-4eea-9c89-ac012ce5e549 ] Request (AbsoluteLimitsTestJSON:setUpClass): 201 POST http://10.180.1.21/identity/v3/projects 0.025s
2024-10-10 16:20:13.966 62509 INFO tempest.lib.common.rest_client [req-07331842-6816-47b0-9c23-f13cd6369edb req-07331842-6816-47b0-9c23-f13cd6369edb ] Request (AbsoluteLimitsTestJSON:setUpClass): 201 POST http://10.180.1.21/identity/v3/users 0.068s
2024-10-10 16:20:13.986 62509 INFO tempest.lib.common.rest_client [req-a1a233ab-9d75-4671-83a4-3b725552069d req-a1a233ab-9d75-4671-83a4-3b725552069d ] Request (AbsoluteLimitsTestJSON:setUpClass): 200 GET http://10.180.1.21/identity/v3/roles 0.020s
2024-10-10 16:20:14.008 62501 INFO tempest.lib.common.rest_client [req-d9fe439c-8f39-408a-8111-359ee80c24bd req-d9fe439c-8f39-408a-8111-359ee80c24bd ] Request (SecurityGroupsTestAdminJSON:test_list_security_groups_list_all_tenants_filter): 200 GET http://10.180.1.21/compute/v2.1/os-security-groups?all_tenants=true 10.956s
2024-10-10 16:20:14.012 62523 INFO tempest.lib.common.rest_client [req-f740c0bd-8591-489b-bc52-3ad4b64fe7db req-f740c0bd-8591-489b-bc52-3ad4b64fe7db ] Request (SecurityGroupRulesTestJSON:test_security_group_rules_create): 200 POST http://10.180.1.21/compute/v2.1/os-security-group-rules 3.207s
2024-10-10 16:20:14.025 62509 INFO tempest.lib.common.rest_client [req-afc1d1ae-61d0-4938-a80b-d313fecd5d58 req-afc1d1ae-61d0-4938-a80b-d313fecd5d58 ] Request (AbsoluteLimitsTestJSON:setUpClass): 204 PUT http://10.180.1.21/identity/v3/projects/a1b8b47d46994b43867116cd9bfc4650/users/533b6784a0004b99811d26e5b33a3e8c/roles/95831a5b058940418b5d36ee61455d6a 0.038s
2024-10-10 16:20:14.025 62509 INFO tempest.lib.common.dynamic_creds [-] Dynamic test user 533b6784a0004b99811d26e5b33a3e8c is created with scope project and roles: ['member']
2024-10-10 16:20:14.025 62509 INFO tempest.lib.common.dynamic_creds [-] Acquired dynamic creds: credentials: Credentials: {'domain_id': 'default', 'domain_name': 'Default', 'username': 'tempest-AbsoluteLimitsTestJSON-343869250-project-member', 'project_domain_id': 'default', 'project_domain_name': 'Default', 'project_id': 'a1b8b47d46994b43867116cd9bfc4650', 'project_name': 'tempest-AbsoluteLimitsTestJSON-343869250', 'tenant_id': 'a1b8b47d46994b43867116cd9bfc4650', 'tenant_name': 'tempest-AbsoluteLimitsTestJSON-343869250', 'user_domain_id': 'default', 'user_domain_name': 'Default', 'user_id': '533b6784a0004b99811d26e5b33a3e8c', 'system': None}, Network: None, Subnet: None, Router: None
2024-10-10 16:20:14.025 62509 INFO tempest.lib.common.dynamic_creds [-] Created isolated network resources for: credentials: Credentials: {'domain_id': 'default', 'domain_name': 'Default', 'username': 'tempest-AbsoluteLimitsTestJSON-343869250-project-member', 'project_domain_id': 'default', 'project_domain_name': 'Default', 'project_id': 'a1b8b47d46994b43867116cd9bfc4650', 'project_name': 'tempest-AbsoluteLimitsTestJSON-343869250', 'tenant_id': 'a1b8b47d46994b43867116cd9bfc4650', 'tenant_name': 'tempest-AbsoluteLimitsTestJSON-343869250', 'user_domain_id': 'default', 'user_domain_name': 'Default', 'user_id': '533b6784a0004b99811d26e5b33a3e8c', 'system': None}, Network: None, Subnet: None, Router: None
2024-10-10 16:20:14.028 62529 INFO tempest.lib.common.rest_client [req-da599bf3-681f-45db-b6d6-a3dc9e92e47c req-da599bf3-681f-45db-b6d6-a3dc9e92e47c ] Request (ServersTestFqdnHostnames:test_create_server_with_fqdn_name): 201 POST http://10.180.1.21:9696/networking/v2.0/security-group-rules 0.388s
2024-10-10 16:20:14.108 62495 INFO tempest.lib.common.rest_client [req-96a0d34a-6d64-4bb0-8d52-3e7b3b02b77a req-96a0d34a-6d64-4bb0-8d52-3e7b3b02b77a ] Request (ServerExternalEventsTest:test_create_server_external_events): 200 GET http://10.180.1.21/compute/v2.1/servers/16f116fe-9e0d-4f16-bed8-cd3bc1f4b6db 3.284s
2024-10-10 16:20:14.110 62483 INFO tempest.lib.common.rest_client [req-6276e915-09c3-4768-bbcb-83d6be65f1d8 req-6276e915-09c3-4768-bbcb-83d6be65f1d8 ] Request (MigrationsAdminTest:test_list_migrations_in_flavor_resize_situation): 200 GET http://10.180.1.21/compute/v2.1/servers/0ebb6fe8-89eb-4d4a-9a87-3bc20a0c8f07 3.199s
2024-10-10 16:20:14.124 62509 INFO tempest.lib.common.rest_client [req-850090a8-8fa2-488e-bfb4-a948c32a6632 req-850090a8-8fa2-488e-bfb4-a948c32a6632 ] Request (AbsoluteLimitsTestJSON:setUpClass): 201 POST http://10.180.1.21/identity/v3/auth/tokens 0.094s
2024-10-10 16:20:14.168 62535 INFO tempest.lib.common.rest_client [req-d4f12f34-6fb8-417c-afa1-1cc973d39915 req-d4f12f34-6fb8-417c-afa1-1cc973d39915 ] Request (SecurityGroupRulesNegativeTestJSON:tearDownClass): 204 DELETE http://10.180.1.21:9696/networking/v2.0/networks/45d84c0a-8813-4e8f-9f34-41f0334ce722 0.674s
2024-10-10 16:20:14.187 62485 INFO tempest.lib.common.rest_client [req-03084e86-4e76-45bb-9f25-810ebd5918c2 req-03084e86-4e76-45bb-9f25-810ebd5918c2 ] Request (ServerActionsTestOtherA:setUpClass): 201 POST http://10.180.1.21:9696/networking/v2.0/security-group-rules 0.417s
2024-10-10 16:20:14.188 62527 INFO tempest.lib.common.rest_client [req-f5b3820b-d169-4feb-8aec-aa1b82177c9e req-f5b3820b-d169-4feb-8aec-aa1b82177c9e ] Request (AttachInterfacesTestJSON:test_create_list_show_delete_interfaces_by_fixed_ip): 200 GET http://10.180.1.21/compute/v2.1/servers/39ea0d9f-2d23-4b98-a407-48d92173cc60 3.190s
2024-10-10 16:20:14.279 62537 INFO tempest.lib.common.rest_client [req-4f39f874-c654-48c7-89f5-397551e85245 req-4f39f874-c654-48c7-89f5-397551e85245 ] Request (QuotasAdminTestV257:test_get_updated_quotas): 200 GET http://10.180.1.21/compute/v2.1/os-quota-sets/7c651c03a8e949c797f52f7bafd25f53?user_id=10d8b13e0e99453d80affdf3ef3fd74a 3.361s
2024-10-10 16:20:14.303 62505 INFO tempest.lib.common.rest_client [req-8821d92e-9c29-4a41-a09a-9fa9bfacb6f4 req-8821d92e-9c29-4a41-a09a-9fa9bfacb6f4 ] Request (ServersAdminNegativeTestJSON:setUpClass): 200 GET http://10.180.1.21/compute/v2.1/servers/84c7091d-2db6-47b2-bc19-c339ca5ed062 3.012s
2024-10-10 16:20:14.312 62505 INFO tempest.common.waiters [-] State transition "BUILD/spawning" ==> "ERROR/None" after 43 second wait
2024-10-10 16:20:14.339 62535 INFO tempest.lib.common.rest_client [req-1c8335c6-11fd-44bc-ab9a-de42d2aeaf5e req-1c8335c6-11fd-44bc-ab9a-de42d2aeaf5e ] Request (SecurityGroupRulesNegativeTestJSON:tearDownClass): 204 DELETE http://10.180.1.21/identity/v3/users/6dee8555464f409f8982269be2e27c82 0.171s
2024-10-10 16:20:14.339 62535 INFO tempest.lib.common.dynamic_creds [-] Deleting project and security group for project: 47aa13047d4e47e487584e50ccd2c7af
2024-10-10 16:20:14.421 62535 INFO tempest.lib.common.rest_client [req-43a1aba7-6168-4ce7-98aa-5ec8c12a323d req-43a1aba7-6168-4ce7-98aa-5ec8c12a323d ] Request (SecurityGroupRulesNegativeTestJSON:tearDownClass): 200 GET http://10.180.1.21:9696/networking/v2.0/security-groups?tenant_id=47aa13047d4e47e487584e50ccd2c7af&name=default 0.082s
2024-10-10 16:20:14.432 62537 INFO tempest.lib.common.rest_client [req-2445d88a-6f12-4de5-a8ae-d6c269a38cc1 req-2445d88a-6f12-4de5-a8ae-d6c269a38cc1 ] Request (QuotasAdminTestV257:_run_cleanups): 204 DELETE http://10.180.1.21/identity/v3/users/10d8b13e0e99453d80affdf3ef3fd74a 0.151s
2024-10-10 16:20:14.570 62503 INFO tempest.lib.common.rest_client [req-1362f98a-423a-4bf4-ac10-1eaf0663c31f req-1362f98a-423a-4bf4-ac10-1eaf0663c31f ] Request (SecurityGroupsTestJSON:test_list_security_groups_by_server): 200 GET http://10.180.1.21/compute/v2.1/servers/a2f583a4-5558-4438-863c-90174786c664 3.175s
2024-10-10 16:20:14.581 62503 INFO tempest.common.waiters [-] State transition "BUILD/scheduling" ==> "BUILD/None" after 24 second wait
2024-10-10 16:20:14.625 62535 INFO tempest.lib.common.rest_client [req-7bca91b2-d406-410a-a6c0-a7e6a8b1e7de req-7bca91b2-d406-410a-a6c0-a7e6a8b1e7de ] Request (SecurityGroupRulesNegativeTestJSON:tearDownClass): 204 DELETE http://10.180.1.21:9696/networking/v2.0/security-groups/c946b986-b6dd-46e3-9e93-89aae204a7a6 0.203s
2024-10-10 16:20:14.627 62537 INFO tempest.lib.common.rest_client [req-2db810da-ed5d-4f56-8ed1-e0c19f0f0598 req-2db810da-ed5d-4f56-8ed1-e0c19f0f0598 ] Request (QuotasAdminTestV257:_run_cleanups): 204 DELETE http://10.180.1.21/identity/v3/projects/7c651c03a8e949c797f52f7bafd25f53 0.194s
2024-10-10 16:20:14.662 62513 INFO tempest.lib.common.rest_client [req-a319e3e4-9753-457c-a63e-23b98d828a83 req-a319e3e4-9753-457c-a63e-23b98d828a83 ] Request (VolumesAssistedSnapshotsTest:test_volume_assisted_snapshot_create_delete): 200 GET http://10.180.1.21/compute/v2.1/servers/c40ffe4c-6fdd-420b-aa4b-6e58c2ad2557 2.570s
2024-10-10 16:20:14.677 62531 INFO tempest.lib.common.rest_client [req-e560a5b7-8e5c-4e6d-8c54-fee46a810dbb req-e560a5b7-8e5c-4e6d-8c54-fee46a810dbb ] Request (ListServersNegativeTestJSON:setUpClass): 200 PUT http://10.180.1.21:9696/networking/v2.0/routers/e69fe701-ee09-4a7f-b788-d0a19d0ea2ae/add_router_interface 3.391s
2024-10-10 16:20:14.678 62531 INFO tempest.lib.common.dynamic_creds [-] Created isolated network resources for: credentials: Credentials: {'domain_id': 'default', 'domain_name': 'Default', 'username': 'tempest-ListServersNegativeTestJSON-1009380132-project-member', 'project_domain_id': 'default', 'project_domain_name': 'Default', 'project_id': '801ddd19ddd64af7b823cca97c452b92', 'project_name': 'tempest-ListServersNegativeTestJSON-1009380132', 'tenant_id': '801ddd19ddd64af7b823cca97c452b92', 'tenant_name': 'tempest-ListServersNegativeTestJSON-1009380132', 'user_domain_id': 'default', 'user_domain_name': 'Default', 'user_id': '03292087d6034c59b1bfaef0a08b3c7d', 'system': None}, Network: {'id': 'd869e67e-0edb-46d4-b6d5-02c95c6ace1a', 'name': 'tempest-ListServersNegativeTestJSON-1996114563-network', 'tenant_id': '801ddd19ddd64af7b823cca97c452b92', 'admin_state_up': True, 'mtu': 8950, 'status': 'ACTIVE', 'subnets': [], 'shared': False, 'project_id': '801ddd19ddd64af7b823cca97c452b92', 'port_security_enabled': True, 'router:external': False, 'provider:network_type': 'vlan', 'provider:physical_network': 'default', 'provider:segmentation_id': 959, 'is_default': False, 'availability_zone_hints': [], 'availability_zones': [], 'ipv4_address_scope': None, 'ipv6_address_scope': None, 'description': '', 'tags': [], 'created_at': '2024-10-10T16:20:08Z', 'updated_at': '2024-10-10T16:20:08Z', 'revision_number': 1}, Subnet: {'id': '79aafbc4-756a-4f58-8a07-9ba4877047cc', 'name': 'tempest-ListServersNegativeTestJSON-1996114563-subnet', 'tenant_id': '801ddd19ddd64af7b823cca97c452b92', 'network_id': 'd869e67e-0edb-46d4-b6d5-02c95c6ace1a', 'ip_version': 4, 'subnetpool_id': None, 'enable_dhcp': True, 'ipv6_ra_mode': None, 'ipv6_address_mode': None, 'gateway_ip': '192.168.128.1', 'cidr': '192.168.128.0/28', 'allocation_pools': [{'start': '192.168.128.2', 'end': '192.168.128.14'}], 'host_routes': [], 'dns_nameservers': [], 'description': '', 'router:external': False, 'service_types': [], 'tags': [], 'created_at': '2024-10-10T16:20:08Z', 'updated_at': '2024-10-10T16:20:08Z', 'revision_number': 0, 'project_id': '801ddd19ddd64af7b823cca97c452b92'}, Router: {'id': 'e69fe701-ee09-4a7f-b788-d0a19d0ea2ae', 'name': 'tempest-ListServersNegativeTestJSON-1996114563-router', 'tenant_id': '801ddd19ddd64af7b823cca97c452b92', 'admin_state_up': True, 'status': 'ACTIVE', 'external_gateway_info': {'network_id': '764bb1ed-afa0-4ccc-a713-b8a8fb01fbe0', 'external_fixed_ips': [{'subnet_id': 'ca3eef53-904c-4a5b-a6fb-586619a7c527', 'ip_address': '10.180.180.137'}], 'enable_snat': True}, 'description': '', 'availability_zones': [], 'distributed': False, 'ha': False, 'availability_zone_hints': [], 'routes': [], 'flavor_id': None, 'tags': [], 'created_at': '2024-10-10T16:20:09Z', 'updated_at': '2024-10-10T16:20:10Z', 'revision_number': 2, 'project_id': '801ddd19ddd64af7b823cca97c452b92'}
2024-10-10 16:20:14.733 62515 INFO tempest.lib.common.rest_client [req-64d383d4-e415-46fc-a7b7-2a7c434fc58a req-64d383d4-e415-46fc-a7b7-2a7c434fc58a ] Request (ServerActionsV293TestJSON:setUpClass): 200 GET http://10.180.1.21/volume/v3/volumes/54a8a184-2812-4030-8f3b-b2f9895782c0 0.044s
2024-10-10 16:20:14.756 62519 INFO tempest.lib.common.rest_client [req-a1ec3535-7806-4ec8-ad0c-5e1d2524e277 req-a1ec3535-7806-4ec8-ad0c-5e1d2524e277 ] Request (ServersTestManualDisk:setUpClass): 201 POST http://10.180.1.21:9696/networking/v2.0/floatingips 0.986s
2024-10-10 16:20:14.763 62535 INFO tempest.lib.common.rest_client [req-d573d26b-72ea-48f7-83ed-d932c7841e3f req-d573d26b-72ea-48f7-83ed-d932c7841e3f ] Request (SecurityGroupRulesNegativeTestJSON:tearDownClass): 204 DELETE http://10.180.1.21/identity/v3/projects/47aa13047d4e47e487584e50ccd2c7af 0.137s
2024-10-10 16:20:14.763 62537 INFO tempest.lib.common.rest_client [req-2345690f-55ed-4032-b8cc-43434fe4b406 req-2345690f-55ed-4032-b8cc-43434fe4b406 ] Request (QuotasAdminTestV257:tearDownClass): 204 DELETE http://10.180.1.21/identity/v3/users/699684fe1cbf4f5ebada1b7e46233c51 0.135s
2024-10-10 16:20:14.769 62539 INFO tempest.lib.common.rest_client [req-fbc21d71-f08b-46a8-8e22-1ce7de0af3e0 req-fbc21d71-f08b-46a8-8e22-1ce7de0af3e0 ] Request (DeleteServersTestJSON:test_delete_active_server): 200 GET http://10.180.1.21/compute/v2.1/servers/8de4fffb-7ff1-434f-bd30-03bf766a3801 2.591s
2024-10-10 16:20:14.850 62519 INFO tempest.lib.common.rest_client [req-70d9ad72-ad7f-4a6f-948d-3a5c4e33dada req-70d9ad72-ad7f-4a6f-948d-3a5c4e33dada ] Request (ServersTestManualDisk:setUpClass): 201 POST http://10.180.1.21/identity/v3/auth/tokens 0.090s
2024-10-10 16:20:14.851 62519 INFO tempest.lib.common.fixed_network [-] (ServersTestManualDisk:setUpClass) Found network {'id': '47e84175-b7f4-416b-8231-dd7549773b4b', 'name': 'tempest-ServersTestManualDisk-113454395-network', 'tenant_id': '98282202eb2d4c0ba6ea1b22a299cf0e', 'admin_state_up': True, 'mtu': 8950, 'status': 'ACTIVE', 'subnets': [], 'shared': False, 'project_id': '98282202eb2d4c0ba6ea1b22a299cf0e', 'port_security_enabled': True, 'router:external': False, 'provider:network_type': 'vlan', 'provider:physical_network': 'default', 'provider:segmentation_id': 99, 'is_default': False, 'availability_zone_hints': [], 'availability_zones': [], 'ipv4_address_scope': None, 'ipv6_address_scope': None, 'description': '', 'tags': [], 'created_at': '2024-10-10T16:20:01Z', 'updated_at': '2024-10-10T16:20:01Z', 'revision_number': 1} available for tenant
2024-10-10 16:20:14.860 62531 INFO tempest.lib.common.rest_client [req-be010173-8dfc-4d79-abe6-7ae1e1fa8127 req-be010173-8dfc-4d79-abe6-7ae1e1fa8127 ] Request (ListServersNegativeTestJSON:setUpClass): 201 POST http://10.180.1.21/identity/v3/auth/tokens 0.176s
2024-10-10 16:20:14.881 62497 INFO tempest.lib.common.rest_client [req-5f6f0340-6798-402a-bd2b-74d08678ecba req-5f6f0340-6798-402a-bd2b-74d08678ecba ] Request (ServersAdminTestJSON:setUpClass): 200 GET http://10.180.1.21/compute/v2.1/servers/d3070dc9-6b33-46a6-b93b-a9b6dcc431f9 2.625s
2024-10-10 16:20:14.889 62535 INFO tempest.lib.common.rest_client [req-8b712a27-96c4-4f63-8b52-6c8ff976324b req-8b712a27-96c4-4f63-8b52-6c8ff976324b ] Request (ExtensionsTest:setUpClass): 201 POST http://10.180.1.21/identity/v3/auth/tokens 0.124s
2024-10-10 16:20:14.915 62531 INFO tempest.lib.common.rest_client [req-c3457531-3520-4165-96c3-6d9fe92af860 req-c3457531-3520-4165-96c3-6d9fe92af860 ] Request (ListServersNegativeTestJSON:setUpClass): 201 POST http://10.180.1.21/identity/v3/auth/tokens 0.049s
2024-10-10 16:20:14.916 62531 INFO tempest.lib.common.fixed_network [-] (ListServersNegativeTestJSON:setUpClass) Found network {'id': 'd869e67e-0edb-46d4-b6d5-02c95c6ace1a', 'name': 'tempest-ListServersNegativeTestJSON-1996114563-network', 'tenant_id': '801ddd19ddd64af7b823cca97c452b92', 'admin_state_up': True, 'mtu': 8950, 'status': 'ACTIVE', 'subnets': [], 'shared': False, 'project_id': '801ddd19ddd64af7b823cca97c452b92', 'port_security_enabled': True, 'router:external': False, 'provider:network_type': 'vlan', 'provider:physical_network': 'default', 'provider:segmentation_id': 959, 'is_default': False, 'availability_zone_hints': [], 'availability_zones': [], 'ipv4_address_scope': None, 'ipv6_address_scope': None, 'description': '', 'tags': [], 'created_at': '2024-10-10T16:20:08Z', 'updated_at': '2024-10-10T16:20:08Z', 'revision_number': 1} available for tenant
2024-10-10 16:20:14.920 62533 INFO tempest.lib.common.rest_client [req-9ebd323d-1e59-4b79-bfd9-e315056289f6 req-9ebd323d-1e59-4b79-bfd9-e315056289f6 ] Request (FloatingIPDetailsNegativeTestJSON:tearDownClass): 200 PUT http://10.180.1.21:9696/networking/v2.0/routers/702b8d66-10f8-4133-b9e4-a1a17f4bf85d/remove_router_interface 2.883s
2024-10-10 16:20:14.950 62537 INFO tempest.lib.common.rest_client [req-8406c956-4c0a-4fba-b23b-b19c5ab3cdfe req-8406c956-4c0a-4fba-b23b-b19c5ab3cdfe ] Request (QuotasAdminTestV257:tearDownClass): 204 DELETE http://10.180.1.21/identity/v3/users/4f1a9cbb785f44dcb8990e7ede422b4e 0.187s
2024-10-10 16:20:14.950 62537 INFO tempest.lib.common.dynamic_creds [-] Deleting project and security group for project: 3dd61d7fbaf244b38ce8a867a3557493
2024-10-10 16:20:14.968 62522 INFO tempest.lib.common.rest_client [req-6436ba33-b727-44bb-8474-3afd107d1e8d req-6436ba33-b727-44bb-8474-3afd107d1e8d ] Request (ServersWithSpecificFlavorTestJSON:test_verify_created_server_ephemeral_disk): 200 GET http://10.180.1.21/compute/v2.1/servers/7b5754cf-73fd-46a5-a635-c346ed17a8a9 2.616s
2024-10-10 16:20:14.976 62535 INFO tempest.lib.common.rest_client [req-40dd98ed-f648-4523-8865-b944e63fbc66 req-40dd98ed-f648-4523-8865-b944e63fbc66 ] Request (ExtensionsTest:setUpClass): 201 POST http://10.180.1.21/identity/v3/auth/tokens 0.080s
2024-10-10 16:20:15.005 62537 INFO tempest.lib.common.rest_client [req-62ff6a24-2c0d-4ee8-993d-7ba32119957e req-62ff6a24-2c0d-4ee8-993d-7ba32119957e ] Request (QuotasAdminTestV257:tearDownClass): 201 POST http://10.180.1.21/identity/v3/auth/tokens 0.054s
2024-10-10 16:20:15.028 62535 INFO tempest.lib.common.rest_client [req-68271636-bed3-48ce-a94a-921974e120b5 req-68271636-bed3-48ce-a94a-921974e120b5 ] Request (ExtensionsTest:setUpClass): 200 GET http://10.180.1.21/identity/v3/domains?name=Default 0.051s
2024-10-10 16:20:15.054 62543 INFO tempest.lib.common.rest_client [req-924c3e79-2614-4ed6-ab9c-f430eca663e9 req-924c3e79-2614-4ed6-ab9c-f430eca663e9 ] Request (FloatingIPsAssociationTestJSON:setUpClass): 200 GET http://10.180.1.21/compute/v2.1/servers/a56f16f6-1884-413c-a19d-ab853fc61514 2.630s
2024-10-10 16:20:15.064 62535 INFO tempest.lib.common.rest_client [req-6e31f97d-a12b-4b5f-856e-2372f9b25a34 req-6e31f97d-a12b-4b5f-856e-2372f9b25a34 ] Request (ExtensionsTest:setUpClass): 201 POST http://10.180.1.21/identity/v3/projects 0.035s
2024-10-10 16:20:15.121 62535 INFO tempest.lib.common.rest_client [req-0e8fa967-ea50-4da6-a908-0a094bfafd22 req-0e8fa967-ea50-4da6-a908-0a094bfafd22 ] Request (ExtensionsTest:setUpClass): 201 POST http://10.180.1.21/identity/v3/users 0.057s
2024-10-10 16:20:15.140 62535 INFO tempest.lib.common.rest_client [req-7cb96aa2-58bd-4e4c-8497-0348fb5ee88e req-7cb96aa2-58bd-4e4c-8497-0348fb5ee88e ] Request (ExtensionsTest:setUpClass): 200 GET http://10.180.1.21/identity/v3/roles 0.018s
2024-10-10 16:20:15.168 62535 INFO tempest.lib.common.rest_client [req-3d1eedd5-51bc-40d7-9da6-0879e1dd5cc5 req-3d1eedd5-51bc-40d7-9da6-0879e1dd5cc5 ] Request (ExtensionsTest:setUpClass): 204 PUT http://10.180.1.21/identity/v3/projects/8ce440d9ecc64f248094a6fecc0d0da8/users/3d932bb2c4d6429ca37a1154ce8c44b9/roles/95831a5b058940418b5d36ee61455d6a 0.027s
2024-10-10 16:20:15.168 62535 INFO tempest.lib.common.dynamic_creds [-] Dynamic test user 3d932bb2c4d6429ca37a1154ce8c44b9 is created with scope project and roles: ['member']
2024-10-10 16:20:15.168 62535 INFO tempest.lib.common.dynamic_creds [-] Acquired dynamic creds: credentials: Credentials: {'domain_id': 'default', 'domain_name': 'Default', 'username': 'tempest-ExtensionsTest-524102136-project-member', 'project_domain_id': 'default', 'project_domain_name': 'Default', 'project_id': '8ce440d9ecc64f248094a6fecc0d0da8', 'project_name': 'tempest-ExtensionsTest-524102136', 'tenant_id': '8ce440d9ecc64f248094a6fecc0d0da8', 'tenant_name': 'tempest-ExtensionsTest-524102136', 'user_domain_id': 'default', 'user_domain_name': 'Default', 'user_id': '3d932bb2c4d6429ca37a1154ce8c44b9', 'system': None}, Network: None, Subnet: None, Router: None
2024-10-10 16:20:15.169 62535 INFO tempest.lib.common.dynamic_creds [-] Created isolated network resources for: credentials: Credentials: {'domain_id': 'default', 'domain_name': 'Default', 'username': 'tempest-ExtensionsTest-524102136-project-member', 'project_domain_id': 'default', 'project_domain_name': 'Default', 'project_id': '8ce440d9ecc64f248094a6fecc0d0da8', 'project_name': 'tempest-ExtensionsTest-524102136', 'tenant_id': '8ce440d9ecc64f248094a6fecc0d0da8', 'tenant_name': 'tempest-ExtensionsTest-524102136', 'user_domain_id': 'default', 'user_domain_name': 'Default', 'user_id': '3d932bb2c4d6429ca37a1154ce8c44b9', 'system': None}, Network: None, Subnet: None, Router: None
2024-10-10 16:20:15.197 62487 INFO tempest.lib.common.rest_client [req-67c030df-6e01-4d59-b76a-45009e2bf9e5 req-67c030df-6e01-4d59-b76a-45009e2bf9e5 ] Request (ServersTestJSON:setUpClass): 200 POST http://10.180.1.21/compute/v2.1/os-keypairs 2.458s
2024-10-10 16:20:15.201 62537 INFO tempest.lib.common.rest_client [req-2e732db0-824d-4474-8eb1-97de9fd92dd3 req-2e732db0-824d-4474-8eb1-97de9fd92dd3 ] Request (QuotasAdminTestV257:tearDownClass): 200 GET http://10.180.1.21:9696/networking/v2.0/security-groups?tenant_id=3dd61d7fbaf244b38ce8a867a3557493&name=default 0.196s
2024-10-10 16:20:15.254 62535 INFO tempest.lib.common.rest_client [req-52b6f97a-9cc5-490b-af7e-1f0e7d92048c req-52b6f97a-9cc5-490b-af7e-1f0e7d92048c ] Request (ExtensionsTest:setUpClass): 201 POST http://10.180.1.21/identity/v3/auth/tokens 0.081s
2024-10-10 16:20:15.286 62507 INFO tempest.lib.common.rest_client [req-9979a183-f76d-424d-bc70-4e2493fc1352 req-9979a183-f76d-424d-bc70-4e2493fc1352 ] Request (ServerDiagnosticsTest:test_get_server_diagnostics): 200 GET http://10.180.1.21/compute/v2.1/servers/ec42d208-e34e-4c8f-834a-07913824e6ea 2.401s
2024-10-10 16:20:15.297 62487 INFO tempest.lib.common.rest_client [req-0a13ffd5-4848-457f-9497-8ed9978eb447 req-0a13ffd5-4848-457f-9497-8ed9978eb447 ] Request (ServersTestJSON:setUpClass): 201 POST http://10.180.1.21:9696/networking/v2.0/security-groups 0.098s
2024-10-10 16:20:15.376 62526 INFO tempest.lib.common.rest_client [req-0136ce6d-4421-4922-976c-4e22c597f7a8 req-0136ce6d-4421-4922-976c-4e22c597f7a8 ] Request (ImagesTestJSON:test_create_image_from_stopped_server): 200 GET http://10.180.1.21/compute/v2.1/servers/d26249f7-dad2-4160-bdc1-bb629fb696d8 2.405s
2024-10-10 16:20:15.383 62526 INFO tempest.common.waiters [-] State transition "BUILD/scheduling" ==> "BUILD/None" after 23 second wait
2024-10-10 16:20:15.408 62487 INFO tempest.lib.common.rest_client [req-4e5db05f-464e-4349-8095-d3e3eb12df7c req-4e5db05f-464e-4349-8095-d3e3eb12df7c ] Request (ServersTestJSON:setUpClass): 201 POST http://10.180.1.21:9696/networking/v2.0/security-group-rules 0.111s
2024-10-10 16:20:15.457 62493 INFO tempest.lib.common.rest_client [req-ce8cf341-3df1-4708-a051-c481d22a083d req-ce8cf341-3df1-4708-a051-c481d22a083d ] Request (ListImageFiltersTestJSON:setUpClass): 200 GET http://10.180.1.21/compute/v2.1/servers/2b98a191-071d-42a9-ba65-00ad310fb788 2.326s
2024-10-10 16:20:15.471 62499 INFO tempest.lib.common.rest_client [req-48061ccd-4261-491b-84bf-74226fa677f0 req-48061ccd-4261-491b-84bf-74226fa677f0 ] Request (HostsAdminNegativeTestJSON:test_show_host_detail_with_nonexistent_hostname): 404 GET http://10.180.1.21/compute/v2.1/os-hosts/nonexistent_hostname 2.265s
2024-10-10 16:20:15.494 62489 INFO tempest.lib.common.rest_client [req-23e887b4-6278-4c04-a0c8-d266f4d9d0a1 req-23e887b4-6278-4c04-a0c8-d266f4d9d0a1 ] Request (AttachInterfacesUnderV243Test:test_add_remove_fixed_ip): 202 POST http://10.180.1.21/compute/v2.1/servers 3.702s
2024-10-10 16:20:15.514 62487 INFO tempest.lib.common.rest_client [req-224f1f44-f98b-4918-95af-7d319b813c3a req-224f1f44-f98b-4918-95af-7d319b813c3a ] Request (ServersTestJSON:setUpClass): 201 POST http://10.180.1.21:9696/networking/v2.0/security-group-rules 0.106s
2024-10-10 16:20:15.589 62491 INFO tempest.lib.common.rest_client [req-ef982aa4-0364-42c8-9c9a-a43a2c93a0a5 req-ef982aa4-0364-42c8-9c9a-a43a2c93a0a5 ] Request (VolumesAdminNegativeTest:test_update_attached_volume_with_nonexistent_volume_in_body): 200 GET http://10.180.1.21/compute/v2.1/servers/219b937c-6979-4586-9273-a7ca1481a229 1.896s
2024-10-10 16:20:15.611 62537 INFO tempest.lib.common.rest_client [req-605bd543-a1ba-48bd-b021-127e9872eb66 req-605bd543-a1ba-48bd-b021-127e9872eb66 ] Request (QuotasAdminTestV257:tearDownClass): 204 DELETE http://10.180.1.21:9696/networking/v2.0/security-groups/b432d89b-590d-4c4b-b08a-13f555b6c4b3 0.409s
2024-10-10 16:20:15.696 62481 INFO tempest.lib.common.rest_client [req-4aa15e30-39ad-41b3-8c2b-bbaa2bfde2ee req-4aa15e30-39ad-41b3-8c2b-bbaa2bfde2ee ] Request (ServerDiagnosticsV248Test:tearDownClass): 200 GET http://10.180.1.21/compute/v2.1/servers/22370fe8-3188-41e6-ba58-3ed6df1622e9 1.768s
2024-10-10 16:20:15.717 62529 INFO tempest.lib.common.rest_client [req-64bc1c9a-d4c9-4ce3-bca9-bb0152bb6004 req-64bc1c9a-d4c9-4ce3-bca9-bb0152bb6004 ] Request (ServersTestFqdnHostnames:test_create_server_with_fqdn_name): 201 POST http://10.180.1.21:9696/networking/v2.0/floatingips 1.688s
2024-10-10 16:20:15.719 62517 INFO tempest.lib.common.rest_client [req-e37b84c9-de42-4277-8a2c-4942cca12342 req-e37b84c9-de42-4277-8a2c-4942cca12342 ] Request (FloatingIPsAssociationNegativeTestJSON:setUpClass): 204 DELETE http://10.180.1.21/compute/v2.1/servers/4cbc4419-f965-46ba-86e9-944f685ea003 2.508s
2024-10-10 16:20:15.741 62537 INFO tempest.lib.common.rest_client [req-863fcc66-bf06-49be-8d7d-da5ea49e8cea req-863fcc66-bf06-49be-8d7d-da5ea49e8cea ] Request (QuotasAdminTestV257:tearDownClass): 204 DELETE http://10.180.1.21/identity/v3/projects/3dd61d7fbaf244b38ce8a867a3557493 0.129s
2024-10-10 16:20:15.743 62537 INFO tempest.lib.common.dynamic_creds [-] Deleting project and security group for project: 60beb2b49ab345769b8b7300b74935cb
2024-10-10 16:20:15.788 62515 INFO tempest.lib.common.rest_client [req-c6d47f54-1639-48fa-8175-380df3288d97 req-c6d47f54-1639-48fa-8175-380df3288d97 ] Request (ServerActionsV293TestJSON:setUpClass): 200 GET http://10.180.1.21/volume/v3/volumes/54a8a184-2812-4030-8f3b-b2f9895782c0 0.039s
2024-10-10 16:20:15.793 62529 INFO tempest.lib.common.rest_client [req-80c8a66c-5991-4f2e-9b63-20758611c703 req-80c8a66c-5991-4f2e-9b63-20758611c703 ] Request (ServersTestFqdnHostnames:test_create_server_with_fqdn_name): 201 POST http://10.180.1.21/identity/v3/auth/tokens 0.072s
