2024-10-10 16:21:28.393 62527 INFO tempest.lib.common.rest_client [req-6e69748a-0060-43ae-a968-2c7391792663 req-6e69748a-0060-43ae-a968-2c7391792663 ] Request (AttachInterfacesTestJSON:test_create_list_show_delete_interfaces_by_network_port): 200 GET http://10.180.1.21/compute/v2.1/servers/9012c03f-c684-4ca3-a0e3-e4e0ab18981f 0.064s
2024-10-10 16:21:28.423 62497 INFO tempest.lib.common.rest_client [req-56ae72fe-9bd5-42cb-ac08-dc011f5186f1 req-56ae72fe-9bd5-42cb-ac08-dc011f5186f1 ] Request (FloatingIPDetailsTestJSON:setUpClass): 200 PUT http://10.180.1.21:9696/networking/v2.0/routers/5cceb18d-143c-4541-84ef-77215f52adb5/add_router_interface 1.556s
2024-10-10 16:21:28.423 62497 INFO tempest.lib.common.dynamic_creds [-] Created isolated network resources for: credentials: Credentials: {'domain_id': 'default', 'domain_name': 'Default', 'username': 'tempest-FloatingIPDetailsTestJSON-828959464-project-member', 'project_domain_id': 'default', 'project_domain_name': 'Default', 'project_id': '08dba34c4e9544c18328bb4177627aaa', 'project_name': 'tempest-FloatingIPDetailsTestJSON-828959464', 'tenant_id': '08dba34c4e9544c18328bb4177627aaa', 'tenant_name': 'tempest-FloatingIPDetailsTestJSON-828959464', 'user_domain_id': 'default', 'user_domain_name': 'Default', 'user_id': '9fdc56631474420580b85ef9ce681009', 'system': None}, Network: {'id': '4f10e6eb-bc9d-4f8b-b8c0-68dbc5cecf16', 'name': 'tempest-FloatingIPDetailsTestJSON-232875209-network', 'tenant_id': '08dba34c4e9544c18328bb4177627aaa', 'admin_state_up': True, 'mtu': 8950, 'status': 'ACTIVE', 'subnets': [], 'shared': False, 'project_id': '08dba34c4e9544c18328bb4177627aaa', 'port_security_enabled': True, 'router:external': False, 'provider:network_type': 'vlan', 'provider:physical_network': 'default', 'provider:segmentation_id': 980, 'is_default': False, 'availability_zone_hints': [], 'availability_zones': [], 'ipv4_address_scope': None, 'ipv6_address_scope': None, 'description': '', 'tags': [], 'created_at': '2024-10-10T16:21:25Z', 'updated_at': '2024-10-10T16:21:25Z', 'revision_number': 1}, Subnet: {'id': '2317187c-16c5-473e-b52c-9b68706be488', 'name': 'tempest-FloatingIPDetailsTestJSON-232875209-subnet', 'tenant_id': '08dba34c4e9544c18328bb4177627aaa', 'network_id': '4f10e6eb-bc9d-4f8b-b8c0-68dbc5cecf16', 'ip_version': 4, 'subnetpool_id': None, 'enable_dhcp': True, 'ipv6_ra_mode': None, 'ipv6_address_mode': None, 'gateway_ip': '192.168.128.1', 'cidr': '192.168.128.0/28', 'allocation_pools': [{'start': '192.168.128.2', 'end': '192.168.128.14'}], 'host_routes': [], 'dns_nameservers': [], 'description': '', 'router:external': False, 'service_types': [], 'tags': [], 'created_at': '2024-10-10T16:21:25Z', 'updated_at': '2024-10-10T16:21:25Z', 'revision_number': 0, 'project_id': '08dba34c4e9544c18328bb4177627aaa'}, Router: {'id': '5cceb18d-143c-4541-84ef-77215f52adb5', 'name': 'tempest-FloatingIPDetailsTestJSON-232875209-router', 'tenant_id': '08dba34c4e9544c18328bb4177627aaa', 'admin_state_up': True, 'status': 'ACTIVE', 'external_gateway_info': {'network_id': '764bb1ed-afa0-4ccc-a713-b8a8fb01fbe0', 'external_fixed_ips': [{'subnet_id': 'ca3eef53-904c-4a5b-a6fb-586619a7c527', 'ip_address': '10.180.180.206'}], 'enable_snat': True}, 'description': '', 'availability_zones': [], 'distributed': False, 'ha': False, 'availability_zone_hints': [], 'routes': [], 'flavor_id': None, 'tags': [], 'created_at': '2024-10-10T16:21:25Z', 'updated_at': '2024-10-10T16:21:26Z', 'revision_number': 2, 'project_id': '08dba34c4e9544c18328bb4177627aaa'}
2024-10-10 16:21:28.479 62513 INFO tempest.lib.common.rest_client [req-e28314b9-5f8f-4055-ba2f-12ab64e3e9fe req-e28314b9-5f8f-4055-ba2f-12ab64e3e9fe ] Request (ServerRescueTestJSON:setUpClass): 200 PUT http://10.180.1.21:9696/networking/v2.0/routers/f19388b4-85b1-452d-95a4-ef6145452a0a/add_router_interface 1.532s
2024-10-10 16:21:28.479 62513 INFO tempest.lib.common.dynamic_creds [-] Created isolated network resources for: credentials: Credentials: {'domain_id': 'default', 'domain_name': 'Default', 'username': 'tempest-ServerRescueTestJSON-1771025641-project-member', 'project_domain_id': 'default', 'project_domain_name': 'Default', 'project_id': '33bb88014882475599ddf6d9a0e577f3', 'project_name': 'tempest-ServerRescueTestJSON-1771025641', 'tenant_id': '33bb88014882475599ddf6d9a0e577f3', 'tenant_name': 'tempest-ServerRescueTestJSON-1771025641', 'user_domain_id': 'default', 'user_domain_name': 'Default', 'user_id': '203e5fae028843cc9de282cb5fa11465', 'system': None}, Network: {'id': 'c0938361-5efe-4a57-9449-8a879e5bbe19', 'name': 'tempest-ServerRescueTestJSON-1855867641-network', 'tenant_id': '33bb88014882475599ddf6d9a0e577f3', 'admin_state_up': True, 'mtu': 8950, 'status': 'ACTIVE', 'subnets': [], 'shared': False, 'project_id': '33bb88014882475599ddf6d9a0e577f3', 'port_security_enabled': True, 'router:external': False, 'provider:network_type': 'vlan', 'provider:physical_network': 'default', 'provider:segmentation_id': 476, 'is_default': False, 'availability_zone_hints': [], 'availability_zones': [], 'ipv4_address_scope': None, 'ipv6_address_scope': None, 'description': '', 'tags': [], 'created_at': '2024-10-10T16:21:25Z', 'updated_at': '2024-10-10T16:21:25Z', 'revision_number': 1}, Subnet: {'id': '2e7c1007-9f09-44b4-bd54-25539dba49e5', 'name': 'tempest-ServerRescueTestJSON-1855867641-subnet', 'tenant_id': '33bb88014882475599ddf6d9a0e577f3', 'network_id': 'c0938361-5efe-4a57-9449-8a879e5bbe19', 'ip_version': 4, 'subnetpool_id': None, 'enable_dhcp': False, 'ipv6_ra_mode': None, 'ipv6_address_mode': None, 'gateway_ip': '192.168.128.1', 'cidr': '192.168.128.0/28', 'allocation_pools': [{'start': '192.168.128.2', 'end': '192.168.128.14'}], 'host_routes': [], 'dns_nameservers': [], 'description': '', 'router:external': False, 'service_types': [], 'tags': [], 'created_at': '2024-10-10T16:21:25Z', 'updated_at': '2024-10-10T16:21:25Z', 'revision_number': 0, 'project_id': '33bb88014882475599ddf6d9a0e577f3'}, Router: {'id': 'f19388b4-85b1-452d-95a4-ef6145452a0a', 'name': 'tempest-ServerRescueTestJSON-1855867641-router', 'tenant_id': '33bb88014882475599ddf6d9a0e577f3', 'admin_state_up': True, 'status': 'ACTIVE', 'external_gateway_info': {'network_id': '764bb1ed-afa0-4ccc-a713-b8a8fb01fbe0', 'external_fixed_ips': [{'subnet_id': 'ca3eef53-904c-4a5b-a6fb-586619a7c527', 'ip_address': '10.180.180.165'}], 'enable_snat': True}, 'description': '', 'availability_zones': [], 'distributed': False, 'ha': False, 'availability_zone_hints': [], 'routes': [], 'flavor_id': None, 'tags': [], 'created_at': '2024-10-10T16:21:25Z', 'updated_at': '2024-10-10T16:21:26Z', 'revision_number': 2, 'project_id': '33bb88014882475599ddf6d9a0e577f3'}
2024-10-10 16:21:28.482 62485 INFO tempest.lib.common.rest_client [req-5c15cd6d-8617-43c0-a84f-21ab17cbf4e6 req-5c15cd6d-8617-43c0-a84f-21ab17cbf4e6 ] Request (ServerActionsTestOtherA:setUpClass): 200 GET http://10.180.1.21/compute/v2.1/servers/8266a614-ad18-4d4b-884a-cf5e57c82a70 0.080s
2024-10-10 16:21:28.491 62491 INFO tempest.lib.common.rest_client [req-7cb4ffea-7d8a-4fab-85ab-077da8c1dc78 req-7cb4ffea-7d8a-4fab-85ab-077da8c1dc78 ] Request (VolumesAdminNegativeTest:test_update_attached_volume_with_nonexistent_volume_in_uri): 200 GET http://10.180.1.21/compute/v2.1/servers/9057aad6-f36c-4eff-8d5c-ded24bc3e809 0.082s
2024-10-10 16:21:28.544 62497 INFO tempest.lib.common.rest_client [req-a7e67484-95ab-42b5-a80e-e1c5301291b5 req-a7e67484-95ab-42b5-a80e-e1c5301291b5 ] Request (FloatingIPDetailsTestJSON:setUpClass): 201 POST http://10.180.1.21/identity/v3/auth/tokens 0.117s
2024-10-10 16:21:28.557 62483 INFO tempest.lib.common.rest_client [req-8bf808ee-02b7-48f1-a34c-e3bc983cb2f9 req-8bf808ee-02b7-48f1-a34c-e3bc983cb2f9 ] Request (MigrationsAdminTest:test_resize_server_revert_deleted_flavor): 200 GET http://10.180.1.21/compute/v2.1/servers/ae678c43-d25a-42f1-9389-7253074b5cac 0.087s
2024-10-10 16:21:28.575 62513 INFO tempest.lib.common.rest_client [req-9d0a098d-a294-4cc9-b35a-91b147cf9800 req-9d0a098d-a294-4cc9-b35a-91b147cf9800 ] Request (ServerRescueTestJSON:setUpClass): 201 POST http://10.180.1.21/identity/v3/auth/tokens 0.092s
2024-10-10 16:21:28.577 62503 INFO tempest.lib.common.rest_client [req-3d7fe65d-9a81-4143-8802-0ae74a167fbf req-3d7fe65d-9a81-4143-8802-0ae74a167fbf ] Request (SecurityGroupsTestJSON:test_server_security_groups): 200 GET http://10.180.1.21/compute/v2.1/servers/e0baf004-b63a-4cc3-bfec-671a03780685 0.061s
2024-10-10 16:21:28.606 62513 INFO tempest.lib.common.rest_client [req-514ffa76-04db-4639-b7e6-780ed5f0aadf req-514ffa76-04db-4639-b7e6-780ed5f0aadf ] Request (ServerRescueTestJSON:setUpClass): 201 POST http://10.180.1.21/identity/v3/auth/tokens 0.028s
2024-10-10 16:21:28.607 62513 INFO tempest.lib.common.fixed_network [-] (ServerRescueTestJSON:setUpClass) Found network {'id': 'c0938361-5efe-4a57-9449-8a879e5bbe19', 'name': 'tempest-ServerRescueTestJSON-1855867641-network', 'tenant_id': '33bb88014882475599ddf6d9a0e577f3', 'admin_state_up': True, 'mtu': 8950, 'status': 'ACTIVE', 'subnets': [], 'shared': False, 'project_id': '33bb88014882475599ddf6d9a0e577f3', 'port_security_enabled': True, 'router:external': False, 'provider:network_type': 'vlan', 'provider:physical_network': 'default', 'provider:segmentation_id': 476, 'is_default': False, 'availability_zone_hints': [], 'availability_zones': [], 'ipv4_address_scope': None, 'ipv6_address_scope': None, 'description': '', 'tags': [], 'created_at': '2024-10-10T16:21:25Z', 'updated_at': '2024-10-10T16:21:25Z', 'revision_number': 1} available for tenant
2024-10-10 16:21:28.681 62543 INFO tempest.lib.common.rest_client [req-4f6e0797-014b-40e5-af5d-eafddaaea64a req-4f6e0797-014b-40e5-af5d-eafddaaea64a ] Request (ServerRescueTestJSONUnderV235:setUpClass): 200 GET http://10.180.1.21/compute/v2.1/servers/1cc8dcd0-ce2d-431e-848a-c170fffce9b3 0.077s
2024-10-10 16:21:29.247 62513 INFO tempest.lib.common.rest_client [req-efa69eeb-964e-4106-b940-89b592fe29f9 req-efa69eeb-964e-4106-b940-89b592fe29f9 ] Request (ServerRescueTestJSON:setUpClass): 202 POST http://10.180.1.21/compute/v2.1/servers 0.640s
2024-10-10 16:21:29.327 62537 INFO tempest.lib.common.rest_client [req-543203bc-db6e-4849-84ae-686ec4c889e1 req-543203bc-db6e-4849-84ae-686ec4c889e1 ] Request (ServersAdmin275Test:test_rebuild_update_server_275): 200 GET http://10.180.1.21/compute/v2.1/servers/bff78120-fdf5-4c9e-80de-277c80fd16f8 0.672s
2024-10-10 16:21:29.383 62529 INFO tempest.lib.common.rest_client [req-821fec61-8a61-4472-866d-1b1fb004aa01 req-821fec61-8a61-4472-866d-1b1fb004aa01 ] Request (ServersTestFqdnHostnames:test_create_server_with_fqdn_name): 200 GET http://10.180.1.21/compute/v2.1/servers/7f26944b-96df-47c9-9725-0f6f9914a69f 0.722s
2024-10-10 16:21:29.641 62487 INFO tempest.lib.common.rest_client [req-13c3d634-7ccd-48f0-8f7c-a49e13f85026 req-13c3d634-7ccd-48f0-8f7c-a49e13f85026 ] Request (ServersTestJSON:setUpClass): 200 GET http://10.180.1.21/compute/v2.1/servers/0e2e8629-cb38-4cf6-8014-ca80d9be87fb 0.936s
2024-10-10 16:21:29.654 62487 INFO tempest.common.waiters [-] State transition "BUILD/None" ==> "BUILD/block_device_mapping" after 69 second wait
2024-10-10 16:21:29.661 62497 INFO tempest.lib.common.rest_client [req-8d2f632f-f166-4680-a4cb-bd74f203ea9c req-8d2f632f-f166-4680-a4cb-bd74f203ea9c ] Request (FloatingIPDetailsTestJSON:setUpClass): 200 POST http://10.180.1.21/compute/v2.1/os-floating-ips 1.115s
2024-10-10 16:21:29.719 62489 INFO tempest.lib.common.rest_client [req-b2b8c623-3707-4c4b-89fd-eea0182459db req-b2b8c623-3707-4c4b-89fd-eea0182459db ] Request (AttachInterfacesUnderV243Test:test_add_remove_fixed_ip): 200 GET http://10.180.1.21/compute/v2.1/servers/3be344b0-02b3-4b81-87d5-456e8965cb01 0.968s
2024-10-10 16:21:29.722 62517 INFO tempest.lib.common.rest_client [req-129b0e3d-5002-4832-8731-2ea277542dc2 req-129b0e3d-5002-4832-8731-2ea277542dc2 ] Request (ImagesOneServerNegativeTestJSON:setUpClass): 200 GET http://10.180.1.21/compute/v2.1/servers/e8d87270-a8c4-4f5c-8e3e-ab3169d48494 1.008s
2024-10-10 16:21:29.778 62507 INFO tempest.lib.common.rest_client [req-4a0f324c-4bb3-4b89-8881-e127fbba6114 req-4a0f324c-4bb3-4b89-8881-e127fbba6114 ] Request (ListServerFiltersTestJSON:setUpClass): 200 GET http://10.180.1.21/compute/v2.1/servers/049c02ee-9fc8-4335-8783-b3d18ac967c6 0.783s
2024-10-10 16:21:29.790 62523 INFO tempest.lib.common.rest_client [req-1843dabd-3dc9-4f0d-ba3d-38c6d23a783e req-1843dabd-3dc9-4f0d-ba3d-38c6d23a783e ] Request (ServersV294TestFqdnHostnames:setUpClass): 200 GET http://10.180.1.21/compute/v2.1/servers/2bfcddea-7a99-4ecf-9455-5da3f6a3a67f 1.016s
2024-10-10 16:21:29.838 62493 INFO tempest.lib.common.rest_client [req-0dfcd391-f18b-4f96-bd6d-18d32f1cbd92 req-0dfcd391-f18b-4f96-bd6d-18d32f1cbd92 ] Request (ServerActionsTestJSON:setUpClass): 200 GET http://10.180.1.21/compute/v2.1/servers/52f17c85-bdb9-4c78-8cca-423ab8b20ec2 0.841s
2024-10-10 16:21:29.841 62499 INFO tempest.lib.common.rest_client [req-c8127c7e-8f92-4865-b934-9289c7ba2606 req-c8127c7e-8f92-4865-b934-9289c7ba2606 ] Request (ImagesNegativeTestJSON:test_create_image_from_deleted_server): 200 GET http://10.180.1.21/compute/v2.1/servers/57f5e421-5e56-4f92-9e78-ea0f0a30a942 0.788s
2024-10-10 16:21:29.893 62531 INFO tempest.lib.common.rest_client [req-e643353a-a66f-4a89-b4b6-8c5b388e09ae req-e643353a-a66f-4a89-b4b6-8c5b388e09ae ] Request (ListServersNegativeTestJSON:setUpClass): 200 GET http://10.180.1.21/compute/v2.1/servers/8cab6dc2-57b1-49c7-a134-d7871f950dba 0.836s
2024-10-10 16:21:29.901 62505 INFO tempest.lib.common.rest_client [req-24091c3b-890f-487d-aadc-c8722ac06f95 req-24091c3b-890f-487d-aadc-c8722ac06f95 ] Request (ServersTestBootFromVolume:setUpClass): 200 GET http://10.180.1.21/compute/v2.1/servers/937faf54-efa7-4d7c-9485-0bef1e5aa253 0.782s
2024-10-10 16:21:29.943 62495 INFO tempest.lib.common.rest_client [req-3b626e96-d554-4c98-b1fa-9da1679846f1 req-3b626e96-d554-4c98-b1fa-9da1679846f1 ] Request (AttachVolumeShelveTestJSON:test_attach_volume_shelved_or_offload_server): 200 GET http://10.180.1.21/compute/v2.1/servers/aaf1ef08-5561-4530-8b50-de441cc2f73b 0.820s
2024-10-10 16:21:29.956 62539 INFO tempest.lib.common.rest_client [req-d04fbaca-2d95-4459-82d8-f26334dc5a64 req-d04fbaca-2d95-4459-82d8-f26334dc5a64 ] Request (DeleteServersTestJSON:test_delete_server_while_in_attached_volume): 200 GET http://10.180.1.21/compute/v2.1/servers/3b814b1f-ce63-432a-a6bc-0da4e03446aa 0.792s
2024-10-10 16:21:30.003 62515 INFO tempest.lib.common.rest_client [req-84419c92-8843-41dc-9498-78ee70c53db2 req-84419c92-8843-41dc-9498-78ee70c53db2 ] Request (ServerActionsV293TestJSON:setUpClass): 200 GET http://10.180.1.21/compute/v2.1/servers/22e42191-a831-4e3f-9548-1ed560b7660a 0.817s
2024-10-10 16:21:30.009 62526 INFO tempest.lib.common.rest_client [req-f5bd38c3-5e7f-44c4-8b9a-3fe79585b568 req-f5bd38c3-5e7f-44c4-8b9a-3fe79585b568 ] Request (ImagesTestJSON:test_create_image_from_suspended_server): 200 GET http://10.180.1.21/compute/v2.1/servers/9f78c52c-f7ac-4578-8144-e7d644f54198 0.791s
2024-10-10 16:21:30.061 62513 INFO tempest.lib.common.rest_client [req-eddff2bd-8a84-4e2d-85e8-a60d3fd96dde req-eddff2bd-8a84-4e2d-85e8-a60d3fd96dde ] Request (ServerRescueTestJSON:setUpClass): 200 GET http://10.180.1.21/compute/v2.1/servers/70901ddb-9fbb-44bb-9471-8450061ff2d8 0.812s
2024-10-10 16:21:30.066 62511 INFO tempest.lib.common.rest_client [req-16b7520a-58f2-43fe-b7a5-faacff82dc4d req-16b7520a-58f2-43fe-b7a5-faacff82dc4d ] Request (DeleteServersAdminTestJSON:test_delete_server_while_in_error_state): 200 GET http://10.180.1.21/compute/v2.1/servers/71607aaf-5f3d-410b-b1b9-c6cdbdc70b96 0.771s
2024-10-10 16:21:30.125 62519 INFO tempest.lib.common.rest_client [req-b18a1c4c-04e4-4bd3-a9c3-bb8ea1fd0286 req-b18a1c4c-04e4-4bd3-a9c3-bb8ea1fd0286 ] Request (ServersTestManualDisk:setUpClass): 200 GET http://10.180.1.21/compute/v2.1/servers/8788d992-37ed-468b-92cd-e19656ac0d27 0.813s
2024-10-10 16:21:30.137 62481 INFO tempest.lib.common.rest_client [req-924cda98-4d30-4fdd-ba3f-7c01a946be45 req-924cda98-4d30-4fdd-ba3f-7c01a946be45 ] Request (ServerActionsTestOtherB:setUpClass): 200 GET http://10.180.1.21/compute/v2.1/servers/418394b5-a1a3-4f6e-8e0a-ef747df6e6f9 0.787s
2024-10-10 16:21:30.182 62527 INFO tempest.lib.common.rest_client [req-1adafc86-5e94-4250-80f4-c566edc44b8c req-1adafc86-5e94-4250-80f4-c566edc44b8c ] Request (AttachInterfacesTestJSON:test_create_list_show_delete_interfaces_by_network_port): 200 GET http://10.180.1.21/compute/v2.1/servers/9012c03f-c684-4ca3-a0e3-e4e0ab18981f 0.775s
2024-10-10 16:21:30.210 62485 INFO tempest.lib.common.rest_client [req-be929720-f012-4a86-909c-1f7a02d56b9e req-be929720-f012-4a86-909c-1f7a02d56b9e ] Request (ServerActionsTestOtherA:setUpClass): 200 GET http://10.180.1.21/compute/v2.1/servers/8266a614-ad18-4d4b-884a-cf5e57c82a70 0.714s
2024-10-10 16:21:30.236 62491 INFO tempest.lib.common.rest_client [req-de5fcce4-deb9-42d3-aaaf-668192a2c791 req-de5fcce4-deb9-42d3-aaaf-668192a2c791 ] Request (VolumesAdminNegativeTest:test_update_attached_volume_with_nonexistent_volume_in_uri): 200 GET http://10.180.1.21/compute/v2.1/servers/9057aad6-f36c-4eff-8d5c-ded24bc3e809 0.737s
2024-10-10 16:21:30.266 62483 INFO tempest.lib.common.rest_client [req-f4c315a0-a5c7-45fb-8519-be540bd5d88b req-f4c315a0-a5c7-45fb-8519-be540bd5d88b ] Request (MigrationsAdminTest:test_resize_server_revert_deleted_flavor): 200 GET http://10.180.1.21/compute/v2.1/servers/ae678c43-d25a-42f1-9389-7253074b5cac 0.699s
2024-10-10 16:21:30.291 62503 INFO tempest.lib.common.rest_client [req-de452030-359e-41e9-9005-6071bb01f937 req-de452030-359e-41e9-9005-6071bb01f937 ] Request (SecurityGroupsTestJSON:test_server_security_groups): 200 GET http://10.180.1.21/compute/v2.1/servers/e0baf004-b63a-4cc3-bfec-671a03780685 0.705s
2024-10-10 16:21:30.357 62543 INFO tempest.lib.common.rest_client [req-9359651e-6170-4e92-9aa1-fc2c732f07fb req-9359651e-6170-4e92-9aa1-fc2c732f07fb ] Request (ServerRescueTestJSONUnderV235:setUpClass): 200 GET http://10.180.1.21/compute/v2.1/servers/1cc8dcd0-ce2d-431e-848a-c170fffce9b3 0.667s
2024-10-10 16:21:30.426 62537 INFO tempest.lib.common.rest_client [req-c6b001c9-b93c-468b-9418-50a2da727954 req-c6b001c9-b93c-468b-9418-50a2da727954 ] Request (ServersAdmin275Test:test_rebuild_update_server_275): 200 GET http://10.180.1.21/compute/v2.1/servers/bff78120-fdf5-4c9e-80de-277c80fd16f8 0.090s
2024-10-10 16:21:30.495 62529 INFO tempest.lib.common.rest_client [req-c9059654-94ef-4337-9a06-776e9c273af6 req-c9059654-94ef-4337-9a06-776e9c273af6 ] Request (ServersTestFqdnHostnames:test_create_server_with_fqdn_name): 200 GET http://10.180.1.21/compute/v2.1/servers/7f26944b-96df-47c9-9725-0f6f9914a69f 0.105s
2024-10-10 16:21:30.707 62487 INFO tempest.lib.common.rest_client [req-6138af96-c6d7-45f4-ace4-b781215834f8 req-6138af96-c6d7-45f4-ace4-b781215834f8 ] Request (ServersTestJSON:setUpClass): 200 GET http://10.180.1.21/compute/v2.1/servers/0e2e8629-cb38-4cf6-8014-ca80d9be87fb 0.052s
2024-10-10 16:21:30.713 62487 INFO tempest.common.waiters [-] State transition "BUILD/block_device_mapping" ==> "BUILD/spawning" after 70 second wait
2024-10-10 16:21:30.787 62489 INFO tempest.lib.common.rest_client [req-fb660f19-ff39-4146-9de1-bb45b2d7a1c3 req-fb660f19-ff39-4146-9de1-bb45b2d7a1c3 ] Request (AttachInterfacesUnderV243Test:test_add_remove_fixed_ip): 200 GET http://10.180.1.21/compute/v2.1/servers/3be344b0-02b3-4b81-87d5-456e8965cb01 0.060s
2024-10-10 16:21:30.838 62517 INFO tempest.lib.common.rest_client [req-a3b8b766-9dca-4c3a-a52e-d2d9f2f7dd2c req-a3b8b766-9dca-4c3a-a52e-d2d9f2f7dd2c ] Request (ImagesOneServerNegativeTestJSON:setUpClass): 200 GET http://10.180.1.21/compute/v2.1/servers/e8d87270-a8c4-4f5c-8e3e-ab3169d48494 0.108s
2024-10-10 16:21:30.886 62507 INFO tempest.lib.common.rest_client [req-4b2e3f77-b340-4bc6-8665-32d6f93239ee req-4b2e3f77-b340-4bc6-8665-32d6f93239ee ] Request (ListServerFiltersTestJSON:setUpClass): 200 GET http://10.180.1.21/compute/v2.1/servers/049c02ee-9fc8-4335-8783-b3d18ac967c6 0.102s
2024-10-10 16:21:30.942 62523 INFO tempest.lib.common.rest_client [req-54abe8c0-ce13-451b-8f35-196a6f60a6b5 req-54abe8c0-ce13-451b-8f35-196a6f60a6b5 ] Request (ServersV294TestFqdnHostnames:setUpClass): 200 GET http://10.180.1.21/compute/v2.1/servers/2bfcddea-7a99-4ecf-9455-5da3f6a3a67f 0.140s
2024-10-10 16:21:30.966 62497 INFO tempest.lib.common.rest_client [req-268e706e-925e-4500-9bb6-322abc77f75e req-268e706e-925e-4500-9bb6-322abc77f75e ] Request (FloatingIPDetailsTestJSON:setUpClass): 200 POST http://10.180.1.21/compute/v2.1/os-floating-ips 1.303s
2024-10-10 16:21:30.984 62493 INFO tempest.lib.common.rest_client [req-f2456521-89e3-4dab-903c-b6d72650cb40 req-f2456521-89e3-4dab-903c-b6d72650cb40 ] Request (ServerActionsTestJSON:setUpClass): 200 GET http://10.180.1.21/compute/v2.1/servers/52f17c85-bdb9-4c78-8cca-423ab8b20ec2 0.140s
2024-10-10 16:21:31.009 62499 INFO tempest.lib.common.rest_client [req-e0170e17-fd6c-4f70-bded-d2fff40c6014 req-e0170e17-fd6c-4f70-bded-d2fff40c6014 ] Request (ImagesNegativeTestJSON:test_create_image_from_deleted_server): 200 GET http://10.180.1.21/compute/v2.1/servers/57f5e421-5e56-4f92-9e78-ea0f0a30a942 0.160s
2024-10-10 16:21:31.029 62531 INFO tempest.lib.common.rest_client [req-000b40bf-2f0e-4eb8-8081-2442e33a81b5 req-000b40bf-2f0e-4eb8-8081-2442e33a81b5 ] Request (ListServersNegativeTestJSON:setUpClass): 200 GET http://10.180.1.21/compute/v2.1/servers/8cab6dc2-57b1-49c7-a134-d7871f950dba 0.129s
2024-10-10 16:21:31.054 62505 INFO tempest.lib.common.rest_client [req-83b621c7-ec8f-443a-926b-f88dd61f2555 req-83b621c7-ec8f-443a-926b-f88dd61f2555 ] Request (ServersTestBootFromVolume:setUpClass): 200 GET http://10.180.1.21/compute/v2.1/servers/937faf54-efa7-4d7c-9485-0bef1e5aa253 0.146s
2024-10-10 16:21:31.071 62495 INFO tempest.lib.common.rest_client [req-b5ab52c9-8b48-49ea-af40-a7e08295af81 req-b5ab52c9-8b48-49ea-af40-a7e08295af81 ] Request (AttachVolumeShelveTestJSON:test_attach_volume_shelved_or_offload_server): 200 GET http://10.180.1.21/compute/v2.1/servers/aaf1ef08-5561-4530-8b50-de441cc2f73b 0.117s
2024-10-10 16:21:31.105 62539 INFO tempest.lib.common.rest_client [req-5759a9d7-1f45-47f9-9888-4496aa001798 req-5759a9d7-1f45-47f9-9888-4496aa001798 ] Request (DeleteServersTestJSON:test_delete_server_while_in_attached_volume): 200 GET http://10.180.1.21/compute/v2.1/servers/3b814b1f-ce63-432a-a6bc-0da4e03446aa 0.141s
2024-10-10 16:21:31.155 62515 INFO tempest.lib.common.rest_client [req-f7780920-4b76-4f67-a6c0-c54971ccfe10 req-f7780920-4b76-4f67-a6c0-c54971ccfe10 ] Request (ServerActionsV293TestJSON:setUpClass): 200 GET http://10.180.1.21/compute/v2.1/servers/22e42191-a831-4e3f-9548-1ed560b7660a 0.144s
2024-10-10 16:21:31.205 62526 INFO tempest.lib.common.rest_client [req-dfa47af4-47cf-4deb-8ab8-26e685be01d5 req-dfa47af4-47cf-4deb-8ab8-26e685be01d5 ] Request (ImagesTestJSON:test_create_image_from_suspended_server): 200 GET http://10.180.1.21/compute/v2.1/servers/9f78c52c-f7ac-4578-8144-e7d644f54198 0.185s
2024-10-10 16:21:31.255 62513 INFO tempest.lib.common.rest_client [req-57f19a6c-5259-48c1-9bf4-8ea09eb4d40d req-57f19a6c-5259-48c1-9bf4-8ea09eb4d40d ] Request (ServerRescueTestJSON:setUpClass): 200 GET http://10.180.1.21/compute/v2.1/servers/70901ddb-9fbb-44bb-9471-8450061ff2d8 0.187s
2024-10-10 16:21:31.301 62511 INFO tempest.lib.common.rest_client [req-6cdc1e87-65d3-4130-8033-992e9b357da2 req-6cdc1e87-65d3-4130-8033-992e9b357da2 ] Request (DeleteServersAdminTestJSON:test_delete_server_while_in_error_state): 200 GET http://10.180.1.21/compute/v2.1/servers/71607aaf-5f3d-410b-b1b9-c6cdbdc70b96 0.227s
2024-10-10 16:21:31.350 62519 INFO tempest.lib.common.rest_client [req-9e2ae0e1-2245-4c08-b056-b3a356258c4e req-9e2ae0e1-2245-4c08-b056-b3a356258c4e ] Request (ServersTestManualDisk:setUpClass): 200 GET http://10.180.1.21/compute/v2.1/servers/8788d992-37ed-468b-92cd-e19656ac0d27 0.217s
2024-10-10 16:21:31.403 62481 INFO tempest.lib.common.rest_client [req-aa542b67-384c-4b1b-8fa2-206ec19da2d4 req-aa542b67-384c-4b1b-8fa2-206ec19da2d4 ] Request (ServerActionsTestOtherB:setUpClass): 200 GET http://10.180.1.21/compute/v2.1/servers/418394b5-a1a3-4f6e-8e0a-ef747df6e6f9 0.258s
2024-10-10 16:21:31.452 62527 INFO tempest.lib.common.rest_client [req-9ed756c3-e2f1-4291-9ef5-f0e53b90c06a req-9ed756c3-e2f1-4291-9ef5-f0e53b90c06a ] Request (AttachInterfacesTestJSON:test_create_list_show_delete_interfaces_by_network_port): 200 GET http://10.180.1.21/compute/v2.1/servers/9012c03f-c684-4ca3-a0e3-e4e0ab18981f 0.261s
2024-10-10 16:21:31.497 62485 INFO tempest.lib.common.rest_client [req-96216e50-58a0-4f6c-b967-cb2c4a5fde1d req-96216e50-58a0-4f6c-b967-cb2c4a5fde1d ] Request (ServerActionsTestOtherA:setUpClass): 200 GET http://10.180.1.21/compute/v2.1/servers/8266a614-ad18-4d4b-884a-cf5e57c82a70 0.278s
2024-10-10 16:21:31.673 62491 INFO tempest.lib.common.rest_client [req-bfc732d5-7a43-4c32-b4ab-ab2f4e0b672e req-bfc732d5-7a43-4c32-b4ab-ab2f4e0b672e ] Request (VolumesAdminNegativeTest:test_update_attached_volume_with_nonexistent_volume_in_uri): 200 GET http://10.180.1.21/compute/v2.1/servers/9057aad6-f36c-4eff-8d5c-ded24bc3e809 0.426s
2024-10-10 16:21:31.727 62483 INFO tempest.lib.common.rest_client [req-e57e2d24-d6f5-4f9d-97f0-dd9a7a8f575f req-e57e2d24-d6f5-4f9d-97f0-dd9a7a8f575f ] Request (MigrationsAdminTest:test_resize_server_revert_deleted_flavor): 200 GET http://10.180.1.21/compute/v2.1/servers/ae678c43-d25a-42f1-9389-7253074b5cac 0.452s
2024-10-10 16:21:31.782 62503 INFO tempest.lib.common.rest_client [req-a33132ec-5c60-4c09-b5dd-0fbc6a484822 req-a33132ec-5c60-4c09-b5dd-0fbc6a484822 ] Request (SecurityGroupsTestJSON:test_server_security_groups): 200 GET http://10.180.1.21/compute/v2.1/servers/e0baf004-b63a-4cc3-bfec-671a03780685 0.481s
2024-10-10 16:21:31.851 62543 INFO tempest.lib.common.rest_client [req-f38c620f-acdd-418a-8b85-f2730f7b1591 req-f38c620f-acdd-418a-8b85-f2730f7b1591 ] Request (ServerRescueTestJSONUnderV235:setUpClass): 200 GET http://10.180.1.21/compute/v2.1/servers/1cc8dcd0-ce2d-431e-848a-c170fffce9b3 0.487s
2024-10-10 16:21:31.858 62497 INFO tempest.lib.common.rest_client [req-bb073169-f2cc-48f0-9ef6-f9100727c557 req-bb073169-f2cc-48f0-9ef6-f9100727c557 ] Request (FloatingIPDetailsTestJSON:setUpClass): 200 POST http://10.180.1.21/compute/v2.1/os-floating-ips 0.890s
2024-10-10 16:21:31.911 62529 INFO tempest.lib.common.rest_client [req-430d7b11-2ebb-4e4c-817c-dca7c2ba0bd1 req-430d7b11-2ebb-4e4c-817c-dca7c2ba0bd1 ] Request (ServersTestFqdnHostnames:test_create_server_with_fqdn_name): 200 GET http://10.180.1.21/compute/v2.1/servers/7f26944b-96df-47c9-9725-0f6f9914a69f 0.409s
2024-10-10 16:21:31.916 62537 INFO tempest.lib.common.rest_client [req-2b34fa57-cdb5-49e4-95ed-4f773ec63635 req-2b34fa57-cdb5-49e4-95ed-4f773ec63635 ] Request (ServersAdmin275Test:test_rebuild_update_server_275): 200 GET http://10.180.1.21/compute/v2.1/servers/bff78120-fdf5-4c9e-80de-277c80fd16f8 0.475s
2024-10-10 16:21:31.960 62487 INFO tempest.lib.common.rest_client [req-e87798e4-d342-4c3a-8387-aa3694a1b534 req-e87798e4-d342-4c3a-8387-aa3694a1b534 ] Request (ServersTestJSON:setUpClass): 200 GET http://10.180.1.21/compute/v2.1/servers/0e2e8629-cb38-4cf6-8014-ca80d9be87fb 0.246s
2024-10-10 16:21:31.965 62489 INFO tempest.lib.common.rest_client [req-2431776f-e95f-4e36-85b5-af2a8dc3b9bb req-2431776f-e95f-4e36-85b5-af2a8dc3b9bb ] Request (AttachInterfacesUnderV243Test:test_add_remove_fixed_ip): 200 GET http://10.180.1.21/compute/v2.1/servers/3be344b0-02b3-4b81-87d5-456e8965cb01 0.170s
2024-10-10 16:21:32.004 62517 INFO tempest.lib.common.rest_client [req-5c777ca0-0d33-481a-a861-2a5a252c6f46 req-5c777ca0-0d33-481a-a861-2a5a252c6f46 ] Request (ImagesOneServerNegativeTestJSON:setUpClass): 200 GET http://10.180.1.21/compute/v2.1/servers/e8d87270-a8c4-4f5c-8e3e-ab3169d48494 0.159s
2024-10-10 16:21:32.055 62507 INFO tempest.lib.common.rest_client [req-94597138-82eb-474d-954b-fbd35e31644a req-94597138-82eb-474d-954b-fbd35e31644a ] Request (ListServerFiltersTestJSON:setUpClass): 200 GET http://10.180.1.21/compute/v2.1/servers/049c02ee-9fc8-4335-8783-b3d18ac967c6 0.162s
2024-10-10 16:21:32.106 62523 INFO tempest.lib.common.rest_client [req-d1256dea-dd05-45f2-bde0-b712f49fc903 req-d1256dea-dd05-45f2-bde0-b712f49fc903 ] Request (ServersV294TestFqdnHostnames:setUpClass): 200 GET http://10.180.1.21/compute/v2.1/servers/2bfcddea-7a99-4ecf-9455-5da3f6a3a67f 0.151s
2024-10-10 16:21:32.148 62493 INFO tempest.lib.common.rest_client [req-a670ff5d-62c4-4673-9a94-90d9f3b92e8d req-a670ff5d-62c4-4673-9a94-90d9f3b92e8d ] Request (ServerActionsTestJSON:setUpClass): 200 GET http://10.180.1.21/compute/v2.1/servers/52f17c85-bdb9-4c78-8cca-423ab8b20ec2 0.155s
2024-10-10 16:21:32.191 62499 INFO tempest.lib.common.rest_client [req-bc7e2d8c-3393-411a-a2b5-32e3f64c51a3 req-bc7e2d8c-3393-411a-a2b5-32e3f64c51a3 ] Request (ImagesNegativeTestJSON:test_create_image_from_deleted_server): 200 GET http://10.180.1.21/compute/v2.1/servers/57f5e421-5e56-4f92-9e78-ea0f0a30a942 0.174s
2024-10-10 16:21:32.237 62531 INFO tempest.lib.common.rest_client [req-bcd452ff-5285-44b3-8474-4848a95446a4 req-bcd452ff-5285-44b3-8474-4848a95446a4 ] Request (ListServersNegativeTestJSON:setUpClass): 200 GET http://10.180.1.21/compute/v2.1/servers/8cab6dc2-57b1-49c7-a134-d7871f950dba 0.201s
2024-10-10 16:21:32.280 62505 INFO tempest.lib.common.rest_client [req-18580049-1efd-4d36-b194-2be470cc61d5 req-18580049-1efd-4d36-b194-2be470cc61d5 ] Request (ServersTestBootFromVolume:setUpClass): 200 GET http://10.180.1.21/compute/v2.1/servers/937faf54-efa7-4d7c-9485-0bef1e5aa253 0.219s
2024-10-10 16:21:32.327 62495 INFO tempest.lib.common.rest_client [req-944b8a83-4c6f-482c-adf7-f4ad4e7f6ac9 req-944b8a83-4c6f-482c-adf7-f4ad4e7f6ac9 ] Request (AttachVolumeShelveTestJSON:test_attach_volume_shelved_or_offload_server): 200 GET http://10.180.1.21/compute/v2.1/servers/aaf1ef08-5561-4530-8b50-de441cc2f73b 0.247s
2024-10-10 16:21:32.382 62539 INFO tempest.lib.common.rest_client [req-144b121c-057c-4a78-ba8f-2112a6b53382 req-144b121c-057c-4a78-ba8f-2112a6b53382 ] Request (DeleteServersTestJSON:test_delete_server_while_in_attached_volume): 200 GET http://10.180.1.21/compute/v2.1/servers/3b814b1f-ce63-432a-a6bc-0da4e03446aa 0.269s
2024-10-10 16:21:32.459 62515 INFO tempest.lib.common.rest_client [req-07cb787e-8d63-44d7-b58a-b79e8c0b6dc7 req-07cb787e-8d63-44d7-b58a-b79e8c0b6dc7 ] Request (ServerActionsV293TestJSON:setUpClass): 200 GET http://10.180.1.21/compute/v2.1/servers/22e42191-a831-4e3f-9548-1ed560b7660a 0.287s
2024-10-10 16:21:32.506 62526 INFO tempest.lib.common.rest_client [req-47aa5e09-4a88-46b1-8784-d04e678c2a70 req-47aa5e09-4a88-46b1-8784-d04e678c2a70 ] Request (ImagesTestJSON:test_create_image_from_suspended_server): 200 GET http://10.180.1.21/compute/v2.1/servers/9f78c52c-f7ac-4578-8144-e7d644f54198 0.289s
2024-10-10 16:21:32.536 62497 INFO tempest.lib.common.rest_client [req-c60442cf-2eb9-4307-a670-15cd5e095ff6 req-c60442cf-2eb9-4307-a670-15cd5e095ff6 ] Request (FloatingIPDetailsTestJSON:test_get_floating_ip_details): 200 POST http://10.180.1.21/compute/v2.1/os-floating-ips 0.675s
2024-10-10 16:21:32.551 62513 INFO tempest.lib.common.rest_client [req-b0a757cb-b8ff-461d-9e8b-da2e92efb566 req-b0a757cb-b8ff-461d-9e8b-da2e92efb566 ] Request (ServerRescueTestJSON:setUpClass): 200 GET http://10.180.1.21/compute/v2.1/servers/70901ddb-9fbb-44bb-9471-8450061ff2d8 0.289s
2024-10-10 16:21:32.582 62511 INFO tempest.lib.common.rest_client [req-c5002751-9707-4d40-add0-172ee69ecf51 req-c5002751-9707-4d40-add0-172ee69ecf51 ] Request (DeleteServersAdminTestJSON:test_delete_server_while_in_error_state): 200 GET http://10.180.1.21/compute/v2.1/servers/71607aaf-5f3d-410b-b1b9-c6cdbdc70b96 0.274s
2024-10-10 16:21:32.593 62519 INFO tempest.lib.common.rest_client [req-fff67c4b-0a1a-40f5-9ab7-e0500bb6d695 req-fff67c4b-0a1a-40f5-9ab7-e0500bb6d695 ] Request (ServersTestManualDisk:setUpClass): 200 GET http://10.180.1.21/compute/v2.1/servers/8788d992-37ed-468b-92cd-e19656ac0d27 0.236s
2024-10-10 16:21:32.626 62481 INFO tempest.lib.common.rest_client [req-cedf98db-254f-4436-b5e1-9d2dacf1c98d req-cedf98db-254f-4436-b5e1-9d2dacf1c98d ] Request (ServerActionsTestOtherB:setUpClass): 200 GET http://10.180.1.21/compute/v2.1/servers/418394b5-a1a3-4f6e-8e0a-ef747df6e6f9 0.213s
2024-10-10 16:21:32.636 62527 INFO tempest.lib.common.rest_client [req-9afcaaf7-3333-428d-8cce-ba2862048a51 req-9afcaaf7-3333-428d-8cce-ba2862048a51 ] Request (AttachInterfacesTestJSON:test_create_list_show_delete_interfaces_by_network_port): 200 GET http://10.180.1.21/compute/v2.1/servers/9012c03f-c684-4ca3-a0e3-e4e0ab18981f 0.177s
2024-10-10 16:21:32.675 62485 INFO tempest.lib.common.rest_client [req-69e5a3b9-a158-47a9-bc0b-94b9d3982687 req-69e5a3b9-a158-47a9-bc0b-94b9d3982687 ] Request (ServerActionsTestOtherA:setUpClass): 200 GET http://10.180.1.21/compute/v2.1/servers/8266a614-ad18-4d4b-884a-cf5e57c82a70 0.169s
2024-10-10 16:21:32.681 62485 INFO tempest.common.waiters [-] State transition "BUILD/None" ==> "BUILD/networking" after 73 second wait
2024-10-10 16:21:32.709 62497 INFO tempest.lib.common.rest_client [req-eb043d54-c539-4257-af93-9ea7bd99c339 req-eb043d54-c539-4257-af93-9ea7bd99c339 ] Request (FloatingIPDetailsTestJSON:test_get_floating_ip_details): 200 GET http://10.180.1.21/compute/v2.1/os-floating-ips/9aadb59c-6a60-475a-a77e-bbe280b83632 0.171s
2024-10-10 16:21:32.724 62491 INFO tempest.lib.common.rest_client [req-62f9c1ad-af9e-4814-918d-2f1ddb780ba6 req-62f9c1ad-af9e-4814-918d-2f1ddb780ba6 ] Request (VolumesAdminNegativeTest:test_update_attached_volume_with_nonexistent_volume_in_uri): 200 GET http://10.180.1.21/compute/v2.1/servers/9057aad6-f36c-4eff-8d5c-ded24bc3e809 0.043s
2024-10-10 16:21:32.792 62483 INFO tempest.lib.common.rest_client [req-9aa102e8-1166-4206-a215-b2c2ff5cc781 req-9aa102e8-1166-4206-a215-b2c2ff5cc781 ] Request (MigrationsAdminTest:test_resize_server_revert_deleted_flavor): 200 GET http://10.180.1.21/compute/v2.1/servers/ae678c43-d25a-42f1-9389-7253074b5cac 0.057s
2024-10-10 16:21:32.848 62503 INFO tempest.lib.common.rest_client [req-88851140-11f9-447b-84a3-27e45ca4e884 req-88851140-11f9-447b-84a3-27e45ca4e884 ] Request (SecurityGroupsTestJSON:test_server_security_groups): 200 GET http://10.180.1.21/compute/v2.1/servers/e0baf004-b63a-4cc3-bfec-671a03780685 0.059s
2024-10-10 16:21:32.927 62543 INFO tempest.lib.common.rest_client [req-1c8d63c3-d5b3-437d-a46b-2f6fb16720a3 req-1c8d63c3-d5b3-437d-a46b-2f6fb16720a3 ] Request (ServerRescueTestJSONUnderV235:setUpClass): 200 GET http://10.180.1.21/compute/v2.1/servers/1cc8dcd0-ce2d-431e-848a-c170fffce9b3 0.066s
2024-10-10 16:21:32.985 62529 INFO tempest.lib.common.rest_client [req-cb2ce816-2a76-4a5c-ab8e-7a86ad896679 req-cb2ce816-2a76-4a5c-ab8e-7a86ad896679 ] Request (ServersTestFqdnHostnames:test_create_server_with_fqdn_name): 200 GET http://10.180.1.21/compute/v2.1/servers/7f26944b-96df-47c9-9725-0f6f9914a69f 0.066s
2024-10-10 16:21:33.068 62537 INFO tempest.lib.common.rest_client [req-d6d0fbce-6ec9-45e4-bdcb-1a4959816402 req-d6d0fbce-6ec9-45e4-bdcb-1a4959816402 ] Request (ServersAdmin275Test:test_rebuild_update_server_275): 200 GET http://10.180.1.21/compute/v2.1/servers/bff78120-fdf5-4c9e-80de-277c80fd16f8 0.142s
2024-10-10 16:21:33.120 62487 INFO tempest.lib.common.rest_client [req-9fd8dbf8-a226-4c95-9d15-1c2699c292ae req-9fd8dbf8-a226-4c95-9d15-1c2699c292ae ] Request (ServersTestJSON:setUpClass): 200 GET http://10.180.1.21/compute/v2.1/servers/0e2e8629-cb38-4cf6-8014-ca80d9be87fb 0.153s
2024-10-10 16:21:33.182 62489 INFO tempest.lib.common.rest_client [req-bca871a0-5f6e-47a0-ae47-21ae8eba6a6f req-bca871a0-5f6e-47a0-ae47-21ae8eba6a6f ] Request (AttachInterfacesUnderV243Test:test_add_remove_fixed_ip): 200 GET http://10.180.1.21/compute/v2.1/servers/3be344b0-02b3-4b81-87d5-456e8965cb01 0.207s
2024-10-10 16:21:33.236 62517 INFO tempest.lib.common.rest_client [req-692f24a3-e071-4792-a294-73988fdfa227 req-692f24a3-e071-4792-a294-73988fdfa227 ] Request (ImagesOneServerNegativeTestJSON:setUpClass): 200 GET http://10.180.1.21/compute/v2.1/servers/e8d87270-a8c4-4f5c-8e3e-ab3169d48494 0.221s
2024-10-10 16:21:33.249 62497 INFO tempest.lib.common.rest_client [req-528ecd4a-62fb-41e9-b82e-d41d911dd303 req-528ecd4a-62fb-41e9-b82e-d41d911dd303 ] Request (FloatingIPDetailsTestJSON:_run_cleanups): 202 DELETE http://10.180.1.21/compute/v2.1/os-floating-ips/9aadb59c-6a60-475a-a77e-bbe280b83632 0.538s
2024-10-10 16:21:33.293 62507 INFO tempest.lib.common.rest_client [req-5bae4c94-3a25-4c7e-8763-bb344a97d677 req-5bae4c94-3a25-4c7e-8763-bb344a97d677 ] Request (ListServerFiltersTestJSON:setUpClass): 200 GET http://10.180.1.21/compute/v2.1/servers/049c02ee-9fc8-4335-8783-b3d18ac967c6 0.231s
2024-10-10 16:21:33.308 62523 INFO tempest.lib.common.rest_client [req-6e2cf04f-45ca-420c-9ce6-89f10f6d9256 req-6e2cf04f-45ca-420c-9ce6-89f10f6d9256 ] Request (ServersV294TestFqdnHostnames:setUpClass): 200 GET http://10.180.1.21/compute/v2.1/servers/2bfcddea-7a99-4ecf-9455-5da3f6a3a67f 0.193s
2024-10-10 16:21:33.365 62493 INFO tempest.lib.common.rest_client [req-b99dfe96-eeb5-4967-a9a8-716e091a0ff9 req-b99dfe96-eeb5-4967-a9a8-716e091a0ff9 ] Request (ServerActionsTestJSON:setUpClass): 200 GET http://10.180.1.21/compute/v2.1/servers/52f17c85-bdb9-4c78-8cca-423ab8b20ec2 0.210s
2024-10-10 16:21:33.367 62499 INFO tempest.lib.common.rest_client [req-5b240664-9c49-4dd6-9407-eb3785eeb94a req-5b240664-9c49-4dd6-9407-eb3785eeb94a ] Request (ImagesNegativeTestJSON:test_create_image_from_deleted_server): 200 GET http://10.180.1.21/compute/v2.1/servers/57f5e421-5e56-4f92-9e78-ea0f0a30a942 0.169s
2024-10-10 16:21:33.421 62531 INFO tempest.lib.common.rest_client [req-88732ce7-8de5-444c-932e-0894cfb0324c req-88732ce7-8de5-444c-932e-0894cfb0324c ] Request (ListServersNegativeTestJSON:setUpClass): 200 GET http://10.180.1.21/compute/v2.1/servers/8cab6dc2-57b1-49c7-a134-d7871f950dba 0.176s
2024-10-10 16:21:33.472 62505 INFO tempest.lib.common.rest_client [req-1a83674e-d5c7-40cb-b069-65838f1728db req-1a83674e-d5c7-40cb-b069-65838f1728db ] Request (ServersTestBootFromVolume:setUpClass): 200 GET http://10.180.1.21/compute/v2.1/servers/937faf54-efa7-4d7c-9485-0bef1e5aa253 0.183s
2024-10-10 16:21:33.492 62497 INFO tempest.lib.common.rest_client [req-27e7635c-e5f5-4a29-aef2-06e0be01b902 req-27e7635c-e5f5-4a29-aef2-06e0be01b902 ] Request (FloatingIPDetailsTestJSON:test_list_floating_ips): 200 GET http://10.180.1.21/compute/v2.1/os-floating-ips 0.242s
2024-10-10 16:21:33.530 62495 INFO tempest.lib.common.rest_client [req-b29a447b-8a68-4e9f-b593-8f9b59f9bbeb req-b29a447b-8a68-4e9f-b593-8f9b59f9bbeb ] Request (AttachVolumeShelveTestJSON:test_attach_volume_shelved_or_offload_server): 200 GET http://10.180.1.21/compute/v2.1/servers/aaf1ef08-5561-4530-8b50-de441cc2f73b 0.195s
2024-10-10 16:21:33.552 62539 INFO tempest.lib.common.rest_client [req-4e3be56c-5221-44a7-a02c-a478cb0ec3c1 req-4e3be56c-5221-44a7-a02c-a478cb0ec3c1 ] Request (DeleteServersTestJSON:test_delete_server_while_in_attached_volume): 200 GET http://10.180.1.21/compute/v2.1/servers/3b814b1f-ce63-432a-a6bc-0da4e03446aa 0.160s
2024-10-10 16:21:33.598 62515 INFO tempest.lib.common.rest_client [req-6eb2afe5-dc8c-44d2-963f-716677347c6b req-6eb2afe5-dc8c-44d2-963f-716677347c6b ] Request (ServerActionsV293TestJSON:setUpClass): 200 GET http://10.180.1.21/compute/v2.1/servers/22e42191-a831-4e3f-9548-1ed560b7660a 0.130s
2024-10-10 16:21:33.649 62526 INFO tempest.lib.common.rest_client [req-4f9a33aa-f435-49aa-b23f-7fb1fb08b26f req-4f9a33aa-f435-49aa-b23f-7fb1fb08b26f ] Request (ImagesTestJSON:test_create_image_from_suspended_server): 200 GET http://10.180.1.21/compute/v2.1/servers/9f78c52c-f7ac-4578-8144-e7d644f54198 0.136s
2024-10-10 16:21:33.702 62513 INFO tempest.lib.common.rest_client [req-ff9d7a36-7a60-43f3-9c73-22dcf16c2c52 req-ff9d7a36-7a60-43f3-9c73-22dcf16c2c52 ] Request (ServerRescueTestJSON:setUpClass): 200 GET http://10.180.1.21/compute/v2.1/servers/70901ddb-9fbb-44bb-9471-8450061ff2d8 0.142s
2024-10-10 16:21:33.768 62511 INFO tempest.lib.common.rest_client [req-6d06849c-b1e4-4636-87e4-e8f0bb45abb6 req-6d06849c-b1e4-4636-87e4-e8f0bb45abb6 ] Request (DeleteServersAdminTestJSON:test_delete_server_while_in_error_state): 200 GET http://10.180.1.21/compute/v2.1/servers/71607aaf-5f3d-410b-b1b9-c6cdbdc70b96 0.179s
2024-10-10 16:21:33.775 62511 INFO tempest.common.waiters [-] State transition "BUILD/spawning" ==> "ERROR/None" after 91 second wait
2024-10-10 16:21:33.861 62519 INFO tempest.lib.common.rest_client [req-0477293b-cfb7-404b-907a-717b7bf6cd8a req-0477293b-cfb7-404b-907a-717b7bf6cd8a ] Request (ServersTestManualDisk:setUpClass): 200 GET http://10.180.1.21/compute/v2.1/servers/8788d992-37ed-468b-92cd-e19656ac0d27 0.262s
2024-10-10 16:21:33.919 62481 INFO tempest.lib.common.rest_client [req-a8417fad-e0bf-4d62-9f4f-35016c583329 req-a8417fad-e0bf-4d62-9f4f-35016c583329 ] Request (ServerActionsTestOtherB:setUpClass): 200 GET http://10.180.1.21/compute/v2.1/servers/418394b5-a1a3-4f6e-8e0a-ef747df6e6f9 0.287s
2024-10-10 16:21:33.978 62527 INFO tempest.lib.common.rest_client [req-7f164189-f03e-4647-b129-a4a709027995 req-7f164189-f03e-4647-b129-a4a709027995 ] Request (AttachInterfacesTestJSON:test_create_list_show_delete_interfaces_by_network_port): 200 GET http://10.180.1.21/compute/v2.1/servers/9012c03f-c684-4ca3-a0e3-e4e0ab18981f 0.335s
2024-10-10 16:21:34.159 62497 INFO tempest.lib.common.rest_client [req-0829c761-5b77-4932-8954-de7a8ee7157d req-0829c761-5b77-4932-8954-de7a8ee7157d ] Request (FloatingIPDetailsTestJSON:tearDownClass): 202 DELETE http://10.180.1.21/compute/v2.1/os-floating-ips/e0aa758d-c77e-40fd-8b5a-02e4ce3b86fe 0.663s
2024-10-10 16:21:34.186 62485 INFO tempest.lib.common.rest_client [req-b54ef477-6473-4074-b9d7-a74d5a13d217 req-b54ef477-6473-4074-b9d7-a74d5a13d217 ] Request (ServerActionsTestOtherA:setUpClass): 200 GET http://10.180.1.21/compute/v2.1/servers/8266a614-ad18-4d4b-884a-cf5e57c82a70 0.503s
2024-10-10 16:21:34.192 62485 INFO tempest.common.waiters [-] State transition "BUILD/networking" ==> "BUILD/spawning" after 75 second wait
2024-10-10 16:21:34.212 62491 INFO tempest.lib.common.rest_client [req-1f6ae66b-e7fd-4f93-a4fe-fc3eb7981530 req-1f6ae66b-e7fd-4f93-a4fe-fc3eb7981530 ] Request (VolumesAdminNegativeTest:test_update_attached_volume_with_nonexistent_volume_in_uri): 200 GET http://10.180.1.21/compute/v2.1/servers/9057aad6-f36c-4eff-8d5c-ded24bc3e809 0.480s
2024-10-10 16:21:34.272 62483 INFO tempest.lib.common.rest_client [req-f040e691-0a32-4a95-8c2e-7a3aa0c45ccb req-f040e691-0a32-4a95-8c2e-7a3aa0c45ccb ] Request (MigrationsAdminTest:test_resize_server_revert_deleted_flavor): 200 GET http://10.180.1.21/compute/v2.1/servers/ae678c43-d25a-42f1-9389-7253074b5cac 0.468s
2024-10-10 16:21:34.316 62503 INFO tempest.lib.common.rest_client [req-cfb08812-e49c-48db-8d75-35998318ad86 req-cfb08812-e49c-48db-8d75-35998318ad86 ] Request (SecurityGroupsTestJSON:test_server_security_groups): 200 GET http://10.180.1.21/compute/v2.1/servers/e0baf004-b63a-4cc3-bfec-671a03780685 0.460s
2024-10-10 16:21:34.357 62543 INFO tempest.lib.common.rest_client [req-8408a844-67ff-4751-8b45-3f4c1bffa184 req-8408a844-67ff-4751-8b45-3f4c1bffa184 ] Request (ServerRescueTestJSONUnderV235:setUpClass): 200 GET http://10.180.1.21/compute/v2.1/servers/1cc8dcd0-ce2d-431e-848a-c170fffce9b3 0.422s
2024-10-10 16:21:34.374 62511 INFO tempest.lib.common.rest_client [req-4e72a8a8-aa6a-4492-b632-4bbcd8401393 req-4e72a8a8-aa6a-4492-b632-4bbcd8401393 ] Request (DeleteServersAdminTestJSON:test_delete_server_while_in_error_state): 204 DELETE http://10.180.1.21/compute/v2.1/servers/71607aaf-5f3d-410b-b1b9-c6cdbdc70b96 0.599s
2024-10-10 16:21:34.413 62529 INFO tempest.lib.common.rest_client [req-1526ad36-287b-41a2-9fd1-a874df3f4065 req-1526ad36-287b-41a2-9fd1-a874df3f4065 ] Request (ServersTestFqdnHostnames:test_create_server_with_fqdn_name): 200 GET http://10.180.1.21/compute/v2.1/servers/7f26944b-96df-47c9-9725-0f6f9914a69f 0.417s
2024-10-10 16:21:34.432 62537 INFO tempest.lib.common.rest_client [req-c862025f-da3c-46d3-b40f-e64735b52def req-c862025f-da3c-46d3-b40f-e64735b52def ] Request (ServersAdmin275Test:test_rebuild_update_server_275): 200 GET http://10.180.1.21/compute/v2.1/servers/bff78120-fdf5-4c9e-80de-277c80fd16f8 0.354s
2024-10-10 16:21:34.475 62487 INFO tempest.lib.common.rest_client [req-24605b5d-dfd6-45a6-a2a0-00ada784720a req-24605b5d-dfd6-45a6-a2a0-00ada784720a ] Request (ServersTestJSON:setUpClass): 200 GET http://10.180.1.21/compute/v2.1/servers/0e2e8629-cb38-4cf6-8014-ca80d9be87fb 0.347s
2024-10-10 16:21:34.527 62489 INFO tempest.lib.common.rest_client [req-9ad359d3-411e-4291-aa13-37a1a646c82e req-9ad359d3-411e-4291-aa13-37a1a646c82e ] Request (AttachInterfacesUnderV243Test:test_add_remove_fixed_ip): 200 GET http://10.180.1.21/compute/v2.1/servers/3be344b0-02b3-4b81-87d5-456e8965cb01 0.337s
2024-10-10 16:21:34.583 62517 INFO tempest.lib.common.rest_client [req-83ea2289-2cf1-4a73-b36c-7f33fa1d6323 req-83ea2289-2cf1-4a73-b36c-7f33fa1d6323 ] Request (ImagesOneServerNegativeTestJSON:setUpClass): 200 GET http://10.180.1.21/compute/v2.1/servers/e8d87270-a8c4-4f5c-8e3e-ab3169d48494 0.340s
2024-10-10 16:21:34.642 62507 INFO tempest.lib.common.rest_client [req-706d84a1-9718-4f72-b02c-b3e8507ff922 req-706d84a1-9718-4f72-b02c-b3e8507ff922 ] Request (ListServerFiltersTestJSON:setUpClass): 200 GET http://10.180.1.21/compute/v2.1/servers/049c02ee-9fc8-4335-8783-b3d18ac967c6 0.340s
2024-10-10 16:21:34.699 62523 INFO tempest.lib.common.rest_client [req-f4fba7c4-5948-4119-9af3-4b6e7c249095 req-f4fba7c4-5948-4119-9af3-4b6e7c249095 ] Request (ServersV294TestFqdnHostnames:setUpClass): 200 GET http://10.180.1.21/compute/v2.1/servers/2bfcddea-7a99-4ecf-9455-5da3f6a3a67f 0.382s
2024-10-10 16:21:34.771 62493 INFO tempest.lib.common.rest_client [req-c4490a43-183b-4f5c-b130-eeb80e05df24 req-c4490a43-183b-4f5c-b130-eeb80e05df24 ] Request (ServerActionsTestJSON:setUpClass): 200 GET http://10.180.1.21/compute/v2.1/servers/52f17c85-bdb9-4c78-8cca-423ab8b20ec2 0.398s
2024-10-10 16:21:34.828 62499 INFO tempest.lib.common.rest_client [req-608578f7-639c-4604-91f6-8928216a7b3c req-608578f7-639c-4604-91f6-8928216a7b3c ] Request (ImagesNegativeTestJSON:test_create_image_from_deleted_server): 200 GET http://10.180.1.21/compute/v2.1/servers/57f5e421-5e56-4f92-9e78-ea0f0a30a942 0.455s
2024-10-10 16:21:34.847 62511 INFO tempest.lib.common.rest_client [req-d8ed69da-cdb6-4f54-bcd6-9603d5463d5f req-d8ed69da-cdb6-4f54-bcd6-9603d5463d5f ] Request (DeleteServersAdminTestJSON:test_delete_server_while_in_error_state): 404 GET http://10.180.1.21/compute/v2.1/servers/71607aaf-5f3d-410b-b1b9-c6cdbdc70b96 0.472s
2024-10-10 16:21:34.935 62511 INFO tempest.lib.common.rest_client [req-5a00aa63-1671-4f26-8422-63b1d0419e20 req-5a00aa63-1671-4f26-8422-63b1d0419e20 ] Request (DeleteServersAdminTestJSON:tearDownClass): 204 DELETE http://10.180.1.21/identity/v3/users/e67ac6f103e14bb3a8cba01abe21c711 0.087s
2024-10-10 16:21:35.051 62511 INFO tempest.lib.common.rest_client [req-b0e3085f-8fad-4dfb-85e5-5cd3374f8fc3 req-b0e3085f-8fad-4dfb-85e5-5cd3374f8fc3 ] Request (DeleteServersAdminTestJSON:tearDownClass): 204 DELETE http://10.180.1.21/identity/v3/users/7bf6e78f2a844c9bb85a2f70417b6af1 0.116s
2024-10-10 16:21:35.052 62511 INFO tempest.lib.common.dynamic_creds [-] Deleting project and security group for project: 1ad4dea36a3341e0b60b4e5cd929a2ac
2024-10-10 16:21:35.053 62531 INFO tempest.lib.common.rest_client [req-e7cfda94-ed8e-46c1-a683-a0fc936e49d2 req-e7cfda94-ed8e-46c1-a683-a0fc936e49d2 ] Request (ListServersNegativeTestJSON:setUpClass): 200 GET http://10.180.1.21/compute/v2.1/servers/8cab6dc2-57b1-49c7-a134-d7871f950dba 0.626s
2024-10-10 16:21:35.109 62505 INFO tempest.lib.common.rest_client [req-da336dce-240a-4bc7-9ba4-c4f424e6b3f3 req-da336dce-240a-4bc7-9ba4-c4f424e6b3f3 ] Request (ServersTestBootFromVolume:setUpClass): 200 GET http://10.180.1.21/compute/v2.1/servers/937faf54-efa7-4d7c-9485-0bef1e5aa253 0.625s
2024-10-10 16:21:35.109 62511 INFO tempest.lib.common.rest_client [req-6f0e33d2-6a26-47ad-b1c4-b8dc33e59390 req-6f0e33d2-6a26-47ad-b1c4-b8dc33e59390 ] Request (DeleteServersAdminTestJSON:tearDownClass): 201 POST http://10.180.1.21/identity/v3/auth/tokens 0.057s
2024-10-10 16:21:35.140 62497 INFO tempest.lib.common.rest_client [req-5773381d-8908-48a3-87a3-3d6fb3149dcb req-5773381d-8908-48a3-87a3-3d6fb3149dcb ] Request (FloatingIPDetailsTestJSON:tearDownClass): 202 DELETE http://10.180.1.21/compute/v2.1/os-floating-ips/97c75c53-f651-4bf7-8a88-8abd5cb3de6b 0.981s
2024-10-10 16:21:35.164 62495 INFO tempest.lib.common.rest_client [req-2dba5d0d-c795-4e0b-b3d7-8a827d890c56 req-2dba5d0d-c795-4e0b-b3d7-8a827d890c56 ] Request (AttachVolumeShelveTestJSON:test_attach_volume_shelved_or_offload_server): 200 GET http://10.180.1.21/compute/v2.1/servers/aaf1ef08-5561-4530-8b50-de441cc2f73b 0.624s
2024-10-10 16:21:35.193 62539 INFO tempest.lib.common.rest_client [req-3ef45cc4-b0c7-4ecf-b4c9-b92bd310be55 req-3ef45cc4-b0c7-4ecf-b4c9-b92bd310be55 ] Request (DeleteServersTestJSON:test_delete_server_while_in_attached_volume): 200 GET http://10.180.1.21/compute/v2.1/servers/3b814b1f-ce63-432a-a6bc-0da4e03446aa 0.635s
2024-10-10 16:21:35.217 62515 INFO tempest.lib.common.rest_client [req-ef404a92-fb2d-4c58-b7fc-1acdbe68ccd6 req-ef404a92-fb2d-4c58-b7fc-1acdbe68ccd6 ] Request (ServerActionsV293TestJSON:setUpClass): 200 GET http://10.180.1.21/compute/v2.1/servers/22e42191-a831-4e3f-9548-1ed560b7660a 0.608s
2024-10-10 16:21:35.226 62515 INFO tempest.common.waiters [-] State transition "BUILD/scheduling" ==> "BUILD/None" after 75 second wait
