2024-10-10 16:20:51.732 62515 INFO tempest.lib.common.rest_client [req-66bf7e05-f06e-4157-808e-3ceb6d5746ed req-66bf7e05-f06e-4157-808e-3ceb6d5746ed ] Request (ServerActionsV293TestJSON:setUpClass): 200 GET http://10.180.1.21/compute/v2.1/servers/22e42191-a831-4e3f-9548-1ed560b7660a 0.053s
2024-10-10 16:20:51.781 62511 INFO tempest.lib.common.rest_client [req-a0e31786-66eb-462b-8d58-daaab054a380 req-a0e31786-66eb-462b-8d58-daaab054a380 ] Request (DeleteServersAdminTestJSON:test_delete_server_while_in_error_state): 200 GET http://10.180.1.21/compute/v2.1/servers/71607aaf-5f3d-410b-b1b9-c6cdbdc70b96 0.079s
2024-10-10 16:20:51.832 62526 INFO tempest.lib.common.rest_client [req-ae44f065-badd-4fae-b902-37ec51b209dc req-ae44f065-badd-4fae-b902-37ec51b209dc ] Request (ImagesTestJSON:test_create_image_from_stopped_server): 200 GET http://10.180.1.21/compute/v2.1/servers/d26249f7-dad2-4160-bdc1-bb629fb696d8 0.063s
2024-10-10 16:20:51.876 62519 INFO tempest.lib.common.rest_client [req-8bd5c715-1353-4cc7-a832-d322c28369fa req-8bd5c715-1353-4cc7-a832-d322c28369fa ] Request (ServersTestManualDisk:setUpClass): 200 GET http://10.180.1.21/compute/v2.1/servers/8788d992-37ed-468b-92cd-e19656ac0d27 0.059s
2024-10-10 16:20:51.921 62481 INFO tempest.lib.common.rest_client [req-1b936953-3677-4ceb-bb6c-24dad0630000 req-1b936953-3677-4ceb-bb6c-24dad0630000 ] Request (ServerActionsTestOtherB:setUpClass): 200 GET http://10.180.1.21/compute/v2.1/servers/418394b5-a1a3-4f6e-8e0a-ef747df6e6f9 0.082s
2024-10-10 16:20:51.964 62527 INFO tempest.lib.common.rest_client [req-71b09584-5970-4f54-a316-64d94b1fd907 req-71b09584-5970-4f54-a316-64d94b1fd907 ] Request (AttachInterfacesTestJSON:test_create_list_show_delete_interfaces_by_network_port): 200 GET http://10.180.1.21/compute/v2.1/servers/9012c03f-c684-4ca3-a0e3-e4e0ab18981f 0.100s
2024-10-10 16:20:51.987 62507 INFO tempest.lib.common.rest_client [req-dc57add0-f351-4ad5-94bb-0a05492c3266 req-dc57add0-f351-4ad5-94bb-0a05492c3266 ] Request (ListServerFiltersTestJSON:setUpClass): 202 POST http://10.180.1.21/compute/v2.1/servers 0.329s
2024-10-10 16:20:52.005 62485 INFO tempest.lib.common.rest_client [req-79849d45-a2c1-45da-ad58-9061edf15f7e req-79849d45-a2c1-45da-ad58-9061edf15f7e ] Request (ServerActionsTestOtherA:setUpClass): 200 GET http://10.180.1.21/compute/v2.1/servers/8266a614-ad18-4d4b-884a-cf5e57c82a70 0.116s
2024-10-10 16:20:52.023 62507 INFO tempest.lib.common.rest_client [req-3b10654d-efed-41f1-a91f-9fda39c222d6 req-3b10654d-efed-41f1-a91f-9fda39c222d6 ] Request (ListServerFiltersTestJSON:setUpClass): 201 POST http://10.180.1.21/identity/v3/auth/tokens 0.030s
2024-10-10 16:20:52.023 62507 INFO tempest.lib.common.fixed_network [-] (ListServerFiltersTestJSON:setUpClass) Found network {'id': '1b291a62-8d5d-4eed-8c15-c83a8009bb2d', 'name': 'tempest-ListServerFiltersTestJSON-9873893-network', 'tenant_id': 'ac198e66ae234d7897f255d7859d50b8', 'admin_state_up': True, 'mtu': 8950, 'status': 'ACTIVE', 'subnets': [], 'shared': False, 'project_id': 'ac198e66ae234d7897f255d7859d50b8', 'port_security_enabled': True, 'router:external': False, 'provider:network_type': 'vlan', 'provider:physical_network': 'default', 'provider:segmentation_id': 54, 'is_default': False, 'availability_zone_hints': [], 'availability_zones': [], 'ipv4_address_scope': None, 'ipv6_address_scope': None, 'description': '', 'tags': [], 'created_at': '2024-10-10T16:20:51Z', 'updated_at': '2024-10-10T16:20:51Z', 'revision_number': 1} available for tenant
2024-10-10 16:20:52.031 62491 INFO tempest.lib.common.rest_client [req-b5835a5e-d857-4d70-a207-18fa3297d6da req-b5835a5e-d857-4d70-a207-18fa3297d6da ] Request (VolumesAdminNegativeTest:test_update_attached_volume_with_nonexistent_volume_in_uri): 200 GET http://10.180.1.21/compute/v2.1/servers/9057aad6-f36c-4eff-8d5c-ded24bc3e809 0.115s
2024-10-10 16:20:52.052 62537 INFO tempest.lib.common.rest_client [req-4d825ef6-0e87-4476-9238-4ac9e4de1e1e req-4d825ef6-0e87-4476-9238-4ac9e4de1e1e ] Request (ServersAdmin275Test:test_rebuild_update_server_275): 200 GET http://10.180.1.21/compute/v2.1/servers/bff78120-fdf5-4c9e-80de-277c80fd16f8 0.073s
2024-10-10 16:20:52.168 62529 INFO tempest.lib.common.rest_client [req-610e4b1a-0ffe-422b-a05c-c9ba4603fc25 req-610e4b1a-0ffe-422b-a05c-c9ba4603fc25 ] Request (ServersTestFqdnHostnames:test_create_server_with_fqdn_name): 200 GET http://10.180.1.21/compute/v2.1/servers/7f26944b-96df-47c9-9725-0f6f9914a69f 0.051s
2024-10-10 16:20:52.229 62489 INFO tempest.lib.common.rest_client [req-93d27459-1b8e-4fd0-b04a-bacb3408d7eb req-93d27459-1b8e-4fd0-b04a-bacb3408d7eb ] Request (AttachInterfacesUnderV243Test:test_add_remove_fixed_ip): 200 GET http://10.180.1.21/compute/v2.1/servers/3be344b0-02b3-4b81-87d5-456e8965cb01 0.053s
2024-10-10 16:20:52.271 62483 INFO tempest.lib.common.rest_client [req-2b2133db-732c-4c16-8dda-d148565dcc65 req-2b2133db-732c-4c16-8dda-d148565dcc65 ] Request (MigrationsAdminTest:test_list_migrations_in_flavor_resize_situation): 200 GET http://10.180.1.21/compute/v2.1/servers/0ebb6fe8-89eb-4d4a-9a87-3bc20a0c8f07 0.066s
2024-10-10 16:20:52.272 62507 INFO tempest.lib.common.rest_client [req-1c654196-e599-4bc1-9542-95d2cec5a773 req-1c654196-e599-4bc1-9542-95d2cec5a773 ] Request (ListServerFiltersTestJSON:setUpClass): 202 POST http://10.180.1.21/compute/v2.1/servers 0.249s
2024-10-10 16:20:52.307 62507 INFO tempest.lib.common.rest_client [req-875c8e50-2fe6-48ea-8c32-f9bbb510f103 req-875c8e50-2fe6-48ea-8c32-f9bbb510f103 ] Request (ListServerFiltersTestJSON:setUpClass): 201 POST http://10.180.1.21/identity/v3/auth/tokens 0.031s
2024-10-10 16:20:52.308 62507 INFO tempest.lib.common.fixed_network [-] (ListServerFiltersTestJSON:setUpClass) Found network {'id': '1b291a62-8d5d-4eed-8c15-c83a8009bb2d', 'name': 'tempest-ListServerFiltersTestJSON-9873893-network', 'tenant_id': 'ac198e66ae234d7897f255d7859d50b8', 'admin_state_up': True, 'mtu': 8950, 'status': 'ACTIVE', 'subnets': [], 'shared': False, 'project_id': 'ac198e66ae234d7897f255d7859d50b8', 'port_security_enabled': True, 'router:external': False, 'provider:network_type': 'vlan', 'provider:physical_network': 'default', 'provider:segmentation_id': 54, 'is_default': False, 'availability_zone_hints': [], 'availability_zones': [], 'ipv4_address_scope': None, 'ipv6_address_scope': None, 'description': '', 'tags': [], 'created_at': '2024-10-10T16:20:51Z', 'updated_at': '2024-10-10T16:20:51Z', 'revision_number': 1} available for tenant
2024-10-10 16:20:52.320 62513 INFO tempest.lib.common.rest_client [req-5dd4cb03-b8ce-40e9-902f-e52f9ee387f3 req-5dd4cb03-b8ce-40e9-902f-e52f9ee387f3 ] Request (VolumesAssistedSnapshotsTest:test_volume_assisted_snapshot_create_delete): 200 GET http://10.180.1.21/compute/v2.1/servers/c40ffe4c-6fdd-420b-aa4b-6e58c2ad2557 0.077s
2024-10-10 16:20:52.349 62543 INFO tempest.lib.common.rest_client [req-5ffb7166-c7d3-419b-b263-3705554d4140 req-5ffb7166-c7d3-419b-b263-3705554d4140 ] Request (ServerRescueTestJSONUnderV235:setUpClass): 200 GET http://10.180.1.21/compute/v2.1/servers/1cc8dcd0-ce2d-431e-848a-c170fffce9b3 0.052s
2024-10-10 16:20:52.407 62539 INFO tempest.lib.common.rest_client [req-7beae5be-1390-4d93-b361-4809968c77dc req-7beae5be-1390-4d93-b361-4809968c77dc ] Request (DeleteServersTestJSON:test_delete_active_server): 200 GET http://10.180.1.21/compute/v2.1/servers/8de4fffb-7ff1-434f-bd30-03bf766a3801 0.082s
2024-10-10 16:20:52.457 62487 INFO tempest.lib.common.rest_client [req-41827bb7-cb3a-415f-8617-6beb623b4fa6 req-41827bb7-cb3a-415f-8617-6beb623b4fa6 ] Request (ServersTestJSON:setUpClass): 200 GET http://10.180.1.21/compute/v2.1/servers/0e2e8629-cb38-4cf6-8014-ca80d9be87fb 0.054s
2024-10-10 16:20:52.510 62517 INFO tempest.lib.common.rest_client [req-58c7e9b6-a31e-4d4b-a7d0-f271b0b71a96 req-58c7e9b6-a31e-4d4b-a7d0-f271b0b71a96 ] Request (ImagesOneServerNegativeTestJSON:setUpClass): 200 GET http://10.180.1.21/compute/v2.1/servers/e8d87270-a8c4-4f5c-8e3e-ab3169d48494 0.104s
2024-10-10 16:20:52.562 62503 INFO tempest.lib.common.rest_client [req-bb6bbd8f-e4f2-4d4f-b5b5-3f571ea2c768 req-bb6bbd8f-e4f2-4d4f-b5b5-3f571ea2c768 ] Request (SecurityGroupsTestJSON:test_list_security_groups_by_server): 200 GET http://10.180.1.21/compute/v2.1/servers/a2f583a4-5558-4438-863c-90174786c664 0.111s
2024-10-10 16:20:52.584 62507 INFO tempest.lib.common.rest_client [req-d1b7f6da-f331-44ef-a14f-b0ead36f720c req-d1b7f6da-f331-44ef-a14f-b0ead36f720c ] Request (ListServerFiltersTestJSON:setUpClass): 202 POST http://10.180.1.21/compute/v2.1/servers 0.276s
2024-10-10 16:20:52.612 62523 INFO tempest.lib.common.rest_client [req-6b0fda0a-db03-4262-be84-c0f0ca921df0 req-6b0fda0a-db03-4262-be84-c0f0ca921df0 ] Request (ServersV294TestFqdnHostnames:setUpClass): 200 GET http://10.180.1.21/compute/v2.1/servers/2bfcddea-7a99-4ecf-9455-5da3f6a3a67f 0.136s
2024-10-10 16:20:52.634 62531 INFO tempest.lib.common.rest_client [req-822a9c16-d9c9-485f-8b43-4bf2f9809ea5 req-822a9c16-d9c9-485f-8b43-4bf2f9809ea5 ] Request (ListServersNegativeTestJSON:setUpClass): 200 GET http://10.180.1.21/compute/v2.1/servers/8cab6dc2-57b1-49c7-a134-d7871f950dba 0.118s
2024-10-10 16:20:52.663 62497 INFO tempest.lib.common.rest_client [req-2d5787ee-7479-4768-8155-716798ccc37d req-2d5787ee-7479-4768-8155-716798ccc37d ] Request (ServersAdminTestJSON:setUpClass): 200 GET http://10.180.1.21/compute/v2.1/servers/d3070dc9-6b33-46a6-b93b-a9b6dcc431f9 0.142s
2024-10-10 16:20:52.686 62522 INFO tempest.lib.common.rest_client [req-fd213728-554f-48a7-a12b-5cd9c5c111f0 req-fd213728-554f-48a7-a12b-5cd9c5c111f0 ] Request (ServersWithSpecificFlavorTestJSON:test_verify_created_server_ephemeral_disk): 200 GET http://10.180.1.21/compute/v2.1/servers/7b5754cf-73fd-46a5-a635-c346ed17a8a9 0.124s
2024-10-10 16:20:52.700 62507 INFO tempest.lib.common.rest_client [req-b54794c9-53eb-44ce-9274-456e72f80043 req-b54794c9-53eb-44ce-9274-456e72f80043 ] Request (ListServerFiltersTestJSON:setUpClass): 200 GET http://10.180.1.21/compute/v2.1/servers/049c02ee-9fc8-4335-8783-b3d18ac967c6 0.114s
2024-10-10 16:20:52.735 62499 INFO tempest.lib.common.rest_client [req-2fb3da86-ee49-4c71-a906-627a269fe55d req-2fb3da86-ee49-4c71-a906-627a269fe55d ] Request (ImagesNegativeTestJSON:test_create_image_from_deleted_server): 200 GET http://10.180.1.21/compute/v2.1/servers/57f5e421-5e56-4f92-9e78-ea0f0a30a942 0.126s
2024-10-10 16:20:52.756 62495 INFO tempest.lib.common.rest_client [req-3133d369-1b3e-48b1-9f88-1186ffdc6614 req-3133d369-1b3e-48b1-9f88-1186ffdc6614 ] Request (AttachVolumeShelveTestJSON:test_attach_volume_shelved_or_offload_server): 200 GET http://10.180.1.21/compute/v2.1/servers/aaf1ef08-5561-4530-8b50-de441cc2f73b 0.133s
2024-10-10 16:20:52.767 62505 INFO tempest.lib.common.rest_client [req-2b095dcd-a0eb-4251-8234-2ba765286f68 req-2b095dcd-a0eb-4251-8234-2ba765286f68 ] Request (ServersTestBootFromVolume:setUpClass): 200 GET http://10.180.1.21/volume/v3/volumes/327bebc7-9fdd-4234-b772-40ede83256e3 0.031s
2024-10-10 16:20:52.798 62493 INFO tempest.lib.common.rest_client [req-8989e695-7d8e-4d96-bbbb-274f642a53de req-8989e695-7d8e-4d96-bbbb-274f642a53de ] Request (ListImageFiltersTestJSON:setUpClass): 200 GET http://10.180.1.21/compute/v2.1/servers/2b98a191-071d-42a9-ba65-00ad310fb788 0.133s
2024-10-10 16:20:52.804 62493 INFO tempest.common.waiters [-] State transition "BUILD/spawning" ==> "ERROR/None" after 63 second wait
2024-10-10 16:20:52.823 62515 INFO tempest.lib.common.rest_client [req-25bac2f4-47bd-40c5-bcfa-b29d0a5d6db8 req-25bac2f4-47bd-40c5-bcfa-b29d0a5d6db8 ] Request (ServerActionsV293TestJSON:setUpClass): 200 GET http://10.180.1.21/compute/v2.1/servers/22e42191-a831-4e3f-9548-1ed560b7660a 0.081s
2024-10-10 16:20:52.845 62511 INFO tempest.lib.common.rest_client [req-347ce602-70d6-4770-a595-5bd0bc544668 req-347ce602-70d6-4770-a595-5bd0bc544668 ] Request (DeleteServersAdminTestJSON:test_delete_server_while_in_error_state): 200 GET http://10.180.1.21/compute/v2.1/servers/71607aaf-5f3d-410b-b1b9-c6cdbdc70b96 0.057s
2024-10-10 16:20:52.898 62526 INFO tempest.lib.common.rest_client [req-e0dc57a8-c177-424b-9372-492033864e12 req-e0dc57a8-c177-424b-9372-492033864e12 ] Request (ImagesTestJSON:test_create_image_from_stopped_server): 200 GET http://10.180.1.21/compute/v2.1/servers/d26249f7-dad2-4160-bdc1-bb629fb696d8 0.060s
2024-10-10 16:20:52.944 62519 INFO tempest.lib.common.rest_client [req-ce9d6cc4-6371-41b6-a270-5703229574fd req-ce9d6cc4-6371-41b6-a270-5703229574fd ] Request (ServersTestManualDisk:setUpClass): 200 GET http://10.180.1.21/compute/v2.1/servers/8788d992-37ed-468b-92cd-e19656ac0d27 0.061s
2024-10-10 16:20:52.989 62481 INFO tempest.lib.common.rest_client [req-d496a412-d60f-4230-ae16-1e977a64165c req-d496a412-d60f-4230-ae16-1e977a64165c ] Request (ServerActionsTestOtherB:setUpClass): 200 GET http://10.180.1.21/compute/v2.1/servers/418394b5-a1a3-4f6e-8e0a-ef747df6e6f9 0.061s
2024-10-10 16:20:52.991 62493 INFO tempest.lib.common.rest_client [req-d9312934-284c-4bb5-8924-8c0d64e75966 req-d9312934-284c-4bb5-8924-8c0d64e75966 ] Request (ListImageFiltersTestJSON:setUpClass): 204 DELETE http://10.180.1.21/compute/v2.1/servers/2b98a191-071d-42a9-ba65-00ad310fb788 0.187s
2024-10-10 16:20:53.011 62493 INFO tempest.lib.common.rest_client [req-35b983c8-d69b-42d1-87f0-1a943ad26f84 req-35b983c8-d69b-42d1-87f0-1a943ad26f84 ] Request (ListImageFiltersTestJSON:setUpClass): 404 GET http://10.180.1.21/compute/v2.1/servers/2b98a191-071d-42a9-ba65-00ad310fb788 0.019s
2024-10-10 16:20:53.012 62493 INFO tempest.test [-] raised in ListImageFiltersTestJSON.setUpClass. Invoking tearDownClass.
2024-10-10 16:20:53.034 62527 INFO tempest.lib.common.rest_client [req-4bf8a818-bdec-4a00-9011-8b7ecdbcc79d req-4bf8a818-bdec-4a00-9011-8b7ecdbcc79d ] Request (AttachInterfacesTestJSON:test_create_list_show_delete_interfaces_by_network_port): 200 GET http://10.180.1.21/compute/v2.1/servers/9012c03f-c684-4ca3-a0e3-e4e0ab18981f 0.062s
2024-10-10 16:20:53.074 62485 INFO tempest.lib.common.rest_client [req-bf5b8ec4-6a25-4e44-8038-bed3b09dfe2a req-bf5b8ec4-6a25-4e44-8038-bed3b09dfe2a ] Request (ServerActionsTestOtherA:setUpClass): 200 GET http://10.180.1.21/compute/v2.1/servers/8266a614-ad18-4d4b-884a-cf5e57c82a70 0.062s
2024-10-10 16:20:53.120 62491 INFO tempest.lib.common.rest_client [req-e4498fd5-69f6-4afb-9d99-0f125d06d06a req-e4498fd5-69f6-4afb-9d99-0f125d06d06a ] Request (VolumesAdminNegativeTest:test_update_attached_volume_with_nonexistent_volume_in_uri): 200 GET http://10.180.1.21/compute/v2.1/servers/9057aad6-f36c-4eff-8d5c-ded24bc3e809 0.080s
2024-10-10 16:20:53.171 62493 INFO tempest.lib.common.rest_client [req-9e1bd63c-0cf9-403a-a73e-31d690ba5995 req-9e1bd63c-0cf9-403a-a73e-31d690ba5995 ] Request (ListImageFiltersTestJSON:tearDownClass): 204 DELETE http://10.180.1.21/compute/v2.1/servers/f0dd9ce7-825b-435b-9d11-3d3d23ef80c0 0.158s
2024-10-10 16:20:53.172 62537 INFO tempest.lib.common.rest_client [req-b46e6450-4d67-4804-9175-3f05e57b518e req-b46e6450-4d67-4804-9175-3f05e57b518e ] Request (ServersAdmin275Test:test_rebuild_update_server_275): 200 GET http://10.180.1.21/compute/v2.1/servers/bff78120-fdf5-4c9e-80de-277c80fd16f8 0.110s
2024-10-10 16:20:53.194 62493 INFO tempest.lib.common.rest_client [req-5ab68c83-ff1d-4090-8184-dac0ba0c7b2f req-5ab68c83-ff1d-4090-8184-dac0ba0c7b2f ] Request (ListImageFiltersTestJSON:tearDownClass): 404 GET http://10.180.1.21/compute/v2.1/servers/f0dd9ce7-825b-435b-9d11-3d3d23ef80c0 0.023s
2024-10-10 16:20:53.231 62529 INFO tempest.lib.common.rest_client [req-00a3987d-400d-40ad-b3f8-19a15e223694 req-00a3987d-400d-40ad-b3f8-19a15e223694 ] Request (ServersTestFqdnHostnames:test_create_server_with_fqdn_name): 200 GET http://10.180.1.21/compute/v2.1/servers/7f26944b-96df-47c9-9725-0f6f9914a69f 0.050s
2024-10-10 16:20:53.250 62493 INFO tempest.lib.common.rest_client [req-5e8b0f2c-678a-40d1-945d-b96fece4a701 req-5e8b0f2c-678a-40d1-945d-b96fece4a701 ] Request (ListImageFiltersTestJSON:tearDownClass): 204 DELETE http://10.180.1.21/compute/v2.1/images/31133877-9dd7-4452-9eb8-9dc8fb5278a9 0.056s
2024-10-10 16:20:53.280 62489 INFO tempest.lib.common.rest_client [req-9d686b39-8096-44ad-976f-f105ebe87578 req-9d686b39-8096-44ad-976f-f105ebe87578 ] Request (AttachInterfacesUnderV243Test:test_add_remove_fixed_ip): 200 GET http://10.180.1.21/compute/v2.1/servers/3be344b0-02b3-4b81-87d5-456e8965cb01 0.044s
2024-10-10 16:20:53.286 62489 INFO tempest.common.waiters [-] State transition "BUILD/scheduling" ==> "BUILD/None" after 36 second wait
2024-10-10 16:20:53.301 62493 INFO tempest.lib.common.rest_client [req-0e4db2f9-c478-4f4c-bf81-9f74eed85ac9 req-0e4db2f9-c478-4f4c-bf81-9f74eed85ac9 ] Request (ListImageFiltersTestJSON:tearDownClass): 204 DELETE http://10.180.1.21/compute/v2.1/images/34b4f8bc-e69e-4c99-a771-47ed5635cb21 0.050s
2024-10-10 16:20:53.324 62483 INFO tempest.lib.common.rest_client [req-4350b0cf-483d-41dd-bfff-309290670c7b req-4350b0cf-483d-41dd-bfff-309290670c7b ] Request (MigrationsAdminTest:test_list_migrations_in_flavor_resize_situation): 200 GET http://10.180.1.21/compute/v2.1/servers/0ebb6fe8-89eb-4d4a-9a87-3bc20a0c8f07 0.046s
2024-10-10 16:20:53.348 62493 INFO tempest.lib.common.rest_client [req-719f5af2-0e89-4b0a-9c18-cb57678b84da req-719f5af2-0e89-4b0a-9c18-cb57678b84da ] Request (ListImageFiltersTestJSON:tearDownClass): 204 DELETE http://10.180.1.21/compute/v2.1/images/9e2d38f3-9d96-45a5-8ff0-2bb31e25ec1c 0.046s
2024-10-10 16:20:53.371 62513 INFO tempest.lib.common.rest_client [req-55d9fa03-24c3-4c7d-85ef-46bb0077d2fd req-55d9fa03-24c3-4c7d-85ef-46bb0077d2fd ] Request (VolumesAssistedSnapshotsTest:test_volume_assisted_snapshot_create_delete): 200 GET http://10.180.1.21/compute/v2.1/servers/c40ffe4c-6fdd-420b-aa4b-6e58c2ad2557 0.045s
2024-10-10 16:20:53.405 62543 INFO tempest.lib.common.rest_client [req-9295d9cd-b5a5-4be7-84de-b8ae9816e387 req-9295d9cd-b5a5-4be7-84de-b8ae9816e387 ] Request (ServerRescueTestJSONUnderV235:setUpClass): 200 GET http://10.180.1.21/compute/v2.1/servers/1cc8dcd0-ce2d-431e-848a-c170fffce9b3 0.048s
2024-10-10 16:20:53.418 62493 INFO tempest.lib.common.rest_client [req-54e62748-180c-454a-96ae-e5f904c415b1 req-54e62748-180c-454a-96ae-e5f904c415b1 ] Request (ListImageFiltersTestJSON:tearDownClass): 204 DELETE http://10.180.1.21/identity/v3/users/faa5dcead42d41f180b3896900f05a5d 0.070s
2024-10-10 16:20:53.418 62493 INFO tempest.lib.common.dynamic_creds [-] Deleting project and security group for project: 06bf6ea0d2b24d53b5e721e8e18b034f
2024-10-10 16:20:53.464 62539 INFO tempest.lib.common.rest_client [req-929729ac-a116-47fd-ba0a-db5dd14bfe1a req-929729ac-a116-47fd-ba0a-db5dd14bfe1a ] Request (DeleteServersTestJSON:test_delete_active_server): 200 GET http://10.180.1.21/compute/v2.1/servers/8de4fffb-7ff1-434f-bd30-03bf766a3801 0.046s
2024-10-10 16:20:53.470 62493 INFO tempest.lib.common.rest_client [req-ed60303a-93fa-4262-95d8-26445bd49944 req-ed60303a-93fa-4262-95d8-26445bd49944 ] Request (ListImageFiltersTestJSON:tearDownClass): 201 POST http://10.180.1.21/identity/v3/auth/tokens 0.051s
2024-10-10 16:20:53.511 62487 INFO tempest.lib.common.rest_client [req-33092e3e-df35-446e-886d-25f97c23dadc req-33092e3e-df35-446e-886d-25f97c23dadc ] Request (ServersTestJSON:setUpClass): 200 GET http://10.180.1.21/compute/v2.1/servers/0e2e8629-cb38-4cf6-8014-ca80d9be87fb 0.047s
2024-10-10 16:20:53.570 62517 INFO tempest.lib.common.rest_client [req-38624293-88d6-42ba-86a1-7800f123945b req-38624293-88d6-42ba-86a1-7800f123945b ] Request (ImagesOneServerNegativeTestJSON:setUpClass): 200 GET http://10.180.1.21/compute/v2.1/servers/e8d87270-a8c4-4f5c-8e3e-ab3169d48494 0.048s
2024-10-10 16:20:53.573 62493 INFO tempest.lib.common.rest_client [req-d480b6df-d1b8-4d7a-ae88-8f6852252288 req-d480b6df-d1b8-4d7a-ae88-8f6852252288 ] Request (ListImageFiltersTestJSON:tearDownClass): 200 GET http://10.180.1.21:9696/networking/v2.0/security-groups?tenant_id=06bf6ea0d2b24d53b5e721e8e18b034f&name=default 0.103s
2024-10-10 16:20:53.616 62503 INFO tempest.lib.common.rest_client [req-b4c5652e-6634-4372-9635-ec3cdb81faf4 req-b4c5652e-6634-4372-9635-ec3cdb81faf4 ] Request (SecurityGroupsTestJSON:test_list_security_groups_by_server): 200 GET http://10.180.1.21/compute/v2.1/servers/a2f583a4-5558-4438-863c-90174786c664 0.047s
2024-10-10 16:20:53.677 62523 INFO tempest.lib.common.rest_client [req-f50812a7-76bc-4c82-a0f5-962668fd6aab req-f50812a7-76bc-4c82-a0f5-962668fd6aab ] Request (ServersV294TestFqdnHostnames:setUpClass): 200 GET http://10.180.1.21/compute/v2.1/servers/2bfcddea-7a99-4ecf-9455-5da3f6a3a67f 0.050s
2024-10-10 16:20:53.685 62493 INFO tempest.lib.common.rest_client [req-a03e3f46-c6dc-4fdf-ade3-d51f73c4ea60 req-a03e3f46-c6dc-4fdf-ade3-d51f73c4ea60 ] Request (ListImageFiltersTestJSON:tearDownClass): 204 DELETE http://10.180.1.21:9696/networking/v2.0/security-groups/d26edc8f-1bbf-4769-894b-13e16f1241b5 0.112s
2024-10-10 16:20:53.695 62531 INFO tempest.lib.common.rest_client [req-05a58477-b4c8-4211-8d68-1f8b6d341334 req-05a58477-b4c8-4211-8d68-1f8b6d341334 ] Request (ListServersNegativeTestJSON:setUpClass): 200 GET http://10.180.1.21/compute/v2.1/servers/8cab6dc2-57b1-49c7-a134-d7871f950dba 0.053s
2024-10-10 16:20:53.722 62497 INFO tempest.lib.common.rest_client [req-d1ffc6b4-0862-4c19-a3ae-a34feae06069 req-d1ffc6b4-0862-4c19-a3ae-a34feae06069 ] Request (ServersAdminTestJSON:setUpClass): 200 GET http://10.180.1.21/compute/v2.1/servers/d3070dc9-6b33-46a6-b93b-a9b6dcc431f9 0.053s
2024-10-10 16:20:53.730 62497 INFO tempest.common.waiters [-] State transition "BUILD/None" ==> "BUILD/networking" after 54 second wait
2024-10-10 16:20:53.748 62522 INFO tempest.lib.common.rest_client [req-733b8afe-9380-4c10-8750-925c56344fef req-733b8afe-9380-4c10-8750-925c56344fef ] Request (ServersWithSpecificFlavorTestJSON:test_verify_created_server_ephemeral_disk): 200 GET http://10.180.1.21/compute/v2.1/servers/7b5754cf-73fd-46a5-a635-c346ed17a8a9 0.053s
2024-10-10 16:20:53.755 62493 INFO tempest.lib.common.rest_client [req-03d16108-d2cb-4977-a123-b47334f6798c req-03d16108-d2cb-4977-a123-b47334f6798c ] Request (ListImageFiltersTestJSON:tearDownClass): 204 DELETE http://10.180.1.21/identity/v3/projects/06bf6ea0d2b24d53b5e721e8e18b034f 0.069s
2024-10-10 16:20:53.774 62507 INFO tempest.lib.common.rest_client [req-6d1e9d76-d6f4-41b3-8e58-b3f47fbf4db9 req-6d1e9d76-d6f4-41b3-8e58-b3f47fbf4db9 ] Request (ListServerFiltersTestJSON:setUpClass): 200 GET http://10.180.1.21/compute/v2.1/servers/049c02ee-9fc8-4335-8783-b3d18ac967c6 0.066s
2024-10-10 16:20:53.803 62499 INFO tempest.lib.common.rest_client [req-814e2640-7415-4a31-bff6-b2a856379e05 req-814e2640-7415-4a31-bff6-b2a856379e05 ] Request (ImagesNegativeTestJSON:test_create_image_from_deleted_server): 200 GET http://10.180.1.21/compute/v2.1/servers/57f5e421-5e56-4f92-9e78-ea0f0a30a942 0.056s
2024-10-10 16:20:53.810 62505 INFO tempest.lib.common.rest_client [req-5444b72d-01df-4d6a-b300-4a949f893762 req-5444b72d-01df-4d6a-b300-4a949f893762 ] Request (ServersTestBootFromVolume:setUpClass): 200 GET http://10.180.1.21/volume/v3/volumes/327bebc7-9fdd-4234-b772-40ede83256e3 0.036s
2024-10-10 16:20:53.827 62495 INFO tempest.lib.common.rest_client [req-aa304620-b0e5-4a95-92d7-dd5d65b9718f req-aa304620-b0e5-4a95-92d7-dd5d65b9718f ] Request (AttachVolumeShelveTestJSON:test_attach_volume_shelved_or_offload_server): 200 GET http://10.180.1.21/compute/v2.1/servers/aaf1ef08-5561-4530-8b50-de441cc2f73b 0.061s
2024-10-10 16:20:53.844 62493 INFO tempest.lib.common.rest_client [req-abaf1584-9236-4638-9699-c56bf2c49bf2 req-abaf1584-9236-4638-9699-c56bf2c49bf2 ] Request (ServerActionsTestJSON:setUpClass): 201 POST http://10.180.1.21/identity/v3/auth/tokens 0.080s
2024-10-10 16:20:53.877 62493 INFO tempest.lib.common.rest_client [req-4bdad6f7-fa4c-4b75-becd-2ba8902c7538 req-4bdad6f7-fa4c-4b75-becd-2ba8902c7538 ] Request (ServerActionsTestJSON:setUpClass): 201 POST http://10.180.1.21/identity/v3/auth/tokens 0.030s
2024-10-10 16:20:53.893 62515 INFO tempest.lib.common.rest_client [req-0dabf2d8-120f-44ca-a416-1df17429df41 req-0dabf2d8-120f-44ca-a416-1df17429df41 ] Request (ServerActionsV293TestJSON:setUpClass): 200 GET http://10.180.1.21/compute/v2.1/servers/22e42191-a831-4e3f-9548-1ed560b7660a 0.059s
2024-10-10 16:20:53.896 62493 INFO tempest.lib.common.rest_client [req-83639e3c-2857-4446-959f-da143d6d8f78 req-83639e3c-2857-4446-959f-da143d6d8f78 ] Request (ServerActionsTestJSON:setUpClass): 200 GET http://10.180.1.21/identity/v3/domains?name=Default 0.019s
2024-10-10 16:20:53.908 62511 INFO tempest.lib.common.rest_client [req-ca5ddb8f-fcd1-4c7f-9f8d-29f4833ac9da req-ca5ddb8f-fcd1-4c7f-9f8d-29f4833ac9da ] Request (DeleteServersAdminTestJSON:test_delete_server_while_in_error_state): 200 GET http://10.180.1.21/compute/v2.1/servers/71607aaf-5f3d-410b-b1b9-c6cdbdc70b96 0.054s
2024-10-10 16:20:53.927 62493 INFO tempest.lib.common.rest_client [req-da36968b-4e25-4672-8fed-2ebd4bf0535a req-da36968b-4e25-4672-8fed-2ebd4bf0535a ] Request (ServerActionsTestJSON:setUpClass): 201 POST http://10.180.1.21/identity/v3/projects 0.030s
2024-10-10 16:20:53.960 62526 INFO tempest.lib.common.rest_client [req-20f628fd-14b8-462a-9d28-4cb1fdb47c00 req-20f628fd-14b8-462a-9d28-4cb1fdb47c00 ] Request (ImagesTestJSON:test_create_image_from_stopped_server): 200 GET http://10.180.1.21/compute/v2.1/servers/d26249f7-dad2-4160-bdc1-bb629fb696d8 0.053s
2024-10-10 16:20:53.979 62493 INFO tempest.lib.common.rest_client [req-b2da28c9-e3be-40c7-b551-19d99cae9d5b req-b2da28c9-e3be-40c7-b551-19d99cae9d5b ] Request (ServerActionsTestJSON:setUpClass): 201 POST http://10.180.1.21/identity/v3/users 0.051s
2024-10-10 16:20:53.997 62493 INFO tempest.lib.common.rest_client [req-1c45d4fe-aa53-421d-8d66-43c69539ba28 req-1c45d4fe-aa53-421d-8d66-43c69539ba28 ] Request (ServerActionsTestJSON:setUpClass): 200 GET http://10.180.1.21/identity/v3/roles 0.017s
2024-10-10 16:20:53.998 62519 INFO tempest.lib.common.rest_client [req-f4af3f5c-6835-4761-af08-c4f8ebf2a8d0 req-f4af3f5c-6835-4761-af08-c4f8ebf2a8d0 ] Request (ServersTestManualDisk:setUpClass): 200 GET http://10.180.1.21/compute/v2.1/servers/8788d992-37ed-468b-92cd-e19656ac0d27 0.048s
2024-10-10 16:20:54.028 62493 INFO tempest.lib.common.rest_client [req-6ff8a525-8260-4fab-bb52-04df650c2973 req-6ff8a525-8260-4fab-bb52-04df650c2973 ] Request (ServerActionsTestJSON:setUpClass): 204 PUT http://10.180.1.21/identity/v3/projects/2b5ae6ee18d34b14ba7e3f6cc26e8e3b/users/d93ba11478a0443891e09432c2e3e56c/roles/95831a5b058940418b5d36ee61455d6a 0.031s
2024-10-10 16:20:54.028 62493 INFO tempest.lib.common.dynamic_creds [-] Dynamic test user d93ba11478a0443891e09432c2e3e56c is created with scope project and roles: ['member']
2024-10-10 16:20:54.028 62493 INFO tempest.lib.common.dynamic_creds [-] Acquired dynamic creds: credentials: Credentials: {'domain_id': 'default', 'domain_name': 'Default', 'username': 'tempest-ServerActionsTestJSON-2127038555-project-member', 'project_domain_id': 'default', 'project_domain_name': 'Default', 'project_id': '2b5ae6ee18d34b14ba7e3f6cc26e8e3b', 'project_name': 'tempest-ServerActionsTestJSON-2127038555', 'tenant_id': '2b5ae6ee18d34b14ba7e3f6cc26e8e3b', 'tenant_name': 'tempest-ServerActionsTestJSON-2127038555', 'user_domain_id': 'default', 'user_domain_name': 'Default', 'user_id': 'd93ba11478a0443891e09432c2e3e56c', 'system': None}, Network: None, Subnet: None, Router: None
2024-10-10 16:20:54.051 62481 INFO tempest.lib.common.rest_client [req-97381edf-b3d9-4aaa-8732-8f3fe5f493c4 req-97381edf-b3d9-4aaa-8732-8f3fe5f493c4 ] Request (ServerActionsTestOtherB:setUpClass): 200 GET http://10.180.1.21/compute/v2.1/servers/418394b5-a1a3-4f6e-8e0a-ef747df6e6f9 0.054s
2024-10-10 16:20:54.083 62493 INFO tempest.lib.common.rest_client [req-860febad-4028-4645-a63e-d6706946b890 req-860febad-4028-4645-a63e-d6706946b890 ] Request (ServerActionsTestJSON:setUpClass): 201 POST http://10.180.1.21/identity/v3/auth/tokens 0.054s
2024-10-10 16:20:54.091 62527 INFO tempest.lib.common.rest_client [req-f06f48dc-d008-409f-a074-ce5d3683bd03 req-f06f48dc-d008-409f-a074-ce5d3683bd03 ] Request (AttachInterfacesTestJSON:test_create_list_show_delete_interfaces_by_network_port): 200 GET http://10.180.1.21/compute/v2.1/servers/9012c03f-c684-4ca3-a0e3-e4e0ab18981f 0.050s
2024-10-10 16:20:54.130 62485 INFO tempest.lib.common.rest_client [req-3192d800-c2a7-41bd-9561-4df35cd76675 req-3192d800-c2a7-41bd-9561-4df35cd76675 ] Request (ServerActionsTestOtherA:setUpClass): 200 GET http://10.180.1.21/compute/v2.1/servers/8266a614-ad18-4d4b-884a-cf5e57c82a70 0.049s
2024-10-10 16:20:54.174 62491 INFO tempest.lib.common.rest_client [req-23925d22-54d3-4775-934f-717790f2fbd5 req-23925d22-54d3-4775-934f-717790f2fbd5 ] Request (VolumesAdminNegativeTest:test_update_attached_volume_with_nonexistent_volume_in_uri): 200 GET http://10.180.1.21/compute/v2.1/servers/9057aad6-f36c-4eff-8d5c-ded24bc3e809 0.048s
2024-10-10 16:20:54.251 62537 INFO tempest.lib.common.rest_client [req-72b7b046-5a19-4a75-8f3e-057cd9a30487 req-72b7b046-5a19-4a75-8f3e-057cd9a30487 ] Request (ServersAdmin275Test:test_rebuild_update_server_275): 200 GET http://10.180.1.21/compute/v2.1/servers/bff78120-fdf5-4c9e-80de-277c80fd16f8 0.070s
2024-10-10 16:20:54.288 62529 INFO tempest.lib.common.rest_client [req-aad37008-6dc9-4c01-b038-c64c608cf247 req-aad37008-6dc9-4c01-b038-c64c608cf247 ] Request (ServersTestFqdnHostnames:test_create_server_with_fqdn_name): 200 GET http://10.180.1.21/compute/v2.1/servers/7f26944b-96df-47c9-9725-0f6f9914a69f 0.051s
2024-10-10 16:20:54.342 62489 INFO tempest.lib.common.rest_client [req-7c138414-e959-4487-9e2e-7e574a19ee60 req-7c138414-e959-4487-9e2e-7e574a19ee60 ] Request (AttachInterfacesUnderV243Test:test_add_remove_fixed_ip): 200 GET http://10.180.1.21/compute/v2.1/servers/3be344b0-02b3-4b81-87d5-456e8965cb01 0.055s
2024-10-10 16:20:54.357 62493 INFO tempest.lib.common.rest_client [req-79a11d58-0765-481b-9974-098c5324c5a1 req-79a11d58-0765-481b-9974-098c5324c5a1 ] Request (ServerActionsTestJSON:setUpClass): 201 POST http://10.180.1.21:9696/networking/v2.0/networks 0.274s
2024-10-10 16:20:54.394 62483 INFO tempest.lib.common.rest_client [req-404a45cd-f0e8-4f90-aed4-d8291df7096d req-404a45cd-f0e8-4f90-aed4-d8291df7096d ] Request (MigrationsAdminTest:test_list_migrations_in_flavor_resize_situation): 200 GET http://10.180.1.21/compute/v2.1/servers/0ebb6fe8-89eb-4d4a-9a87-3bc20a0c8f07 0.063s
2024-10-10 16:20:54.401 62483 INFO tempest.common.waiters [-] State transition "BUILD/spawning" ==> "ERROR/None" after 64 second wait
2024-10-10 16:20:54.436 62513 INFO tempest.lib.common.rest_client [req-97417a98-4589-4c07-b335-e4bb8f50c9c6 req-97417a98-4589-4c07-b335-e4bb8f50c9c6 ] Request (VolumesAssistedSnapshotsTest:test_volume_assisted_snapshot_create_delete): 200 GET http://10.180.1.21/compute/v2.1/servers/c40ffe4c-6fdd-420b-aa4b-6e58c2ad2557 0.058s
2024-10-10 16:20:54.492 62543 INFO tempest.lib.common.rest_client [req-99b928f6-4a94-42db-a40f-0e531263239c req-99b928f6-4a94-42db-a40f-0e531263239c ] Request (ServerRescueTestJSONUnderV235:setUpClass): 200 GET http://10.180.1.21/compute/v2.1/servers/1cc8dcd0-ce2d-431e-848a-c170fffce9b3 0.080s
2024-10-10 16:20:54.538 62539 INFO tempest.lib.common.rest_client [req-be97850c-0a4f-4b82-872a-0f1a237fb1cf req-be97850c-0a4f-4b82-872a-0f1a237fb1cf ] Request (DeleteServersTestJSON:test_delete_active_server): 200 GET http://10.180.1.21/compute/v2.1/servers/8de4fffb-7ff1-434f-bd30-03bf766a3801 0.068s
2024-10-10 16:20:54.555 62493 INFO tempest.lib.common.rest_client [req-da9b16a0-800d-496e-adbe-1ffcb1e23ca3 req-da9b16a0-800d-496e-adbe-1ffcb1e23ca3 ] Request (ServerActionsTestJSON:setUpClass): 201 POST http://10.180.1.21:9696/networking/v2.0/subnets 0.197s
2024-10-10 16:20:54.588 62487 INFO tempest.lib.common.rest_client [req-c4b466d7-9b17-4777-a571-bd4c85281e17 req-c4b466d7-9b17-4777-a571-bd4c85281e17 ] Request (ServersTestJSON:setUpClass): 200 GET http://10.180.1.21/compute/v2.1/servers/0e2e8629-cb38-4cf6-8014-ca80d9be87fb 0.068s
2024-10-10 16:20:54.607 62483 INFO tempest.lib.common.rest_client [req-6994f480-65e5-4949-ac66-7274c2d9806a req-6994f480-65e5-4949-ac66-7274c2d9806a ] Request (MigrationsAdminTest:test_list_migrations_in_flavor_resize_situation): 204 DELETE http://10.180.1.21/compute/v2.1/servers/0ebb6fe8-89eb-4d4a-9a87-3bc20a0c8f07 0.206s
2024-10-10 16:20:54.632 62483 INFO tempest.lib.common.rest_client [req-e9558fbc-6c34-4164-9652-52f2968b64b7 req-e9558fbc-6c34-4164-9652-52f2968b64b7 ] Request (MigrationsAdminTest:test_list_migrations_in_flavor_resize_situation): 404 GET http://10.180.1.21/compute/v2.1/servers/0ebb6fe8-89eb-4d4a-9a87-3bc20a0c8f07 0.024s
2024-10-10 16:20:54.635 62517 INFO tempest.lib.common.rest_client [req-5d223125-69c3-4d30-8771-5a0c819f60a1 req-5d223125-69c3-4d30-8771-5a0c819f60a1 ] Request (ImagesOneServerNegativeTestJSON:setUpClass): 200 GET http://10.180.1.21/compute/v2.1/servers/e8d87270-a8c4-4f5c-8e3e-ab3169d48494 0.058s
2024-10-10 16:20:54.647 62483 INFO tempest.lib.common.rest_client [req-6d00e469-fba6-42b3-9625-6933d5b00f2e req-6d00e469-fba6-42b3-9625-6933d5b00f2e ] Request (MigrationsAdminTest:test_resize_server_revert_deleted_flavor): 200 GET http://10.180.1.21/compute/v2.1/flavors/42 0.012s
2024-10-10 16:20:54.665 62483 INFO tempest.lib.common.rest_client [req-4e2b1593-fce9-4d9b-bee8-a31c2b6b2ac3 req-4e2b1593-fce9-4d9b-bee8-a31c2b6b2ac3 ] Request (MigrationsAdminTest:test_resize_server_revert_deleted_flavor): 200 POST http://10.180.1.21/compute/v2.1/flavors 0.016s
2024-10-10 16:20:54.679 62483 INFO tempest.lib.common.rest_client [req-29ff57c5-8985-4a63-a14b-5583dccf6345 req-29ff57c5-8985-4a63-a14b-5583dccf6345 ] Request (MigrationsAdminTest:test_resize_server_revert_deleted_flavor): 200 GET http://10.180.1.21/compute/v2.1/flavors/42/os-extra_specs 0.011s
2024-10-10 16:20:54.686 62503 INFO tempest.lib.common.rest_client [req-0806253d-2902-4f12-ba42-67a4ba2e85e3 req-0806253d-2902-4f12-ba42-67a4ba2e85e3 ] Request (SecurityGroupsTestJSON:test_list_security_groups_by_server): 200 GET http://10.180.1.21/compute/v2.1/servers/a2f583a4-5558-4438-863c-90174786c664 0.062s
2024-10-10 16:20:54.701 62483 INFO tempest.lib.common.rest_client [req-ab8ce6f5-3a73-43ed-9818-332bb738b4ce req-ab8ce6f5-3a73-43ed-9818-332bb738b4ce ] Request (MigrationsAdminTest:test_resize_server_revert_deleted_flavor): 200 POST http://10.180.1.21/compute/v2.1/flavors/36689834-7ad6-4c6b-a1ff-96920d80d216/os-extra_specs 0.021s
2024-10-10 16:20:54.766 62531 INFO tempest.lib.common.rest_client [req-42670328-6c06-48b8-8a36-a9032cb31313 req-42670328-6c06-48b8-8a36-a9032cb31313 ] Request (ListServersNegativeTestJSON:setUpClass): 200 GET http://10.180.1.21/compute/v2.1/servers/8cab6dc2-57b1-49c7-a134-d7871f950dba 0.063s
2024-10-10 16:20:54.766 62523 INFO tempest.lib.common.rest_client [req-95f452bd-0db2-45a2-adc2-fa618e24a282 req-95f452bd-0db2-45a2-adc2-fa618e24a282 ] Request (ServersV294TestFqdnHostnames:setUpClass): 200 GET http://10.180.1.21/compute/v2.1/servers/2bfcddea-7a99-4ecf-9455-5da3f6a3a67f 0.075s
2024-10-10 16:20:54.781 62483 INFO tempest.lib.common.rest_client [req-fd65a0c1-2ac6-4ed1-bb9e-9177f4030240 req-fd65a0c1-2ac6-4ed1-bb9e-9177f4030240 ] Request (MigrationsAdminTest:test_resize_server_revert_deleted_flavor): 201 POST http://10.180.1.21/identity/v3/auth/tokens 0.075s
2024-10-10 16:20:54.781 62483 INFO tempest.lib.common.fixed_network [-] (MigrationsAdminTest:test_resize_server_revert_deleted_flavor) Found network None available for tenant
2024-10-10 16:20:54.837 62522 INFO tempest.lib.common.rest_client [req-4ae9bacf-1c9c-4f89-8172-96712055f6b1 req-4ae9bacf-1c9c-4f89-8172-96712055f6b1 ] Request (ServersWithSpecificFlavorTestJSON:test_verify_created_server_ephemeral_disk): 200 GET http://10.180.1.21/compute/v2.1/servers/7b5754cf-73fd-46a5-a635-c346ed17a8a9 0.079s
2024-10-10 16:20:54.844 62505 INFO tempest.lib.common.rest_client [req-5895c1af-5969-46ea-a316-34b2280f79ce req-5895c1af-5969-46ea-a316-34b2280f79ce ] Request (ServersTestBootFromVolume:setUpClass): 200 GET http://10.180.1.21/volume/v3/volumes/327bebc7-9fdd-4234-b772-40ede83256e3 0.027s
2024-10-10 16:20:55.158 62497 INFO tempest.lib.common.rest_client [req-c82eb0d5-c81e-41aa-85bc-172b9da953c8 req-c82eb0d5-c81e-41aa-85bc-172b9da953c8 ] Request (ServersAdminTestJSON:setUpClass): 200 GET http://10.180.1.21/compute/v2.1/servers/d3070dc9-6b33-46a6-b93b-a9b6dcc431f9 0.426s
2024-10-10 16:20:55.171 62497 INFO tempest.common.waiters [-] State transition "BUILD/networking" ==> "BUILD/block_device_mapping" after 56 second wait
2024-10-10 16:20:55.211 62507 INFO tempest.lib.common.rest_client [req-bd553497-700a-4480-afe7-a6ad25b75daa req-bd553497-700a-4480-afe7-a6ad25b75daa ] Request (ListServerFiltersTestJSON:setUpClass): 200 GET http://10.180.1.21/compute/v2.1/servers/049c02ee-9fc8-4335-8783-b3d18ac967c6 0.425s
2024-10-10 16:20:55.255 62483 INFO tempest.lib.common.rest_client [req-66aea12d-b345-4a3d-b905-be56ec8c31d8 req-66aea12d-b345-4a3d-b905-be56ec8c31d8 ] Request (MigrationsAdminTest:test_resize_server_revert_deleted_flavor): 202 POST http://10.180.1.21/compute/v2.1/servers 0.473s
2024-10-10 16:20:55.276 62499 INFO tempest.lib.common.rest_client [req-9077ab85-4db7-4caa-9d99-4b706e22d334 req-9077ab85-4db7-4caa-9d99-4b706e22d334 ] Request (ImagesNegativeTestJSON:test_create_image_from_deleted_server): 200 GET http://10.180.1.21/compute/v2.1/servers/57f5e421-5e56-4f92-9e78-ea0f0a30a942 0.465s
2024-10-10 16:20:55.310 62495 INFO tempest.lib.common.rest_client [req-4c58daf3-19a9-441d-bbb4-382227638b33 req-4c58daf3-19a9-441d-bbb4-382227638b33 ] Request (AttachVolumeShelveTestJSON:test_attach_volume_shelved_or_offload_server): 200 GET http://10.180.1.21/compute/v2.1/servers/aaf1ef08-5561-4530-8b50-de441cc2f73b 0.473s
2024-10-10 16:20:55.341 62515 INFO tempest.lib.common.rest_client [req-ca65b67f-d452-44ef-96f6-0b1f16f96515 req-ca65b67f-d452-44ef-96f6-0b1f16f96515 ] Request (ServerActionsV293TestJSON:setUpClass): 200 GET http://10.180.1.21/compute/v2.1/servers/22e42191-a831-4e3f-9548-1ed560b7660a 0.437s
2024-10-10 16:20:55.360 62511 INFO tempest.lib.common.rest_client [req-065988ef-bf02-4789-9d1c-191953c5057c req-065988ef-bf02-4789-9d1c-191953c5057c ] Request (DeleteServersAdminTestJSON:test_delete_server_while_in_error_state): 200 GET http://10.180.1.21/compute/v2.1/servers/71607aaf-5f3d-410b-b1b9-c6cdbdc70b96 0.444s
2024-10-10 16:20:55.406 62526 INFO tempest.lib.common.rest_client [req-ef83e3b7-9c9f-4a0f-a7d9-36bbfd7fdf7a req-ef83e3b7-9c9f-4a0f-a7d9-36bbfd7fdf7a ] Request (ImagesTestJSON:test_create_image_from_stopped_server): 200 GET http://10.180.1.21/compute/v2.1/servers/d26249f7-dad2-4160-bdc1-bb629fb696d8 0.439s
2024-10-10 16:20:55.438 62519 INFO tempest.lib.common.rest_client [req-e090a4af-ba77-4a05-8bf0-c940759a84a4 req-e090a4af-ba77-4a05-8bf0-c940759a84a4 ] Request (ServersTestManualDisk:setUpClass): 200 GET http://10.180.1.21/compute/v2.1/servers/8788d992-37ed-468b-92cd-e19656ac0d27 0.433s
2024-10-10 16:20:55.448 62519 INFO tempest.common.waiters [-] State transition "BUILD/scheduling" ==> "BUILD/None" after 37 second wait
2024-10-10 16:20:55.461 62481 INFO tempest.lib.common.rest_client [req-dbd1577f-2dd4-48ae-b123-52920cd9e919 req-dbd1577f-2dd4-48ae-b123-52920cd9e919 ] Request (ServerActionsTestOtherB:setUpClass): 200 GET http://10.180.1.21/compute/v2.1/servers/418394b5-a1a3-4f6e-8e0a-ef747df6e6f9 0.404s
2024-10-10 16:20:55.481 62527 INFO tempest.lib.common.rest_client [req-49a349ed-1f58-4649-909d-5d2649f3f7ed req-49a349ed-1f58-4649-909d-5d2649f3f7ed ] Request (AttachInterfacesTestJSON:test_create_list_show_delete_interfaces_by_network_port): 200 GET http://10.180.1.21/compute/v2.1/servers/9012c03f-c684-4ca3-a0e3-e4e0ab18981f 0.383s
2024-10-10 16:20:55.510 62485 INFO tempest.lib.common.rest_client [req-468a30e6-f168-458b-a190-220124133bf7 req-468a30e6-f168-458b-a190-220124133bf7 ] Request (ServerActionsTestOtherA:setUpClass): 200 GET http://10.180.1.21/compute/v2.1/servers/8266a614-ad18-4d4b-884a-cf5e57c82a70 0.373s
2024-10-10 16:20:55.530 62491 INFO tempest.lib.common.rest_client [req-c40d38f0-3725-419e-b624-73644810bde3 req-c40d38f0-3725-419e-b624-73644810bde3 ] Request (VolumesAdminNegativeTest:test_update_attached_volume_with_nonexistent_volume_in_uri): 200 GET http://10.180.1.21/compute/v2.1/servers/9057aad6-f36c-4eff-8d5c-ded24bc3e809 0.341s
2024-10-10 16:20:55.554 62483 INFO tempest.lib.common.rest_client [req-97f1f4a8-96f7-4b99-a8e8-dc8a30e9b71b req-97f1f4a8-96f7-4b99-a8e8-dc8a30e9b71b ] Request (MigrationsAdminTest:test_resize_server_revert_deleted_flavor): 200 GET http://10.180.1.21/compute/v2.1/servers/ae678c43-d25a-42f1-9389-7253074b5cac 0.298s
2024-10-10 16:20:55.606 62529 INFO tempest.lib.common.rest_client [req-4e66184b-a702-4451-87cd-0f5149cfee33 req-4e66184b-a702-4451-87cd-0f5149cfee33 ] Request (ServersTestFqdnHostnames:test_create_server_with_fqdn_name): 200 GET http://10.180.1.21/compute/v2.1/servers/7f26944b-96df-47c9-9725-0f6f9914a69f 0.307s
2024-10-10 16:20:55.606 62537 INFO tempest.lib.common.rest_client [req-8a3d57e0-5b73-41e0-8dd0-f5a25496e151 req-8a3d57e0-5b73-41e0-8dd0-f5a25496e151 ] Request (ServersAdmin275Test:test_rebuild_update_server_275): 200 GET http://10.180.1.21/compute/v2.1/servers/bff78120-fdf5-4c9e-80de-277c80fd16f8 0.344s
2024-10-10 16:20:55.652 62489 INFO tempest.lib.common.rest_client [req-75d15e48-4361-41a3-b371-749cc8d18a3f req-75d15e48-4361-41a3-b371-749cc8d18a3f ] Request (AttachInterfacesUnderV243Test:test_add_remove_fixed_ip): 200 GET http://10.180.1.21/compute/v2.1/servers/3be344b0-02b3-4b81-87d5-456e8965cb01 0.299s
2024-10-10 16:20:55.678 62513 INFO tempest.lib.common.rest_client [req-2fb9165a-b668-42e5-b648-cfd697514846 req-2fb9165a-b668-42e5-b648-cfd697514846 ] Request (VolumesAssistedSnapshotsTest:test_volume_assisted_snapshot_create_delete): 200 GET http://10.180.1.21/compute/v2.1/servers/c40ffe4c-6fdd-420b-aa4b-6e58c2ad2557 0.234s
2024-10-10 16:20:55.701 62543 INFO tempest.lib.common.rest_client [req-4c2ecdb9-5f39-45d3-92ab-093692b35af5 req-4c2ecdb9-5f39-45d3-92ab-093692b35af5 ] Request (ServerRescueTestJSONUnderV235:setUpClass): 200 GET http://10.180.1.21/compute/v2.1/servers/1cc8dcd0-ce2d-431e-848a-c170fffce9b3 0.202s
2024-10-10 16:20:55.728 62539 INFO tempest.lib.common.rest_client [req-f9ccbefa-30f5-45ce-85ee-ecd57dbcd173 req-f9ccbefa-30f5-45ce-85ee-ecd57dbcd173 ] Request (DeleteServersTestJSON:test_delete_active_server): 200 GET http://10.180.1.21/compute/v2.1/servers/8de4fffb-7ff1-434f-bd30-03bf766a3801 0.177s
2024-10-10 16:20:55.734 62493 INFO tempest.lib.common.rest_client [req-d09a3926-7049-43bd-8aa8-1baac54f3165 req-d09a3926-7049-43bd-8aa8-1baac54f3165 ] Request (ServerActionsTestJSON:setUpClass): 201 POST http://10.180.1.21:9696/networking/v2.0/routers 1.178s
2024-10-10 16:20:55.761 62487 INFO tempest.lib.common.rest_client [req-5b181dfc-c19e-4a54-b5e5-1801003eb89c req-5b181dfc-c19e-4a54-b5e5-1801003eb89c ] Request (ServersTestJSON:setUpClass): 200 GET http://10.180.1.21/compute/v2.1/servers/0e2e8629-cb38-4cf6-8014-ca80d9be87fb 0.165s
2024-10-10 16:20:55.790 62517 INFO tempest.lib.common.rest_client [req-73c6e69f-e946-45b3-8c5a-5fe37cf295aa req-73c6e69f-e946-45b3-8c5a-5fe37cf295aa ] Request (ImagesOneServerNegativeTestJSON:setUpClass): 200 GET http://10.180.1.21/compute/v2.1/servers/e8d87270-a8c4-4f5c-8e3e-ab3169d48494 0.146s
2024-10-10 16:20:55.818 62503 INFO tempest.lib.common.rest_client [req-0da1f720-d5dc-4872-8c89-7b98e2911e98 req-0da1f720-d5dc-4872-8c89-7b98e2911e98 ] Request (SecurityGroupsTestJSON:test_list_security_groups_by_server): 200 GET http://10.180.1.21/compute/v2.1/servers/a2f583a4-5558-4438-863c-90174786c664 0.125s
2024-10-10 16:20:55.842 62531 INFO tempest.lib.common.rest_client [req-5da88cbc-54ec-4b91-918d-8c99e7eb2a18 req-5da88cbc-54ec-4b91-918d-8c99e7eb2a18 ] Request (ListServersNegativeTestJSON:setUpClass): 200 GET http://10.180.1.21/compute/v2.1/servers/8cab6dc2-57b1-49c7-a134-d7871f950dba 0.062s
2024-10-10 16:20:55.880 62523 INFO tempest.lib.common.rest_client [req-821f2476-da75-4012-b8b6-546269657911 req-821f2476-da75-4012-b8b6-546269657911 ] Request (ServersV294TestFqdnHostnames:setUpClass): 200 GET http://10.180.1.21/compute/v2.1/servers/2bfcddea-7a99-4ecf-9455-5da3f6a3a67f 0.099s
2024-10-10 16:20:55.885 62505 INFO tempest.lib.common.rest_client [req-efdf524a-e07b-4a41-a965-6a9516845cb3 req-efdf524a-e07b-4a41-a965-6a9516845cb3 ] Request (ServersTestBootFromVolume:setUpClass): 200 GET http://10.180.1.21/volume/v3/volumes/327bebc7-9fdd-4234-b772-40ede83256e3 0.033s
2024-10-10 16:20:55.911 62522 INFO tempest.lib.common.rest_client [req-db812aa7-39ba-44f1-a298-7b9d9103f1bc req-db812aa7-39ba-44f1-a298-7b9d9103f1bc ] Request (ServersWithSpecificFlavorTestJSON:test_verify_created_server_ephemeral_disk): 200 GET http://10.180.1.21/compute/v2.1/servers/7b5754cf-73fd-46a5-a635-c346ed17a8a9 0.066s
2024-10-10 16:20:56.226 62497 INFO tempest.lib.common.rest_client [req-5e4648bb-228f-49ad-a07e-f8adc0f0c523 req-5e4648bb-228f-49ad-a07e-f8adc0f0c523 ] Request (ServersAdminTestJSON:setUpClass): 200 GET http://10.180.1.21/compute/v2.1/servers/d3070dc9-6b33-46a6-b93b-a9b6dcc431f9 0.053s
2024-10-10 16:20:56.234 62497 INFO tempest.common.waiters [-] State transition "BUILD/block_device_mapping" ==> "BUILD/spawning" after 57 second wait
2024-10-10 16:20:56.274 62507 INFO tempest.lib.common.rest_client [req-f14d1708-cb57-4145-95da-e869e0caf7a9 req-f14d1708-cb57-4145-95da-e869e0caf7a9 ] Request (ListServerFiltersTestJSON:setUpClass): 200 GET http://10.180.1.21/compute/v2.1/servers/049c02ee-9fc8-4335-8783-b3d18ac967c6 0.053s
2024-10-10 16:20:56.330 62499 INFO tempest.lib.common.rest_client [req-24bf55d4-5e97-4d8f-9288-08f2a86ac085 req-24bf55d4-5e97-4d8f-9288-08f2a86ac085 ] Request (ImagesNegativeTestJSON:test_create_image_from_deleted_server): 200 GET http://10.180.1.21/compute/v2.1/servers/57f5e421-5e56-4f92-9e78-ea0f0a30a942 0.047s
2024-10-10 16:20:56.383 62495 INFO tempest.lib.common.rest_client [req-3ca5400d-4943-450c-956e-c34a780cf0e7 req-3ca5400d-4943-450c-956e-c34a780cf0e7 ] Request (AttachVolumeShelveTestJSON:test_attach_volume_shelved_or_offload_server): 200 GET http://10.180.1.21/compute/v2.1/servers/aaf1ef08-5561-4530-8b50-de441cc2f73b 0.063s
2024-10-10 16:20:56.408 62515 INFO tempest.lib.common.rest_client [req-b82a3f0f-5cfa-48a6-9a67-dea781f1fd36 req-b82a3f0f-5cfa-48a6-9a67-dea781f1fd36 ] Request (ServerActionsV293TestJSON:setUpClass): 200 GET http://10.180.1.21/compute/v2.1/servers/22e42191-a831-4e3f-9548-1ed560b7660a 0.057s
2024-10-10 16:20:56.440 62511 INFO tempest.lib.common.rest_client [req-58c6caa7-8c8a-4978-a541-a6474d70e04a req-58c6caa7-8c8a-4978-a541-a6474d70e04a ] Request (DeleteServersAdminTestJSON:test_delete_server_while_in_error_state): 200 GET http://10.180.1.21/compute/v2.1/servers/71607aaf-5f3d-410b-b1b9-c6cdbdc70b96 0.071s
2024-10-10 16:20:56.478 62526 INFO tempest.lib.common.rest_client [req-7cd22e9b-3978-4487-8429-7c8388a8f577 req-7cd22e9b-3978-4487-8429-7c8388a8f577 ] Request (ImagesTestJSON:test_create_image_from_stopped_server): 200 GET http://10.180.1.21/compute/v2.1/servers/d26249f7-dad2-4160-bdc1-bb629fb696d8 0.064s
2024-10-10 16:20:56.520 62519 INFO tempest.lib.common.rest_client [req-911f6dd5-f245-458e-a62d-6167156fe15f req-911f6dd5-f245-458e-a62d-6167156fe15f ] Request (ServersTestManualDisk:setUpClass): 200 GET http://10.180.1.21/compute/v2.1/servers/8788d992-37ed-468b-92cd-e19656ac0d27 0.070s
2024-10-10 16:20:56.536 62481 INFO tempest.lib.common.rest_client [req-af0f443f-e944-4232-8d1d-c136fe907b6f req-af0f443f-e944-4232-8d1d-c136fe907b6f ] Request (ServerActionsTestOtherB:setUpClass): 200 GET http://10.180.1.21/compute/v2.1/servers/418394b5-a1a3-4f6e-8e0a-ef747df6e6f9 0.065s
2024-10-10 16:20:56.578 62527 INFO tempest.lib.common.rest_client [req-85af19a3-3f1c-4895-91ce-c1241448817e req-85af19a3-3f1c-4895-91ce-c1241448817e ] Request (AttachInterfacesTestJSON:test_create_list_show_delete_interfaces_by_network_port): 200 GET http://10.180.1.21/compute/v2.1/servers/9012c03f-c684-4ca3-a0e3-e4e0ab18981f 0.087s
2024-10-10 16:20:56.581 62485 INFO tempest.lib.common.rest_client [req-28c899ce-3ce5-4337-84fe-e3654df38bfb req-28c899ce-3ce5-4337-84fe-e3654df38bfb ] Request (ServerActionsTestOtherA:setUpClass): 200 GET http://10.180.1.21/compute/v2.1/servers/8266a614-ad18-4d4b-884a-cf5e57c82a70 0.058s
2024-10-10 16:20:56.627 62491 INFO tempest.lib.common.rest_client [req-88612696-53cf-4a2e-becb-4c7e0d856ea1 req-88612696-53cf-4a2e-becb-4c7e0d856ea1 ] Request (VolumesAdminNegativeTest:test_update_attached_volume_with_nonexistent_volume_in_uri): 200 GET http://10.180.1.21/compute/v2.1/servers/9057aad6-f36c-4eff-8d5c-ded24bc3e809 0.089s
2024-10-10 16:20:56.632 62483 INFO tempest.lib.common.rest_client [req-e4b4f4d6-d1a9-4e66-b3ea-4206e484b869 req-e4b4f4d6-d1a9-4e66-b3ea-4206e484b869 ] Request (MigrationsAdminTest:test_resize_server_revert_deleted_flavor): 200 GET http://10.180.1.21/compute/v2.1/servers/ae678c43-d25a-42f1-9389-7253074b5cac 0.071s
2024-10-10 16:20:56.674 62529 INFO tempest.lib.common.rest_client [req-4823d7ea-2710-48f1-b731-b09c7d10f6db req-4823d7ea-2710-48f1-b731-b09c7d10f6db ] Request (ServersTestFqdnHostnames:test_create_server_with_fqdn_name): 200 GET http://10.180.1.21/compute/v2.1/servers/7f26944b-96df-47c9-9725-0f6f9914a69f 0.060s
2024-10-10 16:20:56.677 62493 INFO tempest.lib.common.rest_client [req-1a01e175-2999-4152-890d-669d0384307c req-1a01e175-2999-4152-890d-669d0384307c ] Request (ServerActionsTestJSON:setUpClass): 200 PUT http://10.180.1.21:9696/networking/v2.0/routers/d66dc816-4d91-406a-9824-80fa9cc2159a/add_router_interface 0.942s
