2024-10-10 16:20:47.571 62485 INFO tempest.lib.common.rest_client [req-d3b4b233-2b61-4805-b1d1-18a0ad323a89 req-d3b4b233-2b61-4805-b1d1-18a0ad323a89 ] Request (ServerActionsTestOtherA:setUpClass): 200 GET http://10.180.1.21/compute/v2.1/servers/8266a614-ad18-4d4b-884a-cf5e57c82a70 0.076s
2024-10-10 16:20:47.625 62491 INFO tempest.lib.common.rest_client [req-394e4386-82ae-4cc3-b3c8-cd3a9dc36611 req-394e4386-82ae-4cc3-b3c8-cd3a9dc36611 ] Request (VolumesAdminNegativeTest:test_update_attached_volume_with_nonexistent_volume_in_uri): 200 GET http://10.180.1.21/compute/v2.1/servers/9057aad6-f36c-4eff-8d5c-ded24bc3e809 0.061s
2024-10-10 16:20:47.761 62537 INFO tempest.lib.common.rest_client [req-50b5b4bd-bb09-4ebe-b2b7-f9f3ca831646 req-50b5b4bd-bb09-4ebe-b2b7-f9f3ca831646 ] Request (ServersAdmin275Test:test_rebuild_update_server_275): 200 GET http://10.180.1.21/compute/v2.1/servers/bff78120-fdf5-4c9e-80de-277c80fd16f8 0.073s
2024-10-10 16:20:47.928 62529 INFO tempest.lib.common.rest_client [req-c7b8648c-af07-431e-8460-82bb6872e58b req-c7b8648c-af07-431e-8460-82bb6872e58b ] Request (ServersTestFqdnHostnames:test_create_server_with_fqdn_name): 200 GET http://10.180.1.21/compute/v2.1/servers/7f26944b-96df-47c9-9725-0f6f9914a69f 0.227s
2024-10-10 16:20:47.939 62489 INFO tempest.lib.common.rest_client [req-99d42e9c-554c-479f-ac41-19d6f0483586 req-99d42e9c-554c-479f-ac41-19d6f0483586 ] Request (AttachInterfacesUnderV243Test:test_add_remove_fixed_ip): 200 GET http://10.180.1.21/compute/v2.1/servers/3be344b0-02b3-4b81-87d5-456e8965cb01 0.199s
2024-10-10 16:20:47.981 62483 INFO tempest.lib.common.rest_client [req-48119bb4-6d64-4526-b6b7-2dfaf0f98b54 req-48119bb4-6d64-4526-b6b7-2dfaf0f98b54 ] Request (MigrationsAdminTest:test_list_migrations_in_flavor_resize_situation): 200 GET http://10.180.1.21/compute/v2.1/servers/0ebb6fe8-89eb-4d4a-9a87-3bc20a0c8f07 0.205s
2024-10-10 16:20:48.047 62513 INFO tempest.lib.common.rest_client [req-9df231da-efae-4779-b573-18081dc66a6b req-9df231da-efae-4779-b573-18081dc66a6b ] Request (VolumesAssistedSnapshotsTest:test_volume_assisted_snapshot_create_delete): 200 GET http://10.180.1.21/compute/v2.1/servers/c40ffe4c-6fdd-420b-aa4b-6e58c2ad2557 0.052s
2024-10-10 16:20:48.111 62543 INFO tempest.lib.common.rest_client [req-8f1cecc5-f696-4367-abb3-1b3afaa8a109 req-8f1cecc5-f696-4367-abb3-1b3afaa8a109 ] Request (ServerRescueTestJSONUnderV235:setUpClass): 200 GET http://10.180.1.21/compute/v2.1/servers/1cc8dcd0-ce2d-431e-848a-c170fffce9b3 0.055s
2024-10-10 16:20:48.122 62539 INFO tempest.lib.common.rest_client [req-97119a60-fb87-4b1c-aad4-7ae4f2e7496a req-97119a60-fb87-4b1c-aad4-7ae4f2e7496a ] Request (DeleteServersTestJSON:test_delete_active_server): 200 GET http://10.180.1.21/compute/v2.1/servers/8de4fffb-7ff1-434f-bd30-03bf766a3801 0.059s
2024-10-10 16:20:48.176 62487 INFO tempest.lib.common.rest_client [req-279806be-be51-42cf-a375-4b84b43abc5f req-279806be-be51-42cf-a375-4b84b43abc5f ] Request (ServersTestJSON:setUpClass): 200 GET http://10.180.1.21/compute/v2.1/servers/0e2e8629-cb38-4cf6-8014-ca80d9be87fb 0.060s
2024-10-10 16:20:48.184 62517 INFO tempest.lib.common.rest_client [req-44028eea-41e8-4b23-bcd9-e1b5a70842d6 req-44028eea-41e8-4b23-bcd9-e1b5a70842d6 ] Request (ImagesOneServerNegativeTestJSON:setUpClass): 200 GET http://10.180.1.21/compute/v2.1/servers/e8d87270-a8c4-4f5c-8e3e-ab3169d48494 0.067s
2024-10-10 16:20:48.234 62503 INFO tempest.lib.common.rest_client [req-7231c68f-1a10-4b42-a7fc-dd20b2b70cd5 req-7231c68f-1a10-4b42-a7fc-dd20b2b70cd5 ] Request (SecurityGroupsTestJSON:test_list_security_groups_by_server): 200 GET http://10.180.1.21/compute/v2.1/servers/a2f583a4-5558-4438-863c-90174786c664 0.076s
2024-10-10 16:20:48.252 62523 INFO tempest.lib.common.rest_client [req-9c864e3f-3128-4618-be24-ba1764e264a5 req-9c864e3f-3128-4618-be24-ba1764e264a5 ] Request (ServersV294TestFqdnHostnames:setUpClass): 200 GET http://10.180.1.21/compute/v2.1/servers/2bfcddea-7a99-4ecf-9455-5da3f6a3a67f 0.060s
2024-10-10 16:20:48.291 62531 INFO tempest.lib.common.rest_client [req-73345a18-ed35-4afa-b838-20175377b917 req-73345a18-ed35-4afa-b838-20175377b917 ] Request (ListServersNegativeTestJSON:setUpClass): 200 GET http://10.180.1.21/compute/v2.1/servers/8cab6dc2-57b1-49c7-a134-d7871f950dba 0.079s
2024-10-10 16:20:48.304 62497 INFO tempest.lib.common.rest_client [req-f1fbfc39-3ca4-403d-9e45-895925dec6f7 req-f1fbfc39-3ca4-403d-9e45-895925dec6f7 ] Request (ServersAdminTestJSON:setUpClass): 200 GET http://10.180.1.21/compute/v2.1/servers/d3070dc9-6b33-46a6-b93b-a9b6dcc431f9 0.074s
2024-10-10 16:20:48.359 62507 INFO tempest.lib.common.rest_client [req-1a432d5e-aa38-4103-b7f0-fa692aa6a035 req-1a432d5e-aa38-4103-b7f0-fa692aa6a035 ] Request (ServerDiagnosticsTest:test_get_server_diagnostics): 200 GET http://10.180.1.21/compute/v2.1/servers/ec42d208-e34e-4c8f-834a-07913824e6ea 0.099s
2024-10-10 16:20:48.362 62522 INFO tempest.lib.common.rest_client [req-9194ec98-bf9b-4358-83e3-34fa64518a0b req-9194ec98-bf9b-4358-83e3-34fa64518a0b ] Request (ServersWithSpecificFlavorTestJSON:test_verify_created_server_ephemeral_disk): 200 GET http://10.180.1.21/compute/v2.1/servers/7b5754cf-73fd-46a5-a635-c346ed17a8a9 0.085s
2024-10-10 16:20:48.365 62507 INFO tempest.common.waiters [-] State transition "BUILD/scheduling" ==> "ERROR/None" after 59 second wait
2024-10-10 16:20:48.408 62499 INFO tempest.lib.common.rest_client [req-bd155676-804e-4341-aa64-7dd9b991297f req-bd155676-804e-4341-aa64-7dd9b991297f ] Request (ImagesNegativeTestJSON:test_create_image_from_deleted_server): 200 GET http://10.180.1.21/compute/v2.1/servers/57f5e421-5e56-4f92-9e78-ea0f0a30a942 0.089s
2024-10-10 16:20:48.423 62495 INFO tempest.lib.common.rest_client [req-d6099385-1eb9-4f78-8c45-fbc24a3d3549 req-d6099385-1eb9-4f78-8c45-fbc24a3d3549 ] Request (AttachVolumeShelveTestJSON:test_attach_volume_shelved_or_offload_server): 200 GET http://10.180.1.21/compute/v2.1/servers/aaf1ef08-5561-4530-8b50-de441cc2f73b 0.092s
2024-10-10 16:20:48.452 62493 INFO tempest.lib.common.rest_client [req-6d03ff42-bcf5-4bbf-81b1-c12c76622548 req-6d03ff42-bcf5-4bbf-81b1-c12c76622548 ] Request (ListImageFiltersTestJSON:setUpClass): 200 GET http://10.180.1.21/compute/v2.1/servers/2b98a191-071d-42a9-ba65-00ad310fb788 0.090s
2024-10-10 16:20:48.510 62515 INFO tempest.lib.common.rest_client [req-b509fe60-4d36-4c25-9669-1742effde747 req-b509fe60-4d36-4c25-9669-1742effde747 ] Request (ServerActionsV293TestJSON:setUpClass): 200 GET http://10.180.1.21/compute/v2.1/servers/22e42191-a831-4e3f-9548-1ed560b7660a 0.123s
2024-10-10 16:20:48.556 62511 INFO tempest.lib.common.rest_client [req-707c4dfd-c48a-4ed0-bfac-b79d6b1d8ec5 req-707c4dfd-c48a-4ed0-bfac-b79d6b1d8ec5 ] Request (DeleteServersAdminTestJSON:test_delete_server_while_in_error_state): 200 GET http://10.180.1.21/compute/v2.1/servers/71607aaf-5f3d-410b-b1b9-c6cdbdc70b96 0.145s
2024-10-10 16:20:48.595 62505 INFO tempest.lib.common.rest_client [req-318b78dd-d91e-4e1f-ac75-b769ad4f738c req-318b78dd-d91e-4e1f-ac75-b769ad4f738c ] Request (ServersTestBootFromVolume:setUpClass): 200 GET http://10.180.1.21/volume/v3/volumes/327bebc7-9fdd-4234-b772-40ede83256e3 0.026s
2024-10-10 16:20:48.607 62526 INFO tempest.lib.common.rest_client [req-c4cbeed5-0aa6-4d81-9a27-3d4d0f58abac req-c4cbeed5-0aa6-4d81-9a27-3d4d0f58abac ] Request (ImagesTestJSON:test_create_image_from_stopped_server): 200 GET http://10.180.1.21/compute/v2.1/servers/d26249f7-dad2-4160-bdc1-bb629fb696d8 0.178s
2024-10-10 16:20:48.612 62507 INFO tempest.lib.common.rest_client [req-70ce0304-a43c-44b8-b51e-d59763c549d1 req-70ce0304-a43c-44b8-b51e-d59763c549d1 ] Request (ServerDiagnosticsTest:test_get_server_diagnostics): 204 DELETE http://10.180.1.21/compute/v2.1/servers/ec42d208-e34e-4c8f-834a-07913824e6ea 0.246s
2024-10-10 16:20:48.660 62519 INFO tempest.lib.common.rest_client [req-6fa96b57-a2fd-4be1-957a-d6839c87d56d req-6fa96b57-a2fd-4be1-957a-d6839c87d56d ] Request (ServersTestManualDisk:setUpClass): 200 GET http://10.180.1.21/compute/v2.1/servers/8788d992-37ed-468b-92cd-e19656ac0d27 0.200s
2024-10-10 16:20:48.672 62481 INFO tempest.lib.common.rest_client [req-c768012e-38cb-4c5d-adeb-cea4d8ac1dab req-c768012e-38cb-4c5d-adeb-cea4d8ac1dab ] Request (ServerActionsTestOtherB:setUpClass): 200 GET http://10.180.1.21/compute/v2.1/servers/418394b5-a1a3-4f6e-8e0a-ef747df6e6f9 0.161s
2024-10-10 16:20:48.711 62527 INFO tempest.lib.common.rest_client [req-1a371974-8359-4f8f-bf91-dc90927711eb req-1a371974-8359-4f8f-bf91-dc90927711eb ] Request (AttachInterfacesTestJSON:test_create_list_show_delete_interfaces_by_network_port): 200 GET http://10.180.1.21/compute/v2.1/servers/9012c03f-c684-4ca3-a0e3-e4e0ab18981f 0.132s
2024-10-10 16:20:48.727 62485 INFO tempest.lib.common.rest_client [req-1084e6f0-c537-4be7-b8e9-f4074b4cbbd8 req-1084e6f0-c537-4be7-b8e9-f4074b4cbbd8 ] Request (ServerActionsTestOtherA:setUpClass): 200 GET http://10.180.1.21/compute/v2.1/servers/8266a614-ad18-4d4b-884a-cf5e57c82a70 0.148s
2024-10-10 16:20:48.736 62507 INFO tempest.lib.common.rest_client [req-9f8d9261-1413-4d68-98ac-c11cf7094145 req-9f8d9261-1413-4d68-98ac-c11cf7094145 ] Request (ServerDiagnosticsTest:test_get_server_diagnostics): 404 GET http://10.180.1.21/compute/v2.1/servers/ec42d208-e34e-4c8f-834a-07913824e6ea 0.124s
2024-10-10 16:20:48.781 62491 INFO tempest.lib.common.rest_client [req-43cf9e5e-8f93-44ba-8bb9-d4f6cc621fe6 req-43cf9e5e-8f93-44ba-8bb9-d4f6cc621fe6 ] Request (VolumesAdminNegativeTest:test_update_attached_volume_with_nonexistent_volume_in_uri): 200 GET http://10.180.1.21/compute/v2.1/servers/9057aad6-f36c-4eff-8d5c-ded24bc3e809 0.147s
2024-10-10 16:20:48.817 62507 INFO tempest.lib.common.rest_client [req-48566e2f-f3d1-4f04-935a-e9ef0093695a req-48566e2f-f3d1-4f04-935a-e9ef0093695a ] Request (ServerDiagnosticsTest:tearDownClass): 204 DELETE http://10.180.1.21/identity/v3/users/94ebf725b2b5464ab06820e2905477d2 0.076s
2024-10-10 16:20:48.839 62537 INFO tempest.lib.common.rest_client [req-cee014ea-3bd8-4614-8f61-3720e9373b5f req-cee014ea-3bd8-4614-8f61-3720e9373b5f ] Request (ServersAdmin275Test:test_rebuild_update_server_275): 200 GET http://10.180.1.21/compute/v2.1/servers/bff78120-fdf5-4c9e-80de-277c80fd16f8 0.069s
2024-10-10 16:20:48.898 62507 INFO tempest.lib.common.rest_client [req-015890e7-3080-4f97-b18c-4b0ee41c6457 req-015890e7-3080-4f97-b18c-4b0ee41c6457 ] Request (ServerDiagnosticsTest:tearDownClass): 204 DELETE http://10.180.1.21/identity/v3/users/4eccc5b2532b484586836f6a37f22247 0.081s
2024-10-10 16:20:48.898 62507 INFO tempest.lib.common.dynamic_creds [-] Deleting project and security group for project: 2ab63d1271b549a89aa8721018f4d92a
2024-10-10 16:20:48.952 62507 INFO tempest.lib.common.rest_client [req-8fbdebc9-1ff3-4848-b153-9a01a2273a2d req-8fbdebc9-1ff3-4848-b153-9a01a2273a2d ] Request (ServerDiagnosticsTest:tearDownClass): 201 POST http://10.180.1.21/identity/v3/auth/tokens 0.054s
2024-10-10 16:20:48.990 62529 INFO tempest.lib.common.rest_client [req-cfcab814-9c87-478e-ba2c-f5fc597203e5 req-cfcab814-9c87-478e-ba2c-f5fc597203e5 ] Request (ServersTestFqdnHostnames:test_create_server_with_fqdn_name): 200 GET http://10.180.1.21/compute/v2.1/servers/7f26944b-96df-47c9-9725-0f6f9914a69f 0.055s
2024-10-10 16:20:49.016 62489 INFO tempest.lib.common.rest_client [req-60d2ff8e-71eb-49a2-9e22-7e1de79d663c req-60d2ff8e-71eb-49a2-9e22-7e1de79d663c ] Request (AttachInterfacesUnderV243Test:test_add_remove_fixed_ip): 200 GET http://10.180.1.21/compute/v2.1/servers/3be344b0-02b3-4b81-87d5-456e8965cb01 0.068s
2024-10-10 16:20:49.073 62483 INFO tempest.lib.common.rest_client [req-84dfd813-519a-4072-aa5b-4e4b6dcc9cb8 req-84dfd813-519a-4072-aa5b-4e4b6dcc9cb8 ] Request (MigrationsAdminTest:test_list_migrations_in_flavor_resize_situation): 200 GET http://10.180.1.21/compute/v2.1/servers/0ebb6fe8-89eb-4d4a-9a87-3bc20a0c8f07 0.084s
2024-10-10 16:20:49.115 62513 INFO tempest.lib.common.rest_client [req-1a3ca143-e1c5-42c0-afd7-6c8581b9fd2b req-1a3ca143-e1c5-42c0-afd7-6c8581b9fd2b ] Request (VolumesAssistedSnapshotsTest:test_volume_assisted_snapshot_create_delete): 200 GET http://10.180.1.21/compute/v2.1/servers/c40ffe4c-6fdd-420b-aa4b-6e58c2ad2557 0.061s
2024-10-10 16:20:49.130 62507 INFO tempest.lib.common.rest_client [req-e9e62a24-3353-4bcd-bc52-3a7d46e58ba6 req-e9e62a24-3353-4bcd-bc52-3a7d46e58ba6 ] Request (ServerDiagnosticsTest:tearDownClass): 200 GET http://10.180.1.21:9696/networking/v2.0/security-groups?tenant_id=2ab63d1271b549a89aa8721018f4d92a&name=default 0.177s
2024-10-10 16:20:49.173 62543 INFO tempest.lib.common.rest_client [req-45211a2a-17f1-4d5d-a5e2-4364a85a27fc req-45211a2a-17f1-4d5d-a5e2-4364a85a27fc ] Request (ServerRescueTestJSONUnderV235:setUpClass): 200 GET http://10.180.1.21/compute/v2.1/servers/1cc8dcd0-ce2d-431e-848a-c170fffce9b3 0.056s
2024-10-10 16:20:49.185 62539 INFO tempest.lib.common.rest_client [req-37f8b09b-a4c0-49c0-b734-6abdfcb54092 req-37f8b09b-a4c0-49c0-b734-6abdfcb54092 ] Request (DeleteServersTestJSON:test_delete_active_server): 200 GET http://10.180.1.21/compute/v2.1/servers/8de4fffb-7ff1-434f-bd30-03bf766a3801 0.057s
2024-10-10 16:20:49.229 62507 INFO tempest.lib.common.rest_client [req-c87508f1-c597-4edd-976c-b0ac3cd3ad60 req-c87508f1-c597-4edd-976c-b0ac3cd3ad60 ] Request (ServerDiagnosticsTest:tearDownClass): 204 DELETE http://10.180.1.21:9696/networking/v2.0/security-groups/89c154bf-10b3-41ab-9706-7b4ba99dadbf 0.099s
2024-10-10 16:20:49.263 62487 INFO tempest.lib.common.rest_client [req-3dc06c6c-c323-4af4-b498-ac0e1fc5a418 req-3dc06c6c-c323-4af4-b498-ac0e1fc5a418 ] Request (ServersTestJSON:setUpClass): 200 GET http://10.180.1.21/compute/v2.1/servers/0e2e8629-cb38-4cf6-8014-ca80d9be87fb 0.076s
2024-10-10 16:20:49.265 62517 INFO tempest.lib.common.rest_client [req-6da653c3-4a44-4811-a751-23de26a74e0e req-6da653c3-4a44-4811-a751-23de26a74e0e ] Request (ImagesOneServerNegativeTestJSON:setUpClass): 200 GET http://10.180.1.21/compute/v2.1/servers/e8d87270-a8c4-4f5c-8e3e-ab3169d48494 0.075s
2024-10-10 16:20:49.298 62507 INFO tempest.lib.common.rest_client [req-efe2dcbe-51c5-4aed-9f45-3363e4e27220 req-efe2dcbe-51c5-4aed-9f45-3363e4e27220 ] Request (ServerDiagnosticsTest:tearDownClass): 204 DELETE http://10.180.1.21/identity/v3/projects/2ab63d1271b549a89aa8721018f4d92a 0.068s
2024-10-10 16:20:49.298 62507 INFO tempest.lib.common.dynamic_creds [-] Deleting project and security group for project: deb246f0269c46d9abe566b22a5bd146
2024-10-10 16:20:49.321 62503 INFO tempest.lib.common.rest_client [req-7d3f156c-f27e-4d2a-901d-08d9f70bb918 req-7d3f156c-f27e-4d2a-901d-08d9f70bb918 ] Request (SecurityGroupsTestJSON:test_list_security_groups_by_server): 200 GET http://10.180.1.21/compute/v2.1/servers/a2f583a4-5558-4438-863c-90174786c664 0.077s
2024-10-10 16:20:49.329 62523 INFO tempest.lib.common.rest_client [req-e7b79c52-b9a6-45cd-866a-a5c34c06636a req-e7b79c52-b9a6-45cd-866a-a5c34c06636a ] Request (ServersV294TestFqdnHostnames:setUpClass): 200 GET http://10.180.1.21/compute/v2.1/servers/2bfcddea-7a99-4ecf-9455-5da3f6a3a67f 0.066s
2024-10-10 16:20:49.334 62507 INFO tempest.lib.common.rest_client [req-dfb38fa6-7842-41d7-b0a8-3258d3fa4c00 req-dfb38fa6-7842-41d7-b0a8-3258d3fa4c00 ] Request (ServerDiagnosticsTest:tearDownClass): 200 GET http://10.180.1.21:9696/networking/v2.0/security-groups?tenant_id=deb246f0269c46d9abe566b22a5bd146&name=default 0.035s
2024-10-10 16:20:49.379 62531 INFO tempest.lib.common.rest_client [req-f1047f4a-0ef4-44a6-a4e2-ad5bb7e6d05a req-f1047f4a-0ef4-44a6-a4e2-ad5bb7e6d05a ] Request (ListServersNegativeTestJSON:setUpClass): 200 GET http://10.180.1.21/compute/v2.1/servers/8cab6dc2-57b1-49c7-a134-d7871f950dba 0.077s
2024-10-10 16:20:49.386 62497 INFO tempest.lib.common.rest_client [req-9a2ef622-8fb7-46bc-af20-a8d1cb904ec4 req-9a2ef622-8fb7-46bc-af20-a8d1cb904ec4 ] Request (ServersAdminTestJSON:setUpClass): 200 GET http://10.180.1.21/compute/v2.1/servers/d3070dc9-6b33-46a6-b93b-a9b6dcc431f9 0.075s
2024-10-10 16:20:49.420 62522 INFO tempest.lib.common.rest_client [req-35f97f6a-1af8-4db8-9db6-0762e9f13756 req-35f97f6a-1af8-4db8-9db6-0762e9f13756 ] Request (ServersWithSpecificFlavorTestJSON:test_verify_created_server_ephemeral_disk): 200 GET http://10.180.1.21/compute/v2.1/servers/7b5754cf-73fd-46a5-a635-c346ed17a8a9 0.050s
2024-10-10 16:20:49.422 62507 INFO tempest.lib.common.rest_client [req-4ab6190a-2c14-4fac-96b3-f8951f1941a3 req-4ab6190a-2c14-4fac-96b3-f8951f1941a3 ] Request (ServerDiagnosticsTest:tearDownClass): 204 DELETE http://10.180.1.21:9696/networking/v2.0/security-groups/18789a38-f1a2-4fbb-99ce-e3c878403b7e 0.087s
2024-10-10 16:20:49.477 62499 INFO tempest.lib.common.rest_client [req-75e528d3-0211-4e59-acb6-97578ce82b21 req-75e528d3-0211-4e59-acb6-97578ce82b21 ] Request (ImagesNegativeTestJSON:test_create_image_from_deleted_server): 200 GET http://10.180.1.21/compute/v2.1/servers/57f5e421-5e56-4f92-9e78-ea0f0a30a942 0.058s
2024-10-10 16:20:49.486 62495 INFO tempest.lib.common.rest_client [req-f8747f06-d3d0-4c9e-9615-2adeb7f4ce01 req-f8747f06-d3d0-4c9e-9615-2adeb7f4ce01 ] Request (AttachVolumeShelveTestJSON:test_attach_volume_shelved_or_offload_server): 200 GET http://10.180.1.21/compute/v2.1/servers/aaf1ef08-5561-4530-8b50-de441cc2f73b 0.056s
2024-10-10 16:20:49.510 62507 INFO tempest.lib.common.rest_client [req-d69618c0-7756-49d6-98be-17adb5ff15e7 req-d69618c0-7756-49d6-98be-17adb5ff15e7 ] Request (ServerDiagnosticsTest:tearDownClass): 204 DELETE http://10.180.1.21/identity/v3/projects/deb246f0269c46d9abe566b22a5bd146 0.087s
2024-10-10 16:20:49.539 62493 INFO tempest.lib.common.rest_client [req-95a1b139-13c7-45cc-94c5-102dde26931f req-95a1b139-13c7-45cc-94c5-102dde26931f ] Request (ListImageFiltersTestJSON:setUpClass): 200 GET http://10.180.1.21/compute/v2.1/servers/2b98a191-071d-42a9-ba65-00ad310fb788 0.080s
2024-10-10 16:20:49.590 62515 INFO tempest.lib.common.rest_client [req-18b9fc20-820a-4c88-aa46-ddf4fb3b5fa1 req-18b9fc20-820a-4c88-aa46-ddf4fb3b5fa1 ] Request (ServerActionsV293TestJSON:setUpClass): 200 GET http://10.180.1.21/compute/v2.1/servers/22e42191-a831-4e3f-9548-1ed560b7660a 0.071s
2024-10-10 16:20:49.602 62507 INFO tempest.lib.common.rest_client [req-ffdea6e1-2cac-47b7-9387-f1a697ee8ea5 req-ffdea6e1-2cac-47b7-9387-f1a697ee8ea5 ] Request (ImagesMetadataNegativeTestJSON:setUpClass): 201 POST http://10.180.1.21/identity/v3/auth/tokens 0.091s
2024-10-10 16:20:49.624 62511 INFO tempest.lib.common.rest_client [req-1eea9411-f9bc-4612-a033-2e27de54954b req-1eea9411-f9bc-4612-a033-2e27de54954b ] Request (DeleteServersAdminTestJSON:test_delete_server_while_in_error_state): 200 GET http://10.180.1.21/compute/v2.1/servers/71607aaf-5f3d-410b-b1b9-c6cdbdc70b96 0.061s
2024-10-10 16:20:49.637 62511 INFO tempest.common.waiters [-] State transition "BUILD/scheduling" ==> "BUILD/None" after 47 second wait
2024-10-10 16:20:49.642 62507 INFO tempest.lib.common.rest_client [req-0a95365c-f672-4c3a-a216-5929f96b054c req-0a95365c-f672-4c3a-a216-5929f96b054c ] Request (ImagesMetadataNegativeTestJSON:setUpClass): 201 POST http://10.180.1.21/identity/v3/auth/tokens 0.037s
2024-10-10 16:20:49.652 62505 INFO tempest.lib.common.rest_client [req-607b5731-87d3-48e7-8674-9542fcfe5fb9 req-607b5731-87d3-48e7-8674-9542fcfe5fb9 ] Request (ServersTestBootFromVolume:setUpClass): 200 GET http://10.180.1.21/volume/v3/volumes/327bebc7-9fdd-4234-b772-40ede83256e3 0.046s
2024-10-10 16:20:49.672 62507 INFO tempest.lib.common.rest_client [req-c9a41347-250b-4759-9272-43aa8b50b0d8 req-c9a41347-250b-4759-9272-43aa8b50b0d8 ] Request (ImagesMetadataNegativeTestJSON:setUpClass): 200 GET http://10.180.1.21/identity/v3/domains?name=Default 0.030s
2024-10-10 16:20:49.694 62526 INFO tempest.lib.common.rest_client [req-7745ec98-9c97-431d-a231-7a45671b7854 req-7745ec98-9c97-431d-a231-7a45671b7854 ] Request (ImagesTestJSON:test_create_image_from_stopped_server): 200 GET http://10.180.1.21/compute/v2.1/servers/d26249f7-dad2-4160-bdc1-bb629fb696d8 0.077s
2024-10-10 16:20:49.710 62507 INFO tempest.lib.common.rest_client [req-3503c574-101b-4e13-a10f-52faa3bfce2d req-3503c574-101b-4e13-a10f-52faa3bfce2d ] Request (ImagesMetadataNegativeTestJSON:setUpClass): 201 POST http://10.180.1.21/identity/v3/projects 0.037s
2024-10-10 16:20:49.730 62519 INFO tempest.lib.common.rest_client [req-c3cbe385-a197-4861-99e4-0eb14a78e7d1 req-c3cbe385-a197-4861-99e4-0eb14a78e7d1 ] Request (ServersTestManualDisk:setUpClass): 200 GET http://10.180.1.21/compute/v2.1/servers/8788d992-37ed-468b-92cd-e19656ac0d27 0.055s
2024-10-10 16:20:49.761 62481 INFO tempest.lib.common.rest_client [req-d7433990-7528-4c92-81ba-5aaa2ecb3f94 req-d7433990-7528-4c92-81ba-5aaa2ecb3f94 ] Request (ServerActionsTestOtherB:setUpClass): 200 GET http://10.180.1.21/compute/v2.1/servers/418394b5-a1a3-4f6e-8e0a-ef747df6e6f9 0.079s
2024-10-10 16:20:49.795 62527 INFO tempest.lib.common.rest_client [req-6483158d-27d0-4133-86ff-813440af74fe req-6483158d-27d0-4133-86ff-813440af74fe ] Request (AttachInterfacesTestJSON:test_create_list_show_delete_interfaces_by_network_port): 200 GET http://10.180.1.21/compute/v2.1/servers/9012c03f-c684-4ca3-a0e3-e4e0ab18981f 0.078s
2024-10-10 16:20:49.824 62485 INFO tempest.lib.common.rest_client [req-ba7b0655-5da4-4058-ae00-0402a25e7a30 req-ba7b0655-5da4-4058-ae00-0402a25e7a30 ] Request (ServerActionsTestOtherA:setUpClass): 200 GET http://10.180.1.21/compute/v2.1/servers/8266a614-ad18-4d4b-884a-cf5e57c82a70 0.089s
2024-10-10 16:20:49.851 62491 INFO tempest.lib.common.rest_client [req-a4a66e62-c1a3-42c7-bf11-0a6a38b366c8 req-a4a66e62-c1a3-42c7-bf11-0a6a38b366c8 ] Request (VolumesAdminNegativeTest:test_update_attached_volume_with_nonexistent_volume_in_uri): 200 GET http://10.180.1.21/compute/v2.1/servers/9057aad6-f36c-4eff-8d5c-ded24bc3e809 0.061s
2024-10-10 16:20:49.873 62507 INFO tempest.lib.common.rest_client [req-3a364566-2628-4ae6-9344-1f2e7446815b req-3a364566-2628-4ae6-9344-1f2e7446815b ] Request (ImagesMetadataNegativeTestJSON:setUpClass): 201 POST http://10.180.1.21/identity/v3/users 0.162s
2024-10-10 16:20:49.897 62507 INFO tempest.lib.common.rest_client [req-65322b18-f9d6-4ecd-96d0-d4a2f6cf50a2 req-65322b18-f9d6-4ecd-96d0-d4a2f6cf50a2 ] Request (ImagesMetadataNegativeTestJSON:setUpClass): 200 GET http://10.180.1.21/identity/v3/roles 0.024s
2024-10-10 16:20:49.910 62537 INFO tempest.lib.common.rest_client [req-e054f7ea-3a81-4205-9be8-2761c7e70e79 req-e054f7ea-3a81-4205-9be8-2761c7e70e79 ] Request (ServersAdmin275Test:test_rebuild_update_server_275): 200 GET http://10.180.1.21/compute/v2.1/servers/bff78120-fdf5-4c9e-80de-277c80fd16f8 0.061s
2024-10-10 16:20:49.927 62507 INFO tempest.lib.common.rest_client [req-8cd21438-c890-4e03-9b89-4d269fe4f365 req-8cd21438-c890-4e03-9b89-4d269fe4f365 ] Request (ImagesMetadataNegativeTestJSON:setUpClass): 204 PUT http://10.180.1.21/identity/v3/projects/fc1ee0b799db4411a4f4d4610e28d030/users/33da9c0befa542e4acdcbbcac5a64ba1/roles/95831a5b058940418b5d36ee61455d6a 0.029s
2024-10-10 16:20:49.927 62507 INFO tempest.lib.common.dynamic_creds [-] Dynamic test user 33da9c0befa542e4acdcbbcac5a64ba1 is created with scope project and roles: ['member']
2024-10-10 16:20:49.927 62507 INFO tempest.lib.common.dynamic_creds [-] Acquired dynamic creds: credentials: Credentials: {'domain_id': 'default', 'domain_name': 'Default', 'username': 'tempest-ImagesMetadataNegativeTestJSON-452225513-project-member', 'project_domain_id': 'default', 'project_domain_name': 'Default', 'project_id': 'fc1ee0b799db4411a4f4d4610e28d030', 'project_name': 'tempest-ImagesMetadataNegativeTestJSON-452225513', 'tenant_id': 'fc1ee0b799db4411a4f4d4610e28d030', 'tenant_name': 'tempest-ImagesMetadataNegativeTestJSON-452225513', 'user_domain_id': 'default', 'user_domain_name': 'Default', 'user_id': '33da9c0befa542e4acdcbbcac5a64ba1', 'system': None}, Network: None, Subnet: None, Router: None
2024-10-10 16:20:49.927 62507 INFO tempest.lib.common.dynamic_creds [-] Created isolated network resources for: credentials: Credentials: {'domain_id': 'default', 'domain_name': 'Default', 'username': 'tempest-ImagesMetadataNegativeTestJSON-452225513-project-member', 'project_domain_id': 'default', 'project_domain_name': 'Default', 'project_id': 'fc1ee0b799db4411a4f4d4610e28d030', 'project_name': 'tempest-ImagesMetadataNegativeTestJSON-452225513', 'tenant_id': 'fc1ee0b799db4411a4f4d4610e28d030', 'tenant_name': 'tempest-ImagesMetadataNegativeTestJSON-452225513', 'user_domain_id': 'default', 'user_domain_name': 'Default', 'user_id': '33da9c0befa542e4acdcbbcac5a64ba1', 'system': None}, Network: None, Subnet: None, Router: None
2024-10-10 16:20:50.004 62507 INFO tempest.lib.common.rest_client [req-cf80a497-140b-4d65-a01e-6aa3c65e8a36 req-cf80a497-140b-4d65-a01e-6aa3c65e8a36 ] Request (ImagesMetadataNegativeTestJSON:setUpClass): 201 POST http://10.180.1.21/identity/v3/auth/tokens 0.072s
2024-10-10 16:20:50.057 62529 INFO tempest.lib.common.rest_client [req-920c8fbc-affd-4848-9eaf-ded25020886a req-920c8fbc-affd-4848-9eaf-ded25020886a ] Request (ServersTestFqdnHostnames:test_create_server_with_fqdn_name): 200 GET http://10.180.1.21/compute/v2.1/servers/7f26944b-96df-47c9-9725-0f6f9914a69f 0.054s
2024-10-10 16:20:50.090 62507 INFO tempest.lib.common.rest_client [req-f90502e6-dbf1-4ea1-8984-d9336271ea10 req-f90502e6-dbf1-4ea1-8984-d9336271ea10 ] Request (ImagesMetadataNegativeTestJSON:test_delete_nonexistent_image_metadata_item): 404 DELETE http://10.180.1.21/compute/v2.1/images/bd90eec6-f216-4923-9007-cddf112b0090/metadata/os_distro 0.085s
2024-10-10 16:20:50.108 62489 INFO tempest.lib.common.rest_client [req-09562562-a44d-4225-b7af-6bce19ca1d79 req-09562562-a44d-4225-b7af-6bce19ca1d79 ] Request (AttachInterfacesUnderV243Test:test_add_remove_fixed_ip): 200 GET http://10.180.1.21/compute/v2.1/servers/3be344b0-02b3-4b81-87d5-456e8965cb01 0.084s
2024-10-10 16:20:50.126 62507 INFO tempest.lib.common.rest_client [req-01b42cdf-bbfd-4198-9d91-439df9d27dd4 req-01b42cdf-bbfd-4198-9d91-439df9d27dd4 ] Request (ImagesMetadataNegativeTestJSON:test_get_nonexistent_image_metadata_item): 404 GET http://10.180.1.21/compute/v2.1/images/8c39fcb4-1bc7-4c10-9226-87143c0bbceb/metadata/os_version 0.034s
2024-10-10 16:20:50.142 62483 INFO tempest.lib.common.rest_client [req-ac0026be-1597-4463-8f26-030db995970d req-ac0026be-1597-4463-8f26-030db995970d ] Request (MigrationsAdminTest:test_list_migrations_in_flavor_resize_situation): 200 GET http://10.180.1.21/compute/v2.1/servers/0ebb6fe8-89eb-4d4a-9a87-3bc20a0c8f07 0.062s
2024-10-10 16:20:50.166 62507 INFO tempest.lib.common.rest_client [req-0526a21a-caba-47fd-9e41-6d3937587ba0 req-0526a21a-caba-47fd-9e41-6d3937587ba0 ] Request (ImagesMetadataNegativeTestJSON:test_list_nonexistent_image_metadata): 404 GET http://10.180.1.21/compute/v2.1/images/394cb917-b1c9-4773-a0e7-9d1a1befc024/metadata 0.039s
2024-10-10 16:20:50.175 62513 INFO tempest.lib.common.rest_client [req-d86a2253-4594-4603-8629-4fcd5073da30 req-d86a2253-4594-4603-8629-4fcd5073da30 ] Request (VolumesAssistedSnapshotsTest:test_volume_assisted_snapshot_create_delete): 200 GET http://10.180.1.21/compute/v2.1/servers/c40ffe4c-6fdd-420b-aa4b-6e58c2ad2557 0.051s
2024-10-10 16:20:50.187 62507 INFO tempest.lib.common.rest_client [req-29c211a7-0200-4ea8-b6c5-9aca1a128ae2 req-29c211a7-0200-4ea8-b6c5-9aca1a128ae2 ] Request (ImagesMetadataNegativeTestJSON:test_set_nonexistent_image_metadata): 404 PUT http://10.180.1.21/compute/v2.1/images/f53fcdf6-1be9-4b43-a4ab-0fa2f884e28d/metadata 0.020s
2024-10-10 16:20:50.207 62507 INFO tempest.lib.common.rest_client [req-95ee33c8-90ca-4bc0-837b-49ab40d67f27 req-95ee33c8-90ca-4bc0-837b-49ab40d67f27 ] Request (ImagesMetadataNegativeTestJSON:test_set_nonexistent_image_metadata_item): 404 PUT http://10.180.1.21/compute/v2.1/images/96debdaf-e5e4-4cbc-a715-77a9540b77ab/metadata/os_distro 0.017s
2024-10-10 16:20:50.231 62543 INFO tempest.lib.common.rest_client [req-9ae5b313-890a-4331-91b0-efe02f8af449 req-9ae5b313-890a-4331-91b0-efe02f8af449 ] Request (ServerRescueTestJSONUnderV235:setUpClass): 200 GET http://10.180.1.21/compute/v2.1/servers/1cc8dcd0-ce2d-431e-848a-c170fffce9b3 0.048s
2024-10-10 16:20:50.248 62507 INFO tempest.lib.common.rest_client [req-0f0f2b68-32dc-4241-9e3c-3c1a18785b55 req-0f0f2b68-32dc-4241-9e3c-3c1a18785b55 ] Request (ImagesMetadataNegativeTestJSON:test_update_nonexistent_image_metadata): 404 POST http://10.180.1.21/compute/v2.1/images/de10db4b-d7d9-49dc-87ef-d73fe84f3ed0/metadata 0.040s
2024-10-10 16:20:50.254 62539 INFO tempest.lib.common.rest_client [req-2ada16eb-f4cc-44ea-839d-a8d624a5b1ca req-2ada16eb-f4cc-44ea-839d-a8d624a5b1ca ] Request (DeleteServersTestJSON:test_delete_active_server): 200 GET http://10.180.1.21/compute/v2.1/servers/8de4fffb-7ff1-434f-bd30-03bf766a3801 0.059s
2024-10-10 16:20:50.328 62517 INFO tempest.lib.common.rest_client [req-aeca14db-dd95-4e7a-9d08-e90cd90f2ef5 req-aeca14db-dd95-4e7a-9d08-e90cd90f2ef5 ] Request (ImagesOneServerNegativeTestJSON:setUpClass): 200 GET http://10.180.1.21/compute/v2.1/servers/e8d87270-a8c4-4f5c-8e3e-ab3169d48494 0.053s
2024-10-10 16:20:50.328 62487 INFO tempest.lib.common.rest_client [req-fd3dc535-073b-461c-a0e4-153c4a69419c req-fd3dc535-073b-461c-a0e4-153c4a69419c ] Request (ServersTestJSON:setUpClass): 200 GET http://10.180.1.21/compute/v2.1/servers/0e2e8629-cb38-4cf6-8014-ca80d9be87fb 0.058s
2024-10-10 16:20:50.339 62507 INFO tempest.lib.common.rest_client [req-e708f063-ef89-4e7a-9a1f-daed3c07519a req-e708f063-ef89-4e7a-9a1f-daed3c07519a ] Request (ImagesMetadataNegativeTestJSON:tearDownClass): 204 DELETE http://10.180.1.21/identity/v3/users/33da9c0befa542e4acdcbbcac5a64ba1 0.089s
2024-10-10 16:20:50.339 62507 INFO tempest.lib.common.dynamic_creds [-] Deleting project and security group for project: fc1ee0b799db4411a4f4d4610e28d030
2024-10-10 16:20:50.379 62503 INFO tempest.lib.common.rest_client [req-8a613c68-b749-4fec-a8a8-fc3b8bb3cffe req-8a613c68-b749-4fec-a8a8-fc3b8bb3cffe ] Request (SecurityGroupsTestJSON:test_list_security_groups_by_server): 200 GET http://10.180.1.21/compute/v2.1/servers/a2f583a4-5558-4438-863c-90174786c664 0.046s
2024-10-10 16:20:50.394 62523 INFO tempest.lib.common.rest_client [req-45fbc4f2-5c65-4324-bf96-f61c49640f8c req-45fbc4f2-5c65-4324-bf96-f61c49640f8c ] Request (ServersV294TestFqdnHostnames:setUpClass): 200 GET http://10.180.1.21/compute/v2.1/servers/2bfcddea-7a99-4ecf-9455-5da3f6a3a67f 0.055s
2024-10-10 16:20:50.394 62507 INFO tempest.lib.common.rest_client [req-ef3994c9-a99c-4da6-abba-93eaec876fba req-ef3994c9-a99c-4da6-abba-93eaec876fba ] Request (ImagesMetadataNegativeTestJSON:tearDownClass): 201 POST http://10.180.1.21/identity/v3/auth/tokens 0.055s
2024-10-10 16:20:50.444 62531 INFO tempest.lib.common.rest_client [req-58aca9e7-60bd-461f-a957-0990de5454a9 req-58aca9e7-60bd-461f-a957-0990de5454a9 ] Request (ListServersNegativeTestJSON:setUpClass): 200 GET http://10.180.1.21/compute/v2.1/servers/8cab6dc2-57b1-49c7-a134-d7871f950dba 0.059s
2024-10-10 16:20:50.445 62497 INFO tempest.lib.common.rest_client [req-8945a3a0-9c72-4445-8e86-643b3eec5a31 req-8945a3a0-9c72-4445-8e86-643b3eec5a31 ] Request (ServersAdminTestJSON:setUpClass): 200 GET http://10.180.1.21/compute/v2.1/servers/d3070dc9-6b33-46a6-b93b-a9b6dcc431f9 0.053s
2024-10-10 16:20:50.495 62522 INFO tempest.lib.common.rest_client [req-f46d221e-b242-4b08-99b5-d45981b427f8 req-f46d221e-b242-4b08-99b5-d45981b427f8 ] Request (ServersWithSpecificFlavorTestJSON:test_verify_created_server_ephemeral_disk): 200 GET http://10.180.1.21/compute/v2.1/servers/7b5754cf-73fd-46a5-a635-c346ed17a8a9 0.069s
2024-10-10 16:20:50.546 62499 INFO tempest.lib.common.rest_client [req-60d7e881-3cdc-47d8-80b1-eb7719bec514 req-60d7e881-3cdc-47d8-80b1-eb7719bec514 ] Request (ImagesNegativeTestJSON:test_create_image_from_deleted_server): 200 GET http://10.180.1.21/compute/v2.1/servers/57f5e421-5e56-4f92-9e78-ea0f0a30a942 0.062s
2024-10-10 16:20:50.556 62495 INFO tempest.lib.common.rest_client [req-f9c4954d-2cb5-4a13-acc0-bf6a3b50a155 req-f9c4954d-2cb5-4a13-acc0-bf6a3b50a155 ] Request (AttachVolumeShelveTestJSON:test_attach_volume_shelved_or_offload_server): 200 GET http://10.180.1.21/compute/v2.1/servers/aaf1ef08-5561-4530-8b50-de441cc2f73b 0.061s
2024-10-10 16:20:50.576 62507 INFO tempest.lib.common.rest_client [req-529d461d-7d43-400e-816c-f8f6cd8f707a req-529d461d-7d43-400e-816c-f8f6cd8f707a ] Request (ImagesMetadataNegativeTestJSON:tearDownClass): 200 GET http://10.180.1.21:9696/networking/v2.0/security-groups?tenant_id=fc1ee0b799db4411a4f4d4610e28d030&name=default 0.181s
2024-10-10 16:20:50.602 62493 INFO tempest.lib.common.rest_client [req-216983fa-6d14-4be0-b94d-16c409c21b4a req-216983fa-6d14-4be0-b94d-16c409c21b4a ] Request (ListImageFiltersTestJSON:setUpClass): 200 GET http://10.180.1.21/compute/v2.1/servers/2b98a191-071d-42a9-ba65-00ad310fb788 0.056s
2024-10-10 16:20:50.667 62515 INFO tempest.lib.common.rest_client [req-eca41440-c0e9-4cb4-8688-b63bb9ce27dc req-eca41440-c0e9-4cb4-8688-b63bb9ce27dc ] Request (ServerActionsV293TestJSON:setUpClass): 200 GET http://10.180.1.21/compute/v2.1/servers/22e42191-a831-4e3f-9548-1ed560b7660a 0.063s
2024-10-10 16:20:50.694 62511 INFO tempest.lib.common.rest_client [req-c69d8169-8aef-484a-8767-faf234d42359 req-c69d8169-8aef-484a-8767-faf234d42359 ] Request (DeleteServersAdminTestJSON:test_delete_server_while_in_error_state): 200 GET http://10.180.1.21/compute/v2.1/servers/71607aaf-5f3d-410b-b1b9-c6cdbdc70b96 0.055s
2024-10-10 16:20:50.697 62505 INFO tempest.lib.common.rest_client [req-6adc9f39-dbf9-4edf-a813-abb9243d1222 req-6adc9f39-dbf9-4edf-a813-abb9243d1222 ] Request (ServersTestBootFromVolume:setUpClass): 200 GET http://10.180.1.21/volume/v3/volumes/327bebc7-9fdd-4234-b772-40ede83256e3 0.035s
2024-10-10 16:20:50.717 62507 INFO tempest.lib.common.rest_client [req-3bc4ac44-f995-4a01-8ea6-d5b67d38d924 req-3bc4ac44-f995-4a01-8ea6-d5b67d38d924 ] Request (ImagesMetadataNegativeTestJSON:tearDownClass): 204 DELETE http://10.180.1.21:9696/networking/v2.0/security-groups/0e538011-4450-4a26-a5a7-b0e5c6833172 0.141s
2024-10-10 16:20:50.761 62526 INFO tempest.lib.common.rest_client [req-18ec5634-40df-4474-a97a-7da591a4ba9f req-18ec5634-40df-4474-a97a-7da591a4ba9f ] Request (ImagesTestJSON:test_create_image_from_stopped_server): 200 GET http://10.180.1.21/compute/v2.1/servers/d26249f7-dad2-4160-bdc1-bb629fb696d8 0.058s
2024-10-10 16:20:50.795 62507 INFO tempest.lib.common.rest_client [req-7189a6ff-99ed-40c3-a7eb-aa768d978fb9 req-7189a6ff-99ed-40c3-a7eb-aa768d978fb9 ] Request (ImagesMetadataNegativeTestJSON:tearDownClass): 204 DELETE http://10.180.1.21/identity/v3/projects/fc1ee0b799db4411a4f4d4610e28d030 0.076s
2024-10-10 16:20:50.808 62519 INFO tempest.lib.common.rest_client [req-8050c060-c6ef-400f-aa03-ecbacc6dcc47 req-8050c060-c6ef-400f-aa03-ecbacc6dcc47 ] Request (ServersTestManualDisk:setUpClass): 200 GET http://10.180.1.21/compute/v2.1/servers/8788d992-37ed-468b-92cd-e19656ac0d27 0.069s
2024-10-10 16:20:50.832 62481 INFO tempest.lib.common.rest_client [req-cf1402dc-5e48-4302-8d0c-c9c06f90d789 req-cf1402dc-5e48-4302-8d0c-c9c06f90d789 ] Request (ServerActionsTestOtherB:setUpClass): 200 GET http://10.180.1.21/compute/v2.1/servers/418394b5-a1a3-4f6e-8e0a-ef747df6e6f9 0.052s
2024-10-10 16:20:50.855 62507 INFO tempest.lib.common.rest_client [req-e372b1c7-931d-4df0-bf48-1308378c7b45 req-e372b1c7-931d-4df0-bf48-1308378c7b45 ] Request (ListServerFiltersTestJSON:setUpClass): 201 POST http://10.180.1.21/identity/v3/auth/tokens 0.058s
2024-10-10 16:20:50.857 62527 INFO tempest.lib.common.rest_client [req-c9536ec2-b732-4bfc-8399-c47f92f2e468 req-c9536ec2-b732-4bfc-8399-c47f92f2e468 ] Request (AttachInterfacesTestJSON:test_create_list_show_delete_interfaces_by_network_port): 200 GET http://10.180.1.21/compute/v2.1/servers/9012c03f-c684-4ca3-a0e3-e4e0ab18981f 0.048s
2024-10-10 16:20:50.882 62507 INFO tempest.lib.common.rest_client [req-a0915e01-8898-4c7e-ad2f-e04eb1aed7f3 req-a0915e01-8898-4c7e-ad2f-e04eb1aed7f3 ] Request (ListServerFiltersTestJSON:setUpClass): 201 POST http://10.180.1.21/identity/v3/auth/tokens 0.025s
2024-10-10 16:20:50.882 62485 INFO tempest.lib.common.rest_client [req-f270c3ea-7a98-4b41-be46-798acfc7ff67 req-f270c3ea-7a98-4b41-be46-798acfc7ff67 ] Request (ServerActionsTestOtherA:setUpClass): 200 GET http://10.180.1.21/compute/v2.1/servers/8266a614-ad18-4d4b-884a-cf5e57c82a70 0.047s
2024-10-10 16:20:50.901 62507 INFO tempest.lib.common.rest_client [req-070ae9b8-a6f7-4ab2-85f3-08b7d5e2d082 req-070ae9b8-a6f7-4ab2-85f3-08b7d5e2d082 ] Request (ListServerFiltersTestJSON:setUpClass): 200 GET http://10.180.1.21/identity/v3/domains?name=Default 0.018s
2024-10-10 16:20:50.909 62491 INFO tempest.lib.common.rest_client [req-b3c047e8-e57c-4634-a82e-28f172e84460 req-b3c047e8-e57c-4634-a82e-28f172e84460 ] Request (VolumesAdminNegativeTest:test_update_attached_volume_with_nonexistent_volume_in_uri): 200 GET http://10.180.1.21/compute/v2.1/servers/9057aad6-f36c-4eff-8d5c-ded24bc3e809 0.050s
2024-10-10 16:20:50.924 62507 INFO tempest.lib.common.rest_client [req-0568058c-cb50-4467-9b51-8365c066f630 req-0568058c-cb50-4467-9b51-8365c066f630 ] Request (ListServerFiltersTestJSON:setUpClass): 201 POST http://10.180.1.21/identity/v3/projects 0.023s
2024-10-10 16:20:50.969 62537 INFO tempest.lib.common.rest_client [req-3071f39d-ccbb-4944-81e4-eedfa16622ee req-3071f39d-ccbb-4944-81e4-eedfa16622ee ] Request (ServersAdmin275Test:test_rebuild_update_server_275): 200 GET http://10.180.1.21/compute/v2.1/servers/bff78120-fdf5-4c9e-80de-277c80fd16f8 0.051s
2024-10-10 16:20:50.972 62507 INFO tempest.lib.common.rest_client [req-d796e487-2edb-4f2d-ad65-a649827e08a3 req-d796e487-2edb-4f2d-ad65-a649827e08a3 ] Request (ListServerFiltersTestJSON:setUpClass): 201 POST http://10.180.1.21/identity/v3/users 0.047s
2024-10-10 16:20:50.988 62507 INFO tempest.lib.common.rest_client [req-e8d435c0-9015-42d9-b874-e8cc1d1d09c4 req-e8d435c0-9015-42d9-b874-e8cc1d1d09c4 ] Request (ListServerFiltersTestJSON:setUpClass): 200 GET http://10.180.1.21/identity/v3/roles 0.015s
2024-10-10 16:20:51.010 62507 INFO tempest.lib.common.rest_client [req-aa35de51-8de3-48d6-be1d-5b4890d5259d req-aa35de51-8de3-48d6-be1d-5b4890d5259d ] Request (ListServerFiltersTestJSON:setUpClass): 204 PUT http://10.180.1.21/identity/v3/projects/ac198e66ae234d7897f255d7859d50b8/users/a9434cbb8f044c92b936a3b6c03899dc/roles/95831a5b058940418b5d36ee61455d6a 0.022s
2024-10-10 16:20:51.010 62507 INFO tempest.lib.common.dynamic_creds [-] Dynamic test user a9434cbb8f044c92b936a3b6c03899dc is created with scope project and roles: ['member']
2024-10-10 16:20:51.011 62507 INFO tempest.lib.common.dynamic_creds [-] Acquired dynamic creds: credentials: Credentials: {'domain_id': 'default', 'domain_name': 'Default', 'username': 'tempest-ListServerFiltersTestJSON-1415922110-project-member', 'project_domain_id': 'default', 'project_domain_name': 'Default', 'project_id': 'ac198e66ae234d7897f255d7859d50b8', 'project_name': 'tempest-ListServerFiltersTestJSON-1415922110', 'tenant_id': 'ac198e66ae234d7897f255d7859d50b8', 'tenant_name': 'tempest-ListServerFiltersTestJSON-1415922110', 'user_domain_id': 'default', 'user_domain_name': 'Default', 'user_id': 'a9434cbb8f044c92b936a3b6c03899dc', 'system': None}, Network: None, Subnet: None, Router: None
2024-10-10 16:20:51.061 62507 INFO tempest.lib.common.rest_client [req-99e42f49-b30b-4aad-821d-d8491afda6a9 req-99e42f49-b30b-4aad-821d-d8491afda6a9 ] Request (ListServerFiltersTestJSON:setUpClass): 201 POST http://10.180.1.21/identity/v3/auth/tokens 0.049s
2024-10-10 16:20:51.110 62529 INFO tempest.lib.common.rest_client [req-142547b4-397f-4e85-80b1-7d4ca5f73928 req-142547b4-397f-4e85-80b1-7d4ca5f73928 ] Request (ServersTestFqdnHostnames:test_create_server_with_fqdn_name): 200 GET http://10.180.1.21/compute/v2.1/servers/7f26944b-96df-47c9-9725-0f6f9914a69f 0.046s
2024-10-10 16:20:51.169 62489 INFO tempest.lib.common.rest_client [req-7a082d33-b959-403f-b07c-b357b24d3084 req-7a082d33-b959-403f-b07c-b357b24d3084 ] Request (AttachInterfacesUnderV243Test:test_add_remove_fixed_ip): 200 GET http://10.180.1.21/compute/v2.1/servers/3be344b0-02b3-4b81-87d5-456e8965cb01 0.053s
2024-10-10 16:20:51.198 62483 INFO tempest.lib.common.rest_client [req-f85f602e-20e1-4fa9-a392-cc59814bbc9e req-f85f602e-20e1-4fa9-a392-cc59814bbc9e ] Request (MigrationsAdminTest:test_list_migrations_in_flavor_resize_situation): 200 GET http://10.180.1.21/compute/v2.1/servers/0ebb6fe8-89eb-4d4a-9a87-3bc20a0c8f07 0.050s
2024-10-10 16:20:51.237 62513 INFO tempest.lib.common.rest_client [req-78dfc556-1b8f-4c6f-b6f4-7cc4b27f0635 req-78dfc556-1b8f-4c6f-b6f4-7cc4b27f0635 ] Request (VolumesAssistedSnapshotsTest:test_volume_assisted_snapshot_create_delete): 200 GET http://10.180.1.21/compute/v2.1/servers/c40ffe4c-6fdd-420b-aa4b-6e58c2ad2557 0.053s
2024-10-10 16:20:51.291 62543 INFO tempest.lib.common.rest_client [req-7285c092-e615-4758-a179-2dca99fd1e47 req-7285c092-e615-4758-a179-2dca99fd1e47 ] Request (ServerRescueTestJSONUnderV235:setUpClass): 200 GET http://10.180.1.21/compute/v2.1/servers/1cc8dcd0-ce2d-431e-848a-c170fffce9b3 0.052s
2024-10-10 16:20:51.318 62539 INFO tempest.lib.common.rest_client [req-6b10b356-92a8-452a-9b88-ca8acfbf3ed0 req-6b10b356-92a8-452a-9b88-ca8acfbf3ed0 ] Request (DeleteServersTestJSON:test_delete_active_server): 200 GET http://10.180.1.21/compute/v2.1/servers/8de4fffb-7ff1-434f-bd30-03bf766a3801 0.057s
2024-10-10 16:20:51.326 62507 INFO tempest.lib.common.rest_client [req-1294fe48-1fe5-41f9-986a-00f98165caa7 req-1294fe48-1fe5-41f9-986a-00f98165caa7 ] Request (ListServerFiltersTestJSON:setUpClass): 201 POST http://10.180.1.21:9696/networking/v2.0/networks 0.264s
2024-10-10 16:20:51.396 62487 INFO tempest.lib.common.rest_client [req-09133582-245d-460a-bf8a-f0f8d7b6189c req-09133582-245d-460a-bf8a-f0f8d7b6189c ] Request (ServersTestJSON:setUpClass): 200 GET http://10.180.1.21/compute/v2.1/servers/0e2e8629-cb38-4cf6-8014-ca80d9be87fb 0.061s
2024-10-10 16:20:51.398 62517 INFO tempest.lib.common.rest_client [req-7c6a9214-71e3-4440-8810-9fd4667b8873 req-7c6a9214-71e3-4440-8810-9fd4667b8873 ] Request (ImagesOneServerNegativeTestJSON:setUpClass): 200 GET http://10.180.1.21/compute/v2.1/servers/e8d87270-a8c4-4f5c-8e3e-ab3169d48494 0.062s
2024-10-10 16:20:51.445 62503 INFO tempest.lib.common.rest_client [req-34141656-876f-48e1-963b-f1a0fc31ea4a req-34141656-876f-48e1-963b-f1a0fc31ea4a ] Request (SecurityGroupsTestJSON:test_list_security_groups_by_server): 200 GET http://10.180.1.21/compute/v2.1/servers/a2f583a4-5558-4438-863c-90174786c664 0.058s
2024-10-10 16:20:51.466 62523 INFO tempest.lib.common.rest_client [req-7ba1fe33-a43d-4a25-aa4c-af82ca1e349b req-7ba1fe33-a43d-4a25-aa4c-af82ca1e349b ] Request (ServersV294TestFqdnHostnames:setUpClass): 200 GET http://10.180.1.21/compute/v2.1/servers/2bfcddea-7a99-4ecf-9455-5da3f6a3a67f 0.062s
2024-10-10 16:20:51.507 62531 INFO tempest.lib.common.rest_client [req-7ac61be7-bf70-4d3f-a1cd-c641c1890fc0 req-7ac61be7-bf70-4d3f-a1cd-c641c1890fc0 ] Request (ListServersNegativeTestJSON:setUpClass): 200 GET http://10.180.1.21/compute/v2.1/servers/8cab6dc2-57b1-49c7-a134-d7871f950dba 0.056s
2024-10-10 16:20:51.514 62497 INFO tempest.lib.common.rest_client [req-014368a8-68bb-4e01-a884-fc8f4e82e0bc req-014368a8-68bb-4e01-a884-fc8f4e82e0bc ] Request (ServersAdminTestJSON:setUpClass): 200 GET http://10.180.1.21/compute/v2.1/servers/d3070dc9-6b33-46a6-b93b-a9b6dcc431f9 0.061s
2024-10-10 16:20:51.530 62507 INFO tempest.lib.common.rest_client [req-64c8d605-4fcc-4c85-850d-3ef204aea8ea req-64c8d605-4fcc-4c85-850d-3ef204aea8ea ] Request (ListServerFiltersTestJSON:setUpClass): 201 POST http://10.180.1.21:9696/networking/v2.0/subnets 0.204s
2024-10-10 16:20:51.530 62507 INFO tempest.lib.common.dynamic_creds [-] Created isolated network resources for: credentials: Credentials: {'domain_id': 'default', 'domain_name': 'Default', 'username': 'tempest-ListServerFiltersTestJSON-1415922110-project-member', 'project_domain_id': 'default', 'project_domain_name': 'Default', 'project_id': 'ac198e66ae234d7897f255d7859d50b8', 'project_name': 'tempest-ListServerFiltersTestJSON-1415922110', 'tenant_id': 'ac198e66ae234d7897f255d7859d50b8', 'tenant_name': 'tempest-ListServerFiltersTestJSON-1415922110', 'user_domain_id': 'default', 'user_domain_name': 'Default', 'user_id': 'a9434cbb8f044c92b936a3b6c03899dc', 'system': None}, Network: {'id': '1b291a62-8d5d-4eed-8c15-c83a8009bb2d', 'name': 'tempest-ListServerFiltersTestJSON-9873893-network', 'tenant_id': 'ac198e66ae234d7897f255d7859d50b8', 'admin_state_up': True, 'mtu': 8950, 'status': 'ACTIVE', 'subnets': [], 'shared': False, 'project_id': 'ac198e66ae234d7897f255d7859d50b8', 'port_security_enabled': True, 'router:external': False, 'provider:network_type': 'vlan', 'provider:physical_network': 'default', 'provider:segmentation_id': 54, 'is_default': False, 'availability_zone_hints': [], 'availability_zones': [], 'ipv4_address_scope': None, 'ipv6_address_scope': None, 'description': '', 'tags': [], 'created_at': '2024-10-10T16:20:51Z', 'updated_at': '2024-10-10T16:20:51Z', 'revision_number': 1}, Subnet: {'id': '26134b9b-f190-482b-91eb-5b88d74af8b2', 'name': 'tempest-ListServerFiltersTestJSON-9873893-subnet', 'tenant_id': 'ac198e66ae234d7897f255d7859d50b8', 'network_id': '1b291a62-8d5d-4eed-8c15-c83a8009bb2d', 'ip_version': 4, 'subnetpool_id': None, 'enable_dhcp': True, 'ipv6_ra_mode': None, 'ipv6_address_mode': None, 'gateway_ip': '192.168.128.1', 'cidr': '192.168.128.0/28', 'allocation_pools': [{'start': '192.168.128.2', 'end': '192.168.128.14'}], 'host_routes': [], 'dns_nameservers': [], 'description': '', 'router:external': False, 'service_types': [], 'tags': [], 'created_at': '2024-10-10T16:20:51Z', 'updated_at': '2024-10-10T16:20:51Z', 'revision_number': 0, 'project_id': 'ac198e66ae234d7897f255d7859d50b8'}, Router: None
2024-10-10 16:20:51.554 62522 INFO tempest.lib.common.rest_client [req-146a3904-c449-466d-907b-81aec48a62bd req-146a3904-c449-466d-907b-81aec48a62bd ] Request (ServersWithSpecificFlavorTestJSON:test_verify_created_server_ephemeral_disk): 200 GET http://10.180.1.21/compute/v2.1/servers/7b5754cf-73fd-46a5-a635-c346ed17a8a9 0.052s
2024-10-10 16:20:51.599 62507 INFO tempest.lib.common.rest_client [req-0e87d387-3ce3-4141-958f-d68fa976d128 req-0e87d387-3ce3-4141-958f-d68fa976d128 ] Request (ListServerFiltersTestJSON:setUpClass): 201 POST http://10.180.1.21/identity/v3/auth/tokens 0.065s
2024-10-10 16:20:51.602 62499 INFO tempest.lib.common.rest_client [req-2003c809-daf4-4667-844a-b86a1a1ef721 req-2003c809-daf4-4667-844a-b86a1a1ef721 ] Request (ImagesNegativeTestJSON:test_create_image_from_deleted_server): 200 GET http://10.180.1.21/compute/v2.1/servers/57f5e421-5e56-4f92-9e78-ea0f0a30a942 0.050s
2024-10-10 16:20:51.615 62495 INFO tempest.lib.common.rest_client [req-d64e2a4a-7826-46f2-95c9-b49c0968c53f req-d64e2a4a-7826-46f2-95c9-b49c0968c53f ] Request (AttachVolumeShelveTestJSON:test_attach_volume_shelved_or_offload_server): 200 GET http://10.180.1.21/compute/v2.1/servers/aaf1ef08-5561-4530-8b50-de441cc2f73b 0.051s
2024-10-10 16:20:51.630 62507 INFO tempest.lib.common.rest_client [req-c1f7ff3b-690e-4bca-8704-9ff70c511e02 req-c1f7ff3b-690e-4bca-8704-9ff70c511e02 ] Request (ListServerFiltersTestJSON:setUpClass): 201 POST http://10.180.1.21/identity/v3/auth/tokens 0.027s
2024-10-10 16:20:51.630 62507 INFO tempest.lib.common.fixed_network [-] (ListServerFiltersTestJSON:setUpClass) Found network {'id': '1b291a62-8d5d-4eed-8c15-c83a8009bb2d', 'name': 'tempest-ListServerFiltersTestJSON-9873893-network', 'tenant_id': 'ac198e66ae234d7897f255d7859d50b8', 'admin_state_up': True, 'mtu': 8950, 'status': 'ACTIVE', 'subnets': [], 'shared': False, 'project_id': 'ac198e66ae234d7897f255d7859d50b8', 'port_security_enabled': True, 'router:external': False, 'provider:network_type': 'vlan', 'provider:physical_network': 'default', 'provider:segmentation_id': 54, 'is_default': False, 'availability_zone_hints': [], 'availability_zones': [], 'ipv4_address_scope': None, 'ipv6_address_scope': None, 'description': '', 'tags': [], 'created_at': '2024-10-10T16:20:51Z', 'updated_at': '2024-10-10T16:20:51Z', 'revision_number': 1} available for tenant
2024-10-10 16:20:51.657 62507 INFO tempest.lib.common.rest_client [req-9e8a5c8c-15cf-4a99-b208-76b19c150519 req-9e8a5c8c-15cf-4a99-b208-76b19c150519 ] Request (ListServerFiltersTestJSON:setUpClass): 201 POST http://10.180.1.21/identity/v3/auth/tokens 0.024s
2024-10-10 16:20:51.658 62507 INFO tempest.lib.common.fixed_network [-] (ListServerFiltersTestJSON:setUpClass) Found network {'id': '1b291a62-8d5d-4eed-8c15-c83a8009bb2d', 'name': 'tempest-ListServerFiltersTestJSON-9873893-network', 'tenant_id': 'ac198e66ae234d7897f255d7859d50b8', 'admin_state_up': True, 'mtu': 8950, 'status': 'ACTIVE', 'subnets': [], 'shared': False, 'project_id': 'ac198e66ae234d7897f255d7859d50b8', 'port_security_enabled': True, 'router:external': False, 'provider:network_type': 'vlan', 'provider:physical_network': 'default', 'provider:segmentation_id': 54, 'is_default': False, 'availability_zone_hints': [], 'availability_zones': [], 'ipv4_address_scope': None, 'ipv6_address_scope': None, 'description': '', 'tags': [], 'created_at': '2024-10-10T16:20:51Z', 'updated_at': '2024-10-10T16:20:51Z', 'revision_number': 1} available for tenant
2024-10-10 16:20:51.658 62493 INFO tempest.lib.common.rest_client [req-93bcf758-4fec-4345-b0f9-cd89d7f9681d req-93bcf758-4fec-4345-b0f9-cd89d7f9681d ] Request (ListImageFiltersTestJSON:setUpClass): 200 GET http://10.180.1.21/compute/v2.1/servers/2b98a191-071d-42a9-ba65-00ad310fb788 0.047s
2024-10-10 16:20:51.730 62505 INFO tempest.lib.common.rest_client [req-382f5f2a-1626-43ed-b666-9b53c2608613 req-382f5f2a-1626-43ed-b666-9b53c2608613 ] Request (ServersTestBootFromVolume:setUpClass): 200 GET http://10.180.1.21/volume/v3/volumes/327bebc7-9fdd-4234-b772-40ede83256e3 0.026s
