2024-10-10 16:19:45.918 62515 INFO tempest.lib.common.rest_client [req-001f8555-da56-4855-a286-8a96cab9ebb1 req-001f8555-da56-4855-a286-8a96cab9ebb1 ] Request (AbsoluteLimitsNegativeTestJSON:test_max_metadata_exceed_limit): 200 GET http://10.180.1.21/compute/v2.1/limits 1.722s
2024-10-10 16:19:45.954 62515 INFO tempest.lib.common.rest_client [req-13405903-b0b7-4134-993d-f2a29213ce92 req-13405903-b0b7-4134-993d-f2a29213ce92 ] Request (AbsoluteLimitsNegativeTestJSON:test_max_metadata_exceed_limit): 201 POST http://10.180.1.21/identity/v3/auth/tokens 0.028s
2024-10-10 16:19:45.954 62515 INFO tempest.lib.common.fixed_network [-] (AbsoluteLimitsNegativeTestJSON:test_max_metadata_exceed_limit) Found network None available for tenant
2024-10-10 16:19:45.960 62497 INFO tempest.lib.common.rest_client [req-5ac9efaa-ad69-4677-90bf-e715f5967a7a req-5ac9efaa-ad69-4677-90bf-e715f5967a7a ] Request (QuotaClassesAdminTestJSON:tearDownClass): 204 DELETE http://10.180.1.21:9696/networking/v2.0/security-groups/165bd98b-12c7-4571-8489-ac36ac629705 0.590s
2024-10-10 16:19:46.060 62497 INFO tempest.lib.common.rest_client [req-8c39fe6c-83d4-49a8-a421-91f1e5cfd051 req-8c39fe6c-83d4-49a8-a421-91f1e5cfd051 ] Request (QuotaClassesAdminTestJSON:tearDownClass): 204 DELETE http://10.180.1.21/identity/v3/projects/11283611e11c4cdb8b37fa30399e6bb4 0.100s
2024-10-10 16:19:46.060 62497 INFO tempest.lib.common.dynamic_creds [-] Deleting project and security group for project: c80cd42b6da542e2ac34ac2ae2517827
2024-10-10 16:19:46.102 62541 INFO tempest.lib.common.rest_client [req-fe504546-dbce-43f6-8183-4ade59f315d5 req-fe504546-dbce-43f6-8183-4ade59f315d5 ] Request (ServerGroup264TestJSON:tearDownClass): 204 DELETE http://10.180.1.21:9696/networking/v2.0/security-groups/1391b79c-046d-46d2-ae56-9d4013e33678 0.522s
2024-10-10 16:19:46.157 62522 INFO tempest.lib.common.rest_client [req-514ceb3f-c051-4139-be3c-f86419183976 req-514ceb3f-c051-4139-be3c-f86419183976 ] Request (ValidationResourcesFixture:setUp): 201 POST http://10.180.1.21:9696/networking/v2.0/security-group-rules 0.534s
2024-10-10 16:19:46.190 62507 INFO tempest.lib.common.rest_client [req-b45087d7-38a0-4efd-bb55-67bdad59e9f9 req-b45087d7-38a0-4efd-bb55-67bdad59e9f9 ] Request (ServerDiagnosticsTest:test_get_server_diagnostics): 202 POST http://10.180.1.21/compute/v2.1/servers 2.052s
2024-10-10 16:19:46.219 62541 INFO tempest.lib.common.rest_client [req-f814d237-be25-4190-a5a7-c53f0b2c1f72 req-f814d237-be25-4190-a5a7-c53f0b2c1f72 ] Request (ServerGroup264TestJSON:tearDownClass): 204 DELETE http://10.180.1.21/identity/v3/projects/061bdac66cda4b568238d4ea892d308a 0.116s
2024-10-10 16:19:46.270 62523 INFO tempest.lib.common.rest_client [req-0cc8897b-1db2-4afa-b27e-56445c7f0bd8 req-0cc8897b-1db2-4afa-b27e-56445c7f0bd8 ] Request (ImagesMetadataTestJSON:test_list_image_metadata): 200 GET http://10.180.1.21/compute/v2.1/images/0190e755-f0fa-4ac4-af20-7e203084f52c/metadata 1.938s
2024-10-10 16:19:46.278 62501 INFO tempest.lib.common.rest_client [req-e6d4e7e8-16b5-45db-81e0-3df53e1ee95e req-e6d4e7e8-16b5-45db-81e0-3df53e1ee95e ] Request (HypervisorAdminNegativeTestJSON:test_show_nonexistent_hypervisor): 404 GET http://10.180.1.21/compute/v2.1/os-hypervisors/8e7d9e86-c9c3-4d9d-a78f-a0b7ae0019f3 1.940s
2024-10-10 16:19:46.297 62499 INFO tempest.lib.common.rest_client [req-9984abbd-d77b-43dc-aeac-43a4c0d222d4 req-9984abbd-d77b-43dc-aeac-43a4c0d222d4 ] Request (FlavorsAccessNegativeTestJSON:_run_cleanups): 200 GET http://10.180.1.21/compute/v2.1/flavors/detail 1.934s
2024-10-10 16:19:46.316 62541 INFO tempest.lib.common.rest_client [req-636559c0-764b-40b6-b18b-6128d1eda46a req-636559c0-764b-40b6-b18b-6128d1eda46a ] Request (ServerShowV263Test:setUpClass): 201 POST http://10.180.1.21/identity/v3/auth/tokens 0.093s
2024-10-10 16:19:46.353 62541 INFO tempest.lib.common.rest_client [req-ebcba7eb-24bc-404f-9cae-77599f22e933 req-ebcba7eb-24bc-404f-9cae-77599f22e933 ] Request (ServerShowV263Test:setUpClass): 201 POST http://10.180.1.21/identity/v3/auth/tokens 0.034s
2024-10-10 16:19:46.387 62493 INFO tempest.lib.common.rest_client [req-b22bf181-77f1-4695-b91b-fbaae5d2f8d2 req-b22bf181-77f1-4695-b91b-fbaae5d2f8d2 ] Request (ListImageFiltersTestJSON:setUpClass): 202 POST http://10.180.1.21/compute/v2.1/servers 2.106s
2024-10-10 16:19:46.392 62541 INFO tempest.lib.common.rest_client [req-24ec3cba-93de-44bc-a455-f933f0807b8c req-24ec3cba-93de-44bc-a455-f933f0807b8c ] Request (ServerShowV263Test:setUpClass): 200 GET http://10.180.1.21/identity/v3/domains?name=Default 0.038s
2024-10-10 16:19:46.438 62501 INFO tempest.lib.common.rest_client [req-9c2984dc-9514-4df3-b523-7bdf76834409 req-9c2984dc-9514-4df3-b523-7bdf76834409 ] Request (HypervisorAdminNegativeTestJSON:tearDownClass): 204 DELETE http://10.180.1.21/identity/v3/users/dcdcfa27f05b42f28c57d675cd5c501a 0.158s
2024-10-10 16:19:46.442 62539 INFO tempest.lib.common.rest_client [req-3746a8b8-97bb-473e-8730-ce7e90c45251 req-3746a8b8-97bb-473e-8730-ce7e90c45251 ] Request (DeleteServersTestJSON:setUpClass): 201 POST http://10.180.1.21:9696/networking/v2.0/routers 3.113s
2024-10-10 16:19:46.477 62541 INFO tempest.lib.common.rest_client [req-8873933f-7b0c-4fd4-9171-660d51a07708 req-8873933f-7b0c-4fd4-9171-660d51a07708 ] Request (ServerShowV263Test:setUpClass): 201 POST http://10.180.1.21/identity/v3/projects 0.085s
2024-10-10 16:19:46.532 62495 INFO tempest.lib.common.rest_client [req-d1ba856b-b53f-4def-8f43-ac87d51f348f req-d1ba856b-b53f-4def-8f43-ac87d51f348f ] Request (ServerExternalEventsTest:test_create_server_external_events): 200 GET http://10.180.1.21/compute/v2.1/servers/16f116fe-9e0d-4f16-bed8-cd3bc1f4b6db 1.998s
2024-10-10 16:19:46.533 62497 INFO tempest.lib.common.rest_client [req-3ba2f250-528f-4c96-ad1c-b55dc70781e9 req-3ba2f250-528f-4c96-ad1c-b55dc70781e9 ] Request (QuotaClassesAdminTestJSON:tearDownClass): 200 GET http://10.180.1.21:9696/networking/v2.0/security-groups?tenant_id=c80cd42b6da542e2ac34ac2ae2517827&name=default 0.472s
2024-10-10 16:19:46.544 62495 INFO tempest.common.waiters [-] State transition "BUILD/None" ==> "BUILD/networking" after 10 second wait
2024-10-10 16:19:46.576 62522 INFO tempest.lib.common.rest_client [req-8d6e02a6-7917-4d8d-b903-f2b33f32fcc6 req-8d6e02a6-7917-4d8d-b903-f2b33f32fcc6 ] Request (ValidationResourcesFixture:setUp): 201 POST http://10.180.1.21:9696/networking/v2.0/security-group-rules 0.418s
2024-10-10 16:19:46.576 62541 INFO tempest.lib.common.rest_client [req-ba16672d-8603-4304-aa2a-550ae58a7c99 req-ba16672d-8603-4304-aa2a-550ae58a7c99 ] Request (ServerShowV263Test:setUpClass): 201 POST http://10.180.1.21/identity/v3/users 0.098s
2024-10-10 16:19:46.581 62501 INFO tempest.lib.common.rest_client [req-997403fa-2293-42cd-b660-eadf38c43c46 req-997403fa-2293-42cd-b660-eadf38c43c46 ] Request (HypervisorAdminNegativeTestJSON:tearDownClass): 204 DELETE http://10.180.1.21/identity/v3/users/ac4a0b2ba2884f079b94fb00f7a5c312 0.143s
2024-10-10 16:19:46.581 62501 INFO tempest.lib.common.dynamic_creds [-] Deleting project and security group for project: dc9b15cfa9f9497e8a8bbdee2a9e2d33
2024-10-10 16:19:46.637 62501 INFO tempest.lib.common.rest_client [req-5ccdcfca-7c47-41ff-ad8f-6d674d83105f req-5ccdcfca-7c47-41ff-ad8f-6d674d83105f ] Request (HypervisorAdminNegativeTestJSON:tearDownClass): 201 POST http://10.180.1.21/identity/v3/auth/tokens 0.055s
2024-10-10 16:19:46.642 62541 INFO tempest.lib.common.rest_client [req-ff9414ed-f14c-4e47-a3dd-8cf74792eb18 req-ff9414ed-f14c-4e47-a3dd-8cf74792eb18 ] Request (ServerShowV263Test:setUpClass): 200 GET http://10.180.1.21/identity/v3/roles 0.065s
2024-10-10 16:19:46.664 62527 INFO tempest.lib.common.rest_client [req-4ae6ebc6-90c6-4575-8952-05c7b6b9ded6 req-4ae6ebc6-90c6-4575-8952-05c7b6b9ded6 ] Request (AttachInterfacesTestJSON:test_create_list_show_delete_interfaces_by_fixed_ip): 200 GET http://10.180.1.21/compute/v2.1/servers/39ea0d9f-2d23-4b98-a407-48d92173cc60 1.638s
2024-10-10 16:19:46.672 62541 INFO tempest.lib.common.rest_client [req-9244f324-8cd4-4a9d-9cd5-e5e7bdd180c2 req-9244f324-8cd4-4a9d-9cd5-e5e7bdd180c2 ] Request (ServerShowV263Test:setUpClass): 204 PUT http://10.180.1.21/identity/v3/projects/4138004ea592432492dd476a817a91f9/users/72cc23636e004bc8be3ba3fb4198aace/roles/95831a5b058940418b5d36ee61455d6a 0.030s
2024-10-10 16:19:46.673 62541 INFO tempest.lib.common.dynamic_creds [-] Dynamic test user 72cc23636e004bc8be3ba3fb4198aace is created with scope project and roles: ['member']
2024-10-10 16:19:46.674 62541 INFO tempest.lib.common.dynamic_creds [-] Acquired dynamic creds: credentials: Credentials: {'domain_id': 'default', 'domain_name': 'Default', 'username': 'tempest-ServerShowV263Test-1997731940-project-member', 'project_domain_id': 'default', 'project_domain_name': 'Default', 'project_id': '4138004ea592432492dd476a817a91f9', 'project_name': 'tempest-ServerShowV263Test-1997731940', 'tenant_id': '4138004ea592432492dd476a817a91f9', 'tenant_name': 'tempest-ServerShowV263Test-1997731940', 'user_domain_id': 'default', 'user_domain_name': 'Default', 'user_id': '72cc23636e004bc8be3ba3fb4198aace', 'system': None}, Network: None, Subnet: None, Router: None
2024-10-10 16:19:46.674 62541 INFO tempest.lib.common.dynamic_creds [-] Created isolated network resources for: credentials: Credentials: {'domain_id': 'default', 'domain_name': 'Default', 'username': 'tempest-ServerShowV263Test-1997731940-project-member', 'project_domain_id': 'default', 'project_domain_name': 'Default', 'project_id': '4138004ea592432492dd476a817a91f9', 'project_name': 'tempest-ServerShowV263Test-1997731940', 'tenant_id': '4138004ea592432492dd476a817a91f9', 'tenant_name': 'tempest-ServerShowV263Test-1997731940', 'user_domain_id': 'default', 'user_domain_name': 'Default', 'user_id': '72cc23636e004bc8be3ba3fb4198aace', 'system': None}, Network: None, Subnet: None, Router: None
2024-10-10 16:19:46.815 62541 INFO tempest.lib.common.rest_client [req-b5decf71-8771-43de-960b-82268d2a5476 req-b5decf71-8771-43de-960b-82268d2a5476 ] Request (ServerShowV263Test:setUpClass): 201 POST http://10.180.1.21/identity/v3/auth/tokens 0.084s
2024-10-10 16:19:46.832 62541 INFO tempest.lib.common.rest_client [req-2c2704ab-5d25-4c98-b08d-f6b2cf699625 req-2c2704ab-5d25-4c98-b08d-f6b2cf699625 ] Request (ServerShowV263Test:setUpClass): 200 GET http://10.180.1.21/identity/v3/projects/4138004ea592432492dd476a817a91f9 0.016s
2024-10-10 16:19:46.832 62541 INFO tempest.lib.common.dynamic_creds [-] Using the existing project 4138004ea592432492dd476a817a91f9 for scope project and roles: ['reader']
2024-10-10 16:19:46.871 62541 INFO tempest.lib.common.rest_client [req-c3911c9b-50a3-4eb6-bb2f-fa609ad1052d req-c3911c9b-50a3-4eb6-bb2f-fa609ad1052d ] Request (ServerShowV263Test:setUpClass): 201 POST http://10.180.1.21/identity/v3/users 0.039s
2024-10-10 16:19:46.897 62541 INFO tempest.lib.common.rest_client [req-bf3b9a6f-f164-4ce8-867d-4d7ef2f2deef req-bf3b9a6f-f164-4ce8-867d-4d7ef2f2deef ] Request (ServerShowV263Test:setUpClass): 200 GET http://10.180.1.21/identity/v3/roles 0.025s
2024-10-10 16:19:46.937 62541 INFO tempest.lib.common.rest_client [req-1b16a47a-cae1-4003-bbd6-a72e5d838f0b req-1b16a47a-cae1-4003-bbd6-a72e5d838f0b ] Request (ServerShowV263Test:setUpClass): 204 PUT http://10.180.1.21/identity/v3/projects/4138004ea592432492dd476a817a91f9/users/71bf86571e6145d0b4d27f7e9671b270/roles/8f3434d28d0b49c8aa79d20e7f311ce4 0.039s
2024-10-10 16:19:46.937 62541 INFO tempest.lib.common.dynamic_creds [-] Dynamic test user 71bf86571e6145d0b4d27f7e9671b270 is created with scope project and roles: ['reader']
2024-10-10 16:19:46.937 62541 INFO tempest.lib.common.dynamic_creds [-] Acquired dynamic creds: credentials: Credentials: {'domain_id': 'default', 'domain_name': 'Default', 'username': 'tempest-ServerShowV263Test-1997731940-project-reader', 'project_domain_id': 'default', 'project_domain_name': 'Default', 'project_id': '4138004ea592432492dd476a817a91f9', 'project_name': 'tempest-ServerShowV263Test-1997731940', 'tenant_id': '4138004ea592432492dd476a817a91f9', 'tenant_name': 'tempest-ServerShowV263Test-1997731940', 'user_domain_id': 'default', 'user_domain_name': 'Default', 'user_id': '71bf86571e6145d0b4d27f7e9671b270', 'system': None}, Network: None, Subnet: None, Router: None
2024-10-10 16:19:46.937 62541 INFO tempest.lib.common.dynamic_creds [-] Network resources are not created for requested scope: project and credentials: Credentials: {'domain_id': 'default', 'domain_name': 'Default', 'username': 'tempest-ServerShowV263Test-1997731940-project-reader', 'project_domain_id': 'default', 'project_domain_name': 'Default', 'project_id': '4138004ea592432492dd476a817a91f9', 'project_name': 'tempest-ServerShowV263Test-1997731940', 'tenant_id': '4138004ea592432492dd476a817a91f9', 'tenant_name': 'tempest-ServerShowV263Test-1997731940', 'user_domain_id': 'default', 'user_domain_name': 'Default', 'user_id': '71bf86571e6145d0b4d27f7e9671b270', 'system': None}, Network: None, Subnet: None, Router: None
2024-10-10 16:19:47.041 62541 INFO tempest.lib.common.rest_client [req-e63ac4dd-5b33-44bb-9038-53f9519d75b6 req-e63ac4dd-5b33-44bb-9038-53f9519d75b6 ] Request (ServerShowV263Test:setUpClass): 201 POST http://10.180.1.21/identity/v3/auth/tokens 0.097s
2024-10-10 16:19:47.088 62501 INFO tempest.lib.common.rest_client [req-a898de9b-3720-4831-a4f8-82c1bd1bd3bf req-a898de9b-3720-4831-a4f8-82c1bd1bd3bf ] Request (HypervisorAdminNegativeTestJSON:tearDownClass): 200 GET http://10.180.1.21:9696/networking/v2.0/security-groups?tenant_id=dc9b15cfa9f9497e8a8bbdee2a9e2d33&name=default 0.450s
2024-10-10 16:19:47.154 62541 INFO tempest.lib.common.rest_client [req-b6e1c4ff-7682-4110-9b60-591bfd57e279 req-b6e1c4ff-7682-4110-9b60-591bfd57e279 ] Request (ServerShowV263Test:tearDownClass): 204 DELETE http://10.180.1.21/identity/v3/users/72cc23636e004bc8be3ba3fb4198aace 0.107s
2024-10-10 16:19:47.178 62526 INFO tempest.lib.common.rest_client [req-1b7b429c-e779-45a4-a4ec-909a8b71fbc6 req-1b7b429c-e779-45a4-a4ec-909a8b71fbc6 ] Request (ImagesTestJSON:setUpClass): 200 PUT http://10.180.1.21:9696/networking/v2.0/routers/15c19292-0071-4bf7-b922-f6bda0979e80/add_router_interface 5.087s
2024-10-10 16:19:47.178 62526 INFO tempest.lib.common.dynamic_creds [-] Created isolated network resources for: credentials: Credentials: {'domain_id': 'default', 'domain_name': 'Default', 'username': 'tempest-ImagesTestJSON-2063216794-project-member', 'project_domain_id': 'default', 'project_domain_name': 'Default', 'project_id': '3ab56e85c8f34a1baca2d8b6b24ee0d6', 'project_name': 'tempest-ImagesTestJSON-2063216794', 'tenant_id': '3ab56e85c8f34a1baca2d8b6b24ee0d6', 'tenant_name': 'tempest-ImagesTestJSON-2063216794', 'user_domain_id': 'default', 'user_domain_name': 'Default', 'user_id': 'a82386876ac641f1add5ddea6920a05a', 'system': None}, Network: {'id': '1761d66a-e661-480b-900b-6cf97bb61d51', 'name': 'tempest-ImagesTestJSON-1218249642-network', 'tenant_id': '3ab56e85c8f34a1baca2d8b6b24ee0d6', 'admin_state_up': True, 'mtu': 8950, 'status': 'ACTIVE', 'subnets': [], 'shared': False, 'project_id': '3ab56e85c8f34a1baca2d8b6b24ee0d6', 'port_security_enabled': True, 'router:external': False, 'provider:network_type': 'vlan', 'provider:physical_network': 'default', 'provider:segmentation_id': 434, 'is_default': False, 'availability_zone_hints': [], 'availability_zones': [], 'ipv4_address_scope': None, 'ipv6_address_scope': None, 'description': '', 'tags': [], 'created_at': '2024-10-10T16:19:36Z', 'updated_at': '2024-10-10T16:19:36Z', 'revision_number': 1}, Subnet: {'id': 'a13095b2-c659-42e9-9808-87e5bf696be8', 'name': 'tempest-ImagesTestJSON-1218249642-subnet', 'tenant_id': '3ab56e85c8f34a1baca2d8b6b24ee0d6', 'network_id': '1761d66a-e661-480b-900b-6cf97bb61d51', 'ip_version': 4, 'subnetpool_id': None, 'enable_dhcp': True, 'ipv6_ra_mode': None, 'ipv6_address_mode': None, 'gateway_ip': '192.168.128.1', 'cidr': '192.168.128.0/28', 'allocation_pools': [{'start': '192.168.128.2', 'end': '192.168.128.14'}], 'host_routes': [], 'dns_nameservers': [], 'description': '', 'router:external': False, 'service_types': [], 'tags': [], 'created_at': '2024-10-10T16:19:37Z', 'updated_at': '2024-10-10T16:19:37Z', 'revision_number': 0, 'project_id': '3ab56e85c8f34a1baca2d8b6b24ee0d6'}, Router: {'id': '15c19292-0071-4bf7-b922-f6bda0979e80', 'name': 'tempest-ImagesTestJSON-1218249642-router', 'tenant_id': '3ab56e85c8f34a1baca2d8b6b24ee0d6', 'admin_state_up': True, 'status': 'ACTIVE', 'external_gateway_info': {'network_id': '764bb1ed-afa0-4ccc-a713-b8a8fb01fbe0', 'external_fixed_ips': [{'subnet_id': 'ca3eef53-904c-4a5b-a6fb-586619a7c527', 'ip_address': '10.180.180.147'}], 'enable_snat': True}, 'description': '', 'availability_zones': [], 'distributed': False, 'ha': False, 'availability_zone_hints': [], 'routes': [], 'flavor_id': None, 'tags': [], 'created_at': '2024-10-10T16:19:37Z', 'updated_at': '2024-10-10T16:19:39Z', 'revision_number': 2, 'project_id': '3ab56e85c8f34a1baca2d8b6b24ee0d6'}
2024-10-10 16:19:47.252 62526 INFO tempest.lib.common.rest_client [req-ae387344-416b-4667-9a7a-57e31d2215ce req-ae387344-416b-4667-9a7a-57e31d2215ce ] Request (ImagesTestJSON:setUpClass): 201 POST http://10.180.1.21/identity/v3/auth/tokens 0.070s
2024-10-10 16:19:47.274 62505 INFO tempest.lib.common.rest_client [req-adad66bc-25d3-4434-a4df-e1f02e277b56 req-adad66bc-25d3-4434-a4df-e1f02e277b56 ] Request (ServersAdminNegativeTestJSON:setUpClass): 200 GET http://10.180.1.21/compute/v2.1/servers/84c7091d-2db6-47b2-bc19-c339ca5ed062 2.852s
2024-10-10 16:19:47.283 62541 INFO tempest.lib.common.rest_client [req-f02860ce-3be9-41f9-8e88-39370529507a req-f02860ce-3be9-41f9-8e88-39370529507a ] Request (ServerShowV263Test:tearDownClass): 204 DELETE http://10.180.1.21/identity/v3/users/71bf86571e6145d0b4d27f7e9671b270 0.129s
2024-10-10 16:19:47.287 62541 INFO tempest.lib.common.dynamic_creds [-] Deleting project and security group for project: 4138004ea592432492dd476a817a91f9
2024-10-10 16:19:47.295 62533 INFO tempest.lib.common.rest_client [req-4f1c0655-1c4e-4c24-aa9e-7a44038fda00 req-4f1c0655-1c4e-4c24-aa9e-7a44038fda00 ] Request (ServicesAdminNegativeV253TestJSON:test_disable_service_with_invalid_service_id): 404 PUT http://10.180.1.21/compute/v2.1/os-services/5216af41-6ab7-4703-a285-64bed3ddc933 2.178s
2024-10-10 16:19:47.327 62526 INFO tempest.lib.common.rest_client [req-e1fb68d5-d647-4d24-b5d8-b8e75a323099 req-e1fb68d5-d647-4d24-b5d8-b8e75a323099 ] Request (ImagesTestJSON:test_create_image_from_stopped_server): 201 POST http://10.180.1.21/identity/v3/auth/tokens 0.070s
2024-10-10 16:19:47.327 62526 INFO tempest.lib.common.fixed_network [-] (ImagesTestJSON:test_create_image_from_stopped_server) Found network {'id': '1761d66a-e661-480b-900b-6cf97bb61d51', 'name': 'tempest-ImagesTestJSON-1218249642-network', 'tenant_id': '3ab56e85c8f34a1baca2d8b6b24ee0d6', 'admin_state_up': True, 'mtu': 8950, 'status': 'ACTIVE', 'subnets': [], 'shared': False, 'project_id': '3ab56e85c8f34a1baca2d8b6b24ee0d6', 'port_security_enabled': True, 'router:external': False, 'provider:network_type': 'vlan', 'provider:physical_network': 'default', 'provider:segmentation_id': 434, 'is_default': False, 'availability_zone_hints': [], 'availability_zones': [], 'ipv4_address_scope': None, 'ipv6_address_scope': None, 'description': '', 'tags': [], 'created_at': '2024-10-10T16:19:36Z', 'updated_at': '2024-10-10T16:19:36Z', 'revision_number': 1} available for tenant
2024-10-10 16:19:47.365 62541 INFO tempest.lib.common.rest_client [req-8d04f334-0dc6-47e0-bc72-92453117e39a req-8d04f334-0dc6-47e0-bc72-92453117e39a ] Request (ServerShowV263Test:tearDownClass): 201 POST http://10.180.1.21/identity/v3/auth/tokens 0.077s
2024-10-10 16:19:47.397 62501 INFO tempest.lib.common.rest_client [req-209c1f70-f6c2-4959-858d-afbad42d721a req-209c1f70-f6c2-4959-858d-afbad42d721a ] Request (HypervisorAdminNegativeTestJSON:tearDownClass): 204 DELETE http://10.180.1.21:9696/networking/v2.0/security-groups/0ba8d7ac-07e7-4e29-9c7a-bfaff9e38de2 0.308s
2024-10-10 16:19:47.452 62497 INFO tempest.lib.common.rest_client [req-57e54eaa-5f65-4bff-9d17-f1cd1bd3f006 req-57e54eaa-5f65-4bff-9d17-f1cd1bd3f006 ] Request (QuotaClassesAdminTestJSON:tearDownClass): 204 DELETE http://10.180.1.21:9696/networking/v2.0/security-groups/224949a0-0b85-488a-a668-eca3d17bc5b5 0.919s
2024-10-10 16:19:47.468 62501 INFO tempest.lib.common.rest_client [req-6e362480-b3d4-4bb2-9c12-893e63b89d9e req-6e362480-b3d4-4bb2-9c12-893e63b89d9e ] Request (HypervisorAdminNegativeTestJSON:tearDownClass): 204 DELETE http://10.180.1.21/identity/v3/projects/dc9b15cfa9f9497e8a8bbdee2a9e2d33 0.070s
2024-10-10 16:19:47.468 62501 INFO tempest.lib.common.dynamic_creds [-] Deleting project and security group for project: 016b08a3314e453498098a1c9ce190cf
2024-10-10 16:19:47.559 62497 INFO tempest.lib.common.rest_client [req-db30d203-8844-42fc-9264-08672aa7ee11 req-db30d203-8844-42fc-9264-08672aa7ee11 ] Request (QuotaClassesAdminTestJSON:tearDownClass): 204 DELETE http://10.180.1.21/identity/v3/projects/c80cd42b6da542e2ac34ac2ae2517827 0.106s
2024-10-10 16:19:47.579 62489 INFO tempest.lib.common.rest_client [req-dcb6ac21-48bb-4f9e-be3e-cb0199c02cb2 req-dcb6ac21-48bb-4f9e-be3e-cb0199c02cb2 ] Request (SecurityGroupsNegativeTestJSON:setUpClass): 200 PUT http://10.180.1.21:9696/networking/v2.0/routers/54d686c0-aa60-4b8c-a40c-384fafe4b9fb/add_router_interface 5.134s
2024-10-10 16:19:47.580 62489 INFO tempest.lib.common.dynamic_creds [-] Created isolated network resources for: credentials: Credentials: {'domain_id': 'default', 'domain_name': 'Default', 'username': 'tempest-SecurityGroupsNegativeTestJSON-1268387393-project-member', 'project_domain_id': 'default', 'project_domain_name': 'Default', 'project_id': '38b2a9d8cf184fd6ba575fea42c9b906', 'project_name': 'tempest-SecurityGroupsNegativeTestJSON-1268387393', 'tenant_id': '38b2a9d8cf184fd6ba575fea42c9b906', 'tenant_name': 'tempest-SecurityGroupsNegativeTestJSON-1268387393', 'user_domain_id': 'default', 'user_domain_name': 'Default', 'user_id': '1a5db05bf6e24a949d275181db44c2b4', 'system': None}, Network: {'id': '87c71371-2057-4116-bf24-23d416fea0a3', 'name': 'tempest-SecurityGroupsNegativeTestJSON-1168342240-network', 'tenant_id': '38b2a9d8cf184fd6ba575fea42c9b906', 'admin_state_up': True, 'mtu': 8950, 'status': 'ACTIVE', 'subnets': [], 'shared': False, 'project_id': '38b2a9d8cf184fd6ba575fea42c9b906', 'port_security_enabled': True, 'router:external': False, 'provider:network_type': 'vlan', 'provider:physical_network': 'default', 'provider:segmentation_id': 757, 'is_default': False, 'availability_zone_hints': [], 'availability_zones': [], 'ipv4_address_scope': None, 'ipv6_address_scope': None, 'description': '', 'tags': [], 'created_at': '2024-10-10T16:19:36Z', 'updated_at': '2024-10-10T16:19:36Z', 'revision_number': 1}, Subnet: {'id': '3ad019bb-e2de-4ac4-b996-f7fba45489ce', 'name': 'tempest-SecurityGroupsNegativeTestJSON-1168342240-subnet', 'tenant_id': '38b2a9d8cf184fd6ba575fea42c9b906', 'network_id': '87c71371-2057-4116-bf24-23d416fea0a3', 'ip_version': 4, 'subnetpool_id': None, 'enable_dhcp': True, 'ipv6_ra_mode': None, 'ipv6_address_mode': None, 'gateway_ip': '192.168.128.1', 'cidr': '192.168.128.0/28', 'allocation_pools': [{'start': '192.168.128.2', 'end': '192.168.128.14'}], 'host_routes': [], 'dns_nameservers': [], 'description': '', 'router:external': False, 'service_types': [], 'tags': [], 'created_at': '2024-10-10T16:19:37Z', 'updated_at': '2024-10-10T16:19:37Z', 'revision_number': 0, 'project_id': '38b2a9d8cf184fd6ba575fea42c9b906'}, Router: {'id': '54d686c0-aa60-4b8c-a40c-384fafe4b9fb', 'name': 'tempest-SecurityGroupsNegativeTestJSON-1168342240-router', 'tenant_id': '38b2a9d8cf184fd6ba575fea42c9b906', 'admin_state_up': True, 'status': 'ACTIVE', 'external_gateway_info': {'network_id': '764bb1ed-afa0-4ccc-a713-b8a8fb01fbe0', 'external_fixed_ips': [{'subnet_id': 'ca3eef53-904c-4a5b-a6fb-586619a7c527', 'ip_address': '10.180.180.166'}], 'enable_snat': True}, 'description': '', 'availability_zones': [], 'distributed': False, 'ha': False, 'availability_zone_hints': [], 'routes': [], 'flavor_id': None, 'tags': [], 'created_at': '2024-10-10T16:19:38Z', 'updated_at': '2024-10-10T16:19:40Z', 'revision_number': 2, 'project_id': '38b2a9d8cf184fd6ba575fea42c9b906'}
2024-10-10 16:19:47.617 62497 INFO tempest.lib.common.rest_client [req-02bc4f57-7d31-4a0b-be5f-93fbfe0e7348 req-02bc4f57-7d31-4a0b-be5f-93fbfe0e7348 ] Request (ServersAdminTestJSON:setUpClass): 201 POST http://10.180.1.21/identity/v3/auth/tokens 0.057s
2024-10-10 16:19:47.643 62497 INFO tempest.lib.common.rest_client [req-e629d2e3-0df0-4879-9eac-63cfcede0183 req-e629d2e3-0df0-4879-9eac-63cfcede0183 ] Request (ServersAdminTestJSON:setUpClass): 201 POST http://10.180.1.21/identity/v3/auth/tokens 0.024s
2024-10-10 16:19:47.648 62489 INFO tempest.lib.common.rest_client [req-da8162b7-39dc-45f8-bd4a-0f6a30844ba6 req-da8162b7-39dc-45f8-bd4a-0f6a30844ba6 ] Request (SecurityGroupsNegativeTestJSON:setUpClass): 201 POST http://10.180.1.21/identity/v3/auth/tokens 0.064s
2024-10-10 16:19:47.664 62497 INFO tempest.lib.common.rest_client [req-5b46c0e1-2b8b-48ed-bc3f-d46e55754788 req-5b46c0e1-2b8b-48ed-bc3f-d46e55754788 ] Request (ServersAdminTestJSON:setUpClass): 200 GET http://10.180.1.21/identity/v3/domains?name=Default 0.020s
2024-10-10 16:19:47.696 62497 INFO tempest.lib.common.rest_client [req-cdfb4e1b-ea0f-40d8-adeb-79aaddd21337 req-cdfb4e1b-ea0f-40d8-adeb-79aaddd21337 ] Request (ServersAdminTestJSON:setUpClass): 201 POST http://10.180.1.21/identity/v3/projects 0.031s
2024-10-10 16:19:47.765 62497 INFO tempest.lib.common.rest_client [req-e43c74be-8cc2-4619-80cd-fd71f088696a req-e43c74be-8cc2-4619-80cd-fd71f088696a ] Request (ServersAdminTestJSON:setUpClass): 201 POST http://10.180.1.21/identity/v3/users 0.069s
2024-10-10 16:19:47.784 62497 INFO tempest.lib.common.rest_client [req-f6ecb9df-5239-4ff2-a453-af13eac42554 req-f6ecb9df-5239-4ff2-a453-af13eac42554 ] Request (ServersAdminTestJSON:setUpClass): 200 GET http://10.180.1.21/identity/v3/roles 0.018s
2024-10-10 16:19:47.815 62497 INFO tempest.lib.common.rest_client [req-dda1011d-2f52-4340-8005-56498013f8b5 req-dda1011d-2f52-4340-8005-56498013f8b5 ] Request (ServersAdminTestJSON:setUpClass): 204 PUT http://10.180.1.21/identity/v3/projects/f019f9e8d5084cae9f06ef5c2440270f/users/1703ea05a3b94f9e80a3c893c7bfb2c8/roles/95831a5b058940418b5d36ee61455d6a 0.030s
2024-10-10 16:19:47.816 62497 INFO tempest.lib.common.dynamic_creds [-] Dynamic test user 1703ea05a3b94f9e80a3c893c7bfb2c8 is created with scope project and roles: ['member']
2024-10-10 16:19:47.816 62497 INFO tempest.lib.common.dynamic_creds [-] Acquired dynamic creds: credentials: Credentials: {'domain_id': 'default', 'domain_name': 'Default', 'username': 'tempest-ServersAdminTestJSON-855043616-project-member', 'project_domain_id': 'default', 'project_domain_name': 'Default', 'project_id': 'f019f9e8d5084cae9f06ef5c2440270f', 'project_name': 'tempest-ServersAdminTestJSON-855043616', 'tenant_id': 'f019f9e8d5084cae9f06ef5c2440270f', 'tenant_name': 'tempest-ServersAdminTestJSON-855043616', 'user_domain_id': 'default', 'user_domain_name': 'Default', 'user_id': '1703ea05a3b94f9e80a3c893c7bfb2c8', 'system': None}, Network: None, Subnet: None, Router: None
2024-10-10 16:19:47.827 62541 INFO tempest.lib.common.rest_client [req-6e335b32-e5c6-4887-a7bf-9447d0d11512 req-6e335b32-e5c6-4887-a7bf-9447d0d11512 ] Request (ServerShowV263Test:tearDownClass): 200 GET http://10.180.1.21:9696/networking/v2.0/security-groups?tenant_id=4138004ea592432492dd476a817a91f9&name=default 0.462s
2024-10-10 16:19:47.830 62501 INFO tempest.lib.common.rest_client [req-ee5266ef-2ff3-4ee8-97e9-c629f01a284f req-ee5266ef-2ff3-4ee8-97e9-c629f01a284f ] Request (HypervisorAdminNegativeTestJSON:tearDownClass): 200 GET http://10.180.1.21:9696/networking/v2.0/security-groups?tenant_id=016b08a3314e453498098a1c9ce190cf&name=default 0.361s
2024-10-10 16:19:47.885 62497 INFO tempest.lib.common.rest_client [req-5ee62e82-7111-4b51-9191-31e31eeb5aa4 req-5ee62e82-7111-4b51-9191-31e31eeb5aa4 ] Request (ServersAdminTestJSON:setUpClass): 201 POST http://10.180.1.21/identity/v3/auth/tokens 0.068s
2024-10-10 16:19:47.932 62483 INFO tempest.lib.common.rest_client [req-02718481-67d7-4813-99bd-2fd64779901c req-02718481-67d7-4813-99bd-2fd64779901c ] Request (MigrationsAdminTest:test_list_migrations_in_flavor_resize_situation): 202 POST http://10.180.1.21/compute/v2.1/servers 2.777s
2024-10-10 16:19:48.000 62537 INFO tempest.lib.common.rest_client [req-22dfaa11-f0cf-42dd-8680-ede92d2cb508 req-22dfaa11-f0cf-42dd-8680-ede92d2cb508 ] Request (HypervisorAdminUnderV252Test:test_get_hypervisor_show_servers): 200 GET http://10.180.1.21/compute/v2.1/os-hypervisors/domain-c8.fc996f14-c53b-4953-92e3-bdfa48f5cc28/servers 2.832s
2024-10-10 16:19:48.030 62485 INFO tempest.lib.common.rest_client [req-c183ba3d-6c1e-457e-842b-60d26a46a318 req-c183ba3d-6c1e-457e-842b-60d26a46a318 ] Request (KeyPairsNegativeTestJSON:test_create_keypair_when_public_key_bits_exceeds_maximum): 400 POST http://10.180.1.21/compute/v2.1/os-keypairs 2.803s
2024-10-10 16:19:48.044 62519 INFO tempest.lib.common.rest_client [req-07590e63-fb25-47c1-acab-8b739946bcb2 req-07590e63-fb25-47c1-acab-8b739946bcb2 ] Request (FlavorsExtraSpecsTestJSON:test_flavor_set_get_update_show_unset_keys): 200 GET http://10.180.1.21/compute/v2.1/flavors/7846997/os-extra_specs 2.774s
2024-10-10 16:19:48.069 62503 INFO tempest.lib.common.rest_client [req-2bc72503-e52b-4908-b1f4-0cad1ccaffbf req-2bc72503-e52b-4908-b1f4-0cad1ccaffbf ] Request (SecurityGroupsTestJSON:test_list_security_groups_by_server): 202 POST http://10.180.1.21/compute/v2.1/servers 2.972s
2024-10-10 16:19:48.185 62511 INFO tempest.lib.common.rest_client [req-b1cab316-7820-4671-a30d-ab9b2f974fb9 req-b1cab316-7820-4671-a30d-ab9b2f974fb9 ] Request (DeleteServersAdminTestJSON:test_admin_delete_servers_of_others): 200 GET http://10.180.1.21/compute/v2.1/servers/f95a6861-618c-4956-8610-92de3ac65a51 2.692s
2024-10-10 16:19:48.190 62541 INFO tempest.lib.common.rest_client [req-bf5a7202-45fb-48be-9ce5-6232c21749a2 req-bf5a7202-45fb-48be-9ce5-6232c21749a2 ] Request (ServerShowV263Test:tearDownClass): 204 DELETE http://10.180.1.21:9696/networking/v2.0/security-groups/57c562ad-60d3-4c89-aa85-e6b5a99975f4 0.362s
2024-10-10 16:19:48.309 62541 INFO tempest.lib.common.rest_client [req-4fa88be0-2e08-410b-aaab-72483ac270d8 req-4fa88be0-2e08-410b-aaab-72483ac270d8 ] Request (ServerShowV263Test:tearDownClass): 204 DELETE http://10.180.1.21/identity/v3/projects/4138004ea592432492dd476a817a91f9 0.119s
2024-10-10 16:19:48.488 62501 INFO tempest.lib.common.rest_client [req-8d30bfe2-dfd4-449f-ae73-dabae59b8a76 req-8d30bfe2-dfd4-449f-ae73-dabae59b8a76 ] Request (HypervisorAdminNegativeTestJSON:tearDownClass): 204 DELETE http://10.180.1.21:9696/networking/v2.0/security-groups/a739c4c5-49f5-463a-9f69-619caa92cf0d 0.658s
2024-10-10 16:19:48.537 62497 INFO tempest.lib.common.rest_client [req-2ec95736-b88b-44cf-b407-2608d34c0a74 req-2ec95736-b88b-44cf-b407-2608d34c0a74 ] Request (ServersAdminTestJSON:setUpClass): 201 POST http://10.180.1.21:9696/networking/v2.0/networks 0.651s
2024-10-10 16:19:48.596 62501 INFO tempest.lib.common.rest_client [req-1d1d6545-3f30-4376-8acc-68c05669e321 req-1d1d6545-3f30-4376-8acc-68c05669e321 ] Request (HypervisorAdminNegativeTestJSON:tearDownClass): 204 DELETE http://10.180.1.21/identity/v3/projects/016b08a3314e453498098a1c9ce190cf 0.107s
2024-10-10 16:19:48.671 62501 INFO tempest.lib.common.rest_client [req-095bb483-8437-470a-9d50-7a38f0a88f9b req-095bb483-8437-470a-9d50-7a38f0a88f9b ] Request (HypervisorAdminNegativeUnderV252Test:setUpClass): 201 POST http://10.180.1.21/identity/v3/auth/tokens 0.073s
2024-10-10 16:19:48.705 62501 INFO tempest.lib.common.rest_client [req-4bba02c8-e4d6-40ec-a50e-b80269079d5b req-4bba02c8-e4d6-40ec-a50e-b80269079d5b ] Request (HypervisorAdminNegativeUnderV252Test:setUpClass): 201 POST http://10.180.1.21/identity/v3/auth/tokens 0.032s
2024-10-10 16:19:48.722 62539 INFO tempest.lib.common.rest_client [req-967195ed-25c5-4d20-a4d0-2472b3a85cde req-967195ed-25c5-4d20-a4d0-2472b3a85cde ] Request (DeleteServersTestJSON:setUpClass): 200 PUT http://10.180.1.21:9696/networking/v2.0/routers/3d53aa0e-ae80-4595-b149-9620de62ff28/add_router_interface 2.279s
2024-10-10 16:19:48.722 62539 INFO tempest.lib.common.dynamic_creds [-] Created isolated network resources for: credentials: Credentials: {'domain_id': 'default', 'domain_name': 'Default', 'username': 'tempest-DeleteServersTestJSON-1433266646-project-member', 'project_domain_id': 'default', 'project_domain_name': 'Default', 'project_id': 'f582e3b8f71e4dc6b65909a184a5597d', 'project_name': 'tempest-DeleteServersTestJSON-1433266646', 'tenant_id': 'f582e3b8f71e4dc6b65909a184a5597d', 'tenant_name': 'tempest-DeleteServersTestJSON-1433266646', 'user_domain_id': 'default', 'user_domain_name': 'Default', 'user_id': '21548d1b7d8849f3a48baacd3d9b9465', 'system': None}, Network: {'id': '0c05c74a-bdbb-48e2-ad16-9c7015004e65', 'name': 'tempest-DeleteServersTestJSON-13484643-network', 'tenant_id': 'f582e3b8f71e4dc6b65909a184a5597d', 'admin_state_up': True, 'mtu': 8950, 'status': 'ACTIVE', 'subnets': [], 'shared': False, 'project_id': 'f582e3b8f71e4dc6b65909a184a5597d', 'port_security_enabled': True, 'router:external': False, 'provider:network_type': 'vlan', 'provider:physical_network': 'default', 'provider:segmentation_id': 624, 'is_default': False, 'availability_zone_hints': [], 'availability_zones': [], 'ipv4_address_scope': None, 'ipv6_address_scope': None, 'description': '', 'tags': [], 'created_at': '2024-10-10T16:19:41Z', 'updated_at': '2024-10-10T16:19:41Z', 'revision_number': 1}, Subnet: {'id': 'd1550a69-4655-4230-9fe8-272782eadd3c', 'name': 'tempest-DeleteServersTestJSON-13484643-subnet', 'tenant_id': 'f582e3b8f71e4dc6b65909a184a5597d', 'network_id': '0c05c74a-bdbb-48e2-ad16-9c7015004e65', 'ip_version': 4, 'subnetpool_id': None, 'enable_dhcp': True, 'ipv6_ra_mode': None, 'ipv6_address_mode': None, 'gateway_ip': '192.168.128.1', 'cidr': '192.168.128.0/28', 'allocation_pools': [{'start': '192.168.128.2', 'end': '192.168.128.14'}], 'host_routes': [], 'dns_nameservers': [], 'description': '', 'router:external': False, 'service_types': [], 'tags': [], 'created_at': '2024-10-10T16:19:42Z', 'updated_at': '2024-10-10T16:19:42Z', 'revision_number': 0, 'project_id': 'f582e3b8f71e4dc6b65909a184a5597d'}, Router: {'id': '3d53aa0e-ae80-4595-b149-9620de62ff28', 'name': 'tempest-DeleteServersTestJSON-13484643-router', 'tenant_id': 'f582e3b8f71e4dc6b65909a184a5597d', 'admin_state_up': True, 'status': 'ACTIVE', 'external_gateway_info': {'network_id': '764bb1ed-afa0-4ccc-a713-b8a8fb01fbe0', 'external_fixed_ips': [{'subnet_id': 'ca3eef53-904c-4a5b-a6fb-586619a7c527', 'ip_address': '10.180.180.215'}], 'enable_snat': True}, 'description': '', 'availability_zones': [], 'distributed': False, 'ha': False, 'availability_zone_hints': [], 'routes': [], 'flavor_id': None, 'tags': [], 'created_at': '2024-10-10T16:19:43Z', 'updated_at': '2024-10-10T16:19:45Z', 'revision_number': 2, 'project_id': 'f582e3b8f71e4dc6b65909a184a5597d'}
2024-10-10 16:19:48.741 62501 INFO tempest.lib.common.rest_client [req-acf12f86-d318-4c60-ae36-0a31365b7201 req-acf12f86-d318-4c60-ae36-0a31365b7201 ] Request (HypervisorAdminNegativeUnderV252Test:setUpClass): 200 GET http://10.180.1.21/identity/v3/domains?name=Default 0.035s
2024-10-10 16:19:48.771 62501 INFO tempest.lib.common.rest_client [req-bd813348-dd7d-4d31-8319-b3ff9844fcf6 req-bd813348-dd7d-4d31-8319-b3ff9844fcf6 ] Request (HypervisorAdminNegativeUnderV252Test:setUpClass): 201 POST http://10.180.1.21/identity/v3/projects 0.029s
2024-10-10 16:19:48.805 62539 INFO tempest.lib.common.rest_client [req-dfcc08fc-dd3e-4289-821f-4df6b9ca67b3 req-dfcc08fc-dd3e-4289-821f-4df6b9ca67b3 ] Request (DeleteServersTestJSON:setUpClass): 201 POST http://10.180.1.21/identity/v3/auth/tokens 0.079s
2024-10-10 16:19:48.842 62501 INFO tempest.lib.common.rest_client [req-b66abb2d-a7d1-4c8c-a8fb-388eedbde1ae req-b66abb2d-a7d1-4c8c-a8fb-388eedbde1ae ] Request (HypervisorAdminNegativeUnderV252Test:setUpClass): 201 POST http://10.180.1.21/identity/v3/users 0.071s
2024-10-10 16:19:48.848 62543 INFO tempest.lib.common.rest_client [req-02dc69f1-8809-4f32-8f24-825284e618e9 req-02dc69f1-8809-4f32-8f24-825284e618e9 ] Request (FloatingIPsAssociationTestJSON:setUpClass): 200 GET http://10.180.1.21/compute/v2.1/servers/a56f16f6-1884-413c-a19d-ab853fc61514 3.237s
2024-10-10 16:19:48.857 62535 INFO tempest.lib.common.rest_client [req-33090934-a686-4f9b-ba54-b15447bb36c6 req-33090934-a686-4f9b-ba54-b15447bb36c6 ] Request (SecurityGroupRulesNegativeTestJSON:test_create_security_group_rule_duplicate): 200 POST http://10.180.1.21/compute/v2.1/os-security-groups 3.545s
2024-10-10 16:19:48.860 62543 INFO tempest.common.waiters [-] State transition "BUILD/block_device_mapping" ==> "BUILD/spawning" after 12 second wait
2024-10-10 16:19:48.867 62501 INFO tempest.lib.common.rest_client [req-6980f1e1-bdfe-4685-bcc8-94ade8409ba8 req-6980f1e1-bdfe-4685-bcc8-94ade8409ba8 ] Request (HypervisorAdminNegativeUnderV252Test:setUpClass): 200 GET http://10.180.1.21/identity/v3/roles 0.024s
2024-10-10 16:19:48.882 62531 INFO tempest.lib.common.rest_client [req-876cb58a-26a6-4162-b4ab-373db79fc4c6 req-876cb58a-26a6-4162-b4ab-373db79fc4c6 ] Request (AggregatesAdminNegativeTestJSON:_run_cleanups): 200 DELETE http://10.180.1.21/compute/v2.1/os-aggregates/4 3.071s
2024-10-10 16:19:48.887 62539 INFO tempest.lib.common.rest_client [req-c5037bbc-ec53-4b32-8482-1ee376aa8c71 req-c5037bbc-ec53-4b32-8482-1ee376aa8c71 ] Request (DeleteServersTestJSON:test_delete_active_server): 201 POST http://10.180.1.21/identity/v3/auth/tokens 0.076s
2024-10-10 16:19:48.888 62539 INFO tempest.lib.common.fixed_network [-] (DeleteServersTestJSON:test_delete_active_server) Found network {'id': '0c05c74a-bdbb-48e2-ad16-9c7015004e65', 'name': 'tempest-DeleteServersTestJSON-13484643-network', 'tenant_id': 'f582e3b8f71e4dc6b65909a184a5597d', 'admin_state_up': True, 'mtu': 8950, 'status': 'ACTIVE', 'subnets': [], 'shared': False, 'project_id': 'f582e3b8f71e4dc6b65909a184a5597d', 'port_security_enabled': True, 'router:external': False, 'provider:network_type': 'vlan', 'provider:physical_network': 'default', 'provider:segmentation_id': 624, 'is_default': False, 'availability_zone_hints': [], 'availability_zones': [], 'ipv4_address_scope': None, 'ipv6_address_scope': None, 'description': '', 'tags': [], 'created_at': '2024-10-10T16:19:41Z', 'updated_at': '2024-10-10T16:19:41Z', 'revision_number': 1} available for tenant
2024-10-10 16:19:48.899 62501 INFO tempest.lib.common.rest_client [req-8c272386-398c-4729-b6e0-096b0057e1be req-8c272386-398c-4729-b6e0-096b0057e1be ] Request (HypervisorAdminNegativeUnderV252Test:setUpClass): 204 PUT http://10.180.1.21/identity/v3/projects/d005ffdaa2a944a19cbcb85663d7da68/users/0c7c29a66c204bb9a7aea0a69215415c/roles/95831a5b058940418b5d36ee61455d6a 0.031s
2024-10-10 16:19:48.900 62501 INFO tempest.lib.common.dynamic_creds [-] Dynamic test user 0c7c29a66c204bb9a7aea0a69215415c is created with scope project and roles: ['member']
2024-10-10 16:19:48.900 62501 INFO tempest.lib.common.dynamic_creds [-] Acquired dynamic creds: credentials: Credentials: {'domain_id': 'default', 'domain_name': 'Default', 'username': 'tempest-HypervisorAdminNegativeUnderV252Test-2124872853-project-member', 'project_domain_id': 'default', 'project_domain_name': 'Default', 'project_id': 'd005ffdaa2a944a19cbcb85663d7da68', 'project_name': 'tempest-HypervisorAdminNegativeUnderV252Test-2124872853', 'tenant_id': 'd005ffdaa2a944a19cbcb85663d7da68', 'tenant_name': 'tempest-HypervisorAdminNegativeUnderV252Test-2124872853', 'user_domain_id': 'default', 'user_domain_name': 'Default', 'user_id': '0c7c29a66c204bb9a7aea0a69215415c', 'system': None}, Network: None, Subnet: None, Router: None
2024-10-10 16:19:48.900 62501 INFO tempest.lib.common.dynamic_creds [-] Created isolated network resources for: credentials: Credentials: {'domain_id': 'default', 'domain_name': 'Default', 'username': 'tempest-HypervisorAdminNegativeUnderV252Test-2124872853-project-member', 'project_domain_id': 'default', 'project_domain_name': 'Default', 'project_id': 'd005ffdaa2a944a19cbcb85663d7da68', 'project_name': 'tempest-HypervisorAdminNegativeUnderV252Test-2124872853', 'tenant_id': 'd005ffdaa2a944a19cbcb85663d7da68', 'tenant_name': 'tempest-HypervisorAdminNegativeUnderV252Test-2124872853', 'user_domain_id': 'default', 'user_domain_name': 'Default', 'user_id': '0c7c29a66c204bb9a7aea0a69215415c', 'system': None}, Network: None, Subnet: None, Router: None
2024-10-10 16:19:48.990 62501 INFO tempest.lib.common.rest_client [req-592c421d-1e70-4248-bb22-5d752140843c req-592c421d-1e70-4248-bb22-5d752140843c ] Request (HypervisorAdminNegativeUnderV252Test:setUpClass): 201 POST http://10.180.1.21/identity/v3/auth/tokens 0.087s
2024-10-10 16:19:49.058 62501 INFO tempest.lib.common.rest_client [req-8beb10e3-039d-4425-a768-c7ba16a4aeb9 req-8beb10e3-039d-4425-a768-c7ba16a4aeb9 ] Request (HypervisorAdminNegativeUnderV252Test:setUpClass): 201 POST http://10.180.1.21/identity/v3/projects 0.067s
2024-10-10 16:19:49.126 62501 INFO tempest.lib.common.rest_client [req-3b71c0aa-e25d-4b35-9fd1-15ce5ff71cea req-3b71c0aa-e25d-4b35-9fd1-15ce5ff71cea ] Request (HypervisorAdminNegativeUnderV252Test:setUpClass): 201 POST http://10.180.1.21/identity/v3/users 0.066s
2024-10-10 16:19:49.149 62501 INFO tempest.lib.common.rest_client [req-9fda26b3-9865-4242-b37b-205c50338682 req-9fda26b3-9865-4242-b37b-205c50338682 ] Request (HypervisorAdminNegativeUnderV252Test:setUpClass): 200 GET http://10.180.1.21/identity/v3/roles 0.023s
2024-10-10 16:19:49.173 62529 INFO tempest.lib.common.rest_client [req-5a36dbeb-c5b4-4231-ac1a-9430104c6c20 req-5a36dbeb-c5b4-4231-ac1a-9430104c6c20 ] Request (ServerDiagnosticsNegativeTest:test_get_server_diagnostics_by_non_admin): 200 GET http://10.180.1.21/compute/v2.1/servers/f48a1624-d6e8-4afe-8ef1-17939f8e54be 3.260s
2024-10-10 16:19:49.183 62501 INFO tempest.lib.common.rest_client [req-6de4f9f7-a295-448c-800b-e78e973ec501 req-6de4f9f7-a295-448c-800b-e78e973ec501 ] Request (HypervisorAdminNegativeUnderV252Test:setUpClass): 204 PUT http://10.180.1.21/identity/v3/projects/982ccaf89b774624b432346711cb3184/users/b479c477c83146de8af624f03bf428d4/roles/094af7cdbbad4a72adf8bb4261fb0efe 0.033s
2024-10-10 16:19:49.238 62501 INFO tempest.lib.common.rest_client [req-5fd7a64e-8a07-4295-887c-f0f25006e86d req-5fd7a64e-8a07-4295-887c-f0f25006e86d ] Request (HypervisorAdminNegativeUnderV252Test:setUpClass): 200 GET http://10.180.1.21/identity/v3/roles 0.054s
2024-10-10 16:19:49.254 62501 INFO tempest.lib.common.rest_client [req-17a91527-56e9-41f3-a6b6-9f00cb896609 req-17a91527-56e9-41f3-a6b6-9f00cb896609 ] Request (HypervisorAdminNegativeUnderV252Test:setUpClass): 204 PUT http://10.180.1.21/identity/v3/projects/982ccaf89b774624b432346711cb3184/users/b479c477c83146de8af624f03bf428d4/roles/094af7cdbbad4a72adf8bb4261fb0efe 0.016s
2024-10-10 16:19:49.254 62501 INFO tempest.lib.common.dynamic_creds [-] Dynamic test user b479c477c83146de8af624f03bf428d4 is created with scope project and roles: ['admin']
2024-10-10 16:19:49.254 62501 INFO tempest.lib.common.dynamic_creds [-] Acquired dynamic creds: credentials: Credentials: {'domain_id': 'default', 'domain_name': 'Default', 'username': 'tempest-HypervisorAdminNegativeUnderV252Test-2003190130-project-admin', 'project_domain_id': 'default', 'project_domain_name': 'Default', 'project_id': '982ccaf89b774624b432346711cb3184', 'project_name': 'tempest-HypervisorAdminNegativeUnderV252Test-2003190130', 'tenant_id': '982ccaf89b774624b432346711cb3184', 'tenant_name': 'tempest-HypervisorAdminNegativeUnderV252Test-2003190130', 'user_domain_id': 'default', 'user_domain_name': 'Default', 'user_id': 'b479c477c83146de8af624f03bf428d4', 'system': None}, Network: None, Subnet: None, Router: None
2024-10-10 16:19:49.254 62501 INFO tempest.lib.common.dynamic_creds [-] Created isolated network resources for: credentials: Credentials: {'domain_id': 'default', 'domain_name': 'Default', 'username': 'tempest-HypervisorAdminNegativeUnderV252Test-2003190130-project-admin', 'project_domain_id': 'default', 'project_domain_name': 'Default', 'project_id': '982ccaf89b774624b432346711cb3184', 'project_name': 'tempest-HypervisorAdminNegativeUnderV252Test-2003190130', 'tenant_id': '982ccaf89b774624b432346711cb3184', 'tenant_name': 'tempest-HypervisorAdminNegativeUnderV252Test-2003190130', 'user_domain_id': 'default', 'user_domain_name': 'Default', 'user_id': 'b479c477c83146de8af624f03bf428d4', 'system': None}, Network: None, Subnet: None, Router: None
2024-10-10 16:19:49.287 62507 INFO tempest.lib.common.rest_client [req-1c1e6535-98f7-425e-82d7-ee3955732af9 req-1c1e6535-98f7-425e-82d7-ee3955732af9 ] Request (ServerDiagnosticsTest:test_get_server_diagnostics): 200 GET http://10.180.1.21/compute/v2.1/servers/ec42d208-e34e-4c8f-834a-07913824e6ea 3.096s
2024-10-10 16:19:49.342 62501 INFO tempest.lib.common.rest_client [req-f382b85f-ae4b-4f38-a5c0-6c15dcb24efd req-f382b85f-ae4b-4f38-a5c0-6c15dcb24efd ] Request (HypervisorAdminNegativeUnderV252Test:setUpClass): 201 POST http://10.180.1.21/identity/v3/auth/tokens 0.084s
2024-10-10 16:19:49.403 62522 INFO tempest.lib.common.rest_client [req-c0b837be-18bb-490c-ae90-9e7093bb9374 req-c0b837be-18bb-490c-ae90-9e7093bb9374 ] Request (ValidationResourcesFixture:setUp): 201 POST http://10.180.1.21:9696/networking/v2.0/floatingips 2.827s
2024-10-10 16:19:49.446 62523 INFO tempest.lib.common.rest_client [req-ce8159f8-a9e8-44b4-aa1f-6b40bc121b09 req-ce8159f8-a9e8-44b4-aa1f-6b40bc121b09 ] Request (ImagesMetadataTestJSON:setUp): 200 PUT http://10.180.1.21/compute/v2.1/images/0190e755-f0fa-4ac4-af20-7e203084f52c/metadata 3.174s
2024-10-10 16:19:49.463 62499 INFO tempest.lib.common.rest_client [req-a6235d67-6794-4997-b7ee-6148f223b8e6 req-a6235d67-6794-4997-b7ee-6148f223b8e6 ] Request (FlavorsAccessNegativeTestJSON:test_flavor_non_admin_remove): 200 POST http://10.180.1.21/compute/v2.1/flavors 3.158s
2024-10-10 16:19:49.495 62515 INFO tempest.lib.common.rest_client [req-4e21582a-31ee-4ebc-9488-71f243223aa4 req-4e21582a-31ee-4ebc-9488-71f243223aa4 ] Request (AbsoluteLimitsNegativeTestJSON:test_max_metadata_exceed_limit): 403 POST http://10.180.1.21/compute/v2.1/servers 3.540s
2024-10-10 16:19:49.505 62522 INFO tempest.lib.common.rest_client [req-1cc1d95a-3c68-4b57-ab5e-f2798030a3ec req-1cc1d95a-3c68-4b57-ab5e-f2798030a3ec ] Request (ServersWithSpecificFlavorTestJSON:test_verify_created_server_ephemeral_disk): 201 POST http://10.180.1.21/identity/v3/auth/tokens 0.054s
2024-10-10 16:19:49.505 62522 INFO tempest.lib.common.fixed_network [-] (ServersWithSpecificFlavorTestJSON:test_verify_created_server_ephemeral_disk) Found network {'id': 'b42c1573-051d-4202-9a1f-33082eb4b8d5', 'name': 'tempest-ServersWithSpecificFlavorTestJSON-1752853155-network', 'tenant_id': 'f5e3c6829e50471c915a12cbcad219fa', 'admin_state_up': True, 'mtu': 8950, 'status': 'ACTIVE', 'subnets': [], 'shared': False, 'project_id': 'f5e3c6829e50471c915a12cbcad219fa', 'port_security_enabled': True, 'router:external': False, 'provider:network_type': 'vlan', 'provider:physical_network': 'default', 'provider:segmentation_id': 70, 'is_default': False, 'availability_zone_hints': [], 'availability_zones': [], 'ipv4_address_scope': None, 'ipv6_address_scope': None, 'description': '', 'tags': [], 'created_at': '2024-10-10T16:19:22Z', 'updated_at': '2024-10-10T16:19:22Z', 'revision_number': 1} available for tenant
2024-10-10 16:19:49.544 62487 INFO tempest.lib.common.rest_client [req-90bdc74a-6bb9-425a-ba8f-32bfb66d1f6e req-90bdc74a-6bb9-425a-ba8f-32bfb66d1f6e ] Request (TenantUsagesTestJSON:setUpClass): 200 GET http://10.180.1.21/compute/v2.1/servers/25426655-49bc-4324-97c0-9927e6ae5f03 3.178s
2024-10-10 16:19:49.565 62493 INFO tempest.lib.common.rest_client [req-861afce2-7ccd-45d4-aa2f-06f46a60b548 req-861afce2-7ccd-45d4-aa2f-06f46a60b548 ] Request (ListImageFiltersTestJSON:setUpClass): 200 GET http://10.180.1.21/compute/v2.1/servers/2b98a191-071d-42a9-ba65-00ad310fb788 3.177s
2024-10-10 16:19:49.578 62509 INFO tempest.lib.common.rest_client [req-b0f7ca8c-d338-45ae-8b0f-24264d31fe8b req-b0f7ca8c-d338-45ae-8b0f-24264d31fe8b ] Request (QuotasAdminTestJSON:test_delete_quota): 200 GET http://10.180.1.21/identity/v3/domains?name=Default 0.072s
2024-10-10 16:19:49.610 62509 INFO tempest.lib.common.rest_client [req-d2491a97-6a7f-4adf-bf02-39ba3a24ec78 req-d2491a97-6a7f-4adf-bf02-39ba3a24ec78 ] Request (QuotasAdminTestJSON:test_delete_quota): 201 POST http://10.180.1.21/identity/v3/projects 0.031s
2024-10-10 16:19:49.610 62491 INFO tempest.lib.common.rest_client [req-111e54d1-a635-401d-ab8d-5f988c0a33a4 req-111e54d1-a635-401d-ab8d-5f988c0a33a4 ] Request (VolumesAdminNegativeTest:test_update_attached_volume_with_nonexistent_volume_in_body): 200 GET http://10.180.1.21/compute/v2.1/servers/219b937c-6979-4586-9273-a7ca1481a229 3.132s
2024-10-10 16:19:49.629 62497 INFO tempest.lib.common.rest_client [req-6b199c32-4784-4c92-93ce-1866d5611659 req-6b199c32-4784-4c92-93ce-1866d5611659 ] Request (ServersAdminTestJSON:setUpClass): 201 POST http://10.180.1.21:9696/networking/v2.0/subnets 1.091s
2024-10-10 16:19:49.633 62515 INFO tempest.lib.common.rest_client [req-54a9a851-57c6-48c4-a6c1-08e183cc4f6f req-54a9a851-57c6-48c4-a6c1-08e183cc4f6f ] Request (AbsoluteLimitsNegativeTestJSON:tearDownClass): 204 DELETE http://10.180.1.21/identity/v3/users/4d1f8d887a6645ef8392d6df1744dee4 0.136s
2024-10-10 16:19:49.633 62515 INFO tempest.lib.common.dynamic_creds [-] Deleting project and security group for project: 3af92cca9d354f319077c4f5117cae11
