2024-12-11 20:14:05.044 66505 INFO tempest.lib.common.rest_client [req-7636d647-5b3e-451f-8412-6bfa71c2505d req-7636d647-5b3e-451f-8412-6bfa71c2505d ] Request (FloatingIPsAssociationNegativeTestJSON:tearDownClass): 200 GET http://10.180.1.21/compute/v2.1/servers/77a23b9e-54c9-4629-bb5a-7c6a5e5202a3 0.132s
2024-12-11 20:14:05.072 66541 INFO tempest.lib.common.rest_client [req-8d94b6ad-7f09-46dc-8376-e56f1d2d2faa req-8d94b6ad-7f09-46dc-8376-e56f1d2d2faa ] Request (ListImageFiltersTestJSON:setUpClass): 200 GET http://10.180.1.21/compute/v2.1/images/98c17ef1-597c-446c-bd41-518b60e48e62 0.114s
2024-12-11 20:14:05.094 66560 INFO tempest.lib.common.rest_client [req-e421ac50-03e8-443b-bb8c-78f295387c83 req-e421ac50-03e8-443b-bb8c-78f295387c83 ] Request (AttachInterfacesUnderV243Test:test_add_remove_fixed_ip): 200 GET http://10.180.1.21/compute/v2.1/servers/39ed78b7-ec3f-404f-84e3-f47ac4f9519d 0.076s
2024-12-11 20:14:05.121 66551 INFO tempest.lib.common.rest_client [req-2e7cb75d-493c-48ed-a73c-17cf2b95e163 req-2e7cb75d-493c-48ed-a73c-17cf2b95e163 ] Request (ImagesOneServerNegativeTestJSON:_run_cleanups): 200 GET http://10.180.1.21/compute/v2.1/servers/3ed78d9c-5add-45dc-ba97-d674f1b09c15 0.056s
2024-12-11 20:14:05.166 66529 INFO tempest.lib.common.rest_client [req-1fa136cb-c854-41f0-a66d-7a89ae46abe0 req-1fa136cb-c854-41f0-a66d-7a89ae46abe0 ] Request (ServerDiagnosticsNegativeTest:tearDownClass): 200 GET http://10.180.1.21/compute/v2.1/servers/4d963ae9-fd16-4412-b94c-a8148229f332 0.058s
2024-12-11 20:14:05.166 66535 INFO tempest.lib.common.rest_client [req-afebaace-a812-4ed5-80f5-ea85a9c64a2a req-afebaace-a812-4ed5-80f5-ea85a9c64a2a ] Request (ServerActionsTestOtherA:setUpClass): 200 GET http://10.180.1.21/compute/v2.1/servers/f75ea9ed-d5ca-49c3-b705-36ef56c801e2 0.048s
2024-12-11 20:14:05.216 66547 INFO tempest.lib.common.rest_client [req-8ac8b6ed-5f08-4499-88db-35d6a1030ecf req-8ac8b6ed-5f08-4499-88db-35d6a1030ecf ] Request (ServersTestJSON:test_create_server_with_ipv6_addr_only): 200 GET http://10.180.1.21/compute/v2.1/servers/474592d1-4a20-479d-85a9-a86c846849b5 0.047s
2024-12-11 20:14:05.270 66537 INFO tempest.lib.common.rest_client [req-2c9c8831-2991-422a-a8b5-647c7e686d06 req-2c9c8831-2991-422a-a8b5-647c7e686d06 ] Request (AttachVolumeNegativeTest:test_attach_attached_volume_to_different_server): 200 GET http://10.180.1.21/compute/v2.1/servers/f03a1e87-a324-4bda-9533-46de2402fe92 0.052s
2024-12-11 20:14:05.275 66543 INFO paramiko.transport [-] Connected (version 2.0, client dropbear_2020.81)
2024-12-11 20:14:05.324 66507 INFO tempest.lib.common.rest_client [req-44924ee2-b909-40f5-a429-974020d4006b req-44924ee2-b909-40f5-a429-974020d4006b ] Request (ListServersNegativeTestJSON:setUpClass): 200 GET http://10.180.1.21/compute/v2.1/servers/15a90e03-5481-404e-828d-2ed1dfe6469a 0.057s
2024-12-11 20:14:05.376 66545 INFO tempest.lib.common.rest_client [req-a4161387-2c10-4204-80f0-d374041e1aa9 req-a4161387-2c10-4204-80f0-d374041e1aa9 ] Request (ServerShowV247Test:test_update_rebuild_list_server): 200 GET http://10.180.1.21/compute/v2.1/servers/09fa1bdb-0403-4e86-a2b7-6b3a1c50f54e 0.057s
2024-12-11 20:14:05.383 66543 INFO paramiko.transport [-] Authentication (publickey) successful!
2024-12-11 20:14:05.383 66543 INFO tempest.lib.common.ssh [-] ssh connection to cirros@10.180.180.130 successfully created
2024-12-11 20:14:05.422 66511 INFO tempest.lib.common.rest_client [req-cadf0111-7c91-407e-8734-b0089ff24a43 req-cadf0111-7c91-407e-8734-b0089ff24a43 ] Request (MigrationsAdminTest:test_resize_server_revert_deleted_flavor): 200 GET http://10.180.1.21/compute/v2.1/servers/0cd4fefd-cbde-4ad2-b229-5979b1571b33 0.061s
2024-12-11 20:14:05.429 66511 INFO tempest.common.waiters [-] State transition "BUILD/scheduling" ==> "BUILD/None" after 45 second wait
2024-12-11 20:14:05.446 66503 INFO tempest.lib.common.rest_client [req-9f842285-67d1-49be-887c-61bb4050ed49 req-9f842285-67d1-49be-887c-61bb4050ed49 ] Request (ServersTestMultiNic:_run_cleanups): 200 GET http://10.180.1.21/compute/v2.1/servers/0f6f32a9-b116-42a3-a7d6-8544cfbb6c4a 0.127s
2024-12-11 20:14:05.495 66539 INFO tempest.lib.common.rest_client [req-85895bbb-7fed-46ea-9fc8-bce0f8f48aba req-85895bbb-7fed-46ea-9fc8-bce0f8f48aba ] Request (ServerRescueNegativeTestJSON:test_rescued_vm_detach_volume): 200 GET http://10.180.1.21/compute/v2.1/servers/c8f758c5-2ab4-468d-88b7-f18d11b16d8e 0.085s
2024-12-11 20:14:05.544 66515 INFO tempest.lib.common.rest_client [req-4a6be17c-6677-4566-83d5-12abbcd0cfbf req-4a6be17c-6677-4566-83d5-12abbcd0cfbf ] Request (ImagesTestJSON:test_create_image_from_suspended_server): 200 GET http://10.180.1.21/compute/v2.1/servers/034bdc08-eee7-46cd-a37e-3f621cc593f8 0.068s
2024-12-11 20:14:05.632 66509 INFO tempest.lib.common.rest_client [req-63c476f0-f074-40b7-9ce7-33dbcbfe4ede req-63c476f0-f074-40b7-9ce7-33dbcbfe4ede ] Request (ServersAdminNegativeTestJSON:tearDownClass): 200 GET http://10.180.1.21/compute/v2.1/servers/b3ca0f28-6932-4cf9-b58a-568e398640da 0.062s
2024-12-11 20:14:05.705 66521 INFO tempest.lib.common.rest_client [req-fa46e51c-b252-4bb7-b6c9-d659f6e153ea req-fa46e51c-b252-4bb7-b6c9-d659f6e153ea ] Request (ServerExternalEventsTest:tearDownClass): 200 GET http://10.180.1.21/compute/v2.1/servers/8050a7a8-fe9d-462e-8301-738134742730 0.064s
2024-12-11 20:14:05.769 66531 INFO tempest.lib.common.rest_client [req-b31e9655-153b-4e5d-b46e-754ee55532fd req-b31e9655-153b-4e5d-b46e-754ee55532fd ] Request (SecurityGroupsTestJSON:test_server_security_groups): 200 GET http://10.180.1.21/compute/v2.1/servers/0861abe8-7840-4a5b-ac67-ae8576f66303 0.051s
2024-12-11 20:14:05.967 66565 INFO tempest.lib.common.rest_client [req-5ccdc9b0-8795-427f-afb6-ce064b887882 req-5ccdc9b0-8795-427f-afb6-ce064b887882 ] Request (ServerRescueTestJSON:test_rescue_unrescue_instance): 200 GET http://10.180.1.21/compute/v2.1/servers/6a483d36-7cd6-4996-b187-8beb6fc95912 0.126s
2024-12-11 20:14:06.017 66523 INFO tempest.lib.common.rest_client [req-a456b587-c187-4887-886d-b5f35f3a7c02 req-a456b587-c187-4887-886d-b5f35f3a7c02 ] Request (ServerTagsTestJSON:setUpClass): 200 GET http://10.180.1.21/compute/v2.1/servers/07ce5a1d-ea87-4da0-a818-dac9ccb7af88 0.129s
2024-12-11 20:14:06.071 66513 INFO tempest.lib.common.rest_client [req-ef2928fb-84e7-466b-a6e0-f5faa6d4f4b2 req-ef2928fb-84e7-466b-a6e0-f5faa6d4f4b2 ] Request (FloatingIPsAssociationTestJSON:tearDownClass): 200 GET http://10.180.1.21/compute/v2.1/servers/61a92832-9fca-49e7-a1e6-fadd39ed54b1 0.129s
2024-12-11 20:14:06.120 66561 INFO tempest.lib.common.rest_client [req-89662a09-3810-4827-971b-2905e8e700b5 req-89662a09-3810-4827-971b-2905e8e700b5 ] Request (ServersAdminTestJSON:setUpClass): 200 GET http://10.180.1.21/compute/v2.1/servers/e621dfd7-d429-4922-a660-d2f2e6385870 0.127s
2024-12-11 20:14:06.165 66563 INFO tempest.lib.common.rest_client [req-0b76f369-ef23-4866-b32a-67c1ca273fe9 req-0b76f369-ef23-4866-b32a-67c1ca273fe9 ] Request (ImagesNegativeTestJSON:test_create_image_from_deleted_server): 200 GET http://10.180.1.21/compute/v2.1/servers/9f81fa88-6a8c-44c2-be45-2c28d4df5062 0.154s
2024-12-11 20:14:06.220 66517 INFO tempest.lib.common.rest_client [req-ee27e59e-0cb4-4097-aa92-4e25e4b76161 req-ee27e59e-0cb4-4097-aa92-4e25e4b76161 ] Request (ServersWithSpecificFlavorTestJSON:test_verify_created_server_ephemeral_disk): 200 GET http://10.180.1.21/compute/v2.1/servers/3e505c86-f99e-4b3b-bc66-0b44d5b0231d 0.171s
2024-12-11 20:14:06.277 66505 INFO tempest.lib.common.rest_client [req-19392142-229b-4b6a-ae5f-47d782b4f8f4 req-19392142-229b-4b6a-ae5f-47d782b4f8f4 ] Request (FloatingIPsAssociationNegativeTestJSON:tearDownClass): 200 GET http://10.180.1.21/compute/v2.1/servers/77a23b9e-54c9-4629-bb5a-7c6a5e5202a3 0.225s
2024-12-11 20:14:06.307 66541 INFO tempest.lib.common.rest_client [req-3f054305-4c7f-4f18-808a-902416d08e98 req-3f054305-4c7f-4f18-808a-902416d08e98 ] Request (ListImageFiltersTestJSON:setUpClass): 200 GET http://10.180.1.21/compute/v2.1/images/98c17ef1-597c-446c-bd41-518b60e48e62 0.231s
2024-12-11 20:14:06.362 66560 INFO tempest.lib.common.rest_client [req-9c788ef2-a96f-4700-85c4-f3b82b8339db req-9c788ef2-a96f-4700-85c4-f3b82b8339db ] Request (AttachInterfacesUnderV243Test:test_add_remove_fixed_ip): 200 GET http://10.180.1.21/compute/v2.1/servers/39ed78b7-ec3f-404f-84e3-f47ac4f9519d 0.261s
2024-12-11 20:14:06.409 66551 INFO tempest.lib.common.rest_client [req-4bc4b251-5f5e-458e-88a7-727e58511d50 req-4bc4b251-5f5e-458e-88a7-727e58511d50 ] Request (ImagesOneServerNegativeTestJSON:_run_cleanups): 200 GET http://10.180.1.21/compute/v2.1/servers/3ed78d9c-5add-45dc-ba97-d674f1b09c15 0.280s
2024-12-11 20:14:06.466 66529 INFO tempest.lib.common.rest_client [req-c1e50c28-1d9b-40b3-a918-49ab2faf3b0a req-c1e50c28-1d9b-40b3-a918-49ab2faf3b0a ] Request (ServerDiagnosticsNegativeTest:tearDownClass): 200 GET http://10.180.1.21/compute/v2.1/servers/4d963ae9-fd16-4412-b94c-a8148229f332 0.293s
2024-12-11 20:14:06.536 66535 INFO tempest.lib.common.rest_client [req-599f2e5d-7709-45bc-809b-43450a47eef1 req-599f2e5d-7709-45bc-809b-43450a47eef1 ] Request (ServerActionsTestOtherA:setUpClass): 200 GET http://10.180.1.21/compute/v2.1/servers/f75ea9ed-d5ca-49c3-b705-36ef56c801e2 0.361s
2024-12-11 20:14:06.598 66547 INFO tempest.lib.common.rest_client [req-ef2c352b-fa11-439f-9fd0-936a8658c302 req-ef2c352b-fa11-439f-9fd0-936a8658c302 ] Request (ServersTestJSON:test_create_server_with_ipv6_addr_only): 200 GET http://10.180.1.21/compute/v2.1/servers/474592d1-4a20-479d-85a9-a86c846849b5 0.374s
2024-12-11 20:14:06.629 66549 WARNING tempest.lib.common.ssh [-] Failed to establish authenticated ssh connection to cirros@10.180.180.188 ([Errno None] Unable to connect to port 22 on 10.180.180.188). Number attempts: 3. Retry after 4 seconds.: paramiko.ssh_exception.NoValidConnectionsError: [Errno None] Unable to connect to port 22 on 10.180.180.188
2024-12-11 20:14:06.670 66537 INFO tempest.lib.common.rest_client [req-ba893396-0131-455b-be9e-b673437e67b2 req-ba893396-0131-455b-be9e-b673437e67b2 ] Request (AttachVolumeNegativeTest:test_attach_attached_volume_to_different_server): 200 GET http://10.180.1.21/compute/v2.1/servers/f03a1e87-a324-4bda-9533-46de2402fe92 0.392s
2024-12-11 20:14:06.728 66507 INFO tempest.lib.common.rest_client [req-1d6bd8c1-b319-42d6-a566-c3191fd9212f req-1d6bd8c1-b319-42d6-a566-c3191fd9212f ] Request (ListServersNegativeTestJSON:setUpClass): 200 GET http://10.180.1.21/compute/v2.1/servers/15a90e03-5481-404e-828d-2ed1dfe6469a 0.397s
2024-12-11 20:14:06.796 66545 INFO tempest.lib.common.rest_client [req-79a29834-34b8-44c3-adec-843d5b79b2b0 req-79a29834-34b8-44c3-adec-843d5b79b2b0 ] Request (ServerShowV247Test:test_update_rebuild_list_server): 200 GET http://10.180.1.21/compute/v2.1/servers/09fa1bdb-0403-4e86-a2b7-6b3a1c50f54e 0.412s
2024-12-11 20:14:06.805 66545 INFO tempest.common.waiters [-] State transition "REBUILD/rebuilding" ==> "REBUILD/rebuild_spawning" after 3 second wait
2024-12-11 20:14:06.872 66511 INFO tempest.lib.common.rest_client [req-2e1eb861-c915-4651-92bc-920f960b5165 req-2e1eb861-c915-4651-92bc-920f960b5165 ] Request (MigrationsAdminTest:test_resize_server_revert_deleted_flavor): 200 GET http://10.180.1.21/compute/v2.1/servers/0cd4fefd-cbde-4ad2-b229-5979b1571b33 0.442s
2024-12-11 20:14:07.110 66543 INFO tempest.lib.common.rest_client [req-02dba112-f5a5-485a-a524-2f512af9c836 req-02dba112-f5a5-485a-a524-2f512af9c836 ] Request (VolumesAssistedSnapshotsTest:test_volume_assisted_snapshot_create_delete): 200 POST http://10.180.1.21/compute/v2.1/servers/b006f13b-0041-499b-a4e2-019e9992071a/os-volume_attachments 1.726s
2024-12-11 20:14:07.160 66543 INFO tempest.lib.common.rest_client [req-69bb633b-0410-4819-aae8-b1df58321e45 req-69bb633b-0410-4819-aae8-b1df58321e45 ] Request (VolumesAssistedSnapshotsTest:test_volume_assisted_snapshot_create_delete): 200 GET http://10.180.1.21/volume/v3/volumes/2f6664de-14f1-431d-b522-29e84a147277 0.049s
2024-12-11 20:14:07.371 66503 INFO tempest.lib.common.rest_client [req-503af0e4-15a1-45fe-9708-e27da03cafc2 req-503af0e4-15a1-45fe-9708-e27da03cafc2 ] Request (ServersTestMultiNic:_run_cleanups): 200 GET http://10.180.1.21/compute/v2.1/servers/0f6f32a9-b116-42a3-a7d6-8544cfbb6c4a 0.917s
2024-12-11 20:14:07.418 66539 INFO tempest.lib.common.rest_client [req-de2d23fb-2a93-4fea-9ac0-920853d5e69e req-de2d23fb-2a93-4fea-9ac0-920853d5e69e ] Request (ServerRescueNegativeTestJSON:test_rescued_vm_detach_volume): 200 GET http://10.180.1.21/compute/v2.1/servers/c8f758c5-2ab4-468d-88b7-f18d11b16d8e 0.915s
2024-12-11 20:14:07.429 66515 INFO tempest.lib.common.rest_client [req-c1095a8d-891c-43be-9e5f-ef589675a999 req-c1095a8d-891c-43be-9e5f-ef589675a999 ] Request (ImagesTestJSON:test_create_image_from_suspended_server): 200 GET http://10.180.1.21/compute/v2.1/servers/034bdc08-eee7-46cd-a37e-3f621cc593f8 0.877s
2024-12-11 20:14:07.476 66509 INFO tempest.lib.common.rest_client [req-8fa6792a-73c2-417d-bb9f-2bc96ed7ec37 req-8fa6792a-73c2-417d-bb9f-2bc96ed7ec37 ] Request (ServersAdminNegativeTestJSON:tearDownClass): 200 GET http://10.180.1.21/compute/v2.1/servers/b3ca0f28-6932-4cf9-b58a-568e398640da 0.836s
2024-12-11 20:14:07.505 66521 INFO tempest.lib.common.rest_client [req-0c1ef9c1-846b-43aa-97b7-aa9ce91db351 req-0c1ef9c1-846b-43aa-97b7-aa9ce91db351 ] Request (ServerExternalEventsTest:tearDownClass): 200 GET http://10.180.1.21/compute/v2.1/servers/8050a7a8-fe9d-462e-8301-738134742730 0.792s
2024-12-11 20:14:07.522 66531 INFO tempest.lib.common.rest_client [req-9bb50d4c-1b11-4a80-8c5c-3f35c57c78b4 req-9bb50d4c-1b11-4a80-8c5c-3f35c57c78b4 ] Request (SecurityGroupsTestJSON:test_server_security_groups): 200 GET http://10.180.1.21/compute/v2.1/servers/0861abe8-7840-4a5b-ac67-ae8576f66303 0.745s
2024-12-11 20:14:07.603 66523 INFO tempest.lib.common.rest_client [req-7c5602d3-80ad-463e-bd91-9ed526681137 req-7c5602d3-80ad-463e-bd91-9ed526681137 ] Request (ServerTagsTestJSON:setUpClass): 200 GET http://10.180.1.21/compute/v2.1/servers/07ce5a1d-ea87-4da0-a818-dac9ccb7af88 0.578s
2024-12-11 20:14:07.654 66565 INFO tempest.lib.common.rest_client [req-a45fe589-04e0-49bb-adb4-85fa2137a957 req-a45fe589-04e0-49bb-adb4-85fa2137a957 ] Request (ServerRescueTestJSON:test_rescue_unrescue_instance): 200 GET http://10.180.1.21/compute/v2.1/servers/6a483d36-7cd6-4996-b187-8beb6fc95912 0.675s
2024-12-11 20:14:07.664 66565 INFO tempest.common.waiters [-] State transition "BUILD/spawning" ==> "ACTIVE/None" after 62 second wait
2024-12-11 20:14:07.680 66513 INFO tempest.lib.common.rest_client [req-4882a3ec-bfd6-4d74-aba4-1c162bb1f374 req-4882a3ec-bfd6-4d74-aba4-1c162bb1f374 ] Request (FloatingIPsAssociationTestJSON:tearDownClass): 200 GET http://10.180.1.21/compute/v2.1/servers/61a92832-9fca-49e7-a1e6-fadd39ed54b1 0.601s
2024-12-11 20:14:07.702 66561 INFO tempest.lib.common.rest_client [req-cef8c9e4-739c-4492-8516-92a4e5431f31 req-cef8c9e4-739c-4492-8516-92a4e5431f31 ] Request (ServersAdminTestJSON:setUpClass): 200 GET http://10.180.1.21/compute/v2.1/servers/e621dfd7-d429-4922-a660-d2f2e6385870 0.575s
2024-12-11 20:14:07.742 66563 INFO tempest.lib.common.rest_client [req-d6890ed8-6871-4a56-9521-022d60297328 req-d6890ed8-6871-4a56-9521-022d60297328 ] Request (ImagesNegativeTestJSON:test_create_image_from_deleted_server): 200 GET http://10.180.1.21/compute/v2.1/servers/9f81fa88-6a8c-44c2-be45-2c28d4df5062 0.570s
2024-12-11 20:14:07.752 66517 INFO tempest.lib.common.rest_client [req-44b74b75-bc02-4ae9-b9b2-ede31314c49f req-44b74b75-bc02-4ae9-b9b2-ede31314c49f ] Request (ServersWithSpecificFlavorTestJSON:test_verify_created_server_ephemeral_disk): 200 GET http://10.180.1.21/compute/v2.1/servers/3e505c86-f99e-4b3b-bc66-0b44d5b0231d 0.522s
2024-12-11 20:14:07.787 66541 INFO tempest.lib.common.rest_client [req-1dedb7ec-6c71-4f15-8d76-c4068cbeef6c req-1dedb7ec-6c71-4f15-8d76-c4068cbeef6c ] Request (ListImageFiltersTestJSON:setUpClass): 200 GET http://10.180.1.21/compute/v2.1/images/98c17ef1-597c-446c-bd41-518b60e48e62 0.475s
2024-12-11 20:14:07.820 66505 INFO tempest.lib.common.rest_client [req-c29f710d-05b2-4201-8648-9bd13433a37a req-c29f710d-05b2-4201-8648-9bd13433a37a ] Request (FloatingIPsAssociationNegativeTestJSON:tearDownClass): 200 GET http://10.180.1.21/compute/v2.1/servers/77a23b9e-54c9-4629-bb5a-7c6a5e5202a3 0.536s
2024-12-11 20:14:07.836 66560 INFO tempest.lib.common.rest_client [req-071da38b-39c1-473b-8284-d2a46ef3ba4f req-071da38b-39c1-473b-8284-d2a46ef3ba4f ] Request (AttachInterfacesUnderV243Test:test_add_remove_fixed_ip): 200 GET http://10.180.1.21/compute/v2.1/servers/39ed78b7-ec3f-404f-84e3-f47ac4f9519d 0.467s
2024-12-11 20:14:07.898 66551 INFO tempest.lib.common.rest_client [req-e789e9f0-ce35-4c90-9a86-671ce9860cbe req-e789e9f0-ce35-4c90-9a86-671ce9860cbe ] Request (ImagesOneServerNegativeTestJSON:_run_cleanups): 200 GET http://10.180.1.21/compute/v2.1/servers/3ed78d9c-5add-45dc-ba97-d674f1b09c15 0.482s
2024-12-11 20:14:07.901 66529 INFO tempest.lib.common.rest_client [req-82805587-c62f-4c61-ada0-e5e24c179e0d req-82805587-c62f-4c61-ada0-e5e24c179e0d ] Request (ServerDiagnosticsNegativeTest:tearDownClass): 200 GET http://10.180.1.21/compute/v2.1/servers/4d963ae9-fd16-4412-b94c-a8148229f332 0.426s
2024-12-11 20:14:07.954 66547 INFO tempest.lib.common.rest_client [req-293e91f8-9d6b-47df-b53b-da06da4c7984 req-293e91f8-9d6b-47df-b53b-da06da4c7984 ] Request (ServersTestJSON:test_create_server_with_ipv6_addr_only): 200 GET http://10.180.1.21/compute/v2.1/servers/474592d1-4a20-479d-85a9-a86c846849b5 0.348s
2024-12-11 20:14:07.955 66535 INFO tempest.lib.common.rest_client [req-8a2caba9-55d7-419e-9214-b241aff0ddd6 req-8a2caba9-55d7-419e-9214-b241aff0ddd6 ] Request (ServerActionsTestOtherA:setUpClass): 200 GET http://10.180.1.21/compute/v2.1/servers/f75ea9ed-d5ca-49c3-b705-36ef56c801e2 0.406s
2024-12-11 20:14:08.012 66537 INFO tempest.lib.common.rest_client [req-08cba715-7d1d-40a9-8d0e-3a3c73f76aec req-08cba715-7d1d-40a9-8d0e-3a3c73f76aec ] Request (AttachVolumeNegativeTest:test_attach_attached_volume_to_different_server): 200 GET http://10.180.1.21/compute/v2.1/servers/f03a1e87-a324-4bda-9533-46de2402fe92 0.331s
2024-12-11 20:14:08.035 66565 INFO tempest.lib.common.rest_client [req-41a54445-5f48-4c1c-a3fb-427d61769970 req-41a54445-5f48-4c1c-a3fb-427d61769970 ] Request (ServerRescueTestJSON:test_rescue_unrescue_instance): 200 POST http://10.180.1.21/compute/v2.1/servers/6a483d36-7cd6-4996-b187-8beb6fc95912/action 0.368s
2024-12-11 20:14:08.064 66507 INFO tempest.lib.common.rest_client [req-4c3eb697-4ce2-4638-8772-fd7cea92f48a req-4c3eb697-4ce2-4638-8772-fd7cea92f48a ] Request (ListServersNegativeTestJSON:setUpClass): 200 GET http://10.180.1.21/compute/v2.1/servers/15a90e03-5481-404e-828d-2ed1dfe6469a 0.325s
2024-12-11 20:14:08.090 66545 INFO tempest.lib.common.rest_client [req-f8f55e7c-b287-4c9d-b07f-3dba78cbc61a req-f8f55e7c-b287-4c9d-b07f-3dba78cbc61a ] Request (ServerShowV247Test:test_update_rebuild_list_server): 200 GET http://10.180.1.21/compute/v2.1/servers/09fa1bdb-0403-4e86-a2b7-6b3a1c50f54e 0.284s
2024-12-11 20:14:08.120 66511 INFO tempest.lib.common.rest_client [req-79ae6027-0644-4b62-b161-e37666d6995c req-79ae6027-0644-4b62-b161-e37666d6995c ] Request (MigrationsAdminTest:test_resize_server_revert_deleted_flavor): 200 GET http://10.180.1.21/compute/v2.1/servers/0cd4fefd-cbde-4ad2-b229-5979b1571b33 0.241s
2024-12-11 20:14:08.193 66565 INFO tempest.lib.common.rest_client [req-6c8d53e1-da1b-4956-b00d-192c28da72f2 req-6c8d53e1-da1b-4956-b00d-192c28da72f2 ] Request (ServerRescueTestJSON:test_rescue_unrescue_instance): 200 GET http://10.180.1.21/compute/v2.1/servers/6a483d36-7cd6-4996-b187-8beb6fc95912 0.157s
2024-12-11 20:14:08.196 66543 INFO tempest.lib.common.rest_client [req-486045ab-6cc8-4ed8-826d-65b08a403dc2 req-486045ab-6cc8-4ed8-826d-65b08a403dc2 ] Request (VolumesAssistedSnapshotsTest:test_volume_assisted_snapshot_create_delete): 200 GET http://10.180.1.21/volume/v3/volumes/2f6664de-14f1-431d-b522-29e84a147277 0.025s
2024-12-11 20:14:08.439 66503 INFO tempest.lib.common.rest_client [req-1661b2d3-2383-4c66-917d-ebaef5097a2f req-1661b2d3-2383-4c66-917d-ebaef5097a2f ] Request (ServersTestMultiNic:_run_cleanups): 200 GET http://10.180.1.21/compute/v2.1/servers/0f6f32a9-b116-42a3-a7d6-8544cfbb6c4a 0.057s
2024-12-11 20:14:08.489 66539 INFO tempest.lib.common.rest_client [req-42a4758f-759d-4e6b-8792-37c785ef101f req-42a4758f-759d-4e6b-8792-37c785ef101f ] Request (ServerRescueNegativeTestJSON:test_rescued_vm_detach_volume): 200 GET http://10.180.1.21/compute/v2.1/servers/c8f758c5-2ab4-468d-88b7-f18d11b16d8e 0.063s
2024-12-11 20:14:08.493 66515 INFO tempest.lib.common.rest_client [req-bccf637c-3a82-45e9-b2ff-2eaf4922630b req-bccf637c-3a82-45e9-b2ff-2eaf4922630b ] Request (ImagesTestJSON:test_create_image_from_suspended_server): 200 GET http://10.180.1.21/compute/v2.1/servers/034bdc08-eee7-46cd-a37e-3f621cc593f8 0.056s
2024-12-11 20:14:08.543 66521 INFO tempest.lib.common.rest_client [req-05c772e4-d31f-4e6a-9456-f10bec83aa61 req-05c772e4-d31f-4e6a-9456-f10bec83aa61 ] Request (ServerExternalEventsTest:tearDownClass): 404 GET http://10.180.1.21/compute/v2.1/servers/8050a7a8-fe9d-462e-8301-738134742730 0.030s
2024-12-11 20:14:08.554 66509 INFO tempest.lib.common.rest_client [req-04c64d94-5dc7-49f0-9d23-350654582066 req-04c64d94-5dc7-49f0-9d23-350654582066 ] Request (ServersAdminNegativeTestJSON:tearDownClass): 200 GET http://10.180.1.21/compute/v2.1/servers/b3ca0f28-6932-4cf9-b58a-568e398640da 0.071s
2024-12-11 20:14:08.588 66555 WARNING tempest.lib.common.ssh [-] Failed to establish authenticated ssh connection to cirros@10.180.180.237 ([Errno None] Unable to connect to port 22 on 10.180.180.237). Number attempts: 9. Retry after 10 seconds.: paramiko.ssh_exception.NoValidConnectionsError: [Errno None] Unable to connect to port 22 on 10.180.180.237
2024-12-11 20:14:08.593 66531 INFO tempest.lib.common.rest_client [req-5d1b5aea-8073-4a5b-a660-b9293ea0150b req-5d1b5aea-8073-4a5b-a660-b9293ea0150b ] Request (SecurityGroupsTestJSON:test_server_security_groups): 200 GET http://10.180.1.21/compute/v2.1/servers/0861abe8-7840-4a5b-ac67-ae8576f66303 0.060s
2024-12-11 20:14:08.627 66521 INFO tempest.lib.common.rest_client [req-1ac2670e-e104-4b8c-aef4-f672cd7af26b req-1ac2670e-e104-4b8c-aef4-f672cd7af26b ] Request (ServerExternalEventsTest:tearDownClass): 204 DELETE http://10.180.1.21/identity/v3/users/055137c2e7aa419fa627b70bcc4e33b9 0.083s
2024-12-11 20:14:08.686 66523 INFO tempest.lib.common.rest_client [req-75542a0f-0769-4cb4-8f3c-24075392f4af req-75542a0f-0769-4cb4-8f3c-24075392f4af ] Request (ServerTagsTestJSON:setUpClass): 200 GET http://10.180.1.21/compute/v2.1/servers/07ce5a1d-ea87-4da0-a818-dac9ccb7af88 0.068s
2024-12-11 20:14:08.726 66521 INFO tempest.lib.common.rest_client [req-19be05d6-fb3d-4017-a696-378e7e1045eb req-19be05d6-fb3d-4017-a696-378e7e1045eb ] Request (ServerExternalEventsTest:tearDownClass): 204 DELETE http://10.180.1.21/identity/v3/users/fe6d355d909a4bd4a2dbfe33ae3712fb 0.095s
2024-12-11 20:14:08.740 66513 INFO tempest.lib.common.rest_client [req-ace5c1fe-5cf2-471f-89db-5db7186cc0a1 req-ace5c1fe-5cf2-471f-89db-5db7186cc0a1 ] Request (FloatingIPsAssociationTestJSON:tearDownClass): 200 GET http://10.180.1.21/compute/v2.1/servers/61a92832-9fca-49e7-a1e6-fadd39ed54b1 0.053s
2024-12-11 20:14:08.764 66561 INFO tempest.lib.common.rest_client [req-1aadf9c6-038a-477c-b3e7-b478c54686e1 req-1aadf9c6-038a-477c-b3e7-b478c54686e1 ] Request (ServersAdminTestJSON:setUpClass): 200 GET http://10.180.1.21/compute/v2.1/servers/e621dfd7-d429-4922-a660-d2f2e6385870 0.048s
2024-12-11 20:14:08.803 66563 INFO tempest.lib.common.rest_client [req-d7e3b238-8385-405f-97a2-2fb107ff11a9 req-d7e3b238-8385-405f-97a2-2fb107ff11a9 ] Request (ImagesNegativeTestJSON:test_create_image_from_deleted_server): 200 GET http://10.180.1.21/compute/v2.1/servers/9f81fa88-6a8c-44c2-be45-2c28d4df5062 0.050s
2024-12-11 20:14:08.812 66521 INFO tempest.lib.common.rest_client [req-4a7d5b8e-2d74-4a43-a356-1e427fcf2889 req-4a7d5b8e-2d74-4a43-a356-1e427fcf2889 ] Request (ServerExternalEventsTest:tearDownClass): 204 DELETE http://10.180.1.21/identity/v3/users/01b77183eabb4998ba32f8914a648670 0.086s
2024-12-11 20:14:08.812 66517 INFO tempest.lib.common.rest_client [req-211ea858-0f9b-44fb-b063-7ae6bc45a928 req-211ea858-0f9b-44fb-b063-7ae6bc45a928 ] Request (ServersWithSpecificFlavorTestJSON:test_verify_created_server_ephemeral_disk): 200 GET http://10.180.1.21/compute/v2.1/servers/3e505c86-f99e-4b3b-bc66-0b44d5b0231d 0.051s
2024-12-11 20:14:08.813 66521 INFO tempest.lib.common.dynamic_creds [-] Deleting project and security group for project: 1d29953c4ab24307afc822854de6d4e2
2024-12-11 20:14:08.842 66541 INFO tempest.lib.common.rest_client [req-090b2846-d919-4896-bdf5-d159c9f8c4a5 req-090b2846-d919-4896-bdf5-d159c9f8c4a5 ] Request (ListImageFiltersTestJSON:setUpClass): 200 GET http://10.180.1.21/compute/v2.1/images/98c17ef1-597c-446c-bd41-518b60e48e62 0.051s
2024-12-11 20:14:08.871 66521 INFO tempest.lib.common.rest_client [req-b8984a84-46c3-4920-9c35-306addf341fc req-b8984a84-46c3-4920-9c35-306addf341fc ] Request (ServerExternalEventsTest:tearDownClass): 201 POST http://10.180.1.21/identity/v3/auth/tokens 0.058s
2024-12-11 20:14:08.887 66505 INFO tempest.lib.common.rest_client [req-93bfd780-b301-4168-8ce7-4176458b8827 req-93bfd780-b301-4168-8ce7-4176458b8827 ] Request (FloatingIPsAssociationNegativeTestJSON:tearDownClass): 200 GET http://10.180.1.21/compute/v2.1/servers/77a23b9e-54c9-4629-bb5a-7c6a5e5202a3 0.059s
2024-12-11 20:14:08.896 66560 INFO tempest.lib.common.rest_client [req-c61feed7-df3e-48bc-82c5-41d3d8918933 req-c61feed7-df3e-48bc-82c5-41d3d8918933 ] Request (AttachInterfacesUnderV243Test:test_add_remove_fixed_ip): 200 GET http://10.180.1.21/compute/v2.1/servers/39ed78b7-ec3f-404f-84e3-f47ac4f9519d 0.049s
2024-12-11 20:14:08.962 66551 INFO tempest.lib.common.rest_client [req-6dd8d54e-d05d-4839-9437-0cc751186825 req-6dd8d54e-d05d-4839-9437-0cc751186825 ] Request (ImagesOneServerNegativeTestJSON:_run_cleanups): 200 GET http://10.180.1.21/compute/v2.1/servers/3ed78d9c-5add-45dc-ba97-d674f1b09c15 0.052s
2024-12-11 20:14:08.966 66529 INFO tempest.lib.common.rest_client [req-d5dc1884-a3fe-46cc-9b75-cde5b9ebb375 req-d5dc1884-a3fe-46cc-9b75-cde5b9ebb375 ] Request (ServerDiagnosticsNegativeTest:tearDownClass): 200 GET http://10.180.1.21/compute/v2.1/servers/4d963ae9-fd16-4412-b94c-a8148229f332 0.057s
2024-12-11 20:14:08.967 66521 INFO tempest.lib.common.rest_client [req-c70b6d4c-f83d-48f2-8f33-1f901904ffeb req-c70b6d4c-f83d-48f2-8f33-1f901904ffeb ] Request (ServerExternalEventsTest:tearDownClass): 200 GET http://10.180.1.21:9696/networking/v2.0/security-groups?tenant_id=1d29953c4ab24307afc822854de6d4e2&name=default 0.096s
2024-12-11 20:14:09.010 66547 INFO tempest.lib.common.rest_client [req-12567fe7-b032-430c-94b7-a2c8b697a812 req-12567fe7-b032-430c-94b7-a2c8b697a812 ] Request (ServersTestJSON:test_create_server_with_ipv6_addr_only): 200 GET http://10.180.1.21/compute/v2.1/servers/474592d1-4a20-479d-85a9-a86c846849b5 0.049s
2024-12-11 20:14:09.024 66535 INFO tempest.lib.common.rest_client [req-94abcca9-0370-4bf7-86fa-e70f17c8e16b req-94abcca9-0370-4bf7-86fa-e70f17c8e16b ] Request (ServerActionsTestOtherA:setUpClass): 200 GET http://10.180.1.21/compute/v2.1/servers/f75ea9ed-d5ca-49c3-b705-36ef56c801e2 0.057s
2024-12-11 20:14:09.069 66521 INFO tempest.lib.common.rest_client [req-bd6c0a19-dc34-4813-be0d-cd9e9ff44fb1 req-bd6c0a19-dc34-4813-be0d-cd9e9ff44fb1 ] Request (ServerExternalEventsTest:tearDownClass): 204 DELETE http://10.180.1.21:9696/networking/v2.0/security-groups/b3c9c94a-7dd5-47d0-932e-f013f18ed6aa 0.101s
2024-12-11 20:14:09.081 66537 INFO tempest.lib.common.rest_client [req-41f05270-a3cc-4aed-911b-0850b17c677d req-41f05270-a3cc-4aed-911b-0850b17c677d ] Request (AttachVolumeNegativeTest:test_attach_attached_volume_to_different_server): 200 GET http://10.180.1.21/compute/v2.1/servers/f03a1e87-a324-4bda-9533-46de2402fe92 0.059s
2024-12-11 20:14:09.087 66537 INFO tempest.common.waiters [-] State transition "BUILD/scheduling" ==> "BUILD/None" after 48 second wait
2024-12-11 20:14:09.127 66507 INFO tempest.lib.common.rest_client [req-85f8d5fa-3d8d-4ca2-8fe7-3a4924d06408 req-85f8d5fa-3d8d-4ca2-8fe7-3a4924d06408 ] Request (ListServersNegativeTestJSON:setUpClass): 200 GET http://10.180.1.21/compute/v2.1/servers/15a90e03-5481-404e-828d-2ed1dfe6469a 0.056s
2024-12-11 20:14:09.131 66521 INFO tempest.lib.common.rest_client [req-5eb7beae-eb34-46c1-b1a9-149b03793650 req-5eb7beae-eb34-46c1-b1a9-149b03793650 ] Request (ServerExternalEventsTest:tearDownClass): 204 DELETE http://10.180.1.21/identity/v3/projects/1d29953c4ab24307afc822854de6d4e2 0.061s
2024-12-11 20:14:09.131 66521 INFO tempest.lib.common.dynamic_creds [-] Deleting project and security group for project: 2f4c7981e4e1415ba942f3453bd99f52
2024-12-11 20:14:09.171 66545 INFO tempest.lib.common.rest_client [req-94130187-6073-4d52-bc34-9abb31378ffb req-94130187-6073-4d52-bc34-9abb31378ffb ] Request (ServerShowV247Test:test_update_rebuild_list_server): 200 GET http://10.180.1.21/compute/v2.1/servers/09fa1bdb-0403-4e86-a2b7-6b3a1c50f54e 0.071s
2024-12-11 20:14:09.191 66511 INFO tempest.lib.common.rest_client [req-594e3a47-4e4c-49a6-b5ee-ff7b46a9ab7d req-594e3a47-4e4c-49a6-b5ee-ff7b46a9ab7d ] Request (MigrationsAdminTest:test_resize_server_revert_deleted_flavor): 200 GET http://10.180.1.21/compute/v2.1/servers/0cd4fefd-cbde-4ad2-b229-5979b1571b33 0.061s
2024-12-11 20:14:09.235 66543 INFO tempest.lib.common.rest_client [req-67411204-4585-424b-881c-b35cb491624b req-67411204-4585-424b-881c-b35cb491624b ] Request (VolumesAssistedSnapshotsTest:test_volume_assisted_snapshot_create_delete): 200 GET http://10.180.1.21/volume/v3/volumes/2f6664de-14f1-431d-b522-29e84a147277 0.032s
2024-12-11 20:14:09.249 66521 INFO tempest.lib.common.rest_client [req-b4a9453d-38bb-450f-80b1-fbfcb312dfa8 req-b4a9453d-38bb-450f-80b1-fbfcb312dfa8 ] Request (ServerExternalEventsTest:tearDownClass): 200 GET http://10.180.1.21:9696/networking/v2.0/security-groups?tenant_id=2f4c7981e4e1415ba942f3453bd99f52&name=default 0.118s
2024-12-11 20:14:09.335 66565 INFO tempest.lib.common.rest_client [req-3e3e3c01-33a0-43c1-bc90-ee826e8fa3a5 req-3e3e3c01-33a0-43c1-bc90-ee826e8fa3a5 ] Request (ServerRescueTestJSON:test_rescue_unrescue_instance): 200 GET http://10.180.1.21/compute/v2.1/servers/6a483d36-7cd6-4996-b187-8beb6fc95912 0.135s
2024-12-11 20:14:09.350 66521 INFO tempest.lib.common.rest_client [req-c1c305e9-8e85-4996-8ccf-cf35aad80b79 req-c1c305e9-8e85-4996-8ccf-cf35aad80b79 ] Request (ServerExternalEventsTest:tearDownClass): 204 DELETE http://10.180.1.21:9696/networking/v2.0/security-groups/dcc4ac31-fa1d-4508-9491-b1a7412f6e3a 0.100s
2024-12-11 20:14:09.462 66521 INFO tempest.lib.common.rest_client [req-390cd7e0-5955-43f7-8f6e-2e0e3bf764e1 req-390cd7e0-5955-43f7-8f6e-2e0e3bf764e1 ] Request (ServerExternalEventsTest:tearDownClass): 204 DELETE http://10.180.1.21/identity/v3/projects/2f4c7981e4e1415ba942f3453bd99f52 0.112s
2024-12-11 20:14:09.463 66521 INFO tempest.lib.common.dynamic_creds [-] Deleting project and security group for project: b012903dacad4ec08200e83a15cdfc68
2024-12-11 20:14:09.526 66503 INFO tempest.lib.common.rest_client [req-a2bdd81b-c6ed-4696-b8b8-b24951d54f16 req-a2bdd81b-c6ed-4696-b8b8-b24951d54f16 ] Request (ServersTestMultiNic:_run_cleanups): 200 GET http://10.180.1.21/compute/v2.1/servers/0f6f32a9-b116-42a3-a7d6-8544cfbb6c4a 0.077s
2024-12-11 20:14:09.534 66503 INFO tempest.common.waiters [-] State transition "ACTIVE/deleting" ==> "DELETED/None" after 5 second wait
2024-12-11 20:14:09.565 66539 INFO tempest.lib.common.rest_client [req-b643fc3f-4365-48b0-9ad8-13db8fec3459 req-b643fc3f-4365-48b0-9ad8-13db8fec3459 ] Request (ServerRescueNegativeTestJSON:test_rescued_vm_detach_volume): 200 GET http://10.180.1.21/compute/v2.1/servers/c8f758c5-2ab4-468d-88b7-f18d11b16d8e 0.068s
2024-12-11 20:14:09.586 66515 INFO tempest.lib.common.rest_client [req-af875025-f136-40ab-bdbe-cd001e114501 req-af875025-f136-40ab-bdbe-cd001e114501 ] Request (ImagesTestJSON:test_create_image_from_suspended_server): 200 GET http://10.180.1.21/compute/v2.1/servers/034bdc08-eee7-46cd-a37e-3f621cc593f8 0.085s
2024-12-11 20:14:09.595 66521 INFO tempest.lib.common.rest_client [req-1aec9e83-b94e-489d-9e37-ec97bd145fa7 req-1aec9e83-b94e-489d-9e37-ec97bd145fa7 ] Request (ServerExternalEventsTest:tearDownClass): 200 GET http://10.180.1.21:9696/networking/v2.0/security-groups?tenant_id=b012903dacad4ec08200e83a15cdfc68&name=default 0.132s
2024-12-11 20:14:09.655 66509 INFO tempest.lib.common.rest_client [req-c3482a05-d9d1-4f48-be42-065086965b24 req-c3482a05-d9d1-4f48-be42-065086965b24 ] Request (ServersAdminNegativeTestJSON:tearDownClass): 200 GET http://10.180.1.21/compute/v2.1/servers/b3ca0f28-6932-4cf9-b58a-568e398640da 0.093s
2024-12-11 20:14:09.663 66531 INFO tempest.lib.common.rest_client [req-15010781-0604-4b21-bd1e-bfe0d14348c9 req-15010781-0604-4b21-bd1e-bfe0d14348c9 ] Request (SecurityGroupsTestJSON:test_server_security_groups): 200 GET http://10.180.1.21/compute/v2.1/servers/0861abe8-7840-4a5b-ac67-ae8576f66303 0.062s
2024-12-11 20:14:09.693 66521 INFO tempest.lib.common.rest_client [req-3a8fd1e1-d3b9-4b2e-886f-43d1f5c36f46 req-3a8fd1e1-d3b9-4b2e-886f-43d1f5c36f46 ] Request (ServerExternalEventsTest:tearDownClass): 204 DELETE http://10.180.1.21:9696/networking/v2.0/security-groups/b4af641f-14ce-4695-a2c1-c9d0b2ff2a61 0.098s
2024-12-11 20:14:09.746 66523 INFO tempest.lib.common.rest_client [req-df26e263-c715-4095-ad2e-e98644222503 req-df26e263-c715-4095-ad2e-e98644222503 ] Request (ServerTagsTestJSON:setUpClass): 200 GET http://10.180.1.21/compute/v2.1/servers/07ce5a1d-ea87-4da0-a818-dac9ccb7af88 0.053s
2024-12-11 20:14:09.778 66521 INFO tempest.lib.common.rest_client [req-f909bf7b-6e70-425e-a8ad-0c677240e15b req-f909bf7b-6e70-425e-a8ad-0c677240e15b ] Request (ServerExternalEventsTest:tearDownClass): 204 DELETE http://10.180.1.21/identity/v3/projects/b012903dacad4ec08200e83a15cdfc68 0.084s
2024-12-11 20:14:09.806 66513 INFO tempest.lib.common.rest_client [req-3babae54-001d-4010-9d4b-d023f58b88b6 req-3babae54-001d-4010-9d4b-d023f58b88b6 ] Request (FloatingIPsAssociationTestJSON:tearDownClass): 200 GET http://10.180.1.21/compute/v2.1/servers/61a92832-9fca-49e7-a1e6-fadd39ed54b1 0.058s
2024-12-11 20:14:09.820 66561 INFO tempest.lib.common.rest_client [req-a639b4e7-20e6-41d1-915c-eef6dec7e183 req-a639b4e7-20e6-41d1-915c-eef6dec7e183 ] Request (ServersAdminTestJSON:setUpClass): 200 GET http://10.180.1.21/compute/v2.1/servers/e621dfd7-d429-4922-a660-d2f2e6385870 0.049s
2024-12-11 20:14:09.839 66521 INFO tempest.lib.common.rest_client [req-4c7b363f-656d-4715-854c-ff84f9e95bc7 req-4c7b363f-656d-4715-854c-ff84f9e95bc7 ] Request (ServersTestBootFromVolume:setUpClass): 201 POST http://10.180.1.21/identity/v3/auth/tokens 0.058s
2024-12-11 20:14:09.864 66563 INFO tempest.lib.common.rest_client [req-df210bc2-9e05-4437-9fd5-a751283de5be req-df210bc2-9e05-4437-9fd5-a751283de5be ] Request (ImagesNegativeTestJSON:test_create_image_from_deleted_server): 200 GET http://10.180.1.21/compute/v2.1/servers/9f81fa88-6a8c-44c2-be45-2c28d4df5062 0.054s
2024-12-11 20:14:09.869 66517 INFO tempest.lib.common.rest_client [req-092f13c1-cbdd-42cc-9db2-a3cc744f401b req-092f13c1-cbdd-42cc-9db2-a3cc744f401b ] Request (ServersWithSpecificFlavorTestJSON:test_verify_created_server_ephemeral_disk): 200 GET http://10.180.1.21/compute/v2.1/servers/3e505c86-f99e-4b3b-bc66-0b44d5b0231d 0.049s
2024-12-11 20:14:09.871 66521 INFO tempest.lib.common.rest_client [req-351f6d38-3ff0-433e-8cd4-289e4c8ac9ce req-351f6d38-3ff0-433e-8cd4-289e4c8ac9ce ] Request (ServersTestBootFromVolume:setUpClass): 201 POST http://10.180.1.21/identity/v3/auth/tokens 0.030s
2024-12-11 20:14:09.891 66541 INFO tempest.lib.common.rest_client [req-9eec7100-5e17-4ae4-825a-a313f713f7d8 req-9eec7100-5e17-4ae4-825a-a313f713f7d8 ] Request (ListImageFiltersTestJSON:setUpClass): 200 GET http://10.180.1.21/compute/v2.1/images/98c17ef1-597c-446c-bd41-518b60e48e62 0.045s
2024-12-11 20:14:09.894 66521 INFO tempest.lib.common.rest_client [req-3418efb0-1887-4349-a831-e075a1b10271 req-3418efb0-1887-4349-a831-e075a1b10271 ] Request (ServersTestBootFromVolume:setUpClass): 200 GET http://10.180.1.21/identity/v3/domains?name=Default 0.022s
2024-12-11 20:14:09.925 66521 INFO tempest.lib.common.rest_client [req-b88018d2-7d88-4401-9125-3cc59c4da70f req-b88018d2-7d88-4401-9125-3cc59c4da70f ] Request (ServersTestBootFromVolume:setUpClass): 201 POST http://10.180.1.21/identity/v3/projects 0.030s
2024-12-11 20:14:09.947 66505 INFO tempest.lib.common.rest_client [req-f0dea10d-cfcd-47a5-8491-16daac15b577 req-f0dea10d-cfcd-47a5-8491-16daac15b577 ] Request (FloatingIPsAssociationNegativeTestJSON:tearDownClass): 200 GET http://10.180.1.21/compute/v2.1/servers/77a23b9e-54c9-4629-bb5a-7c6a5e5202a3 0.053s
2024-12-11 20:14:09.954 66560 INFO tempest.lib.common.rest_client [req-9d322f6d-3442-4fad-9b3c-3c81cfb57163 req-9d322f6d-3442-4fad-9b3c-3c81cfb57163 ] Request (AttachInterfacesUnderV243Test:test_add_remove_fixed_ip): 200 GET http://10.180.1.21/compute/v2.1/servers/39ed78b7-ec3f-404f-84e3-f47ac4f9519d 0.051s
2024-12-11 20:14:09.976 66521 INFO tempest.lib.common.rest_client [req-3b250d3b-e75b-4569-9c1b-d35431033d91 req-3b250d3b-e75b-4569-9c1b-d35431033d91 ] Request (ServersTestBootFromVolume:setUpClass): 201 POST http://10.180.1.21/identity/v3/users 0.051s
2024-12-11 20:14:09.997 66521 INFO tempest.lib.common.rest_client [req-5d47e44a-f876-48dc-82f4-af441405cca3 req-5d47e44a-f876-48dc-82f4-af441405cca3 ] Request (ServersTestBootFromVolume:setUpClass): 200 GET http://10.180.1.21/identity/v3/roles 0.020s
2024-12-11 20:14:10.021 66521 INFO tempest.lib.common.rest_client [req-7e00dc0c-86a6-41c0-acdf-4b654b2300de req-7e00dc0c-86a6-41c0-acdf-4b654b2300de ] Request (ServersTestBootFromVolume:setUpClass): 204 PUT http://10.180.1.21/identity/v3/projects/f0165f7eddbf41ac82adaf194eec2fa9/users/d38007ef1b2e46479a7575732b7d8668/roles/a5cf5635348542be8f7dc01df17b6558 0.024s
2024-12-11 20:14:10.021 66521 INFO tempest.lib.common.dynamic_creds [-] Dynamic test user d38007ef1b2e46479a7575732b7d8668 is created with scope project and roles: ['member']
2024-12-11 20:14:10.021 66521 INFO tempest.lib.common.dynamic_creds [-] Acquired dynamic creds: credentials: Credentials: {'domain_id': 'default', 'domain_name': 'Default', 'username': 'tempest-ServersTestBootFromVolume-1764914068-project-member', 'project_domain_id': 'default', 'project_domain_name': 'Default', 'project_id': 'f0165f7eddbf41ac82adaf194eec2fa9', 'project_name': 'tempest-ServersTestBootFromVolume-1764914068', 'tenant_id': 'f0165f7eddbf41ac82adaf194eec2fa9', 'tenant_name': 'tempest-ServersTestBootFromVolume-1764914068', 'user_domain_id': 'default', 'user_domain_name': 'Default', 'user_id': 'd38007ef1b2e46479a7575732b7d8668', 'system': None}, Network: None, Subnet: None, Router: None
2024-12-11 20:14:10.022 66551 INFO tempest.lib.common.rest_client [req-bebce7f5-a00b-4142-b922-8269b2de9df4 req-bebce7f5-a00b-4142-b922-8269b2de9df4 ] Request (ImagesOneServerNegativeTestJSON:_run_cleanups): 200 GET http://10.180.1.21/compute/v2.1/servers/3ed78d9c-5add-45dc-ba97-d674f1b09c15 0.054s
2024-12-11 20:14:10.038 66529 INFO tempest.lib.common.rest_client [req-900183fd-4c3a-46f3-b840-5e523485ed52 req-900183fd-4c3a-46f3-b840-5e523485ed52 ] Request (ServerDiagnosticsNegativeTest:tearDownClass): 200 GET http://10.180.1.21/compute/v2.1/servers/4d963ae9-fd16-4412-b94c-a8148229f332 0.066s
2024-12-11 20:14:10.079 66547 INFO tempest.lib.common.rest_client [req-4fa60272-814d-4505-9135-f42b6cbc8043 req-4fa60272-814d-4505-9135-f42b6cbc8043 ] Request (ServersTestJSON:test_create_server_with_ipv6_addr_only): 200 GET http://10.180.1.21/compute/v2.1/servers/474592d1-4a20-479d-85a9-a86c846849b5 0.061s
2024-12-11 20:14:10.090 66535 INFO tempest.lib.common.rest_client [req-74d602a1-2bba-4fc7-899f-dde464ad5fc4 req-74d602a1-2bba-4fc7-899f-dde464ad5fc4 ] Request (ServerActionsTestOtherA:setUpClass): 200 GET http://10.180.1.21/compute/v2.1/servers/f75ea9ed-d5ca-49c3-b705-36ef56c801e2 0.055s
2024-12-11 20:14:10.103 66521 INFO tempest.lib.common.rest_client [req-6bb188f6-cb93-44cc-a2d1-0a79a7bcd2f7 req-6bb188f6-cb93-44cc-a2d1-0a79a7bcd2f7 ] Request (ServersTestBootFromVolume:setUpClass): 201 POST http://10.180.1.21/identity/v3/auth/tokens 0.081s
2024-12-11 20:14:10.139 66537 INFO tempest.lib.common.rest_client [req-dfbf6b86-759b-43a2-a347-3c78c3c248df req-dfbf6b86-759b-43a2-a347-3c78c3c248df ] Request (AttachVolumeNegativeTest:test_attach_attached_volume_to_different_server): 200 GET http://10.180.1.21/compute/v2.1/servers/f03a1e87-a324-4bda-9533-46de2402fe92 0.051s
2024-12-11 20:14:10.187 66507 INFO tempest.lib.common.rest_client [req-9a4974f1-011f-49ee-8814-6af5cf346ee8 req-9a4974f1-011f-49ee-8814-6af5cf346ee8 ] Request (ListServersNegativeTestJSON:setUpClass): 200 GET http://10.180.1.21/compute/v2.1/servers/15a90e03-5481-404e-828d-2ed1dfe6469a 0.052s
2024-12-11 20:14:10.243 66545 INFO tempest.lib.common.rest_client [req-d7a20cd6-0dde-446c-873a-3c43d4c25e93 req-d7a20cd6-0dde-446c-873a-3c43d4c25e93 ] Request (ServerShowV247Test:test_update_rebuild_list_server): 200 GET http://10.180.1.21/compute/v2.1/servers/09fa1bdb-0403-4e86-a2b7-6b3a1c50f54e 0.063s
2024-12-11 20:14:10.248 66511 INFO tempest.lib.common.rest_client [req-563ee5e2-d3f3-4103-8376-25aeddcd2abf req-563ee5e2-d3f3-4103-8376-25aeddcd2abf ] Request (MigrationsAdminTest:test_resize_server_revert_deleted_flavor): 200 GET http://10.180.1.21/compute/v2.1/servers/0cd4fefd-cbde-4ad2-b229-5979b1571b33 0.049s
2024-12-11 20:14:10.275 66543 INFO tempest.lib.common.rest_client [req-c6eee9da-29b9-4f37-ab6b-ea483b9f57d3 req-c6eee9da-29b9-4f37-ab6b-ea483b9f57d3 ] Request (VolumesAssistedSnapshotsTest:test_volume_assisted_snapshot_create_delete): 200 GET http://10.180.1.21/volume/v3/volumes/2f6664de-14f1-431d-b522-29e84a147277 0.032s
2024-12-11 20:14:10.350 66521 INFO tempest.lib.common.rest_client [req-485fa726-b0a8-4980-ba81-9031b3907946 req-485fa726-b0a8-4980-ba81-9031b3907946 ] Request (ServersTestBootFromVolume:setUpClass): 201 POST http://10.180.1.21:9696/networking/v2.0/networks 0.247s
2024-12-11 20:14:10.525 66565 INFO tempest.lib.common.rest_client [req-f1b6fb56-ba53-4106-9b49-31afbccf0d93 req-f1b6fb56-ba53-4106-9b49-31afbccf0d93 ] Request (ServerRescueTestJSON:test_rescue_unrescue_instance): 200 GET http://10.180.1.21/compute/v2.1/servers/6a483d36-7cd6-4996-b187-8beb6fc95912 0.182s
2024-12-11 20:14:10.600 66503 INFO tempest.lib.common.rest_client [req-54a6e119-8524-4836-8c72-d613ab146898 req-54a6e119-8524-4836-8c72-d613ab146898 ] Request (ServersTestMultiNic:_run_cleanups): 200 GET http://10.180.1.21/compute/v2.1/servers/0f6f32a9-b116-42a3-a7d6-8544cfbb6c4a 0.065s
2024-12-11 20:14:10.653 66515 INFO tempest.lib.common.rest_client [req-0f9d1bc3-726e-414c-b8eb-477a317592f7 req-0f9d1bc3-726e-414c-b8eb-477a317592f7 ] Request (ImagesTestJSON:test_create_image_from_suspended_server): 200 GET http://10.180.1.21/compute/v2.1/servers/034bdc08-eee7-46cd-a37e-3f621cc593f8 0.055s
2024-12-11 20:14:10.735 66509 INFO tempest.lib.common.rest_client [req-402b4a41-e1a0-44c9-a485-e2a6e5fc071f req-402b4a41-e1a0-44c9-a485-e2a6e5fc071f ] Request (ServersAdminNegativeTestJSON:tearDownClass): 200 GET http://10.180.1.21/compute/v2.1/servers/b3ca0f28-6932-4cf9-b58a-568e398640da 0.072s
2024-12-11 20:14:10.792 66531 INFO tempest.lib.common.rest_client [req-f20bc3c6-2318-47d5-a882-57b9f16e9274 req-f20bc3c6-2318-47d5-a882-57b9f16e9274 ] Request (SecurityGroupsTestJSON:test_server_security_groups): 200 GET http://10.180.1.21/compute/v2.1/servers/0861abe8-7840-4a5b-ac67-ae8576f66303 0.117s
2024-12-11 20:14:10.801 66521 INFO tempest.lib.common.rest_client [req-3a52a66a-80b5-4c96-85b0-8dc3fd5534b2 req-3a52a66a-80b5-4c96-85b0-8dc3fd5534b2 ] Request (ServersTestBootFromVolume:setUpClass): 201 POST http://10.180.1.21:9696/networking/v2.0/subnets 0.451s
2024-12-11 20:14:10.818 66539 INFO tempest.lib.common.rest_client [req-1af10dad-9f9e-4092-ab5f-9806ddbbe860 req-1af10dad-9f9e-4092-ab5f-9806ddbbe860 ] Request (ServerRescueNegativeTestJSON:test_rescued_vm_detach_volume): 200 GET http://10.180.1.21/compute/v2.1/servers/c8f758c5-2ab4-468d-88b7-f18d11b16d8e 0.246s
2024-12-11 20:14:10.871 66523 INFO tempest.lib.common.rest_client [req-b9d5ada1-1cd2-45cc-9330-52cb0505787c req-b9d5ada1-1cd2-45cc-9330-52cb0505787c ] Request (ServerTagsTestJSON:setUpClass): 200 GET http://10.180.1.21/compute/v2.1/servers/07ce5a1d-ea87-4da0-a818-dac9ccb7af88 0.116s
2024-12-11 20:14:10.872 66513 INFO tempest.lib.common.rest_client [req-2cfca453-7fec-4eb4-b346-20320d0f0f55 req-2cfca453-7fec-4eb4-b346-20320d0f0f55 ] Request (FloatingIPsAssociationTestJSON:tearDownClass): 200 GET http://10.180.1.21/compute/v2.1/servers/61a92832-9fca-49e7-a1e6-fadd39ed54b1 0.059s
2024-12-11 20:14:10.919 66563 INFO tempest.lib.common.rest_client [req-84bf7bcc-9fd6-4fdb-977f-72bea5097315 req-84bf7bcc-9fd6-4fdb-977f-72bea5097315 ] Request (ImagesNegativeTestJSON:test_create_image_from_deleted_server): 200 GET http://10.180.1.21/compute/v2.1/servers/9f81fa88-6a8c-44c2-be45-2c28d4df5062 0.047s
2024-12-11 20:14:10.923 66561 INFO tempest.lib.common.rest_client [req-555a2c87-c915-48e8-801e-59d6c89b5a22 req-555a2c87-c915-48e8-801e-59d6c89b5a22 ] Request (ServersAdminTestJSON:setUpClass): 200 GET http://10.180.1.21/compute/v2.1/servers/e621dfd7-d429-4922-a660-d2f2e6385870 0.095s
2024-12-11 20:14:10.954 66541 INFO tempest.lib.common.rest_client [req-d6d8203b-de04-4ff7-ae32-59e6c445730c req-d6d8203b-de04-4ff7-ae32-59e6c445730c ] Request (ListImageFiltersTestJSON:setUpClass): 200 GET http://10.180.1.21/compute/v2.1/images/98c17ef1-597c-446c-bd41-518b60e48e62 0.059s
2024-12-11 20:14:10.984 66517 INFO tempest.lib.common.rest_client [req-b89ec92a-5399-4243-be9e-e2208c0e99e6 req-b89ec92a-5399-4243-be9e-e2208c0e99e6 ] Request (ServersWithSpecificFlavorTestJSON:test_verify_created_server_ephemeral_disk): 200 GET http://10.180.1.21/compute/v2.1/servers/3e505c86-f99e-4b3b-bc66-0b44d5b0231d 0.108s
2024-12-11 20:14:11.024 66505 INFO tempest.lib.common.rest_client [req-3e81465e-1d32-49ff-925e-1d9d6bc111b9 req-3e81465e-1d32-49ff-925e-1d9d6bc111b9 ] Request (FloatingIPsAssociationNegativeTestJSON:tearDownClass): 200 GET http://10.180.1.21/compute/v2.1/servers/77a23b9e-54c9-4629-bb5a-7c6a5e5202a3 0.070s
2024-12-11 20:14:11.049 66560 INFO tempest.lib.common.rest_client [req-c33d41c5-780f-44fd-af85-1abe7997dee9 req-c33d41c5-780f-44fd-af85-1abe7997dee9 ] Request (AttachInterfacesUnderV243Test:test_add_remove_fixed_ip): 200 GET http://10.180.1.21/compute/v2.1/servers/39ed78b7-ec3f-404f-84e3-f47ac4f9519d 0.089s
2024-12-11 20:14:11.095 66551 INFO tempest.lib.common.rest_client [req-b2198ce0-27fa-4188-8bd1-65801f350cf4 req-b2198ce0-27fa-4188-8bd1-65801f350cf4 ] Request (ImagesOneServerNegativeTestJSON:_run_cleanups): 200 GET http://10.180.1.21/compute/v2.1/servers/3ed78d9c-5add-45dc-ba97-d674f1b09c15 0.064s
2024-12-11 20:14:11.106 66529 INFO tempest.lib.common.rest_client [req-074a812a-5559-40a3-85ce-01150b60beb1 req-074a812a-5559-40a3-85ce-01150b60beb1 ] Request (ServerDiagnosticsNegativeTest:tearDownClass): 200 GET http://10.180.1.21/compute/v2.1/servers/4d963ae9-fd16-4412-b94c-a8148229f332 0.060s
2024-12-11 20:14:11.135 66549 WARNING tempest.lib.common.ssh [-] Failed to establish authenticated ssh connection to cirros@10.180.180.188 ([Errno None] Unable to connect to port 22 on 10.180.180.188). Number attempts: 4. Retry after 5 seconds.: paramiko.ssh_exception.NoValidConnectionsError: [Errno None] Unable to connect to port 22 on 10.180.180.188
2024-12-11 20:14:11.149 66547 INFO tempest.lib.common.rest_client [req-7ef4a02d-5c2f-4978-8e8f-35c814294dd0 req-7ef4a02d-5c2f-4978-8e8f-35c814294dd0 ] Request (ServersTestJSON:test_create_server_with_ipv6_addr_only): 200 GET http://10.180.1.21/compute/v2.1/servers/474592d1-4a20-479d-85a9-a86c846849b5 0.060s
2024-12-11 20:14:11.154 66535 INFO tempest.lib.common.rest_client [req-40309c58-ac65-4ea2-8ab4-08009ff11fae req-40309c58-ac65-4ea2-8ab4-08009ff11fae ] Request (ServerActionsTestOtherA:setUpClass): 200 GET http://10.180.1.21/compute/v2.1/servers/f75ea9ed-d5ca-49c3-b705-36ef56c801e2 0.056s
2024-12-11 20:14:11.162 66535 INFO tempest.common.waiters [-] State transition "BUILD/None" ==> "BUILD/networking" after 65 second wait
2024-12-11 20:14:11.200 66537 INFO tempest.lib.common.rest_client [req-1e24d1d7-c0d1-4fa2-a631-4a5fd50293ef req-1e24d1d7-c0d1-4fa2-a631-4a5fd50293ef ] Request (AttachVolumeNegativeTest:test_attach_attached_volume_to_different_server): 200 GET http://10.180.1.21/compute/v2.1/servers/f03a1e87-a324-4bda-9533-46de2402fe92 0.055s
2024-12-11 20:14:11.251 66507 INFO tempest.lib.common.rest_client [req-b4cf2237-aa78-45e1-806e-c10e8d5330e8 req-b4cf2237-aa78-45e1-806e-c10e8d5330e8 ] Request (ListServersNegativeTestJSON:setUpClass): 200 GET http://10.180.1.21/compute/v2.1/servers/15a90e03-5481-404e-828d-2ed1dfe6469a 0.057s
2024-12-11 20:14:11.312 66511 INFO tempest.lib.common.rest_client [req-766986ba-df6d-4b21-9bbd-df4219870f8c req-766986ba-df6d-4b21-9bbd-df4219870f8c ] Request (MigrationsAdminTest:test_resize_server_revert_deleted_flavor): 200 GET http://10.180.1.21/compute/v2.1/servers/0cd4fefd-cbde-4ad2-b229-5979b1571b33 0.056s
2024-12-11 20:14:11.315 66543 INFO tempest.lib.common.rest_client [req-d0a55a68-a450-4e8a-a0b7-315e6cef8b74 req-d0a55a68-a450-4e8a-a0b7-315e6cef8b74 ] Request (VolumesAssistedSnapshotsTest:test_volume_assisted_snapshot_create_delete): 200 GET http://10.180.1.21/volume/v3/volumes/2f6664de-14f1-431d-b522-29e84a147277 0.034s
