2024-12-11 20:13:49.730 66531 INFO tempest.lib.common.rest_client [req-671dec3b-1ea6-4556-87f1-2a60b069114f req-671dec3b-1ea6-4556-87f1-2a60b069114f ] Request (SecurityGroupsTestJSON:test_server_security_groups): 200 GET http://10.180.1.21/compute/v2.1/servers/0861abe8-7840-4a5b-ac67-ae8576f66303 0.355s
2024-12-11 20:13:49.829 66503 INFO tempest.lib.common.rest_client [req-8aaceb97-0ffc-4eca-b1cd-0c452ccabd64 req-8aaceb97-0ffc-4eca-b1cd-0c452ccabd64 ] Request (ServersTestMultiNic:test_verify_duplicate_network_nics): 200 GET http://10.180.1.21/compute/v2.1/servers/0f6f32a9-b116-42a3-a7d6-8544cfbb6c4a 0.385s
2024-12-11 20:13:49.924 66523 INFO tempest.lib.common.rest_client [req-b2f4efc5-45ac-4811-8310-888fc9118f3a req-b2f4efc5-45ac-4811-8310-888fc9118f3a ] Request (AbsoluteLimitsNegativeTestJSON:test_max_metadata_exceed_limit): 200 GET http://10.180.1.21/compute/v2.1/limits 0.421s
2024-12-11 20:13:49.956 66523 INFO tempest.lib.common.rest_client [req-2920a90b-2efe-4422-a6f1-cd26ffc7bc87 req-2920a90b-2efe-4422-a6f1-cd26ffc7bc87 ] Request (AbsoluteLimitsNegativeTestJSON:test_max_metadata_exceed_limit): 201 POST http://10.180.1.21/identity/v3/auth/tokens 0.025s
2024-12-11 20:13:49.956 66523 INFO tempest.lib.common.fixed_network [-] (AbsoluteLimitsNegativeTestJSON:test_max_metadata_exceed_limit) Found network None available for tenant
2024-12-11 20:13:49.976 66561 INFO tempest.lib.common.rest_client [req-82910786-dc9d-47e1-8d8f-1c9e358f8af2 req-82910786-dc9d-47e1-8d8f-1c9e358f8af2 ] Request (ServersAdminTestJSON:setUpClass): 200 GET http://10.180.1.21/compute/v2.1/servers/e621dfd7-d429-4922-a660-d2f2e6385870 0.464s
2024-12-11 20:13:50.028 66563 INFO tempest.lib.common.rest_client [req-1325d7f6-adbb-4a69-85ad-3097ece09985 req-1325d7f6-adbb-4a69-85ad-3097ece09985 ] Request (ImagesNegativeTestJSON:test_create_image_from_deleted_server): 200 GET http://10.180.1.21/compute/v2.1/servers/9f81fa88-6a8c-44c2-be45-2c28d4df5062 0.457s
2024-12-11 20:13:50.412 66505 INFO tempest.lib.common.rest_client [req-a988d4dd-041e-4b22-bc03-7fa8544bbdd0 req-a988d4dd-041e-4b22-bc03-7fa8544bbdd0 ] Request (FloatingIPsAssociationNegativeTestJSON:test_associate_ip_to_server_with_floating_ip): 200 POST http://10.180.1.21/compute/v2.1/os-floating-ips 1.042s
2024-12-11 20:13:50.413 66523 INFO tempest.lib.common.rest_client [req-b187a67e-a7e3-4538-96c8-eef18911991a req-b187a67e-a7e3-4538-96c8-eef18911991a ] Request (AbsoluteLimitsNegativeTestJSON:test_max_metadata_exceed_limit): 403 POST http://10.180.1.21/compute/v2.1/servers 0.456s
2024-12-11 20:13:50.472 66560 INFO tempest.lib.common.rest_client [req-9af4fc4d-6546-4bc5-9851-2fbfd37b5cf0 req-9af4fc4d-6546-4bc5-9851-2fbfd37b5cf0 ] Request (AttachInterfacesUnderV243Test:test_add_remove_fixed_ip): 200 GET http://10.180.1.21/compute/v2.1/servers/39ed78b7-ec3f-404f-84e3-f47ac4f9519d 0.453s
2024-12-11 20:13:50.526 66545 INFO tempest.lib.common.rest_client [req-407496c6-2df1-4f58-8ae5-7b01e3eabb6c req-407496c6-2df1-4f58-8ae5-7b01e3eabb6c ] Request (ServerShowV247Test:test_update_rebuild_list_server): 200 GET http://10.180.1.21/compute/v2.1/servers/09fa1bdb-0403-4e86-a2b7-6b3a1c50f54e 0.438s
2024-12-11 20:13:50.552 66523 INFO tempest.lib.common.rest_client [req-1fb411d7-99a9-4b92-bf0e-d52045b46dad req-1fb411d7-99a9-4b92-bf0e-d52045b46dad ] Request (AbsoluteLimitsNegativeTestJSON:tearDownClass): 204 DELETE http://10.180.1.21/identity/v3/users/0a73c825210a46b3b8c2beb2898ee275 0.134s
2024-12-11 20:13:50.552 66523 INFO tempest.lib.common.dynamic_creds [-] Deleting project and security group for project: 8939f71269084780a7deb6c45970ae9d
2024-12-11 20:13:50.587 66513 INFO tempest.lib.common.rest_client [req-8ca5ff0b-88a4-41e3-a31c-c0f378c9d913 req-8ca5ff0b-88a4-41e3-a31c-c0f378c9d913 ] Request (FloatingIPsAssociationTestJSON:test_associate_already_associated_floating_ip): 200 GET http://10.180.1.21/compute/v2.1/servers/61a92832-9fca-49e7-a1e6-fadd39ed54b1 0.620s
2024-12-11 20:13:50.595 66529 INFO tempest.lib.common.rest_client [req-f022aa72-1d11-4b5a-a744-ffd12e94a83c req-f022aa72-1d11-4b5a-a744-ffd12e94a83c ] Request (ServerDiagnosticsNegativeTest:tearDownClass): 200 GET http://10.180.1.21/compute/v2.1/servers/4d963ae9-fd16-4412-b94c-a8148229f332 0.444s
2024-12-11 20:13:50.619 66523 INFO tempest.lib.common.rest_client [req-68917d91-ee6b-4ae0-b3bb-cceba20c209c req-68917d91-ee6b-4ae0-b3bb-cceba20c209c ] Request (AbsoluteLimitsNegativeTestJSON:tearDownClass): 201 POST http://10.180.1.21/identity/v3/auth/tokens 0.067s
2024-12-11 20:13:50.645 66537 INFO tempest.lib.common.rest_client [req-6003c38f-ff59-47cb-ab1d-83436150c4bb req-6003c38f-ff59-47cb-ab1d-83436150c4bb ] Request (AttachVolumeNegativeTest:test_attach_attached_volume_to_different_server): 200 GET http://10.180.1.21/compute/v2.1/servers/f03a1e87-a324-4bda-9533-46de2402fe92 0.374s
2024-12-11 20:13:50.654 66535 INFO tempest.lib.common.rest_client [req-82e659f6-4dda-4fc4-a906-2d867e7962e0 req-82e659f6-4dda-4fc4-a906-2d867e7962e0 ] Request (ServerActionsTestOtherA:setUpClass): 200 GET http://10.180.1.21/compute/v2.1/servers/f75ea9ed-d5ca-49c3-b705-36ef56c801e2 0.442s
2024-12-11 20:13:50.714 66547 INFO tempest.lib.common.rest_client [req-cfe92004-c59d-4b6a-b0a8-d5f5b1fb000a req-cfe92004-c59d-4b6a-b0a8-d5f5b1fb000a ] Request (ServersTestJSON:test_create_server_with_ipv6_addr_only): 200 GET http://10.180.1.21/compute/v2.1/servers/474592d1-4a20-479d-85a9-a86c846849b5 0.382s
2024-12-11 20:13:50.731 66507 INFO tempest.lib.common.rest_client [req-5d044e84-6aa5-465f-937d-16173d07ecb9 req-5d044e84-6aa5-465f-937d-16173d07ecb9 ] Request (ListServersNegativeTestJSON:setUpClass): 200 GET http://10.180.1.21/compute/v2.1/servers/15a90e03-5481-404e-828d-2ed1dfe6469a 0.351s
2024-12-11 20:13:50.778 66539 INFO tempest.lib.common.rest_client [req-58e9a9e8-f068-4b7a-a732-6cba2493e2dc req-58e9a9e8-f068-4b7a-a732-6cba2493e2dc ] Request (ServerRescueNegativeTestJSON:test_rescued_vm_detach_volume): 200 GET http://10.180.1.21/compute/v2.1/servers/c8f758c5-2ab4-468d-88b7-f18d11b16d8e 0.337s
2024-12-11 20:13:50.840 66551 INFO tempest.lib.common.rest_client [req-cf7a11f0-e38e-4345-82b9-ebb418c5d6aa req-cf7a11f0-e38e-4345-82b9-ebb418c5d6aa ] Request (ImagesOneServerNegativeTestJSON:_run_cleanups): 200 GET http://10.180.1.21/compute/v2.1/servers/53b6aa7b-783c-4083-8110-c5d5e186aa8c 0.392s
2024-12-11 20:13:50.859 66523 INFO tempest.lib.common.rest_client [req-b68ace84-5c19-4e33-9d59-a2a149c00c22 req-b68ace84-5c19-4e33-9d59-a2a149c00c22 ] Request (AbsoluteLimitsNegativeTestJSON:tearDownClass): 200 GET http://10.180.1.21:9696/networking/v2.0/security-groups?tenant_id=8939f71269084780a7deb6c45970ae9d&name=default 0.239s
2024-12-11 20:13:50.896 66511 INFO tempest.lib.common.rest_client [req-d130df08-7252-4a3c-9ba1-5d0546715bd3 req-d130df08-7252-4a3c-9ba1-5d0546715bd3 ] Request (MigrationsAdminTest:test_resize_server_revert_deleted_flavor): 200 GET http://10.180.1.21/compute/v2.1/servers/0cd4fefd-cbde-4ad2-b229-5979b1571b33 0.407s
2024-12-11 20:13:50.948 66565 INFO tempest.lib.common.rest_client [req-480fedbf-b0b5-453f-ac69-b7faaf8af60a req-480fedbf-b0b5-453f-ac69-b7faaf8af60a ] Request (ServerRescueTestJSON:test_rescue_unrescue_instance): 200 GET http://10.180.1.21/compute/v2.1/servers/6a483d36-7cd6-4996-b187-8beb6fc95912 0.445s
2024-12-11 20:13:50.956 66505 INFO tempest.lib.common.rest_client [req-63dd37d4-eb24-4890-9e90-2d1f6710f689 req-63dd37d4-eb24-4890-9e90-2d1f6710f689 ] Request (FloatingIPsAssociationNegativeTestJSON:test_associate_ip_to_server_with_floating_ip): 400 POST http://10.180.1.21/compute/v2.1/servers/77a23b9e-54c9-4629-bb5a-7c6a5e5202a3/action 0.542s
2024-12-11 20:13:50.977 66541 INFO tempest.lib.common.rest_client [req-032ce34b-38ef-47bc-9d98-5c6321b6d0f6 req-032ce34b-38ef-47bc-9d98-5c6321b6d0f6 ] Request (ListImageFiltersTestJSON:setUpClass): 200 GET http://10.180.1.21/compute/v2.1/images/019d9c1f-89a5-4a80-959c-03a97cab5c51 0.458s
2024-12-11 20:13:50.981 66523 INFO tempest.lib.common.rest_client [req-043d75bc-d81b-408a-9ef2-5d39586cc05a req-043d75bc-d81b-408a-9ef2-5d39586cc05a ] Request (AbsoluteLimitsNegativeTestJSON:tearDownClass): 204 DELETE http://10.180.1.21:9696/networking/v2.0/security-groups/b5c3bf89-723f-46f3-9ee4-06646cc9d3cd 0.121s
2024-12-11 20:13:51.011 66515 INFO tempest.lib.common.rest_client [req-4ac48bed-a7d0-490c-b9e2-68a725c9b4bf req-4ac48bed-a7d0-490c-b9e2-68a725c9b4bf ] Request (ImagesTestJSON:test_create_image_from_suspended_server): 200 GET http://10.180.1.21/compute/v2.1/servers/034bdc08-eee7-46cd-a37e-3f621cc593f8 0.427s
2024-12-11 20:13:51.041 66523 INFO tempest.lib.common.rest_client [req-56838526-40c7-40ef-8348-dce604bc0d44 req-56838526-40c7-40ef-8348-dce604bc0d44 ] Request (AbsoluteLimitsNegativeTestJSON:tearDownClass): 204 DELETE http://10.180.1.21/identity/v3/projects/8939f71269084780a7deb6c45970ae9d 0.060s
2024-12-11 20:13:51.072 66509 INFO tempest.lib.common.rest_client [req-3d3d9a59-a247-4adb-b650-d3d2f94679d3 req-3d3d9a59-a247-4adb-b650-d3d2f94679d3 ] Request (ServersAdminNegativeTestJSON:tearDownClass): 200 GET http://10.180.1.21/compute/v2.1/servers/b3ca0f28-6932-4cf9-b58a-568e398640da 0.427s
2024-12-11 20:13:51.107 66523 INFO tempest.lib.common.rest_client [req-7889ce53-7cc3-4a08-8173-c41f3127a2e3 req-7889ce53-7cc3-4a08-8173-c41f3127a2e3 ] Request (ServerTagsTestJSON:setUpClass): 201 POST http://10.180.1.21/identity/v3/auth/tokens 0.065s
2024-12-11 20:13:51.108 66549 INFO tempest.lib.common.rest_client [req-ec22fef9-c2e4-4c57-bf21-00ec568bb0bb req-ec22fef9-c2e4-4c57-bf21-00ec568bb0bb ] Request (ServersTestManualDisk:setUpClass): 200 GET http://10.180.1.21/compute/v2.1/servers/55e951bd-d72e-409a-b69f-f61fe72d96ad 0.480s
2024-12-11 20:13:51.116 66549 INFO tempest.common.waiters [-] State transition "BUILD/spawning" ==> "ACTIVE/None" after 61 second wait
2024-12-11 20:13:51.133 66521 INFO tempest.lib.common.rest_client [req-1fe20786-2ef3-40c8-90c6-ef34e6d9d1a3 req-1fe20786-2ef3-40c8-90c6-ef34e6d9d1a3 ] Request (ServerExternalEventsTest:tearDownClass): 200 GET http://10.180.1.21/compute/v2.1/servers/8050a7a8-fe9d-462e-8301-738134742730 0.442s
2024-12-11 20:13:51.135 66523 INFO tempest.lib.common.rest_client [req-fdb8c8e0-cde9-4cc3-ac39-de5e89eba211 req-fdb8c8e0-cde9-4cc3-ac39-de5e89eba211 ] Request (ServerTagsTestJSON:setUpClass): 201 POST http://10.180.1.21/identity/v3/auth/tokens 0.025s
2024-12-11 20:13:51.156 66531 INFO tempest.lib.common.rest_client [req-41a6be96-5603-45c9-96bf-aae270e28c36 req-41a6be96-5603-45c9-96bf-aae270e28c36 ] Request (SecurityGroupsTestJSON:test_server_security_groups): 200 GET http://10.180.1.21/compute/v2.1/servers/0861abe8-7840-4a5b-ac67-ae8576f66303 0.416s
2024-12-11 20:13:51.162 66523 INFO tempest.lib.common.rest_client [req-17617957-3483-4d01-a508-ece2f9f0850d req-17617957-3483-4d01-a508-ece2f9f0850d ] Request (ServerTagsTestJSON:setUpClass): 200 GET http://10.180.1.21/identity/v3/domains?name=Default 0.027s
2024-12-11 20:13:51.196 66523 INFO tempest.lib.common.rest_client [req-db095a2e-cf86-43d0-9bec-bc6bb6aeceba req-db095a2e-cf86-43d0-9bec-bc6bb6aeceba ] Request (ServerTagsTestJSON:setUpClass): 201 POST http://10.180.1.21/identity/v3/projects 0.033s
2024-12-11 20:13:51.256 66523 INFO tempest.lib.common.rest_client [req-f159c36e-6cd5-4dae-983f-c94d005c3d61 req-f159c36e-6cd5-4dae-983f-c94d005c3d61 ] Request (ServerTagsTestJSON:setUpClass): 201 POST http://10.180.1.21/identity/v3/users 0.059s
2024-12-11 20:13:51.280 66523 INFO tempest.lib.common.rest_client [req-895fae2a-c284-494a-a872-bd1f28fecae7 req-895fae2a-c284-494a-a872-bd1f28fecae7 ] Request (ServerTagsTestJSON:setUpClass): 200 GET http://10.180.1.21/identity/v3/roles 0.024s
2024-12-11 20:13:51.308 66503 INFO tempest.lib.common.rest_client [req-2747c95e-5c09-4221-96f3-b420ca911c01 req-2747c95e-5c09-4221-96f3-b420ca911c01 ] Request (ServersTestMultiNic:test_verify_duplicate_network_nics): 200 GET http://10.180.1.21/compute/v2.1/servers/0f6f32a9-b116-42a3-a7d6-8544cfbb6c4a 0.472s
2024-12-11 20:13:51.315 66523 INFO tempest.lib.common.rest_client [req-dad69634-80dc-481a-a503-6bc68a5d466d req-dad69634-80dc-481a-a503-6bc68a5d466d ] Request (ServerTagsTestJSON:setUpClass): 204 PUT http://10.180.1.21/identity/v3/projects/34c685d9f2a246f7b33a6a5826344f7f/users/286d7d097cce487eb2f2f8893f031827/roles/a5cf5635348542be8f7dc01df17b6558 0.034s
2024-12-11 20:13:51.315 66523 INFO tempest.lib.common.dynamic_creds [-] Dynamic test user 286d7d097cce487eb2f2f8893f031827 is created with scope project and roles: ['member']
2024-12-11 20:13:51.315 66523 INFO tempest.lib.common.dynamic_creds [-] Acquired dynamic creds: credentials: Credentials: {'domain_id': 'default', 'domain_name': 'Default', 'username': 'tempest-ServerTagsTestJSON-2078220264-project-member', 'project_domain_id': 'default', 'project_domain_name': 'Default', 'project_id': '34c685d9f2a246f7b33a6a5826344f7f', 'project_name': 'tempest-ServerTagsTestJSON-2078220264', 'tenant_id': '34c685d9f2a246f7b33a6a5826344f7f', 'tenant_name': 'tempest-ServerTagsTestJSON-2078220264', 'user_domain_id': 'default', 'user_domain_name': 'Default', 'user_id': '286d7d097cce487eb2f2f8893f031827', 'system': None}, Network: None, Subnet: None, Router: None
2024-12-11 20:13:51.377 66561 INFO tempest.lib.common.rest_client [req-767bea20-fd26-47c3-9c77-622e864584d0 req-767bea20-fd26-47c3-9c77-622e864584d0 ] Request (ServersAdminTestJSON:setUpClass): 200 GET http://10.180.1.21/compute/v2.1/servers/e621dfd7-d429-4922-a660-d2f2e6385870 0.393s
2024-12-11 20:13:51.391 66523 INFO tempest.lib.common.rest_client [req-c311c85f-2435-4cff-8150-f3508b4c5202 req-c311c85f-2435-4cff-8150-f3508b4c5202 ] Request (ServerTagsTestJSON:setUpClass): 201 POST http://10.180.1.21/identity/v3/auth/tokens 0.075s
2024-12-11 20:13:51.429 66563 INFO tempest.lib.common.rest_client [req-628a580f-141b-4a26-b732-05ceebbf1b9e req-628a580f-141b-4a26-b732-05ceebbf1b9e ] Request (ImagesNegativeTestJSON:test_create_image_from_deleted_server): 200 GET http://10.180.1.21/compute/v2.1/servers/9f81fa88-6a8c-44c2-be45-2c28d4df5062 0.389s
2024-12-11 20:13:51.438 66563 INFO tempest.common.waiters [-] State transition "BUILD/scheduling" ==> "BUILD/None" after 40 second wait
2024-12-11 20:13:51.498 66549 INFO tempest.lib.common.rest_client [req-6fce51e9-2edf-499d-8bea-b958fee3fd7b req-6fce51e9-2edf-499d-8bea-b958fee3fd7b ] Request (ServersTestManualDisk:setUpClass): 200 GET http://10.180.1.21/compute/v2.1/servers/55e951bd-d72e-409a-b69f-f61fe72d96ad/os-interface 0.381s
2024-12-11 20:13:51.566 66560 INFO tempest.lib.common.rest_client [req-cbdbfee6-df25-41d3-ba25-08471eb10599 req-cbdbfee6-df25-41d3-ba25-08471eb10599 ] Request (AttachInterfacesUnderV243Test:test_add_remove_fixed_ip): 200 GET http://10.180.1.21/compute/v2.1/servers/39ed78b7-ec3f-404f-84e3-f47ac4f9519d 0.085s
2024-12-11 20:13:51.638 66545 INFO tempest.lib.common.rest_client [req-661f6e88-8687-4a33-ada6-2a4b1c035d9d req-661f6e88-8687-4a33-ada6-2a4b1c035d9d ] Request (ServerShowV247Test:test_update_rebuild_list_server): 200 GET http://10.180.1.21/compute/v2.1/servers/09fa1bdb-0403-4e86-a2b7-6b3a1c50f54e 0.103s
2024-12-11 20:13:51.661 66505 INFO tempest.lib.common.rest_client [req-9d4cb157-7d73-4adf-95cc-79ba9e1080bc req-9d4cb157-7d73-4adf-95cc-79ba9e1080bc ] Request (FloatingIPsAssociationNegativeTestJSON:_run_cleanups): 202 DELETE http://10.180.1.21/compute/v2.1/os-floating-ips/50bbbbc2-8739-4e1a-a6d9-40452297c343 0.704s
2024-12-11 20:13:51.737 66529 INFO tempest.lib.common.rest_client [req-b6ef3004-b539-4513-8188-a208ba248fe9 req-b6ef3004-b539-4513-8188-a208ba248fe9 ] Request (ServerDiagnosticsNegativeTest:tearDownClass): 200 GET http://10.180.1.21/compute/v2.1/servers/4d963ae9-fd16-4412-b94c-a8148229f332 0.129s
2024-12-11 20:13:51.797 66537 INFO tempest.lib.common.rest_client [req-38c256b4-d051-44d6-b5d5-d10e8c6b70ed req-38c256b4-d051-44d6-b5d5-d10e8c6b70ed ] Request (AttachVolumeNegativeTest:test_attach_attached_volume_to_different_server): 200 GET http://10.180.1.21/compute/v2.1/servers/f03a1e87-a324-4bda-9533-46de2402fe92 0.143s
2024-12-11 20:13:51.913 66513 INFO tempest.lib.common.rest_client [req-b4956bb2-f0aa-43af-8722-8552101a8428 req-b4956bb2-f0aa-43af-8722-8552101a8428 ] Request (FloatingIPsAssociationTestJSON:test_associate_already_associated_floating_ip): 200 GET http://10.180.1.21/compute/v2.1/servers/61a92832-9fca-49e7-a1e6-fadd39ed54b1 0.317s
2024-12-11 20:13:51.978 66523 INFO tempest.lib.common.rest_client [req-9fa9de3a-013d-41de-b132-5e616ed3938c req-9fa9de3a-013d-41de-b132-5e616ed3938c ] Request (ServerTagsTestJSON:setUpClass): 201 POST http://10.180.1.21:9696/networking/v2.0/networks 0.586s
2024-12-11 20:13:51.984 66535 INFO tempest.lib.common.rest_client [req-8fd563e2-4d90-406c-a6cf-b1a2dd03e662 req-8fd563e2-4d90-406c-a6cf-b1a2dd03e662 ] Request (ServerActionsTestOtherA:setUpClass): 200 GET http://10.180.1.21/compute/v2.1/servers/f75ea9ed-d5ca-49c3-b705-36ef56c801e2 0.321s
2024-12-11 20:13:52.040 66547 INFO tempest.lib.common.rest_client [req-51805959-c644-4261-a852-7a0ea9b1bf80 req-51805959-c644-4261-a852-7a0ea9b1bf80 ] Request (ServersTestJSON:test_create_server_with_ipv6_addr_only): 200 GET http://10.180.1.21/compute/v2.1/servers/474592d1-4a20-479d-85a9-a86c846849b5 0.316s
2024-12-11 20:13:52.099 66507 INFO tempest.lib.common.rest_client [req-c92980be-82b8-4580-a92f-c4956dabbb61 req-c92980be-82b8-4580-a92f-c4956dabbb61 ] Request (ListServersNegativeTestJSON:setUpClass): 200 GET http://10.180.1.21/compute/v2.1/servers/15a90e03-5481-404e-828d-2ed1dfe6469a 0.354s
2024-12-11 20:13:52.165 66539 INFO tempest.lib.common.rest_client [req-90abec2a-a59d-4323-b33c-e5a37595edc6 req-90abec2a-a59d-4323-b33c-e5a37595edc6 ] Request (ServerRescueNegativeTestJSON:test_rescued_vm_detach_volume): 200 GET http://10.180.1.21/compute/v2.1/servers/c8f758c5-2ab4-468d-88b7-f18d11b16d8e 0.377s
2024-12-11 20:13:52.233 66551 INFO tempest.lib.common.rest_client [req-8b2f25c0-beb2-405a-a202-b79633a16e2f req-8b2f25c0-beb2-405a-a202-b79633a16e2f ] Request (ImagesOneServerNegativeTestJSON:_run_cleanups): 200 GET http://10.180.1.21/compute/v2.1/servers/53b6aa7b-783c-4083-8110-c5d5e186aa8c 0.385s
2024-12-11 20:13:52.262 66549 INFO tempest.lib.common.rest_client [req-05da64fa-f8d3-4cff-bd96-64aafc7dae3c req-05da64fa-f8d3-4cff-bd96-64aafc7dae3c ] Request (ServersTestManualDisk:setUpClass): 200 PUT http://10.180.1.21:9696/networking/v2.0/floatingips/905d968d-ba5b-4cb2-9d21-ffba93437801 0.762s
2024-12-11 20:13:52.298 66511 INFO tempest.lib.common.rest_client [req-18c6664f-b38c-4c95-a25f-5ae6e5049055 req-18c6664f-b38c-4c95-a25f-5ae6e5049055 ] Request (MigrationsAdminTest:test_resize_server_revert_deleted_flavor): 200 GET http://10.180.1.21/compute/v2.1/servers/0cd4fefd-cbde-4ad2-b229-5979b1571b33 0.396s
2024-12-11 20:13:52.330 66523 INFO tempest.lib.common.rest_client [req-a1aababb-cc75-4f42-8c53-f9a3d87e3092 req-a1aababb-cc75-4f42-8c53-f9a3d87e3092 ] Request (ServerTagsTestJSON:setUpClass): 201 POST http://10.180.1.21:9696/networking/v2.0/subnets 0.352s
2024-12-11 20:13:52.351 66565 INFO tempest.lib.common.rest_client [req-da54cd3a-0636-4db7-ac61-15f331b42448 req-da54cd3a-0636-4db7-ac61-15f331b42448 ] Request (ServerRescueTestJSON:test_rescue_unrescue_instance): 200 GET http://10.180.1.21/compute/v2.1/servers/6a483d36-7cd6-4996-b187-8beb6fc95912 0.396s
2024-12-11 20:13:52.397 66541 INFO tempest.lib.common.rest_client [req-d63ba5ca-ccce-47fa-b747-10141b95dd5e req-d63ba5ca-ccce-47fa-b747-10141b95dd5e ] Request (ListImageFiltersTestJSON:setUpClass): 200 GET http://10.180.1.21/compute/v2.1/images/019d9c1f-89a5-4a80-959c-03a97cab5c51 0.416s
2024-12-11 20:13:52.446 66515 INFO tempest.lib.common.rest_client [req-289bf012-5c60-4de1-bf99-ddf0921db7f0 req-289bf012-5c60-4de1-bf99-ddf0921db7f0 ] Request (ImagesTestJSON:test_create_image_from_suspended_server): 200 GET http://10.180.1.21/compute/v2.1/servers/034bdc08-eee7-46cd-a37e-3f621cc593f8 0.427s
2024-12-11 20:13:52.538 66509 INFO tempest.lib.common.rest_client [req-7b659e6c-7d38-47ce-801b-f434e677dd42 req-7b659e6c-7d38-47ce-801b-f434e677dd42 ] Request (ServersAdminNegativeTestJSON:tearDownClass): 200 GET http://10.180.1.21/compute/v2.1/servers/b3ca0f28-6932-4cf9-b58a-568e398640da 0.458s
2024-12-11 20:13:52.605 66521 INFO tempest.lib.common.rest_client [req-4f12fad7-6182-4332-9c09-7fee765a2f74 req-4f12fad7-6182-4332-9c09-7fee765a2f74 ] Request (ServerExternalEventsTest:tearDownClass): 200 GET http://10.180.1.21/compute/v2.1/servers/8050a7a8-fe9d-462e-8301-738134742730 0.465s
2024-12-11 20:13:52.660 66531 INFO tempest.lib.common.rest_client [req-95fae28d-46bc-465a-a47d-9c3ab6604c9f req-95fae28d-46bc-465a-a47d-9c3ab6604c9f ] Request (SecurityGroupsTestJSON:test_server_security_groups): 200 GET http://10.180.1.21/compute/v2.1/servers/0861abe8-7840-4a5b-ac67-ae8576f66303 0.497s
2024-12-11 20:13:52.826 66549 INFO tempest.lib.common.rest_client [req-c970b9d5-d7e6-4307-a59b-404154211a84 req-c970b9d5-d7e6-4307-a59b-404154211a84 ] Request (ServersTestManualDisk:setUpClass): 200 GET http://10.180.1.21/compute/v2.1/servers/55e951bd-d72e-409a-b69f-f61fe72d96ad 0.563s
2024-12-11 20:13:52.836 66549 INFO tempest.lib.common.ssh [-] Creating ssh connection to '10.180.180.188:22' as 'cirros' with public key authentication
2024-12-11 20:13:52.866 66517 WARNING tempest.lib.common.ssh [-] Failed to establish authenticated ssh connection to cirros@10.180.180.179 ([Errno None] Unable to connect to port 22 on 10.180.180.179). Number attempts: 10. Retry after 11 seconds.: paramiko.ssh_exception.NoValidConnectionsError: [Errno None] Unable to connect to port 22 on 10.180.180.179
2024-12-11 20:13:52.925 66503 INFO tempest.lib.common.rest_client [req-aa16d1d6-ffc9-4b4a-966f-07b278bb12ad req-aa16d1d6-ffc9-4b4a-966f-07b278bb12ad ] Request (ServersTestMultiNic:test_verify_duplicate_network_nics): 200 GET http://10.180.1.21/compute/v2.1/servers/0f6f32a9-b116-42a3-a7d6-8544cfbb6c4a 0.610s
2024-12-11 20:13:52.976 66561 INFO tempest.lib.common.rest_client [req-096f6bbe-0c08-4904-93df-59387ecdbe17 req-096f6bbe-0c08-4904-93df-59387ecdbe17 ] Request (ServersAdminTestJSON:setUpClass): 200 GET http://10.180.1.21/compute/v2.1/servers/e621dfd7-d429-4922-a660-d2f2e6385870 0.593s
2024-12-11 20:13:53.028 66563 INFO tempest.lib.common.rest_client [req-857cb9a3-d57d-43b1-9d09-61a1828e65e3 req-857cb9a3-d57d-43b1-9d09-61a1828e65e3 ] Request (ImagesNegativeTestJSON:test_create_image_from_deleted_server): 200 GET http://10.180.1.21/compute/v2.1/servers/9f81fa88-6a8c-44c2-be45-2c28d4df5062 0.589s
2024-12-11 20:13:53.057 66505 INFO tempest.lib.common.rest_client [req-1ffd7bdc-ced2-411a-a396-7e592cf2505b req-1ffd7bdc-ced2-411a-a396-7e592cf2505b ] Request (FloatingIPsAssociationNegativeTestJSON:_run_cleanups): 202 POST http://10.180.1.21/compute/v2.1/servers/77a23b9e-54c9-4629-bb5a-7c6a5e5202a3/action 1.396s
2024-12-11 20:13:53.097 66560 INFO tempest.lib.common.rest_client [req-3112dc3d-cc00-46f9-bc3d-6e177fced060 req-3112dc3d-cc00-46f9-bc3d-6e177fced060 ] Request (AttachInterfacesUnderV243Test:test_add_remove_fixed_ip): 200 GET http://10.180.1.21/compute/v2.1/servers/39ed78b7-ec3f-404f-84e3-f47ac4f9519d 0.521s
2024-12-11 20:13:53.144 66545 INFO tempest.lib.common.rest_client [req-3c7d3b4b-4218-47f4-b6d7-82e05eed7e0d req-3c7d3b4b-4218-47f4-b6d7-82e05eed7e0d ] Request (ServerShowV247Test:test_update_rebuild_list_server): 200 GET http://10.180.1.21/compute/v2.1/servers/09fa1bdb-0403-4e86-a2b7-6b3a1c50f54e 0.490s
2024-12-11 20:13:53.152 66545 INFO tempest.common.waiters [-] State transition "BUILD/None" ==> "BUILD/block_device_mapping" after 57 second wait
2024-12-11 20:13:53.158 66529 INFO tempest.lib.common.rest_client [req-0866a7f5-1884-4895-830b-2582f955b16c req-0866a7f5-1884-4895-830b-2582f955b16c ] Request (ServerDiagnosticsNegativeTest:tearDownClass): 200 GET http://10.180.1.21/compute/v2.1/servers/4d963ae9-fd16-4412-b94c-a8148229f332 0.406s
2024-12-11 20:13:53.257 66513 INFO tempest.lib.common.rest_client [req-3aa62fd6-afe1-42e6-a676-477b7ed71e78 req-3aa62fd6-afe1-42e6-a676-477b7ed71e78 ] Request (FloatingIPsAssociationTestJSON:test_associate_already_associated_floating_ip): 200 GET http://10.180.1.21/compute/v2.1/servers/61a92832-9fca-49e7-a1e6-fadd39ed54b1 0.331s
2024-12-11 20:13:53.270 66513 INFO tempest.common.waiters [-] State transition "BUILD/spawning" ==> "ACTIVE/None" after 60 second wait
2024-12-11 20:13:53.307 66535 INFO tempest.lib.common.rest_client [req-186d3483-5042-4542-bb10-3cf10fbb6df8 req-186d3483-5042-4542-bb10-3cf10fbb6df8 ] Request (ServerActionsTestOtherA:setUpClass): 200 GET http://10.180.1.21/compute/v2.1/servers/f75ea9ed-d5ca-49c3-b705-36ef56c801e2 0.316s
2024-12-11 20:13:53.361 66547 INFO tempest.lib.common.rest_client [req-a71b447c-e9d6-4afc-a92a-52cb74641b93 req-a71b447c-e9d6-4afc-a92a-52cb74641b93 ] Request (ServersTestJSON:test_create_server_with_ipv6_addr_only): 200 GET http://10.180.1.21/compute/v2.1/servers/474592d1-4a20-479d-85a9-a86c846849b5 0.312s
2024-12-11 20:13:53.460 66537 INFO tempest.lib.common.rest_client [req-3a875a5b-1211-4531-9bd0-db78c05069d0 req-3a875a5b-1211-4531-9bd0-db78c05069d0 ] Request (AttachVolumeNegativeTest:test_attach_attached_volume_to_different_server): 200 GET http://10.180.1.21/compute/v2.1/servers/f03a1e87-a324-4bda-9533-46de2402fe92 0.651s
2024-12-11 20:13:53.580 66507 INFO tempest.lib.common.rest_client [req-477db933-4140-4983-9146-eec8c1883196 req-477db933-4140-4983-9146-eec8c1883196 ] Request (ListServersNegativeTestJSON:setUpClass): 200 GET http://10.180.1.21/compute/v2.1/servers/15a90e03-5481-404e-828d-2ed1dfe6469a 0.473s
2024-12-11 20:13:53.657 66539 INFO tempest.lib.common.rest_client [req-d22ef8b7-42cc-4a34-99d1-68fd9f715a0c req-d22ef8b7-42cc-4a34-99d1-68fd9f715a0c ] Request (ServerRescueNegativeTestJSON:test_rescued_vm_detach_volume): 200 GET http://10.180.1.21/compute/v2.1/servers/c8f758c5-2ab4-468d-88b7-f18d11b16d8e 0.485s
2024-12-11 20:13:53.728 66505 INFO tempest.lib.common.rest_client [req-f2ea518a-ce8f-4175-b0e9-6009745e8507 req-f2ea518a-ce8f-4175-b0e9-6009745e8507 ] Request (FloatingIPsAssociationNegativeTestJSON:_run_cleanups): 202 DELETE http://10.180.1.21/compute/v2.1/os-floating-ips/bbe69e53-63e5-4e7e-82c1-577a23d68751 0.670s
2024-12-11 20:13:53.758 66551 INFO tempest.lib.common.rest_client [req-34119615-a6a5-47de-80b9-167ff3a029be req-34119615-a6a5-47de-80b9-167ff3a029be ] Request (ImagesOneServerNegativeTestJSON:_run_cleanups): 200 GET http://10.180.1.21/compute/v2.1/servers/53b6aa7b-783c-4083-8110-c5d5e186aa8c 0.516s
2024-12-11 20:13:53.760 66543 WARNING tempest.lib.common.ssh [-] Failed to establish authenticated ssh connection to cirros@10.180.180.130 ([Errno None] Unable to connect to port 22 on 10.180.180.130). Number attempts: 10. Retry after 11 seconds.: paramiko.ssh_exception.NoValidConnectionsError: [Errno None] Unable to connect to port 22 on 10.180.180.130
2024-12-11 20:13:53.840 66511 INFO tempest.lib.common.rest_client [req-fbeb4b29-00d9-4eec-bc20-fe9a5bb2c73f req-fbeb4b29-00d9-4eec-bc20-fe9a5bb2c73f ] Request (MigrationsAdminTest:test_resize_server_revert_deleted_flavor): 200 GET http://10.180.1.21/compute/v2.1/servers/0cd4fefd-cbde-4ad2-b229-5979b1571b33 0.529s
2024-12-11 20:13:53.917 66565 INFO tempest.lib.common.rest_client [req-732850f0-ae3b-4cf0-b0fa-a9ad382a8cd7 req-732850f0-ae3b-4cf0-b0fa-a9ad382a8cd7 ] Request (ServerRescueTestJSON:test_rescue_unrescue_instance): 200 GET http://10.180.1.21/compute/v2.1/servers/6a483d36-7cd6-4996-b187-8beb6fc95912 0.556s
2024-12-11 20:13:53.949 66541 INFO tempest.lib.common.rest_client [req-17fbc07d-fd39-449e-9ac8-64e5a3790fb0 req-17fbc07d-fd39-449e-9ac8-64e5a3790fb0 ] Request (ListImageFiltersTestJSON:setUpClass): 200 GET http://10.180.1.21/compute/v2.1/images/019d9c1f-89a5-4a80-959c-03a97cab5c51 0.547s
2024-12-11 20:13:54.009 66515 INFO tempest.lib.common.rest_client [req-902de3c1-cf3a-493e-8722-38bd0d7eaf1c req-902de3c1-cf3a-493e-8722-38bd0d7eaf1c ] Request (ImagesTestJSON:test_create_image_from_suspended_server): 200 GET http://10.180.1.21/compute/v2.1/servers/034bdc08-eee7-46cd-a37e-3f621cc593f8 0.554s
2024-12-11 20:13:54.047 66523 INFO tempest.lib.common.rest_client [req-219bcdc0-257d-4aa4-bf92-221cc98d40a1 req-219bcdc0-257d-4aa4-bf92-221cc98d40a1 ] Request (ServerTagsTestJSON:setUpClass): 201 POST http://10.180.1.21:9696/networking/v2.0/routers 1.716s
2024-12-11 20:13:54.089 66509 INFO tempest.lib.common.rest_client [req-5f4c866b-3f87-4b4a-8157-0627aeaf3079 req-5f4c866b-3f87-4b4a-8157-0627aeaf3079 ] Request (ServersAdminNegativeTestJSON:tearDownClass): 200 GET http://10.180.1.21/compute/v2.1/servers/b3ca0f28-6932-4cf9-b58a-568e398640da 0.540s
2024-12-11 20:13:54.163 66521 INFO tempest.lib.common.rest_client [req-6585325b-1433-4a44-b823-a22166f42a59 req-6585325b-1433-4a44-b823-a22166f42a59 ] Request (ServerExternalEventsTest:tearDownClass): 200 GET http://10.180.1.21/compute/v2.1/servers/8050a7a8-fe9d-462e-8301-738134742730 0.548s
2024-12-11 20:13:54.209 66531 INFO tempest.lib.common.rest_client [req-705e2653-45be-4780-a96f-9421fbb32723 req-705e2653-45be-4780-a96f-9421fbb32723 ] Request (SecurityGroupsTestJSON:test_server_security_groups): 200 GET http://10.180.1.21/compute/v2.1/servers/0861abe8-7840-4a5b-ac67-ae8576f66303 0.541s
2024-12-11 20:13:54.217 66505 INFO tempest.lib.common.rest_client [req-40431b32-8929-4410-b4cb-ab27025fc759 req-40431b32-8929-4410-b4cb-ab27025fc759 ] Request (FloatingIPsAssociationNegativeTestJSON:test_associate_ip_to_server_without_passing_floating_ip): 400 POST http://10.180.1.21/compute/v2.1/servers/77a23b9e-54c9-4629-bb5a-7c6a5e5202a3/action 0.488s
2024-12-11 20:13:54.504 66503 INFO tempest.lib.common.rest_client [req-c48b314d-a27f-4e58-9ee7-2e05642e04bb req-c48b314d-a27f-4e58-9ee7-2e05642e04bb ] Request (ServersTestMultiNic:test_verify_duplicate_network_nics): 200 GET http://10.180.1.21/compute/v2.1/servers/0f6f32a9-b116-42a3-a7d6-8544cfbb6c4a 0.571s
2024-12-11 20:13:54.586 66561 INFO tempest.lib.common.rest_client [req-ad586fb5-71dc-4f9a-80f1-2b28c3adc4b9 req-ad586fb5-71dc-4f9a-80f1-2b28c3adc4b9 ] Request (ServersAdminTestJSON:setUpClass): 200 GET http://10.180.1.21/compute/v2.1/servers/e621dfd7-d429-4922-a660-d2f2e6385870 0.601s
2024-12-11 20:13:54.636 66563 INFO tempest.lib.common.rest_client [req-a6453146-c8ad-4006-8055-40e89100f8a0 req-a6453146-c8ad-4006-8055-40e89100f8a0 ] Request (ImagesNegativeTestJSON:test_create_image_from_deleted_server): 200 GET http://10.180.1.21/compute/v2.1/servers/9f81fa88-6a8c-44c2-be45-2c28d4df5062 0.593s
2024-12-11 20:13:54.637 66513 INFO tempest.lib.common.rest_client [req-3cc73212-b7b4-4d18-b4f3-0e0bb79bc8e9 req-3cc73212-b7b4-4d18-b4f3-0e0bb79bc8e9 ] Request (FloatingIPsAssociationTestJSON:test_associate_already_associated_floating_ip): 202 POST http://10.180.1.21/compute/v2.1/servers/d78810bc-5406-4c10-87ee-1f7e65f68807/action 1.366s
2024-12-11 20:13:54.696 66560 INFO tempest.lib.common.rest_client [req-f4b0b04d-7d31-4807-b235-a55731f1f938 req-f4b0b04d-7d31-4807-b235-a55731f1f938 ] Request (AttachInterfacesUnderV243Test:test_add_remove_fixed_ip): 200 GET http://10.180.1.21/compute/v2.1/servers/39ed78b7-ec3f-404f-84e3-f47ac4f9519d 0.592s
2024-12-11 20:13:54.702 66545 INFO tempest.lib.common.rest_client [req-1febaa55-2ac0-4574-a969-a1b5d0e1d6cb req-1febaa55-2ac0-4574-a969-a1b5d0e1d6cb ] Request (ServerShowV247Test:test_update_rebuild_list_server): 200 GET http://10.180.1.21/compute/v2.1/servers/09fa1bdb-0403-4e86-a2b7-6b3a1c50f54e 0.549s
2024-12-11 20:13:54.711 66545 INFO tempest.common.waiters [-] State transition "BUILD/block_device_mapping" ==> "BUILD/spawning" after 58 second wait
2024-12-11 20:13:54.764 66529 INFO tempest.lib.common.rest_client [req-cdc434d6-d2bf-43d4-9a01-ad0c4337dfef req-cdc434d6-d2bf-43d4-9a01-ad0c4337dfef ] Request (ServerDiagnosticsNegativeTest:tearDownClass): 200 GET http://10.180.1.21/compute/v2.1/servers/4d963ae9-fd16-4412-b94c-a8148229f332 0.593s
2024-12-11 20:13:54.805 66505 INFO tempest.lib.common.rest_client [req-e3d7a71c-19d7-4c48-aa41-8d4ee5ae7b55 req-e3d7a71c-19d7-4c48-aa41-8d4ee5ae7b55 ] Request (FloatingIPsAssociationNegativeTestJSON:test_associate_nonexistent_floating_ip): 404 POST http://10.180.1.21/compute/v2.1/servers/77a23b9e-54c9-4629-bb5a-7c6a5e5202a3/action 0.585s
2024-12-11 20:13:54.835 66535 INFO tempest.lib.common.rest_client [req-31763314-27af-4eb0-abee-532823413636 req-31763314-27af-4eb0-abee-532823413636 ] Request (ServerActionsTestOtherA:setUpClass): 200 GET http://10.180.1.21/compute/v2.1/servers/f75ea9ed-d5ca-49c3-b705-36ef56c801e2 0.521s
2024-12-11 20:13:54.870 66547 INFO tempest.lib.common.rest_client [req-284d28d6-bf4c-479d-ad4b-b18d9b5c0d17 req-284d28d6-bf4c-479d-ad4b-b18d9b5c0d17 ] Request (ServersTestJSON:test_create_server_with_ipv6_addr_only): 200 GET http://10.180.1.21/compute/v2.1/servers/474592d1-4a20-479d-85a9-a86c846849b5 0.502s
2024-12-11 20:13:54.897 66537 INFO tempest.lib.common.rest_client [req-31567865-f4ab-4c98-9693-56bf30e488f1 req-31567865-f4ab-4c98-9693-56bf30e488f1 ] Request (AttachVolumeNegativeTest:test_attach_attached_volume_to_different_server): 200 GET http://10.180.1.21/compute/v2.1/servers/f03a1e87-a324-4bda-9533-46de2402fe92 0.428s
2024-12-11 20:13:54.955 66507 INFO tempest.lib.common.rest_client [req-5d72bd2c-dcbd-44e9-91dd-09a48c03daa1 req-5d72bd2c-dcbd-44e9-91dd-09a48c03daa1 ] Request (ListServersNegativeTestJSON:setUpClass): 200 GET http://10.180.1.21/compute/v2.1/servers/15a90e03-5481-404e-828d-2ed1dfe6469a 0.368s
2024-12-11 20:13:55.033 66539 INFO tempest.lib.common.rest_client [req-3cd3467d-8167-4d41-9626-55bdbd62dff4 req-3cd3467d-8167-4d41-9626-55bdbd62dff4 ] Request (ServerRescueNegativeTestJSON:test_rescued_vm_detach_volume): 200 GET http://10.180.1.21/compute/v2.1/servers/c8f758c5-2ab4-468d-88b7-f18d11b16d8e 0.367s
2024-12-11 20:13:55.080 66551 INFO tempest.lib.common.rest_client [req-19091a16-d64a-4e21-a423-f7917ac4a931 req-19091a16-d64a-4e21-a423-f7917ac4a931 ] Request (ImagesOneServerNegativeTestJSON:_run_cleanups): 404 GET http://10.180.1.21/compute/v2.1/servers/53b6aa7b-783c-4083-8110-c5d5e186aa8c 0.310s
2024-12-11 20:13:55.121 66505 INFO tempest.lib.common.rest_client [req-1f3cd412-b7f6-438a-980f-5dfa894436d9 req-1f3cd412-b7f6-438a-980f-5dfa894436d9 ] Request (FloatingIPsAssociationNegativeTestJSON:test_dissociate_nonexistent_floating_ip): 404 POST http://10.180.1.21/compute/v2.1/servers/77a23b9e-54c9-4629-bb5a-7c6a5e5202a3/action 0.313s
2024-12-11 20:13:55.193 66511 INFO tempest.lib.common.rest_client [req-864fb403-3fb0-402c-b000-2b7189b29efe req-864fb403-3fb0-402c-b000-2b7189b29efe ] Request (MigrationsAdminTest:test_resize_server_revert_deleted_flavor): 200 GET http://10.180.1.21/compute/v2.1/servers/0cd4fefd-cbde-4ad2-b229-5979b1571b33 0.344s
2024-12-11 20:13:55.259 66565 INFO tempest.lib.common.rest_client [req-d3f5ac84-ce39-4173-b0d1-234576ccbece req-d3f5ac84-ce39-4173-b0d1-234576ccbece ] Request (ServerRescueTestJSON:test_rescue_unrescue_instance): 200 GET http://10.180.1.21/compute/v2.1/servers/6a483d36-7cd6-4996-b187-8beb6fc95912 0.333s
2024-12-11 20:13:55.307 66541 INFO tempest.lib.common.rest_client [req-9a788e55-6a4a-4e47-832b-9df25e9d2024 req-9a788e55-6a4a-4e47-832b-9df25e9d2024 ] Request (ListImageFiltersTestJSON:setUpClass): 200 GET http://10.180.1.21/compute/v2.1/images/019d9c1f-89a5-4a80-959c-03a97cab5c51 0.356s
2024-12-11 20:13:55.383 66515 INFO tempest.lib.common.rest_client [req-5c2c5b58-8d19-413a-9d70-8a36cd8fc3af req-5c2c5b58-8d19-413a-9d70-8a36cd8fc3af ] Request (ImagesTestJSON:test_create_image_from_suspended_server): 200 GET http://10.180.1.21/compute/v2.1/servers/034bdc08-eee7-46cd-a37e-3f621cc593f8 0.365s
2024-12-11 20:13:55.422 66551 INFO tempest.lib.common.rest_client [req-cb402f27-5a76-4e05-b558-d3b2ccb10b4e req-cb402f27-5a76-4e05-b558-d3b2ccb10b4e ] Request (ImagesOneServerNegativeTestJSON:_run_cleanups): 200 POST http://10.180.1.21/compute/v2.1/os-keypairs 0.341s
2024-12-11 20:13:55.529 66509 INFO tempest.lib.common.rest_client [req-aab27334-292f-4eec-bb51-7609e18b509c req-aab27334-292f-4eec-bb51-7609e18b509c ] Request (ServersAdminNegativeTestJSON:tearDownClass): 200 GET http://10.180.1.21/compute/v2.1/servers/b3ca0f28-6932-4cf9-b58a-568e398640da 0.434s
2024-12-11 20:13:55.620 66551 INFO tempest.lib.common.rest_client [req-a953ba2b-7d20-4633-8114-cec3d5a4dfa8 req-a953ba2b-7d20-4633-8114-cec3d5a4dfa8 ] Request (ImagesOneServerNegativeTestJSON:_run_cleanups): 201 POST http://10.180.1.21:9696/networking/v2.0/security-groups 0.195s
2024-12-11 20:13:55.629 66523 INFO tempest.lib.common.rest_client [req-754ac5bc-1845-4a06-8831-9212fbc1669b req-754ac5bc-1845-4a06-8831-9212fbc1669b ] Request (ServerTagsTestJSON:setUpClass): 200 PUT http://10.180.1.21:9696/networking/v2.0/routers/67dc81dd-0e44-4976-b445-07071ef5a917/add_router_interface 1.582s
2024-12-11 20:13:55.630 66523 INFO tempest.lib.common.dynamic_creds [-] Created isolated network resources for: credentials: Credentials: {'domain_id': 'default', 'domain_name': 'Default', 'username': 'tempest-ServerTagsTestJSON-2078220264-project-member', 'project_domain_id': 'default', 'project_domain_name': 'Default', 'project_id': '34c685d9f2a246f7b33a6a5826344f7f', 'project_name': 'tempest-ServerTagsTestJSON-2078220264', 'tenant_id': '34c685d9f2a246f7b33a6a5826344f7f', 'tenant_name': 'tempest-ServerTagsTestJSON-2078220264', 'user_domain_id': 'default', 'user_domain_name': 'Default', 'user_id': '286d7d097cce487eb2f2f8893f031827', 'system': None}, Network: {'id': '80f9d2e8-171c-4f38-8610-442d8f49001a', 'name': 'tempest-ServerTagsTestJSON-892622179-network', 'tenant_id': '34c685d9f2a246f7b33a6a5826344f7f', 'admin_state_up': True, 'mtu': 8950, 'status': 'ACTIVE', 'subnets': [], 'shared': False, 'project_id': '34c685d9f2a246f7b33a6a5826344f7f', 'port_security_enabled': True, 'router:external': False, 'provider:network_type': 'vlan', 'provider:physical_network': 'default', 'provider:segmentation_id': 792, 'availability_zone_hints': [], 'availability_zones': [], 'ipv4_address_scope': None, 'ipv6_address_scope': None, 'description': '', 'tags': [], 'created_at': '2024-12-11T20:13:51Z', 'updated_at': '2024-12-11T20:13:51Z', 'revision_number': 1}, Subnet: {'id': 'a0a63a81-d0e8-4388-a7d9-39ab933880ee', 'name': 'tempest-ServerTagsTestJSON-892622179-subnet', 'tenant_id': '34c685d9f2a246f7b33a6a5826344f7f', 'network_id': '80f9d2e8-171c-4f38-8610-442d8f49001a', 'ip_version': 4, 'subnetpool_id': None, 'enable_dhcp': True, 'ipv6_ra_mode': None, 'ipv6_address_mode': None, 'gateway_ip': '192.168.128.1', 'cidr': '192.168.128.0/28', 'allocation_pools': [{'start': '192.168.128.2', 'end': '192.168.128.14'}], 'host_routes': [], 'dns_nameservers': [], 'description': '', 'router:external': False, 'service_types': [], 'tags': [], 'created_at': '2024-12-11T20:13:52Z', 'updated_at': '2024-12-11T20:13:52Z', 'revision_number': 0, 'project_id': '34c685d9f2a246f7b33a6a5826344f7f'}, Router: {'id': '67dc81dd-0e44-4976-b445-07071ef5a917', 'name': 'tempest-ServerTagsTestJSON-892622179-router', 'tenant_id': '34c685d9f2a246f7b33a6a5826344f7f', 'admin_state_up': True, 'status': 'ACTIVE', 'external_gateway_info': {'network_id': '6cab47bd-ca6b-40a7-8928-a2808e9a618e', 'external_fixed_ips': [{'subnet_id': '4e4eda2c-e456-4bac-8a21-59dda5e697f4', 'ip_address': '10.180.180.129'}], 'enable_snat': True}, 'description': '', 'availability_zones': [], 'distributed': False, 'ha': False, 'availability_zone_hints': [], 'routes': [], 'flavor_id': None, 'tags': [], 'created_at': '2024-12-11T20:13:52Z', 'updated_at': '2024-12-11T20:13:53Z', 'revision_number': 2, 'project_id': '34c685d9f2a246f7b33a6a5826344f7f'}
2024-12-11 20:13:55.666 66505 INFO tempest.lib.common.rest_client [req-334e43ab-347a-440f-8ddb-2a68bb0193a6 req-334e43ab-347a-440f-8ddb-2a68bb0193a6 ] Request (FloatingIPsAssociationNegativeTestJSON:tearDownClass): 204 DELETE http://10.180.1.21/compute/v2.1/servers/77a23b9e-54c9-4629-bb5a-7c6a5e5202a3 0.544s
2024-12-11 20:13:55.723 66523 INFO tempest.lib.common.rest_client [req-c90d4555-2f93-4a1c-95d5-b78e5d3b90f7 req-c90d4555-2f93-4a1c-95d5-b78e5d3b90f7 ] Request (ServerTagsTestJSON:setUpClass): 201 POST http://10.180.1.21/identity/v3/auth/tokens 0.089s
2024-12-11 20:13:55.758 66521 INFO tempest.lib.common.rest_client [req-81bac628-4e0a-4a63-b3b1-22736389d2d9 req-81bac628-4e0a-4a63-b3b1-22736389d2d9 ] Request (ServerExternalEventsTest:tearDownClass): 200 GET http://10.180.1.21/compute/v2.1/servers/8050a7a8-fe9d-462e-8301-738134742730 0.588s
2024-12-11 20:13:55.771 66523 INFO tempest.lib.common.rest_client [req-3e39dcb7-0d78-46f2-8fdc-8221d1e4ba7b req-3e39dcb7-0d78-46f2-8fdc-8221d1e4ba7b ] Request (ServerTagsTestJSON:setUpClass): 201 POST http://10.180.1.21/identity/v3/auth/tokens 0.043s
2024-12-11 20:13:55.772 66523 INFO tempest.lib.common.fixed_network [-] (ServerTagsTestJSON:setUpClass) Found network {'id': '80f9d2e8-171c-4f38-8610-442d8f49001a', 'name': 'tempest-ServerTagsTestJSON-892622179-network', 'tenant_id': '34c685d9f2a246f7b33a6a5826344f7f', 'admin_state_up': True, 'mtu': 8950, 'status': 'ACTIVE', 'subnets': [], 'shared': False, 'project_id': '34c685d9f2a246f7b33a6a5826344f7f', 'port_security_enabled': True, 'router:external': False, 'provider:network_type': 'vlan', 'provider:physical_network': 'default', 'provider:segmentation_id': 792, 'availability_zone_hints': [], 'availability_zones': [], 'ipv4_address_scope': None, 'ipv6_address_scope': None, 'description': '', 'tags': [], 'created_at': '2024-12-11T20:13:51Z', 'updated_at': '2024-12-11T20:13:51Z', 'revision_number': 1} available for tenant
2024-12-11 20:13:55.845 66531 INFO tempest.lib.common.rest_client [req-ca26a248-ca7e-46ee-a6e3-c31991123814 req-ca26a248-ca7e-46ee-a6e3-c31991123814 ] Request (SecurityGroupsTestJSON:test_server_security_groups): 200 GET http://10.180.1.21/compute/v2.1/servers/0861abe8-7840-4a5b-ac67-ae8576f66303 0.628s
2024-12-11 20:13:56.020 66551 INFO tempest.lib.common.rest_client [req-f0805e9c-2b96-43b6-8927-83f1a01e8e67 req-f0805e9c-2b96-43b6-8927-83f1a01e8e67 ] Request (ImagesOneServerNegativeTestJSON:_run_cleanups): 201 POST http://10.180.1.21:9696/networking/v2.0/security-group-rules 0.399s
2024-12-11 20:13:56.047 66503 INFO tempest.lib.common.rest_client [req-d41f37bc-224c-4f54-9686-760d77411dc6 req-d41f37bc-224c-4f54-9686-760d77411dc6 ] Request (ServersTestMultiNic:test_verify_duplicate_network_nics): 200 GET http://10.180.1.21/compute/v2.1/servers/0f6f32a9-b116-42a3-a7d6-8544cfbb6c4a 0.535s
2024-12-11 20:13:56.100 66561 INFO tempest.lib.common.rest_client [req-8dc56aeb-15f0-4bb5-ac42-af84cce29063 req-8dc56aeb-15f0-4bb5-ac42-af84cce29063 ] Request (ServersAdminTestJSON:setUpClass): 200 GET http://10.180.1.21/compute/v2.1/servers/e621dfd7-d429-4922-a660-d2f2e6385870 0.507s
2024-12-11 20:13:56.149 66563 INFO tempest.lib.common.rest_client [req-6cfa8988-6186-4e60-93ea-871a40d8676a req-6cfa8988-6186-4e60-93ea-871a40d8676a ] Request (ImagesNegativeTestJSON:test_create_image_from_deleted_server): 200 GET http://10.180.1.21/compute/v2.1/servers/9f81fa88-6a8c-44c2-be45-2c28d4df5062 0.504s
2024-12-11 20:13:56.167 66551 INFO tempest.lib.common.rest_client [req-915c2679-ed2b-43ad-a960-22331df9fa64 req-915c2679-ed2b-43ad-a960-22331df9fa64 ] Request (ImagesOneServerNegativeTestJSON:_run_cleanups): 201 POST http://10.180.1.21:9696/networking/v2.0/security-group-rules 0.147s
2024-12-11 20:13:56.278 66505 INFO tempest.lib.common.rest_client [req-84bb1d75-ee1b-4b2e-aa92-5b70ff4adb36 req-84bb1d75-ee1b-4b2e-aa92-5b70ff4adb36 ] Request (FloatingIPsAssociationNegativeTestJSON:tearDownClass): 200 GET http://10.180.1.21/compute/v2.1/servers/77a23b9e-54c9-4629-bb5a-7c6a5e5202a3 0.611s
2024-12-11 20:13:56.334 66560 INFO tempest.lib.common.rest_client [req-01bf3fb9-206f-48ce-9f97-90cf3b89853d req-01bf3fb9-206f-48ce-9f97-90cf3b89853d ] Request (AttachInterfacesUnderV243Test:test_add_remove_fixed_ip): 200 GET http://10.180.1.21/compute/v2.1/servers/39ed78b7-ec3f-404f-84e3-f47ac4f9519d 0.628s
2024-12-11 20:13:56.413 66545 INFO tempest.lib.common.rest_client [req-4cf68725-1b47-469d-9e0f-15b5244ffd30 req-4cf68725-1b47-469d-9e0f-15b5244ffd30 ] Request (ServerShowV247Test:test_update_rebuild_list_server): 200 GET http://10.180.1.21/compute/v2.1/servers/09fa1bdb-0403-4e86-a2b7-6b3a1c50f54e 0.701s
2024-12-11 20:13:56.754 66551 INFO tempest.lib.common.rest_client [req-797ac64a-8cc6-4ff3-b87f-af115f7247a5 req-797ac64a-8cc6-4ff3-b87f-af115f7247a5 ] Request (ImagesOneServerNegativeTestJSON:_run_cleanups): 201 POST http://10.180.1.21:9696/networking/v2.0/floatingips 0.586s
2024-12-11 20:13:56.820 66551 INFO tempest.lib.common.rest_client [req-a6a4dd94-f78f-40bf-adf4-f0c9925b539b req-a6a4dd94-f78f-40bf-adf4-f0c9925b539b ] Request (ImagesOneServerNegativeTestJSON:_run_cleanups): 201 POST http://10.180.1.21/identity/v3/auth/tokens 0.061s
2024-12-11 20:13:56.820 66551 INFO tempest.lib.common.fixed_network [-] (ImagesOneServerNegativeTestJSON:_run_cleanups) Found network {'id': '53fdc84c-fa5a-4af2-8fec-d4b4767d27d8', 'name': 'tempest-ImagesOneServerNegativeTestJSON-986308532-network', 'tenant_id': 'bb85c7512d7c4b3386e6adf1da10d1cc', 'admin_state_up': True, 'mtu': 8950, 'status': 'ACTIVE', 'subnets': [], 'shared': False, 'project_id': 'bb85c7512d7c4b3386e6adf1da10d1cc', 'port_security_enabled': True, 'router:external': False, 'provider:network_type': 'vlan', 'provider:physical_network': 'default', 'provider:segmentation_id': 7, 'availability_zone_hints': [], 'availability_zones': [], 'ipv4_address_scope': None, 'ipv6_address_scope': None, 'description': '', 'tags': [], 'created_at': '2024-12-11T20:12:09Z', 'updated_at': '2024-12-11T20:12:09Z', 'revision_number': 1} available for tenant
2024-12-11 20:13:56.829 66513 INFO tempest.lib.common.rest_client [req-bb9a5e1d-c4e4-403c-b5ae-425e6d928a58 req-bb9a5e1d-c4e4-403c-b5ae-425e6d928a58 ] Request (FloatingIPsAssociationTestJSON:test_associate_already_associated_floating_ip): 202 POST http://10.180.1.21/compute/v2.1/servers/61a92832-9fca-49e7-a1e6-fadd39ed54b1/action 2.191s
2024-12-11 20:13:56.896 66529 INFO tempest.lib.common.rest_client [req-4f0789ce-e8c6-4b31-bcd6-2076987325f7 req-4f0789ce-e8c6-4b31-bcd6-2076987325f7 ] Request (ServerDiagnosticsNegativeTest:tearDownClass): 200 GET http://10.180.1.21/compute/v2.1/servers/4d963ae9-fd16-4412-b94c-a8148229f332 1.122s
2024-12-11 20:13:56.936 66523 INFO tempest.lib.common.rest_client [req-3601ad27-a956-466a-b5ca-13c32bac7680 req-3601ad27-a956-466a-b5ca-13c32bac7680 ] Request (ServerTagsTestJSON:setUpClass): 202 POST http://10.180.1.21/compute/v2.1/servers 1.164s
2024-12-11 20:13:56.959 66535 INFO tempest.lib.common.rest_client [req-ff11d027-c156-4960-a985-a62cba6a73a5 req-ff11d027-c156-4960-a985-a62cba6a73a5 ] Request (ServerActionsTestOtherA:setUpClass): 200 GET http://10.180.1.21/compute/v2.1/servers/f75ea9ed-d5ca-49c3-b705-36ef56c801e2 1.115s
2024-12-11 20:13:56.965 66549 WARNING tempest.lib.common.ssh [-] Failed to establish authenticated ssh connection to cirros@10.180.180.188 ([Errno None] Unable to connect to port 22 on 10.180.180.188). Number attempts: 1. Retry after 2 seconds.: paramiko.ssh_exception.NoValidConnectionsError: [Errno None] Unable to connect to port 22 on 10.180.180.188
2024-12-11 20:13:56.986 66547 INFO tempest.lib.common.rest_client [req-49dacf95-1a5f-4ea9-918c-e8eb6b139558 req-49dacf95-1a5f-4ea9-918c-e8eb6b139558 ] Request (ServersTestJSON:test_create_server_with_ipv6_addr_only): 200 GET http://10.180.1.21/compute/v2.1/servers/474592d1-4a20-479d-85a9-a86c846849b5 1.108s
2024-12-11 20:13:57.020 66537 INFO tempest.lib.common.rest_client [req-3f41e4ae-7c41-42e7-9915-c34d1045833a req-3f41e4ae-7c41-42e7-9915-c34d1045833a ] Request (AttachVolumeNegativeTest:test_attach_attached_volume_to_different_server): 200 GET http://10.180.1.21/compute/v2.1/servers/f03a1e87-a324-4bda-9533-46de2402fe92 1.115s
2024-12-11 20:13:57.035 66507 INFO tempest.lib.common.rest_client [req-6173e040-5b4f-4036-a9eb-38b5ca803eeb req-6173e040-5b4f-4036-a9eb-38b5ca803eeb ] Request (ListServersNegativeTestJSON:setUpClass): 200 GET http://10.180.1.21/compute/v2.1/servers/15a90e03-5481-404e-828d-2ed1dfe6469a 1.071s
2024-12-11 20:13:57.082 66511 INFO tempest.lib.common.rest_client [req-c55a59a2-796c-4f7e-aced-0cce30cb3c5e req-c55a59a2-796c-4f7e-aced-0cce30cb3c5e ] Request (MigrationsAdminTest:test_resize_server_revert_deleted_flavor): 200 GET http://10.180.1.21/compute/v2.1/servers/0cd4fefd-cbde-4ad2-b229-5979b1571b33 0.876s
2024-12-11 20:13:57.085 66539 INFO tempest.lib.common.rest_client [req-31550896-c208-476b-b208-dc00a1489c27 req-31550896-c208-476b-b208-dc00a1489c27 ] Request (ServerRescueNegativeTestJSON:test_rescued_vm_detach_volume): 200 GET http://10.180.1.21/compute/v2.1/servers/c8f758c5-2ab4-468d-88b7-f18d11b16d8e 1.039s
2024-12-11 20:13:57.121 66541 INFO tempest.lib.common.rest_client [req-a7cd1031-5152-494e-81cc-ace3b282ef36 req-a7cd1031-5152-494e-81cc-ace3b282ef36 ] Request (ListImageFiltersTestJSON:setUpClass): 200 GET http://10.180.1.21/compute/v2.1/images/019d9c1f-89a5-4a80-959c-03a97cab5c51 0.810s
2024-12-11 20:13:57.149 66565 INFO tempest.lib.common.rest_client [req-83ac3fa7-ab87-45f4-9706-2d8f72a52aa1 req-83ac3fa7-ab87-45f4-9706-2d8f72a52aa1 ] Request (ServerRescueTestJSON:test_rescue_unrescue_instance): 200 GET http://10.180.1.21/compute/v2.1/servers/6a483d36-7cd6-4996-b187-8beb6fc95912 0.880s
2024-12-11 20:13:57.156 66565 INFO tempest.common.waiters [-] State transition "BUILD/None" ==> "BUILD/networking" after 52 second wait
2024-12-11 20:13:57.185 66515 INFO tempest.lib.common.rest_client [req-67e610c1-abd8-4340-97ce-82ce0af61c3d req-67e610c1-abd8-4340-97ce-82ce0af61c3d ] Request (ImagesTestJSON:test_create_image_from_suspended_server): 200 GET http://10.180.1.21/compute/v2.1/servers/034bdc08-eee7-46cd-a37e-3f621cc593f8 0.794s
