2024-12-11 20:12:59.319 66519 INFO tempest.lib.common.rest_client [req-31219782-d28f-4498-a469-04c5a846a3e8 req-31219782-d28f-4498-a469-04c5a846a3e8 ] Request (ServerShowV257Test:tearDownClass): 200 GET http://10.180.1.21/compute/v2.1/servers/7e1353e6-2e70-49f0-8b11-0f68387d9a48 0.064s
2024-12-11 20:12:59.350 66521 INFO tempest.lib.common.rest_client [req-3492c3f2-4afb-4293-b947-1ff24afdb898 req-3492c3f2-4afb-4293-b947-1ff24afdb898 ] Request (ServerExternalEventsTest:test_create_server_external_events): 200 GET http://10.180.1.21/compute/v2.1/servers/8050a7a8-fe9d-462e-8301-738134742730 0.055s
2024-12-11 20:12:59.418 66513 INFO tempest.lib.common.rest_client [req-ba49afdd-5c7d-4d71-8aef-556eaa294ae7 req-ba49afdd-5c7d-4d71-8aef-556eaa294ae7 ] Request (FloatingIPsAssociationTestJSON:test_associate_already_associated_floating_ip): 200 GET http://10.180.1.21/compute/v2.1/servers/61a92832-9fca-49e7-a1e6-fadd39ed54b1 0.070s
2024-12-11 20:12:59.426 66535 INFO tempest.lib.common.rest_client [req-90ec7203-301a-4994-a8fa-96258cc68358 req-90ec7203-301a-4994-a8fa-96258cc68358 ] Request (InstanceActionsNegativeTestJSON:tearDownClass): 204 DELETE http://10.180.1.21/identity/v3/users/9ee25ce8dc9f40779381d0a2a767405a 0.134s
2024-12-11 20:12:59.426 66535 INFO tempest.lib.common.dynamic_creds [-] Deleting project and security group for project: 18efcc57662e4ba49b5bdf85a4fd3fd1
2024-12-11 20:12:59.430 66561 INFO tempest.lib.common.rest_client [req-aae10a89-7000-4396-94e5-533cc27cc1f4 req-aae10a89-7000-4396-94e5-533cc27cc1f4 ] Request (ServersAdmin275Test:tearDownClass): 200 GET http://10.180.1.21/compute/v2.1/servers/69f23f18-00d0-46ac-8867-8fc8cad8ed99 0.074s
2024-12-11 20:12:59.448 66560 INFO tempest.lib.common.rest_client [req-748f1a05-f2a7-483e-824f-76b99892a205 req-748f1a05-f2a7-483e-824f-76b99892a205 ] Request (TenantUsagesTestJSON:tearDownClass): 404 GET http://10.180.1.21/compute/v2.1/servers/5d7a368a-9a6f-481f-90dc-6570d831be7b 0.030s
2024-12-11 20:12:59.467 66535 INFO tempest.lib.common.rest_client [req-58c50bab-bbb4-4e78-adc1-b9e3cd264bd9 req-58c50bab-bbb4-4e78-adc1-b9e3cd264bd9 ] Request (InstanceActionsNegativeTestJSON:tearDownClass): 200 GET http://10.180.1.21:9696/networking/v2.0/security-groups?tenant_id=18efcc57662e4ba49b5bdf85a4fd3fd1&name=default 0.041s
2024-12-11 20:12:59.542 66535 INFO tempest.lib.common.rest_client [req-eeb2e44f-c34c-4a88-ad79-ba44e34feaab req-eeb2e44f-c34c-4a88-ad79-ba44e34feaab ] Request (InstanceActionsNegativeTestJSON:tearDownClass): 204 DELETE http://10.180.1.21:9696/networking/v2.0/security-groups/9263ae51-00e3-4dd2-b776-96dcc1b3e0a0 0.074s
2024-12-11 20:12:59.578 66560 INFO tempest.lib.common.rest_client [req-1aef9997-0877-4f55-b84a-cadeb325f077 req-1aef9997-0877-4f55-b84a-cadeb325f077 ] Request (TenantUsagesTestJSON:tearDownClass): 204 DELETE http://10.180.1.21/identity/v3/users/ae112babaf05498bac4535fe4cce4f86 0.130s
2024-12-11 20:12:59.658 66531 INFO tempest.lib.common.rest_client [req-d4a8358c-4433-4f86-96ad-1d19089bacbb req-d4a8358c-4433-4f86-96ad-1d19089bacbb ] Request (SecurityGroupsTestJSON:test_list_security_groups_by_server): 200 GET http://10.180.1.21/compute/v2.1/servers/bd33682d-74a2-44b4-9f07-c172b2b9a42f 0.119s
2024-12-11 20:12:59.665 66535 INFO tempest.lib.common.rest_client [req-fa57be89-0e1d-4c7b-a3d8-f4f3c509e70e req-fa57be89-0e1d-4c7b-a3d8-f4f3c509e70e ] Request (InstanceActionsNegativeTestJSON:tearDownClass): 204 DELETE http://10.180.1.21/identity/v3/projects/18efcc57662e4ba49b5bdf85a4fd3fd1 0.122s
2024-12-11 20:12:59.669 66531 INFO tempest.common.waiters [-] State transition "BUILD/spawning" ==> "ACTIVE/None" after 40 second wait
2024-12-11 20:12:59.699 66535 INFO tempest.lib.common.rest_client [req-70514416-5221-4ee2-97ca-2df466f27bb7 req-70514416-5221-4ee2-97ca-2df466f27bb7 ] Request (ServerActionsTestOtherA:setUpClass): 201 POST http://10.180.1.21/identity/v3/auth/tokens 0.032s
2024-12-11 20:12:59.726 66560 INFO tempest.lib.common.rest_client [req-38b5779c-0d70-4f18-9a3a-91170863b53a req-38b5779c-0d70-4f18-9a3a-91170863b53a ] Request (TenantUsagesTestJSON:tearDownClass): 204 DELETE http://10.180.1.21/identity/v3/users/445e28ff934c4946956762e768fd0b40 0.147s
2024-12-11 20:12:59.726 66560 INFO tempest.lib.common.dynamic_creds [-] Deleting project and security group for project: 097b1eb91be042fab41b431ff4f25cd6
2024-12-11 20:12:59.731 66545 INFO tempest.lib.common.rest_client [req-6a9e85f0-841f-43ef-abfd-72637c0ac316 req-6a9e85f0-841f-43ef-abfd-72637c0ac316 ] Request (ServerShowV247Test:test_update_rebuild_list_server): 200 GET http://10.180.1.21/compute/v2.1/servers/09fa1bdb-0403-4e86-a2b7-6b3a1c50f54e 0.137s
2024-12-11 20:12:59.771 66535 INFO tempest.lib.common.rest_client [req-ca0e5e5a-b7bc-4302-8546-ec02e8ab03ed req-ca0e5e5a-b7bc-4302-8546-ec02e8ab03ed ] Request (ServerActionsTestOtherA:setUpClass): 201 POST http://10.180.1.21/identity/v3/auth/tokens 0.070s
2024-12-11 20:12:59.784 66560 INFO tempest.lib.common.rest_client [req-a047b916-d3b4-4d16-bd86-3f9119f7a562 req-a047b916-d3b4-4d16-bd86-3f9119f7a562 ] Request (TenantUsagesTestJSON:tearDownClass): 201 POST http://10.180.1.21/identity/v3/auth/tokens 0.057s
2024-12-11 20:12:59.802 66563 INFO tempest.lib.common.rest_client [req-d6a3478b-1f37-4aea-94fb-1f2e4dfa4296 req-d6a3478b-1f37-4aea-94fb-1f2e4dfa4296 ] Request (ServerDiagnosticsV248Test:tearDownClass): 200 GET http://10.180.1.21/compute/v2.1/servers/9c2857a3-3fef-4fda-b74d-b71fad79445e 0.163s
2024-12-11 20:12:59.807 66535 INFO tempest.lib.common.rest_client [req-e67086c1-285e-4707-b195-c0c5350a99c0 req-e67086c1-285e-4707-b195-c0c5350a99c0 ] Request (ServerActionsTestOtherA:setUpClass): 200 GET http://10.180.1.21/identity/v3/domains?name=Default 0.036s
2024-12-11 20:12:59.846 66535 INFO tempest.lib.common.rest_client [req-063623cc-0c65-47f4-ac7d-4a34f565bc1b req-063623cc-0c65-47f4-ac7d-4a34f565bc1b ] Request (ServerActionsTestOtherA:setUpClass): 201 POST http://10.180.1.21/identity/v3/projects 0.038s
2024-12-11 20:12:59.905 66547 INFO tempest.lib.common.rest_client [req-8cf46cd3-4f53-4567-9e42-eadf3a28cf02 req-8cf46cd3-4f53-4567-9e42-eadf3a28cf02 ] Request (ServersTestJSON:test_create_server_specify_multibyte_character_name): 200 GET http://10.180.1.21/compute/v2.1/servers/fa6c0993-26e8-43a3-8b54-2768ac1171bd 0.327s
2024-12-11 20:12:59.908 66560 INFO tempest.lib.common.rest_client [req-b49d4f70-f50e-422e-98ee-2bf2c3d79f8b req-b49d4f70-f50e-422e-98ee-2bf2c3d79f8b ] Request (TenantUsagesTestJSON:tearDownClass): 200 GET http://10.180.1.21:9696/networking/v2.0/security-groups?tenant_id=097b1eb91be042fab41b431ff4f25cd6&name=default 0.123s
2024-12-11 20:12:59.920 66535 INFO tempest.lib.common.rest_client [req-66137b09-3b1b-4612-82af-5fec1390caab req-66137b09-3b1b-4612-82af-5fec1390caab ] Request (ServerActionsTestOtherA:setUpClass): 201 POST http://10.180.1.21/identity/v3/users 0.073s
2024-12-11 20:12:59.943 66535 INFO tempest.lib.common.rest_client [req-750f6e01-ecaa-4af3-8a65-ce8897d9433a req-750f6e01-ecaa-4af3-8a65-ce8897d9433a ] Request (ServerActionsTestOtherA:setUpClass): 200 GET http://10.180.1.21/identity/v3/roles 0.023s
2024-12-11 20:12:59.969 66535 INFO tempest.lib.common.rest_client [req-69e0c73c-1990-4298-a736-2f007c9de30c req-69e0c73c-1990-4298-a736-2f007c9de30c ] Request (ServerActionsTestOtherA:setUpClass): 204 PUT http://10.180.1.21/identity/v3/projects/12f946e17fa54faf8f8af46f91d6216c/users/480129a9abde4b9cac81fc2aa5672b5d/roles/a5cf5635348542be8f7dc01df17b6558 0.026s
2024-12-11 20:12:59.970 66535 INFO tempest.lib.common.dynamic_creds [-] Dynamic test user 480129a9abde4b9cac81fc2aa5672b5d is created with scope project and roles: ['member']
2024-12-11 20:12:59.970 66535 INFO tempest.lib.common.dynamic_creds [-] Acquired dynamic creds: credentials: Credentials: {'domain_id': 'default', 'domain_name': 'Default', 'username': 'tempest-ServerActionsTestOtherA-1024463605-project-member', 'project_domain_id': 'default', 'project_domain_name': 'Default', 'project_id': '12f946e17fa54faf8f8af46f91d6216c', 'project_name': 'tempest-ServerActionsTestOtherA-1024463605', 'tenant_id': '12f946e17fa54faf8f8af46f91d6216c', 'tenant_name': 'tempest-ServerActionsTestOtherA-1024463605', 'user_domain_id': 'default', 'user_domain_name': 'Default', 'user_id': '480129a9abde4b9cac81fc2aa5672b5d', 'system': None}, Network: None, Subnet: None, Router: None
2024-12-11 20:13:00.030 66511 INFO tempest.lib.common.rest_client [req-2fa18669-8ae8-4af8-8ac4-34c3be0afbd5 req-2fa18669-8ae8-4af8-8ac4-34c3be0afbd5 ] Request (MigrationsAdminTest:test_list_migrations_in_flavor_resize_situation): 200 GET http://10.180.1.21/compute/v2.1/servers/061f91da-9911-4400-ba28-0e85b2c328f5 0.208s
2024-12-11 20:13:00.038 66535 INFO tempest.lib.common.rest_client [req-7cb20d4d-44e4-4877-a4fb-8fd25db2400a req-7cb20d4d-44e4-4877-a4fb-8fd25db2400a ] Request (ServerActionsTestOtherA:setUpClass): 201 POST http://10.180.1.21/identity/v3/auth/tokens 0.068s
2024-12-11 20:13:00.062 66560 INFO tempest.lib.common.rest_client [req-98e061b9-6bfa-4959-8c71-1f3962a3e6b1 req-98e061b9-6bfa-4959-8c71-1f3962a3e6b1 ] Request (TenantUsagesTestJSON:tearDownClass): 204 DELETE http://10.180.1.21:9696/networking/v2.0/security-groups/bf9af6e7-0f68-4a19-ad23-6f3bcabb347d 0.153s
2024-12-11 20:13:00.155 66560 INFO tempest.lib.common.rest_client [req-fbf1b07f-8a25-456e-9bad-94da5a1d488e req-fbf1b07f-8a25-456e-9bad-94da5a1d488e ] Request (TenantUsagesTestJSON:tearDownClass): 204 DELETE http://10.180.1.21/identity/v3/projects/097b1eb91be042fab41b431ff4f25cd6 0.093s
2024-12-11 20:13:00.156 66560 INFO tempest.lib.common.dynamic_creds [-] Deleting project and security group for project: 851b0da1ff794ad5a25d2d721ec299fc
2024-12-11 20:13:00.169 66551 INFO tempest.lib.common.rest_client [req-79cdcc3b-4e20-46b7-a81c-a3dcf39920a4 req-79cdcc3b-4e20-46b7-a81c-a3dcf39920a4 ] Request (ImagesOneServerNegativeTestJSON:setUpClass): 200 GET http://10.180.1.21/compute/v2.1/servers/53b6aa7b-783c-4083-8110-c5d5e186aa8c 0.339s
2024-12-11 20:13:00.241 66549 INFO tempest.lib.common.rest_client [req-60636a81-85d5-47e0-a507-3cb37b133cc1 req-60636a81-85d5-47e0-a507-3cb37b133cc1 ] Request (ServersTestManualDisk:setUpClass): 200 GET http://10.180.1.21/compute/v2.1/servers/55e951bd-d72e-409a-b69f-f61fe72d96ad 0.356s
2024-12-11 20:13:00.311 66560 INFO tempest.lib.common.rest_client [req-65006c6a-c13a-4e8b-8c53-b49c769923e6 req-65006c6a-c13a-4e8b-8c53-b49c769923e6 ] Request (TenantUsagesTestJSON:tearDownClass): 200 GET http://10.180.1.21:9696/networking/v2.0/security-groups?tenant_id=851b0da1ff794ad5a25d2d721ec299fc&name=default 0.154s
2024-12-11 20:13:00.331 66531 INFO tempest.lib.common.rest_client [req-698e26db-a2a9-4623-90e3-3d0fed646899 req-698e26db-a2a9-4623-90e3-3d0fed646899 ] Request (SecurityGroupsTestJSON:test_list_security_groups_by_server): 202 POST http://10.180.1.21/compute/v2.1/servers/bd33682d-74a2-44b4-9f07-c172b2b9a42f/action 0.661s
2024-12-11 20:13:00.335 66537 INFO tempest.lib.common.rest_client [req-613d24e5-1fbc-448c-a9cc-f40a0051fe98 req-613d24e5-1fbc-448c-a9cc-f40a0051fe98 ] Request (ServerAddressesTestJSON:tearDownClass): 200 GET http://10.180.1.21/compute/v2.1/servers/42087068-2562-47f2-b666-7db8b405d787 0.449s
2024-12-11 20:13:00.367 66535 INFO tempest.lib.common.rest_client [req-a29d9235-d88d-45dd-af24-dab282cd78c1 req-a29d9235-d88d-45dd-af24-dab282cd78c1 ] Request (ServerActionsTestOtherA:setUpClass): 201 POST http://10.180.1.21:9696/networking/v2.0/networks 0.328s
2024-12-11 20:13:00.400 66515 INFO tempest.lib.common.rest_client [req-75da5c60-087d-4588-a182-154f75c7d4b0 req-75da5c60-087d-4588-a182-154f75c7d4b0 ] Request (ImagesTestJSON:test_create_image_from_stopped_server): 200 GET http://10.180.1.21/compute/v2.1/servers/c120a1a9-b0f0-444b-bfb6-dc382a4fdc4d 0.396s
2024-12-11 20:13:00.410 66509 INFO tempest.lib.common.rest_client [req-07c5a402-1c5d-41c7-9b22-bf2877f38f90 req-07c5a402-1c5d-41c7-9b22-bf2877f38f90 ] Request (ServersAdminNegativeTestJSON:tearDownClass): 200 GET http://10.180.1.21/compute/v2.1/servers/853a38d6-ca46-4368-8cd5-e2c5cfa86a2e 0.451s
2024-12-11 20:13:00.416 66509 INFO tempest.common.waiters [-] State transition "SUSPENDED/deleting" ==> "DELETED/None" after 4 second wait
2024-12-11 20:13:00.423 66560 INFO tempest.lib.common.rest_client [req-9a309a8a-5c28-47de-9d44-38e1567e6312 req-9a309a8a-5c28-47de-9d44-38e1567e6312 ] Request (TenantUsagesTestJSON:tearDownClass): 204 DELETE http://10.180.1.21:9696/networking/v2.0/security-groups/97d1864e-ce36-47b4-a1df-11cfea506c28 0.112s
2024-12-11 20:13:00.465 66539 INFO tempest.lib.common.rest_client [req-87af7c21-10f4-4d8f-bf70-2706173d1450 req-87af7c21-10f4-4d8f-bf70-2706173d1450 ] Request (ServerRescueNegativeTestJSON:setUpClass): 200 GET http://10.180.1.21/compute/v2.1/servers/479bc771-a4cc-49fb-8de5-0f2ba643704a 0.416s
2024-12-11 20:13:00.481 66507 INFO tempest.lib.common.rest_client [req-eb0ea5f0-029a-47e3-b716-440205407622 req-eb0ea5f0-029a-47e3-b716-440205407622 ] Request (ServerDiagnosticsTest:tearDownClass): 200 GET http://10.180.1.21/compute/v2.1/servers/ff8db541-0494-4e5f-bad8-41b37b6a7b47 0.362s
2024-12-11 20:13:00.536 66529 INFO tempest.lib.common.rest_client [req-4aaa46f4-55a8-4c17-9e8a-6ee11ca6f2ea req-4aaa46f4-55a8-4c17-9e8a-6ee11ca6f2ea ] Request (ServerDiagnosticsNegativeTest:test_get_server_diagnostics_by_non_admin): 200 GET http://10.180.1.21/compute/v2.1/servers/4d963ae9-fd16-4412-b94c-a8148229f332 0.361s
2024-12-11 20:13:00.565 66560 INFO tempest.lib.common.rest_client [req-b4a91889-d522-4a54-94ae-fe75e93e7871 req-b4a91889-d522-4a54-94ae-fe75e93e7871 ] Request (TenantUsagesTestJSON:tearDownClass): 204 DELETE http://10.180.1.21/identity/v3/projects/851b0da1ff794ad5a25d2d721ec299fc 0.141s
2024-12-11 20:13:00.598 66565 INFO tempest.lib.common.rest_client [req-e2b27037-3f00-44c5-b512-26d06bee78ed req-e2b27037-3f00-44c5-b512-26d06bee78ed ] Request (ServerRescueTestJSON:setUpClass): 200 GET http://10.180.1.21/compute/v2.1/servers/53521a81-effa-4be1-8093-c2fb7cf443ce 0.436s
2024-12-11 20:13:00.613 66505 INFO tempest.lib.common.rest_client [req-c3ed4573-d2ec-4de1-8eb5-08c968740167 req-c3ed4573-d2ec-4de1-8eb5-08c968740167 ] Request (FloatingIPsAssociationNegativeTestJSON:setUpClass): 200 GET http://10.180.1.21/compute/v2.1/servers/77a23b9e-54c9-4629-bb5a-7c6a5e5202a3 0.392s
2024-12-11 20:13:00.620 66505 INFO tempest.common.waiters [-] State transition "BUILD/scheduling" ==> "BUILD/None" after 20 second wait
2024-12-11 20:13:00.625 66535 INFO tempest.lib.common.rest_client [req-0a99a34f-b8ce-4d04-9f70-9a75eebbe62a req-0a99a34f-b8ce-4d04-9f70-9a75eebbe62a ] Request (ServerActionsTestOtherA:setUpClass): 201 POST http://10.180.1.21:9696/networking/v2.0/subnets 0.257s
2024-12-11 20:13:00.654 66523 INFO tempest.lib.common.rest_client [req-c7c2d9f6-f356-4df7-ad43-a0ca44f98ea2 req-c7c2d9f6-f356-4df7-ad43-a0ca44f98ea2 ] Request (ImagesOneServerTestJSON:test_create_image_specify_multibyte_character_image_name): 200 GET http://10.180.1.21/compute/v2.1/images/67c0b781-6d9c-4b84-a3d5-209634196633 0.401s
2024-12-11 20:13:00.660 66560 INFO tempest.lib.common.rest_client [req-13c0805e-b5f3-48dd-8c6a-c8c199faeb44 req-13c0805e-b5f3-48dd-8c6a-c8c199faeb44 ] Request (AttachInterfacesUnderV243Test:setUpClass): 201 POST http://10.180.1.21/identity/v3/auth/tokens 0.093s
2024-12-11 20:13:00.692 66541 INFO tempest.lib.common.rest_client [req-b2e52803-3bbf-4e22-a86d-fb03143c9fb2 req-b2e52803-3bbf-4e22-a86d-fb03143c9fb2 ] Request (ListImageFiltersTestJSON:setUpClass): 200 GET http://10.180.1.21/compute/v2.1/servers/cbb697f8-5715-43c5-882e-73b7232789f1 0.458s
2024-12-11 20:13:00.703 66560 INFO tempest.lib.common.rest_client [req-6d13d66e-af98-4cc8-adb7-4e1c2f241652 req-6d13d66e-af98-4cc8-adb7-4e1c2f241652 ] Request (AttachInterfacesUnderV243Test:setUpClass): 201 POST http://10.180.1.21/identity/v3/auth/tokens 0.041s
2024-12-11 20:13:00.728 66503 INFO tempest.lib.common.rest_client [req-60138dac-c461-4879-87fe-fc4967545ca6 req-60138dac-c461-4879-87fe-fc4967545ca6 ] Request (ServersTestMultiNic:test_verify_duplicate_network_nics): 200 GET http://10.180.1.21/compute/v2.1/servers/0f6f32a9-b116-42a3-a7d6-8544cfbb6c4a 0.428s
2024-12-11 20:13:00.734 66560 INFO tempest.lib.common.rest_client [req-5a07159a-af27-4998-b1b6-a9fd303adc4a req-5a07159a-af27-4998-b1b6-a9fd303adc4a ] Request (AttachInterfacesUnderV243Test:setUpClass): 200 GET http://10.180.1.21/identity/v3/domains?name=Default 0.030s
2024-12-11 20:13:00.775 66560 INFO tempest.lib.common.rest_client [req-0ec6ce90-941b-4fca-8769-a8f8171554e4 req-0ec6ce90-941b-4fca-8769-a8f8171554e4 ] Request (AttachInterfacesUnderV243Test:setUpClass): 201 POST http://10.180.1.21/identity/v3/projects 0.037s
2024-12-11 20:13:00.782 66519 INFO tempest.lib.common.rest_client [req-fb09ae69-a1ed-4fae-aea5-799f1d8ef19b req-fb09ae69-a1ed-4fae-aea5-799f1d8ef19b ] Request (ServerShowV257Test:tearDownClass): 200 GET http://10.180.1.21/compute/v2.1/servers/7e1353e6-2e70-49f0-8b11-0f68387d9a48 0.454s
2024-12-11 20:13:00.852 66560 INFO tempest.lib.common.rest_client [req-8fe7b998-daad-4cc9-b8cc-50704d3edb56 req-8fe7b998-daad-4cc9-b8cc-50704d3edb56 ] Request (AttachInterfacesUnderV243Test:setUpClass): 201 POST http://10.180.1.21/identity/v3/users 0.076s
2024-12-11 20:13:00.865 66521 INFO tempest.lib.common.rest_client [req-e0f0ecab-13ab-4834-81a2-b1f478966a51 req-e0f0ecab-13ab-4834-81a2-b1f478966a51 ] Request (ServerExternalEventsTest:test_create_server_external_events): 200 GET http://10.180.1.21/compute/v2.1/servers/8050a7a8-fe9d-462e-8301-738134742730 0.503s
2024-12-11 20:13:00.877 66560 INFO tempest.lib.common.rest_client [req-430988b0-8526-48cb-a633-826cae90c889 req-430988b0-8526-48cb-a633-826cae90c889 ] Request (AttachInterfacesUnderV243Test:setUpClass): 200 GET http://10.180.1.21/identity/v3/roles 0.025s
2024-12-11 20:13:00.914 66560 INFO tempest.lib.common.rest_client [req-b856bf0b-a4cf-4bfe-a469-b439a5ac6a46 req-b856bf0b-a4cf-4bfe-a469-b439a5ac6a46 ] Request (AttachInterfacesUnderV243Test:setUpClass): 204 PUT http://10.180.1.21/identity/v3/projects/2664970c480a456d8ea8cc677361ead9/users/f2b1737eeb7b42529d6eebadcaed1d9e/roles/a5cf5635348542be8f7dc01df17b6558 0.036s
2024-12-11 20:13:00.914 66560 INFO tempest.lib.common.dynamic_creds [-] Dynamic test user f2b1737eeb7b42529d6eebadcaed1d9e is created with scope project and roles: ['member']
2024-12-11 20:13:00.915 66560 INFO tempest.lib.common.dynamic_creds [-] Acquired dynamic creds: credentials: Credentials: {'domain_id': 'default', 'domain_name': 'Default', 'username': 'tempest-AttachInterfacesUnderV243Test-1079592804-project-member', 'project_domain_id': 'default', 'project_domain_name': 'Default', 'project_id': '2664970c480a456d8ea8cc677361ead9', 'project_name': 'tempest-AttachInterfacesUnderV243Test-1079592804', 'tenant_id': '2664970c480a456d8ea8cc677361ead9', 'tenant_name': 'tempest-AttachInterfacesUnderV243Test-1079592804', 'user_domain_id': 'default', 'user_domain_name': 'Default', 'user_id': 'f2b1737eeb7b42529d6eebadcaed1d9e', 'system': None}, Network: None, Subnet: None, Router: None
2024-12-11 20:13:00.947 66513 INFO tempest.lib.common.rest_client [req-25819534-13e7-4901-b8df-9b94a41e2c12 req-25819534-13e7-4901-b8df-9b94a41e2c12 ] Request (FloatingIPsAssociationTestJSON:test_associate_already_associated_floating_ip): 200 GET http://10.180.1.21/compute/v2.1/servers/61a92832-9fca-49e7-a1e6-fadd39ed54b1 0.521s
2024-12-11 20:13:00.991 66560 INFO tempest.lib.common.rest_client [req-e7c91261-fa05-4056-9349-f46f9aee3c4b req-e7c91261-fa05-4056-9349-f46f9aee3c4b ] Request (AttachInterfacesUnderV243Test:setUpClass): 201 POST http://10.180.1.21/identity/v3/auth/tokens 0.076s
2024-12-11 20:13:01.034 66561 INFO tempest.lib.common.rest_client [req-5849dc6a-ebe4-45bf-afa3-542e1a64bf07 req-5849dc6a-ebe4-45bf-afa3-542e1a64bf07 ] Request (ServersAdmin275Test:tearDownClass): 200 GET http://10.180.1.21/compute/v2.1/servers/69f23f18-00d0-46ac-8867-8fc8cad8ed99 0.591s
2024-12-11 20:13:01.092 66517 WARNING tempest.lib.common.ssh [-] Failed to establish authenticated ssh connection to cirros@10.180.180.179 ([Errno None] Unable to connect to port 22 on 10.180.180.179). Number attempts: 5. Retry after 6 seconds.: paramiko.ssh_exception.NoValidConnectionsError: [Errno None] Unable to connect to port 22 on 10.180.180.179
2024-12-11 20:13:01.106 66545 INFO tempest.lib.common.rest_client [req-fcc5e4ad-0f2f-4727-b148-e65a69c56a7e req-fcc5e4ad-0f2f-4727-b148-e65a69c56a7e ] Request (ServerShowV247Test:test_update_rebuild_list_server): 200 GET http://10.180.1.21/compute/v2.1/servers/09fa1bdb-0403-4e86-a2b7-6b3a1c50f54e 0.362s
2024-12-11 20:13:01.136 66563 INFO tempest.lib.common.rest_client [req-1c7cd834-2b6a-4e65-8336-fe3e7abafab2 req-1c7cd834-2b6a-4e65-8336-fe3e7abafab2 ] Request (ServerDiagnosticsV248Test:tearDownClass): 404 GET http://10.180.1.21/compute/v2.1/servers/9c2857a3-3fef-4fda-b74d-b71fad79445e 0.323s
2024-12-11 20:13:01.210 66563 INFO tempest.lib.common.rest_client [req-b47385b0-cd45-4639-b0d3-e86ab9aa0021 req-b47385b0-cd45-4639-b0d3-e86ab9aa0021 ] Request (ServerDiagnosticsV248Test:tearDownClass): 204 DELETE http://10.180.1.21/identity/v3/users/fec98c58d4b94d0badae28787c42a186 0.073s
2024-12-11 20:13:01.215 66531 INFO tempest.lib.common.rest_client [req-e587b55d-ab19-40a3-b2ca-c44663041a98 req-e587b55d-ab19-40a3-b2ca-c44663041a98 ] Request (SecurityGroupsTestJSON:test_list_security_groups_by_server): 202 POST http://10.180.1.21/compute/v2.1/servers/bd33682d-74a2-44b4-9f07-c172b2b9a42f/action 0.883s
2024-12-11 20:13:01.267 66547 INFO tempest.lib.common.rest_client [req-4094dd22-5a9e-4651-a580-53219be94c73 req-4094dd22-5a9e-4651-a580-53219be94c73 ] Request (ServersTestJSON:test_create_server_specify_multibyte_character_name): 200 GET http://10.180.1.21/compute/v2.1/servers/fa6c0993-26e8-43a3-8b54-2768ac1171bd 0.354s
2024-12-11 20:13:01.363 66560 INFO tempest.lib.common.rest_client [req-57cb11ff-81c4-4827-9233-b0f975a79e5d req-57cb11ff-81c4-4827-9233-b0f975a79e5d ] Request (AttachInterfacesUnderV243Test:setUpClass): 201 POST http://10.180.1.21:9696/networking/v2.0/networks 0.372s
2024-12-11 20:13:01.372 66563 INFO tempest.lib.common.rest_client [req-a4f22f60-8c6d-42e2-894d-231e68d11a66 req-a4f22f60-8c6d-42e2-894d-231e68d11a66 ] Request (ServerDiagnosticsV248Test:tearDownClass): 204 DELETE http://10.180.1.21/identity/v3/users/cdcfbec0c8354bc4881a962cbd5b4573 0.161s
2024-12-11 20:13:01.372 66563 INFO tempest.lib.common.dynamic_creds [-] Deleting project and security group for project: c70003da96df47a1894c717ab55a33dc
2024-12-11 20:13:01.384 66511 INFO tempest.lib.common.rest_client [req-72d241ba-fb17-4170-896a-cc42635371ff req-72d241ba-fb17-4170-896a-cc42635371ff ] Request (MigrationsAdminTest:test_list_migrations_in_flavor_resize_situation): 200 GET http://10.180.1.21/compute/v2.1/servers/061f91da-9911-4400-ba28-0e85b2c328f5 0.337s
2024-12-11 20:13:01.502 66563 INFO tempest.lib.common.rest_client [req-f9412170-9bb3-4a49-b020-db8a0ddc8b5c req-f9412170-9bb3-4a49-b020-db8a0ddc8b5c ] Request (ServerDiagnosticsV248Test:tearDownClass): 201 POST http://10.180.1.21/identity/v3/auth/tokens 0.129s
2024-12-11 20:13:01.568 66551 INFO tempest.lib.common.rest_client [req-09df6c53-15ca-4a3c-a54b-fed95d23a0f8 req-09df6c53-15ca-4a3c-a54b-fed95d23a0f8 ] Request (ImagesOneServerNegativeTestJSON:setUpClass): 200 GET http://10.180.1.21/compute/v2.1/servers/53b6aa7b-783c-4083-8110-c5d5e186aa8c 0.388s
2024-12-11 20:13:01.655 66549 INFO tempest.lib.common.rest_client [req-00aea718-1a93-49f6-95a5-edca47b297b2 req-00aea718-1a93-49f6-95a5-edca47b297b2 ] Request (ServersTestManualDisk:setUpClass): 200 GET http://10.180.1.21/compute/v2.1/servers/55e951bd-d72e-409a-b69f-f61fe72d96ad 0.403s
2024-12-11 20:13:01.689 66531 INFO tempest.lib.common.rest_client [req-ac77f0f1-680f-46c7-9bcd-e8824eeb30b8 req-ac77f0f1-680f-46c7-9bcd-e8824eeb30b8 ] Request (SecurityGroupsTestJSON:test_list_security_groups_by_server): 200 GET http://10.180.1.21/compute/v2.1/servers/bd33682d-74a2-44b4-9f07-c172b2b9a42f/os-security-groups 0.473s
2024-12-11 20:13:01.743 66537 INFO tempest.lib.common.rest_client [req-d93b973d-efa0-4d8b-8d0f-3222556e8db0 req-d93b973d-efa0-4d8b-8d0f-3222556e8db0 ] Request (ServerAddressesTestJSON:tearDownClass): 200 GET http://10.180.1.21/compute/v2.1/servers/42087068-2562-47f2-b666-7db8b405d787 0.400s
2024-12-11 20:13:01.768 66515 INFO tempest.lib.common.rest_client [req-55ec3f01-eb9b-438a-acf8-ede600813646 req-55ec3f01-eb9b-438a-acf8-ede600813646 ] Request (ImagesTestJSON:test_create_image_from_stopped_server): 200 GET http://10.180.1.21/compute/v2.1/servers/c120a1a9-b0f0-444b-bfb6-dc382a4fdc4d 0.356s
2024-12-11 20:13:01.788 66563 INFO tempest.lib.common.rest_client [req-a1357ef0-26c5-4b58-8410-eeaa1c050fb6 req-a1357ef0-26c5-4b58-8410-eeaa1c050fb6 ] Request (ServerDiagnosticsV248Test:tearDownClass): 200 GET http://10.180.1.21:9696/networking/v2.0/security-groups?tenant_id=c70003da96df47a1894c717ab55a33dc&name=default 0.285s
2024-12-11 20:13:01.802 66560 INFO tempest.lib.common.rest_client [req-b5a82271-368d-4244-a9fe-456b6cbccb5c req-b5a82271-368d-4244-a9fe-456b6cbccb5c ] Request (AttachInterfacesUnderV243Test:setUpClass): 201 POST http://10.180.1.21:9696/networking/v2.0/subnets 0.438s
2024-12-11 20:13:01.813 66509 INFO tempest.lib.common.rest_client [req-148b556e-d278-4210-a78c-0df66487ada6 req-148b556e-d278-4210-a78c-0df66487ada6 ] Request (ServersAdminNegativeTestJSON:tearDownClass): 200 GET http://10.180.1.21/compute/v2.1/servers/853a38d6-ca46-4368-8cd5-e2c5cfa86a2e 0.394s
2024-12-11 20:13:01.846 66539 INFO tempest.lib.common.rest_client [req-7880b477-d847-435b-8fb0-3ccbb067518c req-7880b477-d847-435b-8fb0-3ccbb067518c ] Request (ServerRescueNegativeTestJSON:setUpClass): 200 GET http://10.180.1.21/compute/v2.1/servers/479bc771-a4cc-49fb-8de5-0f2ba643704a 0.369s
2024-12-11 20:13:01.890 66507 INFO tempest.lib.common.rest_client [req-015d89c1-e3cd-4b41-b10f-67aaae4f1d65 req-015d89c1-e3cd-4b41-b10f-67aaae4f1d65 ] Request (ServerDiagnosticsTest:tearDownClass): 200 GET http://10.180.1.21/compute/v2.1/servers/ff8db541-0494-4e5f-bad8-41b37b6a7b47 0.397s
2024-12-11 20:13:01.917 66529 INFO tempest.lib.common.rest_client [req-201b6fd6-11be-4e31-80cd-6e74b3eea915 req-201b6fd6-11be-4e31-80cd-6e74b3eea915 ] Request (ServerDiagnosticsNegativeTest:test_get_server_diagnostics_by_non_admin): 200 GET http://10.180.1.21/compute/v2.1/servers/4d963ae9-fd16-4412-b94c-a8148229f332 0.373s
2024-12-11 20:13:01.990 66543 WARNING tempest.lib.common.ssh [-] Failed to establish authenticated ssh connection to cirros@10.180.180.130 ([Errno None] Unable to connect to port 22 on 10.180.180.130). Number attempts: 5. Retry after 6 seconds.: paramiko.ssh_exception.NoValidConnectionsError: [Errno None] Unable to connect to port 22 on 10.180.180.130
2024-12-11 20:13:01.991 66505 INFO tempest.lib.common.rest_client [req-f3a25d5f-b52e-4310-83ae-cd9485b0914e req-f3a25d5f-b52e-4310-83ae-cd9485b0914e ] Request (FloatingIPsAssociationNegativeTestJSON:setUpClass): 200 GET http://10.180.1.21/compute/v2.1/servers/77a23b9e-54c9-4629-bb5a-7c6a5e5202a3 0.370s
2024-12-11 20:13:02.006 66563 INFO tempest.lib.common.rest_client [req-0cd6a05b-3310-4138-9110-db9a3cec8134 req-0cd6a05b-3310-4138-9110-db9a3cec8134 ] Request (ServerDiagnosticsV248Test:tearDownClass): 204 DELETE http://10.180.1.21:9696/networking/v2.0/security-groups/255da7f9-3c0e-4c8e-8317-eb40c7f217a8 0.217s
2024-12-11 20:13:02.019 66535 INFO tempest.lib.common.rest_client [req-aae9e424-aeba-4cc8-9cf6-8d554192b746 req-aae9e424-aeba-4cc8-9cf6-8d554192b746 ] Request (ServerActionsTestOtherA:setUpClass): 201 POST http://10.180.1.21:9696/networking/v2.0/routers 1.394s
2024-12-11 20:13:02.036 66523 INFO tempest.lib.common.rest_client [req-081813d2-15dc-4a1f-96fd-3397e6bc7bc9 req-081813d2-15dc-4a1f-96fd-3397e6bc7bc9 ] Request (ImagesOneServerTestJSON:test_create_image_specify_multibyte_character_image_name): 200 GET http://10.180.1.21/compute/v2.1/images/67c0b781-6d9c-4b84-a3d5-209634196633 0.375s
2024-12-11 20:13:02.048 66565 INFO tempest.lib.common.rest_client [req-b74883b6-a38b-431c-b3f7-93bb1be07e9b req-b74883b6-a38b-431c-b3f7-93bb1be07e9b ] Request (ServerRescueTestJSON:setUpClass): 200 GET http://10.180.1.21/compute/v2.1/servers/53521a81-effa-4be1-8093-c2fb7cf443ce 0.438s
2024-12-11 20:13:02.088 66563 INFO tempest.lib.common.rest_client [req-f879279a-2a55-4956-a7a4-3d14ba2e6768 req-f879279a-2a55-4956-a7a4-3d14ba2e6768 ] Request (ServerDiagnosticsV248Test:tearDownClass): 204 DELETE http://10.180.1.21/identity/v3/projects/c70003da96df47a1894c717ab55a33dc 0.081s
2024-12-11 20:13:02.088 66563 INFO tempest.lib.common.dynamic_creds [-] Deleting project and security group for project: da79219e979d41409bd9abb6f3bba7e4
2024-12-11 20:13:02.112 66541 INFO tempest.lib.common.rest_client [req-4386eb8f-d64a-45b2-b13d-1c806d15de96 req-4386eb8f-d64a-45b2-b13d-1c806d15de96 ] Request (ListImageFiltersTestJSON:setUpClass): 200 GET http://10.180.1.21/compute/v2.1/servers/cbb697f8-5715-43c5-882e-73b7232789f1 0.413s
2024-12-11 20:13:02.183 66503 INFO tempest.lib.common.rest_client [req-217f0b8c-a24d-4cfe-b06a-f8e9fca36442 req-217f0b8c-a24d-4cfe-b06a-f8e9fca36442 ] Request (ServersTestMultiNic:test_verify_duplicate_network_nics): 200 GET http://10.180.1.21/compute/v2.1/servers/0f6f32a9-b116-42a3-a7d6-8544cfbb6c4a 0.442s
2024-12-11 20:13:02.270 66519 INFO tempest.lib.common.rest_client [req-5ce17f43-12be-4e7b-8340-aff78d011199 req-5ce17f43-12be-4e7b-8340-aff78d011199 ] Request (ServerShowV257Test:tearDownClass): 200 GET http://10.180.1.21/compute/v2.1/servers/7e1353e6-2e70-49f0-8b11-0f68387d9a48 0.478s
2024-12-11 20:13:02.290 66531 INFO tempest.lib.common.rest_client [req-c1596371-9d77-4057-a54d-45294fe04f11 req-c1596371-9d77-4057-a54d-45294fe04f11 ] Request (SecurityGroupsTestJSON:test_security_group_create_get_delete): 200 POST http://10.180.1.21/compute/v2.1/os-security-groups 0.596s
2024-12-11 20:13:02.318 66563 INFO tempest.lib.common.rest_client [req-ba74803b-a697-409f-a8a1-03f8f94e7d63 req-ba74803b-a697-409f-a8a1-03f8f94e7d63 ] Request (ServerDiagnosticsV248Test:tearDownClass): 200 GET http://10.180.1.21:9696/networking/v2.0/security-groups?tenant_id=da79219e979d41409bd9abb6f3bba7e4&name=default 0.230s
2024-12-11 20:13:02.356 66521 INFO tempest.lib.common.rest_client [req-cd04a78f-33f9-468a-852c-42ab63ad8748 req-cd04a78f-33f9-468a-852c-42ab63ad8748 ] Request (ServerExternalEventsTest:test_create_server_external_events): 200 GET http://10.180.1.21/compute/v2.1/servers/8050a7a8-fe9d-462e-8301-738134742730 0.480s
2024-12-11 20:13:02.376 66513 INFO tempest.lib.common.rest_client [req-390c6d23-7466-48d1-b095-772c8d187eca req-390c6d23-7466-48d1-b095-772c8d187eca ] Request (FloatingIPsAssociationTestJSON:test_associate_already_associated_floating_ip): 200 GET http://10.180.1.21/compute/v2.1/servers/61a92832-9fca-49e7-a1e6-fadd39ed54b1 0.418s
2024-12-11 20:13:02.406 66523 INFO tempest.lib.common.rest_client [req-24e25759-24fb-45c6-91df-a27dce0aa82c req-24e25759-24fb-45c6-91df-a27dce0aa82c ] Request (ImagesOneServerTestJSON:test_create_image_specify_multibyte_character_image_name): 200 GET http://10.180.1.21/compute/v2.1/images/67c0b781-6d9c-4b84-a3d5-209634196633 0.366s
2024-12-11 20:13:02.476 66561 INFO tempest.lib.common.rest_client [req-5e0826dc-06eb-495d-aba5-147f2673085a req-5e0826dc-06eb-495d-aba5-147f2673085a ] Request (ServersAdmin275Test:tearDownClass): 200 GET http://10.180.1.21/compute/v2.1/servers/69f23f18-00d0-46ac-8867-8fc8cad8ed99 0.426s
2024-12-11 20:13:02.476 66545 INFO tempest.lib.common.rest_client [req-3b04f6f1-9fb3-48f0-b40b-76b87459303b req-3b04f6f1-9fb3-48f0-b40b-76b87459303b ] Request (ServerShowV247Test:test_update_rebuild_list_server): 200 GET http://10.180.1.21/compute/v2.1/servers/09fa1bdb-0403-4e86-a2b7-6b3a1c50f54e 0.358s
2024-12-11 20:13:02.505 66563 INFO tempest.lib.common.rest_client [req-7f148a5b-3a16-4fc8-bad9-cff75af7d586 req-7f148a5b-3a16-4fc8-bad9-cff75af7d586 ] Request (ServerDiagnosticsV248Test:tearDownClass): 204 DELETE http://10.180.1.21:9696/networking/v2.0/security-groups/5a4dcb3f-83b8-4bec-85b0-7e62b1cde535 0.187s
2024-12-11 20:13:02.524 66531 INFO tempest.lib.common.rest_client [req-08e1656c-c823-4d1e-9fe0-91e1a99471c3 req-08e1656c-c823-4d1e-9fe0-91e1a99471c3 ] Request (SecurityGroupsTestJSON:test_security_group_create_get_delete): 200 GET http://10.180.1.21/compute/v2.1/os-security-groups/eff31a6f-3818-4c43-b446-5e0c03c83d06 0.231s
2024-12-11 20:13:02.607 66563 INFO tempest.lib.common.rest_client [req-eca5820c-13db-4ed8-a4f4-ecbfe4294bfe req-eca5820c-13db-4ed8-a4f4-ecbfe4294bfe ] Request (ServerDiagnosticsV248Test:tearDownClass): 204 DELETE http://10.180.1.21/identity/v3/projects/da79219e979d41409bd9abb6f3bba7e4 0.101s
2024-12-11 20:13:02.627 66547 INFO tempest.lib.common.rest_client [req-d3e6179b-c792-4f97-849e-c88b82f1f0e9 req-d3e6179b-c792-4f97-849e-c88b82f1f0e9 ] Request (ServersTestJSON:test_create_server_specify_multibyte_character_name): 200 GET http://10.180.1.21/compute/v2.1/servers/fa6c0993-26e8-43a3-8b54-2768ac1171bd 0.353s
2024-12-11 20:13:02.635 66547 INFO tempest.common.waiters [-] State transition "BUILD/spawning" ==> "ACTIVE/None" after 40 second wait
2024-12-11 20:13:02.663 66511 INFO tempest.lib.common.rest_client [req-6dbbe3ce-1de2-4ba5-83ff-10d88b4868b9 req-6dbbe3ce-1de2-4ba5-83ff-10d88b4868b9 ] Request (MigrationsAdminTest:test_list_migrations_in_flavor_resize_situation): 200 GET http://10.180.1.21/compute/v2.1/servers/061f91da-9911-4400-ba28-0e85b2c328f5 0.268s
2024-12-11 20:13:02.679 66563 INFO tempest.lib.common.rest_client [req-dbef2e45-bfde-46a2-8ad1-ad19809c82dd req-dbef2e45-bfde-46a2-8ad1-ad19809c82dd ] Request (TenantUsagesNegativeTestJSON:setUpClass): 201 POST http://10.180.1.21/identity/v3/auth/tokens 0.069s
2024-12-11 20:13:02.707 66547 INFO tempest.lib.common.rest_client [req-1fadce9e-ce68-46ea-9c3d-195b42b5dcbe req-1fadce9e-ce68-46ea-9c3d-195b42b5dcbe ] Request (ServersTestJSON:test_create_server_with_admin_password): 201 POST http://10.180.1.21/identity/v3/auth/tokens 0.063s
2024-12-11 20:13:02.708 66547 INFO tempest.lib.common.fixed_network [-] (ServersTestJSON:test_create_server_with_admin_password) Found network {'id': '293ad432-cd09-44b8-8a07-2953580c616d', 'name': 'tempest-ServersTestJSON-250120395-network', 'tenant_id': '02e83b02183c4cefb96746c7ad2f4c10', 'admin_state_up': True, 'mtu': 8950, 'status': 'ACTIVE', 'subnets': [], 'shared': False, 'project_id': '02e83b02183c4cefb96746c7ad2f4c10', 'port_security_enabled': True, 'router:external': False, 'provider:network_type': 'vlan', 'provider:physical_network': 'default', 'provider:segmentation_id': 113, 'availability_zone_hints': [], 'availability_zones': [], 'ipv4_address_scope': None, 'ipv6_address_scope': None, 'description': '', 'tags': [], 'created_at': '2024-12-11T20:12:08Z', 'updated_at': '2024-12-11T20:12:08Z', 'revision_number': 1} available for tenant
2024-12-11 20:13:02.711 66563 INFO tempest.lib.common.rest_client [req-089eef2c-fe8b-4b98-8584-6359f687c744 req-089eef2c-fe8b-4b98-8584-6359f687c744 ] Request (TenantUsagesNegativeTestJSON:setUpClass): 201 POST http://10.180.1.21/identity/v3/auth/tokens 0.029s
2024-12-11 20:13:02.737 66563 INFO tempest.lib.common.rest_client [req-e752c7a5-553f-4f12-b25b-5986f29bb82b req-e752c7a5-553f-4f12-b25b-5986f29bb82b ] Request (TenantUsagesNegativeTestJSON:setUpClass): 200 GET http://10.180.1.21/identity/v3/domains?name=Default 0.026s
2024-12-11 20:13:02.767 66563 INFO tempest.lib.common.rest_client [req-4850dd3b-f00a-4834-abc4-bc09554cde0c req-4850dd3b-f00a-4834-abc4-bc09554cde0c ] Request (TenantUsagesNegativeTestJSON:setUpClass): 201 POST http://10.180.1.21/identity/v3/projects 0.029s
2024-12-11 20:13:02.822 66523 INFO tempest.lib.common.rest_client [req-216b2a60-aab9-447d-89ff-915218a3054d req-216b2a60-aab9-447d-89ff-915218a3054d ] Request (ImagesOneServerTestJSON:test_create_image_specify_multibyte_character_image_name): 200 GET http://10.180.1.21/compute/v2.1/servers/7d27c230-29c7-4b01-9607-c928f2b76ddf 0.412s
2024-12-11 20:13:02.835 66563 INFO tempest.lib.common.rest_client [req-ce3dfc1a-cd98-4950-b9ca-dabc8ad997ec req-ce3dfc1a-cd98-4950-b9ca-dabc8ad997ec ] Request (TenantUsagesNegativeTestJSON:setUpClass): 201 POST http://10.180.1.21/identity/v3/users 0.067s
2024-12-11 20:13:02.840 66531 INFO tempest.lib.common.rest_client [req-326adbf0-daa3-4731-b437-6a8fe0baeb3f req-326adbf0-daa3-4731-b437-6a8fe0baeb3f ] Request (SecurityGroupsTestJSON:test_security_group_create_get_delete): 202 DELETE http://10.180.1.21/compute/v2.1/os-security-groups/eff31a6f-3818-4c43-b446-5e0c03c83d06 0.308s
2024-12-11 20:13:02.863 66563 INFO tempest.lib.common.rest_client [req-57696b82-41b3-4bf6-96a7-585b98a65d32 req-57696b82-41b3-4bf6-96a7-585b98a65d32 ] Request (TenantUsagesNegativeTestJSON:setUpClass): 200 GET http://10.180.1.21/identity/v3/roles 0.027s
2024-12-11 20:13:02.900 66563 INFO tempest.lib.common.rest_client [req-16e60623-5fb3-4791-b098-488aff5cc242 req-16e60623-5fb3-4791-b098-488aff5cc242 ] Request (TenantUsagesNegativeTestJSON:setUpClass): 204 PUT http://10.180.1.21/identity/v3/projects/c5acc1bb3b7a446b90aa15e9d34e0ddd/users/be1489cefb0d4a9fb3518a9182cadec0/roles/a5cf5635348542be8f7dc01df17b6558 0.036s
2024-12-11 20:13:02.900 66563 INFO tempest.lib.common.dynamic_creds [-] Dynamic test user be1489cefb0d4a9fb3518a9182cadec0 is created with scope project and roles: ['member']
2024-12-11 20:13:02.900 66563 INFO tempest.lib.common.dynamic_creds [-] Acquired dynamic creds: credentials: Credentials: {'domain_id': 'default', 'domain_name': 'Default', 'username': 'tempest-TenantUsagesNegativeTestJSON-2056798147-project-member', 'project_domain_id': 'default', 'project_domain_name': 'Default', 'project_id': 'c5acc1bb3b7a446b90aa15e9d34e0ddd', 'project_name': 'tempest-TenantUsagesNegativeTestJSON-2056798147', 'tenant_id': 'c5acc1bb3b7a446b90aa15e9d34e0ddd', 'tenant_name': 'tempest-TenantUsagesNegativeTestJSON-2056798147', 'user_domain_id': 'default', 'user_domain_name': 'Default', 'user_id': 'be1489cefb0d4a9fb3518a9182cadec0', 'system': None}, Network: None, Subnet: None, Router: None
2024-12-11 20:13:02.900 66563 INFO tempest.lib.common.dynamic_creds [-] Created isolated network resources for: credentials: Credentials: {'domain_id': 'default', 'domain_name': 'Default', 'username': 'tempest-TenantUsagesNegativeTestJSON-2056798147-project-member', 'project_domain_id': 'default', 'project_domain_name': 'Default', 'project_id': 'c5acc1bb3b7a446b90aa15e9d34e0ddd', 'project_name': 'tempest-TenantUsagesNegativeTestJSON-2056798147', 'tenant_id': 'c5acc1bb3b7a446b90aa15e9d34e0ddd', 'tenant_name': 'tempest-TenantUsagesNegativeTestJSON-2056798147', 'user_domain_id': 'default', 'user_domain_name': 'Default', 'user_id': 'be1489cefb0d4a9fb3518a9182cadec0', 'system': None}, Network: None, Subnet: None, Router: None
2024-12-11 20:13:02.901 66549 INFO tempest.lib.common.rest_client [req-d6373e12-562d-467d-ae03-81028f220824 req-d6373e12-562d-467d-ae03-81028f220824 ] Request (ServersTestManualDisk:setUpClass): 200 GET http://10.180.1.21/compute/v2.1/servers/55e951bd-d72e-409a-b69f-f61fe72d96ad 0.236s
2024-12-11 20:13:02.928 66560 INFO tempest.lib.common.rest_client [req-ddf1b103-2fb9-479e-a091-232dad7a4718 req-ddf1b103-2fb9-479e-a091-232dad7a4718 ] Request (AttachInterfacesUnderV243Test:setUpClass): 201 POST http://10.180.1.21:9696/networking/v2.0/routers 1.125s
2024-12-11 20:13:02.996 66563 INFO tempest.lib.common.rest_client [req-c6419b57-2dde-4b1c-b126-5d37a6709b27 req-c6419b57-2dde-4b1c-b126-5d37a6709b27 ] Request (TenantUsagesNegativeTestJSON:setUpClass): 201 POST http://10.180.1.21/identity/v3/auth/tokens 0.089s
2024-12-11 20:13:03.029 66551 INFO tempest.lib.common.rest_client [req-0d9645f1-a99c-4d06-b018-1f84af2e8de2 req-0d9645f1-a99c-4d06-b018-1f84af2e8de2 ] Request (ImagesOneServerNegativeTestJSON:setUpClass): 200 GET http://10.180.1.21/compute/v2.1/servers/53b6aa7b-783c-4083-8110-c5d5e186aa8c 0.450s
2024-12-11 20:13:03.089 66563 INFO tempest.lib.common.rest_client [req-5c871464-9c42-4cb3-bbaa-aa6e95991624 req-5c871464-9c42-4cb3-bbaa-aa6e95991624 ] Request (TenantUsagesNegativeTestJSON:setUpClass): 201 POST http://10.180.1.21/identity/v3/projects 0.092s
2024-12-11 20:13:03.098 66537 INFO tempest.lib.common.rest_client [req-1838d17c-9d3e-4ae7-a06b-834e95354d92 req-1838d17c-9d3e-4ae7-a06b-834e95354d92 ] Request (ServerAddressesTestJSON:tearDownClass): 200 GET http://10.180.1.21/compute/v2.1/servers/42087068-2562-47f2-b666-7db8b405d787 0.347s
2024-12-11 20:13:03.159 66563 INFO tempest.lib.common.rest_client [req-457b45f6-0373-4493-8e5c-675a72238917 req-457b45f6-0373-4493-8e5c-675a72238917 ] Request (TenantUsagesNegativeTestJSON:setUpClass): 201 POST http://10.180.1.21/identity/v3/users 0.069s
2024-12-11 20:13:03.160 66535 INFO tempest.lib.common.rest_client [req-2da772be-3c1e-411f-84c5-1ddcf3eb0178 req-2da772be-3c1e-411f-84c5-1ddcf3eb0178 ] Request (ServerActionsTestOtherA:setUpClass): 200 PUT http://10.180.1.21:9696/networking/v2.0/routers/565aa771-55c7-4dff-8dfc-c6bc0f5451be/add_router_interface 1.140s
2024-12-11 20:13:03.160 66535 INFO tempest.lib.common.dynamic_creds [-] Created isolated network resources for: credentials: Credentials: {'domain_id': 'default', 'domain_name': 'Default', 'username': 'tempest-ServerActionsTestOtherA-1024463605-project-member', 'project_domain_id': 'default', 'project_domain_name': 'Default', 'project_id': '12f946e17fa54faf8f8af46f91d6216c', 'project_name': 'tempest-ServerActionsTestOtherA-1024463605', 'tenant_id': '12f946e17fa54faf8f8af46f91d6216c', 'tenant_name': 'tempest-ServerActionsTestOtherA-1024463605', 'user_domain_id': 'default', 'user_domain_name': 'Default', 'user_id': '480129a9abde4b9cac81fc2aa5672b5d', 'system': None}, Network: {'id': '673a5151-564a-4332-b15e-3d6d070aac77', 'name': 'tempest-ServerActionsTestOtherA-983116131-network', 'tenant_id': '12f946e17fa54faf8f8af46f91d6216c', 'admin_state_up': True, 'mtu': 8950, 'status': 'ACTIVE', 'subnets': [], 'shared': False, 'project_id': '12f946e17fa54faf8f8af46f91d6216c', 'port_security_enabled': True, 'router:external': False, 'provider:network_type': 'vlan', 'provider:physical_network': 'default', 'provider:segmentation_id': 385, 'availability_zone_hints': [], 'availability_zones': [], 'ipv4_address_scope': None, 'ipv6_address_scope': None, 'description': '', 'tags': [], 'created_at': '2024-12-11T20:13:00Z', 'updated_at': '2024-12-11T20:13:00Z', 'revision_number': 1}, Subnet: {'id': '5ee3cdb2-eace-48fb-9704-e0cd98cc0ba9', 'name': 'tempest-ServerActionsTestOtherA-983116131-subnet', 'tenant_id': '12f946e17fa54faf8f8af46f91d6216c', 'network_id': '673a5151-564a-4332-b15e-3d6d070aac77', 'ip_version': 4, 'subnetpool_id': None, 'enable_dhcp': True, 'ipv6_ra_mode': None, 'ipv6_address_mode': None, 'gateway_ip': '192.168.128.1', 'cidr': '192.168.128.0/28', 'allocation_pools': [{'start': '192.168.128.2', 'end': '192.168.128.14'}], 'host_routes': [], 'dns_nameservers': [], 'description': '', 'router:external': False, 'service_types': [], 'tags': [], 'created_at': '2024-12-11T20:13:00Z', 'updated_at': '2024-12-11T20:13:00Z', 'revision_number': 0, 'project_id': '12f946e17fa54faf8f8af46f91d6216c'}, Router: {'id': '565aa771-55c7-4dff-8dfc-c6bc0f5451be', 'name': 'tempest-ServerActionsTestOtherA-983116131-router', 'tenant_id': '12f946e17fa54faf8f8af46f91d6216c', 'admin_state_up': True, 'status': 'ACTIVE', 'external_gateway_info': {'network_id': '6cab47bd-ca6b-40a7-8928-a2808e9a618e', 'external_fixed_ips': [{'subnet_id': '4e4eda2c-e456-4bac-8a21-59dda5e697f4', 'ip_address': '10.180.180.219'}], 'enable_snat': True}, 'description': '', 'availability_zones': [], 'distributed': False, 'ha': False, 'availability_zone_hints': [], 'routes': [], 'flavor_id': None, 'tags': [], 'created_at': '2024-12-11T20:13:00Z', 'updated_at': '2024-12-11T20:13:01Z', 'revision_number': 2, 'project_id': '12f946e17fa54faf8f8af46f91d6216c'}
2024-12-11 20:13:03.181 66563 INFO tempest.lib.common.rest_client [req-280637b1-0d41-4048-8a12-80de60bb32f1 req-280637b1-0d41-4048-8a12-80de60bb32f1 ] Request (TenantUsagesNegativeTestJSON:setUpClass): 200 GET http://10.180.1.21/identity/v3/roles 0.022s
2024-12-11 20:13:03.183 66515 INFO tempest.lib.common.rest_client [req-10bf8a04-d5b0-4fde-98ea-7a0ef56ac7f9 req-10bf8a04-d5b0-4fde-98ea-7a0ef56ac7f9 ] Request (ImagesTestJSON:test_create_image_from_stopped_server): 200 GET http://10.180.1.21/compute/v2.1/servers/c120a1a9-b0f0-444b-bfb6-dc382a4fdc4d 0.407s
2024-12-11 20:13:03.223 66563 INFO tempest.lib.common.rest_client [req-05c3be2d-3649-4e5a-b98d-96b95de5f413 req-05c3be2d-3649-4e5a-b98d-96b95de5f413 ] Request (TenantUsagesNegativeTestJSON:setUpClass): 204 PUT http://10.180.1.21/identity/v3/projects/5b2c8db613ab4a4ca338f236b863ae3a/users/48065844c2b5496d87ce5f5a8f3d057e/roles/d5fa6c530ee7434bb05557471f5f66e9 0.041s
2024-12-11 20:13:03.253 66509 INFO tempest.lib.common.rest_client [req-30f4fc28-1d44-4cbf-b73d-1e6f3e3ea725 req-30f4fc28-1d44-4cbf-b73d-1e6f3e3ea725 ] Request (ServersAdminNegativeTestJSON:tearDownClass): 200 GET http://10.180.1.21/compute/v2.1/servers/853a38d6-ca46-4368-8cd5-e2c5cfa86a2e 0.431s
2024-12-11 20:13:03.280 66535 INFO tempest.lib.common.rest_client [req-43c9bb25-417c-4d69-8be9-3a9ab82400ef req-43c9bb25-417c-4d69-8be9-3a9ab82400ef ] Request (ServerActionsTestOtherA:setUpClass): 201 POST http://10.180.1.21/identity/v3/auth/tokens 0.116s
2024-12-11 20:13:03.281 66531 INFO tempest.lib.common.rest_client [req-c09e432f-a129-4471-930d-69da60e388c9 req-c09e432f-a129-4471-930d-69da60e388c9 ] Request (SecurityGroupsTestJSON:test_security_group_create_get_delete): 404 GET http://10.180.1.21/compute/v2.1/os-security-groups/eff31a6f-3818-4c43-b446-5e0c03c83d06 0.441s
2024-12-11 20:13:03.297 66563 INFO tempest.lib.common.rest_client [req-3a2ef90b-1caf-49b4-b070-a7475690985d req-3a2ef90b-1caf-49b4-b070-a7475690985d ] Request (TenantUsagesNegativeTestJSON:setUpClass): 200 GET http://10.180.1.21/identity/v3/roles 0.073s
2024-12-11 20:13:03.320 66563 INFO tempest.lib.common.rest_client [req-0f5a9c40-5d6a-4c4b-9805-ea94a523cdd2 req-0f5a9c40-5d6a-4c4b-9805-ea94a523cdd2 ] Request (TenantUsagesNegativeTestJSON:setUpClass): 204 PUT http://10.180.1.21/identity/v3/projects/5b2c8db613ab4a4ca338f236b863ae3a/users/48065844c2b5496d87ce5f5a8f3d057e/roles/d5fa6c530ee7434bb05557471f5f66e9 0.023s
2024-12-11 20:13:03.321 66563 INFO tempest.lib.common.dynamic_creds [-] Dynamic test user 48065844c2b5496d87ce5f5a8f3d057e is created with scope project and roles: ['admin']
2024-12-11 20:13:03.321 66563 INFO tempest.lib.common.dynamic_creds [-] Acquired dynamic creds: credentials: Credentials: {'domain_id': 'default', 'domain_name': 'Default', 'username': 'tempest-TenantUsagesNegativeTestJSON-453454609-project-admin', 'project_domain_id': 'default', 'project_domain_name': 'Default', 'project_id': '5b2c8db613ab4a4ca338f236b863ae3a', 'project_name': 'tempest-TenantUsagesNegativeTestJSON-453454609', 'tenant_id': '5b2c8db613ab4a4ca338f236b863ae3a', 'tenant_name': 'tempest-TenantUsagesNegativeTestJSON-453454609', 'user_domain_id': 'default', 'user_domain_name': 'Default', 'user_id': '48065844c2b5496d87ce5f5a8f3d057e', 'system': None}, Network: None, Subnet: None, Router: None
2024-12-11 20:13:03.321 66563 INFO tempest.lib.common.dynamic_creds [-] Created isolated network resources for: credentials: Credentials: {'domain_id': 'default', 'domain_name': 'Default', 'username': 'tempest-TenantUsagesNegativeTestJSON-453454609-project-admin', 'project_domain_id': 'default', 'project_domain_name': 'Default', 'project_id': '5b2c8db613ab4a4ca338f236b863ae3a', 'project_name': 'tempest-TenantUsagesNegativeTestJSON-453454609', 'tenant_id': '5b2c8db613ab4a4ca338f236b863ae3a', 'tenant_name': 'tempest-TenantUsagesNegativeTestJSON-453454609', 'user_domain_id': 'default', 'user_domain_name': 'Default', 'user_id': '48065844c2b5496d87ce5f5a8f3d057e', 'system': None}, Network: None, Subnet: None, Router: None
2024-12-11 20:13:03.353 66539 INFO tempest.lib.common.rest_client [req-aeb59024-c4bf-4bd8-914d-f7e701012acc req-aeb59024-c4bf-4bd8-914d-f7e701012acc ] Request (ServerRescueNegativeTestJSON:setUpClass): 200 GET http://10.180.1.21/compute/v2.1/servers/479bc771-a4cc-49fb-8de5-0f2ba643704a 0.496s
2024-12-11 20:13:03.433 66563 INFO tempest.lib.common.rest_client [req-100a3dbd-e74a-450b-b3f0-29e0bf97c1bf req-100a3dbd-e74a-450b-b3f0-29e0bf97c1bf ] Request (TenantUsagesNegativeTestJSON:setUpClass): 201 POST http://10.180.1.21/identity/v3/auth/tokens 0.109s
2024-12-11 20:13:03.433 66507 INFO tempest.lib.common.rest_client [req-c6fbb4a2-64af-4933-9e15-b38bc58d9d50 req-c6fbb4a2-64af-4933-9e15-b38bc58d9d50 ] Request (ServerDiagnosticsTest:tearDownClass): 200 GET http://10.180.1.21/compute/v2.1/servers/ff8db541-0494-4e5f-bad8-41b37b6a7b47 0.536s
2024-12-11 20:13:03.509 66529 INFO tempest.lib.common.rest_client [req-96cd6528-8762-479f-9404-134694cc69ea req-96cd6528-8762-479f-9404-134694cc69ea ] Request (ServerDiagnosticsNegativeTest:test_get_server_diagnostics_by_non_admin): 200 GET http://10.180.1.21/compute/v2.1/servers/4d963ae9-fd16-4412-b94c-a8148229f332 0.583s
2024-12-11 20:13:03.576 66505 INFO tempest.lib.common.rest_client [req-46e1302d-60b3-4910-8181-d7bc98c756e3 req-46e1302d-60b3-4910-8181-d7bc98c756e3 ] Request (FloatingIPsAssociationNegativeTestJSON:setUpClass): 200 GET http://10.180.1.21/compute/v2.1/servers/77a23b9e-54c9-4629-bb5a-7c6a5e5202a3 0.576s
2024-12-11 20:13:03.583 66547 INFO tempest.lib.common.rest_client [req-f84f557a-bf8a-40e9-9c58-372be8d8a771 req-f84f557a-bf8a-40e9-9c58-372be8d8a771 ] Request (ServersTestJSON:test_create_server_with_admin_password): 202 POST http://10.180.1.21/compute/v2.1/servers 0.874s
