2024-12-12 06:14:24.354 66515 INFO tempest.lib.common.dynamic_creds [-] Created isolated network resources for: credentials: Credentials: {'domain_id': 'default', 'domain_name': 'Default', 'username': 'tempest-AbsoluteLimitsTestJSON-226082347-project-member', 'project_domain_id': 'default', 'project_domain_name': 'Default', 'project_id': 'b162a818bc62488bbc016508761eb0b6', 'project_name': 'tempest-AbsoluteLimitsTestJSON-226082347', 'tenant_id': 'b162a818bc62488bbc016508761eb0b6', 'tenant_name': 'tempest-AbsoluteLimitsTestJSON-226082347', 'user_domain_id': 'default', 'user_domain_name': 'Default', 'user_id': '0aa6586cc958481e9ff3c98bd23560d5', 'system': None}, Network: None, Subnet: None, Router: None
2024-12-12 06:14:24.396 66511 INFO tempest.lib.common.rest_client [req-5514c78c-bc17-4ece-bb2c-66ef54de274e req-5514c78c-bc17-4ece-bb2c-66ef54de274e ] Request (FlavorsAccessNegativeTestJSON:setUpClass): 204 PUT http://10.180.1.21/identity/v3/projects/6cb99c3c10c042b581cdf81b51268233/users/868d33c53da449e49ccd34e8abe58d2a/roles/c257faa2f2fc49d0b6326b64e3c1a992 0.062s
2024-12-12 06:14:24.396 66511 INFO tempest.lib.common.dynamic_creds [-] Dynamic test user 868d33c53da449e49ccd34e8abe58d2a is created with scope project and roles: ['admin']
2024-12-12 06:14:24.396 66511 INFO tempest.lib.common.dynamic_creds [-] Acquired dynamic creds: credentials: Credentials: {'domain_id': 'default', 'domain_name': 'Default', 'username': 'tempest-FlavorsAccessNegativeTestJSON-801108953-project-admin', 'project_domain_id': 'default', 'project_domain_name': 'Default', 'project_id': '6cb99c3c10c042b581cdf81b51268233', 'project_name': 'tempest-FlavorsAccessNegativeTestJSON-801108953', 'tenant_id': '6cb99c3c10c042b581cdf81b51268233', 'tenant_name': 'tempest-FlavorsAccessNegativeTestJSON-801108953', 'user_domain_id': 'default', 'user_domain_name': 'Default', 'user_id': '868d33c53da449e49ccd34e8abe58d2a', 'system': None}, Network: None, Subnet: None, Router: None
2024-12-12 06:14:24.396 66553 INFO tempest.lib.common.rest_client [req-c5cbe994-4c19-48ec-ac98-75f8c1aeeb35 req-c5cbe994-4c19-48ec-ac98-75f8c1aeeb35 ] Request (ServerRescueTestJSON:setUpClass): 200 POST http://10.180.1.21/compute/v2.1/servers/a902fdac-0fc0-45a9-b02e-0f0e50a49af5/action 0.153s
2024-12-12 06:14:24.397 66511 INFO tempest.lib.common.dynamic_creds [-] Created isolated network resources for: credentials: Credentials: {'domain_id': 'default', 'domain_name': 'Default', 'username': 'tempest-FlavorsAccessNegativeTestJSON-801108953-project-admin', 'project_domain_id': 'default', 'project_domain_name': 'Default', 'project_id': '6cb99c3c10c042b581cdf81b51268233', 'project_name': 'tempest-FlavorsAccessNegativeTestJSON-801108953', 'tenant_id': '6cb99c3c10c042b581cdf81b51268233', 'tenant_name': 'tempest-FlavorsAccessNegativeTestJSON-801108953', 'user_domain_id': 'default', 'user_domain_name': 'Default', 'user_id': '868d33c53da449e49ccd34e8abe58d2a', 'system': None}, Network: None, Subnet: None, Router: None
2024-12-12 06:14:24.456 66515 INFO tempest.lib.common.rest_client [req-a950eaea-c9d7-4e50-ac6c-649915585fde req-a950eaea-c9d7-4e50-ac6c-649915585fde ] Request (AbsoluteLimitsTestJSON:setUpClass): 201 POST http://10.180.1.21/identity/v3/auth/tokens 0.098s
2024-12-12 06:14:24.509 66511 INFO tempest.lib.common.rest_client [req-6ff8848f-340b-4ca5-9451-7a673ab4c2cc req-6ff8848f-340b-4ca5-9451-7a673ab4c2cc ] Request (FlavorsAccessNegativeTestJSON:setUpClass): 201 POST http://10.180.1.21/identity/v3/auth/tokens 0.103s
2024-12-12 06:14:24.509 66553 INFO tempest.lib.common.rest_client [req-f6d03b39-eb2a-482c-940a-dd64ab47f272 req-f6d03b39-eb2a-482c-940a-dd64ab47f272 ] Request (ServerRescueTestJSON:setUpClass): 200 GET http://10.180.1.21/compute/v2.1/servers/a902fdac-0fc0-45a9-b02e-0f0e50a49af5 0.111s
2024-12-12 06:14:24.525 66547 INFO tempest.lib.common.rest_client [req-035f4f75-87f3-41d5-98b1-3ce1446dd761 req-035f4f75-87f3-41d5-98b1-3ce1446dd761 ] Request (ImagesTestJSON:test_create_image_from_suspended_server): 202 POST http://10.180.1.21/compute/v2.1/servers/f2590248-cb0c-48ee-8d64-727a2f8bf166/action 0.435s
2024-12-12 06:14:24.560 66543 INFO tempest.lib.common.rest_client [req-20994068-5da2-45c3-aa3d-384617040a90 req-20994068-5da2-45c3-aa3d-384617040a90 ] Request (ServerShowV247Test:test_update_rebuild_list_server): 200 GET http://10.180.1.21/compute/v2.1/servers/22d3b5be-e63b-4912-8590-4f5e811099a3 0.155s
2024-12-12 06:14:24.564 66511 INFO tempest.lib.common.rest_client [req-c055bca7-6281-4692-8010-4a63a230d8a4 req-c055bca7-6281-4692-8010-4a63a230d8a4 ] Request (FlavorsAccessNegativeTestJSON:setUpClass): 201 POST http://10.180.1.21/identity/v3/projects 0.054s
2024-12-12 06:14:24.568 66543 INFO tempest.common.waiters [-] State transition "BUILD/spawning" ==> "ACTIVE/None" after 67 second wait
2024-12-12 06:14:24.578 66567 INFO tempest.lib.common.rest_client [req-39ccd9f6-7627-4cc9-8bba-0aec005c58ea req-39ccd9f6-7627-4cc9-8bba-0aec005c58ea ] Request (ListServerFiltersTestJSON:setUpClass): 200 GET http://10.180.1.21/compute/v2.1/servers/6e9ab950-8a82-4a48-881b-9cd3d5849577 0.159s
2024-12-12 06:14:24.618 66511 INFO tempest.lib.common.rest_client [req-a73c9d09-9531-4fdc-9ca6-d95ba6cf059b req-a73c9d09-9531-4fdc-9ca6-d95ba6cf059b ] Request (FlavorsAccessNegativeTestJSON:setUpClass): 201 POST http://10.180.1.21/identity/v3/users 0.053s
2024-12-12 06:14:24.627 66555 INFO tempest.lib.common.rest_client [req-ded630fa-29f5-450b-aa8d-38d2a4aad7bb req-ded630fa-29f5-450b-aa8d-38d2a4aad7bb ] Request (ServersTestJSON:test_create_server_with_ipv6_addr_only): 200 GET http://10.180.1.21/compute/v2.1/servers/7ae0c60f-0518-4990-ba93-2a0c9068f96c 0.152s
2024-12-12 06:14:24.635 66511 INFO tempest.lib.common.rest_client [req-2053dc9b-86b8-4529-afdf-e8b0ee88d4d7 req-2053dc9b-86b8-4529-afdf-e8b0ee88d4d7 ] Request (FlavorsAccessNegativeTestJSON:setUpClass): 200 GET http://10.180.1.21/identity/v3/roles 0.016s
2024-12-12 06:14:24.661 66511 INFO tempest.lib.common.rest_client [req-3f9659e2-8c18-418d-a577-00dd28434615 req-3f9659e2-8c18-418d-a577-00dd28434615 ] Request (FlavorsAccessNegativeTestJSON:setUpClass): 204 PUT http://10.180.1.21/identity/v3/projects/ba999de3c5774f83a925ac2dcfb33fe7/users/7d14d11192a14f55960831911802e0c6/roles/f6eff1fc8eed4eec94c0a8ad11e3d1c2 0.025s
2024-12-12 06:14:24.661 66511 INFO tempest.lib.common.dynamic_creds [-] Dynamic test user 7d14d11192a14f55960831911802e0c6 is created with scope project and roles: ['member']
2024-12-12 06:14:24.661 66511 INFO tempest.lib.common.dynamic_creds [-] Acquired dynamic creds: credentials: Credentials: {'domain_id': 'default', 'domain_name': 'Default', 'username': 'tempest-FlavorsAccessNegativeTestJSON-192152547-project-member', 'project_domain_id': 'default', 'project_domain_name': 'Default', 'project_id': 'ba999de3c5774f83a925ac2dcfb33fe7', 'project_name': 'tempest-FlavorsAccessNegativeTestJSON-192152547', 'tenant_id': 'ba999de3c5774f83a925ac2dcfb33fe7', 'tenant_name': 'tempest-FlavorsAccessNegativeTestJSON-192152547', 'user_domain_id': 'default', 'user_domain_name': 'Default', 'user_id': '7d14d11192a14f55960831911802e0c6', 'system': None}, Network: None, Subnet: None, Router: None
2024-12-12 06:14:24.661 66511 INFO tempest.lib.common.dynamic_creds [-] Created isolated network resources for: credentials: Credentials: {'domain_id': 'default', 'domain_name': 'Default', 'username': 'tempest-FlavorsAccessNegativeTestJSON-192152547-project-member', 'project_domain_id': 'default', 'project_domain_name': 'Default', 'project_id': 'ba999de3c5774f83a925ac2dcfb33fe7', 'project_name': 'tempest-FlavorsAccessNegativeTestJSON-192152547', 'tenant_id': 'ba999de3c5774f83a925ac2dcfb33fe7', 'tenant_name': 'tempest-FlavorsAccessNegativeTestJSON-192152547', 'user_domain_id': 'default', 'user_domain_name': 'Default', 'user_id': '7d14d11192a14f55960831911802e0c6', 'system': None}, Network: None, Subnet: None, Router: None
2024-12-12 06:14:24.676 66527 INFO tempest.lib.common.rest_client [req-7e47e613-5247-4d30-8c0d-6fb6d8932f6d req-7e47e613-5247-4d30-8c0d-6fb6d8932f6d ] Request (ServersNegativeTestJSON:setUpClass): 200 GET http://10.180.1.21/compute/v2.1/servers/d2c94225-95a9-400a-90a6-0cc5e63d3ec8 0.187s
2024-12-12 06:14:24.710 66547 INFO tempest.lib.common.rest_client [req-3faa49be-e78e-464d-a95b-b047fce29dc8 req-3faa49be-e78e-464d-a95b-b047fce29dc8 ] Request (ImagesTestJSON:test_create_image_from_suspended_server): 200 GET http://10.180.1.21/compute/v2.1/images/bd3990e8-f1f0-4040-a9d3-8f5737f0d9b6 0.184s
2024-12-12 06:14:24.714 66515 INFO tempest.lib.common.rest_client [req-bfdc0faf-7a77-4d36-a6a2-99bd3850285f req-bfdc0faf-7a77-4d36-a6a2-99bd3850285f ] Request (AbsoluteLimitsTestJSON:test_absLimits_get): 200 GET http://10.180.1.21/compute/v2.1/limits 0.257s
2024-12-12 06:14:24.738 66511 INFO tempest.lib.common.rest_client [req-08a0eb2d-29c5-42d9-99d6-e4fe91339036 req-08a0eb2d-29c5-42d9-99d6-e4fe91339036 ] Request (FlavorsAccessNegativeTestJSON:setUpClass): 201 POST http://10.180.1.21/identity/v3/auth/tokens 0.072s
2024-12-12 06:14:24.739 66511 WARNING tempest.lib.common.rest_client [-] Deprecated: "tenant_id" property is deprecated for removal, use "project_id" instead
2024-12-12 06:14:24.779 66521 INFO tempest.lib.common.rest_client [req-32d00bab-92d1-40c5-b171-4c275f65b6a6 req-32d00bab-92d1-40c5-b171-4c275f65b6a6 ] Request (ServersTestJSON:setUpClass): 200 GET http://10.180.1.21/compute/v2.1/servers/e672f797-e55a-4896-89e9-792374cd6830 0.231s
2024-12-12 06:14:24.789 66523 INFO tempest.lib.common.rest_client [req-5a0988fb-a052-42c3-8016-2e67808ea1e4 req-5a0988fb-a052-42c3-8016-2e67808ea1e4 ] Request (InstanceActionsTestJSON:tearDownClass): 200 GET http://10.180.1.21/compute/v2.1/servers/08d2aba3-975d-4baf-af40-4206d970876b 0.230s
2024-12-12 06:14:24.814 66515 INFO tempest.lib.common.rest_client [req-eae1498c-a20d-47da-9383-4fdca9d888e7 req-eae1498c-a20d-47da-9383-4fdca9d888e7 ] Request (AbsoluteLimitsTestJSON:tearDownClass): 204 DELETE http://10.180.1.21/identity/v3/users/0aa6586cc958481e9ff3c98bd23560d5 0.095s
2024-12-12 06:14:24.814 66515 INFO tempest.lib.common.dynamic_creds [-] Deleting project and security group for project: b162a818bc62488bbc016508761eb0b6
2024-12-12 06:14:24.836 66551 INFO tempest.lib.common.rest_client [req-80dc4287-3aa2-47e2-ac36-d7515fd76bdc req-80dc4287-3aa2-47e2-ac36-d7515fd76bdc ] Request (ServerDiskConfigTestJSON:test_rebuild_server_with_auto_disk_config): 200 GET http://10.180.1.21/compute/v2.1/servers/0385aae4-2ccd-4c2c-9074-2e8e6cfd337f 0.233s
2024-12-12 06:14:24.859 66545 INFO tempest.lib.common.rest_client [req-287b17a8-9ef8-46da-b39c-8390ac68cba8 req-287b17a8-9ef8-46da-b39c-8390ac68cba8 ] Request (ServerShowV254Test:tearDownClass): 404 GET http://10.180.1.21/compute/v2.1/servers/6fad45f9-13d7-4d20-9580-fc4b406a42fc 0.218s
2024-12-12 06:14:24.874 66515 INFO tempest.lib.common.rest_client [req-2b15cffd-8f81-4cb3-a04e-874e893b598c req-2b15cffd-8f81-4cb3-a04e-874e893b598c ] Request (AbsoluteLimitsTestJSON:tearDownClass): 201 POST http://10.180.1.21/identity/v3/auth/tokens 0.059s
2024-12-12 06:14:24.908 66509 INFO tempest.lib.common.rest_client [req-72d516ee-e78a-4a1f-a7f2-580d52ecc2f7 req-72d516ee-e78a-4a1f-a7f2-580d52ecc2f7 ] Request (AttachVolumeNegativeTest:test_attach_attached_volume_to_different_server): 200 GET http://10.180.1.21/compute/v2.1/servers/6c240faf-00d2-48ed-af4e-78942f5739b1 0.257s
2024-12-12 06:14:24.959 66543 INFO tempest.lib.common.rest_client [req-dd983bf5-ffdb-467d-b0f8-a8ea24d3c924 req-dd983bf5-ffdb-467d-b0f8-a8ea24d3c924 ] Request (ServerShowV247Test:test_update_rebuild_list_server): 202 POST http://10.180.1.21/compute/v2.1/servers/22d3b5be-e63b-4912-8590-4f5e811099a3/action 0.390s
2024-12-12 06:14:24.973 66559 INFO tempest.lib.common.rest_client [req-c5d045b8-9482-4cea-8785-53626d85f266 req-c5d045b8-9482-4cea-8785-53626d85f266 ] Request (MigrationsAdminTest:test_resize_server_revert_deleted_flavor): 200 GET http://10.180.1.21/compute/v2.1/servers/7fc8cb97-04c6-44db-a050-f09a1eb67c8b 0.269s
2024-12-12 06:14:24.977 66545 INFO tempest.lib.common.rest_client [req-c0253f14-92a2-48dd-93fa-660a9f4aaf0d req-c0253f14-92a2-48dd-93fa-660a9f4aaf0d ] Request (ServerShowV254Test:tearDownClass): 204 DELETE http://10.180.1.21/identity/v3/users/8e44500972204c768df32b53301d5e38 0.117s
2024-12-12 06:14:24.977 66545 INFO tempest.lib.common.dynamic_creds [-] Deleting project and security group for project: d9aaecd0aeaf4686a91156b0cb6891d2
2024-12-12 06:14:25.017 66517 INFO tempest.lib.common.rest_client [req-db0552bb-b47c-409d-94c4-99dca2311d2c req-db0552bb-b47c-409d-94c4-99dca2311d2c ] Request (ServersTestFqdnHostnames:test_create_server_with_fqdn_name): 200 GET http://10.180.1.21/compute/v2.1/servers/dadd0010-3683-4884-9ab4-760298f81e96 0.307s
2024-12-12 06:14:25.046 66545 INFO tempest.lib.common.rest_client [req-f6c50c42-e1cf-4cf3-a51f-dd2b50f33f05 req-f6c50c42-e1cf-4cf3-a51f-dd2b50f33f05 ] Request (ServerShowV254Test:tearDownClass): 201 POST http://10.180.1.21/identity/v3/auth/tokens 0.068s
2024-12-12 06:14:25.067 66557 INFO tempest.lib.common.rest_client [req-5f1a90e1-eb1c-4c69-a9e1-4c27931fbfa5 req-5f1a90e1-eb1c-4c69-a9e1-4c27931fbfa5 ] Request (ServersNegativeTestMultiTenantJSON:setUpClass): 200 GET http://10.180.1.21/compute/v2.1/servers/8445d71a-bc37-4d64-9ec0-51d18b779858 0.310s
2024-12-12 06:14:25.085 66515 INFO tempest.lib.common.rest_client [req-7899956e-0ba7-4df5-b2ba-1d929796be52 req-7899956e-0ba7-4df5-b2ba-1d929796be52 ] Request (AbsoluteLimitsTestJSON:tearDownClass): 200 GET http://10.180.1.21:9696/networking/v2.0/security-groups?tenant_id=b162a818bc62488bbc016508761eb0b6&name=default 0.211s
2024-12-12 06:14:25.112 66511 INFO tempest.lib.common.rest_client [req-1ce49657-f907-4ad0-b9d0-e8fc42561927 req-1ce49657-f907-4ad0-b9d0-e8fc42561927 ] Request (FlavorsAccessNegativeTestJSON:test_add_flavor_access_duplicate): 200 POST http://10.180.1.21/compute/v2.1/flavors 0.372s
2024-12-12 06:14:25.116 66561 INFO tempest.lib.common.rest_client [req-7d6e5ca8-0c7a-4535-a9b8-2491e241b699 req-7d6e5ca8-0c7a-4535-a9b8-2491e241b699 ] Request (ServersAdminTestJSON:test_inject_network_info): 200 GET http://10.180.1.21/compute/v2.1/servers/2055cc18-8f44-4813-95b6-abdecd188c00 0.317s
2024-12-12 06:14:25.165 66541 INFO tempest.lib.common.rest_client [req-3bb29c56-c0ea-4fec-87f2-7bedd25f8446 req-3bb29c56-c0ea-4fec-87f2-7bedd25f8446 ] Request (ServerRescueTestJSONUnderV235:setUpClass): 200 GET http://10.180.1.21/compute/v2.1/servers/5f99a2c4-9ef4-4939-9c4c-714be1033d6d 0.242s
2024-12-12 06:14:25.183 66513 INFO tempest.lib.common.rest_client [req-27115aa3-a193-44de-bde0-0e2c0ae718be req-27115aa3-a193-44de-bde0-0e2c0ae718be ] Request (ServersAaction247Test:tearDownClass): 200 GET http://10.180.1.21/compute/v2.1/servers/a54c49fd-82ab-4e2d-8e32-47cba093e613 0.277s
2024-12-12 06:14:25.199 66545 INFO tempest.lib.common.rest_client [req-bcfe4bef-7b6b-4a37-a8b3-f9928275b041 req-bcfe4bef-7b6b-4a37-a8b3-f9928275b041 ] Request (ServerShowV254Test:tearDownClass): 200 GET http://10.180.1.21:9696/networking/v2.0/security-groups?tenant_id=d9aaecd0aeaf4686a91156b0cb6891d2&name=default 0.153s
2024-12-12 06:14:25.199 66515 INFO tempest.lib.common.rest_client [req-fea1ba36-6784-4da9-875d-8894204d2ca4 req-fea1ba36-6784-4da9-875d-8894204d2ca4 ] Request (AbsoluteLimitsTestJSON:tearDownClass): 204 DELETE http://10.180.1.21:9696/networking/v2.0/security-groups/2c1d62cc-6716-4a12-8c9e-bc1b54d2c31c 0.114s
2024-12-12 06:14:25.218 66543 INFO tempest.lib.common.rest_client [req-f7638471-0e8e-466a-bd75-a7a6db0507b0 req-f7638471-0e8e-466a-bd75-a7a6db0507b0 ] Request (ServerShowV247Test:test_update_rebuild_list_server): 200 GET http://10.180.1.21/compute/v2.1/servers/22d3b5be-e63b-4912-8590-4f5e811099a3 0.250s
2024-12-12 06:14:25.233 66519 INFO tempest.lib.common.rest_client [req-98f14238-be03-4450-b9c3-1c86bc346374 req-98f14238-be03-4450-b9c3-1c86bc346374 ] Request (ServerActionsTestOtherA:setUpClass): 200 GET http://10.180.1.21/compute/v2.1/servers/25895bc9-1aab-48ec-9dbb-06d5b38eacbf 0.188s
2024-12-12 06:14:25.255 66515 INFO tempest.lib.common.rest_client [req-c6ea81de-b2dd-4fe6-ae35-b268853cf0d1 req-c6ea81de-b2dd-4fe6-ae35-b268853cf0d1 ] Request (AbsoluteLimitsTestJSON:tearDownClass): 204 DELETE http://10.180.1.21/identity/v3/projects/b162a818bc62488bbc016508761eb0b6 0.055s
2024-12-12 06:14:25.281 66545 INFO tempest.lib.common.rest_client [req-f1074dd4-2c07-4f8b-b0ec-5df8e2c7163d req-f1074dd4-2c07-4f8b-b0ec-5df8e2c7163d ] Request (ServerShowV254Test:tearDownClass): 204 DELETE http://10.180.1.21:9696/networking/v2.0/security-groups/73c0bda3-ca53-4e05-8c11-49de6e482625 0.081s
2024-12-12 06:14:25.288 66571 INFO tempest.lib.common.rest_client [req-741b2acd-36fc-4688-a493-8520004a824a req-741b2acd-36fc-4688-a493-8520004a824a ] Request (ServerGroupTestJSON:_run_cleanups): 200 GET http://10.180.1.21/compute/v2.1/servers/dd44df55-9136-42a5-9f08-8bfb401b5cb7 0.168s
2024-12-12 06:14:25.300 66511 INFO tempest.lib.common.rest_client [req-2abaf09b-fb9c-49cf-9bf9-884cab63226e req-2abaf09b-fb9c-49cf-9bf9-884cab63226e ] Request (FlavorsAccessNegativeTestJSON:test_add_flavor_access_duplicate): 200 POST http://10.180.1.21/compute/v2.1/flavors/382120571/action 0.186s
2024-12-12 06:14:25.311 66515 INFO tempest.lib.common.rest_client [req-70f51e90-40fb-4d0a-aaa9-1b95e7667a8d req-70f51e90-40fb-4d0a-aaa9-1b95e7667a8d ] Request (AttachInterfacesUnderV243Test:setUpClass): 201 POST http://10.180.1.21/identity/v3/auth/tokens 0.055s
2024-12-12 06:14:25.349 66569 INFO tempest.lib.common.rest_client [req-e28e52d6-0d28-4906-9225-052412ba572d req-e28e52d6-0d28-4906-9225-052412ba572d ] Request (ServersAdminNegativeTestJSON:tearDownClass): 200 GET http://10.180.1.21/compute/v2.1/servers/d6614b24-570f-41d4-9a9a-cc5e04396109 0.054s
2024-12-12 06:14:25.369 66545 INFO tempest.lib.common.rest_client [req-8b98f71d-15bc-4ba2-9f51-28962ff72577 req-8b98f71d-15bc-4ba2-9f51-28962ff72577 ] Request (ServerShowV254Test:tearDownClass): 204 DELETE http://10.180.1.21/identity/v3/projects/d9aaecd0aeaf4686a91156b0cb6891d2 0.088s
2024-12-12 06:14:25.394 66539 INFO tempest.lib.common.rest_client [req-ecfb6220-dca6-4b2d-b643-f418e000813f req-ecfb6220-dca6-4b2d-b643-f418e000813f ] Request (AttachVolumeShelveTestJSON:test_attach_volume_shelved_or_offload_server): 200 GET http://10.180.1.21/compute/v2.1/servers/7ef00a00-9a65-4a09-a8d2-b33a344a458d 0.053s
2024-12-12 06:14:25.415 66511 INFO tempest.lib.common.rest_client [req-72cc6514-2293-4701-a741-8b6031f8b565 req-72cc6514-2293-4701-a741-8b6031f8b565 ] Request (FlavorsAccessNegativeTestJSON:test_add_flavor_access_duplicate): 409 POST http://10.180.1.21/compute/v2.1/flavors/382120571/action 0.114s
2024-12-12 06:14:25.425 66515 INFO tempest.lib.common.rest_client [req-d8bea59a-c091-4f29-944c-a6453eb3221e req-d8bea59a-c091-4f29-944c-a6453eb3221e ] Request (AttachInterfacesUnderV243Test:setUpClass): 201 POST http://10.180.1.21/identity/v3/auth/tokens 0.108s
2024-12-12 06:14:25.447 66515 INFO tempest.lib.common.rest_client [req-7145fa48-483e-4d09-9760-a12d5cca58db req-7145fa48-483e-4d09-9760-a12d5cca58db ] Request (AttachInterfacesUnderV243Test:setUpClass): 200 GET http://10.180.1.21/identity/v3/domains?name=Default 0.022s
2024-12-12 06:14:25.475 66515 INFO tempest.lib.common.rest_client [req-a24a1592-72c3-429c-9210-cd8134e0e8bb req-a24a1592-72c3-429c-9210-cd8134e0e8bb ] Request (AttachInterfacesUnderV243Test:setUpClass): 201 POST http://10.180.1.21/identity/v3/projects 0.027s
2024-12-12 06:14:25.532 66515 INFO tempest.lib.common.rest_client [req-914d0dd1-fda8-4422-808c-7bd9f5cefa96 req-914d0dd1-fda8-4422-808c-7bd9f5cefa96 ] Request (AttachInterfacesUnderV243Test:setUpClass): 201 POST http://10.180.1.21/identity/v3/users 0.057s
2024-12-12 06:14:25.536 66511 INFO tempest.lib.common.rest_client [req-368a88aa-45fa-45c5-aeda-397f6f1efc67 req-368a88aa-45fa-45c5-aeda-397f6f1efc67 ] Request (FlavorsAccessNegativeTestJSON:_run_cleanups): 200 POST http://10.180.1.21/compute/v2.1/flavors/382120571/action 0.121s
2024-12-12 06:14:25.549 66515 INFO tempest.lib.common.rest_client [req-20841ffb-ef38-4fdf-9a48-39739d0b7b7b req-20841ffb-ef38-4fdf-9a48-39739d0b7b7b ] Request (AttachInterfacesUnderV243Test:setUpClass): 200 GET http://10.180.1.21/identity/v3/roles 0.016s
2024-12-12 06:14:25.551 66511 INFO tempest.lib.common.rest_client [req-56aebb28-3c23-4da8-a18d-c8a296a7c252 req-56aebb28-3c23-4da8-a18d-c8a296a7c252 ] Request (FlavorsAccessNegativeTestJSON:_run_cleanups): 202 DELETE http://10.180.1.21/compute/v2.1/flavors/382120571 0.014s
2024-12-12 06:14:25.572 66511 INFO tempest.lib.common.rest_client [req-449f19dc-afdd-4c32-aab7-336ede03d0fa req-449f19dc-afdd-4c32-aab7-336ede03d0fa ] Request (FlavorsAccessNegativeTestJSON:_run_cleanups): 200 GET http://10.180.1.21/compute/v2.1/flavors/detail 0.020s
2024-12-12 06:14:25.579 66515 INFO tempest.lib.common.rest_client [req-40553ce5-82fa-4d0c-baee-3fc3da2d01bd req-40553ce5-82fa-4d0c-baee-3fc3da2d01bd ] Request (AttachInterfacesUnderV243Test:setUpClass): 204 PUT http://10.180.1.21/identity/v3/projects/5a2f2da02bc24549925cb5bea81b8c0e/users/78301b83370c46a2b089dbeb4afc7b15/roles/f6eff1fc8eed4eec94c0a8ad11e3d1c2 0.029s
2024-12-12 06:14:25.579 66515 INFO tempest.lib.common.dynamic_creds [-] Dynamic test user 78301b83370c46a2b089dbeb4afc7b15 is created with scope project and roles: ['member']
2024-12-12 06:14:25.580 66515 INFO tempest.lib.common.dynamic_creds [-] Acquired dynamic creds: credentials: Credentials: {'domain_id': 'default', 'domain_name': 'Default', 'username': 'tempest-AttachInterfacesUnderV243Test-875610925-project-member', 'project_domain_id': 'default', 'project_domain_name': 'Default', 'project_id': '5a2f2da02bc24549925cb5bea81b8c0e', 'project_name': 'tempest-AttachInterfacesUnderV243Test-875610925', 'tenant_id': '5a2f2da02bc24549925cb5bea81b8c0e', 'tenant_name': 'tempest-AttachInterfacesUnderV243Test-875610925', 'user_domain_id': 'default', 'user_domain_name': 'Default', 'user_id': '78301b83370c46a2b089dbeb4afc7b15', 'system': None}, Network: None, Subnet: None, Router: None
2024-12-12 06:14:25.593 66511 INFO tempest.lib.common.rest_client [req-d2389131-e89e-44b4-be78-700cd117100b req-d2389131-e89e-44b4-be78-700cd117100b ] Request (FlavorsAccessNegativeTestJSON:test_flavor_access_list_with_public_flavor): 200 POST http://10.180.1.21/compute/v2.1/flavors 0.015s
2024-12-12 06:14:25.642 66515 INFO tempest.lib.common.rest_client [req-073c396e-d4c3-4c06-9641-764653c50d1d req-073c396e-d4c3-4c06-9641-764653c50d1d ] Request (AttachInterfacesUnderV243Test:setUpClass): 201 POST http://10.180.1.21/identity/v3/auth/tokens 0.062s
2024-12-12 06:14:25.642 66567 INFO tempest.lib.common.rest_client [req-1c3cd6de-b6ba-4e68-b1ed-0cb068f933f9 req-1c3cd6de-b6ba-4e68-b1ed-0cb068f933f9 ] Request (ListServerFiltersTestJSON:setUpClass): 200 GET http://10.180.1.21/compute/v2.1/servers/6e9ab950-8a82-4a48-881b-9cd3d5849577 0.057s
2024-12-12 06:14:25.651 66511 INFO tempest.lib.common.rest_client [req-9add2512-405d-4c7d-bd13-716cd908e5e7 req-9add2512-405d-4c7d-bd13-716cd908e5e7 ] Request (FlavorsAccessNegativeTestJSON:test_flavor_access_list_with_public_flavor): 404 GET http://10.180.1.21/compute/v2.1/flavors/990481405/os-flavor-access 0.056s
2024-12-12 06:14:25.658 66553 INFO tempest.lib.common.rest_client [req-455c066a-dffb-4e90-a207-31983684fd63 req-455c066a-dffb-4e90-a207-31983684fd63 ] Request (ServerRescueTestJSON:setUpClass): 200 GET http://10.180.1.21/compute/v2.1/servers/a902fdac-0fc0-45a9-b02e-0f0e50a49af5 0.140s
2024-12-12 06:14:25.670 66511 INFO tempest.lib.common.rest_client [req-36322524-94ad-4cc7-934c-1f1962dad41b req-36322524-94ad-4cc7-934c-1f1962dad41b ] Request (FlavorsAccessNegativeTestJSON:_run_cleanups): 202 DELETE http://10.180.1.21/compute/v2.1/flavors/990481405 0.018s
2024-12-12 06:14:25.687 66511 INFO tempest.lib.common.rest_client [req-b2492ebd-09f2-472d-b4c3-14087f8d8f86 req-b2492ebd-09f2-472d-b4c3-14087f8d8f86 ] Request (FlavorsAccessNegativeTestJSON:_run_cleanups): 200 GET http://10.180.1.21/compute/v2.1/flavors/detail 0.016s
2024-12-12 06:14:25.705 66555 INFO tempest.lib.common.rest_client [req-3f6c5eb7-edcb-4dd9-bdf3-6a5f503144ee req-3f6c5eb7-edcb-4dd9-bdf3-6a5f503144ee ] Request (ServersTestJSON:test_create_server_with_ipv6_addr_only): 200 GET http://10.180.1.21/compute/v2.1/servers/7ae0c60f-0518-4990-ba93-2a0c9068f96c 0.070s
2024-12-12 06:14:25.720 66511 INFO tempest.lib.common.rest_client [req-2ca98627-4669-4588-a802-3a2c514d8f6e req-2ca98627-4669-4588-a802-3a2c514d8f6e ] Request (FlavorsAccessNegativeTestJSON:test_flavor_non_admin_add): 200 POST http://10.180.1.21/compute/v2.1/flavors 0.028s
2024-12-12 06:14:25.739 66527 INFO tempest.lib.common.rest_client [req-cdf95a02-a476-49af-8fac-8d21a390863f req-cdf95a02-a476-49af-8fac-8d21a390863f ] Request (ServersNegativeTestJSON:setUpClass): 200 GET http://10.180.1.21/compute/v2.1/servers/d2c94225-95a9-400a-90a6-0cc5e63d3ec8 0.055s
2024-12-12 06:14:25.749 66547 INFO tempest.lib.common.rest_client [req-bc215009-3094-46ef-9fd3-b31f50aa5a50 req-bc215009-3094-46ef-9fd3-b31f50aa5a50 ] Request (ImagesTestJSON:test_create_image_from_suspended_server): 200 GET http://10.180.1.21/compute/v2.1/images/bd3990e8-f1f0-4040-a9d3-8f5737f0d9b6 0.034s
2024-12-12 06:14:25.839 66521 INFO tempest.lib.common.rest_client [req-a5b68b63-d05c-40c6-8d4c-ae72f3707e7e req-a5b68b63-d05c-40c6-8d4c-ae72f3707e7e ] Request (ServersTestJSON:setUpClass): 200 GET http://10.180.1.21/compute/v2.1/servers/e672f797-e55a-4896-89e9-792374cd6830 0.053s
2024-12-12 06:14:25.862 66511 INFO tempest.lib.common.rest_client [req-b63bb766-c86b-4df6-a9ce-b3670828982f req-b63bb766-c86b-4df6-a9ce-b3670828982f ] Request (FlavorsAccessNegativeTestJSON:test_flavor_non_admin_add): 403 POST http://10.180.1.21/compute/v2.1/flavors/1503247585/action 0.139s
2024-12-12 06:14:25.894 66523 INFO tempest.lib.common.rest_client [req-282663de-3a89-40ed-bd1c-eb697be38d79 req-282663de-3a89-40ed-bd1c-eb697be38d79 ] Request (InstanceActionsTestJSON:tearDownClass): 200 GET http://10.180.1.21/compute/v2.1/servers/08d2aba3-975d-4baf-af40-4206d970876b 0.097s
2024-12-12 06:14:25.902 66515 INFO tempest.lib.common.rest_client [req-a3edda70-c684-41e9-8b8d-bbc4d66fe543 req-a3edda70-c684-41e9-8b8d-bbc4d66fe543 ] Request (AttachInterfacesUnderV243Test:setUpClass): 201 POST http://10.180.1.21:9696/networking/v2.0/networks 0.259s
2024-12-12 06:14:25.907 66551 INFO tempest.lib.common.rest_client [req-492726af-1fdb-4cf5-8198-8e65dcfacc14 req-492726af-1fdb-4cf5-8198-8e65dcfacc14 ] Request (ServerDiskConfigTestJSON:test_rebuild_server_with_auto_disk_config): 200 GET http://10.180.1.21/compute/v2.1/servers/0385aae4-2ccd-4c2c-9074-2e8e6cfd337f 0.065s
2024-12-12 06:14:25.908 66511 INFO tempest.lib.common.rest_client [req-f91d0723-5bc4-47c7-89bd-a72f5173faae req-f91d0723-5bc4-47c7-89bd-a72f5173faae ] Request (FlavorsAccessNegativeTestJSON:_run_cleanups): 202 DELETE http://10.180.1.21/compute/v2.1/flavors/1503247585 0.045s
2024-12-12 06:14:25.927 66511 INFO tempest.lib.common.rest_client [req-fff21972-3a59-4647-bbe5-b5fcff7a8837 req-fff21972-3a59-4647-bbe5-b5fcff7a8837 ] Request (FlavorsAccessNegativeTestJSON:_run_cleanups): 200 GET http://10.180.1.21/compute/v2.1/flavors/detail 0.018s
2024-12-12 06:14:25.945 66511 INFO tempest.lib.common.rest_client [req-e044e03b-96dc-4f69-9e10-38841bc6ae8e req-e044e03b-96dc-4f69-9e10-38841bc6ae8e ] Request (FlavorsAccessNegativeTestJSON:test_flavor_non_admin_remove): 200 POST http://10.180.1.21/compute/v2.1/flavors 0.014s
2024-12-12 06:14:25.970 66509 INFO tempest.lib.common.rest_client [req-44190712-5f06-4ec7-a867-b8497a5c9934 req-44190712-5f06-4ec7-a867-b8497a5c9934 ] Request (AttachVolumeNegativeTest:test_attach_attached_volume_to_different_server): 200 GET http://10.180.1.21/compute/v2.1/servers/6c240faf-00d2-48ed-af4e-78942f5739b1 0.054s
2024-12-12 06:14:26.031 66511 INFO tempest.lib.common.rest_client [req-4a0b9b9d-604a-4022-9d45-c40a225a9cc5 req-4a0b9b9d-604a-4022-9d45-c40a225a9cc5 ] Request (FlavorsAccessNegativeTestJSON:test_flavor_non_admin_remove): 200 POST http://10.180.1.21/compute/v2.1/flavors/1144054702/action 0.083s
2024-12-12 06:14:26.039 66559 INFO tempest.lib.common.rest_client [req-99aab027-8c10-4b3a-81f3-e7a04292c458 req-99aab027-8c10-4b3a-81f3-e7a04292c458 ] Request (MigrationsAdminTest:test_resize_server_revert_deleted_flavor): 200 GET http://10.180.1.21/compute/v2.1/servers/7fc8cb97-04c6-44db-a050-f09a1eb67c8b 0.056s
2024-12-12 06:14:26.046 66511 INFO tempest.lib.common.rest_client [req-1a940df8-6d0f-40b4-8f63-cf66c7d4c0fd req-1a940df8-6d0f-40b4-8f63-cf66c7d4c0fd ] Request (FlavorsAccessNegativeTestJSON:test_flavor_non_admin_remove): 403 POST http://10.180.1.21/compute/v2.1/flavors/1144054702/action 0.014s
2024-12-12 06:14:26.090 66517 INFO tempest.lib.common.rest_client [req-c739affa-2f9d-4d67-bad2-ee4b4839a8ec req-c739affa-2f9d-4d67-bad2-ee4b4839a8ec ] Request (ServersTestFqdnHostnames:test_create_server_with_fqdn_name): 200 GET http://10.180.1.21/compute/v2.1/servers/dadd0010-3683-4884-9ab4-760298f81e96 0.065s
2024-12-12 06:14:26.103 66511 INFO tempest.lib.common.rest_client [req-6fcb7e5e-b43f-48de-8e3a-b76561be9e67 req-6fcb7e5e-b43f-48de-8e3a-b76561be9e67 ] Request (FlavorsAccessNegativeTestJSON:_run_cleanups): 200 POST http://10.180.1.21/compute/v2.1/flavors/1144054702/action 0.055s
2024-12-12 06:14:26.108 66515 INFO tempest.lib.common.rest_client [req-03062fb4-f129-4e89-b9fa-3b657134a7c7 req-03062fb4-f129-4e89-b9fa-3b657134a7c7 ] Request (AttachInterfacesUnderV243Test:setUpClass): 201 POST http://10.180.1.21:9696/networking/v2.0/subnets 0.205s
2024-12-12 06:14:26.125 66511 INFO tempest.lib.common.rest_client [req-0cff4791-11d7-435a-bf43-4b3a45dfaae3 req-0cff4791-11d7-435a-bf43-4b3a45dfaae3 ] Request (FlavorsAccessNegativeTestJSON:_run_cleanups): 202 DELETE http://10.180.1.21/compute/v2.1/flavors/1144054702 0.021s
2024-12-12 06:14:26.152 66557 INFO tempest.lib.common.rest_client [req-fa400c60-7fe0-4533-9416-6185cd748059 req-fa400c60-7fe0-4533-9416-6185cd748059 ] Request (ServersNegativeTestMultiTenantJSON:setUpClass): 200 GET http://10.180.1.21/compute/v2.1/servers/8445d71a-bc37-4d64-9ec0-51d18b779858 0.076s
2024-12-12 06:14:26.166 66511 INFO tempest.lib.common.rest_client [req-a595e41a-f88c-4de7-8dd0-7934604335f3 req-a595e41a-f88c-4de7-8dd0-7934604335f3 ] Request (FlavorsAccessNegativeTestJSON:_run_cleanups): 200 GET http://10.180.1.21/compute/v2.1/flavors/detail 0.040s
2024-12-12 06:14:26.183 66561 INFO tempest.lib.common.rest_client [req-2baa5b62-bed2-44f4-b16d-d6a244341f34 req-2baa5b62-bed2-44f4-b16d-d6a244341f34 ] Request (ServersAdminTestJSON:test_inject_network_info): 200 GET http://10.180.1.21/compute/v2.1/servers/2055cc18-8f44-4813-95b6-abdecd188c00 0.059s
2024-12-12 06:14:26.190 66511 INFO tempest.lib.common.rest_client [req-22676808-d44e-4735-9c78-5d7c028ebf70 req-22676808-d44e-4735-9c78-5d7c028ebf70 ] Request (FlavorsAccessNegativeTestJSON:test_remove_flavor_access_not_found): 200 POST http://10.180.1.21/compute/v2.1/flavors 0.018s
2024-12-12 06:14:26.233 66511 INFO tempest.lib.common.rest_client [req-32e20a04-0d5c-4483-b2ff-80d85a3f7ed1 req-32e20a04-0d5c-4483-b2ff-80d85a3f7ed1 ] Request (FlavorsAccessNegativeTestJSON:test_remove_flavor_access_not_found): 404 POST http://10.180.1.21/compute/v2.1/flavors/1943594331/action 0.041s
2024-12-12 06:14:26.235 66541 INFO tempest.lib.common.rest_client [req-0d0ac907-2022-480f-a963-ac5fc80092a8 req-0d0ac907-2022-480f-a963-ac5fc80092a8 ] Request (ServerRescueTestJSONUnderV235:setUpClass): 200 GET http://10.180.1.21/compute/v2.1/servers/5f99a2c4-9ef4-4939-9c4c-714be1033d6d 0.062s
2024-12-12 06:14:26.285 66543 INFO tempest.lib.common.rest_client [req-f8d321b1-7115-44f0-a131-088f9117c53a req-f8d321b1-7115-44f0-a131-088f9117c53a ] Request (ServerShowV247Test:test_update_rebuild_list_server): 200 GET http://10.180.1.21/compute/v2.1/servers/22d3b5be-e63b-4912-8590-4f5e811099a3 0.058s
2024-12-12 06:14:26.296 66511 INFO tempest.lib.common.rest_client [req-696ef201-6e7f-4df6-a2ec-08129256afeb req-696ef201-6e7f-4df6-a2ec-08129256afeb ] Request (FlavorsAccessNegativeTestJSON:_run_cleanups): 202 DELETE http://10.180.1.21/compute/v2.1/flavors/1943594331 0.062s
2024-12-12 06:14:26.308 66513 INFO tempest.lib.common.rest_client [req-af0c61fa-7510-4a28-9a65-80a7ab538023 req-af0c61fa-7510-4a28-9a65-80a7ab538023 ] Request (ServersAaction247Test:tearDownClass): 200 GET http://10.180.1.21/compute/v2.1/servers/a54c49fd-82ab-4e2d-8e32-47cba093e613 0.115s
2024-12-12 06:14:26.328 66511 INFO tempest.lib.common.rest_client [req-f974a401-9c56-4dbd-9521-de91697a4be0 req-f974a401-9c56-4dbd-9521-de91697a4be0 ] Request (FlavorsAccessNegativeTestJSON:_run_cleanups): 200 GET http://10.180.1.21/compute/v2.1/flavors/detail 0.031s
2024-12-12 06:14:26.349 66519 INFO tempest.lib.common.rest_client [req-1427d9e1-f5ed-4c08-a4f5-966c618aed30 req-1427d9e1-f5ed-4c08-a4f5-966c618aed30 ] Request (ServerActionsTestOtherA:setUpClass): 200 GET http://10.180.1.21/compute/v2.1/servers/25895bc9-1aab-48ec-9dbb-06d5b38eacbf 0.109s
2024-12-12 06:14:26.381 66569 INFO tempest.lib.common.rest_client [req-8cd94002-ab63-48ce-a671-b50379d8aac9 req-8cd94002-ab63-48ce-a671-b50379d8aac9 ] Request (ServersAdminNegativeTestJSON:tearDownClass): 404 GET http://10.180.1.21/compute/v2.1/servers/d6614b24-570f-41d4-9a9a-cc5e04396109 0.024s
2024-12-12 06:14:26.403 66571 INFO tempest.lib.common.rest_client [req-e8fc4cec-de61-492a-b621-5d6252a861df req-e8fc4cec-de61-492a-b621-5d6252a861df ] Request (ServerGroupTestJSON:_run_cleanups): 200 GET http://10.180.1.21/compute/v2.1/servers/dd44df55-9136-42a5-9f08-8bfb401b5cb7 0.105s
2024-12-12 06:14:26.430 66511 INFO tempest.lib.common.rest_client [req-a090ae8d-6f65-40f9-b070-07fb3eff4694 req-a090ae8d-6f65-40f9-b070-07fb3eff4694 ] Request (FlavorsAccessNegativeTestJSON:tearDownClass): 204 DELETE http://10.180.1.21/identity/v3/users/03c3c99c7e774471b7d8eedebe56dc3c 0.097s
2024-12-12 06:14:26.456 66539 INFO tempest.lib.common.rest_client [req-eaf5256a-744f-423f-9b44-0004cd0b5f9b req-eaf5256a-744f-423f-9b44-0004cd0b5f9b ] Request (AttachVolumeShelveTestJSON:test_attach_volume_shelved_or_offload_server): 200 GET http://10.180.1.21/compute/v2.1/servers/7ef00a00-9a65-4a09-a8d2-b33a344a458d 0.053s
2024-12-12 06:14:26.463 66569 INFO tempest.lib.common.rest_client [req-cd7a7033-ffdb-4ba6-93d1-66e87f399bbb req-cd7a7033-ffdb-4ba6-93d1-66e87f399bbb ] Request (ServersAdminNegativeTestJSON:tearDownClass): 204 DELETE http://10.180.1.21/compute/v2.1/servers/d9e6f5ba-9b06-4e71-826b-4df16e8aacc6 0.082s
2024-12-12 06:14:26.523 66511 INFO tempest.lib.common.rest_client [req-91fe03ed-1279-4a77-a9e0-a1e2ce1d0fe8 req-91fe03ed-1279-4a77-a9e0-a1e2ce1d0fe8 ] Request (FlavorsAccessNegativeTestJSON:tearDownClass): 204 DELETE http://10.180.1.21/identity/v3/users/868d33c53da449e49ccd34e8abe58d2a 0.092s
2024-12-12 06:14:26.612 66511 INFO tempest.lib.common.rest_client [req-73ddf1b3-ca80-4587-a777-4d4c11328b5a req-73ddf1b3-ca80-4587-a777-4d4c11328b5a ] Request (FlavorsAccessNegativeTestJSON:tearDownClass): 204 DELETE http://10.180.1.21/identity/v3/users/7d14d11192a14f55960831911802e0c6 0.089s
2024-12-12 06:14:26.613 66511 INFO tempest.lib.common.dynamic_creds [-] Deleting project and security group for project: 6cb99c3c10c042b581cdf81b51268233
2024-12-12 06:14:26.660 66569 INFO tempest.lib.common.rest_client [req-66cf750c-8a4f-4cd4-9e42-7baba911655e req-66cf750c-8a4f-4cd4-9e42-7baba911655e ] Request (ServersAdminNegativeTestJSON:tearDownClass): 200 GET http://10.180.1.21/compute/v2.1/servers/d9e6f5ba-9b06-4e71-826b-4df16e8aacc6 0.196s
2024-12-12 06:14:26.704 66511 INFO tempest.lib.common.rest_client [req-aa1a229b-85c2-484d-a44f-f365368b11a1 req-aa1a229b-85c2-484d-a44f-f365368b11a1 ] Request (FlavorsAccessNegativeTestJSON:tearDownClass): 201 POST http://10.180.1.21/identity/v3/auth/tokens 0.091s
2024-12-12 06:14:26.746 66567 INFO tempest.lib.common.rest_client [req-929cbc21-227a-4fd7-9cef-6d2a7930f3d3 req-929cbc21-227a-4fd7-9cef-6d2a7930f3d3 ] Request (ListServerFiltersTestJSON:setUpClass): 200 GET http://10.180.1.21/compute/v2.1/servers/6e9ab950-8a82-4a48-881b-9cd3d5849577 0.096s
2024-12-12 06:14:26.817 66555 INFO tempest.lib.common.rest_client [req-7f63e49a-72ea-419c-b159-ae0f52c021ce req-7f63e49a-72ea-419c-b159-ae0f52c021ce ] Request (ServersTestJSON:test_create_server_with_ipv6_addr_only): 200 GET http://10.180.1.21/compute/v2.1/servers/7ae0c60f-0518-4990-ba93-2a0c9068f96c 0.104s
2024-12-12 06:14:26.833 66553 INFO tempest.lib.common.rest_client [req-a905a1aa-c760-41ef-bca5-48792c331cbb req-a905a1aa-c760-41ef-bca5-48792c331cbb ] Request (ServerRescueTestJSON:setUpClass): 200 GET http://10.180.1.21/compute/v2.1/servers/a902fdac-0fc0-45a9-b02e-0f0e50a49af5 0.167s
2024-12-12 06:14:26.866 66547 INFO tempest.lib.common.rest_client [req-00ccc9dc-cfd0-4cae-af1d-a40e5fe76d0f req-00ccc9dc-cfd0-4cae-af1d-a40e5fe76d0f ] Request (ImagesTestJSON:test_create_image_from_suspended_server): 200 GET http://10.180.1.21/compute/v2.1/images/bd3990e8-f1f0-4040-a9d3-8f5737f0d9b6 0.113s
2024-12-12 06:14:26.867 66527 INFO tempest.lib.common.rest_client [req-4f3fcbb6-8a9a-4af3-83f0-1906c318bbe4 req-4f3fcbb6-8a9a-4af3-83f0-1906c318bbe4 ] Request (ServersNegativeTestJSON:setUpClass): 200 GET http://10.180.1.21/compute/v2.1/servers/d2c94225-95a9-400a-90a6-0cc5e63d3ec8 0.120s
2024-12-12 06:14:26.872 66511 INFO tempest.lib.common.rest_client [req-e51ac584-dff7-4b88-98c1-61e04d0de3a5 req-e51ac584-dff7-4b88-98c1-61e04d0de3a5 ] Request (FlavorsAccessNegativeTestJSON:tearDownClass): 200 GET http://10.180.1.21:9696/networking/v2.0/security-groups?tenant_id=6cb99c3c10c042b581cdf81b51268233&name=default 0.167s
2024-12-12 06:14:26.920 66521 INFO tempest.lib.common.rest_client [req-2c5dff86-a384-4799-9157-72f4ea5aa7f2 req-2c5dff86-a384-4799-9157-72f4ea5aa7f2 ] Request (ServersTestJSON:setUpClass): 200 GET http://10.180.1.21/compute/v2.1/servers/e672f797-e55a-4896-89e9-792374cd6830 0.075s
2024-12-12 06:14:26.953 66511 INFO tempest.lib.common.rest_client [req-6789a097-49dd-461a-870a-45d43040d7f4 req-6789a097-49dd-461a-870a-45d43040d7f4 ] Request (FlavorsAccessNegativeTestJSON:tearDownClass): 204 DELETE http://10.180.1.21:9696/networking/v2.0/security-groups/4c697818-0622-4b9b-8101-048e197e45b9 0.080s
2024-12-12 06:14:26.964 66523 INFO tempest.lib.common.rest_client [req-77da3af9-4443-442c-b56e-ff4ee8b650dc req-77da3af9-4443-442c-b56e-ff4ee8b650dc ] Request (InstanceActionsTestJSON:tearDownClass): 200 GET http://10.180.1.21/compute/v2.1/servers/08d2aba3-975d-4baf-af40-4206d970876b 0.061s
2024-12-12 06:14:26.979 66551 INFO tempest.lib.common.rest_client [req-7d123299-3193-4b84-82d6-02009ef1fc75 req-7d123299-3193-4b84-82d6-02009ef1fc75 ] Request (ServerDiskConfigTestJSON:test_rebuild_server_with_auto_disk_config): 200 GET http://10.180.1.21/compute/v2.1/servers/0385aae4-2ccd-4c2c-9074-2e8e6cfd337f 0.065s
2024-12-12 06:14:27.017 66511 INFO tempest.lib.common.rest_client [req-11f1b9c0-0a89-4d2a-95a8-49090c9ed8a5 req-11f1b9c0-0a89-4d2a-95a8-49090c9ed8a5 ] Request (FlavorsAccessNegativeTestJSON:tearDownClass): 204 DELETE http://10.180.1.21/identity/v3/projects/6cb99c3c10c042b581cdf81b51268233 0.064s
2024-12-12 06:14:27.017 66511 INFO tempest.lib.common.dynamic_creds [-] Deleting project and security group for project: ba999de3c5774f83a925ac2dcfb33fe7
2024-12-12 06:14:27.029 66509 INFO tempest.lib.common.rest_client [req-04b90f0c-a6b4-40a0-871b-af645820c848 req-04b90f0c-a6b4-40a0-871b-af645820c848 ] Request (AttachVolumeNegativeTest:test_attach_attached_volume_to_different_server): 200 GET http://10.180.1.21/compute/v2.1/servers/6c240faf-00d2-48ed-af4e-78942f5739b1 0.052s
2024-12-12 06:14:27.053 66515 INFO tempest.lib.common.rest_client [req-44e7d4f3-c544-4331-ae1c-92ce2df94eb3 req-44e7d4f3-c544-4331-ae1c-92ce2df94eb3 ] Request (AttachInterfacesUnderV243Test:setUpClass): 201 POST http://10.180.1.21:9696/networking/v2.0/routers 0.945s
2024-12-12 06:14:27.103 66559 INFO tempest.lib.common.rest_client [req-22fc90ab-c477-4290-939e-1b18c1ed2878 req-22fc90ab-c477-4290-939e-1b18c1ed2878 ] Request (MigrationsAdminTest:test_resize_server_revert_deleted_flavor): 200 GET http://10.180.1.21/compute/v2.1/servers/7fc8cb97-04c6-44db-a050-f09a1eb67c8b 0.054s
2024-12-12 06:14:27.121 66511 INFO tempest.lib.common.rest_client [req-47fe1e47-d910-47a7-94e6-a363180e47e4 req-47fe1e47-d910-47a7-94e6-a363180e47e4 ] Request (FlavorsAccessNegativeTestJSON:tearDownClass): 200 GET http://10.180.1.21:9696/networking/v2.0/security-groups?tenant_id=ba999de3c5774f83a925ac2dcfb33fe7&name=default 0.103s
2024-12-12 06:14:27.169 66517 INFO tempest.lib.common.rest_client [req-069d3fac-ea3a-4d7d-9138-f3a990d7c7ba req-069d3fac-ea3a-4d7d-9138-f3a990d7c7ba ] Request (ServersTestFqdnHostnames:test_create_server_with_fqdn_name): 200 GET http://10.180.1.21/compute/v2.1/servers/dadd0010-3683-4884-9ab4-760298f81e96 0.068s
2024-12-12 06:14:27.218 66511 INFO tempest.lib.common.rest_client [req-851a0858-77ef-44c7-a2bd-879f634a83dc req-851a0858-77ef-44c7-a2bd-879f634a83dc ] Request (FlavorsAccessNegativeTestJSON:tearDownClass): 204 DELETE http://10.180.1.21:9696/networking/v2.0/security-groups/c85ac479-1cd3-4408-86fd-75e35d2b1693 0.097s
2024-12-12 06:14:27.222 66557 INFO tempest.lib.common.rest_client [req-3676332a-2c98-42bc-acf3-314e7e40aa72 req-3676332a-2c98-42bc-acf3-314e7e40aa72 ] Request (ServersNegativeTestMultiTenantJSON:setUpClass): 200 GET http://10.180.1.21/compute/v2.1/servers/8445d71a-bc37-4d64-9ec0-51d18b779858 0.062s
2024-12-12 06:14:27.258 66561 INFO tempest.lib.common.rest_client [req-77a652dc-b920-46ac-a360-e9ad0c7263aa req-77a652dc-b920-46ac-a360-e9ad0c7263aa ] Request (ServersAdminTestJSON:test_inject_network_info): 200 GET http://10.180.1.21/compute/v2.1/servers/2055cc18-8f44-4813-95b6-abdecd188c00 0.068s
2024-12-12 06:14:27.304 66541 INFO tempest.lib.common.rest_client [req-d45b32c6-d802-4cff-9832-31cc8d47d925 req-d45b32c6-d802-4cff-9832-31cc8d47d925 ] Request (ServerRescueTestJSONUnderV235:setUpClass): 200 GET http://10.180.1.21/compute/v2.1/servers/5f99a2c4-9ef4-4939-9c4c-714be1033d6d 0.062s
2024-12-12 06:14:27.313 66511 INFO tempest.lib.common.rest_client [req-492e9345-d6b1-4a48-9764-a7846480fb17 req-492e9345-d6b1-4a48-9764-a7846480fb17 ] Request (FlavorsAccessNegativeTestJSON:tearDownClass): 204 DELETE http://10.180.1.21/identity/v3/projects/ba999de3c5774f83a925ac2dcfb33fe7 0.095s
2024-12-12 06:14:27.313 66511 INFO tempest.lib.common.dynamic_creds [-] Deleting project and security group for project: 62575862a9d94a1d9b9e853b438d0eb6
2024-12-12 06:14:27.353 66543 INFO tempest.lib.common.rest_client [req-7235efdc-5390-414f-96d1-afafc6f1a957 req-7235efdc-5390-414f-96d1-afafc6f1a957 ] Request (ServerShowV247Test:test_update_rebuild_list_server): 200 GET http://10.180.1.21/compute/v2.1/servers/22d3b5be-e63b-4912-8590-4f5e811099a3 0.060s
2024-12-12 06:14:27.387 66513 INFO tempest.lib.common.rest_client [req-6ebf163d-92a5-4615-80ca-9c99a967788c req-6ebf163d-92a5-4615-80ca-9c99a967788c ] Request (ServersAaction247Test:tearDownClass): 200 GET http://10.180.1.21/compute/v2.1/servers/a54c49fd-82ab-4e2d-8e32-47cba093e613 0.067s
2024-12-12 06:14:27.416 66511 INFO tempest.lib.common.rest_client [req-8678f1eb-bda0-42ad-a83d-b88323ddfbbf req-8678f1eb-bda0-42ad-a83d-b88323ddfbbf ] Request (FlavorsAccessNegativeTestJSON:tearDownClass): 200 GET http://10.180.1.21:9696/networking/v2.0/security-groups?tenant_id=62575862a9d94a1d9b9e853b438d0eb6&name=default 0.102s
2024-12-12 06:14:27.419 66519 INFO tempest.lib.common.rest_client [req-ab67af50-731a-43a6-9185-c50d5ec13f4a req-ab67af50-731a-43a6-9185-c50d5ec13f4a ] Request (ServerActionsTestOtherA:setUpClass): 200 GET http://10.180.1.21/compute/v2.1/servers/25895bc9-1aab-48ec-9dbb-06d5b38eacbf 0.062s
2024-12-12 06:14:27.474 66571 INFO tempest.lib.common.rest_client [req-5bb3acab-87e8-4d36-9d95-9e812e401d4b req-5bb3acab-87e8-4d36-9d95-9e812e401d4b ] Request (ServerGroupTestJSON:_run_cleanups): 200 GET http://10.180.1.21/compute/v2.1/servers/dd44df55-9136-42a5-9f08-8bfb401b5cb7 0.064s
2024-12-12 06:14:27.505 66511 INFO tempest.lib.common.rest_client [req-23ba6436-be89-41c8-afb3-604116589262 req-23ba6436-be89-41c8-afb3-604116589262 ] Request (FlavorsAccessNegativeTestJSON:tearDownClass): 204 DELETE http://10.180.1.21:9696/networking/v2.0/security-groups/6735033d-2085-4b98-8216-c937a1fedbf5 0.089s
2024-12-12 06:14:27.540 66539 INFO tempest.lib.common.rest_client [req-1d97d27e-11c8-46f9-ab5f-0ac9f1c10309 req-1d97d27e-11c8-46f9-ab5f-0ac9f1c10309 ] Request (AttachVolumeShelveTestJSON:test_attach_volume_shelved_or_offload_server): 200 GET http://10.180.1.21/compute/v2.1/servers/7ef00a00-9a65-4a09-a8d2-b33a344a458d 0.076s
2024-12-12 06:14:27.604 66511 INFO tempest.lib.common.rest_client [req-cfade0c4-2072-4229-bf35-0fb934aada57 req-cfade0c4-2072-4229-bf35-0fb934aada57 ] Request (FlavorsAccessNegativeTestJSON:tearDownClass): 204 DELETE http://10.180.1.21/identity/v3/projects/62575862a9d94a1d9b9e853b438d0eb6 0.099s
2024-12-12 06:14:27.674 66511 INFO tempest.lib.common.rest_client [req-9e0b18e0-4d5c-497d-b7ac-6560e54b3a34 req-9e0b18e0-4d5c-497d-b7ac-6560e54b3a34 ] Request (ListImageFiltersTestJSON:setUpClass): 201 POST http://10.180.1.21/identity/v3/auth/tokens 0.068s
2024-12-12 06:14:27.720 66511 INFO tempest.lib.common.rest_client [req-02bed132-29d9-405d-8555-d6720223ebeb req-02bed132-29d9-405d-8555-d6720223ebeb ] Request (ListImageFiltersTestJSON:setUpClass): 201 POST http://10.180.1.21/identity/v3/auth/tokens 0.042s
2024-12-12 06:14:27.758 66511 INFO tempest.lib.common.rest_client [req-1996acad-cbd8-4ca2-9aee-829f8c9e52ac req-1996acad-cbd8-4ca2-9aee-829f8c9e52ac ] Request (ListImageFiltersTestJSON:setUpClass): 200 GET http://10.180.1.21/identity/v3/domains?name=Default 0.038s
2024-12-12 06:14:27.800 66511 INFO tempest.lib.common.rest_client [req-b368c44a-de7d-4ee6-ace4-210b02ab5915 req-b368c44a-de7d-4ee6-ace4-210b02ab5915 ] Request (ListImageFiltersTestJSON:setUpClass): 201 POST http://10.180.1.21/identity/v3/projects 0.042s
2024-12-12 06:14:27.830 66569 INFO tempest.lib.common.rest_client [req-151997ab-5a89-4121-9f20-16ee0ce82907 req-151997ab-5a89-4121-9f20-16ee0ce82907 ] Request (ServersAdminNegativeTestJSON:tearDownClass): 200 GET http://10.180.1.21/compute/v2.1/servers/d9e6f5ba-9b06-4e71-826b-4df16e8aacc6 0.162s
2024-12-12 06:14:27.830 66567 INFO tempest.lib.common.rest_client [req-3422160e-2a12-4593-bc48-103ca7bf1864 req-3422160e-2a12-4593-bc48-103ca7bf1864 ] Request (ListServerFiltersTestJSON:setUpClass): 200 GET http://10.180.1.21/compute/v2.1/servers/6e9ab950-8a82-4a48-881b-9cd3d5849577 0.074s
2024-12-12 06:14:27.871 66511 INFO tempest.lib.common.rest_client [req-bd12f741-f23f-4acb-8ec3-4d22888e6757 req-bd12f741-f23f-4acb-8ec3-4d22888e6757 ] Request (ListImageFiltersTestJSON:setUpClass): 201 POST http://10.180.1.21/identity/v3/users 0.070s
2024-12-12 06:14:27.891 66511 INFO tempest.lib.common.rest_client [req-6c4b5a44-edc9-4050-9ec8-ca155a117abc req-6c4b5a44-edc9-4050-9ec8-ca155a117abc ] Request (ListImageFiltersTestJSON:setUpClass): 200 GET http://10.180.1.21/identity/v3/roles 0.020s
2024-12-12 06:14:27.893 66555 INFO tempest.lib.common.rest_client [req-f5fe835c-cf37-4a85-8d78-6055fb895fe4 req-f5fe835c-cf37-4a85-8d78-6055fb895fe4 ] Request (ServersTestJSON:test_create_server_with_ipv6_addr_only): 200 GET http://10.180.1.21/compute/v2.1/servers/7ae0c60f-0518-4990-ba93-2a0c9068f96c 0.070s
2024-12-12 06:14:27.932 66511 INFO tempest.lib.common.rest_client [req-3eb39e0d-d181-4d90-8a8a-8c3e1aacc72a req-3eb39e0d-d181-4d90-8a8a-8c3e1aacc72a ] Request (ListImageFiltersTestJSON:setUpClass): 204 PUT http://10.180.1.21/identity/v3/projects/b60617d491e8415bb98d3e605b0eb6da/users/2205c1c3d42149cc8d06586187e805a8/roles/f6eff1fc8eed4eec94c0a8ad11e3d1c2 0.040s
2024-12-12 06:14:27.932 66511 INFO tempest.lib.common.dynamic_creds [-] Dynamic test user 2205c1c3d42149cc8d06586187e805a8 is created with scope project and roles: ['member']
2024-12-12 06:14:27.933 66511 INFO tempest.lib.common.dynamic_creds [-] Acquired dynamic creds: credentials: Credentials: {'domain_id': 'default', 'domain_name': 'Default', 'username': 'tempest-ListImageFiltersTestJSON-1580783905-project-member', 'project_domain_id': 'default', 'project_domain_name': 'Default', 'project_id': 'b60617d491e8415bb98d3e605b0eb6da', 'project_name': 'tempest-ListImageFiltersTestJSON-1580783905', 'tenant_id': 'b60617d491e8415bb98d3e605b0eb6da', 'tenant_name': 'tempest-ListImageFiltersTestJSON-1580783905', 'user_domain_id': 'default', 'user_domain_name': 'Default', 'user_id': '2205c1c3d42149cc8d06586187e805a8', 'system': None}, Network: None, Subnet: None, Router: None
2024-12-12 06:14:27.933 66511 INFO tempest.lib.common.dynamic_creds [-] Created isolated network resources for: credentials: Credentials: {'domain_id': 'default', 'domain_name': 'Default', 'username': 'tempest-ListImageFiltersTestJSON-1580783905-project-member', 'project_domain_id': 'default', 'project_domain_name': 'Default', 'project_id': 'b60617d491e8415bb98d3e605b0eb6da', 'project_name': 'tempest-ListImageFiltersTestJSON-1580783905', 'tenant_id': 'b60617d491e8415bb98d3e605b0eb6da', 'tenant_name': 'tempest-ListImageFiltersTestJSON-1580783905', 'user_domain_id': 'default', 'user_domain_name': 'Default', 'user_id': '2205c1c3d42149cc8d06586187e805a8', 'system': None}, Network: None, Subnet: None, Router: None
2024-12-12 06:14:27.934 66547 INFO tempest.lib.common.rest_client [req-05f2a683-7628-406d-9b40-b72e5ed489d0 req-05f2a683-7628-406d-9b40-b72e5ed489d0 ] Request (ImagesTestJSON:test_create_image_from_suspended_server): 200 GET http://10.180.1.21/compute/v2.1/images/bd3990e8-f1f0-4040-a9d3-8f5737f0d9b6 0.065s
2024-12-12 06:14:27.967 66553 INFO tempest.lib.common.rest_client [req-2662db01-e7ba-4e1a-8246-195c9141dac3 req-2662db01-e7ba-4e1a-8246-195c9141dac3 ] Request (ServerRescueTestJSON:setUpClass): 200 GET http://10.180.1.21/compute/v2.1/servers/a902fdac-0fc0-45a9-b02e-0f0e50a49af5 0.126s
