2024-12-12 06:13:50.910 66511 INFO tempest.lib.common.rest_client [req-c559fed8-7114-417f-bfd6-29539984c2a0 req-c559fed8-7114-417f-bfd6-29539984c2a0 ] Request (DeleteServersAdminTestJSON:test_delete_server_while_in_error_state): 200 GET http://10.180.1.21/compute/v2.1/servers/57aa16e5-4083-44ac-b8f3-a0434ca8662d 0.432s
2024-12-12 06:13:50.915 66549 INFO tempest.lib.common.rest_client [req-a961f94d-9c90-49be-82aa-ecbde4271f01 req-a961f94d-9c90-49be-82aa-ecbde4271f01 ] Request (ServerActionsTestJSON:setUpClass): 200 GET http://10.180.1.21/compute/v2.1/servers/50f4acf7-8bba-4ca7-a046-c14ec6f7157a 0.370s
2024-12-12 06:13:50.943 66557 INFO tempest.lib.common.rest_client [req-cafac495-2a5a-4b7e-8dc4-508c9c6a4f44 req-cafac495-2a5a-4b7e-8dc4-508c9c6a4f44 ] Request (ServersNegativeTestMultiTenantJSON:setUpClass): 201 POST http://10.180.1.21/identity/v3/users 0.066s
2024-12-12 06:13:50.962 66557 INFO tempest.lib.common.rest_client [req-236bb743-88f0-453b-bc45-a86d4303252e req-236bb743-88f0-453b-bc45-a86d4303252e ] Request (ServersNegativeTestMultiTenantJSON:setUpClass): 200 GET http://10.180.1.21/identity/v3/roles 0.019s
2024-12-12 06:13:50.964 66561 INFO tempest.lib.common.rest_client [req-83905677-090e-4b43-8217-6bd5bb077455 req-83905677-090e-4b43-8217-6bd5bb077455 ] Request (ServersAdminTestJSON:test_inject_network_info): 200 GET http://10.180.1.21/compute/v2.1/servers/2055cc18-8f44-4813-95b6-abdecd188c00 0.351s
2024-12-12 06:13:50.975 66531 INFO tempest.lib.common.rest_client [req-5e0b3d9c-3bb1-4c5b-8c1a-89fe91482801 req-5e0b3d9c-3bb1-4c5b-8c1a-89fe91482801 ] Request (ServerActionsV293TestJSON:setUpClass): 200 GET http://10.180.1.21/compute/v2.1/servers/97489978-6e5d-4f08-b15d-b37b12e6731c 0.359s
2024-12-12 06:13:51.002 66557 INFO tempest.lib.common.rest_client [req-b999e2ef-3f72-4c7a-8d5e-9b493ffcc3c7 req-b999e2ef-3f72-4c7a-8d5e-9b493ffcc3c7 ] Request (ServersNegativeTestMultiTenantJSON:setUpClass): 204 PUT http://10.180.1.21/identity/v3/projects/ee144ea66ce748dc98ba3ec3edbcd259/users/2684c32f40bd4fe59dc4c200b486ed61/roles/f6eff1fc8eed4eec94c0a8ad11e3d1c2 0.040s
2024-12-12 06:13:51.003 66557 INFO tempest.lib.common.dynamic_creds [-] Dynamic test user 2684c32f40bd4fe59dc4c200b486ed61 is created with scope project and roles: ['member']
2024-12-12 06:13:51.003 66557 INFO tempest.lib.common.dynamic_creds [-] Acquired dynamic creds: credentials: Credentials: {'domain_id': 'default', 'domain_name': 'Default', 'username': 'tempest-ServersNegativeTestMultiTenantJSON-1238562633-project-member', 'project_domain_id': 'default', 'project_domain_name': 'Default', 'project_id': 'ee144ea66ce748dc98ba3ec3edbcd259', 'project_name': 'tempest-ServersNegativeTestMultiTenantJSON-1238562633', 'tenant_id': 'ee144ea66ce748dc98ba3ec3edbcd259', 'tenant_name': 'tempest-ServersNegativeTestMultiTenantJSON-1238562633', 'user_domain_id': 'default', 'user_domain_name': 'Default', 'user_id': '2684c32f40bd4fe59dc4c200b486ed61', 'system': None}, Network: None, Subnet: None, Router: None
2024-12-12 06:13:51.042 66519 INFO tempest.lib.common.rest_client [req-f629be43-e404-46ee-87df-a5b99d51ecd2 req-f629be43-e404-46ee-87df-a5b99d51ecd2 ] Request (AttachInterfacesV270Test:tearDownClass): 200 GET http://10.180.1.21/compute/v2.1/servers/0ef897cc-03b8-49dc-b23c-9c1f450bb8e5 0.313s
2024-12-12 06:13:51.099 66527 INFO tempest.lib.common.rest_client [req-2df17d13-37b1-4615-a50d-b9aca7c0f7f5 req-2df17d13-37b1-4615-a50d-b9aca7c0f7f5 ] Request (ServersNegativeTestJSON:setUpClass): 200 GET http://10.180.1.21/compute/v2.1/servers/db2ef453-1354-4aa3-9bf9-528bd9087bba 0.350s
2024-12-12 06:13:51.163 66569 INFO tempest.lib.common.rest_client [req-662b204d-a4fe-496a-9ea5-e85b56ea7e0f req-662b204d-a4fe-496a-9ea5-e85b56ea7e0f ] Request (ServersAdminNegativeTestJSON:tearDownClass): 200 GET http://10.180.1.21/compute/v2.1/servers/d6614b24-570f-41d4-9a9a-cc5e04396109 0.229s
2024-12-12 06:13:51.226 66547 INFO tempest.lib.common.rest_client [req-3e53ccd8-f839-4c20-8615-6ee2d893a041 req-3e53ccd8-f839-4c20-8615-6ee2d893a041 ] Request (ImagesTestJSON:test_create_image_from_suspended_server): 200 GET http://10.180.1.21/compute/v2.1/servers/f2590248-cb0c-48ee-8d64-727a2f8bf166 0.243s
2024-12-12 06:13:51.285 66541 INFO tempest.lib.common.rest_client [req-9797efe4-8a83-41d0-9df3-0f7d60845ba6 req-9797efe4-8a83-41d0-9df3-0f7d60845ba6 ] Request (ServerRescueTestJSONUnderV235:setUpClass): 200 GET http://10.180.1.21/compute/v2.1/servers/5f99a2c4-9ef4-4939-9c4c-714be1033d6d 0.246s
2024-12-12 06:13:51.339 66539 INFO tempest.lib.common.rest_client [req-f5d7b63a-a042-4b22-9355-84958f2b32bd req-f5d7b63a-a042-4b22-9355-84958f2b32bd ] Request (AttachVolumeShelveTestJSON:test_attach_volume_shelved_or_offload_server): 200 GET http://10.180.1.21/compute/v2.1/servers/7ef00a00-9a65-4a09-a8d2-b33a344a458d 0.230s
2024-12-12 06:13:51.350 66567 INFO tempest.lib.common.rest_client [req-5831cfde-88b0-4ed5-906e-a142997e968c req-5831cfde-88b0-4ed5-906e-a142997e968c ] Request (ListServerFiltersTestJSON:setUpClass): 202 POST http://10.180.1.21/compute/v2.1/servers 0.618s
2024-12-12 06:13:51.350 66557 INFO tempest.lib.common.rest_client [req-dcbc3c3e-8652-4555-b5de-a6b445099fea req-dcbc3c3e-8652-4555-b5de-a6b445099fea ] Request (ServersNegativeTestMultiTenantJSON:setUpClass): 201 POST http://10.180.1.21:9696/networking/v2.0/networks 0.347s
2024-12-12 06:13:51.425 66513 INFO tempest.lib.common.rest_client [req-a4133dec-4c93-450c-ada6-2148499f45f7 req-a4133dec-4c93-450c-ada6-2148499f45f7 ] Request (ServersAaction247Test:test_create_backup): 200 GET http://10.180.1.21/compute/v2.1/servers/a54c49fd-82ab-4e2d-8e32-47cba093e613 0.276s
2024-12-12 06:13:51.427 66545 INFO tempest.lib.common.rest_client [req-415e6405-3552-4322-8a51-5035f1b7f712 req-415e6405-3552-4322-8a51-5035f1b7f712 ] Request (ServerShowV254Test:tearDownClass): 200 GET http://10.180.1.21/compute/v2.1/servers/6fad45f9-13d7-4d20-9580-fc4b406a42fc 0.256s
2024-12-12 06:13:51.437 66513 INFO tempest.common.waiters [-] State transition "BUILD/networking" ==> "BUILD/spawning" after 46 second wait
2024-12-12 06:13:51.501 66543 INFO tempest.lib.common.rest_client [req-df3492d9-9fb8-4540-9755-d28fa9a8d770 req-df3492d9-9fb8-4540-9755-d28fa9a8d770 ] Request (ServerShowV247Test:test_update_rebuild_list_server): 200 GET http://10.180.1.21/compute/v2.1/servers/22d3b5be-e63b-4912-8590-4f5e811099a3 0.280s
2024-12-12 06:13:51.512 66523 INFO tempest.lib.common.rest_client [req-f0dcd154-d97f-43cb-b2ed-8e9eba2094f4 req-f0dcd154-d97f-43cb-b2ed-8e9eba2094f4 ] Request (InstanceActionsTestJSON:setUpClass): 200 GET http://10.180.1.21/compute/v2.1/servers/08d2aba3-975d-4baf-af40-4206d970876b 0.228s
2024-12-12 06:13:51.568 66521 INFO tempest.lib.common.rest_client [req-13360dc9-6420-4818-8684-0c8cb29641ba req-13360dc9-6420-4818-8684-0c8cb29641ba ] Request (ServersTestJSON:setUpClass): 200 GET http://10.180.1.21/compute/v2.1/servers/e672f797-e55a-4896-89e9-792374cd6830 0.215s
2024-12-12 06:13:51.569 66567 INFO tempest.lib.common.rest_client [req-22d1f3cd-276d-4c47-be3b-e7d860440734 req-22d1f3cd-276d-4c47-be3b-e7d860440734 ] Request (ListServerFiltersTestJSON:setUpClass): 200 GET http://10.180.1.21/compute/v2.1/servers/6e9ab950-8a82-4a48-881b-9cd3d5849577 0.218s
2024-12-12 06:13:51.649 66557 INFO tempest.lib.common.rest_client [req-dfcd3a37-bf81-49a2-9cd5-bc9197cd1f33 req-dfcd3a37-bf81-49a2-9cd5-bc9197cd1f33 ] Request (ServersNegativeTestMultiTenantJSON:setUpClass): 201 POST http://10.180.1.21:9696/networking/v2.0/subnets 0.298s
2024-12-12 06:13:51.699 66555 INFO tempest.lib.common.rest_client [req-adf23754-a178-406c-b28d-6b3326eb5c66 req-adf23754-a178-406c-b28d-6b3326eb5c66 ] Request (ServersTestJSON:test_create_server_with_ipv6_addr_only): 200 GET http://10.180.1.21/compute/v2.1/servers/7ae0c60f-0518-4990-ba93-2a0c9068f96c 0.081s
2024-12-12 06:13:51.780 66515 INFO tempest.lib.common.rest_client [req-70891d13-bb49-4b55-83a3-43380d50d84b req-70891d13-bb49-4b55-83a3-43380d50d84b ] Request (FloatingIPsAssociationNegativeTestJSON:tearDownClass): 200 GET http://10.180.1.21/compute/v2.1/servers/822f9c2c-2a16-411e-b6ee-057f4ea54d65 0.080s
2024-12-12 06:13:51.789 66571 INFO tempest.lib.common.rest_client [req-b6c8f186-c3f6-4883-8f9d-e62bc333fde9 req-b6c8f186-c3f6-4883-8f9d-e62bc333fde9 ] Request (ServerGroupTestJSON:test_create_server_with_scheduler_hint_group): 200 GET http://10.180.1.21/compute/v2.1/servers/dd44df55-9136-42a5-9f08-8bfb401b5cb7 0.231s
2024-12-12 06:13:51.847 66509 INFO tempest.lib.common.rest_client [req-bd1a13cc-b65e-4439-8167-c6c777c33858 req-bd1a13cc-b65e-4439-8167-c6c777c33858 ] Request (AttachVolumeNegativeTest:test_attach_attached_volume_to_different_server): 200 GET http://10.180.1.21/compute/v2.1/servers/6c240faf-00d2-48ed-af4e-78942f5739b1 0.090s
2024-12-12 06:13:51.859 66551 INFO tempest.lib.common.rest_client [req-dcda78c7-2b64-429f-a24f-cae5fc4c9288 req-dcda78c7-2b64-429f-a24f-cae5fc4c9288 ] Request (ImagesOneServerTestJSON:tearDownClass): 200 GET http://10.180.1.21/compute/v2.1/servers/ea0c1583-4e47-455c-882a-055eaf3c3d34 0.070s
2024-12-12 06:13:51.901 66559 INFO tempest.lib.common.rest_client [req-dff3d69c-3040-47e4-83ff-0ece49ba0f25 req-dff3d69c-3040-47e4-83ff-0ece49ba0f25 ] Request (MigrationsAdminTest:test_resize_server_revert_deleted_flavor): 200 GET http://10.180.1.21/compute/v2.1/servers/7fc8cb97-04c6-44db-a050-f09a1eb67c8b 0.087s
2024-12-12 06:13:51.911 66517 INFO tempest.lib.common.rest_client [req-299e9cd5-8de2-46e1-82bb-c26474ccf6d9 req-299e9cd5-8de2-46e1-82bb-c26474ccf6d9 ] Request (ServersTestFqdnHostnames:test_create_server_with_fqdn_name): 200 GET http://10.180.1.21/compute/v2.1/servers/dadd0010-3683-4884-9ab4-760298f81e96 0.056s
2024-12-12 06:13:51.955 66553 INFO tempest.lib.common.rest_client [req-dab15156-8f31-4e23-b488-56b7ca0455f2 req-dab15156-8f31-4e23-b488-56b7ca0455f2 ] Request (ServerRescueTestJSON:setUpClass): 200 GET http://10.180.1.21/compute/v2.1/servers/a902fdac-0fc0-45a9-b02e-0f0e50a49af5 0.087s
2024-12-12 06:13:51.993 66511 INFO tempest.lib.common.rest_client [req-58a68d53-e57f-47f9-ae1a-fb494cd39611 req-58a68d53-e57f-47f9-ae1a-fb494cd39611 ] Request (DeleteServersAdminTestJSON:test_delete_server_while_in_error_state): 200 GET http://10.180.1.21/compute/v2.1/servers/57aa16e5-4083-44ac-b8f3-a0434ca8662d 0.073s
2024-12-12 06:13:52.010 66549 INFO tempest.lib.common.rest_client [req-212d812a-f21b-41ad-bdb8-48fe07d74650 req-212d812a-f21b-41ad-bdb8-48fe07d74650 ] Request (ServerActionsTestJSON:setUpClass): 200 GET http://10.180.1.21/compute/v2.1/servers/50f4acf7-8bba-4ca7-a046-c14ec6f7157a 0.087s
2024-12-12 06:13:52.016 66549 INFO tempest.common.waiters [-] State transition "BUILD/None" ==> "BUILD/networking" after 47 second wait
2024-12-12 06:13:52.043 66561 INFO tempest.lib.common.rest_client [req-d302df8b-80a8-4331-82b4-d22576c1c4d0 req-d302df8b-80a8-4331-82b4-d22576c1c4d0 ] Request (ServersAdminTestJSON:test_inject_network_info): 200 GET http://10.180.1.21/compute/v2.1/servers/2055cc18-8f44-4813-95b6-abdecd188c00 0.065s
2024-12-12 06:13:52.059 66531 INFO tempest.lib.common.rest_client [req-b47973fa-6edb-404e-a041-43c49776ae55 req-b47973fa-6edb-404e-a041-43c49776ae55 ] Request (ServerActionsV293TestJSON:setUpClass): 200 GET http://10.180.1.21/compute/v2.1/servers/97489978-6e5d-4f08-b15d-b37b12e6731c 0.071s
2024-12-12 06:13:52.107 66519 INFO tempest.lib.common.rest_client [req-ceaf0f38-b638-4a18-ac89-49618dc64b67 req-ceaf0f38-b638-4a18-ac89-49618dc64b67 ] Request (AttachInterfacesV270Test:tearDownClass): 200 GET http://10.180.1.21/compute/v2.1/servers/0ef897cc-03b8-49dc-b23c-9c1f450bb8e5 0.056s
2024-12-12 06:13:52.158 66527 INFO tempest.lib.common.rest_client [req-bba0be69-dc1f-4e00-9c9c-af750df51c93 req-bba0be69-dc1f-4e00-9c9c-af750df51c93 ] Request (ServersNegativeTestJSON:setUpClass): 200 GET http://10.180.1.21/compute/v2.1/servers/db2ef453-1354-4aa3-9bf9-528bd9087bba 0.047s
2024-12-12 06:13:52.229 66569 INFO tempest.lib.common.rest_client [req-0e3f264b-ce16-4bf6-b2db-8ad0de6c016e req-0e3f264b-ce16-4bf6-b2db-8ad0de6c016e ] Request (ServersAdminNegativeTestJSON:tearDownClass): 200 GET http://10.180.1.21/compute/v2.1/servers/d6614b24-570f-41d4-9a9a-cc5e04396109 0.054s
2024-12-12 06:13:52.236 66569 INFO tempest.common.waiters [-] State transition "SUSPENDED/deleting" ==> "DELETED/None" after 4 second wait
2024-12-12 06:13:52.283 66547 INFO tempest.lib.common.rest_client [req-91e631b9-ba87-432e-91ae-38a62c49f5d0 req-91e631b9-ba87-432e-91ae-38a62c49f5d0 ] Request (ImagesTestJSON:test_create_image_from_suspended_server): 200 GET http://10.180.1.21/compute/v2.1/servers/f2590248-cb0c-48ee-8d64-727a2f8bf166 0.049s
2024-12-12 06:13:52.358 66541 INFO tempest.lib.common.rest_client [req-01f8465e-907a-4689-8477-7a3eb923af0f req-01f8465e-907a-4689-8477-7a3eb923af0f ] Request (ServerRescueTestJSONUnderV235:setUpClass): 200 GET http://10.180.1.21/compute/v2.1/servers/5f99a2c4-9ef4-4939-9c4c-714be1033d6d 0.062s
2024-12-12 06:13:52.399 66557 INFO tempest.lib.common.rest_client [req-49a99b89-2385-48fd-8dd9-190490f74a39 req-49a99b89-2385-48fd-8dd9-190490f74a39 ] Request (ServersNegativeTestMultiTenantJSON:setUpClass): 201 POST http://10.180.1.21:9696/networking/v2.0/routers 0.749s
2024-12-12 06:13:52.412 66539 INFO tempest.lib.common.rest_client [req-b0201a33-ae27-47b8-8516-91f972c3e40f req-b0201a33-ae27-47b8-8516-91f972c3e40f ] Request (AttachVolumeShelveTestJSON:test_attach_volume_shelved_or_offload_server): 200 GET http://10.180.1.21/compute/v2.1/servers/7ef00a00-9a65-4a09-a8d2-b33a344a458d 0.062s
2024-12-12 06:13:52.499 66513 INFO tempest.lib.common.rest_client [req-6780f9ed-3cf6-4242-be91-82255785829e req-6780f9ed-3cf6-4242-be91-82255785829e ] Request (ServersAaction247Test:test_create_backup): 200 GET http://10.180.1.21/compute/v2.1/servers/a54c49fd-82ab-4e2d-8e32-47cba093e613 0.061s
2024-12-12 06:13:52.514 66545 INFO tempest.lib.common.rest_client [req-5e901343-35af-4ab8-8710-346301c4a882 req-5e901343-35af-4ab8-8710-346301c4a882 ] Request (ServerShowV254Test:tearDownClass): 200 GET http://10.180.1.21/compute/v2.1/servers/6fad45f9-13d7-4d20-9580-fc4b406a42fc 0.074s
2024-12-12 06:13:52.567 66543 INFO tempest.lib.common.rest_client [req-8cb27733-a970-4fd6-87ff-8bd0e3fd5307 req-8cb27733-a970-4fd6-87ff-8bd0e3fd5307 ] Request (ServerShowV247Test:test_update_rebuild_list_server): 200 GET http://10.180.1.21/compute/v2.1/servers/22d3b5be-e63b-4912-8590-4f5e811099a3 0.057s
2024-12-12 06:13:52.584 66523 INFO tempest.lib.common.rest_client [req-bc351e44-d41b-4b85-96d8-9ada2278db48 req-bc351e44-d41b-4b85-96d8-9ada2278db48 ] Request (InstanceActionsTestJSON:setUpClass): 200 GET http://10.180.1.21/compute/v2.1/servers/08d2aba3-975d-4baf-af40-4206d970876b 0.063s
2024-12-12 06:13:52.653 66567 INFO tempest.lib.common.rest_client [req-c6b0242d-4485-4faf-ab00-a91ca505e009 req-c6b0242d-4485-4faf-ab00-a91ca505e009 ] Request (ListServerFiltersTestJSON:setUpClass): 200 GET http://10.180.1.21/compute/v2.1/servers/6e9ab950-8a82-4a48-881b-9cd3d5849577 0.077s
2024-12-12 06:13:52.665 66521 INFO tempest.lib.common.rest_client [req-92fcb2c2-55d4-495f-ac9c-1c126c91b0a5 req-92fcb2c2-55d4-495f-ac9c-1c126c91b0a5 ] Request (ServersTestJSON:setUpClass): 200 GET http://10.180.1.21/compute/v2.1/servers/e672f797-e55a-4896-89e9-792374cd6830 0.089s
2024-12-12 06:13:52.732 66525 WARNING tempest.lib.common.ssh [-] Failed to establish authenticated ssh connection to cirros@10.180.180.152 ([Errno None] Unable to connect to port 22 on 10.180.180.152). Number attempts: 3. Retry after 4 seconds.: paramiko.ssh_exception.NoValidConnectionsError: [Errno None] Unable to connect to port 22 on 10.180.180.152
2024-12-12 06:13:52.785 66555 INFO tempest.lib.common.rest_client [req-a45ad9cf-d590-49af-b547-c781fb00f839 req-a45ad9cf-d590-49af-b547-c781fb00f839 ] Request (ServersTestJSON:test_create_server_with_ipv6_addr_only): 200 GET http://10.180.1.21/compute/v2.1/servers/7ae0c60f-0518-4990-ba93-2a0c9068f96c 0.071s
2024-12-12 06:13:52.875 66515 INFO tempest.lib.common.rest_client [req-291fbd04-455b-486f-b6d1-59c20a47849d req-291fbd04-455b-486f-b6d1-59c20a47849d ] Request (FloatingIPsAssociationNegativeTestJSON:tearDownClass): 200 GET http://10.180.1.21/compute/v2.1/servers/822f9c2c-2a16-411e-b6ee-057f4ea54d65 0.085s
2024-12-12 06:13:52.943 66509 INFO tempest.lib.common.rest_client [req-8ad18b54-419c-4dc3-ad1c-4075e5c6c610 req-8ad18b54-419c-4dc3-ad1c-4075e5c6c610 ] Request (AttachVolumeNegativeTest:test_attach_attached_volume_to_different_server): 200 GET http://10.180.1.21/compute/v2.1/servers/6c240faf-00d2-48ed-af4e-78942f5739b1 0.088s
2024-12-12 06:13:52.981 66571 INFO tempest.lib.common.rest_client [req-bde5a530-9e18-4726-abce-0a0b6e63cc09 req-bde5a530-9e18-4726-abce-0a0b6e63cc09 ] Request (ServerGroupTestJSON:test_create_server_with_scheduler_hint_group): 200 GET http://10.180.1.21/compute/v2.1/servers/dd44df55-9136-42a5-9f08-8bfb401b5cb7 0.180s
2024-12-12 06:13:53.013 66551 INFO tempest.lib.common.rest_client [req-92f54523-b013-4248-b2f7-6326fb801782 req-92f54523-b013-4248-b2f7-6326fb801782 ] Request (ImagesOneServerTestJSON:tearDownClass): 200 GET http://10.180.1.21/compute/v2.1/servers/ea0c1583-4e47-455c-882a-055eaf3c3d34 0.145s
2024-12-12 06:13:53.043 66559 INFO tempest.lib.common.rest_client [req-a1010160-4389-481b-8861-56a195b5c7ca req-a1010160-4389-481b-8861-56a195b5c7ca ] Request (MigrationsAdminTest:test_resize_server_revert_deleted_flavor): 200 GET http://10.180.1.21/compute/v2.1/servers/7fc8cb97-04c6-44db-a050-f09a1eb67c8b 0.136s
2024-12-12 06:13:53.079 66517 INFO tempest.lib.common.rest_client [req-04bab899-acde-4f5c-b24e-784978652c1f req-04bab899-acde-4f5c-b24e-784978652c1f ] Request (ServersTestFqdnHostnames:test_create_server_with_fqdn_name): 200 GET http://10.180.1.21/compute/v2.1/servers/dadd0010-3683-4884-9ab4-760298f81e96 0.159s
2024-12-12 06:13:53.094 66553 INFO tempest.lib.common.rest_client [req-5c8996c2-bf08-4ff6-8da8-0a8af78c9a6e req-5c8996c2-bf08-4ff6-8da8-0a8af78c9a6e ] Request (ServerRescueTestJSON:setUpClass): 200 GET http://10.180.1.21/compute/v2.1/servers/a902fdac-0fc0-45a9-b02e-0f0e50a49af5 0.128s
2024-12-12 06:13:53.147 66511 INFO tempest.lib.common.rest_client [req-e122f1ce-383f-4ff2-ad06-37b3578aef0d req-e122f1ce-383f-4ff2-ad06-37b3578aef0d ] Request (DeleteServersAdminTestJSON:test_delete_server_while_in_error_state): 200 GET http://10.180.1.21/compute/v2.1/servers/57aa16e5-4083-44ac-b8f3-a0434ca8662d 0.147s
2024-12-12 06:13:53.204 66561 INFO tempest.lib.common.rest_client [req-426bc0bd-27a3-4204-8d9d-f7eb6bac3c94 req-426bc0bd-27a3-4204-8d9d-f7eb6bac3c94 ] Request (ServersAdminTestJSON:test_inject_network_info): 200 GET http://10.180.1.21/compute/v2.1/servers/2055cc18-8f44-4813-95b6-abdecd188c00 0.154s
2024-12-12 06:13:53.227 66557 INFO tempest.lib.common.rest_client [req-c01856a3-f0e4-496f-8564-deba263f6006 req-c01856a3-f0e4-496f-8564-deba263f6006 ] Request (ServersNegativeTestMultiTenantJSON:setUpClass): 200 PUT http://10.180.1.21:9696/networking/v2.0/routers/da5dda73-fe0b-4850-bfa6-ad681ddd40eb/add_router_interface 0.828s
2024-12-12 06:13:53.228 66557 INFO tempest.lib.common.dynamic_creds [-] Created isolated network resources for: credentials: Credentials: {'domain_id': 'default', 'domain_name': 'Default', 'username': 'tempest-ServersNegativeTestMultiTenantJSON-1238562633-project-member', 'project_domain_id': 'default', 'project_domain_name': 'Default', 'project_id': 'ee144ea66ce748dc98ba3ec3edbcd259', 'project_name': 'tempest-ServersNegativeTestMultiTenantJSON-1238562633', 'tenant_id': 'ee144ea66ce748dc98ba3ec3edbcd259', 'tenant_name': 'tempest-ServersNegativeTestMultiTenantJSON-1238562633', 'user_domain_id': 'default', 'user_domain_name': 'Default', 'user_id': '2684c32f40bd4fe59dc4c200b486ed61', 'system': None}, Network: {'id': '169e82ee-aef9-4001-b417-c5bfe0956425', 'name': 'tempest-ServersNegativeTestMultiTenantJSON-1643953481-network', 'tenant_id': 'ee144ea66ce748dc98ba3ec3edbcd259', 'admin_state_up': True, 'mtu': 8950, 'status': 'ACTIVE', 'subnets': [], 'shared': False, 'project_id': 'ee144ea66ce748dc98ba3ec3edbcd259', 'port_security_enabled': True, 'router:external': False, 'provider:network_type': 'vlan', 'provider:physical_network': 'default', 'provider:segmentation_id': 892, 'availability_zone_hints': [], 'availability_zones': [], 'ipv4_address_scope': None, 'ipv6_address_scope': None, 'description': '', 'tags': [], 'created_at': '2024-12-12T06:13:51Z', 'updated_at': '2024-12-12T06:13:51Z', 'revision_number': 1}, Subnet: {'id': '20c012f4-06bb-4bfe-806e-5fa94a5144c9', 'name': 'tempest-ServersNegativeTestMultiTenantJSON-1643953481-subnet', 'tenant_id': 'ee144ea66ce748dc98ba3ec3edbcd259', 'network_id': '169e82ee-aef9-4001-b417-c5bfe0956425', 'ip_version': 4, 'subnetpool_id': None, 'enable_dhcp': True, 'ipv6_ra_mode': None, 'ipv6_address_mode': None, 'gateway_ip': '192.168.128.1', 'cidr': '192.168.128.0/28', 'allocation_pools': [{'start': '192.168.128.2', 'end': '192.168.128.14'}], 'host_routes': [], 'dns_nameservers': [], 'description': '', 'router:external': False, 'service_types': [], 'tags': [], 'created_at': '2024-12-12T06:13:51Z', 'updated_at': '2024-12-12T06:13:51Z', 'revision_number': 0, 'project_id': 'ee144ea66ce748dc98ba3ec3edbcd259'}, Router: {'id': 'da5dda73-fe0b-4850-bfa6-ad681ddd40eb', 'name': 'tempest-ServersNegativeTestMultiTenantJSON-1643953481-router', 'tenant_id': 'ee144ea66ce748dc98ba3ec3edbcd259', 'admin_state_up': True, 'status': 'ACTIVE', 'external_gateway_info': {'network_id': 'a791ff7d-40b9-423e-94ac-55d1afb2a51c', 'external_fixed_ips': [{'subnet_id': '5af89f5c-0b04-416a-9a64-e821b419858a', 'ip_address': '10.180.180.167'}], 'enable_snat': True}, 'description': '', 'availability_zones': [], 'distributed': False, 'ha': False, 'availability_zone_hints': [], 'routes': [], 'flavor_id': None, 'tags': [], 'created_at': '2024-12-12T06:13:51Z', 'updated_at': '2024-12-12T06:13:52Z', 'revision_number': 2, 'project_id': 'ee144ea66ce748dc98ba3ec3edbcd259'}
2024-12-12 06:13:53.243 66549 INFO tempest.lib.common.rest_client [req-55f389fd-f266-430e-8f45-cf44bde50dba req-55f389fd-f266-430e-8f45-cf44bde50dba ] Request (ServerActionsTestJSON:setUpClass): 200 GET http://10.180.1.21/compute/v2.1/servers/50f4acf7-8bba-4ca7-a046-c14ec6f7157a 0.224s
2024-12-12 06:13:53.249 66549 INFO tempest.common.waiters [-] State transition "BUILD/networking" ==> "BUILD/block_device_mapping" after 48 second wait
2024-12-12 06:13:53.263 66531 INFO tempest.lib.common.rest_client [req-f804c122-a6d7-4db9-b419-e6301b0e2e46 req-f804c122-a6d7-4db9-b419-e6301b0e2e46 ] Request (ServerActionsV293TestJSON:setUpClass): 200 GET http://10.180.1.21/compute/v2.1/servers/97489978-6e5d-4f08-b15d-b37b12e6731c 0.193s
2024-12-12 06:13:53.321 66519 INFO tempest.lib.common.rest_client [req-0468b630-e5e7-469d-80f4-512c5550bfe9 req-0468b630-e5e7-469d-80f4-512c5550bfe9 ] Request (AttachInterfacesV270Test:tearDownClass): 200 GET http://10.180.1.21/compute/v2.1/servers/0ef897cc-03b8-49dc-b23c-9c1f450bb8e5 0.203s
2024-12-12 06:13:53.322 66557 INFO tempest.lib.common.rest_client [req-d5fc5423-a529-4484-8257-fdbfb755333e req-d5fc5423-a529-4484-8257-fdbfb755333e ] Request (ServersNegativeTestMultiTenantJSON:setUpClass): 201 POST http://10.180.1.21/identity/v3/auth/tokens 0.091s
2024-12-12 06:13:53.322 66527 INFO tempest.lib.common.rest_client [req-42db6889-1dcd-474a-b752-a09fdd032207 req-42db6889-1dcd-474a-b752-a09fdd032207 ] Request (ServersNegativeTestJSON:setUpClass): 200 GET http://10.180.1.21/compute/v2.1/servers/db2ef453-1354-4aa3-9bf9-528bd9087bba 0.157s
2024-12-12 06:13:53.363 66547 INFO tempest.lib.common.rest_client [req-f64115ed-2621-468c-9f93-d1cb7fc29f39 req-f64115ed-2621-468c-9f93-d1cb7fc29f39 ] Request (ImagesTestJSON:test_create_image_from_suspended_server): 200 GET http://10.180.1.21/compute/v2.1/servers/f2590248-cb0c-48ee-8d64-727a2f8bf166 0.073s
2024-12-12 06:13:53.387 66557 INFO tempest.lib.common.rest_client [req-39d54589-ed48-45b9-b0ba-91556b9377f7 req-39d54589-ed48-45b9-b0ba-91556b9377f7 ] Request (ServersNegativeTestMultiTenantJSON:setUpClass): 201 POST http://10.180.1.21/identity/v3/auth/tokens 0.060s
2024-12-12 06:13:53.387 66557 INFO tempest.lib.common.fixed_network [-] (ServersNegativeTestMultiTenantJSON:setUpClass) Found network {'id': '53ab977d-bbfd-484d-a90b-db4181586dce', 'name': 'tempest-ServersNegativeTestMultiTenantJSON-1382549196-network', 'tenant_id': 'b625e5fcbe4d445380f027e16d1bb13b', 'admin_state_up': True, 'mtu': 8950, 'status': 'ACTIVE', 'subnets': [], 'shared': False, 'project_id': 'b625e5fcbe4d445380f027e16d1bb13b', 'port_security_enabled': True, 'router:external': False, 'provider:network_type': 'vlan', 'provider:physical_network': 'default', 'provider:segmentation_id': 716, 'availability_zone_hints': [], 'availability_zones': [], 'ipv4_address_scope': None, 'ipv6_address_scope': None, 'description': '', 'tags': [], 'created_at': '2024-12-12T06:13:48Z', 'updated_at': '2024-12-12T06:13:48Z', 'revision_number': 1} available for tenant
2024-12-12 06:13:53.389 66569 INFO tempest.lib.common.rest_client [req-03f9ac3d-90cd-44b7-9ca3-48596177548c req-03f9ac3d-90cd-44b7-9ca3-48596177548c ] Request (ServersAdminNegativeTestJSON:tearDownClass): 200 GET http://10.180.1.21/compute/v2.1/servers/d6614b24-570f-41d4-9a9a-cc5e04396109 0.151s
2024-12-12 06:13:53.417 66541 INFO tempest.lib.common.rest_client [req-96b4a374-c06c-4d80-add7-3e5b550777a6 req-96b4a374-c06c-4d80-add7-3e5b550777a6 ] Request (ServerRescueTestJSONUnderV235:setUpClass): 200 GET http://10.180.1.21/compute/v2.1/servers/5f99a2c4-9ef4-4939-9c4c-714be1033d6d 0.053s
2024-12-12 06:13:53.476 66539 INFO tempest.lib.common.rest_client [req-a042d487-e1e8-4a34-afc4-70babd06553e req-a042d487-e1e8-4a34-afc4-70babd06553e ] Request (AttachVolumeShelveTestJSON:test_attach_volume_shelved_or_offload_server): 200 GET http://10.180.1.21/compute/v2.1/servers/7ef00a00-9a65-4a09-a8d2-b33a344a458d 0.056s
2024-12-12 06:13:53.586 66513 INFO tempest.lib.common.rest_client [req-08aa9754-5196-4f18-9808-c7010db37a4e req-08aa9754-5196-4f18-9808-c7010db37a4e ] Request (ServersAaction247Test:test_create_backup): 200 GET http://10.180.1.21/compute/v2.1/servers/a54c49fd-82ab-4e2d-8e32-47cba093e613 0.076s
2024-12-12 06:13:53.654 66545 INFO tempest.lib.common.rest_client [req-fd598ee0-c230-47b2-bdbd-dac7b11eeae2 req-fd598ee0-c230-47b2-bdbd-dac7b11eeae2 ] Request (ServerShowV254Test:tearDownClass): 200 GET http://10.180.1.21/compute/v2.1/servers/6fad45f9-13d7-4d20-9580-fc4b406a42fc 0.123s
2024-12-12 06:13:53.727 66543 INFO tempest.lib.common.rest_client [req-5db3d49c-dc6a-4e9d-be5c-c302a059d136 req-5db3d49c-dc6a-4e9d-be5c-c302a059d136 ] Request (ServerShowV247Test:test_update_rebuild_list_server): 200 GET http://10.180.1.21/compute/v2.1/servers/22d3b5be-e63b-4912-8590-4f5e811099a3 0.149s
2024-12-12 06:13:53.790 66523 INFO tempest.lib.common.rest_client [req-fca761fa-d24b-415f-abad-74d1bc96b3ef req-fca761fa-d24b-415f-abad-74d1bc96b3ef ] Request (InstanceActionsTestJSON:setUpClass): 200 GET http://10.180.1.21/compute/v2.1/servers/08d2aba3-975d-4baf-af40-4206d970876b 0.194s
2024-12-12 06:13:53.854 66567 INFO tempest.lib.common.rest_client [req-acf91e52-43cf-4bef-8d42-2c80f7a5f608 req-acf91e52-43cf-4bef-8d42-2c80f7a5f608 ] Request (ListServerFiltersTestJSON:setUpClass): 200 GET http://10.180.1.21/compute/v2.1/servers/6e9ab950-8a82-4a48-881b-9cd3d5849577 0.188s
2024-12-12 06:13:53.880 66557 INFO tempest.lib.common.rest_client [req-a48c1db7-33cb-471e-8068-60b4db97c766 req-a48c1db7-33cb-471e-8068-60b4db97c766 ] Request (ServersNegativeTestMultiTenantJSON:setUpClass): 202 POST http://10.180.1.21/compute/v2.1/servers 0.491s
2024-12-12 06:13:53.910 66521 INFO tempest.lib.common.rest_client [req-ea2bf627-9bdc-4388-9069-c2a61f7ec1a4 req-ea2bf627-9bdc-4388-9069-c2a61f7ec1a4 ] Request (ServersTestJSON:setUpClass): 200 GET http://10.180.1.21/compute/v2.1/servers/e672f797-e55a-4896-89e9-792374cd6830 0.236s
2024-12-12 06:13:53.931 66555 INFO tempest.lib.common.rest_client [req-c8bbdeef-9233-4d04-975e-bdbc55b85502 req-c8bbdeef-9233-4d04-975e-bdbc55b85502 ] Request (ServersTestJSON:test_create_server_with_ipv6_addr_only): 200 GET http://10.180.1.21/compute/v2.1/servers/7ae0c60f-0518-4990-ba93-2a0c9068f96c 0.137s
2024-12-12 06:13:53.947 66563 WARNING tempest.lib.common.ssh [-] Failed to establish authenticated ssh connection to cirros@10.180.180.224 ([Errno None] Unable to connect to port 22 on 10.180.180.224). Number attempts: 7. Retry after 8 seconds.: paramiko.ssh_exception.NoValidConnectionsError: [Errno None] Unable to connect to port 22 on 10.180.180.224
2024-12-12 06:13:53.969 66557 INFO tempest.lib.common.rest_client [req-c6094dfc-5cf1-4fdc-9c8e-92d2c8227225 req-c6094dfc-5cf1-4fdc-9c8e-92d2c8227225 ] Request (ServersNegativeTestMultiTenantJSON:setUpClass): 200 GET http://10.180.1.21/compute/v2.1/servers/8445d71a-bc37-4d64-9ec0-51d18b779858 0.087s
2024-12-12 06:13:53.982 66515 INFO tempest.lib.common.rest_client [req-01d1f6f0-a23b-40a4-b9d7-15daa50f1156 req-01d1f6f0-a23b-40a4-b9d7-15daa50f1156 ] Request (FloatingIPsAssociationNegativeTestJSON:tearDownClass): 200 GET http://10.180.1.21/compute/v2.1/servers/822f9c2c-2a16-411e-b6ee-057f4ea54d65 0.099s
2024-12-12 06:13:54.025 66509 INFO tempest.lib.common.rest_client [req-06a579cb-5569-458e-8850-9a7ef87818d7 req-06a579cb-5569-458e-8850-9a7ef87818d7 ] Request (AttachVolumeNegativeTest:test_attach_attached_volume_to_different_server): 200 GET http://10.180.1.21/compute/v2.1/servers/6c240faf-00d2-48ed-af4e-78942f5739b1 0.074s
2024-12-12 06:13:54.105 66551 INFO tempest.lib.common.rest_client [req-ae177498-bb7f-4af8-8959-19cc4f32a6ed req-ae177498-bb7f-4af8-8959-19cc4f32a6ed ] Request (ImagesOneServerTestJSON:tearDownClass): 200 GET http://10.180.1.21/compute/v2.1/servers/ea0c1583-4e47-455c-882a-055eaf3c3d34 0.085s
2024-12-12 06:13:54.136 66571 INFO tempest.lib.common.rest_client [req-a8b1f5ed-10a4-499b-9b2d-bc15398fa36d req-a8b1f5ed-10a4-499b-9b2d-bc15398fa36d ] Request (ServerGroupTestJSON:test_create_server_with_scheduler_hint_group): 200 GET http://10.180.1.21/compute/v2.1/servers/dd44df55-9136-42a5-9f08-8bfb401b5cb7 0.145s
2024-12-12 06:13:54.159 66559 INFO tempest.lib.common.rest_client [req-b3212986-4274-49c7-a8c4-170622bbede2 req-b3212986-4274-49c7-a8c4-170622bbede2 ] Request (MigrationsAdminTest:test_resize_server_revert_deleted_flavor): 200 GET http://10.180.1.21/compute/v2.1/servers/7fc8cb97-04c6-44db-a050-f09a1eb67c8b 0.104s
2024-12-12 06:13:54.184 66517 INFO tempest.lib.common.rest_client [req-cd77df5f-a548-44fe-ae49-2c21f9d1750a req-cd77df5f-a548-44fe-ae49-2c21f9d1750a ] Request (ServersTestFqdnHostnames:test_create_server_with_fqdn_name): 200 GET http://10.180.1.21/compute/v2.1/servers/dadd0010-3683-4884-9ab4-760298f81e96 0.098s
2024-12-12 06:13:54.208 66553 INFO tempest.lib.common.rest_client [req-e9f5da28-f3b1-4a60-8f97-0abfaeb3420e req-e9f5da28-f3b1-4a60-8f97-0abfaeb3420e ] Request (ServerRescueTestJSON:setUpClass): 200 GET http://10.180.1.21/compute/v2.1/servers/a902fdac-0fc0-45a9-b02e-0f0e50a49af5 0.106s
2024-12-12 06:13:54.442 66511 INFO tempest.lib.common.rest_client [req-cfc115bf-3552-4d16-8e8a-9d802da4c6ab req-cfc115bf-3552-4d16-8e8a-9d802da4c6ab ] Request (DeleteServersAdminTestJSON:test_delete_server_while_in_error_state): 200 GET http://10.180.1.21/compute/v2.1/servers/57aa16e5-4083-44ac-b8f3-a0434ca8662d 0.287s
2024-12-12 06:13:54.445 66561 INFO tempest.lib.common.rest_client [req-5019dc8b-1d98-464f-85a4-8805582caa40 req-5019dc8b-1d98-464f-85a4-8805582caa40 ] Request (ServersAdminTestJSON:test_inject_network_info): 200 GET http://10.180.1.21/compute/v2.1/servers/2055cc18-8f44-4813-95b6-abdecd188c00 0.233s
2024-12-12 06:13:54.514 66531 INFO tempest.lib.common.rest_client [req-5042b9ff-753a-4e48-8fc8-728c0adf69a7 req-5042b9ff-753a-4e48-8fc8-728c0adf69a7 ] Request (ServerActionsV293TestJSON:setUpClass): 200 GET http://10.180.1.21/compute/v2.1/servers/97489978-6e5d-4f08-b15d-b37b12e6731c 0.240s
2024-12-12 06:13:54.589 66519 INFO tempest.lib.common.rest_client [req-b3dcbee0-e10c-4471-8457-f8d727731c46 req-b3dcbee0-e10c-4471-8457-f8d727731c46 ] Request (AttachInterfacesV270Test:tearDownClass): 200 GET http://10.180.1.21/compute/v2.1/servers/0ef897cc-03b8-49dc-b23c-9c1f450bb8e5 0.258s
2024-12-12 06:13:54.609 66549 INFO tempest.lib.common.rest_client [req-44c7ba3a-49e5-4634-b543-102fd950db80 req-44c7ba3a-49e5-4634-b543-102fd950db80 ] Request (ServerActionsTestJSON:setUpClass): 200 GET http://10.180.1.21/compute/v2.1/servers/50f4acf7-8bba-4ca7-a046-c14ec6f7157a 0.358s
2024-12-12 06:13:54.619 66549 INFO tempest.common.waiters [-] State transition "BUILD/block_device_mapping" ==> "BUILD/spawning" after 49 second wait
2024-12-12 06:13:54.639 66527 INFO tempest.lib.common.rest_client [req-a50e71db-cd4b-4b71-9f50-49e9d6e96bbf req-a50e71db-cd4b-4b71-9f50-49e9d6e96bbf ] Request (ServersNegativeTestJSON:setUpClass): 200 GET http://10.180.1.21/compute/v2.1/servers/db2ef453-1354-4aa3-9bf9-528bd9087bba 0.306s
2024-12-12 06:13:54.647 66527 INFO tempest.common.waiters [-] State transition "BUILD/None" ==> "BUILD/networking" after 49 second wait
2024-12-12 06:13:54.672 66547 INFO tempest.lib.common.rest_client [req-d93d588c-a50b-43e5-ae69-142720dbaeae req-d93d588c-a50b-43e5-ae69-142720dbaeae ] Request (ImagesTestJSON:test_create_image_from_suspended_server): 200 GET http://10.180.1.21/compute/v2.1/servers/f2590248-cb0c-48ee-8d64-727a2f8bf166 0.295s
2024-12-12 06:13:54.699 66569 INFO tempest.lib.common.rest_client [req-1f247308-3f7d-4c12-bc46-63d5d234e1b3 req-1f247308-3f7d-4c12-bc46-63d5d234e1b3 ] Request (ServersAdminNegativeTestJSON:tearDownClass): 200 GET http://10.180.1.21/compute/v2.1/servers/d6614b24-570f-41d4-9a9a-cc5e04396109 0.303s
2024-12-12 06:13:54.756 66541 INFO tempest.lib.common.rest_client [req-758b7123-dd36-4621-aa74-2fe76f1cd4e3 req-758b7123-dd36-4621-aa74-2fe76f1cd4e3 ] Request (ServerRescueTestJSONUnderV235:setUpClass): 200 GET http://10.180.1.21/compute/v2.1/servers/5f99a2c4-9ef4-4939-9c4c-714be1033d6d 0.329s
2024-12-12 06:13:54.759 66539 INFO tempest.lib.common.rest_client [req-1f866032-b962-4f56-87b6-bc4bad5be133 req-1f866032-b962-4f56-87b6-bc4bad5be133 ] Request (AttachVolumeShelveTestJSON:test_attach_volume_shelved_or_offload_server): 200 GET http://10.180.1.21/compute/v2.1/servers/7ef00a00-9a65-4a09-a8d2-b33a344a458d 0.272s
2024-12-12 06:13:54.818 66513 INFO tempest.lib.common.rest_client [req-8add6032-df4c-4a2e-a0c8-601eb1a81237 req-8add6032-df4c-4a2e-a0c8-601eb1a81237 ] Request (ServersAaction247Test:test_create_backup): 200 GET http://10.180.1.21/compute/v2.1/servers/a54c49fd-82ab-4e2d-8e32-47cba093e613 0.221s
2024-12-12 06:13:54.851 66545 INFO tempest.lib.common.rest_client [req-f516be82-4901-4e4d-b767-ff776d109313 req-f516be82-4901-4e4d-b767-ff776d109313 ] Request (ServerShowV254Test:tearDownClass): 200 GET http://10.180.1.21/compute/v2.1/servers/6fad45f9-13d7-4d20-9580-fc4b406a42fc 0.189s
2024-12-12 06:13:54.868 66543 INFO tempest.lib.common.rest_client [req-e4239da0-1009-4129-8bd2-f8ce078ceaf6 req-e4239da0-1009-4129-8bd2-f8ce078ceaf6 ] Request (ServerShowV247Test:test_update_rebuild_list_server): 200 GET http://10.180.1.21/compute/v2.1/servers/22d3b5be-e63b-4912-8590-4f5e811099a3 0.133s
2024-12-12 06:13:54.899 66523 INFO tempest.lib.common.rest_client [req-c5eb091d-5907-4263-b6e6-e90bd83da08c req-c5eb091d-5907-4263-b6e6-e90bd83da08c ] Request (InstanceActionsTestJSON:setUpClass): 200 GET http://10.180.1.21/compute/v2.1/servers/08d2aba3-975d-4baf-af40-4206d970876b 0.103s
2024-12-12 06:13:54.924 66567 INFO tempest.lib.common.rest_client [req-774362b5-0a84-4918-8e3e-a2ec85a631f6 req-774362b5-0a84-4918-8e3e-a2ec85a631f6 ] Request (ListServerFiltersTestJSON:setUpClass): 200 GET http://10.180.1.21/compute/v2.1/servers/6e9ab950-8a82-4a48-881b-9cd3d5849577 0.064s
2024-12-12 06:13:54.973 66521 INFO tempest.lib.common.rest_client [req-03ba0208-1f92-4515-b817-64620156eb00 req-03ba0208-1f92-4515-b817-64620156eb00 ] Request (ServersTestJSON:setUpClass): 200 GET http://10.180.1.21/compute/v2.1/servers/e672f797-e55a-4896-89e9-792374cd6830 0.056s
2024-12-12 06:13:54.998 66555 INFO tempest.lib.common.rest_client [req-5826a8b1-3f20-4a92-be42-0fc34a7bb5a7 req-5826a8b1-3f20-4a92-be42-0fc34a7bb5a7 ] Request (ServersTestJSON:test_create_server_with_ipv6_addr_only): 200 GET http://10.180.1.21/compute/v2.1/servers/7ae0c60f-0518-4990-ba93-2a0c9068f96c 0.058s
2024-12-12 06:13:55.046 66557 INFO tempest.lib.common.rest_client [req-3fa8eed1-2136-465c-879b-bc0f94dca19c req-3fa8eed1-2136-465c-879b-bc0f94dca19c ] Request (ServersNegativeTestMultiTenantJSON:setUpClass): 200 GET http://10.180.1.21/compute/v2.1/servers/8445d71a-bc37-4d64-9ec0-51d18b779858 0.068s
2024-12-12 06:13:55.057 66515 INFO tempest.lib.common.rest_client [req-8b5db441-a3d3-4754-b578-317266ea5fa6 req-8b5db441-a3d3-4754-b578-317266ea5fa6 ] Request (FloatingIPsAssociationNegativeTestJSON:tearDownClass): 200 GET http://10.180.1.21/compute/v2.1/servers/822f9c2c-2a16-411e-b6ee-057f4ea54d65 0.068s
2024-12-12 06:13:55.093 66509 INFO tempest.lib.common.rest_client [req-8f03405a-1031-4bed-9d4b-e0aa5383d0cb req-8f03405a-1031-4bed-9d4b-e0aa5383d0cb ] Request (AttachVolumeNegativeTest:test_attach_attached_volume_to_different_server): 200 GET http://10.180.1.21/compute/v2.1/servers/6c240faf-00d2-48ed-af4e-78942f5739b1 0.062s
2024-12-12 06:13:55.179 66551 INFO tempest.lib.common.rest_client [req-7029e85b-c3e1-410e-bb97-49e663b76c61 req-7029e85b-c3e1-410e-bb97-49e663b76c61 ] Request (ImagesOneServerTestJSON:tearDownClass): 200 GET http://10.180.1.21/compute/v2.1/servers/ea0c1583-4e47-455c-882a-055eaf3c3d34 0.064s
2024-12-12 06:13:55.253 66559 INFO tempest.lib.common.rest_client [req-2e9e9282-0a4a-4a80-9cb9-c64648ffdb4d req-2e9e9282-0a4a-4a80-9cb9-c64648ffdb4d ] Request (MigrationsAdminTest:test_resize_server_revert_deleted_flavor): 200 GET http://10.180.1.21/compute/v2.1/servers/7fc8cb97-04c6-44db-a050-f09a1eb67c8b 0.087s
2024-12-12 06:13:55.285 66571 INFO tempest.lib.common.rest_client [req-37460788-cb4f-479c-b5cf-9346bf0abe75 req-37460788-cb4f-479c-b5cf-9346bf0abe75 ] Request (ServerGroupTestJSON:test_create_server_with_scheduler_hint_group): 200 GET http://10.180.1.21/compute/v2.1/servers/dd44df55-9136-42a5-9f08-8bfb401b5cb7 0.142s
2024-12-12 06:13:55.293 66571 INFO tempest.common.waiters [-] State transition "BUILD/spawning" ==> "ACTIVE/None" after 53 second wait
2024-12-12 06:13:55.303 66517 INFO tempest.lib.common.rest_client [req-925e7c98-39e2-4458-bffb-4adb128b1dc8 req-925e7c98-39e2-4458-bffb-4adb128b1dc8 ] Request (ServersTestFqdnHostnames:test_create_server_with_fqdn_name): 200 GET http://10.180.1.21/compute/v2.1/servers/dadd0010-3683-4884-9ab4-760298f81e96 0.112s
2024-12-12 06:13:55.329 66553 INFO tempest.lib.common.rest_client [req-16326bde-32c9-475f-94a3-a32dddc70c95 req-16326bde-32c9-475f-94a3-a32dddc70c95 ] Request (ServerRescueTestJSON:setUpClass): 200 GET http://10.180.1.21/compute/v2.1/servers/a902fdac-0fc0-45a9-b02e-0f0e50a49af5 0.113s
2024-12-12 06:13:55.483 66533 WARNING tempest.lib.common.ssh [-] Failed to establish authenticated ssh connection to cirros@10.180.180.159 ([Errno None] Unable to connect to port 22 on 10.180.180.159). Number attempts: 8. Retry after 9 seconds.: paramiko.ssh_exception.NoValidConnectionsError: [Errno None] Unable to connect to port 22 on 10.180.180.159
2024-12-12 06:13:55.520 66511 INFO tempest.lib.common.rest_client [req-e59a9b0f-e7f5-4f86-9318-608e99d3d038 req-e59a9b0f-e7f5-4f86-9318-608e99d3d038 ] Request (DeleteServersAdminTestJSON:test_delete_server_while_in_error_state): 200 GET http://10.180.1.21/compute/v2.1/servers/57aa16e5-4083-44ac-b8f3-a0434ca8662d 0.068s
2024-12-12 06:13:55.574 66561 INFO tempest.lib.common.rest_client [req-c54b7f1c-4ea8-4e3d-8728-48fe8614f979 req-c54b7f1c-4ea8-4e3d-8728-48fe8614f979 ] Request (ServersAdminTestJSON:test_inject_network_info): 200 GET http://10.180.1.21/compute/v2.1/servers/2055cc18-8f44-4813-95b6-abdecd188c00 0.118s
2024-12-12 06:13:55.580 66571 INFO tempest.lib.common.rest_client [req-8f7802f7-1bc1-4df1-a492-aa502522828b req-8f7802f7-1bc1-4df1-a492-aa502522828b ] Request (ServerGroupTestJSON:test_create_server_with_scheduler_hint_group): 200 GET http://10.180.1.21/compute/v2.1/os-server-groups/e8649519-4dd2-48b0-99e4-5569abf4e79d 0.286s
2024-12-12 06:13:55.625 66531 INFO tempest.lib.common.rest_client [req-4e289718-2244-4e3a-a62c-9085cd0a8bf4 req-4e289718-2244-4e3a-a62c-9085cd0a8bf4 ] Request (ServerActionsV293TestJSON:setUpClass): 200 GET http://10.180.1.21/compute/v2.1/servers/97489978-6e5d-4f08-b15d-b37b12e6731c 0.092s
2024-12-12 06:13:55.647 66571 INFO tempest.lib.common.rest_client [req-75657bb5-4ee6-4af1-b73f-3d34fd16cbd0 req-75657bb5-4ee6-4af1-b73f-3d34fd16cbd0 ] Request (ServerGroupTestJSON:_run_cleanups): 204 DELETE http://10.180.1.21/compute/v2.1/servers/dd44df55-9136-42a5-9f08-8bfb401b5cb7 0.066s
2024-12-12 06:13:55.686 66519 INFO tempest.lib.common.rest_client [req-275dd6a9-8fa4-4925-8373-14ab94118796 req-275dd6a9-8fa4-4925-8373-14ab94118796 ] Request (AttachInterfacesV270Test:tearDownClass): 200 GET http://10.180.1.21/compute/v2.1/servers/0ef897cc-03b8-49dc-b23c-9c1f450bb8e5 0.085s
2024-12-12 06:13:55.795 66549 INFO tempest.lib.common.rest_client [req-0afcba5a-2179-4e55-97f3-9deed81292a8 req-0afcba5a-2179-4e55-97f3-9deed81292a8 ] Request (ServerActionsTestJSON:setUpClass): 200 GET http://10.180.1.21/compute/v2.1/servers/50f4acf7-8bba-4ca7-a046-c14ec6f7157a 0.176s
2024-12-12 06:13:55.825 66571 INFO tempest.lib.common.rest_client [req-0725fcaa-4e35-4c24-a8ef-3dfae9641fe9 req-0725fcaa-4e35-4c24-a8ef-3dfae9641fe9 ] Request (ServerGroupTestJSON:_run_cleanups): 200 GET http://10.180.1.21/compute/v2.1/servers/dd44df55-9136-42a5-9f08-8bfb401b5cb7 0.177s
2024-12-12 06:13:55.878 66547 INFO tempest.lib.common.rest_client [req-ecbd3c89-8c23-4447-b97c-d6a63cac5e36 req-ecbd3c89-8c23-4447-b97c-d6a63cac5e36 ] Request (ImagesTestJSON:test_create_image_from_suspended_server): 200 GET http://10.180.1.21/compute/v2.1/servers/f2590248-cb0c-48ee-8d64-727a2f8bf166 0.197s
2024-12-12 06:13:55.933 66569 INFO tempest.lib.common.rest_client [req-060e2a57-1c33-4c32-8c59-1bc796aff55e req-060e2a57-1c33-4c32-8c59-1bc796aff55e ] Request (ServersAdminNegativeTestJSON:tearDownClass): 200 GET http://10.180.1.21/compute/v2.1/servers/d6614b24-570f-41d4-9a9a-cc5e04396109 0.226s
2024-12-12 06:13:55.990 66541 INFO tempest.lib.common.rest_client [req-ded798b0-f49d-43c6-8ef6-ece0985bc0f1 req-ded798b0-f49d-43c6-8ef6-ece0985bc0f1 ] Request (ServerRescueTestJSONUnderV235:setUpClass): 200 GET http://10.180.1.21/compute/v2.1/servers/5f99a2c4-9ef4-4939-9c4c-714be1033d6d 0.226s
2024-12-12 06:13:56.013 66527 INFO tempest.lib.common.rest_client [req-08ea867e-93b1-46cd-b286-7453668d4862 req-08ea867e-93b1-46cd-b286-7453668d4862 ] Request (ServersNegativeTestJSON:setUpClass): 200 GET http://10.180.1.21/compute/v2.1/servers/db2ef453-1354-4aa3-9bf9-528bd9087bba 0.364s
2024-12-12 06:13:56.019 66527 INFO tempest.common.waiters [-] State transition "BUILD/networking" ==> "BUILD/block_device_mapping" after 51 second wait
2024-12-12 06:13:56.048 66539 INFO tempest.lib.common.rest_client [req-d919e424-481c-47c9-9a5e-27e6e67927fa req-d919e424-481c-47c9-9a5e-27e6e67927fa ] Request (AttachVolumeShelveTestJSON:test_attach_volume_shelved_or_offload_server): 200 GET http://10.180.1.21/compute/v2.1/servers/7ef00a00-9a65-4a09-a8d2-b33a344a458d 0.279s
2024-12-12 06:13:56.065 66513 INFO tempest.lib.common.rest_client [req-3a0b25ce-2b9d-4e00-8b9f-fb787f09eaca req-3a0b25ce-2b9d-4e00-8b9f-fb787f09eaca ] Request (ServersAaction247Test:test_create_backup): 200 GET http://10.180.1.21/compute/v2.1/servers/a54c49fd-82ab-4e2d-8e32-47cba093e613 0.237s
2024-12-12 06:13:56.108 66545 INFO tempest.lib.common.rest_client [req-ddefa8db-15a4-4bd3-9c63-1da4cc3d34c8 req-ddefa8db-15a4-4bd3-9c63-1da4cc3d34c8 ] Request (ServerShowV254Test:tearDownClass): 200 GET http://10.180.1.21/compute/v2.1/servers/6fad45f9-13d7-4d20-9580-fc4b406a42fc 0.247s
2024-12-12 06:13:56.114 66543 INFO tempest.lib.common.rest_client [req-a1426006-8821-4b11-9975-92f8dfc81726 req-a1426006-8821-4b11-9975-92f8dfc81726 ] Request (ServerShowV247Test:test_update_rebuild_list_server): 200 GET http://10.180.1.21/compute/v2.1/servers/22d3b5be-e63b-4912-8590-4f5e811099a3 0.229s
2024-12-12 06:13:56.162 66523 INFO tempest.lib.common.rest_client [req-0ee74607-324d-42b0-9080-a4b0c77cfa07 req-0ee74607-324d-42b0-9080-a4b0c77cfa07 ] Request (InstanceActionsTestJSON:setUpClass): 200 GET http://10.180.1.21/compute/v2.1/servers/08d2aba3-975d-4baf-af40-4206d970876b 0.253s
2024-12-12 06:13:56.162 66567 INFO tempest.lib.common.rest_client [req-901c6d12-aa6a-4d33-ae69-795ed4fee0dd req-901c6d12-aa6a-4d33-ae69-795ed4fee0dd ] Request (ListServerFiltersTestJSON:setUpClass): 200 GET http://10.180.1.21/compute/v2.1/servers/6e9ab950-8a82-4a48-881b-9cd3d5849577 0.231s
2024-12-12 06:13:56.211 66555 INFO tempest.lib.common.rest_client [req-b7470083-366a-4cb5-9cb9-1081c6e9ed0b req-b7470083-366a-4cb5-9cb9-1081c6e9ed0b ] Request (ServersTestJSON:test_create_server_with_ipv6_addr_only): 200 GET http://10.180.1.21/compute/v2.1/servers/7ae0c60f-0518-4990-ba93-2a0c9068f96c 0.206s
2024-12-12 06:13:56.216 66521 INFO tempest.lib.common.rest_client [req-9e4d73d5-14ba-45d4-af09-6f5df9e75583 req-9e4d73d5-14ba-45d4-af09-6f5df9e75583 ] Request (ServersTestJSON:setUpClass): 200 GET http://10.180.1.21/compute/v2.1/servers/e672f797-e55a-4896-89e9-792374cd6830 0.235s
2024-12-12 06:13:56.258 66557 INFO tempest.lib.common.rest_client [req-02c825f5-f01e-4faa-9e9f-fe09884d75b6 req-02c825f5-f01e-4faa-9e9f-fe09884d75b6 ] Request (ServersNegativeTestMultiTenantJSON:setUpClass): 200 GET http://10.180.1.21/compute/v2.1/servers/8445d71a-bc37-4d64-9ec0-51d18b779858 0.200s
2024-12-12 06:13:56.269 66515 INFO tempest.lib.common.rest_client [req-7d679e64-e2a1-429d-af1f-9bdc6be720d0 req-7d679e64-e2a1-429d-af1f-9bdc6be720d0 ] Request (FloatingIPsAssociationNegativeTestJSON:tearDownClass): 200 GET http://10.180.1.21/compute/v2.1/servers/822f9c2c-2a16-411e-b6ee-057f4ea54d65 0.205s
2024-12-12 06:13:56.302 66509 INFO tempest.lib.common.rest_client [req-ae154d68-7467-48b9-97bf-f8d96dcfd5a3 req-ae154d68-7467-48b9-97bf-f8d96dcfd5a3 ] Request (AttachVolumeNegativeTest:test_attach_attached_volume_to_different_server): 200 GET http://10.180.1.21/compute/v2.1/servers/6c240faf-00d2-48ed-af4e-78942f5739b1 0.201s
2024-12-12 06:13:56.323 66551 INFO tempest.lib.common.rest_client [req-bd70fb8d-b27b-4186-bbbb-d679289b1a40 req-bd70fb8d-b27b-4186-bbbb-d679289b1a40 ] Request (ImagesOneServerTestJSON:tearDownClass): 200 GET http://10.180.1.21/compute/v2.1/servers/ea0c1583-4e47-455c-882a-055eaf3c3d34 0.134s
2024-12-12 06:13:56.351 66559 INFO tempest.lib.common.rest_client [req-f8c4d47b-8dd9-48f8-9c92-a45b1381214d req-f8c4d47b-8dd9-48f8-9c92-a45b1381214d ] Request (MigrationsAdminTest:test_resize_server_revert_deleted_flavor): 200 GET http://10.180.1.21/compute/v2.1/servers/7fc8cb97-04c6-44db-a050-f09a1eb67c8b 0.091s
2024-12-12 06:13:56.370 66517 INFO tempest.lib.common.rest_client [req-50126e68-5a6e-46b9-a823-494a5c3c1d09 req-50126e68-5a6e-46b9-a823-494a5c3c1d09 ] Request (ServersTestFqdnHostnames:test_create_server_with_fqdn_name): 200 GET http://10.180.1.21/compute/v2.1/servers/dadd0010-3683-4884-9ab4-760298f81e96 0.059s
2024-12-12 06:13:56.397 66553 INFO tempest.lib.common.rest_client [req-75a0ba3a-34af-48da-a7fa-6dc4b1cd5715 req-75a0ba3a-34af-48da-a7fa-6dc4b1cd5715 ] Request (ServerRescueTestJSON:setUpClass): 200 GET http://10.180.1.21/compute/v2.1/servers/a902fdac-0fc0-45a9-b02e-0f0e50a49af5 0.060s
2024-12-12 06:13:56.588 66511 INFO tempest.lib.common.rest_client [req-c26bbb49-d34f-45bf-bac5-94a3c6fa58bf req-c26bbb49-d34f-45bf-bac5-94a3c6fa58bf ] Request (DeleteServersAdminTestJSON:test_delete_server_while_in_error_state): 200 GET http://10.180.1.21/compute/v2.1/servers/57aa16e5-4083-44ac-b8f3-a0434ca8662d 0.060s
2024-12-12 06:13:56.641 66561 INFO tempest.lib.common.rest_client [req-93d9083f-7381-4b90-8958-deb0644b0f1d req-93d9083f-7381-4b90-8958-deb0644b0f1d ] Request (ServersAdminTestJSON:test_inject_network_info): 200 GET http://10.180.1.21/compute/v2.1/servers/2055cc18-8f44-4813-95b6-abdecd188c00 0.059s
2024-12-12 06:13:56.701 66531 INFO tempest.lib.common.rest_client [req-70790fa4-aef3-4284-9ffc-5ca13511b736 req-70790fa4-aef3-4284-9ffc-5ca13511b736 ] Request (ServerActionsV293TestJSON:setUpClass): 200 GET http://10.180.1.21/compute/v2.1/servers/97489978-6e5d-4f08-b15d-b37b12e6731c 0.062s
2024-12-12 06:13:56.809 66519 INFO tempest.lib.common.rest_client [req-19bcfb59-89d6-484a-a484-59dfc779a3c1 req-19bcfb59-89d6-484a-a484-59dfc779a3c1 ] Request (AttachInterfacesV270Test:tearDownClass): 200 GET http://10.180.1.21/compute/v2.1/servers/0ef897cc-03b8-49dc-b23c-9c1f450bb8e5 0.111s
2024-12-12 06:13:56.955 66537 WARNING tempest.lib.common.ssh [-] Failed to establish authenticated ssh connection to cirros@10.180.180.201 ([Errno None] Unable to connect to port 22 on 10.180.180.201). Number attempts: 3. Retry after 4 seconds.: paramiko.ssh_exception.NoValidConnectionsError: [Errno None] Unable to connect to port 22 on 10.180.180.201
2024-12-12 06:13:56.988 66549 INFO tempest.lib.common.rest_client [req-be0a74a2-3649-439b-909f-d20ea79b306f req-be0a74a2-3649-439b-909f-d20ea79b306f ] Request (ServerActionsTestJSON:setUpClass): 200 GET http://10.180.1.21/compute/v2.1/servers/50f4acf7-8bba-4ca7-a046-c14ec6f7157a 0.185s
2024-12-12 06:13:57.021 66529 WARNING tempest.lib.common.ssh [-] Failed to establish authenticated ssh connection to cirros@10.180.180.219 ([Errno None] Unable to connect to port 22 on 10.180.180.219). Number attempts: 6. Retry after 7 seconds.: paramiko.ssh_exception.NoValidConnectionsError: [Errno None] Unable to connect to port 22 on 10.180.180.219
