2024-12-12 06:14:49.079 66523 INFO tempest.lib.common.rest_client [req-e734a5d7-7eb1-4621-8ce4-1023ed505180 req-e734a5d7-7eb1-4621-8ce4-1023ed505180 ] Request (InstanceActionsTestJSON:tearDownClass): 200 GET http://10.180.1.21/compute/v2.1/servers/08d2aba3-975d-4baf-af40-4206d970876b 0.057s
2024-12-12 06:14:49.144 66509 INFO tempest.lib.common.rest_client [req-48f5e9f5-341a-4355-ae5a-8b6ec40a5372 req-48f5e9f5-341a-4355-ae5a-8b6ec40a5372 ] Request (AttachVolumeNegativeTest:test_attach_attached_volume_to_different_server): 200 GET http://10.180.1.21/compute/v2.1/servers/6c240faf-00d2-48ed-af4e-78942f5739b1 0.057s
2024-12-12 06:14:49.198 66557 INFO tempest.lib.common.rest_client [req-dc19bf09-d192-4596-a2fe-d46c1f510f32 req-dc19bf09-d192-4596-a2fe-d46c1f510f32 ] Request (ServersNegativeTestMultiTenantJSON:setUpClass): 200 GET http://10.180.1.21/compute/v2.1/servers/8445d71a-bc37-4d64-9ec0-51d18b779858 0.051s
2024-12-12 06:14:49.206 66541 INFO tempest.lib.common.rest_client [req-d00809c3-d5b1-4899-9c8d-7e04b2f91dc8 req-d00809c3-d5b1-4899-9c8d-7e04b2f91dc8 ] Request (ServerRescueTestJSONUnderV235:setUpClass): 200 GET http://10.180.1.21/compute/v2.1/servers/5f99a2c4-9ef4-4939-9c4c-714be1033d6d 0.112s
2024-12-12 06:14:49.244 66559 INFO tempest.lib.common.rest_client [req-16d90bde-12a6-4e1b-b85a-e2c2259d0c79 req-16d90bde-12a6-4e1b-b85a-e2c2259d0c79 ] Request (MigrationsAdminTest:test_resize_server_revert_deleted_flavor): 200 GET http://10.180.1.21/compute/v2.1/servers/7fc8cb97-04c6-44db-a050-f09a1eb67c8b 0.096s
2024-12-12 06:14:49.255 66561 INFO tempest.lib.common.rest_client [req-b8069501-9a66-4488-96b4-ca8377ffc793 req-b8069501-9a66-4488-96b4-ca8377ffc793 ] Request (ServersAdminTestJSON:test_inject_network_info): 200 GET http://10.180.1.21/compute/v2.1/servers/2055cc18-8f44-4813-95b6-abdecd188c00 0.047s
2024-12-12 06:14:49.357 66553 INFO tempest.lib.common.rest_client [req-fd99b480-2067-4ba1-b838-0353d1e7c8bf req-fd99b480-2067-4ba1-b838-0353d1e7c8bf ] Request (ServerRescueTestJSON:test_rescue_unrescue_instance): 200 GET http://10.180.1.21/compute/v2.1/servers/76ddd43d-f048-48de-93f0-cfb582727acc 0.046s
2024-12-12 06:14:49.401 66535 INFO tempest.lib.common.rest_client [req-31bd4679-e4d4-442a-befc-4cc84bad4491 req-31bd4679-e4d4-442a-befc-4cc84bad4491 ] Request (VolumesAssistedSnapshotsTest:test_volume_assisted_snapshot_create_delete): 200 GET http://10.180.1.21/volume/v3/volumes/d90776d1-866c-4a8b-addf-c47a86a33a57 0.028s
2024-12-12 06:14:49.422 66521 INFO tempest.lib.common.rest_client [req-97b9ad85-4366-4b8f-89f9-ffae384a1571 req-97b9ad85-4366-4b8f-89f9-ffae384a1571 ] Request (ServersTestJSON:setUpClass): 200 GET http://10.180.1.21/compute/v2.1/servers/e672f797-e55a-4896-89e9-792374cd6830 0.091s
2024-12-12 06:14:49.548 66567 INFO tempest.lib.common.rest_client [req-464634d4-b7c8-4470-b2c2-beaa01667e7f req-464634d4-b7c8-4470-b2c2-beaa01667e7f ] Request (ListServerFiltersTestJSON:setUpClass): 200 GET http://10.180.1.21/compute/v2.1/servers/6e9ab950-8a82-4a48-881b-9cd3d5849577 0.051s
2024-12-12 06:14:49.563 66531 WARNING tempest.lib.common.ssh [-] Failed to establish authenticated ssh connection to cirros@10.180.180.203 ([Errno None] Unable to connect to port 22 on 10.180.180.203). Number attempts: 6. Retry after 7 seconds.: paramiko.ssh_exception.NoValidConnectionsError: [Errno None] Unable to connect to port 22 on 10.180.180.203
2024-12-12 06:14:49.691 66543 INFO tempest.lib.common.rest_client [req-e1525c8f-dd86-4c4f-88a6-b4505165e34e req-e1525c8f-dd86-4c4f-88a6-b4505165e34e ] Request (ServerShowV247Test:tearDownClass): 200 GET http://10.180.1.21/compute/v2.1/servers/22d3b5be-e63b-4912-8590-4f5e811099a3 0.057s
2024-12-12 06:14:49.750 66519 INFO tempest.lib.common.rest_client [req-2ee1a965-2fb6-483a-abf3-4ef5b783f1ab req-2ee1a965-2fb6-483a-abf3-4ef5b783f1ab ] Request (ServerActionsTestOtherA:setUpClass): 200 GET http://10.180.1.21/compute/v2.1/servers/25895bc9-1aab-48ec-9dbb-06d5b38eacbf 0.052s
2024-12-12 06:14:49.755 66511 INFO tempest.lib.common.rest_client [req-949f6812-77b7-47f5-8dab-6c51554dd514 req-949f6812-77b7-47f5-8dab-6c51554dd514 ] Request (ListImageFiltersTestJSON:setUpClass): 200 GET http://10.180.1.21/compute/v2.1/servers/ec626679-f1d2-445f-adc6-7fa43384f580 0.054s
2024-12-12 06:14:49.813 66539 INFO tempest.lib.common.rest_client [req-1382881d-ce74-455c-a8fe-6f5b4b5dace6 req-1382881d-ce74-455c-a8fe-6f5b4b5dace6 ] Request (AttachVolumeShelveTestJSON:test_attach_volume_shelved_or_offload_server): 200 GET http://10.180.1.21/compute/v2.1/servers/7ef00a00-9a65-4a09-a8d2-b33a344a458d 0.056s
2024-12-12 06:14:49.816 66555 INFO tempest.lib.common.rest_client [req-7a34b9e0-a972-47f6-b5f8-3445df52f93a req-7a34b9e0-a972-47f6-b5f8-3445df52f93a ] Request (ServersTestJSON:test_create_server_with_ipv6_addr_only): 200 GET http://10.180.1.21/compute/v2.1/servers/7ae0c60f-0518-4990-ba93-2a0c9068f96c 0.058s
2024-12-12 06:14:49.879 66515 INFO tempest.lib.common.rest_client [req-d0468f9d-428b-4ef1-9711-8359eba29dd3 req-d0468f9d-428b-4ef1-9711-8359eba29dd3 ] Request (AttachInterfacesUnderV243Test:test_add_remove_fixed_ip): 200 GET http://10.180.1.21/compute/v2.1/servers/216fb86d-0271-4b94-9dd9-18421414a146 0.054s
2024-12-12 06:14:49.880 66547 INFO tempest.lib.common.rest_client [req-1a7f18b6-6d76-49ac-ab93-23dea059ce2a req-1a7f18b6-6d76-49ac-ab93-23dea059ce2a ] Request (ImagesTestJSON:test_create_server_from_snapshot): 200 GET http://10.180.1.21/compute/v2.1/servers/c14e3b68-e046-4308-8b57-6e5c99e9a189 0.058s
2024-12-12 06:14:49.924 66527 INFO tempest.lib.common.rest_client [req-b9b86f2c-a841-4cbc-83c5-73a8f7d9018f req-b9b86f2c-a841-4cbc-83c5-73a8f7d9018f ] Request (ServersNegativeTestJSON:setUpClass): 200 GET http://10.180.1.21/compute/v2.1/servers/d2c94225-95a9-400a-90a6-0cc5e63d3ec8 0.051s
2024-12-12 06:14:49.942 66569 INFO tempest.lib.common.rest_client [req-1446e802-220b-4ca4-a40e-86cab57a65ce req-1446e802-220b-4ca4-a40e-86cab57a65ce ] Request (ServersAdminNegativeTestJSON:tearDownClass): 200 GET http://10.180.1.21/compute/v2.1/servers/d9e6f5ba-9b06-4e71-826b-4df16e8aacc6 0.050s
2024-12-12 06:14:49.967 66551 INFO tempest.lib.common.rest_client [req-59c96a37-8e9e-4f08-ba58-3a2877b2bfc1 req-59c96a37-8e9e-4f08-ba58-3a2877b2bfc1 ] Request (ServerDiskConfigTestJSON:test_rebuild_server_with_auto_disk_config): 200 GET http://10.180.1.21/compute/v2.1/servers/0385aae4-2ccd-4c2c-9074-2e8e6cfd337f 0.043s
2024-12-12 06:14:50.141 66523 INFO tempest.lib.common.rest_client [req-6b727ddf-c643-47c0-9086-16f3546299cf req-6b727ddf-c643-47c0-9086-16f3546299cf ] Request (InstanceActionsTestJSON:tearDownClass): 200 GET http://10.180.1.21/compute/v2.1/servers/08d2aba3-975d-4baf-af40-4206d970876b 0.054s
2024-12-12 06:14:50.178 66525 WARNING tempest.lib.common.ssh [-] Failed to establish authenticated ssh connection to cirros@10.180.180.152 ([Errno None] Unable to connect to port 22 on 10.180.180.152). Number attempts: 9. Retry after 10 seconds.: paramiko.ssh_exception.NoValidConnectionsError: [Errno None] Unable to connect to port 22 on 10.180.180.152
2024-12-12 06:14:50.201 66509 INFO tempest.lib.common.rest_client [req-64434a3d-74e5-4e9b-a0ae-513f294db625 req-64434a3d-74e5-4e9b-a0ae-513f294db625 ] Request (AttachVolumeNegativeTest:test_attach_attached_volume_to_different_server): 200 GET http://10.180.1.21/compute/v2.1/servers/6c240faf-00d2-48ed-af4e-78942f5739b1 0.050s
2024-12-12 06:14:50.257 66557 INFO tempest.lib.common.rest_client [req-5ea3695c-6500-476f-be76-baea7250706b req-5ea3695c-6500-476f-be76-baea7250706b ] Request (ServersNegativeTestMultiTenantJSON:setUpClass): 200 GET http://10.180.1.21/compute/v2.1/servers/8445d71a-bc37-4d64-9ec0-51d18b779858 0.052s
2024-12-12 06:14:50.313 66559 INFO tempest.lib.common.rest_client [req-ce300c15-3f42-4785-9522-bcfc37bfd28f req-ce300c15-3f42-4785-9522-bcfc37bfd28f ] Request (MigrationsAdminTest:test_resize_server_revert_deleted_flavor): 200 GET http://10.180.1.21/compute/v2.1/servers/7fc8cb97-04c6-44db-a050-f09a1eb67c8b 0.062s
2024-12-12 06:14:50.329 66541 INFO tempest.lib.common.rest_client [req-6e42ead1-07a9-46da-af0f-1306840a5a52 req-6e42ead1-07a9-46da-af0f-1306840a5a52 ] Request (ServerRescueTestJSONUnderV235:setUpClass): 200 GET http://10.180.1.21/compute/v2.1/servers/5f99a2c4-9ef4-4939-9c4c-714be1033d6d 0.114s
2024-12-12 06:14:50.358 66561 INFO tempest.lib.common.rest_client [req-266a10b4-25a2-4460-994b-dcb8a9ad6b99 req-266a10b4-25a2-4460-994b-dcb8a9ad6b99 ] Request (ServersAdminTestJSON:test_inject_network_info): 200 GET http://10.180.1.21/compute/v2.1/servers/2055cc18-8f44-4813-95b6-abdecd188c00 0.095s
2024-12-12 06:14:50.411 66553 INFO tempest.lib.common.rest_client [req-f0fa48ac-19b8-4f4b-8d87-1ceaf5178c94 req-f0fa48ac-19b8-4f4b-8d87-1ceaf5178c94 ] Request (ServerRescueTestJSON:test_rescue_unrescue_instance): 200 GET http://10.180.1.21/compute/v2.1/servers/76ddd43d-f048-48de-93f0-cfb582727acc 0.048s
2024-12-12 06:14:50.432 66535 INFO tempest.lib.common.rest_client [req-48c13986-527a-46cf-899d-f55349b85724 req-48c13986-527a-46cf-899d-f55349b85724 ] Request (VolumesAssistedSnapshotsTest:test_volume_assisted_snapshot_create_delete): 200 GET http://10.180.1.21/volume/v3/volumes/d90776d1-866c-4a8b-addf-c47a86a33a57 0.024s
2024-12-12 06:14:50.522 66521 INFO tempest.lib.common.rest_client [req-97b8f16f-adeb-4b4d-879c-914d2aa2bd8e req-97b8f16f-adeb-4b4d-879c-914d2aa2bd8e ] Request (ServersTestJSON:setUpClass): 200 GET http://10.180.1.21/compute/v2.1/servers/e672f797-e55a-4896-89e9-792374cd6830 0.093s
2024-12-12 06:14:50.604 66567 INFO tempest.lib.common.rest_client [req-6b30d515-a749-413c-8717-4093bcf4e6a6 req-6b30d515-a749-413c-8717-4093bcf4e6a6 ] Request (ListServerFiltersTestJSON:setUpClass): 200 GET http://10.180.1.21/compute/v2.1/servers/6e9ab950-8a82-4a48-881b-9cd3d5849577 0.049s
2024-12-12 06:14:50.756 66543 INFO tempest.lib.common.rest_client [req-f62af31a-b49c-4b25-a96f-02cb62ed90bf req-f62af31a-b49c-4b25-a96f-02cb62ed90bf ] Request (ServerShowV247Test:tearDownClass): 200 GET http://10.180.1.21/compute/v2.1/servers/22d3b5be-e63b-4912-8590-4f5e811099a3 0.056s
2024-12-12 06:14:50.811 66519 INFO tempest.lib.common.rest_client [req-74ccc513-24ed-4607-b13a-fe039ee356d0 req-74ccc513-24ed-4607-b13a-fe039ee356d0 ] Request (ServerActionsTestOtherA:setUpClass): 200 GET http://10.180.1.21/compute/v2.1/servers/25895bc9-1aab-48ec-9dbb-06d5b38eacbf 0.054s
2024-12-12 06:14:50.816 66511 INFO tempest.lib.common.rest_client [req-ee6498cf-822a-4305-a093-339d8106e36e req-ee6498cf-822a-4305-a093-339d8106e36e ] Request (ListImageFiltersTestJSON:setUpClass): 200 GET http://10.180.1.21/compute/v2.1/servers/ec626679-f1d2-445f-adc6-7fa43384f580 0.053s
2024-12-12 06:14:50.874 66539 INFO tempest.lib.common.rest_client [req-710c262d-0fce-44c9-b36b-3e8c4ca44bbb req-710c262d-0fce-44c9-b36b-3e8c4ca44bbb ] Request (AttachVolumeShelveTestJSON:test_attach_volume_shelved_or_offload_server): 200 GET http://10.180.1.21/compute/v2.1/servers/7ef00a00-9a65-4a09-a8d2-b33a344a458d 0.054s
2024-12-12 06:14:50.878 66555 INFO tempest.lib.common.rest_client [req-fdca8c51-4c22-44c7-9d0a-d4969e280d2e req-fdca8c51-4c22-44c7-9d0a-d4969e280d2e ] Request (ServersTestJSON:test_create_server_with_ipv6_addr_only): 200 GET http://10.180.1.21/compute/v2.1/servers/7ae0c60f-0518-4990-ba93-2a0c9068f96c 0.054s
2024-12-12 06:14:50.940 66515 INFO tempest.lib.common.rest_client [req-a7cb2a5c-e784-4aa5-abed-2746190b4703 req-a7cb2a5c-e784-4aa5-abed-2746190b4703 ] Request (AttachInterfacesUnderV243Test:test_add_remove_fixed_ip): 200 GET http://10.180.1.21/compute/v2.1/servers/216fb86d-0271-4b94-9dd9-18421414a146 0.053s
2024-12-12 06:14:50.941 66547 INFO tempest.lib.common.rest_client [req-f60778e3-87f1-454e-801a-cf8b924e3b34 req-f60778e3-87f1-454e-801a-cf8b924e3b34 ] Request (ImagesTestJSON:test_create_server_from_snapshot): 200 GET http://10.180.1.21/compute/v2.1/servers/c14e3b68-e046-4308-8b57-6e5c99e9a189 0.054s
2024-12-12 06:14:50.984 66527 INFO tempest.lib.common.rest_client [req-acb5aeb5-3e02-4475-b504-efb19c3d1ad4 req-acb5aeb5-3e02-4475-b504-efb19c3d1ad4 ] Request (ServersNegativeTestJSON:setUpClass): 200 GET http://10.180.1.21/compute/v2.1/servers/d2c94225-95a9-400a-90a6-0cc5e63d3ec8 0.052s
2024-12-12 06:14:51.003 66569 INFO tempest.lib.common.rest_client [req-52246683-3494-4e32-9c95-1c3952a60af1 req-52246683-3494-4e32-9c95-1c3952a60af1 ] Request (ServersAdminNegativeTestJSON:tearDownClass): 200 GET http://10.180.1.21/compute/v2.1/servers/d9e6f5ba-9b06-4e71-826b-4df16e8aacc6 0.054s
2024-12-12 06:14:51.029 66551 INFO tempest.lib.common.rest_client [req-9eee7ab9-6455-4ef4-bb91-a7c80846ea97 req-9eee7ab9-6455-4ef4-bb91-a7c80846ea97 ] Request (ServerDiskConfigTestJSON:test_rebuild_server_with_auto_disk_config): 200 GET http://10.180.1.21/compute/v2.1/servers/0385aae4-2ccd-4c2c-9074-2e8e6cfd337f 0.055s
2024-12-12 06:14:51.207 66523 INFO tempest.lib.common.rest_client [req-108f724e-731b-4fb1-bc87-e1f7b0f735ac req-108f724e-731b-4fb1-bc87-e1f7b0f735ac ] Request (InstanceActionsTestJSON:tearDownClass): 200 GET http://10.180.1.21/compute/v2.1/servers/08d2aba3-975d-4baf-af40-4206d970876b 0.059s
2024-12-12 06:14:51.260 66509 INFO tempest.lib.common.rest_client [req-105b2f90-f414-4cb4-8e1d-b3e3a96f784d req-105b2f90-f414-4cb4-8e1d-b3e3a96f784d ] Request (AttachVolumeNegativeTest:test_attach_attached_volume_to_different_server): 200 GET http://10.180.1.21/compute/v2.1/servers/6c240faf-00d2-48ed-af4e-78942f5739b1 0.052s
2024-12-12 06:14:51.323 66557 INFO tempest.lib.common.rest_client [req-05aaa8e5-7b41-4849-81b9-1dd135e428a0 req-05aaa8e5-7b41-4849-81b9-1dd135e428a0 ] Request (ServersNegativeTestMultiTenantJSON:setUpClass): 200 GET http://10.180.1.21/compute/v2.1/servers/8445d71a-bc37-4d64-9ec0-51d18b779858 0.059s
2024-12-12 06:14:51.365 66559 INFO tempest.lib.common.rest_client [req-83d07630-0590-4105-8a53-c2f1de8af6ad req-83d07630-0590-4105-8a53-c2f1de8af6ad ] Request (MigrationsAdminTest:test_resize_server_revert_deleted_flavor): 200 GET http://10.180.1.21/compute/v2.1/servers/7fc8cb97-04c6-44db-a050-f09a1eb67c8b 0.046s
2024-12-12 06:14:51.413 66561 INFO tempest.lib.common.rest_client [req-2ea68c83-ed0b-49d5-bf0d-aa45217c20e8 req-2ea68c83-ed0b-49d5-bf0d-aa45217c20e8 ] Request (ServersAdminTestJSON:test_inject_network_info): 200 GET http://10.180.1.21/compute/v2.1/servers/2055cc18-8f44-4813-95b6-abdecd188c00 0.048s
2024-12-12 06:14:51.429 66541 INFO tempest.lib.common.rest_client [req-e5017785-7223-4a7f-81dd-15463f0ecd9e req-e5017785-7223-4a7f-81dd-15463f0ecd9e ] Request (ServerRescueTestJSONUnderV235:setUpClass): 200 GET http://10.180.1.21/compute/v2.1/servers/5f99a2c4-9ef4-4939-9c4c-714be1033d6d 0.093s
2024-12-12 06:14:51.435 66541 INFO tempest.common.waiters [-] State transition "ACTIVE/rescuing" ==> "RESCUE/None" after 9 second wait
2024-12-12 06:14:51.466 66535 INFO tempest.lib.common.rest_client [req-dcfef767-20c6-43e6-b1eb-815a8bbd3de5 req-dcfef767-20c6-43e6-b1eb-815a8bbd3de5 ] Request (VolumesAssistedSnapshotsTest:test_volume_assisted_snapshot_create_delete): 200 GET http://10.180.1.21/volume/v3/volumes/d90776d1-866c-4a8b-addf-c47a86a33a57 0.027s
2024-12-12 06:14:51.470 66553 INFO tempest.lib.common.rest_client [req-c1e54b0b-8418-4b52-a70f-34dcaa8f4788 req-c1e54b0b-8418-4b52-a70f-34dcaa8f4788 ] Request (ServerRescueTestJSON:test_rescue_unrescue_instance): 200 GET http://10.180.1.21/compute/v2.1/servers/76ddd43d-f048-48de-93f0-cfb582727acc 0.051s
2024-12-12 06:14:51.549 66541 INFO tempest.lib.common.rest_client [req-33873c1d-fa18-4ccd-81c5-df8c23e492a5 req-33873c1d-fa18-4ccd-81c5-df8c23e492a5 ] Request (ServerRescueTestJSONUnderV235:test_rescued_vm_add_remove_security_group): 200 POST http://10.180.1.21/compute/v2.1/os-security-groups 0.113s
2024-12-12 06:14:51.706 66521 INFO tempest.lib.common.rest_client [req-1b06ede5-9ab4-4df9-a9ac-d1f65db5d77e req-1b06ede5-9ab4-4df9-a9ac-d1f65db5d77e ] Request (ServersTestJSON:setUpClass): 200 GET http://10.180.1.21/compute/v2.1/servers/e672f797-e55a-4896-89e9-792374cd6830 0.177s
2024-12-12 06:14:51.715 66521 INFO tempest.common.waiters [-] State transition "BUILD/spawning" ==> "ACTIVE/None" after 78 second wait
2024-12-12 06:14:51.867 66533 WARNING tempest.lib.common.ssh [-] Failed to establish authenticated ssh connection to cirros@10.180.180.159 ([Errno None] Unable to connect to port 22 on 10.180.180.159). Number attempts: 12. Retry after 13 seconds.: paramiko.ssh_exception.NoValidConnectionsError: [Errno None] Unable to connect to port 22 on 10.180.180.159
2024-12-12 06:14:51.940 66567 INFO tempest.lib.common.rest_client [req-77c8615a-fe23-44c4-91f2-5836ea02fdc6 req-77c8615a-fe23-44c4-91f2-5836ea02fdc6 ] Request (ListServerFiltersTestJSON:setUpClass): 200 GET http://10.180.1.21/compute/v2.1/servers/6e9ab950-8a82-4a48-881b-9cd3d5849577 0.329s
2024-12-12 06:14:52.004 66521 INFO tempest.lib.common.rest_client [req-d6be020b-e66c-480b-85b1-bb047b9c9741 req-d6be020b-e66c-480b-85b1-bb047b9c9741 ] Request (ServersTestJSON:setUpClass): 200 GET http://10.180.1.21/compute/v2.1/servers/e672f797-e55a-4896-89e9-792374cd6830/os-interface 0.288s
2024-12-12 06:14:52.067 66543 INFO tempest.lib.common.rest_client [req-a66c8578-0bd5-434e-afe8-dc0d0e8d4ce4 req-a66c8578-0bd5-434e-afe8-dc0d0e8d4ce4 ] Request (ServerShowV247Test:tearDownClass): 200 GET http://10.180.1.21/compute/v2.1/servers/22d3b5be-e63b-4912-8590-4f5e811099a3 0.302s
2024-12-12 06:14:52.112 66519 INFO tempest.lib.common.rest_client [req-22f66ba3-3357-46a4-a556-dfa4a97c56ee req-22f66ba3-3357-46a4-a556-dfa4a97c56ee ] Request (ServerActionsTestOtherA:setUpClass): 200 GET http://10.180.1.21/compute/v2.1/servers/25895bc9-1aab-48ec-9dbb-06d5b38eacbf 0.293s
2024-12-12 06:14:52.134 66541 INFO tempest.lib.common.rest_client [req-a4094165-565f-42ad-95af-b24143e0ac16 req-a4094165-565f-42ad-95af-b24143e0ac16 ] Request (ServerRescueTestJSONUnderV235:test_rescued_vm_add_remove_security_group): 202 POST http://10.180.1.21/compute/v2.1/servers/5f99a2c4-9ef4-4939-9c4c-714be1033d6d/action 0.582s
2024-12-12 06:14:52.161 66511 INFO tempest.lib.common.rest_client [req-b9a2c856-1499-4edd-b8c3-3db02dca3d14 req-b9a2c856-1499-4edd-b8c3-3db02dca3d14 ] Request (ListImageFiltersTestJSON:setUpClass): 200 GET http://10.180.1.21/compute/v2.1/servers/ec626679-f1d2-445f-adc6-7fa43384f580 0.338s
2024-12-12 06:14:52.181 66539 INFO tempest.lib.common.rest_client [req-bb6a7011-fc1d-495e-8b83-a3e84857dad7 req-bb6a7011-fc1d-495e-8b83-a3e84857dad7 ] Request (AttachVolumeShelveTestJSON:test_attach_volume_shelved_or_offload_server): 200 GET http://10.180.1.21/compute/v2.1/servers/7ef00a00-9a65-4a09-a8d2-b33a344a458d 0.298s
2024-12-12 06:14:52.209 66555 INFO tempest.lib.common.rest_client [req-bb26cfa2-702d-4ad2-931a-6775ef01ed75 req-bb26cfa2-702d-4ad2-931a-6775ef01ed75 ] Request (ServersTestJSON:test_create_server_with_ipv6_addr_only): 200 GET http://10.180.1.21/compute/v2.1/servers/7ae0c60f-0518-4990-ba93-2a0c9068f96c 0.324s
2024-12-12 06:14:52.241 66515 INFO tempest.lib.common.rest_client [req-dbd64957-20f5-4fa2-876c-772b8e6d46f1 req-dbd64957-20f5-4fa2-876c-772b8e6d46f1 ] Request (AttachInterfacesUnderV243Test:test_add_remove_fixed_ip): 200 GET http://10.180.1.21/compute/v2.1/servers/216fb86d-0271-4b94-9dd9-18421414a146 0.294s
2024-12-12 06:14:52.254 66517 WARNING tempest.lib.common.ssh [-] Failed to establish authenticated ssh connection to cirros@10.180.180.174 ([Errno None] Unable to connect to port 22 on 10.180.180.174). Number attempts: 1. Retry after 2 seconds.: paramiko.ssh_exception.NoValidConnectionsError: [Errno None] Unable to connect to port 22 on 10.180.180.174
2024-12-12 06:14:52.262 66547 INFO tempest.lib.common.rest_client [req-318b8ddc-47c1-44cb-ac01-62624cf4c1e9 req-318b8ddc-47c1-44cb-ac01-62624cf4c1e9 ] Request (ImagesTestJSON:test_create_server_from_snapshot): 200 GET http://10.180.1.21/compute/v2.1/servers/c14e3b68-e046-4308-8b57-6e5c99e9a189 0.314s
2024-12-12 06:14:52.296 66527 INFO tempest.lib.common.rest_client [req-27015f7e-da2b-45bb-9d90-cbba11835ef0 req-27015f7e-da2b-45bb-9d90-cbba11835ef0 ] Request (ServersNegativeTestJSON:setUpClass): 200 GET http://10.180.1.21/compute/v2.1/servers/d2c94225-95a9-400a-90a6-0cc5e63d3ec8 0.306s
2024-12-12 06:14:52.331 66569 INFO tempest.lib.common.rest_client [req-6351a166-6a17-4c1f-a6b4-3fce2d973b22 req-6351a166-6a17-4c1f-a6b4-3fce2d973b22 ] Request (ServersAdminNegativeTestJSON:tearDownClass): 200 GET http://10.180.1.21/compute/v2.1/servers/d9e6f5ba-9b06-4e71-826b-4df16e8aacc6 0.321s
2024-12-12 06:14:52.351 66551 INFO tempest.lib.common.rest_client [req-0775ba2b-5222-4ca6-b369-e3f7c1acadd3 req-0775ba2b-5222-4ca6-b369-e3f7c1acadd3 ] Request (ServerDiskConfigTestJSON:test_rebuild_server_with_auto_disk_config): 200 GET http://10.180.1.21/compute/v2.1/servers/0385aae4-2ccd-4c2c-9074-2e8e6cfd337f 0.316s
2024-12-12 06:14:52.426 66523 INFO tempest.lib.common.rest_client [req-3b8f90c5-967c-4982-955e-f2d1707511c2 req-3b8f90c5-967c-4982-955e-f2d1707511c2 ] Request (InstanceActionsTestJSON:tearDownClass): 200 GET http://10.180.1.21/compute/v2.1/servers/08d2aba3-975d-4baf-af40-4206d970876b 0.212s
2024-12-12 06:14:52.481 66521 INFO tempest.lib.common.rest_client [req-5f3b7d10-d71c-4507-a356-a7fdbed3e3ca req-5f3b7d10-d71c-4507-a356-a7fdbed3e3ca ] Request (ServersTestJSON:setUpClass): 200 PUT http://10.180.1.21:9696/networking/v2.0/floatingips/b2481b64-bed2-4f29-a6d8-06272cdcd766 0.475s
2024-12-12 06:14:52.492 66509 INFO tempest.lib.common.rest_client [req-8f1246a8-9b50-4808-b60e-11af9cbec02a req-8f1246a8-9b50-4808-b60e-11af9cbec02a ] Request (AttachVolumeNegativeTest:test_attach_attached_volume_to_different_server): 200 GET http://10.180.1.21/compute/v2.1/servers/6c240faf-00d2-48ed-af4e-78942f5739b1 0.221s
2024-12-12 06:14:52.502 66535 INFO tempest.lib.common.rest_client [req-4975b784-f480-4f29-aa99-120425956886 req-4975b784-f480-4f29-aa99-120425956886 ] Request (VolumesAssistedSnapshotsTest:test_volume_assisted_snapshot_create_delete): 200 GET http://10.180.1.21/volume/v3/volumes/d90776d1-866c-4a8b-addf-c47a86a33a57 0.030s
2024-12-12 06:14:52.543 66557 INFO tempest.lib.common.rest_client [req-6727d564-3ee5-4aef-85fa-3ebe9567a883 req-6727d564-3ee5-4aef-85fa-3ebe9567a883 ] Request (ServersNegativeTestMultiTenantJSON:setUpClass): 200 GET http://10.180.1.21/compute/v2.1/servers/8445d71a-bc37-4d64-9ec0-51d18b779858 0.214s
2024-12-12 06:14:52.599 66559 INFO tempest.lib.common.rest_client [req-e478997c-aa64-4d65-ba2a-efc124425b90 req-e478997c-aa64-4d65-ba2a-efc124425b90 ] Request (MigrationsAdminTest:test_resize_server_revert_deleted_flavor): 200 GET http://10.180.1.21/compute/v2.1/servers/7fc8cb97-04c6-44db-a050-f09a1eb67c8b 0.227s
2024-12-12 06:14:52.657 66561 INFO tempest.lib.common.rest_client [req-d9520eae-8942-4e46-acfc-09a968e4ae84 req-d9520eae-8942-4e46-acfc-09a968e4ae84 ] Request (ServersAdminTestJSON:test_inject_network_info): 200 GET http://10.180.1.21/compute/v2.1/servers/2055cc18-8f44-4813-95b6-abdecd188c00 0.237s
2024-12-12 06:14:52.711 66553 INFO tempest.lib.common.rest_client [req-212bc5aa-96a0-47ea-80d3-28a10137d5f7 req-212bc5aa-96a0-47ea-80d3-28a10137d5f7 ] Request (ServerRescueTestJSON:test_rescue_unrescue_instance): 200 GET http://10.180.1.21/compute/v2.1/servers/76ddd43d-f048-48de-93f0-cfb582727acc 0.233s
2024-12-12 06:14:52.769 66541 INFO tempest.lib.common.rest_client [req-a8f6ac8a-b521-442b-bc33-d67915d91774 req-a8f6ac8a-b521-442b-bc33-d67915d91774 ] Request (ServerRescueTestJSONUnderV235:test_rescued_vm_add_remove_security_group): 202 POST http://10.180.1.21/compute/v2.1/servers/5f99a2c4-9ef4-4939-9c4c-714be1033d6d/action 0.635s
2024-12-12 06:14:52.870 66521 INFO tempest.lib.common.rest_client [req-a9f40c48-a0e0-43b8-8cb1-f7177840a3e6 req-a9f40c48-a0e0-43b8-8cb1-f7177840a3e6 ] Request (ServersTestJSON:setUpClass): 200 GET http://10.180.1.21/compute/v2.1/servers/e672f797-e55a-4896-89e9-792374cd6830 0.388s
2024-12-12 06:14:52.883 66521 INFO tempest.lib.common.ssh [-] Creating ssh connection to '10.180.180.231:22' as 'cirros' with public key authentication
2024-12-12 06:14:53.023 66567 INFO tempest.lib.common.rest_client [req-139b674e-258f-4270-a329-ed42ff5a2fbc req-139b674e-258f-4270-a329-ed42ff5a2fbc ] Request (ListServerFiltersTestJSON:setUpClass): 200 GET http://10.180.1.21/compute/v2.1/servers/6e9ab950-8a82-4a48-881b-9cd3d5849577 0.077s
2024-12-12 06:14:53.195 66543 INFO tempest.lib.common.rest_client [req-cd9e97b8-8da5-490b-9852-413bca580857 req-cd9e97b8-8da5-490b-9852-413bca580857 ] Request (ServerShowV247Test:tearDownClass): 200 GET http://10.180.1.21/compute/v2.1/servers/22d3b5be-e63b-4912-8590-4f5e811099a3 0.118s
2024-12-12 06:14:53.254 66519 INFO tempest.lib.common.rest_client [req-a42d6ef5-3962-4fb8-b494-f9e78c268367 req-a42d6ef5-3962-4fb8-b494-f9e78c268367 ] Request (ServerActionsTestOtherA:setUpClass): 200 GET http://10.180.1.21/compute/v2.1/servers/25895bc9-1aab-48ec-9dbb-06d5b38eacbf 0.134s
2024-12-12 06:14:53.313 66511 INFO tempest.lib.common.rest_client [req-f7970419-a8fe-4e9c-8c81-e80e579f9dee req-f7970419-a8fe-4e9c-8c81-e80e579f9dee ] Request (ListImageFiltersTestJSON:setUpClass): 200 GET http://10.180.1.21/compute/v2.1/servers/ec626679-f1d2-445f-adc6-7fa43384f580 0.141s
2024-12-12 06:14:53.387 66539 INFO tempest.lib.common.rest_client [req-fca9e3c8-d44e-4962-b2a9-e70b837c98fc req-fca9e3c8-d44e-4962-b2a9-e70b837c98fc ] Request (AttachVolumeShelveTestJSON:test_attach_volume_shelved_or_offload_server): 200 GET http://10.180.1.21/compute/v2.1/servers/7ef00a00-9a65-4a09-a8d2-b33a344a458d 0.194s
2024-12-12 06:14:53.543 66535 INFO tempest.lib.common.rest_client [req-452a7907-40eb-48c0-a465-cd567811c67a req-452a7907-40eb-48c0-a465-cd567811c67a ] Request (VolumesAssistedSnapshotsTest:test_volume_assisted_snapshot_create_delete): 200 GET http://10.180.1.21/volume/v3/volumes/d90776d1-866c-4a8b-addf-c47a86a33a57 0.033s
2024-12-12 06:14:53.629 66555 INFO tempest.lib.common.rest_client [req-c39a33fb-8027-465f-9718-1b295f9a8527 req-c39a33fb-8027-465f-9718-1b295f9a8527 ] Request (ServersTestJSON:test_create_server_with_ipv6_addr_only): 200 GET http://10.180.1.21/compute/v2.1/servers/7ae0c60f-0518-4990-ba93-2a0c9068f96c 0.413s
2024-12-12 06:14:53.636 66555 INFO tempest.common.waiters [-] State transition "BUILD/None" ==> "BUILD/block_device_mapping" after 80 second wait
2024-12-12 06:14:53.682 66515 INFO tempest.lib.common.rest_client [req-4869c2ac-afb6-4a23-8280-d94207991420 req-4869c2ac-afb6-4a23-8280-d94207991420 ] Request (AttachInterfacesUnderV243Test:test_add_remove_fixed_ip): 200 GET http://10.180.1.21/compute/v2.1/servers/216fb86d-0271-4b94-9dd9-18421414a146 0.433s
2024-12-12 06:14:53.738 66541 INFO tempest.lib.common.rest_client [req-70b7351a-7ffa-4c1d-98b3-6ac942fb5ccd req-70b7351a-7ffa-4c1d-98b3-6ac942fb5ccd ] Request (ServerRescueTestJSONUnderV235:test_rescued_vm_associate_dissociate_floating_ip): 200 POST http://10.180.1.21/compute/v2.1/os-floating-ips 0.967s
2024-12-12 06:14:53.749 66547 INFO tempest.lib.common.rest_client [req-49468f8b-29e5-4c1e-a829-018687df5f96 req-49468f8b-29e5-4c1e-a829-018687df5f96 ] Request (ImagesTestJSON:test_create_server_from_snapshot): 200 GET http://10.180.1.21/compute/v2.1/servers/c14e3b68-e046-4308-8b57-6e5c99e9a189 0.475s
2024-12-12 06:14:53.791 66527 INFO tempest.lib.common.rest_client [req-0f5e73e3-89be-4a7b-a8c6-96cb1d3596ff req-0f5e73e3-89be-4a7b-a8c6-96cb1d3596ff ] Request (ServersNegativeTestJSON:setUpClass): 200 GET http://10.180.1.21/compute/v2.1/servers/d2c94225-95a9-400a-90a6-0cc5e63d3ec8 0.482s
2024-12-12 06:14:53.797 66527 INFO tempest.common.waiters [-] State transition "BUILD/scheduling" ==> "BUILD/None" after 47 second wait
2024-12-12 06:14:53.813 66569 INFO tempest.lib.common.rest_client [req-daf5bbf6-7f82-442c-ba71-5389d71cb7a2 req-daf5bbf6-7f82-442c-ba71-5389d71cb7a2 ] Request (ServersAdminNegativeTestJSON:tearDownClass): 200 GET http://10.180.1.21/compute/v2.1/servers/d9e6f5ba-9b06-4e71-826b-4df16e8aacc6 0.472s
2024-12-12 06:14:53.851 66551 INFO tempest.lib.common.rest_client [req-f2e96c91-6b46-48a6-bef4-4ffb52774056 req-f2e96c91-6b46-48a6-bef4-4ffb52774056 ] Request (ServerDiskConfigTestJSON:test_rebuild_server_with_auto_disk_config): 200 GET http://10.180.1.21/compute/v2.1/servers/0385aae4-2ccd-4c2c-9074-2e8e6cfd337f 0.490s
2024-12-12 06:14:53.868 66523 INFO tempest.lib.common.rest_client [req-ac52929b-e789-4eb5-9808-1b0de374461e req-ac52929b-e789-4eb5-9808-1b0de374461e ] Request (InstanceActionsTestJSON:tearDownClass): 200 GET http://10.180.1.21/compute/v2.1/servers/08d2aba3-975d-4baf-af40-4206d970876b 0.433s
2024-12-12 06:14:53.872 66549 WARNING tempest.lib.common.ssh [-] Failed to establish authenticated ssh connection to cirros@10.180.180.218 ([Errno None] Unable to connect to port 22 on 10.180.180.218). Number attempts: 7. Retry after 8 seconds.: paramiko.ssh_exception.NoValidConnectionsError: [Errno None] Unable to connect to port 22 on 10.180.180.218
2024-12-12 06:14:53.895 66509 INFO tempest.lib.common.rest_client [req-aa1446b4-c5ee-414f-94fb-37c43f3a43a9 req-aa1446b4-c5ee-414f-94fb-37c43f3a43a9 ] Request (AttachVolumeNegativeTest:test_attach_attached_volume_to_different_server): 200 GET http://10.180.1.21/compute/v2.1/servers/6c240faf-00d2-48ed-af4e-78942f5739b1 0.397s
2024-12-12 06:14:53.917 66557 INFO tempest.lib.common.rest_client [req-0015d69e-e231-406b-80a4-bbfe78d96f38 req-0015d69e-e231-406b-80a4-bbfe78d96f38 ] Request (ServersNegativeTestMultiTenantJSON:setUpClass): 200 GET http://10.180.1.21/compute/v2.1/servers/8445d71a-bc37-4d64-9ec0-51d18b779858 0.365s
2024-12-12 06:14:53.948 66559 INFO tempest.lib.common.rest_client [req-3d7d981b-0f49-493e-9f6c-4820ae0521a0 req-3d7d981b-0f49-493e-9f6c-4820ae0521a0 ] Request (MigrationsAdminTest:test_resize_server_revert_deleted_flavor): 200 GET http://10.180.1.21/compute/v2.1/servers/7fc8cb97-04c6-44db-a050-f09a1eb67c8b 0.338s
2024-12-12 06:14:53.975 66561 INFO tempest.lib.common.rest_client [req-1edb0400-9b8d-430a-b8c5-b3cdb8892573 req-1edb0400-9b8d-430a-b8c5-b3cdb8892573 ] Request (ServersAdminTestJSON:test_inject_network_info): 200 GET http://10.180.1.21/compute/v2.1/servers/2055cc18-8f44-4813-95b6-abdecd188c00 0.304s
2024-12-12 06:14:53.995 66553 INFO tempest.lib.common.rest_client [req-aba789c2-9381-41f7-bf55-d91d7dc74554 req-aba789c2-9381-41f7-bf55-d91d7dc74554 ] Request (ServerRescueTestJSON:test_rescue_unrescue_instance): 200 GET http://10.180.1.21/compute/v2.1/servers/76ddd43d-f048-48de-93f0-cfb582727acc 0.274s
2024-12-12 06:14:54.082 66567 INFO tempest.lib.common.rest_client [req-19a784ad-23c7-404e-97fd-0fe3d28624a3 req-19a784ad-23c7-404e-97fd-0fe3d28624a3 ] Request (ListServerFiltersTestJSON:setUpClass): 200 GET http://10.180.1.21/compute/v2.1/servers/6e9ab950-8a82-4a48-881b-9cd3d5849577 0.048s
2024-12-12 06:14:54.265 66543 INFO tempest.lib.common.rest_client [req-6d251742-2cc0-4419-8848-d4865741a067 req-6d251742-2cc0-4419-8848-d4865741a067 ] Request (ServerShowV247Test:tearDownClass): 200 GET http://10.180.1.21/compute/v2.1/servers/22d3b5be-e63b-4912-8590-4f5e811099a3 0.062s
2024-12-12 06:14:54.311 66519 INFO tempest.lib.common.rest_client [req-4da8071b-2f88-48ff-b608-85afeb1a190f req-4da8071b-2f88-48ff-b608-85afeb1a190f ] Request (ServerActionsTestOtherA:setUpClass): 200 GET http://10.180.1.21/compute/v2.1/servers/25895bc9-1aab-48ec-9dbb-06d5b38eacbf 0.049s
2024-12-12 06:14:54.374 66511 INFO tempest.lib.common.rest_client [req-e9bdb8d1-63f2-49d0-8da7-c1ba6cc39546 req-e9bdb8d1-63f2-49d0-8da7-c1ba6cc39546 ] Request (ListImageFiltersTestJSON:setUpClass): 200 GET http://10.180.1.21/compute/v2.1/servers/ec626679-f1d2-445f-adc6-7fa43384f580 0.053s
2024-12-12 06:14:54.453 66539 INFO tempest.lib.common.rest_client [req-ad3cd729-dea6-4dab-b4b3-26a243078490 req-ad3cd729-dea6-4dab-b4b3-26a243078490 ] Request (AttachVolumeShelveTestJSON:test_attach_volume_shelved_or_offload_server): 200 GET http://10.180.1.21/compute/v2.1/servers/7ef00a00-9a65-4a09-a8d2-b33a344a458d 0.055s
2024-12-12 06:14:54.583 66535 INFO tempest.lib.common.rest_client [req-a2dcd5a3-18f5-4934-8810-ab2f69c13716 req-a2dcd5a3-18f5-4934-8810-ab2f69c13716 ] Request (VolumesAssistedSnapshotsTest:test_volume_assisted_snapshot_create_delete): 200 GET http://10.180.1.21/volume/v3/volumes/d90776d1-866c-4a8b-addf-c47a86a33a57 0.032s
2024-12-12 06:14:54.788 66555 INFO tempest.lib.common.rest_client [req-12ef87db-e389-48de-9b72-7e77fe9e96af req-12ef87db-e389-48de-9b72-7e77fe9e96af ] Request (ServersTestJSON:test_create_server_with_ipv6_addr_only): 200 GET http://10.180.1.21/compute/v2.1/servers/7ae0c60f-0518-4990-ba93-2a0c9068f96c 0.150s
2024-12-12 06:14:54.797 66555 INFO tempest.common.waiters [-] State transition "BUILD/block_device_mapping" ==> "BUILD/spawning" after 81 second wait
2024-12-12 06:14:54.835 66541 INFO tempest.lib.common.rest_client [req-32b4c5ad-c6a3-45f8-a42a-c1a1041fd013 req-32b4c5ad-c6a3-45f8-a42a-c1a1041fd013 ] Request (ServerRescueTestJSONUnderV235:test_rescued_vm_associate_dissociate_floating_ip): 202 POST http://10.180.1.21/compute/v2.1/servers/5f99a2c4-9ef4-4939-9c4c-714be1033d6d/action 1.094s
2024-12-12 06:14:54.852 66515 INFO tempest.lib.common.rest_client [req-4270316d-3e6e-4ba5-9afd-148986bca05b req-4270316d-3e6e-4ba5-9afd-148986bca05b ] Request (AttachInterfacesUnderV243Test:test_add_remove_fixed_ip): 200 GET http://10.180.1.21/compute/v2.1/servers/216fb86d-0271-4b94-9dd9-18421414a146 0.162s
2024-12-12 06:14:54.883 66547 INFO tempest.lib.common.rest_client [req-e3b128c7-dd0b-4a76-b186-1380990d90dc req-e3b128c7-dd0b-4a76-b186-1380990d90dc ] Request (ImagesTestJSON:test_create_server_from_snapshot): 200 GET http://10.180.1.21/compute/v2.1/servers/c14e3b68-e046-4308-8b57-6e5c99e9a189 0.125s
2024-12-12 06:14:54.896 66527 INFO tempest.lib.common.rest_client [req-698234b4-f851-4286-b07e-5beae341a44e req-698234b4-f851-4286-b07e-5beae341a44e ] Request (ServersNegativeTestJSON:setUpClass): 200 GET http://10.180.1.21/compute/v2.1/servers/d2c94225-95a9-400a-90a6-0cc5e63d3ec8 0.097s
2024-12-12 06:14:54.968 66569 INFO tempest.lib.common.rest_client [req-5ca36c2d-0638-45f1-9675-7c4123f52937 req-5ca36c2d-0638-45f1-9675-7c4123f52937 ] Request (ServersAdminNegativeTestJSON:tearDownClass): 200 GET http://10.180.1.21/compute/v2.1/servers/d9e6f5ba-9b06-4e71-826b-4df16e8aacc6 0.148s
2024-12-12 06:14:55.016 66551 INFO tempest.lib.common.rest_client [req-f040e34b-8abf-48b3-8d4d-78e509dc0795 req-f040e34b-8abf-48b3-8d4d-78e509dc0795 ] Request (ServerDiskConfigTestJSON:test_rebuild_server_with_auto_disk_config): 200 GET http://10.180.1.21/compute/v2.1/servers/0385aae4-2ccd-4c2c-9074-2e8e6cfd337f 0.158s
2024-12-12 06:14:55.077 66523 INFO tempest.lib.common.rest_client [req-cb86bada-6e0f-4ace-93de-e6698b7210c3 req-cb86bada-6e0f-4ace-93de-e6698b7210c3 ] Request (InstanceActionsTestJSON:tearDownClass): 200 GET http://10.180.1.21/compute/v2.1/servers/08d2aba3-975d-4baf-af40-4206d970876b 0.200s
2024-12-12 06:14:55.138 66509 INFO tempest.lib.common.rest_client [req-6b864147-bb47-4ce5-aa0e-14c0e22044a4 req-6b864147-bb47-4ce5-aa0e-14c0e22044a4 ] Request (AttachVolumeNegativeTest:test_attach_attached_volume_to_different_server): 200 GET http://10.180.1.21/compute/v2.1/servers/6c240faf-00d2-48ed-af4e-78942f5739b1 0.234s
2024-12-12 06:14:55.192 66557 INFO tempest.lib.common.rest_client [req-99119c0f-76e6-4c1c-ad03-000b389eacaf req-99119c0f-76e6-4c1c-ad03-000b389eacaf ] Request (ServersNegativeTestMultiTenantJSON:setUpClass): 200 GET http://10.180.1.21/compute/v2.1/servers/8445d71a-bc37-4d64-9ec0-51d18b779858 0.269s
2024-12-12 06:14:55.244 66559 INFO tempest.lib.common.rest_client [req-98829ada-131c-498e-82cb-36ecd831ae02 req-98829ada-131c-498e-82cb-36ecd831ae02 ] Request (MigrationsAdminTest:test_resize_server_revert_deleted_flavor): 200 GET http://10.180.1.21/compute/v2.1/servers/7fc8cb97-04c6-44db-a050-f09a1eb67c8b 0.289s
2024-12-12 06:14:55.287 66561 INFO tempest.lib.common.rest_client [req-67d37e6a-07fc-4688-b3e3-3141e104186f req-67d37e6a-07fc-4688-b3e3-3141e104186f ] Request (ServersAdminTestJSON:test_inject_network_info): 200 GET http://10.180.1.21/compute/v2.1/servers/2055cc18-8f44-4813-95b6-abdecd188c00 0.304s
2024-12-12 06:14:55.293 66561 INFO tempest.common.waiters [-] State transition "BUILD/None" ==> "BUILD/networking" after 80 second wait
2024-12-12 06:14:55.324 66517 WARNING tempest.lib.common.ssh [-] Failed to establish authenticated ssh connection to cirros@10.180.180.174 ([Errno None] Unable to connect to port 22 on 10.180.180.174). Number attempts: 2. Retry after 3 seconds.: paramiko.ssh_exception.NoValidConnectionsError: [Errno None] Unable to connect to port 22 on 10.180.180.174
2024-12-12 06:14:55.333 66553 INFO tempest.lib.common.rest_client [req-863cca0c-8089-4cbc-a268-97d7c022bfe4 req-863cca0c-8089-4cbc-a268-97d7c022bfe4 ] Request (ServerRescueTestJSON:test_rescue_unrescue_instance): 200 GET http://10.180.1.21/compute/v2.1/servers/76ddd43d-f048-48de-93f0-cfb582727acc 0.330s
2024-12-12 06:14:55.374 66567 INFO tempest.lib.common.rest_client [req-0d0d7a65-2144-40e3-8099-6b155fa3e843 req-0d0d7a65-2144-40e3-8099-6b155fa3e843 ] Request (ListServerFiltersTestJSON:setUpClass): 200 GET http://10.180.1.21/compute/v2.1/servers/6e9ab950-8a82-4a48-881b-9cd3d5849577 0.284s
2024-12-12 06:14:55.423 66543 INFO tempest.lib.common.rest_client [req-ec5d1ee4-5bad-4b2c-8a37-a893ac096231 req-ec5d1ee4-5bad-4b2c-8a37-a893ac096231 ] Request (ServerShowV247Test:tearDownClass): 200 GET http://10.180.1.21/compute/v2.1/servers/22d3b5be-e63b-4912-8590-4f5e811099a3 0.148s
2024-12-12 06:14:55.465 66519 INFO tempest.lib.common.rest_client [req-228b32fd-c7fb-45ec-9dd0-12097455c175 req-228b32fd-c7fb-45ec-9dd0-12097455c175 ] Request (ServerActionsTestOtherA:setUpClass): 200 GET http://10.180.1.21/compute/v2.1/servers/25895bc9-1aab-48ec-9dbb-06d5b38eacbf 0.146s
2024-12-12 06:14:55.515 66511 INFO tempest.lib.common.rest_client [req-00e9e83a-915c-439f-8618-2571385aca07 req-00e9e83a-915c-439f-8618-2571385aca07 ] Request (ListImageFiltersTestJSON:setUpClass): 200 GET http://10.180.1.21/compute/v2.1/servers/ec626679-f1d2-445f-adc6-7fa43384f580 0.128s
2024-12-12 06:14:55.564 66539 INFO tempest.lib.common.rest_client [req-7837beab-fd1c-4d0d-b878-46a1779859d8 req-7837beab-fd1c-4d0d-b878-46a1779859d8 ] Request (AttachVolumeShelveTestJSON:test_attach_volume_shelved_or_offload_server): 200 GET http://10.180.1.21/compute/v2.1/servers/7ef00a00-9a65-4a09-a8d2-b33a344a458d 0.103s
2024-12-12 06:14:55.617 66535 INFO tempest.lib.common.rest_client [req-76002484-c2fe-4c8b-93bc-a9bde324a7c6 req-76002484-c2fe-4c8b-93bc-a9bde324a7c6 ] Request (VolumesAssistedSnapshotsTest:test_volume_assisted_snapshot_create_delete): 200 GET http://10.180.1.21/volume/v3/volumes/d90776d1-866c-4a8b-addf-c47a86a33a57 0.027s
2024-12-12 06:14:55.624 66535 INFO tempest.common.waiters [-] Attachment c1b2459f-c4f9-4bc4-b207-8be7b74d2817 created for volume d90776d1-866c-4a8b-addf-c47a86a33a57 to server 57a371ba-6ef5-4c9d-a85c-618768432984 after waiting for 8.623933 seconds
2024-12-12 06:14:55.648 66535 INFO tempest.lib.common.rest_client [req-34249dbc-2855-4987-b182-405df1e35db1 req-34249dbc-2855-4987-b182-405df1e35db1 ] Request (VolumesAssistedSnapshotsTest:test_volume_assisted_snapshot_create_delete): 200 GET http://10.180.1.21/volume/v3/volumes/d90776d1-866c-4a8b-addf-c47a86a33a57 0.024s
2024-12-12 06:14:55.654 66535 INFO tempest.common.waiters [-] volume d90776d1-866c-4a8b-addf-c47a86a33a57 reached in-use after waiting for 0.654813 seconds
2024-12-12 06:14:55.821 66535 INFO tempest.lib.common.rest_client [req-63e0c9b2-e286-46a9-a8f8-93228ed3c866 req-63e0c9b2-e286-46a9-a8f8-93228ed3c866 ] Request (VolumesAssistedSnapshotsTest:test_volume_assisted_snapshot_create_delete): 200 POST http://10.180.1.21/compute/v2.1/os-assisted-volume-snapshots 0.166s
2024-12-12 06:14:56.008 66555 INFO tempest.lib.common.rest_client [req-e1c6058b-b791-4217-9dd2-2a13bded8177 req-e1c6058b-b791-4217-9dd2-2a13bded8177 ] Request (ServersTestJSON:test_create_server_with_ipv6_addr_only): 200 GET http://10.180.1.21/compute/v2.1/servers/7ae0c60f-0518-4990-ba93-2a0c9068f96c 0.209s
2024-12-12 06:14:56.034 66535 INFO tempest.lib.common.rest_client [req-e9a0b6ad-06de-408c-8a82-c646700bc316 req-e9a0b6ad-06de-408c-8a82-c646700bc316 ] Request (VolumesAssistedSnapshotsTest:test_volume_assisted_snapshot_create_delete): 204 DELETE http://10.180.1.21/compute/v2.1/os-assisted-volume-snapshots/None?delete_info=%7B%22volume_id%22%3A+%22d90776d1-866c-4a8b-addf-c47a86a33a57%22%7D 0.213s
2024-12-12 06:14:56.069 66535 INFO tempest.lib.common.rest_client [req-d9a9e50f-53ef-4f17-a0a2-eec1a6c44526 req-d9a9e50f-53ef-4f17-a0a2-eec1a6c44526 ] Request (VolumesAssistedSnapshotsTest:_run_cleanups): 200 GET http://10.180.1.21/volume/v3/volumes/d90776d1-866c-4a8b-addf-c47a86a33a57 0.034s
2024-12-12 06:14:56.103 66515 INFO tempest.lib.common.rest_client [req-fea1d841-7a72-4f26-8f97-c82645025cd7 req-fea1d841-7a72-4f26-8f97-c82645025cd7 ] Request (AttachInterfacesUnderV243Test:test_add_remove_fixed_ip): 200 GET http://10.180.1.21/compute/v2.1/servers/216fb86d-0271-4b94-9dd9-18421414a146 0.244s
2024-12-12 06:14:56.327 66547 INFO tempest.lib.common.rest_client [req-c61c3b74-ff26-4a93-837d-dea8432ed80f req-c61c3b74-ff26-4a93-837d-dea8432ed80f ] Request (ImagesTestJSON:test_create_server_from_snapshot): 200 GET http://10.180.1.21/compute/v2.1/servers/c14e3b68-e046-4308-8b57-6e5c99e9a189 0.435s
2024-12-12 06:14:56.348 66537 WARNING tempest.lib.common.ssh [-] Failed to establish authenticated ssh connection to cirros@10.180.180.201 ([Errno None] Unable to connect to port 22 on 10.180.180.201). Number attempts: 9. Retry after 10 seconds.: paramiko.ssh_exception.NoValidConnectionsError: [Errno None] Unable to connect to port 22 on 10.180.180.201
2024-12-12 06:14:56.400 66527 INFO tempest.lib.common.rest_client [req-0b7433ce-d25b-4829-a0b6-5e74c601133c req-0b7433ce-d25b-4829-a0b6-5e74c601133c ] Request (ServersNegativeTestJSON:setUpClass): 200 GET http://10.180.1.21/compute/v2.1/servers/d2c94225-95a9-400a-90a6-0cc5e63d3ec8 0.498s
2024-12-12 06:14:56.483 66569 INFO tempest.lib.common.rest_client [req-b1e92361-7031-4bb1-996a-f0d26da5c4d4 req-b1e92361-7031-4bb1-996a-f0d26da5c4d4 ] Request (ServersAdminNegativeTestJSON:tearDownClass): 200 GET http://10.180.1.21/compute/v2.1/servers/d9e6f5ba-9b06-4e71-826b-4df16e8aacc6 0.507s
2024-12-12 06:14:56.546 66551 INFO tempest.lib.common.rest_client [req-0a8646dc-7eec-47f7-af75-b49fc11cc29d req-0a8646dc-7eec-47f7-af75-b49fc11cc29d ] Request (ServerDiskConfigTestJSON:test_rebuild_server_with_auto_disk_config): 200 GET http://10.180.1.21/compute/v2.1/servers/0385aae4-2ccd-4c2c-9074-2e8e6cfd337f 0.521s
2024-12-12 06:14:56.692 66535 INFO tempest.lib.common.rest_client [req-5d0b2794-9142-4fc1-b065-de3292097bbe req-5d0b2794-9142-4fc1-b065-de3292097bbe ] Request (VolumesAssistedSnapshotsTest:_run_cleanups): 202 DELETE http://10.180.1.21/compute/v2.1/servers/57a371ba-6ef5-4c9d-a85c-618768432984/os-volume_attachments/d90776d1-866c-4a8b-addf-c47a86a33a57 0.617s
2024-12-12 06:14:56.710 66541 INFO tempest.lib.common.rest_client [req-b3eb83bf-8932-40c8-8844-f06f0e78ceba req-b3eb83bf-8932-40c8-8844-f06f0e78ceba ] Request (ServerRescueTestJSONUnderV235:test_rescued_vm_associate_dissociate_floating_ip): 202 POST http://10.180.1.21/compute/v2.1/servers/5f99a2c4-9ef4-4939-9c4c-714be1033d6d/action 1.874s
2024-12-12 06:14:56.761 66523 INFO tempest.lib.common.rest_client [req-9d8ffb50-52a2-4ba5-861e-4d1f69567ac0 req-9d8ffb50-52a2-4ba5-861e-4d1f69567ac0 ] Request (InstanceActionsTestJSON:tearDownClass): 200 GET http://10.180.1.21/compute/v2.1/servers/08d2aba3-975d-4baf-af40-4206d970876b 0.675s
2024-12-12 06:14:56.777 66509 INFO tempest.lib.common.rest_client [req-131182dc-7a75-40d8-ba80-2dcbdf145535 req-131182dc-7a75-40d8-ba80-2dcbdf145535 ] Request (AttachVolumeNegativeTest:test_attach_attached_volume_to_different_server): 200 GET http://10.180.1.21/compute/v2.1/servers/6c240faf-00d2-48ed-af4e-78942f5739b1 0.632s
2024-12-12 06:14:56.813 66557 INFO tempest.lib.common.rest_client [req-4fdbb3e0-e3f5-4896-847a-da14330bb723 req-4fdbb3e0-e3f5-4896-847a-da14330bb723 ] Request (ServersNegativeTestMultiTenantJSON:setUpClass): 200 GET http://10.180.1.21/compute/v2.1/servers/8445d71a-bc37-4d64-9ec0-51d18b779858 0.611s
2024-12-12 06:14:56.835 66559 INFO tempest.lib.common.rest_client [req-65ca8386-a49f-4903-ab63-fa85650ce78d req-65ca8386-a49f-4903-ab63-fa85650ce78d ] Request (MigrationsAdminTest:test_resize_server_revert_deleted_flavor): 200 GET http://10.180.1.21/compute/v2.1/servers/7fc8cb97-04c6-44db-a050-f09a1eb67c8b 0.583s
2024-12-12 06:14:56.886 66553 INFO tempest.lib.common.rest_client [req-0a3c0356-008c-44cf-b209-5fde75a78a17 req-0a3c0356-008c-44cf-b209-5fde75a78a17 ] Request (ServerRescueTestJSON:test_rescue_unrescue_instance): 200 GET http://10.180.1.21/compute/v2.1/servers/76ddd43d-f048-48de-93f0-cfb582727acc 0.546s
2024-12-12 06:14:56.940 66567 INFO tempest.lib.common.rest_client [req-5cca0233-a4b3-48b2-806a-5c45390eedb2 req-5cca0233-a4b3-48b2-806a-5c45390eedb2 ] Request (ListServerFiltersTestJSON:setUpClass): 200 GET http://10.180.1.21/compute/v2.1/servers/6e9ab950-8a82-4a48-881b-9cd3d5849577 0.557s
2024-12-12 06:14:56.959 66561 INFO tempest.lib.common.rest_client [req-7ecf2484-f2c8-4c6a-a9e8-019711f0b8db req-7ecf2484-f2c8-4c6a-a9e8-019711f0b8db ] Request (ServersAdminTestJSON:test_inject_network_info): 200 GET http://10.180.1.21/compute/v2.1/servers/2055cc18-8f44-4813-95b6-abdecd188c00 0.663s
2024-12-12 06:14:56.965 66561 INFO tempest.common.waiters [-] State transition "BUILD/networking" ==> "BUILD/spawning" after 81 second wait
2024-12-12 06:14:56.991 66521 WARNING tempest.lib.common.ssh [-] Failed to establish authenticated ssh connection to cirros@10.180.180.231 ([Errno None] Unable to connect to port 22 on 10.180.180.231). Number attempts: 1. Retry after 2 seconds.: paramiko.ssh_exception.NoValidConnectionsError: [Errno None] Unable to connect to port 22 on 10.180.180.231
2024-12-12 06:14:57.022 66519 INFO tempest.lib.common.rest_client [req-d16a15ef-84a0-4551-a1a5-465c212e388d req-d16a15ef-84a0-4551-a1a5-465c212e388d ] Request (ServerActionsTestOtherA:setUpClass): 200 GET http://10.180.1.21/compute/v2.1/servers/25895bc9-1aab-48ec-9dbb-06d5b38eacbf 0.550s
2024-12-12 06:14:57.032 66543 INFO tempest.lib.common.rest_client [req-50237ae4-8fd8-46d6-8cc5-f41e47688131 req-50237ae4-8fd8-46d6-8cc5-f41e47688131 ] Request (ServerShowV247Test:tearDownClass): 200 GET http://10.180.1.21/compute/v2.1/servers/22d3b5be-e63b-4912-8590-4f5e811099a3 0.600s
2024-12-12 06:14:57.062 66511 INFO tempest.lib.common.rest_client [req-89a2dd06-6dea-482e-81ba-07fef4f893c6 req-89a2dd06-6dea-482e-81ba-07fef4f893c6 ] Request (ListImageFiltersTestJSON:setUpClass): 200 GET http://10.180.1.21/compute/v2.1/servers/ec626679-f1d2-445f-adc6-7fa43384f580 0.541s
2024-12-12 06:14:57.072 66531 WARNING tempest.lib.common.ssh [-] Failed to establish authenticated ssh connection to cirros@10.180.180.203 ([Errno None] Unable to connect to port 22 on 10.180.180.203). Number attempts: 7. Retry after 8 seconds.: paramiko.ssh_exception.NoValidConnectionsError: [Errno None] Unable to connect to port 22 on 10.180.180.203
2024-12-12 06:14:57.078 66539 INFO tempest.lib.common.rest_client [req-f7911fc5-b070-44e8-9488-7b4cf267d244 req-f7911fc5-b070-44e8-9488-7b4cf267d244 ] Request (AttachVolumeShelveTestJSON:test_attach_volume_shelved_or_offload_server): 200 GET http://10.180.1.21/compute/v2.1/servers/7ef00a00-9a65-4a09-a8d2-b33a344a458d 0.500s
2024-12-12 06:14:57.091 66535 INFO tempest.lib.common.rest_client [req-ff36bc30-0b19-4874-beb7-f51d778b65d7 req-ff36bc30-0b19-4874-beb7-f51d778b65d7 ] Request (VolumesAssistedSnapshotsTest:_run_cleanups): 200 GET http://10.180.1.21/compute/v2.1/servers/57a371ba-6ef5-4c9d-a85c-618768432984/os-volume_attachments 0.398s
2024-12-12 06:14:57.231 66555 INFO tempest.lib.common.rest_client [req-fff044dc-c2d8-4e17-9930-3d1176295a22 req-fff044dc-c2d8-4e17-9930-3d1176295a22 ] Request (ServersTestJSON:test_create_server_with_ipv6_addr_only): 200 GET http://10.180.1.21/compute/v2.1/servers/7ae0c60f-0518-4990-ba93-2a0c9068f96c 0.212s
2024-12-12 06:14:57.281 66515 INFO tempest.lib.common.rest_client [req-1dc02ff0-13de-4a15-8af2-2cd08ab8733e req-1dc02ff0-13de-4a15-8af2-2cd08ab8733e ] Request (AttachInterfacesUnderV243Test:test_add_remove_fixed_ip): 200 GET http://10.180.1.21/compute/v2.1/servers/216fb86d-0271-4b94-9dd9-18421414a146 0.168s
2024-12-12 06:14:57.388 66547 INFO tempest.lib.common.rest_client [req-4eb5d838-ef26-4bc4-b3f1-f34de8230178 req-4eb5d838-ef26-4bc4-b3f1-f34de8230178 ] Request (ImagesTestJSON:test_create_server_from_snapshot): 200 GET http://10.180.1.21/compute/v2.1/servers/c14e3b68-e046-4308-8b57-6e5c99e9a189 0.053s
2024-12-12 06:14:57.446 66541 INFO tempest.lib.common.rest_client [req-6981a463-96b9-482b-9583-fbd8a09a7d58 req-6981a463-96b9-482b-9583-fbd8a09a7d58 ] Request (ServerRescueTestJSONUnderV235:_run_cleanups): 202 DELETE http://10.180.1.21/compute/v2.1/os-floating-ips/056f709f-bd53-448a-9df9-18bb034759eb 0.735s
2024-12-12 06:14:57.468 66527 INFO tempest.lib.common.rest_client [req-92004d5e-0ed9-49b8-b669-7451a176d240 req-92004d5e-0ed9-49b8-b669-7451a176d240 ] Request (ServersNegativeTestJSON:setUpClass): 200 GET http://10.180.1.21/compute/v2.1/servers/d2c94225-95a9-400a-90a6-0cc5e63d3ec8 0.057s
2024-12-12 06:14:57.567 66569 INFO tempest.lib.common.rest_client [req-51b35c1d-dc51-4d9d-b6e7-94d8dbbcd039 req-51b35c1d-dc51-4d9d-b6e7-94d8dbbcd039 ] Request (ServersAdminNegativeTestJSON:tearDownClass): 200 GET http://10.180.1.21/compute/v2.1/servers/d9e6f5ba-9b06-4e71-826b-4df16e8aacc6 0.070s
2024-12-12 06:14:57.573 66541 INFO tempest.lib.common.rest_client [req-d5b78f7f-60d2-48be-a9fd-8a3945c912fd req-d5b78f7f-60d2-48be-a9fd-8a3945c912fd ] Request (ServerRescueTestJSONUnderV235:tearDownClass): 202 DELETE http://10.180.1.21/compute/v2.1/os-security-groups/5b6d2fe1-54ce-4cb9-b3fb-c988f0da26d0 0.126s
