2024-12-12 06:12:27.190 66517 INFO tempest.lib.common.rest_client [req-38c3c4cf-1e9e-4a20-a462-9269d5d03016 req-38c3c4cf-1e9e-4a20-a462-9269d5d03016 ] Request (ServerDiagnosticsNegativeTest:test_get_server_diagnostics_by_non_admin): 403 GET http://10.180.1.21/compute/v2.1/servers/c8ca08aa-15af-4053-bdb5-ca709ff0fcfb/diagnostics 2.627s
2024-12-12 06:12:27.206 66537 INFO tempest.lib.common.rest_client [req-ecbaf7c9-6436-4cf1-b34a-8d6e3388efaa req-ecbaf7c9-6436-4cf1-b34a-8d6e3388efaa ] Request (SecurityGroupsNegativeTestJSON:tearDownClass): 204 DELETE http://10.180.1.21/identity/v3/projects/b3d5cfef82f64acd987c945e60fd4b80 0.115s
2024-12-12 06:12:27.263 66545 INFO tempest.lib.common.rest_client [req-f6df0e91-fd23-4410-9b79-3c9cb7dcf231 req-f6df0e91-fd23-4410-9b79-3c9cb7dcf231 ] Request (HypervisorAdminUnderV252Test:setUpClass): 201 POST http://10.180.1.21/identity/v3/auth/tokens 0.146s
2024-12-12 06:12:27.281 66531 INFO tempest.lib.common.rest_client [req-66099882-97c4-4788-ae76-3ecdf899c181 req-66099882-97c4-4788-ae76-3ecdf899c181 ] Request (AZV2TestJSON:setUpClass): 200 GET http://10.180.1.21/identity/v3/roles 0.131s
2024-12-12 06:12:27.303 66537 INFO tempest.lib.common.rest_client [req-76a9a9e3-27e0-4d30-bdee-ae75f32bdeb4 req-76a9a9e3-27e0-4d30-bdee-ae75f32bdeb4 ] Request (ComputeTenantNetworksTest:setUpClass): 201 POST http://10.180.1.21/identity/v3/auth/tokens 0.095s
2024-12-12 06:12:27.310 66545 INFO tempest.lib.common.rest_client [req-87e1600f-6919-4a8b-bdfb-4e070a00ce12 req-87e1600f-6919-4a8b-bdfb-4e070a00ce12 ] Request (HypervisorAdminUnderV252Test:setUpClass): 200 GET http://10.180.1.21/identity/v3/domains?name=Default 0.047s
2024-12-12 06:12:27.325 66531 INFO tempest.lib.common.rest_client [req-c4b1aaf0-b1ee-46a1-9315-5dc85be003d7 req-c4b1aaf0-b1ee-46a1-9315-5dc85be003d7 ] Request (AZV2TestJSON:setUpClass): 204 PUT http://10.180.1.21/identity/v3/projects/c85d102b54814ecebb0e82b6b43148ae/users/f88bf52b5c6849d49c3aefde547dbd5c/roles/f6eff1fc8eed4eec94c0a8ad11e3d1c2 0.044s
2024-12-12 06:12:27.326 66531 INFO tempest.lib.common.dynamic_creds [-] Dynamic test user f88bf52b5c6849d49c3aefde547dbd5c is created with scope project and roles: ['member']
2024-12-12 06:12:27.326 66531 INFO tempest.lib.common.dynamic_creds [-] Acquired dynamic creds: credentials: Credentials: {'domain_id': 'default', 'domain_name': 'Default', 'username': 'tempest-AZV2TestJSON-1595895639-project-member', 'project_domain_id': 'default', 'project_domain_name': 'Default', 'project_id': 'c85d102b54814ecebb0e82b6b43148ae', 'project_name': 'tempest-AZV2TestJSON-1595895639', 'tenant_id': 'c85d102b54814ecebb0e82b6b43148ae', 'tenant_name': 'tempest-AZV2TestJSON-1595895639', 'user_domain_id': 'default', 'user_domain_name': 'Default', 'user_id': 'f88bf52b5c6849d49c3aefde547dbd5c', 'system': None}, Network: None, Subnet: None, Router: None
2024-12-12 06:12:27.326 66531 INFO tempest.lib.common.dynamic_creds [-] Created isolated network resources for: credentials: Credentials: {'domain_id': 'default', 'domain_name': 'Default', 'username': 'tempest-AZV2TestJSON-1595895639-project-member', 'project_domain_id': 'default', 'project_domain_name': 'Default', 'project_id': 'c85d102b54814ecebb0e82b6b43148ae', 'project_name': 'tempest-AZV2TestJSON-1595895639', 'tenant_id': 'c85d102b54814ecebb0e82b6b43148ae', 'tenant_name': 'tempest-AZV2TestJSON-1595895639', 'user_domain_id': 'default', 'user_domain_name': 'Default', 'user_id': 'f88bf52b5c6849d49c3aefde547dbd5c', 'system': None}, Network: None, Subnet: None, Router: None
2024-12-12 06:12:27.338 66545 INFO tempest.lib.common.rest_client [req-ddbd4cff-0749-4b40-bba1-e39b0b49b2a6 req-ddbd4cff-0749-4b40-bba1-e39b0b49b2a6 ] Request (HypervisorAdminUnderV252Test:setUpClass): 201 POST http://10.180.1.21/identity/v3/projects 0.027s
2024-12-12 06:12:27.378 66537 INFO tempest.lib.common.rest_client [req-d6a3e80f-dbbd-46dd-b69c-b1d6c11592c1 req-d6a3e80f-dbbd-46dd-b69c-b1d6c11592c1 ] Request (ComputeTenantNetworksTest:setUpClass): 201 POST http://10.180.1.21/identity/v3/auth/tokens 0.067s
2024-12-12 06:12:27.397 66545 INFO tempest.lib.common.rest_client [req-95a77965-e785-4810-9edb-b30787638591 req-95a77965-e785-4810-9edb-b30787638591 ] Request (HypervisorAdminUnderV252Test:setUpClass): 201 POST http://10.180.1.21/identity/v3/users 0.057s
2024-12-12 06:12:27.402 66531 INFO tempest.lib.common.rest_client [req-a4e8ac9c-546f-4080-9b36-e684b3592fc5 req-a4e8ac9c-546f-4080-9b36-e684b3592fc5 ] Request (AZV2TestJSON:setUpClass): 201 POST http://10.180.1.21/identity/v3/auth/tokens 0.072s
2024-12-12 06:12:27.420 66545 INFO tempest.lib.common.rest_client [req-3b4bcf2d-b133-49f3-be4c-cbfb482f1956 req-3b4bcf2d-b133-49f3-be4c-cbfb482f1956 ] Request (HypervisorAdminUnderV252Test:setUpClass): 200 GET http://10.180.1.21/identity/v3/roles 0.022s
2024-12-12 06:12:27.424 66537 INFO tempest.lib.common.rest_client [req-fc1363d0-b98e-4631-8775-ca15011c38ba req-fc1363d0-b98e-4631-8775-ca15011c38ba ] Request (ComputeTenantNetworksTest:setUpClass): 200 GET http://10.180.1.21/identity/v3/domains?name=Default 0.046s
2024-12-12 06:12:27.444 66545 INFO tempest.lib.common.rest_client [req-703e7134-62ac-4747-80b1-404cde006738 req-703e7134-62ac-4747-80b1-404cde006738 ] Request (HypervisorAdminUnderV252Test:setUpClass): 204 PUT http://10.180.1.21/identity/v3/projects/7b82c22776bf424cbddda4d637fad6ee/users/94da4a2770994e53b1f64d108d8a4fa0/roles/f6eff1fc8eed4eec94c0a8ad11e3d1c2 0.023s
2024-12-12 06:12:27.444 66545 INFO tempest.lib.common.dynamic_creds [-] Dynamic test user 94da4a2770994e53b1f64d108d8a4fa0 is created with scope project and roles: ['member']
2024-12-12 06:12:27.444 66545 INFO tempest.lib.common.dynamic_creds [-] Acquired dynamic creds: credentials: Credentials: {'domain_id': 'default', 'domain_name': 'Default', 'username': 'tempest-HypervisorAdminUnderV252Test-282773006-project-member', 'project_domain_id': 'default', 'project_domain_name': 'Default', 'project_id': '7b82c22776bf424cbddda4d637fad6ee', 'project_name': 'tempest-HypervisorAdminUnderV252Test-282773006', 'tenant_id': '7b82c22776bf424cbddda4d637fad6ee', 'tenant_name': 'tempest-HypervisorAdminUnderV252Test-282773006', 'user_domain_id': 'default', 'user_domain_name': 'Default', 'user_id': '94da4a2770994e53b1f64d108d8a4fa0', 'system': None}, Network: None, Subnet: None, Router: None
2024-12-12 06:12:27.444 66545 INFO tempest.lib.common.dynamic_creds [-] Created isolated network resources for: credentials: Credentials: {'domain_id': 'default', 'domain_name': 'Default', 'username': 'tempest-HypervisorAdminUnderV252Test-282773006-project-member', 'project_domain_id': 'default', 'project_domain_name': 'Default', 'project_id': '7b82c22776bf424cbddda4d637fad6ee', 'project_name': 'tempest-HypervisorAdminUnderV252Test-282773006', 'tenant_id': '7b82c22776bf424cbddda4d637fad6ee', 'tenant_name': 'tempest-HypervisorAdminUnderV252Test-282773006', 'user_domain_id': 'default', 'user_domain_name': 'Default', 'user_id': '94da4a2770994e53b1f64d108d8a4fa0', 'system': None}, Network: None, Subnet: None, Router: None
2024-12-12 06:12:27.460 66537 INFO tempest.lib.common.rest_client [req-ffe36ac3-0dc9-4ae7-b342-a12f6f034047 req-ffe36ac3-0dc9-4ae7-b342-a12f6f034047 ] Request (ComputeTenantNetworksTest:setUpClass): 201 POST http://10.180.1.21/identity/v3/projects 0.035s
2024-12-12 06:12:27.480 66571 INFO tempest.lib.common.rest_client [req-c0524705-785b-4abe-89c1-61fd6fd981e9 req-c0524705-785b-4abe-89c1-61fd6fd981e9 ] Request (AbsoluteLimitsNegativeTestJSON:tearDownClass): 200 GET http://10.180.1.21:9696/networking/v2.0/security-groups?tenant_id=4c9bbd6c04df4f3c8954d8ce55e42314&name=default 0.338s
2024-12-12 06:12:27.510 66545 INFO tempest.lib.common.rest_client [req-b779ab13-b905-4866-9fc7-4486b7ffd264 req-b779ab13-b905-4866-9fc7-4486b7ffd264 ] Request (HypervisorAdminUnderV252Test:setUpClass): 201 POST http://10.180.1.21/identity/v3/auth/tokens 0.062s
2024-12-12 06:12:27.519 66537 INFO tempest.lib.common.rest_client [req-8c77251a-7d5c-42b7-84a1-a612ef392322 req-8c77251a-7d5c-42b7-84a1-a612ef392322 ] Request (ComputeTenantNetworksTest:setUpClass): 201 POST http://10.180.1.21/identity/v3/users 0.058s
2024-12-12 06:12:27.536 66537 INFO tempest.lib.common.rest_client [req-f41cb013-62a4-4216-992b-cfd58b76e5b0 req-f41cb013-62a4-4216-992b-cfd58b76e5b0 ] Request (ComputeTenantNetworksTest:setUpClass): 200 GET http://10.180.1.21/identity/v3/roles 0.016s
2024-12-12 06:12:27.541 66545 INFO tempest.lib.common.rest_client [req-a1724513-33ac-4ba5-9f48-1dafadf0af0c req-a1724513-33ac-4ba5-9f48-1dafadf0af0c ] Request (HypervisorAdminUnderV252Test:setUpClass): 201 POST http://10.180.1.21/identity/v3/projects 0.031s
2024-12-12 06:12:27.560 66571 INFO tempest.lib.common.rest_client [req-650109f4-53aa-4daa-853e-9b669eb437fc req-650109f4-53aa-4daa-853e-9b669eb437fc ] Request (AbsoluteLimitsNegativeTestJSON:tearDownClass): 204 DELETE http://10.180.1.21:9696/networking/v2.0/security-groups/9f8c8095-7f41-42b6-8580-11af1f9a0162 0.080s
2024-12-12 06:12:27.599 66537 INFO tempest.lib.common.rest_client [req-707373ac-405f-4963-8c25-c01a21d01cd0 req-707373ac-405f-4963-8c25-c01a21d01cd0 ] Request (ComputeTenantNetworksTest:setUpClass): 204 PUT http://10.180.1.21/identity/v3/projects/0b9cf8f26e0a493db850feaa717f9c92/users/f33759eef038422d841d143b888af1aa/roles/f6eff1fc8eed4eec94c0a8ad11e3d1c2 0.062s
2024-12-12 06:12:27.599 66537 INFO tempest.lib.common.dynamic_creds [-] Dynamic test user f33759eef038422d841d143b888af1aa is created with scope project and roles: ['member']
2024-12-12 06:12:27.600 66545 INFO tempest.lib.common.rest_client [req-fffe480d-a48b-41ae-a252-0480bac73b7d req-fffe480d-a48b-41ae-a252-0480bac73b7d ] Request (HypervisorAdminUnderV252Test:setUpClass): 201 POST http://10.180.1.21/identity/v3/users 0.058s
2024-12-12 06:12:27.600 66537 INFO tempest.lib.common.dynamic_creds [-] Acquired dynamic creds: credentials: Credentials: {'domain_id': 'default', 'domain_name': 'Default', 'username': 'tempest-ComputeTenantNetworksTest-869197185-project-member', 'project_domain_id': 'default', 'project_domain_name': 'Default', 'project_id': '0b9cf8f26e0a493db850feaa717f9c92', 'project_name': 'tempest-ComputeTenantNetworksTest-869197185', 'tenant_id': '0b9cf8f26e0a493db850feaa717f9c92', 'tenant_name': 'tempest-ComputeTenantNetworksTest-869197185', 'user_domain_id': 'default', 'user_domain_name': 'Default', 'user_id': 'f33759eef038422d841d143b888af1aa', 'system': None}, Network: None, Subnet: None, Router: None
2024-12-12 06:12:27.680 66537 INFO tempest.lib.common.rest_client [req-4d69c127-9097-41c2-9f69-66a44d89c811 req-4d69c127-9097-41c2-9f69-66a44d89c811 ] Request (ComputeTenantNetworksTest:setUpClass): 201 POST http://10.180.1.21/identity/v3/auth/tokens 0.080s
2024-12-12 06:12:27.697 66545 INFO tempest.lib.common.rest_client [req-84a252ba-3821-4a52-84ae-cc037b8bc50d req-84a252ba-3821-4a52-84ae-cc037b8bc50d ] Request (HypervisorAdminUnderV252Test:setUpClass): 200 GET http://10.180.1.21/identity/v3/roles 0.097s
2024-12-12 06:12:27.724 66571 INFO tempest.lib.common.rest_client [req-7284e925-c62b-4ee2-aa1a-6e2f192abbdd req-7284e925-c62b-4ee2-aa1a-6e2f192abbdd ] Request (AbsoluteLimitsNegativeTestJSON:tearDownClass): 204 DELETE http://10.180.1.21/identity/v3/projects/4c9bbd6c04df4f3c8954d8ce55e42314 0.163s
2024-12-12 06:12:27.779 66525 INFO tempest.lib.common.rest_client [req-0bee55a5-964d-4dc4-9d1c-bc2697eabee2 req-0bee55a5-964d-4dc4-9d1c-bc2697eabee2 ] Request (ServersTestBootFromVolume:setUpClass): 202 POST http://10.180.1.21/volume/v3/volumes 1.043s
2024-12-12 06:12:27.833 66545 INFO tempest.lib.common.rest_client [req-9834ce42-09ed-489d-b98d-fc3ba86ffed1 req-9834ce42-09ed-489d-b98d-fc3ba86ffed1 ] Request (HypervisorAdminUnderV252Test:setUpClass): 204 PUT http://10.180.1.21/identity/v3/projects/a5ab7ff391574a129802e4a5fa5d2ad9/users/7770d4d717e0425591a75d2ae5d96543/roles/c257faa2f2fc49d0b6326b64e3c1a992 0.135s
2024-12-12 06:12:27.848 66525 INFO tempest.lib.common.rest_client [req-31a59259-a366-4c04-b7c5-7de09a6bed8f req-31a59259-a366-4c04-b7c5-7de09a6bed8f ] Request (ServersTestBootFromVolume:setUpClass): 200 GET http://10.180.1.21/volume/v3/volumes/1d8cc813-e709-40b6-9124-c24a2f04919f 0.058s
2024-12-12 06:12:27.869 66551 INFO tempest.lib.common.rest_client [req-8b20ff79-7d77-42df-a581-fc121184b74c req-8b20ff79-7d77-42df-a581-fc121184b74c ] Request (ImagesOneServerTestJSON:setUpClass): 200 GET http://10.180.1.21/compute/v2.1/servers/ea0c1583-4e47-455c-882a-055eaf3c3d34 2.945s
2024-12-12 06:12:27.884 66571 INFO tempest.lib.common.rest_client [req-57f92fb9-1e6b-4b0b-af79-0b2a00f9c20a req-57f92fb9-1e6b-4b0b-af79-0b2a00f9c20a ] Request (ServerGroupTestJSON:setUpClass): 201 POST http://10.180.1.21/identity/v3/auth/tokens 0.158s
2024-12-12 06:12:27.903 66545 INFO tempest.lib.common.rest_client [req-c72f9f93-90fb-4ad2-b750-6abdd654d5d4 req-c72f9f93-90fb-4ad2-b750-6abdd654d5d4 ] Request (HypervisorAdminUnderV252Test:setUpClass): 200 GET http://10.180.1.21/identity/v3/roles 0.070s
2024-12-12 06:12:27.938 66571 INFO tempest.lib.common.rest_client [req-9a0edc62-be3e-4605-abff-e9180321a398 req-9a0edc62-be3e-4605-abff-e9180321a398 ] Request (ServerGroupTestJSON:setUpClass): 201 POST http://10.180.1.21/identity/v3/auth/tokens 0.050s
2024-12-12 06:12:27.955 66545 INFO tempest.lib.common.rest_client [req-5e076c99-fca6-47a7-92ed-ac4b07eb8649 req-5e076c99-fca6-47a7-92ed-ac4b07eb8649 ] Request (HypervisorAdminUnderV252Test:setUpClass): 204 PUT http://10.180.1.21/identity/v3/projects/a5ab7ff391574a129802e4a5fa5d2ad9/users/7770d4d717e0425591a75d2ae5d96543/roles/c257faa2f2fc49d0b6326b64e3c1a992 0.051s
2024-12-12 06:12:27.955 66545 INFO tempest.lib.common.dynamic_creds [-] Dynamic test user 7770d4d717e0425591a75d2ae5d96543 is created with scope project and roles: ['admin']
2024-12-12 06:12:27.955 66545 INFO tempest.lib.common.dynamic_creds [-] Acquired dynamic creds: credentials: Credentials: {'domain_id': 'default', 'domain_name': 'Default', 'username': 'tempest-HypervisorAdminUnderV252Test-1827711817-project-admin', 'project_domain_id': 'default', 'project_domain_name': 'Default', 'project_id': 'a5ab7ff391574a129802e4a5fa5d2ad9', 'project_name': 'tempest-HypervisorAdminUnderV252Test-1827711817', 'tenant_id': 'a5ab7ff391574a129802e4a5fa5d2ad9', 'tenant_name': 'tempest-HypervisorAdminUnderV252Test-1827711817', 'user_domain_id': 'default', 'user_domain_name': 'Default', 'user_id': '7770d4d717e0425591a75d2ae5d96543', 'system': None}, Network: None, Subnet: None, Router: None
2024-12-12 06:12:27.955 66545 INFO tempest.lib.common.dynamic_creds [-] Created isolated network resources for: credentials: Credentials: {'domain_id': 'default', 'domain_name': 'Default', 'username': 'tempest-HypervisorAdminUnderV252Test-1827711817-project-admin', 'project_domain_id': 'default', 'project_domain_name': 'Default', 'project_id': 'a5ab7ff391574a129802e4a5fa5d2ad9', 'project_name': 'tempest-HypervisorAdminUnderV252Test-1827711817', 'tenant_id': 'a5ab7ff391574a129802e4a5fa5d2ad9', 'tenant_name': 'tempest-HypervisorAdminUnderV252Test-1827711817', 'user_domain_id': 'default', 'user_domain_name': 'Default', 'user_id': '7770d4d717e0425591a75d2ae5d96543', 'system': None}, Network: None, Subnet: None, Router: None
2024-12-12 06:12:28.024 66571 INFO tempest.lib.common.rest_client [req-328b3654-2a02-481d-9349-276a95f71cbb req-328b3654-2a02-481d-9349-276a95f71cbb ] Request (ServerGroupTestJSON:setUpClass): 200 GET http://10.180.1.21/identity/v3/domains?name=Default 0.085s
2024-12-12 06:12:28.047 66537 INFO tempest.lib.common.rest_client [req-cea5263b-55cd-46f1-91c8-e33bab56dcb0 req-cea5263b-55cd-46f1-91c8-e33bab56dcb0 ] Request (ComputeTenantNetworksTest:setUpClass): 201 POST http://10.180.1.21:9696/networking/v2.0/networks 0.366s
2024-12-12 06:12:28.047 66537 INFO tempest.lib.common.dynamic_creds [-] Created isolated network resources for: credentials: Credentials: {'domain_id': 'default', 'domain_name': 'Default', 'username': 'tempest-ComputeTenantNetworksTest-869197185-project-member', 'project_domain_id': 'default', 'project_domain_name': 'Default', 'project_id': '0b9cf8f26e0a493db850feaa717f9c92', 'project_name': 'tempest-ComputeTenantNetworksTest-869197185', 'tenant_id': '0b9cf8f26e0a493db850feaa717f9c92', 'tenant_name': 'tempest-ComputeTenantNetworksTest-869197185', 'user_domain_id': 'default', 'user_domain_name': 'Default', 'user_id': 'f33759eef038422d841d143b888af1aa', 'system': None}, Network: {'id': '589cead0-425c-4498-93d5-abbbbbcc3e27', 'name': 'tempest-ComputeTenantNetworksTest-1749970506-network', 'tenant_id': '0b9cf8f26e0a493db850feaa717f9c92', 'admin_state_up': True, 'mtu': 8950, 'status': 'ACTIVE', 'subnets': [], 'shared': False, 'project_id': '0b9cf8f26e0a493db850feaa717f9c92', 'port_security_enabled': True, 'router:external': False, 'provider:network_type': 'vlan', 'provider:physical_network': 'default', 'provider:segmentation_id': 450, 'availability_zone_hints': [], 'availability_zones': [], 'ipv4_address_scope': None, 'ipv6_address_scope': None, 'description': '', 'tags': [], 'created_at': '2024-12-12T06:12:27Z', 'updated_at': '2024-12-12T06:12:27Z', 'revision_number': 1}, Subnet: None, Router: None
2024-12-12 06:12:28.090 66533 INFO tempest.lib.common.rest_client [req-996e1304-e5d0-47f2-bc0f-eb5ca0bf6152 req-996e1304-e5d0-47f2-bc0f-eb5ca0bf6152 ] Request (ServersWithSpecificFlavorTestJSON:test_verify_created_server_ephemeral_disk): 202 POST http://10.180.1.21/compute/v2.1/servers 3.593s
2024-12-12 06:12:28.140 66545 INFO tempest.lib.common.rest_client [req-a1440fc3-534b-466a-844c-8439775c4079 req-a1440fc3-534b-466a-844c-8439775c4079 ] Request (HypervisorAdminUnderV252Test:setUpClass): 201 POST http://10.180.1.21/identity/v3/auth/tokens 0.180s
2024-12-12 06:12:28.176 66571 INFO tempest.lib.common.rest_client [req-5b5d3822-8a21-47de-8e95-9a339c3278c5 req-5b5d3822-8a21-47de-8e95-9a339c3278c5 ] Request (ServerGroupTestJSON:setUpClass): 201 POST http://10.180.1.21/identity/v3/projects 0.151s
2024-12-12 06:12:28.280 66537 INFO tempest.lib.common.rest_client [req-a14deb40-92d3-422c-9a5b-d543608fbb28 req-a14deb40-92d3-422c-9a5b-d543608fbb28 ] Request (ComputeTenantNetworksTest:setUpClass): 201 POST http://10.180.1.21/identity/v3/auth/tokens 0.226s
2024-12-12 06:12:28.296 66571 INFO tempest.lib.common.rest_client [req-3fc21d30-8fdc-4b76-b8eb-910ef346a2c8 req-3fc21d30-8fdc-4b76-b8eb-910ef346a2c8 ] Request (ServerGroupTestJSON:setUpClass): 201 POST http://10.180.1.21/identity/v3/users 0.120s
2024-12-12 06:12:28.320 66537 INFO tempest.lib.common.rest_client [req-3c6a058c-e57b-4af8-9dc2-0a3b1cef1355 req-3c6a058c-e57b-4af8-9dc2-0a3b1cef1355 ] Request (ComputeTenantNetworksTest:setUpClass): 201 POST http://10.180.1.21/identity/v3/auth/tokens 0.037s
2024-12-12 06:12:28.320 66537 INFO tempest.lib.common.fixed_network [-] (ComputeTenantNetworksTest:setUpClass) Found network {'id': '589cead0-425c-4498-93d5-abbbbbcc3e27', 'name': 'tempest-ComputeTenantNetworksTest-1749970506-network', 'tenant_id': '0b9cf8f26e0a493db850feaa717f9c92', 'admin_state_up': True, 'mtu': 8950, 'status': 'ACTIVE', 'subnets': [], 'shared': False, 'project_id': '0b9cf8f26e0a493db850feaa717f9c92', 'port_security_enabled': True, 'router:external': False, 'provider:network_type': 'vlan', 'provider:physical_network': 'default', 'provider:segmentation_id': 450, 'availability_zone_hints': [], 'availability_zones': [], 'ipv4_address_scope': None, 'ipv6_address_scope': None, 'description': '', 'tags': [], 'created_at': '2024-12-12T06:12:27Z', 'updated_at': '2024-12-12T06:12:27Z', 'revision_number': 1} available for tenant
2024-12-12 06:12:28.321 66567 INFO tempest.lib.common.rest_client [req-6ab6f28a-526b-474f-acbd-ada95d220583 req-6ab6f28a-526b-474f-acbd-ada95d220583 ] Request (ServersAdmin275Test:test_rebuild_update_server_275): 202 POST http://10.180.1.21/compute/v2.1/servers 3.326s
2024-12-12 06:12:28.338 66571 INFO tempest.lib.common.rest_client [req-4eb59274-d8d6-4472-951a-f34814e5a227 req-4eb59274-d8d6-4472-951a-f34814e5a227 ] Request (ServerGroupTestJSON:setUpClass): 200 GET http://10.180.1.21/identity/v3/roles 0.041s
2024-12-12 06:12:28.371 66571 INFO tempest.lib.common.rest_client [req-c4dba21b-0aea-4669-8843-5855093a4bc8 req-c4dba21b-0aea-4669-8843-5855093a4bc8 ] Request (ServerGroupTestJSON:setUpClass): 204 PUT http://10.180.1.21/identity/v3/projects/81328100f38546ff9e40ac477fcdab8e/users/d25ed1ead3294212bfb3edcc9d4e65db/roles/f6eff1fc8eed4eec94c0a8ad11e3d1c2 0.028s
2024-12-12 06:12:28.371 66571 INFO tempest.lib.common.dynamic_creds [-] Dynamic test user d25ed1ead3294212bfb3edcc9d4e65db is created with scope project and roles: ['member']
2024-12-12 06:12:28.371 66571 INFO tempest.lib.common.dynamic_creds [-] Acquired dynamic creds: credentials: Credentials: {'domain_id': 'default', 'domain_name': 'Default', 'username': 'tempest-ServerGroupTestJSON-1716943164-project-member', 'project_domain_id': 'default', 'project_domain_name': 'Default', 'project_id': '81328100f38546ff9e40ac477fcdab8e', 'project_name': 'tempest-ServerGroupTestJSON-1716943164', 'tenant_id': '81328100f38546ff9e40ac477fcdab8e', 'tenant_name': 'tempest-ServerGroupTestJSON-1716943164', 'user_domain_id': 'default', 'user_domain_name': 'Default', 'user_id': 'd25ed1ead3294212bfb3edcc9d4e65db', 'system': None}, Network: None, Subnet: None, Router: None
2024-12-12 06:12:28.388 66555 INFO tempest.lib.common.rest_client [req-86ccaec1-e598-4d61-bcdc-8b48ab43d788 req-86ccaec1-e598-4d61-bcdc-8b48ab43d788 ] Request (FloatingIPsNegativeTestJSON:test_delete_nonexistent_floating_ip): 404 DELETE http://10.180.1.21/compute/v2.1/os-floating-ips/310cfea9-8e26-48b0-874d-8e98a1ea83e3 2.876s
2024-12-12 06:12:28.443 66571 INFO tempest.lib.common.rest_client [req-6328063a-f7f8-46cb-8378-fd7a43ffe905 req-6328063a-f7f8-46cb-8378-fd7a43ffe905 ] Request (ServerGroupTestJSON:setUpClass): 201 POST http://10.180.1.21/identity/v3/auth/tokens 0.071s
2024-12-12 06:12:28.483 66563 INFO tempest.lib.common.rest_client [req-03081a8c-7824-42a1-ade5-dfa4f72288f3 req-03081a8c-7824-42a1-ade5-dfa4f72288f3 ] Request (VolumesAdminNegativeTest:test_update_attached_volume_with_nonexistent_volume_in_body): 201 POST http://10.180.1.21:9696/networking/v2.0/floatingips 1.819s
2024-12-12 06:12:28.540 66511 INFO tempest.lib.common.rest_client [req-55379770-5485-4b52-8ff3-d0f4a632a286 req-55379770-5485-4b52-8ff3-d0f4a632a286 ] Request (DeleteServersAdminTestJSON:test_admin_delete_servers_of_others): 200 GET http://10.180.1.21/compute/v2.1/servers/51499cd4-c9d1-41d1-a170-f2f1a93525c7 3.353s
2024-12-12 06:12:28.549 66511 INFO tempest.common.waiters [-] State transition "BUILD/spawning" ==> "ACTIVE/None" after 23 second wait
2024-12-12 06:12:28.559 66563 INFO tempest.lib.common.rest_client [req-cc4086f9-3b5d-4100-85c3-d8ee499b3de3 req-cc4086f9-3b5d-4100-85c3-d8ee499b3de3 ] Request (VolumesAdminNegativeTest:test_update_attached_volume_with_nonexistent_volume_in_body): 201 POST http://10.180.1.21/identity/v3/auth/tokens 0.070s
2024-12-12 06:12:28.559 66523 INFO tempest.lib.common.rest_client [req-da2e3218-0025-48af-b079-26b91511e6b1 req-da2e3218-0025-48af-b079-26b91511e6b1 ] Request (ServicesAdminNegativeTestJSON:test_get_service_with_valid_service_and_invalid_host): 200 GET http://10.180.1.21/compute/v2.1/os-services 2.996s
2024-12-12 06:12:28.559 66563 INFO tempest.lib.common.fixed_network [-] (VolumesAdminNegativeTest:test_update_attached_volume_with_nonexistent_volume_in_body) Found network {'id': 'e6775197-327f-483d-be3a-9aa0516e6656', 'name': 'tempest-VolumesAdminNegativeTest-858949427-network', 'tenant_id': '3ff2f2a213094603869343ad247ed7b1', 'admin_state_up': True, 'mtu': 8950, 'status': 'ACTIVE', 'subnets': [], 'shared': False, 'project_id': '3ff2f2a213094603869343ad247ed7b1', 'port_security_enabled': True, 'router:external': False, 'provider:network_type': 'vlan', 'provider:physical_network': 'default', 'provider:segmentation_id': 462, 'availability_zone_hints': [], 'availability_zones': [], 'ipv4_address_scope': None, 'ipv6_address_scope': None, 'description': '', 'tags': [], 'created_at': '2024-12-12T06:12:07Z', 'updated_at': '2024-12-12T06:12:07Z', 'revision_number': 1} available for tenant
2024-12-12 06:12:28.574 66521 INFO tempest.lib.common.rest_client [req-2f00800b-807d-4616-a9d6-2444061ad46c req-2f00800b-807d-4616-a9d6-2444061ad46c ] Request (FlavorsExtraSpecsNegativeTestJSON:tearDownClass): 200 GET http://10.180.1.21/compute/v2.1/flavors/detail 2.984s
2024-12-12 06:12:28.631 66527 INFO tempest.lib.common.rest_client [req-f20486c2-57fe-4097-af5d-c1c754047e0e req-f20486c2-57fe-4097-af5d-c1c754047e0e ] Request (ServerDiagnosticsTest:test_get_server_diagnostics): 200 GET http://10.180.1.21/compute/v2.1/servers/eedc0111-0617-4092-9e0e-12a1db9fa8f0 3.075s
2024-12-12 06:12:28.643 66527 INFO tempest.common.waiters [-] State transition "BUILD/spawning" ==> "ACTIVE/None" after 21 second wait
2024-12-12 06:12:28.673 66521 INFO tempest.lib.common.rest_client [req-80524b17-e1d2-4410-905e-2a0125e8ba6f req-80524b17-e1d2-4410-905e-2a0125e8ba6f ] Request (FlavorsExtraSpecsNegativeTestJSON:tearDownClass): 204 DELETE http://10.180.1.21/identity/v3/users/ccc95628b3a44320b0a8137805a0b53e 0.094s
2024-12-12 06:12:28.791 66521 INFO tempest.lib.common.rest_client [req-ccff0433-476c-4ceb-8318-9f78e39051f1 req-ccff0433-476c-4ceb-8318-9f78e39051f1 ] Request (FlavorsExtraSpecsNegativeTestJSON:tearDownClass): 204 DELETE http://10.180.1.21/identity/v3/users/ac879972200e4c09949f88acb2a5a31d 0.117s
2024-12-12 06:12:28.792 66521 INFO tempest.lib.common.dynamic_creds [-] Deleting project and security group for project: 44f98983bebf4a3ca2935e5dfd3445e0
2024-12-12 06:12:28.822 66561 INFO tempest.lib.common.rest_client [req-409a2037-8c2e-4442-946c-931ee5b27ab3 req-409a2037-8c2e-4442-946c-931ee5b27ab3 ] Request (ServersAdminTestJSON:setUpClass): 200 GET http://10.180.1.21/compute/v2.1/servers/e7825697-e98d-42c2-be5f-0ccfebad24d5 3.169s
2024-12-12 06:12:28.830 66561 INFO tempest.common.waiters [-] State transition "BUILD/None" ==> "BUILD/spawning" after 7 second wait
2024-12-12 06:12:28.866 66521 INFO tempest.lib.common.rest_client [req-17833e7e-3364-4d81-9f11-52aa5d6441c6 req-17833e7e-3364-4d81-9f11-52aa5d6441c6 ] Request (FlavorsExtraSpecsNegativeTestJSON:tearDownClass): 201 POST http://10.180.1.21/identity/v3/auth/tokens 0.073s
2024-12-12 06:12:28.900 66525 INFO tempest.lib.common.rest_client [req-bd25a191-b009-4374-b45e-c5ba8c596692 req-bd25a191-b009-4374-b45e-c5ba8c596692 ] Request (ServersTestBootFromVolume:setUpClass): 200 GET http://10.180.1.21/volume/v3/volumes/1d8cc813-e709-40b6-9124-c24a2f04919f 0.040s
2024-12-12 06:12:29.061 66559 INFO tempest.lib.common.rest_client [req-c5ffc6e6-b613-48c0-b6ce-0eac21353300 req-c5ffc6e6-b613-48c0-b6ce-0eac21353300 ] Request (MigrationsAdminTest:test_list_migrations_in_flavor_resize_situation): 200 GET http://10.180.1.21/compute/v2.1/servers/f53c9471-b0fe-4c95-ab0a-bc1950cb22b7 3.052s
2024-12-12 06:12:29.068 66559 INFO tempest.common.waiters [-] State transition "BUILD/spawning" ==> "ACTIVE/None" after 22 second wait
2024-12-12 06:12:29.107 66571 INFO tempest.lib.common.rest_client [req-a6da886e-edc0-46dd-81e0-f683c67478f5 req-a6da886e-edc0-46dd-81e0-f683c67478f5 ] Request (ServerGroupTestJSON:setUpClass): 201 POST http://10.180.1.21:9696/networking/v2.0/networks 0.664s
2024-12-12 06:12:29.174 66569 INFO tempest.lib.common.rest_client [req-5049cd2a-4248-4195-b65d-af1deb333819 req-5049cd2a-4248-4195-b65d-af1deb333819 ] Request (ServersAdminNegativeTestJSON:setUpClass): 202 POST http://10.180.1.21/compute/v2.1/servers 3.301s
2024-12-12 06:12:29.300 66547 INFO tempest.lib.common.rest_client [req-a012702c-aba5-4506-a7a1-883c29a67234 req-a012702c-aba5-4506-a7a1-883c29a67234 ] Request (ImagesTestJSON:test_create_image_from_stopped_server): 200 GET http://10.180.1.21/compute/v2.1/servers/2e8fa450-81f3-4b9e-b595-647caad94b3b 3.197s
2024-12-12 06:12:29.309 66547 INFO tempest.common.waiters [-] State transition "BUILD/scheduling" ==> "BUILD/None" after 4 second wait
2024-12-12 06:12:29.327 66521 INFO tempest.lib.common.rest_client [req-32dd32f3-f69d-4e85-a964-29db596296cc req-32dd32f3-f69d-4e85-a964-29db596296cc ] Request (FlavorsExtraSpecsNegativeTestJSON:tearDownClass): 200 GET http://10.180.1.21:9696/networking/v2.0/security-groups?tenant_id=44f98983bebf4a3ca2935e5dfd3445e0&name=default 0.460s
2024-12-12 06:12:29.464 66521 INFO tempest.lib.common.rest_client [req-0593a03b-b78f-4306-8858-b57be10dc3a9 req-0593a03b-b78f-4306-8858-b57be10dc3a9 ] Request (FlavorsExtraSpecsNegativeTestJSON:tearDownClass): 204 DELETE http://10.180.1.21:9696/networking/v2.0/security-groups/c3d309d3-7372-47ce-a2a1-70253f505706 0.136s
2024-12-12 06:12:29.537 66521 INFO tempest.lib.common.rest_client [req-f39e657b-9675-4bf1-ab14-5a3b49b4a37d req-f39e657b-9675-4bf1-ab14-5a3b49b4a37d ] Request (FlavorsExtraSpecsNegativeTestJSON:tearDownClass): 204 DELETE http://10.180.1.21/identity/v3/projects/44f98983bebf4a3ca2935e5dfd3445e0 0.072s
2024-12-12 06:12:29.537 66521 INFO tempest.lib.common.dynamic_creds [-] Deleting project and security group for project: b42f51ef143646b6a9d34699b94fb754
2024-12-12 06:12:29.538 66557 INFO tempest.lib.common.rest_client [req-17b0da0c-2d58-4a5a-b092-5edad8365497 req-17b0da0c-2d58-4a5a-b092-5edad8365497 ] Request (ServerExternalEventsTest:test_create_server_external_events): 200 GET http://10.180.1.21/compute/v2.1/servers/c6e2357a-ec11-4bb5-989a-f6e886d91098 3.408s
2024-12-12 06:12:29.613 66529 INFO tempest.lib.common.rest_client [req-57f5b437-30cd-4da1-b233-2320d9b04b53 req-57f5b437-30cd-4da1-b233-2320d9b04b53 ] Request (AttachInterfacesTestJSON:setUpClass): 201 POST http://10.180.1.21:9696/networking/v2.0/routers 2.492s
2024-12-12 06:12:29.664 66555 INFO tempest.lib.common.rest_client [req-7cb2027f-08d6-47a6-89ec-d59b7c468941 req-7cb2027f-08d6-47a6-89ec-d59b7c468941 ] Request (FloatingIPsNegativeTestJSON:tearDownClass): 200 PUT http://10.180.1.21:9696/networking/v2.0/routers/243ff5ff-ddbf-46ab-a9d5-1842cc99f27a/remove_router_interface 1.274s
2024-12-12 06:12:29.756 66571 INFO tempest.lib.common.rest_client [req-44d33326-ee0a-4261-81b5-5a0780d65918 req-44d33326-ee0a-4261-81b5-5a0780d65918 ] Request (ServerGroupTestJSON:setUpClass): 201 POST http://10.180.1.21:9696/networking/v2.0/subnets 0.648s
2024-12-12 06:12:29.943 66525 INFO tempest.lib.common.rest_client [req-f8ac1e1a-984b-4be0-b580-6925f52cbf0e req-f8ac1e1a-984b-4be0-b580-6925f52cbf0e ] Request (ServersTestBootFromVolume:setUpClass): 200 GET http://10.180.1.21/volume/v3/volumes/1d8cc813-e709-40b6-9124-c24a2f04919f 0.035s
2024-12-12 06:12:29.987 66521 INFO tempest.lib.common.rest_client [req-d94f8085-8a1e-48c0-98c6-f2d004564d6f req-d94f8085-8a1e-48c0-98c6-f2d004564d6f ] Request (FlavorsExtraSpecsNegativeTestJSON:tearDownClass): 200 GET http://10.180.1.21:9696/networking/v2.0/security-groups?tenant_id=b42f51ef143646b6a9d34699b94fb754&name=default 0.449s
2024-12-12 06:12:30.031 66513 INFO tempest.lib.common.rest_client [req-4e2763a7-cab6-4835-9062-d82ad5a642cd req-4e2763a7-cab6-4835-9062-d82ad5a642cd ] Request (SecurityGroupsTestAdminJSON:test_list_security_groups_list_all_tenants_filter): 200 POST http://10.180.1.21/compute/v2.1/os-security-groups 3.752s
2024-12-12 06:12:30.053 66515 INFO tempest.lib.common.rest_client [req-76681554-c70a-4f38-ab96-93ccc6fcb005 req-76681554-c70a-4f38-ab96-93ccc6fcb005 ] Request (FlavorsV2TestJSON:test_list_flavors_with_detail): 200 GET http://10.180.1.21/compute/v2.1/flavors/detail 3.739s
2024-12-12 06:12:30.091 66535 INFO tempest.lib.common.rest_client [req-484e3bfc-dcce-4b2b-b181-20bd1c26c066 req-484e3bfc-dcce-4b2b-b181-20bd1c26c066 ] Request (VolumesAssistedSnapshotsTest:test_volume_assisted_snapshot_create_delete): 202 POST http://10.180.1.21/compute/v2.1/servers 4.009s
2024-12-12 06:12:30.111 66543 INFO tempest.lib.common.rest_client [req-df45fdf1-673f-4ad8-8756-433abd78a4b7 req-df45fdf1-673f-4ad8-8756-433abd78a4b7 ] Request (AggregatesAdminNegativeTestJSON:_run_cleanups): 200 DELETE http://10.180.1.21/compute/v2.1/os-aggregates/3 3.772s
2024-12-12 06:12:30.135 66521 INFO tempest.lib.common.rest_client [req-7eeb0511-8de6-4525-bc65-db125821304c req-7eeb0511-8de6-4525-bc65-db125821304c ] Request (FlavorsExtraSpecsNegativeTestJSON:tearDownClass): 204 DELETE http://10.180.1.21:9696/networking/v2.0/security-groups/f18a0ee9-53ee-4e19-bfa2-60bbda16267d 0.147s
2024-12-12 06:12:30.184 66509 INFO tempest.lib.common.rest_client [req-0c5a6846-92ff-45a1-b288-031c66050dc2 req-0c5a6846-92ff-45a1-b288-031c66050dc2 ] Request (InstanceActionsNegativeTestJSON:setUpClass): 200 GET http://10.180.1.21/compute/v2.1/servers/1a4f71f8-44c2-44a4-baf5-d3e4b8f578a3 3.826s
2024-12-12 06:12:30.250 66521 INFO tempest.lib.common.rest_client [req-10aea38d-4729-4421-8831-980b44c5b962 req-10aea38d-4729-4421-8831-980b44c5b962 ] Request (FlavorsExtraSpecsNegativeTestJSON:tearDownClass): 204 DELETE http://10.180.1.21/identity/v3/projects/b42f51ef143646b6a9d34699b94fb754 0.114s
2024-12-12 06:12:30.277 66519 INFO tempest.lib.common.rest_client [req-209b44ca-5586-4871-ac15-9c8623a4016f req-209b44ca-5586-4871-ac15-9c8623a4016f ] Request (FloatingIPDetailsNegativeTestJSON:test_get_nonexistent_floating_ip_details): 404 GET http://10.180.1.21/compute/v2.1/os-floating-ips/d4d2028d-da17-4d2a-bedf-0c4cd369213a 3.950s
2024-12-12 06:12:30.286 66539 INFO tempest.lib.common.rest_client [req-9fbd2dd8-4b2e-4654-9408-40f56505ad84 req-9fbd2dd8-4b2e-4654-9408-40f56505ad84 ] Request (ServerDiagnosticsV248Test:test_get_server_diagnostics): 200 GET http://10.180.1.21/compute/v2.1/servers/aa6dae77-d9ec-4e13-acee-3ce72ff44df3 3.810s
2024-12-12 06:12:30.293 66553 INFO tempest.lib.common.rest_client [req-ef6bbdc6-167d-4044-a9eb-fd066b1c51c2 req-ef6bbdc6-167d-4044-a9eb-fd066b1c51c2 ] Request (HostsAdminNegativeTestJSON:test_reboot_nonexistent_host): 404 GET http://10.180.1.21/compute/v2.1/os-hosts/nonexistent_hostname/reboot 3.475s
2024-12-12 06:12:30.334 66521 INFO tempest.lib.common.rest_client [req-18f5c7a8-e6a6-42c2-a4fa-343f39639bb0 req-18f5c7a8-e6a6-42c2-a4fa-343f39639bb0 ] Request (QuotasAdminTestV236:setUpClass): 201 POST http://10.180.1.21/identity/v3/auth/tokens 0.083s
2024-12-12 06:12:30.366 66521 INFO tempest.lib.common.rest_client [req-7d82063c-0dc7-4696-a039-204a97b15388 req-7d82063c-0dc7-4696-a039-204a97b15388 ] Request (QuotasAdminTestV236:setUpClass): 201 POST http://10.180.1.21/identity/v3/auth/tokens 0.027s
2024-12-12 06:12:30.394 66521 INFO tempest.lib.common.rest_client [req-a4d024f7-45ac-4358-b133-6fc62c33fbe9 req-a4d024f7-45ac-4358-b133-6fc62c33fbe9 ] Request (QuotasAdminTestV236:setUpClass): 200 GET http://10.180.1.21/identity/v3/domains?name=Default 0.027s
2024-12-12 06:12:30.409 66541 INFO tempest.lib.common.rest_client [req-6246ebe0-025d-47a8-8dd9-f7e869cd235a req-6246ebe0-025d-47a8-8dd9-f7e869cd235a ] Request (QuotaClassesAdmin257Test:test_update_default_quotas): 200 GET http://10.180.1.21/compute/v2.1/os-quota-class-sets/default 3.562s
2024-12-12 06:12:30.440 66521 INFO tempest.lib.common.rest_client [req-4b4323ed-2725-49ba-9036-a4789ab1eee0 req-4b4323ed-2725-49ba-9036-a4789ab1eee0 ] Request (QuotasAdminTestV236:setUpClass): 201 POST http://10.180.1.21/identity/v3/projects 0.046s
2024-12-12 06:12:30.476 66549 INFO tempest.lib.common.rest_client [req-794563a8-96db-4b3e-80e1-863c2ef3bb4c req-794563a8-96db-4b3e-80e1-863c2ef3bb4c ] Request (FloatingIPDetailsTestJSON:test_list_floating_ips): 200 GET http://10.180.1.21/compute/v2.1/os-floating-ips 3.344s
2024-12-12 06:12:30.509 66521 INFO tempest.lib.common.rest_client [req-74f4475c-f0eb-4fd0-b317-c95000eb675d req-74f4475c-f0eb-4fd0-b317-c95000eb675d ] Request (QuotasAdminTestV236:setUpClass): 201 POST http://10.180.1.21/identity/v3/users 0.067s
2024-12-12 06:12:30.540 66521 INFO tempest.lib.common.rest_client [req-54c5e855-321b-414f-84dd-cfcfcdc7226d req-54c5e855-321b-414f-84dd-cfcfcdc7226d ] Request (QuotasAdminTestV236:setUpClass): 200 GET http://10.180.1.21/identity/v3/roles 0.030s
2024-12-12 06:12:30.568 66517 INFO tempest.lib.common.rest_client [req-309aa612-f206-4cb9-846a-091b2e1bf1ae req-309aa612-f206-4cb9-846a-091b2e1bf1ae ] Request (ServerDiagnosticsNegativeTest:tearDownClass): 204 DELETE http://10.180.1.21/compute/v2.1/servers/c8ca08aa-15af-4053-bdb5-ca709ff0fcfb 3.372s
2024-12-12 06:12:30.588 66521 INFO tempest.lib.common.rest_client [req-fc4bb9e9-b861-4ffc-84d0-af6e49d41e15 req-fc4bb9e9-b861-4ffc-84d0-af6e49d41e15 ] Request (QuotasAdminTestV236:setUpClass): 204 PUT http://10.180.1.21/identity/v3/projects/25704413540d46c0ac4a6305b4e27223/users/181d50ac4df446e181e8251162bd17af/roles/f6eff1fc8eed4eec94c0a8ad11e3d1c2 0.047s
2024-12-12 06:12:30.588 66521 INFO tempest.lib.common.dynamic_creds [-] Dynamic test user 181d50ac4df446e181e8251162bd17af is created with scope project and roles: ['member']
2024-12-12 06:12:30.588 66521 INFO tempest.lib.common.dynamic_creds [-] Acquired dynamic creds: credentials: Credentials: {'domain_id': 'default', 'domain_name': 'Default', 'username': 'tempest-QuotasAdminTestV236-643623783-project-member', 'project_domain_id': 'default', 'project_domain_name': 'Default', 'project_id': '25704413540d46c0ac4a6305b4e27223', 'project_name': 'tempest-QuotasAdminTestV236-643623783', 'tenant_id': '25704413540d46c0ac4a6305b4e27223', 'tenant_name': 'tempest-QuotasAdminTestV236-643623783', 'user_domain_id': 'default', 'user_domain_name': 'Default', 'user_id': '181d50ac4df446e181e8251162bd17af', 'system': None}, Network: None, Subnet: None, Router: None
2024-12-12 06:12:30.588 66521 INFO tempest.lib.common.dynamic_creds [-] Created isolated network resources for: credentials: Credentials: {'domain_id': 'default', 'domain_name': 'Default', 'username': 'tempest-QuotasAdminTestV236-643623783-project-member', 'project_domain_id': 'default', 'project_domain_name': 'Default', 'project_id': '25704413540d46c0ac4a6305b4e27223', 'project_name': 'tempest-QuotasAdminTestV236-643623783', 'tenant_id': '25704413540d46c0ac4a6305b4e27223', 'tenant_name': 'tempest-QuotasAdminTestV236-643623783', 'user_domain_id': 'default', 'user_domain_name': 'Default', 'user_id': '181d50ac4df446e181e8251162bd17af', 'system': None}, Network: None, Subnet: None, Router: None
2024-12-12 06:12:30.640 66533 INFO tempest.lib.common.rest_client [req-5de8c2a3-3097-4a02-957d-edb11175e2d6 req-5de8c2a3-3097-4a02-957d-edb11175e2d6 ] Request (ServersWithSpecificFlavorTestJSON:test_verify_created_server_ephemeral_disk): 200 GET http://10.180.1.21/compute/v2.1/servers/3199fd67-18ea-415a-8ace-007f2ce5e72b 2.549s
2024-12-12 06:12:30.718 66521 INFO tempest.lib.common.rest_client [req-fde332c6-e1a4-4a69-a233-534bca26ab23 req-fde332c6-e1a4-4a69-a233-534bca26ab23 ] Request (QuotasAdminTestV236:setUpClass): 201 POST http://10.180.1.21/identity/v3/auth/tokens 0.126s
2024-12-12 06:12:30.773 66531 INFO tempest.lib.common.rest_client [req-1133b62b-5345-44cd-89fa-a992545f8022 req-1133b62b-5345-44cd-89fa-a992545f8022 ] Request (AZV2TestJSON:test_get_availability_zone_list_with_non_admin_user): 200 GET http://10.180.1.21/compute/v2.1/os-availability-zone 3.369s
2024-12-12 06:12:30.821 66521 INFO tempest.lib.common.rest_client [req-64ea55a7-e818-451a-a181-f3f6e32412b2 req-64ea55a7-e818-451a-a181-f3f6e32412b2 ] Request (QuotasAdminTestV236:setUpClass): 201 POST http://10.180.1.21/identity/v3/projects 0.102s
2024-12-12 06:12:30.838 66545 INFO tempest.lib.common.rest_client [req-dba9d6b7-b04d-40a9-9592-45f646270874 req-dba9d6b7-b04d-40a9-9592-45f646270874 ] Request (HypervisorAdminUnderV252Test:test_get_hypervisor_show_servers): 200 GET http://10.180.1.21/compute/v2.1/os-hypervisors 2.697s
2024-12-12 06:12:30.890 66521 INFO tempest.lib.common.rest_client [req-8377188b-2e46-4a70-bfe7-6b54f7599b26 req-8377188b-2e46-4a70-bfe7-6b54f7599b26 ] Request (QuotasAdminTestV236:setUpClass): 201 POST http://10.180.1.21/identity/v3/users 0.068s
2024-12-12 06:12:30.938 66531 INFO tempest.lib.common.rest_client [req-f745ec03-fb74-40ff-a70d-f43a876d6578 req-f745ec03-fb74-40ff-a70d-f43a876d6578 ] Request (AZV2TestJSON:tearDownClass): 204 DELETE http://10.180.1.21/identity/v3/users/f88bf52b5c6849d49c3aefde547dbd5c 0.163s
2024-12-12 06:12:30.938 66531 INFO tempest.lib.common.dynamic_creds [-] Deleting project and security group for project: c85d102b54814ecebb0e82b6b43148ae
2024-12-12 06:12:30.960 66521 INFO tempest.lib.common.rest_client [req-09f5f64b-a4b9-4294-8aea-4f074259092b req-09f5f64b-a4b9-4294-8aea-4f074259092b ] Request (QuotasAdminTestV236:setUpClass): 200 GET http://10.180.1.21/identity/v3/roles 0.070s
2024-12-12 06:12:30.982 66567 INFO tempest.lib.common.rest_client [req-0301d4dc-89eb-4df1-b823-a11b8eacb1aa req-0301d4dc-89eb-4df1-b823-a11b8eacb1aa ] Request (ServersAdmin275Test:test_rebuild_update_server_275): 200 PUT http://10.180.1.21/compute/v2.1/servers/132115f0-7827-47f7-8564-ee8684140793 2.658s
2024-12-12 06:12:30.985 66537 INFO tempest.lib.common.rest_client [req-77cf4b25-927a-4df9-a98a-875b2f64441b req-77cf4b25-927a-4df9-a98a-875b2f64441b ] Request (ComputeTenantNetworksTest:test_list_show_tenant_networks): 200 GET http://10.180.1.21/compute/v2.1/os-tenant-networks 2.664s
2024-12-12 06:12:30.999 66525 INFO tempest.lib.common.rest_client [req-7eda44cb-9dba-4f9e-ab6a-02186ca1d74e req-7eda44cb-9dba-4f9e-ab6a-02186ca1d74e ] Request (ServersTestBootFromVolume:setUpClass): 200 GET http://10.180.1.21/volume/v3/volumes/1d8cc813-e709-40b6-9124-c24a2f04919f 0.048s
2024-12-12 06:12:31.014 66531 INFO tempest.lib.common.rest_client [req-e0fee720-56f7-4cdb-8483-d1959074a1d4 req-e0fee720-56f7-4cdb-8483-d1959074a1d4 ] Request (AZV2TestJSON:tearDownClass): 201 POST http://10.180.1.21/identity/v3/auth/tokens 0.075s
2024-12-12 06:12:31.072 66521 INFO tempest.lib.common.rest_client [req-b1072386-8d43-4572-bc93-cf57c5c3024c req-b1072386-8d43-4572-bc93-cf57c5c3024c ] Request (QuotasAdminTestV236:setUpClass): 204 PUT http://10.180.1.21/identity/v3/projects/8d03bcc817c34e6daf646d3d61f47662/users/410e1e1c2b534656ad5eaccc0c78a43f/roles/c257faa2f2fc49d0b6326b64e3c1a992 0.110s
2024-12-12 06:12:31.088 66555 INFO tempest.lib.common.rest_client [req-4dda6e28-772b-495f-8c60-e12cdc65907c req-4dda6e28-772b-495f-8c60-e12cdc65907c ] Request (FloatingIPsNegativeTestJSON:tearDownClass): 204 DELETE http://10.180.1.21:9696/networking/v2.0/routers/243ff5ff-ddbf-46ab-a9d5-1842cc99f27a 1.423s
2024-12-12 06:12:31.185 66521 INFO tempest.lib.common.rest_client [req-27a6f967-4050-4a28-b10b-4ff33ff5a28c req-27a6f967-4050-4a28-b10b-4ff33ff5a28c ] Request (QuotasAdminTestV236:setUpClass): 200 GET http://10.180.1.21/identity/v3/roles 0.113s
2024-12-12 06:12:31.210 66521 INFO tempest.lib.common.rest_client [req-e886fd72-90b8-4267-bc47-76e22eb5b859 req-e886fd72-90b8-4267-bc47-76e22eb5b859 ] Request (QuotasAdminTestV236:setUpClass): 204 PUT http://10.180.1.21/identity/v3/projects/8d03bcc817c34e6daf646d3d61f47662/users/410e1e1c2b534656ad5eaccc0c78a43f/roles/c257faa2f2fc49d0b6326b64e3c1a992 0.022s
2024-12-12 06:12:31.210 66521 INFO tempest.lib.common.dynamic_creds [-] Dynamic test user 410e1e1c2b534656ad5eaccc0c78a43f is created with scope project and roles: ['admin']
2024-12-12 06:12:31.210 66521 INFO tempest.lib.common.dynamic_creds [-] Acquired dynamic creds: credentials: Credentials: {'domain_id': 'default', 'domain_name': 'Default', 'username': 'tempest-QuotasAdminTestV236-727083324-project-admin', 'project_domain_id': 'default', 'project_domain_name': 'Default', 'project_id': '8d03bcc817c34e6daf646d3d61f47662', 'project_name': 'tempest-QuotasAdminTestV236-727083324', 'tenant_id': '8d03bcc817c34e6daf646d3d61f47662', 'tenant_name': 'tempest-QuotasAdminTestV236-727083324', 'user_domain_id': 'default', 'user_domain_name': 'Default', 'user_id': '410e1e1c2b534656ad5eaccc0c78a43f', 'system': None}, Network: None, Subnet: None, Router: None
2024-12-12 06:12:31.210 66521 INFO tempest.lib.common.dynamic_creds [-] Created isolated network resources for: credentials: Credentials: {'domain_id': 'default', 'domain_name': 'Default', 'username': 'tempest-QuotasAdminTestV236-727083324-project-admin', 'project_domain_id': 'default', 'project_domain_name': 'Default', 'project_id': '8d03bcc817c34e6daf646d3d61f47662', 'project_name': 'tempest-QuotasAdminTestV236-727083324', 'tenant_id': '8d03bcc817c34e6daf646d3d61f47662', 'tenant_name': 'tempest-QuotasAdminTestV236-727083324', 'user_domain_id': 'default', 'user_domain_name': 'Default', 'user_id': '410e1e1c2b534656ad5eaccc0c78a43f', 'system': None}, Network: None, Subnet: None, Router: None
2024-12-12 06:12:31.302 66521 INFO tempest.lib.common.rest_client [req-3f491383-ffac-4968-beb7-0b43476d34b5 req-3f491383-ffac-4968-beb7-0b43476d34b5 ] Request (QuotasAdminTestV236:setUpClass): 201 POST http://10.180.1.21/identity/v3/auth/tokens 0.085s
2024-12-12 06:12:31.303 66521 WARNING tempest.lib.common.rest_client [-] Deprecated: "tenant_id" property is deprecated for removal, use "project_id" instead
2024-12-12 06:12:31.331 66511 INFO tempest.lib.common.rest_client [req-6a6bf5ca-9b77-433d-a4a3-ebb29c23a6e0 req-6a6bf5ca-9b77-433d-a4a3-ebb29c23a6e0 ] Request (DeleteServersAdminTestJSON:test_admin_delete_servers_of_others): 204 DELETE http://10.180.1.21/compute/v2.1/servers/51499cd4-c9d1-41d1-a170-f2f1a93525c7 2.781s
2024-12-12 06:12:31.360 66523 INFO tempest.lib.common.rest_client [req-3838cc86-3b78-48ef-985f-74abd02671a9 req-3838cc86-3b78-48ef-985f-74abd02671a9 ] Request (ServicesAdminNegativeTestJSON:test_get_service_with_valid_service_and_invalid_host): 200 GET http://10.180.1.21/compute/v2.1/os-services?host=xxx&binary=nova-scheduler 2.797s
2024-12-12 06:12:31.450 66555 INFO tempest.lib.common.rest_client [req-977ecd86-f90e-4eed-b183-3fe8330e9e8a req-977ecd86-f90e-4eed-b183-3fe8330e9e8a ] Request (FloatingIPsNegativeTestJSON:tearDownClass): 204 DELETE http://10.180.1.21:9696/networking/v2.0/subnets/3c7f72fe-c699-420f-871c-b12199edd9cb 0.360s
2024-12-12 06:12:31.553 66531 INFO tempest.lib.common.rest_client [req-ddcb472d-0b44-4a39-b826-f757252fd37c req-ddcb472d-0b44-4a39-b826-f757252fd37c ] Request (AZV2TestJSON:tearDownClass): 200 GET http://10.180.1.21:9696/networking/v2.0/security-groups?tenant_id=c85d102b54814ecebb0e82b6b43148ae&name=default 0.539s
2024-12-12 06:12:31.878 66531 INFO tempest.lib.common.rest_client [req-eda42795-3619-4a57-b9e0-2588d4bebb85 req-eda42795-3619-4a57-b9e0-2588d4bebb85 ] Request (AZV2TestJSON:tearDownClass): 204 DELETE http://10.180.1.21:9696/networking/v2.0/security-groups/e98a35cd-0367-461f-8c70-f0485d343bfc 0.325s
2024-12-12 06:12:31.931 66555 INFO tempest.lib.common.rest_client [req-1e7f3568-345c-4642-8c26-524746ae916e req-1e7f3568-345c-4642-8c26-524746ae916e ] Request (FloatingIPsNegativeTestJSON:tearDownClass): 204 DELETE http://10.180.1.21:9696/networking/v2.0/networks/41508041-3e56-49f3-a9fa-cf1db33a56c1 0.481s
2024-12-12 06:12:31.967 66563 INFO tempest.lib.common.rest_client [req-a1fdafa3-8797-47e9-a099-b0e2f8e974db req-a1fdafa3-8797-47e9-a099-b0e2f8e974db ] Request (VolumesAdminNegativeTest:test_update_attached_volume_with_nonexistent_volume_in_body): 202 POST http://10.180.1.21/compute/v2.1/servers 3.407s
2024-12-12 06:12:32.053 66525 INFO tempest.lib.common.rest_client [req-b020d4cb-bce9-49a0-a8cd-95e6cc2c3e60 req-b020d4cb-bce9-49a0-a8cd-95e6cc2c3e60 ] Request (ServersTestBootFromVolume:setUpClass): 200 GET http://10.180.1.21/volume/v3/volumes/1d8cc813-e709-40b6-9124-c24a2f04919f 0.046s
2024-12-12 06:12:32.098 66531 INFO tempest.lib.common.rest_client [req-fc14039b-5852-4130-a14a-ef6d9a2920e8 req-fc14039b-5852-4130-a14a-ef6d9a2920e8 ] Request (AZV2TestJSON:tearDownClass): 204 DELETE http://10.180.1.21/identity/v3/projects/c85d102b54814ecebb0e82b6b43148ae 0.219s
2024-12-12 06:12:32.111 66555 INFO tempest.lib.common.rest_client [req-b602f13a-e325-4703-9523-5ccc920f0d15 req-b602f13a-e325-4703-9523-5ccc920f0d15 ] Request (FloatingIPsNegativeTestJSON:tearDownClass): 204 DELETE http://10.180.1.21/identity/v3/users/f6ab2173f44f407c89677e0f3773b217 0.179s
2024-12-12 06:12:32.111 66555 INFO tempest.lib.common.dynamic_creds [-] Deleting project and security group for project: 6fe0b9c6276745739c73728f36421f18
2024-12-12 06:12:32.129 66551 INFO tempest.lib.common.rest_client [req-fce48f80-e9bd-4209-a255-852156eb29b4 req-fce48f80-e9bd-4209-a255-852156eb29b4 ] Request (ImagesOneServerTestJSON:setUpClass): 200 GET http://10.180.1.21/compute/v2.1/servers/ea0c1583-4e47-455c-882a-055eaf3c3d34 3.250s
2024-12-12 06:12:32.139 66551 INFO tempest.common.waiters [-] State transition "BUILD/spawning" ==> "ACTIVE/None" after 24 second wait
2024-12-12 06:12:32.183 66555 INFO tempest.lib.common.rest_client [req-c967de1a-3252-434f-833d-4b9fa0b74251 req-c967de1a-3252-434f-833d-4b9fa0b74251 ] Request (FloatingIPsNegativeTestJSON:tearDownClass): 200 GET http://10.180.1.21:9696/networking/v2.0/security-groups?tenant_id=6fe0b9c6276745739c73728f36421f18&name=default 0.072s
2024-12-12 06:12:32.202 66531 INFO tempest.lib.common.rest_client [req-c39cde52-782f-4ef6-b816-3f005f2075dc req-c39cde52-782f-4ef6-b816-3f005f2075dc ] Request (ServerActionsV293TestJSON:setUpClass): 201 POST http://10.180.1.21/identity/v3/auth/tokens 0.101s
2024-12-12 06:12:32.253 66531 INFO tempest.lib.common.rest_client [req-fbdc4baa-edbc-490b-8c06-314bb0908595 req-fbdc4baa-edbc-490b-8c06-314bb0908595 ] Request (ServerActionsV293TestJSON:setUpClass): 201 POST http://10.180.1.21/identity/v3/auth/tokens 0.048s
2024-12-12 06:12:32.269 66527 INFO tempest.lib.common.rest_client [req-1e0b873a-52d7-4a73-ac3c-2af358c28f4b req-1e0b873a-52d7-4a73-ac3c-2af358c28f4b ] Request (ServerDiagnosticsTest:test_get_server_diagnostics): 200 GET http://10.180.1.21/compute/v2.1/servers/eedc0111-0617-4092-9e0e-12a1db9fa8f0/diagnostics 3.625s
2024-12-12 06:12:32.296 66531 INFO tempest.lib.common.rest_client [req-db05f17b-f51e-4513-bc08-ee5258e3be23 req-db05f17b-f51e-4513-bc08-ee5258e3be23 ] Request (ServerActionsV293TestJSON:setUpClass): 200 GET http://10.180.1.21/identity/v3/domains?name=Default 0.042s
