2024-12-12 06:14:33.934 66553 INFO tempest.lib.common.fixed_network [-] (ServerRescueTestJSON:test_rescue_unrescue_instance) Found network {'id': '25409ccf-7aa1-4c90-9ec9-4d10249f9574', 'name': 'tempest-ServerRescueTestJSON-338499880-network', 'tenant_id': '65c903eda0874b509d209dda3b325255', 'admin_state_up': True, 'mtu': 8950, 'status': 'ACTIVE', 'subnets': [], 'shared': False, 'project_id': '65c903eda0874b509d209dda3b325255', 'port_security_enabled': True, 'router:external': False, 'provider:network_type': 'vlan', 'provider:physical_network': 'default', 'provider:segmentation_id': 293, 'availability_zone_hints': [], 'availability_zones': [], 'ipv4_address_scope': None, 'ipv6_address_scope': None, 'description': '', 'tags': [], 'created_at': '2024-12-12T06:13:09Z', 'updated_at': '2024-12-12T06:13:09Z', 'revision_number': 1} available for tenant
2024-12-12 06:14:33.950 66543 INFO tempest.lib.common.rest_client [req-ebd33278-acc1-41c2-be27-78f7cdba3ced req-ebd33278-acc1-41c2-be27-78f7cdba3ced ] Request (ServerShowV247Test:test_update_rebuild_list_server): 200 GET http://10.180.1.21/compute/v2.1/servers/22d3b5be-e63b-4912-8590-4f5e811099a3 0.063s
2024-12-12 06:14:34.105 66541 INFO tempest.lib.common.rest_client [req-e989099c-1f18-4e7e-9712-45f7fca705c6 req-e989099c-1f18-4e7e-9712-45f7fca705c6 ] Request (ServerRescueTestJSONUnderV235:setUpClass): 200 GET http://10.180.1.21/compute/v2.1/servers/5f99a2c4-9ef4-4939-9c4c-714be1033d6d 0.146s
2024-12-12 06:14:34.154 66519 INFO tempest.lib.common.rest_client [req-8b1184b4-2636-4138-adc5-cb54908847e8 req-8b1184b4-2636-4138-adc5-cb54908847e8 ] Request (ServerActionsTestOtherA:setUpClass): 200 GET http://10.180.1.21/compute/v2.1/servers/25895bc9-1aab-48ec-9dbb-06d5b38eacbf 0.129s
2024-12-12 06:14:34.227 66571 INFO tempest.lib.common.rest_client [req-a606d338-6023-4707-a2bb-9d1e1eaa1c59 req-a606d338-6023-4707-a2bb-9d1e1eaa1c59 ] Request (ServerGroupTestJSON:tearDownClass): 204 DELETE http://10.180.1.21:9696/networking/v2.0/networks/ce224f92-ba3d-4492-b802-4e29fcb0a92c 0.410s
2024-12-12 06:14:34.250 66513 INFO tempest.lib.common.rest_client [req-8943f2b6-51a9-4179-8a6f-141fd0f00b56 req-8943f2b6-51a9-4179-8a6f-141fd0f00b56 ] Request (ServersAaction247Test:tearDownClass): 200 GET http://10.180.1.21/compute/v2.1/servers/a54c49fd-82ab-4e2d-8e32-47cba093e613 0.090s
2024-12-12 06:14:34.281 66553 INFO tempest.lib.common.rest_client [req-609bba56-a43e-4b8c-9234-f5e1450dcf31 req-609bba56-a43e-4b8c-9234-f5e1450dcf31 ] Request (ServerRescueTestJSON:test_rescue_unrescue_instance): 202 POST http://10.180.1.21/compute/v2.1/servers 0.346s
2024-12-12 06:14:34.331 66553 INFO tempest.lib.common.rest_client [req-25af57a2-a059-46fc-a347-221d3db0aa2d req-25af57a2-a059-46fc-a347-221d3db0aa2d ] Request (ServerRescueTestJSON:test_rescue_unrescue_instance): 200 GET http://10.180.1.21/compute/v2.1/servers/76ddd43d-f048-48de-93f0-cfb582727acc 0.048s
2024-12-12 06:14:34.340 66539 INFO tempest.lib.common.rest_client [req-0e736fbe-bbb0-4d8a-a4d4-7c3a26833223 req-0e736fbe-bbb0-4d8a-a4d4-7c3a26833223 ] Request (AttachVolumeShelveTestJSON:test_attach_volume_shelved_or_offload_server): 200 GET http://10.180.1.21/compute/v2.1/servers/7ef00a00-9a65-4a09-a8d2-b33a344a458d 0.076s
2024-12-12 06:14:34.391 66567 INFO tempest.lib.common.rest_client [req-252ad0c2-869b-468d-a15c-081896f5bae1 req-252ad0c2-869b-468d-a15c-081896f5bae1 ] Request (ListServerFiltersTestJSON:setUpClass): 200 GET http://10.180.1.21/compute/v2.1/servers/6e9ab950-8a82-4a48-881b-9cd3d5849577 0.087s
2024-12-12 06:14:34.394 66571 INFO tempest.lib.common.rest_client [req-c3269007-497d-40c7-9ba3-7cf848cc585d req-c3269007-497d-40c7-9ba3-7cf848cc585d ] Request (ServerGroupTestJSON:tearDownClass): 204 DELETE http://10.180.1.21/identity/v3/users/d25ed1ead3294212bfb3edcc9d4e65db 0.166s
2024-12-12 06:14:34.394 66571 INFO tempest.lib.common.dynamic_creds [-] Deleting project and security group for project: 81328100f38546ff9e40ac477fcdab8e
2024-12-12 06:14:34.398 66555 INFO tempest.lib.common.rest_client [req-71e616d2-9b1a-4daf-b13d-978c08a946c7 req-71e616d2-9b1a-4daf-b13d-978c08a946c7 ] Request (ServersTestJSON:test_create_server_with_ipv6_addr_only): 200 GET http://10.180.1.21/compute/v2.1/servers/7ae0c60f-0518-4990-ba93-2a0c9068f96c 0.077s
2024-12-12 06:14:34.428 66571 INFO tempest.lib.common.rest_client [req-446f3213-43f1-4934-85c2-0b7e22e4b54f req-446f3213-43f1-4934-85c2-0b7e22e4b54f ] Request (ServerGroupTestJSON:tearDownClass): 200 GET http://10.180.1.21:9696/networking/v2.0/security-groups?tenant_id=81328100f38546ff9e40ac477fcdab8e&name=default 0.034s
2024-12-12 06:14:34.479 66569 INFO tempest.lib.common.rest_client [req-2f83a0c5-8cb2-4a1e-9246-455df2b5addd req-2f83a0c5-8cb2-4a1e-9246-455df2b5addd ] Request (ServersAdminNegativeTestJSON:tearDownClass): 200 GET http://10.180.1.21/compute/v2.1/servers/d9e6f5ba-9b06-4e71-826b-4df16e8aacc6 0.076s
2024-12-12 06:14:34.528 66515 INFO tempest.lib.common.rest_client [req-62c9da9b-e379-4eb4-8b06-1d583211b78e req-62c9da9b-e379-4eb4-8b06-1d583211b78e ] Request (AttachInterfacesUnderV243Test:test_add_remove_fixed_ip): 200 GET http://10.180.1.21/compute/v2.1/servers/216fb86d-0271-4b94-9dd9-18421414a146 0.068s
2024-12-12 06:14:34.548 66571 INFO tempest.lib.common.rest_client [req-eb7db84a-6ac5-429b-887f-8163de5e470f req-eb7db84a-6ac5-429b-887f-8163de5e470f ] Request (ServerGroupTestJSON:tearDownClass): 204 DELETE http://10.180.1.21:9696/networking/v2.0/security-groups/e4626d98-7f9b-4db6-afef-6bb81f6bffbe 0.119s
2024-12-12 06:14:34.598 66527 INFO tempest.lib.common.rest_client [req-c83e7a62-da22-4f37-bb95-904c1d5f52e2 req-c83e7a62-da22-4f37-bb95-904c1d5f52e2 ] Request (ServersNegativeTestJSON:setUpClass): 200 GET http://10.180.1.21/compute/v2.1/servers/d2c94225-95a9-400a-90a6-0cc5e63d3ec8 0.064s
2024-12-12 06:14:34.660 66521 INFO tempest.lib.common.rest_client [req-8b3811d9-39d3-44f0-9342-7606d6a9ec05 req-8b3811d9-39d3-44f0-9342-7606d6a9ec05 ] Request (ServersTestJSON:setUpClass): 200 GET http://10.180.1.21/compute/v2.1/servers/e672f797-e55a-4896-89e9-792374cd6830 0.055s
2024-12-12 06:14:34.662 66571 INFO tempest.lib.common.rest_client [req-f36d95d4-bd7a-4767-97c9-738979b860a6 req-f36d95d4-bd7a-4767-97c9-738979b860a6 ] Request (ServerGroupTestJSON:tearDownClass): 204 DELETE http://10.180.1.21/identity/v3/projects/81328100f38546ff9e40ac477fcdab8e 0.113s
2024-12-12 06:14:34.664 66571 INFO tempest.test [-] raised in ServerStableDeviceRescueTest.setUpClass. Invoking tearDownClass.
2024-12-12 06:14:34.724 66551 INFO tempest.lib.common.rest_client [req-12d59d0c-341f-4c1d-a448-22a157b2a8a9 req-12d59d0c-341f-4c1d-a448-22a157b2a8a9 ] Request (ServerDiskConfigTestJSON:test_rebuild_server_with_auto_disk_config): 200 GET http://10.180.1.21/compute/v2.1/servers/0385aae4-2ccd-4c2c-9074-2e8e6cfd337f 0.081s
2024-12-12 06:14:34.799 66523 INFO tempest.lib.common.rest_client [req-9d837576-f0b0-43e7-8936-eb3cbece54af req-9d837576-f0b0-43e7-8936-eb3cbece54af ] Request (InstanceActionsTestJSON:tearDownClass): 200 GET http://10.180.1.21/compute/v2.1/servers/08d2aba3-975d-4baf-af40-4206d970876b 0.102s
2024-12-12 06:14:34.838 66511 INFO tempest.lib.common.rest_client [req-44f0b5e1-e1af-40d0-837d-33179a96baed req-44f0b5e1-e1af-40d0-837d-33179a96baed ] Request (ListImageFiltersTestJSON:setUpClass): 204 PUT http://10.180.1.21/image/v2/images/6aff3586-5558-4561-be51-5fe2eb92a4e7/file 0.755s
2024-12-12 06:14:34.861 66547 INFO tempest.lib.common.rest_client [req-5a0b1c8b-4c0e-4035-8464-dcc2860a2d2d req-5a0b1c8b-4c0e-4035-8464-dcc2860a2d2d ] Request (ImagesTestJSON:test_create_image_from_suspended_server): 200 GET http://10.180.1.21/compute/v2.1/images/bd3990e8-f1f0-4040-a9d3-8f5737f0d9b6 0.332s
2024-12-12 06:14:34.865 66509 INFO tempest.lib.common.rest_client [req-47597a4d-5a84-442c-9f28-eded00876694 req-47597a4d-5a84-442c-9f28-eded00876694 ] Request (AttachVolumeNegativeTest:test_attach_attached_volume_to_different_server): 200 GET http://10.180.1.21/compute/v2.1/servers/6c240faf-00d2-48ed-af4e-78942f5739b1 0.103s
2024-12-12 06:14:34.894 66511 INFO tempest.lib.common.rest_client [req-17de1e6b-84d1-48fb-9d4e-2d20ee18a1a3 req-17de1e6b-84d1-48fb-9d4e-2d20ee18a1a3 ] Request (ListImageFiltersTestJSON:setUpClass): 200 GET http://10.180.1.21/compute/v2.1/images/6aff3586-5558-4561-be51-5fe2eb92a4e7 0.054s
2024-12-12 06:14:34.922 66559 INFO tempest.lib.common.rest_client [req-ac04f947-e8ec-424c-a9b4-e373e70251c5 req-ac04f947-e8ec-424c-a9b4-e373e70251c5 ] Request (MigrationsAdminTest:test_resize_server_revert_deleted_flavor): 200 GET http://10.180.1.21/compute/v2.1/servers/7fc8cb97-04c6-44db-a050-f09a1eb67c8b 0.095s
2024-12-12 06:14:34.944 66557 INFO tempest.lib.common.rest_client [req-310b7809-5e35-4266-a623-c7ef617b14a7 req-310b7809-5e35-4266-a623-c7ef617b14a7 ] Request (ServersNegativeTestMultiTenantJSON:setUpClass): 200 GET http://10.180.1.21/compute/v2.1/servers/8445d71a-bc37-4d64-9ec0-51d18b779858 0.072s
2024-12-12 06:14:34.958 66511 INFO tempest.lib.common.rest_client [req-800424f2-86ea-4d87-a8f2-9bf98371460f req-800424f2-86ea-4d87-a8f2-9bf98371460f ] Request (ListImageFiltersTestJSON:setUpClass): 200 GET http://10.180.1.21/compute/v2.1/images/6aff3586-5558-4561-be51-5fe2eb92a4e7 0.061s
2024-12-12 06:14:35.003 66561 INFO tempest.lib.common.rest_client [req-94b3ded9-bc65-4c53-99c2-b9c77ea6cbf3 req-94b3ded9-bc65-4c53-99c2-b9c77ea6cbf3 ] Request (ServersAdminTestJSON:test_inject_network_info): 200 GET http://10.180.1.21/compute/v2.1/servers/2055cc18-8f44-4813-95b6-abdecd188c00 0.095s
2024-12-12 06:14:35.024 66511 INFO tempest.lib.common.rest_client [req-92481a5a-4ed4-4eda-9eaa-6e760f0689d0 req-92481a5a-4ed4-4eda-9eaa-6e760f0689d0 ] Request (ListImageFiltersTestJSON:setUpClass): 201 POST http://10.180.1.21/identity/v3/auth/tokens 0.061s
2024-12-12 06:14:35.025 66511 INFO tempest.lib.common.fixed_network [-] (ListImageFiltersTestJSON:setUpClass) Found network None available for tenant
2024-12-12 06:14:35.056 66543 INFO tempest.lib.common.rest_client [req-6f7b0fb2-4b8c-488c-996f-49e46bc96f0c req-6f7b0fb2-4b8c-488c-996f-49e46bc96f0c ] Request (ServerShowV247Test:test_update_rebuild_list_server): 200 GET http://10.180.1.21/compute/v2.1/servers/22d3b5be-e63b-4912-8590-4f5e811099a3 0.098s
2024-12-12 06:14:35.106 66517 INFO tempest.lib.common.rest_client [req-d130c107-d68c-4471-9287-3b77888e0953 req-d130c107-d68c-4471-9287-3b77888e0953 ] Request (ServersTestFqdnHostnames:test_create_server_with_fqdn_name): 200 GET http://10.180.1.21/compute/v2.1/servers/dadd0010-3683-4884-9ab4-760298f81e96 0.183s
2024-12-12 06:14:35.112 66517 INFO tempest.common.waiters [-] State transition "BUILD/networking" ==> "BUILD/block_device_mapping" after 67 second wait
2024-12-12 06:14:35.224 66541 INFO tempest.lib.common.rest_client [req-4159161b-7791-4609-baf2-2bbc0db5b82f req-4159161b-7791-4609-baf2-2bbc0db5b82f ] Request (ServerRescueTestJSONUnderV235:setUpClass): 200 GET http://10.180.1.21/compute/v2.1/servers/5f99a2c4-9ef4-4939-9c4c-714be1033d6d 0.111s
2024-12-12 06:14:35.258 66511 INFO tempest.lib.common.rest_client [req-00efccd7-966d-43fb-9412-d22561aefd80 req-00efccd7-966d-43fb-9412-d22561aefd80 ] Request (ListImageFiltersTestJSON:setUpClass): 202 POST http://10.180.1.21/compute/v2.1/servers 0.233s
2024-12-12 06:14:35.273 66519 INFO tempest.lib.common.rest_client [req-1f337776-56e1-4018-aa6a-bf117367fd7d req-1f337776-56e1-4018-aa6a-bf117367fd7d ] Request (ServerActionsTestOtherA:setUpClass): 200 GET http://10.180.1.21/compute/v2.1/servers/25895bc9-1aab-48ec-9dbb-06d5b38eacbf 0.111s
2024-12-12 06:14:35.304 66511 INFO tempest.lib.common.rest_client [req-c059b8cf-2dc6-436b-a7e2-c01ac544baa1 req-c059b8cf-2dc6-436b-a7e2-c01ac544baa1 ] Request (ListImageFiltersTestJSON:setUpClass): 201 POST http://10.180.1.21/identity/v3/auth/tokens 0.040s
2024-12-12 06:14:35.304 66511 INFO tempest.lib.common.fixed_network [-] (ListImageFiltersTestJSON:setUpClass) Found network None available for tenant
2024-12-12 06:14:35.399 66513 INFO tempest.lib.common.rest_client [req-49995717-819f-443b-94ab-94f85bed72cc req-49995717-819f-443b-94ab-94f85bed72cc ] Request (ServersAaction247Test:tearDownClass): 200 GET http://10.180.1.21/compute/v2.1/servers/a54c49fd-82ab-4e2d-8e32-47cba093e613 0.137s
2024-12-12 06:14:35.454 66553 INFO tempest.lib.common.rest_client [req-db12aef3-7f41-4ac4-a3bf-3a497c49abe5 req-db12aef3-7f41-4ac4-a3bf-3a497c49abe5 ] Request (ServerRescueTestJSON:test_rescue_unrescue_instance): 200 GET http://10.180.1.21/compute/v2.1/servers/76ddd43d-f048-48de-93f0-cfb582727acc 0.114s
2024-12-12 06:14:35.499 66511 INFO tempest.lib.common.rest_client [req-521171d3-6a7d-49a4-a838-6e55dd08e17e req-521171d3-6a7d-49a4-a838-6e55dd08e17e ] Request (ListImageFiltersTestJSON:setUpClass): 202 POST http://10.180.1.21/compute/v2.1/servers 0.193s
2024-12-12 06:14:35.499 66539 INFO tempest.lib.common.rest_client [req-57999974-f985-47b2-8f9b-b13ec73d3ac9 req-57999974-f985-47b2-8f9b-b13ec73d3ac9 ] Request (AttachVolumeShelveTestJSON:test_attach_volume_shelved_or_offload_server): 200 GET http://10.180.1.21/compute/v2.1/servers/7ef00a00-9a65-4a09-a8d2-b33a344a458d 0.149s
2024-12-12 06:14:35.551 66555 INFO tempest.lib.common.rest_client [req-4d5c0c30-311e-4475-b9c8-ded370acf806 req-4d5c0c30-311e-4475-b9c8-ded370acf806 ] Request (ServersTestJSON:test_create_server_with_ipv6_addr_only): 200 GET http://10.180.1.21/compute/v2.1/servers/7ae0c60f-0518-4990-ba93-2a0c9068f96c 0.147s
2024-12-12 06:14:35.552 66567 INFO tempest.lib.common.rest_client [req-06572f42-8b7c-4533-b217-4b1cdf62b1cd req-06572f42-8b7c-4533-b217-4b1cdf62b1cd ] Request (ListServerFiltersTestJSON:setUpClass): 200 GET http://10.180.1.21/compute/v2.1/servers/6e9ab950-8a82-4a48-881b-9cd3d5849577 0.153s
2024-12-12 06:14:35.586 66511 INFO tempest.lib.common.rest_client [req-864e1c96-d45e-48d5-b23f-5d6c1fcce12e req-864e1c96-d45e-48d5-b23f-5d6c1fcce12e ] Request (ListImageFiltersTestJSON:setUpClass): 200 GET http://10.180.1.21/compute/v2.1/servers/ec626679-f1d2-445f-adc6-7fa43384f580 0.086s
2024-12-12 06:14:35.605 66569 INFO tempest.lib.common.rest_client [req-46ad1adc-cf13-4ab1-aa05-06bec94ca4f5 req-46ad1adc-cf13-4ab1-aa05-06bec94ca4f5 ] Request (ServersAdminNegativeTestJSON:tearDownClass): 200 GET http://10.180.1.21/compute/v2.1/servers/d9e6f5ba-9b06-4e71-826b-4df16e8aacc6 0.117s
2024-12-12 06:14:35.630 66515 INFO tempest.lib.common.rest_client [req-167d4c32-4f2d-40f7-8d27-a6e07e97fa2c req-167d4c32-4f2d-40f7-8d27-a6e07e97fa2c ] Request (AttachInterfacesUnderV243Test:test_add_remove_fixed_ip): 200 GET http://10.180.1.21/compute/v2.1/servers/216fb86d-0271-4b94-9dd9-18421414a146 0.092s
2024-12-12 06:14:35.649 66527 INFO tempest.lib.common.rest_client [req-1249ab42-c0e2-4b6b-afdc-3e8fa153af6e req-1249ab42-c0e2-4b6b-afdc-3e8fa153af6e ] Request (ServersNegativeTestJSON:setUpClass): 200 GET http://10.180.1.21/compute/v2.1/servers/d2c94225-95a9-400a-90a6-0cc5e63d3ec8 0.044s
2024-12-12 06:14:35.726 66521 INFO tempest.lib.common.rest_client [req-a954b400-5401-4a60-b5a4-d867ec677308 req-a954b400-5401-4a60-b5a4-d867ec677308 ] Request (ServersTestJSON:setUpClass): 200 GET http://10.180.1.21/compute/v2.1/servers/e672f797-e55a-4896-89e9-792374cd6830 0.058s
2024-12-12 06:14:35.790 66551 INFO tempest.lib.common.rest_client [req-9f44ac69-3769-4dfb-a76e-bfdcb0b72b86 req-9f44ac69-3769-4dfb-a76e-bfdcb0b72b86 ] Request (ServerDiskConfigTestJSON:test_rebuild_server_with_auto_disk_config): 200 GET http://10.180.1.21/compute/v2.1/servers/0385aae4-2ccd-4c2c-9074-2e8e6cfd337f 0.058s
2024-12-12 06:14:35.876 66523 INFO tempest.lib.common.rest_client [req-785e2b20-18ba-4057-9d36-ae44b9daabd1 req-785e2b20-18ba-4057-9d36-ae44b9daabd1 ] Request (InstanceActionsTestJSON:tearDownClass): 200 GET http://10.180.1.21/compute/v2.1/servers/08d2aba3-975d-4baf-af40-4206d970876b 0.066s
2024-12-12 06:14:35.938 66547 INFO tempest.lib.common.rest_client [req-b334118f-84b2-4012-837d-81e307a89d9c req-b334118f-84b2-4012-837d-81e307a89d9c ] Request (ImagesTestJSON:test_create_image_from_suspended_server): 200 GET http://10.180.1.21/compute/v2.1/images/bd3990e8-f1f0-4040-a9d3-8f5737f0d9b6 0.073s
2024-12-12 06:14:35.961 66509 INFO tempest.lib.common.rest_client [req-85e46e92-5ef5-41c7-a7e5-e12e1030df9e req-85e46e92-5ef5-41c7-a7e5-e12e1030df9e ] Request (AttachVolumeNegativeTest:test_attach_attached_volume_to_different_server): 200 GET http://10.180.1.21/compute/v2.1/servers/6c240faf-00d2-48ed-af4e-78942f5739b1 0.087s
2024-12-12 06:14:36.020 66559 INFO tempest.lib.common.rest_client [req-203659a9-bd10-4a9e-b8b2-c287c4e96b3e req-203659a9-bd10-4a9e-b8b2-c287c4e96b3e ] Request (MigrationsAdminTest:test_resize_server_revert_deleted_flavor): 200 GET http://10.180.1.21/compute/v2.1/servers/7fc8cb97-04c6-44db-a050-f09a1eb67c8b 0.090s
2024-12-12 06:14:36.031 66557 INFO tempest.lib.common.rest_client [req-d4247748-364c-49ea-ad8b-47a431b4431c req-d4247748-364c-49ea-ad8b-47a431b4431c ] Request (ServersNegativeTestMultiTenantJSON:setUpClass): 200 GET http://10.180.1.21/compute/v2.1/servers/8445d71a-bc37-4d64-9ec0-51d18b779858 0.078s
2024-12-12 06:14:36.069 66561 INFO tempest.lib.common.rest_client [req-ffb13a13-1784-4552-a5ed-256adfb57fce req-ffb13a13-1784-4552-a5ed-256adfb57fce ] Request (ServersAdminTestJSON:test_inject_network_info): 200 GET http://10.180.1.21/compute/v2.1/servers/2055cc18-8f44-4813-95b6-abdecd188c00 0.058s
2024-12-12 06:14:36.117 66543 INFO tempest.lib.common.rest_client [req-90cd85b5-ac8d-4e66-95ac-ad0d18bd5aba req-90cd85b5-ac8d-4e66-95ac-ad0d18bd5aba ] Request (ServerShowV247Test:test_update_rebuild_list_server): 200 GET http://10.180.1.21/compute/v2.1/servers/22d3b5be-e63b-4912-8590-4f5e811099a3 0.053s
2024-12-12 06:14:36.126 66543 INFO tempest.common.waiters [-] State transition "REBUILD/rebuild_spawning" ==> "ACTIVE/None" after 11 second wait
2024-12-12 06:14:36.211 66517 INFO tempest.lib.common.rest_client [req-249bfd0f-3da1-4db6-874b-47bc3f508469 req-249bfd0f-3da1-4db6-874b-47bc3f508469 ] Request (ServersTestFqdnHostnames:test_create_server_with_fqdn_name): 200 GET http://10.180.1.21/compute/v2.1/servers/dadd0010-3683-4884-9ab4-760298f81e96 0.099s
2024-12-12 06:14:36.217 66517 INFO tempest.common.waiters [-] State transition "BUILD/block_device_mapping" ==> "BUILD/spawning" after 68 second wait
2024-12-12 06:14:36.251 66533 WARNING tempest.lib.common.ssh [-] Failed to establish authenticated ssh connection to cirros@10.180.180.159 ([Errno None] Unable to connect to port 22 on 10.180.180.159). Number attempts: 11. Retry after 12 seconds.: paramiko.ssh_exception.NoValidConnectionsError: [Errno None] Unable to connect to port 22 on 10.180.180.159
2024-12-12 06:14:36.298 66543 INFO tempest.lib.common.rest_client [req-5ab66339-30ef-4080-af2b-0c65387c76e3 req-5ab66339-30ef-4080-af2b-0c65387c76e3 ] Request (ServerShowV247Test:test_update_rebuild_list_server): 200 GET http://10.180.1.21/compute/v2.1/servers/detail 0.171s
2024-12-12 06:14:36.372 66541 INFO tempest.lib.common.rest_client [req-0d29cbfa-f4fb-41c0-abc6-f227ac3ecf1c req-0d29cbfa-f4fb-41c0-abc6-f227ac3ecf1c ] Request (ServerRescueTestJSONUnderV235:setUpClass): 200 GET http://10.180.1.21/compute/v2.1/servers/5f99a2c4-9ef4-4939-9c4c-714be1033d6d 0.141s
2024-12-12 06:14:36.464 66543 INFO tempest.lib.common.rest_client [req-74ae1b00-fa74-41e2-a317-a71cb31d874d req-74ae1b00-fa74-41e2-a317-a71cb31d874d ] Request (ServerShowV247Test:tearDownClass): 204 DELETE http://10.180.1.21/compute/v2.1/servers/22d3b5be-e63b-4912-8590-4f5e811099a3 0.157s
2024-12-12 06:14:36.506 66513 INFO tempest.lib.common.rest_client [req-a3aef29e-c2a5-483d-a89a-1f4f7b2c7d1c req-a3aef29e-c2a5-483d-a89a-1f4f7b2c7d1c ] Request (ServersAaction247Test:tearDownClass): 404 GET http://10.180.1.21/compute/v2.1/servers/a54c49fd-82ab-4e2d-8e32-47cba093e613 0.099s
2024-12-12 06:14:36.552 66553 INFO tempest.lib.common.rest_client [req-bcc34c92-4b08-47f2-bcb0-f541f0c50eec req-bcc34c92-4b08-47f2-bcb0-f541f0c50eec ] Request (ServerRescueTestJSON:test_rescue_unrescue_instance): 200 GET http://10.180.1.21/compute/v2.1/servers/76ddd43d-f048-48de-93f0-cfb582727acc 0.092s
2024-12-12 06:14:36.587 66519 INFO tempest.lib.common.rest_client [req-00373b2b-7c1a-4d28-a92a-979ab253684b req-00373b2b-7c1a-4d28-a92a-979ab253684b ] Request (ServerActionsTestOtherA:setUpClass): 200 GET http://10.180.1.21/compute/v2.1/servers/25895bc9-1aab-48ec-9dbb-06d5b38eacbf 0.306s
2024-12-12 06:14:36.611 66543 INFO tempest.lib.common.rest_client [req-68b4ba92-1295-42d1-a992-6e674a08b7f1 req-68b4ba92-1295-42d1-a992-6e674a08b7f1 ] Request (ServerShowV247Test:tearDownClass): 200 GET http://10.180.1.21/compute/v2.1/servers/22d3b5be-e63b-4912-8590-4f5e811099a3 0.146s
2024-12-12 06:14:36.627 66513 INFO tempest.lib.common.rest_client [req-c5a22f1b-f2f2-4e3a-8026-467c70d0e87f req-c5a22f1b-f2f2-4e3a-8026-467c70d0e87f ] Request (ServersAaction247Test:tearDownClass): 204 DELETE http://10.180.1.21/identity/v3/users/b1a384cff2e2440191ed075869832eba 0.120s
2024-12-12 06:14:36.627 66513 INFO tempest.lib.common.dynamic_creds [-] Deleting project and security group for project: d5aebceea95c4fd28f492ceaf4d6d57f
2024-12-12 06:14:36.651 66539 INFO tempest.lib.common.rest_client [req-307264c1-83b0-41a4-a165-3b85be0c9d83 req-307264c1-83b0-41a4-a165-3b85be0c9d83 ] Request (AttachVolumeShelveTestJSON:test_attach_volume_shelved_or_offload_server): 200 GET http://10.180.1.21/compute/v2.1/servers/7ef00a00-9a65-4a09-a8d2-b33a344a458d 0.144s
2024-12-12 06:14:36.680 66567 INFO tempest.lib.common.rest_client [req-224ed7a4-494a-4683-b1e8-9fd13f88e61d req-224ed7a4-494a-4683-b1e8-9fd13f88e61d ] Request (ListServerFiltersTestJSON:setUpClass): 200 GET http://10.180.1.21/compute/v2.1/servers/6e9ab950-8a82-4a48-881b-9cd3d5849577 0.120s
2024-12-12 06:14:36.703 66513 INFO tempest.lib.common.rest_client [req-b9fae55c-bd74-4c63-9dfb-c0d23b27c372 req-b9fae55c-bd74-4c63-9dfb-c0d23b27c372 ] Request (ServersAaction247Test:tearDownClass): 201 POST http://10.180.1.21/identity/v3/auth/tokens 0.075s
2024-12-12 06:14:36.710 66555 INFO tempest.lib.common.rest_client [req-984adddc-706b-46ad-8a8f-1e0cf597d221 req-984adddc-706b-46ad-8a8f-1e0cf597d221 ] Request (ServersTestJSON:test_create_server_with_ipv6_addr_only): 200 GET http://10.180.1.21/compute/v2.1/servers/7ae0c60f-0518-4990-ba93-2a0c9068f96c 0.151s
2024-12-12 06:14:36.734 66511 INFO tempest.lib.common.rest_client [req-d3dbb013-a785-4dbe-ad30-39a56459f364 req-d3dbb013-a785-4dbe-ad30-39a56459f364 ] Request (ListImageFiltersTestJSON:setUpClass): 200 GET http://10.180.1.21/compute/v2.1/servers/ec626679-f1d2-445f-adc6-7fa43384f580 0.139s
2024-12-12 06:14:36.763 66549 WARNING tempest.lib.common.ssh [-] Failed to establish authenticated ssh connection to cirros@10.180.180.218 ([Errno None] Unable to connect to port 22 on 10.180.180.218). Number attempts: 5. Retry after 6 seconds.: paramiko.ssh_exception.NoValidConnectionsError: [Errno None] Unable to connect to port 22 on 10.180.180.218
2024-12-12 06:14:36.772 66569 INFO tempest.lib.common.rest_client [req-c1e92475-47c6-41f8-a147-d2a68f577028 req-c1e92475-47c6-41f8-a147-d2a68f577028 ] Request (ServersAdminNegativeTestJSON:tearDownClass): 200 GET http://10.180.1.21/compute/v2.1/servers/d9e6f5ba-9b06-4e71-826b-4df16e8aacc6 0.160s
2024-12-12 06:14:36.791 66515 INFO tempest.lib.common.rest_client [req-d488cbd2-970c-4bfb-8b19-8b99b6a687ff req-d488cbd2-970c-4bfb-8b19-8b99b6a687ff ] Request (AttachInterfacesUnderV243Test:test_add_remove_fixed_ip): 200 GET http://10.180.1.21/compute/v2.1/servers/216fb86d-0271-4b94-9dd9-18421414a146 0.154s
2024-12-12 06:14:36.826 66527 INFO tempest.lib.common.rest_client [req-eba866a5-96bf-4080-8925-4ba34770cc30 req-eba866a5-96bf-4080-8925-4ba34770cc30 ] Request (ServersNegativeTestJSON:setUpClass): 200 GET http://10.180.1.21/compute/v2.1/servers/d2c94225-95a9-400a-90a6-0cc5e63d3ec8 0.169s
2024-12-12 06:14:36.844 66521 INFO tempest.lib.common.rest_client [req-334196f3-60b5-4f64-93df-f58d3920bb02 req-334196f3-60b5-4f64-93df-f58d3920bb02 ] Request (ServersTestJSON:setUpClass): 200 GET http://10.180.1.21/compute/v2.1/servers/e672f797-e55a-4896-89e9-792374cd6830 0.111s
2024-12-12 06:14:36.878 66551 INFO tempest.lib.common.rest_client [req-a3cf9850-09e6-41d0-bd4b-1f17367290dc req-a3cf9850-09e6-41d0-bd4b-1f17367290dc ] Request (ServerDiskConfigTestJSON:test_rebuild_server_with_auto_disk_config): 200 GET http://10.180.1.21/compute/v2.1/servers/0385aae4-2ccd-4c2c-9074-2e8e6cfd337f 0.080s
2024-12-12 06:14:36.915 66513 INFO tempest.lib.common.rest_client [req-9bbc8a25-2df6-495f-be13-7d06c6f95ffa req-9bbc8a25-2df6-495f-be13-7d06c6f95ffa ] Request (ServersAaction247Test:tearDownClass): 200 GET http://10.180.1.21:9696/networking/v2.0/security-groups?tenant_id=d5aebceea95c4fd28f492ceaf4d6d57f&name=default 0.212s
2024-12-12 06:14:36.950 66523 INFO tempest.lib.common.rest_client [req-f6d0610f-a64e-474a-aed1-d5885262775c req-f6d0610f-a64e-474a-aed1-d5885262775c ] Request (InstanceActionsTestJSON:tearDownClass): 200 GET http://10.180.1.21/compute/v2.1/servers/08d2aba3-975d-4baf-af40-4206d970876b 0.068s
2024-12-12 06:14:36.997 66547 INFO tempest.lib.common.rest_client [req-01b27b4c-db7c-4900-8b43-ec3029228091 req-01b27b4c-db7c-4900-8b43-ec3029228091 ] Request (ImagesTestJSON:test_create_image_from_suspended_server): 200 GET http://10.180.1.21/compute/v2.1/images/bd3990e8-f1f0-4040-a9d3-8f5737f0d9b6 0.054s
2024-12-12 06:14:37.030 66513 INFO tempest.lib.common.rest_client [req-358504f6-8bc4-4692-a376-86fff475be79 req-358504f6-8bc4-4692-a376-86fff475be79 ] Request (ServersAaction247Test:tearDownClass): 204 DELETE http://10.180.1.21:9696/networking/v2.0/security-groups/7ba6b43f-6b5b-4d6b-bcc5-dfa3538654cc 0.114s
2024-12-12 06:14:37.034 66509 INFO tempest.lib.common.rest_client [req-2d940fc9-87ca-46b6-ba46-416756a11626 req-2d940fc9-87ca-46b6-ba46-416756a11626 ] Request (AttachVolumeNegativeTest:test_attach_attached_volume_to_different_server): 200 GET http://10.180.1.21/compute/v2.1/servers/6c240faf-00d2-48ed-af4e-78942f5739b1 0.061s
2024-12-12 06:14:37.090 66559 INFO tempest.lib.common.rest_client [req-2d82afad-0650-408d-9382-bc6c1b4edcd6 req-2d82afad-0650-408d-9382-bc6c1b4edcd6 ] Request (MigrationsAdminTest:test_resize_server_revert_deleted_flavor): 200 GET http://10.180.1.21/compute/v2.1/servers/7fc8cb97-04c6-44db-a050-f09a1eb67c8b 0.062s
2024-12-12 06:14:37.094 66557 INFO tempest.lib.common.rest_client [req-600ec168-b706-4b49-9e3e-dd6ed8d75602 req-600ec168-b706-4b49-9e3e-dd6ed8d75602 ] Request (ServersNegativeTestMultiTenantJSON:setUpClass): 200 GET http://10.180.1.21/compute/v2.1/servers/8445d71a-bc37-4d64-9ec0-51d18b779858 0.056s
2024-12-12 06:14:37.101 66513 INFO tempest.lib.common.rest_client [req-bffa3a46-f34e-4d54-bacb-9df32c0f9f6e req-bffa3a46-f34e-4d54-bacb-9df32c0f9f6e ] Request (ServersAaction247Test:tearDownClass): 204 DELETE http://10.180.1.21/identity/v3/projects/d5aebceea95c4fd28f492ceaf4d6d57f 0.070s
2024-12-12 06:14:37.141 66561 INFO tempest.lib.common.rest_client [req-5a1bec43-3141-4196-a7e6-de80f9f6e7a7 req-5a1bec43-3141-4196-a7e6-de80f9f6e7a7 ] Request (ServersAdminTestJSON:test_inject_network_info): 200 GET http://10.180.1.21/compute/v2.1/servers/2055cc18-8f44-4813-95b6-abdecd188c00 0.066s
2024-12-12 06:14:37.316 66517 INFO tempest.lib.common.rest_client [req-47f3c293-b5c6-4c78-899a-495f972cd3ba req-47f3c293-b5c6-4c78-899a-495f972cd3ba ] Request (ServersTestFqdnHostnames:test_create_server_with_fqdn_name): 200 GET http://10.180.1.21/compute/v2.1/servers/dadd0010-3683-4884-9ab4-760298f81e96 0.097s
2024-12-12 06:14:37.481 66541 INFO tempest.lib.common.rest_client [req-00147a94-febc-4bbf-84ac-c9c75e58d851 req-00147a94-febc-4bbf-84ac-c9c75e58d851 ] Request (ServerRescueTestJSONUnderV235:setUpClass): 200 GET http://10.180.1.21/compute/v2.1/servers/5f99a2c4-9ef4-4939-9c4c-714be1033d6d 0.099s
2024-12-12 06:14:37.607 66553 INFO tempest.lib.common.rest_client [req-887989be-78de-4ae9-9a3f-5ee4216bc3d5 req-887989be-78de-4ae9-9a3f-5ee4216bc3d5 ] Request (ServerRescueTestJSON:test_rescue_unrescue_instance): 200 GET http://10.180.1.21/compute/v2.1/servers/76ddd43d-f048-48de-93f0-cfb582727acc 0.047s
2024-12-12 06:14:37.639 66519 INFO tempest.lib.common.rest_client [req-c77c9cc4-932b-4497-b2aa-0ec72f31e08b req-c77c9cc4-932b-4497-b2aa-0ec72f31e08b ] Request (ServerActionsTestOtherA:setUpClass): 200 GET http://10.180.1.21/compute/v2.1/servers/25895bc9-1aab-48ec-9dbb-06d5b38eacbf 0.045s
2024-12-12 06:14:37.669 66543 INFO tempest.lib.common.rest_client [req-db9df1f3-54d7-4ae2-94cd-8833c6f145e7 req-db9df1f3-54d7-4ae2-94cd-8833c6f145e7 ] Request (ServerShowV247Test:tearDownClass): 200 GET http://10.180.1.21/compute/v2.1/servers/22d3b5be-e63b-4912-8590-4f5e811099a3 0.049s
2024-12-12 06:14:37.712 66539 INFO tempest.lib.common.rest_client [req-705ca26d-ba9d-4a1b-98e1-8ba29361b9d9 req-705ca26d-ba9d-4a1b-98e1-8ba29361b9d9 ] Request (AttachVolumeShelveTestJSON:test_attach_volume_shelved_or_offload_server): 200 GET http://10.180.1.21/compute/v2.1/servers/7ef00a00-9a65-4a09-a8d2-b33a344a458d 0.052s
2024-12-12 06:14:37.741 66567 INFO tempest.lib.common.rest_client [req-5a5f87c4-d31d-46f5-b005-c0bd7f04a5cb req-5a5f87c4-d31d-46f5-b005-c0bd7f04a5cb ] Request (ListServerFiltersTestJSON:setUpClass): 200 GET http://10.180.1.21/compute/v2.1/servers/6e9ab950-8a82-4a48-881b-9cd3d5849577 0.054s
2024-12-12 06:14:37.770 66555 INFO tempest.lib.common.rest_client [req-dffc36ab-725d-4f98-8a6b-3cf5213ce534 req-dffc36ab-725d-4f98-8a6b-3cf5213ce534 ] Request (ServersTestJSON:test_create_server_with_ipv6_addr_only): 200 GET http://10.180.1.21/compute/v2.1/servers/7ae0c60f-0518-4990-ba93-2a0c9068f96c 0.049s
2024-12-12 06:14:37.792 66511 INFO tempest.lib.common.rest_client [req-8934cce6-f1de-4558-97e6-8576d78bdc74 req-8934cce6-f1de-4558-97e6-8576d78bdc74 ] Request (ListImageFiltersTestJSON:setUpClass): 200 GET http://10.180.1.21/compute/v2.1/servers/ec626679-f1d2-445f-adc6-7fa43384f580 0.049s
2024-12-12 06:14:37.843 66569 INFO tempest.lib.common.rest_client [req-3a8da97a-a644-4727-bc8c-2f0f2bab2753 req-3a8da97a-a644-4727-bc8c-2f0f2bab2753 ] Request (ServersAdminNegativeTestJSON:tearDownClass): 200 GET http://10.180.1.21/compute/v2.1/servers/d9e6f5ba-9b06-4e71-826b-4df16e8aacc6 0.063s
2024-12-12 06:14:37.848 66515 INFO tempest.lib.common.rest_client [req-974515c7-0680-4675-9d6b-078d804a0602 req-974515c7-0680-4675-9d6b-078d804a0602 ] Request (AttachInterfacesUnderV243Test:test_add_remove_fixed_ip): 200 GET http://10.180.1.21/compute/v2.1/servers/216fb86d-0271-4b94-9dd9-18421414a146 0.049s
2024-12-12 06:14:37.892 66527 INFO tempest.lib.common.rest_client [req-fd5e12de-79b3-44d9-a89c-6bf7f5bb1b40 req-fd5e12de-79b3-44d9-a89c-6bf7f5bb1b40 ] Request (ServersNegativeTestJSON:setUpClass): 200 GET http://10.180.1.21/compute/v2.1/servers/d2c94225-95a9-400a-90a6-0cc5e63d3ec8 0.057s
2024-12-12 06:14:37.900 66521 INFO tempest.lib.common.rest_client [req-c12207ff-1f60-4980-b7f9-f5d965bc201b req-c12207ff-1f60-4980-b7f9-f5d965bc201b ] Request (ServersTestJSON:setUpClass): 200 GET http://10.180.1.21/compute/v2.1/servers/e672f797-e55a-4896-89e9-792374cd6830 0.050s
2024-12-12 06:14:37.936 66551 INFO tempest.lib.common.rest_client [req-30015f82-d99c-4edb-8b4c-ff90c6c51b81 req-30015f82-d99c-4edb-8b4c-ff90c6c51b81 ] Request (ServerDiskConfigTestJSON:test_rebuild_server_with_auto_disk_config): 200 GET http://10.180.1.21/compute/v2.1/servers/0385aae4-2ccd-4c2c-9074-2e8e6cfd337f 0.051s
2024-12-12 06:14:38.023 66523 INFO tempest.lib.common.rest_client [req-2df00ddf-2654-4a05-b0a5-15a99e7c3f31 req-2df00ddf-2654-4a05-b0a5-15a99e7c3f31 ] Request (InstanceActionsTestJSON:tearDownClass): 200 GET http://10.180.1.21/compute/v2.1/servers/08d2aba3-975d-4baf-af40-4206d970876b 0.067s
2024-12-12 06:14:38.040 66547 INFO tempest.lib.common.rest_client [req-ade3c07a-83b4-4fee-8725-eddd03546330 req-ade3c07a-83b4-4fee-8725-eddd03546330 ] Request (ImagesTestJSON:test_create_image_from_suspended_server): 200 GET http://10.180.1.21/compute/v2.1/images/bd3990e8-f1f0-4040-a9d3-8f5737f0d9b6 0.040s
2024-12-12 06:14:38.089 66509 INFO tempest.lib.common.rest_client [req-7dcc3652-6493-4d11-84f2-136e3cd1a65b req-7dcc3652-6493-4d11-84f2-136e3cd1a65b ] Request (AttachVolumeNegativeTest:test_attach_attached_volume_to_different_server): 200 GET http://10.180.1.21/compute/v2.1/servers/6c240faf-00d2-48ed-af4e-78942f5739b1 0.047s
2024-12-12 06:14:38.153 66559 INFO tempest.lib.common.rest_client [req-0cff7898-1116-489e-9593-e53bfd3624ee req-0cff7898-1116-489e-9593-e53bfd3624ee ] Request (MigrationsAdminTest:test_resize_server_revert_deleted_flavor): 200 GET http://10.180.1.21/compute/v2.1/servers/7fc8cb97-04c6-44db-a050-f09a1eb67c8b 0.056s
2024-12-12 06:14:38.153 66557 INFO tempest.lib.common.rest_client [req-a25b5954-756a-40e2-a243-c87464749ae8 req-a25b5954-756a-40e2-a243-c87464749ae8 ] Request (ServersNegativeTestMultiTenantJSON:setUpClass): 200 GET http://10.180.1.21/compute/v2.1/servers/8445d71a-bc37-4d64-9ec0-51d18b779858 0.051s
2024-12-12 06:14:38.201 66561 INFO tempest.lib.common.rest_client [req-dbc30ed7-4e80-4855-89e2-576d0282df1a req-dbc30ed7-4e80-4855-89e2-576d0282df1a ] Request (ServersAdminTestJSON:test_inject_network_info): 200 GET http://10.180.1.21/compute/v2.1/servers/2055cc18-8f44-4813-95b6-abdecd188c00 0.052s
2024-12-12 06:14:38.424 66517 INFO tempest.lib.common.rest_client [req-d6e159cc-9102-402f-bdfc-aef493c01c13 req-d6e159cc-9102-402f-bdfc-aef493c01c13 ] Request (ServersTestFqdnHostnames:test_create_server_with_fqdn_name): 200 GET http://10.180.1.21/compute/v2.1/servers/dadd0010-3683-4884-9ab4-760298f81e96 0.101s
2024-12-12 06:14:38.586 66541 INFO tempest.lib.common.rest_client [req-a72cc261-c825-43c6-84af-7c3594b40d0e req-a72cc261-c825-43c6-84af-7c3594b40d0e ] Request (ServerRescueTestJSONUnderV235:setUpClass): 200 GET http://10.180.1.21/compute/v2.1/servers/5f99a2c4-9ef4-4939-9c4c-714be1033d6d 0.097s
2024-12-12 06:14:38.670 66553 INFO tempest.lib.common.rest_client [req-46ea0053-1700-4999-b3e5-87b9ed2aecb7 req-46ea0053-1700-4999-b3e5-87b9ed2aecb7 ] Request (ServerRescueTestJSON:test_rescue_unrescue_instance): 200 GET http://10.180.1.21/compute/v2.1/servers/76ddd43d-f048-48de-93f0-cfb582727acc 0.055s
2024-12-12 06:14:38.699 66519 INFO tempest.lib.common.rest_client [req-713cfc9a-0b15-468f-b826-3faf1e4659ad req-713cfc9a-0b15-468f-b826-3faf1e4659ad ] Request (ServerActionsTestOtherA:setUpClass): 200 GET http://10.180.1.21/compute/v2.1/servers/25895bc9-1aab-48ec-9dbb-06d5b38eacbf 0.053s
2024-12-12 06:14:38.730 66543 INFO tempest.lib.common.rest_client [req-37f8c091-7b11-4a13-a095-420840aeda8a req-37f8c091-7b11-4a13-a095-420840aeda8a ] Request (ServerShowV247Test:tearDownClass): 200 GET http://10.180.1.21/compute/v2.1/servers/22d3b5be-e63b-4912-8590-4f5e811099a3 0.053s
2024-12-12 06:14:38.811 66567 INFO tempest.lib.common.rest_client [req-b47c9121-ac3c-4ac1-b2cb-32ae477cb2b9 req-b47c9121-ac3c-4ac1-b2cb-32ae477cb2b9 ] Request (ListServerFiltersTestJSON:setUpClass): 200 GET http://10.180.1.21/compute/v2.1/servers/6e9ab950-8a82-4a48-881b-9cd3d5849577 0.062s
2024-12-12 06:14:38.819 66539 INFO tempest.lib.common.rest_client [req-98ad7788-0a1b-4ccb-b4d6-272b2f5694c5 req-98ad7788-0a1b-4ccb-b4d6-272b2f5694c5 ] Request (AttachVolumeShelveTestJSON:test_attach_volume_shelved_or_offload_server): 200 GET http://10.180.1.21/compute/v2.1/servers/7ef00a00-9a65-4a09-a8d2-b33a344a458d 0.097s
2024-12-12 06:14:38.857 66555 INFO tempest.lib.common.rest_client [req-8d95e853-d144-4fdf-9eb1-c82115374319 req-8d95e853-d144-4fdf-9eb1-c82115374319 ] Request (ServersTestJSON:test_create_server_with_ipv6_addr_only): 200 GET http://10.180.1.21/compute/v2.1/servers/7ae0c60f-0518-4990-ba93-2a0c9068f96c 0.078s
2024-12-12 06:14:38.868 66511 INFO tempest.lib.common.rest_client [req-af4ba1f2-bb79-46e9-9c96-8b8ab63306b7 req-af4ba1f2-bb79-46e9-9c96-8b8ab63306b7 ] Request (ListImageFiltersTestJSON:setUpClass): 200 GET http://10.180.1.21/compute/v2.1/servers/ec626679-f1d2-445f-adc6-7fa43384f580 0.069s
2024-12-12 06:14:38.919 66569 INFO tempest.lib.common.rest_client [req-35e2da09-db0b-4a21-841f-e184a5af6599 req-35e2da09-db0b-4a21-841f-e184a5af6599 ] Request (ServersAdminNegativeTestJSON:tearDownClass): 200 GET http://10.180.1.21/compute/v2.1/servers/d9e6f5ba-9b06-4e71-826b-4df16e8aacc6 0.069s
2024-12-12 06:14:38.920 66515 INFO tempest.lib.common.rest_client [req-8527ecaf-8057-4567-bad7-afcc15315c67 req-8527ecaf-8057-4567-bad7-afcc15315c67 ] Request (AttachInterfacesUnderV243Test:test_add_remove_fixed_ip): 200 GET http://10.180.1.21/compute/v2.1/servers/216fb86d-0271-4b94-9dd9-18421414a146 0.065s
2024-12-12 06:14:38.968 66527 INFO tempest.lib.common.rest_client [req-c1edacbe-c9f4-4e8f-9eea-0af9af4f4425 req-c1edacbe-c9f4-4e8f-9eea-0af9af4f4425 ] Request (ServersNegativeTestJSON:setUpClass): 200 GET http://10.180.1.21/compute/v2.1/servers/d2c94225-95a9-400a-90a6-0cc5e63d3ec8 0.070s
2024-12-12 06:14:38.974 66521 INFO tempest.lib.common.rest_client [req-070e11f1-ff1a-4699-bc3e-4a6cc24cab83 req-070e11f1-ff1a-4699-bc3e-4a6cc24cab83 ] Request (ServersTestJSON:setUpClass): 200 GET http://10.180.1.21/compute/v2.1/servers/e672f797-e55a-4896-89e9-792374cd6830 0.066s
2024-12-12 06:14:38.980 66521 INFO tempest.common.waiters [-] State transition "BUILD/None" ==> "BUILD/networking" after 65 second wait
2024-12-12 06:14:39.012 66551 INFO tempest.lib.common.rest_client [req-e8f938c6-c180-4e32-bbde-8c30e6aae2ba req-e8f938c6-c180-4e32-bbde-8c30e6aae2ba ] Request (ServerDiskConfigTestJSON:test_rebuild_server_with_auto_disk_config): 200 GET http://10.180.1.21/compute/v2.1/servers/0385aae4-2ccd-4c2c-9074-2e8e6cfd337f 0.068s
2024-12-12 06:14:39.082 66547 INFO tempest.lib.common.rest_client [req-d64d5a2c-133d-4bd2-b104-ff7e225348f7 req-d64d5a2c-133d-4bd2-b104-ff7e225348f7 ] Request (ImagesTestJSON:test_create_image_from_suspended_server): 200 GET http://10.180.1.21/compute/v2.1/images/bd3990e8-f1f0-4040-a9d3-8f5737f0d9b6 0.038s
2024-12-12 06:14:39.098 66523 INFO tempest.lib.common.rest_client [req-cc943a4e-d6eb-4ab5-b889-f074db467d5f req-cc943a4e-d6eb-4ab5-b889-f074db467d5f ] Request (InstanceActionsTestJSON:tearDownClass): 200 GET http://10.180.1.21/compute/v2.1/servers/08d2aba3-975d-4baf-af40-4206d970876b 0.067s
2024-12-12 06:14:39.154 66509 INFO tempest.lib.common.rest_client [req-1a7af8dd-5e52-46c7-9ecc-609c7a3989d6 req-1a7af8dd-5e52-46c7-9ecc-609c7a3989d6 ] Request (AttachVolumeNegativeTest:test_attach_attached_volume_to_different_server): 200 GET http://10.180.1.21/compute/v2.1/servers/6c240faf-00d2-48ed-af4e-78942f5739b1 0.059s
2024-12-12 06:14:39.227 66557 INFO tempest.lib.common.rest_client [req-c9bb61f7-a668-4474-bdea-44553471f766 req-c9bb61f7-a668-4474-bdea-44553471f766 ] Request (ServersNegativeTestMultiTenantJSON:setUpClass): 200 GET http://10.180.1.21/compute/v2.1/servers/8445d71a-bc37-4d64-9ec0-51d18b779858 0.066s
2024-12-12 06:14:39.240 66559 INFO tempest.lib.common.rest_client [req-3aa06817-c659-4f69-b5ea-447f6e5b2b8b req-3aa06817-c659-4f69-b5ea-447f6e5b2b8b ] Request (MigrationsAdminTest:test_resize_server_revert_deleted_flavor): 200 GET http://10.180.1.21/compute/v2.1/servers/7fc8cb97-04c6-44db-a050-f09a1eb67c8b 0.081s
2024-12-12 06:14:39.280 66561 INFO tempest.lib.common.rest_client [req-917b2ebe-5fb6-4c9f-b448-7a7b90be22a1 req-917b2ebe-5fb6-4c9f-b448-7a7b90be22a1 ] Request (ServersAdminTestJSON:test_inject_network_info): 200 GET http://10.180.1.21/compute/v2.1/servers/2055cc18-8f44-4813-95b6-abdecd188c00 0.072s
2024-12-12 06:14:39.555 66517 INFO tempest.lib.common.rest_client [req-d65885bf-a39d-42df-9187-b4779a1a8311 req-d65885bf-a39d-42df-9187-b4779a1a8311 ] Request (ServersTestFqdnHostnames:test_create_server_with_fqdn_name): 200 GET http://10.180.1.21/compute/v2.1/servers/dadd0010-3683-4884-9ab4-760298f81e96 0.124s
2024-12-12 06:14:39.738 66541 INFO tempest.lib.common.rest_client [req-cef73c0f-3f64-4879-8665-fa7aeaede5dc req-cef73c0f-3f64-4879-8665-fa7aeaede5dc ] Request (ServerRescueTestJSONUnderV235:setUpClass): 200 GET http://10.180.1.21/compute/v2.1/servers/5f99a2c4-9ef4-4939-9c4c-714be1033d6d 0.145s
2024-12-12 06:14:39.748 66553 INFO tempest.lib.common.rest_client [req-e44decec-f7f2-4b0a-ae77-a9488056e217 req-e44decec-f7f2-4b0a-ae77-a9488056e217 ] Request (ServerRescueTestJSON:test_rescue_unrescue_instance): 200 GET http://10.180.1.21/compute/v2.1/servers/76ddd43d-f048-48de-93f0-cfb582727acc 0.071s
2024-12-12 06:14:39.809 66519 INFO tempest.lib.common.rest_client [req-fb79bd58-b731-4227-8ce6-52c4ae44c9c7 req-fb79bd58-b731-4227-8ce6-52c4ae44c9c7 ] Request (ServerActionsTestOtherA:setUpClass): 200 GET http://10.180.1.21/compute/v2.1/servers/25895bc9-1aab-48ec-9dbb-06d5b38eacbf 0.102s
2024-12-12 06:14:39.816 66543 INFO tempest.lib.common.rest_client [req-fac83ab1-6e21-4358-a9ce-854f2f9643bd req-fac83ab1-6e21-4358-a9ce-854f2f9643bd ] Request (ServerShowV247Test:tearDownClass): 200 GET http://10.180.1.21/compute/v2.1/servers/22d3b5be-e63b-4912-8590-4f5e811099a3 0.076s
2024-12-12 06:14:39.877 66567 INFO tempest.lib.common.rest_client [req-fb092991-7bc4-4e3b-8445-9131f4fda921 req-fb092991-7bc4-4e3b-8445-9131f4fda921 ] Request (ListServerFiltersTestJSON:setUpClass): 200 GET http://10.180.1.21/compute/v2.1/servers/6e9ab950-8a82-4a48-881b-9cd3d5849577 0.058s
2024-12-12 06:14:39.890 66539 INFO tempest.lib.common.rest_client [req-f40dcf80-8c7d-4236-8e12-6840df63e1e1 req-f40dcf80-8c7d-4236-8e12-6840df63e1e1 ] Request (AttachVolumeShelveTestJSON:test_attach_volume_shelved_or_offload_server): 200 GET http://10.180.1.21/compute/v2.1/servers/7ef00a00-9a65-4a09-a8d2-b33a344a458d 0.062s
2024-12-12 06:14:39.943 66555 INFO tempest.lib.common.rest_client [req-46e09e49-1e1b-4588-a0cf-e37ed7cbdf6a req-46e09e49-1e1b-4588-a0cf-e37ed7cbdf6a ] Request (ServersTestJSON:test_create_server_with_ipv6_addr_only): 200 GET http://10.180.1.21/compute/v2.1/servers/7ae0c60f-0518-4990-ba93-2a0c9068f96c 0.077s
2024-12-12 06:14:39.946 66511 INFO tempest.lib.common.rest_client [req-b7369ed1-fcab-4285-b273-1b7ba6938bbf req-b7369ed1-fcab-4285-b273-1b7ba6938bbf ] Request (ListImageFiltersTestJSON:setUpClass): 200 GET http://10.180.1.21/compute/v2.1/servers/ec626679-f1d2-445f-adc6-7fa43384f580 0.070s
2024-12-12 06:14:39.963 66531 WARNING tempest.lib.common.ssh [-] Failed to establish authenticated ssh connection to cirros@10.180.180.203 ([Errno None] Unable to connect to port 22 on 10.180.180.203). Number attempts: 5. Retry after 6 seconds.: paramiko.ssh_exception.NoValidConnectionsError: [Errno None] Unable to connect to port 22 on 10.180.180.203
2024-12-12 06:14:39.996 66515 INFO tempest.lib.common.rest_client [req-c3a9dce3-0a53-4c1e-bada-4982520a21d5 req-c3a9dce3-0a53-4c1e-bada-4982520a21d5 ] Request (AttachInterfacesUnderV243Test:test_add_remove_fixed_ip): 200 GET http://10.180.1.21/compute/v2.1/servers/216fb86d-0271-4b94-9dd9-18421414a146 0.070s
2024-12-12 06:14:40.008 66569 INFO tempest.lib.common.rest_client [req-68a300f1-c832-4262-8fb3-98cb2c82eaa4 req-68a300f1-c832-4262-8fb3-98cb2c82eaa4 ] Request (ServersAdminNegativeTestJSON:tearDownClass): 200 GET http://10.180.1.21/compute/v2.1/servers/d9e6f5ba-9b06-4e71-826b-4df16e8aacc6 0.083s
2024-12-12 06:14:40.052 66527 INFO tempest.lib.common.rest_client [req-d272a96e-1cc7-4538-a49a-e0aa52ebfe03 req-d272a96e-1cc7-4538-a49a-e0aa52ebfe03 ] Request (ServersNegativeTestJSON:setUpClass): 200 GET http://10.180.1.21/compute/v2.1/servers/d2c94225-95a9-400a-90a6-0cc5e63d3ec8 0.076s
2024-12-12 06:14:40.099 66551 INFO tempest.lib.common.rest_client [req-463d0f41-4294-435c-9ea4-14d67c1f22d5 req-463d0f41-4294-435c-9ea4-14d67c1f22d5 ] Request (ServerDiskConfigTestJSON:test_rebuild_server_with_auto_disk_config): 200 GET http://10.180.1.21/compute/v2.1/servers/0385aae4-2ccd-4c2c-9074-2e8e6cfd337f 0.079s
2024-12-12 06:14:40.134 66547 INFO tempest.lib.common.rest_client [req-a6c877a6-865e-42d5-820f-d3d9d12f0716 req-a6c877a6-865e-42d5-820f-d3d9d12f0716 ] Request (ImagesTestJSON:test_create_image_from_suspended_server): 200 GET http://10.180.1.21/compute/v2.1/images/bd3990e8-f1f0-4040-a9d3-8f5737f0d9b6 0.049s
2024-12-12 06:14:40.147 66521 INFO tempest.lib.common.rest_client [req-25d6a51b-638e-4454-ae63-503fbfad50fe req-25d6a51b-638e-4454-ae63-503fbfad50fe ] Request (ServersTestJSON:setUpClass): 200 GET http://10.180.1.21/compute/v2.1/servers/e672f797-e55a-4896-89e9-792374cd6830 0.167s
2024-12-12 06:14:40.154 66521 INFO tempest.common.waiters [-] State transition "BUILD/networking" ==> "BUILD/block_device_mapping" after 67 second wait
2024-12-12 06:14:40.192 66523 INFO tempest.lib.common.rest_client [req-ba21471f-029e-4ddb-8c1d-f4549fd9af04 req-ba21471f-029e-4ddb-8c1d-f4549fd9af04 ] Request (InstanceActionsTestJSON:tearDownClass): 200 GET http://10.180.1.21/compute/v2.1/servers/08d2aba3-975d-4baf-af40-4206d970876b 0.087s
2024-12-12 06:14:40.209 66509 INFO tempest.lib.common.rest_client [req-c5f90e7b-cb6d-4bc7-9c49-6f1b2be5ff2b req-c5f90e7b-cb6d-4bc7-9c49-6f1b2be5ff2b ] Request (AttachVolumeNegativeTest:test_attach_attached_volume_to_different_server): 200 GET http://10.180.1.21/compute/v2.1/servers/6c240faf-00d2-48ed-af4e-78942f5739b1 0.049s
2024-12-12 06:14:40.290 66557 INFO tempest.lib.common.rest_client [req-010fde8c-9f1b-4e8a-a8ea-3ebb041840ac req-010fde8c-9f1b-4e8a-a8ea-3ebb041840ac ] Request (ServersNegativeTestMultiTenantJSON:setUpClass): 200 GET http://10.180.1.21/compute/v2.1/servers/8445d71a-bc37-4d64-9ec0-51d18b779858 0.055s
2024-12-12 06:14:40.311 66559 INFO tempest.lib.common.rest_client [req-c26f7e8a-040c-4618-8368-5108fbc35a53 req-c26f7e8a-040c-4618-8368-5108fbc35a53 ] Request (MigrationsAdminTest:test_resize_server_revert_deleted_flavor): 200 GET http://10.180.1.21/compute/v2.1/servers/7fc8cb97-04c6-44db-a050-f09a1eb67c8b 0.062s
2024-12-12 06:14:40.335 66561 INFO tempest.lib.common.rest_client [req-9dc48930-2206-4df2-a87c-633f07bd9e3b req-9dc48930-2206-4df2-a87c-633f07bd9e3b ] Request (ServersAdminTestJSON:test_inject_network_info): 200 GET http://10.180.1.21/compute/v2.1/servers/2055cc18-8f44-4813-95b6-abdecd188c00 0.048s
2024-12-12 06:14:40.667 66525 WARNING tempest.lib.common.ssh [-] Failed to establish authenticated ssh connection to cirros@10.180.180.152 ([Errno None] Unable to connect to port 22 on 10.180.180.152). Number attempts: 8. Retry after 9 seconds.: paramiko.ssh_exception.NoValidConnectionsError: [Errno None] Unable to connect to port 22 on 10.180.180.152
2024-12-12 06:14:40.681 66517 INFO tempest.lib.common.rest_client [req-c26f29dc-d8fc-4af6-8977-bed0f99ccca2 req-c26f29dc-d8fc-4af6-8977-bed0f99ccca2 ] Request (ServersTestFqdnHostnames:test_create_server_with_fqdn_name): 200 GET http://10.180.1.21/compute/v2.1/servers/dadd0010-3683-4884-9ab4-760298f81e96 0.118s
2024-12-12 06:14:40.815 66553 INFO tempest.lib.common.rest_client [req-09edbc88-1485-47d5-a8ff-bca8365bf602 req-09edbc88-1485-47d5-a8ff-bca8365bf602 ] Request (ServerRescueTestJSON:test_rescue_unrescue_instance): 200 GET http://10.180.1.21/compute/v2.1/servers/76ddd43d-f048-48de-93f0-cfb582727acc 0.059s
2024-12-12 06:14:40.874 66541 INFO tempest.lib.common.rest_client [req-ca45b869-443c-4114-9d91-e8e08eb50e1f req-ca45b869-443c-4114-9d91-e8e08eb50e1f ] Request (ServerRescueTestJSONUnderV235:setUpClass): 200 GET http://10.180.1.21/compute/v2.1/servers/5f99a2c4-9ef4-4939-9c4c-714be1033d6d 0.129s
2024-12-12 06:14:40.879 66519 INFO tempest.lib.common.rest_client [req-45b4e0a3-b56b-4312-a9a3-b03f07c9fed7 req-45b4e0a3-b56b-4312-a9a3-b03f07c9fed7 ] Request (ServerActionsTestOtherA:setUpClass): 200 GET http://10.180.1.21/compute/v2.1/servers/25895bc9-1aab-48ec-9dbb-06d5b38eacbf 0.058s
2024-12-12 06:14:40.931 66543 INFO tempest.lib.common.rest_client [req-c280950a-a6cf-464e-bb4a-5a9c0a48832c req-c280950a-a6cf-464e-bb4a-5a9c0a48832c ] Request (ServerShowV247Test:tearDownClass): 200 GET http://10.180.1.21/compute/v2.1/servers/22d3b5be-e63b-4912-8590-4f5e811099a3 0.106s
2024-12-12 06:14:40.948 66567 INFO tempest.lib.common.rest_client [req-d86e9b8b-f31a-4781-a944-604f822eb8a0 req-d86e9b8b-f31a-4781-a944-604f822eb8a0 ] Request (ListServerFiltersTestJSON:setUpClass): 200 GET http://10.180.1.21/compute/v2.1/servers/6e9ab950-8a82-4a48-881b-9cd3d5849577 0.064s
2024-12-12 06:14:40.980 66539 INFO tempest.lib.common.rest_client [req-ea5662e3-1219-4676-a0c9-7065ebb2a40e req-ea5662e3-1219-4676-a0c9-7065ebb2a40e ] Request (AttachVolumeShelveTestJSON:test_attach_volume_shelved_or_offload_server): 200 GET http://10.180.1.21/compute/v2.1/servers/7ef00a00-9a65-4a09-a8d2-b33a344a458d 0.079s
2024-12-12 06:14:41.013 66511 INFO tempest.lib.common.rest_client [req-1f41a326-3e3a-4c5b-be03-516526af27d5 req-1f41a326-3e3a-4c5b-be03-516526af27d5 ] Request (ListImageFiltersTestJSON:setUpClass): 200 GET http://10.180.1.21/compute/v2.1/servers/ec626679-f1d2-445f-adc6-7fa43384f580 0.060s
2024-12-12 06:14:41.034 66555 INFO tempest.lib.common.rest_client [req-3f669559-e806-488e-aa11-a399eecdf688 req-3f669559-e806-488e-aa11-a399eecdf688 ] Request (ServersTestJSON:test_create_server_with_ipv6_addr_only): 200 GET http://10.180.1.21/compute/v2.1/servers/7ae0c60f-0518-4990-ba93-2a0c9068f96c 0.075s
2024-12-12 06:14:41.073 66515 INFO tempest.lib.common.rest_client [req-2f93cdd8-b967-43f3-ba78-5440360c6e09 req-2f93cdd8-b967-43f3-ba78-5440360c6e09 ] Request (AttachInterfacesUnderV243Test:test_add_remove_fixed_ip): 200 GET http://10.180.1.21/compute/v2.1/servers/216fb86d-0271-4b94-9dd9-18421414a146 0.068s
2024-12-12 06:14:41.099 66569 INFO tempest.lib.common.rest_client [req-dce51b4a-0dad-4731-9b13-c443abdafa7b req-dce51b4a-0dad-4731-9b13-c443abdafa7b ] Request (ServersAdminNegativeTestJSON:tearDownClass): 200 GET http://10.180.1.21/compute/v2.1/servers/d9e6f5ba-9b06-4e71-826b-4df16e8aacc6 0.083s
2024-12-12 06:14:41.128 66527 INFO tempest.lib.common.rest_client [req-dc50c95c-5866-4753-a026-d6b166724123 req-dc50c95c-5866-4753-a026-d6b166724123 ] Request (ServersNegativeTestJSON:setUpClass): 200 GET http://10.180.1.21/compute/v2.1/servers/d2c94225-95a9-400a-90a6-0cc5e63d3ec8 0.069s
