2024-12-12 06:14:57.634 66551 INFO tempest.lib.common.rest_client [req-e8ae9691-1e96-495e-b1c4-c06b309685c5 req-e8ae9691-1e96-495e-b1c4-c06b309685c5 ] Request (ServerDiskConfigTestJSON:test_rebuild_server_with_auto_disk_config): 200 GET http://10.180.1.21/compute/v2.1/servers/0385aae4-2ccd-4c2c-9074-2e8e6cfd337f 0.080s
2024-12-12 06:14:57.695 66541 INFO tempest.lib.common.rest_client [req-5b1d6368-b992-4ec5-8415-755d83f6aae6 req-5b1d6368-b992-4ec5-8415-755d83f6aae6 ] Request (ServerRescueTestJSONUnderV235:tearDownClass): 204 DELETE http://10.180.1.21/compute/v2.1/servers/5f99a2c4-9ef4-4939-9c4c-714be1033d6d 0.121s
2024-12-12 06:14:57.831 66541 INFO tempest.lib.common.rest_client [req-b0e13f9e-2e2f-4d94-a23e-1442d447b575 req-b0e13f9e-2e2f-4d94-a23e-1442d447b575 ] Request (ServerRescueTestJSONUnderV235:tearDownClass): 200 GET http://10.180.1.21/compute/v2.1/servers/5f99a2c4-9ef4-4939-9c4c-714be1033d6d 0.136s
2024-12-12 06:14:57.852 66523 INFO tempest.lib.common.rest_client [req-2821d0b9-34ac-499d-a569-279ef042cd8f req-2821d0b9-34ac-499d-a569-279ef042cd8f ] Request (InstanceActionsTestJSON:tearDownClass): 200 GET http://10.180.1.21/compute/v2.1/servers/08d2aba3-975d-4baf-af40-4206d970876b 0.082s
2024-12-12 06:14:57.899 66509 INFO tempest.lib.common.rest_client [req-2024e2b3-1bc2-4482-ac5a-f7dea3e3434f req-2024e2b3-1bc2-4482-ac5a-f7dea3e3434f ] Request (AttachVolumeNegativeTest:test_attach_attached_volume_to_different_server): 200 GET http://10.180.1.21/compute/v2.1/servers/6c240faf-00d2-48ed-af4e-78942f5739b1 0.115s
2024-12-12 06:14:57.905 66509 INFO tempest.common.waiters [-] State transition "BUILD/None" ==> "BUILD/networking" after 81 second wait
2024-12-12 06:14:57.913 66557 INFO tempest.lib.common.rest_client [req-d4d39077-bf38-4fff-8674-b70e0d09e1ec req-d4d39077-bf38-4fff-8674-b70e0d09e1ec ] Request (ServersNegativeTestMultiTenantJSON:setUpClass): 200 GET http://10.180.1.21/compute/v2.1/servers/8445d71a-bc37-4d64-9ec0-51d18b779858 0.092s
2024-12-12 06:14:57.961 66559 INFO tempest.lib.common.rest_client [req-dbc4a66b-b2e9-48bd-8052-7bafe300a4ea req-dbc4a66b-b2e9-48bd-8052-7bafe300a4ea ] Request (MigrationsAdminTest:test_resize_server_revert_deleted_flavor): 200 GET http://10.180.1.21/compute/v2.1/servers/7fc8cb97-04c6-44db-a050-f09a1eb67c8b 0.118s
2024-12-12 06:14:57.974 66553 INFO tempest.lib.common.rest_client [req-87f68e26-f0cf-4095-a65f-2a6aee98df93 req-87f68e26-f0cf-4095-a65f-2a6aee98df93 ] Request (ServerRescueTestJSON:test_rescue_unrescue_instance): 200 GET http://10.180.1.21/compute/v2.1/servers/76ddd43d-f048-48de-93f0-cfb582727acc 0.081s
2024-12-12 06:14:58.011 66567 INFO tempest.lib.common.rest_client [req-c64445c0-6a91-4bbd-89ba-d2fc8bb9b193 req-c64445c0-6a91-4bbd-89ba-d2fc8bb9b193 ] Request (ListServerFiltersTestJSON:setUpClass): 200 GET http://10.180.1.21/compute/v2.1/servers/6e9ab950-8a82-4a48-881b-9cd3d5849577 0.061s
2024-12-12 06:14:58.072 66561 INFO tempest.lib.common.rest_client [req-49b41f19-85be-4f65-bdf5-c22fa040ba82 req-49b41f19-85be-4f65-bdf5-c22fa040ba82 ] Request (ServersAdminTestJSON:test_inject_network_info): 200 GET http://10.180.1.21/compute/v2.1/servers/2055cc18-8f44-4813-95b6-abdecd188c00 0.105s
2024-12-12 06:14:58.086 66519 INFO tempest.lib.common.rest_client [req-0e042f57-58ee-4082-83b9-9a4bf9081b51 req-0e042f57-58ee-4082-83b9-9a4bf9081b51 ] Request (ServerActionsTestOtherA:setUpClass): 200 GET http://10.180.1.21/compute/v2.1/servers/25895bc9-1aab-48ec-9dbb-06d5b38eacbf 0.050s
2024-12-12 06:14:58.136 66543 INFO tempest.lib.common.rest_client [req-216fe8cb-1f43-4308-a67b-6d7490df27fa req-216fe8cb-1f43-4308-a67b-6d7490df27fa ] Request (ServerShowV247Test:tearDownClass): 200 GET http://10.180.1.21/compute/v2.1/servers/22d3b5be-e63b-4912-8590-4f5e811099a3 0.093s
2024-12-12 06:14:58.141 66511 INFO tempest.lib.common.rest_client [req-242d1992-b18c-4b1d-a4ff-3d4671899ede req-242d1992-b18c-4b1d-a4ff-3d4671899ede ] Request (ListImageFiltersTestJSON:setUpClass): 200 GET http://10.180.1.21/compute/v2.1/servers/ec626679-f1d2-445f-adc6-7fa43384f580 0.071s
2024-12-12 06:14:58.170 66535 INFO tempest.lib.common.rest_client [req-1de5dfb3-c10a-44e5-9d8c-b6ae0576aba8 req-1de5dfb3-c10a-44e5-9d8c-b6ae0576aba8 ] Request (VolumesAssistedSnapshotsTest:_run_cleanups): 200 GET http://10.180.1.21/compute/v2.1/servers/57a371ba-6ef5-4c9d-a85c-618768432984/os-volume_attachments 0.076s
2024-12-12 06:14:58.185 66539 INFO tempest.lib.common.rest_client [req-e5ec21e1-bb2d-4db9-9698-12c0a9184853 req-e5ec21e1-bb2d-4db9-9698-12c0a9184853 ] Request (AttachVolumeShelveTestJSON:test_attach_volume_shelved_or_offload_server): 200 GET http://10.180.1.21/compute/v2.1/servers/7ef00a00-9a65-4a09-a8d2-b33a344a458d 0.096s
2024-12-12 06:14:58.349 66515 INFO tempest.lib.common.rest_client [req-0fb8d23a-0b9d-42be-96df-6dec447cae9d req-0fb8d23a-0b9d-42be-96df-6dec447cae9d ] Request (AttachInterfacesUnderV243Test:test_add_remove_fixed_ip): 200 GET http://10.180.1.21/compute/v2.1/servers/216fb86d-0271-4b94-9dd9-18421414a146 0.060s
2024-12-12 06:14:58.382 66555 INFO tempest.lib.common.rest_client [req-3cdaabe9-fdb4-4058-823c-5f2f308093f2 req-3cdaabe9-fdb4-4058-823c-5f2f308093f2 ] Request (ServersTestJSON:test_create_server_with_ipv6_addr_only): 200 GET http://10.180.1.21/compute/v2.1/servers/7ae0c60f-0518-4990-ba93-2a0c9068f96c 0.140s
2024-12-12 06:14:58.451 66547 INFO tempest.lib.common.rest_client [req-46e39ced-120c-4126-8fe2-8a56d3a3831d req-46e39ced-120c-4126-8fe2-8a56d3a3831d ] Request (ImagesTestJSON:test_create_server_from_snapshot): 200 GET http://10.180.1.21/compute/v2.1/servers/c14e3b68-e046-4308-8b57-6e5c99e9a189 0.056s
2024-12-12 06:14:58.531 66527 INFO tempest.lib.common.rest_client [req-cbbb3e0d-6259-4b3f-a056-177c0ea96043 req-cbbb3e0d-6259-4b3f-a056-177c0ea96043 ] Request (ServersNegativeTestJSON:setUpClass): 200 GET http://10.180.1.21/compute/v2.1/servers/d2c94225-95a9-400a-90a6-0cc5e63d3ec8 0.056s
2024-12-12 06:14:58.637 66569 INFO tempest.lib.common.rest_client [req-5e8c5b5a-851e-4bcf-aa93-86894b96bf9f req-5e8c5b5a-851e-4bcf-aa93-86894b96bf9f ] Request (ServersAdminNegativeTestJSON:tearDownClass): 200 GET http://10.180.1.21/compute/v2.1/servers/d9e6f5ba-9b06-4e71-826b-4df16e8aacc6 0.062s
2024-12-12 06:14:58.689 66551 INFO tempest.lib.common.rest_client [req-a53c0877-bc11-413d-bbfc-9935bf27f73b req-a53c0877-bc11-413d-bbfc-9935bf27f73b ] Request (ServerDiskConfigTestJSON:test_rebuild_server_with_auto_disk_config): 200 GET http://10.180.1.21/compute/v2.1/servers/0385aae4-2ccd-4c2c-9074-2e8e6cfd337f 0.047s
2024-12-12 06:14:58.927 66523 INFO tempest.lib.common.rest_client [req-4a94811d-6bbb-4ce8-904e-68c58338377e req-4a94811d-6bbb-4ce8-904e-68c58338377e ] Request (InstanceActionsTestJSON:tearDownClass): 200 GET http://10.180.1.21/compute/v2.1/servers/08d2aba3-975d-4baf-af40-4206d970876b 0.067s
2024-12-12 06:14:58.996 66541 INFO tempest.lib.common.rest_client [req-72e444a7-f73f-480e-933f-c391e0427237 req-72e444a7-f73f-480e-933f-c391e0427237 ] Request (ServerRescueTestJSONUnderV235:tearDownClass): 200 GET http://10.180.1.21/compute/v2.1/servers/5f99a2c4-9ef4-4939-9c4c-714be1033d6d 0.152s
2024-12-12 06:14:59.073 66557 INFO tempest.lib.common.rest_client [req-1beb5b71-6804-4802-b202-03ec63af9647 req-1beb5b71-6804-4802-b202-03ec63af9647 ] Request (ServersNegativeTestMultiTenantJSON:setUpClass): 200 GET http://10.180.1.21/compute/v2.1/servers/8445d71a-bc37-4d64-9ec0-51d18b779858 0.149s
2024-12-12 06:14:59.093 66509 INFO tempest.lib.common.rest_client [req-c13b39d3-d729-468c-b4bb-3b84ee48b498 req-c13b39d3-d729-468c-b4bb-3b84ee48b498 ] Request (AttachVolumeNegativeTest:test_attach_attached_volume_to_different_server): 200 GET http://10.180.1.21/compute/v2.1/servers/6c240faf-00d2-48ed-af4e-78942f5739b1 0.186s
2024-12-12 06:14:59.099 66509 INFO tempest.common.waiters [-] State transition "BUILD/networking" ==> "BUILD/block_device_mapping" after 83 second wait
2024-12-12 06:14:59.132 66559 INFO tempest.lib.common.rest_client [req-849ef549-2603-46c7-beaa-8d9987a3ed3f req-849ef549-2603-46c7-beaa-8d9987a3ed3f ] Request (MigrationsAdminTest:test_resize_server_revert_deleted_flavor): 200 GET http://10.180.1.21/compute/v2.1/servers/7fc8cb97-04c6-44db-a050-f09a1eb67c8b 0.161s
2024-12-12 06:14:59.191 66553 INFO tempest.lib.common.rest_client [req-ae53ab21-a5f8-451e-a1b2-bf470c8dc20f req-ae53ab21-a5f8-451e-a1b2-bf470c8dc20f ] Request (ServerRescueTestJSON:test_rescue_unrescue_instance): 200 GET http://10.180.1.21/compute/v2.1/servers/76ddd43d-f048-48de-93f0-cfb582727acc 0.209s
2024-12-12 06:14:59.196 66567 INFO tempest.lib.common.rest_client [req-99a27c67-0110-4fc7-8d62-45d193d6780e req-99a27c67-0110-4fc7-8d62-45d193d6780e ] Request (ListServerFiltersTestJSON:setUpClass): 200 GET http://10.180.1.21/compute/v2.1/servers/6e9ab950-8a82-4a48-881b-9cd3d5849577 0.176s
2024-12-12 06:14:59.256 66519 INFO tempest.lib.common.rest_client [req-cde8b16b-82cf-47e3-b5d3-7daaef00b5d5 req-cde8b16b-82cf-47e3-b5d3-7daaef00b5d5 ] Request (ServerActionsTestOtherA:setUpClass): 200 GET http://10.180.1.21/compute/v2.1/servers/25895bc9-1aab-48ec-9dbb-06d5b38eacbf 0.163s
2024-12-12 06:14:59.306 66561 INFO tempest.lib.common.rest_client [req-9c9492c2-5029-4d6d-b3f1-6aef99b5b397 req-9c9492c2-5029-4d6d-b3f1-6aef99b5b397 ] Request (ServersAdminTestJSON:test_inject_network_info): 200 GET http://10.180.1.21/compute/v2.1/servers/2055cc18-8f44-4813-95b6-abdecd188c00 0.227s
2024-12-12 06:14:59.317 66543 INFO tempest.lib.common.rest_client [req-a034805e-a59a-463d-9feb-465a87f30adf req-a034805e-a59a-463d-9feb-465a87f30adf ] Request (ServerShowV247Test:tearDownClass): 200 GET http://10.180.1.21/compute/v2.1/servers/22d3b5be-e63b-4912-8590-4f5e811099a3 0.172s
2024-12-12 06:14:59.345 66535 INFO tempest.lib.common.rest_client [req-48bdae03-bb7c-44f5-ac27-9eeff760245c req-48bdae03-bb7c-44f5-ac27-9eeff760245c ] Request (VolumesAssistedSnapshotsTest:_run_cleanups): 200 GET http://10.180.1.21/compute/v2.1/servers/57a371ba-6ef5-4c9d-a85c-618768432984/os-volume_attachments 0.174s
2024-12-12 06:14:59.359 66511 INFO tempest.lib.common.rest_client [req-d802ca63-0e1a-4421-8b68-03cbbab359b1 req-d802ca63-0e1a-4421-8b68-03cbbab359b1 ] Request (ListImageFiltersTestJSON:setUpClass): 200 GET http://10.180.1.21/compute/v2.1/servers/ec626679-f1d2-445f-adc6-7fa43384f580 0.211s
2024-12-12 06:14:59.398 66539 INFO tempest.lib.common.rest_client [req-56885fd4-dd0c-4a33-97ba-77989f96c8d0 req-56885fd4-dd0c-4a33-97ba-77989f96c8d0 ] Request (AttachVolumeShelveTestJSON:test_attach_volume_shelved_or_offload_server): 200 GET http://10.180.1.21/compute/v2.1/servers/7ef00a00-9a65-4a09-a8d2-b33a344a458d 0.203s
2024-12-12 06:14:59.408 66515 INFO tempest.lib.common.rest_client [req-c648304b-6897-4a41-a65c-d673e5344841 req-c648304b-6897-4a41-a65c-d673e5344841 ] Request (AttachInterfacesUnderV243Test:test_add_remove_fixed_ip): 200 GET http://10.180.1.21/compute/v2.1/servers/216fb86d-0271-4b94-9dd9-18421414a146 0.052s
2024-12-12 06:14:59.516 66547 INFO tempest.lib.common.rest_client [req-17ea53e4-30e9-40c8-9a28-e35c4588fe66 req-17ea53e4-30e9-40c8-9a28-e35c4588fe66 ] Request (ImagesTestJSON:test_create_server_from_snapshot): 200 GET http://10.180.1.21/compute/v2.1/servers/c14e3b68-e046-4308-8b57-6e5c99e9a189 0.057s
2024-12-12 06:14:59.535 66555 INFO tempest.lib.common.rest_client [req-95e29077-92b5-4905-b8f4-f62b464e3543 req-95e29077-92b5-4905-b8f4-f62b464e3543 ] Request (ServersTestJSON:test_create_server_with_ipv6_addr_only): 200 GET http://10.180.1.21/compute/v2.1/servers/7ae0c60f-0518-4990-ba93-2a0c9068f96c 0.146s
2024-12-12 06:14:59.585 66527 INFO tempest.lib.common.rest_client [req-8735c739-b189-4540-a7e9-51a48a3a7db7 req-8735c739-b189-4540-a7e9-51a48a3a7db7 ] Request (ServersNegativeTestJSON:setUpClass): 200 GET http://10.180.1.21/compute/v2.1/servers/d2c94225-95a9-400a-90a6-0cc5e63d3ec8 0.046s
2024-12-12 06:14:59.707 66569 INFO tempest.lib.common.rest_client [req-f3265abc-2fd6-4fde-8a07-da8eb82d0e57 req-f3265abc-2fd6-4fde-8a07-da8eb82d0e57 ] Request (ServersAdminNegativeTestJSON:tearDownClass): 200 GET http://10.180.1.21/compute/v2.1/servers/d9e6f5ba-9b06-4e71-826b-4df16e8aacc6 0.063s
2024-12-12 06:14:59.744 66551 INFO tempest.lib.common.rest_client [req-422ef4c1-81be-422b-b89f-a1565d9e4926 req-422ef4c1-81be-422b-b89f-a1565d9e4926 ] Request (ServerDiskConfigTestJSON:test_rebuild_server_with_auto_disk_config): 200 GET http://10.180.1.21/compute/v2.1/servers/0385aae4-2ccd-4c2c-9074-2e8e6cfd337f 0.048s
2024-12-12 06:14:59.931 66529 WARNING tempest.lib.common.ssh [-] Failed to establish authenticated ssh connection to cirros@10.180.180.219 ([Errno None] Unable to connect to port 22 on 10.180.180.219). Number attempts: 11. Retry after 12 seconds.: paramiko.ssh_exception.NoValidConnectionsError: [Errno None] Unable to connect to port 22 on 10.180.180.219
2024-12-12 06:15:00.039 66523 INFO tempest.lib.common.rest_client [req-cfa36528-648c-4377-97ea-91090951fe26 req-cfa36528-648c-4377-97ea-91090951fe26 ] Request (InstanceActionsTestJSON:tearDownClass): 200 GET http://10.180.1.21/compute/v2.1/servers/08d2aba3-975d-4baf-af40-4206d970876b 0.106s
2024-12-12 06:15:00.059 66521 WARNING tempest.lib.common.ssh [-] Failed to establish authenticated ssh connection to cirros@10.180.180.231 ([Errno None] Unable to connect to port 22 on 10.180.180.231). Number attempts: 2. Retry after 3 seconds.: paramiko.ssh_exception.NoValidConnectionsError: [Errno None] Unable to connect to port 22 on 10.180.180.231
2024-12-12 06:15:00.157 66557 INFO tempest.lib.common.rest_client [req-494babd8-8067-47ab-aa83-9081c1b6a54a req-494babd8-8067-47ab-aa83-9081c1b6a54a ] Request (ServersNegativeTestMultiTenantJSON:setUpClass): 200 GET http://10.180.1.21/compute/v2.1/servers/8445d71a-bc37-4d64-9ec0-51d18b779858 0.072s
2024-12-12 06:15:00.181 66541 INFO tempest.lib.common.rest_client [req-b6d20480-0283-4d39-95c9-46f84553f125 req-b6d20480-0283-4d39-95c9-46f84553f125 ] Request (ServerRescueTestJSONUnderV235:tearDownClass): 200 GET http://10.180.1.21/compute/v2.1/servers/5f99a2c4-9ef4-4939-9c4c-714be1033d6d 0.177s
2024-12-12 06:15:00.249 66559 INFO tempest.lib.common.rest_client [req-22840f53-0145-4df4-9c9b-b0d869f1cd04 req-22840f53-0145-4df4-9c9b-b0d869f1cd04 ] Request (MigrationsAdminTest:test_resize_server_revert_deleted_flavor): 200 GET http://10.180.1.21/compute/v2.1/servers/7fc8cb97-04c6-44db-a050-f09a1eb67c8b 0.106s
2024-12-12 06:15:00.255 66509 INFO tempest.lib.common.rest_client [req-c787f572-09b5-4b2b-bbcb-8d40b8de5609 req-c787f572-09b5-4b2b-bbcb-8d40b8de5609 ] Request (AttachVolumeNegativeTest:test_attach_attached_volume_to_different_server): 200 GET http://10.180.1.21/compute/v2.1/servers/6c240faf-00d2-48ed-af4e-78942f5739b1 0.154s
2024-12-12 06:15:00.260 66509 INFO tempest.common.waiters [-] State transition "BUILD/block_device_mapping" ==> "BUILD/spawning" after 84 second wait
2024-12-12 06:15:00.308 66553 INFO tempest.lib.common.rest_client [req-f94c071a-a7a3-4387-8b9c-08b7f4dcef53 req-f94c071a-a7a3-4387-8b9c-08b7f4dcef53 ] Request (ServerRescueTestJSON:test_rescue_unrescue_instance): 200 GET http://10.180.1.21/compute/v2.1/servers/76ddd43d-f048-48de-93f0-cfb582727acc 0.107s
2024-12-12 06:15:00.309 66567 INFO tempest.lib.common.rest_client [req-7412364d-c8a2-4311-b4af-31ee150f9f67 req-7412364d-c8a2-4311-b4af-31ee150f9f67 ] Request (ListServerFiltersTestJSON:setUpClass): 200 GET http://10.180.1.21/compute/v2.1/servers/6e9ab950-8a82-4a48-881b-9cd3d5849577 0.103s
2024-12-12 06:15:00.355 66519 INFO tempest.lib.common.rest_client [req-f8d087fa-150a-4e3e-adf7-5aad100f539e req-f8d087fa-150a-4e3e-adf7-5aad100f539e ] Request (ServerActionsTestOtherA:setUpClass): 200 GET http://10.180.1.21/compute/v2.1/servers/25895bc9-1aab-48ec-9dbb-06d5b38eacbf 0.093s
2024-12-12 06:15:00.427 66543 INFO tempest.lib.common.rest_client [req-49abf6cf-299b-4475-98cb-c8de169c7821 req-49abf6cf-299b-4475-98cb-c8de169c7821 ] Request (ServerShowV247Test:tearDownClass): 200 GET http://10.180.1.21/compute/v2.1/servers/22d3b5be-e63b-4912-8590-4f5e811099a3 0.101s
2024-12-12 06:15:00.435 66561 INFO tempest.lib.common.rest_client [req-c49c3d4f-9cfa-46d2-8079-51ab794027bc req-c49c3d4f-9cfa-46d2-8079-51ab794027bc ] Request (ServersAdminTestJSON:test_inject_network_info): 200 GET http://10.180.1.21/compute/v2.1/servers/2055cc18-8f44-4813-95b6-abdecd188c00 0.122s
2024-12-12 06:15:00.455 66535 INFO tempest.lib.common.rest_client [req-087b0924-d012-4e6b-9ea8-48176661f366 req-087b0924-d012-4e6b-9ea8-48176661f366 ] Request (VolumesAssistedSnapshotsTest:_run_cleanups): 200 GET http://10.180.1.21/compute/v2.1/servers/57a371ba-6ef5-4c9d-a85c-618768432984/os-volume_attachments 0.108s
2024-12-12 06:15:00.484 66535 INFO tempest.lib.common.rest_client [req-e972c1b1-2406-405c-9151-f323b8e6620e req-e972c1b1-2406-405c-9151-f323b8e6620e ] Request (VolumesAssistedSnapshotsTest:_run_cleanups): 200 GET http://10.180.1.21/volume/v3/volumes/d90776d1-866c-4a8b-addf-c47a86a33a57 0.028s
2024-12-12 06:15:00.492 66511 INFO tempest.lib.common.rest_client [req-42bf6ffa-1bbc-42dc-bd2d-0a7b73e66e9d req-42bf6ffa-1bbc-42dc-bd2d-0a7b73e66e9d ] Request (ListImageFiltersTestJSON:setUpClass): 200 GET http://10.180.1.21/compute/v2.1/servers/ec626679-f1d2-445f-adc6-7fa43384f580 0.125s
2024-12-12 06:15:00.493 66535 INFO tempest.common.waiters [-] volume d90776d1-866c-4a8b-addf-c47a86a33a57 reached available after waiting for 0.493755 seconds
2024-12-12 06:15:00.509 66539 INFO tempest.lib.common.rest_client [req-f04808ec-9737-4394-9136-314ca7073bcf req-f04808ec-9737-4394-9136-314ca7073bcf ] Request (AttachVolumeShelveTestJSON:test_attach_volume_shelved_or_offload_server): 200 GET http://10.180.1.21/compute/v2.1/servers/7ef00a00-9a65-4a09-a8d2-b33a344a458d 0.103s
2024-12-12 06:15:00.516 66539 INFO tempest.common.waiters [-] State transition "BUILD/None" ==> "BUILD/networking" after 80 second wait
2024-12-12 06:15:00.550 66535 INFO tempest.lib.common.rest_client [req-7ece720c-271d-4ddf-acb5-bb93ec9693b1 req-7ece720c-271d-4ddf-acb5-bb93ec9693b1 ] Request (VolumesAssistedSnapshotsTest:_run_cleanups): 202 DELETE http://10.180.1.21/volume/v3/volumes/d90776d1-866c-4a8b-addf-c47a86a33a57 0.056s
2024-12-12 06:15:00.562 66515 INFO tempest.lib.common.rest_client [req-a31c18b8-0d83-4635-a164-1fa0d16c44d0 req-a31c18b8-0d83-4635-a164-1fa0d16c44d0 ] Request (AttachInterfacesUnderV243Test:test_add_remove_fixed_ip): 200 GET http://10.180.1.21/compute/v2.1/servers/216fb86d-0271-4b94-9dd9-18421414a146 0.144s
2024-12-12 06:15:00.574 66535 INFO tempest.lib.common.rest_client [req-1cf0ed98-d51f-4545-a7d7-42010c7db012 req-1cf0ed98-d51f-4545-a7d7-42010c7db012 ] Request (VolumesAssistedSnapshotsTest:_run_cleanups): 200 GET http://10.180.1.21/volume/v3/volumes/d90776d1-866c-4a8b-addf-c47a86a33a57 0.023s
2024-12-12 06:15:00.579 66547 INFO tempest.lib.common.rest_client [req-dde25378-0e47-43c4-9766-4622889c7019 req-dde25378-0e47-43c4-9766-4622889c7019 ] Request (ImagesTestJSON:test_create_server_from_snapshot): 200 GET http://10.180.1.21/compute/v2.1/servers/c14e3b68-e046-4308-8b57-6e5c99e9a189 0.057s
2024-12-12 06:15:00.654 66527 INFO tempest.lib.common.rest_client [req-2c5a6415-40e8-4208-9e68-865676d156d7 req-2c5a6415-40e8-4208-9e68-865676d156d7 ] Request (ServersNegativeTestJSON:setUpClass): 200 GET http://10.180.1.21/compute/v2.1/servers/d2c94225-95a9-400a-90a6-0cc5e63d3ec8 0.062s
2024-12-12 06:15:00.688 66555 INFO tempest.lib.common.rest_client [req-5c63313d-786c-4ac2-9aa8-de10847c2b7c req-5c63313d-786c-4ac2-9aa8-de10847c2b7c ] Request (ServersTestJSON:test_create_server_with_ipv6_addr_only): 200 GET http://10.180.1.21/compute/v2.1/servers/7ae0c60f-0518-4990-ba93-2a0c9068f96c 0.145s
2024-12-12 06:15:00.690 66525 WARNING tempest.lib.common.ssh [-] Failed to establish authenticated ssh connection to cirros@10.180.180.152 ([Errno None] Unable to connect to port 22 on 10.180.180.152). Number attempts: 10. Retry after 11 seconds.: paramiko.ssh_exception.NoValidConnectionsError: [Errno None] Unable to connect to port 22 on 10.180.180.152
2024-12-12 06:15:00.779 66569 INFO tempest.lib.common.rest_client [req-f3509231-060e-41d2-a9cb-3ef7e0379e06 req-f3509231-060e-41d2-a9cb-3ef7e0379e06 ] Request (ServersAdminNegativeTestJSON:tearDownClass): 200 GET http://10.180.1.21/compute/v2.1/servers/d9e6f5ba-9b06-4e71-826b-4df16e8aacc6 0.064s
2024-12-12 06:15:00.803 66551 INFO tempest.lib.common.rest_client [req-96d8505a-b165-4007-a332-41672b2cde0c req-96d8505a-b165-4007-a332-41672b2cde0c ] Request (ServerDiskConfigTestJSON:test_rebuild_server_with_auto_disk_config): 200 GET http://10.180.1.21/compute/v2.1/servers/0385aae4-2ccd-4c2c-9074-2e8e6cfd337f 0.051s
2024-12-12 06:15:00.938 66517 WARNING tempest.lib.common.ssh [-] Failed to establish authenticated ssh connection to cirros@10.180.180.174 ([Errno None] Unable to connect to port 22 on 10.180.180.174). Number attempts: 3. Retry after 4 seconds.: paramiko.ssh_exception.NoValidConnectionsError: [Errno None] Unable to connect to port 22 on 10.180.180.174
2024-12-12 06:15:01.074 66523 INFO tempest.lib.common.rest_client [req-94727ad6-4b6d-4682-b09d-162837ac431b req-94727ad6-4b6d-4682-b09d-162837ac431b ] Request (InstanceActionsTestJSON:tearDownClass): 404 GET http://10.180.1.21/compute/v2.1/servers/08d2aba3-975d-4baf-af40-4206d970876b 0.026s
2024-12-12 06:15:01.232 66557 INFO tempest.lib.common.rest_client [req-4af5b503-3c58-42a5-9765-bbd53910ec9a req-4af5b503-3c58-42a5-9765-bbd53910ec9a ] Request (ServersNegativeTestMultiTenantJSON:setUpClass): 200 GET http://10.180.1.21/compute/v2.1/servers/8445d71a-bc37-4d64-9ec0-51d18b779858 0.067s
2024-12-12 06:15:01.260 66541 INFO tempest.lib.common.rest_client [req-3f50a36a-9ec5-4e64-9996-7fd3e814ccc0 req-3f50a36a-9ec5-4e64-9996-7fd3e814ccc0 ] Request (ServerRescueTestJSONUnderV235:tearDownClass): 200 GET http://10.180.1.21/compute/v2.1/servers/5f99a2c4-9ef4-4939-9c4c-714be1033d6d 0.072s
2024-12-12 06:15:01.267 66541 INFO tempest.common.waiters [-] State transition "RESCUE/deleting" ==> "DELETED/None" after 4 second wait
2024-12-12 06:15:01.335 66559 INFO tempest.lib.common.rest_client [req-0d188083-2352-4e7b-afb8-4025165854e4 req-0d188083-2352-4e7b-afb8-4025165854e4 ] Request (MigrationsAdminTest:test_resize_server_revert_deleted_flavor): 200 GET http://10.180.1.21/compute/v2.1/servers/7fc8cb97-04c6-44db-a050-f09a1eb67c8b 0.079s
2024-12-12 06:15:01.399 66553 INFO tempest.lib.common.rest_client [req-1bb76980-093e-41ed-a532-80ac0a76335f req-1bb76980-093e-41ed-a532-80ac0a76335f ] Request (ServerRescueTestJSON:test_rescue_unrescue_instance): 200 GET http://10.180.1.21/compute/v2.1/servers/76ddd43d-f048-48de-93f0-cfb582727acc 0.084s
2024-12-12 06:15:01.409 66509 INFO tempest.lib.common.rest_client [req-a4457fd6-9fe7-4ca0-a50f-95256b0a2750 req-a4457fd6-9fe7-4ca0-a50f-95256b0a2750 ] Request (AttachVolumeNegativeTest:test_attach_attached_volume_to_different_server): 200 GET http://10.180.1.21/compute/v2.1/servers/6c240faf-00d2-48ed-af4e-78942f5739b1 0.148s
2024-12-12 06:15:01.462 66567 INFO tempest.lib.common.rest_client [req-9f2988e2-45dc-4748-90b9-0446b8de360f req-9f2988e2-45dc-4748-90b9-0446b8de360f ] Request (ListServerFiltersTestJSON:setUpClass): 200 GET http://10.180.1.21/compute/v2.1/servers/6e9ab950-8a82-4a48-881b-9cd3d5849577 0.146s
2024-12-12 06:15:01.470 66519 INFO tempest.lib.common.rest_client [req-20e5bf54-63e9-4b47-a47d-2d757dbb3532 req-20e5bf54-63e9-4b47-a47d-2d757dbb3532 ] Request (ServerActionsTestOtherA:setUpClass): 200 GET http://10.180.1.21/compute/v2.1/servers/25895bc9-1aab-48ec-9dbb-06d5b38eacbf 0.108s
2024-12-12 06:15:01.543 66543 INFO tempest.lib.common.rest_client [req-32996738-241e-4adc-9f50-c38c15fe4a27 req-32996738-241e-4adc-9f50-c38c15fe4a27 ] Request (ServerShowV247Test:tearDownClass): 200 GET http://10.180.1.21/compute/v2.1/servers/22d3b5be-e63b-4912-8590-4f5e811099a3 0.108s
2024-12-12 06:15:01.596 66511 INFO tempest.lib.common.rest_client [req-54129922-eb68-44dd-9bca-26e281016a80 req-54129922-eb68-44dd-9bca-26e281016a80 ] Request (ListImageFiltersTestJSON:setUpClass): 200 GET http://10.180.1.21/compute/v2.1/servers/ec626679-f1d2-445f-adc6-7fa43384f580 0.094s
2024-12-12 06:15:01.599 66561 INFO tempest.lib.common.rest_client [req-dfe4de69-0cb1-446d-9a7d-f6d4f567f309 req-dfe4de69-0cb1-446d-9a7d-f6d4f567f309 ] Request (ServersAdminTestJSON:test_inject_network_info): 200 GET http://10.180.1.21/compute/v2.1/servers/2055cc18-8f44-4813-95b6-abdecd188c00 0.155s
2024-12-12 06:15:01.614 66535 INFO tempest.lib.common.rest_client [req-d6cbcff0-5278-4683-a60e-683fae634796 req-d6cbcff0-5278-4683-a60e-683fae634796 ] Request (VolumesAssistedSnapshotsTest:_run_cleanups): 200 GET http://10.180.1.21/volume/v3/volumes/d90776d1-866c-4a8b-addf-c47a86a33a57 0.033s
2024-12-12 06:15:01.656 66515 INFO tempest.lib.common.rest_client [req-68bd4978-a859-48ed-8cfe-fc5a1b857cae req-68bd4978-a859-48ed-8cfe-fc5a1b857cae ] Request (AttachInterfacesUnderV243Test:test_add_remove_fixed_ip): 200 GET http://10.180.1.21/compute/v2.1/servers/216fb86d-0271-4b94-9dd9-18421414a146 0.087s
2024-12-12 06:15:01.723 66547 INFO tempest.lib.common.rest_client [req-751203af-da36-4316-86be-20c6e60fc74d req-751203af-da36-4316-86be-20c6e60fc74d ] Request (ImagesTestJSON:test_create_server_from_snapshot): 200 GET http://10.180.1.21/compute/v2.1/servers/c14e3b68-e046-4308-8b57-6e5c99e9a189 0.137s
2024-12-12 06:15:01.757 66539 INFO tempest.lib.common.rest_client [req-79f8087a-fab1-4aa2-a576-ca4a2fad3c24 req-79f8087a-fab1-4aa2-a576-ca4a2fad3c24 ] Request (AttachVolumeShelveTestJSON:test_attach_volume_shelved_or_offload_server): 200 GET http://10.180.1.21/compute/v2.1/servers/7ef00a00-9a65-4a09-a8d2-b33a344a458d 0.237s
2024-12-12 06:15:01.765 66539 INFO tempest.common.waiters [-] State transition "BUILD/networking" ==> "BUILD/block_device_mapping" after 81 second wait
2024-12-12 06:15:01.787 66527 INFO tempest.lib.common.rest_client [req-ba6aaae9-5de4-48e4-b591-1c671c050d07 req-ba6aaae9-5de4-48e4-b591-1c671c050d07 ] Request (ServersNegativeTestJSON:setUpClass): 200 GET http://10.180.1.21/compute/v2.1/servers/d2c94225-95a9-400a-90a6-0cc5e63d3ec8 0.126s
2024-12-12 06:15:01.870 66569 INFO tempest.lib.common.rest_client [req-4c2fdce9-7e1d-494d-a75d-34489ea087bc req-4c2fdce9-7e1d-494d-a75d-34489ea087bc ] Request (ServersAdminNegativeTestJSON:tearDownClass): 200 GET http://10.180.1.21/compute/v2.1/servers/d9e6f5ba-9b06-4e71-826b-4df16e8aacc6 0.085s
2024-12-12 06:15:01.888 66555 INFO tempest.lib.common.rest_client [req-91894e49-6555-4ae5-849b-7831d9c8a21b req-91894e49-6555-4ae5-849b-7831d9c8a21b ] Request (ServersTestJSON:test_create_server_with_ipv6_addr_only): 200 GET http://10.180.1.21/compute/v2.1/servers/7ae0c60f-0518-4990-ba93-2a0c9068f96c 0.193s
2024-12-12 06:15:01.915 66563 WARNING tempest.lib.common.ssh [-] Failed to establish authenticated ssh connection to cirros@10.180.180.224 ([Errno None] Unable to connect to port 22 on 10.180.180.224). Number attempts: 12. Retry after 13 seconds.: paramiko.ssh_exception.NoValidConnectionsError: [Errno None] Unable to connect to port 22 on 10.180.180.224
2024-12-12 06:15:01.937 66551 INFO tempest.lib.common.rest_client [req-2cfaea86-cf75-4155-b890-e656d89ac865 req-2cfaea86-cf75-4155-b890-e656d89ac865 ] Request (ServerDiskConfigTestJSON:test_rebuild_server_with_auto_disk_config): 200 GET http://10.180.1.21/compute/v2.1/servers/0385aae4-2ccd-4c2c-9074-2e8e6cfd337f 0.127s
2024-12-12 06:15:02.116 66523 INFO tempest.lib.common.rest_client [req-9c60e58f-fa13-48e2-beaf-72245c973b8b req-9c60e58f-fa13-48e2-beaf-72245c973b8b ] Request (InstanceActionsTestJSON:tearDownClass): 200 PUT http://10.180.1.21:9696/networking/v2.0/routers/511788a9-53f5-48ee-b2d5-2ed75de31149/remove_router_interface 1.042s
2024-12-12 06:15:02.333 66557 INFO tempest.lib.common.rest_client [req-a8b6c554-9d99-48c2-825d-59953a793a72 req-a8b6c554-9d99-48c2-825d-59953a793a72 ] Request (ServersNegativeTestMultiTenantJSON:setUpClass): 200 GET http://10.180.1.21/compute/v2.1/servers/8445d71a-bc37-4d64-9ec0-51d18b779858 0.091s
2024-12-12 06:15:02.358 66541 INFO tempest.lib.common.rest_client [req-1b49d416-311e-4407-aeca-f6aaba8e449e req-1b49d416-311e-4407-aeca-f6aaba8e449e ] Request (ServerRescueTestJSONUnderV235:tearDownClass): 200 GET http://10.180.1.21/compute/v2.1/servers/5f99a2c4-9ef4-4939-9c4c-714be1033d6d 0.090s
2024-12-12 06:15:02.381 66549 WARNING tempest.lib.common.ssh [-] Failed to establish authenticated ssh connection to cirros@10.180.180.218 ([Errno None] Unable to connect to port 22 on 10.180.180.218). Number attempts: 8. Retry after 9 seconds.: paramiko.ssh_exception.NoValidConnectionsError: [Errno None] Unable to connect to port 22 on 10.180.180.218
2024-12-12 06:15:02.399 66559 INFO tempest.lib.common.rest_client [req-44fae6eb-e8e4-4958-8112-8386898539b5 req-44fae6eb-e8e4-4958-8112-8386898539b5 ] Request (MigrationsAdminTest:test_resize_server_revert_deleted_flavor): 200 GET http://10.180.1.21/compute/v2.1/servers/7fc8cb97-04c6-44db-a050-f09a1eb67c8b 0.057s
2024-12-12 06:15:02.483 66553 INFO tempest.lib.common.rest_client [req-72e76d9e-f20c-4134-82e3-6871a461156c req-72e76d9e-f20c-4134-82e3-6871a461156c ] Request (ServerRescueTestJSON:test_rescue_unrescue_instance): 200 GET http://10.180.1.21/compute/v2.1/servers/76ddd43d-f048-48de-93f0-cfb582727acc 0.076s
2024-12-12 06:15:02.547 66523 INFO tempest.lib.common.rest_client [req-42bcb1db-a8d6-4cf8-928a-7cc949da3ba7 req-42bcb1db-a8d6-4cf8-928a-7cc949da3ba7 ] Request (InstanceActionsTestJSON:tearDownClass): 204 DELETE http://10.180.1.21:9696/networking/v2.0/routers/511788a9-53f5-48ee-b2d5-2ed75de31149 0.430s
2024-12-12 06:15:02.554 66567 INFO tempest.lib.common.rest_client [req-efb347ff-0f18-49a8-b059-ff3fdf0799cd req-efb347ff-0f18-49a8-b059-ff3fdf0799cd ] Request (ListServerFiltersTestJSON:setUpClass): 200 GET http://10.180.1.21/compute/v2.1/servers/6e9ab950-8a82-4a48-881b-9cd3d5849577 0.083s
2024-12-12 06:15:02.567 66509 INFO tempest.lib.common.rest_client [req-9a44f2cd-1154-4e65-9750-3abfb8ecf8bb req-9a44f2cd-1154-4e65-9750-3abfb8ecf8bb ] Request (AttachVolumeNegativeTest:test_attach_attached_volume_to_different_server): 200 GET http://10.180.1.21/compute/v2.1/servers/6c240faf-00d2-48ed-af4e-78942f5739b1 0.148s
2024-12-12 06:15:02.631 66519 INFO tempest.lib.common.rest_client [req-f0061fe3-0adf-4a1a-b55a-57ab40bd67e8 req-f0061fe3-0adf-4a1a-b55a-57ab40bd67e8 ] Request (ServerActionsTestOtherA:setUpClass): 200 GET http://10.180.1.21/compute/v2.1/servers/25895bc9-1aab-48ec-9dbb-06d5b38eacbf 0.147s
2024-12-12 06:15:02.650 66543 INFO tempest.lib.common.rest_client [req-a3af9e26-f2be-4251-a9fa-1f8ceb389b13 req-a3af9e26-f2be-4251-a9fa-1f8ceb389b13 ] Request (ServerShowV247Test:tearDownClass): 200 GET http://10.180.1.21/compute/v2.1/servers/22d3b5be-e63b-4912-8590-4f5e811099a3 0.091s
2024-12-12 06:15:02.665 66535 INFO tempest.lib.common.rest_client [req-1178d9c4-1573-423a-a23a-8d546e21e410 req-1178d9c4-1573-423a-a23a-8d546e21e410 ] Request (VolumesAssistedSnapshotsTest:_run_cleanups): 200 GET http://10.180.1.21/volume/v3/volumes/d90776d1-866c-4a8b-addf-c47a86a33a57 0.044s
2024-12-12 06:15:02.736 66511 INFO tempest.lib.common.rest_client [req-3d26c766-eaf3-4dd6-99cb-7d639149cb66 req-3d26c766-eaf3-4dd6-99cb-7d639149cb66 ] Request (ListImageFiltersTestJSON:setUpClass): 200 GET http://10.180.1.21/compute/v2.1/servers/ec626679-f1d2-445f-adc6-7fa43384f580 0.132s
2024-12-12 06:15:02.813 66515 INFO tempest.lib.common.rest_client [req-0c553f6d-6e5d-49bb-9eba-65237984bd30 req-0c553f6d-6e5d-49bb-9eba-65237984bd30 ] Request (AttachInterfacesUnderV243Test:test_add_remove_fixed_ip): 200 GET http://10.180.1.21/compute/v2.1/servers/216fb86d-0271-4b94-9dd9-18421414a146 0.145s
2024-12-12 06:15:03.047 66523 INFO tempest.lib.common.rest_client [req-38d7a500-f425-458e-8c45-58b4a2b16453 req-38d7a500-f425-458e-8c45-58b4a2b16453 ] Request (InstanceActionsTestJSON:tearDownClass): 204 DELETE http://10.180.1.21:9696/networking/v2.0/subnets/45c8950e-4e0d-409b-92eb-58283196bf94 0.500s
2024-12-12 06:15:03.065 66547 INFO tempest.lib.common.rest_client [req-45d81db8-e4b6-4d18-99d4-3cd19f8b092a req-45d81db8-e4b6-4d18-99d4-3cd19f8b092a ] Request (ImagesTestJSON:test_create_server_from_snapshot): 200 GET http://10.180.1.21/compute/v2.1/servers/c14e3b68-e046-4308-8b57-6e5c99e9a189 0.333s
2024-12-12 06:15:03.095 66561 INFO tempest.lib.common.rest_client [req-ee27c59a-486d-4ca5-aa03-db6697f46795 req-ee27c59a-486d-4ca5-aa03-db6697f46795 ] Request (ServersAdminTestJSON:test_inject_network_info): 200 GET http://10.180.1.21/compute/v2.1/servers/2055cc18-8f44-4813-95b6-abdecd188c00 0.488s
2024-12-12 06:15:03.164 66527 INFO tempest.lib.common.rest_client [req-635da34f-350d-48c7-977c-01471fd305ea req-635da34f-350d-48c7-977c-01471fd305ea ] Request (ServersNegativeTestJSON:setUpClass): 200 GET http://10.180.1.21/compute/v2.1/servers/d2c94225-95a9-400a-90a6-0cc5e63d3ec8 0.370s
2024-12-12 06:15:03.201 66539 INFO tempest.lib.common.rest_client [req-6c7f4509-42a0-44cf-878e-d0b4ff245102 req-6c7f4509-42a0-44cf-878e-d0b4ff245102 ] Request (AttachVolumeShelveTestJSON:test_attach_volume_shelved_or_offload_server): 200 GET http://10.180.1.21/compute/v2.1/servers/7ef00a00-9a65-4a09-a8d2-b33a344a458d 0.435s
2024-12-12 06:15:03.213 66539 INFO tempest.common.waiters [-] State transition "BUILD/block_device_mapping" ==> "BUILD/spawning" after 83 second wait
2024-12-12 06:15:03.238 66569 INFO tempest.lib.common.rest_client [req-22efdab5-557d-4446-81ae-afb6df47c3b1 req-22efdab5-557d-4446-81ae-afb6df47c3b1 ] Request (ServersAdminNegativeTestJSON:tearDownClass): 200 GET http://10.180.1.21/compute/v2.1/servers/d9e6f5ba-9b06-4e71-826b-4df16e8aacc6 0.361s
2024-12-12 06:15:03.301 66551 INFO tempest.lib.common.rest_client [req-efeba907-4c80-4b20-8e06-0df1c1541296 req-efeba907-4c80-4b20-8e06-0df1c1541296 ] Request (ServerDiskConfigTestJSON:test_rebuild_server_with_auto_disk_config): 200 GET http://10.180.1.21/compute/v2.1/servers/0385aae4-2ccd-4c2c-9074-2e8e6cfd337f 0.357s
2024-12-12 06:15:03.334 66555 INFO tempest.lib.common.rest_client [req-1f0d7e34-e695-4f92-9cee-01cb4dc35878 req-1f0d7e34-e695-4f92-9cee-01cb4dc35878 ] Request (ServersTestJSON:test_create_server_with_ipv6_addr_only): 200 GET http://10.180.1.21/compute/v2.1/servers/7ae0c60f-0518-4990-ba93-2a0c9068f96c 0.439s
2024-12-12 06:15:03.340 66555 INFO tempest.common.waiters [-] State transition "BUILD/spawning" ==> "ACTIVE/None" after 90 second wait
2024-12-12 06:15:03.369 66523 INFO tempest.lib.common.rest_client [req-a24ee553-aaea-4f99-919f-5804a87c1e7f req-a24ee553-aaea-4f99-919f-5804a87c1e7f ] Request (InstanceActionsTestJSON:tearDownClass): 204 DELETE http://10.180.1.21:9696/networking/v2.0/networks/ed5112f5-aa5f-4048-a0bd-57402ef0a298 0.322s
2024-12-12 06:15:03.405 66557 INFO tempest.lib.common.rest_client [req-5755997c-7d13-4510-b6fd-d8476ec8852c req-5755997c-7d13-4510-b6fd-d8476ec8852c ] Request (ServersNegativeTestMultiTenantJSON:setUpClass): 200 GET http://10.180.1.21/compute/v2.1/servers/8445d71a-bc37-4d64-9ec0-51d18b779858 0.060s
2024-12-12 06:15:03.467 66541 INFO tempest.lib.common.rest_client [req-0401c788-b4eb-46a2-a24d-6d64d56acb4c req-0401c788-b4eb-46a2-a24d-6d64d56acb4c ] Request (ServerRescueTestJSONUnderV235:tearDownClass): 200 GET http://10.180.1.21/compute/v2.1/servers/5f99a2c4-9ef4-4939-9c4c-714be1033d6d 0.084s
2024-12-12 06:15:03.501 66523 INFO tempest.lib.common.rest_client [req-f0a98e3d-7545-4b1e-8454-17b140a75341 req-f0a98e3d-7545-4b1e-8454-17b140a75341 ] Request (InstanceActionsTestJSON:tearDownClass): 204 DELETE http://10.180.1.21/identity/v3/users/4a21374cbfcc4ec5853b5cda5bb4738f 0.131s
2024-12-12 06:15:03.501 66523 INFO tempest.lib.common.dynamic_creds [-] Deleting project and security group for project: 241dd69589304faa80289f90095b04b3
2024-12-12 06:15:03.520 66559 INFO tempest.lib.common.rest_client [req-990a49dd-0dcf-444a-9033-6f26e5c43e3b req-990a49dd-0dcf-444a-9033-6f26e5c43e3b ] Request (MigrationsAdminTest:test_resize_server_revert_deleted_flavor): 200 GET http://10.180.1.21/compute/v2.1/servers/7fc8cb97-04c6-44db-a050-f09a1eb67c8b 0.111s
2024-12-12 06:15:03.530 66559 INFO tempest.common.waiters [-] State transition "BUILD/None" ==> "BUILD/networking" after 80 second wait
2024-12-12 06:15:03.536 66523 INFO tempest.lib.common.rest_client [req-7b7f4669-c3b2-4196-8e7e-0e857142b61d req-7b7f4669-c3b2-4196-8e7e-0e857142b61d ] Request (InstanceActionsTestJSON:tearDownClass): 200 GET http://10.180.1.21:9696/networking/v2.0/security-groups?tenant_id=241dd69589304faa80289f90095b04b3&name=default 0.035s
2024-12-12 06:15:03.538 66555 INFO tempest.lib.common.rest_client [req-51570c48-3315-473e-836a-390e94f34b0f req-51570c48-3315-473e-836a-390e94f34b0f ] Request (ServersTestJSON:test_create_server_with_ipv6_addr_only): 200 GET http://10.180.1.21/compute/v2.1/servers/7ae0c60f-0518-4990-ba93-2a0c9068f96c 0.197s
2024-12-12 06:15:03.586 66553 INFO tempest.lib.common.rest_client [req-6b7a0f8f-dd4a-4c2b-a46f-1cb09f7418fd req-6b7a0f8f-dd4a-4c2b-a46f-1cb09f7418fd ] Request (ServerRescueTestJSON:test_rescue_unrescue_instance): 200 GET http://10.180.1.21/compute/v2.1/servers/76ddd43d-f048-48de-93f0-cfb582727acc 0.086s
2024-12-12 06:15:03.623 66555 INFO tempest.lib.common.rest_client [req-9ba34992-b1ca-49ce-bb83-4d3d67519109 req-9ba34992-b1ca-49ce-bb83-4d3d67519109 ] Request (ServersTestJSON:_run_cleanups): 204 DELETE http://10.180.1.21/compute/v2.1/servers/7ae0c60f-0518-4990-ba93-2a0c9068f96c 0.078s
2024-12-12 06:15:03.641 66567 INFO tempest.lib.common.rest_client [req-6a60a1ff-a2c5-4181-8ba3-db9df91198cc req-6a60a1ff-a2c5-4181-8ba3-db9df91198cc ] Request (ListServerFiltersTestJSON:setUpClass): 200 GET http://10.180.1.21/compute/v2.1/servers/6e9ab950-8a82-4a48-881b-9cd3d5849577 0.077s
2024-12-12 06:15:03.691 66535 INFO tempest.lib.common.rest_client [req-1aade7a7-69ad-4946-a730-75a1a638d000 req-1aade7a7-69ad-4946-a730-75a1a638d000 ] Request (VolumesAssistedSnapshotsTest:_run_cleanups): 404 GET http://10.180.1.21/volume/v3/volumes/d90776d1-866c-4a8b-addf-c47a86a33a57 0.015s
2024-12-12 06:15:03.781 66523 INFO tempest.lib.common.rest_client [req-5437fbfb-8fba-43e1-8145-34981fc1ada8 req-5437fbfb-8fba-43e1-8145-34981fc1ada8 ] Request (InstanceActionsTestJSON:tearDownClass): 204 DELETE http://10.180.1.21:9696/networking/v2.0/security-groups/557a6982-813d-4f08-a90e-c128fe8d66c6 0.244s
2024-12-12 06:15:03.810 66509 INFO tempest.lib.common.rest_client [req-5a8f6a8d-4539-400b-ad8f-6e1650da4112 req-5a8f6a8d-4539-400b-ad8f-6e1650da4112 ] Request (AttachVolumeNegativeTest:test_attach_attached_volume_to_different_server): 200 GET http://10.180.1.21/compute/v2.1/servers/6c240faf-00d2-48ed-af4e-78942f5739b1 0.235s
2024-12-12 06:15:03.817 66555 INFO tempest.lib.common.rest_client [req-61e5008a-3a60-4856-8a2d-da0f2b1befff req-61e5008a-3a60-4856-8a2d-da0f2b1befff ] Request (ServersTestJSON:_run_cleanups): 200 GET http://10.180.1.21/compute/v2.1/servers/7ae0c60f-0518-4990-ba93-2a0c9068f96c 0.193s
2024-12-12 06:15:03.880 66519 INFO tempest.lib.common.rest_client [req-277b22bf-98fa-4401-90a1-50c5f44da5c2 req-277b22bf-98fa-4401-90a1-50c5f44da5c2 ] Request (ServerActionsTestOtherA:setUpClass): 200 GET http://10.180.1.21/compute/v2.1/servers/25895bc9-1aab-48ec-9dbb-06d5b38eacbf 0.236s
2024-12-12 06:15:03.886 66519 INFO tempest.common.waiters [-] State transition "BUILD/scheduling" ==> "BUILD/None" after 56 second wait
2024-12-12 06:15:03.887 66543 INFO tempest.lib.common.rest_client [req-831531b7-d75a-4d51-85c7-b0bbed376a3a req-831531b7-d75a-4d51-85c7-b0bbed376a3a ] Request (ServerShowV247Test:tearDownClass): 200 GET http://10.180.1.21/compute/v2.1/servers/22d3b5be-e63b-4912-8590-4f5e811099a3 0.225s
2024-12-12 06:15:03.890 66523 INFO tempest.lib.common.rest_client [req-4db50b5c-a302-43ec-b6d1-7533116a442a req-4db50b5c-a302-43ec-b6d1-7533116a442a ] Request (InstanceActionsTestJSON:tearDownClass): 204 DELETE http://10.180.1.21/identity/v3/projects/241dd69589304faa80289f90095b04b3 0.108s
2024-12-12 06:15:03.948 66511 INFO tempest.lib.common.rest_client [req-62574410-1e22-4509-9011-c64feee1f625 req-62574410-1e22-4509-9011-c64feee1f625 ] Request (ListImageFiltersTestJSON:setUpClass): 200 GET http://10.180.1.21/compute/v2.1/servers/ec626679-f1d2-445f-adc6-7fa43384f580 0.203s
2024-12-12 06:15:03.959 66535 INFO tempest.lib.common.rest_client [req-31e997ed-528b-4fc8-a5b6-d640f5130f74 req-31e997ed-528b-4fc8-a5b6-d640f5130f74 ] Request (VolumesAssistedSnapshotsTest:tearDownClass): 204 DELETE http://10.180.1.21/compute/v2.1/servers/57a371ba-6ef5-4c9d-a85c-618768432984 0.259s
2024-12-12 06:15:03.959 66523 INFO tempest.lib.common.rest_client [req-4c05be3e-0f19-436d-8334-38c76d0fc2f0 req-4c05be3e-0f19-436d-8334-38c76d0fc2f0 ] Request (ServersListShow296Test:setUpClass): 201 POST http://10.180.1.21/identity/v3/auth/tokens 0.067s
2024-12-12 06:15:03.990 66523 INFO tempest.lib.common.rest_client [req-6fc5d8ad-63db-40fc-a498-03ffcbbde581 req-6fc5d8ad-63db-40fc-a498-03ffcbbde581 ] Request (ServersListShow296Test:setUpClass): 201 POST http://10.180.1.21/identity/v3/auth/tokens 0.026s
2024-12-12 06:15:04.001 66515 INFO tempest.lib.common.rest_client [req-b885d793-2b07-4a46-aae8-38cd472c5674 req-b885d793-2b07-4a46-aae8-38cd472c5674 ] Request (AttachInterfacesUnderV243Test:test_add_remove_fixed_ip): 200 GET http://10.180.1.21/compute/v2.1/servers/216fb86d-0271-4b94-9dd9-18421414a146 0.181s
2024-12-12 06:15:04.020 66523 INFO tempest.lib.common.rest_client [req-0547d87d-4f68-4780-b6f7-8f53eaf25813 req-0547d87d-4f68-4780-b6f7-8f53eaf25813 ] Request (ServersListShow296Test:setUpClass): 200 GET http://10.180.1.21/identity/v3/domains?name=Default 0.030s
2024-12-12 06:15:04.050 66523 INFO tempest.lib.common.rest_client [req-636063d0-442e-40dc-86e7-6d71d6e168c7 req-636063d0-442e-40dc-86e7-6d71d6e168c7 ] Request (ServersListShow296Test:setUpClass): 201 POST http://10.180.1.21/identity/v3/projects 0.029s
2024-12-12 06:15:04.112 66523 INFO tempest.lib.common.rest_client [req-f6db231c-d59e-4bf7-a6b3-95d8df1d09e1 req-f6db231c-d59e-4bf7-a6b3-95d8df1d09e1 ] Request (ServersListShow296Test:setUpClass): 201 POST http://10.180.1.21/identity/v3/users 0.061s
2024-12-12 06:15:04.132 66523 INFO tempest.lib.common.rest_client [req-a0fc9110-0d23-455d-adb1-a832628f8f6a req-a0fc9110-0d23-455d-adb1-a832628f8f6a ] Request (ServersListShow296Test:setUpClass): 200 GET http://10.180.1.21/identity/v3/roles 0.019s
2024-12-12 06:15:04.134 66547 INFO tempest.lib.common.rest_client [req-cf0e2911-d491-46a9-b17b-7c212fab55ac req-cf0e2911-d491-46a9-b17b-7c212fab55ac ] Request (ImagesTestJSON:test_create_server_from_snapshot): 200 GET http://10.180.1.21/compute/v2.1/servers/c14e3b68-e046-4308-8b57-6e5c99e9a189 0.061s
2024-12-12 06:15:04.157 66535 INFO tempest.lib.common.rest_client [req-da37c4eb-c3be-43eb-b8e0-d7ab00796115 req-da37c4eb-c3be-43eb-b8e0-d7ab00796115 ] Request (VolumesAssistedSnapshotsTest:tearDownClass): 200 GET http://10.180.1.21/compute/v2.1/servers/57a371ba-6ef5-4c9d-a85c-618768432984 0.198s
2024-12-12 06:15:04.168 66523 INFO tempest.lib.common.rest_client [req-6e8fc768-27bc-4a2d-a975-119b2bac7316 req-6e8fc768-27bc-4a2d-a975-119b2bac7316 ] Request (ServersListShow296Test:setUpClass): 204 PUT http://10.180.1.21/identity/v3/projects/1c2f1e12046746f7b9ecac8ccd4ed917/users/0c2256185282488193ca96b6391712b7/roles/f6eff1fc8eed4eec94c0a8ad11e3d1c2 0.036s
2024-12-12 06:15:04.168 66523 INFO tempest.lib.common.dynamic_creds [-] Dynamic test user 0c2256185282488193ca96b6391712b7 is created with scope project and roles: ['member']
2024-12-12 06:15:04.169 66523 INFO tempest.lib.common.dynamic_creds [-] Acquired dynamic creds: credentials: Credentials: {'domain_id': 'default', 'domain_name': 'Default', 'username': 'tempest-ServersListShow296Test-637796198-project-member', 'project_domain_id': 'default', 'project_domain_name': 'Default', 'project_id': '1c2f1e12046746f7b9ecac8ccd4ed917', 'project_name': 'tempest-ServersListShow296Test-637796198', 'tenant_id': '1c2f1e12046746f7b9ecac8ccd4ed917', 'tenant_name': 'tempest-ServersListShow296Test-637796198', 'user_domain_id': 'default', 'user_domain_name': 'Default', 'user_id': '0c2256185282488193ca96b6391712b7', 'system': None}, Network: None, Subnet: None, Router: None
2024-12-12 06:15:04.169 66523 INFO tempest.lib.common.dynamic_creds [-] Created isolated network resources for: credentials: Credentials: {'domain_id': 'default', 'domain_name': 'Default', 'username': 'tempest-ServersListShow296Test-637796198-project-member', 'project_domain_id': 'default', 'project_domain_name': 'Default', 'project_id': '1c2f1e12046746f7b9ecac8ccd4ed917', 'project_name': 'tempest-ServersListShow296Test-637796198', 'tenant_id': '1c2f1e12046746f7b9ecac8ccd4ed917', 'tenant_name': 'tempest-ServersListShow296Test-637796198', 'user_domain_id': 'default', 'user_domain_name': 'Default', 'user_id': '0c2256185282488193ca96b6391712b7', 'system': None}, Network: None, Subnet: None, Router: None
2024-12-12 06:15:04.256 66527 INFO tempest.lib.common.rest_client [req-1c6d8eb7-bc6d-4282-b3c3-a32bef46a2b1 req-1c6d8eb7-bc6d-4282-b3c3-a32bef46a2b1 ] Request (ServersNegativeTestJSON:setUpClass): 200 GET http://10.180.1.21/compute/v2.1/servers/d2c94225-95a9-400a-90a6-0cc5e63d3ec8 0.081s
2024-12-12 06:15:04.275 66561 INFO tempest.lib.common.rest_client [req-75a2f1a3-27b1-4571-b327-36b61cb5b54b req-75a2f1a3-27b1-4571-b327-36b61cb5b54b ] Request (ServersAdminTestJSON:test_inject_network_info): 200 GET http://10.180.1.21/compute/v2.1/servers/2055cc18-8f44-4813-95b6-abdecd188c00 0.171s
2024-12-12 06:15:04.283 66523 INFO tempest.lib.common.rest_client [req-2c1ac993-9b3e-413b-8afe-bae7537a9bdf req-2c1ac993-9b3e-413b-8afe-bae7537a9bdf ] Request (ServersListShow296Test:setUpClass): 201 POST http://10.180.1.21/identity/v3/auth/tokens 0.109s
2024-12-12 06:15:04.328 66523 INFO tempest.lib.common.rest_client [req-7ff974ea-4db6-406e-809e-28eb76abd503 req-7ff974ea-4db6-406e-809e-28eb76abd503 ] Request (ServersListShow296Test:test_list_show_server_296): 201 POST http://10.180.1.21/identity/v3/auth/tokens 0.038s
2024-12-12 06:15:04.328 66523 INFO tempest.lib.common.fixed_network [-] (ServersListShow296Test:test_list_show_server_296) Found network None available for tenant
2024-12-12 06:15:04.349 66569 INFO tempest.lib.common.rest_client [req-96df7002-71d2-4b43-9890-1cbb263f43fe req-96df7002-71d2-4b43-9890-1cbb263f43fe ] Request (ServersAdminNegativeTestJSON:tearDownClass): 200 GET http://10.180.1.21/compute/v2.1/servers/d9e6f5ba-9b06-4e71-826b-4df16e8aacc6 0.104s
2024-12-12 06:15:04.413 66551 INFO tempest.lib.common.rest_client [req-8fa32430-5b3a-4bc4-b7c9-4319fce66e82 req-8fa32430-5b3a-4bc4-b7c9-4319fce66e82 ] Request (ServerDiskConfigTestJSON:test_rebuild_server_with_auto_disk_config): 200 GET http://10.180.1.21/compute/v2.1/servers/0385aae4-2ccd-4c2c-9074-2e8e6cfd337f 0.104s
2024-12-12 06:15:04.422 66539 INFO tempest.lib.common.rest_client [req-6c78ae56-be02-41c8-bf43-86e149ba1fd6 req-6c78ae56-be02-41c8-bf43-86e149ba1fd6 ] Request (AttachVolumeShelveTestJSON:test_attach_volume_shelved_or_offload_server): 200 GET http://10.180.1.21/compute/v2.1/servers/7ef00a00-9a65-4a09-a8d2-b33a344a458d 0.206s
2024-12-12 06:15:04.476 66557 INFO tempest.lib.common.rest_client [req-9e097737-5731-4f8a-92ea-66405992dc72 req-9e097737-5731-4f8a-92ea-66405992dc72 ] Request (ServersNegativeTestMultiTenantJSON:setUpClass): 200 GET http://10.180.1.21/compute/v2.1/servers/8445d71a-bc37-4d64-9ec0-51d18b779858 0.062s
2024-12-12 06:15:04.539 66541 INFO tempest.lib.common.rest_client [req-491b81fd-8820-4a38-bf5d-384b1687c5ac req-491b81fd-8820-4a38-bf5d-384b1687c5ac ] Request (ServerRescueTestJSONUnderV235:tearDownClass): 200 GET http://10.180.1.21/compute/v2.1/servers/5f99a2c4-9ef4-4939-9c4c-714be1033d6d 0.063s
2024-12-12 06:15:04.621 66523 INFO tempest.lib.common.rest_client [req-03882c4f-ea6e-4a14-ad87-18950f6116f0 req-03882c4f-ea6e-4a14-ad87-18950f6116f0 ] Request (ServersListShow296Test:test_list_show_server_296): 202 POST http://10.180.1.21/compute/v2.1/servers 0.292s
2024-12-12 06:15:04.689 66553 INFO tempest.lib.common.rest_client [req-9454cc5c-d8af-4a58-8e8a-af671fd9c6fc req-9454cc5c-d8af-4a58-8e8a-af671fd9c6fc ] Request (ServerRescueTestJSON:test_rescue_unrescue_instance): 200 GET http://10.180.1.21/compute/v2.1/servers/76ddd43d-f048-48de-93f0-cfb582727acc 0.089s
2024-12-12 06:15:04.754 66559 INFO tempest.lib.common.rest_client [req-93387b8d-9699-425e-bb85-0b2c4c26b7f7 req-93387b8d-9699-425e-bb85-0b2c4c26b7f7 ] Request (MigrationsAdminTest:test_resize_server_revert_deleted_flavor): 200 GET http://10.180.1.21/compute/v2.1/servers/7fc8cb97-04c6-44db-a050-f09a1eb67c8b 0.222s
2024-12-12 06:15:04.761 66559 INFO tempest.common.waiters [-] State transition "BUILD/networking" ==> "BUILD/block_device_mapping" after 81 second wait
2024-12-12 06:15:04.819 66567 INFO tempest.lib.common.rest_client [req-16cb5eae-af97-42dd-95af-3843640d0d06 req-16cb5eae-af97-42dd-95af-3843640d0d06 ] Request (ListServerFiltersTestJSON:setUpClass): 200 GET http://10.180.1.21/compute/v2.1/servers/6e9ab950-8a82-4a48-881b-9cd3d5849577 0.170s
2024-12-12 06:15:04.820 66523 INFO tempest.lib.common.rest_client [req-3e0ac071-4a39-4a03-b1d2-a0ef73a46d63 req-3e0ac071-4a39-4a03-b1d2-a0ef73a46d63 ] Request (ServersListShow296Test:test_list_show_server_296): 200 GET http://10.180.1.21/compute/v2.1/servers/detail 0.197s
2024-12-12 06:15:05.030 66555 INFO tempest.lib.common.rest_client [req-97c32f59-f344-4851-aade-51182c093c99 req-97c32f59-f344-4851-aade-51182c093c99 ] Request (ServersTestJSON:_run_cleanups): 200 GET http://10.180.1.21/compute/v2.1/servers/7ae0c60f-0518-4990-ba93-2a0c9068f96c 0.203s
2024-12-12 06:15:05.033 66509 INFO tempest.lib.common.rest_client [req-011fd057-e766-40bd-ba72-b7ec894a1399 req-011fd057-e766-40bd-ba72-b7ec894a1399 ] Request (AttachVolumeNegativeTest:test_attach_attached_volume_to_different_server): 200 GET http://10.180.1.21/compute/v2.1/servers/6c240faf-00d2-48ed-af4e-78942f5739b1 0.214s
