2024-12-14 21:27:00.518 65749 INFO tempest.lib.common.rest_client [req-6f4081aa-8f7e-4e1c-adc8-e06cb6997411 req-6f4081aa-8f7e-4e1c-adc8-e06cb6997411 ] Request (KeyPairsV2TestJSON:test_keypair_create_delete): 200 POST http://10.180.1.21/compute/v2.1/os-keypairs 0.172s
2024-12-14 21:27:00.587 65724 INFO tempest.lib.common.rest_client [req-75d32980-8a02-485e-b0db-fec48bda435f req-75d32980-8a02-485e-b0db-fec48bda435f ] Request (SecurityGroupRulesNegativeTestJSON:tearDownClass): 202 DELETE http://10.180.1.21/compute/v2.1/os-security-groups/1c4a5480-6894-4e43-b090-aa8fce936e6f 0.254s
2024-12-14 21:27:00.666 65710 INFO tempest.lib.common.rest_client [req-10cc00f0-259a-409e-b933-df781498dcf3 req-10cc00f0-259a-409e-b933-df781498dcf3 ] Request (ImagesOneServerNegativeTestJSON:setUpClass): 200 GET http://10.180.1.21/compute/v2.1/servers/2a3e8dcf-23dd-4f09-9126-e254ab8ef9de 0.276s
2024-12-14 21:27:00.713 65712 INFO tempest.lib.common.rest_client [req-59fcba80-666c-43c8-88e8-77c31cb397f9 req-59fcba80-666c-43c8-88e8-77c31cb397f9 ] Request (ImagesMetadataTestJSON:setUp): 200 PUT http://10.180.1.21/compute/v2.1/images/b83deaf7-93ca-4c33-b769-83c05c31ea44/metadata 0.338s
2024-12-14 21:27:00.727 65749 INFO tempest.lib.common.rest_client [req-c3a38576-1e20-4022-b8e8-73ddcbbbb0b2 req-c3a38576-1e20-4022-b8e8-73ddcbbbb0b2 ] Request (KeyPairsV2TestJSON:_run_cleanups): 202 DELETE http://10.180.1.21/compute/v2.1/os-keypairs/tempest-keypair-138314701 0.208s
2024-12-14 21:27:00.807 65708 INFO tempest.lib.common.rest_client [req-b2491147-8e08-4dda-b7e0-c0cf7f00afe5 req-b2491147-8e08-4dda-b7e0-c0cf7f00afe5 ] Request (InstanceActionsV221TestJSON:test_get_list_deleted_instance_actions): 200 GET http://10.180.1.21/compute/v2.1/servers/677cdcbd-4a38-4f74-9a1d-44cf3d9f8dde 0.134s
2024-12-14 21:27:00.814 65708 INFO tempest.common.waiters [-] State transition "ACTIVE/deleting" ==> "DELETED/None" after 3 second wait
2024-12-14 21:27:00.871 65742 INFO tempest.lib.common.rest_client [req-2d519991-a53b-40fa-bcc1-efd40f041601 req-2d519991-a53b-40fa-bcc1-efd40f041601 ] Request (ListImageFiltersTestJSON:setUpClass): 200 GET http://10.180.1.21/compute/v2.1/servers/1959ec2b-4161-4820-b1f9-f8c3b8c3bf34 0.410s
2024-12-14 21:27:00.932 65704 INFO tempest.lib.common.rest_client [req-2dfd5eb6-58b4-48a4-93ae-237829421a70 req-2dfd5eb6-58b4-48a4-93ae-237829421a70 ] Request (ImagesTestJSON:test_create_image_from_suspended_server): 200 GET http://10.180.1.21/compute/v2.1/servers/91d4cb71-8a1c-43d0-8940-6fde1bd65466 0.210s
2024-12-14 21:27:00.955 65749 INFO tempest.lib.common.rest_client [req-86159d15-05b4-4380-a2ae-53c8dc2abfff req-86159d15-05b4-4380-a2ae-53c8dc2abfff ] Request (KeyPairsV2TestJSON:test_keypair_create_with_pub_key): 200 POST http://10.180.1.21/compute/v2.1/os-keypairs 0.226s
2024-12-14 21:27:01.014 65754 INFO tempest.lib.common.rest_client [req-3e727cb7-abad-4ba4-965f-3d036bd3ae52 req-3e727cb7-abad-4ba4-965f-3d036bd3ae52 ] Request (ServerRescueTestJSONUnderV235:setUpClass): 200 GET http://10.180.1.21/compute/v2.1/servers/0971d049-f5b5-44d0-982f-4bf351d245cb 0.252s
2024-12-14 21:27:01.026 65712 INFO tempest.lib.common.rest_client [req-280e8914-c2b4-456e-9572-f141b5d4ec35 req-280e8914-c2b4-456e-9572-f141b5d4ec35 ] Request (ImagesMetadataTestJSON:test_update_image_metadata): 200 POST http://10.180.1.21/compute/v2.1/images/b83deaf7-93ca-4c33-b769-83c05c31ea44/metadata 0.312s
2024-12-14 21:27:01.078 65702 INFO tempest.lib.common.rest_client [req-4e0db9e0-efdc-40cc-a38b-9a64b1c89bec req-4e0db9e0-efdc-40cc-a38b-9a64b1c89bec ] Request (DeleteServersTestJSON:test_delete_active_server): 200 GET http://10.180.1.21/compute/v2.1/servers/8f759bca-97c5-4d8d-af06-e6e66dcb6e64 0.259s
2024-12-14 21:27:01.097 65749 INFO tempest.lib.common.rest_client [req-9b472ac2-9af3-4d79-ba74-651a41882f5b req-9b472ac2-9af3-4d79-ba74-651a41882f5b ] Request (KeyPairsV2TestJSON:_run_cleanups): 202 DELETE http://10.180.1.21/compute/v2.1/os-keypairs/tempest-keypair-1071202259 0.140s
2024-12-14 21:27:01.175 65716 INFO tempest.lib.common.rest_client [req-b1e6513d-2380-4b52-befe-353a5ad443d9 req-b1e6513d-2380-4b52-befe-353a5ad443d9 ] Request (ServerDiagnosticsNegativeTest:tearDownClass): 200 GET http://10.180.1.21/compute/v2.1/servers/fd044e0c-bdba-421e-8942-7132389d2430 0.199s
2024-12-14 21:27:01.201 65732 INFO tempest.lib.common.rest_client [req-b3bfa85a-3d50-43d3-b1a1-1dae120f20d9 req-b3bfa85a-3d50-43d3-b1a1-1dae120f20d9 ] Request (ImagesOneServerTestJSON:tearDownClass): 200 GET http://10.180.1.21/compute/v2.1/servers/e64fb81e-2e3e-4725-86d2-75d8c69a1c16 0.271s
2024-12-14 21:27:01.241 65694 INFO tempest.lib.common.rest_client [req-6451c3fd-a130-44cf-a336-af2718a57196 req-6451c3fd-a130-44cf-a336-af2718a57196 ] Request (VolumesAssistedSnapshotsTest:test_volume_assisted_snapshot_create_delete): 200 GET http://10.180.1.21/volume/v3/volumes/0519ec1f-c03c-4520-a1c6-3c6fdcbfdddf 0.041s
2024-12-14 21:27:01.254 65696 INFO tempest.lib.common.rest_client [req-71e64f95-a9aa-4299-a3b0-4d7d21fa4d2b req-71e64f95-a9aa-4299-a3b0-4d7d21fa4d2b ] Request (DeleteServersAdminTestJSON:test_delete_server_while_in_error_state): 200 GET http://10.180.1.21/compute/v2.1/servers/dd96b62a-b50b-46aa-8dce-af6d87bc7f6c 0.277s
2024-12-14 21:27:01.276 65698 INFO tempest.lib.common.rest_client [req-3a603777-3370-4953-8e83-257b5caefb3c req-3a603777-3370-4953-8e83-257b5caefb3c ] Request (ServersAdminNegativeTestJSON:test_migrate_server_invalid_state): 200 GET http://10.180.1.21/compute/v2.1/servers/0ec9dc4f-a2dd-4112-b8d0-c3c3c6ac82b9 0.253s
2024-12-14 21:27:01.281 65712 INFO tempest.lib.common.rest_client [req-500d0de7-9feb-4421-bfc2-c3df9e427158 req-500d0de7-9feb-4421-bfc2-c3df9e427158 ] Request (ImagesMetadataTestJSON:test_update_image_metadata): 200 GET http://10.180.1.21/compute/v2.1/images/b83deaf7-93ca-4c33-b769-83c05c31ea44/metadata 0.253s
2024-12-14 21:27:01.344 65734 INFO tempest.lib.common.rest_client [req-7492ada3-1704-4c2c-8771-5beeda079533 req-7492ada3-1704-4c2c-8771-5beeda079533 ] Request (ImagesNegativeTestJSON:test_create_image_from_deleted_server): 200 GET http://10.180.1.21/compute/v2.1/servers/fa0cdd8f-05b3-4cf1-826c-4509f5e8d299 0.311s
2024-12-14 21:27:01.348 65712 INFO tempest.lib.common.rest_client [req-f972b7c2-8121-4a8d-9a08-8a2a982f6dab req-f972b7c2-8121-4a8d-9a08-8a2a982f6dab ] Request (ImagesMetadataTestJSON:tearDownClass): 204 DELETE http://10.180.1.21/image/v2/images/b83deaf7-93ca-4c33-b769-83c05c31ea44 0.064s
2024-12-14 21:27:01.356 65720 INFO tempest.lib.common.rest_client [req-645e03c9-24ec-4b91-9a82-b550b6ce84c9 req-645e03c9-24ec-4b91-9a82-b550b6ce84c9 ] Request (MigrationsAdminTest:test_resize_server_revert_deleted_flavor): 200 GET http://10.180.1.21/compute/v2.1/servers/80e54a65-d1da-44d8-9c3a-de2bf54ae4bf 0.281s
2024-12-14 21:27:01.392 65749 INFO tempest.lib.common.rest_client [req-f5e7db84-e1e7-47e3-b908-f49528345573 req-f5e7db84-e1e7-47e3-b908-f49528345573 ] Request (KeyPairsV2TestJSON:test_keypairs_create_list_delete): 200 POST http://10.180.1.21/compute/v2.1/os-keypairs 0.293s
2024-12-14 21:27:01.420 65718 INFO tempest.lib.common.rest_client [req-eb7c4215-c9a2-4a6c-90b3-c9e0a4a836c6 req-eb7c4215-c9a2-4a6c-90b3-c9e0a4a836c6 ] Request (MultipleCreateTestJSON:test_multiple_create): 200 GET http://10.180.1.21/compute/v2.1/servers/12b4c8e6-daef-4e3d-a238-abed54e1bc12 0.328s
2024-12-14 21:27:01.455 65692 INFO tempest.lib.common.rest_client [req-75a5df22-39f3-4de7-ac78-b22b5b256ed8 req-75a5df22-39f3-4de7-ac78-b22b5b256ed8 ] Request (ListServerFiltersTestJSON:tearDownClass): 200 GET http://10.180.1.21/compute/v2.1/servers/ea708012-87f2-461a-9b9b-8d9fb47c4702 0.291s
2024-12-14 21:27:01.483 65740 INFO tempest.lib.common.rest_client [req-8ea66cf4-24a7-44f3-9fcf-b8a3ef29c8c5 req-8ea66cf4-24a7-44f3-9fcf-b8a3ef29c8c5 ] Request (ServersAaction247Test:tearDownClass): 200 GET http://10.180.1.21/compute/v2.1/servers/15961ea8-5a20-4e94-a8f8-ef0d64247334 0.280s
2024-12-14 21:27:01.495 65712 INFO tempest.lib.common.rest_client [req-76d14526-dc56-4058-b7d5-6e642fd7e6d3 req-76d14526-dc56-4058-b7d5-6e642fd7e6d3 ] Request (ImagesMetadataTestJSON:tearDownClass): 204 DELETE http://10.180.1.21/identity/v3/users/6552de7ee862492c91b3a4fda82bac57 0.147s
2024-12-14 21:27:01.495 65712 INFO tempest.lib.common.dynamic_creds [-] Deleting project and security group for project: 02269b64695a4d439a11c0b7aaea77cf
2024-12-14 21:27:01.518 65738 INFO tempest.lib.common.rest_client [req-9d07fd87-a5d2-400c-8b7b-97de06ed455b req-9d07fd87-a5d2-400c-8b7b-97de06ed455b ] Request (ServerActionsTestOtherB:setUpClass): 200 GET http://10.180.1.21/compute/v2.1/servers/700b04cd-ed0c-420b-b725-e1dcf1970601 0.296s
2024-12-14 21:27:01.556 65712 INFO tempest.lib.common.rest_client [req-34286641-ccd9-4616-b80f-56e8cdd372a9 req-34286641-ccd9-4616-b80f-56e8cdd372a9 ] Request (ImagesMetadataTestJSON:tearDownClass): 201 POST http://10.180.1.21/identity/v3/auth/tokens 0.061s
2024-12-14 21:27:01.556 65700 INFO tempest.lib.common.rest_client [req-1803fe32-f8b4-4b03-b611-866d00862260 req-1803fe32-f8b4-4b03-b611-866d00862260 ] Request (ServersAdminTestJSON:test_inject_network_info): 200 GET http://10.180.1.21/compute/v2.1/servers/e7e70eea-a577-46b4-be71-4c92229b8c70 0.279s
2024-12-14 21:27:01.578 65714 INFO tempest.lib.common.rest_client [req-443fedfb-61fa-4cc0-a5c3-45708847cca9 req-443fedfb-61fa-4cc0-a5c3-45708847cca9 ] Request (ServersTestManualDisk:setUpClass): 200 GET http://10.180.1.21/compute/v2.1/servers/0660533d-43d0-4ef6-9c38-da3267000db9 0.245s
2024-12-14 21:27:01.588 65714 INFO tempest.common.waiters [-] State transition "BUILD/None" ==> "BUILD/networking" after 62 second wait
2024-12-14 21:27:01.600 65749 INFO tempest.lib.common.rest_client [req-f2022d57-f24e-448d-8018-781e24afdb0f req-f2022d57-f24e-448d-8018-781e24afdb0f ] Request (KeyPairsV2TestJSON:test_keypairs_create_list_delete): 200 POST http://10.180.1.21/compute/v2.1/os-keypairs 0.206s
2024-12-14 21:27:01.651 65750 INFO tempest.lib.common.rest_client [req-128b5eac-93a6-490f-af44-81caa136c438 req-128b5eac-93a6-490f-af44-81caa136c438 ] Request (ServersWithSpecificFlavorTestJSON:test_verify_created_server_ephemeral_disk): 200 GET http://10.180.1.21/compute/v2.1/servers/377d1f02-5d0a-49f8-881d-e6d9a1755a17 0.189s
2024-12-14 21:27:01.691 65749 INFO tempest.lib.common.rest_client [req-952a0eb8-1129-4df4-8ac4-afaa4495ecc4 req-952a0eb8-1129-4df4-8ac4-afaa4495ecc4 ] Request (KeyPairsV2TestJSON:test_keypairs_create_list_delete): 200 POST http://10.180.1.21/compute/v2.1/os-keypairs 0.089s
2024-12-14 21:27:01.768 65710 INFO tempest.lib.common.rest_client [req-90955b0b-56f8-4e0e-ae7b-9f3ca6bdccdd req-90955b0b-56f8-4e0e-ae7b-9f3ca6bdccdd ] Request (ImagesOneServerNegativeTestJSON:setUpClass): 200 GET http://10.180.1.21/compute/v2.1/servers/2a3e8dcf-23dd-4f09-9126-e254ab8ef9de 0.092s
2024-12-14 21:27:01.779 65749 INFO tempest.lib.common.rest_client [req-c0a26778-9cdb-4c44-b341-1a3d047f6d0c req-c0a26778-9cdb-4c44-b341-1a3d047f6d0c ] Request (KeyPairsV2TestJSON:test_keypairs_create_list_delete): 200 GET http://10.180.1.21/compute/v2.1/os-keypairs 0.086s
2024-12-14 21:27:01.797 65712 INFO tempest.lib.common.rest_client [req-b8131fd1-7489-4c9a-8413-319c39eccfc0 req-b8131fd1-7489-4c9a-8413-319c39eccfc0 ] Request (ImagesMetadataTestJSON:tearDownClass): 200 GET http://10.180.1.21:9696/networking/v2.0/security-groups?tenant_id=02269b64695a4d439a11c0b7aaea77cf&name=default 0.240s
2024-12-14 21:27:01.803 65746 INFO tempest.lib.common.rest_client [req-16fdffce-ed78-46d4-9b67-56e2cf4d88f4 req-16fdffce-ed78-46d4-9b67-56e2cf4d88f4 ] Request (FloatingIPsAssociationTestJSON:test_associate_already_associated_floating_ip): 200 GET http://10.180.1.21/compute/v2.1/servers/3f8868e3-39fe-46e8-8023-49ef66811c84 0.327s
2024-12-14 21:27:01.809 65749 INFO tempest.lib.common.rest_client [req-fe872c96-c4f7-483d-82b4-2dc92547c149 req-fe872c96-c4f7-483d-82b4-2dc92547c149 ] Request (KeyPairsV2TestJSON:_run_cleanups): 202 DELETE http://10.180.1.21/compute/v2.1/os-keypairs/tempest-KeyPairsV2TestJSON-keypair-345763005 0.028s
2024-12-14 21:27:01.836 65749 INFO tempest.lib.common.rest_client [req-3f0e9376-d853-464b-84d3-8f274e3bcc5b req-3f0e9376-d853-464b-84d3-8f274e3bcc5b ] Request (KeyPairsV2TestJSON:_run_cleanups): 202 DELETE http://10.180.1.21/compute/v2.1/os-keypairs/tempest-KeyPairsV2TestJSON-keypair-1301998899 0.026s
2024-12-14 21:27:01.855 65749 INFO tempest.lib.common.rest_client [req-38bb0684-fc0f-4e07-9f1e-f343fc6c1160 req-38bb0684-fc0f-4e07-9f1e-f343fc6c1160 ] Request (KeyPairsV2TestJSON:_run_cleanups): 202 DELETE http://10.180.1.21/compute/v2.1/os-keypairs/tempest-KeyPairsV2TestJSON-keypair-657940012 0.019s
2024-12-14 21:27:01.917 65708 INFO tempest.lib.common.rest_client [req-94c7a845-fa34-4634-a6ed-f600dbb2a927 req-94c7a845-fa34-4634-a6ed-f600dbb2a927 ] Request (InstanceActionsV221TestJSON:test_get_list_deleted_instance_actions): 200 GET http://10.180.1.21/compute/v2.1/servers/677cdcbd-4a38-4f74-9a1d-44cf3d9f8dde 0.101s
2024-12-14 21:27:01.949 65749 INFO tempest.lib.common.rest_client [req-f342330c-bf20-4484-b9a8-f0be29fd2f2b req-f342330c-bf20-4484-b9a8-f0be29fd2f2b ] Request (KeyPairsV2TestJSON:tearDownClass): 204 DELETE http://10.180.1.21/identity/v3/users/11872950c7c7423da3c50933d66c6351 0.089s
2024-12-14 21:27:01.950 65749 INFO tempest.lib.common.dynamic_creds [-] Deleting project and security group for project: c98f6117ab2849a2a8a4d6e98272f3a4
2024-12-14 21:27:02.029 65704 INFO tempest.lib.common.rest_client [req-b5449b86-785a-4f49-bb7b-0dd8ec8799a5 req-b5449b86-785a-4f49-bb7b-0dd8ec8799a5 ] Request (ImagesTestJSON:test_create_image_from_suspended_server): 200 GET http://10.180.1.21/compute/v2.1/servers/91d4cb71-8a1c-43d0-8940-6fde1bd65466 0.089s
2024-12-14 21:27:02.029 65749 INFO tempest.lib.common.rest_client [req-1962dece-f3ed-43db-a101-b3e33ef96625 req-1962dece-f3ed-43db-a101-b3e33ef96625 ] Request (KeyPairsV2TestJSON:tearDownClass): 201 POST http://10.180.1.21/identity/v3/auth/tokens 0.079s
2024-12-14 21:27:02.086 65712 INFO tempest.lib.common.rest_client [req-43e51d65-fd65-4e55-afaa-45ca535d8b19 req-43e51d65-fd65-4e55-afaa-45ca535d8b19 ] Request (ImagesMetadataTestJSON:tearDownClass): 204 DELETE http://10.180.1.21:9696/networking/v2.0/security-groups/580a96a8-ce0f-457b-affd-73fbadb2a579 0.288s
2024-12-14 21:27:02.129 65754 INFO tempest.lib.common.rest_client [req-5bca34f5-f178-45ba-b0fd-d2683b5c6fae req-5bca34f5-f178-45ba-b0fd-d2683b5c6fae ] Request (ServerRescueTestJSONUnderV235:setUpClass): 200 GET http://10.180.1.21/compute/v2.1/servers/0971d049-f5b5-44d0-982f-4bf351d245cb 0.101s
2024-12-14 21:27:02.134 65724 INFO tempest.lib.common.rest_client [req-6543e157-cedb-4aef-af58-3078816a5301 req-6543e157-cedb-4aef-af58-3078816a5301 ] Request (SecurityGroupRulesNegativeTestJSON:tearDownClass): 200 PUT http://10.180.1.21:9696/networking/v2.0/routers/6206b9e9-a1c3-4de0-87be-620ac34b63b4/remove_router_interface 1.545s
2024-12-14 21:27:02.146 65742 INFO tempest.lib.common.rest_client [req-03f7e735-aafe-4add-b60b-96f3e0c5d5fc req-03f7e735-aafe-4add-b60b-96f3e0c5d5fc ] Request (ListImageFiltersTestJSON:setUpClass): 200 GET http://10.180.1.21/compute/v2.1/servers/1959ec2b-4161-4820-b1f9-f8c3b8c3bf34 0.263s
2024-12-14 21:27:02.192 65702 INFO tempest.lib.common.rest_client [req-81e7928d-815f-45b4-8bfa-7e6fdd807eec req-81e7928d-815f-45b4-8bfa-7e6fdd807eec ] Request (DeleteServersTestJSON:test_delete_active_server): 200 GET http://10.180.1.21/compute/v2.1/servers/8f759bca-97c5-4d8d-af06-e6e66dcb6e64 0.102s
2024-12-14 21:27:02.206 65712 INFO tempest.lib.common.rest_client [req-b1401590-776d-4ef8-9154-7cff84816650 req-b1401590-776d-4ef8-9154-7cff84816650 ] Request (ImagesMetadataTestJSON:tearDownClass): 204 DELETE http://10.180.1.21/identity/v3/projects/02269b64695a4d439a11c0b7aaea77cf 0.119s
2024-12-14 21:27:02.273 65712 INFO tempest.lib.common.rest_client [req-f96fe284-abd0-4a8f-b224-27ae9e07cb4c req-f96fe284-abd0-4a8f-b224-27ae9e07cb4c ] Request (AttachInterfacesUnderV243Test:setUpClass): 201 POST http://10.180.1.21/identity/v3/auth/tokens 0.065s
2024-12-14 21:27:02.284 65694 INFO tempest.lib.common.rest_client [req-8cb73266-f08b-4adf-9164-465f7a4a0794 req-8cb73266-f08b-4adf-9164-465f7a4a0794 ] Request (VolumesAssistedSnapshotsTest:test_volume_assisted_snapshot_create_delete): 200 GET http://10.180.1.21/volume/v3/volumes/0519ec1f-c03c-4520-a1c6-3c6fdcbfdddf 0.035s
2024-12-14 21:27:02.289 65716 INFO tempest.lib.common.rest_client [req-04082818-7c76-40b6-82cc-44574b475933 req-04082818-7c76-40b6-82cc-44574b475933 ] Request (ServerDiagnosticsNegativeTest:tearDownClass): 200 GET http://10.180.1.21/compute/v2.1/servers/fd044e0c-bdba-421e-8942-7132389d2430 0.105s
2024-12-14 21:27:02.300 65749 INFO tempest.lib.common.rest_client [req-7613be3a-a1ad-495f-9847-94f795a6d5dd req-7613be3a-a1ad-495f-9847-94f795a6d5dd ] Request (KeyPairsV2TestJSON:tearDownClass): 200 GET http://10.180.1.21:9696/networking/v2.0/security-groups?tenant_id=c98f6117ab2849a2a8a4d6e98272f3a4&name=default 0.270s
2024-12-14 21:27:02.305 65732 INFO tempest.lib.common.rest_client [req-6d52850b-b52a-4bd1-8d4c-485f36e0bf07 req-6d52850b-b52a-4bd1-8d4c-485f36e0bf07 ] Request (ImagesOneServerTestJSON:tearDownClass): 200 GET http://10.180.1.21/compute/v2.1/servers/e64fb81e-2e3e-4725-86d2-75d8c69a1c16 0.087s
2024-12-14 21:27:02.319 65712 INFO tempest.lib.common.rest_client [req-b31933c0-6aa4-470b-8def-be6c75617969 req-b31933c0-6aa4-470b-8def-be6c75617969 ] Request (AttachInterfacesUnderV243Test:setUpClass): 201 POST http://10.180.1.21/identity/v3/auth/tokens 0.044s
2024-12-14 21:27:02.346 65712 INFO tempest.lib.common.rest_client [req-75ad18d7-51ed-49f3-b219-9532d729e508 req-75ad18d7-51ed-49f3-b219-9532d729e508 ] Request (AttachInterfacesUnderV243Test:setUpClass): 200 GET http://10.180.1.21/identity/v3/domains?name=Default 0.027s
2024-12-14 21:27:02.388 65712 INFO tempest.lib.common.rest_client [req-b319104a-47ad-4cf5-85f1-e38ad3311f56 req-b319104a-47ad-4cf5-85f1-e38ad3311f56 ] Request (AttachInterfacesUnderV243Test:setUpClass): 201 POST http://10.180.1.21/identity/v3/projects 0.041s
2024-12-14 21:27:02.404 65698 INFO tempest.lib.common.rest_client [req-02c14c9f-85ae-438a-9e16-b069b7f53ff3 req-02c14c9f-85ae-438a-9e16-b069b7f53ff3 ] Request (ServersAdminNegativeTestJSON:test_migrate_server_invalid_state): 200 GET http://10.180.1.21/compute/v2.1/servers/0ec9dc4f-a2dd-4112-b8d0-c3c3c6ac82b9 0.120s
2024-12-14 21:27:02.406 65696 INFO tempest.lib.common.rest_client [req-a875b556-4fba-49ee-929b-8d26a8fec561 req-a875b556-4fba-49ee-929b-8d26a8fec561 ] Request (DeleteServersAdminTestJSON:test_delete_server_while_in_error_state): 200 GET http://10.180.1.21/compute/v2.1/servers/dd96b62a-b50b-46aa-8dce-af6d87bc7f6c 0.146s
2024-12-14 21:27:02.474 65712 INFO tempest.lib.common.rest_client [req-c918ae36-354a-4ec6-95d7-10d9a693892c req-c918ae36-354a-4ec6-95d7-10d9a693892c ] Request (AttachInterfacesUnderV243Test:setUpClass): 201 POST http://10.180.1.21/identity/v3/users 0.084s
2024-12-14 21:27:02.490 65720 INFO tempest.lib.common.rest_client [req-27e0a401-348b-4642-b21f-1fb33b7a642d req-27e0a401-348b-4642-b21f-1fb33b7a642d ] Request (MigrationsAdminTest:test_resize_server_revert_deleted_flavor): 200 GET http://10.180.1.21/compute/v2.1/servers/80e54a65-d1da-44d8-9c3a-de2bf54ae4bf 0.122s
2024-12-14 21:27:02.501 65734 INFO tempest.lib.common.rest_client [req-e0f9539e-71c0-4a6f-914a-d5ccefbea391 req-e0f9539e-71c0-4a6f-914a-d5ccefbea391 ] Request (ImagesNegativeTestJSON:test_create_image_from_deleted_server): 200 GET http://10.180.1.21/compute/v2.1/servers/fa0cdd8f-05b3-4cf1-826c-4509f5e8d299 0.150s
2024-12-14 21:27:02.504 65712 INFO tempest.lib.common.rest_client [req-9ce75ae5-4556-4bdc-ac4d-66d8b75d9fad req-9ce75ae5-4556-4bdc-ac4d-66d8b75d9fad ] Request (AttachInterfacesUnderV243Test:setUpClass): 200 GET http://10.180.1.21/identity/v3/roles 0.030s
2024-12-14 21:27:02.508 65706 WARNING tempest.lib.common.ssh [-] Failed to establish authenticated ssh connection to cirros@10.180.180.226 ([Errno None] Unable to connect to port 22 on 10.180.180.226). Number attempts: 10. Retry after 11 seconds.: paramiko.ssh_exception.NoValidConnectionsError: [Errno None] Unable to connect to port 22 on 10.180.180.226
2024-12-14 21:27:02.559 65712 INFO tempest.lib.common.rest_client [req-9f5db17f-e4ea-43be-a80d-0c590a164125 req-9f5db17f-e4ea-43be-a80d-0c590a164125 ] Request (AttachInterfacesUnderV243Test:setUpClass): 204 PUT http://10.180.1.21/identity/v3/projects/71e6d8391a0d4305a08aa8b6b537b599/users/4e4e0c67b0284be1afbb6c061c364749/roles/f68f4bf8e01649ae964b6889872d97ca 0.055s
2024-12-14 21:27:02.560 65712 INFO tempest.lib.common.dynamic_creds [-] Dynamic test user 4e4e0c67b0284be1afbb6c061c364749 is created with scope project and roles: ['member']
2024-12-14 21:27:02.560 65712 INFO tempest.lib.common.dynamic_creds [-] Acquired dynamic creds: credentials: Credentials: {'domain_id': 'default', 'domain_name': 'Default', 'username': 'tempest-AttachInterfacesUnderV243Test-827259933-project-member', 'project_domain_id': 'default', 'project_domain_name': 'Default', 'project_id': '71e6d8391a0d4305a08aa8b6b537b599', 'project_name': 'tempest-AttachInterfacesUnderV243Test-827259933', 'tenant_id': '71e6d8391a0d4305a08aa8b6b537b599', 'tenant_name': 'tempest-AttachInterfacesUnderV243Test-827259933', 'user_domain_id': 'default', 'user_domain_name': 'Default', 'user_id': '4e4e0c67b0284be1afbb6c061c364749', 'system': None}, Network: None, Subnet: None, Router: None
2024-12-14 21:27:02.573 65718 INFO tempest.lib.common.rest_client [req-4fb5aad0-3c16-4285-aa01-76af5a4be248 req-4fb5aad0-3c16-4285-aa01-76af5a4be248 ] Request (MultipleCreateTestJSON:test_multiple_create): 200 GET http://10.180.1.21/compute/v2.1/servers/12b4c8e6-daef-4e3d-a238-abed54e1bc12 0.142s
2024-12-14 21:27:02.576 65749 INFO tempest.lib.common.rest_client [req-a1d23181-7c60-48c9-8c83-bd27445bc60d req-a1d23181-7c60-48c9-8c83-bd27445bc60d ] Request (KeyPairsV2TestJSON:tearDownClass): 204 DELETE http://10.180.1.21:9696/networking/v2.0/security-groups/35c11606-f4c8-4181-991c-b3b39d2b9d60 0.276s
2024-12-14 21:27:02.605 65692 INFO tempest.lib.common.rest_client [req-4942575e-8ac4-4352-a92a-99a2641dde4a req-4942575e-8ac4-4352-a92a-99a2641dde4a ] Request (ListServerFiltersTestJSON:tearDownClass): 200 GET http://10.180.1.21/compute/v2.1/servers/ea708012-87f2-461a-9b9b-8d9fb47c4702 0.139s
2024-12-14 21:27:02.651 65740 INFO tempest.lib.common.rest_client [req-b59bebea-7967-4cc4-a25b-9afa9cda737b req-b59bebea-7967-4cc4-a25b-9afa9cda737b ] Request (ServersAaction247Test:tearDownClass): 200 GET http://10.180.1.21/compute/v2.1/servers/15961ea8-5a20-4e94-a8f8-ef0d64247334 0.155s
2024-12-14 21:27:02.652 65712 INFO tempest.lib.common.rest_client [req-92b2d1d8-68aa-41f8-afab-db2819a705f2 req-92b2d1d8-68aa-41f8-afab-db2819a705f2 ] Request (AttachInterfacesUnderV243Test:setUpClass): 201 POST http://10.180.1.21/identity/v3/auth/tokens 0.091s
2024-12-14 21:27:02.672 65738 INFO tempest.lib.common.rest_client [req-ff2bcbf0-5b72-4f15-a7eb-94b3d9e6e45b req-ff2bcbf0-5b72-4f15-a7eb-94b3d9e6e45b ] Request (ServerActionsTestOtherB:setUpClass): 200 GET http://10.180.1.21/compute/v2.1/servers/700b04cd-ed0c-420b-b725-e1dcf1970601 0.145s
2024-12-14 21:27:02.710 65749 INFO tempest.lib.common.rest_client [req-b04838de-b3c5-4423-84f5-f90471f09705 req-b04838de-b3c5-4423-84f5-f90471f09705 ] Request (KeyPairsV2TestJSON:tearDownClass): 204 DELETE http://10.180.1.21/identity/v3/projects/c98f6117ab2849a2a8a4d6e98272f3a4 0.133s
2024-12-14 21:27:02.719 65700 INFO tempest.lib.common.rest_client [req-dad21e73-f4b4-4734-bb10-f55afe988737 req-dad21e73-f4b4-4734-bb10-f55afe988737 ] Request (ServersAdminTestJSON:test_inject_network_info): 200 GET http://10.180.1.21/compute/v2.1/servers/e7e70eea-a577-46b4-be71-4c92229b8c70 0.154s
2024-12-14 21:27:02.731 65724 INFO tempest.lib.common.rest_client [req-ac9de3e7-d17d-43a5-97a5-2a21c576dd23 req-ac9de3e7-d17d-43a5-97a5-2a21c576dd23 ] Request (SecurityGroupRulesNegativeTestJSON:tearDownClass): 204 DELETE http://10.180.1.21:9696/networking/v2.0/routers/6206b9e9-a1c3-4de0-87be-620ac34b63b4 0.596s
2024-12-14 21:27:02.771 65750 INFO tempest.lib.common.rest_client [req-192513f5-adb0-4795-bf0c-45f85c936542 req-192513f5-adb0-4795-bf0c-45f85c936542 ] Request (ServersWithSpecificFlavorTestJSON:test_verify_created_server_ephemeral_disk): 200 GET http://10.180.1.21/compute/v2.1/servers/377d1f02-5d0a-49f8-881d-e6d9a1755a17 0.109s
2024-12-14 21:27:02.855 65710 INFO tempest.lib.common.rest_client [req-f967b4ee-68de-49a0-b227-56b7741c7e0c req-f967b4ee-68de-49a0-b227-56b7741c7e0c ] Request (ImagesOneServerNegativeTestJSON:setUpClass): 200 GET http://10.180.1.21/compute/v2.1/servers/2a3e8dcf-23dd-4f09-9126-e254ab8ef9de 0.078s
2024-12-14 21:27:02.875 65714 INFO tempest.lib.common.rest_client [req-69d52b3b-cfba-401f-ad4a-2c9d73b3c0c0 req-69d52b3b-cfba-401f-ad4a-2c9d73b3c0c0 ] Request (ServersTestManualDisk:setUpClass): 200 GET http://10.180.1.21/compute/v2.1/servers/0660533d-43d0-4ef6-9c38-da3267000db9 0.286s
2024-12-14 21:27:02.881 65714 INFO tempest.common.waiters [-] State transition "BUILD/networking" ==> "BUILD/spawning" after 63 second wait
2024-12-14 21:27:02.954 65724 INFO tempest.lib.common.rest_client [req-d7d192f1-cbef-4413-a50d-6908d95ac0db req-d7d192f1-cbef-4413-a50d-6908d95ac0db ] Request (SecurityGroupRulesNegativeTestJSON:tearDownClass): 204 DELETE http://10.180.1.21:9696/networking/v2.0/subnets/f6bb5fe9-0fff-4417-bd75-13f1b5fc854c 0.223s
2024-12-14 21:27:02.972 65746 INFO tempest.lib.common.rest_client [req-cd52c2e4-18a8-4a63-a4a9-a2359b46bb37 req-cd52c2e4-18a8-4a63-a4a9-a2359b46bb37 ] Request (FloatingIPsAssociationTestJSON:test_associate_already_associated_floating_ip): 200 GET http://10.180.1.21/compute/v2.1/servers/3f8868e3-39fe-46e8-8023-49ef66811c84 0.159s
2024-12-14 21:27:02.996 65708 INFO tempest.lib.common.rest_client [req-7b5e9723-2513-4ccb-8dca-d00d1ad4c288 req-7b5e9723-2513-4ccb-8dca-d00d1ad4c288 ] Request (InstanceActionsV221TestJSON:test_get_list_deleted_instance_actions): 200 GET http://10.180.1.21/compute/v2.1/servers/677cdcbd-4a38-4f74-9a1d-44cf3d9f8dde 0.066s
2024-12-14 21:27:03.099 65704 INFO tempest.lib.common.rest_client [req-c2703133-0fff-4820-a306-a495530cbd34 req-c2703133-0fff-4820-a306-a495530cbd34 ] Request (ImagesTestJSON:test_create_image_from_suspended_server): 200 GET http://10.180.1.21/compute/v2.1/servers/91d4cb71-8a1c-43d0-8940-6fde1bd65466 0.061s
2024-12-14 21:27:03.122 65712 INFO tempest.lib.common.rest_client [req-5e58f2fb-ac77-4ad8-aee8-ab02fc5ae451 req-5e58f2fb-ac77-4ad8-aee8-ab02fc5ae451 ] Request (AttachInterfacesUnderV243Test:setUpClass): 201 POST http://10.180.1.21:9696/networking/v2.0/networks 0.470s
2024-12-14 21:27:03.195 65754 INFO tempest.lib.common.rest_client [req-6ffe119b-f42e-427d-a79f-53409c10201c req-6ffe119b-f42e-427d-a79f-53409c10201c ] Request (ServerRescueTestJSONUnderV235:setUpClass): 200 GET http://10.180.1.21/compute/v2.1/servers/0971d049-f5b5-44d0-982f-4bf351d245cb 0.058s
2024-12-14 21:27:03.280 65702 INFO tempest.lib.common.rest_client [req-fb7c0a09-40d4-4b4e-b8b9-5ebf5572167f req-fb7c0a09-40d4-4b4e-b8b9-5ebf5572167f ] Request (DeleteServersTestJSON:test_delete_active_server): 200 GET http://10.180.1.21/compute/v2.1/servers/8f759bca-97c5-4d8d-af06-e6e66dcb6e64 0.075s
2024-12-14 21:27:03.324 65742 INFO tempest.lib.common.rest_client [req-dddf18f6-661d-4684-8e43-b86969321b2c req-dddf18f6-661d-4684-8e43-b86969321b2c ] Request (ListImageFiltersTestJSON:setUpClass): 200 GET http://10.180.1.21/compute/v2.1/servers/1959ec2b-4161-4820-b1f9-f8c3b8c3bf34 0.167s
2024-12-14 21:27:03.326 65694 INFO tempest.lib.common.rest_client [req-6117427b-fccc-4d45-84d3-1e6fc982fb8c req-6117427b-fccc-4d45-84d3-1e6fc982fb8c ] Request (VolumesAssistedSnapshotsTest:test_volume_assisted_snapshot_create_delete): 200 GET http://10.180.1.21/volume/v3/volumes/0519ec1f-c03c-4520-a1c6-3c6fdcbfdddf 0.031s
2024-12-14 21:27:03.363 65716 INFO tempest.lib.common.rest_client [req-bc1424c7-b2b3-452d-9e30-8e167ae15375 req-bc1424c7-b2b3-452d-9e30-8e167ae15375 ] Request (ServerDiagnosticsNegativeTest:tearDownClass): 200 GET http://10.180.1.21/compute/v2.1/servers/fd044e0c-bdba-421e-8942-7132389d2430 0.067s
2024-12-14 21:27:03.388 65732 INFO tempest.lib.common.rest_client [req-a9ae53da-80fb-4578-9fc2-8637674b9f97 req-a9ae53da-80fb-4578-9fc2-8637674b9f97 ] Request (ImagesOneServerTestJSON:tearDownClass): 200 GET http://10.180.1.21/compute/v2.1/servers/e64fb81e-2e3e-4725-86d2-75d8c69a1c16 0.072s
2024-12-14 21:27:03.394 65732 INFO tempest.common.waiters [-] State transition "ACTIVE/deleting" ==> "DELETED/None" after 4 second wait
2024-12-14 21:27:03.397 65724 INFO tempest.lib.common.rest_client [req-d640ec4e-3635-45ca-9037-59ec7af92184 req-d640ec4e-3635-45ca-9037-59ec7af92184 ] Request (SecurityGroupRulesNegativeTestJSON:tearDownClass): 204 DELETE http://10.180.1.21:9696/networking/v2.0/networks/0c346ec8-d183-424f-a41e-26bc57d1015e 0.443s
2024-12-14 21:27:03.404 65712 INFO tempest.lib.common.rest_client [req-e8280182-d016-4723-8921-d522c6390df4 req-e8280182-d016-4723-8921-d522c6390df4 ] Request (AttachInterfacesUnderV243Test:setUpClass): 201 POST http://10.180.1.21:9696/networking/v2.0/subnets 0.281s
2024-12-14 21:27:03.482 65724 INFO tempest.lib.common.rest_client [req-ce2116e9-a3ab-4dd9-a6d8-17d5b6505bf9 req-ce2116e9-a3ab-4dd9-a6d8-17d5b6505bf9 ] Request (SecurityGroupRulesNegativeTestJSON:tearDownClass): 204 DELETE http://10.180.1.21/identity/v3/users/185a63ae96744036b6ed4b78814fc634 0.084s
2024-12-14 21:27:03.482 65724 INFO tempest.lib.common.dynamic_creds [-] Deleting project and security group for project: a0e23d8edbce49d59f1a6fb7a7237db6
2024-12-14 21:27:03.484 65698 INFO tempest.lib.common.rest_client [req-2a029e07-a21a-444f-8e7e-4ca2786ff5df req-2a029e07-a21a-444f-8e7e-4ca2786ff5df ] Request (ServersAdminNegativeTestJSON:test_migrate_server_invalid_state): 200 GET http://10.180.1.21/compute/v2.1/servers/0ec9dc4f-a2dd-4112-b8d0-c3c3c6ac82b9 0.071s
2024-12-14 21:27:03.494 65696 INFO tempest.lib.common.rest_client [req-acf02691-745f-4966-8819-1465b3098cff req-acf02691-745f-4966-8819-1465b3098cff ] Request (DeleteServersAdminTestJSON:test_delete_server_while_in_error_state): 200 GET http://10.180.1.21/compute/v2.1/servers/dd96b62a-b50b-46aa-8dce-af6d87bc7f6c 0.080s
2024-12-14 21:27:03.504 65696 INFO tempest.common.waiters [-] State transition "BUILD/None" ==> "BUILD/networking" after 63 second wait
2024-12-14 21:27:03.510 65724 INFO tempest.lib.common.rest_client [req-832024f6-d32d-49db-8568-b4765958f058 req-832024f6-d32d-49db-8568-b4765958f058 ] Request (SecurityGroupRulesNegativeTestJSON:tearDownClass): 200 GET http://10.180.1.21:9696/networking/v2.0/security-groups?tenant_id=a0e23d8edbce49d59f1a6fb7a7237db6&name=default 0.027s
2024-12-14 21:27:03.570 65720 INFO tempest.lib.common.rest_client [req-d3522f37-78a2-4f1f-951d-ea2ed8d51387 req-d3522f37-78a2-4f1f-951d-ea2ed8d51387 ] Request (MigrationsAdminTest:test_resize_server_revert_deleted_flavor): 200 GET http://10.180.1.21/compute/v2.1/servers/80e54a65-d1da-44d8-9c3a-de2bf54ae4bf 0.066s
2024-12-14 21:27:03.582 65734 INFO tempest.lib.common.rest_client [req-49afa90e-9d53-472f-adb9-6746ed16f29f req-49afa90e-9d53-472f-adb9-6746ed16f29f ] Request (ImagesNegativeTestJSON:test_create_image_from_deleted_server): 200 GET http://10.180.1.21/compute/v2.1/servers/fa0cdd8f-05b3-4cf1-826c-4509f5e8d299 0.070s
2024-12-14 21:27:03.597 65724 INFO tempest.lib.common.rest_client [req-6bdd7c8f-4b7e-450c-96e6-a2072c063467 req-6bdd7c8f-4b7e-450c-96e6-a2072c063467 ] Request (SecurityGroupRulesNegativeTestJSON:tearDownClass): 204 DELETE http://10.180.1.21:9696/networking/v2.0/security-groups/1f97deaf-dfe3-49d7-8507-7ea6e746d93e 0.086s
2024-12-14 21:27:03.656 65718 INFO tempest.lib.common.rest_client [req-59b7bfd7-7738-4579-bcb5-29507e6eb220 req-59b7bfd7-7738-4579-bcb5-29507e6eb220 ] Request (MultipleCreateTestJSON:test_multiple_create): 200 GET http://10.180.1.21/compute/v2.1/servers/12b4c8e6-daef-4e3d-a238-abed54e1bc12 0.073s
2024-12-14 21:27:03.698 65692 INFO tempest.lib.common.rest_client [req-1888a6ca-95b7-43b6-89e7-325cf7a3df2b req-1888a6ca-95b7-43b6-89e7-325cf7a3df2b ] Request (ListServerFiltersTestJSON:tearDownClass): 200 GET http://10.180.1.21/compute/v2.1/servers/ea708012-87f2-461a-9b9b-8d9fb47c4702 0.080s
2024-12-14 21:27:03.698 65724 INFO tempest.lib.common.rest_client [req-91e10c7b-614e-4a0c-b94a-1502ea9dde7b req-91e10c7b-614e-4a0c-b94a-1502ea9dde7b ] Request (SecurityGroupRulesNegativeTestJSON:tearDownClass): 204 DELETE http://10.180.1.21/identity/v3/projects/a0e23d8edbce49d59f1a6fb7a7237db6 0.098s
2024-12-14 21:27:03.737 65740 INFO tempest.lib.common.rest_client [req-ac41d783-79a9-4b93-8255-d529f22b8c0d req-ac41d783-79a9-4b93-8255-d529f22b8c0d ] Request (ServersAaction247Test:tearDownClass): 200 GET http://10.180.1.21/compute/v2.1/servers/15961ea8-5a20-4e94-a8f8-ef0d64247334 0.073s
2024-12-14 21:27:03.767 65738 INFO tempest.lib.common.rest_client [req-3c4502ee-1075-4c01-8a14-616c634c23ce req-3c4502ee-1075-4c01-8a14-616c634c23ce ] Request (ServerActionsTestOtherB:setUpClass): 200 GET http://10.180.1.21/compute/v2.1/servers/700b04cd-ed0c-420b-b725-e1dcf1970601 0.082s
2024-12-14 21:27:03.767 65724 INFO tempest.lib.common.rest_client [req-758a0a50-2e50-4b49-94e0-8a22b542c9ce req-758a0a50-2e50-4b49-94e0-8a22b542c9ce ] Request (ServerShowV263Test:setUpClass): 201 POST http://10.180.1.21/identity/v3/auth/tokens 0.066s
2024-12-14 21:27:03.800 65724 INFO tempest.lib.common.rest_client [req-e6ba1ab8-8fc7-4e13-b431-2861dc985031 req-e6ba1ab8-8fc7-4e13-b431-2861dc985031 ] Request (ServerShowV263Test:setUpClass): 201 POST http://10.180.1.21/identity/v3/auth/tokens 0.029s
2024-12-14 21:27:03.803 65700 INFO tempest.lib.common.rest_client [req-09f66540-46af-4b2b-a8b6-90dcb87f404d req-09f66540-46af-4b2b-a8b6-90dcb87f404d ] Request (ServersAdminTestJSON:test_inject_network_info): 200 GET http://10.180.1.21/compute/v2.1/servers/e7e70eea-a577-46b4-be71-4c92229b8c70 0.074s
2024-12-14 21:27:03.839 65724 INFO tempest.lib.common.rest_client [req-5b0411a8-06ac-45f0-8f91-f94c1f255288 req-5b0411a8-06ac-45f0-8f91-f94c1f255288 ] Request (ServerShowV263Test:setUpClass): 200 GET http://10.180.1.21/identity/v3/domains?name=Default 0.039s
2024-12-14 21:27:03.856 65750 INFO tempest.lib.common.rest_client [req-65ef36ad-22a6-4d9f-8fa5-2941638272d8 req-65ef36ad-22a6-4d9f-8fa5-2941638272d8 ] Request (ServersWithSpecificFlavorTestJSON:test_verify_created_server_ephemeral_disk): 200 GET http://10.180.1.21/compute/v2.1/servers/377d1f02-5d0a-49f8-881d-e6d9a1755a17 0.076s
2024-12-14 21:27:03.877 65724 INFO tempest.lib.common.rest_client [req-ce72b919-c9c7-4c5d-b673-520660d1fbce req-ce72b919-c9c7-4c5d-b673-520660d1fbce ] Request (ServerShowV263Test:setUpClass): 201 POST http://10.180.1.21/identity/v3/projects 0.037s
2024-12-14 21:27:03.947 65710 INFO tempest.lib.common.rest_client [req-455a50ff-45ec-4772-8b2b-f5a7e9b76621 req-455a50ff-45ec-4772-8b2b-f5a7e9b76621 ] Request (ImagesOneServerNegativeTestJSON:setUpClass): 200 GET http://10.180.1.21/compute/v2.1/servers/2a3e8dcf-23dd-4f09-9126-e254ab8ef9de 0.083s
2024-12-14 21:27:03.955 65710 INFO tempest.common.waiters [-] State transition "BUILD/scheduling" ==> "BUILD/None" after 28 second wait
2024-12-14 21:27:03.966 65724 INFO tempest.lib.common.rest_client [req-3f3ebff3-8de9-426d-8f46-4ed4d0975078 req-3f3ebff3-8de9-426d-8f46-4ed4d0975078 ] Request (ServerShowV263Test:setUpClass): 201 POST http://10.180.1.21/identity/v3/users 0.089s
2024-12-14 21:27:03.986 65724 INFO tempest.lib.common.rest_client [req-8bb32913-a2c7-42ee-a822-886a732332fc req-8bb32913-a2c7-42ee-a822-886a732332fc ] Request (ServerShowV263Test:setUpClass): 200 GET http://10.180.1.21/identity/v3/roles 0.019s
2024-12-14 21:27:04.017 65724 INFO tempest.lib.common.rest_client [req-c59a4db5-f459-4563-a731-4efa8406bb30 req-c59a4db5-f459-4563-a731-4efa8406bb30 ] Request (ServerShowV263Test:setUpClass): 204 PUT http://10.180.1.21/identity/v3/projects/462e2633e8e44dd095f3ce9e05709fbb/users/49131a82a4934602ac5f8695713c5070/roles/f68f4bf8e01649ae964b6889872d97ca 0.029s
2024-12-14 21:27:04.017 65724 INFO tempest.lib.common.dynamic_creds [-] Dynamic test user 49131a82a4934602ac5f8695713c5070 is created with scope project and roles: ['member']
2024-12-14 21:27:04.017 65724 INFO tempest.lib.common.dynamic_creds [-] Acquired dynamic creds: credentials: Credentials: {'domain_id': 'default', 'domain_name': 'Default', 'username': 'tempest-ServerShowV263Test-516351794-project-member', 'project_domain_id': 'default', 'project_domain_name': 'Default', 'project_id': '462e2633e8e44dd095f3ce9e05709fbb', 'project_name': 'tempest-ServerShowV263Test-516351794', 'tenant_id': '462e2633e8e44dd095f3ce9e05709fbb', 'tenant_name': 'tempest-ServerShowV263Test-516351794', 'user_domain_id': 'default', 'user_domain_name': 'Default', 'user_id': '49131a82a4934602ac5f8695713c5070', 'system': None}, Network: None, Subnet: None, Router: None
2024-12-14 21:27:04.017 65724 INFO tempest.lib.common.dynamic_creds [-] Created isolated network resources for: credentials: Credentials: {'domain_id': 'default', 'domain_name': 'Default', 'username': 'tempest-ServerShowV263Test-516351794-project-member', 'project_domain_id': 'default', 'project_domain_name': 'Default', 'project_id': '462e2633e8e44dd095f3ce9e05709fbb', 'project_name': 'tempest-ServerShowV263Test-516351794', 'tenant_id': '462e2633e8e44dd095f3ce9e05709fbb', 'tenant_name': 'tempest-ServerShowV263Test-516351794', 'user_domain_id': 'default', 'user_domain_name': 'Default', 'user_id': '49131a82a4934602ac5f8695713c5070', 'system': None}, Network: None, Subnet: None, Router: None
2024-12-14 21:27:04.065 65714 INFO tempest.lib.common.rest_client [req-f317768e-13d3-457f-bd9e-f7af84d1ac5b req-f317768e-13d3-457f-bd9e-f7af84d1ac5b ] Request (ServersTestManualDisk:setUpClass): 200 GET http://10.180.1.21/compute/v2.1/servers/0660533d-43d0-4ef6-9c38-da3267000db9 0.182s
2024-12-14 21:27:04.101 65724 INFO tempest.lib.common.rest_client [req-0956d294-ab93-425b-823a-b8d035be9a58 req-0956d294-ab93-425b-823a-b8d035be9a58 ] Request (ServerShowV263Test:setUpClass): 201 POST http://10.180.1.21/identity/v3/auth/tokens 0.079s
2024-12-14 21:27:04.150 65724 INFO tempest.lib.common.rest_client [req-09607777-6685-421c-8deb-3c3c04307cf4 req-09607777-6685-421c-8deb-3c3c04307cf4 ] Request (ServerShowV263Test:setUpClass): 200 GET http://10.180.1.21/identity/v3/projects/462e2633e8e44dd095f3ce9e05709fbb 0.049s
2024-12-14 21:27:04.151 65724 INFO tempest.lib.common.dynamic_creds [-] Using the existing project 462e2633e8e44dd095f3ce9e05709fbb for scope project and roles: ['reader']
2024-12-14 21:27:04.180 65728 WARNING tempest.lib.common.ssh [-] Failed to establish authenticated ssh connection to cirros@10.180.180.186 ([Errno None] Unable to connect to port 22 on 10.180.180.186). Number attempts: 8. Retry after 9 seconds.: paramiko.ssh_exception.NoValidConnectionsError: [Errno None] Unable to connect to port 22 on 10.180.180.186
2024-12-14 21:27:04.183 65724 INFO tempest.lib.common.rest_client [req-e35b6f5f-f42e-4805-ba89-48a18f73e6ea req-e35b6f5f-f42e-4805-ba89-48a18f73e6ea ] Request (ServerShowV263Test:setUpClass): 201 POST http://10.180.1.21/identity/v3/users 0.031s
2024-12-14 21:27:04.204 65724 INFO tempest.lib.common.rest_client [req-7a7dca2a-59bf-4dd3-a002-4e2e33129889 req-7a7dca2a-59bf-4dd3-a002-4e2e33129889 ] Request (ServerShowV263Test:setUpClass): 200 GET http://10.180.1.21/identity/v3/roles 0.021s
2024-12-14 21:27:04.242 65724 INFO tempest.lib.common.rest_client [req-aeb48f31-baea-4386-aa67-7a1fc5888b89 req-aeb48f31-baea-4386-aa67-7a1fc5888b89 ] Request (ServerShowV263Test:setUpClass): 204 PUT http://10.180.1.21/identity/v3/projects/462e2633e8e44dd095f3ce9e05709fbb/users/105d5cd8cdc742d7882cac05ad09c78d/roles/9e273e84b7ce4fe183e3502fd1c55e74 0.037s
2024-12-14 21:27:04.242 65724 INFO tempest.lib.common.dynamic_creds [-] Dynamic test user 105d5cd8cdc742d7882cac05ad09c78d is created with scope project and roles: ['reader']
2024-12-14 21:27:04.242 65724 INFO tempest.lib.common.dynamic_creds [-] Acquired dynamic creds: credentials: Credentials: {'domain_id': 'default', 'domain_name': 'Default', 'username': 'tempest-ServerShowV263Test-516351794-project-reader', 'project_domain_id': 'default', 'project_domain_name': 'Default', 'project_id': '462e2633e8e44dd095f3ce9e05709fbb', 'project_name': 'tempest-ServerShowV263Test-516351794', 'tenant_id': '462e2633e8e44dd095f3ce9e05709fbb', 'tenant_name': 'tempest-ServerShowV263Test-516351794', 'user_domain_id': 'default', 'user_domain_name': 'Default', 'user_id': '105d5cd8cdc742d7882cac05ad09c78d', 'system': None}, Network: None, Subnet: None, Router: None
2024-12-14 21:27:04.242 65724 INFO tempest.lib.common.dynamic_creds [-] Network resources are not created for requested scope: project and credentials: Credentials: {'domain_id': 'default', 'domain_name': 'Default', 'username': 'tempest-ServerShowV263Test-516351794-project-reader', 'project_domain_id': 'default', 'project_domain_name': 'Default', 'project_id': '462e2633e8e44dd095f3ce9e05709fbb', 'project_name': 'tempest-ServerShowV263Test-516351794', 'tenant_id': '462e2633e8e44dd095f3ce9e05709fbb', 'tenant_name': 'tempest-ServerShowV263Test-516351794', 'user_domain_id': 'default', 'user_domain_name': 'Default', 'user_id': '105d5cd8cdc742d7882cac05ad09c78d', 'system': None}, Network: None, Subnet: None, Router: None
2024-12-14 21:27:04.314 65724 INFO tempest.lib.common.rest_client [req-646abd58-5a10-4f08-ab2a-ed50e1915066 req-646abd58-5a10-4f08-ab2a-ed50e1915066 ] Request (ServerShowV263Test:setUpClass): 201 POST http://10.180.1.21/identity/v3/auth/tokens 0.064s
2024-12-14 21:27:04.343 65708 INFO tempest.lib.common.rest_client [req-e8851644-16d8-4a5e-bb86-573046095901 req-e8851644-16d8-4a5e-bb86-573046095901 ] Request (InstanceActionsV221TestJSON:test_get_list_deleted_instance_actions): 200 GET http://10.180.1.21/compute/v2.1/servers/677cdcbd-4a38-4f74-9a1d-44cf3d9f8dde 0.336s
2024-12-14 21:27:04.388 65694 INFO tempest.lib.common.rest_client [req-0b83a3ca-feb9-4c5c-afce-1e317d29a926 req-0b83a3ca-feb9-4c5c-afce-1e317d29a926 ] Request (VolumesAssistedSnapshotsTest:test_volume_assisted_snapshot_create_delete): 200 GET http://10.180.1.21/volume/v3/volumes/0519ec1f-c03c-4520-a1c6-3c6fdcbfdddf 0.053s
2024-12-14 21:27:04.437 65724 INFO tempest.lib.common.rest_client [req-905162b6-205f-41d0-9308-875540611fa3 req-905162b6-205f-41d0-9308-875540611fa3 ] Request (ServerShowV263Test:tearDownClass): 204 DELETE http://10.180.1.21/identity/v3/users/49131a82a4934602ac5f8695713c5070 0.117s
2024-12-14 21:27:04.455 65704 INFO tempest.lib.common.rest_client [req-36ad34ba-015a-4f2d-b1fa-6a9c78d7e50d req-36ad34ba-015a-4f2d-b1fa-6a9c78d7e50d ] Request (ImagesTestJSON:test_create_image_from_suspended_server): 200 GET http://10.180.1.21/compute/v2.1/servers/91d4cb71-8a1c-43d0-8940-6fde1bd65466 0.349s
2024-12-14 21:27:04.505 65746 INFO tempest.lib.common.rest_client [req-d01c415f-dafe-4a30-9e1c-04eab19e390a req-d01c415f-dafe-4a30-9e1c-04eab19e390a ] Request (FloatingIPsAssociationTestJSON:test_associate_already_associated_floating_ip): 200 GET http://10.180.1.21/compute/v2.1/servers/3f8868e3-39fe-46e8-8023-49ef66811c84 0.520s
2024-12-14 21:27:04.528 65754 INFO tempest.lib.common.rest_client [req-e22b04e8-0eea-47d4-aa9a-7fa082502b96 req-e22b04e8-0eea-47d4-aa9a-7fa082502b96 ] Request (ServerRescueTestJSONUnderV235:setUpClass): 200 GET http://10.180.1.21/compute/v2.1/servers/0971d049-f5b5-44d0-982f-4bf351d245cb 0.327s
2024-12-14 21:27:04.557 65724 INFO tempest.lib.common.rest_client [req-02a42074-a8ff-4ca9-a82b-4e7664132759 req-02a42074-a8ff-4ca9-a82b-4e7664132759 ] Request (ServerShowV263Test:tearDownClass): 204 DELETE http://10.180.1.21/identity/v3/users/105d5cd8cdc742d7882cac05ad09c78d 0.119s
2024-12-14 21:27:04.557 65724 INFO tempest.lib.common.dynamic_creds [-] Deleting project and security group for project: 462e2633e8e44dd095f3ce9e05709fbb
2024-12-14 21:27:04.575 65702 INFO tempest.lib.common.rest_client [req-db203589-f3a4-48f5-ba0e-bce15a7d70b2 req-db203589-f3a4-48f5-ba0e-bce15a7d70b2 ] Request (DeleteServersTestJSON:test_delete_active_server): 200 GET http://10.180.1.21/compute/v2.1/servers/8f759bca-97c5-4d8d-af06-e6e66dcb6e64 0.288s
2024-12-14 21:27:04.625 65724 INFO tempest.lib.common.rest_client [req-6a041b51-a92f-4b3c-917f-0f21d44e82b7 req-6a041b51-a92f-4b3c-917f-0f21d44e82b7 ] Request (ServerShowV263Test:tearDownClass): 201 POST http://10.180.1.21/identity/v3/auth/tokens 0.068s
2024-12-14 21:27:04.661 65716 INFO tempest.lib.common.rest_client [req-19a9f25a-22fe-4bcd-9909-5b7bb079a0e0 req-19a9f25a-22fe-4bcd-9909-5b7bb079a0e0 ] Request (ServerDiagnosticsNegativeTest:tearDownClass): 200 GET http://10.180.1.21/compute/v2.1/servers/fd044e0c-bdba-421e-8942-7132389d2430 0.289s
2024-12-14 21:27:04.691 65722 WARNING tempest.lib.common.ssh [-] Failed to establish authenticated ssh connection to cirros@10.180.180.188 ([Errno None] Unable to connect to port 22 on 10.180.180.188). Number attempts: 2. Retry after 3 seconds.: paramiko.ssh_exception.NoValidConnectionsError: [Errno None] Unable to connect to port 22 on 10.180.180.188
2024-12-14 21:27:04.735 65742 INFO tempest.lib.common.rest_client [req-035e9f6b-c218-4884-946e-7599fdc95419 req-035e9f6b-c218-4884-946e-7599fdc95419 ] Request (ListImageFiltersTestJSON:setUpClass): 200 GET http://10.180.1.21/compute/v2.1/servers/1959ec2b-4161-4820-b1f9-f8c3b8c3bf34 0.403s
2024-12-14 21:27:04.745 65742 INFO tempest.common.waiters [-] State transition "BUILD/spawning" ==> "ACTIVE/None" after 68 second wait
2024-12-14 21:27:04.749 65732 INFO tempest.lib.common.rest_client [req-511176c2-cb93-4f6c-b8f8-1d821c7f802a req-511176c2-cb93-4f6c-b8f8-1d821c7f802a ] Request (ImagesOneServerTestJSON:tearDownClass): 200 GET http://10.180.1.21/compute/v2.1/servers/e64fb81e-2e3e-4725-86d2-75d8c69a1c16 0.353s
2024-12-14 21:27:04.818 65724 INFO tempest.lib.common.rest_client [req-8333d2d1-c234-41e9-89f4-67f60233abcc req-8333d2d1-c234-41e9-89f4-67f60233abcc ] Request (ServerShowV263Test:tearDownClass): 200 GET http://10.180.1.21:9696/networking/v2.0/security-groups?tenant_id=462e2633e8e44dd095f3ce9e05709fbb&name=default 0.192s
2024-12-14 21:27:04.825 65698 INFO tempest.lib.common.rest_client [req-5b04dafb-a464-41c0-b083-58985e94d3e9 req-5b04dafb-a464-41c0-b083-58985e94d3e9 ] Request (ServersAdminNegativeTestJSON:test_migrate_server_invalid_state): 200 GET http://10.180.1.21/compute/v2.1/servers/0ec9dc4f-a2dd-4112-b8d0-c3c3c6ac82b9 0.335s
2024-12-14 21:27:04.908 65720 INFO tempest.lib.common.rest_client [req-4350d333-9bf3-41e2-83e6-6609eeb9fa87 req-4350d333-9bf3-41e2-83e6-6609eeb9fa87 ] Request (MigrationsAdminTest:test_resize_server_revert_deleted_flavor): 200 GET http://10.180.1.21/compute/v2.1/servers/80e54a65-d1da-44d8-9c3a-de2bf54ae4bf 0.330s
2024-12-14 21:27:04.921 65696 INFO tempest.lib.common.rest_client [req-5baa8226-b7d1-440d-80d2-90adebb87879 req-5baa8226-b7d1-440d-80d2-90adebb87879 ] Request (DeleteServersAdminTestJSON:test_delete_server_while_in_error_state): 200 GET http://10.180.1.21/compute/v2.1/servers/dd96b62a-b50b-46aa-8dce-af6d87bc7f6c 0.417s
2024-12-14 21:27:04.924 65724 INFO tempest.lib.common.rest_client [req-71e9e189-fc71-43f5-91b7-804fb3a219ab req-71e9e189-fc71-43f5-91b7-804fb3a219ab ] Request (ServerShowV263Test:tearDownClass): 204 DELETE http://10.180.1.21:9696/networking/v2.0/security-groups/748616b0-bcd3-4303-89cc-e526d0d89c4d 0.105s
2024-12-14 21:27:04.934 65696 INFO tempest.common.waiters [-] State transition "BUILD/networking" ==> "BUILD/block_device_mapping" after 64 second wait
2024-12-14 21:27:04.983 65718 INFO tempest.lib.common.rest_client [req-1842ec94-af0d-41cd-81ac-11203200534e req-1842ec94-af0d-41cd-81ac-11203200534e ] Request (MultipleCreateTestJSON:test_multiple_create): 200 GET http://10.180.1.21/compute/v2.1/servers/12b4c8e6-daef-4e3d-a238-abed54e1bc12 0.319s
2024-12-14 21:27:04.994 65724 INFO tempest.lib.common.rest_client [req-62c40a79-c093-4e52-8bc0-f1e98c822442 req-62c40a79-c093-4e52-8bc0-f1e98c822442 ] Request (ServerShowV263Test:tearDownClass): 204 DELETE http://10.180.1.21/identity/v3/projects/462e2633e8e44dd095f3ce9e05709fbb 0.070s
2024-12-14 21:27:04.996 65734 INFO tempest.lib.common.rest_client [req-a213c787-37aa-449f-bbb7-d9338ed8a586 req-a213c787-37aa-449f-bbb7-d9338ed8a586 ] Request (ImagesNegativeTestJSON:test_create_image_from_deleted_server): 200 GET http://10.180.1.21/compute/v2.1/servers/fa0cdd8f-05b3-4cf1-826c-4509f5e8d299 0.401s
2024-12-14 21:27:05.018 65712 INFO tempest.lib.common.rest_client [req-4a1e22f0-58b3-47fc-aa3a-c314d83def65 req-4a1e22f0-58b3-47fc-aa3a-c314d83def65 ] Request (AttachInterfacesUnderV243Test:setUpClass): 201 POST http://10.180.1.21:9696/networking/v2.0/routers 1.613s
2024-12-14 21:27:05.070 65692 INFO tempest.lib.common.rest_client [req-05c13e92-36c0-47c5-b825-d32d858d0f3e req-05c13e92-36c0-47c5-b825-d32d858d0f3e ] Request (ListServerFiltersTestJSON:tearDownClass): 200 GET http://10.180.1.21/compute/v2.1/servers/ea708012-87f2-461a-9b9b-8d9fb47c4702 0.365s
2024-12-14 21:27:05.147 65740 INFO tempest.lib.common.rest_client [req-6785f1a5-d5a4-4244-bb43-1154896ed704 req-6785f1a5-d5a4-4244-bb43-1154896ed704 ] Request (ServersAaction247Test:tearDownClass): 200 GET http://10.180.1.21/compute/v2.1/servers/15961ea8-5a20-4e94-a8f8-ef0d64247334 0.399s
2024-12-14 21:27:05.185 65742 INFO tempest.lib.common.rest_client [req-b18e519f-0ab5-42c6-809b-ef110d7d8de6 req-b18e519f-0ab5-42c6-809b-ef110d7d8de6 ] Request (ListImageFiltersTestJSON:setUpClass): 200 GET http://10.180.1.21/compute/v2.1/servers/10f6378b-bf30-49aa-8205-f31acffb0f4d 0.439s
2024-12-14 21:27:05.211 65738 INFO tempest.lib.common.rest_client [req-f07ed87d-46ce-473a-8f78-bc43ea740893 req-f07ed87d-46ce-473a-8f78-bc43ea740893 ] Request (ServerActionsTestOtherB:setUpClass): 200 GET http://10.180.1.21/compute/v2.1/servers/700b04cd-ed0c-420b-b725-e1dcf1970601 0.435s
