2024-12-14 21:28:15.363 65698 INFO tempest.lib.common.rest_client [req-a9475e57-8e58-4b7e-a231-9d0997520c60 req-a9475e57-8e58-4b7e-a231-9d0997520c60 ] Request (ServersAdminNegativeTestJSON:tearDownClass): 200 GET http://10.180.1.21/compute/v2.1/servers/9e0e8583-ff9d-429f-9a13-f197392d3541 0.179s
2024-12-14 21:28:15.378 65694 INFO tempest.lib.common.rest_client [req-735870d7-19e8-47a7-a985-0f95d8892a2b req-735870d7-19e8-47a7-a985-0f95d8892a2b ] Request (FlavorsAdminTestJSON:test_is_public_string_variations): 200 POST http://10.180.1.21/compute/v2.1/flavors 0.134s
2024-12-14 21:28:15.386 65708 INFO tempest.lib.common.rest_client [req-18ec7488-ef5e-45f7-909c-cd5f39c27c38 req-18ec7488-ef5e-45f7-909c-cd5f39c27c38 ] Request (ServerActionsTestOtherA:setUpClass): 200 GET http://10.180.1.21/compute/v2.1/servers/066f9ed3-95fb-4b34-9398-6937855f7e2d 0.286s
2024-12-14 21:28:15.455 65692 INFO tempest.lib.common.rest_client [req-f7d2fad4-b508-4af5-8f69-762b2f647d2b req-f7d2fad4-b508-4af5-8f69-762b2f647d2b ] Request (ServerAddressesTestJSON:setUpClass): 200 GET http://10.180.1.21/compute/v2.1/servers/0d2ba44d-f920-48b8-9df1-b40f71deb55f 0.205s
2024-12-14 21:28:15.462 65710 INFO tempest.lib.common.rest_client [req-8d783b96-a6ba-4185-a5d3-42458c0917e6 req-8d783b96-a6ba-4185-a5d3-42458c0917e6 ] Request (ImagesOneServerNegativeTestJSON:_run_cleanups): 200 GET http://10.180.1.21/compute/v2.1/servers/2a3e8dcf-23dd-4f09-9126-e254ab8ef9de 0.177s
2024-12-14 21:28:15.481 65694 INFO tempest.lib.common.rest_client [req-e1263c0b-5407-482c-a6fc-18a3698ad6ca req-e1263c0b-5407-482c-a6fc-18a3698ad6ca ] Request (FlavorsAdminTestJSON:test_is_public_string_variations): 200 GET http://10.180.1.21/compute/v2.1/flavors/detail?is_public=f 0.101s
2024-12-14 21:28:15.507 65694 INFO tempest.lib.common.rest_client [req-5acebdd6-ee70-4094-97dc-87ce50c8f6d8 req-5acebdd6-ee70-4094-97dc-87ce50c8f6d8 ] Request (FlavorsAdminTestJSON:test_is_public_string_variations): 200 GET http://10.180.1.21/compute/v2.1/flavors/detail?is_public=false 0.023s
2024-12-14 21:28:15.547 65706 INFO tempest.lib.common.rest_client [req-29055c9d-49e0-47bf-baa2-8c31c94cb7df req-29055c9d-49e0-47bf-baa2-8c31c94cb7df ] Request (ServersTestMultiNic:test_verify_duplicate_network_nics): 200 GET http://10.180.1.21/compute/v2.1/servers/582320f4-97f1-4d19-9148-d17b10d3088b 0.137s
2024-12-14 21:28:15.553 65694 INFO tempest.lib.common.rest_client [req-3530e2ea-dd4a-4747-a6c4-f1d87f08da69 req-3530e2ea-dd4a-4747-a6c4-f1d87f08da69 ] Request (FlavorsAdminTestJSON:test_is_public_string_variations): 200 GET http://10.180.1.21/compute/v2.1/flavors/detail?is_public=no 0.043s
2024-12-14 21:28:15.569 65694 INFO tempest.lib.common.rest_client [req-26d98b88-2d2d-4aaf-98eb-f350cdfc76d9 req-26d98b88-2d2d-4aaf-98eb-f350cdfc76d9 ] Request (FlavorsAdminTestJSON:test_is_public_string_variations): 200 GET http://10.180.1.21/compute/v2.1/flavors/detail?is_public=0 0.012s
2024-12-14 21:28:15.578 65714 INFO tempest.lib.common.rest_client [req-6e783665-5f3f-45c1-ba88-1a236d63cdaf req-6e783665-5f3f-45c1-ba88-1a236d63cdaf ] Request (ServersTestManualDisk:tearDownClass): 200 GET http://10.180.1.21/compute/v2.1/servers/0660533d-43d0-4ef6-9c38-da3267000db9 0.083s
2024-12-14 21:28:15.595 65694 INFO tempest.lib.common.rest_client [req-c75290ff-a90e-439a-be3d-6da044dd3ddc req-c75290ff-a90e-439a-be3d-6da044dd3ddc ] Request (FlavorsAdminTestJSON:test_is_public_string_variations): 200 GET http://10.180.1.21/compute/v2.1/flavors/detail?is_public=t 0.024s
2024-12-14 21:28:15.625 65694 INFO tempest.lib.common.rest_client [req-83151d5f-a7ff-4a54-9930-a4c8f9b587c2 req-83151d5f-a7ff-4a54-9930-a4c8f9b587c2 ] Request (FlavorsAdminTestJSON:test_is_public_string_variations): 200 GET http://10.180.1.21/compute/v2.1/flavors/detail?is_public=true 0.022s
2024-12-14 21:28:15.668 65750 WARNING tempest.lib.common.ssh [-] Failed to establish authenticated ssh connection to cirros@10.180.180.251 ([Errno None] Unable to connect to port 22 on 10.180.180.251). Number attempts: 5. Retry after 6 seconds.: paramiko.ssh_exception.NoValidConnectionsError: [Errno None] Unable to connect to port 22 on 10.180.180.251
2024-12-14 21:28:15.734 65742 INFO tempest.lib.common.rest_client [req-607553d5-3d0e-499d-843e-42f7eeb44315 req-607553d5-3d0e-499d-843e-42f7eeb44315 ] Request (ListImageFiltersTestJSON:tearDownClass): 200 GET http://10.180.1.21/compute/v2.1/servers/1959ec2b-4161-4820-b1f9-f8c3b8c3bf34 0.168s
2024-12-14 21:28:15.750 65694 INFO tempest.lib.common.rest_client [req-7c6f3fa2-a8f6-4009-b2c2-6494b28483f4 req-7c6f3fa2-a8f6-4009-b2c2-6494b28483f4 ] Request (FlavorsAdminTestJSON:test_is_public_string_variations): 200 GET http://10.180.1.21/compute/v2.1/flavors/detail?is_public=yes 0.120s
2024-12-14 21:28:15.823 65718 INFO tempest.lib.common.rest_client [req-ea9864f0-3552-4d5e-b6fc-07b3bf0b0b71 req-ea9864f0-3552-4d5e-b6fc-07b3bf0b0b71 ] Request (MultipleCreateTestJSON:_run_cleanups): 200 GET http://10.180.1.21/compute/v2.1/servers/539c1c0d-3f84-4552-9a8e-3d697f5867c0 0.155s
2024-12-14 21:28:15.853 65734 INFO tempest.lib.common.rest_client [req-26ab4612-f314-4907-a2d7-2a5a4f7d2e2e req-26ab4612-f314-4907-a2d7-2a5a4f7d2e2e ] Request (SecurityGroupsTestJSON:test_list_security_groups_by_server): 200 GET http://10.180.1.21/compute/v2.1/servers/62799a7e-a62f-460e-aa23-c9e83514a020 0.245s
2024-12-14 21:28:15.923 65732 INFO tempest.lib.common.rest_client [req-6e8b8eb7-a46b-4625-9f68-1361af6d1a1c req-6e8b8eb7-a46b-4625-9f68-1361af6d1a1c ] Request (ServersTestFqdnHostnames:test_create_server_with_fqdn_name): 200 GET http://10.180.1.21/compute/v2.1/servers/62d9831c-d811-4cc3-81d7-466bec129943 0.194s
2024-12-14 21:28:15.949 65694 INFO tempest.lib.common.rest_client [req-eeabea1a-07f3-4cec-ade6-6c2e2712253c req-eeabea1a-07f3-4cec-ade6-6c2e2712253c ] Request (FlavorsAdminTestJSON:test_is_public_string_variations): 200 GET http://10.180.1.21/compute/v2.1/flavors/detail?is_public=1 0.188s
2024-12-14 21:28:16.040 65702 INFO tempest.lib.common.rest_client [req-491afc19-239a-4919-8776-4e8004c9d5a7 req-491afc19-239a-4919-8776-4e8004c9d5a7 ] Request (DeleteServersTestJSON:test_delete_active_server): 200 GET http://10.180.1.21/compute/v2.1/servers/8f759bca-97c5-4d8d-af06-e6e66dcb6e64 0.271s
2024-12-14 21:28:16.065 65716 INFO tempest.lib.common.rest_client [req-f9d5a468-f65b-4bd7-9c75-166777309b40 req-f9d5a468-f65b-4bd7-9c75-166777309b40 ] Request (InstanceActionsNegativeTestJSON:tearDownClass): 200 GET http://10.180.1.21/compute/v2.1/servers/d142cd4c-3572-4bbc-971e-9d4dd4c551be 0.352s
2024-12-14 21:28:16.067 65728 INFO tempest.lib.common.rest_client [req-c936feb3-e3d8-41b5-a465-ed1878eee8aa req-c936feb3-e3d8-41b5-a465-ed1878eee8aa ] Request (ServersTestJSON:tearDownClass): 200 PUT http://10.180.1.21:9696/networking/v2.0/routers/8fa7a650-63a4-4a8e-9331-2f703b1da5d6/remove_router_interface 1.294s
2024-12-14 21:28:16.088 65754 INFO tempest.lib.common.rest_client [req-722a3fa7-6acf-47ac-b948-0223a7037df3 req-722a3fa7-6acf-47ac-b948-0223a7037df3 ] Request (ServerRescueTestJSONUnderV235:tearDownClass): 404 GET http://10.180.1.21/compute/v2.1/servers/0971d049-f5b5-44d0-982f-4bf351d245cb 0.149s
2024-12-14 21:28:16.123 65746 INFO tempest.lib.common.rest_client [req-803a1d12-fd74-444e-b96c-29cf5a982c72 req-803a1d12-fd74-444e-b96c-29cf5a982c72 ] Request (FloatingIPsAssociationTestJSON:tearDownClass): 200 GET http://10.180.1.21/compute/v2.1/servers/12afe1f4-4fc3-40a1-bde2-2afaf1772cde 0.283s
2024-12-14 21:28:16.137 65694 INFO tempest.lib.common.rest_client [req-f83059b7-dbc2-4b00-b859-7c3f0eae8994 req-f83059b7-dbc2-4b00-b859-7c3f0eae8994 ] Request (FlavorsAdminTestJSON:_run_cleanups): 202 DELETE http://10.180.1.21/compute/v2.1/flavors/1905520680 0.180s
2024-12-14 21:28:16.161 65694 INFO tempest.lib.common.rest_client [req-438e9683-1fd1-422f-9931-14081f5e8349 req-438e9683-1fd1-422f-9931-14081f5e8349 ] Request (FlavorsAdminTestJSON:_run_cleanups): 200 GET http://10.180.1.21/compute/v2.1/flavors/detail 0.023s
2024-12-14 21:28:16.172 65726 INFO tempest.lib.common.rest_client [req-8957141a-2ae0-4100-ac7d-17a55d157828 req-8957141a-2ae0-4100-ac7d-17a55d157828 ] Request (AttachInterfacesTestJSON:_run_cleanups): 200 GET http://10.180.1.21/compute/v2.1/servers/d8aaa7e5-cc47-4b7d-9d54-3c54d550e6cd 0.216s
2024-12-14 21:28:16.194 65694 INFO tempest.lib.common.rest_client [req-fad6f5de-ea53-4384-930c-9a3a206c3153 req-fad6f5de-ea53-4384-930c-9a3a206c3153 ] Request (FlavorsAdminTestJSON:_run_cleanups): 202 DELETE http://10.180.1.21/compute/v2.1/flavors/932087112 0.028s
2024-12-14 21:28:16.213 65694 INFO tempest.lib.common.rest_client [req-3366e471-b808-4cce-bae2-b7a9633d2575 req-3366e471-b808-4cce-bae2-b7a9633d2575 ] Request (FlavorsAdminTestJSON:_run_cleanups): 200 GET http://10.180.1.21/compute/v2.1/flavors/detail 0.018s
2024-12-14 21:28:16.244 65738 WARNING tempest.lib.common.ssh [-] Failed to establish authenticated ssh connection to cirros@10.180.180.177 ([Errno None] Unable to connect to port 22 on 10.180.180.177). Number attempts: 6. Retry after 7 seconds.: paramiko.ssh_exception.NoValidConnectionsError: [Errno None] Unable to connect to port 22 on 10.180.180.177
2024-12-14 21:28:16.246 65694 INFO tempest.lib.common.rest_client [req-97b9d3d6-a38a-46c7-9a31-ed625d9bdc8c req-97b9d3d6-a38a-46c7-9a31-ed625d9bdc8c ] Request (FlavorsAdminTestJSON:test_list_non_public_flavor): 200 POST http://10.180.1.21/compute/v2.1/flavors 0.024s
2024-12-14 21:28:16.418 65720 INFO tempest.lib.common.rest_client [req-c5c5414c-506f-4524-82b9-6ffadc550a70 req-c5c5414c-506f-4524-82b9-6ffadc550a70 ] Request (MigrationsAdminTest:test_resize_server_revert_deleted_flavor): 200 GET http://10.180.1.21/compute/v2.1/servers/80e54a65-d1da-44d8-9c3a-de2bf54ae4bf 0.189s
2024-12-14 21:28:16.419 65700 INFO tempest.lib.common.rest_client [req-8f7d64a2-1199-460a-9c43-a49ffdfdcb86 req-8f7d64a2-1199-460a-9c43-a49ffdfdcb86 ] Request (ServersAdminTestJSON:test_rebuild_server_in_error_state): 200 GET http://10.180.1.21/compute/v2.1/servers/8b58d790-c6ee-49ea-8979-0cc2fbb5d1a4 0.193s
2024-12-14 21:28:16.439 65694 INFO tempest.lib.common.rest_client [req-d9835f00-b519-4dea-b410-23b6d59c54d0 req-d9835f00-b519-4dea-b410-23b6d59c54d0 ] Request (FlavorsAdminTestJSON:test_list_non_public_flavor): 200 GET http://10.180.1.21/compute/v2.1/flavors/detail 0.191s
2024-12-14 21:28:16.458 65704 INFO tempest.lib.common.rest_client [req-bdfd4ee6-cd4a-4eae-a2b4-76b9d98f2d12 req-bdfd4ee6-cd4a-4eae-a2b4-76b9d98f2d12 ] Request (ImagesTestJSON:test_create_image_from_suspended_server): 200 GET http://10.180.1.21/compute/v2.1/images/cbb75817-4599-4978-9457-c7410a95f168 0.166s
2024-12-14 21:28:16.496 65698 INFO tempest.lib.common.rest_client [req-3aa67d41-2110-4a97-87e8-86a61c2a29ec req-3aa67d41-2110-4a97-87e8-86a61c2a29ec ] Request (ServersAdminNegativeTestJSON:tearDownClass): 200 GET http://10.180.1.21/compute/v2.1/servers/9e0e8583-ff9d-429f-9a13-f197392d3541 0.125s
2024-12-14 21:28:16.511 65694 INFO tempest.lib.common.rest_client [req-7227ecd0-97cb-4153-9846-4ccc73128ca8 req-7227ecd0-97cb-4153-9846-4ccc73128ca8 ] Request (FlavorsAdminTestJSON:test_list_non_public_flavor): 200 GET http://10.180.1.21/compute/v2.1/flavors/detail 0.067s
2024-12-14 21:28:16.543 65704 INFO tempest.lib.common.rest_client [req-0bd8372d-b85a-44a4-be41-9ce336d37f09 req-0bd8372d-b85a-44a4-be41-9ce336d37f09 ] Request (ImagesTestJSON:test_create_image_from_suspended_server): 200 GET http://10.180.1.21/compute/v2.1/images/cbb75817-4599-4978-9457-c7410a95f168 0.081s
2024-12-14 21:28:16.576 65704 INFO tempest.lib.common.rest_client [req-5f954d78-8b9f-4513-a965-ac336a26a884 req-5f954d78-8b9f-4513-a965-ac336a26a884 ] Request (ImagesTestJSON:test_create_image_from_suspended_server): 200 GET http://10.180.1.21/image/v2/images/cbb75817-4599-4978-9457-c7410a95f168/tasks 0.029s
2024-12-14 21:28:16.609 65708 INFO tempest.lib.common.rest_client [req-006c34d3-2aa5-45d3-89d1-50500f936523 req-006c34d3-2aa5-45d3-89d1-50500f936523 ] Request (ServerActionsTestOtherA:setUpClass): 200 GET http://10.180.1.21/compute/v2.1/servers/066f9ed3-95fb-4b34-9398-6937855f7e2d 0.213s
2024-12-14 21:28:16.615 65692 INFO tempest.lib.common.rest_client [req-ba409128-5678-4a38-87ab-4cf2c99df392 req-ba409128-5678-4a38-87ab-4cf2c99df392 ] Request (ServerAddressesTestJSON:setUpClass): 200 GET http://10.180.1.21/compute/v2.1/servers/0d2ba44d-f920-48b8-9df1-b40f71deb55f 0.146s
2024-12-14 21:28:16.638 65694 INFO tempest.lib.common.rest_client [req-7c70525e-cb1d-4338-b177-c71c09915b51 req-7c70525e-cb1d-4338-b177-c71c09915b51 ] Request (FlavorsAdminTestJSON:_run_cleanups): 202 DELETE http://10.180.1.21/compute/v2.1/flavors/1798834190 0.122s
2024-12-14 21:28:16.704 65712 WARNING tempest.lib.common.ssh [-] Failed to establish authenticated ssh connection to cirros@10.180.180.219 ([Errno None] Unable to connect to port 22 on 10.180.180.219). Number attempts: 1. Retry after 2 seconds.: paramiko.ssh_exception.NoValidConnectionsError: [Errno None] Unable to connect to port 22 on 10.180.180.219
2024-12-14 21:28:16.713 65728 INFO tempest.lib.common.rest_client [req-b8d98cce-2c72-4453-8249-94d1c07655e2 req-b8d98cce-2c72-4453-8249-94d1c07655e2 ] Request (ServersTestJSON:tearDownClass): 204 DELETE http://10.180.1.21:9696/networking/v2.0/routers/8fa7a650-63a4-4a8e-9331-2f703b1da5d6 0.646s
2024-12-14 21:28:16.715 65706 INFO tempest.lib.common.rest_client [req-8eef37c2-04b6-494a-8c9d-4c305015d8c9 req-8eef37c2-04b6-494a-8c9d-4c305015d8c9 ] Request (ServersTestMultiNic:test_verify_duplicate_network_nics): 200 GET http://10.180.1.21/compute/v2.1/servers/582320f4-97f1-4d19-9148-d17b10d3088b 0.160s
2024-12-14 21:28:16.721 65710 INFO tempest.lib.common.rest_client [req-958951d0-e9dd-4fc0-8dbb-b5f60ef1b8a9 req-958951d0-e9dd-4fc0-8dbb-b5f60ef1b8a9 ] Request (ImagesOneServerNegativeTestJSON:_run_cleanups): 200 GET http://10.180.1.21/compute/v2.1/servers/2a3e8dcf-23dd-4f09-9126-e254ab8ef9de 0.250s
2024-12-14 21:28:16.783 65714 INFO tempest.lib.common.rest_client [req-36aaf393-7212-4bf4-a4c6-5be2aed87e59 req-36aaf393-7212-4bf4-a4c6-5be2aed87e59 ] Request (ServersTestManualDisk:tearDownClass): 200 GET http://10.180.1.21/compute/v2.1/servers/0660533d-43d0-4ef6-9c38-da3267000db9 0.197s
2024-12-14 21:28:16.806 65694 INFO tempest.lib.common.rest_client [req-3e7070a9-10bd-4e39-80b9-dbf06ec70859 req-3e7070a9-10bd-4e39-80b9-dbf06ec70859 ] Request (FlavorsAdminTestJSON:_run_cleanups): 200 GET http://10.180.1.21/compute/v2.1/flavors/detail 0.166s
2024-12-14 21:28:16.844 65704 INFO tempest.lib.common.rest_client [req-d249e379-c95a-4852-b612-4ff81ac814c9 req-d249e379-c95a-4852-b612-4ff81ac814c9 ] Request (ImagesTestJSON:_run_cleanups): 204 DELETE http://10.180.1.21/compute/v2.1/images/cbb75817-4599-4978-9457-c7410a95f168 0.267s
2024-12-14 21:28:16.866 65694 INFO tempest.lib.common.rest_client [req-85a72b8f-fc48-420a-b1e9-1e192a06d386 req-85a72b8f-fc48-420a-b1e9-1e192a06d386 ] Request (FlavorsAdminTestJSON:test_list_public_flavor_with_other_user): 200 POST http://10.180.1.21/compute/v2.1/flavors 0.055s
2024-12-14 21:28:17.029 65728 INFO tempest.lib.common.rest_client [req-b55501d4-6c06-49f1-b17a-bdb97a075933 req-b55501d4-6c06-49f1-b17a-bdb97a075933 ] Request (ServersTestJSON:tearDownClass): 204 DELETE http://10.180.1.21:9696/networking/v2.0/subnets/881374ca-1cb4-4d3e-bf2d-dde0c54c6249 0.315s
2024-12-14 21:28:17.089 65742 INFO tempest.lib.common.rest_client [req-a1e7afae-3581-487a-b96f-b1c5ada8a598 req-a1e7afae-3581-487a-b96f-b1c5ada8a598 ] Request (ListImageFiltersTestJSON:tearDownClass): 200 GET http://10.180.1.21/compute/v2.1/servers/1959ec2b-4161-4820-b1f9-f8c3b8c3bf34 0.347s
2024-12-14 21:28:17.103 65718 INFO tempest.lib.common.rest_client [req-115373ed-64e1-4d0a-9275-7593ee97a233 req-115373ed-64e1-4d0a-9275-7593ee97a233 ] Request (MultipleCreateTestJSON:_run_cleanups): 200 GET http://10.180.1.21/compute/v2.1/servers/539c1c0d-3f84-4552-9a8e-3d697f5867c0 0.269s
2024-12-14 21:28:17.179 65704 INFO tempest.lib.common.rest_client [req-d9040e67-3b2b-4c8f-9c51-4dc81b5357e7 req-d9040e67-3b2b-4c8f-9c51-4dc81b5357e7 ] Request (ImagesTestJSON:_run_cleanups): 204 DELETE http://10.180.1.21/compute/v2.1/servers/91d4cb71-8a1c-43d0-8940-6fde1bd65466 0.335s
2024-12-14 21:28:17.202 65754 INFO tempest.lib.common.rest_client [req-d1d27661-63ec-45b0-933e-14df3eca6e05 req-d1d27661-63ec-45b0-933e-14df3eca6e05 ] Request (ServerRescueTestJSONUnderV235:tearDownClass): 200 PUT http://10.180.1.21:9696/networking/v2.0/routers/111ee99b-5b20-4daa-9f45-788f6684cd9e/remove_router_interface 1.114s
2024-12-14 21:28:17.205 65694 INFO tempest.lib.common.rest_client [req-617de13e-dd96-43e5-8648-f3834f145449 req-617de13e-dd96-43e5-8648-f3834f145449 ] Request (FlavorsAdminTestJSON:test_list_public_flavor_with_other_user): 200 GET http://10.180.1.21/compute/v2.1/flavors/detail 0.336s
2024-12-14 21:28:17.260 65732 INFO tempest.lib.common.rest_client [req-cc68a426-b6a6-4cb1-80f9-8afc93897c8f req-cc68a426-b6a6-4cb1-80f9-8afc93897c8f ] Request (ServersTestFqdnHostnames:test_create_server_with_fqdn_name): 200 GET http://10.180.1.21/compute/v2.1/servers/62d9831c-d811-4cc3-81d7-466bec129943 0.324s
2024-12-14 21:28:17.271 65734 INFO tempest.lib.common.rest_client [req-539e07cd-b161-4e87-9f36-3ab93cf4018e req-539e07cd-b161-4e87-9f36-3ab93cf4018e ] Request (SecurityGroupsTestJSON:test_list_security_groups_by_server): 200 GET http://10.180.1.21/compute/v2.1/servers/62799a7e-a62f-460e-aa23-c9e83514a020 0.404s
2024-12-14 21:28:17.273 65704 INFO tempest.lib.common.rest_client [req-6ffe23dd-b947-4d0a-a3b3-409657042578 req-6ffe23dd-b947-4d0a-a3b3-409657042578 ] Request (ImagesTestJSON:test_create_server_from_snapshot): 201 POST http://10.180.1.21/identity/v3/auth/tokens 0.083s
2024-12-14 21:28:17.275 65704 INFO tempest.lib.common.fixed_network [-] (ImagesTestJSON:test_create_server_from_snapshot) Found network {'id': '365e58ad-bf37-4027-bea7-f6435b10c7fc', 'name': 'tempest-ImagesTestJSON-1959660345-network', 'tenant_id': 'ee81b66abbdc4bd4a84ad683eaadb62c', 'admin_state_up': True, 'mtu': 8950, 'status': 'ACTIVE', 'subnets': [], 'shared': False, 'project_id': 'ee81b66abbdc4bd4a84ad683eaadb62c', 'port_security_enabled': True, 'router:external': False, 'provider:network_type': 'vlan', 'provider:physical_network': 'default', 'provider:segmentation_id': 604, 'availability_zone_hints': [], 'availability_zones': [], 'ipv4_address_scope': None, 'ipv6_address_scope': None, 'description': '', 'tags': [], 'created_at': '2024-12-14T21:25:19Z', 'updated_at': '2024-12-14T21:25:19Z', 'revision_number': 1} available for tenant
2024-12-14 21:28:17.333 65702 INFO tempest.lib.common.rest_client [req-8f954b89-160c-4e8e-9b6e-3ce091e39d97 req-8f954b89-160c-4e8e-9b6e-3ce091e39d97 ] Request (DeleteServersTestJSON:test_delete_active_server): 200 GET http://10.180.1.21/compute/v2.1/servers/8f759bca-97c5-4d8d-af06-e6e66dcb6e64 0.281s
2024-12-14 21:28:17.343 65716 INFO tempest.lib.common.rest_client [req-04d0ba7d-8809-4972-a46b-584e48347866 req-04d0ba7d-8809-4972-a46b-584e48347866 ] Request (InstanceActionsNegativeTestJSON:tearDownClass): 200 GET http://10.180.1.21/compute/v2.1/servers/d142cd4c-3572-4bbc-971e-9d4dd4c551be 0.263s
2024-12-14 21:28:17.413 65746 INFO tempest.lib.common.rest_client [req-7b238010-8ef8-4b34-bbee-25ca636dc557 req-7b238010-8ef8-4b34-bbee-25ca636dc557 ] Request (FloatingIPsAssociationTestJSON:tearDownClass): 200 GET http://10.180.1.21/compute/v2.1/servers/12afe1f4-4fc3-40a1-bde2-2afaf1772cde 0.283s
2024-12-14 21:28:17.421 65726 INFO tempest.lib.common.rest_client [req-135473a4-5348-47ec-bd54-b3ea239b0fcf req-135473a4-5348-47ec-bd54-b3ea239b0fcf ] Request (AttachInterfacesTestJSON:_run_cleanups): 200 GET http://10.180.1.21/compute/v2.1/servers/d8aaa7e5-cc47-4b7d-9d54-3c54d550e6cd 0.241s
2024-12-14 21:28:17.438 65694 INFO tempest.lib.common.rest_client [req-47aa35c6-606e-4915-8a79-bfae4dc1b602 req-47aa35c6-606e-4915-8a79-bfae4dc1b602 ] Request (FlavorsAdminTestJSON:_run_cleanups): 202 DELETE http://10.180.1.21/compute/v2.1/flavors/648076222 0.228s
2024-12-14 21:28:17.481 65728 INFO tempest.lib.common.rest_client [req-ed608b2d-bda4-4a83-bb8a-0c5290fd4067 req-ed608b2d-bda4-4a83-bb8a-0c5290fd4067 ] Request (ServersTestJSON:tearDownClass): 204 DELETE http://10.180.1.21:9696/networking/v2.0/networks/ff111da0-60b6-43f4-ba53-5b056e84a4e9 0.451s
2024-12-14 21:28:17.598 65728 INFO tempest.lib.common.rest_client [req-e2ec1e23-3bb4-4907-8ddf-bdab965793a8 req-e2ec1e23-3bb4-4907-8ddf-bdab965793a8 ] Request (ServersTestJSON:tearDownClass): 204 DELETE http://10.180.1.21/identity/v3/users/205a2fa7de1d45178d1cb2a373c18e2c 0.116s
2024-12-14 21:28:17.598 65728 INFO tempest.lib.common.dynamic_creds [-] Deleting project and security group for project: fac9ceeb87014f78882176075aa08883
2024-12-14 21:28:17.643 65728 INFO tempest.lib.common.rest_client [req-5adf5fcb-b7ac-4fd8-a220-8953a1c6e55a req-5adf5fcb-b7ac-4fd8-a220-8953a1c6e55a ] Request (ServersTestJSON:tearDownClass): 200 GET http://10.180.1.21:9696/networking/v2.0/security-groups?tenant_id=fac9ceeb87014f78882176075aa08883&name=default 0.044s
2024-12-14 21:28:17.724 65720 INFO tempest.lib.common.rest_client [req-23eaf767-a636-4327-a2cb-6d2ea0db5440 req-23eaf767-a636-4327-a2cb-6d2ea0db5440 ] Request (MigrationsAdminTest:test_resize_server_revert_deleted_flavor): 200 GET http://10.180.1.21/compute/v2.1/servers/80e54a65-d1da-44d8-9c3a-de2bf54ae4bf 0.296s
2024-12-14 21:28:17.738 65728 INFO tempest.lib.common.rest_client [req-8c236039-84ab-4683-8c57-5128d9193d89 req-8c236039-84ab-4683-8c57-5128d9193d89 ] Request (ServersTestJSON:tearDownClass): 204 DELETE http://10.180.1.21:9696/networking/v2.0/security-groups/afc4245e-c408-4c62-92a3-06cfbeb4ac24 0.094s
2024-12-14 21:28:17.820 65754 INFO tempest.lib.common.rest_client [req-2c46fe1e-31e5-4483-8352-0e9d31ef9588 req-2c46fe1e-31e5-4483-8352-0e9d31ef9588 ] Request (ServerRescueTestJSONUnderV235:tearDownClass): 204 DELETE http://10.180.1.21:9696/networking/v2.0/routers/111ee99b-5b20-4daa-9f45-788f6684cd9e 0.618s
2024-12-14 21:28:17.838 65728 INFO tempest.lib.common.rest_client [req-986ee07d-7ff6-4f1d-b029-494ef0228050 req-986ee07d-7ff6-4f1d-b029-494ef0228050 ] Request (ServersTestJSON:tearDownClass): 204 DELETE http://10.180.1.21/identity/v3/projects/fac9ceeb87014f78882176075aa08883 0.100s
2024-12-14 21:28:17.896 65700 INFO tempest.lib.common.rest_client [req-a6827bc3-1633-49c0-a21e-76ebf7c4cde0 req-a6827bc3-1633-49c0-a21e-76ebf7c4cde0 ] Request (ServersAdminTestJSON:test_rebuild_server_in_error_state): 200 GET http://10.180.1.21/compute/v2.1/servers/8b58d790-c6ee-49ea-8979-0cc2fbb5d1a4 0.467s
2024-12-14 21:28:17.905 65700 INFO tempest.common.waiters [-] State transition "REBUILD/rebuilding" ==> "REBUILD/rebuild_block_device_mapping" after 2 second wait
2024-12-14 21:28:17.913 65694 INFO tempest.lib.common.rest_client [req-1e34772d-f328-46a8-855e-6e4108552a72 req-1e34772d-f328-46a8-855e-6e4108552a72 ] Request (FlavorsAdminTestJSON:_run_cleanups): 200 GET http://10.180.1.21/compute/v2.1/flavors/detail 0.474s
2024-12-14 21:28:17.931 65728 INFO tempest.lib.common.rest_client [req-2c1211a2-8846-4504-ba72-1e1b45370f0b req-2c1211a2-8846-4504-ba72-1e1b45370f0b ] Request (InstanceActionsTestJSON:setUpClass): 201 POST http://10.180.1.21/identity/v3/auth/tokens 0.091s
2024-12-14 21:28:18.001 65728 INFO tempest.lib.common.rest_client [req-5a3d209d-3e3d-4712-a685-4a43cf9abe28 req-5a3d209d-3e3d-4712-a685-4a43cf9abe28 ] Request (InstanceActionsTestJSON:setUpClass): 201 POST http://10.180.1.21/identity/v3/auth/tokens 0.064s
2024-12-14 21:28:18.005 65754 INFO tempest.lib.common.rest_client [req-7493e5c7-ffe9-4a05-9fa7-67275ff5a93b req-7493e5c7-ffe9-4a05-9fa7-67275ff5a93b ] Request (ServerRescueTestJSONUnderV235:tearDownClass): 204 DELETE http://10.180.1.21:9696/networking/v2.0/subnets/ce915965-0a46-4124-a97b-d3fdf18f929d 0.184s
2024-12-14 21:28:18.019 65704 INFO tempest.lib.common.rest_client [req-9b9cbdfd-76b0-4d51-87b2-c68e43ffa762 req-9b9cbdfd-76b0-4d51-87b2-c68e43ffa762 ] Request (ImagesTestJSON:test_create_server_from_snapshot): 202 POST http://10.180.1.21/compute/v2.1/servers 0.742s
2024-12-14 21:28:18.032 65698 INFO tempest.lib.common.rest_client [req-d9961d6e-fdba-48a2-8cc0-85154f29e28d req-d9961d6e-fdba-48a2-8cc0-85154f29e28d ] Request (ServersAdminNegativeTestJSON:tearDownClass): 200 GET http://10.180.1.21/compute/v2.1/servers/9e0e8583-ff9d-429f-9a13-f197392d3541 0.530s
2024-12-14 21:28:18.035 65730 WARNING tempest.lib.common.ssh [-] Failed to establish authenticated ssh connection to cirros@10.180.180.213 ([Errno None] Unable to connect to port 22 on 10.180.180.213). Number attempts: 11. Retry after 12 seconds.: paramiko.ssh_exception.NoValidConnectionsError: [Errno None] Unable to connect to port 22 on 10.180.180.213
2024-12-14 21:28:18.060 65694 INFO tempest.lib.common.rest_client [req-6c669894-6f0b-4107-81d3-8293eab0895e req-6c669894-6f0b-4107-81d3-8293eab0895e ] Request (FlavorsAdminTestJSON:tearDownClass): 204 DELETE http://10.180.1.21/identity/v3/users/d41f32f099784ece99a82bcc6206de30 0.139s
2024-12-14 21:28:18.077 65728 INFO tempest.lib.common.rest_client [req-1b6e68b1-7590-4986-bca9-9586ae0f31fa req-1b6e68b1-7590-4986-bca9-9586ae0f31fa ] Request (InstanceActionsTestJSON:setUpClass): 200 GET http://10.180.1.21/identity/v3/domains?name=Default 0.075s
2024-12-14 21:28:18.115 65692 INFO tempest.lib.common.rest_client [req-7c00bef8-162c-4ffc-8819-9b2e09b7941f req-7c00bef8-162c-4ffc-8819-9b2e09b7941f ] Request (ServerAddressesTestJSON:setUpClass): 200 GET http://10.180.1.21/compute/v2.1/servers/0d2ba44d-f920-48b8-9df1-b40f71deb55f 0.484s
2024-12-14 21:28:18.135 65728 INFO tempest.lib.common.rest_client [req-0d9d5158-686c-494e-93a2-f9210969ea8d req-0d9d5158-686c-494e-93a2-f9210969ea8d ] Request (InstanceActionsTestJSON:setUpClass): 201 POST http://10.180.1.21/identity/v3/projects 0.058s
2024-12-14 21:28:18.165 65754 INFO tempest.lib.common.rest_client [req-567e1a90-bb38-4e0a-a4da-32a782a16856 req-567e1a90-bb38-4e0a-a4da-32a782a16856 ] Request (ServerRescueTestJSONUnderV235:tearDownClass): 204 DELETE http://10.180.1.21:9696/networking/v2.0/networks/f35d5860-0305-4e87-a411-94868ac26ba7 0.158s
2024-12-14 21:28:18.180 65706 INFO tempest.lib.common.rest_client [req-3552bdc5-6ec0-43e9-bb78-1f41812ba9f7 req-3552bdc5-6ec0-43e9-bb78-1f41812ba9f7 ] Request (ServersTestMultiNic:test_verify_duplicate_network_nics): 200 GET http://10.180.1.21/compute/v2.1/servers/582320f4-97f1-4d19-9148-d17b10d3088b 0.452s
2024-12-14 21:28:18.199 65694 INFO tempest.lib.common.rest_client [req-bdafa731-4907-4032-b51d-12beb7f0a028 req-bdafa731-4907-4032-b51d-12beb7f0a028 ] Request (FlavorsAdminTestJSON:tearDownClass): 204 DELETE http://10.180.1.21/identity/v3/users/be2f063c6a2b4c86b3d0b70f372d9c38 0.138s
2024-12-14 21:28:18.200 65694 INFO tempest.lib.common.dynamic_creds [-] Deleting project and security group for project: 4867805ac8d841189287a3d0b6210e20
2024-12-14 21:28:18.213 65708 INFO tempest.lib.common.rest_client [req-f3dd9a8b-2d80-4d4c-a0e0-66a4436a648e req-f3dd9a8b-2d80-4d4c-a0e0-66a4436a648e ] Request (ServerActionsTestOtherA:setUpClass): 200 GET http://10.180.1.21/compute/v2.1/servers/066f9ed3-95fb-4b34-9398-6937855f7e2d 0.594s
2024-12-14 21:28:18.229 65728 INFO tempest.lib.common.rest_client [req-4c95dc73-2745-4af0-a31b-2d8762e20b0b req-4c95dc73-2745-4af0-a31b-2d8762e20b0b ] Request (InstanceActionsTestJSON:setUpClass): 201 POST http://10.180.1.21/identity/v3/users 0.093s
2024-12-14 21:28:18.245 65710 INFO tempest.lib.common.rest_client [req-a1e6e942-5bf5-4840-9879-d9368901aed4 req-a1e6e942-5bf5-4840-9879-d9368901aed4 ] Request (ImagesOneServerNegativeTestJSON:_run_cleanups): 200 GET http://10.180.1.21/compute/v2.1/servers/2a3e8dcf-23dd-4f09-9126-e254ab8ef9de 0.512s
2024-12-14 21:28:18.255 65694 INFO tempest.lib.common.rest_client [req-2c8517b5-03ed-4cf7-b3c1-93ea782a7e6b req-2c8517b5-03ed-4cf7-b3c1-93ea782a7e6b ] Request (FlavorsAdminTestJSON:tearDownClass): 201 POST http://10.180.1.21/identity/v3/auth/tokens 0.055s
2024-12-14 21:28:18.276 65728 INFO tempest.lib.common.rest_client [req-c62ad00c-8227-4aac-97c6-be57a3124414 req-c62ad00c-8227-4aac-97c6-be57a3124414 ] Request (InstanceActionsTestJSON:setUpClass): 200 GET http://10.180.1.21/identity/v3/roles 0.046s
2024-12-14 21:28:18.294 65704 INFO tempest.lib.common.rest_client [req-f7490e49-15f8-4100-b109-66470b4d391c req-f7490e49-15f8-4100-b109-66470b4d391c ] Request (ImagesTestJSON:test_create_server_from_snapshot): 200 GET http://10.180.1.21/compute/v2.1/servers/7d41facf-db33-485c-82f6-beeed6c3ee6c 0.269s
2024-12-14 21:28:18.299 65714 INFO tempest.lib.common.rest_client [req-3a29e3c6-29fc-4b2c-aaad-d74384d00f64 req-3a29e3c6-29fc-4b2c-aaad-d74384d00f64 ] Request (ServersTestManualDisk:tearDownClass): 200 GET http://10.180.1.21/compute/v2.1/servers/0660533d-43d0-4ef6-9c38-da3267000db9 0.498s
2024-12-14 21:28:18.308 65754 INFO tempest.lib.common.rest_client [req-02b9ca0e-f53e-4a87-a0d8-83cad164705e req-02b9ca0e-f53e-4a87-a0d8-83cad164705e ] Request (ServerRescueTestJSONUnderV235:tearDownClass): 204 DELETE http://10.180.1.21/identity/v3/users/f69abee13cd149b2a9c2fc07740ace68 0.142s
2024-12-14 21:28:18.308 65754 INFO tempest.lib.common.dynamic_creds [-] Deleting project and security group for project: 19e3263e78cf48df9e4f18015609cce7
2024-12-14 21:28:18.341 65754 INFO tempest.lib.common.rest_client [req-e3f93453-c08b-446e-b3cc-349bb1e0afd6 req-e3f93453-c08b-446e-b3cc-349bb1e0afd6 ] Request (ServerRescueTestJSONUnderV235:tearDownClass): 200 GET http://10.180.1.21:9696/networking/v2.0/security-groups?tenant_id=19e3263e78cf48df9e4f18015609cce7&name=default 0.032s
2024-12-14 21:28:18.369 65728 INFO tempest.lib.common.rest_client [req-34eac177-fb46-43ef-9e11-90e324c3eafe req-34eac177-fb46-43ef-9e11-90e324c3eafe ] Request (InstanceActionsTestJSON:setUpClass): 204 PUT http://10.180.1.21/identity/v3/projects/4546e5d7e85d4c0d9a40208a8a576854/users/bdc73e8e33254a95bde7a5d9694ea068/roles/f68f4bf8e01649ae964b6889872d97ca 0.092s
2024-12-14 21:28:18.369 65728 INFO tempest.lib.common.dynamic_creds [-] Dynamic test user bdc73e8e33254a95bde7a5d9694ea068 is created with scope project and roles: ['member']
2024-12-14 21:28:18.369 65728 INFO tempest.lib.common.dynamic_creds [-] Acquired dynamic creds: credentials: Credentials: {'domain_id': 'default', 'domain_name': 'Default', 'username': 'tempest-InstanceActionsTestJSON-884778583-project-member', 'project_domain_id': 'default', 'project_domain_name': 'Default', 'project_id': '4546e5d7e85d4c0d9a40208a8a576854', 'project_name': 'tempest-InstanceActionsTestJSON-884778583', 'tenant_id': '4546e5d7e85d4c0d9a40208a8a576854', 'tenant_name': 'tempest-InstanceActionsTestJSON-884778583', 'user_domain_id': 'default', 'user_domain_name': 'Default', 'user_id': 'bdc73e8e33254a95bde7a5d9694ea068', 'system': None}, Network: None, Subnet: None, Router: None
2024-12-14 21:28:18.371 65718 INFO tempest.lib.common.rest_client [req-efa66f54-a9e1-418e-bb6d-f6863b0c6e32 req-efa66f54-a9e1-418e-bb6d-f6863b0c6e32 ] Request (MultipleCreateTestJSON:_run_cleanups): 200 GET http://10.180.1.21/compute/v2.1/servers/539c1c0d-3f84-4552-9a8e-3d697f5867c0 0.251s
2024-12-14 21:28:18.375 65742 INFO tempest.lib.common.rest_client [req-772b867f-b376-4f3d-b673-7fba3aaaef69 req-772b867f-b376-4f3d-b673-7fba3aaaef69 ] Request (ListImageFiltersTestJSON:tearDownClass): 200 GET http://10.180.1.21/compute/v2.1/servers/1959ec2b-4161-4820-b1f9-f8c3b8c3bf34 0.279s
2024-12-14 21:28:18.383 65742 INFO tempest.common.waiters [-] State transition "ACTIVE/deleting" ==> "DELETED/None" after 4 second wait
2024-12-14 21:28:18.438 65728 INFO tempest.lib.common.rest_client [req-44229b53-7b36-45cc-a895-2d0821a9aebd req-44229b53-7b36-45cc-a895-2d0821a9aebd ] Request (InstanceActionsTestJSON:setUpClass): 201 POST http://10.180.1.21/identity/v3/auth/tokens 0.069s
2024-12-14 21:28:18.442 65754 INFO tempest.lib.common.rest_client [req-8edaa42d-ea19-4cca-9dd9-94783996bfbf req-8edaa42d-ea19-4cca-9dd9-94783996bfbf ] Request (ServerRescueTestJSONUnderV235:tearDownClass): 204 DELETE http://10.180.1.21:9696/networking/v2.0/security-groups/06a3e75a-86f2-4e84-bf2f-8229f7d4f41a 0.101s
2024-12-14 21:28:18.445 65732 INFO tempest.lib.common.rest_client [req-7904961a-2767-4abe-a5a1-46480c4e9956 req-7904961a-2767-4abe-a5a1-46480c4e9956 ] Request (ServersTestFqdnHostnames:test_create_server_with_fqdn_name): 200 GET http://10.180.1.21/compute/v2.1/servers/62d9831c-d811-4cc3-81d7-466bec129943 0.176s
2024-12-14 21:28:18.505 65754 INFO tempest.lib.common.rest_client [req-34088492-5079-43da-a9db-ed423f50f80f req-34088492-5079-43da-a9db-ed423f50f80f ] Request (ServerRescueTestJSONUnderV235:tearDownClass): 204 DELETE http://10.180.1.21/identity/v3/projects/19e3263e78cf48df9e4f18015609cce7 0.062s
2024-12-14 21:28:18.528 65702 INFO tempest.lib.common.rest_client [req-38e67b31-cb31-479a-9976-a0f8bb8ad2c0 req-38e67b31-cb31-479a-9976-a0f8bb8ad2c0 ] Request (DeleteServersTestJSON:test_delete_active_server): 200 GET http://10.180.1.21/compute/v2.1/servers/8f759bca-97c5-4d8d-af06-e6e66dcb6e64 0.184s
2024-12-14 21:28:18.529 65694 INFO tempest.lib.common.rest_client [req-5be42793-317b-425e-8d51-08f42df546af req-5be42793-317b-425e-8d51-08f42df546af ] Request (FlavorsAdminTestJSON:tearDownClass): 200 GET http://10.180.1.21:9696/networking/v2.0/security-groups?tenant_id=4867805ac8d841189287a3d0b6210e20&name=default 0.274s
2024-12-14 21:28:18.534 65734 INFO tempest.lib.common.rest_client [req-0cab05b0-c64f-4712-9694-9fa2fdb79c79 req-0cab05b0-c64f-4712-9694-9fa2fdb79c79 ] Request (SecurityGroupsTestJSON:test_list_security_groups_by_server): 200 GET http://10.180.1.21/compute/v2.1/servers/62799a7e-a62f-460e-aa23-c9e83514a020 0.249s
2024-12-14 21:28:18.562 65746 INFO tempest.lib.common.rest_client [req-096d6b52-030f-41fb-85f0-6f777e793179 req-096d6b52-030f-41fb-85f0-6f777e793179 ] Request (FloatingIPsAssociationTestJSON:tearDownClass): 404 GET http://10.180.1.21/compute/v2.1/servers/12afe1f4-4fc3-40a1-bde2-2afaf1772cde 0.135s
2024-12-14 21:28:18.595 65716 INFO tempest.lib.common.rest_client [req-502ab0d4-f64c-4075-8360-5372a7f93f87 req-502ab0d4-f64c-4075-8360-5372a7f93f87 ] Request (InstanceActionsNegativeTestJSON:tearDownClass): 200 GET http://10.180.1.21/compute/v2.1/servers/d142cd4c-3572-4bbc-971e-9d4dd4c551be 0.246s
2024-12-14 21:28:18.602 65716 INFO tempest.common.waiters [-] State transition "ACTIVE/deleting" ==> "DELETED/None" after 4 second wait
2024-12-14 21:28:18.610 65754 INFO tempest.lib.common.rest_client [req-779859ab-e9be-44e5-b194-ff20be62aef8 req-779859ab-e9be-44e5-b194-ff20be62aef8 ] Request (ServersTestJSON:setUpClass): 201 POST http://10.180.1.21/identity/v3/auth/tokens 0.102s
2024-12-14 21:28:18.644 65754 INFO tempest.lib.common.rest_client [req-66fa1cbf-cec8-4408-8a7c-a7594d281268 req-66fa1cbf-cec8-4408-8a7c-a7594d281268 ] Request (ServersTestJSON:setUpClass): 201 POST http://10.180.1.21/identity/v3/auth/tokens 0.031s
2024-12-14 21:28:18.651 65726 INFO tempest.lib.common.rest_client [req-a326c944-b7f4-4719-b800-d2387c59ec47 req-a326c944-b7f4-4719-b800-d2387c59ec47 ] Request (AttachInterfacesTestJSON:_run_cleanups): 200 GET http://10.180.1.21/compute/v2.1/servers/d8aaa7e5-cc47-4b7d-9d54-3c54d550e6cd 0.220s
2024-12-14 21:28:18.677 65754 INFO tempest.lib.common.rest_client [req-c69ec9f6-5986-40ac-bb39-9704552a10fb req-c69ec9f6-5986-40ac-bb39-9704552a10fb ] Request (ServersTestJSON:setUpClass): 200 GET http://10.180.1.21/identity/v3/domains?name=Default 0.032s
2024-12-14 21:28:18.691 65694 INFO tempest.lib.common.rest_client [req-e378e189-2e3b-4741-99fd-5c982a625871 req-e378e189-2e3b-4741-99fd-5c982a625871 ] Request (FlavorsAdminTestJSON:tearDownClass): 204 DELETE http://10.180.1.21:9696/networking/v2.0/security-groups/77c25045-fd69-4cce-9f18-46ce7a1c7691 0.158s
2024-12-14 21:28:18.714 65754 INFO tempest.lib.common.rest_client [req-b4234ca4-3598-4cce-bfa5-96075e5a2a90 req-b4234ca4-3598-4cce-bfa5-96075e5a2a90 ] Request (ServersTestJSON:setUpClass): 201 POST http://10.180.1.21/identity/v3/projects 0.037s
2024-12-14 21:28:18.787 65694 INFO tempest.lib.common.rest_client [req-702bd416-7f46-4a02-a1a8-61e5ab379e93 req-702bd416-7f46-4a02-a1a8-61e5ab379e93 ] Request (FlavorsAdminTestJSON:tearDownClass): 204 DELETE http://10.180.1.21/identity/v3/projects/4867805ac8d841189287a3d0b6210e20 0.096s
2024-12-14 21:28:18.787 65694 INFO tempest.lib.common.dynamic_creds [-] Deleting project and security group for project: 5ac33da4feae4259a74a760d039f633c
2024-12-14 21:28:18.823 65754 INFO tempest.lib.common.rest_client [req-d3359d5e-f221-490c-ab50-7b0c1dfe7d70 req-d3359d5e-f221-490c-ab50-7b0c1dfe7d70 ] Request (ServersTestJSON:setUpClass): 201 POST http://10.180.1.21/identity/v3/users 0.107s
2024-12-14 21:28:18.863 65754 INFO tempest.lib.common.rest_client [req-c77f78a1-bae6-4f7b-bacd-1fd815f5e382 req-c77f78a1-bae6-4f7b-bacd-1fd815f5e382 ] Request (ServersTestJSON:setUpClass): 200 GET http://10.180.1.21/identity/v3/roles 0.039s
2024-12-14 21:28:18.900 65754 INFO tempest.lib.common.rest_client [req-5a120549-6986-4a77-ad41-fc1c9da85062 req-5a120549-6986-4a77-ad41-fc1c9da85062 ] Request (ServersTestJSON:setUpClass): 204 PUT http://10.180.1.21/identity/v3/projects/166bdcd08cd7483e97495d93531054c4/users/ed2bfb309d284555ac69c8d2d5eb4437/roles/f68f4bf8e01649ae964b6889872d97ca 0.036s
2024-12-14 21:28:18.900 65754 INFO tempest.lib.common.dynamic_creds [-] Dynamic test user ed2bfb309d284555ac69c8d2d5eb4437 is created with scope project and roles: ['member']
2024-12-14 21:28:18.900 65754 INFO tempest.lib.common.dynamic_creds [-] Acquired dynamic creds: credentials: Credentials: {'domain_id': 'default', 'domain_name': 'Default', 'username': 'tempest-ServersTestJSON-1831222178-project-member', 'project_domain_id': 'default', 'project_domain_name': 'Default', 'project_id': '166bdcd08cd7483e97495d93531054c4', 'project_name': 'tempest-ServersTestJSON-1831222178', 'tenant_id': '166bdcd08cd7483e97495d93531054c4', 'tenant_name': 'tempest-ServersTestJSON-1831222178', 'user_domain_id': 'default', 'user_domain_name': 'Default', 'user_id': 'ed2bfb309d284555ac69c8d2d5eb4437', 'system': None}, Network: None, Subnet: None, Router: None
2024-12-14 21:28:18.931 65720 INFO tempest.lib.common.rest_client [req-7b725669-2ebe-4b27-b514-a3a782a85c96 req-7b725669-2ebe-4b27-b514-a3a782a85c96 ] Request (MigrationsAdminTest:test_resize_server_revert_deleted_flavor): 200 GET http://10.180.1.21/compute/v2.1/servers/80e54a65-d1da-44d8-9c3a-de2bf54ae4bf 0.199s
2024-12-14 21:28:18.938 65720 INFO tempest.common.waiters [-] State transition "RESIZE/resize_migrated" ==> "RESIZE/resize_finish" after 44 second wait
2024-12-14 21:28:18.979 65754 INFO tempest.lib.common.rest_client [req-84aacefe-b352-43e2-b111-6f38bcacbc75 req-84aacefe-b352-43e2-b111-6f38bcacbc75 ] Request (ServersTestJSON:setUpClass): 201 POST http://10.180.1.21/identity/v3/auth/tokens 0.079s
2024-12-14 21:28:19.022 65728 INFO tempest.lib.common.rest_client [req-b49eb4c8-1231-492b-9a2a-e46ff0f016bd req-b49eb4c8-1231-492b-9a2a-e46ff0f016bd ] Request (InstanceActionsTestJSON:setUpClass): 201 POST http://10.180.1.21:9696/networking/v2.0/networks 0.582s
2024-12-14 21:28:19.065 65694 INFO tempest.lib.common.rest_client [req-a0cdb18f-2e53-4f68-895b-8e80bec16565 req-a0cdb18f-2e53-4f68-895b-8e80bec16565 ] Request (FlavorsAdminTestJSON:tearDownClass): 200 GET http://10.180.1.21:9696/networking/v2.0/security-groups?tenant_id=5ac33da4feae4259a74a760d039f633c&name=default 0.277s
2024-12-14 21:28:19.066 65700 INFO tempest.lib.common.rest_client [req-c6e0c302-140e-4f0f-b7d8-13c4b5430e48 req-c6e0c302-140e-4f0f-b7d8-13c4b5430e48 ] Request (ServersAdminTestJSON:test_rebuild_server_in_error_state): 200 GET http://10.180.1.21/compute/v2.1/servers/8b58d790-c6ee-49ea-8979-0cc2fbb5d1a4 0.160s
2024-12-14 21:28:19.074 65700 INFO tempest.common.waiters [-] State transition "REBUILD/rebuild_block_device_mapping" ==> "REBUILD/rebuild_spawning" after 4 second wait
2024-12-14 21:28:19.128 65698 INFO tempest.lib.common.rest_client [req-60c3cdd1-9488-4545-849c-dc5c1690b181 req-60c3cdd1-9488-4545-849c-dc5c1690b181 ] Request (ServersAdminNegativeTestJSON:tearDownClass): 200 GET http://10.180.1.21/compute/v2.1/servers/9e0e8583-ff9d-429f-9a13-f197392d3541 0.085s
2024-12-14 21:28:19.155 65694 INFO tempest.lib.common.rest_client [req-615bb4fb-f94f-4eb5-9aeb-d4c777d259e1 req-615bb4fb-f94f-4eb5-9aeb-d4c777d259e1 ] Request (FlavorsAdminTestJSON:tearDownClass): 204 DELETE http://10.180.1.21:9696/networking/v2.0/security-groups/0b5a626e-a914-41e5-b105-965a93a76c53 0.089s
2024-12-14 21:28:19.185 65692 INFO tempest.lib.common.rest_client [req-8ff5fcda-2fe2-4822-823c-bf6aca04d6b0 req-8ff5fcda-2fe2-4822-823c-bf6aca04d6b0 ] Request (ServerAddressesTestJSON:setUpClass): 200 GET http://10.180.1.21/compute/v2.1/servers/0d2ba44d-f920-48b8-9df1-b40f71deb55f 0.059s
2024-12-14 21:28:19.252 65706 INFO tempest.lib.common.rest_client [req-89c82236-15eb-4f8e-8ee4-2793f278edef req-89c82236-15eb-4f8e-8ee4-2793f278edef ] Request (ServersTestMultiNic:test_verify_duplicate_network_nics): 200 GET http://10.180.1.21/compute/v2.1/servers/582320f4-97f1-4d19-9148-d17b10d3088b 0.064s
2024-12-14 21:28:19.252 65694 INFO tempest.lib.common.rest_client [req-6bf740e7-46cb-4e03-8d47-bad527713a66 req-6bf740e7-46cb-4e03-8d47-bad527713a66 ] Request (FlavorsAdminTestJSON:tearDownClass): 204 DELETE http://10.180.1.21/identity/v3/projects/5ac33da4feae4259a74a760d039f633c 0.097s
2024-12-14 21:28:19.319 65710 INFO tempest.lib.common.rest_client [req-1ada6876-0d32-4c3b-ab77-db3e3b2d384b req-1ada6876-0d32-4c3b-ab77-db3e3b2d384b ] Request (ImagesOneServerNegativeTestJSON:_run_cleanups): 200 GET http://10.180.1.21/compute/v2.1/servers/2a3e8dcf-23dd-4f09-9126-e254ab8ef9de 0.064s
2024-12-14 21:28:19.326 65694 INFO tempest.lib.common.rest_client [req-3234a6b4-fa3b-4180-a6e0-91c2678e5cfe req-3234a6b4-fa3b-4180-a6e0-91c2678e5cfe ] Request (InstanceUsageAuditLogTestJSON:setUpClass): 201 POST http://10.180.1.21/identity/v3/auth/tokens 0.072s
2024-12-14 21:28:19.337 65708 INFO tempest.lib.common.rest_client [req-9015370c-1e1b-4151-a215-d5a72f66a1be req-9015370c-1e1b-4151-a215-d5a72f66a1be ] Request (ServerActionsTestOtherA:setUpClass): 200 GET http://10.180.1.21/compute/v2.1/servers/066f9ed3-95fb-4b34-9398-6937855f7e2d 0.116s
2024-12-14 21:28:19.378 65694 INFO tempest.lib.common.rest_client [req-94b3b5a7-4d32-4ddf-9767-fc6922cd05a4 req-94b3b5a7-4d32-4ddf-9767-fc6922cd05a4 ] Request (InstanceUsageAuditLogTestJSON:setUpClass): 201 POST http://10.180.1.21/identity/v3/auth/tokens 0.049s
2024-12-14 21:28:19.384 65704 INFO tempest.lib.common.rest_client [req-869192c6-3f95-4098-b14f-c13f37c5e1a9 req-869192c6-3f95-4098-b14f-c13f37c5e1a9 ] Request (ImagesTestJSON:test_create_server_from_snapshot): 200 GET http://10.180.1.21/compute/v2.1/servers/7d41facf-db33-485c-82f6-beeed6c3ee6c 0.081s
2024-12-14 21:28:19.396 65704 INFO tempest.common.waiters [-] State transition "BUILD/scheduling" ==> "BUILD/None" after 1 second wait
2024-12-14 21:28:19.409 65714 INFO tempest.lib.common.rest_client [req-d3dbfa1e-0a1e-45af-b0be-c8b310d1da32 req-d3dbfa1e-0a1e-45af-b0be-c8b310d1da32 ] Request (ServersTestManualDisk:tearDownClass): 200 GET http://10.180.1.21/compute/v2.1/servers/0660533d-43d0-4ef6-9c38-da3267000db9 0.104s
2024-12-14 21:28:19.416 65694 INFO tempest.lib.common.rest_client [req-b468c1ec-259e-46e4-8333-9cd460d26512 req-b468c1ec-259e-46e4-8333-9cd460d26512 ] Request (InstanceUsageAuditLogTestJSON:setUpClass): 200 GET http://10.180.1.21/identity/v3/domains?name=Default 0.038s
2024-12-14 21:28:19.442 65718 INFO tempest.lib.common.rest_client [req-823ee899-0073-480c-96f2-bbb98860f728 req-823ee899-0073-480c-96f2-bbb98860f728 ] Request (MultipleCreateTestJSON:_run_cleanups): 200 GET http://10.180.1.21/compute/v2.1/servers/539c1c0d-3f84-4552-9a8e-3d697f5867c0 0.063s
2024-12-14 21:28:19.444 65722 WARNING tempest.lib.common.ssh [-] Failed to establish authenticated ssh connection to cirros@10.180.180.188 ([Errno None] Unable to connect to port 22 on 10.180.180.188). Number attempts: 1. Retry after 2 seconds.: paramiko.ssh_exception.NoValidConnectionsError: [Errno None] Unable to connect to port 22 on 10.180.180.188
2024-12-14 21:28:19.444 65694 INFO tempest.lib.common.rest_client [req-57db663c-9685-4c38-aa52-a645cab7eb18 req-57db663c-9685-4c38-aa52-a645cab7eb18 ] Request (InstanceUsageAuditLogTestJSON:setUpClass): 201 POST http://10.180.1.21/identity/v3/projects 0.027s
2024-12-14 21:28:19.474 65742 INFO tempest.lib.common.rest_client [req-ad284bd1-74cc-4542-b4e9-c637a51fccbd req-ad284bd1-74cc-4542-b4e9-c637a51fccbd ] Request (ListImageFiltersTestJSON:tearDownClass): 200 GET http://10.180.1.21/compute/v2.1/servers/1959ec2b-4161-4820-b1f9-f8c3b8c3bf34 0.087s
2024-12-14 21:28:19.510 65694 INFO tempest.lib.common.rest_client [req-994d507b-7d76-416c-bf74-a33e90e820b2 req-994d507b-7d76-416c-bf74-a33e90e820b2 ] Request (InstanceUsageAuditLogTestJSON:setUpClass): 201 POST http://10.180.1.21/identity/v3/users 0.066s
2024-12-14 21:28:19.510 65732 INFO tempest.lib.common.rest_client [req-92197c33-226f-49f7-a58d-977c937c1d40 req-92197c33-226f-49f7-a58d-977c937c1d40 ] Request (ServersTestFqdnHostnames:test_create_server_with_fqdn_name): 200 GET http://10.180.1.21/compute/v2.1/servers/62d9831c-d811-4cc3-81d7-466bec129943 0.055s
2024-12-14 21:28:19.540 65754 INFO tempest.lib.common.rest_client [req-4c34de34-4171-4f9a-8342-7cce281fa84d req-4c34de34-4171-4f9a-8342-7cce281fa84d ] Request (ServersTestJSON:setUpClass): 201 POST http://10.180.1.21:9696/networking/v2.0/networks 0.560s
2024-12-14 21:28:19.550 65694 INFO tempest.lib.common.rest_client [req-c9236b30-378e-483d-838e-b17de96d86a3 req-c9236b30-378e-483d-838e-b17de96d86a3 ] Request (InstanceUsageAuditLogTestJSON:setUpClass): 200 GET http://10.180.1.21/identity/v3/roles 0.039s
2024-12-14 21:28:19.596 65728 INFO tempest.lib.common.rest_client [req-97f07476-651d-419b-ab32-d584861e7b1e req-97f07476-651d-419b-ab32-d584861e7b1e ] Request (InstanceActionsTestJSON:setUpClass): 201 POST http://10.180.1.21:9696/networking/v2.0/subnets 0.573s
2024-12-14 21:28:19.600 65694 INFO tempest.lib.common.rest_client [req-4f5c549a-2421-455e-bb60-2fe3a417aa5c req-4f5c549a-2421-455e-bb60-2fe3a417aa5c ] Request (InstanceUsageAuditLogTestJSON:setUpClass): 204 PUT http://10.180.1.21/identity/v3/projects/e85e2e0355274afcbc934e706feefa99/users/b6f4310983484c4eaa4ce3fff0cc1f3c/roles/f68f4bf8e01649ae964b6889872d97ca 0.050s
2024-12-14 21:28:19.600 65694 INFO tempest.lib.common.dynamic_creds [-] Dynamic test user b6f4310983484c4eaa4ce3fff0cc1f3c is created with scope project and roles: ['member']
2024-12-14 21:28:19.600 65694 INFO tempest.lib.common.dynamic_creds [-] Acquired dynamic creds: credentials: Credentials: {'domain_id': 'default', 'domain_name': 'Default', 'username': 'tempest-InstanceUsageAuditLogTestJSON-935635567-project-member', 'project_domain_id': 'default', 'project_domain_name': 'Default', 'project_id': 'e85e2e0355274afcbc934e706feefa99', 'project_name': 'tempest-InstanceUsageAuditLogTestJSON-935635567', 'tenant_id': 'e85e2e0355274afcbc934e706feefa99', 'tenant_name': 'tempest-InstanceUsageAuditLogTestJSON-935635567', 'user_domain_id': 'default', 'user_domain_name': 'Default', 'user_id': 'b6f4310983484c4eaa4ce3fff0cc1f3c', 'system': None}, Network: None, Subnet: None, Router: None
2024-12-14 21:28:19.601 65694 INFO tempest.lib.common.dynamic_creds [-] Created isolated network resources for: credentials: Credentials: {'domain_id': 'default', 'domain_name': 'Default', 'username': 'tempest-InstanceUsageAuditLogTestJSON-935635567-project-member', 'project_domain_id': 'default', 'project_domain_name': 'Default', 'project_id': 'e85e2e0355274afcbc934e706feefa99', 'project_name': 'tempest-InstanceUsageAuditLogTestJSON-935635567', 'tenant_id': 'e85e2e0355274afcbc934e706feefa99', 'tenant_name': 'tempest-InstanceUsageAuditLogTestJSON-935635567', 'user_domain_id': 'default', 'user_domain_name': 'Default', 'user_id': 'b6f4310983484c4eaa4ce3fff0cc1f3c', 'system': None}, Network: None, Subnet: None, Router: None
2024-12-14 21:28:19.653 65702 INFO tempest.lib.common.rest_client [req-c9295308-270c-488d-a1e4-c2ca6b951a03 req-c9295308-270c-488d-a1e4-c2ca6b951a03 ] Request (DeleteServersTestJSON:test_delete_active_server): 200 GET http://10.180.1.21/compute/v2.1/servers/8f759bca-97c5-4d8d-af06-e6e66dcb6e64 0.114s
2024-12-14 21:28:19.696 65694 INFO tempest.lib.common.rest_client [req-7295dab8-ddf4-40b0-b9bf-6fa085bd159f req-7295dab8-ddf4-40b0-b9bf-6fa085bd159f ] Request (InstanceUsageAuditLogTestJSON:setUpClass): 201 POST http://10.180.1.21/identity/v3/auth/tokens 0.092s
2024-12-14 21:28:19.733 65734 INFO tempest.lib.common.rest_client [req-c276609e-c861-4884-bc4b-e9466324526a req-c276609e-c861-4884-bc4b-e9466324526a ] Request (SecurityGroupsTestJSON:test_list_security_groups_by_server): 200 GET http://10.180.1.21/compute/v2.1/servers/62799a7e-a62f-460e-aa23-c9e83514a020 0.190s
2024-12-14 21:28:19.740 65716 INFO tempest.lib.common.rest_client [req-1c84172f-1d29-425e-8996-b9931289fde8 req-1c84172f-1d29-425e-8996-b9931289fde8 ] Request (InstanceActionsNegativeTestJSON:tearDownClass): 200 GET http://10.180.1.21/compute/v2.1/servers/d142cd4c-3572-4bbc-971e-9d4dd4c551be 0.136s
2024-12-14 21:28:19.786 65694 INFO tempest.lib.common.rest_client [req-c8f98b0e-3de7-43d9-a871-113a663f763e req-c8f98b0e-3de7-43d9-a871-113a663f763e ] Request (InstanceUsageAuditLogTestJSON:setUpClass): 201 POST http://10.180.1.21/identity/v3/projects 0.090s
2024-12-14 21:28:19.794 65726 INFO tempest.lib.common.rest_client [req-3def32ab-e6f5-41cc-a5f2-e9eb9afcea37 req-3def32ab-e6f5-41cc-a5f2-e9eb9afcea37 ] Request (AttachInterfacesTestJSON:_run_cleanups): 200 GET http://10.180.1.21/compute/v2.1/servers/d8aaa7e5-cc47-4b7d-9d54-3c54d550e6cd 0.135s
