2024-12-14 21:27:21.512 65696 INFO tempest.lib.common.rest_client [req-ac3bca01-40ab-467f-8093-2215b81b05cb req-ac3bca01-40ab-467f-8093-2215b81b05cb ] Request (DeleteServersAdminTestJSON:test_delete_server_while_in_error_state): 200 GET http://10.180.1.21/compute/v2.1/servers/dd96b62a-b50b-46aa-8dce-af6d87bc7f6c 0.757s
2024-12-14 21:27:21.615 65746 INFO tempest.lib.common.rest_client [req-31ac1660-6215-4696-a808-29c77ec099ec req-31ac1660-6215-4696-a808-29c77ec099ec ] Request (FloatingIPsAssociationTestJSON:tearDownClass): 204 DELETE http://10.180.1.21/compute/v2.1/servers/3f8868e3-39fe-46e8-8023-49ef66811c84 0.438s
2024-12-14 21:27:21.828 65702 INFO tempest.lib.common.rest_client [req-06ebf504-ab04-4859-8f63-dd804b0927c5 req-06ebf504-ab04-4859-8f63-dd804b0927c5 ] Request (DeleteServersTestJSON:test_delete_active_server): 200 GET http://10.180.1.21/compute/v2.1/servers/8f759bca-97c5-4d8d-af06-e6e66dcb6e64 0.569s
2024-12-14 21:27:21.877 65742 INFO tempest.lib.common.rest_client [req-922b5d18-62b4-4a41-a28c-2fbed28925c1 req-922b5d18-62b4-4a41-a28c-2fbed28925c1 ] Request (ListImageFiltersTestJSON:setUpClass): 200 GET http://10.180.1.21/compute/v2.1/images/c4e8b464-cabd-4c29-b2ab-1413b55b198f 0.585s
2024-12-14 21:27:21.941 65754 INFO tempest.lib.common.rest_client [req-fbd46c58-752b-468b-89e7-317657ff6392 req-fbd46c58-752b-468b-89e7-317657ff6392 ] Request (ServerRescueTestJSONUnderV235:setUpClass): 200 GET http://10.180.1.21/compute/v2.1/servers/0971d049-f5b5-44d0-982f-4bf351d245cb 0.768s
2024-12-14 21:27:21.993 65734 INFO tempest.lib.common.rest_client [req-c9553518-c4f2-46cb-81cd-b69fa049db5d req-c9553518-c4f2-46cb-81cd-b69fa049db5d ] Request (ImagesNegativeTestJSON:tearDownClass): 204 DELETE http://10.180.1.21:9696/networking/v2.0/routers/131add15-588c-45fb-9bae-589b0c58191f 0.555s
2024-12-14 21:27:22.012 65712 INFO tempest.lib.common.rest_client [req-c15f6499-7a6e-453d-8a77-6ca9669696a8 req-c15f6499-7a6e-453d-8a77-6ca9669696a8 ] Request (AttachInterfacesUnderV243Test:test_add_remove_fixed_ip): 200 GET http://10.180.1.21/compute/v2.1/servers/1b4c7281-63df-4c1b-8583-e3db858f0c64 0.632s
2024-12-14 21:27:22.026 65716 INFO tempest.lib.common.rest_client [req-253e5746-e61d-43ea-afad-a15cfaf383c4 req-253e5746-e61d-43ea-afad-a15cfaf383c4 ] Request (InstanceActionsNegativeTestJSON:setUpClass): 200 GET http://10.180.1.21/compute/v2.1/servers/d142cd4c-3572-4bbc-971e-9d4dd4c551be 0.553s
2024-12-14 21:27:22.095 65732 INFO tempest.lib.common.rest_client [req-08e1ca91-23a8-4b68-9057-3cb07f36d48b req-08e1ca91-23a8-4b68-9057-3cb07f36d48b ] Request (ImagesOneServerTestJSON:tearDownClass): 200 GET http://10.180.1.21/compute/v2.1/servers/e64fb81e-2e3e-4725-86d2-75d8c69a1c16 0.551s
2024-12-14 21:27:22.121 65746 INFO tempest.lib.common.rest_client [req-62eaeba2-fb6e-4b0a-92a6-1d4aa3a4aa96 req-62eaeba2-fb6e-4b0a-92a6-1d4aa3a4aa96 ] Request (FloatingIPsAssociationTestJSON:tearDownClass): 200 GET http://10.180.1.21/compute/v2.1/servers/3f8868e3-39fe-46e8-8023-49ef66811c84 0.506s
2024-12-14 21:27:22.186 65734 INFO tempest.lib.common.rest_client [req-ea5aa197-9abf-48de-bfdd-14b20badac0b req-ea5aa197-9abf-48de-bfdd-14b20badac0b ] Request (ImagesNegativeTestJSON:tearDownClass): 204 DELETE http://10.180.1.21:9696/networking/v2.0/subnets/c3244194-6957-4ddd-8625-0333a2d550c0 0.193s
2024-12-14 21:27:22.187 65694 INFO tempest.lib.common.rest_client [req-d56e3e36-cf69-45e1-b266-c32b00d0dbb4 req-d56e3e36-cf69-45e1-b266-c32b00d0dbb4 ] Request (VolumesAssistedSnapshotsTest:tearDownClass): 200 GET http://10.180.1.21/compute/v2.1/servers/9d85aac2-21be-4e8c-bcbb-76d01ad6c0c6 0.560s
2024-12-14 21:27:22.209 65706 INFO tempest.lib.common.rest_client [req-21e07ee1-cdbf-4357-9eab-cb1d344bfbf8 req-21e07ee1-cdbf-4357-9eab-cb1d344bfbf8 ] Request (ServersV294TestFqdnHostnames:tearDownClass): 200 GET http://10.180.1.21/compute/v2.1/servers/d1ef41d8-83c8-45da-b3e6-f4754d12869d 0.513s
2024-12-14 21:27:22.228 65714 WARNING tempest.lib.common.ssh [-] Failed to establish authenticated ssh connection to cirros@10.180.180.179 ([Errno None] Unable to connect to port 22 on 10.180.180.179). Number attempts: 1. Retry after 2 seconds.: paramiko.ssh_exception.NoValidConnectionsError: [Errno None] Unable to connect to port 22 on 10.180.180.179
2024-12-14 21:27:22.292 65718 INFO tempest.lib.common.rest_client [req-0e99b28a-4a47-4f44-8025-d6e7e01692e3 req-0e99b28a-4a47-4f44-8025-d6e7e01692e3 ] Request (MultipleCreateTestJSON:test_multiple_create): 200 GET http://10.180.1.21/compute/v2.1/servers/12b4c8e6-daef-4e3d-a238-abed54e1bc12 0.459s
2024-12-14 21:27:22.525 65720 INFO tempest.lib.common.rest_client [req-0402d5c1-184e-4be7-99fb-323cc7ae335b req-0402d5c1-184e-4be7-99fb-323cc7ae335b ] Request (MigrationsAdminTest:test_resize_server_revert_deleted_flavor): 200 GET http://10.180.1.21/compute/v2.1/servers/80e54a65-d1da-44d8-9c3a-de2bf54ae4bf 0.751s
2024-12-14 21:27:22.533 65720 INFO tempest.common.waiters [-] State transition "BUILD/networking" ==> "BUILD/spawning" after 73 second wait
2024-12-14 21:27:22.537 65698 INFO tempest.lib.common.rest_client [req-dcf5be73-9fe2-4f64-a659-b952e7618fee req-dcf5be73-9fe2-4f64-a659-b952e7618fee ] Request (ServersAdminNegativeTestJSON:test_migrate_server_invalid_state): 200 GET http://10.180.1.21/compute/v2.1/servers/0ec9dc4f-a2dd-4112-b8d0-c3c3c6ac82b9 0.496s
2024-12-14 21:27:22.605 65692 INFO tempest.lib.common.rest_client [req-bcb1a62e-053f-4d35-9fd3-a0e02805f591 req-bcb1a62e-053f-4d35-9fd3-a0e02805f591 ] Request (ListServerFiltersTestJSON:tearDownClass): 200 GET http://10.180.1.21/compute/v2.1/servers/ea708012-87f2-461a-9b9b-8d9fb47c4702 0.471s
2024-12-14 21:27:22.615 65738 INFO tempest.lib.common.rest_client [req-7dc08d3f-fc52-425a-828e-04af7c6c5c7a req-7dc08d3f-fc52-425a-828e-04af7c6c5c7a ] Request (ServerActionsTestOtherB:setUpClass): 200 GET http://10.180.1.21/compute/v2.1/servers/700b04cd-ed0c-420b-b725-e1dcf1970601 0.417s
2024-12-14 21:27:22.677 65700 INFO tempest.lib.common.rest_client [req-978b7108-303e-47a8-ab8b-3977955c88ec req-978b7108-303e-47a8-ab8b-3977955c88ec ] Request (ServersAdminTestJSON:test_inject_network_info): 200 GET http://10.180.1.21/compute/v2.1/servers/e7e70eea-a577-46b4-be71-4c92229b8c70 0.429s
2024-12-14 21:27:22.686 65750 INFO tempest.lib.common.rest_client [req-2bbb1610-6025-4016-8941-56cd91f42950 req-2bbb1610-6025-4016-8941-56cd91f42950 ] Request (ServersWithSpecificFlavorTestJSON:test_verify_created_server_ephemeral_disk): 200 GET http://10.180.1.21/compute/v2.1/servers/377d1f02-5d0a-49f8-881d-e6d9a1755a17 0.400s
2024-12-14 21:27:22.750 65710 INFO tempest.lib.common.rest_client [req-870a7f90-b661-4dee-868f-0c3ac60b8fda req-870a7f90-b661-4dee-868f-0c3ac60b8fda ] Request (ImagesOneServerNegativeTestJSON:setUpClass): 200 GET http://10.180.1.21/compute/v2.1/servers/2a3e8dcf-23dd-4f09-9126-e254ab8ef9de 0.423s
2024-12-14 21:27:22.763 65708 INFO tempest.lib.common.rest_client [req-ee43790b-7d53-4f4d-bf47-adfecb0beb02 req-ee43790b-7d53-4f4d-bf47-adfecb0beb02 ] Request (InstanceActionsV221TestJSON:test_get_list_deleted_instance_actions): 200 GET http://10.180.1.21/compute/v2.1/servers/677cdcbd-4a38-4f74-9a1d-44cf3d9f8dde 0.345s
2024-12-14 21:27:22.822 65704 INFO tempest.lib.common.rest_client [req-11bee3c5-cd9b-4cee-a26f-aeb24cd2bbc7 req-11bee3c5-cd9b-4cee-a26f-aeb24cd2bbc7 ] Request (ImagesTestJSON:test_create_image_from_suspended_server): 200 GET http://10.180.1.21/compute/v2.1/servers/91d4cb71-8a1c-43d0-8940-6fde1bd65466 0.331s
2024-12-14 21:27:22.841 65696 INFO tempest.lib.common.rest_client [req-e23a66a5-ed17-4a75-8911-d8bddd7a9e34 req-e23a66a5-ed17-4a75-8911-d8bddd7a9e34 ] Request (DeleteServersAdminTestJSON:test_delete_server_while_in_error_state): 200 GET http://10.180.1.21/compute/v2.1/servers/dd96b62a-b50b-46aa-8dce-af6d87bc7f6c 0.321s
2024-12-14 21:27:22.848 65734 INFO tempest.lib.common.rest_client [req-a8c5ac8b-7dae-4916-b117-1d930dff3390 req-a8c5ac8b-7dae-4916-b117-1d930dff3390 ] Request (ImagesNegativeTestJSON:tearDownClass): 204 DELETE http://10.180.1.21:9696/networking/v2.0/networks/b0221e90-1f0f-40c5-86f8-d6cf98b2fcb3 0.661s
2024-12-14 21:27:22.899 65702 INFO tempest.lib.common.rest_client [req-e7e14966-2a78-495b-bb96-dc3b1f314bed req-e7e14966-2a78-495b-bb96-dc3b1f314bed ] Request (DeleteServersTestJSON:test_delete_active_server): 200 GET http://10.180.1.21/compute/v2.1/servers/8f759bca-97c5-4d8d-af06-e6e66dcb6e64 0.057s
2024-12-14 21:27:22.918 65742 INFO tempest.lib.common.rest_client [req-b3c701f5-b5b5-44dc-a0e7-d971294f0216 req-b3c701f5-b5b5-44dc-a0e7-d971294f0216 ] Request (ListImageFiltersTestJSON:setUpClass): 200 GET http://10.180.1.21/compute/v2.1/images/c4e8b464-cabd-4c29-b2ab-1413b55b198f 0.035s
2024-12-14 21:27:22.951 65734 INFO tempest.lib.common.rest_client [req-048f93b3-f56f-4649-b778-ea608615d3d5 req-048f93b3-f56f-4649-b778-ea608615d3d5 ] Request (ImagesNegativeTestJSON:tearDownClass): 204 DELETE http://10.180.1.21/identity/v3/users/74302f0c4a754c66b892ff626e628447 0.102s
2024-12-14 21:27:22.951 65734 INFO tempest.lib.common.dynamic_creds [-] Deleting project and security group for project: e8e3e331ac0e49f9a96b3faff734d673
2024-12-14 21:27:22.956 65742 INFO tempest.lib.common.rest_client [req-266a7cb1-40d2-4ccc-af94-313b88af2d24 req-266a7cb1-40d2-4ccc-af94-313b88af2d24 ] Request (ListImageFiltersTestJSON:setUpClass): 200 GET http://10.180.1.21/compute/v2.1/images/c4e8b464-cabd-4c29-b2ab-1413b55b198f 0.034s
2024-12-14 21:27:22.983 65734 INFO tempest.lib.common.rest_client [req-77702b43-5f85-451d-955c-883eb721d924 req-77702b43-5f85-451d-955c-883eb721d924 ] Request (ImagesNegativeTestJSON:tearDownClass): 200 GET http://10.180.1.21:9696/networking/v2.0/security-groups?tenant_id=e8e3e331ac0e49f9a96b3faff734d673&name=default 0.031s
2024-12-14 21:27:23.060 65734 INFO tempest.lib.common.rest_client [req-4d1e0c92-2f26-4a2d-807b-0721f8745fec req-4d1e0c92-2f26-4a2d-807b-0721f8745fec ] Request (ImagesNegativeTestJSON:tearDownClass): 204 DELETE http://10.180.1.21:9696/networking/v2.0/security-groups/ed750e75-b2d3-4743-ae08-9d949b669c44 0.077s
2024-12-14 21:27:23.084 65754 INFO tempest.lib.common.rest_client [req-c7b08ad5-d2ec-435d-aafd-946d38de9036 req-c7b08ad5-d2ec-435d-aafd-946d38de9036 ] Request (ServerRescueTestJSONUnderV235:setUpClass): 200 GET http://10.180.1.21/compute/v2.1/servers/0971d049-f5b5-44d0-982f-4bf351d245cb 0.135s
2024-12-14 21:27:23.087 65742 INFO tempest.lib.common.rest_client [req-e7af80a2-9ec2-4460-86d2-4b973ebe7a38 req-e7af80a2-9ec2-4460-86d2-4b973ebe7a38 ] Request (ListImageFiltersTestJSON:setUpClass): 200 GET http://10.180.1.21/compute/v2.1/servers/10f6378b-bf30-49aa-8205-f31acffb0f4d 0.129s
2024-12-14 21:27:23.140 65712 INFO tempest.lib.common.rest_client [req-8c06308e-3cee-4169-8e36-79fd92306dde req-8c06308e-3cee-4169-8e36-79fd92306dde ] Request (AttachInterfacesUnderV243Test:test_add_remove_fixed_ip): 200 GET http://10.180.1.21/compute/v2.1/servers/1b4c7281-63df-4c1b-8583-e3db858f0c64 0.118s
2024-12-14 21:27:23.145 65716 INFO tempest.lib.common.rest_client [req-1787b8ae-d765-4af2-8957-156b1fca3827 req-1787b8ae-d765-4af2-8957-156b1fca3827 ] Request (InstanceActionsNegativeTestJSON:setUpClass): 200 GET http://10.180.1.21/compute/v2.1/servers/d142cd4c-3572-4bbc-971e-9d4dd4c551be 0.112s
2024-12-14 21:27:23.164 65734 INFO tempest.lib.common.rest_client [req-58c473af-9afa-4bd8-96e9-c300b2060ea3 req-58c473af-9afa-4bd8-96e9-c300b2060ea3 ] Request (ImagesNegativeTestJSON:tearDownClass): 204 DELETE http://10.180.1.21/identity/v3/projects/e8e3e331ac0e49f9a96b3faff734d673 0.104s
2024-12-14 21:27:23.205 65732 INFO tempest.lib.common.rest_client [req-17e12734-7a08-4cc1-9b19-95fcc2e314fc req-17e12734-7a08-4cc1-9b19-95fcc2e314fc ] Request (ImagesOneServerTestJSON:tearDownClass): 200 GET http://10.180.1.21/compute/v2.1/servers/e64fb81e-2e3e-4725-86d2-75d8c69a1c16 0.097s
2024-12-14 21:27:23.212 65746 INFO tempest.lib.common.rest_client [req-39c6b786-8525-4606-a715-3e4643183e0b req-39c6b786-8525-4606-a715-3e4643183e0b ] Request (FloatingIPsAssociationTestJSON:tearDownClass): 200 GET http://10.180.1.21/compute/v2.1/servers/3f8868e3-39fe-46e8-8023-49ef66811c84 0.083s
2024-12-14 21:27:23.229 65734 INFO tempest.lib.common.rest_client [req-cfddb8ba-ffe7-4c28-8bb7-b13913c349b9 req-cfddb8ba-ffe7-4c28-8bb7-b13913c349b9 ] Request (SecurityGroupsTestJSON:setUpClass): 201 POST http://10.180.1.21/identity/v3/auth/tokens 0.062s
2024-12-14 21:27:23.260 65734 INFO tempest.lib.common.rest_client [req-7aa88630-e6c6-4aee-9416-eb3afdb3a0e0 req-7aa88630-e6c6-4aee-9416-eb3afdb3a0e0 ] Request (SecurityGroupsTestJSON:setUpClass): 201 POST http://10.180.1.21/identity/v3/auth/tokens 0.028s
2024-12-14 21:27:23.267 65694 INFO tempest.lib.common.rest_client [req-3f0ccb7d-486f-41c8-a425-cf15feafd7c9 req-3f0ccb7d-486f-41c8-a425-cf15feafd7c9 ] Request (VolumesAssistedSnapshotsTest:tearDownClass): 200 GET http://10.180.1.21/compute/v2.1/servers/9d85aac2-21be-4e8c-bcbb-76d01ad6c0c6 0.070s
2024-12-14 21:27:23.284 65734 INFO tempest.lib.common.rest_client [req-dc2829d3-e81a-4b1e-9b6a-b29b612ce4a1 req-dc2829d3-e81a-4b1e-9b6a-b29b612ce4a1 ] Request (SecurityGroupsTestJSON:setUpClass): 200 GET http://10.180.1.21/identity/v3/domains?name=Default 0.024s
2024-12-14 21:27:23.286 65706 INFO tempest.lib.common.rest_client [req-5d97d6e0-fb53-4e28-b2b0-30fcd81b8d9a req-5d97d6e0-fb53-4e28-b2b0-30fcd81b8d9a ] Request (ServersV294TestFqdnHostnames:tearDownClass): 200 GET http://10.180.1.21/compute/v2.1/servers/d1ef41d8-83c8-45da-b3e6-f4754d12869d 0.066s
2024-12-14 21:27:23.318 65734 INFO tempest.lib.common.rest_client [req-05d87d60-9fd0-41c2-bcbd-0bfe2f3842bb req-05d87d60-9fd0-41c2-bcbd-0bfe2f3842bb ] Request (SecurityGroupsTestJSON:setUpClass): 201 POST http://10.180.1.21/identity/v3/projects 0.033s
2024-12-14 21:27:23.353 65718 INFO tempest.lib.common.rest_client [req-431dc404-ba1f-4ed6-b888-005560af04a7 req-431dc404-ba1f-4ed6-b888-005560af04a7 ] Request (MultipleCreateTestJSON:test_multiple_create): 200 GET http://10.180.1.21/compute/v2.1/servers/12b4c8e6-daef-4e3d-a238-abed54e1bc12 0.053s
2024-12-14 21:27:23.378 65734 INFO tempest.lib.common.rest_client [req-09bb3f8e-a418-46d0-9455-00da3f112e50 req-09bb3f8e-a418-46d0-9455-00da3f112e50 ] Request (SecurityGroupsTestJSON:setUpClass): 201 POST http://10.180.1.21/identity/v3/users 0.059s
2024-12-14 21:27:23.397 65734 INFO tempest.lib.common.rest_client [req-f926095b-0ea3-47ee-911a-26d50ae3fe38 req-f926095b-0ea3-47ee-911a-26d50ae3fe38 ] Request (SecurityGroupsTestJSON:setUpClass): 200 GET http://10.180.1.21/identity/v3/roles 0.019s
2024-12-14 21:27:23.421 65734 INFO tempest.lib.common.rest_client [req-54416ca8-a7cc-46ef-808c-de77d38fd0dd req-54416ca8-a7cc-46ef-808c-de77d38fd0dd ] Request (SecurityGroupsTestJSON:setUpClass): 204 PUT http://10.180.1.21/identity/v3/projects/98c370a62cd443a88081a61aa8b9f4af/users/f648d9808cc7431aaa532145b9a67c2c/roles/f68f4bf8e01649ae964b6889872d97ca 0.023s
2024-12-14 21:27:23.421 65734 INFO tempest.lib.common.dynamic_creds [-] Dynamic test user f648d9808cc7431aaa532145b9a67c2c is created with scope project and roles: ['member']
2024-12-14 21:27:23.421 65734 INFO tempest.lib.common.dynamic_creds [-] Acquired dynamic creds: credentials: Credentials: {'domain_id': 'default', 'domain_name': 'Default', 'username': 'tempest-SecurityGroupsTestJSON-520327991-project-member', 'project_domain_id': 'default', 'project_domain_name': 'Default', 'project_id': '98c370a62cd443a88081a61aa8b9f4af', 'project_name': 'tempest-SecurityGroupsTestJSON-520327991', 'tenant_id': '98c370a62cd443a88081a61aa8b9f4af', 'tenant_name': 'tempest-SecurityGroupsTestJSON-520327991', 'user_domain_id': 'default', 'user_domain_name': 'Default', 'user_id': 'f648d9808cc7431aaa532145b9a67c2c', 'system': None}, Network: None, Subnet: None, Router: None
2024-12-14 21:27:23.473 65734 INFO tempest.lib.common.rest_client [req-1f41aada-4378-4f2d-9493-39c61534f012 req-1f41aada-4378-4f2d-9493-39c61534f012 ] Request (SecurityGroupsTestJSON:setUpClass): 201 POST http://10.180.1.21/identity/v3/auth/tokens 0.051s
2024-12-14 21:27:23.662 65698 INFO tempest.lib.common.rest_client [req-42f37d62-8e15-4fa3-9ff4-c0d0c949ee3c req-42f37d62-8e15-4fa3-9ff4-c0d0c949ee3c ] Request (ServersAdminNegativeTestJSON:test_migrate_server_invalid_state): 200 GET http://10.180.1.21/compute/v2.1/servers/0ec9dc4f-a2dd-4112-b8d0-c3c3c6ac82b9 0.117s
2024-12-14 21:27:23.668 65698 INFO tempest.common.waiters [-] State transition "BUILD/spawning" ==> "ACTIVE/None" after 80 second wait
2024-12-14 21:27:23.682 65720 INFO tempest.lib.common.rest_client [req-bb330fbb-c447-4e02-a797-717252f2dfa5 req-bb330fbb-c447-4e02-a797-717252f2dfa5 ] Request (MigrationsAdminTest:test_resize_server_revert_deleted_flavor): 200 GET http://10.180.1.21/compute/v2.1/servers/80e54a65-d1da-44d8-9c3a-de2bf54ae4bf 0.148s
2024-12-14 21:27:23.738 65692 INFO tempest.lib.common.rest_client [req-be8b5878-2931-4d13-b61b-64e940b1d9f1 req-be8b5878-2931-4d13-b61b-64e940b1d9f1 ] Request (ListServerFiltersTestJSON:tearDownClass): 200 GET http://10.180.1.21/compute/v2.1/servers/ea708012-87f2-461a-9b9b-8d9fb47c4702 0.125s
2024-12-14 21:27:23.741 65738 INFO tempest.lib.common.rest_client [req-96f6d6b4-7a27-48f4-82c0-45b9e6357230 req-96f6d6b4-7a27-48f4-82c0-45b9e6357230 ] Request (ServerActionsTestOtherB:setUpClass): 200 GET http://10.180.1.21/compute/v2.1/servers/700b04cd-ed0c-420b-b725-e1dcf1970601 0.116s
2024-12-14 21:27:23.747 65738 INFO tempest.common.waiters [-] State transition "BUILD/None" ==> "BUILD/networking" after 71 second wait
2024-12-14 21:27:23.827 65700 INFO tempest.lib.common.rest_client [req-155dba64-83d1-49ee-85a4-71201a2fd732 req-155dba64-83d1-49ee-85a4-71201a2fd732 ] Request (ServersAdminTestJSON:test_inject_network_info): 200 GET http://10.180.1.21/compute/v2.1/servers/e7e70eea-a577-46b4-be71-4c92229b8c70 0.139s
2024-12-14 21:27:23.847 65734 INFO tempest.lib.common.rest_client [req-99b4e277-4cc8-4673-aa7f-5ab19331de58 req-99b4e277-4cc8-4673-aa7f-5ab19331de58 ] Request (SecurityGroupsTestJSON:setUpClass): 201 POST http://10.180.1.21:9696/networking/v2.0/networks 0.374s
2024-12-14 21:27:23.868 65698 INFO tempest.lib.common.rest_client [req-569bd8bf-87c0-4306-9395-ed8093744509 req-569bd8bf-87c0-4306-9395-ed8093744509 ] Request (ServersAdminNegativeTestJSON:test_migrate_server_invalid_state): 202 POST http://10.180.1.21/compute/v2.1/servers/0ec9dc4f-a2dd-4112-b8d0-c3c3c6ac82b9/action 0.200s
2024-12-14 21:27:23.928 65750 INFO tempest.lib.common.rest_client [req-2fbe66f0-d1cf-44ee-90dc-587ded8536b0 req-2fbe66f0-d1cf-44ee-90dc-587ded8536b0 ] Request (ServersWithSpecificFlavorTestJSON:test_verify_created_server_ephemeral_disk): 200 GET http://10.180.1.21/compute/v2.1/servers/377d1f02-5d0a-49f8-881d-e6d9a1755a17 0.234s
2024-12-14 21:27:23.930 65710 INFO tempest.lib.common.rest_client [req-b7ec4039-bd5f-4b3e-bb81-058351076c98 req-b7ec4039-bd5f-4b3e-bb81-058351076c98 ] Request (ImagesOneServerNegativeTestJSON:setUpClass): 200 GET http://10.180.1.21/compute/v2.1/servers/2a3e8dcf-23dd-4f09-9126-e254ab8ef9de 0.172s
2024-12-14 21:27:23.999 65704 INFO tempest.lib.common.rest_client [req-70d535c7-285a-4085-899b-b29624c1ea78 req-70d535c7-285a-4085-899b-b29624c1ea78 ] Request (ImagesTestJSON:test_create_image_from_suspended_server): 200 GET http://10.180.1.21/compute/v2.1/servers/91d4cb71-8a1c-43d0-8940-6fde1bd65466 0.165s
2024-12-14 21:27:24.010 65708 INFO tempest.lib.common.rest_client [req-3cf41dff-6899-45a0-91ec-0dd0e0ac1528 req-3cf41dff-6899-45a0-91ec-0dd0e0ac1528 ] Request (InstanceActionsV221TestJSON:test_get_list_deleted_instance_actions): 200 GET http://10.180.1.21/compute/v2.1/servers/677cdcbd-4a38-4f74-9a1d-44cf3d9f8dde 0.236s
2024-12-14 21:27:24.056 65696 INFO tempest.lib.common.rest_client [req-f41a3012-84d2-4f72-8149-1324a2caa52f req-f41a3012-84d2-4f72-8149-1324a2caa52f ] Request (DeleteServersAdminTestJSON:test_delete_server_while_in_error_state): 200 GET http://10.180.1.21/compute/v2.1/servers/dd96b62a-b50b-46aa-8dce-af6d87bc7f6c 0.207s
2024-12-14 21:27:24.068 65696 INFO tempest.common.waiters [-] State transition "ERROR/deleting" ==> "DELETED/None" after 5 second wait
2024-12-14 21:27:24.111 65702 INFO tempest.lib.common.rest_client [req-fe5ad596-84db-47be-a1c2-0b885f06dec2 req-fe5ad596-84db-47be-a1c2-0b885f06dec2 ] Request (DeleteServersTestJSON:test_delete_active_server): 200 GET http://10.180.1.21/compute/v2.1/servers/8f759bca-97c5-4d8d-af06-e6e66dcb6e64 0.205s
2024-12-14 21:27:24.150 65734 INFO tempest.lib.common.rest_client [req-47aa676c-69ca-4204-8842-ffde9877edff req-47aa676c-69ca-4204-8842-ffde9877edff ] Request (SecurityGroupsTestJSON:setUpClass): 201 POST http://10.180.1.21:9696/networking/v2.0/subnets 0.302s
2024-12-14 21:27:24.212 65728 WARNING tempest.lib.common.ssh [-] Failed to establish authenticated ssh connection to cirros@10.180.180.186 ([Errno None] Unable to connect to port 22 on 10.180.180.186). Number attempts: 10. Retry after 11 seconds.: paramiko.ssh_exception.NoValidConnectionsError: [Errno None] Unable to connect to port 22 on 10.180.180.186
2024-12-14 21:27:24.306 65754 INFO tempest.lib.common.rest_client [req-dca6dccb-8387-4793-bb39-22ef520cebfa req-dca6dccb-8387-4793-bb39-22ef520cebfa ] Request (ServerRescueTestJSONUnderV235:setUpClass): 200 GET http://10.180.1.21/compute/v2.1/servers/0971d049-f5b5-44d0-982f-4bf351d245cb 0.214s
2024-12-14 21:27:24.334 65698 INFO tempest.lib.common.rest_client [req-85f7ebf9-0c0a-4b7e-9e5d-5fd822472a76 req-85f7ebf9-0c0a-4b7e-9e5d-5fd822472a76 ] Request (ServersAdminNegativeTestJSON:test_migrate_server_invalid_state): 200 GET http://10.180.1.21/compute/v2.1/servers/0ec9dc4f-a2dd-4112-b8d0-c3c3c6ac82b9 0.465s
2024-12-14 21:27:24.398 65712 INFO tempest.lib.common.rest_client [req-087429e4-ef37-4197-b862-ea8acc8a47f2 req-087429e4-ef37-4197-b862-ea8acc8a47f2 ] Request (AttachInterfacesUnderV243Test:test_add_remove_fixed_ip): 200 GET http://10.180.1.21/compute/v2.1/servers/1b4c7281-63df-4c1b-8583-e3db858f0c64 0.251s
2024-12-14 21:27:24.425 65742 INFO tempest.lib.common.rest_client [req-db79bf96-e1c2-4b91-b4cc-6b9db5cd981b req-db79bf96-e1c2-4b91-b4cc-6b9db5cd981b ] Request (ListImageFiltersTestJSON:setUpClass): 200 GET http://10.180.1.21/compute/v2.1/servers/10f6378b-bf30-49aa-8205-f31acffb0f4d 0.331s
2024-12-14 21:27:24.433 65742 INFO tempest.common.waiters [-] State transition "ACTIVE/image_uploading" ==> "ACTIVE/None" after 1 second wait
2024-12-14 21:27:24.448 65716 INFO tempest.lib.common.rest_client [req-3e97ce91-f62f-42bb-af82-0334a19581ea req-3e97ce91-f62f-42bb-af82-0334a19581ea ] Request (InstanceActionsNegativeTestJSON:setUpClass): 200 GET http://10.180.1.21/compute/v2.1/servers/d142cd4c-3572-4bbc-971e-9d4dd4c551be 0.295s
2024-12-14 21:27:24.492 65732 INFO tempest.lib.common.rest_client [req-8e12a830-6d40-45d0-87a1-52b231545e96 req-8e12a830-6d40-45d0-87a1-52b231545e96 ] Request (ImagesOneServerTestJSON:tearDownClass): 200 GET http://10.180.1.21/compute/v2.1/servers/e64fb81e-2e3e-4725-86d2-75d8c69a1c16 0.279s
2024-12-14 21:27:24.508 65746 INFO tempest.lib.common.rest_client [req-e4bbd164-029e-470c-86b5-713490b0746a req-e4bbd164-029e-470c-86b5-713490b0746a ] Request (FloatingIPsAssociationTestJSON:tearDownClass): 200 GET http://10.180.1.21/compute/v2.1/servers/3f8868e3-39fe-46e8-8023-49ef66811c84 0.289s
2024-12-14 21:27:24.565 65694 INFO tempest.lib.common.rest_client [req-d30a33cf-ecbd-4126-97fd-9f6e17445a55 req-d30a33cf-ecbd-4126-97fd-9f6e17445a55 ] Request (VolumesAssistedSnapshotsTest:tearDownClass): 200 GET http://10.180.1.21/compute/v2.1/servers/9d85aac2-21be-4e8c-bcbb-76d01ad6c0c6 0.291s
2024-12-14 21:27:24.585 65706 INFO tempest.lib.common.rest_client [req-2c1999b6-b64b-4c45-9ac2-3c010aebd0ec req-2c1999b6-b64b-4c45-9ac2-3c010aebd0ec ] Request (ServersV294TestFqdnHostnames:tearDownClass): 200 GET http://10.180.1.21/compute/v2.1/servers/d1ef41d8-83c8-45da-b3e6-f4754d12869d 0.288s
2024-12-14 21:27:24.626 65718 INFO tempest.lib.common.rest_client [req-33833789-d3ce-405a-826a-4b09db408216 req-33833789-d3ce-405a-826a-4b09db408216 ] Request (MultipleCreateTestJSON:test_multiple_create): 200 GET http://10.180.1.21/compute/v2.1/servers/12b4c8e6-daef-4e3d-a238-abed54e1bc12 0.266s
2024-12-14 21:27:24.812 65720 INFO tempest.lib.common.rest_client [req-0154bfe1-0a10-491f-bf6d-bf29e7559afe req-0154bfe1-0a10-491f-bf6d-bf29e7559afe ] Request (MigrationsAdminTest:test_resize_server_revert_deleted_flavor): 200 GET http://10.180.1.21/compute/v2.1/servers/80e54a65-d1da-44d8-9c3a-de2bf54ae4bf 0.118s
2024-12-14 21:27:24.978 65738 INFO tempest.lib.common.rest_client [req-a6a94aac-5385-4335-9e3e-0965df1cac78 req-a6a94aac-5385-4335-9e3e-0965df1cac78 ] Request (ServerActionsTestOtherB:setUpClass): 200 GET http://10.180.1.21/compute/v2.1/servers/700b04cd-ed0c-420b-b725-e1dcf1970601 0.229s
2024-12-14 21:27:24.985 65738 INFO tempest.common.waiters [-] State transition "BUILD/networking" ==> "BUILD/spawning" after 72 second wait
2024-12-14 21:27:25.044 65692 INFO tempest.lib.common.rest_client [req-61eb5ff7-dfd0-49e7-8fa8-64f4fcd839c9 req-61eb5ff7-dfd0-49e7-8fa8-64f4fcd839c9 ] Request (ListServerFiltersTestJSON:tearDownClass): 200 GET http://10.180.1.21/compute/v2.1/servers/ea708012-87f2-461a-9b9b-8d9fb47c4702 0.294s
2024-12-14 21:27:25.055 65742 INFO tempest.lib.common.rest_client [req-5a7ef27a-a24f-4dd4-a4d0-eb54b105a148 req-5a7ef27a-a24f-4dd4-a4d0-eb54b105a148 ] Request (ListImageFiltersTestJSON:setUpClass): 202 POST http://10.180.1.21/compute/v2.1/servers/1959ec2b-4161-4820-b1f9-f8c3b8c3bf34/action 0.622s
2024-12-14 21:27:25.098 65700 INFO tempest.lib.common.rest_client [req-40b1eb95-9d3b-4030-90f1-7b00675abfad req-40b1eb95-9d3b-4030-90f1-7b00675abfad ] Request (ServersAdminTestJSON:test_inject_network_info): 200 GET http://10.180.1.21/compute/v2.1/servers/e7e70eea-a577-46b4-be71-4c92229b8c70 0.262s
2024-12-14 21:27:25.105 65700 INFO tempest.common.waiters [-] State transition "BUILD/scheduling" ==> "BUILD/None" after 25 second wait
2024-12-14 21:27:25.113 65750 INFO tempest.lib.common.rest_client [req-f80e4015-819c-45d7-b39c-635a1c4b129c req-f80e4015-819c-45d7-b39c-635a1c4b129c ] Request (ServersWithSpecificFlavorTestJSON:test_verify_created_server_ephemeral_disk): 200 GET http://10.180.1.21/compute/v2.1/servers/377d1f02-5d0a-49f8-881d-e6d9a1755a17 0.177s
2024-12-14 21:27:25.150 65710 INFO tempest.lib.common.rest_client [req-d6eeb351-ffe5-4a0e-af66-a948a55ebc7a req-d6eeb351-ffe5-4a0e-af66-a948a55ebc7a ] Request (ImagesOneServerNegativeTestJSON:setUpClass): 200 GET http://10.180.1.21/compute/v2.1/servers/2a3e8dcf-23dd-4f09-9126-e254ab8ef9de 0.210s
2024-12-14 21:27:25.175 65704 INFO tempest.lib.common.rest_client [req-9c42af7b-15ab-4671-b94d-61caa3837ec5 req-9c42af7b-15ab-4671-b94d-61caa3837ec5 ] Request (ImagesTestJSON:test_create_image_from_suspended_server): 200 GET http://10.180.1.21/compute/v2.1/servers/91d4cb71-8a1c-43d0-8940-6fde1bd65466 0.163s
2024-12-14 21:27:25.176 65734 INFO tempest.lib.common.rest_client [req-31d9fc2b-e9d7-4e67-9232-732b7061ed0b req-31d9fc2b-e9d7-4e67-9232-732b7061ed0b ] Request (SecurityGroupsTestJSON:setUpClass): 201 POST http://10.180.1.21:9696/networking/v2.0/routers 1.025s
2024-12-14 21:27:25.208 65742 INFO tempest.lib.common.rest_client [req-532db352-3c0a-40dc-8ae1-215f137e879f req-532db352-3c0a-40dc-8ae1-215f137e879f ] Request (ListImageFiltersTestJSON:setUpClass): 200 GET http://10.180.1.21/compute/v2.1/images/4a427cc2-cadc-48ce-9c0c-9a5474860611 0.148s
2024-12-14 21:27:25.216 65708 INFO tempest.lib.common.rest_client [req-6f044738-d003-4357-8a9b-66ce59c1c396 req-6f044738-d003-4357-8a9b-66ce59c1c396 ] Request (InstanceActionsV221TestJSON:test_get_list_deleted_instance_actions): 200 GET http://10.180.1.21/compute/v2.1/servers/677cdcbd-4a38-4f74-9a1d-44cf3d9f8dde 0.197s
2024-12-14 21:27:25.268 65696 INFO tempest.lib.common.rest_client [req-046d1f36-6798-4c22-95be-502224e99482 req-046d1f36-6798-4c22-95be-502224e99482 ] Request (DeleteServersAdminTestJSON:test_delete_server_while_in_error_state): 200 GET http://10.180.1.21/compute/v2.1/servers/dd96b62a-b50b-46aa-8dce-af6d87bc7f6c 0.200s
2024-12-14 21:27:25.283 65702 INFO tempest.lib.common.rest_client [req-8b433ebc-45db-4209-8099-c784f4928cee req-8b433ebc-45db-4209-8099-c784f4928cee ] Request (DeleteServersTestJSON:test_delete_active_server): 200 GET http://10.180.1.21/compute/v2.1/servers/8f759bca-97c5-4d8d-af06-e6e66dcb6e64 0.162s
2024-12-14 21:27:25.299 65714 WARNING tempest.lib.common.ssh [-] Failed to establish authenticated ssh connection to cirros@10.180.180.179 ([Errno None] Unable to connect to port 22 on 10.180.180.179). Number attempts: 2. Retry after 3 seconds.: paramiko.ssh_exception.NoValidConnectionsError: [Errno None] Unable to connect to port 22 on 10.180.180.179
2024-12-14 21:27:25.489 65698 INFO tempest.lib.common.rest_client [req-2f16a76f-9e7e-4ad2-8907-7e1e672769bb req-2f16a76f-9e7e-4ad2-8907-7e1e672769bb ] Request (ServersAdminNegativeTestJSON:test_migrate_server_invalid_state): 200 GET http://10.180.1.21/compute/v2.1/servers/0ec9dc4f-a2dd-4112-b8d0-c3c3c6ac82b9 0.148s
2024-12-14 21:27:25.549 65712 INFO tempest.lib.common.rest_client [req-e4bf804c-b6ea-4058-ae32-23072717fa73 req-e4bf804c-b6ea-4058-ae32-23072717fa73 ] Request (AttachInterfacesUnderV243Test:test_add_remove_fixed_ip): 200 GET http://10.180.1.21/compute/v2.1/servers/1b4c7281-63df-4c1b-8583-e3db858f0c64 0.140s
2024-12-14 21:27:25.575 65754 INFO tempest.lib.common.rest_client [req-ba9d4e1a-d06c-4c6f-be3a-9cdd70ac9f7e req-ba9d4e1a-d06c-4c6f-be3a-9cdd70ac9f7e ] Request (ServerRescueTestJSONUnderV235:setUpClass): 200 GET http://10.180.1.21/compute/v2.1/servers/0971d049-f5b5-44d0-982f-4bf351d245cb 0.258s
2024-12-14 21:27:25.587 65754 INFO tempest.common.waiters [-] State transition "BUILD/spawning" ==> "ACTIVE/None" after 76 second wait
2024-12-14 21:27:25.606 65716 INFO tempest.lib.common.rest_client [req-5c969b19-03fd-48de-a158-9793238434e4 req-5c969b19-03fd-48de-a158-9793238434e4 ] Request (InstanceActionsNegativeTestJSON:setUpClass): 200 GET http://10.180.1.21/compute/v2.1/servers/d142cd4c-3572-4bbc-971e-9d4dd4c551be 0.150s
2024-12-14 21:27:25.651 65732 INFO tempest.lib.common.rest_client [req-63265792-583c-4ce3-8cc7-e61b555a6b44 req-63265792-583c-4ce3-8cc7-e61b555a6b44 ] Request (ImagesOneServerTestJSON:tearDownClass): 200 GET http://10.180.1.21/compute/v2.1/servers/e64fb81e-2e3e-4725-86d2-75d8c69a1c16 0.152s
2024-12-14 21:27:25.659 65746 INFO tempest.lib.common.rest_client [req-30eff247-1e30-4008-b0b0-525c1e44292f req-30eff247-1e30-4008-b0b0-525c1e44292f ] Request (FloatingIPsAssociationTestJSON:tearDownClass): 200 GET http://10.180.1.21/compute/v2.1/servers/3f8868e3-39fe-46e8-8023-49ef66811c84 0.144s
2024-12-14 21:27:25.683 65730 WARNING tempest.lib.common.ssh [-] Failed to establish authenticated ssh connection to cirros@10.180.180.213 ([Errno None] Unable to connect to port 22 on 10.180.180.213). Number attempts: 7. Retry after 8 seconds.: paramiko.ssh_exception.NoValidConnectionsError: [Errno None] Unable to connect to port 22 on 10.180.180.213
2024-12-14 21:27:25.712 65694 INFO tempest.lib.common.rest_client [req-ece669c9-f83a-41e6-9115-b1003ef848ab req-ece669c9-f83a-41e6-9115-b1003ef848ab ] Request (VolumesAssistedSnapshotsTest:tearDownClass): 200 GET http://10.180.1.21/compute/v2.1/servers/9d85aac2-21be-4e8c-bcbb-76d01ad6c0c6 0.135s
2024-12-14 21:27:25.753 65754 INFO tempest.lib.common.rest_client [req-23d1f707-ca4f-4cee-9eac-956cd4365e24 req-23d1f707-ca4f-4cee-9eac-956cd4365e24 ] Request (ServerRescueTestJSONUnderV235:setUpClass): 200 POST http://10.180.1.21/compute/v2.1/servers/0971d049-f5b5-44d0-982f-4bf351d245cb/action 0.165s
2024-12-14 21:27:25.788 65706 INFO tempest.lib.common.rest_client [req-5436cd7b-e4a3-42e5-b300-42a3ad8f067b req-5436cd7b-e4a3-42e5-b300-42a3ad8f067b ] Request (ServersV294TestFqdnHostnames:tearDownClass): 200 GET http://10.180.1.21/compute/v2.1/servers/d1ef41d8-83c8-45da-b3e6-f4754d12869d 0.189s
2024-12-14 21:27:25.820 65718 INFO tempest.lib.common.rest_client [req-6f5e51c4-706f-429b-b4d9-d6cd0034b7da req-6f5e51c4-706f-429b-b4d9-d6cd0034b7da ] Request (MultipleCreateTestJSON:test_multiple_create): 200 GET http://10.180.1.21/compute/v2.1/servers/12b4c8e6-daef-4e3d-a238-abed54e1bc12 0.186s
2024-12-14 21:27:25.910 65754 INFO tempest.lib.common.rest_client [req-19e150a0-2511-4325-b588-2a0bcf75ec81 req-19e150a0-2511-4325-b588-2a0bcf75ec81 ] Request (ServerRescueTestJSONUnderV235:setUpClass): 200 GET http://10.180.1.21/compute/v2.1/servers/0971d049-f5b5-44d0-982f-4bf351d245cb 0.156s
2024-12-14 21:27:25.960 65720 INFO tempest.lib.common.rest_client [req-d9139097-c3ca-479a-af84-354694ade989 req-d9139097-c3ca-479a-af84-354694ade989 ] Request (MigrationsAdminTest:test_resize_server_revert_deleted_flavor): 200 GET http://10.180.1.21/compute/v2.1/servers/80e54a65-d1da-44d8-9c3a-de2bf54ae4bf 0.135s
2024-12-14 21:27:26.087 65738 INFO tempest.lib.common.rest_client [req-1412a816-6ebe-4f2a-8d53-512ad6c30509 req-1412a816-6ebe-4f2a-8d53-512ad6c30509 ] Request (ServerActionsTestOtherB:setUpClass): 200 GET http://10.180.1.21/compute/v2.1/servers/700b04cd-ed0c-420b-b725-e1dcf1970601 0.102s
2024-12-14 21:27:26.135 65692 INFO tempest.lib.common.rest_client [req-aee84bf0-b601-41ce-a2ca-93bca5fc53b3 req-aee84bf0-b601-41ce-a2ca-93bca5fc53b3 ] Request (ListServerFiltersTestJSON:tearDownClass): 200 GET http://10.180.1.21/compute/v2.1/servers/ea708012-87f2-461a-9b9b-8d9fb47c4702 0.081s
2024-12-14 21:27:26.160 65700 INFO tempest.lib.common.rest_client [req-1cff2bf2-4eb8-4ba7-ab05-e1e2ec17fd9a req-1cff2bf2-4eb8-4ba7-ab05-e1e2ec17fd9a ] Request (ServersAdminTestJSON:test_inject_network_info): 200 GET http://10.180.1.21/compute/v2.1/servers/e7e70eea-a577-46b4-be71-4c92229b8c70 0.053s
2024-12-14 21:27:26.180 65734 INFO tempest.lib.common.rest_client [req-55c69686-220b-4bfc-878e-b9e6ade25790 req-55c69686-220b-4bfc-878e-b9e6ade25790 ] Request (SecurityGroupsTestJSON:setUpClass): 200 PUT http://10.180.1.21:9696/networking/v2.0/routers/0a4fdbd6-cddd-43c0-b3ed-8e75a1867722/add_router_interface 1.004s
2024-12-14 21:27:26.181 65734 INFO tempest.lib.common.dynamic_creds [-] Created isolated network resources for: credentials: Credentials: {'domain_id': 'default', 'domain_name': 'Default', 'username': 'tempest-SecurityGroupsTestJSON-520327991-project-member', 'project_domain_id': 'default', 'project_domain_name': 'Default', 'project_id': '98c370a62cd443a88081a61aa8b9f4af', 'project_name': 'tempest-SecurityGroupsTestJSON-520327991', 'tenant_id': '98c370a62cd443a88081a61aa8b9f4af', 'tenant_name': 'tempest-SecurityGroupsTestJSON-520327991', 'user_domain_id': 'default', 'user_domain_name': 'Default', 'user_id': 'f648d9808cc7431aaa532145b9a67c2c', 'system': None}, Network: {'id': '4256c88c-5aa3-4c1a-b40e-2499109df8a4', 'name': 'tempest-SecurityGroupsTestJSON-1079084214-network', 'tenant_id': '98c370a62cd443a88081a61aa8b9f4af', 'admin_state_up': True, 'mtu': 8950, 'status': 'ACTIVE', 'subnets': [], 'shared': False, 'project_id': '98c370a62cd443a88081a61aa8b9f4af', 'port_security_enabled': True, 'router:external': False, 'provider:network_type': 'vlan', 'provider:physical_network': 'default', 'provider:segmentation_id': 703, 'availability_zone_hints': [], 'availability_zones': [], 'ipv4_address_scope': None, 'ipv6_address_scope': None, 'description': '', 'tags': [], 'created_at': '2024-12-14T21:27:23Z', 'updated_at': '2024-12-14T21:27:23Z', 'revision_number': 1}, Subnet: {'id': '1c12ce3d-f70b-4cfc-b6c9-4b1afe1c2d00', 'name': 'tempest-SecurityGroupsTestJSON-1079084214-subnet', 'tenant_id': '98c370a62cd443a88081a61aa8b9f4af', 'network_id': '4256c88c-5aa3-4c1a-b40e-2499109df8a4', 'ip_version': 4, 'subnetpool_id': None, 'enable_dhcp': True, 'ipv6_ra_mode': None, 'ipv6_address_mode': None, 'gateway_ip': '192.168.128.1', 'cidr': '192.168.128.0/28', 'allocation_pools': [{'start': '192.168.128.2', 'end': '192.168.128.14'}], 'host_routes': [], 'dns_nameservers': [], 'description': '', 'router:external': False, 'service_types': [], 'tags': [], 'created_at': '2024-12-14T21:27:23Z', 'updated_at': '2024-12-14T21:27:23Z', 'revision_number': 0, 'project_id': '98c370a62cd443a88081a61aa8b9f4af'}, Router: {'id': '0a4fdbd6-cddd-43c0-b3ed-8e75a1867722', 'name': 'tempest-SecurityGroupsTestJSON-1079084214-router', 'tenant_id': '98c370a62cd443a88081a61aa8b9f4af', 'admin_state_up': True, 'status': 'ACTIVE', 'external_gateway_info': {'network_id': '4b1b0d46-0570-47e4-b0bb-612f2fd92ae6', 'external_fixed_ips': [{'subnet_id': '858f6b45-1a75-4dca-b566-50eb904ae53b', 'ip_address': '10.180.180.153'}], 'enable_snat': True}, 'description': '', 'availability_zones': [], 'distributed': False, 'ha': False, 'availability_zone_hints': [], 'routes': [], 'flavor_id': None, 'tags': [], 'created_at': '2024-12-14T21:27:24Z', 'updated_at': '2024-12-14T21:27:24Z', 'revision_number': 2, 'project_id': '98c370a62cd443a88081a61aa8b9f4af'}
2024-12-14 21:27:26.189 65750 INFO tempest.lib.common.rest_client [req-5f12ed2c-2ba8-45af-a2bf-4821d5851f65 req-5f12ed2c-2ba8-45af-a2bf-4821d5851f65 ] Request (ServersWithSpecificFlavorTestJSON:test_verify_created_server_ephemeral_disk): 200 GET http://10.180.1.21/compute/v2.1/servers/377d1f02-5d0a-49f8-881d-e6d9a1755a17 0.069s
2024-12-14 21:27:26.196 65750 INFO tempest.common.waiters [-] State transition "BUILD/None" ==> "BUILD/networking" after 71 second wait
2024-12-14 21:27:26.254 65710 INFO tempest.lib.common.rest_client [req-9b597822-e62e-4eda-a6fe-77a6ce5e6253 req-9b597822-e62e-4eda-a6fe-77a6ce5e6253 ] Request (ImagesOneServerNegativeTestJSON:setUpClass): 200 GET http://10.180.1.21/compute/v2.1/servers/2a3e8dcf-23dd-4f09-9126-e254ab8ef9de 0.096s
2024-12-14 21:27:26.256 65704 INFO tempest.lib.common.rest_client [req-37cf02da-dcea-4a4b-801d-8ea26bc34500 req-37cf02da-dcea-4a4b-801d-8ea26bc34500 ] Request (ImagesTestJSON:test_create_image_from_suspended_server): 200 GET http://10.180.1.21/compute/v2.1/servers/91d4cb71-8a1c-43d0-8940-6fde1bd65466 0.074s
2024-12-14 21:27:26.265 65726 WARNING tempest.lib.common.ssh [-] Failed to establish authenticated ssh connection to cirros@10.180.180.195 ([Errno None] Unable to connect to port 22 on 10.180.180.195). Number attempts: 7. Retry after 8 seconds.: paramiko.ssh_exception.NoValidConnectionsError: [Errno None] Unable to connect to port 22 on 10.180.180.195
2024-12-14 21:27:26.298 65742 INFO tempest.lib.common.rest_client [req-63d18315-2664-4c11-a7b1-f029f1d76687 req-63d18315-2664-4c11-a7b1-f029f1d76687 ] Request (ListImageFiltersTestJSON:setUpClass): 200 GET http://10.180.1.21/compute/v2.1/images/4a427cc2-cadc-48ce-9c0c-9a5474860611 0.086s
2024-12-14 21:27:26.307 65734 INFO tempest.lib.common.rest_client [req-37ca6354-7348-49a0-80d2-a755da61398b req-37ca6354-7348-49a0-80d2-a755da61398b ] Request (SecurityGroupsTestJSON:setUpClass): 201 POST http://10.180.1.21/identity/v3/auth/tokens 0.122s
2024-12-14 21:27:26.322 65708 INFO tempest.lib.common.rest_client [req-7540b436-b2b7-446a-8634-0559e940df70 req-7540b436-b2b7-446a-8634-0559e940df70 ] Request (InstanceActionsV221TestJSON:test_get_list_deleted_instance_actions): 200 GET http://10.180.1.21/compute/v2.1/servers/677cdcbd-4a38-4f74-9a1d-44cf3d9f8dde 0.095s
2024-12-14 21:27:26.366 65696 INFO tempest.lib.common.rest_client [req-7dfcc5de-8a20-488a-8479-9e46d0e7fda4 req-7dfcc5de-8a20-488a-8479-9e46d0e7fda4 ] Request (DeleteServersAdminTestJSON:test_delete_server_while_in_error_state): 200 GET http://10.180.1.21/compute/v2.1/servers/dd96b62a-b50b-46aa-8dce-af6d87bc7f6c 0.090s
2024-12-14 21:27:26.373 65702 INFO tempest.lib.common.rest_client [req-36b35493-71c5-41b7-a52e-001984a7f244 req-36b35493-71c5-41b7-a52e-001984a7f244 ] Request (DeleteServersTestJSON:test_delete_active_server): 200 GET http://10.180.1.21/compute/v2.1/servers/8f759bca-97c5-4d8d-af06-e6e66dcb6e64 0.082s
2024-12-14 21:27:26.537 65734 INFO tempest.lib.common.rest_client [req-5ee16fcc-6a92-4b08-88c7-be7dcf6fcfc8 req-5ee16fcc-6a92-4b08-88c7-be7dcf6fcfc8 ] Request (SecurityGroupsTestJSON:test_list_security_groups_by_server): 200 POST http://10.180.1.21/compute/v2.1/os-security-groups 0.229s
2024-12-14 21:27:26.626 65698 INFO tempest.lib.common.rest_client [req-1c4ef039-81e3-41e3-84f9-e11f2370cc9f req-1c4ef039-81e3-41e3-84f9-e11f2370cc9f ] Request (ServersAdminNegativeTestJSON:test_migrate_server_invalid_state): 200 GET http://10.180.1.21/compute/v2.1/servers/0ec9dc4f-a2dd-4112-b8d0-c3c3c6ac82b9 0.129s
2024-12-14 21:27:26.633 65698 INFO tempest.common.waiters [-] State transition "ACTIVE/suspending" ==> "SUSPENDED/None" after 2 second wait
2024-12-14 21:27:26.689 65712 INFO tempest.lib.common.rest_client [req-93b91453-5fe3-463d-820e-13c98e38ee78 req-93b91453-5fe3-463d-820e-13c98e38ee78 ] Request (AttachInterfacesUnderV243Test:test_add_remove_fixed_ip): 200 GET http://10.180.1.21/compute/v2.1/servers/1b4c7281-63df-4c1b-8583-e3db858f0c64 0.130s
2024-12-14 21:27:26.696 65712 INFO tempest.common.waiters [-] State transition "BUILD/scheduling" ==> "BUILD/None" after 18 second wait
2024-12-14 21:27:26.697 65734 INFO tempest.lib.common.rest_client [req-ffb9d26f-dafd-41b0-88f4-768393ade631 req-ffb9d26f-dafd-41b0-88f4-768393ade631 ] Request (SecurityGroupsTestJSON:test_list_security_groups_by_server): 200 POST http://10.180.1.21/compute/v2.1/os-security-groups 0.158s
2024-12-14 21:27:26.736 65734 INFO tempest.lib.common.rest_client [req-bab67bf7-541b-4d12-8387-ca3dadc0e8bf req-bab67bf7-541b-4d12-8387-ca3dadc0e8bf ] Request (SecurityGroupsTestJSON:test_list_security_groups_by_server): 201 POST http://10.180.1.21/identity/v3/auth/tokens 0.033s
2024-12-14 21:27:26.736 65734 INFO tempest.lib.common.fixed_network [-] (SecurityGroupsTestJSON:test_list_security_groups_by_server) Found network {'id': '4256c88c-5aa3-4c1a-b40e-2499109df8a4', 'name': 'tempest-SecurityGroupsTestJSON-1079084214-network', 'tenant_id': '98c370a62cd443a88081a61aa8b9f4af', 'admin_state_up': True, 'mtu': 8950, 'status': 'ACTIVE', 'subnets': [], 'shared': False, 'project_id': '98c370a62cd443a88081a61aa8b9f4af', 'port_security_enabled': True, 'router:external': False, 'provider:network_type': 'vlan', 'provider:physical_network': 'default', 'provider:segmentation_id': 703, 'availability_zone_hints': [], 'availability_zones': [], 'ipv4_address_scope': None, 'ipv6_address_scope': None, 'description': '', 'tags': [], 'created_at': '2024-12-14T21:27:23Z', 'updated_at': '2024-12-14T21:27:23Z', 'revision_number': 1} available for tenant
2024-12-14 21:27:26.746 65716 INFO tempest.lib.common.rest_client [req-954e00dd-e608-4c0e-add6-f91a3912503a req-954e00dd-e608-4c0e-add6-f91a3912503a ] Request (InstanceActionsNegativeTestJSON:setUpClass): 200 GET http://10.180.1.21/compute/v2.1/servers/d142cd4c-3572-4bbc-971e-9d4dd4c551be 0.132s
2024-12-14 21:27:26.803 65698 INFO tempest.lib.common.rest_client [req-b9fb02b4-90f2-4c72-8364-9191206208c7 req-b9fb02b4-90f2-4c72-8364-9191206208c7 ] Request (ServersAdminNegativeTestJSON:test_migrate_server_invalid_state): 409 POST http://10.180.1.21/compute/v2.1/servers/0ec9dc4f-a2dd-4112-b8d0-c3c3c6ac82b9/action 0.170s
2024-12-14 21:27:26.833 65732 INFO tempest.lib.common.rest_client [req-fefa4c78-181c-45f9-b408-091e8520a3e9 req-fefa4c78-181c-45f9-b408-091e8520a3e9 ] Request (ImagesOneServerTestJSON:tearDownClass): 200 GET http://10.180.1.21/compute/v2.1/servers/e64fb81e-2e3e-4725-86d2-75d8c69a1c16 0.168s
2024-12-14 21:27:26.898 65746 INFO tempest.lib.common.rest_client [req-7989d45a-a851-46cc-b933-a73a7aaf0ca5 req-7989d45a-a851-46cc-b933-a73a7aaf0ca5 ] Request (FloatingIPsAssociationTestJSON:tearDownClass): 200 GET http://10.180.1.21/compute/v2.1/servers/3f8868e3-39fe-46e8-8023-49ef66811c84 0.228s
2024-12-14 21:27:26.973 65694 INFO tempest.lib.common.rest_client [req-7be3d72d-5de0-4ceb-b3fd-8337c46d8930 req-7be3d72d-5de0-4ceb-b3fd-8337c46d8930 ] Request (VolumesAssistedSnapshotsTest:tearDownClass): 200 GET http://10.180.1.21/compute/v2.1/servers/9d85aac2-21be-4e8c-bcbb-76d01ad6c0c6 0.252s
2024-12-14 21:27:27.064 65706 INFO tempest.lib.common.rest_client [req-1f042cb0-58b9-4678-9983-b2a2ed3f9f95 req-1f042cb0-58b9-4678-9983-b2a2ed3f9f95 ] Request (ServersV294TestFqdnHostnames:tearDownClass): 200 GET http://10.180.1.21/compute/v2.1/servers/d1ef41d8-83c8-45da-b3e6-f4754d12869d 0.265s
2024-12-14 21:27:27.069 65698 INFO tempest.lib.common.rest_client [req-d7aa16af-e3c2-4ae7-a9a8-32f409d2df77 req-d7aa16af-e3c2-4ae7-a9a8-32f409d2df77 ] Request (ServersAdminNegativeTestJSON:test_reset_state_server_invalid_state): 400 POST http://10.180.1.21/compute/v2.1/servers/9e0e8583-ff9d-429f-9a13-f197392d3541/action 0.261s
2024-12-14 21:27:27.148 65718 INFO tempest.lib.common.rest_client [req-e56faf2f-4c8f-4f7c-bf66-92341e624782 req-e56faf2f-4c8f-4f7c-bf66-92341e624782 ] Request (MultipleCreateTestJSON:test_multiple_create): 200 GET http://10.180.1.21/compute/v2.1/servers/12b4c8e6-daef-4e3d-a238-abed54e1bc12 0.321s
2024-12-14 21:27:27.349 65754 INFO tempest.lib.common.rest_client [req-26e6bb2d-28d1-4c26-8b01-0cbadf34f415 req-26e6bb2d-28d1-4c26-8b01-0cbadf34f415 ] Request (ServerRescueTestJSONUnderV235:setUpClass): 200 GET http://10.180.1.21/compute/v2.1/servers/0971d049-f5b5-44d0-982f-4bf351d245cb 0.432s
2024-12-14 21:27:27.495 65720 INFO tempest.lib.common.rest_client [req-0086c34d-9a9f-4f81-8c1f-aeed5cae2cf4 req-0086c34d-9a9f-4f81-8c1f-aeed5cae2cf4 ] Request (MigrationsAdminTest:test_resize_server_revert_deleted_flavor): 200 GET http://10.180.1.21/compute/v2.1/servers/80e54a65-d1da-44d8-9c3a-de2bf54ae4bf 0.528s
2024-12-14 21:27:27.503 65698 INFO tempest.lib.common.rest_client [req-f1b6c8f9-7d68-4fe9-adf8-a3092cac83fb req-f1b6c8f9-7d68-4fe9-adf8-a3092cac83fb ] Request (ServersAdminNegativeTestJSON:test_reset_state_server_invalid_type): 400 POST http://10.180.1.21/compute/v2.1/servers/9e0e8583-ff9d-429f-9a13-f197392d3541/action 0.433s
2024-12-14 21:27:27.517 65734 INFO tempest.lib.common.rest_client [req-1ab786fe-67b5-4d51-81bb-6ffd4070bd7c req-1ab786fe-67b5-4d51-81bb-6ffd4070bd7c ] Request (SecurityGroupsTestJSON:test_list_security_groups_by_server): 202 POST http://10.180.1.21/compute/v2.1/servers 0.780s
2024-12-14 21:27:27.574 65692 INFO tempest.lib.common.rest_client [req-0da65276-2d03-4dc8-898e-9c47c4bb0d36 req-0da65276-2d03-4dc8-898e-9c47c4bb0d36 ] Request (ListServerFiltersTestJSON:tearDownClass): 200 GET http://10.180.1.21/compute/v2.1/servers/ea708012-87f2-461a-9b9b-8d9fb47c4702 0.432s
2024-12-14 21:27:27.614 65738 INFO tempest.lib.common.rest_client [req-f21d0571-fbdb-48be-8918-732b3813a04b req-f21d0571-fbdb-48be-8918-732b3813a04b ] Request (ServerActionsTestOtherB:setUpClass): 200 GET http://10.180.1.21/compute/v2.1/servers/700b04cd-ed0c-420b-b725-e1dcf1970601 0.516s
2024-12-14 21:27:27.624 65700 INFO tempest.lib.common.rest_client [req-43cb177a-3b55-4d4c-a7bc-5042f0fe0375 req-43cb177a-3b55-4d4c-a7bc-5042f0fe0375 ] Request (ServersAdminTestJSON:test_inject_network_info): 200 GET http://10.180.1.21/compute/v2.1/servers/e7e70eea-a577-46b4-be71-4c92229b8c70 0.454s
2024-12-14 21:27:27.683 65710 INFO tempest.lib.common.rest_client [req-9f10ca7d-0fa1-4671-b983-3432a304f695 req-9f10ca7d-0fa1-4671-b983-3432a304f695 ] Request (ImagesOneServerNegativeTestJSON:setUpClass): 200 GET http://10.180.1.21/compute/v2.1/servers/2a3e8dcf-23dd-4f09-9126-e254ab8ef9de 0.420s
2024-12-14 21:27:27.735 65704 INFO tempest.lib.common.rest_client [req-ee5af124-5624-49ec-a182-a74e169aae50 req-ee5af124-5624-49ec-a182-a74e169aae50 ] Request (ImagesTestJSON:test_create_image_from_suspended_server): 200 GET http://10.180.1.21/compute/v2.1/servers/91d4cb71-8a1c-43d0-8940-6fde1bd65466 0.472s
2024-12-14 21:27:27.759 65750 INFO tempest.lib.common.rest_client [req-cb6f9e97-f96f-4942-a8da-7e41ce99a2f1 req-cb6f9e97-f96f-4942-a8da-7e41ce99a2f1 ] Request (ServersWithSpecificFlavorTestJSON:test_verify_created_server_ephemeral_disk): 200 GET http://10.180.1.21/compute/v2.1/servers/377d1f02-5d0a-49f8-881d-e6d9a1755a17 0.563s
2024-12-14 21:27:27.765 65750 INFO tempest.common.waiters [-] State transition "BUILD/networking" ==> "BUILD/spawning" after 72 second wait
2024-12-14 21:27:27.769 65742 INFO tempest.lib.common.rest_client [req-ff6cc114-2c2b-4631-b05b-e56c23bbf1cd req-ff6cc114-2c2b-4631-b05b-e56c23bbf1cd ] Request (ListImageFiltersTestJSON:setUpClass): 200 GET http://10.180.1.21/compute/v2.1/images/4a427cc2-cadc-48ce-9c0c-9a5474860611 0.463s
2024-12-14 21:27:27.806 65722 WARNING tempest.lib.common.ssh [-] Failed to establish authenticated ssh connection to cirros@10.180.180.188 ([Errno None] Unable to connect to port 22 on 10.180.180.188). Number attempts: 6. Retry after 7 seconds.: paramiko.ssh_exception.NoValidConnectionsError: [Errno None] Unable to connect to port 22 on 10.180.180.188
2024-12-14 21:27:27.830 65696 INFO tempest.lib.common.rest_client [req-66e6a2dc-ac54-4347-8877-d45960cc55a5 req-66e6a2dc-ac54-4347-8877-d45960cc55a5 ] Request (DeleteServersAdminTestJSON:test_delete_server_while_in_error_state): 200 GET http://10.180.1.21/compute/v2.1/servers/dd96b62a-b50b-46aa-8dce-af6d87bc7f6c 0.455s
2024-12-14 21:27:27.835 65708 INFO tempest.lib.common.rest_client [req-fac87e59-7449-4ca9-8099-747f67b79a66 req-fac87e59-7449-4ca9-8099-747f67b79a66 ] Request (InstanceActionsV221TestJSON:test_get_list_deleted_instance_actions): 200 GET http://10.180.1.21/compute/v2.1/servers/677cdcbd-4a38-4f74-9a1d-44cf3d9f8dde 0.504s
2024-12-14 21:27:27.841 65698 INFO tempest.lib.common.rest_client [req-1064ea98-b3e9-4295-9c39-4c09488391f4 req-1064ea98-b3e9-4295-9c39-4c09488391f4 ] Request (ServersAdminNegativeTestJSON:test_reset_state_server_nonexistent_server): 404 POST http://10.180.1.21/compute/v2.1/servers/999/action 0.337s
2024-12-14 21:27:27.893 65734 INFO tempest.lib.common.rest_client [req-f77c7e14-2676-4ed8-a129-da34593729bb req-f77c7e14-2676-4ed8-a129-da34593729bb ] Request (SecurityGroupsTestJSON:test_list_security_groups_by_server): 200 GET http://10.180.1.21/compute/v2.1/servers/62799a7e-a62f-460e-aa23-c9e83514a020 0.373s
