2024-12-14 21:25:48.621 65744 INFO tempest.lib.common.rest_client [req-9003e393-f4d0-4493-b71e-845e762851fd req-9003e393-f4d0-4493-b71e-845e762851fd ] Request (VolumesSnapshotsTestJSON:setUpClass): 201 POST http://10.180.1.21/identity/v3/users 0.149s
2024-12-14 21:25:48.652 65742 INFO tempest.lib.common.rest_client [req-c91a957e-4b23-4030-8d84-7381b9dce345 req-c91a957e-4b23-4030-8d84-7381b9dce345 ] Request (ListImageFiltersTestJSON:setUpClass): 200 GET http://10.180.1.21/compute/v2.1/images/0309e8c6-d742-42ac-97fe-48ba376b6f9c 1.857s
2024-12-14 21:25:48.657 65744 INFO tempest.lib.common.rest_client [req-9ce720ca-5556-4cef-9848-033560f82743 req-9ce720ca-5556-4cef-9848-033560f82743 ] Request (VolumesSnapshotsTestJSON:setUpClass): 200 GET http://10.180.1.21/identity/v3/roles 0.036s
2024-12-14 21:25:48.695 65744 INFO tempest.lib.common.rest_client [req-8f574812-d6ad-4815-8577-c5e5cecfaf9b req-8f574812-d6ad-4815-8577-c5e5cecfaf9b ] Request (VolumesSnapshotsTestJSON:setUpClass): 204 PUT http://10.180.1.21/identity/v3/projects/cde858e62b1748d39227d3422b046345/users/42fe3c33f1234e9a836f014684a0807a/roles/f68f4bf8e01649ae964b6889872d97ca 0.037s
2024-12-14 21:25:48.695 65744 INFO tempest.lib.common.dynamic_creds [-] Dynamic test user 42fe3c33f1234e9a836f014684a0807a is created with scope project and roles: ['member']
2024-12-14 21:25:48.695 65744 INFO tempest.lib.common.dynamic_creds [-] Acquired dynamic creds: credentials: Credentials: {'domain_id': 'default', 'domain_name': 'Default', 'username': 'tempest-VolumesSnapshotsTestJSON-1989151426-project-member', 'project_domain_id': 'default', 'project_domain_name': 'Default', 'project_id': 'cde858e62b1748d39227d3422b046345', 'project_name': 'tempest-VolumesSnapshotsTestJSON-1989151426', 'tenant_id': 'cde858e62b1748d39227d3422b046345', 'tenant_name': 'tempest-VolumesSnapshotsTestJSON-1989151426', 'user_domain_id': 'default', 'user_domain_name': 'Default', 'user_id': '42fe3c33f1234e9a836f014684a0807a', 'system': None}, Network: None, Subnet: None, Router: None
2024-12-14 21:25:48.695 65744 INFO tempest.lib.common.dynamic_creds [-] Created isolated network resources for: credentials: Credentials: {'domain_id': 'default', 'domain_name': 'Default', 'username': 'tempest-VolumesSnapshotsTestJSON-1989151426-project-member', 'project_domain_id': 'default', 'project_domain_name': 'Default', 'project_id': 'cde858e62b1748d39227d3422b046345', 'project_name': 'tempest-VolumesSnapshotsTestJSON-1989151426', 'tenant_id': 'cde858e62b1748d39227d3422b046345', 'tenant_name': 'tempest-VolumesSnapshotsTestJSON-1989151426', 'user_domain_id': 'default', 'user_domain_name': 'Default', 'user_id': '42fe3c33f1234e9a836f014684a0807a', 'system': None}, Network: None, Subnet: None, Router: None
2024-12-14 21:25:48.727 65742 INFO tempest.lib.common.rest_client [req-91ff9e1c-28ec-4c31-99b5-1b78087882ac req-91ff9e1c-28ec-4c31-99b5-1b78087882ac ] Request (ListImageFiltersTestJSON:setUpClass): 201 POST http://10.180.1.21/identity/v3/auth/tokens 0.067s
2024-12-14 21:25:48.728 65742 INFO tempest.lib.common.fixed_network [-] (ListImageFiltersTestJSON:setUpClass) Found network None available for tenant
2024-12-14 21:25:48.734 65726 INFO tempest.lib.common.rest_client [req-1edb0bba-16b8-4232-ac03-438d44374449 req-1edb0bba-16b8-4232-ac03-438d44374449 ] Request (AttachInterfacesTestJSON:test_create_list_show_delete_interfaces_by_fixed_ip): 200 GET http://10.180.1.21/compute/v2.1/servers/d8aaa7e5-cc47-4b7d-9d54-3c54d550e6cd 1.814s
2024-12-14 21:25:48.793 65714 INFO tempest.lib.common.rest_client [req-04d6d6fa-0d64-49cb-8512-63e865d3c0e6 req-04d6d6fa-0d64-49cb-8512-63e865d3c0e6 ] Request (FlavorsV261TestJSON:tearDownClass): 200 GET http://10.180.1.21:9696/networking/v2.0/security-groups?tenant_id=a286c74911684813914c55209d079899&name=default 0.204s
2024-12-14 21:25:48.818 65744 INFO tempest.lib.common.rest_client [req-d9a1171b-6736-43ef-a7b0-42d3ebb3544a req-d9a1171b-6736-43ef-a7b0-42d3ebb3544a ] Request (VolumesSnapshotsTestJSON:setUpClass): 201 POST http://10.180.1.21/identity/v3/auth/tokens 0.116s
2024-12-14 21:25:48.948 65714 INFO tempest.lib.common.rest_client [req-dd012740-d9da-492d-8f6e-9fa39e89c3f5 req-dd012740-d9da-492d-8f6e-9fa39e89c3f5 ] Request (FlavorsV261TestJSON:tearDownClass): 204 DELETE http://10.180.1.21:9696/networking/v2.0/security-groups/8fe6816b-f28c-429c-ac8f-c3dc0ce948b7 0.154s
2024-12-14 21:25:49.075 65714 INFO tempest.lib.common.rest_client [req-65584311-a2f4-40eb-bf1e-9a01ec899c99 req-65584311-a2f4-40eb-bf1e-9a01ec899c99 ] Request (FlavorsV261TestJSON:tearDownClass): 204 DELETE http://10.180.1.21/identity/v3/projects/a286c74911684813914c55209d079899 0.127s
2024-12-14 21:25:49.076 65714 INFO tempest.test [-] raised in UpdateMultiattachVolumeNegativeTest.setUpClass. Invoking tearDownClass.
2024-12-14 21:25:49.118 65702 INFO tempest.lib.common.rest_client [req-46233d60-3cdc-46a6-820f-f7ff6e499785 req-46233d60-3cdc-46a6-820f-f7ff6e499785 ] Request (ServerDiagnosticsTest:test_get_server_diagnostics): 200 GET http://10.180.1.21/compute/v2.1/servers/b6671cb6-6333-47f7-a79d-bcef4f9831f8/diagnostics 2.426s
2024-12-14 21:25:49.154 65714 INFO tempest.lib.common.rest_client [req-e766016c-f896-48f9-8400-953c20e30b2f req-e766016c-f896-48f9-8400-953c20e30b2f ] Request (ServersTestManualDisk:setUpClass): 201 POST http://10.180.1.21/identity/v3/auth/tokens 0.073s
2024-12-14 21:25:49.191 65714 INFO tempest.lib.common.rest_client [req-7ad8865c-c22c-4f61-9a82-78d1ff5480cb req-7ad8865c-c22c-4f61-9a82-78d1ff5480cb ] Request (ServersTestManualDisk:setUpClass): 201 POST http://10.180.1.21/identity/v3/auth/tokens 0.030s
2024-12-14 21:25:49.205 65740 INFO tempest.lib.common.rest_client [req-b0013ac1-ba84-40f7-a85a-c9c9e500c527 req-b0013ac1-ba84-40f7-a85a-c9c9e500c527 ] Request (ServersAaction247Test:test_create_backup): 200 GET http://10.180.1.21/compute/v2.1/servers/15961ea8-5a20-4e94-a8f8-ef0d64247334 1.540s
2024-12-14 21:25:49.217 65714 INFO tempest.lib.common.rest_client [req-9acf7d75-6035-4826-8eb2-551c669b6176 req-9acf7d75-6035-4826-8eb2-551c669b6176 ] Request (ServersTestManualDisk:setUpClass): 200 GET http://10.180.1.21/identity/v3/domains?name=Default 0.025s
2024-12-14 21:25:49.255 65714 INFO tempest.lib.common.rest_client [req-0b7f4d7d-0ffb-4d25-91c7-788155cc71bf req-0b7f4d7d-0ffb-4d25-91c7-788155cc71bf ] Request (ServersTestManualDisk:setUpClass): 201 POST http://10.180.1.21/identity/v3/projects 0.038s
2024-12-14 21:25:49.330 65714 INFO tempest.lib.common.rest_client [req-9263c830-1c44-4e6c-8d69-895e6505667a req-9263c830-1c44-4e6c-8d69-895e6505667a ] Request (ServersTestManualDisk:setUpClass): 201 POST http://10.180.1.21/identity/v3/users 0.074s
2024-12-14 21:25:49.357 65714 INFO tempest.lib.common.rest_client [req-9197f5a5-d7dc-418e-9b7d-aa4753174de5 req-9197f5a5-d7dc-418e-9b7d-aa4753174de5 ] Request (ServersTestManualDisk:setUpClass): 200 GET http://10.180.1.21/identity/v3/roles 0.026s
2024-12-14 21:25:49.397 65714 INFO tempest.lib.common.rest_client [req-3ee2bd23-0a15-4ace-82de-fde8aec0ed9d req-3ee2bd23-0a15-4ace-82de-fde8aec0ed9d ] Request (ServersTestManualDisk:setUpClass): 204 PUT http://10.180.1.21/identity/v3/projects/8b851cb9c7df43b78ada8a3cc3a18b19/users/d7080b90415a418695a13b1690a89a88/roles/f68f4bf8e01649ae964b6889872d97ca 0.039s
2024-12-14 21:25:49.398 65714 INFO tempest.lib.common.dynamic_creds [-] Dynamic test user d7080b90415a418695a13b1690a89a88 is created with scope project and roles: ['member']
2024-12-14 21:25:49.398 65714 INFO tempest.lib.common.dynamic_creds [-] Acquired dynamic creds: credentials: Credentials: {'domain_id': 'default', 'domain_name': 'Default', 'username': 'tempest-ServersTestManualDisk-1384607823-project-member', 'project_domain_id': 'default', 'project_domain_name': 'Default', 'project_id': '8b851cb9c7df43b78ada8a3cc3a18b19', 'project_name': 'tempest-ServersTestManualDisk-1384607823', 'tenant_id': '8b851cb9c7df43b78ada8a3cc3a18b19', 'tenant_name': 'tempest-ServersTestManualDisk-1384607823', 'user_domain_id': 'default', 'user_domain_name': 'Default', 'user_id': 'd7080b90415a418695a13b1690a89a88', 'system': None}, Network: None, Subnet: None, Router: None
2024-12-14 21:25:49.461 65714 INFO tempest.lib.common.rest_client [req-25fe8922-9294-422f-8d9d-2f1c70635a33 req-25fe8922-9294-422f-8d9d-2f1c70635a33 ] Request (ServersTestManualDisk:setUpClass): 201 POST http://10.180.1.21/identity/v3/auth/tokens 0.062s
2024-12-14 21:25:49.681 65708 INFO tempest.lib.common.rest_client [req-63cecb1a-e50a-481c-bae7-fbc557ab478d req-63cecb1a-e50a-481c-bae7-fbc557ab478d ] Request (InstanceActionsV221TestJSON:test_get_list_deleted_instance_actions): 202 POST http://10.180.1.21/compute/v2.1/servers 2.057s
2024-12-14 21:25:49.831 65714 INFO tempest.lib.common.rest_client [req-b5fa7775-996a-40db-bef9-80f18238d5d0 req-b5fa7775-996a-40db-bef9-80f18238d5d0 ] Request (ServersTestManualDisk:setUpClass): 201 POST http://10.180.1.21:9696/networking/v2.0/networks 0.370s
2024-12-14 21:25:49.841 65738 INFO tempest.lib.common.rest_client [req-db0aa60f-0f2a-434e-936d-a11360ca97ec req-db0aa60f-0f2a-434e-936d-a11360ca97ec ] Request (FlavorsAccessNegativeTestJSON:test_remove_flavor_access_not_found): 404 POST http://10.180.1.21/compute/v2.1/flavors/1666951771/action 2.114s
2024-12-14 21:25:49.929 65712 INFO tempest.lib.common.rest_client [req-43c9f46a-d5f7-4105-b5df-8f616cc50200 req-43c9f46a-d5f7-4105-b5df-8f616cc50200 ] Request (ServersAdmin275Test:test_rebuild_update_server_275): 200 GET http://10.180.1.21/compute/v2.1/servers/b6e143fb-f149-40b7-ba96-1bf7f8b98274 2.183s
2024-12-14 21:25:49.941 65712 INFO tempest.common.waiters [-] State transition "REBUILD/rebuild_spawning" ==> "ACTIVE/None" after 11 second wait
2024-12-14 21:25:50.003 65692 INFO tempest.lib.common.rest_client [req-67e0c038-0a0e-4007-afe7-102de52c3763 req-67e0c038-0a0e-4007-afe7-102de52c3763 ] Request (ListServerFiltersTestJSON:setUpClass): 200 GET http://10.180.1.21/compute/v2.1/servers/510b63b8-1358-4e3f-8ce1-093b46f80f8b 2.129s
2024-12-14 21:25:50.027 65750 INFO tempest.lib.common.rest_client [req-089da782-2c0d-4e11-9b82-faff2e8da752 req-089da782-2c0d-4e11-9b82-faff2e8da752 ] Request (AggregatesAdminNegativeTestJSON:test_aggregate_get_details_as_user): 200 POST http://10.180.1.21/compute/v2.1/os-aggregates 2.139s
2024-12-14 21:25:50.067 65754 INFO tempest.lib.common.rest_client [req-66e4a001-60fc-4644-939c-1aefaf6163ee req-66e4a001-60fc-4644-939c-1aefaf6163ee ] Request (FloatingIPDetailsTestJSON:_run_cleanups): 202 DELETE http://10.180.1.21/compute/v2.1/os-floating-ips/65e2edc9-1998-4f14-85b4-b8b0d3205e18 2.344s
2024-12-14 21:25:50.085 65714 INFO tempest.lib.common.rest_client [req-c9b81612-949e-4958-91be-96ccbd065b0f req-c9b81612-949e-4958-91be-96ccbd065b0f ] Request (ServersTestManualDisk:setUpClass): 201 POST http://10.180.1.21:9696/networking/v2.0/subnets 0.253s
2024-12-14 21:25:50.141 65718 INFO tempest.lib.common.rest_client [req-612cfc16-6ca4-4c2d-9b9b-c5b792d83942 req-612cfc16-6ca4-4c2d-9b9b-c5b792d83942 ] Request (ServerExternalEventsTest:test_create_server_external_events): 200 GET http://10.180.1.21/compute/v2.1/servers/5c1463e5-18ae-42bd-9714-0a0d0b1add1f 2.206s
2024-12-14 21:25:50.200 65730 INFO tempest.lib.common.rest_client [req-a8713ede-97cf-4267-b544-4a7b5c0efa80 req-a8713ede-97cf-4267-b544-4a7b5c0efa80 ] Request (ServersTestBootFromVolume:setUpClass): 200 GET http://10.180.1.21/compute/v2.1/servers/87130834-359c-4d54-9cdf-f4a20a051a58 2.220s
2024-12-14 21:25:50.235 65694 INFO tempest.lib.common.rest_client [req-e0fec6bc-6c9d-4bc2-a5e0-5c2e8e1b99df req-e0fec6bc-6c9d-4bc2-a5e0-5c2e8e1b99df ] Request (VolumesAssistedSnapshotsTest:test_volume_assisted_snapshot_create_delete): 200 GET http://10.180.1.21/compute/v2.1/servers/9d85aac2-21be-4e8c-bcbb-76d01ad6c0c6 2.328s
2024-12-14 21:25:50.242 65694 INFO tempest.common.waiters [-] State transition "BUILD/spawning" ==> "ACTIVE/None" after 20 second wait
2024-12-14 21:25:50.260 65720 INFO tempest.lib.common.rest_client [req-135cf188-0ab5-4150-b13e-682a8ab900c5 req-135cf188-0ab5-4150-b13e-682a8ab900c5 ] Request (MigrationsAdminTest:test_list_migrations_in_flavor_resize_situation): 200 GET http://10.180.1.21/compute/v2.1/servers/a524b227-c5db-40bb-ab1c-e29d098af26d 2.270s
2024-12-14 21:25:50.298 65734 INFO tempest.lib.common.rest_client [req-3a7a4c6f-240c-499f-bb25-1fb0e912c1b8 req-3a7a4c6f-240c-499f-bb25-1fb0e912c1b8 ] Request (ImagesNegativeTestJSON:test_create_image_from_deleted_server): 200 GET http://10.180.1.21/compute/v2.1/servers/fa0cdd8f-05b3-4cf1-826c-4509f5e8d299 2.253s
2024-12-14 21:25:50.359 65704 INFO tempest.lib.common.rest_client [req-a778185b-1889-432f-8ce4-acc767e15798 req-a778185b-1889-432f-8ce4-acc767e15798 ] Request (ImagesTestJSON:test_create_image_from_stopped_server): 200 GET http://10.180.1.21/compute/v2.1/servers/cb685d54-5abc-432a-8289-1a0b8fe733db 2.079s
2024-12-14 21:25:50.367 65704 INFO tempest.common.waiters [-] State transition "BUILD/scheduling" ==> "BUILD/None" after 15 second wait
2024-12-14 21:25:50.495 65728 INFO tempest.lib.common.rest_client [req-c904861d-485d-4d65-ae67-39e360163637 req-c904861d-485d-4d65-ae67-39e360163637 ] Request (ServersTestJSON:setUpClass): 200 GET http://10.180.1.21/compute/v2.1/servers/3e81cc1d-d2a2-4efd-bdb1-858e463d857d 2.184s
2024-12-14 21:25:50.540 65732 INFO tempest.lib.common.rest_client [req-2eb8df14-baae-4654-89e0-4223857165f7 req-2eb8df14-baae-4654-89e0-4223857165f7 ] Request (ImagesOneServerTestJSON:setUpClass): 200 GET http://10.180.1.21/compute/v2.1/servers/e64fb81e-2e3e-4725-86d2-75d8c69a1c16 2.142s
2024-12-14 21:25:50.546 65732 INFO tempest.common.waiters [-] State transition "BUILD/scheduling" ==> "BUILD/None" after 15 second wait
2024-12-14 21:25:50.585 65700 INFO tempest.lib.common.rest_client [req-6bfb87a5-7223-4edd-8125-41c62de12f9d req-6bfb87a5-7223-4edd-8125-41c62de12f9d ] Request (ServersAdminTestJSON:test_create_server_with_scheduling_hint): 202 POST http://10.180.1.21/compute/v2.1/servers 2.407s
2024-12-14 21:25:50.638 65710 INFO tempest.lib.common.rest_client [req-e4544bd0-2286-4630-a1e9-bdc6f1d29180 req-e4544bd0-2286-4630-a1e9-bdc6f1d29180 ] Request (ServerDiagnosticsV248Test:tearDownClass): 204 DELETE http://10.180.1.21/compute/v2.1/servers/ab5afe79-cc50-4dde-b1df-49e9dd1d9fc4 2.204s
2024-12-14 21:25:50.696 65716 INFO tempest.lib.common.rest_client [req-146b6814-54ab-4cbc-836c-fa751d3a72c5 req-146b6814-54ab-4cbc-836c-fa751d3a72c5 ] Request (ServerDiagnosticsNegativeTest:test_get_server_diagnostics_by_non_admin): 200 GET http://10.180.1.21/compute/v2.1/servers/fd044e0c-bdba-421e-8942-7132389d2430 2.217s
2024-12-14 21:25:50.760 65749 INFO tempest.lib.common.rest_client [req-7b0455dd-e45b-49b6-a099-84edee247cad req-7b0455dd-e45b-49b6-a099-84edee247cad ] Request (TenantUsagesTestJSON:setUpClass): 200 GET http://10.180.1.21/compute/v2.1/servers/6f139879-a83d-44cc-8d3a-4151114400ab 2.305s
2024-12-14 21:25:50.789 65714 INFO tempest.lib.common.rest_client [req-d7c0d1a9-766d-44f0-bc13-b77c330cf286 req-d7c0d1a9-766d-44f0-bc13-b77c330cf286 ] Request (ServersTestManualDisk:setUpClass): 201 POST http://10.180.1.21:9696/networking/v2.0/routers 0.703s
2024-12-14 21:25:50.807 65736 INFO tempest.lib.common.rest_client [req-3be7440a-3473-46f8-9462-5d345d87fce5 req-3be7440a-3473-46f8-9462-5d345d87fce5 ] Request (ServicesAdminNegativeV253TestJSON:test_disable_log_reason_with_invalid_service_id): 404 PUT http://10.180.1.21/compute/v2.1/os-services/92ac73cb-0630-443f-ae58-838158285be5 2.322s
2024-12-14 21:25:50.839 65722 INFO tempest.lib.common.rest_client [req-1488dba8-5370-4580-8b35-c405457c5622 req-1488dba8-5370-4580-8b35-c405457c5622 ] Request (AttachVolumeTestJSON:test_attach_detach_volume): 200 GET http://10.180.1.21/compute/v2.1/servers/f5babee2-eada-48b0-99c6-eec3024633e2 2.266s
2024-12-14 21:25:51.033 65746 INFO tempest.lib.common.rest_client [req-851cef80-e4ee-4f27-bd8f-a3a448867ece req-851cef80-e4ee-4f27-bd8f-a3a448867ece ] Request (FloatingIPsAssociationTestJSON:setUpClass): 200 GET http://10.180.1.21/compute/v2.1/servers/12afe1f4-4fc3-40a1-bde2-2afaf1772cde 2.340s
2024-12-14 21:25:51.041 65746 INFO tempest.common.waiters [-] State transition "BUILD/spawning" ==> "ACTIVE/None" after 23 second wait
2024-12-14 21:25:51.402 65742 INFO tempest.lib.common.rest_client [req-97c4d1dc-9681-4acf-88fe-a26e5da344d4 req-97c4d1dc-9681-4acf-88fe-a26e5da344d4 ] Request (ListImageFiltersTestJSON:setUpClass): 202 POST http://10.180.1.21/compute/v2.1/servers 2.673s
2024-12-14 21:25:51.479 65724 INFO tempest.lib.common.rest_client [req-a7d1af77-f04a-4848-8096-296681987ce8 req-a7d1af77-f04a-4848-8096-296681987ce8 ] Request (FloatingIPsAssociationNegativeTestJSON:_run_cleanups): 202 DELETE http://10.180.1.21/compute/v2.1/os-floating-ips/7fc5cbf8-0fd9-4e58-836d-0f9f303a2f8f 2.882s
2024-12-14 21:25:51.481 65742 INFO tempest.lib.common.rest_client [req-7d3fe70b-4fe8-438f-8d46-a4aa7aa0848b req-7d3fe70b-4fe8-438f-8d46-a4aa7aa0848b ] Request (ListImageFiltersTestJSON:setUpClass): 201 POST http://10.180.1.21/identity/v3/auth/tokens 0.074s
2024-12-14 21:25:51.481 65742 INFO tempest.lib.common.fixed_network [-] (ListImageFiltersTestJSON:setUpClass) Found network None available for tenant
2024-12-14 21:25:51.586 65696 INFO tempest.lib.common.rest_client [req-17dda8e5-9cb2-43c5-b692-d6335412143a req-17dda8e5-9cb2-43c5-b692-d6335412143a ] Request (DeleteServersAdminTestJSON:test_admin_delete_servers_of_others): 200 GET http://10.180.1.21/compute/v2.1/servers/8566dee0-0c78-4f80-9c3b-82890cd2f18f 2.700s
2024-12-14 21:25:51.685 65702 INFO tempest.lib.common.rest_client [req-a9c0985b-4774-47d6-8ac5-af8bf882ed10 req-a9c0985b-4774-47d6-8ac5-af8bf882ed10 ] Request (ServerDiagnosticsTest:tearDownClass): 204 DELETE http://10.180.1.21/compute/v2.1/servers/b6671cb6-6333-47f7-a79d-bcef4f9831f8 2.565s
2024-12-14 21:25:51.729 65744 INFO tempest.lib.common.rest_client [req-30ced676-db84-4635-8901-ad1d8b89175a req-30ced676-db84-4635-8901-ad1d8b89175a ] Request (VolumesSnapshotsTestJSON:test_volume_snapshot_create_get_list_delete): 200 POST http://10.180.1.21/compute/v2.1/os-volumes 2.910s
2024-12-14 21:25:51.869 65714 INFO tempest.lib.common.rest_client [req-bd4c4e31-087b-4b51-8084-2f41dbe65783 req-bd4c4e31-087b-4b51-8084-2f41dbe65783 ] Request (ServersTestManualDisk:setUpClass): 200 PUT http://10.180.1.21:9696/networking/v2.0/routers/9abfc1ef-396e-4438-8f21-5560e9691382/add_router_interface 1.079s
2024-12-14 21:25:51.869 65714 INFO tempest.lib.common.dynamic_creds [-] Created isolated network resources for: credentials: Credentials: {'domain_id': 'default', 'domain_name': 'Default', 'username': 'tempest-ServersTestManualDisk-1384607823-project-member', 'project_domain_id': 'default', 'project_domain_name': 'Default', 'project_id': '8b851cb9c7df43b78ada8a3cc3a18b19', 'project_name': 'tempest-ServersTestManualDisk-1384607823', 'tenant_id': '8b851cb9c7df43b78ada8a3cc3a18b19', 'tenant_name': 'tempest-ServersTestManualDisk-1384607823', 'user_domain_id': 'default', 'user_domain_name': 'Default', 'user_id': 'd7080b90415a418695a13b1690a89a88', 'system': None}, Network: {'id': '2a229713-0538-4feb-8775-af0f733f5e3a', 'name': 'tempest-ServersTestManualDisk-98833304-network', 'tenant_id': '8b851cb9c7df43b78ada8a3cc3a18b19', 'admin_state_up': True, 'mtu': 8950, 'status': 'ACTIVE', 'subnets': [], 'shared': False, 'project_id': '8b851cb9c7df43b78ada8a3cc3a18b19', 'port_security_enabled': True, 'router:external': False, 'provider:network_type': 'vlan', 'provider:physical_network': 'default', 'provider:segmentation_id': 399, 'availability_zone_hints': [], 'availability_zones': [], 'ipv4_address_scope': None, 'ipv6_address_scope': None, 'description': '', 'tags': [], 'created_at': '2024-12-14T21:25:49Z', 'updated_at': '2024-12-14T21:25:49Z', 'revision_number': 1}, Subnet: {'id': '0109c29a-4537-4ca9-962f-6defc09addfc', 'name': 'tempest-ServersTestManualDisk-98833304-subnet', 'tenant_id': '8b851cb9c7df43b78ada8a3cc3a18b19', 'network_id': '2a229713-0538-4feb-8775-af0f733f5e3a', 'ip_version': 4, 'subnetpool_id': None, 'enable_dhcp': True, 'ipv6_ra_mode': None, 'ipv6_address_mode': None, 'gateway_ip': '192.168.128.1', 'cidr': '192.168.128.0/28', 'allocation_pools': [{'start': '192.168.128.2', 'end': '192.168.128.14'}], 'host_routes': [], 'dns_nameservers': [], 'description': '', 'router:external': False, 'service_types': [], 'tags': [], 'created_at': '2024-12-14T21:25:49Z', 'updated_at': '2024-12-14T21:25:49Z', 'revision_number': 0, 'project_id': '8b851cb9c7df43b78ada8a3cc3a18b19'}, Router: {'id': '9abfc1ef-396e-4438-8f21-5560e9691382', 'name': 'tempest-ServersTestManualDisk-98833304-router', 'tenant_id': '8b851cb9c7df43b78ada8a3cc3a18b19', 'admin_state_up': True, 'status': 'ACTIVE', 'external_gateway_info': {'network_id': '4b1b0d46-0570-47e4-b0bb-612f2fd92ae6', 'external_fixed_ips': [{'subnet_id': '858f6b45-1a75-4dca-b566-50eb904ae53b', 'ip_address': '10.180.180.171'}], 'enable_snat': True}, 'description': '', 'availability_zones': [], 'distributed': False, 'ha': False, 'availability_zone_hints': [], 'routes': [], 'flavor_id': None, 'tags': [], 'created_at': '2024-12-14T21:25:50Z', 'updated_at': '2024-12-14T21:25:50Z', 'revision_number': 2, 'project_id': '8b851cb9c7df43b78ada8a3cc3a18b19'}
2024-12-14 21:25:51.871 65708 INFO tempest.lib.common.rest_client [req-4ce38fbd-a2b7-4db0-9614-3db3198d2426 req-4ce38fbd-a2b7-4db0-9614-3db3198d2426 ] Request (InstanceActionsV221TestJSON:test_get_list_deleted_instance_actions): 200 GET http://10.180.1.21/compute/v2.1/servers/677cdcbd-4a38-4f74-9a1d-44cf3d9f8dde 2.187s
2024-12-14 21:25:51.931 65698 INFO tempest.lib.common.rest_client [req-412fae0d-2b0b-4965-8579-806d2dcc23ba req-412fae0d-2b0b-4965-8579-806d2dcc23ba ] Request (ServersAdminNegativeTestJSON:setUpClass): 200 GET http://10.180.1.21/compute/v2.1/servers/9e0e8583-ff9d-429f-9a13-f197392d3541 2.757s
2024-12-14 21:25:51.938 65698 INFO tempest.common.waiters [-] State transition "BUILD/networking" ==> "BUILD/spawning" after 17 second wait
2024-12-14 21:25:51.941 65726 INFO tempest.lib.common.rest_client [req-7d96e996-e3a7-4d56-b70d-96e132b6787c req-7d96e996-e3a7-4d56-b70d-96e132b6787c ] Request (AttachInterfacesTestJSON:test_create_list_show_delete_interfaces_by_fixed_ip): 200 GET http://10.180.1.21/compute/v2.1/servers/d8aaa7e5-cc47-4b7d-9d54-3c54d550e6cd 2.192s
2024-12-14 21:25:51.949 65738 INFO tempest.lib.common.rest_client [req-0217c39f-1001-4a8c-9941-d7a11871d63f req-0217c39f-1001-4a8c-9941-d7a11871d63f ] Request (FlavorsAccessNegativeTestJSON:_run_cleanups): 202 DELETE http://10.180.1.21/compute/v2.1/flavors/1666951771 2.107s
2024-12-14 21:25:51.956 65750 INFO tempest.lib.common.rest_client [req-e198105a-3686-4f9e-81f9-6c762524c4e1 req-e198105a-3686-4f9e-81f9-6c762524c4e1 ] Request (AggregatesAdminNegativeTestJSON:test_aggregate_get_details_as_user): 403 GET http://10.180.1.21/compute/v2.1/os-aggregates/6 1.927s
2024-12-14 21:25:51.992 65714 INFO tempest.lib.common.rest_client [req-d1bb6ebe-b4ca-49c0-9e2f-d721c34c8bb8 req-d1bb6ebe-b4ca-49c0-9e2f-d721c34c8bb8 ] Request (ServersTestManualDisk:setUpClass): 201 POST http://10.180.1.21/identity/v3/auth/tokens 0.119s
2024-12-14 21:25:52.090 65754 INFO tempest.lib.common.rest_client [req-36fdaab6-fb5a-4bf2-a31e-50ab724a3f35 req-36fdaab6-fb5a-4bf2-a31e-50ab724a3f35 ] Request (FloatingIPDetailsTestJSON:test_list_floating_ips): 200 GET http://10.180.1.21/compute/v2.1/os-floating-ips 2.021s
2024-12-14 21:25:52.144 65740 INFO tempest.lib.common.rest_client [req-bbe93549-4860-4fdd-a92f-56045830cfd8 req-bbe93549-4860-4fdd-a92f-56045830cfd8 ] Request (ServersAaction247Test:test_create_backup): 200 GET http://10.180.1.21/compute/v2.1/servers/15961ea8-5a20-4e94-a8f8-ef0d64247334 1.922s
2024-12-14 21:25:52.276 65694 INFO tempest.lib.common.rest_client [req-413bbfe2-b6d7-43f7-b9f1-b472ff3def5b req-413bbfe2-b6d7-43f7-b9f1-b472ff3def5b ] Request (VolumesAssistedSnapshotsTest:test_volume_assisted_snapshot_create_delete): 200 GET http://10.180.1.21/compute/v2.1/servers/9d85aac2-21be-4e8c-bcbb-76d01ad6c0c6/os-interface 2.033s
2024-12-14 21:25:52.308 65712 INFO tempest.lib.common.rest_client [req-3251978a-8b3e-4efe-b8e5-d7cc45474d66 req-3251978a-8b3e-4efe-b8e5-d7cc45474d66 ] Request (ServersAdmin275Test:test_rebuild_update_server_275): 202 POST http://10.180.1.21/compute/v2.1/servers/b6e143fb-f149-40b7-ba96-1bf7f8b98274/action 2.366s
2024-12-14 21:25:52.364 65700 INFO tempest.lib.common.rest_client [req-e37ac449-01b4-4fd9-aeac-a74fc5158cbc req-e37ac449-01b4-4fd9-aeac-a74fc5158cbc ] Request (ServersAdminTestJSON:test_create_server_with_scheduling_hint): 200 GET http://10.180.1.21/compute/v2.1/servers/c2a52891-b71a-492a-aeaf-07817080b4df 1.777s
2024-12-14 21:25:52.397 65710 INFO tempest.lib.common.rest_client [req-9def5a0e-1844-496b-9ea4-17b4d2dd4ab4 req-9def5a0e-1844-496b-9ea4-17b4d2dd4ab4 ] Request (ServerDiagnosticsV248Test:tearDownClass): 200 GET http://10.180.1.21/compute/v2.1/servers/ab5afe79-cc50-4dde-b1df-49e9dd1d9fc4 1.758s
2024-12-14 21:25:52.426 65736 INFO tempest.lib.common.rest_client [req-c80d0d97-992e-463b-9b07-ba789ab23d39 req-c80d0d97-992e-463b-9b07-ba789ab23d39 ] Request (ServicesAdminNegativeV253TestJSON:test_disable_service_with_invalid_service_id): 404 PUT http://10.180.1.21/compute/v2.1/os-services/92ac73cb-0630-443f-ae58-838158285be5 1.617s
2024-12-14 21:25:52.887 65692 INFO tempest.lib.common.rest_client [req-6909b57b-a2be-4b19-b298-ba0487b7cab0 req-6909b57b-a2be-4b19-b298-ba0487b7cab0 ] Request (ListServerFiltersTestJSON:setUpClass): 200 GET http://10.180.1.21/compute/v2.1/servers/510b63b8-1358-4e3f-8ce1-093b46f80f8b 1.875s
2024-12-14 21:25:52.895 65692 INFO tempest.common.waiters [-] State transition "BUILD/None" ==> "BUILD/spawning" after 18 second wait
2024-12-14 21:25:52.964 65718 INFO tempest.lib.common.rest_client [req-76acd4a9-6b4e-4fd5-a0ba-232a01f78b95 req-76acd4a9-6b4e-4fd5-a0ba-232a01f78b95 ] Request (ServerExternalEventsTest:test_create_server_external_events): 200 GET http://10.180.1.21/compute/v2.1/servers/5c1463e5-18ae-42bd-9714-0a0d0b1add1f 1.812s
2024-12-14 21:25:53.037 65730 INFO tempest.lib.common.rest_client [req-3e90761e-0def-4d0a-9c7b-27ed78116792 req-3e90761e-0def-4d0a-9c7b-27ed78116792 ] Request (ServersTestBootFromVolume:setUpClass): 200 GET http://10.180.1.21/compute/v2.1/servers/87130834-359c-4d54-9cdf-f4a20a051a58 1.826s
2024-12-14 21:25:53.049 65730 INFO tempest.common.waiters [-] State transition "BUILD/scheduling" ==> "BUILD/None" after 14 second wait
2024-12-14 21:25:53.102 65720 INFO tempest.lib.common.rest_client [req-abfad4bb-c4a1-4397-b123-0ebf85b12ac7 req-abfad4bb-c4a1-4397-b123-0ebf85b12ac7 ] Request (MigrationsAdminTest:test_list_migrations_in_flavor_resize_situation): 200 GET http://10.180.1.21/compute/v2.1/servers/a524b227-c5db-40bb-ab1c-e29d098af26d 1.833s
2024-12-14 21:25:53.185 65734 INFO tempest.lib.common.rest_client [req-b860059e-c1e9-4249-a931-61ee0baa8de9 req-b860059e-c1e9-4249-a931-61ee0baa8de9 ] Request (ImagesNegativeTestJSON:test_create_image_from_deleted_server): 200 GET http://10.180.1.21/compute/v2.1/servers/fa0cdd8f-05b3-4cf1-826c-4509f5e8d299 1.878s
2024-12-14 21:25:53.281 65704 INFO tempest.lib.common.rest_client [req-ca97a5a1-3aed-46d2-951f-7b1d7bd7b784 req-ca97a5a1-3aed-46d2-951f-7b1d7bd7b784 ] Request (ImagesTestJSON:test_create_image_from_stopped_server): 200 GET http://10.180.1.21/compute/v2.1/servers/cb685d54-5abc-432a-8289-1a0b8fe733db 1.913s
2024-12-14 21:25:53.655 65694 INFO tempest.lib.common.rest_client [req-01deffac-bf07-40e7-851c-ed57d4b101c9 req-01deffac-bf07-40e7-851c-ed57d4b101c9 ] Request (VolumesAssistedSnapshotsTest:test_volume_assisted_snapshot_create_delete): 200 PUT http://10.180.1.21:9696/networking/v2.0/floatingips/7d2277e5-24d8-49c0-b578-b04e5a3b7748 1.377s
2024-12-14 21:25:53.656 65694 INFO tempest.lib.common.ssh [-] Creating ssh connection to '10.180.180.149:22' as 'cirros' with public key authentication
2024-12-14 21:25:53.956 65746 INFO tempest.lib.common.rest_client [req-b8179242-6a65-418a-95a0-ed42c13d948f req-b8179242-6a65-418a-95a0-ed42c13d948f ] Request (FloatingIPsAssociationTestJSON:setUpClass): 200 POST http://10.180.1.21/compute/v2.1/os-floating-ips 2.914s
2024-12-14 21:25:54.032 65746 INFO tempest.lib.common.rest_client [req-39f3c428-8bdd-4267-a709-54ee7a888171 req-39f3c428-8bdd-4267-a709-54ee7a888171 ] Request (FloatingIPsAssociationTestJSON:test_associate_already_associated_floating_ip): 201 POST http://10.180.1.21/identity/v3/auth/tokens 0.072s
2024-12-14 21:25:54.033 65746 INFO tempest.lib.common.fixed_network [-] (FloatingIPsAssociationTestJSON:test_associate_already_associated_floating_ip) Found network {'id': '4af60387-d0a3-4f03-b8e5-d5d077d095a7', 'name': 'tempest-FloatingIPsAssociationTestJSON-1375362274-network', 'tenant_id': '2b617628a416448382837708b5597204', 'admin_state_up': True, 'mtu': 8950, 'status': 'ACTIVE', 'subnets': [], 'shared': False, 'project_id': '2b617628a416448382837708b5597204', 'port_security_enabled': True, 'router:external': False, 'provider:network_type': 'vlan', 'provider:physical_network': 'default', 'provider:segmentation_id': 642, 'availability_zone_hints': [], 'availability_zones': [], 'ipv4_address_scope': None, 'ipv6_address_scope': None, 'description': '', 'tags': [], 'created_at': '2024-12-14T21:25:17Z', 'updated_at': '2024-12-14T21:25:17Z', 'revision_number': 1} available for tenant
2024-12-14 21:25:54.340 65742 INFO tempest.lib.common.rest_client [req-e93b26b7-8232-4a0c-bf84-f33f01ed03f9 req-e93b26b7-8232-4a0c-bf84-f33f01ed03f9 ] Request (ListImageFiltersTestJSON:setUpClass): 202 POST http://10.180.1.21/compute/v2.1/servers 2.858s
2024-12-14 21:25:54.548 65706 WARNING tempest.lib.common.ssh [-] Failed to establish authenticated ssh connection to cirros@10.180.180.226 ([Errno None] Unable to connect to port 22 on 10.180.180.226). Number attempts: 3. Retry after 4 seconds.: paramiko.ssh_exception.NoValidConnectionsError: [Errno None] Unable to connect to port 22 on 10.180.180.226
2024-12-14 21:25:54.898 65728 INFO tempest.lib.common.rest_client [req-d0edf7e5-1688-4e15-bbed-385e32e77562 req-d0edf7e5-1688-4e15-bbed-385e32e77562 ] Request (ServersTestJSON:setUpClass): 200 GET http://10.180.1.21/compute/v2.1/servers/3e81cc1d-d2a2-4efd-bdb1-858e463d857d 3.397s
2024-12-14 21:25:54.973 65732 INFO tempest.lib.common.rest_client [req-d377ad8d-d169-48da-a702-bd98618b8bef req-d377ad8d-d169-48da-a702-bd98618b8bef ] Request (ImagesOneServerTestJSON:setUpClass): 200 GET http://10.180.1.21/compute/v2.1/servers/e64fb81e-2e3e-4725-86d2-75d8c69a1c16 3.425s
2024-12-14 21:25:55.190 65702 INFO tempest.lib.common.rest_client [req-ffcbe28d-4e2d-4f7e-8141-074468c18157 req-ffcbe28d-4e2d-4f7e-8141-074468c18157 ] Request (ServerDiagnosticsTest:tearDownClass): 200 GET http://10.180.1.21/compute/v2.1/servers/b6671cb6-6333-47f7-a79d-bcef4f9831f8 3.504s
2024-12-14 21:25:55.252 65716 INFO tempest.lib.common.rest_client [req-271a0cc0-9233-41da-ae58-b5ffa259d475 req-271a0cc0-9233-41da-ae58-b5ffa259d475 ] Request (ServerDiagnosticsNegativeTest:test_get_server_diagnostics_by_non_admin): 200 GET http://10.180.1.21/compute/v2.1/servers/fd044e0c-bdba-421e-8942-7132389d2430 3.545s
2024-12-14 21:25:55.294 65744 INFO tempest.lib.common.rest_client [req-e622a6c8-a6dd-4ee5-8e55-558aa12b83e8 req-e622a6c8-a6dd-4ee5-8e55-558aa12b83e8 ] Request (VolumesSnapshotsTestJSON:test_volume_snapshot_create_get_list_delete): 200 GET http://10.180.1.21/compute/v2.1/os-volumes/f062aebe-ff7f-472b-a19f-86d348792f5f 3.562s
2024-12-14 21:25:55.297 65744 INFO tempest.common.waiters [-] volume f062aebe-ff7f-472b-a19f-86d348792f5f reached available after waiting for 0.297270 seconds
2024-12-14 21:25:55.334 65724 INFO tempest.lib.common.rest_client [req-d233c645-0d53-40ce-bd54-5cf2e61dc663 req-d233c645-0d53-40ce-bd54-5cf2e61dc663 ] Request (FloatingIPsAssociationNegativeTestJSON:_run_cleanups): 202 POST http://10.180.1.21/compute/v2.1/servers/e1197d80-5d4b-4130-96aa-35e246a2c8c2/action 3.854s
2024-12-14 21:25:55.407 65722 INFO tempest.lib.common.rest_client [req-fb51b5fa-08ec-46d5-9c9c-e3e9d126c3c8 req-fb51b5fa-08ec-46d5-9c9c-e3e9d126c3c8 ] Request (AttachVolumeTestJSON:test_attach_detach_volume): 200 GET http://10.180.1.21/compute/v2.1/servers/f5babee2-eada-48b0-99c6-eec3024633e2 3.560s
2024-12-14 21:25:55.427 65738 INFO tempest.lib.common.rest_client [req-0b804178-05e0-4da4-8023-f5458b2bccfc req-0b804178-05e0-4da4-8023-f5458b2bccfc ] Request (FlavorsAccessNegativeTestJSON:_run_cleanups): 200 GET http://10.180.1.21/compute/v2.1/flavors/detail 3.477s
2024-12-14 21:25:55.453 65750 INFO tempest.lib.common.rest_client [req-20c0e742-f7dc-48e7-a4fa-b02fda49a07a req-20c0e742-f7dc-48e7-a4fa-b02fda49a07a ] Request (AggregatesAdminNegativeTestJSON:_run_cleanups): 200 DELETE http://10.180.1.21/compute/v2.1/os-aggregates/6 3.496s
2024-12-14 21:25:55.478 65749 INFO tempest.lib.common.rest_client [req-f7947292-5563-45b8-88fb-eb8c4e447d8f req-f7947292-5563-45b8-88fb-eb8c4e447d8f ] Request (TenantUsagesTestJSON:setUpClass): 200 GET http://10.180.1.21/compute/v2.1/servers/6f139879-a83d-44cc-8d3a-4151114400ab 3.706s
2024-12-14 21:25:55.512 65714 INFO tempest.lib.common.rest_client [req-ad27d4a4-c0c9-466c-8847-ee519489013e req-ad27d4a4-c0c9-466c-8847-ee519489013e ] Request (ServersTestManualDisk:setUpClass): 200 POST http://10.180.1.21/compute/v2.1/os-keypairs 3.516s
2024-12-14 21:25:55.536 65738 INFO tempest.lib.common.rest_client [req-3e956335-b051-40dc-ad69-72bacdbc1c75 req-3e956335-b051-40dc-ad69-72bacdbc1c75 ] Request (FlavorsAccessNegativeTestJSON:tearDownClass): 204 DELETE http://10.180.1.21/identity/v3/users/45746a4f07f14eab8aa701a80496179c 0.101s
2024-12-14 21:25:55.636 65712 INFO tempest.lib.common.rest_client [req-330b2d9d-8257-432a-9eb4-90cc2117ffbe req-330b2d9d-8257-432a-9eb4-90cc2117ffbe ] Request (ServersAdmin275Test:_run_cleanups): 200 GET http://10.180.1.21/compute/v2.1/servers/b6e143fb-f149-40b7-ba96-1bf7f8b98274 3.318s
2024-12-14 21:25:55.647 65714 INFO tempest.lib.common.rest_client [req-20c2f8e5-c8fa-4391-bbfd-f7a226d73d9a req-20c2f8e5-c8fa-4391-bbfd-f7a226d73d9a ] Request (ServersTestManualDisk:setUpClass): 201 POST http://10.180.1.21:9696/networking/v2.0/security-groups 0.133s
2024-12-14 21:25:55.655 65736 INFO tempest.lib.common.rest_client [req-1f4ccd3b-3c3f-432f-90a1-e9539a8438df req-1f4ccd3b-3c3f-432f-90a1-e9539a8438df ] Request (ServicesAdminNegativeV253TestJSON:test_enable_service_with_invalid_service_id): 404 PUT http://10.180.1.21/compute/v2.1/os-services/92ac73cb-0630-443f-ae58-838158285be5 3.228s
2024-12-14 21:25:55.662 65738 INFO tempest.lib.common.rest_client [req-759129f8-7be8-45b7-a056-7193fa03a07b req-759129f8-7be8-45b7-a056-7193fa03a07b ] Request (FlavorsAccessNegativeTestJSON:tearDownClass): 204 DELETE http://10.180.1.21/identity/v3/users/ebd9721f663f4e55b7be943d9ca5ab1c 0.126s
2024-12-14 21:25:55.736 65696 INFO tempest.lib.common.rest_client [req-729050db-a175-45db-aeb4-cd1856ec48bd req-729050db-a175-45db-aeb4-cd1856ec48bd ] Request (DeleteServersAdminTestJSON:test_admin_delete_servers_of_others): 200 GET http://10.180.1.21/compute/v2.1/servers/8566dee0-0c78-4f80-9c3b-82890cd2f18f 3.139s
2024-12-14 21:25:55.746 65714 INFO tempest.lib.common.rest_client [req-a05ed83e-5281-46c7-8626-96722bda8f2b req-a05ed83e-5281-46c7-8626-96722bda8f2b ] Request (ServersTestManualDisk:setUpClass): 201 POST http://10.180.1.21:9696/networking/v2.0/security-group-rules 0.098s
2024-12-14 21:25:55.820 65708 INFO tempest.lib.common.rest_client [req-bd9075ca-60ec-485c-8481-a6fb5ed81933 req-bd9075ca-60ec-485c-8481-a6fb5ed81933 ] Request (InstanceActionsV221TestJSON:test_get_list_deleted_instance_actions): 200 GET http://10.180.1.21/compute/v2.1/servers/677cdcbd-4a38-4f74-9a1d-44cf3d9f8dde 2.937s
2024-12-14 21:25:55.844 65738 INFO tempest.lib.common.rest_client [req-d415678a-4a25-459b-bf0a-9ce5bfe68bb8 req-d415678a-4a25-459b-bf0a-9ce5bfe68bb8 ] Request (FlavorsAccessNegativeTestJSON:tearDownClass): 204 DELETE http://10.180.1.21/identity/v3/users/6ff05a43c56d40f1a4c726bc8da9138d 0.181s
2024-12-14 21:25:55.845 65738 INFO tempest.lib.common.dynamic_creds [-] Deleting project and security group for project: 1f3dcbfb6c1c44aba7dbeb1db55fc55e
2024-12-14 21:25:55.884 65714 INFO tempest.lib.common.rest_client [req-f2a88a8d-e6d3-4735-a0da-a700d6a8adce req-f2a88a8d-e6d3-4735-a0da-a700d6a8adce ] Request (ServersTestManualDisk:setUpClass): 201 POST http://10.180.1.21:9696/networking/v2.0/security-group-rules 0.136s
2024-12-14 21:25:55.925 65738 INFO tempest.lib.common.rest_client [req-c7bb0219-ef8e-49d3-bdb5-3447887406c4 req-c7bb0219-ef8e-49d3-bdb5-3447887406c4 ] Request (FlavorsAccessNegativeTestJSON:tearDownClass): 201 POST http://10.180.1.21/identity/v3/auth/tokens 0.080s
2024-12-14 21:25:56.081 65698 INFO tempest.lib.common.rest_client [req-8913ccaa-03be-4662-ba57-205857f8673f req-8913ccaa-03be-4662-ba57-205857f8673f ] Request (ServersAdminNegativeTestJSON:setUpClass): 200 GET http://10.180.1.21/compute/v2.1/servers/9e0e8583-ff9d-429f-9a13-f197392d3541 3.141s
2024-12-14 21:25:56.154 65726 INFO tempest.lib.common.rest_client [req-19b49d5d-3693-4e42-badd-a3a02b1c9633 req-19b49d5d-3693-4e42-badd-a3a02b1c9633 ] Request (AttachInterfacesTestJSON:test_create_list_show_delete_interfaces_by_fixed_ip): 200 GET http://10.180.1.21/compute/v2.1/servers/d8aaa7e5-cc47-4b7d-9d54-3c54d550e6cd 3.199s
2024-12-14 21:25:56.172 65754 INFO tempest.lib.common.rest_client [req-da932f53-2060-4c45-ad9c-6cc64c6dd69a req-da932f53-2060-4c45-ad9c-6cc64c6dd69a ] Request (FloatingIPDetailsTestJSON:tearDownClass): 202 DELETE http://10.180.1.21/compute/v2.1/os-floating-ips/c782d241-b311-437b-b78f-76e08936b963 4.077s
2024-12-14 21:25:56.177 65738 INFO tempest.lib.common.rest_client [req-800f6375-46ee-4dfd-bc54-2b6e9bc7f638 req-800f6375-46ee-4dfd-bc54-2b6e9bc7f638 ] Request (FlavorsAccessNegativeTestJSON:tearDownClass): 200 GET http://10.180.1.21:9696/networking/v2.0/security-groups?tenant_id=1f3dcbfb6c1c44aba7dbeb1db55fc55e&name=default 0.251s
2024-12-14 21:25:56.217 65740 INFO tempest.lib.common.rest_client [req-549a9e01-4b1e-4484-ac48-0b8d7ee8c355 req-549a9e01-4b1e-4484-ac48-0b8d7ee8c355 ] Request (ServersAaction247Test:test_create_backup): 200 GET http://10.180.1.21/compute/v2.1/servers/15961ea8-5a20-4e94-a8f8-ef0d64247334 3.058s
2024-12-14 21:25:56.232 65700 INFO tempest.lib.common.rest_client [req-b34add83-3480-4761-ab57-05543851a95c req-b34add83-3480-4761-ab57-05543851a95c ] Request (ServersAdminTestJSON:test_create_server_with_scheduling_hint): 200 GET http://10.180.1.21/compute/v2.1/servers/c2a52891-b71a-492a-aeaf-07817080b4df 2.862s
2024-12-14 21:25:56.292 65710 INFO tempest.lib.common.rest_client [req-ef07ff49-1b00-4d90-8218-7db9077072be req-ef07ff49-1b00-4d90-8218-7db9077072be ] Request (ServerDiagnosticsV248Test:tearDownClass): 200 GET http://10.180.1.21/compute/v2.1/servers/ab5afe79-cc50-4dde-b1df-49e9dd1d9fc4 2.887s
2024-12-14 21:25:56.303 65710 INFO tempest.common.waiters [-] State transition "ACTIVE/deleting" ==> "DELETED/None" after 4 second wait
2024-12-14 21:25:56.322 65738 INFO tempest.lib.common.rest_client [req-74c25fd3-da3b-43a2-b613-26bf8724f9e0 req-74c25fd3-da3b-43a2-b613-26bf8724f9e0 ] Request (FlavorsAccessNegativeTestJSON:tearDownClass): 204 DELETE http://10.180.1.21:9696/networking/v2.0/security-groups/f2b56789-6b19-49f8-a0fe-3ae73d0115ba 0.144s
2024-12-14 21:25:56.386 65738 INFO tempest.lib.common.rest_client [req-7b9ea7db-6a94-4e5f-94a0-27e6b846b206 req-7b9ea7db-6a94-4e5f-94a0-27e6b846b206 ] Request (FlavorsAccessNegativeTestJSON:tearDownClass): 204 DELETE http://10.180.1.21/identity/v3/projects/1f3dcbfb6c1c44aba7dbeb1db55fc55e 0.064s
2024-12-14 21:25:56.386 65738 INFO tempest.lib.common.dynamic_creds [-] Deleting project and security group for project: fe0a6afb55b84a8d81a5206e7ab361d5
2024-12-14 21:25:56.404 65692 INFO tempest.lib.common.rest_client [req-24acd7c0-ce0b-477d-9234-c3420e9b7b93 req-24acd7c0-ce0b-477d-9234-c3420e9b7b93 ] Request (ListServerFiltersTestJSON:setUpClass): 200 GET http://10.180.1.21/compute/v2.1/servers/510b63b8-1358-4e3f-8ce1-093b46f80f8b 2.509s
2024-12-14 21:25:56.423 65718 INFO tempest.lib.common.rest_client [req-cff9de18-125a-44f7-869c-d624ee5e6390 req-cff9de18-125a-44f7-869c-d624ee5e6390 ] Request (ServerExternalEventsTest:test_create_server_external_events): 200 GET http://10.180.1.21/compute/v2.1/servers/5c1463e5-18ae-42bd-9714-0a0d0b1add1f 2.452s
2024-12-14 21:25:56.429 65718 INFO tempest.common.waiters [-] State transition "BUILD/None" ==> "BUILD/spawning" after 22 second wait
2024-12-14 21:25:56.468 65714 INFO tempest.lib.common.rest_client [req-962ddba6-751c-47ef-8495-016c87fb934f req-962ddba6-751c-47ef-8495-016c87fb934f ] Request (ServersTestManualDisk:setUpClass): 201 POST http://10.180.1.21:9696/networking/v2.0/floatingips 0.584s
2024-12-14 21:25:56.493 65730 INFO tempest.lib.common.rest_client [req-eb931106-0491-4848-ae56-c1f09997f5d0 req-eb931106-0491-4848-ae56-c1f09997f5d0 ] Request (ServersTestBootFromVolume:setUpClass): 200 GET http://10.180.1.21/compute/v2.1/servers/87130834-359c-4d54-9cdf-f4a20a051a58 2.443s
2024-12-14 21:25:56.524 65738 INFO tempest.lib.common.rest_client [req-682d1442-ae3f-40ff-88c0-2ef5748f333b req-682d1442-ae3f-40ff-88c0-2ef5748f333b ] Request (FlavorsAccessNegativeTestJSON:tearDownClass): 200 GET http://10.180.1.21:9696/networking/v2.0/security-groups?tenant_id=fe0a6afb55b84a8d81a5206e7ab361d5&name=default 0.137s
2024-12-14 21:25:56.550 65714 INFO tempest.lib.common.rest_client [req-3e4b573a-5022-45af-af5b-1a94a700a757 req-3e4b573a-5022-45af-af5b-1a94a700a757 ] Request (ServersTestManualDisk:setUpClass): 201 POST http://10.180.1.21/identity/v3/auth/tokens 0.076s
2024-12-14 21:25:56.550 65714 INFO tempest.lib.common.fixed_network [-] (ServersTestManualDisk:setUpClass) Found network {'id': '2a229713-0538-4feb-8775-af0f733f5e3a', 'name': 'tempest-ServersTestManualDisk-98833304-network', 'tenant_id': '8b851cb9c7df43b78ada8a3cc3a18b19', 'admin_state_up': True, 'mtu': 8950, 'status': 'ACTIVE', 'subnets': [], 'shared': False, 'project_id': '8b851cb9c7df43b78ada8a3cc3a18b19', 'port_security_enabled': True, 'router:external': False, 'provider:network_type': 'vlan', 'provider:physical_network': 'default', 'provider:segmentation_id': 399, 'availability_zone_hints': [], 'availability_zones': [], 'ipv4_address_scope': None, 'ipv6_address_scope': None, 'description': '', 'tags': [], 'created_at': '2024-12-14T21:25:49Z', 'updated_at': '2024-12-14T21:25:49Z', 'revision_number': 1} available for tenant
2024-12-14 21:25:56.575 65720 INFO tempest.lib.common.rest_client [req-66809c3d-acd2-43f1-ac8d-40950c69a09b req-66809c3d-acd2-43f1-ac8d-40950c69a09b ] Request (MigrationsAdminTest:test_list_migrations_in_flavor_resize_situation): 200 GET http://10.180.1.21/compute/v2.1/servers/a524b227-c5db-40bb-ab1c-e29d098af26d 2.465s
2024-12-14 21:25:56.613 65738 INFO tempest.lib.common.rest_client [req-e779521e-d9d8-4947-8a4a-74100b11fdc3 req-e779521e-d9d8-4947-8a4a-74100b11fdc3 ] Request (FlavorsAccessNegativeTestJSON:tearDownClass): 204 DELETE http://10.180.1.21:9696/networking/v2.0/security-groups/9e4ae004-8b76-499a-95d0-d7736d548470 0.088s
2024-12-14 21:25:56.651 65734 INFO tempest.lib.common.rest_client [req-0664e0b2-faf6-47aa-ba42-c2e15637c57f req-0664e0b2-faf6-47aa-ba42-c2e15637c57f ] Request (ImagesNegativeTestJSON:test_create_image_from_deleted_server): 200 GET http://10.180.1.21/compute/v2.1/servers/fa0cdd8f-05b3-4cf1-826c-4509f5e8d299 2.459s
2024-12-14 21:25:56.708 65738 INFO tempest.lib.common.rest_client [req-ca9473e6-9095-4c17-9dbf-7a74ce63776b req-ca9473e6-9095-4c17-9dbf-7a74ce63776b ] Request (FlavorsAccessNegativeTestJSON:tearDownClass): 204 DELETE http://10.180.1.21/identity/v3/projects/fe0a6afb55b84a8d81a5206e7ab361d5 0.095s
2024-12-14 21:25:56.709 65738 INFO tempest.lib.common.dynamic_creds [-] Deleting project and security group for project: eef41e2f52a4479bab2b5ad7704e8271
2024-12-14 21:25:56.717 65704 INFO tempest.lib.common.rest_client [req-baa5434c-241d-419e-9c68-c6ce37e7dca8 req-baa5434c-241d-419e-9c68-c6ce37e7dca8 ] Request (ImagesTestJSON:test_create_image_from_stopped_server): 200 GET http://10.180.1.21/compute/v2.1/servers/cb685d54-5abc-432a-8289-1a0b8fe733db 2.422s
2024-12-14 21:25:56.794 65742 INFO tempest.lib.common.rest_client [req-bf873d2b-598e-4245-adcb-faf1255d798e req-bf873d2b-598e-4245-adcb-faf1255d798e ] Request (ListImageFiltersTestJSON:setUpClass): 200 GET http://10.180.1.21/compute/v2.1/servers/1959ec2b-4161-4820-b1f9-f8c3b8c3bf34 2.452s
2024-12-14 21:25:56.822 65746 INFO tempest.lib.common.rest_client [req-d2269684-cbce-4440-b437-a2cef017fe30 req-d2269684-cbce-4440-b437-a2cef017fe30 ] Request (FloatingIPsAssociationTestJSON:test_associate_already_associated_floating_ip): 202 POST http://10.180.1.21/compute/v2.1/servers 2.789s
2024-12-14 21:25:56.891 65738 INFO tempest.lib.common.rest_client [req-baa9a392-c501-488f-b44a-83bba9fdb4d9 req-baa9a392-c501-488f-b44a-83bba9fdb4d9 ] Request (FlavorsAccessNegativeTestJSON:tearDownClass): 200 GET http://10.180.1.21:9696/networking/v2.0/security-groups?tenant_id=eef41e2f52a4479bab2b5ad7704e8271&name=default 0.182s
2024-12-14 21:25:56.999 65744 INFO tempest.lib.common.rest_client [req-854f1969-6b09-4424-b0f5-4fe1931588bd req-854f1969-6b09-4424-b0f5-4fe1931588bd ] Request (VolumesSnapshotsTestJSON:test_volume_snapshot_create_get_list_delete): 200 POST http://10.180.1.21/compute/v2.1/os-snapshots 1.702s
2024-12-14 21:25:57.022 65750 INFO tempest.lib.common.rest_client [req-7b7f96c9-9f6a-4a72-9300-206fc0e32b9e req-7b7f96c9-9f6a-4a72-9300-206fc0e32b9e ] Request (AggregatesAdminNegativeTestJSON:test_aggregate_get_details_with_invalid_id): 404 GET http://10.180.1.21/compute/v2.1/os-aggregates/-1 1.566s
2024-12-14 21:25:57.059 65736 INFO tempest.lib.common.rest_client [req-cd1b9a85-4cbb-4be4-8fd3-a3e612d0bd56 req-cd1b9a85-4cbb-4be4-8fd3-a3e612d0bd56 ] Request (ServicesAdminNegativeV253TestJSON:test_get_service_by_invalid_params): 200 GET http://10.180.1.21/compute/v2.1/os-services 1.403s
2024-12-14 21:25:57.182 65738 INFO tempest.lib.common.rest_client [req-03f93387-329c-47ce-8faf-42b6b322ba9e req-03f93387-329c-47ce-8faf-42b6b322ba9e ] Request (FlavorsAccessNegativeTestJSON:tearDownClass): 204 DELETE http://10.180.1.21:9696/networking/v2.0/security-groups/e4c9071c-7ccb-498e-afa0-26de22ded230 0.291s
2024-12-14 21:25:57.288 65738 INFO tempest.lib.common.rest_client [req-d81c6245-32d3-496f-befc-d859d39c4b96 req-d81c6245-32d3-496f-befc-d859d39c4b96 ] Request (FlavorsAccessNegativeTestJSON:tearDownClass): 204 DELETE http://10.180.1.21/identity/v3/projects/eef41e2f52a4479bab2b5ad7704e8271 0.105s
2024-12-14 21:25:57.298 65728 INFO tempest.lib.common.rest_client [req-4de85d74-4771-4b25-b10e-a9ba0e030a90 req-4de85d74-4771-4b25-b10e-a9ba0e030a90 ] Request (ServersTestJSON:setUpClass): 200 GET http://10.180.1.21/compute/v2.1/servers/3e81cc1d-d2a2-4efd-bdb1-858e463d857d 1.389s
2024-12-14 21:25:57.304 65728 INFO tempest.common.waiters [-] State transition "BUILD/spawning" ==> "ACTIVE/None" after 26 second wait
2024-12-14 21:25:57.361 65732 INFO tempest.lib.common.rest_client [req-fe0e640b-2986-4fb2-b619-905403818a73 req-fe0e640b-2986-4fb2-b619-905403818a73 ] Request (ImagesOneServerTestJSON:setUpClass): 200 GET http://10.180.1.21/compute/v2.1/servers/e64fb81e-2e3e-4725-86d2-75d8c69a1c16 1.377s
2024-12-14 21:25:57.363 65738 INFO tempest.lib.common.rest_client [req-200df16d-3090-4a81-9792-1f6af9d5e50b req-200df16d-3090-4a81-9792-1f6af9d5e50b ] Request (ImagesDeleteNegativeTestJSON:setUpClass): 201 POST http://10.180.1.21/identity/v3/auth/tokens 0.074s
2024-12-14 21:25:57.400 65738 INFO tempest.lib.common.rest_client [req-e07942c1-20e0-4aef-ae4a-b14fdd3b5b36 req-e07942c1-20e0-4aef-ae4a-b14fdd3b5b36 ] Request (ImagesDeleteNegativeTestJSON:setUpClass): 201 POST http://10.180.1.21/identity/v3/auth/tokens 0.032s
2024-12-14 21:25:57.442 65738 INFO tempest.lib.common.rest_client [req-8dc46f27-75d6-4618-9d46-0b51ff651ff8 req-8dc46f27-75d6-4618-9d46-0b51ff651ff8 ] Request (ImagesDeleteNegativeTestJSON:setUpClass): 200 GET http://10.180.1.21/identity/v3/domains?name=Default 0.039s
2024-12-14 21:25:57.473 65738 INFO tempest.lib.common.rest_client [req-606276b3-9d93-44a5-97ea-a4a61b0bb683 req-606276b3-9d93-44a5-97ea-a4a61b0bb683 ] Request (ImagesDeleteNegativeTestJSON:setUpClass): 201 POST http://10.180.1.21/identity/v3/projects 0.031s
2024-12-14 21:25:57.516 65724 INFO tempest.lib.common.rest_client [req-7d36255e-cbcf-4485-b697-03c627a0345d req-7d36255e-cbcf-4485-b697-03c627a0345d ] Request (FloatingIPsAssociationNegativeTestJSON:_run_cleanups): 202 DELETE http://10.180.1.21/compute/v2.1/os-floating-ips/3f2b3a2d-bffc-46be-8e8b-630e5ebe0d0c 2.182s
2024-12-14 21:25:57.551 65738 INFO tempest.lib.common.rest_client [req-d0957650-b1d0-4348-a5fb-1587e0e5a318 req-d0957650-b1d0-4348-a5fb-1587e0e5a318 ] Request (ImagesDeleteNegativeTestJSON:setUpClass): 201 POST http://10.180.1.21/identity/v3/users 0.077s
2024-12-14 21:25:57.574 65738 INFO tempest.lib.common.rest_client [req-ad39e5e9-65e6-44a6-9c5c-07796cdb074d req-ad39e5e9-65e6-44a6-9c5c-07796cdb074d ] Request (ImagesDeleteNegativeTestJSON:setUpClass): 200 GET http://10.180.1.21/identity/v3/roles 0.022s
2024-12-14 21:25:57.611 65738 INFO tempest.lib.common.rest_client [req-4dc72140-e1f2-497f-965b-9fbc2aef7404 req-4dc72140-e1f2-497f-965b-9fbc2aef7404 ] Request (ImagesDeleteNegativeTestJSON:setUpClass): 204 PUT http://10.180.1.21/identity/v3/projects/49e2b9e154dc4a70a43a0d44e380c6e5/users/a055ce84eb7440ecb4a2bebb1c38136b/roles/f68f4bf8e01649ae964b6889872d97ca 0.036s
2024-12-14 21:25:57.611 65738 INFO tempest.lib.common.dynamic_creds [-] Dynamic test user a055ce84eb7440ecb4a2bebb1c38136b is created with scope project and roles: ['member']
