2024-12-14 21:26:29.417 65732 INFO tempest.lib.common.rest_client [req-e1668973-33b1-4b68-9e19-f1568bce668f req-e1668973-33b1-4b68-9e19-f1568bce668f ] Request (ImagesOneServerTestJSON:test_create_delete_image): 200 GET http://10.180.1.21/compute/v2.1/images/b9a088e1-342b-4aea-93ba-c72e66d47323 0.040s
2024-12-14 21:26:29.439 65712 INFO tempest.lib.common.rest_client [req-7b730b99-e804-4329-9152-5e3ac2dd7883 req-7b730b99-e804-4329-9152-5e3ac2dd7883 ] Request (ServersAdmin275Test:tearDownClass): 200 GET http://10.180.1.21/compute/v2.1/servers/b6e143fb-f149-40b7-ba96-1bf7f8b98274 0.088s
2024-12-14 21:26:29.533 65714 INFO tempest.lib.common.rest_client [req-4098a31a-4cda-47c6-92ec-170f6ed6353b req-4098a31a-4cda-47c6-92ec-170f6ed6353b ] Request (ServersTestManualDisk:setUpClass): 200 GET http://10.180.1.21/compute/v2.1/servers/0660533d-43d0-4ef6-9c38-da3267000db9 0.084s
2024-12-14 21:26:29.629 65749 INFO tempest.lib.common.rest_client [req-aedc4af3-fba2-4a77-96fa-59489b01f2c8 req-aedc4af3-fba2-4a77-96fa-59489b01f2c8 ] Request (TenantUsagesTestJSON:tearDownClass): 200 GET http://10.180.1.21/compute/v2.1/servers/6f139879-a83d-44cc-8d3a-4151114400ab 0.142s
2024-12-14 21:26:29.648 65710 INFO tempest.lib.common.rest_client [req-593213a4-9bd5-41ef-9485-94c9024b3e7f req-593213a4-9bd5-41ef-9485-94c9024b3e7f ] Request (FloatingIPDetailsNegativeTestJSON:tearDownClass): 204 DELETE http://10.180.1.21:9696/networking/v2.0/networks/5f1f0dcd-7d43-4f6f-ac29-cab3d6c818ff 0.246s
2024-12-14 21:26:29.704 65750 INFO tempest.lib.common.rest_client [req-3de40c4c-cf41-4ad8-9e4d-7f553e4285d5 req-3de40c4c-cf41-4ad8-9e4d-7f553e4285d5 ] Request (ServersWithSpecificFlavorTestJSON:test_verify_created_server_ephemeral_disk): 200 GET http://10.180.1.21/compute/v2.1/servers/377d1f02-5d0a-49f8-881d-e6d9a1755a17 0.190s
2024-12-14 21:26:29.744 65710 INFO tempest.lib.common.rest_client [req-ae069dd4-c130-42e2-9f11-00700cd50720 req-ae069dd4-c130-42e2-9f11-00700cd50720 ] Request (FloatingIPDetailsNegativeTestJSON:tearDownClass): 204 DELETE http://10.180.1.21/identity/v3/users/be3835802af5403880d1aa8c2b49eb0f 0.093s
2024-12-14 21:26:29.745 65710 INFO tempest.lib.common.dynamic_creds [-] Deleting project and security group for project: 9a3c5c80707c445d9c5306fb41a5f849
2024-12-14 21:26:29.761 65730 INFO tempest.lib.common.rest_client [req-9b807e6c-c729-42fe-9656-b233b09eb172 req-9b807e6c-c729-42fe-9656-b233b09eb172 ] Request (ServersTestBootFromVolume:setUpClass): 200 GET http://10.180.1.21/compute/v2.1/servers/87130834-359c-4d54-9cdf-f4a20a051a58 0.363s
2024-12-14 21:26:29.783 65710 INFO tempest.lib.common.rest_client [req-c6dbaa42-628a-4b52-afb5-4d3351289037 req-c6dbaa42-628a-4b52-afb5-4d3351289037 ] Request (FloatingIPDetailsNegativeTestJSON:tearDownClass): 200 GET http://10.180.1.21:9696/networking/v2.0/security-groups?tenant_id=9a3c5c80707c445d9c5306fb41a5f849&name=default 0.038s
2024-12-14 21:26:29.799 65722 INFO tempest.lib.common.rest_client [req-83958b9d-0c7b-4933-90fd-8cf84cf21e61 req-83958b9d-0c7b-4933-90fd-8cf84cf21e61 ] Request (AttachVolumeTestJSON:test_attach_detach_volume): 200 GET http://10.180.1.21/compute/v2.1/servers/f5babee2-eada-48b0-99c6-eec3024633e2 0.239s
2024-12-14 21:26:29.859 65746 INFO tempest.lib.common.rest_client [req-193e30ef-be10-4053-b2ac-a81438623738 req-193e30ef-be10-4053-b2ac-a81438623738 ] Request (FloatingIPsAssociationTestJSON:test_associate_already_associated_floating_ip): 200 GET http://10.180.1.21/compute/v2.1/servers/3f8868e3-39fe-46e8-8023-49ef66811c84 0.203s
2024-12-14 21:26:29.919 65710 INFO tempest.lib.common.rest_client [req-234b912f-7381-4ff6-aa29-6542570c1cfe req-234b912f-7381-4ff6-aa29-6542570c1cfe ] Request (FloatingIPDetailsNegativeTestJSON:tearDownClass): 204 DELETE http://10.180.1.21:9696/networking/v2.0/security-groups/dd4cc1dc-f36b-4ac6-9d77-331213ae9adc 0.135s
2024-12-14 21:26:29.942 65708 INFO tempest.lib.common.rest_client [req-cc04b780-c5e5-4dab-9bd5-b24ab36207b2 req-cc04b780-c5e5-4dab-9bd5-b24ab36207b2 ] Request (InstanceActionsV221TestJSON:test_get_list_deleted_instance_actions): 200 GET http://10.180.1.21/compute/v2.1/servers/677cdcbd-4a38-4f74-9a1d-44cf3d9f8dde 0.234s
2024-12-14 21:26:30.011 65726 INFO tempest.lib.common.rest_client [req-31378030-b709-4dee-88fc-99a648802f96 req-31378030-b709-4dee-88fc-99a648802f96 ] Request (AttachInterfacesTestJSON:test_create_list_show_delete_interfaces_by_fixed_ip): 200 GET http://10.180.1.21/compute/v2.1/servers/d8aaa7e5-cc47-4b7d-9d54-3c54d550e6cd 0.261s
2024-12-14 21:26:30.019 65726 INFO tempest.common.waiters [-] State transition "BUILD/None" ==> "BUILD/networking" after 48 second wait
2024-12-14 21:26:30.037 65716 INFO tempest.lib.common.rest_client [req-29106db2-a1bc-49e7-81ed-c82e953dc5a2 req-29106db2-a1bc-49e7-81ed-c82e953dc5a2 ] Request (ServerDiagnosticsNegativeTest:test_get_server_diagnostics_by_non_admin): 200 GET http://10.180.1.21/compute/v2.1/servers/fd044e0c-bdba-421e-8942-7132389d2430 0.347s
2024-12-14 21:26:30.065 65710 INFO tempest.lib.common.rest_client [req-56a917cb-f4a8-4533-9ed4-2d5c9fa9f804 req-56a917cb-f4a8-4533-9ed4-2d5c9fa9f804 ] Request (FloatingIPDetailsNegativeTestJSON:tearDownClass): 204 DELETE http://10.180.1.21/identity/v3/projects/9a3c5c80707c445d9c5306fb41a5f849 0.145s
2024-12-14 21:26:30.104 65692 INFO tempest.lib.common.rest_client [req-c64fb1c1-8162-4699-9745-fc95d1db9bee req-c64fb1c1-8162-4699-9745-fc95d1db9bee ] Request (ListServerFiltersTestJSON:tearDownClass): 200 GET http://10.180.1.21/compute/v2.1/servers/510b63b8-1358-4e3f-8ce1-093b46f80f8b 0.299s
2024-12-14 21:26:30.114 65694 WARNING tempest.lib.common.ssh [-] Failed to establish authenticated ssh connection to cirros@10.180.180.149 ([Errno None] Unable to connect to port 22 on 10.180.180.149). Number attempts: 6. Retry after 7 seconds.: paramiko.ssh_exception.NoValidConnectionsError: [Errno None] Unable to connect to port 22 on 10.180.180.149
2024-12-14 21:26:30.119 65754 INFO tempest.lib.common.rest_client [req-449ef528-1d90-4810-b7a9-aa6af5814b3a req-449ef528-1d90-4810-b7a9-aa6af5814b3a ] Request (ServerRescueTestJSONUnderV235:setUpClass): 200 GET http://10.180.1.21/compute/v2.1/servers/0971d049-f5b5-44d0-982f-4bf351d245cb 0.306s
2024-12-14 21:26:30.136 65710 INFO tempest.lib.common.rest_client [req-d8561a6a-68d7-475c-bd26-2abe0ac442b2 req-d8561a6a-68d7-475c-bd26-2abe0ac442b2 ] Request (ImagesOneServerNegativeTestJSON:setUpClass): 201 POST http://10.180.1.21/identity/v3/auth/tokens 0.069s
2024-12-14 21:26:30.178 65710 INFO tempest.lib.common.rest_client [req-5cdd68e0-b66b-442f-b274-8244a0c7aee3 req-5cdd68e0-b66b-442f-b274-8244a0c7aee3 ] Request (ImagesOneServerNegativeTestJSON:setUpClass): 201 POST http://10.180.1.21/identity/v3/auth/tokens 0.037s
2024-12-14 21:26:30.222 65700 INFO tempest.lib.common.rest_client [req-92adac1a-bc92-4ff9-ac65-eb5aca836cef req-92adac1a-bc92-4ff9-ac65-eb5aca836cef ] Request (ServersAdminTestJSON:test_create_server_with_scheduling_hint): 200 GET http://10.180.1.21/compute/v2.1/servers/c2a52891-b71a-492a-aeaf-07817080b4df 0.287s
2024-12-14 21:26:30.224 65710 INFO tempest.lib.common.rest_client [req-47386a89-0907-4fa4-8064-12fae613c01e req-47386a89-0907-4fa4-8064-12fae613c01e ] Request (ImagesOneServerNegativeTestJSON:setUpClass): 200 GET http://10.180.1.21/identity/v3/domains?name=Default 0.045s
2024-12-14 21:26:30.230 65740 INFO tempest.lib.common.rest_client [req-06f02a21-de28-4522-a899-f5206c9d378e req-06f02a21-de28-4522-a899-f5206c9d378e ] Request (ServersAaction247Test:test_create_backup): 200 GET http://10.180.1.21/compute/v2.1/servers/15961ea8-5a20-4e94-a8f8-ef0d64247334 0.293s
2024-12-14 21:26:30.278 65710 INFO tempest.lib.common.rest_client [req-f40c05d0-44a2-4f18-b214-c52902b6eeb4 req-f40c05d0-44a2-4f18-b214-c52902b6eeb4 ] Request (ImagesOneServerNegativeTestJSON:setUpClass): 201 POST http://10.180.1.21/identity/v3/projects 0.050s
2024-12-14 21:26:30.328 65696 INFO tempest.lib.common.rest_client [req-ae7efab7-3ba2-4b2c-b2e3-9c5f145bc09e req-ae7efab7-3ba2-4b2c-b2e3-9c5f145bc09e ] Request (DeleteServersAdminTestJSON:test_delete_server_while_in_error_state): 200 GET http://10.180.1.21/compute/v2.1/servers/dd96b62a-b50b-46aa-8dce-af6d87bc7f6c 0.323s
2024-12-14 21:26:30.336 65698 INFO tempest.lib.common.rest_client [req-56af3b33-06ea-4775-8b0a-a18490dde57f req-56af3b33-06ea-4775-8b0a-a18490dde57f ] Request (ServersAdminNegativeTestJSON:test_migrate_server_invalid_state): 200 GET http://10.180.1.21/compute/v2.1/servers/0ec9dc4f-a2dd-4112-b8d0-c3c3c6ac82b9 0.319s
2024-12-14 21:26:30.347 65710 INFO tempest.lib.common.rest_client [req-8af1f895-3746-428f-aa87-c27a982f5230 req-8af1f895-3746-428f-aa87-c27a982f5230 ] Request (ImagesOneServerNegativeTestJSON:setUpClass): 201 POST http://10.180.1.21/identity/v3/users 0.068s
2024-12-14 21:26:30.352 65702 INFO tempest.lib.common.rest_client [req-62d559c6-a4d5-4194-a0d8-581f59460967 req-62d559c6-a4d5-4194-a0d8-581f59460967 ] Request (SecurityGroupRulesTestJSON:setUpClass): 201 POST http://10.180.1.21:9696/networking/v2.0/routers 1.485s
2024-12-14 21:26:30.371 65710 INFO tempest.lib.common.rest_client [req-1b3464bf-1e74-4eec-b7b6-650a25cf715e req-1b3464bf-1e74-4eec-b7b6-650a25cf715e ] Request (ImagesOneServerNegativeTestJSON:setUpClass): 200 GET http://10.180.1.21/identity/v3/roles 0.023s
2024-12-14 21:26:30.402 65710 INFO tempest.lib.common.rest_client [req-449f6659-c2e0-4b89-abeb-35a70c1770b5 req-449f6659-c2e0-4b89-abeb-35a70c1770b5 ] Request (ImagesOneServerNegativeTestJSON:setUpClass): 204 PUT http://10.180.1.21/identity/v3/projects/323f469402294e11ba18af98d5227f31/users/4842e6bf00d949efac5d9a9ebb05859b/roles/f68f4bf8e01649ae964b6889872d97ca 0.031s
2024-12-14 21:26:30.402 65710 INFO tempest.lib.common.dynamic_creds [-] Dynamic test user 4842e6bf00d949efac5d9a9ebb05859b is created with scope project and roles: ['member']
2024-12-14 21:26:30.403 65710 INFO tempest.lib.common.dynamic_creds [-] Acquired dynamic creds: credentials: Credentials: {'domain_id': 'default', 'domain_name': 'Default', 'username': 'tempest-ImagesOneServerNegativeTestJSON-1083457121-project-member', 'project_domain_id': 'default', 'project_domain_name': 'Default', 'project_id': '323f469402294e11ba18af98d5227f31', 'project_name': 'tempest-ImagesOneServerNegativeTestJSON-1083457121', 'tenant_id': '323f469402294e11ba18af98d5227f31', 'tenant_name': 'tempest-ImagesOneServerNegativeTestJSON-1083457121', 'user_domain_id': 'default', 'user_domain_name': 'Default', 'user_id': '4842e6bf00d949efac5d9a9ebb05859b', 'system': None}, Network: None, Subnet: None, Router: None
2024-12-14 21:26:30.408 65720 INFO tempest.lib.common.rest_client [req-6573eecc-9c9c-4c3b-99f4-a35dcea113f3 req-6573eecc-9c9c-4c3b-99f4-a35dcea113f3 ] Request (MigrationsAdminTest:test_resize_server_revert_deleted_flavor): 200 GET http://10.180.1.21/compute/v2.1/servers/80e54a65-d1da-44d8-9c3a-de2bf54ae4bf 0.340s
2024-12-14 21:26:30.440 65724 INFO tempest.lib.common.rest_client [req-76c57f2f-8226-4a83-bef8-b022955d541b req-76c57f2f-8226-4a83-bef8-b022955d541b ] Request (FloatingIPsAssociationNegativeTestJSON:tearDownClass): 200 GET http://10.180.1.21/compute/v2.1/servers/e1197d80-5d4b-4130-96aa-35e246a2c8c2 0.329s
2024-12-14 21:26:30.475 65710 INFO tempest.lib.common.rest_client [req-ee4062f8-1fc6-4af1-bd6d-63bf2b44e680 req-ee4062f8-1fc6-4af1-bd6d-63bf2b44e680 ] Request (ImagesOneServerNegativeTestJSON:setUpClass): 201 POST http://10.180.1.21/identity/v3/auth/tokens 0.072s
2024-12-14 21:26:30.481 65734 INFO tempest.lib.common.rest_client [req-63bee549-6263-40dc-912c-46c33806d3a4 req-63bee549-6263-40dc-912c-46c33806d3a4 ] Request (ImagesNegativeTestJSON:test_create_image_from_deleted_server): 200 GET http://10.180.1.21/compute/v2.1/servers/fa0cdd8f-05b3-4cf1-826c-4509f5e8d299 0.353s
2024-12-14 21:26:30.483 65704 INFO tempest.lib.common.rest_client [req-5e4a4dfc-2e8b-4d55-8c4a-792b96ef76ca req-5e4a4dfc-2e8b-4d55-8c4a-792b96ef76ca ] Request (ImagesTestJSON:test_create_image_from_stopped_server): 200 GET http://10.180.1.21/compute/v2.1/images/eabc4495-8be8-4f3c-bb5d-ccdfe955c0a1 0.333s
2024-12-14 21:26:30.570 65718 INFO tempest.lib.common.rest_client [req-3034a3c0-1a7a-45a7-97de-e660ed8321b2 req-3034a3c0-1a7a-45a7-97de-e660ed8321b2 ] Request (ServerExternalEventsTest:tearDownClass): 200 GET http://10.180.1.21/compute/v2.1/servers/5c1463e5-18ae-42bd-9714-0a0d0b1add1f 0.306s
2024-12-14 21:26:30.591 65738 INFO tempest.lib.common.rest_client [req-a077e3b5-2d8c-49c9-a80b-fcac21b980fa req-a077e3b5-2d8c-49c9-a80b-fcac21b980fa ] Request (ServerActionsTestOtherB:setUpClass): 200 GET http://10.180.1.21/compute/v2.1/servers/700b04cd-ed0c-420b-b725-e1dcf1970601 0.339s
2024-12-14 21:26:30.645 65742 INFO tempest.lib.common.rest_client [req-f78c6c95-ff8f-4100-b182-c898770ee93e req-f78c6c95-ff8f-4100-b182-c898770ee93e ] Request (ListImageFiltersTestJSON:setUpClass): 200 GET http://10.180.1.21/compute/v2.1/servers/1959ec2b-4161-4820-b1f9-f8c3b8c3bf34 0.328s
2024-12-14 21:26:30.750 65712 INFO tempest.lib.common.rest_client [req-f21168f5-eb4f-4703-bad4-c95b922d1cfe req-f21168f5-eb4f-4703-bad4-c95b922d1cfe ] Request (ServersAdmin275Test:tearDownClass): 200 GET http://10.180.1.21/compute/v2.1/servers/b6e143fb-f149-40b7-ba96-1bf7f8b98274 0.296s
2024-12-14 21:26:30.842 65714 INFO tempest.lib.common.rest_client [req-2ee9c205-c9b4-42cf-a43f-5c6e80f09ad8 req-2ee9c205-c9b4-42cf-a43f-5c6e80f09ad8 ] Request (ServersTestManualDisk:setUpClass): 200 GET http://10.180.1.21/compute/v2.1/servers/0660533d-43d0-4ef6-9c38-da3267000db9 0.302s
2024-12-14 21:26:30.899 65706 WARNING tempest.lib.common.ssh [-] Failed to establish authenticated ssh connection to cirros@10.180.180.226 ([Errno None] Unable to connect to port 22 on 10.180.180.226). Number attempts: 7. Retry after 8 seconds.: paramiko.ssh_exception.NoValidConnectionsError: [Errno None] Unable to connect to port 22 on 10.180.180.226
2024-12-14 21:26:30.936 65749 INFO tempest.lib.common.rest_client [req-6f4d82e8-d0ff-4a60-a154-ceb150e97361 req-6f4d82e8-d0ff-4a60-a154-ceb150e97361 ] Request (TenantUsagesTestJSON:tearDownClass): 200 GET http://10.180.1.21/compute/v2.1/servers/6f139879-a83d-44cc-8d3a-4151114400ab 0.299s
2024-12-14 21:26:31.005 65750 INFO tempest.lib.common.rest_client [req-0c5a4d0f-c8cb-407f-8fe4-15d497baf8b1 req-0c5a4d0f-c8cb-407f-8fe4-15d497baf8b1 ] Request (ServersWithSpecificFlavorTestJSON:test_verify_created_server_ephemeral_disk): 200 GET http://10.180.1.21/compute/v2.1/servers/377d1f02-5d0a-49f8-881d-e6d9a1755a17 0.292s
2024-12-14 21:26:31.083 65710 INFO tempest.lib.common.rest_client [req-15593f6c-2079-4d65-bcdf-e1ea8676c25f req-15593f6c-2079-4d65-bcdf-e1ea8676c25f ] Request (ImagesOneServerNegativeTestJSON:setUpClass): 201 POST http://10.180.1.21:9696/networking/v2.0/networks 0.608s
2024-12-14 21:26:31.214 65730 INFO tempest.lib.common.rest_client [req-e1e37ebd-cf9f-468e-9d49-835edd34c838 req-e1e37ebd-cf9f-468e-9d49-835edd34c838 ] Request (ServersTestBootFromVolume:setUpClass): 200 GET http://10.180.1.21/compute/v2.1/servers/87130834-359c-4d54-9cdf-f4a20a051a58 0.444s
2024-12-14 21:26:31.228 65730 INFO tempest.common.waiters [-] State transition "BUILD/spawning" ==> "ACTIVE/None" after 52 second wait
2024-12-14 21:26:31.277 65722 INFO tempest.lib.common.rest_client [req-6dfc2273-c78d-43ed-a23b-7f835c5541b5 req-6dfc2273-c78d-43ed-a23b-7f835c5541b5 ] Request (AttachVolumeTestJSON:test_attach_detach_volume): 200 GET http://10.180.1.21/compute/v2.1/servers/f5babee2-eada-48b0-99c6-eec3024633e2 0.464s
2024-12-14 21:26:31.337 65746 INFO tempest.lib.common.rest_client [req-0b1fe966-9f24-4064-8cd5-730876e1a3d4 req-0b1fe966-9f24-4064-8cd5-730876e1a3d4 ] Request (FloatingIPsAssociationTestJSON:test_associate_already_associated_floating_ip): 200 GET http://10.180.1.21/compute/v2.1/servers/3f8868e3-39fe-46e8-8023-49ef66811c84 0.471s
2024-12-14 21:26:31.372 65710 INFO tempest.lib.common.rest_client [req-c4506cc4-cb4f-4e8f-9f2c-2fc3f53833ee req-c4506cc4-cb4f-4e8f-9f2c-2fc3f53833ee ] Request (ImagesOneServerNegativeTestJSON:setUpClass): 201 POST http://10.180.1.21:9696/networking/v2.0/subnets 0.289s
2024-12-14 21:26:31.409 65708 INFO tempest.lib.common.rest_client [req-abf622b2-287f-4763-aa61-631cc1d9ed5e req-abf622b2-287f-4763-aa61-631cc1d9ed5e ] Request (InstanceActionsV221TestJSON:test_get_list_deleted_instance_actions): 200 GET http://10.180.1.21/compute/v2.1/servers/677cdcbd-4a38-4f74-9a1d-44cf3d9f8dde 0.457s
2024-12-14 21:26:31.485 65702 INFO tempest.lib.common.rest_client [req-5f3c8376-4946-4c10-b212-6c362b243963 req-5f3c8376-4946-4c10-b212-6c362b243963 ] Request (SecurityGroupRulesTestJSON:setUpClass): 200 PUT http://10.180.1.21:9696/networking/v2.0/routers/a03adeb4-8ad0-4ca3-9f4f-665f53cd63d9/add_router_interface 1.132s
2024-12-14 21:26:31.485 65702 INFO tempest.lib.common.dynamic_creds [-] Created isolated network resources for: credentials: Credentials: {'domain_id': 'default', 'domain_name': 'Default', 'username': 'tempest-SecurityGroupRulesTestJSON-1742055576-project-member', 'project_domain_id': 'default', 'project_domain_name': 'Default', 'project_id': '722998ee6b85455e8277c31ac7aa1c66', 'project_name': 'tempest-SecurityGroupRulesTestJSON-1742055576', 'tenant_id': '722998ee6b85455e8277c31ac7aa1c66', 'tenant_name': 'tempest-SecurityGroupRulesTestJSON-1742055576', 'user_domain_id': 'default', 'user_domain_name': 'Default', 'user_id': '90c9722a427e4a45b0733d0e9ec69f0e', 'system': None}, Network: {'id': 'cb985538-c16c-40c9-be46-a50f98c5485b', 'name': 'tempest-SecurityGroupRulesTestJSON-1488471501-network', 'tenant_id': '722998ee6b85455e8277c31ac7aa1c66', 'admin_state_up': True, 'mtu': 8950, 'status': 'ACTIVE', 'subnets': [], 'shared': False, 'project_id': '722998ee6b85455e8277c31ac7aa1c66', 'port_security_enabled': True, 'router:external': False, 'provider:network_type': 'vlan', 'provider:physical_network': 'default', 'provider:segmentation_id': 266, 'availability_zone_hints': [], 'availability_zones': [], 'ipv4_address_scope': None, 'ipv6_address_scope': None, 'description': '', 'tags': [], 'created_at': '2024-12-14T21:26:28Z', 'updated_at': '2024-12-14T21:26:28Z', 'revision_number': 1}, Subnet: {'id': '743bd7a9-dd48-4728-94bd-bd5076112e19', 'name': 'tempest-SecurityGroupRulesTestJSON-1488471501-subnet', 'tenant_id': '722998ee6b85455e8277c31ac7aa1c66', 'network_id': 'cb985538-c16c-40c9-be46-a50f98c5485b', 'ip_version': 4, 'subnetpool_id': None, 'enable_dhcp': True, 'ipv6_ra_mode': None, 'ipv6_address_mode': None, 'gateway_ip': '192.168.128.1', 'cidr': '192.168.128.0/28', 'allocation_pools': [{'start': '192.168.128.2', 'end': '192.168.128.14'}], 'host_routes': [], 'dns_nameservers': [], 'description': '', 'router:external': False, 'service_types': [], 'tags': [], 'created_at': '2024-12-14T21:26:28Z', 'updated_at': '2024-12-14T21:26:28Z', 'revision_number': 0, 'project_id': '722998ee6b85455e8277c31ac7aa1c66'}, Router: {'id': 'a03adeb4-8ad0-4ca3-9f4f-665f53cd63d9', 'name': 'tempest-SecurityGroupRulesTestJSON-1488471501-router', 'tenant_id': '722998ee6b85455e8277c31ac7aa1c66', 'admin_state_up': True, 'status': 'ACTIVE', 'external_gateway_info': {'network_id': '4b1b0d46-0570-47e4-b0bb-612f2fd92ae6', 'external_fixed_ips': [{'subnet_id': '858f6b45-1a75-4dca-b566-50eb904ae53b', 'ip_address': '10.180.180.206'}], 'enable_snat': True}, 'description': '', 'availability_zones': [], 'distributed': False, 'ha': False, 'availability_zone_hints': [], 'routes': [], 'flavor_id': None, 'tags': [], 'created_at': '2024-12-14T21:26:28Z', 'updated_at': '2024-12-14T21:26:29Z', 'revision_number': 2, 'project_id': '722998ee6b85455e8277c31ac7aa1c66'}
2024-12-14 21:26:31.569 65702 INFO tempest.lib.common.rest_client [req-b3feac27-60ad-427d-9922-f25b0887708d req-b3feac27-60ad-427d-9922-f25b0887708d ] Request (SecurityGroupRulesTestJSON:setUpClass): 201 POST http://10.180.1.21/identity/v3/auth/tokens 0.080s
2024-12-14 21:26:31.626 65726 INFO tempest.lib.common.rest_client [req-c670f9b3-c140-4c3a-8580-4e529a78df9c req-c670f9b3-c140-4c3a-8580-4e529a78df9c ] Request (AttachInterfacesTestJSON:test_create_list_show_delete_interfaces_by_fixed_ip): 200 GET http://10.180.1.21/compute/v2.1/servers/d8aaa7e5-cc47-4b7d-9d54-3c54d550e6cd 0.606s
2024-12-14 21:26:31.632 65726 INFO tempest.common.waiters [-] State transition "BUILD/networking" ==> "BUILD/spawning" after 49 second wait
2024-12-14 21:26:31.771 65716 INFO tempest.lib.common.rest_client [req-4c916a59-d7a5-4c99-b589-6b5636a6c292 req-4c916a59-d7a5-4c99-b589-6b5636a6c292 ] Request (ServerDiagnosticsNegativeTest:test_get_server_diagnostics_by_non_admin): 200 GET http://10.180.1.21/compute/v2.1/servers/fd044e0c-bdba-421e-8942-7132389d2430 0.721s
2024-12-14 21:26:31.861 65692 INFO tempest.lib.common.rest_client [req-cd02113e-d8dc-4303-b992-b69c616a4d50 req-cd02113e-d8dc-4303-b992-b69c616a4d50 ] Request (ListServerFiltersTestJSON:tearDownClass): 200 GET http://10.180.1.21/compute/v2.1/servers/510b63b8-1358-4e3f-8ce1-093b46f80f8b 0.742s
2024-12-14 21:26:32.135 65754 INFO tempest.lib.common.rest_client [req-374bccce-1225-4d79-90cf-143ee4b89490 req-374bccce-1225-4d79-90cf-143ee4b89490 ] Request (ServerRescueTestJSONUnderV235:setUpClass): 200 GET http://10.180.1.21/compute/v2.1/servers/0971d049-f5b5-44d0-982f-4bf351d245cb 1.002s
2024-12-14 21:26:32.210 65730 INFO tempest.lib.common.rest_client [req-981f87d9-6034-4359-a3f1-5a853e15fbf6 req-981f87d9-6034-4359-a3f1-5a853e15fbf6 ] Request (ServersTestBootFromVolume:setUpClass): 200 GET http://10.180.1.21/compute/v2.1/servers/87130834-359c-4d54-9cdf-f4a20a051a58/os-interface 0.982s
2024-12-14 21:26:32.284 65700 INFO tempest.lib.common.rest_client [req-98fec9b8-7b52-4581-bb45-47a6a365456f req-98fec9b8-7b52-4581-bb45-47a6a365456f ] Request (ServersAdminTestJSON:test_create_server_with_scheduling_hint): 200 GET http://10.180.1.21/compute/v2.1/servers/c2a52891-b71a-492a-aeaf-07817080b4df 1.050s
2024-12-14 21:26:32.369 65740 INFO tempest.lib.common.rest_client [req-08af1d0d-f199-4b09-90c0-c484b0f9fc65 req-08af1d0d-f199-4b09-90c0-c484b0f9fc65 ] Request (ServersAaction247Test:test_create_backup): 200 GET http://10.180.1.21/compute/v2.1/servers/15961ea8-5a20-4e94-a8f8-ef0d64247334 1.128s
2024-12-14 21:26:32.381 65740 INFO tempest.common.waiters [-] State transition "BUILD/None" ==> "BUILD/networking" after 49 second wait
2024-12-14 21:26:32.436 65728 WARNING tempest.lib.common.ssh [-] Failed to establish authenticated ssh connection to cirros@10.180.180.186 ([Errno None] Unable to connect to port 22 on 10.180.180.186). Number attempts: 5. Retry after 6 seconds.: paramiko.ssh_exception.NoValidConnectionsError: [Errno None] Unable to connect to port 22 on 10.180.180.186
2024-12-14 21:26:32.439 65696 INFO tempest.lib.common.rest_client [req-b0659043-ccc2-4db4-b6c5-279915665241 req-b0659043-ccc2-4db4-b6c5-279915665241 ] Request (DeleteServersAdminTestJSON:test_delete_server_while_in_error_state): 200 GET http://10.180.1.21/compute/v2.1/servers/dd96b62a-b50b-46aa-8dce-af6d87bc7f6c 1.098s
2024-12-14 21:26:32.496 65698 INFO tempest.lib.common.rest_client [req-6c0c8eee-1e1d-4a61-a0e9-546b12470bd9 req-6c0c8eee-1e1d-4a61-a0e9-546b12470bd9 ] Request (ServersAdminNegativeTestJSON:test_migrate_server_invalid_state): 200 GET http://10.180.1.21/compute/v2.1/servers/0ec9dc4f-a2dd-4112-b8d0-c3c3c6ac82b9 1.148s
2024-12-14 21:26:32.558 65720 INFO tempest.lib.common.rest_client [req-50d58894-fc4c-49ec-8bce-bbf073ab4e31 req-50d58894-fc4c-49ec-8bce-bbf073ab4e31 ] Request (MigrationsAdminTest:test_resize_server_revert_deleted_flavor): 200 GET http://10.180.1.21/compute/v2.1/servers/80e54a65-d1da-44d8-9c3a-de2bf54ae4bf 1.136s
2024-12-14 21:26:32.561 65710 INFO tempest.lib.common.rest_client [req-1dc2cba2-90cf-4463-83ef-9260471ad3e3 req-1dc2cba2-90cf-4463-83ef-9260471ad3e3 ] Request (ImagesOneServerNegativeTestJSON:setUpClass): 201 POST http://10.180.1.21:9696/networking/v2.0/routers 1.188s
2024-12-14 21:26:32.644 65724 INFO tempest.lib.common.rest_client [req-af090522-0d9e-4d2c-905e-3f6ba56dd714 req-af090522-0d9e-4d2c-905e-3f6ba56dd714 ] Request (FloatingIPsAssociationNegativeTestJSON:tearDownClass): 200 GET http://10.180.1.21/compute/v2.1/servers/e1197d80-5d4b-4130-96aa-35e246a2c8c2 1.195s
2024-12-14 21:26:32.732 65730 INFO tempest.lib.common.rest_client [req-643c83ab-f5dd-43c9-bb48-7ea904cccbec req-643c83ab-f5dd-43c9-bb48-7ea904cccbec ] Request (ServersTestBootFromVolume:setUpClass): 200 PUT http://10.180.1.21:9696/networking/v2.0/floatingips/09e5065d-a0a6-49e5-a306-b32918cfff53 0.519s
2024-12-14 21:26:33.145 65732 INFO tempest.lib.common.rest_client [req-0df117f4-5054-4e46-8eaa-51625517ee36 req-0df117f4-5054-4e46-8eaa-51625517ee36 ] Request (ImagesOneServerTestJSON:test_create_delete_image): 200 GET http://10.180.1.21/compute/v2.1/images/b9a088e1-342b-4aea-93ba-c72e66d47323 2.721s
2024-12-14 21:26:33.154 65704 INFO tempest.lib.common.rest_client [req-8a211e49-c71a-4585-b14f-abe39ff1278e req-8a211e49-c71a-4585-b14f-abe39ff1278e ] Request (ImagesTestJSON:test_create_image_from_stopped_server): 200 GET http://10.180.1.21/compute/v2.1/images/eabc4495-8be8-4f3c-bb5d-ccdfe955c0a1 1.664s
2024-12-14 21:26:33.214 65734 INFO tempest.lib.common.rest_client [req-6c5f2d1b-bad7-4942-9307-1dba9464fb07 req-6c5f2d1b-bad7-4942-9307-1dba9464fb07 ] Request (ImagesNegativeTestJSON:test_create_image_from_deleted_server): 200 GET http://10.180.1.21/compute/v2.1/servers/fa0cdd8f-05b3-4cf1-826c-4509f5e8d299 1.719s
2024-12-14 21:26:33.295 65718 INFO tempest.lib.common.rest_client [req-7dc4cf8e-42e9-4cfc-84c5-dd2fb62a64cd req-7dc4cf8e-42e9-4cfc-84c5-dd2fb62a64cd ] Request (ServerExternalEventsTest:tearDownClass): 200 GET http://10.180.1.21/compute/v2.1/servers/5c1463e5-18ae-42bd-9714-0a0d0b1add1f 1.713s
2024-12-14 21:26:33.378 65738 INFO tempest.lib.common.rest_client [req-eb7bc649-61d6-47fe-aaaa-3c2794f23850 req-eb7bc649-61d6-47fe-aaaa-3c2794f23850 ] Request (ServerActionsTestOtherB:setUpClass): 200 GET http://10.180.1.21/compute/v2.1/servers/700b04cd-ed0c-420b-b725-e1dcf1970601 1.773s
2024-12-14 21:26:33.461 65742 INFO tempest.lib.common.rest_client [req-2b98600b-1763-494a-8723-ae1284abf66f req-2b98600b-1763-494a-8723-ae1284abf66f ] Request (ListImageFiltersTestJSON:setUpClass): 200 GET http://10.180.1.21/compute/v2.1/servers/1959ec2b-4161-4820-b1f9-f8c3b8c3bf34 1.808s
2024-12-14 21:26:33.564 65712 INFO tempest.lib.common.rest_client [req-d7f46678-8c39-4419-a4ac-a856069cd086 req-d7f46678-8c39-4419-a4ac-a856069cd086 ] Request (ServersAdmin275Test:tearDownClass): 200 GET http://10.180.1.21/compute/v2.1/servers/b6e143fb-f149-40b7-ba96-1bf7f8b98274 1.799s
2024-12-14 21:26:33.593 65702 INFO tempest.lib.common.rest_client [req-9f0941f3-a7f7-4996-bcb3-ebb3205110cc req-9f0941f3-a7f7-4996-bcb3-ebb3205110cc ] Request (SecurityGroupRulesTestJSON:test_security_group_rules_create): 200 POST http://10.180.1.21/compute/v2.1/os-security-groups 2.023s
2024-12-14 21:26:33.633 65714 INFO tempest.lib.common.rest_client [req-0a0a8b30-720b-49f2-bffb-162d02007bd2 req-0a0a8b30-720b-49f2-bffb-162d02007bd2 ] Request (ServersTestManualDisk:setUpClass): 200 GET http://10.180.1.21/compute/v2.1/servers/0660533d-43d0-4ef6-9c38-da3267000db9 1.783s
2024-12-14 21:26:33.669 65749 INFO tempest.lib.common.rest_client [req-14f0fd67-623e-4023-840f-483ac1b3a213 req-14f0fd67-623e-4023-840f-483ac1b3a213 ] Request (TenantUsagesTestJSON:tearDownClass): 200 GET http://10.180.1.21/compute/v2.1/servers/6f139879-a83d-44cc-8d3a-4151114400ab 1.722s
2024-12-14 21:26:33.699 65750 INFO tempest.lib.common.rest_client [req-6d46611e-829d-4154-a261-42e285a802ce req-6d46611e-829d-4154-a261-42e285a802ce ] Request (ServersWithSpecificFlavorTestJSON:test_verify_created_server_ephemeral_disk): 200 GET http://10.180.1.21/compute/v2.1/servers/377d1f02-5d0a-49f8-881d-e6d9a1755a17 1.683s
2024-12-14 21:26:33.737 65722 INFO tempest.lib.common.rest_client [req-e79bfa16-f6b0-45e3-b671-5f9a943c580d req-e79bfa16-f6b0-45e3-b671-5f9a943c580d ] Request (AttachVolumeTestJSON:test_attach_detach_volume): 200 GET http://10.180.1.21/compute/v2.1/servers/f5babee2-eada-48b0-99c6-eec3024633e2 1.451s
2024-12-14 21:26:33.776 65746 INFO tempest.lib.common.rest_client [req-dd6fe260-09d0-4c46-9a95-d3ee5f5b9e66 req-dd6fe260-09d0-4c46-9a95-d3ee5f5b9e66 ] Request (FloatingIPsAssociationTestJSON:test_associate_already_associated_floating_ip): 200 GET http://10.180.1.21/compute/v2.1/servers/3f8868e3-39fe-46e8-8023-49ef66811c84 1.427s
2024-12-14 21:26:33.785 65746 INFO tempest.common.waiters [-] State transition "BUILD/scheduling" ==> "BUILD/None" after 35 second wait
2024-12-14 21:26:33.836 65708 INFO tempest.lib.common.rest_client [req-7074c4ac-da2e-430f-b345-6198d7fd8188 req-7074c4ac-da2e-430f-b345-6198d7fd8188 ] Request (InstanceActionsV221TestJSON:test_get_list_deleted_instance_actions): 200 GET http://10.180.1.21/compute/v2.1/servers/677cdcbd-4a38-4f74-9a1d-44cf3d9f8dde 1.417s
2024-12-14 21:26:33.978 65726 INFO tempest.lib.common.rest_client [req-efc74bf9-363b-48fe-af87-1f04e1ac35ca req-efc74bf9-363b-48fe-af87-1f04e1ac35ca ] Request (AttachInterfacesTestJSON:test_create_list_show_delete_interfaces_by_fixed_ip): 200 GET http://10.180.1.21/compute/v2.1/servers/d8aaa7e5-cc47-4b7d-9d54-3c54d550e6cd 1.346s
2024-12-14 21:26:34.046 65730 INFO tempest.lib.common.rest_client [req-4c306323-4468-45ee-ac58-fff5e94e2ccb req-4c306323-4468-45ee-ac58-fff5e94e2ccb ] Request (ServersTestBootFromVolume:setUpClass): 200 GET http://10.180.1.21/compute/v2.1/servers/87130834-359c-4d54-9cdf-f4a20a051a58 1.314s
2024-12-14 21:26:34.060 65730 INFO tempest.lib.common.ssh [-] Creating ssh connection to '10.180.180.213:22' as 'cirros' with public key authentication
2024-12-14 21:26:34.099 65710 INFO tempest.lib.common.rest_client [req-f8d890df-91d0-4ea1-8d0b-e272d5aaadec req-f8d890df-91d0-4ea1-8d0b-e272d5aaadec ] Request (ImagesOneServerNegativeTestJSON:setUpClass): 200 PUT http://10.180.1.21:9696/networking/v2.0/routers/ec26df15-6145-4dc9-b16b-45b5baf7a3ca/add_router_interface 1.537s
2024-12-14 21:26:34.099 65710 INFO tempest.lib.common.dynamic_creds [-] Created isolated network resources for: credentials: Credentials: {'domain_id': 'default', 'domain_name': 'Default', 'username': 'tempest-ImagesOneServerNegativeTestJSON-1083457121-project-member', 'project_domain_id': 'default', 'project_domain_name': 'Default', 'project_id': '323f469402294e11ba18af98d5227f31', 'project_name': 'tempest-ImagesOneServerNegativeTestJSON-1083457121', 'tenant_id': '323f469402294e11ba18af98d5227f31', 'tenant_name': 'tempest-ImagesOneServerNegativeTestJSON-1083457121', 'user_domain_id': 'default', 'user_domain_name': 'Default', 'user_id': '4842e6bf00d949efac5d9a9ebb05859b', 'system': None}, Network: {'id': 'd8304558-14f4-4c19-a583-7dfc24f484dd', 'name': 'tempest-ImagesOneServerNegativeTestJSON-1475044829-network', 'tenant_id': '323f469402294e11ba18af98d5227f31', 'admin_state_up': True, 'mtu': 8950, 'status': 'ACTIVE', 'subnets': [], 'shared': False, 'project_id': '323f469402294e11ba18af98d5227f31', 'port_security_enabled': True, 'router:external': False, 'provider:network_type': 'vlan', 'provider:physical_network': 'default', 'provider:segmentation_id': 561, 'availability_zone_hints': [], 'availability_zones': [], 'ipv4_address_scope': None, 'ipv6_address_scope': None, 'description': '', 'tags': [], 'created_at': '2024-12-14T21:26:30Z', 'updated_at': '2024-12-14T21:26:30Z', 'revision_number': 1}, Subnet: {'id': '7d603493-c278-4014-984c-5d7a6506cca9', 'name': 'tempest-ImagesOneServerNegativeTestJSON-1475044829-subnet', 'tenant_id': '323f469402294e11ba18af98d5227f31', 'network_id': 'd8304558-14f4-4c19-a583-7dfc24f484dd', 'ip_version': 4, 'subnetpool_id': None, 'enable_dhcp': True, 'ipv6_ra_mode': None, 'ipv6_address_mode': None, 'gateway_ip': '192.168.128.1', 'cidr': '192.168.128.0/28', 'allocation_pools': [{'start': '192.168.128.2', 'end': '192.168.128.14'}], 'host_routes': [], 'dns_nameservers': [], 'description': '', 'router:external': False, 'service_types': [], 'tags': [], 'created_at': '2024-12-14T21:26:31Z', 'updated_at': '2024-12-14T21:26:31Z', 'revision_number': 0, 'project_id': '323f469402294e11ba18af98d5227f31'}, Router: {'id': 'ec26df15-6145-4dc9-b16b-45b5baf7a3ca', 'name': 'tempest-ImagesOneServerNegativeTestJSON-1475044829-router', 'tenant_id': '323f469402294e11ba18af98d5227f31', 'admin_state_up': True, 'status': 'ACTIVE', 'external_gateway_info': {'network_id': '4b1b0d46-0570-47e4-b0bb-612f2fd92ae6', 'external_fixed_ips': [{'subnet_id': '858f6b45-1a75-4dca-b566-50eb904ae53b', 'ip_address': '10.180.180.254'}], 'enable_snat': True}, 'description': '', 'availability_zones': [], 'distributed': False, 'ha': False, 'availability_zone_hints': [], 'routes': [], 'flavor_id': None, 'tags': [], 'created_at': '2024-12-14T21:26:31Z', 'updated_at': '2024-12-14T21:26:32Z', 'revision_number': 2, 'project_id': '323f469402294e11ba18af98d5227f31'}
2024-12-14 21:26:34.140 65692 INFO tempest.lib.common.rest_client [req-66f13a60-6182-4fee-b6ba-3a70eb4e2645 req-66f13a60-6182-4fee-b6ba-3a70eb4e2645 ] Request (ListServerFiltersTestJSON:tearDownClass): 200 GET http://10.180.1.21/compute/v2.1/servers/510b63b8-1358-4e3f-8ce1-093b46f80f8b 1.270s
2024-12-14 21:26:34.202 65710 INFO tempest.lib.common.rest_client [req-d82d0a08-7fdc-4850-abb1-89f1787c4d15 req-d82d0a08-7fdc-4850-abb1-89f1787c4d15 ] Request (ImagesOneServerNegativeTestJSON:setUpClass): 201 POST http://10.180.1.21/identity/v3/auth/tokens 0.099s
2024-12-14 21:26:34.209 65754 INFO tempest.lib.common.rest_client [req-052b261b-b7d5-4b80-9d95-bf00b7da9e29 req-052b261b-b7d5-4b80-9d95-bf00b7da9e29 ] Request (ServerRescueTestJSONUnderV235:setUpClass): 200 GET http://10.180.1.21/compute/v2.1/servers/0971d049-f5b5-44d0-982f-4bf351d245cb 1.067s
2024-12-14 21:26:34.217 65716 INFO tempest.lib.common.rest_client [req-57ac5b9e-79fe-4235-97dc-b66025176c24 req-57ac5b9e-79fe-4235-97dc-b66025176c24 ] Request (ServerDiagnosticsNegativeTest:test_get_server_diagnostics_by_non_admin): 200 GET http://10.180.1.21/compute/v2.1/servers/fd044e0c-bdba-421e-8942-7132389d2430 1.437s
2024-12-14 21:26:34.247 65710 INFO tempest.lib.common.rest_client [req-da8672cc-c8e1-4e5e-8b03-1904688a55a0 req-da8672cc-c8e1-4e5e-8b03-1904688a55a0 ] Request (ImagesOneServerNegativeTestJSON:setUpClass): 201 POST http://10.180.1.21/identity/v3/auth/tokens 0.040s
2024-12-14 21:26:34.247 65710 INFO tempest.lib.common.fixed_network [-] (ImagesOneServerNegativeTestJSON:setUpClass) Found network {'id': 'd8304558-14f4-4c19-a583-7dfc24f484dd', 'name': 'tempest-ImagesOneServerNegativeTestJSON-1475044829-network', 'tenant_id': '323f469402294e11ba18af98d5227f31', 'admin_state_up': True, 'mtu': 8950, 'status': 'ACTIVE', 'subnets': [], 'shared': False, 'project_id': '323f469402294e11ba18af98d5227f31', 'port_security_enabled': True, 'router:external': False, 'provider:network_type': 'vlan', 'provider:physical_network': 'default', 'provider:segmentation_id': 561, 'availability_zone_hints': [], 'availability_zones': [], 'ipv4_address_scope': None, 'ipv6_address_scope': None, 'description': '', 'tags': [], 'created_at': '2024-12-14T21:26:30Z', 'updated_at': '2024-12-14T21:26:30Z', 'revision_number': 1} available for tenant
2024-12-14 21:26:34.251 65732 INFO tempest.lib.common.rest_client [req-b01559e0-3743-44eb-a469-be1d5aa15bda req-b01559e0-3743-44eb-a469-be1d5aa15bda ] Request (ImagesOneServerTestJSON:test_create_delete_image): 200 GET http://10.180.1.21/compute/v2.1/images/b9a088e1-342b-4aea-93ba-c72e66d47323 1.101s
2024-12-14 21:26:34.277 65700 INFO tempest.lib.common.rest_client [req-0d66f2c1-3593-42a5-a7bd-d0010771a1fb req-0d66f2c1-3593-42a5-a7bd-d0010771a1fb ] Request (ServersAdminTestJSON:test_create_server_with_scheduling_hint): 200 GET http://10.180.1.21/compute/v2.1/servers/c2a52891-b71a-492a-aeaf-07817080b4df 0.984s
2024-12-14 21:26:34.327 65740 INFO tempest.lib.common.rest_client [req-32562bdb-791d-4f92-9ad6-191a62bc2ce9 req-32562bdb-791d-4f92-9ad6-191a62bc2ce9 ] Request (ServersAaction247Test:test_create_backup): 200 GET http://10.180.1.21/compute/v2.1/servers/15961ea8-5a20-4e94-a8f8-ef0d64247334 0.946s
2024-12-14 21:26:34.337 65740 INFO tempest.common.waiters [-] State transition "BUILD/networking" ==> "BUILD/spawning" after 51 second wait
2024-12-14 21:26:34.345 65696 INFO tempest.lib.common.rest_client [req-1b59ab4d-d08c-4cdf-b7dd-1fb3cd2889a9 req-1b59ab4d-d08c-4cdf-b7dd-1fb3cd2889a9 ] Request (DeleteServersAdminTestJSON:test_delete_server_while_in_error_state): 200 GET http://10.180.1.21/compute/v2.1/servers/dd96b62a-b50b-46aa-8dce-af6d87bc7f6c 0.898s
2024-12-14 21:26:34.381 65698 INFO tempest.lib.common.rest_client [req-27da914d-6581-440c-9de0-ee924717522d req-27da914d-6581-440c-9de0-ee924717522d ] Request (ServersAdminNegativeTestJSON:test_migrate_server_invalid_state): 200 GET http://10.180.1.21/compute/v2.1/servers/0ec9dc4f-a2dd-4112-b8d0-c3c3c6ac82b9 0.876s
2024-12-14 21:26:34.404 65720 INFO tempest.lib.common.rest_client [req-361583dc-461b-456e-bdfc-a51cba10dcbd req-361583dc-461b-456e-bdfc-a51cba10dcbd ] Request (MigrationsAdminTest:test_resize_server_revert_deleted_flavor): 200 GET http://10.180.1.21/compute/v2.1/servers/80e54a65-d1da-44d8-9c3a-de2bf54ae4bf 0.829s
2024-12-14 21:26:34.474 65724 INFO tempest.lib.common.rest_client [req-e9539b4e-6f97-40fc-8841-723475150beb req-e9539b4e-6f97-40fc-8841-723475150beb ] Request (FloatingIPsAssociationNegativeTestJSON:tearDownClass): 200 GET http://10.180.1.21/compute/v2.1/servers/e1197d80-5d4b-4130-96aa-35e246a2c8c2 0.822s
2024-12-14 21:26:34.534 65702 INFO tempest.lib.common.rest_client [req-91765700-3404-4069-bc2f-072a703f22a1 req-91765700-3404-4069-bc2f-072a703f22a1 ] Request (SecurityGroupRulesTestJSON:test_security_group_rules_create): 200 POST http://10.180.1.21/compute/v2.1/os-security-group-rules 0.938s
2024-12-14 21:26:34.539 65704 INFO tempest.lib.common.rest_client [req-cf12bc99-d6be-46f2-ac10-018335f44a0e req-cf12bc99-d6be-46f2-ac10-018335f44a0e ] Request (ImagesTestJSON:test_create_image_from_stopped_server): 200 GET http://10.180.1.21/compute/v2.1/images/eabc4495-8be8-4f3c-bb5d-ccdfe955c0a1 0.379s
2024-12-14 21:26:34.591 65734 INFO tempest.lib.common.rest_client [req-30c223fe-9ae3-45d8-9fd9-124c0dbbd169 req-30c223fe-9ae3-45d8-9fd9-124c0dbbd169 ] Request (ImagesNegativeTestJSON:test_create_image_from_deleted_server): 200 GET http://10.180.1.21/compute/v2.1/servers/fa0cdd8f-05b3-4cf1-826c-4509f5e8d299 0.369s
2024-12-14 21:26:34.863 65732 INFO tempest.lib.common.rest_client [req-91d9fabd-ab86-4534-991a-78f2f5cfe352 req-91d9fabd-ab86-4534-991a-78f2f5cfe352 ] Request (ImagesOneServerTestJSON:test_create_delete_image): 200 GET http://10.180.1.21/compute/v2.1/servers/e64fb81e-2e3e-4725-86d2-75d8c69a1c16 0.607s
2024-12-14 21:26:34.948 65718 INFO tempest.lib.common.rest_client [req-3ed2fbf2-e8ea-462c-9d8f-97b9ab270986 req-3ed2fbf2-e8ea-462c-9d8f-97b9ab270986 ] Request (ServerExternalEventsTest:tearDownClass): 200 GET http://10.180.1.21/compute/v2.1/servers/5c1463e5-18ae-42bd-9714-0a0d0b1add1f 0.643s
2024-12-14 21:26:35.004 65738 INFO tempest.lib.common.rest_client [req-8b3175a6-8739-47f1-b465-9d3a8681016d req-8b3175a6-8739-47f1-b465-9d3a8681016d ] Request (ServerActionsTestOtherB:setUpClass): 200 GET http://10.180.1.21/compute/v2.1/servers/700b04cd-ed0c-420b-b725-e1dcf1970601 0.616s
2024-12-14 21:26:35.055 65742 INFO tempest.lib.common.rest_client [req-2ffc7bb7-cd5f-4828-a0ff-92a2a55ab2f6 req-2ffc7bb7-cd5f-4828-a0ff-92a2a55ab2f6 ] Request (ListImageFiltersTestJSON:setUpClass): 200 GET http://10.180.1.21/compute/v2.1/servers/1959ec2b-4161-4820-b1f9-f8c3b8c3bf34 0.586s
2024-12-14 21:26:35.105 65710 INFO tempest.lib.common.rest_client [req-98c904fb-6835-4eda-bee4-5c6f99104547 req-98c904fb-6835-4eda-bee4-5c6f99104547 ] Request (ImagesOneServerNegativeTestJSON:setUpClass): 202 POST http://10.180.1.21/compute/v2.1/servers 0.857s
2024-12-14 21:26:35.229 65702 INFO tempest.lib.common.rest_client [req-661dd45f-2e75-4ff4-bb38-4b61faed25b7 req-661dd45f-2e75-4ff4-bb38-4b61faed25b7 ] Request (SecurityGroupRulesTestJSON:test_security_group_rules_create_with_optional_cidr): 200 POST http://10.180.1.21/compute/v2.1/os-security-groups 0.687s
2024-12-14 21:26:35.304 65714 INFO tempest.lib.common.rest_client [req-9639d879-e298-4095-b910-e74103b9bf1f req-9639d879-e298-4095-b910-e74103b9bf1f ] Request (ServersTestManualDisk:setUpClass): 200 GET http://10.180.1.21/compute/v2.1/servers/0660533d-43d0-4ef6-9c38-da3267000db9 0.664s
2024-12-14 21:26:35.371 65749 INFO tempest.lib.common.rest_client [req-041d05df-3056-4012-bfbb-def696679c69 req-041d05df-3056-4012-bfbb-def696679c69 ] Request (TenantUsagesTestJSON:tearDownClass): 200 GET http://10.180.1.21/compute/v2.1/servers/6f139879-a83d-44cc-8d3a-4151114400ab 0.693s
2024-12-14 21:26:35.404 65712 INFO tempest.lib.common.rest_client [req-55f7bce3-7615-48a4-9fd9-780798bf0b55 req-55f7bce3-7615-48a4-9fd9-780798bf0b55 ] Request (ServersAdmin275Test:tearDownClass): 200 GET http://10.180.1.21/compute/v2.1/servers/b6e143fb-f149-40b7-ba96-1bf7f8b98274 0.830s
2024-12-14 21:26:35.427 65750 INFO tempest.lib.common.rest_client [req-bdafec7c-ad34-42ee-b18b-52a8fcc7ad70 req-bdafec7c-ad34-42ee-b18b-52a8fcc7ad70 ] Request (ServersWithSpecificFlavorTestJSON:test_verify_created_server_ephemeral_disk): 200 GET http://10.180.1.21/compute/v2.1/servers/377d1f02-5d0a-49f8-881d-e6d9a1755a17 0.719s
2024-12-14 21:26:35.447 65722 INFO tempest.lib.common.rest_client [req-daf3e27c-544f-4a89-a6a6-d2a6062a1ead req-daf3e27c-544f-4a89-a6a6-d2a6062a1ead ] Request (AttachVolumeTestJSON:test_attach_detach_volume): 200 GET http://10.180.1.21/compute/v2.1/servers/f5babee2-eada-48b0-99c6-eec3024633e2 0.699s
2024-12-14 21:26:35.489 65746 INFO tempest.lib.common.rest_client [req-fcb27966-3802-4908-ac8b-3cc659d12397 req-fcb27966-3802-4908-ac8b-3cc659d12397 ] Request (FloatingIPsAssociationTestJSON:test_associate_already_associated_floating_ip): 200 GET http://10.180.1.21/compute/v2.1/servers/3f8868e3-39fe-46e8-8023-49ef66811c84 0.702s
2024-12-14 21:26:35.506 65708 INFO tempest.lib.common.rest_client [req-5cb4e283-0768-4ebe-8624-7e3960b179a8 req-5cb4e283-0768-4ebe-8624-7e3960b179a8 ] Request (InstanceActionsV221TestJSON:test_get_list_deleted_instance_actions): 200 GET http://10.180.1.21/compute/v2.1/servers/677cdcbd-4a38-4f74-9a1d-44cf3d9f8dde 0.655s
2024-12-14 21:26:35.557 65710 INFO tempest.lib.common.rest_client [req-14238e55-247e-4fc9-9dd6-1a10bfabfbfd req-14238e55-247e-4fc9-9dd6-1a10bfabfbfd ] Request (ImagesOneServerNegativeTestJSON:setUpClass): 200 GET http://10.180.1.21/compute/v2.1/servers/2a3e8dcf-23dd-4f09-9126-e254ab8ef9de 0.451s
2024-12-14 21:26:35.629 65692 INFO tempest.lib.common.rest_client [req-a7de1a73-eb3b-4a7d-84d3-6c4a1c572bca req-a7de1a73-eb3b-4a7d-84d3-6c4a1c572bca ] Request (ListServerFiltersTestJSON:tearDownClass): 200 GET http://10.180.1.21/compute/v2.1/servers/510b63b8-1358-4e3f-8ce1-093b46f80f8b 0.481s
2024-12-14 21:26:35.637 65726 INFO tempest.lib.common.rest_client [req-402f0f39-42d6-469c-9374-27c10673f4b6 req-402f0f39-42d6-469c-9374-27c10673f4b6 ] Request (AttachInterfacesTestJSON:test_create_list_show_delete_interfaces_by_fixed_ip): 200 GET http://10.180.1.21/compute/v2.1/servers/d8aaa7e5-cc47-4b7d-9d54-3c54d550e6cd 0.651s
2024-12-14 21:26:35.686 65754 INFO tempest.lib.common.rest_client [req-584485ac-baec-41c4-8083-1453ba9bea54 req-584485ac-baec-41c4-8083-1453ba9bea54 ] Request (ServerRescueTestJSONUnderV235:setUpClass): 200 GET http://10.180.1.21/compute/v2.1/servers/0971d049-f5b5-44d0-982f-4bf351d245cb 0.470s
2024-12-14 21:26:35.785 65716 INFO tempest.lib.common.rest_client [req-83a8dfb0-eced-42c8-a836-0f999f31415a req-83a8dfb0-eced-42c8-a836-0f999f31415a ] Request (ServerDiagnosticsNegativeTest:test_get_server_diagnostics_by_non_admin): 200 GET http://10.180.1.21/compute/v2.1/servers/fd044e0c-bdba-421e-8942-7132389d2430 0.562s
2024-12-14 21:26:35.872 65700 INFO tempest.lib.common.rest_client [req-4c5d3fe0-8365-4d52-87d4-572f2bfae76c req-4c5d3fe0-8365-4d52-87d4-572f2bfae76c ] Request (ServersAdminTestJSON:test_create_server_with_scheduling_hint): 200 GET http://10.180.1.21/compute/v2.1/servers/c2a52891-b71a-492a-aeaf-07817080b4df 0.582s
2024-12-14 21:26:35.890 65702 INFO tempest.lib.common.rest_client [req-95494bdd-948b-49d1-97dc-24df310d3a54 req-95494bdd-948b-49d1-97dc-24df310d3a54 ] Request (SecurityGroupRulesTestJSON:test_security_group_rules_create_with_optional_cidr): 200 POST http://10.180.1.21/compute/v2.1/os-security-group-rules 0.658s
2024-12-14 21:26:35.936 65740 INFO tempest.lib.common.rest_client [req-4c94fda6-ddaf-4857-857d-bbcac79de74f req-4c94fda6-ddaf-4857-857d-bbcac79de74f ] Request (ServersAaction247Test:test_create_backup): 200 GET http://10.180.1.21/compute/v2.1/servers/15961ea8-5a20-4e94-a8f8-ef0d64247334 0.597s
2024-12-14 21:26:35.942 65696 INFO tempest.lib.common.rest_client [req-576609ec-2739-4177-9613-22d4ab2f33b7 req-576609ec-2739-4177-9613-22d4ab2f33b7 ] Request (DeleteServersAdminTestJSON:test_delete_server_while_in_error_state): 200 GET http://10.180.1.21/compute/v2.1/servers/dd96b62a-b50b-46aa-8dce-af6d87bc7f6c 0.591s
2024-12-14 21:26:36.006 65698 INFO tempest.lib.common.rest_client [req-7c899111-8ce3-45d3-9049-ad6cf39da6cc req-7c899111-8ce3-45d3-9049-ad6cf39da6cc ] Request (ServersAdminNegativeTestJSON:test_migrate_server_invalid_state): 200 GET http://10.180.1.21/compute/v2.1/servers/0ec9dc4f-a2dd-4112-b8d0-c3c3c6ac82b9 0.615s
2024-12-14 21:26:36.008 65720 INFO tempest.lib.common.rest_client [req-22655c02-8320-4b01-a558-6c33be7386f2 req-22655c02-8320-4b01-a558-6c33be7386f2 ] Request (MigrationsAdminTest:test_resize_server_revert_deleted_flavor): 200 GET http://10.180.1.21/compute/v2.1/servers/80e54a65-d1da-44d8-9c3a-de2bf54ae4bf 0.596s
2024-12-14 21:26:36.037 65724 INFO tempest.lib.common.rest_client [req-e4e54e8f-049c-4090-a151-7318d4364f8f req-e4e54e8f-049c-4090-a151-7318d4364f8f ] Request (FloatingIPsAssociationNegativeTestJSON:tearDownClass): 404 GET http://10.180.1.21/compute/v2.1/servers/e1197d80-5d4b-4130-96aa-35e246a2c8c2 0.555s
2024-12-14 21:26:36.053 65704 INFO tempest.lib.common.rest_client [req-c885ec06-8f20-4476-8363-1fbf8bb51e9a req-c885ec06-8f20-4476-8363-1fbf8bb51e9a ] Request (ImagesTestJSON:test_create_image_from_stopped_server): 200 GET http://10.180.1.21/compute/v2.1/images/eabc4495-8be8-4f3c-bb5d-ccdfe955c0a1 0.509s
2024-12-14 21:26:36.245 65732 INFO tempest.lib.common.rest_client [req-cd3de77e-0a45-4753-b394-602d2ec789ea req-cd3de77e-0a45-4753-b394-602d2ec789ea ] Request (ImagesOneServerTestJSON:test_create_delete_image): 200 GET http://10.180.1.21/compute/v2.1/servers/e64fb81e-2e3e-4725-86d2-75d8c69a1c16 0.372s
2024-12-14 21:26:36.252 65732 INFO tempest.common.waiters [-] State transition "ACTIVE/image_uploading" ==> "ACTIVE/None" after 2 second wait
2024-12-14 21:26:36.296 65734 INFO tempest.lib.common.rest_client [req-465e66f4-c6ca-4241-a7b8-3e8134299171 req-465e66f4-c6ca-4241-a7b8-3e8134299171 ] Request (ImagesNegativeTestJSON:test_create_image_from_deleted_server): 200 GET http://10.180.1.21/compute/v2.1/servers/fa0cdd8f-05b3-4cf1-826c-4509f5e8d299 0.693s
2024-12-14 21:26:36.313 65734 INFO tempest.common.waiters [-] State transition "BUILD/None" ==> "BUILD/block_device_mapping" after 53 second wait
2024-12-14 21:26:36.389 65718 INFO tempest.lib.common.rest_client [req-4611ae59-ea81-4923-bab1-929ce22a7ac9 req-4611ae59-ea81-4923-bab1-929ce22a7ac9 ] Request (ServerExternalEventsTest:tearDownClass): 200 GET http://10.180.1.21/compute/v2.1/servers/5c1463e5-18ae-42bd-9714-0a0d0b1add1f 0.431s
2024-12-14 21:26:36.450 65738 INFO tempest.lib.common.rest_client [req-9889802a-d2db-4e8c-9786-311e601912fe req-9889802a-d2db-4e8c-9786-311e601912fe ] Request (ServerActionsTestOtherB:setUpClass): 200 GET http://10.180.1.21/compute/v2.1/servers/700b04cd-ed0c-420b-b725-e1dcf1970601 0.438s
2024-12-14 21:26:36.473 65702 INFO tempest.lib.common.rest_client [req-dc9e7399-bcfb-495f-b1b2-0b6ddf17be7e req-dc9e7399-bcfb-495f-b1b2-0b6ddf17be7e ] Request (SecurityGroupRulesTestJSON:test_security_group_rules_create_with_optional_group_id): 200 POST http://10.180.1.21/compute/v2.1/os-security-groups 0.578s
2024-12-14 21:26:36.503 65742 INFO tempest.lib.common.rest_client [req-7e43f75d-d264-4f0f-bda0-0f13e0ebaab2 req-7e43f75d-d264-4f0f-bda0-0f13e0ebaab2 ] Request (ListImageFiltersTestJSON:setUpClass): 200 GET http://10.180.1.21/compute/v2.1/servers/1959ec2b-4161-4820-b1f9-f8c3b8c3bf34 0.439s
2024-12-14 21:26:36.512 65732 INFO tempest.lib.common.rest_client [req-f499caa8-cad4-421c-b517-ae56f8428e49 req-f499caa8-cad4-421c-b517-ae56f8428e49 ] Request (ImagesOneServerTestJSON:test_create_delete_image): 200 GET http://10.180.1.21/compute/v2.1/images/998989bf-08a2-419d-9424-a21a0f6201ec 0.259s
2024-12-14 21:26:36.561 65714 INFO tempest.lib.common.rest_client [req-2d9ab0fb-f777-46eb-a5cf-f7b8562cc72e req-2d9ab0fb-f777-46eb-a5cf-f7b8562cc72e ] Request (ServersTestManualDisk:setUpClass): 200 GET http://10.180.1.21/compute/v2.1/servers/0660533d-43d0-4ef6-9c38-da3267000db9 0.249s
2024-12-14 21:26:36.577 65749 INFO tempest.lib.common.rest_client [req-48267c9b-ccfa-4f0f-b441-6aa177bbdeaf req-48267c9b-ccfa-4f0f-b441-6aa177bbdeaf ] Request (TenantUsagesTestJSON:tearDownClass): 200 GET http://10.180.1.21/compute/v2.1/servers/6f139879-a83d-44cc-8d3a-4151114400ab 0.194s
2024-12-14 21:26:36.637 65750 INFO tempest.lib.common.rest_client [req-651dd7cb-8bd1-4698-bc8d-e80b863515bd req-651dd7cb-8bd1-4698-bc8d-e80b863515bd ] Request (ServersWithSpecificFlavorTestJSON:test_verify_created_server_ephemeral_disk): 200 GET http://10.180.1.21/compute/v2.1/servers/377d1f02-5d0a-49f8-881d-e6d9a1755a17 0.199s
2024-12-14 21:26:36.643 65712 INFO tempest.lib.common.rest_client [req-8fc29c01-3f8e-413a-aab7-4495a66df3b4 req-8fc29c01-3f8e-413a-aab7-4495a66df3b4 ] Request (ServersAdmin275Test:tearDownClass): 200 GET http://10.180.1.21/compute/v2.1/servers/b6e143fb-f149-40b7-ba96-1bf7f8b98274 0.228s
