2024-12-14 21:25:33.714 65716 INFO tempest.lib.common.dynamic_creds [-] Created isolated network resources for: credentials: Credentials: {'domain_id': 'default', 'domain_name': 'Default', 'username': 'tempest-ServerDiagnosticsNegativeTest-705276218-project-admin', 'project_domain_id': 'default', 'project_domain_name': 'Default', 'project_id': '0c72893a88f24990a4c92f94634fd2d2', 'project_name': 'tempest-ServerDiagnosticsNegativeTest-705276218', 'tenant_id': '0c72893a88f24990a4c92f94634fd2d2', 'tenant_name': 'tempest-ServerDiagnosticsNegativeTest-705276218', 'user_domain_id': 'default', 'user_domain_name': 'Default', 'user_id': '2b57764617594cf8b91a491aee5d5758', 'system': None}, Network: None, Subnet: None, Router: None
2024-12-14 21:25:33.719 65736 INFO tempest.lib.common.rest_client [req-043d1c9b-8244-4a3f-959d-b6805715d0f6 req-043d1c9b-8244-4a3f-959d-b6805715d0f6 ] Request (QuotasAdminTestJSON:test_get_updated_quotas): 200 PUT http://10.180.1.21/compute/v2.1/os-quota-sets/772bc73e33f9466a85fe633492535107?user_id=e946a9105c7f42a9b56b0edee75c1317 3.149s
2024-12-14 21:25:33.821 65716 INFO tempest.lib.common.rest_client [req-c96c2d07-20e5-4edb-a7f4-862a0c0d130d req-c96c2d07-20e5-4edb-a7f4-862a0c0d130d ] Request (ServerDiagnosticsNegativeTest:setUpClass): 201 POST http://10.180.1.21/identity/v3/auth/tokens 0.102s
2024-12-14 21:25:33.878 65754 INFO tempest.lib.common.rest_client [req-0b9335f2-90b4-4b2f-a83e-452cff3c1b84 req-0b9335f2-90b4-4b2f-a83e-452cff3c1b84 ] Request (FloatingIPDetailsTestJSON:setUpClass): 200 POST http://10.180.1.21/compute/v2.1/os-floating-ips 3.573s
2024-12-14 21:25:33.887 65726 INFO tempest.lib.common.rest_client [req-ed4bd03b-271d-471f-bee4-c5ed95a4569c req-ed4bd03b-271d-471f-bee4-c5ed95a4569c ] Request (ValidationResourcesFixture:setUp): 201 POST http://10.180.1.21:9696/networking/v2.0/security-group-rules 0.224s
2024-12-14 21:25:33.895 65716 INFO tempest.lib.common.rest_client [req-301753e0-b40a-4b21-b8f9-351688313605 req-301753e0-b40a-4b21-b8f9-351688313605 ] Request (ServerDiagnosticsNegativeTest:test_get_server_diagnostics_by_non_admin): 201 POST http://10.180.1.21/identity/v3/auth/tokens 0.068s
2024-12-14 21:25:33.895 65716 INFO tempest.lib.common.fixed_network [-] (ServerDiagnosticsNegativeTest:test_get_server_diagnostics_by_non_admin) Found network None available for tenant
2024-12-14 21:25:33.903 65714 INFO tempest.lib.common.rest_client [req-a7ed4f5e-30f7-4b0e-9fa8-64f54491e41c req-a7ed4f5e-30f7-4b0e-9fa8-64f54491e41c ] Request (FlavorsV261TestJSON:test_crud_flavor): 200 GET http://10.180.1.21/compute/v2.1/flavors/2034208240 3.289s
2024-12-14 21:25:33.933 65742 INFO tempest.lib.common.rest_client [req-38c90820-df94-442d-9d38-46a61c2ee108 req-38c90820-df94-442d-9d38-46a61c2ee108 ] Request (ListImageFiltersTestJSON:setUpClass): 200 GET http://10.180.1.21/compute/v2.1/images/17686175-bfb5-4765-bd34-0ac505835f95 3.276s
2024-12-14 21:25:34.053 65738 INFO tempest.lib.common.rest_client [req-ba6f1e97-fe66-4ccf-aaaa-de54e6f762e6 req-ba6f1e97-fe66-4ccf-aaaa-de54e6f762e6 ] Request (FlavorsAccessNegativeTestJSON:test_flavor_non_admin_remove): 200 POST http://10.180.1.21/compute/v2.1/flavors/1679072276/action 3.262s
2024-12-14 21:25:34.128 65698 INFO tempest.lib.common.rest_client [req-b9126203-f782-4fd0-9911-8d94dfe8c3ec req-b9126203-f782-4fd0-9911-8d94dfe8c3ec ] Request (ServersAdminNegativeTestJSON:setUpClass): 200 GET http://10.180.1.21/compute/v2.1/servers/9e0e8583-ff9d-429f-9a13-f197392d3541 3.373s
2024-12-14 21:25:34.243 65726 INFO tempest.lib.common.rest_client [req-d323934f-3e58-493f-941d-dbacfdeab656 req-d323934f-3e58-493f-941d-dbacfdeab656 ] Request (ValidationResourcesFixture:setUp): 201 POST http://10.180.1.21:9696/networking/v2.0/security-group-rules 0.355s
2024-12-14 21:25:34.279 65700 INFO tempest.lib.common.rest_client [req-d8d9a2a9-4ef4-4be2-b620-0d649988b4d1 req-d8d9a2a9-4ef4-4be2-b620-0d649988b4d1 ] Request (ServersAdminTestJSON:setUpClass): 200 GET http://10.180.1.21/compute/v2.1/servers/665ba975-97e4-4ffe-8f7c-aab31e63d34d 3.326s
2024-12-14 21:25:34.301 65722 INFO tempest.lib.common.rest_client [req-88fde501-09b5-42b1-be0d-39ecabc5bbfc req-88fde501-09b5-42b1-be0d-39ecabc5bbfc ] Request (AttachVolumeTestJSON:setUpClass): 201 POST http://10.180.1.21:9696/networking/v2.0/routers 1.968s
2024-12-14 21:25:34.325 65742 INFO tempest.lib.common.rest_client [req-beb15014-6de9-4e75-9e61-d9e8988e3abb req-beb15014-6de9-4e75-9e61-d9e8988e3abb ] Request (ListImageFiltersTestJSON:setUpClass): 201 POST http://10.180.1.21/image/v2/images 0.388s
2024-12-14 21:25:34.463 65702 INFO tempest.lib.common.rest_client [req-48d66122-af7d-4353-9b78-1e87effc1ede req-48d66122-af7d-4353-9b78-1e87effc1ede ] Request (ServerDiagnosticsTest:test_get_server_diagnostics): 200 GET http://10.180.1.21/compute/v2.1/servers/b6671cb6-6333-47f7-a79d-bcef4f9831f8 3.416s
2024-12-14 21:25:34.471 65702 INFO tempest.common.waiters [-] State transition "BUILD/None" ==> "BUILD/spawning" after 13 second wait
2024-12-14 21:25:34.496 65724 INFO tempest.lib.common.rest_client [req-2de451bd-91e1-41c6-89a4-edc316ec7087 req-2de451bd-91e1-41c6-89a4-edc316ec7087 ] Request (FloatingIPsAssociationNegativeTestJSON:setUpClass): 200 GET http://10.180.1.21/compute/v2.1/servers/e1197d80-5d4b-4130-96aa-35e246a2c8c2 3.381s
2024-12-14 21:25:34.504 65724 INFO tempest.common.waiters [-] State transition "BUILD/spawning" ==> "ACTIVE/None" after 24 second wait
2024-12-14 21:25:34.786 65694 INFO tempest.lib.common.rest_client [req-1c29a9a0-0ac0-46d8-af39-d38db8ba2630 req-1c29a9a0-0ac0-46d8-af39-d38db8ba2630 ] Request (VolumesAssistedSnapshotsTest:test_volume_assisted_snapshot_create_delete): 200 GET http://10.180.1.21/compute/v2.1/servers/9d85aac2-21be-4e8c-bcbb-76d01ad6c0c6 3.502s
2024-12-14 21:25:34.795 65694 INFO tempest.common.waiters [-] State transition "BUILD/scheduling" ==> "BUILD/None" after 4 second wait
2024-12-14 21:25:34.825 65734 INFO tempest.lib.common.rest_client [req-977583f6-4276-411c-9146-606e5c360efd req-977583f6-4276-411c-9146-606e5c360efd ] Request (ImagesNegativeTestJSON:setUpClass): 201 POST http://10.180.1.21:9696/networking/v2.0/routers 1.996s
2024-12-14 21:25:34.838 65706 INFO tempest.lib.common.rest_client [req-6867dc72-5d10-4b50-9d91-30e92e5b3636 req-6867dc72-5d10-4b50-9d91-30e92e5b3636 ] Request (ServersV294TestFqdnHostnames:setUpClass): 200 GET http://10.180.1.21/compute/v2.1/servers/d1ef41d8-83c8-45da-b3e6-f4754d12869d 3.558s
2024-12-14 21:25:34.851 65740 INFO tempest.lib.common.rest_client [req-ce349cfe-2307-4705-a755-a25ba939324e req-ce349cfe-2307-4705-a755-a25ba939324e ] Request (FlavorsV2TestJSON:test_list_flavors_with_detail): 200 GET http://10.180.1.21/compute/v2.1/flavors/42 3.495s
2024-12-14 21:25:34.852 65706 INFO tempest.common.waiters [-] State transition "BUILD/spawning" ==> "ACTIVE/None" after 22 second wait
2024-12-14 21:25:34.871 65750 INFO tempest.lib.common.rest_client [req-eab1eb11-41f0-4483-bacc-76dba0585bd7 req-eab1eb11-41f0-4483-bacc-76dba0585bd7 ] Request (AggregatesAdminNegativeTestJSON:test_aggregate_create_with_existent_aggregate_name): 409 POST http://10.180.1.21/compute/v2.1/os-aggregates 3.482s
2024-12-14 21:25:34.876 65692 INFO tempest.lib.common.rest_client [req-5f64c969-0a65-4acb-9342-e8e0bb1107a1 req-5f64c969-0a65-4acb-9342-e8e0bb1107a1 ] Request (ListServerFiltersTestJSON:setUpClass): 200 GET http://10.180.1.21/compute/v2.1/servers/510b63b8-1358-4e3f-8ce1-093b46f80f8b 3.540s
2024-12-14 21:25:34.903 65744 INFO tempest.lib.common.rest_client [req-25cd50f3-f746-4658-978c-4527329b8329 req-25cd50f3-f746-4658-978c-4527329b8329 ] Request (ServicesAdminTestJSON:test_get_service_by_service_binary_name): 200 GET http://10.180.1.21/compute/v2.1/os-services?binary=nova-compute 3.400s
2024-12-14 21:25:34.984 65718 INFO tempest.lib.common.rest_client [req-710d7a16-162c-4835-8e7a-9747f440395a req-710d7a16-162c-4835-8e7a-9747f440395a ] Request (ServerExternalEventsTest:test_create_server_external_events): 200 GET http://10.180.1.21/compute/v2.1/servers/5c1463e5-18ae-42bd-9714-0a0d0b1add1f 3.422s
2024-12-14 21:25:35.017 65740 INFO tempest.lib.common.rest_client [req-2109239c-01cf-42ab-b7de-6acdea421fd2 req-2109239c-01cf-42ab-b7de-6acdea421fd2 ] Request (FlavorsV2TestJSON:tearDownClass): 204 DELETE http://10.180.1.21/identity/v3/users/6b3ed01003eb42e19051c414f2d5a29f 0.162s
2024-12-14 21:25:35.017 65740 INFO tempest.lib.common.dynamic_creds [-] Deleting project and security group for project: 6c2eae0d6c1d4bc68f078d8ecb661360
2024-12-14 21:25:35.085 65696 INFO tempest.lib.common.rest_client [req-1a828c91-aaa0-4bb2-9bc0-71c9fd13b673 req-1a828c91-aaa0-4bb2-9bc0-71c9fd13b673 ] Request (DeleteServersAdminTestJSON:test_admin_delete_servers_of_others): 200 GET http://10.180.1.21/compute/v2.1/servers/8566dee0-0c78-4f80-9c3b-82890cd2f18f 3.609s
2024-12-14 21:25:35.085 65740 INFO tempest.lib.common.rest_client [req-c2f236a9-d4ed-44d7-a569-22996c626648 req-c2f236a9-d4ed-44d7-a569-22996c626648 ] Request (FlavorsV2TestJSON:tearDownClass): 201 POST http://10.180.1.21/identity/v3/auth/tokens 0.068s
2024-12-14 21:25:35.142 65708 INFO tempest.lib.common.rest_client [req-1de6c4f2-4677-4d91-b8d9-8d02e022fafe req-1de6c4f2-4677-4d91-b8d9-8d02e022fafe ] Request (FloatingIPsNegativeTestJSON:setUpClass): 200 GET http://10.180.1.21/compute/v2.1/os-floating-ips 2.979s
2024-12-14 21:25:35.162 65720 INFO tempest.lib.common.rest_client [req-70387da5-a78c-4974-8f13-5a4e5f097d79 req-70387da5-a78c-4974-8f13-5a4e5f097d79 ] Request (MigrationsAdminTest:test_list_migrations_in_flavor_resize_situation): 200 GET http://10.180.1.21/compute/v2.1/servers/a524b227-c5db-40bb-ab1c-e29d098af26d 2.900s
2024-12-14 21:25:35.210 65728 INFO tempest.lib.common.rest_client [req-fbffd271-8f34-415f-a6c6-c16972ab141f req-fbffd271-8f34-415f-a6c6-c16972ab141f ] Request (ServersTestJSON:setUpClass): 200 GET http://10.180.1.21/compute/v2.1/servers/3e81cc1d-d2a2-4efd-bdb1-858e463d857d 2.735s
2024-12-14 21:25:35.217 65728 INFO tempest.common.waiters [-] State transition "BUILD/scheduling" ==> "BUILD/None" after 4 second wait
2024-12-14 21:25:35.274 65704 INFO tempest.lib.common.rest_client [req-f20f806f-8f30-4e3f-808b-7b6299b8b6e5 req-f20f806f-8f30-4e3f-808b-7b6299b8b6e5 ] Request (ImagesTestJSON:test_create_image_from_stopped_server): 200 GET http://10.180.1.21/compute/v2.1/servers/cb685d54-5abc-432a-8289-1a0b8fe733db 2.521s
2024-12-14 21:25:35.296 65726 INFO tempest.lib.common.rest_client [req-5afdd134-9123-4dcb-9793-5c10c6a5af92 req-5afdd134-9123-4dcb-9793-5c10c6a5af92 ] Request (ValidationResourcesFixture:setUp): 201 POST http://10.180.1.21:9696/networking/v2.0/floatingips 1.052s
2024-12-14 21:25:35.338 65732 INFO tempest.lib.common.rest_client [req-2be35a95-625c-4681-af97-4f556f4311a0 req-2be35a95-625c-4681-af97-4f556f4311a0 ] Request (ImagesOneServerTestJSON:setUpClass): 200 GET http://10.180.1.21/compute/v2.1/servers/e64fb81e-2e3e-4725-86d2-75d8c69a1c16 2.131s
2024-12-14 21:25:35.387 65726 INFO tempest.lib.common.rest_client [req-3aa82265-e7e9-4f5c-9d97-777051239a40 req-3aa82265-e7e9-4f5c-9d97-777051239a40 ] Request (AttachInterfacesTestJSON:test_create_list_show_delete_interfaces_by_fixed_ip): 201 POST http://10.180.1.21/identity/v3/auth/tokens 0.086s
2024-12-14 21:25:35.388 65726 INFO tempest.lib.common.fixed_network [-] (AttachInterfacesTestJSON:test_create_list_show_delete_interfaces_by_fixed_ip) Found network {'id': '6f765e9d-a2bf-4189-94d8-2d771046e341', 'name': 'tempest-AttachInterfacesTestJSON-704140825-network', 'tenant_id': '511d198b4c40466caacb6db27d52c0af', 'admin_state_up': True, 'mtu': 8950, 'status': 'ACTIVE', 'subnets': [], 'shared': False, 'project_id': '511d198b4c40466caacb6db27d52c0af', 'port_security_enabled': True, 'router:external': False, 'provider:network_type': 'vlan', 'provider:physical_network': 'default', 'provider:segmentation_id': 222, 'availability_zone_hints': [], 'availability_zones': [], 'ipv4_address_scope': None, 'ipv6_address_scope': None, 'description': '', 'tags': [], 'created_at': '2024-12-14T21:25:22Z', 'updated_at': '2024-12-14T21:25:22Z', 'revision_number': 1} available for tenant
2024-12-14 21:25:35.391 65740 INFO tempest.lib.common.rest_client [req-3c5a433e-2dc4-42ec-9ec0-f97b3cab8e94 req-3c5a433e-2dc4-42ec-9ec0-f97b3cab8e94 ] Request (FlavorsV2TestJSON:tearDownClass): 200 GET http://10.180.1.21:9696/networking/v2.0/security-groups?tenant_id=6c2eae0d6c1d4bc68f078d8ecb661360&name=default 0.305s
2024-12-14 21:25:35.556 65740 INFO tempest.lib.common.rest_client [req-e21910e2-f7d8-4fc9-ba59-1fa05ece605e req-e21910e2-f7d8-4fc9-ba59-1fa05ece605e ] Request (FlavorsV2TestJSON:tearDownClass): 204 DELETE http://10.180.1.21:9696/networking/v2.0/security-groups/f768f18a-788c-44b6-8fdb-a18ed5ccb822 0.165s
2024-12-14 21:25:35.651 65740 INFO tempest.lib.common.rest_client [req-076225b1-0636-4c7a-8662-254ad49f60e1 req-076225b1-0636-4c7a-8662-254ad49f60e1 ] Request (FlavorsV2TestJSON:tearDownClass): 204 DELETE http://10.180.1.21/identity/v3/projects/6c2eae0d6c1d4bc68f078d8ecb661360 0.094s
2024-12-14 21:25:35.715 65740 INFO tempest.lib.common.rest_client [req-e7d40e33-7d22-4a73-adf5-3089e49c34b5 req-e7d40e33-7d22-4a73-adf5-3089e49c34b5 ] Request (ServersAaction247Test:setUpClass): 201 POST http://10.180.1.21/identity/v3/auth/tokens 0.062s
2024-12-14 21:25:35.725 65712 INFO tempest.lib.common.rest_client [req-87c65f09-6651-404b-b924-0ca1a4a21335 req-87c65f09-6651-404b-b924-0ca1a4a21335 ] Request (ServersAdmin275Test:test_rebuild_update_server_275): 202 POST http://10.180.1.21/compute/v2.1/servers/b6e143fb-f149-40b7-ba96-1bf7f8b98274/action 2.828s
2024-12-14 21:25:35.793 65740 INFO tempest.lib.common.rest_client [req-e7fdef40-7ee0-48b0-9ba4-723baa215acd req-e7fdef40-7ee0-48b0-9ba4-723baa215acd ] Request (ServersAaction247Test:setUpClass): 201 POST http://10.180.1.21/identity/v3/auth/tokens 0.027s
2024-12-14 21:25:35.802 65749 INFO tempest.lib.common.rest_client [req-25d54682-6efd-4edd-94ee-ce9c680941e9 req-25d54682-6efd-4edd-94ee-ce9c680941e9 ] Request (TenantUsagesTestJSON:setUpClass): 200 GET http://10.180.1.21/compute/v2.1/servers/6f139879-a83d-44cc-8d3a-4151114400ab 2.395s
2024-12-14 21:25:35.810 65749 INFO tempest.common.waiters [-] State transition "BUILD/scheduling" ==> "BUILD/None" after 3 second wait
2024-12-14 21:25:35.823 65740 INFO tempest.lib.common.rest_client [req-3ceac13f-d563-41ef-bf2a-9e6480263102 req-3ceac13f-d563-41ef-bf2a-9e6480263102 ] Request (ServersAaction247Test:setUpClass): 200 GET http://10.180.1.21/identity/v3/domains?name=Default 0.030s
2024-12-14 21:25:35.894 65740 INFO tempest.lib.common.rest_client [req-3c23fd03-7ec4-4062-be2e-ca5dc83e6913 req-3c23fd03-7ec4-4062-be2e-ca5dc83e6913 ] Request (ServersAaction247Test:setUpClass): 201 POST http://10.180.1.21/identity/v3/projects 0.071s
2024-12-14 21:25:36.008 65740 INFO tempest.lib.common.rest_client [req-d8ab1e68-d117-4a4e-aae0-1eb176e75c0a req-d8ab1e68-d117-4a4e-aae0-1eb176e75c0a ] Request (ServersAaction247Test:setUpClass): 201 POST http://10.180.1.21/identity/v3/users 0.113s
2024-12-14 21:25:36.054 65740 INFO tempest.lib.common.rest_client [req-3903be28-d33d-4db4-8482-e91ab4c73526 req-3903be28-d33d-4db4-8482-e91ab4c73526 ] Request (ServersAaction247Test:setUpClass): 200 GET http://10.180.1.21/identity/v3/roles 0.045s
2024-12-14 21:25:36.105 65740 INFO tempest.lib.common.rest_client [req-8cef66a2-9102-4f14-b04b-5b804355d709 req-8cef66a2-9102-4f14-b04b-5b804355d709 ] Request (ServersAaction247Test:setUpClass): 204 PUT http://10.180.1.21/identity/v3/projects/d0b77232356b43bdba8546950306d63c/users/9556c42677934effb79f41e2879401a3/roles/f68f4bf8e01649ae964b6889872d97ca 0.051s
2024-12-14 21:25:36.105 65740 INFO tempest.lib.common.dynamic_creds [-] Dynamic test user 9556c42677934effb79f41e2879401a3 is created with scope project and roles: ['member']
2024-12-14 21:25:36.106 65740 INFO tempest.lib.common.dynamic_creds [-] Acquired dynamic creds: credentials: Credentials: {'domain_id': 'default', 'domain_name': 'Default', 'username': 'tempest-ServersAaction247Test-340319550-project-member', 'project_domain_id': 'default', 'project_domain_name': 'Default', 'project_id': 'd0b77232356b43bdba8546950306d63c', 'project_name': 'tempest-ServersAaction247Test-340319550', 'tenant_id': 'd0b77232356b43bdba8546950306d63c', 'tenant_name': 'tempest-ServersAaction247Test-340319550', 'user_domain_id': 'default', 'user_domain_name': 'Default', 'user_id': '9556c42677934effb79f41e2879401a3', 'system': None}, Network: None, Subnet: None, Router: None
2024-12-14 21:25:36.106 65740 INFO tempest.lib.common.dynamic_creds [-] Created isolated network resources for: credentials: Credentials: {'domain_id': 'default', 'domain_name': 'Default', 'username': 'tempest-ServersAaction247Test-340319550-project-member', 'project_domain_id': 'default', 'project_domain_name': 'Default', 'project_id': 'd0b77232356b43bdba8546950306d63c', 'project_name': 'tempest-ServersAaction247Test-340319550', 'tenant_id': 'd0b77232356b43bdba8546950306d63c', 'tenant_name': 'tempest-ServersAaction247Test-340319550', 'user_domain_id': 'default', 'user_domain_name': 'Default', 'user_id': '9556c42677934effb79f41e2879401a3', 'system': None}, Network: None, Subnet: None, Router: None
2024-12-14 21:25:36.114 65730 INFO tempest.lib.common.rest_client [req-8b32aa60-8d84-4973-87e3-26bd6b840ca4 req-8b32aa60-8d84-4973-87e3-26bd6b840ca4 ] Request (ServersTestBootFromVolume:setUpClass): 202 POST http://10.180.1.21/compute/v2.1/servers 2.758s
2024-12-14 21:25:36.181 65742 INFO tempest.lib.common.rest_client [req-d9539c54-67b3-4dc2-a10e-637d17b048fd req-d9539c54-67b3-4dc2-a10e-637d17b048fd ] Request (ListImageFiltersTestJSON:setUpClass): 204 PUT http://10.180.1.21/image/v2/images/3632f4d8-61d8-4a7f-8c8f-d81eb59febf7/file 0.854s
2024-12-14 21:25:36.219 65740 INFO tempest.lib.common.rest_client [req-3f4d92e8-758c-4055-846b-02dac8240175 req-3f4d92e8-758c-4055-846b-02dac8240175 ] Request (ServersAaction247Test:setUpClass): 201 POST http://10.180.1.21/identity/v3/auth/tokens 0.111s
2024-12-14 21:25:36.251 65740 INFO tempest.lib.common.rest_client [req-924f33aa-cb9e-45dc-be7c-d367ea404cc7 req-924f33aa-cb9e-45dc-be7c-d367ea404cc7 ] Request (ServersAaction247Test:test_create_backup): 201 POST http://10.180.1.21/identity/v3/auth/tokens 0.028s
2024-12-14 21:25:36.252 65740 INFO tempest.lib.common.fixed_network [-] (ServersAaction247Test:test_create_backup) Found network None available for tenant
2024-12-14 21:25:36.518 65710 INFO tempest.lib.common.rest_client [req-49d736b8-4ede-4ac8-b046-cb1d85473ab1 req-49d736b8-4ede-4ac8-b046-cb1d85473ab1 ] Request (ServerDiagnosticsV248Test:test_get_server_diagnostics): 200 GET http://10.180.1.21/compute/v2.1/servers/ab5afe79-cc50-4dde-b1df-49e9dd1d9fc4/diagnostics 3.051s
2024-12-14 21:25:36.591 65722 INFO tempest.lib.common.rest_client [req-0ce7f910-aed9-44f0-ac8a-9e6fb1baaa10 req-0ce7f910-aed9-44f0-ac8a-9e6fb1baaa10 ] Request (AttachVolumeTestJSON:setUpClass): 200 PUT http://10.180.1.21:9696/networking/v2.0/routers/81e05503-d311-4f0e-bd8a-56cd3f439379/add_router_interface 2.289s
2024-12-14 21:25:36.591 65722 INFO tempest.lib.common.dynamic_creds [-] Created isolated network resources for: credentials: Credentials: {'domain_id': 'default', 'domain_name': 'Default', 'username': 'tempest-AttachVolumeTestJSON-183743634-project-member', 'project_domain_id': 'default', 'project_domain_name': 'Default', 'project_id': '1e264ce8a574415cac0062edce810423', 'project_name': 'tempest-AttachVolumeTestJSON-183743634', 'tenant_id': '1e264ce8a574415cac0062edce810423', 'tenant_name': 'tempest-AttachVolumeTestJSON-183743634', 'user_domain_id': 'default', 'user_domain_name': 'Default', 'user_id': 'e7e1714ec178423a9b0396936f1c77b2', 'system': None}, Network: {'id': 'e47ad676-1232-4b16-b35a-bd0074c146fd', 'name': 'tempest-AttachVolumeTestJSON-90263326-network', 'tenant_id': '1e264ce8a574415cac0062edce810423', 'admin_state_up': True, 'mtu': 8950, 'status': 'ACTIVE', 'subnets': [], 'shared': False, 'project_id': '1e264ce8a574415cac0062edce810423', 'port_security_enabled': True, 'router:external': False, 'provider:network_type': 'vlan', 'provider:physical_network': 'default', 'provider:segmentation_id': 580, 'availability_zone_hints': [], 'availability_zones': [], 'ipv4_address_scope': None, 'ipv6_address_scope': None, 'description': '', 'tags': [], 'created_at': '2024-12-14T21:25:31Z', 'updated_at': '2024-12-14T21:25:31Z', 'revision_number': 1}, Subnet: {'id': '3a0ddbd9-dae2-42ff-8b30-57298e3a99c3', 'name': 'tempest-AttachVolumeTestJSON-90263326-subnet', 'tenant_id': '1e264ce8a574415cac0062edce810423', 'network_id': 'e47ad676-1232-4b16-b35a-bd0074c146fd', 'ip_version': 4, 'subnetpool_id': None, 'enable_dhcp': True, 'ipv6_ra_mode': None, 'ipv6_address_mode': None, 'gateway_ip': '192.168.128.1', 'cidr': '192.168.128.0/28', 'allocation_pools': [{'start': '192.168.128.2', 'end': '192.168.128.14'}], 'host_routes': [], 'dns_nameservers': [], 'description': '', 'router:external': False, 'service_types': [], 'tags': [], 'created_at': '2024-12-14T21:25:31Z', 'updated_at': '2024-12-14T21:25:31Z', 'revision_number': 0, 'project_id': '1e264ce8a574415cac0062edce810423'}, Router: {'id': '81e05503-d311-4f0e-bd8a-56cd3f439379', 'name': 'tempest-AttachVolumeTestJSON-90263326-router', 'tenant_id': '1e264ce8a574415cac0062edce810423', 'admin_state_up': True, 'status': 'ACTIVE', 'external_gateway_info': {'network_id': '4b1b0d46-0570-47e4-b0bb-612f2fd92ae6', 'external_fixed_ips': [{'subnet_id': '858f6b45-1a75-4dca-b566-50eb904ae53b', 'ip_address': '10.180.180.201'}], 'enable_snat': True}, 'description': '', 'availability_zones': [], 'distributed': False, 'ha': False, 'availability_zone_hints': [], 'routes': [], 'flavor_id': None, 'tags': [], 'created_at': '2024-12-14T21:25:32Z', 'updated_at': '2024-12-14T21:25:33Z', 'revision_number': 2, 'project_id': '1e264ce8a574415cac0062edce810423'}
2024-12-14 21:25:36.605 65746 INFO tempest.lib.common.rest_client [req-b73baa77-5d30-4e9a-9f83-5e247372e2ab req-b73baa77-5d30-4e9a-9f83-5e247372e2ab ] Request (FloatingIPsAssociationTestJSON:setUpClass): 200 GET http://10.180.1.21/compute/v2.1/servers/12afe1f4-4fc3-40a1-bde2-2afaf1772cde 3.099s
2024-12-14 21:25:36.612 65746 INFO tempest.common.waiters [-] State transition "BUILD/None" ==> "BUILD/networking" after 8 second wait
2024-12-14 21:25:36.679 65736 INFO tempest.lib.common.rest_client [req-a61134e2-9010-4944-beb7-bff3ef8a64bd req-a61134e2-9010-4944-beb7-bff3ef8a64bd ] Request (QuotasAdminTestJSON:test_get_updated_quotas): 200 GET http://10.180.1.21/compute/v2.1/os-quota-sets/772bc73e33f9466a85fe633492535107?user_id=e946a9105c7f42a9b56b0edee75c1317 2.958s
2024-12-14 21:25:36.709 65722 INFO tempest.lib.common.rest_client [req-b39a73b8-eb9e-4c6e-a744-bd795f035977 req-b39a73b8-eb9e-4c6e-a744-bd795f035977 ] Request (AttachVolumeTestJSON:setUpClass): 201 POST http://10.180.1.21/identity/v3/auth/tokens 0.112s
2024-12-14 21:25:36.796 65736 INFO tempest.lib.common.rest_client [req-ce2ed4a8-a527-432a-b639-1868260ca2bb req-ce2ed4a8-a527-432a-b639-1868260ca2bb ] Request (QuotasAdminTestJSON:_run_cleanups): 204 DELETE http://10.180.1.21/identity/v3/users/e946a9105c7f42a9b56b0edee75c1317 0.113s
2024-12-14 21:25:36.939 65734 INFO tempest.lib.common.rest_client [req-2fbaee9d-31e5-480c-9c3e-5063b8eadb93 req-2fbaee9d-31e5-480c-9c3e-5063b8eadb93 ] Request (ImagesNegativeTestJSON:setUpClass): 200 PUT http://10.180.1.21:9696/networking/v2.0/routers/131add15-588c-45fb-9bae-589b0c58191f/add_router_interface 2.114s
2024-12-14 21:25:36.940 65734 INFO tempest.lib.common.dynamic_creds [-] Created isolated network resources for: credentials: Credentials: {'domain_id': 'default', 'domain_name': 'Default', 'username': 'tempest-ImagesNegativeTestJSON-583353404-project-member', 'project_domain_id': 'default', 'project_domain_name': 'Default', 'project_id': 'e8e3e331ac0e49f9a96b3faff734d673', 'project_name': 'tempest-ImagesNegativeTestJSON-583353404', 'tenant_id': 'e8e3e331ac0e49f9a96b3faff734d673', 'tenant_name': 'tempest-ImagesNegativeTestJSON-583353404', 'user_domain_id': 'default', 'user_domain_name': 'Default', 'user_id': '74302f0c4a754c66b892ff626e628447', 'system': None}, Network: {'id': 'b0221e90-1f0f-40c5-86f8-d6cf98b2fcb3', 'name': 'tempest-ImagesNegativeTestJSON-5211319-network', 'tenant_id': 'e8e3e331ac0e49f9a96b3faff734d673', 'admin_state_up': True, 'mtu': 8950, 'status': 'ACTIVE', 'subnets': [], 'shared': False, 'project_id': 'e8e3e331ac0e49f9a96b3faff734d673', 'port_security_enabled': True, 'router:external': False, 'provider:network_type': 'vlan', 'provider:physical_network': 'default', 'provider:segmentation_id': 549, 'availability_zone_hints': [], 'availability_zones': [], 'ipv4_address_scope': None, 'ipv6_address_scope': None, 'description': '', 'tags': [], 'created_at': '2024-12-14T21:25:31Z', 'updated_at': '2024-12-14T21:25:31Z', 'revision_number': 1}, Subnet: {'id': 'c3244194-6957-4ddd-8625-0333a2d550c0', 'name': 'tempest-ImagesNegativeTestJSON-5211319-subnet', 'tenant_id': 'e8e3e331ac0e49f9a96b3faff734d673', 'network_id': 'b0221e90-1f0f-40c5-86f8-d6cf98b2fcb3', 'ip_version': 4, 'subnetpool_id': None, 'enable_dhcp': True, 'ipv6_ra_mode': None, 'ipv6_address_mode': None, 'gateway_ip': '192.168.128.1', 'cidr': '192.168.128.0/28', 'allocation_pools': [{'start': '192.168.128.2', 'end': '192.168.128.14'}], 'host_routes': [], 'dns_nameservers': [], 'description': '', 'router:external': False, 'service_types': [], 'tags': [], 'created_at': '2024-12-14T21:25:32Z', 'updated_at': '2024-12-14T21:25:32Z', 'revision_number': 0, 'project_id': 'e8e3e331ac0e49f9a96b3faff734d673'}, Router: {'id': '131add15-588c-45fb-9bae-589b0c58191f', 'name': 'tempest-ImagesNegativeTestJSON-5211319-router', 'tenant_id': 'e8e3e331ac0e49f9a96b3faff734d673', 'admin_state_up': True, 'status': 'ACTIVE', 'external_gateway_info': {'network_id': '4b1b0d46-0570-47e4-b0bb-612f2fd92ae6', 'external_fixed_ips': [{'subnet_id': '858f6b45-1a75-4dca-b566-50eb904ae53b', 'ip_address': '10.180.180.144'}], 'enable_snat': True}, 'description': '', 'availability_zones': [], 'distributed': False, 'ha': False, 'availability_zone_hints': [], 'routes': [], 'flavor_id': None, 'tags': [], 'created_at': '2024-12-14T21:25:32Z', 'updated_at': '2024-12-14T21:25:34Z', 'revision_number': 2, 'project_id': 'e8e3e331ac0e49f9a96b3faff734d673'}
2024-12-14 21:25:36.963 65736 INFO tempest.lib.common.rest_client [req-dc69376b-b842-412c-a1cb-212ae3043f99 req-dc69376b-b842-412c-a1cb-212ae3043f99 ] Request (QuotasAdminTestJSON:_run_cleanups): 204 DELETE http://10.180.1.21/identity/v3/projects/772bc73e33f9466a85fe633492535107 0.166s
2024-12-14 21:25:37.030 65734 INFO tempest.lib.common.rest_client [req-7db71030-388e-4a57-ae54-fccb2d629446 req-7db71030-388e-4a57-ae54-fccb2d629446 ] Request (ImagesNegativeTestJSON:setUpClass): 201 POST http://10.180.1.21/identity/v3/auth/tokens 0.086s
2024-12-14 21:25:37.096 65734 INFO tempest.lib.common.rest_client [req-e19da5a6-dc3b-4a56-bf31-f4eee6d1903b req-e19da5a6-dc3b-4a56-bf31-f4eee6d1903b ] Request (ImagesNegativeTestJSON:test_create_image_from_deleted_server): 201 POST http://10.180.1.21/identity/v3/auth/tokens 0.059s
2024-12-14 21:25:37.096 65734 INFO tempest.lib.common.fixed_network [-] (ImagesNegativeTestJSON:test_create_image_from_deleted_server) Found network {'id': 'b0221e90-1f0f-40c5-86f8-d6cf98b2fcb3', 'name': 'tempest-ImagesNegativeTestJSON-5211319-network', 'tenant_id': 'e8e3e331ac0e49f9a96b3faff734d673', 'admin_state_up': True, 'mtu': 8950, 'status': 'ACTIVE', 'subnets': [], 'shared': False, 'project_id': 'e8e3e331ac0e49f9a96b3faff734d673', 'port_security_enabled': True, 'router:external': False, 'provider:network_type': 'vlan', 'provider:physical_network': 'default', 'provider:segmentation_id': 549, 'availability_zone_hints': [], 'availability_zones': [], 'ipv4_address_scope': None, 'ipv6_address_scope': None, 'description': '', 'tags': [], 'created_at': '2024-12-14T21:25:31Z', 'updated_at': '2024-12-14T21:25:31Z', 'revision_number': 1} available for tenant
2024-12-14 21:25:37.127 65716 INFO tempest.lib.common.rest_client [req-ca6b62c2-eb69-48fc-b9b6-28c91731cce3 req-ca6b62c2-eb69-48fc-b9b6-28c91731cce3 ] Request (ServerDiagnosticsNegativeTest:test_get_server_diagnostics_by_non_admin): 202 POST http://10.180.1.21/compute/v2.1/servers 3.231s
2024-12-14 21:25:37.170 65714 INFO tempest.lib.common.rest_client [req-74a69af5-42ae-48e3-a8f0-1c614ff408ff req-74a69af5-42ae-48e3-a8f0-1c614ff408ff ] Request (FlavorsV261TestJSON:test_crud_flavor): 200 PUT http://10.180.1.21/compute/v2.1/flavors/2034208240 3.264s
2024-12-14 21:25:37.179 65738 INFO tempest.lib.common.rest_client [req-0842c1e9-c36d-48e4-a3f4-ad774e9a6eca req-0842c1e9-c36d-48e4-a3f4-ad774e9a6eca ] Request (FlavorsAccessNegativeTestJSON:test_flavor_non_admin_remove): 403 POST http://10.180.1.21/compute/v2.1/flavors/1679072276/action 3.125s
2024-12-14 21:25:37.545 65754 INFO tempest.lib.common.rest_client [req-1eb43398-9854-4d3c-9142-2476095e662c req-1eb43398-9854-4d3c-9142-2476095e662c ] Request (FloatingIPDetailsTestJSON:setUpClass): 200 POST http://10.180.1.21/compute/v2.1/os-floating-ips 3.664s
2024-12-14 21:25:37.778 65706 INFO tempest.lib.common.rest_client [req-9a847e39-e1a5-4a19-8d4f-b95eb77f05f3 req-9a847e39-e1a5-4a19-8d4f-b95eb77f05f3 ] Request (ServersV294TestFqdnHostnames:setUpClass): 200 GET http://10.180.1.21/compute/v2.1/servers/d1ef41d8-83c8-45da-b3e6-f4754d12869d/os-interface 2.925s
2024-12-14 21:25:37.798 65750 INFO tempest.lib.common.rest_client [req-cd66a313-8447-4807-b2bd-c4bccfffbe1c req-cd66a313-8447-4807-b2bd-c4bccfffbe1c ] Request (AggregatesAdminNegativeTestJSON:_run_cleanups): 200 DELETE http://10.180.1.21/compute/v2.1/os-aggregates/4 2.926s
2024-12-14 21:25:37.822 65744 INFO tempest.lib.common.rest_client [req-2fc9f6f2-755d-4c82-9258-a535600b19ea req-2fc9f6f2-755d-4c82-9258-a535600b19ea ] Request (ServicesAdminTestJSON:test_list_services): 200 GET http://10.180.1.21/compute/v2.1/os-services 2.914s
2024-12-14 21:25:37.854 65708 INFO tempest.lib.common.rest_client [req-d7b6cff0-2072-4ac1-9496-6845e23c9deb req-d7b6cff0-2072-4ac1-9496-6845e23c9deb ] Request (FloatingIPsNegativeTestJSON:test_allocate_floating_ip_from_nonexistent_pool): 404 POST http://10.180.1.21/compute/v2.1/os-floating-ips 2.709s
2024-12-14 21:25:37.886 65724 INFO tempest.lib.common.rest_client [req-f6acf9c6-1e0b-45f6-8553-aec14d532224 req-f6acf9c6-1e0b-45f6-8553-aec14d532224 ] Request (FloatingIPsAssociationNegativeTestJSON:test_associate_ip_to_server_with_floating_ip): 200 POST http://10.180.1.21/compute/v2.1/os-floating-ips 3.381s
2024-12-14 21:25:37.922 65698 INFO tempest.lib.common.rest_client [req-2fac64b3-2560-49fa-9f7e-a23935edd0f9 req-2fac64b3-2560-49fa-9f7e-a23935edd0f9 ] Request (ServersAdminNegativeTestJSON:setUpClass): 200 GET http://10.180.1.21/compute/v2.1/servers/9e0e8583-ff9d-429f-9a13-f197392d3541 2.778s
2024-12-14 21:25:37.995 65744 INFO tempest.lib.common.rest_client [req-257a3bea-d713-46f0-94d6-9befb32fd920 req-257a3bea-d713-46f0-94d6-9befb32fd920 ] Request (ServicesAdminTestJSON:tearDownClass): 204 DELETE http://10.180.1.21/identity/v3/users/b6db41ec3e6a4315b11dc59ef846cdbd 0.166s
2024-12-14 21:25:38.118 65700 INFO tempest.lib.common.rest_client [req-8f9df941-582f-43b9-afe5-688001c134b7 req-8f9df941-582f-43b9-afe5-688001c134b7 ] Request (ServersAdminTestJSON:setUpClass): 200 GET http://10.180.1.21/compute/v2.1/servers/665ba975-97e4-4ffe-8f7c-aab31e63d34d 2.832s
2024-12-14 21:25:38.129 65744 INFO tempest.lib.common.rest_client [req-1e056a53-cd98-4890-97fe-8b9cef643adb req-1e056a53-cd98-4890-97fe-8b9cef643adb ] Request (ServicesAdminTestJSON:tearDownClass): 204 DELETE http://10.180.1.21/identity/v3/users/d4da03bb6f6e46698ecb5db22e3a2097 0.133s
2024-12-14 21:25:38.129 65744 INFO tempest.lib.common.dynamic_creds [-] Deleting project and security group for project: d21cdd4cc8b04c6b8babb236cd62d7b1
2024-12-14 21:25:38.224 65744 INFO tempest.lib.common.rest_client [req-a2173120-a1ad-446d-9fa2-070cbbe929f0 req-a2173120-a1ad-446d-9fa2-070cbbe929f0 ] Request (ServicesAdminTestJSON:tearDownClass): 201 POST http://10.180.1.21/identity/v3/auth/tokens 0.095s
2024-12-14 21:25:38.328 65702 INFO tempest.lib.common.rest_client [req-97d81137-b327-45ed-84a9-fb36655d00f6 req-97d81137-b327-45ed-84a9-fb36655d00f6 ] Request (ServerDiagnosticsTest:test_get_server_diagnostics): 200 GET http://10.180.1.21/compute/v2.1/servers/b6671cb6-6333-47f7-a79d-bcef4f9831f8 2.855s
2024-12-14 21:25:38.416 65712 INFO tempest.lib.common.rest_client [req-7f97dd85-036c-4c6d-8f21-10e04e9aa0e1 req-7f97dd85-036c-4c6d-8f21-10e04e9aa0e1 ] Request (ServersAdmin275Test:test_rebuild_update_server_275): 200 GET http://10.180.1.21/compute/v2.1/servers/b6e143fb-f149-40b7-ba96-1bf7f8b98274 2.675s
2024-12-14 21:25:38.494 65694 INFO tempest.lib.common.rest_client [req-a24bd698-3f8c-463d-baae-cee655d9b968 req-a24bd698-3f8c-463d-baae-cee655d9b968 ] Request (VolumesAssistedSnapshotsTest:test_volume_assisted_snapshot_create_delete): 200 GET http://10.180.1.21/compute/v2.1/servers/9d85aac2-21be-4e8c-bcbb-76d01ad6c0c6 2.697s
2024-12-14 21:25:38.500 65694 INFO tempest.common.waiters [-] State transition "BUILD/None" ==> "BUILD/networking" after 8 second wait
2024-12-14 21:25:38.694 65692 INFO tempest.lib.common.rest_client [req-961fdd41-3113-491d-bba5-c05bbb1e4260 req-961fdd41-3113-491d-bba5-c05bbb1e4260 ] Request (ListServerFiltersTestJSON:setUpClass): 200 GET http://10.180.1.21/compute/v2.1/servers/510b63b8-1358-4e3f-8ce1-093b46f80f8b 2.807s
2024-12-14 21:25:38.707 65744 INFO tempest.lib.common.rest_client [req-a516fcea-4141-4666-afe7-bc4fb829e680 req-a516fcea-4141-4666-afe7-bc4fb829e680 ] Request (ServicesAdminTestJSON:tearDownClass): 200 GET http://10.180.1.21:9696/networking/v2.0/security-groups?tenant_id=d21cdd4cc8b04c6b8babb236cd62d7b1&name=default 0.482s
2024-12-14 21:25:38.781 65718 INFO tempest.lib.common.rest_client [req-2958268a-beaa-4ee8-9597-e1f20c397ed4 req-2958268a-beaa-4ee8-9597-e1f20c397ed4 ] Request (ServerExternalEventsTest:test_create_server_external_events): 200 GET http://10.180.1.21/compute/v2.1/servers/5c1463e5-18ae-42bd-9714-0a0d0b1add1f 2.784s
2024-12-14 21:25:38.785 65706 INFO tempest.lib.common.rest_client [req-b556f806-a82d-4f00-bb9e-f2bba92fb985 req-b556f806-a82d-4f00-bb9e-f2bba92fb985 ] Request (ServersV294TestFqdnHostnames:setUpClass): 200 PUT http://10.180.1.21:9696/networking/v2.0/floatingips/cb5fd2b3-d9bc-40b4-8894-bfe982ba8340 1.005s
2024-12-14 21:25:38.970 65696 INFO tempest.lib.common.rest_client [req-ecd20ed8-cd0e-4afa-9e74-3e0ecb5bed1b req-ecd20ed8-cd0e-4afa-9e74-3e0ecb5bed1b ] Request (DeleteServersAdminTestJSON:test_admin_delete_servers_of_others): 200 GET http://10.180.1.21/compute/v2.1/servers/8566dee0-0c78-4f80-9c3b-82890cd2f18f 2.876s
2024-12-14 21:25:38.976 65744 INFO tempest.lib.common.rest_client [req-09725b17-edcd-4a80-bb14-e4d428a14fdd req-09725b17-edcd-4a80-bb14-e4d428a14fdd ] Request (ServicesAdminTestJSON:tearDownClass): 204 DELETE http://10.180.1.21:9696/networking/v2.0/security-groups/7e802c47-0e5b-49b6-b139-e23f1585ca5c 0.266s
2024-12-14 21:25:38.980 65696 INFO tempest.common.waiters [-] State transition "BUILD/spawning" ==> "ACTIVE/None" after 25 second wait
2024-12-14 21:25:39.024 65726 INFO tempest.lib.common.rest_client [req-06e0ad51-99f5-456f-8003-28e90306291c req-06e0ad51-99f5-456f-8003-28e90306291c ] Request (AttachInterfacesTestJSON:test_create_list_show_delete_interfaces_by_fixed_ip): 202 POST http://10.180.1.21/compute/v2.1/servers 3.634s
2024-12-14 21:25:39.059 65730 INFO tempest.lib.common.rest_client [req-4485cdfb-c152-423f-9a75-75e8020740a3 req-4485cdfb-c152-423f-9a75-75e8020740a3 ] Request (ServersTestBootFromVolume:setUpClass): 200 GET http://10.180.1.21/compute/v2.1/servers/87130834-359c-4d54-9cdf-f4a20a051a58 2.940s
2024-12-14 21:25:39.081 65744 INFO tempest.lib.common.rest_client [req-a6ae3c6e-27d1-4bf2-a270-33a23e3cf0ab req-a6ae3c6e-27d1-4bf2-a270-33a23e3cf0ab ] Request (ServicesAdminTestJSON:tearDownClass): 204 DELETE http://10.180.1.21/identity/v3/projects/d21cdd4cc8b04c6b8babb236cd62d7b1 0.105s
2024-12-14 21:25:39.081 65744 INFO tempest.lib.common.dynamic_creds [-] Deleting project and security group for project: 28a129b7c6d2487796a83d423fed3633
2024-12-14 21:25:39.093 65720 INFO tempest.lib.common.rest_client [req-0b0b3efd-2693-470a-a244-177ae94dba64 req-0b0b3efd-2693-470a-a244-177ae94dba64 ] Request (MigrationsAdminTest:test_list_migrations_in_flavor_resize_situation): 200 GET http://10.180.1.21/compute/v2.1/servers/a524b227-c5db-40bb-ab1c-e29d098af26d 2.921s
2024-12-14 21:25:39.107 65742 INFO tempest.lib.common.rest_client [req-a3b0fe59-e75b-4e78-af13-ed52de0714a3 req-a3b0fe59-e75b-4e78-af13-ed52de0714a3 ] Request (ListImageFiltersTestJSON:setUpClass): 200 GET http://10.180.1.21/compute/v2.1/images/3632f4d8-61d8-4a7f-8c8f-d81eb59febf7 2.925s
2024-12-14 21:25:39.173 65728 INFO tempest.lib.common.rest_client [req-6f9a2a86-5277-42ae-aa4b-8e9f0bdd5227 req-6f9a2a86-5277-42ae-aa4b-8e9f0bdd5227 ] Request (ServersTestJSON:setUpClass): 200 GET http://10.180.1.21/compute/v2.1/servers/3e81cc1d-d2a2-4efd-bdb1-858e463d857d 2.954s
2024-12-14 21:25:39.207 65744 INFO tempest.lib.common.rest_client [req-38b690d3-3689-4c0b-bde3-807025be2ea7 req-38b690d3-3689-4c0b-bde3-807025be2ea7 ] Request (ServicesAdminTestJSON:tearDownClass): 200 GET http://10.180.1.21:9696/networking/v2.0/security-groups?tenant_id=28a129b7c6d2487796a83d423fed3633&name=default 0.125s
2024-12-14 21:25:39.247 65704 INFO tempest.lib.common.rest_client [req-20da4609-0828-4508-9dad-39bf4cee42b9 req-20da4609-0828-4508-9dad-39bf4cee42b9 ] Request (ImagesTestJSON:test_create_image_from_stopped_server): 200 GET http://10.180.1.21/compute/v2.1/servers/cb685d54-5abc-432a-8289-1a0b8fe733db 2.963s
2024-12-14 21:25:39.311 65732 INFO tempest.lib.common.rest_client [req-237a4833-387f-449d-9a6c-5a8d969e4a1e req-237a4833-387f-449d-9a6c-5a8d969e4a1e ] Request (ImagesOneServerTestJSON:setUpClass): 200 GET http://10.180.1.21/compute/v2.1/servers/e64fb81e-2e3e-4725-86d2-75d8c69a1c16 2.964s
2024-12-14 21:25:39.315 65744 INFO tempest.lib.common.rest_client [req-73326b7a-a8ac-451c-ae02-a116fda1e586 req-73326b7a-a8ac-451c-ae02-a116fda1e586 ] Request (ServicesAdminTestJSON:tearDownClass): 204 DELETE http://10.180.1.21:9696/networking/v2.0/security-groups/eb09fbd4-bd67-44e1-b0e9-e583afbd380c 0.108s
2024-12-14 21:25:39.402 65740 INFO tempest.lib.common.rest_client [req-80a3983b-2485-4a61-996b-97a4df27ab2c req-80a3983b-2485-4a61-996b-97a4df27ab2c ] Request (ServersAaction247Test:test_create_backup): 202 POST http://10.180.1.21/compute/v2.1/servers 3.150s
2024-12-14 21:25:39.443 65744 INFO tempest.lib.common.rest_client [req-be1898f1-9877-4f4c-9a00-65a7ba4c0045 req-be1898f1-9877-4f4c-9a00-65a7ba4c0045 ] Request (ServicesAdminTestJSON:tearDownClass): 204 DELETE http://10.180.1.21/identity/v3/projects/28a129b7c6d2487796a83d423fed3633 0.127s
2024-12-14 21:25:39.469 65722 INFO tempest.lib.common.rest_client [req-da2af99d-ce4e-4af7-9535-48cf46ce04e4 req-da2af99d-ce4e-4af7-9535-48cf46ce04e4 ] Request (ValidationResourcesFixture:setUp): 200 POST http://10.180.1.21/compute/v2.1/os-keypairs 2.756s
2024-12-14 21:25:39.481 65749 INFO tempest.lib.common.rest_client [req-536ef138-27af-473a-9854-940c9491a842 req-536ef138-27af-473a-9854-940c9491a842 ] Request (TenantUsagesTestJSON:setUpClass): 200 GET http://10.180.1.21/compute/v2.1/servers/6f139879-a83d-44cc-8d3a-4151114400ab 2.669s
2024-12-14 21:25:39.581 65744 INFO tempest.lib.common.rest_client [req-baeac736-b92d-4e03-9853-b75a6ee9481c req-baeac736-b92d-4e03-9853-b75a6ee9481c ] Request (FlavorsV2NegativeTest:setUpClass): 201 POST http://10.180.1.21/identity/v3/auth/tokens 0.136s
2024-12-14 21:25:39.609 65722 INFO tempest.lib.common.rest_client [req-3db04ad1-3ebc-4bb1-b565-2d7f7d565dd9 req-3db04ad1-3ebc-4bb1-b565-2d7f7d565dd9 ] Request (ValidationResourcesFixture:setUp): 201 POST http://10.180.1.21:9696/networking/v2.0/security-groups 0.137s
2024-12-14 21:25:39.695 65736 INFO tempest.lib.common.rest_client [req-fcfe9c20-6d3e-4523-878e-8093fae4d445 req-fcfe9c20-6d3e-4523-878e-8093fae4d445 ] Request (QuotasAdminTestJSON:test_update_all_quota_resources_for_tenant): 200 GET http://10.180.1.21/compute/v2.1/os-quota-sets/6b4bda4fd9634f099df2d5de4a2f274d/defaults 2.730s
2024-12-14 21:25:39.725 65744 INFO tempest.lib.common.rest_client [req-26b66f54-6fdc-4b56-90c2-f57c457daedf req-26b66f54-6fdc-4b56-90c2-f57c457daedf ] Request (FlavorsV2NegativeTest:setUpClass): 201 POST http://10.180.1.21/identity/v3/auth/tokens 0.142s
2024-12-14 21:25:39.774 65722 INFO tempest.lib.common.rest_client [req-ec3664f9-50a7-4585-89ec-4372b658692e req-ec3664f9-50a7-4585-89ec-4372b658692e ] Request (ValidationResourcesFixture:setUp): 201 POST http://10.180.1.21:9696/networking/v2.0/security-group-rules 0.161s
2024-12-14 21:25:39.791 65744 INFO tempest.lib.common.rest_client [req-7aece044-4e83-493d-9569-421d55618fba req-7aece044-4e83-493d-9569-421d55618fba ] Request (FlavorsV2NegativeTest:setUpClass): 200 GET http://10.180.1.21/identity/v3/domains?name=Default 0.065s
2024-12-14 21:25:39.795 65716 INFO tempest.lib.common.rest_client [req-24da814a-17ca-480c-8d94-c14bc3817a2b req-24da814a-17ca-480c-8d94-c14bc3817a2b ] Request (ServerDiagnosticsNegativeTest:test_get_server_diagnostics_by_non_admin): 200 GET http://10.180.1.21/compute/v2.1/servers/fd044e0c-bdba-421e-8942-7132389d2430 2.666s
2024-12-14 21:25:39.819 65714 INFO tempest.lib.common.rest_client [req-3a7fb996-b730-4ba9-b3c7-7ed7020f903d req-3a7fb996-b730-4ba9-b3c7-7ed7020f903d ] Request (FlavorsV261TestJSON:test_crud_flavor): 200 GET http://10.180.1.21/compute/v2.1/flavors/detail 2.645s
2024-12-14 21:25:39.835 65744 INFO tempest.lib.common.rest_client [req-eb0f187c-6bc0-4c15-af48-51fba5aa338a req-eb0f187c-6bc0-4c15-af48-51fba5aa338a ] Request (FlavorsV2NegativeTest:setUpClass): 201 POST http://10.180.1.21/identity/v3/projects 0.043s
2024-12-14 21:25:39.880 65722 INFO tempest.lib.common.rest_client [req-8856e364-6f4d-4ab7-8cab-7e9958230aef req-8856e364-6f4d-4ab7-8cab-7e9958230aef ] Request (ValidationResourcesFixture:setUp): 201 POST http://10.180.1.21:9696/networking/v2.0/security-group-rules 0.105s
2024-12-14 21:25:39.906 65744 INFO tempest.lib.common.rest_client [req-0a1e8107-6b56-4774-bef4-71ac0deb982e req-0a1e8107-6b56-4774-bef4-71ac0deb982e ] Request (FlavorsV2NegativeTest:setUpClass): 201 POST http://10.180.1.21/identity/v3/users 0.070s
2024-12-14 21:25:39.930 65744 INFO tempest.lib.common.rest_client [req-f551ae7a-a77c-4688-88f6-8e31337bb5eb req-f551ae7a-a77c-4688-88f6-8e31337bb5eb ] Request (FlavorsV2NegativeTest:setUpClass): 200 GET http://10.180.1.21/identity/v3/roles 0.023s
2024-12-14 21:25:39.960 65744 INFO tempest.lib.common.rest_client [req-8a330402-f339-409f-bb96-188684243d61 req-8a330402-f339-409f-bb96-188684243d61 ] Request (FlavorsV2NegativeTest:setUpClass): 204 PUT http://10.180.1.21/identity/v3/projects/8431a82a0db3454dbfa58583440efd99/users/5e35ac00645b498cbcfaf979b3d985c6/roles/f68f4bf8e01649ae964b6889872d97ca 0.029s
2024-12-14 21:25:39.961 65744 INFO tempest.lib.common.dynamic_creds [-] Dynamic test user 5e35ac00645b498cbcfaf979b3d985c6 is created with scope project and roles: ['member']
2024-12-14 21:25:39.962 65744 INFO tempest.lib.common.dynamic_creds [-] Acquired dynamic creds: credentials: Credentials: {'domain_id': 'default', 'domain_name': 'Default', 'username': 'tempest-FlavorsV2NegativeTest-1330619960-project-member', 'project_domain_id': 'default', 'project_domain_name': 'Default', 'project_id': '8431a82a0db3454dbfa58583440efd99', 'project_name': 'tempest-FlavorsV2NegativeTest-1330619960', 'tenant_id': '8431a82a0db3454dbfa58583440efd99', 'tenant_name': 'tempest-FlavorsV2NegativeTest-1330619960', 'user_domain_id': 'default', 'user_domain_name': 'Default', 'user_id': '5e35ac00645b498cbcfaf979b3d985c6', 'system': None}, Network: None, Subnet: None, Router: None
2024-12-14 21:25:39.962 65744 INFO tempest.lib.common.dynamic_creds [-] Created isolated network resources for: credentials: Credentials: {'domain_id': 'default', 'domain_name': 'Default', 'username': 'tempest-FlavorsV2NegativeTest-1330619960-project-member', 'project_domain_id': 'default', 'project_domain_name': 'Default', 'project_id': '8431a82a0db3454dbfa58583440efd99', 'project_name': 'tempest-FlavorsV2NegativeTest-1330619960', 'tenant_id': '8431a82a0db3454dbfa58583440efd99', 'tenant_name': 'tempest-FlavorsV2NegativeTest-1330619960', 'user_domain_id': 'default', 'user_domain_name': 'Default', 'user_id': '5e35ac00645b498cbcfaf979b3d985c6', 'system': None}, Network: None, Subnet: None, Router: None
2024-12-14 21:25:39.962 65738 INFO tempest.lib.common.rest_client [req-e2307e9c-3821-4299-b759-0684a031968e req-e2307e9c-3821-4299-b759-0684a031968e ] Request (FlavorsAccessNegativeTestJSON:_run_cleanups): 200 POST http://10.180.1.21/compute/v2.1/flavors/1679072276/action 2.782s
2024-12-14 21:25:40.049 65744 INFO tempest.lib.common.rest_client [req-959a40c8-ab15-4566-9f2f-d22c47045655 req-959a40c8-ab15-4566-9f2f-d22c47045655 ] Request (FlavorsV2NegativeTest:setUpClass): 201 POST http://10.180.1.21/identity/v3/auth/tokens 0.083s
2024-12-14 21:25:40.152 65734 INFO tempest.lib.common.rest_client [req-0a3e0165-678b-410b-8909-4eda5905fab3 req-0a3e0165-678b-410b-8909-4eda5905fab3 ] Request (ImagesNegativeTestJSON:test_create_image_from_deleted_server): 202 POST http://10.180.1.21/compute/v2.1/servers 3.055s
2024-12-14 21:25:40.354 65746 INFO tempest.lib.common.rest_client [req-0e0d332d-41b4-4def-a708-e63b33055b7b req-0e0d332d-41b4-4def-a708-e63b33055b7b ] Request (FloatingIPsAssociationTestJSON:setUpClass): 200 GET http://10.180.1.21/compute/v2.1/servers/12afe1f4-4fc3-40a1-bde2-2afaf1772cde 2.740s
2024-12-14 21:25:40.365 65746 INFO tempest.common.waiters [-] State transition "BUILD/networking" ==> "BUILD/spawning" after 12 second wait
2024-12-14 21:25:40.388 65750 INFO tempest.lib.common.rest_client [req-78a164c9-557d-46d0-bdc4-d1d8d3d4cb19 req-78a164c9-557d-46d0-bdc4-d1d8d3d4cb19 ] Request (AggregatesAdminNegativeTestJSON:test_aggregate_delete_as_user): 200 POST http://10.180.1.21/compute/v2.1/os-aggregates 2.588s
2024-12-14 21:25:40.438 65708 INFO tempest.lib.common.rest_client [req-c1b48a9a-179b-4c54-8eba-3aeb7becf988 req-c1b48a9a-179b-4c54-8eba-3aeb7becf988 ] Request (FloatingIPsNegativeTestJSON:test_delete_nonexistent_floating_ip): 404 DELETE http://10.180.1.21/compute/v2.1/os-floating-ips/487050de-3d4b-4330-806b-50c39bd24ac5 2.579s
2024-12-14 21:25:40.452 65722 INFO tempest.lib.common.rest_client [req-bf6ad233-6062-4833-89d2-a2f44b01df63 req-bf6ad233-6062-4833-89d2-a2f44b01df63 ] Request (ValidationResourcesFixture:setUp): 201 POST http://10.180.1.21:9696/networking/v2.0/floatingips 0.572s
2024-12-14 21:25:40.531 65722 INFO tempest.lib.common.rest_client [req-0ba9fb8d-8e9a-45d8-a0d4-9d30f76acb5c req-0ba9fb8d-8e9a-45d8-a0d4-9d30f76acb5c ] Request (AttachVolumeTestJSON:test_attach_detach_volume): 201 POST http://10.180.1.21/identity/v3/auth/tokens 0.076s
2024-12-14 21:25:40.532 65722 INFO tempest.lib.common.fixed_network [-] (AttachVolumeTestJSON:test_attach_detach_volume) Found network {'id': 'e47ad676-1232-4b16-b35a-bd0074c146fd', 'name': 'tempest-AttachVolumeTestJSON-90263326-network', 'tenant_id': '1e264ce8a574415cac0062edce810423', 'admin_state_up': True, 'mtu': 8950, 'status': 'ACTIVE', 'subnets': [], 'shared': False, 'project_id': '1e264ce8a574415cac0062edce810423', 'port_security_enabled': True, 'router:external': False, 'provider:network_type': 'vlan', 'provider:physical_network': 'default', 'provider:segmentation_id': 580, 'availability_zone_hints': [], 'availability_zones': [], 'ipv4_address_scope': None, 'ipv6_address_scope': None, 'description': '', 'tags': [], 'created_at': '2024-12-14T21:25:31Z', 'updated_at': '2024-12-14T21:25:31Z', 'revision_number': 1} available for tenant
2024-12-14 21:25:41.433 65754 INFO tempest.lib.common.rest_client [req-97221369-780c-4798-a78f-5060191f4fc7 req-97221369-780c-4798-a78f-5060191f4fc7 ] Request (FloatingIPDetailsTestJSON:setUpClass): 200 POST http://10.180.1.21/compute/v2.1/os-floating-ips 3.886s
2024-12-14 21:25:41.519 65708 INFO tempest.lib.common.rest_client [req-e6bfb45a-8855-4c50-9ab4-63d3978764fc req-e6bfb45a-8855-4c50-9ab4-63d3978764fc ] Request (FloatingIPsNegativeTestJSON:tearDownClass): 200 PUT http://10.180.1.21:9696/networking/v2.0/routers/04e8e2c5-bf7b-437e-acfa-6e6be0106134/remove_router_interface 1.079s
2024-12-14 21:25:41.760 65706 INFO tempest.lib.common.rest_client [req-c433af67-8678-4047-b127-702ea88ad06b req-c433af67-8678-4047-b127-702ea88ad06b ] Request (ServersV294TestFqdnHostnames:setUpClass): 200 GET http://10.180.1.21/compute/v2.1/servers/d1ef41d8-83c8-45da-b3e6-f4754d12869d 2.974s
2024-12-14 21:25:41.775 65706 INFO tempest.api.compute.base [-] Attempting to verify tagged devices in server d1ef41d8-83c8-45da-b3e6-f4754d12869d via the metadata service: http://169.254.169.254/openstack/latest/meta_data.json
2024-12-14 21:25:41.775 65706 INFO tempest.lib.common.ssh [-] Creating ssh connection to '10.180.180.226:22' as 'cirros' with public key authentication
2024-12-14 21:25:41.837 65698 INFO tempest.lib.common.rest_client [req-a8a0dbcd-d6e0-42cd-999c-597b9b028aa4 req-a8a0dbcd-d6e0-42cd-999c-597b9b028aa4 ] Request (ServersAdminNegativeTestJSON:setUpClass): 200 GET http://10.180.1.21/compute/v2.1/servers/9e0e8583-ff9d-429f-9a13-f197392d3541 2.905s
2024-12-14 21:25:41.844 65698 INFO tempest.common.waiters [-] State transition "BUILD/scheduling" ==> "BUILD/None" after 7 second wait
2024-12-14 21:25:41.942 65708 INFO tempest.lib.common.rest_client [req-eca6f7a0-3e03-49ea-8b15-95b0fbec0a8a req-eca6f7a0-3e03-49ea-8b15-95b0fbec0a8a ] Request (FloatingIPsNegativeTestJSON:tearDownClass): 204 DELETE http://10.180.1.21:9696/networking/v2.0/routers/04e8e2c5-bf7b-437e-acfa-6e6be0106134 0.422s
