2024-12-12 06:50:04.955 66230 INFO tempest.lib.common.dynamic_creds [-] Created isolated network resources for: credentials: Credentials: {'domain_id': 'default', 'domain_name': 'Default', 'username': 'tempest-ServersTestBootFromVolume-242516275-project-member', 'project_domain_id': 'default', 'project_domain_name': 'Default', 'project_id': '4197cf1088fe4efaa6cf3ed3b5d5bb21', 'project_name': 'tempest-ServersTestBootFromVolume-242516275', 'tenant_id': '4197cf1088fe4efaa6cf3ed3b5d5bb21', 'tenant_name': 'tempest-ServersTestBootFromVolume-242516275', 'user_domain_id': 'default', 'user_domain_name': 'Default', 'user_id': '003e012b8b64415fa5287c92a2725adc', 'system': None}, Network: {'id': 'cbd2c0bf-734c-4b0c-9ae1-c31bbcb752a4', 'name': 'tempest-ServersTestBootFromVolume-432811036-network', 'tenant_id': '4197cf1088fe4efaa6cf3ed3b5d5bb21', 'admin_state_up': True, 'mtu': 8950, 'status': 'ACTIVE', 'subnets': [], 'shared': False, 'project_id': '4197cf1088fe4efaa6cf3ed3b5d5bb21', 'port_security_enabled': True, 'router:external': False, 'provider:network_type': 'vlan', 'provider:physical_network': 'default', 'provider:segmentation_id': 777, 'availability_zone_hints': [], 'availability_zones': [], 'ipv4_address_scope': None, 'ipv6_address_scope': None, 'description': '', 'tags': [], 'created_at': '2024-12-12T06:49:54Z', 'updated_at': '2024-12-12T06:49:55Z', 'revision_number': 1}, Subnet: {'id': '24679537-bdda-4007-9596-95b012eef695', 'name': 'tempest-ServersTestBootFromVolume-432811036-subnet', 'tenant_id': '4197cf1088fe4efaa6cf3ed3b5d5bb21', 'network_id': 'cbd2c0bf-734c-4b0c-9ae1-c31bbcb752a4', 'ip_version': 4, 'subnetpool_id': None, 'enable_dhcp': True, 'ipv6_ra_mode': None, 'ipv6_address_mode': None, 'gateway_ip': '192.168.128.1', 'cidr': '192.168.128.0/28', 'allocation_pools': [{'start': '192.168.128.2', 'end': '192.168.128.14'}], 'host_routes': [], 'dns_nameservers': [], 'description': '', 'router:external': False, 'service_types': [], 'tags': [], 'created_at': '2024-12-12T06:49:55Z', 'updated_at': '2024-12-12T06:49:55Z', 'revision_number': 0, 'project_id': '4197cf1088fe4efaa6cf3ed3b5d5bb21'}, Router: {'id': 'e65f6ba2-c8bc-4196-9b07-a595bc4931f6', 'name': 'tempest-ServersTestBootFromVolume-432811036-router', 'tenant_id': '4197cf1088fe4efaa6cf3ed3b5d5bb21', 'admin_state_up': True, 'status': 'ACTIVE', 'external_gateway_info': {'network_id': '282c6d4c-a724-4276-9521-3623506ab8a2', 'external_fixed_ips': [{'subnet_id': '9e4d462b-f7d8-482c-a67b-20ee06702864', 'ip_address': '10.180.180.160'}], 'enable_snat': True}, 'description': '', 'availability_zones': [], 'distributed': False, 'ha': False, 'availability_zone_hints': [], 'routes': [], 'flavor_id': None, 'tags': [], 'created_at': '2024-12-12T06:49:55Z', 'updated_at': '2024-12-12T06:49:57Z', 'revision_number': 2, 'project_id': '4197cf1088fe4efaa6cf3ed3b5d5bb21'}
2024-12-12 06:50:04.996 66282 INFO tempest.lib.common.rest_client [req-ea23e21c-e61b-4c98-a948-4d9dcb4600d3 req-ea23e21c-e61b-4c98-a948-4d9dcb4600d3 ] Request (InstanceUsageAuditLogNegativeTestJSON:tearDownClass): 204 DELETE http://10.180.1.21/identity/v3/users/50215c5ccbd54e4183c8dad7916dfae7 0.157s
2024-12-12 06:50:04.996 66282 INFO tempest.lib.common.dynamic_creds [-] Deleting project and security group for project: ff51bc9f822d41be81a65d7cde736ba0
2024-12-12 06:50:05.024 66286 INFO tempest.lib.common.rest_client [req-b3346887-6714-432b-be4b-ab1099830b2f req-b3346887-6714-432b-be4b-ab1099830b2f ] Request (FlavorsExtraSpecsNegativeTestJSON:tearDownClass): 200 GET http://10.180.1.21:9696/networking/v2.0/security-groups?tenant_id=4411430e95b648068e29de1da5d77a67&name=default 0.375s
2024-12-12 06:50:05.057 66276 INFO tempest.lib.common.rest_client [req-da4f4387-4efd-4da5-a479-8cd35b9ac14a req-da4f4387-4efd-4da5-a479-8cd35b9ac14a ] Request (QuotasAdminTestJSON:setUpClass): 200 GET http://10.180.1.21/identity/v3/roles 0.115s
2024-12-12 06:50:05.076 66234 INFO tempest.lib.common.rest_client [req-416568a2-5398-4ab6-8dfa-d897cfc5810a req-416568a2-5398-4ab6-8dfa-d897cfc5810a ] Request (FlavorsExtraSpecsTestJSON:tearDownClass): 204 DELETE http://10.180.1.21/identity/v3/users/14c4e3bbba814064b51268dceff014d7 0.231s
2024-12-12 06:50:05.076 66234 INFO tempest.lib.common.dynamic_creds [-] Deleting project and security group for project: a9ef4db103f44873bd9264bbeceaa6d3
2024-12-12 06:50:05.077 66262 INFO tempest.lib.common.rest_client [req-a45af76a-2cb0-4653-8bd5-d6971a4e9e97 req-a45af76a-2cb0-4653-8bd5-d6971a4e9e97 ] Request (SecurityGroupRulesNegativeTestJSON:test_create_security_group_rule_duplicate): 200 POST http://10.180.1.21/compute/v2.1/os-security-groups 2.399s
2024-12-12 06:50:05.078 66279 INFO tempest.lib.common.rest_client [req-865e51aa-509b-49aa-99e6-c9c6fb0a1c80 req-865e51aa-509b-49aa-99e6-c9c6fb0a1c80 ] Request (ValidationResourcesFixture:setUp): 201 POST http://10.180.1.21:9696/networking/v2.0/floatingips 1.802s
2024-12-12 06:50:05.121 66246 INFO tempest.lib.common.rest_client [req-f5d771ba-958d-4ec0-a2d3-7f265d4d641f req-f5d771ba-958d-4ec0-a2d3-7f265d4d641f ] Request (VolumesAssistedSnapshotsTest:test_volume_assisted_snapshot_create_delete): 201 POST http://10.180.1.21:9696/networking/v2.0/floatingips 2.350s
2024-12-12 06:50:05.123 66230 INFO tempest.lib.common.rest_client [req-ff62b119-de3e-48cb-a223-c10c6f7ab31c req-ff62b119-de3e-48cb-a223-c10c6f7ab31c ] Request (ServersTestBootFromVolume:setUpClass): 201 POST http://10.180.1.21/identity/v3/auth/tokens 0.163s
2024-12-12 06:50:05.145 66282 INFO tempest.lib.common.rest_client [req-b0f5f9f1-e3ee-4ad5-aebc-51b50c7eda4e req-b0f5f9f1-e3ee-4ad5-aebc-51b50c7eda4e ] Request (InstanceUsageAuditLogNegativeTestJSON:tearDownClass): 201 POST http://10.180.1.21/identity/v3/auth/tokens 0.149s
2024-12-12 06:50:05.177 66234 INFO tempest.lib.common.rest_client [req-b7b14887-6a59-46bf-b3d1-b0a50df1eac4 req-b7b14887-6a59-46bf-b3d1-b0a50df1eac4 ] Request (FlavorsExtraSpecsTestJSON:tearDownClass): 201 POST http://10.180.1.21/identity/v3/auth/tokens 0.100s
2024-12-12 06:50:05.183 66276 INFO tempest.lib.common.rest_client [req-39029ead-8c62-4368-8bfc-c720f5931aa5 req-39029ead-8c62-4368-8bfc-c720f5931aa5 ] Request (QuotasAdminTestJSON:setUpClass): 204 PUT http://10.180.1.21/identity/v3/projects/e99aa3209c14473e95fa87e4dcd18540/users/16d4f56492d645248c7fa83f2dd9b36a/roles/db6cb7ec2848414cbc5f68223e92978f 0.125s
2024-12-12 06:50:05.224 66271 INFO tempest.lib.common.rest_client [req-8aaa5546-d395-4b4c-9965-243cbaa7e4c0 req-8aaa5546-d395-4b4c-9965-243cbaa7e4c0 ] Request (FloatingIPsAssociationTestJSON:setUpClass): 200 GET http://10.180.1.21/compute/v2.1/servers/a531ac93-b930-44aa-b0ba-307b44497ff1 2.315s
2024-12-12 06:50:05.232 66232 INFO tempest.lib.common.rest_client [req-3cdbd0ac-f9e2-48ba-9d34-dd67e5d0c713 req-3cdbd0ac-f9e2-48ba-9d34-dd67e5d0c713 ] Request (HostsAdminNegativeTestJSON:test_update_host_with_non_admin_user): 403 PUT http://10.180.1.21/compute/v2.1/os-hosts/devstack 2.200s
2024-12-12 06:50:05.240 66246 INFO tempest.lib.common.rest_client [req-768d8ec7-a893-428c-9b59-c7098cd3321c req-768d8ec7-a893-428c-9b59-c7098cd3321c ] Request (VolumesAssistedSnapshotsTest:test_volume_assisted_snapshot_create_delete): 201 POST http://10.180.1.21/identity/v3/auth/tokens 0.116s
2024-12-12 06:50:05.241 66246 INFO tempest.lib.common.fixed_network [-] (VolumesAssistedSnapshotsTest:test_volume_assisted_snapshot_create_delete) Found network {'id': '363a8696-76b3-439b-9a6d-586986cc5260', 'name': 'tempest-VolumesAssistedSnapshotsTest-334424782-network', 'tenant_id': '434c8511c02947588bf3d22cb3ab9bf6', 'admin_state_up': True, 'mtu': 8950, 'status': 'ACTIVE', 'subnets': [], 'shared': False, 'project_id': '434c8511c02947588bf3d22cb3ab9bf6', 'port_security_enabled': True, 'router:external': False, 'provider:network_type': 'vlan', 'provider:physical_network': 'default', 'provider:segmentation_id': 812, 'availability_zone_hints': [], 'availability_zones': [], 'ipv4_address_scope': None, 'ipv6_address_scope': None, 'description': '', 'tags': [], 'created_at': '2024-12-12T06:49:39Z', 'updated_at': '2024-12-12T06:49:39Z', 'revision_number': 1} available for tenant
2024-12-12 06:50:05.249 66274 INFO tempest.lib.common.rest_client [req-287e5150-659c-40f1-b04a-041e03444bbd req-287e5150-659c-40f1-b04a-041e03444bbd ] Request (ServerDiskConfigTestJSON:setUpClass): 201 POST http://10.180.1.21:9696/networking/v2.0/subnets 0.915s
2024-12-12 06:50:05.250 66279 INFO tempest.lib.common.rest_client [req-5ed15703-1d5b-4b84-a411-3c793bed8a49 req-5ed15703-1d5b-4b84-a411-3c793bed8a49 ] Request (ServersWithSpecificFlavorTestJSON:test_verify_created_server_ephemeral_disk): 201 POST http://10.180.1.21/identity/v3/auth/tokens 0.169s
2024-12-12 06:50:05.251 66279 INFO tempest.lib.common.fixed_network [-] (ServersWithSpecificFlavorTestJSON:test_verify_created_server_ephemeral_disk) Found network {'id': 'ff96eda3-f9b2-462d-bd54-c56afbabe2f2', 'name': 'tempest-ServersWithSpecificFlavorTestJSON-1334372002-network', 'tenant_id': '98a84d23af2b424ab6e7e797704eb366', 'admin_state_up': True, 'mtu': 8950, 'status': 'ACTIVE', 'subnets': [], 'shared': False, 'project_id': '98a84d23af2b424ab6e7e797704eb366', 'port_security_enabled': True, 'router:external': False, 'provider:network_type': 'vlan', 'provider:physical_network': 'default', 'provider:segmentation_id': 141, 'availability_zone_hints': [], 'availability_zones': [], 'ipv4_address_scope': None, 'ipv6_address_scope': None, 'description': '', 'tags': [], 'created_at': '2024-12-12T06:49:40Z', 'updated_at': '2024-12-12T06:49:40Z', 'revision_number': 1} available for tenant
2024-12-12 06:50:05.309 66281 INFO tempest.lib.common.rest_client [req-d618ae09-11df-4047-89fd-fb48048bf0ec req-d618ae09-11df-4047-89fd-fb48048bf0ec ] Request (ServersTestFqdnHostnames:test_create_server_with_fqdn_name): 200 GET http://10.180.1.21/compute/v2.1/servers/3bd6551a-141e-4e53-80f4-447ad4896265 2.132s
2024-12-12 06:50:05.309 66276 INFO tempest.lib.common.rest_client [req-76e7308a-fdb7-497d-b169-210a13ae3ce3 req-76e7308a-fdb7-497d-b169-210a13ae3ce3 ] Request (QuotasAdminTestJSON:setUpClass): 200 GET http://10.180.1.21/identity/v3/roles 0.126s
2024-12-12 06:50:05.310 66286 INFO tempest.lib.common.rest_client [req-3da2e2e8-eebc-4f98-9ab9-2bb8ee3fef14 req-3da2e2e8-eebc-4f98-9ab9-2bb8ee3fef14 ] Request (FlavorsExtraSpecsNegativeTestJSON:tearDownClass): 204 DELETE http://10.180.1.21:9696/networking/v2.0/security-groups/473320a2-d525-4e5e-b374-dbc59324c843 0.285s
2024-12-12 06:50:05.344 66276 INFO tempest.lib.common.rest_client [req-383d3861-684e-46d8-b387-3295604897a9 req-383d3861-684e-46d8-b387-3295604897a9 ] Request (QuotasAdminTestJSON:setUpClass): 204 PUT http://10.180.1.21/identity/v3/projects/e99aa3209c14473e95fa87e4dcd18540/users/16d4f56492d645248c7fa83f2dd9b36a/roles/db6cb7ec2848414cbc5f68223e92978f 0.033s
2024-12-12 06:50:05.344 66276 INFO tempest.lib.common.dynamic_creds [-] Dynamic test user 16d4f56492d645248c7fa83f2dd9b36a is created with scope project and roles: ['admin']
2024-12-12 06:50:05.344 66276 INFO tempest.lib.common.dynamic_creds [-] Acquired dynamic creds: credentials: Credentials: {'domain_id': 'default', 'domain_name': 'Default', 'username': 'tempest-QuotasAdminTestJSON-1063219578-project-admin', 'project_domain_id': 'default', 'project_domain_name': 'Default', 'project_id': 'e99aa3209c14473e95fa87e4dcd18540', 'project_name': 'tempest-QuotasAdminTestJSON-1063219578', 'tenant_id': 'e99aa3209c14473e95fa87e4dcd18540', 'tenant_name': 'tempest-QuotasAdminTestJSON-1063219578', 'user_domain_id': 'default', 'user_domain_name': 'Default', 'user_id': '16d4f56492d645248c7fa83f2dd9b36a', 'system': None}, Network: None, Subnet: None, Router: None
2024-12-12 06:50:05.345 66276 INFO tempest.lib.common.dynamic_creds [-] Created isolated network resources for: credentials: Credentials: {'domain_id': 'default', 'domain_name': 'Default', 'username': 'tempest-QuotasAdminTestJSON-1063219578-project-admin', 'project_domain_id': 'default', 'project_domain_name': 'Default', 'project_id': 'e99aa3209c14473e95fa87e4dcd18540', 'project_name': 'tempest-QuotasAdminTestJSON-1063219578', 'tenant_id': 'e99aa3209c14473e95fa87e4dcd18540', 'tenant_name': 'tempest-QuotasAdminTestJSON-1063219578', 'user_domain_id': 'default', 'user_domain_name': 'Default', 'user_id': '16d4f56492d645248c7fa83f2dd9b36a', 'system': None}, Network: None, Subnet: None, Router: None
2024-12-12 06:50:05.427 66286 INFO tempest.lib.common.rest_client [req-dd7b10e5-fd4d-4779-aef2-93a3e46799c5 req-dd7b10e5-fd4d-4779-aef2-93a3e46799c5 ] Request (FlavorsExtraSpecsNegativeTestJSON:tearDownClass): 204 DELETE http://10.180.1.21/identity/v3/projects/4411430e95b648068e29de1da5d77a67 0.116s
2024-12-12 06:50:05.430 66276 INFO tempest.lib.common.rest_client [req-0ced2161-cbb2-4232-98f2-0c9d4de9ca17 req-0ced2161-cbb2-4232-98f2-0c9d4de9ca17 ] Request (QuotasAdminTestJSON:setUpClass): 201 POST http://10.180.1.21/identity/v3/auth/tokens 0.077s
2024-12-12 06:50:05.431 66276 WARNING tempest.lib.common.rest_client [-] Deprecated: "tenant_id" property is deprecated for removal, use "project_id" instead
2024-12-12 06:50:05.485 66286 INFO tempest.lib.common.rest_client [req-63daf41b-90b1-498a-bdf3-6d332a2498dd req-63daf41b-90b1-498a-bdf3-6d332a2498dd ] Request (HostsAdminTestJSON:setUpClass): 201 POST http://10.180.1.21/identity/v3/auth/tokens 0.056s
2024-12-12 06:50:05.520 66286 INFO tempest.lib.common.rest_client [req-f75d3c12-bf45-4358-a5ff-7d5e9beb745a req-f75d3c12-bf45-4358-a5ff-7d5e9beb745a ] Request (HostsAdminTestJSON:setUpClass): 201 POST http://10.180.1.21/identity/v3/auth/tokens 0.032s
2024-12-12 06:50:05.553 66272 INFO tempest.lib.common.rest_client [req-a128497b-ab63-40d9-ae97-0833797f63f4 req-a128497b-ab63-40d9-ae97-0833797f63f4 ] Request (ServerDiagnosticsTest:test_get_server_diagnostics): 200 GET http://10.180.1.21/compute/v2.1/servers/d03ab883-ef81-4242-9091-265657adc37e 2.226s
2024-12-12 06:50:05.554 66286 INFO tempest.lib.common.rest_client [req-228ae84a-997b-4554-8758-fee3e61fda23 req-228ae84a-997b-4554-8758-fee3e61fda23 ] Request (HostsAdminTestJSON:setUpClass): 200 GET http://10.180.1.21/identity/v3/domains?name=Default 0.034s
2024-12-12 06:50:05.561 66272 INFO tempest.common.waiters [-] State transition "BUILD/None" ==> "BUILD/spawning" after 13 second wait
2024-12-12 06:50:05.590 66286 INFO tempest.lib.common.rest_client [req-8e697bd8-17e1-4b81-9ac7-175e92c9ae63 req-8e697bd8-17e1-4b81-9ac7-175e92c9ae63 ] Request (HostsAdminTestJSON:setUpClass): 201 POST http://10.180.1.21/identity/v3/projects 0.035s
2024-12-12 06:50:05.641 66282 INFO tempest.lib.common.rest_client [req-d5d21f23-f161-4d0c-a4e3-ab5a34be381f req-d5d21f23-f161-4d0c-a4e3-ab5a34be381f ] Request (InstanceUsageAuditLogNegativeTestJSON:tearDownClass): 200 GET http://10.180.1.21:9696/networking/v2.0/security-groups?tenant_id=ff51bc9f822d41be81a65d7cde736ba0&name=default 0.495s
2024-12-12 06:50:05.647 66240 INFO tempest.lib.common.rest_client [req-57c89155-cc97-4c6d-879b-d9c331d54f61 req-57c89155-cc97-4c6d-879b-d9c331d54f61 ] Request (InstanceActionsTestJSON:setUpClass): 200 GET http://10.180.1.21/compute/v2.1/servers/173e6718-3cbe-4e9a-ae9d-fa93d945b89f 2.639s
2024-12-12 06:50:05.662 66240 INFO tempest.common.waiters [-] State transition "BUILD/networking" ==> "BUILD/spawning" after 14 second wait
2024-12-12 06:50:05.664 66234 INFO tempest.lib.common.rest_client [req-92d69807-15c0-498a-b4bb-3ba9731882b0 req-92d69807-15c0-498a-b4bb-3ba9731882b0 ] Request (FlavorsExtraSpecsTestJSON:tearDownClass): 200 GET http://10.180.1.21:9696/networking/v2.0/security-groups?tenant_id=a9ef4db103f44873bd9264bbeceaa6d3&name=default 0.487s
2024-12-12 06:50:05.670 66286 INFO tempest.lib.common.rest_client [req-964cbb25-916e-4348-81a7-b17c7d914b41 req-964cbb25-916e-4348-81a7-b17c7d914b41 ] Request (HostsAdminTestJSON:setUpClass): 201 POST http://10.180.1.21/identity/v3/users 0.080s
2024-12-12 06:50:05.701 66286 INFO tempest.lib.common.rest_client [req-f1fed336-5078-4f5d-9e00-34ef051b789f req-f1fed336-5078-4f5d-9e00-34ef051b789f ] Request (HostsAdminTestJSON:setUpClass): 200 GET http://10.180.1.21/identity/v3/roles 0.030s
2024-12-12 06:50:05.731 66286 INFO tempest.lib.common.rest_client [req-36d87838-497d-4a12-a8af-d72e2658e990 req-36d87838-497d-4a12-a8af-d72e2658e990 ] Request (HostsAdminTestJSON:setUpClass): 204 PUT http://10.180.1.21/identity/v3/projects/5b5c9394821d4a4cade6fc2b3f17b9ed/users/8e760dd4854b4d1c8b5b7ac92c179c1b/roles/abc0edade75441e5a3c38af99bb49b0c 0.030s
2024-12-12 06:50:05.732 66286 INFO tempest.lib.common.dynamic_creds [-] Dynamic test user 8e760dd4854b4d1c8b5b7ac92c179c1b is created with scope project and roles: ['member']
2024-12-12 06:50:05.732 66286 INFO tempest.lib.common.dynamic_creds [-] Acquired dynamic creds: credentials: Credentials: {'domain_id': 'default', 'domain_name': 'Default', 'username': 'tempest-HostsAdminTestJSON-2104254538-project-member', 'project_domain_id': 'default', 'project_domain_name': 'Default', 'project_id': '5b5c9394821d4a4cade6fc2b3f17b9ed', 'project_name': 'tempest-HostsAdminTestJSON-2104254538', 'tenant_id': '5b5c9394821d4a4cade6fc2b3f17b9ed', 'tenant_name': 'tempest-HostsAdminTestJSON-2104254538', 'user_domain_id': 'default', 'user_domain_name': 'Default', 'user_id': '8e760dd4854b4d1c8b5b7ac92c179c1b', 'system': None}, Network: None, Subnet: None, Router: None
2024-12-12 06:50:05.732 66286 INFO tempest.lib.common.dynamic_creds [-] Created isolated network resources for: credentials: Credentials: {'domain_id': 'default', 'domain_name': 'Default', 'username': 'tempest-HostsAdminTestJSON-2104254538-project-member', 'project_domain_id': 'default', 'project_domain_name': 'Default', 'project_id': '5b5c9394821d4a4cade6fc2b3f17b9ed', 'project_name': 'tempest-HostsAdminTestJSON-2104254538', 'tenant_id': '5b5c9394821d4a4cade6fc2b3f17b9ed', 'tenant_name': 'tempest-HostsAdminTestJSON-2104254538', 'user_domain_id': 'default', 'user_domain_name': 'Default', 'user_id': '8e760dd4854b4d1c8b5b7ac92c179c1b', 'system': None}, Network: None, Subnet: None, Router: None
2024-12-12 06:50:05.772 66268 INFO tempest.lib.common.rest_client [req-653adcfe-6aa7-40e5-aed1-333dfefe6521 req-653adcfe-6aa7-40e5-aed1-333dfefe6521 ] Request (TenantUsagesTestJSON:setUpClass): 200 GET http://10.180.1.21/compute/v2.1/servers/0592671e-e7d4-4e39-a076-3fe654df19fc 2.161s
2024-12-12 06:50:05.844 66286 INFO tempest.lib.common.rest_client [req-e6bbf77a-ac43-4ed8-be50-9120d7fc7d2a req-e6bbf77a-ac43-4ed8-be50-9120d7fc7d2a ] Request (HostsAdminTestJSON:setUpClass): 201 POST http://10.180.1.21/identity/v3/auth/tokens 0.109s
2024-12-12 06:50:05.936 66286 INFO tempest.lib.common.rest_client [req-64b08076-03ee-499e-957e-5e3f2e381b0e req-64b08076-03ee-499e-957e-5e3f2e381b0e ] Request (HostsAdminTestJSON:setUpClass): 201 POST http://10.180.1.21/identity/v3/projects 0.091s
2024-12-12 06:50:05.951 66282 INFO tempest.lib.common.rest_client [req-de8a6ce3-c9b9-4b96-b391-6b3691f8f3c1 req-de8a6ce3-c9b9-4b96-b391-6b3691f8f3c1 ] Request (InstanceUsageAuditLogNegativeTestJSON:tearDownClass): 204 DELETE http://10.180.1.21:9696/networking/v2.0/security-groups/9584cb77-f442-469d-b2c6-24ebc95896e3 0.309s
2024-12-12 06:50:05.960 66234 INFO tempest.lib.common.rest_client [req-fa46e1cc-287c-4d44-b0b3-d43e930b2848 req-fa46e1cc-287c-4d44-b0b3-d43e930b2848 ] Request (FlavorsExtraSpecsTestJSON:tearDownClass): 204 DELETE http://10.180.1.21:9696/networking/v2.0/security-groups/90629671-f7d2-456a-a29b-27b91600f8d5 0.295s
2024-12-12 06:50:06.019 66244 INFO tempest.lib.common.rest_client [req-cb8a9010-fab8-4d0c-92fa-0584197851b1 req-cb8a9010-fab8-4d0c-92fa-0584197851b1 ] Request (SecurityGroupRulesTestJSON:test_security_group_rules_create): 200 POST http://10.180.1.21/compute/v2.1/os-security-groups 2.600s
2024-12-12 06:50:06.042 66286 INFO tempest.lib.common.rest_client [req-c2c40224-6719-4073-9429-80561891ac99 req-c2c40224-6719-4073-9429-80561891ac99 ] Request (HostsAdminTestJSON:setUpClass): 201 POST http://10.180.1.21/identity/v3/users 0.105s
2024-12-12 06:50:06.053 66284 INFO tempest.lib.common.rest_client [req-54e70e03-d4cf-492c-9df1-ca2486a4a11f req-54e70e03-d4cf-492c-9df1-ca2486a4a11f ] Request (AggregatesAdminNegativeTestJSON:_run_cleanups): 200 DELETE http://10.180.1.21/compute/v2.1/os-aggregates/5 2.168s
2024-12-12 06:50:06.107 66282 INFO tempest.lib.common.rest_client [req-c22c7cc6-b771-4c9a-9e6d-655ff5db6aa5 req-c22c7cc6-b771-4c9a-9e6d-655ff5db6aa5 ] Request (InstanceUsageAuditLogNegativeTestJSON:tearDownClass): 204 DELETE http://10.180.1.21/identity/v3/projects/ff51bc9f822d41be81a65d7cde736ba0 0.156s
2024-12-12 06:50:06.107 66282 INFO tempest.lib.common.dynamic_creds [-] Deleting project and security group for project: ddaacaa64efd40efbb36f4c170e3ef54
2024-12-12 06:50:06.132 66234 INFO tempest.lib.common.rest_client [req-a42ddc17-341f-4dd1-a4d0-810e137fa913 req-a42ddc17-341f-4dd1-a4d0-810e137fa913 ] Request (FlavorsExtraSpecsTestJSON:tearDownClass): 204 DELETE http://10.180.1.21/identity/v3/projects/a9ef4db103f44873bd9264bbeceaa6d3 0.171s
2024-12-12 06:50:06.132 66234 INFO tempest.lib.common.dynamic_creds [-] Deleting project and security group for project: 83e38311022846fab1dcd881a60b029b
2024-12-12 06:50:06.240 66286 INFO tempest.lib.common.rest_client [req-8eaac0ae-a25c-4b19-a214-bb57ca17730c req-8eaac0ae-a25c-4b19-a214-bb57ca17730c ] Request (HostsAdminTestJSON:setUpClass): 200 GET http://10.180.1.21/identity/v3/roles 0.197s
2024-12-12 06:50:06.277 66286 INFO tempest.lib.common.rest_client [req-961c411c-304f-46d0-a599-a9295ac11549 req-961c411c-304f-46d0-a599-a9295ac11549 ] Request (HostsAdminTestJSON:setUpClass): 204 PUT http://10.180.1.21/identity/v3/projects/462f51a337684dd3a08dc68a4dad5964/users/394f276813bf4bd7ada3ab5ee65f5f40/roles/db6cb7ec2848414cbc5f68223e92978f 0.037s
2024-12-12 06:50:06.331 66286 INFO tempest.lib.common.rest_client [req-77052bf9-3cd0-48f0-93f2-730f2f82ba92 req-77052bf9-3cd0-48f0-93f2-730f2f82ba92 ] Request (HostsAdminTestJSON:setUpClass): 200 GET http://10.180.1.21/identity/v3/roles 0.053s
2024-12-12 06:50:06.356 66286 INFO tempest.lib.common.rest_client [req-3aaaeef1-4c23-436f-be39-9c3e7d491708 req-3aaaeef1-4c23-436f-be39-9c3e7d491708 ] Request (HostsAdminTestJSON:setUpClass): 204 PUT http://10.180.1.21/identity/v3/projects/462f51a337684dd3a08dc68a4dad5964/users/394f276813bf4bd7ada3ab5ee65f5f40/roles/db6cb7ec2848414cbc5f68223e92978f 0.024s
2024-12-12 06:50:06.356 66286 INFO tempest.lib.common.dynamic_creds [-] Dynamic test user 394f276813bf4bd7ada3ab5ee65f5f40 is created with scope project and roles: ['admin']
2024-12-12 06:50:06.356 66286 INFO tempest.lib.common.dynamic_creds [-] Acquired dynamic creds: credentials: Credentials: {'domain_id': 'default', 'domain_name': 'Default', 'username': 'tempest-HostsAdminTestJSON-1451122071-project-admin', 'project_domain_id': 'default', 'project_domain_name': 'Default', 'project_id': '462f51a337684dd3a08dc68a4dad5964', 'project_name': 'tempest-HostsAdminTestJSON-1451122071', 'tenant_id': '462f51a337684dd3a08dc68a4dad5964', 'tenant_name': 'tempest-HostsAdminTestJSON-1451122071', 'user_domain_id': 'default', 'user_domain_name': 'Default', 'user_id': '394f276813bf4bd7ada3ab5ee65f5f40', 'system': None}, Network: None, Subnet: None, Router: None
2024-12-12 06:50:06.356 66286 INFO tempest.lib.common.dynamic_creds [-] Created isolated network resources for: credentials: Credentials: {'domain_id': 'default', 'domain_name': 'Default', 'username': 'tempest-HostsAdminTestJSON-1451122071-project-admin', 'project_domain_id': 'default', 'project_domain_name': 'Default', 'project_id': '462f51a337684dd3a08dc68a4dad5964', 'project_name': 'tempest-HostsAdminTestJSON-1451122071', 'tenant_id': '462f51a337684dd3a08dc68a4dad5964', 'tenant_name': 'tempest-HostsAdminTestJSON-1451122071', 'user_domain_id': 'default', 'user_domain_name': 'Default', 'user_id': '394f276813bf4bd7ada3ab5ee65f5f40', 'system': None}, Network: None, Subnet: None, Router: None
2024-12-12 06:50:06.422 66228 INFO tempest.lib.common.rest_client [req-b2ac21f4-6194-4313-915d-4691f3fb5458 req-b2ac21f4-6194-4313-915d-4691f3fb5458 ] Request (QuotasAdminTestV257:test_get_updated_quotas): 200 PUT http://10.180.1.21/compute/v2.1/os-quota-sets/0e04461c251d47b88a8053bc1d8f8bd1?user_id=d2bc633df3604e2c86622a1718229fc3 2.437s
2024-12-12 06:50:06.435 66258 INFO tempest.lib.common.rest_client [req-9599d07e-a75e-4541-ac90-0e361ccede49 req-9599d07e-a75e-4541-ac90-0e361ccede49 ] Request (ListImageFiltersTestJSON:setUpClass): 202 POST http://10.180.1.21/compute/v2.1/servers 2.692s
2024-12-12 06:50:06.455 66282 INFO tempest.lib.common.rest_client [req-de0ca06f-5d4a-4a7f-8b95-5a1cb01836bc req-de0ca06f-5d4a-4a7f-8b95-5a1cb01836bc ] Request (InstanceUsageAuditLogNegativeTestJSON:tearDownClass): 200 GET http://10.180.1.21:9696/networking/v2.0/security-groups?tenant_id=ddaacaa64efd40efbb36f4c170e3ef54&name=default 0.348s
2024-12-12 06:50:06.457 66264 INFO tempest.lib.common.rest_client [req-c92ad908-e583-47ad-a0df-d7811d5e4fb5 req-c92ad908-e583-47ad-a0df-d7811d5e4fb5 ] Request (FlavorsAdminTestJSON:_run_cleanups): 202 DELETE http://10.180.1.21/compute/v2.1/flavors/f6ab3c48-21d4-42e1-a315-2f9c495711ed 2.419s
2024-12-12 06:50:06.504 66288 INFO tempest.lib.common.rest_client [req-49813595-b921-4c82-ac91-239eadaebfd3 req-49813595-b921-4c82-ac91-239eadaebfd3 ] Request (FloatingIPDetailsTestJSON:setUpClass): 200 PUT http://10.180.1.21:9696/networking/v2.0/routers/78128ecb-a5f4-499a-beee-79a6112f1516/add_router_interface 3.729s
2024-12-12 06:50:06.504 66288 INFO tempest.lib.common.dynamic_creds [-] Created isolated network resources for: credentials: Credentials: {'domain_id': 'default', 'domain_name': 'Default', 'username': 'tempest-FloatingIPDetailsTestJSON-1914080720-project-member', 'project_domain_id': 'default', 'project_domain_name': 'Default', 'project_id': 'bb80c465e5f04ac189fba44cf690cb72', 'project_name': 'tempest-FloatingIPDetailsTestJSON-1914080720', 'tenant_id': 'bb80c465e5f04ac189fba44cf690cb72', 'tenant_name': 'tempest-FloatingIPDetailsTestJSON-1914080720', 'user_domain_id': 'default', 'user_domain_name': 'Default', 'user_id': '9387cb9e03884b1093fbe1580367dbeb', 'system': None}, Network: {'id': 'af10db1a-11b4-48f3-837f-fc3f34d1a52b', 'name': 'tempest-FloatingIPDetailsTestJSON-1714818786-network', 'tenant_id': 'bb80c465e5f04ac189fba44cf690cb72', 'admin_state_up': True, 'mtu': 8950, 'status': 'ACTIVE', 'subnets': [], 'shared': False, 'project_id': 'bb80c465e5f04ac189fba44cf690cb72', 'port_security_enabled': True, 'router:external': False, 'provider:network_type': 'vlan', 'provider:physical_network': 'default', 'provider:segmentation_id': 785, 'availability_zone_hints': [], 'availability_zones': [], 'ipv4_address_scope': None, 'ipv6_address_scope': None, 'description': '', 'tags': [], 'created_at': '2024-12-12T06:49:59Z', 'updated_at': '2024-12-12T06:49:59Z', 'revision_number': 1}, Subnet: {'id': 'ebe81941-c376-4a5d-9c96-3436b60bca34', 'name': 'tempest-FloatingIPDetailsTestJSON-1714818786-subnet', 'tenant_id': 'bb80c465e5f04ac189fba44cf690cb72', 'network_id': 'af10db1a-11b4-48f3-837f-fc3f34d1a52b', 'ip_version': 4, 'subnetpool_id': None, 'enable_dhcp': True, 'ipv6_ra_mode': None, 'ipv6_address_mode': None, 'gateway_ip': '192.168.128.1', 'cidr': '192.168.128.0/28', 'allocation_pools': [{'start': '192.168.128.2', 'end': '192.168.128.14'}], 'host_routes': [], 'dns_nameservers': [], 'description': '', 'router:external': False, 'service_types': [], 'tags': [], 'created_at': '2024-12-12T06:49:59Z', 'updated_at': '2024-12-12T06:49:59Z', 'revision_number': 0, 'project_id': 'bb80c465e5f04ac189fba44cf690cb72'}, Router: {'id': '78128ecb-a5f4-499a-beee-79a6112f1516', 'name': 'tempest-FloatingIPDetailsTestJSON-1714818786-router', 'tenant_id': 'bb80c465e5f04ac189fba44cf690cb72', 'admin_state_up': True, 'status': 'ACTIVE', 'external_gateway_info': {'network_id': '282c6d4c-a724-4276-9521-3623506ab8a2', 'external_fixed_ips': [{'subnet_id': '9e4d462b-f7d8-482c-a67b-20ee06702864', 'ip_address': '10.180.180.164'}], 'enable_snat': True}, 'description': '', 'availability_zones': [], 'distributed': False, 'ha': False, 'availability_zone_hints': [], 'routes': [], 'flavor_id': None, 'tags': [], 'created_at': '2024-12-12T06:50:00Z', 'updated_at': '2024-12-12T06:50:01Z', 'revision_number': 2, 'project_id': 'bb80c465e5f04ac189fba44cf690cb72'}
2024-12-12 06:50:06.527 66234 INFO tempest.lib.common.rest_client [req-c160f7f1-2d89-49d1-9c83-83936d6fc574 req-c160f7f1-2d89-49d1-9c83-83936d6fc574 ] Request (FlavorsExtraSpecsTestJSON:tearDownClass): 200 GET http://10.180.1.21:9696/networking/v2.0/security-groups?tenant_id=83e38311022846fab1dcd881a60b029b&name=default 0.395s
2024-12-12 06:50:06.651 66286 INFO tempest.lib.common.rest_client [req-99655d84-123c-4532-976f-f16af52785db req-99655d84-123c-4532-976f-f16af52785db ] Request (HostsAdminTestJSON:setUpClass): 201 POST http://10.180.1.21/identity/v3/auth/tokens 0.289s
2024-12-12 06:50:06.701 66242 INFO tempest.lib.common.rest_client [req-4896d0e8-af3b-4298-8db5-598b17f0847e req-4896d0e8-af3b-4298-8db5-598b17f0847e ] Request (ServersAdminNegativeTestJSON:setUpClass): 200 GET http://10.180.1.21/compute/v2.1/servers/21399ba5-2247-4e01-a14d-c17d1a53ba26 2.670s
2024-12-12 06:50:06.702 66288 INFO tempest.lib.common.rest_client [req-ebbf7746-926b-4241-9f88-e354adb9d92f req-ebbf7746-926b-4241-9f88-e354adb9d92f ] Request (FloatingIPDetailsTestJSON:setUpClass): 201 POST http://10.180.1.21/identity/v3/auth/tokens 0.191s
2024-12-12 06:50:06.707 66236 INFO tempest.lib.common.rest_client [req-69f97ec6-cd79-489f-979b-966d45435779 req-69f97ec6-cd79-489f-979b-966d45435779 ] Request (HypervisorAdminNegativeUnderV252Test:test_show_servers_with_non_admin_user): 403 GET http://10.180.1.21/compute/v2.1/os-hypervisors/1/servers 2.374s
2024-12-12 06:50:06.720 66258 INFO tempest.lib.common.rest_client [req-ba1c37bd-884d-4bda-969b-57eac8931891 req-ba1c37bd-884d-4bda-969b-57eac8931891 ] Request (ListImageFiltersTestJSON:setUpClass): 201 POST http://10.180.1.21/identity/v3/auth/tokens 0.198s
2024-12-12 06:50:06.720 66258 INFO tempest.lib.common.fixed_network [-] (ListImageFiltersTestJSON:setUpClass) Found network None available for tenant
2024-12-12 06:50:06.772 66260 INFO tempest.lib.common.rest_client [req-6252891f-78cf-4213-92b2-746383269db4 req-6252891f-78cf-4213-92b2-746383269db4 ] Request (FlavorsAccessNegativeTestJSON:test_flavor_non_admin_add): 403 POST http://10.180.1.21/compute/v2.1/flavors/1404892779/action 2.402s
2024-12-12 06:50:06.918 66282 INFO tempest.lib.common.rest_client [req-140dfc47-0901-4391-a373-0a52ec3ee695 req-140dfc47-0901-4391-a373-0a52ec3ee695 ] Request (InstanceUsageAuditLogNegativeTestJSON:tearDownClass): 204 DELETE http://10.180.1.21:9696/networking/v2.0/security-groups/5b2ccad7-d6b1-4f5b-9265-69977a2a791d 0.463s
2024-12-12 06:50:06.999 66234 INFO tempest.lib.common.rest_client [req-e8322fbb-7721-4357-83d8-332fce4d31ab req-e8322fbb-7721-4357-83d8-332fce4d31ab ] Request (FlavorsExtraSpecsTestJSON:tearDownClass): 204 DELETE http://10.180.1.21:9696/networking/v2.0/security-groups/4bec2319-563d-49d5-92e7-0eb800a1f9a1 0.471s
2024-12-12 06:50:07.070 66282 INFO tempest.lib.common.rest_client [req-437a0adb-008c-4640-9ddc-141e348f4d60 req-437a0adb-008c-4640-9ddc-141e348f4d60 ] Request (InstanceUsageAuditLogNegativeTestJSON:tearDownClass): 204 DELETE http://10.180.1.21/identity/v3/projects/ddaacaa64efd40efbb36f4c170e3ef54 0.151s
2024-12-12 06:50:07.094 66256 INFO tempest.lib.common.rest_client [req-d833d330-b28f-4119-950c-ec434a3d0c51 req-d833d330-b28f-4119-950c-ec434a3d0c51 ] Request (MigrationsAdminTest:test_list_migrations_in_flavor_resize_situation): 202 POST http://10.180.1.21/compute/v2.1/servers 2.877s
2024-12-12 06:50:07.129 66266 INFO tempest.lib.common.rest_client [req-4458c9de-e4be-4a36-8c48-5cc5b8f4cef3 req-4458c9de-e4be-4a36-8c48-5cc5b8f4cef3 ] Request (ImagesTestJSON:setUpClass): 200 PUT http://10.180.1.21:9696/networking/v2.0/routers/72d3f734-0129-4b8f-98bd-d24cf0cd8f84/add_router_interface 4.300s
2024-12-12 06:50:07.129 66266 INFO tempest.lib.common.dynamic_creds [-] Created isolated network resources for: credentials: Credentials: {'domain_id': 'default', 'domain_name': 'Default', 'username': 'tempest-ImagesTestJSON-1451636246-project-member', 'project_domain_id': 'default', 'project_domain_name': 'Default', 'project_id': '76a33757b0f245438ad83067b69dad34', 'project_name': 'tempest-ImagesTestJSON-1451636246', 'tenant_id': '76a33757b0f245438ad83067b69dad34', 'tenant_name': 'tempest-ImagesTestJSON-1451636246', 'user_domain_id': 'default', 'user_domain_name': 'Default', 'user_id': '85111b2afdaa4dbd82887d81ae9e0172', 'system': None}, Network: {'id': 'cdb480de-3249-4b80-bb76-9a5d49f86683', 'name': 'tempest-ImagesTestJSON-2016498149-network', 'tenant_id': '76a33757b0f245438ad83067b69dad34', 'admin_state_up': True, 'mtu': 8950, 'status': 'ACTIVE', 'subnets': [], 'shared': False, 'project_id': '76a33757b0f245438ad83067b69dad34', 'port_security_enabled': True, 'router:external': False, 'provider:network_type': 'vlan', 'provider:physical_network': 'default', 'provider:segmentation_id': 88, 'availability_zone_hints': [], 'availability_zones': [], 'ipv4_address_scope': None, 'ipv6_address_scope': None, 'description': '', 'tags': [], 'created_at': '2024-12-12T06:49:57Z', 'updated_at': '2024-12-12T06:49:57Z', 'revision_number': 1}, Subnet: {'id': '8bd81ca6-bc64-4158-8b32-54d53eaf437a', 'name': 'tempest-ImagesTestJSON-2016498149-subnet', 'tenant_id': '76a33757b0f245438ad83067b69dad34', 'network_id': 'cdb480de-3249-4b80-bb76-9a5d49f86683', 'ip_version': 4, 'subnetpool_id': None, 'enable_dhcp': True, 'ipv6_ra_mode': None, 'ipv6_address_mode': None, 'gateway_ip': '192.168.128.1', 'cidr': '192.168.128.0/28', 'allocation_pools': [{'start': '192.168.128.2', 'end': '192.168.128.14'}], 'host_routes': [], 'dns_nameservers': [], 'description': '', 'router:external': False, 'service_types': [], 'tags': [], 'created_at': '2024-12-12T06:49:57Z', 'updated_at': '2024-12-12T06:49:57Z', 'revision_number': 0, 'project_id': '76a33757b0f245438ad83067b69dad34'}, Router: {'id': '72d3f734-0129-4b8f-98bd-d24cf0cd8f84', 'name': 'tempest-ImagesTestJSON-2016498149-router', 'tenant_id': '76a33757b0f245438ad83067b69dad34', 'admin_state_up': True, 'status': 'ACTIVE', 'external_gateway_info': {'network_id': '282c6d4c-a724-4276-9521-3623506ab8a2', 'external_fixed_ips': [{'subnet_id': '9e4d462b-f7d8-482c-a67b-20ee06702864', 'ip_address': '10.180.180.200'}], 'enable_snat': True}, 'description': '', 'availability_zones': [], 'distributed': False, 'ha': False, 'availability_zone_hints': [], 'routes': [], 'flavor_id': None, 'tags': [], 'created_at': '2024-12-12T06:49:58Z', 'updated_at': '2024-12-12T06:50:01Z', 'revision_number': 2, 'project_id': '76a33757b0f245438ad83067b69dad34'}
2024-12-12 06:50:07.162 66254 INFO tempest.lib.common.rest_client [req-17710156-19b3-40b9-a4f5-7ef9246f1e82 req-17710156-19b3-40b9-a4f5-7ef9246f1e82 ] Request (SecurityGroupsTestAdminJSON:_run_cleanups): 202 DELETE http://10.180.1.21/compute/v2.1/os-security-groups/e6b2c465-2051-4834-bad9-2757bc884ea3 2.593s
2024-12-12 06:50:07.164 66282 INFO tempest.lib.common.rest_client [req-4e5c3a2b-a806-498a-802c-98df4a77af38 req-4e5c3a2b-a806-498a-802c-98df4a77af38 ] Request (KeyPairsV2TestJSON:setUpClass): 201 POST http://10.180.1.21/identity/v3/auth/tokens 0.092s
2024-12-12 06:50:07.248 66266 INFO tempest.lib.common.rest_client [req-5d1c6ed5-caf5-4e35-9e9d-f98393f4f6c1 req-5d1c6ed5-caf5-4e35-9e9d-f98393f4f6c1 ] Request (ImagesTestJSON:setUpClass): 201 POST http://10.180.1.21/identity/v3/auth/tokens 0.109s
2024-12-12 06:50:07.281 66234 INFO tempest.lib.common.rest_client [req-6cba9442-95e7-4551-800b-219a62e46032 req-6cba9442-95e7-4551-800b-219a62e46032 ] Request (FlavorsExtraSpecsTestJSON:tearDownClass): 204 DELETE http://10.180.1.21/identity/v3/projects/83e38311022846fab1dcd881a60b029b 0.282s
2024-12-12 06:50:07.311 66282 INFO tempest.lib.common.rest_client [req-62b17c21-130a-401e-b8bc-ea0ff5771f89 req-62b17c21-130a-401e-b8bc-ea0ff5771f89 ] Request (KeyPairsV2TestJSON:setUpClass): 201 POST http://10.180.1.21/identity/v3/auth/tokens 0.143s
2024-12-12 06:50:07.334 66266 INFO tempest.lib.common.rest_client [req-1efb354e-89e2-4344-a326-164b57712a2a req-1efb354e-89e2-4344-a326-164b57712a2a ] Request (ImagesTestJSON:test_create_image_from_stopped_server): 201 POST http://10.180.1.21/identity/v3/auth/tokens 0.080s
2024-12-12 06:50:07.336 66266 INFO tempest.lib.common.fixed_network [-] (ImagesTestJSON:test_create_image_from_stopped_server) Found network {'id': 'cdb480de-3249-4b80-bb76-9a5d49f86683', 'name': 'tempest-ImagesTestJSON-2016498149-network', 'tenant_id': '76a33757b0f245438ad83067b69dad34', 'admin_state_up': True, 'mtu': 8950, 'status': 'ACTIVE', 'subnets': [], 'shared': False, 'project_id': '76a33757b0f245438ad83067b69dad34', 'port_security_enabled': True, 'router:external': False, 'provider:network_type': 'vlan', 'provider:physical_network': 'default', 'provider:segmentation_id': 88, 'availability_zone_hints': [], 'availability_zones': [], 'ipv4_address_scope': None, 'ipv6_address_scope': None, 'description': '', 'tags': [], 'created_at': '2024-12-12T06:49:57Z', 'updated_at': '2024-12-12T06:49:57Z', 'revision_number': 1} available for tenant
2024-12-12 06:50:07.336 66234 INFO tempest.lib.common.rest_client [req-367b72fa-2888-4604-841b-692a0a2f6006 req-367b72fa-2888-4604-841b-692a0a2f6006 ] Request (FloatingIPsNegativeTestJSON:setUpClass): 201 POST http://10.180.1.21/identity/v3/auth/tokens 0.053s
2024-12-12 06:50:07.356 66282 INFO tempest.lib.common.rest_client [req-4f55deb3-bb99-46dd-b5af-3a22d8b93cda req-4f55deb3-bb99-46dd-b5af-3a22d8b93cda ] Request (KeyPairsV2TestJSON:setUpClass): 200 GET http://10.180.1.21/identity/v3/domains?name=Default 0.045s
2024-12-12 06:50:07.371 66234 INFO tempest.lib.common.rest_client [req-066b0066-854f-4aee-a1ea-0ccfb65ed6c7 req-066b0066-854f-4aee-a1ea-0ccfb65ed6c7 ] Request (FloatingIPsNegativeTestJSON:setUpClass): 201 POST http://10.180.1.21/identity/v3/auth/tokens 0.029s
2024-12-12 06:50:07.385 66282 INFO tempest.lib.common.rest_client [req-669d8011-51ba-48e0-ac1d-df75eb0e88b6 req-669d8011-51ba-48e0-ac1d-df75eb0e88b6 ] Request (KeyPairsV2TestJSON:setUpClass): 201 POST http://10.180.1.21/identity/v3/projects 0.028s
2024-12-12 06:50:07.398 66234 INFO tempest.lib.common.rest_client [req-ad54ed5c-116a-49ad-9eeb-6f438edade47 req-ad54ed5c-116a-49ad-9eeb-6f438edade47 ] Request (FloatingIPsNegativeTestJSON:setUpClass): 200 GET http://10.180.1.21/identity/v3/domains?name=Default 0.027s
2024-12-12 06:50:07.411 66290 INFO tempest.lib.common.rest_client [req-ef72d159-e0d0-4122-8516-cb07de52c3be req-ef72d159-e0d0-4122-8516-cb07de52c3be ] Request (AttachInterfacesTestJSON:test_create_list_show_delete_interfaces_by_fixed_ip): 200 GET http://10.180.1.21/compute/v2.1/servers/0d463f56-a2a4-498f-a3dc-b4568dc76fd9 2.386s
2024-12-12 06:50:07.418 66290 INFO tempest.common.waiters [-] State transition "BUILD/None" ==> "BUILD/block_device_mapping" after 9 second wait
2024-12-12 06:50:07.448 66282 INFO tempest.lib.common.rest_client [req-ee93cc0b-93ab-4605-87e8-9e4b41dcbfe7 req-ee93cc0b-93ab-4605-87e8-9e4b41dcbfe7 ] Request (KeyPairsV2TestJSON:setUpClass): 201 POST http://10.180.1.21/identity/v3/users 0.062s
2024-12-12 06:50:07.466 66282 INFO tempest.lib.common.rest_client [req-d86868d9-82cc-4ca3-b87f-3ab92785a2be req-d86868d9-82cc-4ca3-b87f-3ab92785a2be ] Request (KeyPairsV2TestJSON:setUpClass): 200 GET http://10.180.1.21/identity/v3/roles 0.017s
2024-12-12 06:50:07.467 66234 INFO tempest.lib.common.rest_client [req-f0ecab01-1b75-463f-8808-8b5192ad06d9 req-f0ecab01-1b75-463f-8808-8b5192ad06d9 ] Request (FloatingIPsNegativeTestJSON:setUpClass): 201 POST http://10.180.1.21/identity/v3/projects 0.069s
2024-12-12 06:50:07.494 66238 INFO tempest.lib.common.rest_client [req-9d057985-0f17-49fb-9086-90ebfe9f6cd8 req-9d057985-0f17-49fb-9086-90ebfe9f6cd8 ] Request (ServersTestMultiNic:test_verify_duplicate_network_nics): 200 GET http://10.180.1.21/compute/v2.1/servers/1e109a37-4ac1-4c6d-ba73-ae958c417296 2.713s
2024-12-12 06:50:07.525 66282 INFO tempest.lib.common.rest_client [req-ca2e1dd2-d3ca-4637-92b3-32676653a752 req-ca2e1dd2-d3ca-4637-92b3-32676653a752 ] Request (KeyPairsV2TestJSON:setUpClass): 204 PUT http://10.180.1.21/identity/v3/projects/08fd8d7db4c343969d4574e691e850a3/users/e7bf40acc008462d968e62ad2efda5ad/roles/abc0edade75441e5a3c38af99bb49b0c 0.059s
2024-12-12 06:50:07.525 66282 INFO tempest.lib.common.dynamic_creds [-] Dynamic test user e7bf40acc008462d968e62ad2efda5ad is created with scope project and roles: ['member']
2024-12-12 06:50:07.526 66282 INFO tempest.lib.common.dynamic_creds [-] Acquired dynamic creds: credentials: Credentials: {'domain_id': 'default', 'domain_name': 'Default', 'username': 'tempest-KeyPairsV2TestJSON-1294939212-project-member', 'project_domain_id': 'default', 'project_domain_name': 'Default', 'project_id': '08fd8d7db4c343969d4574e691e850a3', 'project_name': 'tempest-KeyPairsV2TestJSON-1294939212', 'tenant_id': '08fd8d7db4c343969d4574e691e850a3', 'tenant_name': 'tempest-KeyPairsV2TestJSON-1294939212', 'user_domain_id': 'default', 'user_domain_name': 'Default', 'user_id': 'e7bf40acc008462d968e62ad2efda5ad', 'system': None}, Network: None, Subnet: None, Router: None
2024-12-12 06:50:07.526 66282 INFO tempest.lib.common.dynamic_creds [-] Created isolated network resources for: credentials: Credentials: {'domain_id': 'default', 'domain_name': 'Default', 'username': 'tempest-KeyPairsV2TestJSON-1294939212-project-member', 'project_domain_id': 'default', 'project_domain_name': 'Default', 'project_id': '08fd8d7db4c343969d4574e691e850a3', 'project_name': 'tempest-KeyPairsV2TestJSON-1294939212', 'tenant_id': '08fd8d7db4c343969d4574e691e850a3', 'tenant_name': 'tempest-KeyPairsV2TestJSON-1294939212', 'user_domain_id': 'default', 'user_domain_name': 'Default', 'user_id': 'e7bf40acc008462d968e62ad2efda5ad', 'system': None}, Network: None, Subnet: None, Router: None
2024-12-12 06:50:07.526 66234 INFO tempest.lib.common.rest_client [req-35006802-e02e-4354-926c-b02e2ee47213 req-35006802-e02e-4354-926c-b02e2ee47213 ] Request (FloatingIPsNegativeTestJSON:setUpClass): 201 POST http://10.180.1.21/identity/v3/users 0.058s
2024-12-12 06:50:07.571 66234 INFO tempest.lib.common.rest_client [req-ecf043f2-c3bb-4f7b-bb99-e5d477896df4 req-ecf043f2-c3bb-4f7b-bb99-e5d477896df4 ] Request (FloatingIPsNegativeTestJSON:setUpClass): 200 GET http://10.180.1.21/identity/v3/roles 0.044s
2024-12-12 06:50:07.592 66262 INFO tempest.lib.common.rest_client [req-10b2c9d7-646c-4229-9238-b51f18a3baa1 req-10b2c9d7-646c-4229-9238-b51f18a3baa1 ] Request (SecurityGroupRulesNegativeTestJSON:test_create_security_group_rule_duplicate): 200 POST http://10.180.1.21/compute/v2.1/os-security-group-rules 2.512s
2024-12-12 06:50:07.636 66282 INFO tempest.lib.common.rest_client [req-7d101672-966a-4143-ad2f-b31985cfe405 req-7d101672-966a-4143-ad2f-b31985cfe405 ] Request (KeyPairsV2TestJSON:setUpClass): 201 POST http://10.180.1.21/identity/v3/auth/tokens 0.105s
2024-12-12 06:50:07.664 66234 INFO tempest.lib.common.rest_client [req-ff45f1e9-f553-4cdc-a98d-c9d5278146cb req-ff45f1e9-f553-4cdc-a98d-c9d5278146cb ] Request (FloatingIPsNegativeTestJSON:setUpClass): 204 PUT http://10.180.1.21/identity/v3/projects/f89b729382ba43cfbd7a55ec06698e15/users/50d516ef836c4459860e645ed939c8cd/roles/abc0edade75441e5a3c38af99bb49b0c 0.093s
2024-12-12 06:50:07.664 66234 INFO tempest.lib.common.dynamic_creds [-] Dynamic test user 50d516ef836c4459860e645ed939c8cd is created with scope project and roles: ['member']
2024-12-12 06:50:07.664 66234 INFO tempest.lib.common.dynamic_creds [-] Acquired dynamic creds: credentials: Credentials: {'domain_id': 'default', 'domain_name': 'Default', 'username': 'tempest-FloatingIPsNegativeTestJSON-351116559-project-member', 'project_domain_id': 'default', 'project_domain_name': 'Default', 'project_id': 'f89b729382ba43cfbd7a55ec06698e15', 'project_name': 'tempest-FloatingIPsNegativeTestJSON-351116559', 'tenant_id': 'f89b729382ba43cfbd7a55ec06698e15', 'tenant_name': 'tempest-FloatingIPsNegativeTestJSON-351116559', 'user_domain_id': 'default', 'user_domain_name': 'Default', 'user_id': '50d516ef836c4459860e645ed939c8cd', 'system': None}, Network: None, Subnet: None, Router: None
2024-12-12 06:50:07.707 66230 INFO tempest.lib.common.rest_client [req-68d20600-1b5d-4106-b254-6b5e085c1069 req-68d20600-1b5d-4106-b254-6b5e085c1069 ] Request (ServersTestBootFromVolume:setUpClass): 200 POST http://10.180.1.21/compute/v2.1/os-keypairs 2.581s
2024-12-12 06:50:07.718 66232 INFO tempest.lib.common.rest_client [req-2de9fca6-6d29-48d7-a3e9-948bf5138199 req-2de9fca6-6d29-48d7-a3e9-948bf5138199 ] Request (HostsAdminNegativeTestJSON:test_update_host_without_param): 400 PUT http://10.180.1.21/compute/v2.1/os-hosts/devstack 2.484s
2024-12-12 06:50:07.736 66234 INFO tempest.lib.common.rest_client [req-0cacc737-d012-4f31-a77c-1f6cfe77f7c7 req-0cacc737-d012-4f31-a77c-1f6cfe77f7c7 ] Request (FloatingIPsNegativeTestJSON:setUpClass): 201 POST http://10.180.1.21/identity/v3/auth/tokens 0.071s
2024-12-12 06:50:07.759 66250 INFO tempest.lib.common.rest_client [req-6b78d2c3-85bb-4c82-af69-325499417052 req-6b78d2c3-85bb-4c82-af69-325499417052 ] Request (ServerDiagnosticsNegativeTest:test_get_server_diagnostics_by_non_admin): 200 GET http://10.180.1.21/compute/v2.1/servers/7a6a23a9-4562-4e35-913a-fa2aecee6c62 2.557s
2024-12-12 06:50:07.798 66274 INFO tempest.lib.common.rest_client [req-95d87b16-87e5-4ed4-8b84-54831653e726 req-95d87b16-87e5-4ed4-8b84-54831653e726 ] Request (ServerDiskConfigTestJSON:setUpClass): 201 POST http://10.180.1.21:9696/networking/v2.0/routers 2.548s
2024-12-12 06:50:07.983 66230 INFO tempest.lib.common.rest_client [req-1c2dad30-521c-46bf-b4a4-b75495264399 req-1c2dad30-521c-46bf-b4a4-b75495264399 ] Request (ServersTestBootFromVolume:setUpClass): 201 POST http://10.180.1.21:9696/networking/v2.0/security-groups 0.273s
2024-12-12 06:50:08.295 66230 INFO tempest.lib.common.rest_client [req-333a2abd-58cb-49e0-adae-d58e8fbad6af req-333a2abd-58cb-49e0-adae-d58e8fbad6af ] Request (ServersTestBootFromVolume:setUpClass): 201 POST http://10.180.1.21:9696/networking/v2.0/security-group-rules 0.311s
2024-12-12 06:50:08.346 66246 INFO tempest.lib.common.rest_client [req-bbcf6bca-8721-418d-963e-252eeae8ace8 req-bbcf6bca-8721-418d-963e-252eeae8ace8 ] Request (VolumesAssistedSnapshotsTest:test_volume_assisted_snapshot_create_delete): 202 POST http://10.180.1.21/compute/v2.1/servers 3.104s
2024-12-12 06:50:08.402 66234 INFO tempest.lib.common.rest_client [req-d4459679-d0e6-4e0f-86c4-765b84645593 req-d4459679-d0e6-4e0f-86c4-765b84645593 ] Request (FloatingIPsNegativeTestJSON:setUpClass): 201 POST http://10.180.1.21:9696/networking/v2.0/networks 0.666s
2024-12-12 06:50:08.441 66248 INFO tempest.lib.common.rest_client [req-3f780a2e-f9ea-4b3f-bb54-ba53cfb2876d req-3f780a2e-f9ea-4b3f-bb54-ba53cfb2876d ] Request (ServerExternalEventsTest:test_create_server_external_events): 200 GET http://10.180.1.21/compute/v2.1/servers/c0d94c9e-6312-4a46-96fb-250874a085f9 3.140s
2024-12-12 06:50:08.449 66248 INFO tempest.common.waiters [-] State transition "BUILD/None" ==> "BUILD/networking" after 10 second wait
2024-12-12 06:50:08.563 66279 INFO tempest.lib.common.rest_client [req-71af170a-7781-43be-99f8-e9e71bbdc40a req-71af170a-7781-43be-99f8-e9e71bbdc40a ] Request (ServersWithSpecificFlavorTestJSON:test_verify_created_server_ephemeral_disk): 202 POST http://10.180.1.21/compute/v2.1/servers 3.312s
2024-12-12 06:50:08.576 66284 INFO tempest.lib.common.rest_client [req-29607be4-990b-4537-9e2d-eda6c0d0293b req-29607be4-990b-4537-9e2d-eda6c0d0293b ] Request (AggregatesAdminNegativeTestJSON:test_aggregate_delete_with_invalid_id): 404 DELETE http://10.180.1.21/compute/v2.1/os-aggregates/-1 2.519s
2024-12-12 06:50:08.596 66230 INFO tempest.lib.common.rest_client [req-3fa947c8-64fc-4c25-818f-8421aa89365f req-3fa947c8-64fc-4c25-818f-8421aa89365f ] Request (ServersTestBootFromVolume:setUpClass): 201 POST http://10.180.1.21:9696/networking/v2.0/security-group-rules 0.301s
2024-12-12 06:50:08.742 66271 INFO tempest.lib.common.rest_client [req-b685b761-7e65-495c-b2fd-b78e1bd1f8e2 req-b685b761-7e65-495c-b2fd-b78e1bd1f8e2 ] Request (FloatingIPsAssociationTestJSON:setUpClass): 200 GET http://10.180.1.21/compute/v2.1/servers/a531ac93-b930-44aa-b0ba-307b44497ff1 2.509s
2024-12-12 06:50:08.791 66244 INFO tempest.lib.common.rest_client [req-96defb69-bffc-4771-bac7-2a4b06a19c26 req-96defb69-bffc-4771-bac7-2a4b06a19c26 ] Request (SecurityGroupRulesTestJSON:test_security_group_rules_create): 200 POST http://10.180.1.21/compute/v2.1/os-security-group-rules 2.768s
2024-12-12 06:50:08.810 66281 INFO tempest.lib.common.rest_client [req-8ab84fa7-629a-40ed-b8a3-8e9bded95606 req-8ab84fa7-629a-40ed-b8a3-8e9bded95606 ] Request (ServersTestFqdnHostnames:test_create_server_with_fqdn_name): 200 GET http://10.180.1.21/compute/v2.1/servers/3bd6551a-141e-4e53-80f4-447ad4896265 2.485s
2024-12-12 06:50:08.810 66234 INFO tempest.lib.common.rest_client [req-6a5b7b11-62f7-431d-b204-4a9d9d65955c req-6a5b7b11-62f7-431d-b204-4a9d9d65955c ] Request (FloatingIPsNegativeTestJSON:setUpClass): 201 POST http://10.180.1.21:9696/networking/v2.0/subnets 0.408s
2024-12-12 06:50:08.828 66264 INFO tempest.lib.common.rest_client [req-f5b0535c-4e7b-45cd-85b3-551ae7cea8f6 req-f5b0535c-4e7b-45cd-85b3-551ae7cea8f6 ] Request (FlavorsAdminTestJSON:_run_cleanups): 200 GET http://10.180.1.21/compute/v2.1/flavors/detail 2.370s
2024-12-12 06:50:08.940 66228 INFO tempest.lib.common.rest_client [req-552c5557-e3ed-42b4-a4c4-e503ef55825f req-552c5557-e3ed-42b4-a4c4-e503ef55825f ] Request (QuotasAdminTestV257:test_get_updated_quotas): 200 GET http://10.180.1.21/compute/v2.1/os-quota-sets/0e04461c251d47b88a8053bc1d8f8bd1?user_id=d2bc633df3604e2c86622a1718229fc3 2.517s
