2024-12-12 06:52:51.909 66258 INFO tempest.lib.common.rest_client [req-24144e59-60e4-4185-b329-124f26ba42d6 req-24144e59-60e4-4185-b329-124f26ba42d6 ] Request (MultipleCreateNegativeTestJSON:setUpClass): 200 GET http://10.180.1.21/identity/v3/domains?name=Default 0.040s
2024-12-12 06:52:51.920 66281 INFO tempest.lib.common.rest_client [req-f49a58a5-b8d7-4748-9a3d-eef765a014c9 req-f49a58a5-b8d7-4748-9a3d-eef765a014c9 ] Request (ServerActionsTestOtherB:setUpClass): 200 GET http://10.180.1.21/compute/v2.1/servers/134c873e-9d20-4c6a-931f-c835cfb97376 0.130s
2024-12-12 06:52:51.926 66288 INFO tempest.lib.common.rest_client [req-89159a85-c186-4287-b943-807b7a83765c req-89159a85-c186-4287-b943-807b7a83765c ] Request (ServerAddressesTestJSON:tearDownClass): 200 GET http://10.180.1.21/compute/v2.1/servers/89c1a690-0166-40a5-9947-5e4fd6c90748 0.104s
2024-12-12 06:52:51.948 66258 INFO tempest.lib.common.rest_client [req-6b10120d-4d8b-442c-857b-0e679fb48c7d req-6b10120d-4d8b-442c-857b-0e679fb48c7d ] Request (MultipleCreateNegativeTestJSON:setUpClass): 201 POST http://10.180.1.21/identity/v3/projects 0.039s
2024-12-12 06:52:51.978 66266 INFO tempest.lib.common.rest_client [req-80b4f24e-1411-45d0-af89-88dd4aba7e6e req-80b4f24e-1411-45d0-af89-88dd4aba7e6e ] Request (ImagesTestJSON:test_create_server_from_snapshot): 200 GET http://10.180.1.21/compute/v2.1/servers/d82cdcad-7464-4f60-b3e9-9e3e46575d29 0.149s
2024-12-12 06:52:51.989 66262 INFO tempest.lib.common.rest_client [req-864bfeff-76cc-4568-8105-b1b46c63a3aa req-864bfeff-76cc-4568-8105-b1b46c63a3aa ] Request (ServerMetadataTestJSON:setUpClass): 200 GET http://10.180.1.21/compute/v2.1/servers/e4d21150-033f-470a-80fb-bd090c0af8b8 0.110s
2024-12-12 06:52:52.015 66258 INFO tempest.lib.common.rest_client [req-1243fd36-fd38-49f2-bff1-28526193017d req-1243fd36-fd38-49f2-bff1-28526193017d ] Request (MultipleCreateNegativeTestJSON:setUpClass): 201 POST http://10.180.1.21/identity/v3/users 0.067s
2024-12-12 06:52:52.041 66258 INFO tempest.lib.common.rest_client [req-2ea33b98-f3a2-4364-81f0-fc7d66d1b970 req-2ea33b98-f3a2-4364-81f0-fc7d66d1b970 ] Request (MultipleCreateNegativeTestJSON:setUpClass): 200 GET http://10.180.1.21/identity/v3/roles 0.025s
2024-12-12 06:52:52.042 66264 INFO tempest.lib.common.rest_client [req-7e2a2d3b-19f3-4558-ac1e-bda3f06c3721 req-7e2a2d3b-19f3-4558-ac1e-bda3f06c3721 ] Request (ServersNegativeTestJSON:setUpClass): 200 GET http://10.180.1.21/compute/v2.1/servers/ba78bd69-7f48-42b5-866d-604f2ebee987 0.090s
2024-12-12 06:52:52.054 66271 INFO tempest.lib.common.rest_client [req-71bfa50a-3ba9-49b6-9546-6991b03f496d req-71bfa50a-3ba9-49b6-9546-6991b03f496d ] Request (ImagesOneServerNegativeTestJSON:setUpClass): 200 GET http://10.180.1.21/compute/v2.1/servers/d0f5e2aa-2b90-409c-8b43-83c69a7f4527 0.050s
2024-12-12 06:52:52.077 66258 INFO tempest.lib.common.rest_client [req-6257793e-b477-4fd6-aefb-5fa574d1bb6c req-6257793e-b477-4fd6-aefb-5fa574d1bb6c ] Request (MultipleCreateNegativeTestJSON:setUpClass): 204 PUT http://10.180.1.21/identity/v3/projects/a2e96ff7c6e44cdd8bbf40e9517754d8/users/b5d409f626a94b35b2c8390c2857c796/roles/abc0edade75441e5a3c38af99bb49b0c 0.035s
2024-12-12 06:52:52.077 66258 INFO tempest.lib.common.dynamic_creds [-] Dynamic test user b5d409f626a94b35b2c8390c2857c796 is created with scope project and roles: ['member']
2024-12-12 06:52:52.077 66258 INFO tempest.lib.common.dynamic_creds [-] Acquired dynamic creds: credentials: Credentials: {'domain_id': 'default', 'domain_name': 'Default', 'username': 'tempest-MultipleCreateNegativeTestJSON-835110461-project-member', 'project_domain_id': 'default', 'project_domain_name': 'Default', 'project_id': 'a2e96ff7c6e44cdd8bbf40e9517754d8', 'project_name': 'tempest-MultipleCreateNegativeTestJSON-835110461', 'tenant_id': 'a2e96ff7c6e44cdd8bbf40e9517754d8', 'tenant_name': 'tempest-MultipleCreateNegativeTestJSON-835110461', 'user_domain_id': 'default', 'user_domain_name': 'Default', 'user_id': 'b5d409f626a94b35b2c8390c2857c796', 'system': None}, Network: None, Subnet: None, Router: None
2024-12-12 06:52:52.077 66258 INFO tempest.lib.common.dynamic_creds [-] Created isolated network resources for: credentials: Credentials: {'domain_id': 'default', 'domain_name': 'Default', 'username': 'tempest-MultipleCreateNegativeTestJSON-835110461-project-member', 'project_domain_id': 'default', 'project_domain_name': 'Default', 'project_id': 'a2e96ff7c6e44cdd8bbf40e9517754d8', 'project_name': 'tempest-MultipleCreateNegativeTestJSON-835110461', 'tenant_id': 'a2e96ff7c6e44cdd8bbf40e9517754d8', 'tenant_name': 'tempest-MultipleCreateNegativeTestJSON-835110461', 'user_domain_id': 'default', 'user_domain_name': 'Default', 'user_id': 'b5d409f626a94b35b2c8390c2857c796', 'system': None}, Network: None, Subnet: None, Router: None
2024-12-12 06:52:52.112 66234 INFO tempest.lib.common.rest_client [req-2f47e53c-dafe-4dc8-8448-008a6c8ae72e req-2f47e53c-dafe-4dc8-8448-008a6c8ae72e ] Request (ListServerFiltersTestJSON:tearDownClass): 200 GET http://10.180.1.21/compute/v2.1/servers/e5e26b31-d227-4177-8ba1-efd52011afc1 0.054s
2024-12-12 06:52:52.161 66258 INFO tempest.lib.common.rest_client [req-22d35ebc-2e46-4112-bd6c-ac248821de9e req-22d35ebc-2e46-4112-bd6c-ac248821de9e ] Request (MultipleCreateNegativeTestJSON:setUpClass): 201 POST http://10.180.1.21/identity/v3/auth/tokens 0.080s
2024-12-12 06:52:52.169 66274 INFO tempest.lib.common.rest_client [req-7148e227-a5c6-4da6-a1cf-b73efa7b64a3 req-7148e227-a5c6-4da6-a1cf-b73efa7b64a3 ] Request (ServerDiskConfigTestJSON:test_resize_server_from_auto_to_manual): 200 GET http://10.180.1.21/compute/v2.1/servers/d00064e2-9954-4cb6-8812-ea02311cb049 0.048s
2024-12-12 06:52:52.178 66246 INFO tempest.lib.common.rest_client [req-8120b738-d523-4d6b-9465-a82e280326c4 req-8120b738-d523-4d6b-9465-a82e280326c4 ] Request (VolumesAssistedSnapshotsTest:tearDownClass): 200 GET http://10.180.1.21/compute/v2.1/servers/bd2a4cf9-428a-41ce-bd6f-ca19d9135931 0.060s
2024-12-12 06:52:52.188 66258 INFO tempest.lib.common.rest_client [req-aa02cd1c-4686-41bf-8005-2a7df8164d14 req-aa02cd1c-4686-41bf-8005-2a7df8164d14 ] Request (MultipleCreateNegativeTestJSON:test_max_count_less_than_min_count): 201 POST http://10.180.1.21/identity/v3/auth/tokens 0.023s
2024-12-12 06:52:52.188 66258 INFO tempest.lib.common.fixed_network [-] (MultipleCreateNegativeTestJSON:test_max_count_less_than_min_count) Found network None available for tenant
2024-12-12 06:52:52.240 66238 INFO tempest.lib.common.rest_client [req-6511ca01-c308-4c92-aafa-482738eee107 req-6511ca01-c308-4c92-aafa-482738eee107 ] Request (ServersTestMultiNic:_run_cleanups): 200 GET http://10.180.1.21/compute/v2.1/servers/46f48371-1cc3-4a3e-95bc-5fe7a31f4b7c 0.056s
2024-12-12 06:52:52.257 66258 INFO tempest.lib.common.rest_client [req-16a0b877-3527-4c59-9aa3-da1abe6f1780 req-16a0b877-3527-4c59-9aa3-da1abe6f1780 ] Request (MultipleCreateNegativeTestJSON:test_max_count_less_than_min_count): 400 POST http://10.180.1.21/compute/v2.1/servers 0.068s
2024-12-12 06:52:52.267 66260 WARNING tempest.lib.common.ssh [-] Failed to establish authenticated ssh connection to cirros@10.180.180.168 ([Errno None] Unable to connect to port 22 on 10.180.180.168). Number attempts: 8. Retry after 9 seconds.: paramiko.ssh_exception.NoValidConnectionsError: [Errno None] Unable to connect to port 22 on 10.180.180.168
2024-12-12 06:52:52.285 66258 INFO tempest.lib.common.rest_client [req-6c308716-0466-4774-a647-566e68545a1a req-6c308716-0466-4774-a647-566e68545a1a ] Request (MultipleCreateNegativeTestJSON:test_max_count_less_than_one): 201 POST http://10.180.1.21/identity/v3/auth/tokens 0.024s
2024-12-12 06:52:52.286 66258 INFO tempest.lib.common.fixed_network [-] (MultipleCreateNegativeTestJSON:test_max_count_less_than_one) Found network None available for tenant
2024-12-12 06:52:52.294 66258 INFO tempest.lib.common.rest_client [req-3fce3668-7aa3-4a1e-8739-24e638926afe req-3fce3668-7aa3-4a1e-8739-24e638926afe ] Request (MultipleCreateNegativeTestJSON:test_max_count_less_than_one): 400 POST http://10.180.1.21/compute/v2.1/servers 0.008s
2024-12-12 06:52:52.305 66279 INFO tempest.lib.common.rest_client [req-a2789fdc-467b-4772-ab9c-1bc700511069 req-a2789fdc-467b-4772-ab9c-1bc700511069 ] Request (ServersWithSpecificFlavorTestJSON:test_verify_created_server_ephemeral_disk): 200 GET http://10.180.1.21/compute/v2.1/servers/05476a5d-00fd-42e3-a3f4-d4b8557ce490 0.049s
2024-12-12 06:52:52.324 66258 INFO tempest.lib.common.rest_client [req-380d946e-6703-4bfc-b312-ce091f3474a9 req-380d946e-6703-4bfc-b312-ce091f3474a9 ] Request (MultipleCreateNegativeTestJSON:test_max_count_non_integer): 201 POST http://10.180.1.21/identity/v3/auth/tokens 0.026s
2024-12-12 06:52:52.325 66258 INFO tempest.lib.common.fixed_network [-] (MultipleCreateNegativeTestJSON:test_max_count_non_integer) Found network None available for tenant
2024-12-12 06:52:52.333 66258 INFO tempest.lib.common.rest_client [req-034ca567-bab7-471d-8bae-c8b7192d58b3 req-034ca567-bab7-471d-8bae-c8b7192d58b3 ] Request (MultipleCreateNegativeTestJSON:test_max_count_non_integer): 400 POST http://10.180.1.21/compute/v2.1/servers 0.007s
2024-12-12 06:52:52.361 66258 INFO tempest.lib.common.rest_client [req-a9fb5ada-9c01-40f7-b55f-147d6a5bb767 req-a9fb5ada-9c01-40f7-b55f-147d6a5bb767 ] Request (MultipleCreateNegativeTestJSON:test_min_count_less_than_one): 201 POST http://10.180.1.21/identity/v3/auth/tokens 0.025s
2024-12-12 06:52:52.362 66258 INFO tempest.lib.common.fixed_network [-] (MultipleCreateNegativeTestJSON:test_min_count_less_than_one) Found network None available for tenant
2024-12-12 06:52:52.366 66256 INFO tempest.lib.common.rest_client [req-9df3a8cf-0077-407e-b611-b9f6e354199b req-9df3a8cf-0077-407e-b611-b9f6e354199b ] Request (MigrationsAdminTest:test_resize_server_revert_deleted_flavor): 200 GET http://10.180.1.21/compute/v2.1/servers/4c2f73c2-1014-479a-9adf-b87c86def0fe 0.048s
2024-12-12 06:52:52.371 66258 INFO tempest.lib.common.rest_client [req-76b3f42a-1096-4b84-828e-1f49251f1371 req-76b3f42a-1096-4b84-828e-1f49251f1371 ] Request (MultipleCreateNegativeTestJSON:test_min_count_less_than_one): 400 POST http://10.180.1.21/compute/v2.1/servers 0.008s
2024-12-12 06:52:52.410 66258 INFO tempest.lib.common.rest_client [req-ca4e733d-1e67-4128-97ed-01104d2dc5ce req-ca4e733d-1e67-4128-97ed-01104d2dc5ce ] Request (MultipleCreateNegativeTestJSON:test_min_count_non_integer): 201 POST http://10.180.1.21/identity/v3/auth/tokens 0.036s
2024-12-12 06:52:52.411 66258 INFO tempest.lib.common.fixed_network [-] (MultipleCreateNegativeTestJSON:test_min_count_non_integer) Found network None available for tenant
2024-12-12 06:52:52.436 66242 INFO tempest.lib.common.rest_client [req-fcacde3a-23c9-406d-9a3e-568f3624978d req-fcacde3a-23c9-406d-9a3e-568f3624978d ] Request (ImagesNegativeTestJSON:test_create_image_from_deleted_server): 200 GET http://10.180.1.21/compute/v2.1/servers/e0cb65c4-7abf-4bf3-9ffd-57cc2ba6f93e 0.054s
2024-12-12 06:52:52.439 66258 INFO tempest.lib.common.rest_client [req-9d145dda-25e4-41f5-b40d-fa9236f2c46c req-9d145dda-25e4-41f5-b40d-fa9236f2c46c ] Request (MultipleCreateNegativeTestJSON:test_min_count_non_integer): 400 POST http://10.180.1.21/compute/v2.1/servers 0.027s
2024-12-12 06:52:52.454 66232 INFO tempest.lib.common.rest_client [req-e7c5c808-c301-4652-9cdf-03fc757b6b8a req-e7c5c808-c301-4652-9cdf-03fc757b6b8a ] Request (ServersAdminTestJSON:test_create_server_with_scheduling_hint): 200 GET http://10.180.1.21/compute/v2.1/servers/1f24c7b2-67ce-4271-a77b-c7dfecb0b132 0.117s
2024-12-12 06:52:52.539 66258 INFO tempest.lib.common.rest_client [req-6bbb4f6d-7794-42ad-9372-4137737e61db req-6bbb4f6d-7794-42ad-9372-4137737e61db ] Request (MultipleCreateNegativeTestJSON:tearDownClass): 204 DELETE http://10.180.1.21/identity/v3/users/b5d409f626a94b35b2c8390c2857c796 0.099s
2024-12-12 06:52:52.540 66258 INFO tempest.lib.common.dynamic_creds [-] Deleting project and security group for project: a2e96ff7c6e44cdd8bbf40e9517754d8
2024-12-12 06:52:52.601 66258 INFO tempest.lib.common.rest_client [req-ec706642-301b-491b-8f50-53c0d9e6874f req-ec706642-301b-491b-8f50-53c0d9e6874f ] Request (MultipleCreateNegativeTestJSON:tearDownClass): 201 POST http://10.180.1.21/identity/v3/auth/tokens 0.061s
2024-12-12 06:52:52.833 66236 INFO tempest.lib.common.rest_client [req-056a46e6-b09a-4b83-95e2-00de1c50848b req-056a46e6-b09a-4b83-95e2-00de1c50848b ] Request (FloatingIPsAssociationNegativeTestJSON:setUpClass): 200 GET http://10.180.1.21/compute/v2.1/servers/81844636-d682-4d19-9924-7529cd8a2409 0.172s
2024-12-12 06:52:52.847 66258 INFO tempest.lib.common.rest_client [req-c65f9f40-06ac-4db8-a97c-7ef1483da4c8 req-c65f9f40-06ac-4db8-a97c-7ef1483da4c8 ] Request (MultipleCreateNegativeTestJSON:tearDownClass): 200 GET http://10.180.1.21:9696/networking/v2.0/security-groups?tenant_id=a2e96ff7c6e44cdd8bbf40e9517754d8&name=default 0.246s
2024-12-12 06:52:52.882 66284 INFO tempest.lib.common.rest_client [req-d2f72e29-792b-4269-8682-14a64d63d711 req-d2f72e29-792b-4269-8682-14a64d63d711 ] Request (DeleteServersAdminTestJSON:test_delete_server_while_in_error_state): 200 GET http://10.180.1.21/compute/v2.1/servers/3e91d1f1-59e2-4f83-9b15-1644e42c3d45 0.201s
2024-12-12 06:52:52.908 66228 INFO tempest.lib.common.rest_client [req-6a24e658-fb24-4608-865a-1a9a5dc55032 req-6a24e658-fb24-4608-865a-1a9a5dc55032 ] Request (ListServersNegativeTestJSON:setUpClass): 200 GET http://10.180.1.21/compute/v2.1/servers/76116724-b0a6-4145-914a-fa5e4ac373c5 0.153s
2024-12-12 06:52:52.961 66244 INFO tempest.lib.common.rest_client [req-be4ac879-d44c-4111-a6df-b6d357416f6d req-be4ac879-d44c-4111-a6df-b6d357416f6d ] Request (ServerShowV254Test:tearDownClass): 200 GET http://10.180.1.21/compute/v2.1/servers/645b60de-8a61-4c6f-bdb8-b36ee7e082d3 0.182s
2024-12-12 06:52:52.968 66250 INFO tempest.lib.common.rest_client [req-51c4a027-445a-47be-b72f-25a626fa94e6 req-51c4a027-445a-47be-b72f-25a626fa94e6 ] Request (DeleteServersTestJSON:test_delete_server_while_in_attached_volume): 200 GET http://10.180.1.21/compute/v2.1/servers/d6483889-075c-4132-85b2-f01896704bea 0.124s
2024-12-12 06:52:52.998 66258 INFO tempest.lib.common.rest_client [req-608e9de0-11e8-43f0-84e4-bfe43a5b98ef req-608e9de0-11e8-43f0-84e4-bfe43a5b98ef ] Request (MultipleCreateNegativeTestJSON:tearDownClass): 204 DELETE http://10.180.1.21:9696/networking/v2.0/security-groups/d13165e4-9cd8-49ae-9b4c-02db7945612c 0.151s
2024-12-12 06:52:53.028 66248 INFO tempest.lib.common.rest_client [req-2b4f68c9-943b-4ef9-86dd-2c93ef07d52b req-2b4f68c9-943b-4ef9-86dd-2c93ef07d52b ] Request (ServerMetadataNegativeTestJSON:tearDownClass): 200 GET http://10.180.1.21/compute/v2.1/servers/34d78da1-345f-43fe-95a1-fc2bb7b12907 0.170s
2024-12-12 06:52:53.032 66281 INFO tempest.lib.common.rest_client [req-f27a3c1b-b184-453d-8d1e-ed9fb6d893da req-f27a3c1b-b184-453d-8d1e-ed9fb6d893da ] Request (ServerActionsTestOtherB:setUpClass): 200 GET http://10.180.1.21/compute/v2.1/servers/134c873e-9d20-4c6a-931f-c835cfb97376 0.102s
2024-12-12 06:52:53.091 66266 INFO tempest.lib.common.rest_client [req-bec0769b-d97d-43a2-b1f8-19be9b8a0029 req-bec0769b-d97d-43a2-b1f8-19be9b8a0029 ] Request (ImagesTestJSON:test_create_server_from_snapshot): 200 GET http://10.180.1.21/compute/v2.1/servers/d82cdcad-7464-4f60-b3e9-9e3e46575d29 0.107s
2024-12-12 06:52:53.095 66288 INFO tempest.lib.common.rest_client [req-9e8b2788-1742-4083-8dee-0057fe851563 req-9e8b2788-1742-4083-8dee-0057fe851563 ] Request (ServerAddressesTestJSON:tearDownClass): 200 GET http://10.180.1.21/compute/v2.1/servers/89c1a690-0166-40a5-9947-5e4fd6c90748 0.159s
2024-12-12 06:52:53.098 66258 INFO tempest.lib.common.rest_client [req-7c71c630-5be0-4cac-8ec2-c6ec939ccbcd req-7c71c630-5be0-4cac-8ec2-c6ec939ccbcd ] Request (MultipleCreateNegativeTestJSON:tearDownClass): 204 DELETE http://10.180.1.21/identity/v3/projects/a2e96ff7c6e44cdd8bbf40e9517754d8 0.099s
2024-12-12 06:52:53.143 66262 INFO tempest.lib.common.rest_client [req-d22f660f-9ddd-42d1-b895-ff5be4615334 req-d22f660f-9ddd-42d1-b895-ff5be4615334 ] Request (ServerMetadataTestJSON:setUpClass): 200 GET http://10.180.1.21/compute/v2.1/servers/e4d21150-033f-470a-80fb-bd090c0af8b8 0.147s
2024-12-12 06:52:53.159 66264 INFO tempest.lib.common.rest_client [req-dbf98859-9f4b-47d3-bff4-6e086ae13f83 req-dbf98859-9f4b-47d3-bff4-6e086ae13f83 ] Request (ServersNegativeTestJSON:setUpClass): 200 GET http://10.180.1.21/compute/v2.1/servers/ba78bd69-7f48-42b5-866d-604f2ebee987 0.108s
2024-12-12 06:52:53.192 66271 INFO tempest.lib.common.rest_client [req-ee39954f-a603-4575-90ed-eb8ad88f6cb0 req-ee39954f-a603-4575-90ed-eb8ad88f6cb0 ] Request (ImagesOneServerNegativeTestJSON:setUpClass): 200 GET http://10.180.1.21/compute/v2.1/servers/d0f5e2aa-2b90-409c-8b43-83c69a7f4527 0.131s
2024-12-12 06:52:53.195 66258 INFO tempest.lib.common.rest_client [req-86b4e5c8-2d4d-410b-887b-c22b2927627e req-86b4e5c8-2d4d-410b-887b-c22b2927627e ] Request (ServerAddressesNegativeTestJSON:setUpClass): 201 POST http://10.180.1.21/identity/v3/auth/tokens 0.095s
2024-12-12 06:52:53.230 66258 INFO tempest.lib.common.rest_client [req-2c5f55a5-4c6c-4c6c-90d0-6af5e0969111 req-2c5f55a5-4c6c-4c6c-90d0-6af5e0969111 ] Request (ServerAddressesNegativeTestJSON:setUpClass): 201 POST http://10.180.1.21/identity/v3/auth/tokens 0.032s
2024-12-12 06:52:53.232 66234 INFO tempest.lib.common.rest_client [req-07ac5ab8-3610-481c-b9a6-afd2b0940010 req-07ac5ab8-3610-481c-b9a6-afd2b0940010 ] Request (ListServerFiltersTestJSON:tearDownClass): 200 GET http://10.180.1.21/compute/v2.1/servers/e5e26b31-d227-4177-8ba1-efd52011afc1 0.114s
2024-12-12 06:52:53.239 66234 INFO tempest.common.waiters [-] State transition "ACTIVE/deleting" ==> "DELETED/None" after 4 second wait
2024-12-12 06:52:53.262 66258 INFO tempest.lib.common.rest_client [req-9b3fac56-9f29-47d2-8586-a4e90b9f2d21 req-9b3fac56-9f29-47d2-8586-a4e90b9f2d21 ] Request (ServerAddressesNegativeTestJSON:setUpClass): 200 GET http://10.180.1.21/identity/v3/domains?name=Default 0.032s
2024-12-12 06:52:53.294 66258 INFO tempest.lib.common.rest_client [req-7f221ca6-3201-4340-aed4-28bc262c5000 req-7f221ca6-3201-4340-aed4-28bc262c5000 ] Request (ServerAddressesNegativeTestJSON:setUpClass): 201 POST http://10.180.1.21/identity/v3/projects 0.030s
2024-12-12 06:52:53.302 66246 INFO tempest.lib.common.rest_client [req-6c6c9376-922b-4f46-9d76-27333386026a req-6c6c9376-922b-4f46-9d76-27333386026a ] Request (VolumesAssistedSnapshotsTest:tearDownClass): 200 GET http://10.180.1.21/compute/v2.1/servers/bd2a4cf9-428a-41ce-bd6f-ca19d9135931 0.117s
2024-12-12 06:52:53.360 66258 INFO tempest.lib.common.rest_client [req-91f94e01-ee65-4053-8b62-160c4bc5697a req-91f94e01-ee65-4053-8b62-160c4bc5697a ] Request (ServerAddressesNegativeTestJSON:setUpClass): 201 POST http://10.180.1.21/identity/v3/users 0.066s
2024-12-12 06:52:53.369 66238 INFO tempest.lib.common.rest_client [req-ac6431dc-883d-4643-800e-0e97f5655d0e req-ac6431dc-883d-4643-800e-0e97f5655d0e ] Request (ServersTestMultiNic:_run_cleanups): 200 GET http://10.180.1.21/compute/v2.1/servers/46f48371-1cc3-4a3e-95bc-5fe7a31f4b7c 0.122s
2024-12-12 06:52:53.382 66258 INFO tempest.lib.common.rest_client [req-d012e0bc-d827-43f9-a533-8f85f061969f req-d012e0bc-d827-43f9-a533-8f85f061969f ] Request (ServerAddressesNegativeTestJSON:setUpClass): 200 GET http://10.180.1.21/identity/v3/roles 0.022s
2024-12-12 06:52:53.411 66258 INFO tempest.lib.common.rest_client [req-a1817bf9-0658-4fb3-8159-823ee6bf7c35 req-a1817bf9-0658-4fb3-8159-823ee6bf7c35 ] Request (ServerAddressesNegativeTestJSON:setUpClass): 204 PUT http://10.180.1.21/identity/v3/projects/1dd1cc9329ec48048140dd29d2406b09/users/054601825cf94a58b9244236f3bba26d/roles/abc0edade75441e5a3c38af99bb49b0c 0.028s
2024-12-12 06:52:53.411 66258 INFO tempest.lib.common.dynamic_creds [-] Dynamic test user 054601825cf94a58b9244236f3bba26d is created with scope project and roles: ['member']
2024-12-12 06:52:53.411 66258 INFO tempest.lib.common.dynamic_creds [-] Acquired dynamic creds: credentials: Credentials: {'domain_id': 'default', 'domain_name': 'Default', 'username': 'tempest-ServerAddressesNegativeTestJSON-740419710-project-member', 'project_domain_id': 'default', 'project_domain_name': 'Default', 'project_id': '1dd1cc9329ec48048140dd29d2406b09', 'project_name': 'tempest-ServerAddressesNegativeTestJSON-740419710', 'tenant_id': '1dd1cc9329ec48048140dd29d2406b09', 'tenant_name': 'tempest-ServerAddressesNegativeTestJSON-740419710', 'user_domain_id': 'default', 'user_domain_name': 'Default', 'user_id': '054601825cf94a58b9244236f3bba26d', 'system': None}, Network: None, Subnet: None, Router: None
2024-12-12 06:52:53.424 66279 INFO tempest.lib.common.rest_client [req-136fbbd8-df88-48b3-a1f2-a4c1e0db1d36 req-136fbbd8-df88-48b3-a1f2-a4c1e0db1d36 ] Request (ServersWithSpecificFlavorTestJSON:test_verify_created_server_ephemeral_disk): 200 GET http://10.180.1.21/compute/v2.1/servers/05476a5d-00fd-42e3-a3f4-d4b8557ce490 0.112s
2024-12-12 06:52:53.475 66258 INFO tempest.lib.common.rest_client [req-488da432-575a-40a2-8b0f-63e5c267e795 req-488da432-575a-40a2-8b0f-63e5c267e795 ] Request (ServerAddressesNegativeTestJSON:setUpClass): 201 POST http://10.180.1.21/identity/v3/auth/tokens 0.064s
2024-12-12 06:52:53.482 66256 INFO tempest.lib.common.rest_client [req-b21017ed-88f7-4ea9-8f7a-acc521623467 req-b21017ed-88f7-4ea9-8f7a-acc521623467 ] Request (MigrationsAdminTest:test_resize_server_revert_deleted_flavor): 200 GET http://10.180.1.21/compute/v2.1/servers/4c2f73c2-1014-479a-9adf-b87c86def0fe 0.107s
2024-12-12 06:52:53.497 66274 INFO tempest.lib.common.rest_client [req-a11e6784-be9c-424c-9697-5b2e89164b77 req-a11e6784-be9c-424c-9697-5b2e89164b77 ] Request (ServerDiskConfigTestJSON:test_resize_server_from_auto_to_manual): 200 GET http://10.180.1.21/compute/v2.1/servers/d00064e2-9954-4cb6-8812-ea02311cb049 0.321s
2024-12-12 06:52:53.528 66242 INFO tempest.lib.common.rest_client [req-7b88d9fd-ae7a-4d33-a914-350e3752bdc4 req-7b88d9fd-ae7a-4d33-a914-350e3752bdc4 ] Request (ImagesNegativeTestJSON:test_create_image_from_deleted_server): 200 GET http://10.180.1.21/compute/v2.1/servers/e0cb65c4-7abf-4bf3-9ffd-57cc2ba6f93e 0.085s
2024-12-12 06:52:53.612 66232 INFO tempest.lib.common.rest_client [req-b03fa24b-007e-4669-94b6-3555c68fdf94 req-b03fa24b-007e-4669-94b6-3555c68fdf94 ] Request (ServersAdminTestJSON:test_create_server_with_scheduling_hint): 200 GET http://10.180.1.21/compute/v2.1/servers/1f24c7b2-67ce-4271-a77b-c7dfecb0b132 0.150s
2024-12-12 06:52:53.738 66258 INFO tempest.lib.common.rest_client [req-e1f17479-02fc-479a-bec6-45c0875d0602 req-e1f17479-02fc-479a-bec6-45c0875d0602 ] Request (ServerAddressesNegativeTestJSON:setUpClass): 201 POST http://10.180.1.21:9696/networking/v2.0/networks 0.263s
2024-12-12 06:52:53.872 66258 INFO tempest.lib.common.rest_client [req-064f46c9-1228-4814-ab8a-a04662962071 req-064f46c9-1228-4814-ab8a-a04662962071 ] Request (ServerAddressesNegativeTestJSON:setUpClass): 201 POST http://10.180.1.21:9696/networking/v2.0/subnets 0.133s
2024-12-12 06:52:53.947 66236 INFO tempest.lib.common.rest_client [req-c63a2c68-51f2-4dec-916c-cade4ab18b70 req-c63a2c68-51f2-4dec-916c-cade4ab18b70 ] Request (FloatingIPsAssociationNegativeTestJSON:setUpClass): 200 GET http://10.180.1.21/compute/v2.1/servers/81844636-d682-4d19-9924-7529cd8a2409 0.103s
2024-12-12 06:52:53.951 66284 INFO tempest.lib.common.rest_client [req-0d22bf03-52f1-46a8-8a71-c313e0b86512 req-0d22bf03-52f1-46a8-8a71-c313e0b86512 ] Request (DeleteServersAdminTestJSON:test_delete_server_while_in_error_state): 200 GET http://10.180.1.21/compute/v2.1/servers/3e91d1f1-59e2-4f83-9b15-1644e42c3d45 0.059s
2024-12-12 06:52:53.996 66228 INFO tempest.lib.common.rest_client [req-aab7d195-06c7-4f58-835f-1a48204757d7 req-aab7d195-06c7-4f58-835f-1a48204757d7 ] Request (ListServersNegativeTestJSON:setUpClass): 200 GET http://10.180.1.21/compute/v2.1/servers/76116724-b0a6-4145-914a-fa5e4ac373c5 0.078s
2024-12-12 06:52:54.047 66244 INFO tempest.lib.common.rest_client [req-fb4e23ce-7f23-42b5-881c-c5e5fa52af36 req-fb4e23ce-7f23-42b5-881c-c5e5fa52af36 ] Request (ServerShowV254Test:tearDownClass): 200 GET http://10.180.1.21/compute/v2.1/servers/645b60de-8a61-4c6f-bdb8-b36ee7e082d3 0.076s
2024-12-12 06:52:54.062 66250 INFO tempest.lib.common.rest_client [req-fa9bc009-c578-400e-8e89-e368124b00f4 req-fa9bc009-c578-400e-8e89-e368124b00f4 ] Request (DeleteServersTestJSON:test_delete_server_while_in_attached_volume): 200 GET http://10.180.1.21/compute/v2.1/servers/d6483889-075c-4132-85b2-f01896704bea 0.085s
2024-12-12 06:52:54.117 66281 INFO tempest.lib.common.rest_client [req-093003a1-ba1d-489b-9d8c-e0b54030e6ac req-093003a1-ba1d-489b-9d8c-e0b54030e6ac ] Request (ServerActionsTestOtherB:setUpClass): 200 GET http://10.180.1.21/compute/v2.1/servers/134c873e-9d20-4c6a-931f-c835cfb97376 0.078s
2024-12-12 06:52:54.132 66248 INFO tempest.lib.common.rest_client [req-030c36c9-f6c1-4b85-b569-6f499cd5beb2 req-030c36c9-f6c1-4b85-b569-6f499cd5beb2 ] Request (ServerMetadataNegativeTestJSON:tearDownClass): 200 GET http://10.180.1.21/compute/v2.1/servers/34d78da1-345f-43fe-95a1-fc2bb7b12907 0.095s
2024-12-12 06:52:54.201 66266 INFO tempest.lib.common.rest_client [req-03ea562d-026d-4a62-912b-7cf20a62c5f3 req-03ea562d-026d-4a62-912b-7cf20a62c5f3 ] Request (ImagesTestJSON:test_create_server_from_snapshot): 200 GET http://10.180.1.21/compute/v2.1/servers/d82cdcad-7464-4f60-b3e9-9e3e46575d29 0.101s
2024-12-12 06:52:54.202 66288 INFO tempest.lib.common.rest_client [req-3806a698-4fec-460f-a407-711e9c11bf14 req-3806a698-4fec-460f-a407-711e9c11bf14 ] Request (ServerAddressesTestJSON:tearDownClass): 200 GET http://10.180.1.21/compute/v2.1/servers/89c1a690-0166-40a5-9947-5e4fd6c90748 0.095s
2024-12-12 06:52:54.249 66264 INFO tempest.lib.common.rest_client [req-7f46e9e4-4681-4a3e-8c4a-c13e916ed516 req-7f46e9e4-4681-4a3e-8c4a-c13e916ed516 ] Request (ServersNegativeTestJSON:setUpClass): 200 GET http://10.180.1.21/compute/v2.1/servers/ba78bd69-7f48-42b5-866d-604f2ebee987 0.080s
2024-12-12 06:52:54.264 66262 INFO tempest.lib.common.rest_client [req-6c1b93d6-d954-446c-9ca4-81b8fe709371 req-6c1b93d6-d954-446c-9ca4-81b8fe709371 ] Request (ServerMetadataTestJSON:setUpClass): 200 GET http://10.180.1.21/compute/v2.1/servers/e4d21150-033f-470a-80fb-bd090c0af8b8 0.115s
2024-12-12 06:52:54.300 66271 INFO tempest.lib.common.rest_client [req-32cf8043-605f-4b55-a0f7-c2df1f7504e1 req-32cf8043-605f-4b55-a0f7-c2df1f7504e1 ] Request (ImagesOneServerNegativeTestJSON:setUpClass): 200 GET http://10.180.1.21/compute/v2.1/servers/d0f5e2aa-2b90-409c-8b43-83c69a7f4527 0.101s
2024-12-12 06:52:54.338 66234 INFO tempest.lib.common.rest_client [req-7590b9e8-cc30-485b-979a-960828cc7abf req-7590b9e8-cc30-485b-979a-960828cc7abf ] Request (ListServerFiltersTestJSON:tearDownClass): 200 GET http://10.180.1.21/compute/v2.1/servers/e5e26b31-d227-4177-8ba1-efd52011afc1 0.098s
2024-12-12 06:52:54.377 66246 INFO tempest.lib.common.rest_client [req-15f59378-1db9-42b5-b8bd-b8801681c93b req-15f59378-1db9-42b5-b8bd-b8801681c93b ] Request (VolumesAssistedSnapshotsTest:tearDownClass): 200 GET http://10.180.1.21/compute/v2.1/servers/bd2a4cf9-428a-41ce-bd6f-ca19d9135931 0.066s
2024-12-12 06:52:54.454 66238 INFO tempest.lib.common.rest_client [req-2db57844-6b31-4d54-b6fe-1447a8a49d17 req-2db57844-6b31-4d54-b6fe-1447a8a49d17 ] Request (ServersTestMultiNic:_run_cleanups): 200 GET http://10.180.1.21/compute/v2.1/servers/46f48371-1cc3-4a3e-95bc-5fe7a31f4b7c 0.078s
2024-12-12 06:52:54.485 66279 INFO tempest.lib.common.rest_client [req-48f37088-4ef3-4997-a01e-e1f4cd3785ca req-48f37088-4ef3-4997-a01e-e1f4cd3785ca ] Request (ServersWithSpecificFlavorTestJSON:test_verify_created_server_ephemeral_disk): 200 GET http://10.180.1.21/compute/v2.1/servers/05476a5d-00fd-42e3-a3f4-d4b8557ce490 0.050s
2024-12-12 06:52:54.545 66256 INFO tempest.lib.common.rest_client [req-f9a588d9-7d3d-42fd-94bc-ff2941494c39 req-f9a588d9-7d3d-42fd-94bc-ff2941494c39 ] Request (MigrationsAdminTest:test_resize_server_revert_deleted_flavor): 200 GET http://10.180.1.21/compute/v2.1/servers/4c2f73c2-1014-479a-9adf-b87c86def0fe 0.056s
2024-12-12 06:52:54.558 66274 INFO tempest.lib.common.rest_client [req-ad05135c-979b-4665-8f42-bb7ae8d89865 req-ad05135c-979b-4665-8f42-bb7ae8d89865 ] Request (ServerDiskConfigTestJSON:test_resize_server_from_auto_to_manual): 200 GET http://10.180.1.21/compute/v2.1/servers/d00064e2-9954-4cb6-8812-ea02311cb049 0.054s
2024-12-12 06:52:54.597 66242 INFO tempest.lib.common.rest_client [req-7d98b240-1695-4386-82a3-e1bf22b17ef5 req-7d98b240-1695-4386-82a3-e1bf22b17ef5 ] Request (ImagesNegativeTestJSON:test_create_image_from_deleted_server): 200 GET http://10.180.1.21/compute/v2.1/servers/e0cb65c4-7abf-4bf3-9ffd-57cc2ba6f93e 0.061s
2024-12-12 06:52:54.729 66232 INFO tempest.lib.common.rest_client [req-4c06ceeb-88a5-4818-bcf8-c413df5a415a req-4c06ceeb-88a5-4818-bcf8-c413df5a415a ] Request (ServersAdminTestJSON:test_create_server_with_scheduling_hint): 200 GET http://10.180.1.21/compute/v2.1/servers/1f24c7b2-67ce-4271-a77b-c7dfecb0b132 0.108s
2024-12-12 06:52:54.736 66232 INFO tempest.common.waiters [-] State transition "BUILD/spawning" ==> "ACTIVE/None" after 91 second wait
2024-12-12 06:52:54.800 66232 INFO tempest.lib.common.rest_client [req-53aa3573-404f-4ca1-96ba-32e1c808c5e1 req-53aa3573-404f-4ca1-96ba-32e1c808c5e1 ] Request (ServersAdminTestJSON:test_inject_network_info): 201 POST http://10.180.1.21/identity/v3/auth/tokens 0.059s
2024-12-12 06:52:54.800 66232 INFO tempest.lib.common.fixed_network [-] (ServersAdminTestJSON:test_inject_network_info) Found network {'id': 'fd1f8a1b-3b78-411d-8fae-bc54aa2313e8', 'name': 'tempest-ServersAdminTestJSON-1362759368-network', 'tenant_id': '2c4a0338d8a14cd59fcd49b0a6a8fff5', 'admin_state_up': True, 'mtu': 8950, 'status': 'ACTIVE', 'subnets': [], 'shared': False, 'project_id': '2c4a0338d8a14cd59fcd49b0a6a8fff5', 'port_security_enabled': True, 'router:external': False, 'provider:network_type': 'vlan', 'provider:physical_network': 'default', 'provider:segmentation_id': 819, 'availability_zone_hints': [], 'availability_zones': [], 'ipv4_address_scope': None, 'ipv6_address_scope': None, 'description': '', 'tags': [], 'created_at': '2024-12-12T06:50:14Z', 'updated_at': '2024-12-12T06:50:14Z', 'revision_number': 1} available for tenant
2024-12-12 06:52:54.893 66258 INFO tempest.lib.common.rest_client [req-9f8b7e4e-c8a4-42fb-9949-54e994f51a9a req-9f8b7e4e-c8a4-42fb-9949-54e994f51a9a ] Request (ServerAddressesNegativeTestJSON:setUpClass): 201 POST http://10.180.1.21:9696/networking/v2.0/routers 1.020s
2024-12-12 06:52:55.161 66236 INFO tempest.lib.common.rest_client [req-b7fb107a-6f84-432f-8d68-32dd83eed263 req-b7fb107a-6f84-432f-8d68-32dd83eed263 ] Request (FloatingIPsAssociationNegativeTestJSON:setUpClass): 200 GET http://10.180.1.21/compute/v2.1/servers/81844636-d682-4d19-9924-7529cd8a2409 0.206s
2024-12-12 06:52:55.203 66232 INFO tempest.lib.common.rest_client [req-8244ca51-ec21-4638-bc77-9aed72300ef1 req-8244ca51-ec21-4638-bc77-9aed72300ef1 ] Request (ServersAdminTestJSON:test_inject_network_info): 202 POST http://10.180.1.21/compute/v2.1/servers 0.402s
2024-12-12 06:52:55.238 66284 INFO tempest.lib.common.rest_client [req-db14470e-4fd1-44da-8038-8c7343c469e6 req-db14470e-4fd1-44da-8038-8c7343c469e6 ] Request (DeleteServersAdminTestJSON:test_delete_server_while_in_error_state): 200 GET http://10.180.1.21/compute/v2.1/servers/3e91d1f1-59e2-4f83-9b15-1644e42c3d45 0.276s
2024-12-12 06:52:55.259 66244 INFO tempest.lib.common.rest_client [req-e819596b-06d1-4aba-b019-5af41804055e req-e819596b-06d1-4aba-b019-5af41804055e ] Request (ServerShowV254Test:tearDownClass): 404 GET http://10.180.1.21/compute/v2.1/servers/645b60de-8a61-4c6f-bdb8-b36ee7e082d3 0.204s
2024-12-12 06:52:55.318 66228 INFO tempest.lib.common.rest_client [req-f1c60308-cded-449c-8efa-3890db6587cb req-f1c60308-cded-449c-8efa-3890db6587cb ] Request (ListServersNegativeTestJSON:setUpClass): 200 GET http://10.180.1.21/compute/v2.1/servers/76116724-b0a6-4145-914a-fa5e4ac373c5 0.312s
2024-12-12 06:52:55.361 66250 INFO tempest.lib.common.rest_client [req-de9606bf-90a5-411d-925b-ca2a9355f697 req-de9606bf-90a5-411d-925b-ca2a9355f697 ] Request (DeleteServersTestJSON:test_delete_server_while_in_attached_volume): 200 GET http://10.180.1.21/compute/v2.1/servers/d6483889-075c-4132-85b2-f01896704bea 0.292s
2024-12-12 06:52:55.373 66244 INFO tempest.lib.common.rest_client [req-7f0c6e5c-8250-4c54-ac12-e8e9c1f9dcdc req-7f0c6e5c-8250-4c54-ac12-e8e9c1f9dcdc ] Request (ServerShowV254Test:tearDownClass): 204 DELETE http://10.180.1.21/identity/v3/users/4e77f59b6541459691236b3fecc8aa68 0.113s
2024-12-12 06:52:55.374 66244 INFO tempest.lib.common.dynamic_creds [-] Deleting project and security group for project: fe363201cd60443ab6b203b30fff94cf
2024-12-12 06:52:55.391 66281 INFO tempest.lib.common.rest_client [req-2d462f23-10d3-4ddf-bbc9-841815716279 req-2d462f23-10d3-4ddf-bbc9-841815716279 ] Request (ServerActionsTestOtherB:setUpClass): 200 GET http://10.180.1.21/compute/v2.1/servers/134c873e-9d20-4c6a-931f-c835cfb97376 0.264s
2024-12-12 06:52:55.436 66232 INFO tempest.lib.common.rest_client [req-fa1200a8-6973-4996-8546-fa30074f57fc req-fa1200a8-6973-4996-8546-fa30074f57fc ] Request (ServersAdminTestJSON:test_inject_network_info): 200 GET http://10.180.1.21/compute/v2.1/servers/0aadee7f-0a1d-49ce-90cc-48107b8a107e 0.232s
2024-12-12 06:52:55.449 66244 INFO tempest.lib.common.rest_client [req-d2caed07-2b4c-4897-b10f-7bf7e6fbc6cb req-d2caed07-2b4c-4897-b10f-7bf7e6fbc6cb ] Request (ServerShowV254Test:tearDownClass): 201 POST http://10.180.1.21/identity/v3/auth/tokens 0.075s
2024-12-12 06:52:55.466 66248 INFO tempest.lib.common.rest_client [req-1a7b135d-4cf6-4480-a872-f2f3c959b78e req-1a7b135d-4cf6-4480-a872-f2f3c959b78e ] Request (ServerMetadataNegativeTestJSON:tearDownClass): 200 GET http://10.180.1.21/compute/v2.1/servers/34d78da1-345f-43fe-95a1-fc2bb7b12907 0.325s
2024-12-12 06:52:55.494 66288 INFO tempest.lib.common.rest_client [req-e463e482-82d5-4e67-a4cc-7cbc06f6e877 req-e463e482-82d5-4e67-a4cc-7cbc06f6e877 ] Request (ServerAddressesTestJSON:tearDownClass): 404 GET http://10.180.1.21/compute/v2.1/servers/89c1a690-0166-40a5-9947-5e4fd6c90748 0.283s
2024-12-12 06:52:55.507 66266 INFO tempest.lib.common.rest_client [req-36b17b4d-b86e-422c-a222-44af6f2f55d5 req-36b17b4d-b86e-422c-a222-44af6f2f55d5 ] Request (ImagesTestJSON:test_create_server_from_snapshot): 200 GET http://10.180.1.21/compute/v2.1/servers/d82cdcad-7464-4f60-b3e9-9e3e46575d29 0.299s
2024-12-12 06:52:55.575 66262 INFO tempest.lib.common.rest_client [req-d0f1975e-9a8d-4c33-82e9-98bf08ac7c60 req-d0f1975e-9a8d-4c33-82e9-98bf08ac7c60 ] Request (ServerMetadataTestJSON:setUpClass): 200 GET http://10.180.1.21/compute/v2.1/servers/e4d21150-033f-470a-80fb-bd090c0af8b8 0.299s
2024-12-12 06:52:55.576 66264 INFO tempest.lib.common.rest_client [req-67079bbc-2d1d-4f9b-9c19-a45bd6c03587 req-67079bbc-2d1d-4f9b-9c19-a45bd6c03587 ] Request (ServersNegativeTestJSON:setUpClass): 200 GET http://10.180.1.21/compute/v2.1/servers/ba78bd69-7f48-42b5-866d-604f2ebee987 0.319s
2024-12-12 06:52:55.651 66271 INFO tempest.lib.common.rest_client [req-ca6cfe90-6467-43de-96c9-345c02c639d3 req-ca6cfe90-6467-43de-96c9-345c02c639d3 ] Request (ImagesOneServerNegativeTestJSON:setUpClass): 200 GET http://10.180.1.21/compute/v2.1/servers/d0f5e2aa-2b90-409c-8b43-83c69a7f4527 0.340s
2024-12-12 06:52:55.672 66234 INFO tempest.lib.common.rest_client [req-ffaa9600-08b2-42af-ab2e-1857492f7354 req-ffaa9600-08b2-42af-ab2e-1857492f7354 ] Request (ListServerFiltersTestJSON:tearDownClass): 200 GET http://10.180.1.21/compute/v2.1/servers/e5e26b31-d227-4177-8ba1-efd52011afc1 0.326s
2024-12-12 06:52:55.711 66290 WARNING tempest.lib.common.ssh [-] Failed to establish authenticated ssh connection to cirros@10.180.180.128 ([Errno None] Unable to connect to port 22 on 10.180.180.128). Number attempts: 14. Retry after 15 seconds.: paramiko.ssh_exception.NoValidConnectionsError: [Errno None] Unable to connect to port 22 on 10.180.180.128
2024-12-12 06:52:55.747 66238 INFO tempest.lib.common.rest_client [req-f4ee1665-d104-464f-8c3c-cc34548efcee req-f4ee1665-d104-464f-8c3c-cc34548efcee ] Request (ServersTestMultiNic:_run_cleanups): 200 GET http://10.180.1.21/compute/v2.1/servers/46f48371-1cc3-4a3e-95bc-5fe7a31f4b7c 0.286s
2024-12-12 06:52:55.750 66246 INFO tempest.lib.common.rest_client [req-59a708ed-bd74-477d-b05a-07258c429234 req-59a708ed-bd74-477d-b05a-07258c429234 ] Request (VolumesAssistedSnapshotsTest:tearDownClass): 200 GET http://10.180.1.21/compute/v2.1/servers/bd2a4cf9-428a-41ce-bd6f-ca19d9135931 0.364s
2024-12-12 06:52:55.780 66244 INFO tempest.lib.common.rest_client [req-3323f0d0-bd46-4e64-a26c-efa784ef380d req-3323f0d0-bd46-4e64-a26c-efa784ef380d ] Request (ServerShowV254Test:tearDownClass): 200 GET http://10.180.1.21:9696/networking/v2.0/security-groups?tenant_id=fe363201cd60443ab6b203b30fff94cf&name=default 0.330s
2024-12-12 06:52:55.816 66256 INFO tempest.lib.common.rest_client [req-6d179a2e-fcba-49fb-8934-673db1e0f46d req-6d179a2e-fcba-49fb-8934-673db1e0f46d ] Request (MigrationsAdminTest:test_resize_server_revert_deleted_flavor): 200 GET http://10.180.1.21/compute/v2.1/servers/4c2f73c2-1014-479a-9adf-b87c86def0fe 0.263s
2024-12-12 06:52:55.834 66279 INFO tempest.lib.common.rest_client [req-55813c3d-0b1c-4f4a-b37d-4f23a72081c7 req-55813c3d-0b1c-4f4a-b37d-4f23a72081c7 ] Request (ServersWithSpecificFlavorTestJSON:test_verify_created_server_ephemeral_disk): 200 GET http://10.180.1.21/compute/v2.1/servers/05476a5d-00fd-42e3-a3f4-d4b8557ce490 0.342s
2024-12-12 06:52:55.880 66274 INFO tempest.lib.common.rest_client [req-d4c54293-afc6-4794-a96f-51841782b671 req-d4c54293-afc6-4794-a96f-51841782b671 ] Request (ServerDiskConfigTestJSON:test_resize_server_from_auto_to_manual): 200 GET http://10.180.1.21/compute/v2.1/servers/d00064e2-9954-4cb6-8812-ea02311cb049 0.315s
2024-12-12 06:52:55.907 66242 INFO tempest.lib.common.rest_client [req-68594fc9-7b23-4883-b58b-28eae7e47062 req-68594fc9-7b23-4883-b58b-28eae7e47062 ] Request (ImagesNegativeTestJSON:test_create_image_from_deleted_server): 200 GET http://10.180.1.21/compute/v2.1/servers/e0cb65c4-7abf-4bf3-9ffd-57cc2ba6f93e 0.303s
2024-12-12 06:52:55.964 66244 INFO tempest.lib.common.rest_client [req-adb4330b-05ef-46d2-99e1-997375b7487d req-adb4330b-05ef-46d2-99e1-997375b7487d ] Request (ServerShowV254Test:tearDownClass): 204 DELETE http://10.180.1.21:9696/networking/v2.0/security-groups/de93e032-5335-4536-ac98-7461ea085b9a 0.184s
2024-12-12 06:52:56.066 66244 INFO tempest.lib.common.rest_client [req-bc734acf-0037-4b7a-a409-ac678edb35d8 req-bc734acf-0037-4b7a-a409-ac678edb35d8 ] Request (ServerShowV254Test:tearDownClass): 204 DELETE http://10.180.1.21/identity/v3/projects/fe363201cd60443ab6b203b30fff94cf 0.102s
2024-12-12 06:52:56.313 66284 INFO tempest.lib.common.rest_client [req-008c9c7b-3fb1-45b1-8e91-a64f8ac3a499 req-008c9c7b-3fb1-45b1-8e91-a64f8ac3a499 ] Request (DeleteServersAdminTestJSON:test_delete_server_while_in_error_state): 200 GET http://10.180.1.21/compute/v2.1/servers/3e91d1f1-59e2-4f83-9b15-1644e42c3d45 0.063s
2024-12-12 06:52:56.323 66258 INFO tempest.lib.common.rest_client [req-a45f60ff-cd34-43a6-9db7-7aa0d9c77545 req-a45f60ff-cd34-43a6-9db7-7aa0d9c77545 ] Request (ServerAddressesNegativeTestJSON:setUpClass): 200 PUT http://10.180.1.21:9696/networking/v2.0/routers/23adcedf-b8eb-4b90-b64e-207a8bd2329d/add_router_interface 1.430s
2024-12-12 06:52:56.323 66258 INFO tempest.lib.common.dynamic_creds [-] Created isolated network resources for: credentials: Credentials: {'domain_id': 'default', 'domain_name': 'Default', 'username': 'tempest-ServerAddressesNegativeTestJSON-740419710-project-member', 'project_domain_id': 'default', 'project_domain_name': 'Default', 'project_id': '1dd1cc9329ec48048140dd29d2406b09', 'project_name': 'tempest-ServerAddressesNegativeTestJSON-740419710', 'tenant_id': '1dd1cc9329ec48048140dd29d2406b09', 'tenant_name': 'tempest-ServerAddressesNegativeTestJSON-740419710', 'user_domain_id': 'default', 'user_domain_name': 'Default', 'user_id': '054601825cf94a58b9244236f3bba26d', 'system': None}, Network: {'id': '98c9059c-12f6-4ff3-a662-f2d9d6dbadd2', 'name': 'tempest-ServerAddressesNegativeTestJSON-1777878639-network', 'tenant_id': '1dd1cc9329ec48048140dd29d2406b09', 'admin_state_up': True, 'mtu': 8950, 'status': 'ACTIVE', 'subnets': [], 'shared': False, 'project_id': '1dd1cc9329ec48048140dd29d2406b09', 'port_security_enabled': True, 'router:external': False, 'provider:network_type': 'vlan', 'provider:physical_network': 'default', 'provider:segmentation_id': 473, 'availability_zone_hints': [], 'availability_zones': [], 'ipv4_address_scope': None, 'ipv6_address_scope': None, 'description': '', 'tags': [], 'created_at': '2024-12-12T06:52:53Z', 'updated_at': '2024-12-12T06:52:53Z', 'revision_number': 1}, Subnet: {'id': 'a62a2700-d6c9-43f9-8425-1b43d07e138f', 'name': 'tempest-ServerAddressesNegativeTestJSON-1777878639-subnet', 'tenant_id': '1dd1cc9329ec48048140dd29d2406b09', 'network_id': '98c9059c-12f6-4ff3-a662-f2d9d6dbadd2', 'ip_version': 4, 'subnetpool_id': None, 'enable_dhcp': True, 'ipv6_ra_mode': None, 'ipv6_address_mode': None, 'gateway_ip': '192.168.128.1', 'cidr': '192.168.128.0/28', 'allocation_pools': [{'start': '192.168.128.2', 'end': '192.168.128.14'}], 'host_routes': [], 'dns_nameservers': [], 'description': '', 'router:external': False, 'service_types': [], 'tags': [], 'created_at': '2024-12-12T06:52:53Z', 'updated_at': '2024-12-12T06:52:53Z', 'revision_number': 0, 'project_id': '1dd1cc9329ec48048140dd29d2406b09'}, Router: {'id': '23adcedf-b8eb-4b90-b64e-207a8bd2329d', 'name': 'tempest-ServerAddressesNegativeTestJSON-1777878639-router', 'tenant_id': '1dd1cc9329ec48048140dd29d2406b09', 'admin_state_up': True, 'status': 'ACTIVE', 'external_gateway_info': {'network_id': '282c6d4c-a724-4276-9521-3623506ab8a2', 'external_fixed_ips': [{'subnet_id': '9e4d462b-f7d8-482c-a67b-20ee06702864', 'ip_address': '10.180.180.157'}], 'enable_snat': True}, 'description': '', 'availability_zones': [], 'distributed': False, 'ha': False, 'availability_zone_hints': [], 'routes': [], 'flavor_id': None, 'tags': [], 'created_at': '2024-12-12T06:52:53Z', 'updated_at': '2024-12-12T06:52:54Z', 'revision_number': 2, 'project_id': '1dd1cc9329ec48048140dd29d2406b09'}
2024-12-12 06:52:56.376 66236 INFO tempest.lib.common.rest_client [req-e4d30809-f9c4-428c-b384-ab115e3183b4 req-e4d30809-f9c4-428c-b384-ab115e3183b4 ] Request (FloatingIPsAssociationNegativeTestJSON:setUpClass): 200 GET http://10.180.1.21/compute/v2.1/servers/81844636-d682-4d19-9924-7529cd8a2409 0.208s
2024-12-12 06:52:56.384 66228 INFO tempest.lib.common.rest_client [req-10ad6f8a-4ca1-4b78-a0a6-fd428c7497e2 req-10ad6f8a-4ca1-4b78-a0a6-fd428c7497e2 ] Request (ListServersNegativeTestJSON:setUpClass): 200 GET http://10.180.1.21/compute/v2.1/servers/76116724-b0a6-4145-914a-fa5e4ac373c5 0.058s
2024-12-12 06:52:56.430 66258 INFO tempest.lib.common.rest_client [req-b997d7fb-5c2e-4acc-8f87-d623dd972c93 req-b997d7fb-5c2e-4acc-8f87-d623dd972c93 ] Request (ServerAddressesNegativeTestJSON:setUpClass): 201 POST http://10.180.1.21/identity/v3/auth/tokens 0.100s
2024-12-12 06:52:56.437 66250 INFO tempest.lib.common.rest_client [req-89b26d46-46c1-415e-91bb-18e3750370cb req-89b26d46-46c1-415e-91bb-18e3750370cb ] Request (DeleteServersTestJSON:test_delete_server_while_in_attached_volume): 200 GET http://10.180.1.21/compute/v2.1/servers/d6483889-075c-4132-85b2-f01896704bea 0.068s
2024-12-12 06:52:56.465 66281 INFO tempest.lib.common.rest_client [req-a6dd6e26-f8ca-4f3a-bc63-8b5ff9a021da req-a6dd6e26-f8ca-4f3a-bc63-8b5ff9a021da ] Request (ServerActionsTestOtherB:setUpClass): 200 GET http://10.180.1.21/compute/v2.1/servers/134c873e-9d20-4c6a-931f-c835cfb97376 0.065s
2024-12-12 06:52:56.468 66258 INFO tempest.lib.common.rest_client [req-e978adcb-39e6-4498-baca-d0ea6ea1ac32 req-e978adcb-39e6-4498-baca-d0ea6ea1ac32 ] Request (ServerAddressesNegativeTestJSON:setUpClass): 201 POST http://10.180.1.21/identity/v3/auth/tokens 0.030s
2024-12-12 06:52:56.469 66258 INFO tempest.lib.common.fixed_network [-] (ServerAddressesNegativeTestJSON:setUpClass) Found network {'id': '98c9059c-12f6-4ff3-a662-f2d9d6dbadd2', 'name': 'tempest-ServerAddressesNegativeTestJSON-1777878639-network', 'tenant_id': '1dd1cc9329ec48048140dd29d2406b09', 'admin_state_up': True, 'mtu': 8950, 'status': 'ACTIVE', 'subnets': [], 'shared': False, 'project_id': '1dd1cc9329ec48048140dd29d2406b09', 'port_security_enabled': True, 'router:external': False, 'provider:network_type': 'vlan', 'provider:physical_network': 'default', 'provider:segmentation_id': 473, 'availability_zone_hints': [], 'availability_zones': [], 'ipv4_address_scope': None, 'ipv6_address_scope': None, 'description': '', 'tags': [], 'created_at': '2024-12-12T06:52:53Z', 'updated_at': '2024-12-12T06:52:53Z', 'revision_number': 1} available for tenant
2024-12-12 06:52:56.513 66232 INFO tempest.lib.common.rest_client [req-79efd994-adcc-4163-a865-e47b8ec1276e req-79efd994-adcc-4163-a865-e47b8ec1276e ] Request (ServersAdminTestJSON:test_inject_network_info): 200 GET http://10.180.1.21/compute/v2.1/servers/0aadee7f-0a1d-49ce-90cc-48107b8a107e 0.065s
2024-12-12 06:52:56.529 66288 INFO tempest.lib.common.rest_client [req-9c883865-dcba-40aa-81e9-0423d7f41528 req-9c883865-dcba-40aa-81e9-0423d7f41528 ] Request (ServerAddressesTestJSON:tearDownClass): 200 PUT http://10.180.1.21:9696/networking/v2.0/routers/f5e0bce2-ff02-4177-9e70-1ed7c9bae2a0/remove_router_interface 1.034s
2024-12-12 06:52:56.581 66248 INFO tempest.lib.common.rest_client [req-f0b65af2-24b2-4dfd-b4be-8a7cafb4dcc0 req-f0b65af2-24b2-4dfd-b4be-8a7cafb4dcc0 ] Request (ServerMetadataNegativeTestJSON:tearDownClass): 200 GET http://10.180.1.21/compute/v2.1/servers/34d78da1-345f-43fe-95a1-fc2bb7b12907 0.105s
2024-12-12 06:52:56.644 66266 INFO tempest.lib.common.rest_client [req-fcfb580a-ee84-4b8a-81fd-d032ed191c11 req-fcfb580a-ee84-4b8a-81fd-d032ed191c11 ] Request (ImagesTestJSON:test_create_server_from_snapshot): 200 GET http://10.180.1.21/compute/v2.1/servers/d82cdcad-7464-4f60-b3e9-9e3e46575d29 0.128s
2024-12-12 06:52:56.700 66264 INFO tempest.lib.common.rest_client [req-27486d6e-9a02-4949-b1d2-bdb72dff8eb4 req-27486d6e-9a02-4949-b1d2-bdb72dff8eb4 ] Request (ServersNegativeTestJSON:setUpClass): 200 GET http://10.180.1.21/compute/v2.1/servers/ba78bd69-7f48-42b5-866d-604f2ebee987 0.117s
2024-12-12 06:52:56.760 66262 INFO tempest.lib.common.rest_client [req-c4fa4be1-1e7f-4362-afd8-f3dc181fa22a req-c4fa4be1-1e7f-4362-afd8-f3dc181fa22a ] Request (ServerMetadataTestJSON:setUpClass): 200 GET http://10.180.1.21/compute/v2.1/servers/e4d21150-033f-470a-80fb-bd090c0af8b8 0.174s
2024-12-12 06:52:56.823 66271 INFO tempest.lib.common.rest_client [req-2a3835be-2bfa-4c00-806c-67fe78db1dae req-2a3835be-2bfa-4c00-806c-67fe78db1dae ] Request (ImagesOneServerNegativeTestJSON:setUpClass): 200 GET http://10.180.1.21/compute/v2.1/servers/d0f5e2aa-2b90-409c-8b43-83c69a7f4527 0.161s
2024-12-12 06:52:56.831 66271 INFO tempest.common.waiters [-] State transition "BUILD/scheduling" ==> "BUILD/None" after 19 second wait
2024-12-12 06:52:56.898 66234 INFO tempest.lib.common.rest_client [req-cc07cba3-0f0b-49dd-b9d5-dea4d644ad56 req-cc07cba3-0f0b-49dd-b9d5-dea4d644ad56 ] Request (ListServerFiltersTestJSON:tearDownClass): 200 GET http://10.180.1.21/compute/v2.1/servers/e5e26b31-d227-4177-8ba1-efd52011afc1 0.215s
2024-12-12 06:52:56.985 66246 INFO tempest.lib.common.rest_client [req-b8affdbe-7590-4154-8b3a-e0ee78bb4399 req-b8affdbe-7590-4154-8b3a-e0ee78bb4399 ] Request (VolumesAssistedSnapshotsTest:tearDownClass): 200 GET http://10.180.1.21/compute/v2.1/servers/bd2a4cf9-428a-41ce-bd6f-ca19d9135931 0.224s
2024-12-12 06:52:57.058 66238 INFO tempest.lib.common.rest_client [req-6ab71c14-7851-42cf-a0f6-7e7f01b5e2ff req-6ab71c14-7851-42cf-a0f6-7e7f01b5e2ff ] Request (ServersTestMultiNic:_run_cleanups): 200 GET http://10.180.1.21/compute/v2.1/servers/46f48371-1cc3-4a3e-95bc-5fe7a31f4b7c 0.296s
2024-12-12 06:52:57.118 66288 INFO tempest.lib.common.rest_client [req-b7d7df80-acaf-4406-9c56-df57757b32dd req-b7d7df80-acaf-4406-9c56-df57757b32dd ] Request (ServerAddressesTestJSON:tearDownClass): 204 DELETE http://10.180.1.21:9696/networking/v2.0/routers/f5e0bce2-ff02-4177-9e70-1ed7c9bae2a0 0.588s
2024-12-12 06:52:57.125 66256 INFO tempest.lib.common.rest_client [req-98099966-7e6b-4a2b-9404-5e5c37ceb8f9 req-98099966-7e6b-4a2b-9404-5e5c37ceb8f9 ] Request (MigrationsAdminTest:test_resize_server_revert_deleted_flavor): 200 GET http://10.180.1.21/compute/v2.1/servers/4c2f73c2-1014-479a-9adf-b87c86def0fe 0.298s
2024-12-12 06:52:57.155 66258 INFO tempest.lib.common.rest_client [req-08869a09-a5a7-4ded-97c5-b49858580e1c req-08869a09-a5a7-4ded-97c5-b49858580e1c ] Request (ServerAddressesNegativeTestJSON:setUpClass): 202 POST http://10.180.1.21/compute/v2.1/servers 0.685s
2024-12-12 06:52:57.186 66252 INFO paramiko.transport [-] Connected (version 2.0, client dropbear_2020.81)
2024-12-12 06:52:57.199 66279 INFO tempest.lib.common.rest_client [req-6d5067fb-8d05-48d5-bdf3-f7f179aace28 req-6d5067fb-8d05-48d5-bdf3-f7f179aace28 ] Request (ServersWithSpecificFlavorTestJSON:test_verify_created_server_ephemeral_disk): 200 GET http://10.180.1.21/compute/v2.1/servers/05476a5d-00fd-42e3-a3f4-d4b8557ce490 0.356s
2024-12-12 06:52:57.245 66274 INFO tempest.lib.common.rest_client [req-f7c0e4f3-5087-433d-9dcc-780e5610ab4c req-f7c0e4f3-5087-433d-9dcc-780e5610ab4c ] Request (ServerDiskConfigTestJSON:test_resize_server_from_auto_to_manual): 200 GET http://10.180.1.21/compute/v2.1/servers/d00064e2-9954-4cb6-8812-ea02311cb049 0.355s
