2024-12-12 06:49:38.003 66260 INFO tempest.lib.common.dynamic_creds [-] Acquired dynamic creds: credentials: Credentials: {'domain_id': 'default', 'domain_name': 'Default', 'username': 'tempest-FlavorsAccessNegativeTestJSON-308726054-project-member', 'project_domain_id': 'default', 'project_domain_name': 'Default', 'project_id': '50e0133a3fb0412eb96f49a2b11787c6', 'project_name': 'tempest-FlavorsAccessNegativeTestJSON-308726054', 'tenant_id': '50e0133a3fb0412eb96f49a2b11787c6', 'tenant_name': 'tempest-FlavorsAccessNegativeTestJSON-308726054', 'user_domain_id': 'default', 'user_domain_name': 'Default', 'user_id': '21e2ab6409d74555b6ddf1d9bd8effee', 'system': None}, Network: None, Subnet: None, Router: None
2024-12-12 06:49:38.003 66260 INFO tempest.lib.common.dynamic_creds [-] Created isolated network resources for: credentials: Credentials: {'domain_id': 'default', 'domain_name': 'Default', 'username': 'tempest-FlavorsAccessNegativeTestJSON-308726054-project-member', 'project_domain_id': 'default', 'project_domain_name': 'Default', 'project_id': '50e0133a3fb0412eb96f49a2b11787c6', 'project_name': 'tempest-FlavorsAccessNegativeTestJSON-308726054', 'tenant_id': '50e0133a3fb0412eb96f49a2b11787c6', 'tenant_name': 'tempest-FlavorsAccessNegativeTestJSON-308726054', 'user_domain_id': 'default', 'user_domain_name': 'Default', 'user_id': '21e2ab6409d74555b6ddf1d9bd8effee', 'system': None}, Network: None, Subnet: None, Router: None
2024-12-12 06:49:38.010 66256 INFO tempest.lib.common.rest_client [req-cfce0122-5569-4f28-ac4e-581b2339500b req-cfce0122-5569-4f28-ac4e-581b2339500b ] Request (HypervisorAdminV253TestBase:test_list_show_detail_hypervisors): 200 GET http://10.180.1.21/compute/v2.1/os-hypervisors/e206140c-2e6e-436d-87ad-d82d52de532e 0.020s
2024-12-12 06:49:38.021 66281 INFO tempest.lib.common.rest_client [req-cabe9098-a16e-42b2-9629-794499b5b1a1 req-cabe9098-a16e-42b2-9629-794499b5b1a1 ] Request (ListImagesTestJSON:setUpClass): 204 PUT http://10.180.1.21/identity/v3/projects/02bb27d47e924197a372adfccd4b21e9/users/70954dd9a03942faae912984f7d73913/roles/abc0edade75441e5a3c38af99bb49b0c 0.664s
2024-12-12 06:49:38.021 66281 INFO tempest.lib.common.dynamic_creds [-] Dynamic test user 70954dd9a03942faae912984f7d73913 is created with scope project and roles: ['member']
2024-12-12 06:49:38.021 66281 INFO tempest.lib.common.dynamic_creds [-] Acquired dynamic creds: credentials: Credentials: {'domain_id': 'default', 'domain_name': 'Default', 'username': 'tempest-ListImagesTestJSON-767133773-project-member', 'project_domain_id': 'default', 'project_domain_name': 'Default', 'project_id': '02bb27d47e924197a372adfccd4b21e9', 'project_name': 'tempest-ListImagesTestJSON-767133773', 'tenant_id': '02bb27d47e924197a372adfccd4b21e9', 'tenant_name': 'tempest-ListImagesTestJSON-767133773', 'user_domain_id': 'default', 'user_domain_name': 'Default', 'user_id': '70954dd9a03942faae912984f7d73913', 'system': None}, Network: None, Subnet: None, Router: None
2024-12-12 06:49:38.021 66281 INFO tempest.lib.common.dynamic_creds [-] Created isolated network resources for: credentials: Credentials: {'domain_id': 'default', 'domain_name': 'Default', 'username': 'tempest-ListImagesTestJSON-767133773-project-member', 'project_domain_id': 'default', 'project_domain_name': 'Default', 'project_id': '02bb27d47e924197a372adfccd4b21e9', 'project_name': 'tempest-ListImagesTestJSON-767133773', 'tenant_id': '02bb27d47e924197a372adfccd4b21e9', 'tenant_name': 'tempest-ListImagesTestJSON-767133773', 'user_domain_id': 'default', 'user_domain_name': 'Default', 'user_id': '70954dd9a03942faae912984f7d73913', 'system': None}, Network: None, Subnet: None, Router: None
2024-12-12 06:49:38.077 66262 INFO tempest.lib.common.rest_client [req-9f55f821-d04f-4744-b929-5cff7ad170e8 req-9f55f821-d04f-4744-b929-5cff7ad170e8 ] Request (FlavorsV2NegativeTest:setUpClass): 204 PUT http://10.180.1.21/identity/v3/projects/bb4cd0acae4140bc80a4e4819a7b4e82/users/9eec84200ade4579ba091cad84c28055/roles/abc0edade75441e5a3c38af99bb49b0c 0.705s
2024-12-12 06:49:38.077 66262 INFO tempest.lib.common.dynamic_creds [-] Dynamic test user 9eec84200ade4579ba091cad84c28055 is created with scope project and roles: ['member']
2024-12-12 06:49:38.077 66262 INFO tempest.lib.common.dynamic_creds [-] Acquired dynamic creds: credentials: Credentials: {'domain_id': 'default', 'domain_name': 'Default', 'username': 'tempest-FlavorsV2NegativeTest-521945833-project-member', 'project_domain_id': 'default', 'project_domain_name': 'Default', 'project_id': 'bb4cd0acae4140bc80a4e4819a7b4e82', 'project_name': 'tempest-FlavorsV2NegativeTest-521945833', 'tenant_id': 'bb4cd0acae4140bc80a4e4819a7b4e82', 'tenant_name': 'tempest-FlavorsV2NegativeTest-521945833', 'user_domain_id': 'default', 'user_domain_name': 'Default', 'user_id': '9eec84200ade4579ba091cad84c28055', 'system': None}, Network: None, Subnet: None, Router: None
2024-12-12 06:49:38.077 66262 INFO tempest.lib.common.dynamic_creds [-] Created isolated network resources for: credentials: Credentials: {'domain_id': 'default', 'domain_name': 'Default', 'username': 'tempest-FlavorsV2NegativeTest-521945833-project-member', 'project_domain_id': 'default', 'project_domain_name': 'Default', 'project_id': 'bb4cd0acae4140bc80a4e4819a7b4e82', 'project_name': 'tempest-FlavorsV2NegativeTest-521945833', 'tenant_id': 'bb4cd0acae4140bc80a4e4819a7b4e82', 'tenant_name': 'tempest-FlavorsV2NegativeTest-521945833', 'user_domain_id': 'default', 'user_domain_name': 'Default', 'user_id': '9eec84200ade4579ba091cad84c28055', 'system': None}, Network: None, Subnet: None, Router: None
2024-12-12 06:49:38.083 66250 INFO tempest.lib.common.rest_client [req-9bdae451-521a-4290-a565-a31668b4a811 req-9bdae451-521a-4290-a565-a31668b4a811 ] Request (ServerDiagnosticsNegativeTest:setUpClass): 204 PUT http://10.180.1.21/identity/v3/projects/ea415397d6a74b29bafb91bb581721ce/users/6ba5b9810013401abc040d65171aa89d/roles/abc0edade75441e5a3c38af99bb49b0c 0.713s
2024-12-12 06:49:38.083 66250 INFO tempest.lib.common.dynamic_creds [-] Dynamic test user 6ba5b9810013401abc040d65171aa89d is created with scope project and roles: ['member']
2024-12-12 06:49:38.083 66250 INFO tempest.lib.common.dynamic_creds [-] Acquired dynamic creds: credentials: Credentials: {'domain_id': 'default', 'domain_name': 'Default', 'username': 'tempest-ServerDiagnosticsNegativeTest-414351503-project-member', 'project_domain_id': 'default', 'project_domain_name': 'Default', 'project_id': 'ea415397d6a74b29bafb91bb581721ce', 'project_name': 'tempest-ServerDiagnosticsNegativeTest-414351503', 'tenant_id': 'ea415397d6a74b29bafb91bb581721ce', 'tenant_name': 'tempest-ServerDiagnosticsNegativeTest-414351503', 'user_domain_id': 'default', 'user_domain_name': 'Default', 'user_id': '6ba5b9810013401abc040d65171aa89d', 'system': None}, Network: None, Subnet: None, Router: None
2024-12-12 06:49:38.083 66250 INFO tempest.lib.common.dynamic_creds [-] Created isolated network resources for: credentials: Credentials: {'domain_id': 'default', 'domain_name': 'Default', 'username': 'tempest-ServerDiagnosticsNegativeTest-414351503-project-member', 'project_domain_id': 'default', 'project_domain_name': 'Default', 'project_id': 'ea415397d6a74b29bafb91bb581721ce', 'project_name': 'tempest-ServerDiagnosticsNegativeTest-414351503', 'tenant_id': 'ea415397d6a74b29bafb91bb581721ce', 'tenant_name': 'tempest-ServerDiagnosticsNegativeTest-414351503', 'user_domain_id': 'default', 'user_domain_name': 'Default', 'user_id': '6ba5b9810013401abc040d65171aa89d', 'system': None}, Network: None, Subnet: None, Router: None
2024-12-12 06:49:38.156 66228 INFO tempest.lib.common.rest_client [req-2da23974-987d-4ca6-aef3-8f41028dcb02 req-2da23974-987d-4ca6-aef3-8f41028dcb02 ] Request (FlavorsV255TestJSON:setUpClass): 204 PUT http://10.180.1.21/identity/v3/projects/581214bfb97641209ea73fccd7fda7e7/users/fa36dbecacb2491b87b655cd19f23a69/roles/abc0edade75441e5a3c38af99bb49b0c 0.770s
2024-12-12 06:49:38.157 66228 INFO tempest.lib.common.dynamic_creds [-] Dynamic test user fa36dbecacb2491b87b655cd19f23a69 is created with scope project and roles: ['member']
2024-12-12 06:49:38.157 66228 INFO tempest.lib.common.dynamic_creds [-] Acquired dynamic creds: credentials: Credentials: {'domain_id': 'default', 'domain_name': 'Default', 'username': 'tempest-FlavorsV255TestJSON-2044333239-project-member', 'project_domain_id': 'default', 'project_domain_name': 'Default', 'project_id': '581214bfb97641209ea73fccd7fda7e7', 'project_name': 'tempest-FlavorsV255TestJSON-2044333239', 'tenant_id': '581214bfb97641209ea73fccd7fda7e7', 'tenant_name': 'tempest-FlavorsV255TestJSON-2044333239', 'user_domain_id': 'default', 'user_domain_name': 'Default', 'user_id': 'fa36dbecacb2491b87b655cd19f23a69', 'system': None}, Network: None, Subnet: None, Router: None
2024-12-12 06:49:38.157 66228 INFO tempest.lib.common.dynamic_creds [-] Created isolated network resources for: credentials: Credentials: {'domain_id': 'default', 'domain_name': 'Default', 'username': 'tempest-FlavorsV255TestJSON-2044333239-project-member', 'project_domain_id': 'default', 'project_domain_name': 'Default', 'project_id': '581214bfb97641209ea73fccd7fda7e7', 'project_name': 'tempest-FlavorsV255TestJSON-2044333239', 'tenant_id': '581214bfb97641209ea73fccd7fda7e7', 'tenant_name': 'tempest-FlavorsV255TestJSON-2044333239', 'user_domain_id': 'default', 'user_domain_name': 'Default', 'user_id': 'fa36dbecacb2491b87b655cd19f23a69', 'system': None}, Network: None, Subnet: None, Router: None
2024-12-12 06:49:38.165 66234 INFO tempest.lib.common.rest_client [req-521a5fe8-6e84-4f26-8c81-1d5850c0292c req-521a5fe8-6e84-4f26-8c81-1d5850c0292c ] Request (FlavorsExtraSpecsTestJSON:setUpClass): 201 POST http://10.180.1.21/identity/v3/users 0.770s
2024-12-12 06:49:38.201 66264 INFO tempest.lib.common.rest_client [req-19fcaf3c-dc64-472c-bb17-3b1f8dc84d1e req-19fcaf3c-dc64-472c-bb17-3b1f8dc84d1e ] Request (AZAdminV2TestJSON:setUpClass): 200 GET http://10.180.1.21/identity/v3/roles 0.759s
2024-12-12 06:49:38.220 66272 INFO tempest.lib.common.rest_client [req-f8dcd5fa-9c27-4f5c-ac87-b2a059a6210f req-f8dcd5fa-9c27-4f5c-ac87-b2a059a6210f ] Request (QuotasSecurityGroupAdminNegativeTest:setUpClass): 201 POST http://10.180.1.21/identity/v3/auth/tokens 0.777s
2024-12-12 06:49:38.227 66232 INFO tempest.lib.common.rest_client [req-add28aef-e8e8-4dd1-a602-3c25080b320b req-add28aef-e8e8-4dd1-a602-3c25080b320b ] Request (HostsAdminNegativeTestJSON:setUpClass): 204 PUT http://10.180.1.21/identity/v3/projects/c36e5743ae20467780ea51add8af3778/users/d9ca4880bb334109a29a8f18d619c199/roles/abc0edade75441e5a3c38af99bb49b0c 0.748s
2024-12-12 06:49:38.227 66232 INFO tempest.lib.common.dynamic_creds [-] Dynamic test user d9ca4880bb334109a29a8f18d619c199 is created with scope project and roles: ['member']
2024-12-12 06:49:38.227 66232 INFO tempest.lib.common.dynamic_creds [-] Acquired dynamic creds: credentials: Credentials: {'domain_id': 'default', 'domain_name': 'Default', 'username': 'tempest-HostsAdminNegativeTestJSON-744396134-project-member', 'project_domain_id': 'default', 'project_domain_name': 'Default', 'project_id': 'c36e5743ae20467780ea51add8af3778', 'project_name': 'tempest-HostsAdminNegativeTestJSON-744396134', 'tenant_id': 'c36e5743ae20467780ea51add8af3778', 'tenant_name': 'tempest-HostsAdminNegativeTestJSON-744396134', 'user_domain_id': 'default', 'user_domain_name': 'Default', 'user_id': 'd9ca4880bb334109a29a8f18d619c199', 'system': None}, Network: None, Subnet: None, Router: None
2024-12-12 06:49:38.228 66232 INFO tempest.lib.common.dynamic_creds [-] Created isolated network resources for: credentials: Credentials: {'domain_id': 'default', 'domain_name': 'Default', 'username': 'tempest-HostsAdminNegativeTestJSON-744396134-project-member', 'project_domain_id': 'default', 'project_domain_name': 'Default', 'project_id': 'c36e5743ae20467780ea51add8af3778', 'project_name': 'tempest-HostsAdminNegativeTestJSON-744396134', 'tenant_id': 'c36e5743ae20467780ea51add8af3778', 'tenant_name': 'tempest-HostsAdminNegativeTestJSON-744396134', 'user_domain_id': 'default', 'user_domain_name': 'Default', 'user_id': 'd9ca4880bb334109a29a8f18d619c199', 'system': None}, Network: None, Subnet: None, Router: None
2024-12-12 06:49:38.269 66248 INFO tempest.lib.common.rest_client [req-dd26ccf9-943a-42bf-baf4-b8c05f7c83f3 req-dd26ccf9-943a-42bf-baf4-b8c05f7c83f3 ] Request (NetworksTest:setUpClass): 201 POST http://10.180.1.21/identity/v3/users 0.767s
2024-12-12 06:49:38.275 66240 INFO tempest.lib.common.rest_client [req-d998cd1e-4331-4e41-9e60-952839c564e8 req-d998cd1e-4331-4e41-9e60-952839c564e8 ] Request (InstanceActionsTestJSON:setUpClass): 201 POST http://10.180.1.21/identity/v3/auth/tokens 0.765s
2024-12-12 06:49:38.291 66279 INFO tempest.lib.common.rest_client [req-793928fe-5932-4214-8d49-a9083945832e req-793928fe-5932-4214-8d49-a9083945832e ] Request (ServersWithSpecificFlavorTestJSON:setUpClass): 204 PUT http://10.180.1.21/identity/v3/projects/98a84d23af2b424ab6e7e797704eb366/users/ce1dc601b4e94478a85ed856bf6761be/roles/abc0edade75441e5a3c38af99bb49b0c 0.741s
2024-12-12 06:49:38.291 66279 INFO tempest.lib.common.dynamic_creds [-] Dynamic test user ce1dc601b4e94478a85ed856bf6761be is created with scope project and roles: ['member']
2024-12-12 06:49:38.291 66279 INFO tempest.lib.common.dynamic_creds [-] Acquired dynamic creds: credentials: Credentials: {'domain_id': 'default', 'domain_name': 'Default', 'username': 'tempest-ServersWithSpecificFlavorTestJSON-1759386013-project-member', 'project_domain_id': 'default', 'project_domain_name': 'Default', 'project_id': '98a84d23af2b424ab6e7e797704eb366', 'project_name': 'tempest-ServersWithSpecificFlavorTestJSON-1759386013', 'tenant_id': '98a84d23af2b424ab6e7e797704eb366', 'tenant_name': 'tempest-ServersWithSpecificFlavorTestJSON-1759386013', 'user_domain_id': 'default', 'user_domain_name': 'Default', 'user_id': 'ce1dc601b4e94478a85ed856bf6761be', 'system': None}, Network: None, Subnet: None, Router: None
2024-12-12 06:49:38.292 66268 INFO tempest.lib.common.rest_client [req-42a1436d-e8f2-4623-a72d-7038c81d41ae req-42a1436d-e8f2-4623-a72d-7038c81d41ae ] Request (FlavorsAccessTestJSON:setUpClass): 200 GET http://10.180.1.21/identity/v3/roles 0.742s
2024-12-12 06:49:38.336 66244 INFO tempest.lib.common.rest_client [req-c4b16b42-7552-4d59-a4cf-894b27499e72 req-c4b16b42-7552-4d59-a4cf-894b27499e72 ] Request (FloatingIPDetailsNegativeTestJSON:setUpClass): 204 PUT http://10.180.1.21/identity/v3/projects/7ca15149a67544bdbe29c3450749fe1f/users/b2e33a2fd65148568ffffc93a059ffba/roles/abc0edade75441e5a3c38af99bb49b0c 0.745s
2024-12-12 06:49:38.336 66244 INFO tempest.lib.common.dynamic_creds [-] Dynamic test user b2e33a2fd65148568ffffc93a059ffba is created with scope project and roles: ['member']
2024-12-12 06:49:38.336 66244 INFO tempest.lib.common.dynamic_creds [-] Acquired dynamic creds: credentials: Credentials: {'domain_id': 'default', 'domain_name': 'Default', 'username': 'tempest-FloatingIPDetailsNegativeTestJSON-143045173-project-member', 'project_domain_id': 'default', 'project_domain_name': 'Default', 'project_id': '7ca15149a67544bdbe29c3450749fe1f', 'project_name': 'tempest-FloatingIPDetailsNegativeTestJSON-143045173', 'tenant_id': '7ca15149a67544bdbe29c3450749fe1f', 'tenant_name': 'tempest-FloatingIPDetailsNegativeTestJSON-143045173', 'user_domain_id': 'default', 'user_domain_name': 'Default', 'user_id': 'b2e33a2fd65148568ffffc93a059ffba', 'system': None}, Network: None, Subnet: None, Router: None
2024-12-12 06:49:38.336 66282 INFO tempest.lib.common.rest_client [req-57ad4cc8-e9ad-4ecb-9ca5-120af7e7dd38 req-57ad4cc8-e9ad-4ecb-9ca5-120af7e7dd38 ] Request (FlavorsV261TestJSON:setUpClass): 204 PUT http://10.180.1.21/identity/v3/projects/972fdf281c5c4718aaca447ec1064299/users/1762b214c61a48d7b4e13f7bca2b56fd/roles/abc0edade75441e5a3c38af99bb49b0c 0.730s
2024-12-12 06:49:38.336 66282 INFO tempest.lib.common.dynamic_creds [-] Dynamic test user 1762b214c61a48d7b4e13f7bca2b56fd is created with scope project and roles: ['member']
2024-12-12 06:49:38.337 66282 INFO tempest.lib.common.dynamic_creds [-] Acquired dynamic creds: credentials: Credentials: {'domain_id': 'default', 'domain_name': 'Default', 'username': 'tempest-FlavorsV261TestJSON-1005184493-project-member', 'project_domain_id': 'default', 'project_domain_name': 'Default', 'project_id': '972fdf281c5c4718aaca447ec1064299', 'project_name': 'tempest-FlavorsV261TestJSON-1005184493', 'tenant_id': '972fdf281c5c4718aaca447ec1064299', 'tenant_name': 'tempest-FlavorsV261TestJSON-1005184493', 'user_domain_id': 'default', 'user_domain_name': 'Default', 'user_id': '1762b214c61a48d7b4e13f7bca2b56fd', 'system': None}, Network: None, Subnet: None, Router: None
2024-12-12 06:49:38.337 66282 INFO tempest.lib.common.dynamic_creds [-] Created isolated network resources for: credentials: Credentials: {'domain_id': 'default', 'domain_name': 'Default', 'username': 'tempest-FlavorsV261TestJSON-1005184493-project-member', 'project_domain_id': 'default', 'project_domain_name': 'Default', 'project_id': '972fdf281c5c4718aaca447ec1064299', 'project_name': 'tempest-FlavorsV261TestJSON-1005184493', 'tenant_id': '972fdf281c5c4718aaca447ec1064299', 'tenant_name': 'tempest-FlavorsV261TestJSON-1005184493', 'user_domain_id': 'default', 'user_domain_name': 'Default', 'user_id': '1762b214c61a48d7b4e13f7bca2b56fd', 'system': None}, Network: None, Subnet: None, Router: None
2024-12-12 06:49:38.380 66271 INFO tempest.lib.common.rest_client [req-112783f7-b02b-40eb-b0df-677537fa3949 req-112783f7-b02b-40eb-b0df-677537fa3949 ] Request (FloatingIPsAssociationTestJSON:setUpClass): 204 PUT http://10.180.1.21/identity/v3/projects/33f40b09eb2b41aaa0502e2f5168c06c/users/94953af0a895402aa7927fd88ed28940/roles/abc0edade75441e5a3c38af99bb49b0c 0.752s
2024-12-12 06:49:38.380 66286 INFO tempest.lib.common.rest_client [req-237687db-2774-43b8-8120-0b61235899ab req-237687db-2774-43b8-8120-0b61235899ab ] Request (FlavorsExtraSpecsNegativeTestJSON:setUpClass): 204 PUT http://10.180.1.21/identity/v3/projects/6c5aeee0f00c4ff79aed259c7d395335/users/25061c59de754fa59491d8cf0ddb5d79/roles/abc0edade75441e5a3c38af99bb49b0c 0.758s
2024-12-12 06:49:38.380 66271 INFO tempest.lib.common.dynamic_creds [-] Dynamic test user 94953af0a895402aa7927fd88ed28940 is created with scope project and roles: ['member']
2024-12-12 06:49:38.381 66286 INFO tempest.lib.common.dynamic_creds [-] Dynamic test user 25061c59de754fa59491d8cf0ddb5d79 is created with scope project and roles: ['member']
2024-12-12 06:49:38.381 66271 INFO tempest.lib.common.dynamic_creds [-] Acquired dynamic creds: credentials: Credentials: {'domain_id': 'default', 'domain_name': 'Default', 'username': 'tempest-FloatingIPsAssociationTestJSON-535170973-project-member', 'project_domain_id': 'default', 'project_domain_name': 'Default', 'project_id': '33f40b09eb2b41aaa0502e2f5168c06c', 'project_name': 'tempest-FloatingIPsAssociationTestJSON-535170973', 'tenant_id': '33f40b09eb2b41aaa0502e2f5168c06c', 'tenant_name': 'tempest-FloatingIPsAssociationTestJSON-535170973', 'user_domain_id': 'default', 'user_domain_name': 'Default', 'user_id': '94953af0a895402aa7927fd88ed28940', 'system': None}, Network: None, Subnet: None, Router: None
2024-12-12 06:49:38.381 66286 INFO tempest.lib.common.dynamic_creds [-] Acquired dynamic creds: credentials: Credentials: {'domain_id': 'default', 'domain_name': 'Default', 'username': 'tempest-FlavorsExtraSpecsNegativeTestJSON-2120406378-project-member', 'project_domain_id': 'default', 'project_domain_name': 'Default', 'project_id': '6c5aeee0f00c4ff79aed259c7d395335', 'project_name': 'tempest-FlavorsExtraSpecsNegativeTestJSON-2120406378', 'tenant_id': '6c5aeee0f00c4ff79aed259c7d395335', 'tenant_name': 'tempest-FlavorsExtraSpecsNegativeTestJSON-2120406378', 'user_domain_id': 'default', 'user_domain_name': 'Default', 'user_id': '25061c59de754fa59491d8cf0ddb5d79', 'system': None}, Network: None, Subnet: None, Router: None
2024-12-12 06:49:38.381 66286 INFO tempest.lib.common.dynamic_creds [-] Created isolated network resources for: credentials: Credentials: {'domain_id': 'default', 'domain_name': 'Default', 'username': 'tempest-FlavorsExtraSpecsNegativeTestJSON-2120406378-project-member', 'project_domain_id': 'default', 'project_domain_name': 'Default', 'project_id': '6c5aeee0f00c4ff79aed259c7d395335', 'project_name': 'tempest-FlavorsExtraSpecsNegativeTestJSON-2120406378', 'tenant_id': '6c5aeee0f00c4ff79aed259c7d395335', 'tenant_name': 'tempest-FlavorsExtraSpecsNegativeTestJSON-2120406378', 'user_domain_id': 'default', 'user_domain_name': 'Default', 'user_id': '25061c59de754fa59491d8cf0ddb5d79', 'system': None}, Network: None, Subnet: None, Router: None
2024-12-12 06:49:38.427 66246 INFO tempest.lib.common.rest_client [req-2d2f9a87-686b-4821-b511-a9c8b872bb34 req-2d2f9a87-686b-4821-b511-a9c8b872bb34 ] Request (VolumesAssistedSnapshotsTest:setUpClass): 201 POST http://10.180.1.21/identity/v3/auth/tokens 0.769s
2024-12-12 06:49:38.438 66258 INFO tempest.lib.common.rest_client [req-9dbf8481-4896-4e50-9990-0b4845cb9746 req-9dbf8481-4896-4e50-9990-0b4845cb9746 ] Request (ListImageFiltersTestJSON:setUpClass): 201 POST http://10.180.1.21/identity/v3/auth/tokens 0.782s
2024-12-12 06:49:38.447 66252 INFO tempest.lib.common.rest_client [req-243bfeeb-c762-4c52-a1e4-d46745a2c9ef req-243bfeeb-c762-4c52-a1e4-d46745a2c9ef ] Request (InstanceUsageAuditLogTestJSON:setUpClass): 204 PUT http://10.180.1.21/identity/v3/projects/8c9d5525959f416984fa4dfa2d272a96/users/e8958ff2fc354f53a84da3e531869d13/roles/db6cb7ec2848414cbc5f68223e92978f 0.752s
2024-12-12 06:49:38.489 66276 INFO tempest.lib.common.rest_client [req-ea617fd8-ba14-4aaa-85fb-140b7d2209e6 req-ea617fd8-ba14-4aaa-85fb-140b7d2209e6 ] Request (FlavorMetadataValidation:setUpClass): 201 POST http://10.180.1.21/identity/v3/auth/tokens 0.778s
2024-12-12 06:49:38.500 66236 INFO tempest.lib.common.rest_client [req-6dab11f2-c957-4446-ac40-049f07031706 req-6dab11f2-c957-4446-ac40-049f07031706 ] Request (HypervisorAdminUnderV252Test:setUpClass): 201 POST http://10.180.1.21/identity/v3/auth/tokens 0.772s
2024-12-12 06:49:38.535 66288 INFO tempest.lib.common.rest_client [req-6be133e4-08fe-4c46-affd-3395042c07b1 req-6be133e4-08fe-4c46-affd-3395042c07b1 ] Request (ServicesAdminNegativeTestJSON:setUpClass): 204 PUT http://10.180.1.21/identity/v3/projects/7149dca5e616433292fc05496b6651e9/users/b348c768dbc349158699a830aa43fcf9/roles/abc0edade75441e5a3c38af99bb49b0c 0.769s
2024-12-12 06:49:38.536 66288 INFO tempest.lib.common.dynamic_creds [-] Dynamic test user b348c768dbc349158699a830aa43fcf9 is created with scope project and roles: ['member']
2024-12-12 06:49:38.536 66288 INFO tempest.lib.common.dynamic_creds [-] Acquired dynamic creds: credentials: Credentials: {'domain_id': 'default', 'domain_name': 'Default', 'username': 'tempest-ServicesAdminNegativeTestJSON-355096997-project-member', 'project_domain_id': 'default', 'project_domain_name': 'Default', 'project_id': '7149dca5e616433292fc05496b6651e9', 'project_name': 'tempest-ServicesAdminNegativeTestJSON-355096997', 'tenant_id': '7149dca5e616433292fc05496b6651e9', 'tenant_name': 'tempest-ServicesAdminNegativeTestJSON-355096997', 'user_domain_id': 'default', 'user_domain_name': 'Default', 'user_id': 'b348c768dbc349158699a830aa43fcf9', 'system': None}, Network: None, Subnet: None, Router: None
2024-12-12 06:49:38.536 66288 INFO tempest.lib.common.dynamic_creds [-] Created isolated network resources for: credentials: Credentials: {'domain_id': 'default', 'domain_name': 'Default', 'username': 'tempest-ServicesAdminNegativeTestJSON-355096997-project-member', 'project_domain_id': 'default', 'project_domain_name': 'Default', 'project_id': '7149dca5e616433292fc05496b6651e9', 'project_name': 'tempest-ServicesAdminNegativeTestJSON-355096997', 'tenant_id': '7149dca5e616433292fc05496b6651e9', 'tenant_name': 'tempest-ServicesAdminNegativeTestJSON-355096997', 'user_domain_id': 'default', 'user_domain_name': 'Default', 'user_id': 'b348c768dbc349158699a830aa43fcf9', 'system': None}, Network: None, Subnet: None, Router: None
2024-12-12 06:49:38.552 66238 INFO tempest.lib.common.rest_client [req-4e8ec4c6-14da-4620-8c22-d28b7288644f req-4e8ec4c6-14da-4620-8c22-d28b7288644f ] Request (ServersTestMultiNic:setUpClass): 201 POST http://10.180.1.21:9696/networking/v2.0/routers 0.631s
2024-12-12 06:49:38.593 66242 INFO tempest.lib.common.rest_client [req-03dc7450-a483-465e-adc0-1324311bd1c5 req-03dc7450-a483-465e-adc0-1324311bd1c5 ] Request (ServersAdminNegativeTestJSON:setUpClass): 201 POST http://10.180.1.21/identity/v3/auth/tokens 0.798s
2024-12-12 06:49:38.601 66254 INFO tempest.lib.common.rest_client [req-0ef13368-7910-4be3-8a71-5a4d60662299 req-0ef13368-7910-4be3-8a71-5a4d60662299 ] Request (AZAdminNegativeTestJSON:setUpClass): 201 POST http://10.180.1.21/identity/v3/auth/tokens 0.753s
2024-12-12 06:49:38.661 66230 INFO tempest.lib.common.rest_client [req-38975ae4-786c-448b-a6af-0d4b5646d211 req-38975ae4-786c-448b-a6af-0d4b5646d211 ] Request (KeyPairsNegativeTestJSON:setUpClass): 201 POST http://10.180.1.21/identity/v3/auth/tokens 0.762s
2024-12-12 06:49:38.665 66274 INFO tempest.lib.common.rest_client [req-69a33a3f-84c0-4cc3-b95f-c2dc0d78ffa0 req-69a33a3f-84c0-4cc3-b95f-c2dc0d78ffa0 ] Request (ServicesAdminNegativeV253TestJSON:setUpClass): 201 POST http://10.180.1.21/identity/v3/auth/tokens 0.708s
2024-12-12 06:49:38.688 66290 INFO tempest.lib.common.rest_client [req-4905132f-459c-46bc-9560-6b397870b20d req-4905132f-459c-46bc-9560-6b397870b20d ] Request (ListImageFiltersNegativeTestJSON:tearDownClass): 200 GET http://10.180.1.21:9696/networking/v2.0/security-groups?tenant_id=68eecfbf18a343b9bf8d1aaedcf1fc49&name=default 0.899s
2024-12-12 06:49:38.722 66260 INFO tempest.lib.common.rest_client [req-09f9da8c-7ea5-4e9c-88f3-16b8a8ec9931 req-09f9da8c-7ea5-4e9c-88f3-16b8a8ec9931 ] Request (FlavorsAccessNegativeTestJSON:setUpClass): 201 POST http://10.180.1.21/identity/v3/auth/tokens 0.713s
2024-12-12 06:49:38.734 66266 INFO tempest.lib.common.rest_client [req-097002c5-085a-4806-94e2-610641cad917 req-097002c5-085a-4806-94e2-610641cad917 ] Request (QuotaClassesAdminTestJSON:setUpClass): 201 POST http://10.180.1.21/identity/v3/projects 0.765s
2024-12-12 06:49:38.780 66290 INFO tempest.lib.common.rest_client [req-5815a2a7-8c3e-4eb5-bac7-5bd245353dc3 req-5815a2a7-8c3e-4eb5-bac7-5bd245353dc3 ] Request (ListImageFiltersNegativeTestJSON:tearDownClass): 204 DELETE http://10.180.1.21:9696/networking/v2.0/security-groups/41f06b47-ab87-4212-baf9-5c30ba25a234 0.092s
2024-12-12 06:49:38.787 66281 INFO tempest.lib.common.rest_client [req-e5e7f294-4801-4f85-8dc8-463c51b62ef9 req-e5e7f294-4801-4f85-8dc8-463c51b62ef9 ] Request (ListImagesTestJSON:setUpClass): 201 POST http://10.180.1.21/identity/v3/auth/tokens 0.763s
2024-12-12 06:49:38.828 66256 INFO tempest.lib.common.rest_client [req-fb3a1ecd-615d-4f61-ab2a-036a0fc55b5d req-fb3a1ecd-615d-4f61-ab2a-036a0fc55b5d ] Request (HypervisorAdminV253TestBase:tearDownClass): 204 DELETE http://10.180.1.21/identity/v3/users/5689be312bc44c22a1e7cbd44b339601 0.776s
2024-12-12 06:49:38.865 66262 INFO tempest.lib.common.rest_client [req-aaaa6401-a688-4470-8289-143c1f986929 req-aaaa6401-a688-4470-8289-143c1f986929 ] Request (FlavorsV2NegativeTest:setUpClass): 201 POST http://10.180.1.21/identity/v3/auth/tokens 0.784s
2024-12-12 06:49:38.887 66250 INFO tempest.lib.common.rest_client [req-a8a3d1ca-ef08-43f8-ac49-8b20200c9b6c req-a8a3d1ca-ef08-43f8-ac49-8b20200c9b6c ] Request (ServerDiagnosticsNegativeTest:setUpClass): 201 POST http://10.180.1.21/identity/v3/auth/tokens 0.800s
2024-12-12 06:49:38.951 66228 INFO tempest.lib.common.rest_client [req-9822a2f3-1569-4ee7-9c88-ce28a5cecd96 req-9822a2f3-1569-4ee7-9c88-ce28a5cecd96 ] Request (FlavorsV255TestJSON:setUpClass): 201 POST http://10.180.1.21/identity/v3/auth/tokens 0.791s
2024-12-12 06:49:39.000 66234 INFO tempest.lib.common.rest_client [req-f73a4a85-f8e4-42fe-8aa5-85230d2e74c7 req-f73a4a85-f8e4-42fe-8aa5-85230d2e74c7 ] Request (FlavorsExtraSpecsTestJSON:setUpClass): 200 GET http://10.180.1.21/identity/v3/roles 0.834s
2024-12-12 06:49:39.020 66264 INFO tempest.lib.common.rest_client [req-11d07222-e53f-4897-a556-3c4354a0e4c3 req-11d07222-e53f-4897-a556-3c4354a0e4c3 ] Request (AZAdminV2TestJSON:setUpClass): 204 PUT http://10.180.1.21/identity/v3/projects/f2990323ae914ee39165e3ec7b99e0ca/users/0f7362a78be6433bb82066d3a0513537/roles/db6cb7ec2848414cbc5f68223e92978f 0.819s
2024-12-12 06:49:39.037 66272 INFO tempest.lib.common.rest_client [req-e8f05219-a451-425e-ab6c-383fbc03bae3 req-e8f05219-a451-425e-ab6c-383fbc03bae3 ] Request (QuotasSecurityGroupAdminNegativeTest:setUpClass): 201 POST http://10.180.1.21/identity/v3/projects 0.817s
2024-12-12 06:49:39.061 66284 INFO tempest.lib.common.rest_client [req-2e2d41ab-9185-4c55-bde7-c58b6695891c req-2e2d41ab-9185-4c55-bde7-c58b6695891c ] Request (AggregatesAdminNegativeTestJSON:test_aggregate_add_existent_host): 200 POST http://10.180.1.21/compute/v2.1/os-aggregates/1/action 3.362s
2024-12-12 06:49:39.085 66248 INFO tempest.lib.common.rest_client [req-53401a78-dd3e-4de9-967c-deec2e344909 req-53401a78-dd3e-4de9-967c-deec2e344909 ] Request (NetworksTest:setUpClass): 200 GET http://10.180.1.21/identity/v3/roles 0.815s
2024-12-12 06:49:39.089 66232 INFO tempest.lib.common.rest_client [req-7815d8f3-67bd-421c-9ee0-6f1787abd081 req-7815d8f3-67bd-421c-9ee0-6f1787abd081 ] Request (HostsAdminNegativeTestJSON:setUpClass): 201 POST http://10.180.1.21/identity/v3/auth/tokens 0.858s
2024-12-12 06:49:39.106 66279 INFO tempest.lib.common.rest_client [req-4f7583f6-c3fc-435d-8310-9fa8763f8648 req-4f7583f6-c3fc-435d-8310-9fa8763f8648 ] Request (ServersWithSpecificFlavorTestJSON:setUpClass): 201 POST http://10.180.1.21/identity/v3/auth/tokens 0.815s
2024-12-12 06:49:39.107 66268 INFO tempest.lib.common.rest_client [req-001ba371-0e85-4cf9-aaae-ceae3d425d39 req-001ba371-0e85-4cf9-aaae-ceae3d425d39 ] Request (FlavorsAccessTestJSON:setUpClass): 204 PUT http://10.180.1.21/identity/v3/projects/82926381cee94fae9df265547eb14431/users/995c7bc5b60b4aa0ae15e2250facf50f/roles/db6cb7ec2848414cbc5f68223e92978f 0.813s
2024-12-12 06:49:39.107 66268 INFO tempest.lib.common.dynamic_creds [-] Dynamic test user 995c7bc5b60b4aa0ae15e2250facf50f is created with scope project and roles: ['admin']
2024-12-12 06:49:39.107 66268 INFO tempest.lib.common.dynamic_creds [-] Acquired dynamic creds: credentials: Credentials: {'domain_id': 'default', 'domain_name': 'Default', 'username': 'tempest-FlavorsAccessTestJSON-1637586335-project-admin', 'project_domain_id': 'default', 'project_domain_name': 'Default', 'project_id': '82926381cee94fae9df265547eb14431', 'project_name': 'tempest-FlavorsAccessTestJSON-1637586335', 'tenant_id': '82926381cee94fae9df265547eb14431', 'tenant_name': 'tempest-FlavorsAccessTestJSON-1637586335', 'user_domain_id': 'default', 'user_domain_name': 'Default', 'user_id': '995c7bc5b60b4aa0ae15e2250facf50f', 'system': None}, Network: None, Subnet: None, Router: None
2024-12-12 06:49:39.107 66268 INFO tempest.lib.common.dynamic_creds [-] Created isolated network resources for: credentials: Credentials: {'domain_id': 'default', 'domain_name': 'Default', 'username': 'tempest-FlavorsAccessTestJSON-1637586335-project-admin', 'project_domain_id': 'default', 'project_domain_name': 'Default', 'project_id': '82926381cee94fae9df265547eb14431', 'project_name': 'tempest-FlavorsAccessTestJSON-1637586335', 'tenant_id': '82926381cee94fae9df265547eb14431', 'tenant_name': 'tempest-FlavorsAccessTestJSON-1637586335', 'user_domain_id': 'default', 'user_domain_name': 'Default', 'user_id': '995c7bc5b60b4aa0ae15e2250facf50f', 'system': None}, Network: None, Subnet: None, Router: None
2024-12-12 06:49:39.158 66240 INFO tempest.lib.common.rest_client [req-369d2b96-444d-4821-a31f-63a32bf39b20 req-369d2b96-444d-4821-a31f-63a32bf39b20 ] Request (InstanceActionsTestJSON:setUpClass): 201 POST http://10.180.1.21/identity/v3/auth/tokens 0.841s
2024-12-12 06:49:39.161 66244 INFO tempest.lib.common.rest_client [req-2ff33489-da2c-41c7-979b-0265f546fa04 req-2ff33489-da2c-41c7-979b-0265f546fa04 ] Request (FloatingIPDetailsNegativeTestJSON:setUpClass): 201 POST http://10.180.1.21/identity/v3/auth/tokens 0.824s
2024-12-12 06:49:39.185 66271 INFO tempest.lib.common.rest_client [req-88013418-2026-4a9e-94d7-99bf91a0ba10 req-88013418-2026-4a9e-94d7-99bf91a0ba10 ] Request (FloatingIPsAssociationTestJSON:setUpClass): 201 POST http://10.180.1.21/identity/v3/auth/tokens 0.804s
2024-12-12 06:49:39.217 66282 INFO tempest.lib.common.rest_client [req-fb964667-6c99-4f95-83bd-e3e8cd7df121 req-fb964667-6c99-4f95-83bd-e3e8cd7df121 ] Request (FlavorsV261TestJSON:setUpClass): 201 POST http://10.180.1.21/identity/v3/auth/tokens 0.876s
2024-12-12 06:49:39.241 66286 INFO tempest.lib.common.rest_client [req-d8ed0bda-06a3-4b99-b7d5-bcfc5f94dad0 req-d8ed0bda-06a3-4b99-b7d5-bcfc5f94dad0 ] Request (FlavorsExtraSpecsNegativeTestJSON:setUpClass): 201 POST http://10.180.1.21/identity/v3/auth/tokens 0.856s
2024-12-12 06:49:39.282 66252 INFO tempest.lib.common.rest_client [req-bf24ef8d-8e31-4e94-9506-dfff459ece7c req-bf24ef8d-8e31-4e94-9506-dfff459ece7c ] Request (InstanceUsageAuditLogTestJSON:setUpClass): 200 GET http://10.180.1.21/identity/v3/roles 0.834s
2024-12-12 06:49:39.309 66276 INFO tempest.lib.common.rest_client [req-4aa23bb2-fe8b-4a75-9b4c-4b0cca1fb91c req-4aa23bb2-fe8b-4a75-9b4c-4b0cca1fb91c ] Request (FlavorMetadataValidation:setUpClass): 201 POST http://10.180.1.21/identity/v3/projects 0.819s
2024-12-12 06:49:39.366 66288 INFO tempest.lib.common.rest_client [req-d1d4104a-0521-43e8-9f2b-8bdc1fcf11db req-d1d4104a-0521-43e8-9f2b-8bdc1fcf11db ] Request (ServicesAdminNegativeTestJSON:setUpClass): 201 POST http://10.180.1.21/identity/v3/auth/tokens 0.825s
2024-12-12 06:49:39.369 66236 INFO tempest.lib.common.rest_client [req-40ef9ed1-5e99-4c71-aa4d-37ab857cb499 req-40ef9ed1-5e99-4c71-aa4d-37ab857cb499 ] Request (HypervisorAdminUnderV252Test:setUpClass): 201 POST http://10.180.1.21/identity/v3/projects 0.868s
2024-12-12 06:49:39.421 66242 INFO tempest.lib.common.rest_client [req-63342ad1-e4e2-4557-b04e-6a49c2068b5d req-63342ad1-e4e2-4557-b04e-6a49c2068b5d ] Request (ServersAdminNegativeTestJSON:setUpClass): 201 POST http://10.180.1.21/identity/v3/projects 0.828s
2024-12-12 06:49:39.423 66254 INFO tempest.lib.common.rest_client [req-7e002fc0-064a-46cc-9ca1-8f1e76f6c578 req-7e002fc0-064a-46cc-9ca1-8f1e76f6c578 ] Request (AZAdminNegativeTestJSON:setUpClass): 201 POST http://10.180.1.21/identity/v3/projects 0.822s
2024-12-12 06:49:39.504 66274 INFO tempest.lib.common.rest_client [req-38bfe236-6909-44bb-9bc0-1a26c2aff799 req-38bfe236-6909-44bb-9bc0-1a26c2aff799 ] Request (ServicesAdminNegativeV253TestJSON:setUpClass): 201 POST http://10.180.1.21/identity/v3/projects 0.838s
2024-12-12 06:49:39.507 66230 INFO tempest.lib.common.rest_client [req-60b62e47-6b8d-4017-905d-6d0475717159 req-60b62e47-6b8d-4017-905d-6d0475717159 ] Request (KeyPairsNegativeTestJSON:test_create_keypair_invalid_name): 400 POST http://10.180.1.21/compute/v2.1/os-keypairs 0.838s
2024-12-12 06:49:39.528 66238 INFO tempest.lib.common.rest_client [req-836c7b06-2218-4da4-903e-ea345abe690d req-836c7b06-2218-4da4-903e-ea345abe690d ] Request (ServersTestMultiNic:setUpClass): 200 PUT http://10.180.1.21:9696/networking/v2.0/routers/3136c19e-1290-446f-8d49-812f2a2a3c2b/add_router_interface 0.976s
2024-12-12 06:49:39.529 66238 INFO tempest.lib.common.dynamic_creds [-] Created isolated network resources for: credentials: Credentials: {'domain_id': 'default', 'domain_name': 'Default', 'username': 'tempest-ServersTestMultiNic-148024020-project-member', 'project_domain_id': 'default', 'project_domain_name': 'Default', 'project_id': 'f0e5058549694b5394d1d09911050564', 'project_name': 'tempest-ServersTestMultiNic-148024020', 'tenant_id': 'f0e5058549694b5394d1d09911050564', 'tenant_name': 'tempest-ServersTestMultiNic-148024020', 'user_domain_id': 'default', 'user_domain_name': 'Default', 'user_id': '29b65faa142f4a9797a8ba9bfe2b3162', 'system': None}, Network: {'id': '668c8e7e-92eb-4840-8eb4-65d2ffb3f41f', 'name': 'tempest-ServersTestMultiNic-2036325594-network', 'tenant_id': 'f0e5058549694b5394d1d09911050564', 'admin_state_up': True, 'mtu': 8950, 'status': 'ACTIVE', 'subnets': [], 'shared': False, 'project_id': 'f0e5058549694b5394d1d09911050564', 'port_security_enabled': True, 'router:external': False, 'provider:network_type': 'vlan', 'provider:physical_network': 'default', 'provider:segmentation_id': 186, 'availability_zone_hints': [], 'availability_zones': [], 'ipv4_address_scope': None, 'ipv6_address_scope': None, 'description': '', 'tags': [], 'created_at': '2024-12-12T06:49:37Z', 'updated_at': '2024-12-12T06:49:37Z', 'revision_number': 1}, Subnet: {'id': 'b22b3db0-6176-47af-81e5-aa5c12c8a172', 'name': 'tempest-ServersTestMultiNic-2036325594-subnet', 'tenant_id': 'f0e5058549694b5394d1d09911050564', 'network_id': '668c8e7e-92eb-4840-8eb4-65d2ffb3f41f', 'ip_version': 4, 'subnetpool_id': None, 'enable_dhcp': True, 'ipv6_ra_mode': None, 'ipv6_address_mode': None, 'gateway_ip': '192.168.128.1', 'cidr': '192.168.128.0/28', 'allocation_pools': [{'start': '192.168.128.2', 'end': '192.168.128.14'}], 'host_routes': [], 'dns_nameservers': [], 'description': '', 'router:external': False, 'service_types': [], 'tags': [], 'created_at': '2024-12-12T06:49:37Z', 'updated_at': '2024-12-12T06:49:37Z', 'revision_number': 0, 'project_id': 'f0e5058549694b5394d1d09911050564'}, Router: {'id': '3136c19e-1290-446f-8d49-812f2a2a3c2b', 'name': 'tempest-ServersTestMultiNic-2036325594-router', 'tenant_id': 'f0e5058549694b5394d1d09911050564', 'admin_state_up': True, 'status': 'ACTIVE', 'external_gateway_info': {'network_id': '282c6d4c-a724-4276-9521-3623506ab8a2', 'external_fixed_ips': [{'subnet_id': '9e4d462b-f7d8-482c-a67b-20ee06702864', 'ip_address': '10.180.180.190'}], 'enable_snat': True}, 'description': '', 'availability_zones': [], 'distributed': False, 'ha': False, 'availability_zone_hints': [], 'routes': [], 'flavor_id': None, 'tags': [], 'created_at': '2024-12-12T06:49:37Z', 'updated_at': '2024-12-12T06:49:38Z', 'revision_number': 2, 'project_id': 'f0e5058549694b5394d1d09911050564'}
2024-12-12 06:49:39.542 66246 INFO tempest.lib.common.rest_client [req-6c729d1b-dfb6-4b31-83b8-b2ec876b610c req-6c729d1b-dfb6-4b31-83b8-b2ec876b610c ] Request (VolumesAssistedSnapshotsTest:setUpClass): 201 POST http://10.180.1.21:9696/networking/v2.0/networks 1.114s
2024-12-12 06:49:39.562 66266 INFO tempest.lib.common.rest_client [req-dff2c688-234d-4798-bc68-26006f15a68e req-dff2c688-234d-4798-bc68-26006f15a68e ] Request (QuotaClassesAdminTestJSON:setUpClass): 201 POST http://10.180.1.21/identity/v3/users 0.828s
2024-12-12 06:49:39.563 66260 INFO tempest.lib.common.rest_client [req-659056ee-efec-4924-94c0-6dcd48e1287c req-659056ee-efec-4924-94c0-6dcd48e1287c ] Request (FlavorsAccessNegativeTestJSON:setUpClass): 201 POST http://10.180.1.21/identity/v3/projects 0.840s
2024-12-12 06:49:39.659 66256 INFO tempest.lib.common.rest_client [req-1b8fbe5a-19b4-4d2a-bddc-87ae5359771b req-1b8fbe5a-19b4-4d2a-bddc-87ae5359771b ] Request (HypervisorAdminV253TestBase:tearDownClass): 204 DELETE http://10.180.1.21/identity/v3/users/d128b6a8fc794f79b90ad69e40fb1c1e 0.830s
2024-12-12 06:49:39.659 66256 INFO tempest.lib.common.dynamic_creds [-] Deleting project and security group for project: ba7f78d0b26245779985603527e07cd5
2024-12-12 06:49:39.663 66290 INFO tempest.lib.common.rest_client [req-3ff419b9-602c-4064-a2e0-12f84ca2d88a req-3ff419b9-602c-4064-a2e0-12f84ca2d88a ] Request (ListImageFiltersNegativeTestJSON:tearDownClass): 204 DELETE http://10.180.1.21/identity/v3/projects/68eecfbf18a343b9bf8d1aaedcf1fc49 0.882s
2024-12-12 06:49:39.721 66250 INFO tempest.lib.common.rest_client [req-335daef5-95d2-4a28-942d-82f4969acff4 req-335daef5-95d2-4a28-942d-82f4969acff4 ] Request (ServerDiagnosticsNegativeTest:setUpClass): 201 POST http://10.180.1.21/identity/v3/projects 0.833s
2024-12-12 06:49:39.724 66228 INFO tempest.lib.common.rest_client [req-84feb0a0-bb53-4a92-b49a-a4fdf54a0750 req-84feb0a0-bb53-4a92-b49a-a4fdf54a0750 ] Request (FlavorsV255TestJSON:setUpClass): 201 POST http://10.180.1.21/identity/v3/projects 0.773s
2024-12-12 06:49:39.773 66264 INFO tempest.lib.common.rest_client [req-5d8c2ce9-309e-4fe0-8191-d69604f0ea9f req-5d8c2ce9-309e-4fe0-8191-d69604f0ea9f ] Request (AZAdminV2TestJSON:setUpClass): 200 GET http://10.180.1.21/identity/v3/roles 0.752s
2024-12-12 06:49:39.780 66234 INFO tempest.lib.common.rest_client [req-62aa24b6-469d-4896-b2f4-e44ee0419650 req-62aa24b6-469d-4896-b2f4-e44ee0419650 ] Request (FlavorsExtraSpecsTestJSON:setUpClass): 204 PUT http://10.180.1.21/identity/v3/projects/83e38311022846fab1dcd881a60b029b/users/14c4e3bbba814064b51268dceff014d7/roles/db6cb7ec2848414cbc5f68223e92978f 0.780s
2024-12-12 06:49:39.813 66246 INFO tempest.lib.common.rest_client [req-666e5dbc-bde3-4db6-b1cf-f77bcf9730f3 req-666e5dbc-bde3-4db6-b1cf-f77bcf9730f3 ] Request (VolumesAssistedSnapshotsTest:setUpClass): 201 POST http://10.180.1.21:9696/networking/v2.0/subnets 0.270s
2024-12-12 06:49:39.830 66272 INFO tempest.lib.common.rest_client [req-ebb84e24-d4fd-47fb-bd2b-7172f0719f82 req-ebb84e24-d4fd-47fb-bd2b-7172f0719f82 ] Request (QuotasSecurityGroupAdminNegativeTest:setUpClass): 201 POST http://10.180.1.21/identity/v3/users 0.792s
2024-12-12 06:49:39.856 66248 INFO tempest.lib.common.rest_client [req-47a4fbe1-3775-4824-880a-c11a0ea07fa6 req-47a4fbe1-3775-4824-880a-c11a0ea07fa6 ] Request (NetworksTest:setUpClass): 204 PUT http://10.180.1.21/identity/v3/projects/a8340218ac014fe1a02a5fe5f20a66fb/users/8bbb12e4e063473a9298d93f6717554f/roles/db6cb7ec2848414cbc5f68223e92978f 0.770s
2024-12-12 06:49:39.906 66281 INFO tempest.lib.common.rest_client [req-1fcfce3c-d584-4925-9ae2-5b4435554d49 req-1fcfce3c-d584-4925-9ae2-5b4435554d49 ] Request (ListImagesTestJSON:test_get_image): 200 GET http://10.180.1.21/compute/v2.1/images/74db17fe-be9d-412a-8c20-844d5af78b59 1.117s
2024-12-12 06:49:39.922 66232 INFO tempest.lib.common.rest_client [req-69b1c1c4-85ff-453f-8f39-b19aba02d1d9 req-69b1c1c4-85ff-453f-8f39-b19aba02d1d9 ] Request (HostsAdminNegativeTestJSON:setUpClass): 201 POST http://10.180.1.21/identity/v3/projects 0.830s
2024-12-12 06:49:39.957 66284 INFO tempest.lib.common.rest_client [req-d81fecd3-b356-4a4f-84a3-acb671b76243 req-d81fecd3-b356-4a4f-84a3-acb671b76243 ] Request (AggregatesAdminNegativeTestJSON:test_aggregate_add_existent_host): 409 POST http://10.180.1.21/compute/v2.1/os-aggregates/1/action 0.894s
2024-12-12 06:49:39.992 66268 INFO tempest.lib.common.rest_client [req-6615f65f-4a34-4cac-a1a8-28ec59036218 req-6615f65f-4a34-4cac-a1a8-28ec59036218 ] Request (FlavorsAccessTestJSON:setUpClass): 201 POST http://10.180.1.21/identity/v3/auth/tokens 0.880s
2024-12-12 06:49:39.993 66268 WARNING tempest.lib.common.rest_client [-] Deprecated: "tenant_id" property is deprecated for removal, use "project_id" instead
2024-12-12 06:49:40.000 66230 INFO tempest.lib.common.rest_client [req-40b794d2-d57b-4eac-baa6-2bfd5c4f36a4 req-40b794d2-d57b-4eac-baa6-2bfd5c4f36a4 ] Request (KeyPairsNegativeTestJSON:test_create_keypair_when_public_key_bits_exceeds_maximum): 400 POST http://10.180.1.21/compute/v2.1/os-keypairs 0.490s
2024-12-12 06:49:40.037 66240 INFO tempest.lib.common.rest_client [req-b81ff53d-eb14-4623-a1c5-d86b7760a464 req-b81ff53d-eb14-4623-a1c5-d86b7760a464 ] Request (InstanceActionsTestJSON:setUpClass): 200 GET http://10.180.1.21/identity/v3/domains?name=Default 0.878s
2024-12-12 06:49:40.064 66281 INFO tempest.lib.common.rest_client [req-cb26ad00-7eb7-46d6-ab44-0834b98e5dc4 req-cb26ad00-7eb7-46d6-ab44-0834b98e5dc4 ] Request (ListImagesTestJSON:test_list_images): 200 GET http://10.180.1.21/compute/v2.1/images 0.151s
2024-12-12 06:49:40.067 66282 INFO tempest.lib.common.rest_client [req-91cb70d5-6863-491c-a98f-70351e61a19f req-91cb70d5-6863-491c-a98f-70351e61a19f ] Request (FlavorsV261TestJSON:setUpClass): 201 POST http://10.180.1.21/identity/v3/projects 0.849s
2024-12-12 06:49:40.115 66286 INFO tempest.lib.common.rest_client [req-220c8e8b-5711-4ea5-a8c2-b10f5f93895f req-220c8e8b-5711-4ea5-a8c2-b10f5f93895f ] Request (FlavorsExtraSpecsNegativeTestJSON:setUpClass): 201 POST http://10.180.1.21/identity/v3/projects 0.874s
2024-12-12 06:49:40.120 66252 INFO tempest.lib.common.rest_client [req-641d2999-e623-4dcc-b9f5-5bbd4f046ba5 req-641d2999-e623-4dcc-b9f5-5bbd4f046ba5 ] Request (InstanceUsageAuditLogTestJSON:setUpClass): 204 PUT http://10.180.1.21/identity/v3/projects/8c9d5525959f416984fa4dfa2d272a96/users/e8958ff2fc354f53a84da3e531869d13/roles/db6cb7ec2848414cbc5f68223e92978f 0.838s
2024-12-12 06:49:40.121 66252 INFO tempest.lib.common.dynamic_creds [-] Dynamic test user e8958ff2fc354f53a84da3e531869d13 is created with scope project and roles: ['admin']
2024-12-12 06:49:40.121 66252 INFO tempest.lib.common.dynamic_creds [-] Acquired dynamic creds: credentials: Credentials: {'domain_id': 'default', 'domain_name': 'Default', 'username': 'tempest-InstanceUsageAuditLogTestJSON-282571062-project-admin', 'project_domain_id': 'default', 'project_domain_name': 'Default', 'project_id': '8c9d5525959f416984fa4dfa2d272a96', 'project_name': 'tempest-InstanceUsageAuditLogTestJSON-282571062', 'tenant_id': '8c9d5525959f416984fa4dfa2d272a96', 'tenant_name': 'tempest-InstanceUsageAuditLogTestJSON-282571062', 'user_domain_id': 'default', 'user_domain_name': 'Default', 'user_id': 'e8958ff2fc354f53a84da3e531869d13', 'system': None}, Network: None, Subnet: None, Router: None
2024-12-12 06:49:40.121 66252 INFO tempest.lib.common.dynamic_creds [-] Created isolated network resources for: credentials: Credentials: {'domain_id': 'default', 'domain_name': 'Default', 'username': 'tempest-InstanceUsageAuditLogTestJSON-282571062-project-admin', 'project_domain_id': 'default', 'project_domain_name': 'Default', 'project_id': '8c9d5525959f416984fa4dfa2d272a96', 'project_name': 'tempest-InstanceUsageAuditLogTestJSON-282571062', 'tenant_id': '8c9d5525959f416984fa4dfa2d272a96', 'tenant_name': 'tempest-InstanceUsageAuditLogTestJSON-282571062', 'user_domain_id': 'default', 'user_domain_name': 'Default', 'user_id': 'e8958ff2fc354f53a84da3e531869d13', 'system': None}, Network: None, Subnet: None, Router: None
2024-12-12 06:49:40.186 66284 INFO tempest.lib.common.rest_client [req-49f141c8-8ca3-4302-866d-c67f3c30f4d0 req-49f141c8-8ca3-4302-866d-c67f3c30f4d0 ] Request (AggregatesAdminNegativeTestJSON:_run_cleanups): 200 POST http://10.180.1.21/compute/v2.1/os-aggregates/1/action 0.229s
2024-12-12 06:49:40.196 66276 INFO tempest.lib.common.rest_client [req-a96c61a6-2a41-4ed3-8dc2-f38ca847240c req-a96c61a6-2a41-4ed3-8dc2-f38ca847240c ] Request (FlavorMetadataValidation:setUpClass): 201 POST http://10.180.1.21/identity/v3/users 0.886s
2024-12-12 06:49:40.220 66236 INFO tempest.lib.common.rest_client [req-3e4a4f5c-6b6a-47a5-93a8-93b304a7dd5e req-3e4a4f5c-6b6a-47a5-93a8-93b304a7dd5e ] Request (HypervisorAdminUnderV252Test:setUpClass): 201 POST http://10.180.1.21/identity/v3/users 0.850s
2024-12-12 06:49:40.223 66288 INFO tempest.lib.common.rest_client [req-b5e8450b-99b7-4665-8a7c-c17f2347ce71 req-b5e8450b-99b7-4665-8a7c-c17f2347ce71 ] Request (ServicesAdminNegativeTestJSON:setUpClass): 201 POST http://10.180.1.21/identity/v3/projects 0.856s
2024-12-12 06:49:40.275 66279 INFO tempest.lib.common.rest_client [req-cad3aa4c-9bbe-41e1-8598-62ed3bce779a req-cad3aa4c-9bbe-41e1-8598-62ed3bce779a ] Request (ServersWithSpecificFlavorTestJSON:setUpClass): 201 POST http://10.180.1.21:9696/networking/v2.0/networks 1.169s
2024-12-12 06:49:40.278 66254 INFO tempest.lib.common.rest_client [req-b18e4fa5-5ad8-442b-bcb4-9aef1c2bc295 req-b18e4fa5-5ad8-442b-bcb4-9aef1c2bc295 ] Request (AZAdminNegativeTestJSON:setUpClass): 201 POST http://10.180.1.21/identity/v3/users 0.854s
2024-12-12 06:49:40.280 66242 INFO tempest.lib.common.rest_client [req-7e9a3e1b-9d0c-4aee-8f64-b0e371484be1 req-7e9a3e1b-9d0c-4aee-8f64-b0e371484be1 ] Request (ServersAdminNegativeTestJSON:setUpClass): 201 POST http://10.180.1.21/identity/v3/users 0.858s
2024-12-12 06:49:40.303 66274 INFO tempest.lib.common.rest_client [req-bc1b69a4-7ea9-4466-8be9-1cfeb9dd6710 req-bc1b69a4-7ea9-4466-8be9-1cfeb9dd6710 ] Request (ServicesAdminNegativeV253TestJSON:setUpClass): 201 POST http://10.180.1.21/identity/v3/users 0.799s
2024-12-12 06:49:40.333 66271 INFO tempest.lib.common.rest_client [req-54d5f017-4aa9-4a03-aa67-62723da9d015 req-54d5f017-4aa9-4a03-aa67-62723da9d015 ] Request (FloatingIPsAssociationTestJSON:setUpClass): 201 POST http://10.180.1.21:9696/networking/v2.0/networks 1.148s
2024-12-12 06:49:40.339 66244 INFO tempest.lib.common.rest_client [req-2bac2296-dfe3-4686-ba4a-ea87b575c392 req-2bac2296-dfe3-4686-ba4a-ea87b575c392 ] Request (FloatingIPDetailsNegativeTestJSON:setUpClass): 201 POST http://10.180.1.21:9696/networking/v2.0/networks 1.178s
2024-12-12 06:49:40.361 66238 INFO tempest.lib.common.rest_client [req-7b77983b-2a70-41d0-b09a-b26fa6a15689 req-7b77983b-2a70-41d0-b09a-b26fa6a15689 ] Request (ServersTestMultiNic:setUpClass): 201 POST http://10.180.1.21/identity/v3/auth/tokens 0.825s
2024-12-12 06:49:40.380 66266 INFO tempest.lib.common.rest_client [req-311ad365-adde-4a07-9fd6-298f617519e4 req-311ad365-adde-4a07-9fd6-298f617519e4 ] Request (QuotaClassesAdminTestJSON:setUpClass): 200 GET http://10.180.1.21/identity/v3/roles 0.817s
2024-12-12 06:49:40.400 66262 INFO tempest.lib.common.rest_client [req-662efc2c-1440-4375-8a8f-f68a4d51f57d req-662efc2c-1440-4375-8a8f-f68a4d51f57d ] Request (FlavorsV2NegativeTest:test_boot_with_low_ram): 200 GET http://10.180.1.21/compute/v2.1/flavors/42 1.533s
