2024-12-12 06:50:37.998 66242 INFO tempest.lib.common.rest_client [req-137be274-3d68-488e-972b-788fc78442fc req-137be274-3d68-488e-972b-788fc78442fc ] Request (ServersAdminNegativeTestJSON:test_migrate_server_invalid_state): 200 GET http://10.180.1.21/compute/v2.1/servers/f1bfa3c1-7b62-4e45-b9ba-68f40e80fb49 1.173s
2024-12-12 06:50:38.024 66250 INFO tempest.lib.common.rest_client [req-770afbe1-5883-4c13-a130-cf001f8566ef req-770afbe1-5883-4c13-a130-cf001f8566ef ] Request (ServerDiagnosticsNegativeTest:tearDownClass): 204 DELETE http://10.180.1.21/identity/v3/projects/ea415397d6a74b29bafb91bb581721ce 0.153s
2024-12-12 06:50:38.042 66258 INFO tempest.lib.common.rest_client [req-cb907333-d085-4d82-a1dc-70a254c164de req-cb907333-d085-4d82-a1dc-70a254c164de ] Request (ListImageFiltersTestJSON:setUpClass): 200 GET http://10.180.1.21/compute/v2.1/servers/c33578cb-62b1-4f28-84c7-20a628d74712 1.312s
2024-12-12 06:50:38.049 66276 INFO tempest.lib.common.rest_client [req-6928095a-916a-4658-9407-69a14eaa8d67 req-6928095a-916a-4658-9407-69a14eaa8d67 ] Request (QuotasAdminTestJSON:tearDownClass): 204 DELETE http://10.180.1.21:9696/networking/v2.0/security-groups/bda6ccd7-fbfa-428f-909c-bf310a8b9b5e 0.129s
2024-12-12 06:50:38.115 66288 INFO tempest.lib.common.rest_client [req-68b4b57a-b3fe-42b7-89a3-03f1bfcf76f6 req-68b4b57a-b3fe-42b7-89a3-03f1bfcf76f6 ] Request (FloatingIPDetailsTestJSON:tearDownClass): 204 DELETE http://10.180.1.21/identity/v3/projects/bb80c465e5f04ac189fba44cf690cb72 0.173s
2024-12-12 06:50:38.131 66274 INFO tempest.lib.common.rest_client [req-87a142da-884f-4c59-9c0e-83ecdb910035 req-87a142da-884f-4c59-9c0e-83ecdb910035 ] Request (ServerDiskConfigTestJSON:test_rebuild_server_with_auto_disk_config): 200 GET http://10.180.1.21/compute/v2.1/servers/dce9138f-3674-47af-a392-567b1a85d23a 0.956s
2024-12-12 06:50:38.146 66274 INFO tempest.common.waiters [-] State transition "BUILD/None" ==> "BUILD/networking" after 22 second wait
2024-12-12 06:50:38.179 66250 INFO tempest.lib.common.rest_client [req-e1f04de3-37c5-4219-8514-05edbb372efe req-e1f04de3-37c5-4219-8514-05edbb372efe ] Request (AbsoluteLimitsTestJSON:setUpClass): 201 POST http://10.180.1.21/identity/v3/auth/tokens 0.152s
2024-12-12 06:50:38.190 66286 INFO tempest.lib.common.rest_client [req-a5b2cdae-3112-41b6-9114-c64d72a53845 req-a5b2cdae-3112-41b6-9114-c64d72a53845 ] Request (VolumesAdminNegativeTest:setUpClass): 201 POST http://10.180.1.21:9696/networking/v2.0/routers 1.566s
2024-12-12 06:50:38.225 66288 INFO tempest.lib.common.rest_client [req-709d6f56-762d-47eb-944a-c664067c04f2 req-709d6f56-762d-47eb-944a-c664067c04f2 ] Request (SecurityGroupsNegativeTestJSON:setUpClass): 201 POST http://10.180.1.21/identity/v3/auth/tokens 0.109s
2024-12-12 06:50:38.240 66240 INFO tempest.lib.common.rest_client [req-5911f112-0bd7-4878-b71b-e37668ddff5b req-5911f112-0bd7-4878-b71b-e37668ddff5b ] Request (InstanceActionsTestJSON:tearDownClass): 200 GET http://10.180.1.21/compute/v2.1/servers/173e6718-3cbe-4e9a-ae9d-fa93d945b89f 0.982s
2024-12-12 06:50:38.260 66276 INFO tempest.lib.common.rest_client [req-af97bfb2-bb99-4802-b8d1-4b6e9bb5d96a req-af97bfb2-bb99-4802-b8d1-4b6e9bb5d96a ] Request (QuotasAdminTestJSON:tearDownClass): 204 DELETE http://10.180.1.21/identity/v3/projects/a79ca49ee9b84484941622587d45fdc7 0.211s
2024-12-12 06:50:38.260 66276 INFO tempest.lib.common.dynamic_creds [-] Deleting project and security group for project: e99aa3209c14473e95fa87e4dcd18540
2024-12-12 06:50:38.295 66250 INFO tempest.lib.common.rest_client [req-c568d9a7-e506-4a85-97ab-54a6676e98a7 req-c568d9a7-e506-4a85-97ab-54a6676e98a7 ] Request (AbsoluteLimitsTestJSON:setUpClass): 201 POST http://10.180.1.21/identity/v3/auth/tokens 0.114s
2024-12-12 06:50:38.331 66288 INFO tempest.lib.common.rest_client [req-a8fe1d3b-080e-468a-977b-842878ae86fe req-a8fe1d3b-080e-468a-977b-842878ae86fe ] Request (SecurityGroupsNegativeTestJSON:setUpClass): 201 POST http://10.180.1.21/identity/v3/auth/tokens 0.099s
2024-12-12 06:50:38.354 66250 INFO tempest.lib.common.rest_client [req-c46a44d0-52bb-43d2-9938-bc9bacefdb55 req-c46a44d0-52bb-43d2-9938-bc9bacefdb55 ] Request (AbsoluteLimitsTestJSON:setUpClass): 200 GET http://10.180.1.21/identity/v3/domains?name=Default 0.059s
2024-12-12 06:50:38.364 66288 INFO tempest.lib.common.rest_client [req-92a043db-f40e-45a7-ae4c-8d35c0ab3c37 req-92a043db-f40e-45a7-ae4c-8d35c0ab3c37 ] Request (SecurityGroupsNegativeTestJSON:setUpClass): 200 GET http://10.180.1.21/identity/v3/domains?name=Default 0.031s
2024-12-12 06:50:38.394 66250 INFO tempest.lib.common.rest_client [req-e84bd2a3-4a69-4913-823f-ea604d40555a req-e84bd2a3-4a69-4913-823f-ea604d40555a ] Request (AbsoluteLimitsTestJSON:setUpClass): 201 POST http://10.180.1.21/identity/v3/projects 0.038s
2024-12-12 06:50:38.452 66288 INFO tempest.lib.common.rest_client [req-38eafe07-c13a-403f-9d54-97a0f4faf165 req-38eafe07-c13a-403f-9d54-97a0f4faf165 ] Request (SecurityGroupsNegativeTestJSON:setUpClass): 201 POST http://10.180.1.21/identity/v3/projects 0.087s
2024-12-12 06:50:38.480 66262 INFO tempest.lib.common.rest_client [req-3a40f640-6b82-4d12-8063-c9dc242cd2c5 req-3a40f640-6b82-4d12-8063-c9dc242cd2c5 ] Request (SecurityGroupRulesNegativeTestJSON:tearDownClass): 202 DELETE http://10.180.1.21/compute/v2.1/os-security-groups/a1875067-fd9f-46fd-8759-63c6506aea7a 1.205s
2024-12-12 06:50:38.534 66250 INFO tempest.lib.common.rest_client [req-e1586c38-86e8-4051-adfc-e6c2d4258be7 req-e1586c38-86e8-4051-adfc-e6c2d4258be7 ] Request (AbsoluteLimitsTestJSON:setUpClass): 201 POST http://10.180.1.21/identity/v3/users 0.140s
2024-12-12 06:50:38.562 66288 INFO tempest.lib.common.rest_client [req-09d331bd-682e-4fdc-ac99-f3e8d8160c64 req-09d331bd-682e-4fdc-ac99-f3e8d8160c64 ] Request (SecurityGroupsNegativeTestJSON:setUpClass): 201 POST http://10.180.1.21/identity/v3/users 0.110s
2024-12-12 06:50:38.570 66284 INFO tempest.lib.common.rest_client [req-99160c1e-a261-4638-9130-f06003d90c5c req-99160c1e-a261-4638-9130-f06003d90c5c ] Request (DeleteServersAdminTestJSON:test_admin_delete_servers_of_others): 202 POST http://10.180.1.21/compute/v2.1/servers 1.687s
2024-12-12 06:50:38.577 66252 INFO tempest.lib.common.rest_client [req-4d011209-6678-434d-96b7-0f84e3819a23 req-4d011209-6678-434d-96b7-0f84e3819a23 ] Request (ServerActionsTestOtherA:setUpClass): 200 GET http://10.180.1.21/compute/v2.1/servers/ae965366-0db1-499a-b590-11511dd4d8b3 1.216s
2024-12-12 06:50:38.581 66250 INFO tempest.lib.common.rest_client [req-c4ce4b08-11da-4c00-b5f1-350bcfce9508 req-c4ce4b08-11da-4c00-b5f1-350bcfce9508 ] Request (AbsoluteLimitsTestJSON:setUpClass): 200 GET http://10.180.1.21/identity/v3/roles 0.046s
2024-12-12 06:50:38.598 66276 INFO tempest.lib.common.rest_client [req-e3fc3dd9-a7b4-46e1-87f9-0a083356a0be req-e3fc3dd9-a7b4-46e1-87f9-0a083356a0be ] Request (QuotasAdminTestJSON:tearDownClass): 200 GET http://10.180.1.21:9696/networking/v2.0/security-groups?tenant_id=e99aa3209c14473e95fa87e4dcd18540&name=default 0.338s
2024-12-12 06:50:38.606 66288 INFO tempest.lib.common.rest_client [req-868b0828-5a3c-4f27-bd8b-5e91311fb008 req-868b0828-5a3c-4f27-bd8b-5e91311fb008 ] Request (SecurityGroupsNegativeTestJSON:setUpClass): 200 GET http://10.180.1.21/identity/v3/roles 0.043s
2024-12-12 06:50:38.635 66250 INFO tempest.lib.common.rest_client [req-f07b2d6d-f740-4e3b-bde0-5adae574e899 req-f07b2d6d-f740-4e3b-bde0-5adae574e899 ] Request (AbsoluteLimitsTestJSON:setUpClass): 204 PUT http://10.180.1.21/identity/v3/projects/1debf8405fd5478d8b80ae2ece4778b6/users/418732d5e8594470878b643c009e9584/roles/abc0edade75441e5a3c38af99bb49b0c 0.054s
2024-12-12 06:50:38.636 66250 INFO tempest.lib.common.dynamic_creds [-] Dynamic test user 418732d5e8594470878b643c009e9584 is created with scope project and roles: ['member']
2024-12-12 06:50:38.636 66250 INFO tempest.lib.common.dynamic_creds [-] Acquired dynamic creds: credentials: Credentials: {'domain_id': 'default', 'domain_name': 'Default', 'username': 'tempest-AbsoluteLimitsTestJSON-1821786633-project-member', 'project_domain_id': 'default', 'project_domain_name': 'Default', 'project_id': '1debf8405fd5478d8b80ae2ece4778b6', 'project_name': 'tempest-AbsoluteLimitsTestJSON-1821786633', 'tenant_id': '1debf8405fd5478d8b80ae2ece4778b6', 'tenant_name': 'tempest-AbsoluteLimitsTestJSON-1821786633', 'user_domain_id': 'default', 'user_domain_name': 'Default', 'user_id': '418732d5e8594470878b643c009e9584', 'system': None}, Network: None, Subnet: None, Router: None
2024-12-12 06:50:38.636 66250 INFO tempest.lib.common.dynamic_creds [-] Created isolated network resources for: credentials: Credentials: {'domain_id': 'default', 'domain_name': 'Default', 'username': 'tempest-AbsoluteLimitsTestJSON-1821786633-project-member', 'project_domain_id': 'default', 'project_domain_name': 'Default', 'project_id': '1debf8405fd5478d8b80ae2ece4778b6', 'project_name': 'tempest-AbsoluteLimitsTestJSON-1821786633', 'tenant_id': '1debf8405fd5478d8b80ae2ece4778b6', 'tenant_name': 'tempest-AbsoluteLimitsTestJSON-1821786633', 'user_domain_id': 'default', 'user_domain_name': 'Default', 'user_id': '418732d5e8594470878b643c009e9584', 'system': None}, Network: None, Subnet: None, Router: None
2024-12-12 06:50:38.657 66232 INFO tempest.lib.common.rest_client [req-56fd259b-1fee-4f24-bc4b-d40d216035d8 req-56fd259b-1fee-4f24-bc4b-d40d216035d8 ] Request (ServersAdminTestJSON:setUpClass): 200 GET http://10.180.1.21/compute/v2.1/servers/35f546a5-222c-47db-982e-9c7fa73d2381 1.153s
2024-12-12 06:50:38.686 66272 INFO tempest.lib.common.rest_client [req-012dfe98-5942-4543-8ea7-c712f9f4129d req-012dfe98-5942-4543-8ea7-c712f9f4129d ] Request (ServerDiagnosticsTest:tearDownClass): 200 GET http://10.180.1.21/compute/v2.1/servers/d03ab883-ef81-4242-9091-265657adc37e 1.220s
2024-12-12 06:50:38.724 66288 INFO tempest.lib.common.rest_client [req-1491f8fa-7475-4262-9bb2-ef28b29c0c63 req-1491f8fa-7475-4262-9bb2-ef28b29c0c63 ] Request (SecurityGroupsNegativeTestJSON:setUpClass): 204 PUT http://10.180.1.21/identity/v3/projects/e80c8176cbcf41fc886fc463782afc9e/users/68f89dcf4bb24eb89f06cede521379dd/roles/abc0edade75441e5a3c38af99bb49b0c 0.118s
2024-12-12 06:50:38.725 66288 INFO tempest.lib.common.dynamic_creds [-] Dynamic test user 68f89dcf4bb24eb89f06cede521379dd is created with scope project and roles: ['member']
2024-12-12 06:50:38.725 66288 INFO tempest.lib.common.dynamic_creds [-] Acquired dynamic creds: credentials: Credentials: {'domain_id': 'default', 'domain_name': 'Default', 'username': 'tempest-SecurityGroupsNegativeTestJSON-856544320-project-member', 'project_domain_id': 'default', 'project_domain_name': 'Default', 'project_id': 'e80c8176cbcf41fc886fc463782afc9e', 'project_name': 'tempest-SecurityGroupsNegativeTestJSON-856544320', 'tenant_id': 'e80c8176cbcf41fc886fc463782afc9e', 'tenant_name': 'tempest-SecurityGroupsNegativeTestJSON-856544320', 'user_domain_id': 'default', 'user_domain_name': 'Default', 'user_id': '68f89dcf4bb24eb89f06cede521379dd', 'system': None}, Network: None, Subnet: None, Router: None
2024-12-12 06:50:38.735 66250 INFO tempest.lib.common.rest_client [req-f12b076f-7cac-4451-8309-df5281c3c10b req-f12b076f-7cac-4451-8309-df5281c3c10b ] Request (AbsoluteLimitsTestJSON:setUpClass): 201 POST http://10.180.1.21/identity/v3/auth/tokens 0.095s
2024-12-12 06:50:38.770 66236 INFO tempest.lib.common.rest_client [req-e8fa95ef-6963-4b92-a468-f5c4eca21b05 req-e8fa95ef-6963-4b92-a468-f5c4eca21b05 ] Request (ServerDiagnosticsV248Test:test_get_server_diagnostics): 200 GET http://10.180.1.21/compute/v2.1/servers/1efa2920-b9aa-40b6-8719-57b4d1724b83 1.216s
2024-12-12 06:50:38.782 66271 INFO tempest.lib.common.rest_client [req-8bd150d0-4726-4861-921a-1c71a7a81aa6 req-8bd150d0-4726-4861-921a-1c71a7a81aa6 ] Request (FloatingIPsAssociationTestJSON:test_associate_already_associated_floating_ip): 200 GET http://10.180.1.21/compute/v2.1/servers/3d0abd43-e9ad-49b8-9c48-04fc76596358 1.171s
2024-12-12 06:50:38.790 66264 INFO tempest.lib.common.rest_client [req-173e1861-caf1-413a-997f-be313a722097 req-173e1861-caf1-413a-997f-be313a722097 ] Request (FlavorsAdminTestJSON:test_is_public_string_variations): 200 GET http://10.180.1.21/compute/v2.1/flavors/detail?is_public=no 1.156s
2024-12-12 06:50:38.805 66288 INFO tempest.lib.common.rest_client [req-d3107442-66dc-4c02-ad53-7fdbfc809a3a req-d3107442-66dc-4c02-ad53-7fdbfc809a3a ] Request (SecurityGroupsNegativeTestJSON:setUpClass): 201 POST http://10.180.1.21/identity/v3/auth/tokens 0.080s
2024-12-12 06:50:38.877 66276 INFO tempest.lib.common.rest_client [req-e7b03a28-491f-400b-992f-ca1ff30f8fa0 req-e7b03a28-491f-400b-992f-ca1ff30f8fa0 ] Request (QuotasAdminTestJSON:tearDownClass): 204 DELETE http://10.180.1.21:9696/networking/v2.0/security-groups/dd56662c-2551-429c-af3d-2a9c5c529f0a 0.277s
2024-12-12 06:50:38.960 66256 INFO tempest.lib.common.rest_client [req-0c5ddba7-9ebf-4317-b1b8-37dac11393ce req-0c5ddba7-9ebf-4317-b1b8-37dac11393ce ] Request (MigrationsAdminTest:test_list_migrations_in_flavor_resize_situation): 200 GET http://10.180.1.21/compute/v2.1/servers/b7f2c76f-ebcd-494d-9c5d-62cd6e0b4113 1.063s
2024-12-12 06:50:38.980 66254 INFO tempest.lib.common.rest_client [req-a85dafff-8230-4f76-aebe-677666d803fc req-a85dafff-8230-4f76-aebe-677666d803fc ] Request (FlavorsV2TestJSON:test_list_flavors_using_marker): 200 GET http://10.180.1.21/compute/v2.1/flavors/42 1.055s
2024-12-12 06:50:39.025 66244 INFO tempest.lib.common.rest_client [req-3c17d74f-8b41-4517-baf3-ce1cf292af44 req-3c17d74f-8b41-4517-baf3-ce1cf292af44 ] Request (SecurityGroupRulesTestJSON:_run_cleanups): 202 DELETE http://10.180.1.21/compute/v2.1/os-security-group-rules/5a76258d-16d7-4c61-9260-909d2b232e12 1.413s
2024-12-12 06:50:39.031 66276 INFO tempest.lib.common.rest_client [req-2aac8e76-28f1-477c-8f59-46cbbf204908 req-2aac8e76-28f1-477c-8f59-46cbbf204908 ] Request (QuotasAdminTestJSON:tearDownClass): 204 DELETE http://10.180.1.21/identity/v3/projects/e99aa3209c14473e95fa87e4dcd18540 0.154s
2024-12-12 06:50:39.091 66260 INFO tempest.lib.common.rest_client [req-25f53231-e67b-434e-94d9-9d280a753d26 req-25f53231-e67b-434e-94d9-9d280a753d26 ] Request (ServersTestJSON:setUpClass): 201 POST http://10.180.1.21:9696/networking/v2.0/routers 1.757s
2024-12-12 06:50:39.130 66276 INFO tempest.lib.common.rest_client [req-838cd37a-7645-4f8e-8e2a-a90beeea2012 req-838cd37a-7645-4f8e-8e2a-a90beeea2012 ] Request (KeyPairsV22TestJSON:setUpClass): 201 POST http://10.180.1.21/identity/v3/auth/tokens 0.097s
2024-12-12 06:50:39.186 66276 INFO tempest.lib.common.rest_client [req-6d4fa6f3-5a8e-4773-ad18-778b60ef7c8b req-6d4fa6f3-5a8e-4773-ad18-778b60ef7c8b ] Request (KeyPairsV22TestJSON:setUpClass): 201 POST http://10.180.1.21/identity/v3/auth/tokens 0.052s
2024-12-12 06:50:39.224 66276 INFO tempest.lib.common.rest_client [req-6f8f1ff8-7795-453f-b651-17e5206951e2 req-6f8f1ff8-7795-453f-b651-17e5206951e2 ] Request (KeyPairsV22TestJSON:setUpClass): 200 GET http://10.180.1.21/identity/v3/domains?name=Default 0.038s
2024-12-12 06:50:39.235 66266 INFO tempest.lib.common.rest_client [req-75082342-e257-4141-ac3f-fd7cc1581c5f req-75082342-e257-4141-ac3f-fd7cc1581c5f ] Request (ImagesTestJSON:test_create_image_from_stopped_server): 200 GET http://10.180.1.21/compute/v2.1/servers/d57a5650-aa26-440a-b68f-03361e1a3187 1.148s
2024-12-12 06:50:39.267 66276 INFO tempest.lib.common.rest_client [req-3f93b3a5-274d-4c96-9ca5-689b25e1c1c4 req-3f93b3a5-274d-4c96-9ca5-689b25e1c1c4 ] Request (KeyPairsV22TestJSON:setUpClass): 201 POST http://10.180.1.21/identity/v3/projects 0.042s
2024-12-12 06:50:39.322 66288 INFO tempest.lib.common.rest_client [req-b81d0b40-1b7a-4aaa-bbe9-7c133b68b15d req-b81d0b40-1b7a-4aaa-bbe9-7c133b68b15d ] Request (SecurityGroupsNegativeTestJSON:setUpClass): 201 POST http://10.180.1.21:9696/networking/v2.0/networks 0.517s
2024-12-12 06:50:39.324 66228 INFO tempest.lib.common.rest_client [req-41945da8-60bc-42e3-9fa4-a85217719652 req-41945da8-60bc-42e3-9fa4-a85217719652 ] Request (AttachInterfacesV270Test:test_create_get_list_interfaces): 200 GET http://10.180.1.21/compute/v2.1/servers/80e2cac6-2438-4896-8997-362523e12084 0.949s
2024-12-12 06:50:39.324 66279 INFO tempest.lib.common.rest_client [req-f91f07c6-98fa-4b65-aae6-77b0e8d6335e req-f91f07c6-98fa-4b65-aae6-77b0e8d6335e ] Request (ServersWithSpecificFlavorTestJSON:test_verify_created_server_ephemeral_disk): 200 GET http://10.180.1.21/compute/v2.1/servers/ab44615a-1ad2-4a6e-9730-a36879dd0e63 1.331s
2024-12-12 06:50:39.366 66276 INFO tempest.lib.common.rest_client [req-5b0c3159-5a75-42df-85aa-18e47851af53 req-5b0c3159-5a75-42df-85aa-18e47851af53 ] Request (KeyPairsV22TestJSON:setUpClass): 201 POST http://10.180.1.21/identity/v3/users 0.098s
2024-12-12 06:50:39.385 66276 INFO tempest.lib.common.rest_client [req-958e7100-6ea3-4eba-9916-c8a24a6dfdcd req-958e7100-6ea3-4eba-9916-c8a24a6dfdcd ] Request (KeyPairsV22TestJSON:setUpClass): 200 GET http://10.180.1.21/identity/v3/roles 0.019s
2024-12-12 06:50:39.409 66230 INFO tempest.lib.common.rest_client [req-4d27d6f9-1ba1-4376-b401-3c162e6177aa req-4d27d6f9-1ba1-4376-b401-3c162e6177aa ] Request (ServersTestBootFromVolume:setUpClass): 200 GET http://10.180.1.21/compute/v2.1/servers/843864d3-0354-4f0c-9e70-533b4c5b9712 0.981s
2024-12-12 06:50:39.415 66276 INFO tempest.lib.common.rest_client [req-ba72c3ab-2c29-45c3-a64c-97495f147847 req-ba72c3ab-2c29-45c3-a64c-97495f147847 ] Request (KeyPairsV22TestJSON:setUpClass): 204 PUT http://10.180.1.21/identity/v3/projects/97b72fab68a74d11bdfb1eafd090e0e3/users/2f78d0d2df6b413383beb2208fb9cf4f/roles/abc0edade75441e5a3c38af99bb49b0c 0.029s
2024-12-12 06:50:39.415 66276 INFO tempest.lib.common.dynamic_creds [-] Dynamic test user 2f78d0d2df6b413383beb2208fb9cf4f is created with scope project and roles: ['member']
2024-12-12 06:50:39.416 66276 INFO tempest.lib.common.dynamic_creds [-] Acquired dynamic creds: credentials: Credentials: {'domain_id': 'default', 'domain_name': 'Default', 'username': 'tempest-KeyPairsV22TestJSON-225677895-project-member', 'project_domain_id': 'default', 'project_domain_name': 'Default', 'project_id': '97b72fab68a74d11bdfb1eafd090e0e3', 'project_name': 'tempest-KeyPairsV22TestJSON-225677895', 'tenant_id': '97b72fab68a74d11bdfb1eafd090e0e3', 'tenant_name': 'tempest-KeyPairsV22TestJSON-225677895', 'user_domain_id': 'default', 'user_domain_name': 'Default', 'user_id': '2f78d0d2df6b413383beb2208fb9cf4f', 'system': None}, Network: None, Subnet: None, Router: None
2024-12-12 06:50:39.416 66276 INFO tempest.lib.common.dynamic_creds [-] Created isolated network resources for: credentials: Credentials: {'domain_id': 'default', 'domain_name': 'Default', 'username': 'tempest-KeyPairsV22TestJSON-225677895-project-member', 'project_domain_id': 'default', 'project_domain_name': 'Default', 'project_id': '97b72fab68a74d11bdfb1eafd090e0e3', 'project_name': 'tempest-KeyPairsV22TestJSON-225677895', 'tenant_id': '97b72fab68a74d11bdfb1eafd090e0e3', 'tenant_name': 'tempest-KeyPairsV22TestJSON-225677895', 'user_domain_id': 'default', 'user_domain_name': 'Default', 'user_id': '2f78d0d2df6b413383beb2208fb9cf4f', 'system': None}, Network: None, Subnet: None, Router: None
2024-12-12 06:50:39.442 66238 INFO tempest.lib.common.rest_client [req-417a3bd5-5c91-4b22-a171-53aebacfef73 req-417a3bd5-5c91-4b22-a171-53aebacfef73 ] Request (ServersTestMultiNic:_run_cleanups): 200 GET http://10.180.1.21/compute/v2.1/servers/1e109a37-4ac1-4c6d-ba73-ae958c417296 0.978s
2024-12-12 06:50:39.502 66276 INFO tempest.lib.common.rest_client [req-96341f19-f1fa-4fba-9042-ececabe88006 req-96341f19-f1fa-4fba-9042-ececabe88006 ] Request (KeyPairsV22TestJSON:setUpClass): 201 POST http://10.180.1.21/identity/v3/auth/tokens 0.083s
2024-12-12 06:50:39.586 66262 INFO tempest.lib.common.rest_client [req-d98b96de-f8d2-460f-b135-06d823e2c620 req-d98b96de-f8d2-460f-b135-06d823e2c620 ] Request (SecurityGroupRulesNegativeTestJSON:tearDownClass): 202 DELETE http://10.180.1.21/compute/v2.1/os-security-groups/768b264b-84c6-4f36-ad5d-46e18aabd4a9 1.105s
2024-12-12 06:50:39.592 66288 INFO tempest.lib.common.rest_client [req-3aa9f1c3-8011-421b-8ddf-f6d84a1b5dce req-3aa9f1c3-8011-421b-8ddf-f6d84a1b5dce ] Request (SecurityGroupsNegativeTestJSON:setUpClass): 201 POST http://10.180.1.21:9696/networking/v2.0/subnets 0.269s
2024-12-12 06:50:39.667 66248 INFO tempest.lib.common.rest_client [req-aff4627a-7105-4f16-8b1d-83aead593e55 req-aff4627a-7105-4f16-8b1d-83aead593e55 ] Request (ServerExternalEventsTest:tearDownClass): 200 GET http://10.180.1.21/compute/v2.1/servers/c0d94c9e-6312-4a46-96fb-250874a085f9 1.097s
2024-12-12 06:50:39.733 66284 INFO tempest.lib.common.rest_client [req-569539b8-1ad4-49b0-b2db-6173af729b2a req-569539b8-1ad4-49b0-b2db-6173af729b2a ] Request (DeleteServersAdminTestJSON:test_admin_delete_servers_of_others): 200 GET http://10.180.1.21/compute/v2.1/servers/3a679cd2-5cf8-4125-8354-9db55b8f18f5 1.161s
2024-12-12 06:50:39.797 66234 INFO tempest.lib.common.rest_client [req-3d72ee1d-d332-403e-8c2a-53e035513ab5 req-3d72ee1d-d332-403e-8c2a-53e035513ab5 ] Request (ListServerFiltersTestJSON:setUpClass): 200 GET http://10.180.1.21/compute/v2.1/servers/0aa7b9ae-72a8-4b1c-997c-67d78422f15b 1.167s
2024-12-12 06:50:39.804 66246 INFO tempest.lib.common.rest_client [req-2f9b2e3c-892f-4e36-8142-b8e25741f1f3 req-2f9b2e3c-892f-4e36-8142-b8e25741f1f3 ] Request (VolumesAssistedSnapshotsTest:test_volume_assisted_snapshot_create_delete): 200 GET http://10.180.1.21/compute/v2.1/servers/bd2a4cf9-428a-41ce-bd6f-ca19d9135931 1.234s
2024-12-12 06:50:39.811 66246 INFO tempest.common.waiters [-] State transition "BUILD/spawning" ==> "ACTIVE/None" after 28 second wait
2024-12-12 06:50:39.899 66268 INFO tempest.lib.common.rest_client [req-5300d484-d1a4-48d9-ba60-2f20ae41e05a req-5300d484-d1a4-48d9-ba60-2f20ae41e05a ] Request (TenantUsagesTestJSON:tearDownClass): 200 GET http://10.180.1.21/compute/v2.1/servers/0592671e-e7d4-4e39-a076-3fe654df19fc 1.209s
2024-12-12 06:50:39.907 66268 INFO tempest.common.waiters [-] State transition "ACTIVE/deleting" ==> "DELETED/None" after 4 second wait
2024-12-12 06:50:39.914 66264 INFO tempest.lib.common.rest_client [req-359d6a3f-4132-4279-ad5d-077f474f8a7b req-359d6a3f-4132-4279-ad5d-077f474f8a7b ] Request (FlavorsAdminTestJSON:test_is_public_string_variations): 200 GET http://10.180.1.21/compute/v2.1/flavors/detail?is_public=0 1.116s
2024-12-12 06:50:39.964 66254 INFO tempest.lib.common.rest_client [req-f76816f9-1792-48fd-8c28-593942c41ad0 req-f76816f9-1792-48fd-8c28-593942c41ad0 ] Request (FlavorsV2TestJSON:test_list_flavors_using_marker): 200 GET http://10.180.1.21/compute/v2.1/flavors?marker=42 0.981s
2024-12-12 06:50:40.020 66250 INFO tempest.lib.common.rest_client [req-3d3bd327-2f63-4c32-981d-7e2c7fba344c req-3d3bd327-2f63-4c32-981d-7e2c7fba344c ] Request (AbsoluteLimitsTestJSON:test_absLimits_get): 200 GET http://10.180.1.21/compute/v2.1/limits 1.284s
2024-12-12 06:50:40.108 66242 INFO tempest.lib.common.rest_client [req-7b696b81-0c63-42dc-9542-4b7495f92498 req-7b696b81-0c63-42dc-9542-4b7495f92498 ] Request (ServersAdminNegativeTestJSON:test_migrate_server_invalid_state): 200 GET http://10.180.1.21/compute/v2.1/servers/f1bfa3c1-7b62-4e45-b9ba-68f40e80fb49 1.100s
2024-12-12 06:50:40.197 66250 INFO tempest.lib.common.rest_client [req-c8dc6362-a20a-4de5-8077-f21addb4c75e req-c8dc6362-a20a-4de5-8077-f21addb4c75e ] Request (AbsoluteLimitsTestJSON:tearDownClass): 204 DELETE http://10.180.1.21/identity/v3/users/418732d5e8594470878b643c009e9584 0.171s
2024-12-12 06:50:40.197 66250 INFO tempest.lib.common.dynamic_creds [-] Deleting project and security group for project: 1debf8405fd5478d8b80ae2ece4778b6
2024-12-12 06:50:40.277 66250 INFO tempest.lib.common.rest_client [req-54afd616-8f0b-48b0-a531-5760bee25fcb req-54afd616-8f0b-48b0-a531-5760bee25fcb ] Request (AbsoluteLimitsTestJSON:tearDownClass): 201 POST http://10.180.1.21/identity/v3/auth/tokens 0.080s
2024-12-12 06:50:40.291 66258 INFO tempest.lib.common.rest_client [req-ecb847f3-bd3e-43a9-b309-65d5b2e0dc62 req-ecb847f3-bd3e-43a9-b309-65d5b2e0dc62 ] Request (ListImageFiltersTestJSON:setUpClass): 200 GET http://10.180.1.21/compute/v2.1/servers/c33578cb-62b1-4f28-84c7-20a628d74712 1.239s
2024-12-12 06:50:40.461 66244 INFO tempest.lib.common.rest_client [req-4d1fe4da-73c0-4838-abc1-2e4ca5aea360 req-4d1fe4da-73c0-4838-abc1-2e4ca5aea360 ] Request (SecurityGroupRulesTestJSON:tearDownClass): 202 DELETE http://10.180.1.21/compute/v2.1/os-security-groups/53b72567-4703-4e1a-9d36-9045eeb705e4 1.430s
2024-12-12 06:50:40.560 66240 INFO tempest.lib.common.rest_client [req-ee396d84-0ac1-408f-937c-f8f0d6869df3 req-ee396d84-0ac1-408f-937c-f8f0d6869df3 ] Request (InstanceActionsTestJSON:tearDownClass): 200 GET http://10.180.1.21/compute/v2.1/servers/173e6718-3cbe-4e9a-ae9d-fa93d945b89f 1.311s
2024-12-12 06:50:40.576 66274 INFO tempest.lib.common.rest_client [req-cb509cef-03ee-48e4-8541-4abb7b8061ad req-cb509cef-03ee-48e4-8541-4abb7b8061ad ] Request (ServerDiskConfigTestJSON:test_rebuild_server_with_auto_disk_config): 200 GET http://10.180.1.21/compute/v2.1/servers/dce9138f-3674-47af-a392-567b1a85d23a 1.429s
2024-12-12 06:50:40.591 66274 INFO tempest.common.waiters [-] State transition "BUILD/networking" ==> "BUILD/spawning" after 24 second wait
2024-12-12 06:50:40.640 66250 INFO tempest.lib.common.rest_client [req-27ebc5c0-ade2-4b23-b477-28e50d2173be req-27ebc5c0-ade2-4b23-b477-28e50d2173be ] Request (AbsoluteLimitsTestJSON:tearDownClass): 200 GET http://10.180.1.21:9696/networking/v2.0/security-groups?tenant_id=1debf8405fd5478d8b80ae2ece4778b6&name=default 0.362s
2024-12-12 06:50:40.735 66276 INFO tempest.lib.common.rest_client [req-9e9acd6f-0e55-428c-98d5-add6f4d46d59 req-9e9acd6f-0e55-428c-98d5-add6f4d46d59 ] Request (KeyPairsV22TestJSON:test_get_keypair_detail): 201 POST http://10.180.1.21/compute/v2.1/os-keypairs 1.231s
2024-12-12 06:50:40.810 66262 INFO tempest.lib.common.rest_client [req-ae83ee6a-7197-4fb3-80d7-6ef7aada4a30 req-ae83ee6a-7197-4fb3-80d7-6ef7aada4a30 ] Request (SecurityGroupRulesNegativeTestJSON:tearDownClass): 202 DELETE http://10.180.1.21/compute/v2.1/os-security-groups/ec2e28d7-ea43-4246-b4da-6d4f164582fa 1.223s
2024-12-12 06:50:40.811 66288 INFO tempest.lib.common.rest_client [req-c9a30a2f-5ea6-41f6-b73f-3a8e5394f40d req-c9a30a2f-5ea6-41f6-b73f-3a8e5394f40d ] Request (SecurityGroupsNegativeTestJSON:setUpClass): 201 POST http://10.180.1.21:9696/networking/v2.0/routers 1.218s
2024-12-12 06:50:40.829 66252 INFO tempest.lib.common.rest_client [req-ed9b8250-463d-4acd-96d3-de291eacbb82 req-ed9b8250-463d-4acd-96d3-de291eacbb82 ] Request (ServerActionsTestOtherA:setUpClass): 200 GET http://10.180.1.21/compute/v2.1/servers/ae965366-0db1-499a-b590-11511dd4d8b3 1.241s
2024-12-12 06:50:40.840 66252 INFO tempest.common.waiters [-] State transition "BUILD/scheduling" ==> "BUILD/None" after 11 second wait
2024-12-12 06:50:40.845 66250 INFO tempest.lib.common.rest_client [req-509fdd8d-4266-4437-aa50-cf73d4ecaa50 req-509fdd8d-4266-4437-aa50-cf73d4ecaa50 ] Request (AbsoluteLimitsTestJSON:tearDownClass): 204 DELETE http://10.180.1.21:9696/networking/v2.0/security-groups/3a18aed7-f535-4cfc-980b-f2a393f1f5b2 0.205s
2024-12-12 06:50:40.896 66232 INFO tempest.lib.common.rest_client [req-9c0cc05b-e081-4b78-b8cd-b5c4a17ff119 req-9c0cc05b-e081-4b78-b8cd-b5c4a17ff119 ] Request (ServersAdminTestJSON:setUpClass): 200 GET http://10.180.1.21/compute/v2.1/servers/35f546a5-222c-47db-982e-9c7fa73d2381 1.226s
2024-12-12 06:50:40.905 66232 INFO tempest.common.waiters [-] State transition "BUILD/scheduling" ==> "BUILD/None" after 11 second wait
2024-12-12 06:50:40.919 66272 INFO tempest.lib.common.rest_client [req-e6252077-3d13-48bb-ac61-ff008fcea374 req-e6252077-3d13-48bb-ac61-ff008fcea374 ] Request (ServerDiagnosticsTest:tearDownClass): 200 GET http://10.180.1.21/compute/v2.1/servers/d03ab883-ef81-4242-9091-265657adc37e 1.220s
2024-12-12 06:50:40.921 66281 WARNING tempest.lib.common.ssh [-] Failed to establish authenticated ssh connection to cirros@10.180.180.178 ([Errno None] Unable to connect to port 22 on 10.180.180.178). Number attempts: 3. Retry after 4 seconds.: paramiko.ssh_exception.NoValidConnectionsError: [Errno None] Unable to connect to port 22 on 10.180.180.178
2024-12-12 06:50:40.929 66250 INFO tempest.lib.common.rest_client [req-d01f705a-b490-497d-b4fe-585d578a43bd req-d01f705a-b490-497d-b4fe-585d578a43bd ] Request (AbsoluteLimitsTestJSON:tearDownClass): 204 DELETE http://10.180.1.21/identity/v3/projects/1debf8405fd5478d8b80ae2ece4778b6 0.083s
2024-12-12 06:50:40.994 66236 INFO tempest.lib.common.rest_client [req-26e26408-b91d-42f4-8eb9-01499b2ff220 req-26e26408-b91d-42f4-8eb9-01499b2ff220 ] Request (ServerDiagnosticsV248Test:test_get_server_diagnostics): 200 GET http://10.180.1.21/compute/v2.1/servers/1efa2920-b9aa-40b6-8719-57b4d1724b83 1.205s
2024-12-12 06:50:41.006 66236 INFO tempest.common.waiters [-] State transition "BUILD/None" ==> "BUILD/networking" after 24 second wait
2024-12-12 06:50:41.006 66271 INFO tempest.lib.common.rest_client [req-4a16d253-f310-49d1-b233-bb3c000da0ef req-4a16d253-f310-49d1-b233-bb3c000da0ef ] Request (FloatingIPsAssociationTestJSON:test_associate_already_associated_floating_ip): 200 GET http://10.180.1.21/compute/v2.1/servers/3d0abd43-e9ad-49b8-9c48-04fc76596358 1.209s
2024-12-12 06:50:41.009 66250 INFO tempest.lib.common.rest_client [req-a997371d-7270-46ec-80b6-132f123ccec3 req-a997371d-7270-46ec-80b6-132f123ccec3 ] Request (DeleteServersTestJSON:setUpClass): 201 POST http://10.180.1.21/identity/v3/auth/tokens 0.077s
2024-12-12 06:50:41.026 66264 INFO tempest.lib.common.rest_client [req-4bf6bff7-b2e1-4c9c-9a8e-6e77999c2249 req-4bf6bff7-b2e1-4c9c-9a8e-6e77999c2249 ] Request (FlavorsAdminTestJSON:test_is_public_string_variations): 200 GET http://10.180.1.21/compute/v2.1/flavors/detail?is_public=t 1.109s
2024-12-12 06:50:41.043 66254 INFO tempest.lib.common.rest_client [req-f11e675d-e946-4a5a-8a2d-7d24ac607130 req-f11e675d-e946-4a5a-8a2d-7d24ac607130 ] Request (FlavorsV2TestJSON:test_list_flavors_with_detail): 200 GET http://10.180.1.21/compute/v2.1/flavors/detail 1.074s
2024-12-12 06:50:41.055 66250 INFO tempest.lib.common.rest_client [req-c05d50a1-defb-4bc7-890b-2d10038be02e req-c05d50a1-defb-4bc7-890b-2d10038be02e ] Request (DeleteServersTestJSON:setUpClass): 201 POST http://10.180.1.21/identity/v3/auth/tokens 0.043s
2024-12-12 06:50:41.079 66286 INFO tempest.lib.common.rest_client [req-15cb29e6-b0fd-4eaa-85ee-d81223dcff63 req-15cb29e6-b0fd-4eaa-85ee-d81223dcff63 ] Request (VolumesAdminNegativeTest:setUpClass): 200 PUT http://10.180.1.21:9696/networking/v2.0/routers/2bbd9fc3-915b-44be-a4db-c48ff9169786/add_router_interface 2.888s
2024-12-12 06:50:41.079 66286 INFO tempest.lib.common.dynamic_creds [-] Created isolated network resources for: credentials: Credentials: {'domain_id': 'default', 'domain_name': 'Default', 'username': 'tempest-VolumesAdminNegativeTest-1921168859-project-member', 'project_domain_id': 'default', 'project_domain_name': 'Default', 'project_id': 'b69a6e41cd7c4eea813f046aab0426f0', 'project_name': 'tempest-VolumesAdminNegativeTest-1921168859', 'tenant_id': 'b69a6e41cd7c4eea813f046aab0426f0', 'tenant_name': 'tempest-VolumesAdminNegativeTest-1921168859', 'user_domain_id': 'default', 'user_domain_name': 'Default', 'user_id': '14d7680d0565477c85db9e20edb11e66', 'system': None}, Network: {'id': '85ad66aa-7540-4f0f-9b31-7d4f3ffd1e60', 'name': 'tempest-VolumesAdminNegativeTest-357216319-network', 'tenant_id': 'b69a6e41cd7c4eea813f046aab0426f0', 'admin_state_up': True, 'mtu': 8950, 'status': 'ACTIVE', 'subnets': [], 'shared': False, 'project_id': 'b69a6e41cd7c4eea813f046aab0426f0', 'port_security_enabled': True, 'router:external': False, 'provider:network_type': 'vlan', 'provider:physical_network': 'default', 'provider:segmentation_id': 579, 'availability_zone_hints': [], 'availability_zones': [], 'ipv4_address_scope': None, 'ipv6_address_scope': None, 'description': '', 'tags': [], 'created_at': '2024-12-12T06:50:35Z', 'updated_at': '2024-12-12T06:50:36Z', 'revision_number': 1}, Subnet: {'id': '49ec3675-d6c4-45ad-b70c-827b5b47fc4e', 'name': 'tempest-VolumesAdminNegativeTest-357216319-subnet', 'tenant_id': 'b69a6e41cd7c4eea813f046aab0426f0', 'network_id': '85ad66aa-7540-4f0f-9b31-7d4f3ffd1e60', 'ip_version': 4, 'subnetpool_id': None, 'enable_dhcp': True, 'ipv6_ra_mode': None, 'ipv6_address_mode': None, 'gateway_ip': '192.168.128.1', 'cidr': '192.168.128.0/28', 'allocation_pools': [{'start': '192.168.128.2', 'end': '192.168.128.14'}], 'host_routes': [], 'dns_nameservers': [], 'description': '', 'router:external': False, 'service_types': [], 'tags': [], 'created_at': '2024-12-12T06:50:36Z', 'updated_at': '2024-12-12T06:50:36Z', 'revision_number': 0, 'project_id': 'b69a6e41cd7c4eea813f046aab0426f0'}, Router: {'id': '2bbd9fc3-915b-44be-a4db-c48ff9169786', 'name': 'tempest-VolumesAdminNegativeTest-357216319-router', 'tenant_id': 'b69a6e41cd7c4eea813f046aab0426f0', 'admin_state_up': True, 'status': 'ACTIVE', 'external_gateway_info': {'network_id': '282c6d4c-a724-4276-9521-3623506ab8a2', 'external_fixed_ips': [{'subnet_id': '9e4d462b-f7d8-482c-a67b-20ee06702864', 'ip_address': '10.180.180.183'}], 'enable_snat': True}, 'description': '', 'availability_zones': [], 'distributed': False, 'ha': False, 'availability_zone_hints': [], 'routes': [], 'flavor_id': None, 'tags': [], 'created_at': '2024-12-12T06:50:36Z', 'updated_at': '2024-12-12T06:50:37Z', 'revision_number': 2, 'project_id': 'b69a6e41cd7c4eea813f046aab0426f0'}
2024-12-12 06:50:41.092 66250 INFO tempest.lib.common.rest_client [req-69d1c277-6239-4673-8b71-520cf72f4176 req-69d1c277-6239-4673-8b71-520cf72f4176 ] Request (DeleteServersTestJSON:setUpClass): 200 GET http://10.180.1.21/identity/v3/domains?name=Default 0.037s
2024-12-12 06:50:41.122 66250 INFO tempest.lib.common.rest_client [req-4457e8f6-e10b-4744-91f6-1a4d604f1b6b req-4457e8f6-e10b-4744-91f6-1a4d604f1b6b ] Request (DeleteServersTestJSON:setUpClass): 201 POST http://10.180.1.21/identity/v3/projects 0.029s
2024-12-12 06:50:41.181 66286 INFO tempest.lib.common.rest_client [req-acba9805-df09-49da-b5eb-a0cd91333b80 req-acba9805-df09-49da-b5eb-a0cd91333b80 ] Request (VolumesAdminNegativeTest:setUpClass): 201 POST http://10.180.1.21/identity/v3/auth/tokens 0.097s
2024-12-12 06:50:41.182 66250 INFO tempest.lib.common.rest_client [req-ddc00042-b9d4-480f-81c5-938c0869ef39 req-ddc00042-b9d4-480f-81c5-938c0869ef39 ] Request (DeleteServersTestJSON:setUpClass): 201 POST http://10.180.1.21/identity/v3/users 0.060s
2024-12-12 06:50:41.199 66250 INFO tempest.lib.common.rest_client [req-7f1497c9-4aee-48e5-99e0-de3c6493ef27 req-7f1497c9-4aee-48e5-99e0-de3c6493ef27 ] Request (DeleteServersTestJSON:setUpClass): 200 GET http://10.180.1.21/identity/v3/roles 0.016s
2024-12-12 06:50:41.224 66286 INFO tempest.lib.common.rest_client [req-62593906-8c8c-4050-a97c-7c9d7cd4e88f req-62593906-8c8c-4050-a97c-7c9d7cd4e88f ] Request (VolumesAdminNegativeTest:setUpClass): 201 POST http://10.180.1.21/identity/v3/projects 0.043s
2024-12-12 06:50:41.228 66250 INFO tempest.lib.common.rest_client [req-d1f487ff-c155-42ec-9bfd-63eeb5741138 req-d1f487ff-c155-42ec-9bfd-63eeb5741138 ] Request (DeleteServersTestJSON:setUpClass): 204 PUT http://10.180.1.21/identity/v3/projects/750cf26924e247a3b4087b435f44e162/users/f94bf6f648c3459ba20a90a95eac0209/roles/abc0edade75441e5a3c38af99bb49b0c 0.028s
2024-12-12 06:50:41.228 66250 INFO tempest.lib.common.dynamic_creds [-] Dynamic test user f94bf6f648c3459ba20a90a95eac0209 is created with scope project and roles: ['member']
2024-12-12 06:50:41.228 66250 INFO tempest.lib.common.dynamic_creds [-] Acquired dynamic creds: credentials: Credentials: {'domain_id': 'default', 'domain_name': 'Default', 'username': 'tempest-DeleteServersTestJSON-1294318907-project-member', 'project_domain_id': 'default', 'project_domain_name': 'Default', 'project_id': '750cf26924e247a3b4087b435f44e162', 'project_name': 'tempest-DeleteServersTestJSON-1294318907', 'tenant_id': '750cf26924e247a3b4087b435f44e162', 'tenant_name': 'tempest-DeleteServersTestJSON-1294318907', 'user_domain_id': 'default', 'user_domain_name': 'Default', 'user_id': 'f94bf6f648c3459ba20a90a95eac0209', 'system': None}, Network: None, Subnet: None, Router: None
2024-12-12 06:50:41.273 66256 INFO tempest.lib.common.rest_client [req-64dbff9b-425c-469b-bc99-477d207f0876 req-64dbff9b-425c-469b-bc99-477d207f0876 ] Request (MigrationsAdminTest:test_list_migrations_in_flavor_resize_situation): 200 GET http://10.180.1.21/compute/v2.1/servers/b7f2c76f-ebcd-494d-9c5d-62cd6e0b4113 1.304s
2024-12-12 06:50:41.285 66250 INFO tempest.lib.common.rest_client [req-6aacba92-6fe3-4169-bba0-ba6ba4f1031a req-6aacba92-6fe3-4169-bba0-ba6ba4f1031a ] Request (DeleteServersTestJSON:setUpClass): 201 POST http://10.180.1.21/identity/v3/auth/tokens 0.056s
2024-12-12 06:50:41.300 66286 INFO tempest.lib.common.rest_client [req-3e4076d4-60eb-418e-abd9-8ab5882d9c33 req-3e4076d4-60eb-418e-abd9-8ab5882d9c33 ] Request (VolumesAdminNegativeTest:setUpClass): 201 POST http://10.180.1.21/identity/v3/users 0.075s
2024-12-12 06:50:41.316 66286 INFO tempest.lib.common.rest_client [req-f5bc2761-b070-4cea-bdf7-8b35255f19e1 req-f5bc2761-b070-4cea-bdf7-8b35255f19e1 ] Request (VolumesAdminNegativeTest:setUpClass): 200 GET http://10.180.1.21/identity/v3/roles 0.016s
2024-12-12 06:50:41.345 66286 INFO tempest.lib.common.rest_client [req-c5cc5d0d-8a8a-46ad-98e8-a87b0beeee2d req-c5cc5d0d-8a8a-46ad-98e8-a87b0beeee2d ] Request (VolumesAdminNegativeTest:setUpClass): 204 PUT http://10.180.1.21/identity/v3/projects/0caea464ad4a4e7db78b7dae20390121/users/432ffbd8c46644f4b06193d1e42fdcb6/roles/db6cb7ec2848414cbc5f68223e92978f 0.028s
2024-12-12 06:50:41.398 66286 INFO tempest.lib.common.rest_client [req-e39d5774-8a42-4863-bd0e-70599445993e req-e39d5774-8a42-4863-bd0e-70599445993e ] Request (VolumesAdminNegativeTest:setUpClass): 200 GET http://10.180.1.21/identity/v3/roles 0.052s
2024-12-12 06:50:41.418 66246 INFO tempest.lib.common.rest_client [req-74db16d0-715f-42a7-b0d9-71a29ed2162b req-74db16d0-715f-42a7-b0d9-71a29ed2162b ] Request (VolumesAssistedSnapshotsTest:test_volume_assisted_snapshot_create_delete): 200 GET http://10.180.1.21/compute/v2.1/servers/bd2a4cf9-428a-41ce-bd6f-ca19d9135931/os-interface 1.606s
2024-12-12 06:50:41.423 66286 INFO tempest.lib.common.rest_client [req-e260d503-c50d-4e7a-8f8e-7f3df1b82999 req-e260d503-c50d-4e7a-8f8e-7f3df1b82999 ] Request (VolumesAdminNegativeTest:setUpClass): 204 PUT http://10.180.1.21/identity/v3/projects/0caea464ad4a4e7db78b7dae20390121/users/432ffbd8c46644f4b06193d1e42fdcb6/roles/db6cb7ec2848414cbc5f68223e92978f 0.023s
2024-12-12 06:50:41.424 66286 INFO tempest.lib.common.dynamic_creds [-] Dynamic test user 432ffbd8c46644f4b06193d1e42fdcb6 is created with scope project and roles: ['admin']
2024-12-12 06:50:41.424 66286 INFO tempest.lib.common.dynamic_creds [-] Acquired dynamic creds: credentials: Credentials: {'domain_id': 'default', 'domain_name': 'Default', 'username': 'tempest-VolumesAdminNegativeTest-1833509395-project-admin', 'project_domain_id': 'default', 'project_domain_name': 'Default', 'project_id': '0caea464ad4a4e7db78b7dae20390121', 'project_name': 'tempest-VolumesAdminNegativeTest-1833509395', 'tenant_id': '0caea464ad4a4e7db78b7dae20390121', 'tenant_name': 'tempest-VolumesAdminNegativeTest-1833509395', 'user_domain_id': 'default', 'user_domain_name': 'Default', 'user_id': '432ffbd8c46644f4b06193d1e42fdcb6', 'system': None}, Network: None, Subnet: None, Router: None
2024-12-12 06:50:41.592 66279 INFO tempest.lib.common.rest_client [req-5c13d099-db3b-43a7-832d-c3ee0e153153 req-5c13d099-db3b-43a7-832d-c3ee0e153153 ] Request (ServersWithSpecificFlavorTestJSON:test_verify_created_server_ephemeral_disk): 200 GET http://10.180.1.21/compute/v2.1/servers/ab44615a-1ad2-4a6e-9730-a36879dd0e63 1.257s
2024-12-12 06:50:41.594 66266 INFO tempest.lib.common.rest_client [req-76e4add1-c54e-4589-9cb1-87ee386c19ea req-76e4add1-c54e-4589-9cb1-87ee386c19ea ] Request (ImagesTestJSON:test_create_image_from_stopped_server): 200 GET http://10.180.1.21/compute/v2.1/servers/d57a5650-aa26-440a-b68f-03361e1a3187 1.346s
2024-12-12 06:50:41.606 66279 INFO tempest.common.waiters [-] State transition "BUILD/spawning" ==> "ACTIVE/None" after 29 second wait
2024-12-12 06:50:41.682 66228 INFO tempest.lib.common.rest_client [req-e60e5e9f-3801-4fd0-8b20-4c0198113a42 req-e60e5e9f-3801-4fd0-8b20-4c0198113a42 ] Request (AttachInterfacesV270Test:test_create_get_list_interfaces): 200 GET http://10.180.1.21/compute/v2.1/servers/80e2cac6-2438-4896-8997-362523e12084 1.342s
2024-12-12 06:50:41.710 66230 INFO tempest.lib.common.rest_client [req-aca20107-191e-4098-8012-f317d1b57957 req-aca20107-191e-4098-8012-f317d1b57957 ] Request (ServersTestBootFromVolume:setUpClass): 200 GET http://10.180.1.21/compute/v2.1/servers/843864d3-0354-4f0c-9e70-533b4c5b9712 1.293s
2024-12-12 06:50:41.757 66244 INFO tempest.lib.common.rest_client [req-7d518dbf-ddb5-48f6-afaf-30184ce95011 req-7d518dbf-ddb5-48f6-afaf-30184ce95011 ] Request (SecurityGroupRulesTestJSON:tearDownClass): 404 DELETE http://10.180.1.21/compute/v2.1/os-security-groups/62614388-49f0-43d7-a1e0-df21031e6e62 1.295s
2024-12-12 06:50:41.765 66238 INFO tempest.lib.common.rest_client [req-364bcb48-e0da-427c-8e94-bb662faac0e4 req-364bcb48-e0da-427c-8e94-bb662faac0e4 ] Request (ServersTestMultiNic:_run_cleanups): 200 GET http://10.180.1.21/compute/v2.1/servers/1e109a37-4ac1-4c6d-ba73-ae958c417296 1.314s
2024-12-12 06:50:41.774 66276 INFO tempest.lib.common.rest_client [req-e8942723-627d-40b5-9162-3e10375282bf req-e8942723-627d-40b5-9162-3e10375282bf ] Request (KeyPairsV22TestJSON:test_get_keypair_detail): 200 GET http://10.180.1.21/compute/v2.1/os-keypairs/tempest-keypair-673265670 1.037s
2024-12-12 06:50:41.844 66284 INFO tempest.lib.common.rest_client [req-41a24f66-66b9-4e28-886e-9cfb63452cbd req-41a24f66-66b9-4e28-886e-9cfb63452cbd ] Request (DeleteServersAdminTestJSON:test_admin_delete_servers_of_others): 200 GET http://10.180.1.21/compute/v2.1/servers/3a679cd2-5cf8-4125-8354-9db55b8f18f5 1.099s
2024-12-12 06:50:41.864 66260 INFO tempest.lib.common.rest_client [req-f1c39b7c-d0c4-4a2d-9a7b-a2fafd1f21b6 req-f1c39b7c-d0c4-4a2d-9a7b-a2fafd1f21b6 ] Request (ServersTestJSON:setUpClass): 200 PUT http://10.180.1.21:9696/networking/v2.0/routers/9aa9eeca-5cb7-412b-8c6b-529d68208db9/add_router_interface 2.773s
2024-12-12 06:50:41.865 66260 INFO tempest.lib.common.dynamic_creds [-] Created isolated network resources for: credentials: Credentials: {'domain_id': 'default', 'domain_name': 'Default', 'username': 'tempest-ServersTestJSON-1619497688-project-member', 'project_domain_id': 'default', 'project_domain_name': 'Default', 'project_id': '28fed635ee974ac7bce5c7170c4ab243', 'project_name': 'tempest-ServersTestJSON-1619497688', 'tenant_id': '28fed635ee974ac7bce5c7170c4ab243', 'tenant_name': 'tempest-ServersTestJSON-1619497688', 'user_domain_id': 'default', 'user_domain_name': 'Default', 'user_id': 'b448faa5cb204e189878352c5b57b029', 'system': None}, Network: {'id': '20ff27c9-8d7d-4c22-9414-60cb84e6724e', 'name': 'tempest-ServersTestJSON-303691404-network', 'tenant_id': '28fed635ee974ac7bce5c7170c4ab243', 'admin_state_up': True, 'mtu': 8950, 'status': 'ACTIVE', 'subnets': [], 'shared': False, 'project_id': '28fed635ee974ac7bce5c7170c4ab243', 'port_security_enabled': True, 'router:external': False, 'provider:network_type': 'vlan', 'provider:physical_network': 'default', 'provider:segmentation_id': 890, 'availability_zone_hints': [], 'availability_zones': [], 'ipv4_address_scope': None, 'ipv6_address_scope': None, 'description': '', 'tags': [], 'created_at': '2024-12-12T06:50:36Z', 'updated_at': '2024-12-12T06:50:36Z', 'revision_number': 1}, Subnet: {'id': '6c56aa64-3b89-4511-aa62-3fc08b59e75d', 'name': 'tempest-ServersTestJSON-303691404-subnet', 'tenant_id': '28fed635ee974ac7bce5c7170c4ab243', 'network_id': '20ff27c9-8d7d-4c22-9414-60cb84e6724e', 'ip_version': 4, 'subnetpool_id': None, 'enable_dhcp': True, 'ipv6_ra_mode': None, 'ipv6_address_mode': None, 'gateway_ip': '192.168.128.1', 'cidr': '192.168.128.0/28', 'allocation_pools': [{'start': '192.168.128.2', 'end': '192.168.128.14'}], 'host_routes': [], 'dns_nameservers': [], 'description': '', 'router:external': False, 'service_types': [], 'tags': [], 'created_at': '2024-12-12T06:50:36Z', 'updated_at': '2024-12-12T06:50:36Z', 'revision_number': 0, 'project_id': '28fed635ee974ac7bce5c7170c4ab243'}, Router: {'id': '9aa9eeca-5cb7-412b-8c6b-529d68208db9', 'name': 'tempest-ServersTestJSON-303691404-router', 'tenant_id': '28fed635ee974ac7bce5c7170c4ab243', 'admin_state_up': True, 'status': 'ACTIVE', 'external_gateway_info': {'network_id': '282c6d4c-a724-4276-9521-3623506ab8a2', 'external_fixed_ips': [{'subnet_id': '9e4d462b-f7d8-482c-a67b-20ee06702864', 'ip_address': '10.180.180.164'}], 'enable_snat': True}, 'description': '', 'availability_zones': [], 'distributed': False, 'ha': False, 'availability_zone_hints': [], 'routes': [], 'flavor_id': None, 'tags': [], 'created_at': '2024-12-12T06:50:37Z', 'updated_at': '2024-12-12T06:50:38Z', 'revision_number': 2, 'project_id': '28fed635ee974ac7bce5c7170c4ab243'}
2024-12-12 06:50:41.873 66248 INFO tempest.lib.common.rest_client [req-6da97eb1-32d1-45aa-872c-ef42d501f39b req-6da97eb1-32d1-45aa-872c-ef42d501f39b ] Request (ServerExternalEventsTest:tearDownClass): 200 GET http://10.180.1.21/compute/v2.1/servers/c0d94c9e-6312-4a46-96fb-250874a085f9 1.195s
2024-12-12 06:50:41.919 66234 INFO tempest.lib.common.rest_client [req-0d12f211-762c-447b-a0d6-090091e3fe95 req-0d12f211-762c-447b-a0d6-090091e3fe95 ] Request (ListServerFiltersTestJSON:setUpClass): 200 GET http://10.180.1.21/compute/v2.1/servers/0aa7b9ae-72a8-4b1c-997c-67d78422f15b 1.107s
2024-12-12 06:50:41.958 66264 INFO tempest.lib.common.rest_client [req-449e90f7-cfd0-4c2f-98b4-ad7d082d4279 req-449e90f7-cfd0-4c2f-98b4-ad7d082d4279 ] Request (FlavorsAdminTestJSON:test_is_public_string_variations): 200 GET http://10.180.1.21/compute/v2.1/flavors/detail?is_public=true 0.927s
2024-12-12 06:50:41.973 66254 INFO tempest.lib.common.rest_client [req-21d49981-8daf-41c3-ad81-cb323c1b8270 req-21d49981-8daf-41c3-ad81-cb323c1b8270 ] Request (FlavorsV2TestJSON:test_list_flavors_with_detail): 200 GET http://10.180.1.21/compute/v2.1/flavors/42 0.922s
2024-12-12 06:50:42.023 66260 INFO tempest.lib.common.rest_client [req-441a3c98-bce6-4607-86b1-182d435a1e46 req-441a3c98-bce6-4607-86b1-182d435a1e46 ] Request (ServersTestJSON:setUpClass): 201 POST http://10.180.1.21/identity/v3/auth/tokens 0.151s
2024-12-12 06:50:42.058 66268 INFO tempest.lib.common.rest_client [req-b4be3bee-c120-4d72-a7dd-bf04cfd85347 req-b4be3bee-c120-4d72-a7dd-bf04cfd85347 ] Request (TenantUsagesTestJSON:tearDownClass): 200 GET http://10.180.1.21/compute/v2.1/servers/0592671e-e7d4-4e39-a076-3fe654df19fc 1.148s
2024-12-12 06:50:42.070 66242 INFO tempest.lib.common.rest_client [req-e3bf7f1e-5d99-4749-bde3-3797adce0b0e req-e3bf7f1e-5d99-4749-bde3-3797adce0b0e ] Request (ServersAdminNegativeTestJSON:test_migrate_server_invalid_state): 200 GET http://10.180.1.21/compute/v2.1/servers/f1bfa3c1-7b62-4e45-b9ba-68f40e80fb49 0.951s
2024-12-12 06:50:42.123 66250 INFO tempest.lib.common.rest_client [req-754ff7c5-6e7f-4051-a060-582c65b371fb req-754ff7c5-6e7f-4051-a060-582c65b371fb ] Request (DeleteServersTestJSON:setUpClass): 201 POST http://10.180.1.21:9696/networking/v2.0/networks 0.838s
2024-12-12 06:50:42.148 66254 INFO tempest.lib.common.rest_client [req-5006c69a-f967-461f-8e66-43ad24ba8f9d req-5006c69a-f967-461f-8e66-43ad24ba8f9d ] Request (FlavorsV2TestJSON:tearDownClass): 204 DELETE http://10.180.1.21/identity/v3/users/6fc7c83ec59541bebab1f3a7fe6edcfb 0.170s
2024-12-12 06:50:42.148 66254 INFO tempest.lib.common.dynamic_creds [-] Deleting project and security group for project: 105b07f1668a4b1381df3de04d677931
2024-12-12 06:50:42.179 66240 INFO tempest.lib.common.rest_client [req-42d22e11-3bfb-412e-a210-2ba512914531 req-42d22e11-3bfb-412e-a210-2ba512914531 ] Request (InstanceActionsTestJSON:tearDownClass): 200 GET http://10.180.1.21/compute/v2.1/servers/173e6718-3cbe-4e9a-ae9d-fa93d945b89f 0.604s
2024-12-12 06:50:42.209 66254 INFO tempest.lib.common.rest_client [req-a4e51371-f042-4ce3-86d7-b73a214e0c47 req-a4e51371-f042-4ce3-86d7-b73a214e0c47 ] Request (FlavorsV2TestJSON:tearDownClass): 201 POST http://10.180.1.21/identity/v3/auth/tokens 0.061s
2024-12-12 06:50:42.279 66286 INFO tempest.lib.common.rest_client [req-b90314f7-0b09-4441-b039-f40879be16ee req-b90314f7-0b09-4441-b039-f40879be16ee ] Request (VolumesAdminNegativeTest:setUpClass): 201 POST http://10.180.1.21:9696/networking/v2.0/networks 0.855s
2024-12-12 06:50:42.336 66258 INFO tempest.lib.common.rest_client [req-05c9696c-fdd6-4257-9192-0443bd942580 req-05c9696c-fdd6-4257-9192-0443bd942580 ] Request (ListImageFiltersTestJSON:setUpClass): 200 GET http://10.180.1.21/compute/v2.1/servers/c33578cb-62b1-4f28-84c7-20a628d74712 1.036s
2024-12-12 06:50:42.343 66258 INFO tempest.common.waiters [-] State transition "BUILD/spawning" ==> "ACTIVE/None" after 29 second wait
2024-12-12 06:50:42.381 66274 INFO tempest.lib.common.rest_client [req-39e5ee7c-69f8-4429-9d67-0c523f976778 req-39e5ee7c-69f8-4429-9d67-0c523f976778 ] Request (ServerDiskConfigTestJSON:test_rebuild_server_with_auto_disk_config): 200 GET http://10.180.1.21/compute/v2.1/servers/dce9138f-3674-47af-a392-567b1a85d23a 0.787s
2024-12-12 06:50:42.452 66279 INFO tempest.lib.common.rest_client [req-aa5971e3-9859-4a27-b325-e18a91d83e95 req-aa5971e3-9859-4a27-b325-e18a91d83e95 ] Request (ServersWithSpecificFlavorTestJSON:test_verify_created_server_ephemeral_disk): 200 GET http://10.180.1.21/compute/v2.1/servers/ab44615a-1ad2-4a6e-9730-a36879dd0e63/os-interface 0.845s
