2024-12-12 06:51:21.867 66286 INFO tempest.lib.common.rest_client [req-e4bcac1a-6e37-48b2-bec5-7cb9cd9294e8 req-e4bcac1a-6e37-48b2-bec5-7cb9cd9294e8 ] Request (VolumesAdminNegativeTest:test_update_attached_volume_with_nonexistent_volume_in_body): 200 GET http://10.180.1.21/compute/v2.1/servers/512f1357-cb29-440a-9c61-f4c75dab4207 0.213s
2024-12-12 06:51:21.874 66286 INFO tempest.common.waiters [-] State transition "BUILD/scheduling" ==> "BUILD/None" after 28 second wait
2024-12-12 06:51:21.917 66244 INFO tempest.lib.common.rest_client [req-92ec3558-18e2-4e9b-8206-5b10ee0dfca7 req-92ec3558-18e2-4e9b-8206-5b10ee0dfca7 ] Request (ServerShowV254Test:test_rebuild_server): 200 GET http://10.180.1.21/compute/v2.1/servers/645b60de-8a61-4c6f-bdb8-b36ee7e082d3 0.206s
2024-12-12 06:51:21.968 66258 INFO tempest.lib.common.rest_client [req-62aebd47-d60f-4dd8-b7b9-9e64923ca658 req-62aebd47-d60f-4dd8-b7b9-9e64923ca658 ] Request (ListImageFiltersTestJSON:setUpClass): 200 GET http://10.180.1.21/compute/v2.1/servers/c33578cb-62b1-4f28-84c7-20a628d74712 0.311s
2024-12-12 06:51:22.010 66230 INFO tempest.lib.common.rest_client [req-1b90ce69-f37b-4427-9cb6-22112e84d1ee req-1b90ce69-f37b-4427-9cb6-22112e84d1ee ] Request (ServersTestBootFromVolume:setUpClass): 200 GET http://10.180.1.21/compute/v2.1/servers/843864d3-0354-4f0c-9e70-533b4c5b9712 0.059s
2024-12-12 06:51:22.132 66272 INFO tempest.lib.common.rest_client [req-9f63e77d-da8b-4d28-b25e-2f7a260ff24a req-9f63e77d-da8b-4d28-b25e-2f7a260ff24a ] Request (AttachInterfacesUnderV243Test:test_add_remove_fixed_ip): 200 GET http://10.180.1.21/compute/v2.1/servers/f284c206-f517-4ff6-aa4f-412d9831c6ac 0.060s
2024-12-12 06:51:22.190 66284 INFO tempest.lib.common.rest_client [req-6f07e26d-909d-4560-8c80-6946f63b12e4 req-6f07e26d-909d-4560-8c80-6946f63b12e4 ] Request (DeleteServersAdminTestJSON:test_admin_delete_servers_of_others): 200 GET http://10.180.1.21/compute/v2.1/servers/3a679cd2-5cf8-4125-8354-9db55b8f18f5 0.062s
2024-12-12 06:51:22.237 66232 INFO tempest.lib.common.rest_client [req-f9f1bd3f-4392-4cb0-8118-919ba006e937 req-f9f1bd3f-4392-4cb0-8118-919ba006e937 ] Request (ServersAdminTestJSON:setUpClass): 200 GET http://10.180.1.21/compute/v2.1/servers/35f546a5-222c-47db-982e-9c7fa73d2381 0.181s
2024-12-12 06:51:22.244 66232 INFO tempest.common.waiters [-] State transition "BUILD/spawning" ==> "ACTIVE/None" after 53 second wait
2024-12-12 06:51:22.248 66250 INFO tempest.lib.common.rest_client [req-4a45823e-34db-4a9d-abee-e8f52e6b62c6 req-4a45823e-34db-4a9d-abee-e8f52e6b62c6 ] Request (DeleteServersTestJSON:test_delete_active_server): 200 GET http://10.180.1.21/compute/v2.1/servers/d33a79ce-b109-47f3-a565-3a7019896c97 0.105s
2024-12-12 06:51:22.297 66234 INFO tempest.lib.common.rest_client [req-af9d4806-a109-4f03-8385-66506d0284d2 req-af9d4806-a109-4f03-8385-66506d0284d2 ] Request (ListServerFiltersTestJSON:setUpClass): 200 GET http://10.180.1.21/compute/v2.1/servers/0aa7b9ae-72a8-4b1c-997c-67d78422f15b 0.091s
2024-12-12 06:51:22.359 66232 INFO tempest.lib.common.rest_client [req-5e6cdd4d-35f0-4c85-90d1-c36d1ae60c90 req-5e6cdd4d-35f0-4c85-90d1-c36d1ae60c90 ] Request (ServersAdminTestJSON:setUpClass): 200 GET http://10.180.1.21/compute/v2.1/servers/dfb8b226-70ba-415c-b183-6a81e9aa3026 0.115s
2024-12-12 06:51:22.407 66288 INFO tempest.lib.common.rest_client [req-ece35d41-1b8c-4cb9-ade0-5285af75495b req-ece35d41-1b8c-4cb9-ade0-5285af75495b ] Request (ServerAddressesTestJSON:setUpClass): 200 GET http://10.180.1.21/compute/v2.1/servers/89c1a690-0166-40a5-9947-5e4fd6c90748 0.080s
2024-12-12 06:51:22.445 66232 INFO tempest.lib.common.rest_client [req-095289e7-068f-4d4a-8832-f880da3d5002 req-095289e7-068f-4d4a-8832-f880da3d5002 ] Request (ServersAdminTestJSON:test_create_server_with_scheduling_hint): 201 POST http://10.180.1.21/identity/v3/auth/tokens 0.076s
2024-12-12 06:51:22.445 66232 INFO tempest.lib.common.fixed_network [-] (ServersAdminTestJSON:test_create_server_with_scheduling_hint) Found network {'id': 'fd1f8a1b-3b78-411d-8fae-bc54aa2313e8', 'name': 'tempest-ServersAdminTestJSON-1362759368-network', 'tenant_id': '2c4a0338d8a14cd59fcd49b0a6a8fff5', 'admin_state_up': True, 'mtu': 8950, 'status': 'ACTIVE', 'subnets': [], 'shared': False, 'project_id': '2c4a0338d8a14cd59fcd49b0a6a8fff5', 'port_security_enabled': True, 'router:external': False, 'provider:network_type': 'vlan', 'provider:physical_network': 'default', 'provider:segmentation_id': 819, 'availability_zone_hints': [], 'availability_zones': [], 'ipv4_address_scope': None, 'ipv6_address_scope': None, 'description': '', 'tags': [], 'created_at': '2024-12-12T06:50:14Z', 'updated_at': '2024-12-12T06:50:14Z', 'revision_number': 1} available for tenant
2024-12-12 06:51:22.479 66236 INFO tempest.lib.common.rest_client [req-28794e68-daf6-479f-b72f-45b8df89f137 req-28794e68-daf6-479f-b72f-45b8df89f137 ] Request (ServerDiagnosticsV248Test:tearDownClass): 200 GET http://10.180.1.21/compute/v2.1/servers/1efa2920-b9aa-40b6-8719-57b4d1724b83 0.092s
2024-12-12 06:51:22.584 66256 INFO tempest.lib.common.rest_client [req-deeb49c5-8bc1-4ae0-8d4e-074657649e45 req-deeb49c5-8bc1-4ae0-8d4e-074657649e45 ] Request (MigrationsAdminTest:test_list_migrations_in_flavor_resize_situation): 200 GET http://10.180.1.21/compute/v2.1/servers/b7f2c76f-ebcd-494d-9c5d-62cd6e0b4113 0.159s
2024-12-12 06:51:22.670 66242 INFO tempest.lib.common.rest_client [req-0fe44b4c-52b7-4dcc-b227-24b9668dfc3b req-0fe44b4c-52b7-4dcc-b227-24b9668dfc3b ] Request (ServersAdminNegativeTestJSON:tearDownClass): 200 GET http://10.180.1.21/compute/v2.1/servers/f1bfa3c1-7b62-4e45-b9ba-68f40e80fb49 0.401s
2024-12-12 06:51:22.729 66281 INFO tempest.lib.common.rest_client [req-29aee156-b5b9-4621-9353-2bcdd8d11a78 req-29aee156-b5b9-4621-9353-2bcdd8d11a78 ] Request (ServersTestFqdnHostnames:tearDownClass): 200 GET http://10.180.1.21/compute/v2.1/servers/3bd6551a-141e-4e53-80f4-447ad4896265 0.279s
2024-12-12 06:51:22.793 66266 INFO tempest.lib.common.rest_client [req-a6d3ef92-4825-4e17-9654-7e7c1294be4b req-a6d3ef92-4825-4e17-9654-7e7c1294be4b ] Request (ImagesTestJSON:test_create_image_from_suspended_server): 200 GET http://10.180.1.21/compute/v2.1/servers/c984ffc7-5f46-4e7e-93b8-a18e4c321b11 0.301s
2024-12-12 06:51:22.847 66262 INFO tempest.lib.common.rest_client [req-382b15e5-38b1-4a83-b7f2-39275189d04d req-382b15e5-38b1-4a83-b7f2-39275189d04d ] Request (ServersAaction247Test:test_create_backup): 200 GET http://10.180.1.21/compute/v2.1/servers/eb5f2021-ffbe-400e-bef4-809fdfa4422e 0.302s
2024-12-12 06:51:22.890 66232 INFO tempest.lib.common.rest_client [req-d37b84d2-8e3e-405f-af3a-dbbce5a4f862 req-d37b84d2-8e3e-405f-af3a-dbbce5a4f862 ] Request (ServersAdminTestJSON:test_create_server_with_scheduling_hint): 202 POST http://10.180.1.21/compute/v2.1/servers 0.444s
2024-12-12 06:51:22.910 66248 INFO tempest.lib.common.rest_client [req-fb10aa76-8cdc-42ad-95e0-cea46daa6e08 req-fb10aa76-8cdc-42ad-95e0-cea46daa6e08 ] Request (ServerMetadataNegativeTestJSON:setUpClass): 200 GET http://10.180.1.21/compute/v2.1/servers/34d78da1-345f-43fe-95a1-fc2bb7b12907 0.320s
2024-12-12 06:51:22.954 66268 INFO tempest.lib.common.rest_client [req-e11a6740-8162-4376-aa70-5d62e53c7adf req-e11a6740-8162-4376-aa70-5d62e53c7adf ] Request (FloatingIPsTestJSON:tearDownClass): 200 PUT http://10.180.1.21:9696/networking/v2.0/routers/e82ba4af-0394-497e-b295-0a93ba99b748/remove_router_interface 1.274s
2024-12-12 06:51:22.966 66228 INFO tempest.lib.common.rest_client [req-8b22f8a2-fd83-42fb-8804-e69e74debd2d req-8b22f8a2-fd83-42fb-8804-e69e74debd2d ] Request (AttachInterfacesV270Test:tearDownClass): 200 GET http://10.180.1.21/compute/v2.1/servers/80e2cac6-2438-4896-8997-362523e12084 0.340s
2024-12-12 06:51:22.983 66254 INFO tempest.lib.common.rest_client [req-f832eaa5-25b2-4ebd-97e4-dda0c8466fd9 req-f832eaa5-25b2-4ebd-97e4-dda0c8466fd9 ] Request (ServerActionsV293TestJSON:setUpClass): 200 GET http://10.180.1.21/compute/v2.1/servers/fa66cd32-a744-41ee-a6d9-ae0d131a57ce 0.337s
2024-12-12 06:51:23.053 66264 INFO tempest.lib.common.rest_client [req-41fe89aa-5abd-4b36-b5d5-6dcc7793b3d8 req-41fe89aa-5abd-4b36-b5d5-6dcc7793b3d8 ] Request (ServersNegativeTestJSON:setUpClass): 200 GET http://10.180.1.21/compute/v2.1/servers/dc809566-db46-4911-89d6-0ee07d842fcc 0.297s
2024-12-12 06:51:23.057 66260 INFO tempest.lib.common.rest_client [req-35044615-eb31-4687-bbf3-768eefd90341 req-35044615-eb31-4687-bbf3-768eefd90341 ] Request (ServersTestJSON:setUpClass): 200 GET http://10.180.1.21/compute/v2.1/servers/08f0825a-cc85-4cd5-9d91-48406245d0e2 0.366s
2024-12-12 06:51:23.108 66238 INFO tempest.lib.common.rest_client [req-f3efcdba-ae68-4dbc-b584-e6f12dd9874b req-f3efcdba-ae68-4dbc-b584-e6f12dd9874b ] Request (ServersTestMultiNic:test_verify_multiple_nics_order): 200 GET http://10.180.1.21/compute/v2.1/servers/46f48371-1cc3-4a3e-95bc-5fe7a31f4b7c 0.295s
2024-12-12 06:51:23.116 66274 INFO tempest.lib.common.rest_client [req-b537e5bd-934b-48cb-a838-7f7703a8e90d req-b537e5bd-934b-48cb-a838-7f7703a8e90d ] Request (ServerDiskConfigTestJSON:test_rebuild_server_with_manual_disk_config): 200 GET http://10.180.1.21/compute/v2.1/servers/9c0ff10a-84c8-4857-85e6-5f30991f1ac4 0.359s
2024-12-12 06:51:23.161 66246 WARNING tempest.lib.common.ssh [-] Failed to establish authenticated ssh connection to cirros@10.180.180.131 ([Errno None] Unable to connect to port 22 on 10.180.180.131). Number attempts: 6. Retry after 7 seconds.: paramiko.ssh_exception.NoValidConnectionsError: [Errno None] Unable to connect to port 22 on 10.180.180.131
2024-12-12 06:51:23.171 66286 INFO tempest.lib.common.rest_client [req-9f6e53f2-f00f-4509-a64f-3462f0abb2db req-9f6e53f2-f00f-4509-a64f-3462f0abb2db ] Request (VolumesAdminNegativeTest:test_update_attached_volume_with_nonexistent_volume_in_body): 200 GET http://10.180.1.21/compute/v2.1/servers/512f1357-cb29-440a-9c61-f4c75dab4207 0.296s
2024-12-12 06:51:23.171 66271 INFO tempest.lib.common.rest_client [req-d378e3c7-a40e-468e-b5df-2b124495b653 req-d378e3c7-a40e-468e-b5df-2b124495b653 ] Request (FloatingIPsAssociationTestJSON:tearDownClass): 200 GET http://10.180.1.21/compute/v2.1/servers/3d0abd43-e9ad-49b8-9c48-04fc76596358 0.335s
2024-12-12 06:51:23.212 66232 INFO tempest.lib.common.rest_client [req-4bcea919-0d75-4751-9989-e2865815d113 req-4bcea919-0d75-4751-9989-e2865815d113 ] Request (ServersAdminTestJSON:test_create_server_with_scheduling_hint): 200 GET http://10.180.1.21/compute/v2.1/servers/1f24c7b2-67ce-4271-a77b-c7dfecb0b132 0.321s
2024-12-12 06:51:23.232 66244 INFO tempest.lib.common.rest_client [req-55cc40a6-bf6b-4c56-a977-9a6e0987cc19 req-55cc40a6-bf6b-4c56-a977-9a6e0987cc19 ] Request (ServerShowV254Test:test_rebuild_server): 200 GET http://10.180.1.21/compute/v2.1/servers/645b60de-8a61-4c6f-bdb8-b36ee7e082d3 0.304s
2024-12-12 06:51:23.276 66230 INFO tempest.lib.common.rest_client [req-c1f17b0e-e283-4400-8f21-380e560367d9 req-c1f17b0e-e283-4400-8f21-380e560367d9 ] Request (ServersTestBootFromVolume:setUpClass): 200 GET http://10.180.1.21/compute/v2.1/servers/843864d3-0354-4f0c-9e70-533b4c5b9712 0.259s
2024-12-12 06:51:23.325 66272 INFO tempest.lib.common.rest_client [req-8c5b2b8b-f45a-47d1-b5b4-3e4d9919befd req-8c5b2b8b-f45a-47d1-b5b4-3e4d9919befd ] Request (AttachInterfacesUnderV243Test:test_add_remove_fixed_ip): 200 GET http://10.180.1.21/compute/v2.1/servers/f284c206-f517-4ff6-aa4f-412d9831c6ac 0.181s
2024-12-12 06:51:23.353 66258 INFO tempest.lib.common.rest_client [req-09cc29e1-a88a-4d60-a304-694e549d5506 req-09cc29e1-a88a-4d60-a304-694e549d5506 ] Request (ListImageFiltersTestJSON:setUpClass): 200 GET http://10.180.1.21/compute/v2.1/servers/c33578cb-62b1-4f28-84c7-20a628d74712 0.375s
2024-12-12 06:51:23.359 66258 INFO tempest.common.waiters [-] State transition "ACTIVE/image_uploading" ==> "ACTIVE/None" after 2 second wait
2024-12-12 06:51:23.370 66284 INFO tempest.lib.common.rest_client [req-10c78b14-af81-4662-a623-a5d72948fa2b req-10c78b14-af81-4662-a623-a5d72948fa2b ] Request (DeleteServersAdminTestJSON:test_admin_delete_servers_of_others): 200 GET http://10.180.1.21/compute/v2.1/servers/3a679cd2-5cf8-4125-8354-9db55b8f18f5 0.171s
2024-12-12 06:51:23.414 66234 INFO tempest.lib.common.rest_client [req-97df2dd0-a2ef-4bf3-a035-be12614a9f66 req-97df2dd0-a2ef-4bf3-a035-be12614a9f66 ] Request (ListServerFiltersTestJSON:setUpClass): 200 GET http://10.180.1.21/compute/v2.1/servers/0aa7b9ae-72a8-4b1c-997c-67d78422f15b 0.110s
2024-12-12 06:51:23.417 66250 INFO tempest.lib.common.rest_client [req-edd3e0ff-1853-49b5-8460-89b0c4ea3cc1 req-edd3e0ff-1853-49b5-8460-89b0c4ea3cc1 ] Request (DeleteServersTestJSON:test_delete_active_server): 200 GET http://10.180.1.21/compute/v2.1/servers/d33a79ce-b109-47f3-a565-3a7019896c97 0.162s
2024-12-12 06:51:23.446 66268 INFO tempest.lib.common.rest_client [req-04583fe2-4a22-48c2-8b12-87936a3e874f req-04583fe2-4a22-48c2-8b12-87936a3e874f ] Request (FloatingIPsTestJSON:tearDownClass): 204 DELETE http://10.180.1.21:9696/networking/v2.0/routers/e82ba4af-0394-497e-b295-0a93ba99b748 0.492s
2024-12-12 06:51:23.477 66288 INFO tempest.lib.common.rest_client [req-aa919bd0-07f6-458e-b60b-e6e33990faf2 req-aa919bd0-07f6-458e-b60b-e6e33990faf2 ] Request (ServerAddressesTestJSON:setUpClass): 200 GET http://10.180.1.21/compute/v2.1/servers/89c1a690-0166-40a5-9947-5e4fd6c90748 0.060s
2024-12-12 06:51:23.560 66268 INFO tempest.lib.common.rest_client [req-15682402-b7e9-4444-84d4-a4ebbfb00b64 req-15682402-b7e9-4444-84d4-a4ebbfb00b64 ] Request (FloatingIPsTestJSON:tearDownClass): 204 DELETE http://10.180.1.21:9696/networking/v2.0/subnets/c2ec516a-15ab-409d-9f6a-72f88a232d49 0.114s
2024-12-12 06:51:23.563 66236 INFO tempest.lib.common.rest_client [req-35c72483-10f7-4794-8b3b-e85d3eda3a32 req-35c72483-10f7-4794-8b3b-e85d3eda3a32 ] Request (ServerDiagnosticsV248Test:tearDownClass): 200 GET http://10.180.1.21/compute/v2.1/servers/1efa2920-b9aa-40b6-8719-57b4d1724b83 0.067s
2024-12-12 06:51:23.714 66268 INFO tempest.lib.common.rest_client [req-6532da35-11f3-4ae7-a1b3-8b422115019e req-6532da35-11f3-4ae7-a1b3-8b422115019e ] Request (FloatingIPsTestJSON:tearDownClass): 204 DELETE http://10.180.1.21:9696/networking/v2.0/networks/5fd5ceac-a706-400e-8549-fea8b429a505 0.153s
2024-12-12 06:51:23.734 66256 INFO tempest.lib.common.rest_client [req-b2c70395-870d-43ae-80f7-9150a714710d req-b2c70395-870d-43ae-80f7-9150a714710d ] Request (MigrationsAdminTest:test_list_migrations_in_flavor_resize_situation): 200 GET http://10.180.1.21/compute/v2.1/servers/b7f2c76f-ebcd-494d-9c5d-62cd6e0b4113 0.143s
2024-12-12 06:51:23.742 66256 INFO tempest.common.waiters [-] State transition "RESIZE/resize_migrating" ==> "RESIZE/resize_migrated" after 45 second wait
2024-12-12 06:51:23.802 66268 INFO tempest.lib.common.rest_client [req-09a2704e-5534-4740-bb55-371793b771c4 req-09a2704e-5534-4740-bb55-371793b771c4 ] Request (FloatingIPsTestJSON:tearDownClass): 204 DELETE http://10.180.1.21/identity/v3/users/cdcc30e32ec34c6ba15049695fc68b0e 0.088s
2024-12-12 06:51:23.802 66268 INFO tempest.lib.common.dynamic_creds [-] Deleting project and security group for project: 5bd4d5e6499645b998504e0de28ebe10
2024-12-12 06:51:23.807 66242 INFO tempest.lib.common.rest_client [req-d6d102f8-0aab-4125-aaa3-cbd55897b139 req-d6d102f8-0aab-4125-aaa3-cbd55897b139 ] Request (ServersAdminNegativeTestJSON:tearDownClass): 200 GET http://10.180.1.21/compute/v2.1/servers/f1bfa3c1-7b62-4e45-b9ba-68f40e80fb49 0.128s
2024-12-12 06:51:23.813 66242 INFO tempest.common.waiters [-] State transition "SUSPENDED/deleting" ==> "DELETED/None" after 2 second wait
2024-12-12 06:51:23.828 66258 INFO tempest.lib.common.rest_client [req-df489776-2c5b-4ebc-903e-e23c17cda1cf req-df489776-2c5b-4ebc-903e-e23c17cda1cf ] Request (ListImageFiltersTestJSON:setUpClass): 202 POST http://10.180.1.21/compute/v2.1/servers/bfd760c6-7315-4a25-91a2-c5556ccc8598/action 0.468s
2024-12-12 06:51:23.834 66268 INFO tempest.lib.common.rest_client [req-12aa445b-fb71-422e-8e4b-988dcf631abe req-12aa445b-fb71-422e-8e4b-988dcf631abe ] Request (FloatingIPsTestJSON:tearDownClass): 200 GET http://10.180.1.21:9696/networking/v2.0/security-groups?tenant_id=5bd4d5e6499645b998504e0de28ebe10&name=default 0.031s
2024-12-12 06:51:23.871 66281 INFO tempest.lib.common.rest_client [req-d448548d-f5e8-4961-8446-1d3732eee1b0 req-d448548d-f5e8-4961-8446-1d3732eee1b0 ] Request (ServersTestFqdnHostnames:tearDownClass): 200 GET http://10.180.1.21/compute/v2.1/servers/3bd6551a-141e-4e53-80f4-447ad4896265 0.135s
2024-12-12 06:51:23.886 66266 INFO tempest.lib.common.rest_client [req-57a98844-3904-4dbd-9785-f7e04afbfb4c req-57a98844-3904-4dbd-9785-f7e04afbfb4c ] Request (ImagesTestJSON:test_create_image_from_suspended_server): 200 GET http://10.180.1.21/compute/v2.1/servers/c984ffc7-5f46-4e7e-93b8-a18e4c321b11 0.084s
2024-12-12 06:51:23.903 66258 INFO tempest.lib.common.rest_client [req-5f2a4d12-8733-4200-a52e-df84a23c004d req-5f2a4d12-8733-4200-a52e-df84a23c004d ] Request (ListImageFiltersTestJSON:setUpClass): 200 GET http://10.180.1.21/compute/v2.1/images/72155f53-8bf8-45d2-86e5-550edda0be83 0.074s
2024-12-12 06:51:23.974 66248 INFO tempest.lib.common.rest_client [req-58b8cbc6-c91e-4d85-af36-033a4e0c3d9e req-58b8cbc6-c91e-4d85-af36-033a4e0c3d9e ] Request (ServerMetadataNegativeTestJSON:setUpClass): 200 GET http://10.180.1.21/compute/v2.1/servers/34d78da1-345f-43fe-95a1-fc2bb7b12907 0.057s
2024-12-12 06:51:24.054 66228 INFO tempest.lib.common.rest_client [req-349340e1-560c-419c-bb63-95a516599fe5 req-349340e1-560c-419c-bb63-95a516599fe5 ] Request (AttachInterfacesV270Test:tearDownClass): 200 GET http://10.180.1.21/compute/v2.1/servers/80e2cac6-2438-4896-8997-362523e12084 0.073s
2024-12-12 06:51:24.106 66254 INFO tempest.lib.common.rest_client [req-49dd27eb-dd79-4ea7-b4dd-5d87928b033c req-49dd27eb-dd79-4ea7-b4dd-5d87928b033c ] Request (ServerActionsV293TestJSON:setUpClass): 200 GET http://10.180.1.21/compute/v2.1/servers/fa66cd32-a744-41ee-a6d9-ae0d131a57ce 0.108s
2024-12-12 06:51:24.143 66262 INFO tempest.lib.common.rest_client [req-9bbd4a65-3ded-4924-a5e7-6d1138dc355d req-9bbd4a65-3ded-4924-a5e7-6d1138dc355d ] Request (ServersAaction247Test:test_create_backup): 200 GET http://10.180.1.21/compute/v2.1/servers/eb5f2021-ffbe-400e-bef4-809fdfa4422e 0.285s
2024-12-12 06:51:24.160 66264 INFO tempest.lib.common.rest_client [req-c7a1c9e2-080b-45ca-90f6-8d0a37812e49 req-c7a1c9e2-080b-45ca-90f6-8d0a37812e49 ] Request (ServersNegativeTestJSON:setUpClass): 200 GET http://10.180.1.21/compute/v2.1/servers/dc809566-db46-4911-89d6-0ee07d842fcc 0.099s
2024-12-12 06:51:24.163 66268 INFO tempest.lib.common.rest_client [req-fa2c7fb1-6813-4518-ba0f-bc040a80465d req-fa2c7fb1-6813-4518-ba0f-bc040a80465d ] Request (FloatingIPsTestJSON:tearDownClass): 204 DELETE http://10.180.1.21:9696/networking/v2.0/security-groups/7446be1a-e590-45ce-a7eb-0f76ef0d8b81 0.329s
2024-12-12 06:51:24.199 66260 INFO tempest.lib.common.rest_client [req-ba3c0519-d4e8-48dc-9431-3b146798e289 req-ba3c0519-d4e8-48dc-9431-3b146798e289 ] Request (ServersTestJSON:setUpClass): 200 GET http://10.180.1.21/compute/v2.1/servers/08f0825a-cc85-4cd5-9d91-48406245d0e2 0.129s
2024-12-12 06:51:24.214 66238 INFO tempest.lib.common.rest_client [req-0e2ac2b7-b170-4f85-8d36-ecb12b7b5388 req-0e2ac2b7-b170-4f85-8d36-ecb12b7b5388 ] Request (ServersTestMultiNic:test_verify_multiple_nics_order): 200 GET http://10.180.1.21/compute/v2.1/servers/46f48371-1cc3-4a3e-95bc-5fe7a31f4b7c 0.097s
2024-12-12 06:51:24.267 66274 INFO tempest.lib.common.rest_client [req-d001b4f0-6888-4270-a2c1-e119f5b3cd07 req-d001b4f0-6888-4270-a2c1-e119f5b3cd07 ] Request (ServerDiskConfigTestJSON:test_rebuild_server_with_manual_disk_config): 200 GET http://10.180.1.21/compute/v2.1/servers/9c0ff10a-84c8-4857-85e6-5f30991f1ac4 0.144s
2024-12-12 06:51:24.273 66286 INFO tempest.lib.common.rest_client [req-d7fe8bcd-1c25-4cc0-b3d0-e76bb4854c95 req-d7fe8bcd-1c25-4cc0-b3d0-e76bb4854c95 ] Request (VolumesAdminNegativeTest:test_update_attached_volume_with_nonexistent_volume_in_body): 200 GET http://10.180.1.21/compute/v2.1/servers/512f1357-cb29-440a-9c61-f4c75dab4207 0.093s
2024-12-12 06:51:24.296 66268 INFO tempest.lib.common.rest_client [req-a1688502-4c8f-425b-8d2b-3d86b8ca9121 req-a1688502-4c8f-425b-8d2b-3d86b8ca9121 ] Request (FloatingIPsTestJSON:tearDownClass): 204 DELETE http://10.180.1.21/identity/v3/projects/5bd4d5e6499645b998504e0de28ebe10 0.132s
2024-12-12 06:51:24.297 66268 INFO tempest.test [-] raised in ServerStableDeviceRescueTestIDE.setUpClass. Invoking tearDownClass.
2024-12-12 06:51:24.319 66271 INFO tempest.lib.common.rest_client [req-ec4c8aa0-d89f-487a-9254-6c636317f03c req-ec4c8aa0-d89f-487a-9254-6c636317f03c ] Request (FloatingIPsAssociationTestJSON:tearDownClass): 200 GET http://10.180.1.21/compute/v2.1/servers/3d0abd43-e9ad-49b8-9c48-04fc76596358 0.138s
2024-12-12 06:51:24.329 66232 INFO tempest.lib.common.rest_client [req-bb6ac188-8356-4fdb-ae03-c1728bd4e279 req-bb6ac188-8356-4fdb-ae03-c1728bd4e279 ] Request (ServersAdminTestJSON:test_create_server_with_scheduling_hint): 200 GET http://10.180.1.21/compute/v2.1/servers/1f24c7b2-67ce-4271-a77b-c7dfecb0b132 0.105s
2024-12-12 06:51:24.372 66244 INFO tempest.lib.common.rest_client [req-a5c70699-cedd-42bf-9041-a9cbc8a99f0e req-a5c70699-cedd-42bf-9041-a9cbc8a99f0e ] Request (ServerShowV254Test:test_rebuild_server): 200 GET http://10.180.1.21/compute/v2.1/servers/645b60de-8a61-4c6f-bdb8-b36ee7e082d3 0.129s
2024-12-12 06:51:24.380 66244 INFO tempest.common.waiters [-] State transition "BUILD/scheduling" ==> "BUILD/None" after 29 second wait
2024-12-12 06:51:24.386 66230 INFO tempest.lib.common.rest_client [req-df5d9e86-b539-439c-a796-563c323a0a16 req-df5d9e86-b539-439c-a796-563c323a0a16 ] Request (ServersTestBootFromVolume:setUpClass): 200 GET http://10.180.1.21/compute/v2.1/servers/843864d3-0354-4f0c-9e70-533b4c5b9712 0.103s
2024-12-12 06:51:24.417 66272 INFO tempest.lib.common.rest_client [req-be63112c-630c-463f-a48e-1fd00ecbb782 req-be63112c-630c-463f-a48e-1fd00ecbb782 ] Request (AttachInterfacesUnderV243Test:test_add_remove_fixed_ip): 200 GET http://10.180.1.21/compute/v2.1/servers/f284c206-f517-4ff6-aa4f-412d9831c6ac 0.085s
2024-12-12 06:51:24.439 66284 INFO tempest.lib.common.rest_client [req-6a8b9653-e70f-45b9-bb8b-a107f5ecd31b req-6a8b9653-e70f-45b9-bb8b-a107f5ecd31b ] Request (DeleteServersAdminTestJSON:test_admin_delete_servers_of_others): 200 GET http://10.180.1.21/compute/v2.1/servers/3a679cd2-5cf8-4125-8354-9db55b8f18f5 0.062s
2024-12-12 06:51:24.468 66234 INFO tempest.lib.common.rest_client [req-16f9189a-2f83-413f-b659-d4559e4085cd req-16f9189a-2f83-413f-b659-d4559e4085cd ] Request (ListServerFiltersTestJSON:setUpClass): 200 GET http://10.180.1.21/compute/v2.1/servers/0aa7b9ae-72a8-4b1c-997c-67d78422f15b 0.047s
2024-12-12 06:51:24.486 66250 INFO tempest.lib.common.rest_client [req-fc438345-7200-4b06-b70f-7e9ffb02c61f req-fc438345-7200-4b06-b70f-7e9ffb02c61f ] Request (DeleteServersTestJSON:test_delete_active_server): 200 GET http://10.180.1.21/compute/v2.1/servers/d33a79ce-b109-47f3-a565-3a7019896c97 0.061s
2024-12-12 06:51:24.543 66288 INFO tempest.lib.common.rest_client [req-cb4d889a-efae-465a-abf1-3ac31a592204 req-cb4d889a-efae-465a-abf1-3ac31a592204 ] Request (ServerAddressesTestJSON:setUpClass): 200 GET http://10.180.1.21/compute/v2.1/servers/89c1a690-0166-40a5-9947-5e4fd6c90748 0.060s
2024-12-12 06:51:24.631 66236 INFO tempest.lib.common.rest_client [req-58fc3a0b-56ab-4a73-a6c1-889f6f977b5b req-58fc3a0b-56ab-4a73-a6c1-889f6f977b5b ] Request (ServerDiagnosticsV248Test:tearDownClass): 200 GET http://10.180.1.21/compute/v2.1/servers/1efa2920-b9aa-40b6-8719-57b4d1724b83 0.059s
2024-12-12 06:51:24.875 66256 INFO tempest.lib.common.rest_client [req-b24bde05-1ddc-4f61-99fe-07436b70b104 req-b24bde05-1ddc-4f61-99fe-07436b70b104 ] Request (MigrationsAdminTest:test_list_migrations_in_flavor_resize_situation): 200 GET http://10.180.1.21/compute/v2.1/servers/b7f2c76f-ebcd-494d-9c5d-62cd6e0b4113 0.132s
2024-12-12 06:51:24.891 66242 INFO tempest.lib.common.rest_client [req-670b74b3-b7d5-4b6a-9de2-1243e3ccf5bf req-670b74b3-b7d5-4b6a-9de2-1243e3ccf5bf ] Request (ServersAdminNegativeTestJSON:tearDownClass): 200 GET http://10.180.1.21/compute/v2.1/servers/f1bfa3c1-7b62-4e45-b9ba-68f40e80fb49 0.077s
2024-12-12 06:51:24.944 66281 INFO tempest.lib.common.rest_client [req-d31d0d4e-8f77-4a01-82f7-52d2ab08b745 req-d31d0d4e-8f77-4a01-82f7-52d2ab08b745 ] Request (ServersTestFqdnHostnames:tearDownClass): 200 GET http://10.180.1.21/compute/v2.1/servers/3bd6551a-141e-4e53-80f4-447ad4896265 0.065s
2024-12-12 06:51:24.955 66266 INFO tempest.lib.common.rest_client [req-79a81e57-8049-4276-bb86-b278ced0520a req-79a81e57-8049-4276-bb86-b278ced0520a ] Request (ImagesTestJSON:test_create_image_from_suspended_server): 200 GET http://10.180.1.21/compute/v2.1/servers/c984ffc7-5f46-4e7e-93b8-a18e4c321b11 0.060s
2024-12-12 06:51:24.977 66258 INFO tempest.lib.common.rest_client [req-cb0c3327-3a01-46cb-aa53-a99e5f716702 req-cb0c3327-3a01-46cb-aa53-a99e5f716702 ] Request (ListImageFiltersTestJSON:setUpClass): 200 GET http://10.180.1.21/compute/v2.1/images/72155f53-8bf8-45d2-86e5-550edda0be83 0.071s
2024-12-12 06:51:25.044 66248 INFO tempest.lib.common.rest_client [req-e4ab688b-544f-4698-b74b-4535373ea5f9 req-e4ab688b-544f-4698-b74b-4535373ea5f9 ] Request (ServerMetadataNegativeTestJSON:setUpClass): 200 GET http://10.180.1.21/compute/v2.1/servers/34d78da1-345f-43fe-95a1-fc2bb7b12907 0.062s
2024-12-12 06:51:25.120 66228 INFO tempest.lib.common.rest_client [req-e9ec524f-acca-49f5-97a6-081a9ecc73b7 req-e9ec524f-acca-49f5-97a6-081a9ecc73b7 ] Request (AttachInterfacesV270Test:tearDownClass): 200 GET http://10.180.1.21/compute/v2.1/servers/80e2cac6-2438-4896-8997-362523e12084 0.057s
2024-12-12 06:51:25.173 66254 INFO tempest.lib.common.rest_client [req-4bf89f35-505e-4e0e-802b-edd63d657729 req-4bf89f35-505e-4e0e-802b-edd63d657729 ] Request (ServerActionsV293TestJSON:setUpClass): 200 GET http://10.180.1.21/compute/v2.1/servers/fa66cd32-a744-41ee-a6d9-ae0d131a57ce 0.057s
2024-12-12 06:51:25.203 66262 INFO tempest.lib.common.rest_client [req-5b3dcf2a-4d63-489b-8090-51030cfd7a61 req-5b3dcf2a-4d63-489b-8090-51030cfd7a61 ] Request (ServersAaction247Test:test_create_backup): 200 GET http://10.180.1.21/compute/v2.1/servers/eb5f2021-ffbe-400e-bef4-809fdfa4422e 0.049s
2024-12-12 06:51:25.215 66264 INFO tempest.lib.common.rest_client [req-2efb1944-e564-451e-8784-3d1680438689 req-2efb1944-e564-451e-8784-3d1680438689 ] Request (ServersNegativeTestJSON:setUpClass): 200 GET http://10.180.1.21/compute/v2.1/servers/dc809566-db46-4911-89d6-0ee07d842fcc 0.046s
2024-12-12 06:51:25.255 66260 INFO tempest.lib.common.rest_client [req-0c46b58c-1bcd-44eb-92a3-33227e4ec553 req-0c46b58c-1bcd-44eb-92a3-33227e4ec553 ] Request (ServersTestJSON:setUpClass): 200 GET http://10.180.1.21/compute/v2.1/servers/08f0825a-cc85-4cd5-9d91-48406245d0e2 0.046s
2024-12-12 06:51:25.274 66238 INFO tempest.lib.common.rest_client [req-7172e34b-4711-4d33-82d3-2dea901f4d25 req-7172e34b-4711-4d33-82d3-2dea901f4d25 ] Request (ServersTestMultiNic:test_verify_multiple_nics_order): 200 GET http://10.180.1.21/compute/v2.1/servers/46f48371-1cc3-4a3e-95bc-5fe7a31f4b7c 0.045s
2024-12-12 06:51:25.322 66274 INFO tempest.lib.common.rest_client [req-8db5d95c-5705-475b-9f77-2d84f1013f2b req-8db5d95c-5705-475b-9f77-2d84f1013f2b ] Request (ServerDiskConfigTestJSON:test_rebuild_server_with_manual_disk_config): 200 GET http://10.180.1.21/compute/v2.1/servers/9c0ff10a-84c8-4857-85e6-5f30991f1ac4 0.046s
2024-12-12 06:51:25.327 66286 INFO tempest.lib.common.rest_client [req-ee35172c-0d1d-42fb-badd-e422754db2bf req-ee35172c-0d1d-42fb-badd-e422754db2bf ] Request (VolumesAdminNegativeTest:test_update_attached_volume_with_nonexistent_volume_in_body): 200 GET http://10.180.1.21/compute/v2.1/servers/512f1357-cb29-440a-9c61-f4c75dab4207 0.046s
2024-12-12 06:51:25.376 66271 INFO tempest.lib.common.rest_client [req-063b09e1-3209-458f-b48c-c1570145a466 req-063b09e1-3209-458f-b48c-c1570145a466 ] Request (FloatingIPsAssociationTestJSON:tearDownClass): 200 GET http://10.180.1.21/compute/v2.1/servers/3d0abd43-e9ad-49b8-9c48-04fc76596358 0.050s
2024-12-12 06:51:25.382 66232 INFO tempest.lib.common.rest_client [req-8dc06645-d955-4dc6-ae30-da51b4550b90 req-8dc06645-d955-4dc6-ae30-da51b4550b90 ] Request (ServersAdminTestJSON:test_create_server_with_scheduling_hint): 200 GET http://10.180.1.21/compute/v2.1/servers/1f24c7b2-67ce-4271-a77b-c7dfecb0b132 0.046s
2024-12-12 06:51:25.426 66244 INFO tempest.lib.common.rest_client [req-33ea8c13-6e3d-4099-a8a6-79295d8e6c06 req-33ea8c13-6e3d-4099-a8a6-79295d8e6c06 ] Request (ServerShowV254Test:test_rebuild_server): 200 GET http://10.180.1.21/compute/v2.1/servers/645b60de-8a61-4c6f-bdb8-b36ee7e082d3 0.045s
2024-12-12 06:51:25.444 66230 INFO tempest.lib.common.rest_client [req-ec8febc8-6344-4e74-80ad-2a4cdb22a834 req-ec8febc8-6344-4e74-80ad-2a4cdb22a834 ] Request (ServersTestBootFromVolume:setUpClass): 200 GET http://10.180.1.21/compute/v2.1/servers/843864d3-0354-4f0c-9e70-533b4c5b9712 0.050s
2024-12-12 06:51:25.470 66272 INFO tempest.lib.common.rest_client [req-4d4cdf66-789c-403e-a30c-82807af4ee53 req-4d4cdf66-789c-403e-a30c-82807af4ee53 ] Request (AttachInterfacesUnderV243Test:test_add_remove_fixed_ip): 200 GET http://10.180.1.21/compute/v2.1/servers/f284c206-f517-4ff6-aa4f-412d9831c6ac 0.044s
2024-12-12 06:51:25.493 66284 INFO tempest.lib.common.rest_client [req-9d9d9c61-1831-4fca-9637-0bed46e60839 req-9d9d9c61-1831-4fca-9637-0bed46e60839 ] Request (DeleteServersAdminTestJSON:test_admin_delete_servers_of_others): 200 GET http://10.180.1.21/compute/v2.1/servers/3a679cd2-5cf8-4125-8354-9db55b8f18f5 0.047s
2024-12-12 06:51:25.519 66234 INFO tempest.lib.common.rest_client [req-641e100d-db47-4965-aa46-ad9417136053 req-641e100d-db47-4965-aa46-ad9417136053 ] Request (ListServerFiltersTestJSON:setUpClass): 200 GET http://10.180.1.21/compute/v2.1/servers/0aa7b9ae-72a8-4b1c-997c-67d78422f15b 0.044s
2024-12-12 06:51:25.539 66250 INFO tempest.lib.common.rest_client [req-587b42fd-21f0-44ba-9c91-5de6c4c64b5a req-587b42fd-21f0-44ba-9c91-5de6c4c64b5a ] Request (DeleteServersTestJSON:test_delete_active_server): 200 GET http://10.180.1.21/compute/v2.1/servers/d33a79ce-b109-47f3-a565-3a7019896c97 0.046s
2024-12-12 06:51:25.597 66288 INFO tempest.lib.common.rest_client [req-a7c54707-09a4-43ed-a40b-6d6cf434594d req-a7c54707-09a4-43ed-a40b-6d6cf434594d ] Request (ServerAddressesTestJSON:setUpClass): 200 GET http://10.180.1.21/compute/v2.1/servers/89c1a690-0166-40a5-9947-5e4fd6c90748 0.046s
2024-12-12 06:51:25.658 66252 WARNING tempest.lib.common.ssh [-] Failed to establish authenticated ssh connection to cirros@10.180.180.203 ([Errno None] Unable to connect to port 22 on 10.180.180.203). Number attempts: 1. Retry after 2 seconds.: paramiko.ssh_exception.NoValidConnectionsError: [Errno None] Unable to connect to port 22 on 10.180.180.203
2024-12-12 06:51:25.695 66236 INFO tempest.lib.common.rest_client [req-6714e8b6-2dda-4744-baec-45bac7372e54 req-6714e8b6-2dda-4744-baec-45bac7372e54 ] Request (ServerDiagnosticsV248Test:tearDownClass): 200 GET http://10.180.1.21/compute/v2.1/servers/1efa2920-b9aa-40b6-8719-57b4d1724b83 0.055s
2024-12-12 06:51:25.956 66242 INFO tempest.lib.common.rest_client [req-466ba4d8-e59b-4106-b234-b8faa1af730c req-466ba4d8-e59b-4106-b234-b8faa1af730c ] Request (ServersAdminNegativeTestJSON:tearDownClass): 200 GET http://10.180.1.21/compute/v2.1/servers/f1bfa3c1-7b62-4e45-b9ba-68f40e80fb49 0.058s
2024-12-12 06:51:25.978 66256 INFO tempest.lib.common.rest_client [req-3cf63ff9-b682-4f61-a12d-370d4a8b2d83 req-3cf63ff9-b682-4f61-a12d-370d4a8b2d83 ] Request (MigrationsAdminTest:test_list_migrations_in_flavor_resize_situation): 200 GET http://10.180.1.21/compute/v2.1/servers/b7f2c76f-ebcd-494d-9c5d-62cd6e0b4113 0.096s
2024-12-12 06:51:26.015 66281 INFO tempest.lib.common.rest_client [req-63507eae-5b4f-47b1-859c-51deaff7312d req-63507eae-5b4f-47b1-859c-51deaff7312d ] Request (ServersTestFqdnHostnames:tearDownClass): 200 GET http://10.180.1.21/compute/v2.1/servers/3bd6551a-141e-4e53-80f4-447ad4896265 0.063s
2024-12-12 06:51:26.027 66266 INFO tempest.lib.common.rest_client [req-5640b2cf-da28-48f5-aa20-56d8676b8c42 req-5640b2cf-da28-48f5-aa20-56d8676b8c42 ] Request (ImagesTestJSON:test_create_image_from_suspended_server): 200 GET http://10.180.1.21/compute/v2.1/servers/c984ffc7-5f46-4e7e-93b8-a18e4c321b11 0.065s
2024-12-12 06:51:26.047 66258 INFO tempest.lib.common.rest_client [req-d5fa7202-4cc7-4e68-8d16-56b68f57c1c1 req-d5fa7202-4cc7-4e68-8d16-56b68f57c1c1 ] Request (ListImageFiltersTestJSON:setUpClass): 200 GET http://10.180.1.21/compute/v2.1/images/72155f53-8bf8-45d2-86e5-550edda0be83 0.066s
2024-12-12 06:51:26.097 66248 INFO tempest.lib.common.rest_client [req-98d0c028-fd96-4c46-8f1d-b3368731c423 req-98d0c028-fd96-4c46-8f1d-b3368731c423 ] Request (ServerMetadataNegativeTestJSON:setUpClass): 200 GET http://10.180.1.21/compute/v2.1/servers/34d78da1-345f-43fe-95a1-fc2bb7b12907 0.046s
2024-12-12 06:51:26.199 66228 INFO tempest.lib.common.rest_client [req-a156229a-7f27-4746-bbcc-21ab812c282d req-a156229a-7f27-4746-bbcc-21ab812c282d ] Request (AttachInterfacesV270Test:tearDownClass): 200 GET http://10.180.1.21/compute/v2.1/servers/80e2cac6-2438-4896-8997-362523e12084 0.069s
2024-12-12 06:51:26.236 66254 INFO tempest.lib.common.rest_client [req-fb6d99f9-26b3-4eea-99ec-cb638e2dc7fb req-fb6d99f9-26b3-4eea-99ec-cb638e2dc7fb ] Request (ServerActionsV293TestJSON:setUpClass): 200 GET http://10.180.1.21/compute/v2.1/servers/fa66cd32-a744-41ee-a6d9-ae0d131a57ce 0.054s
2024-12-12 06:51:26.267 66262 INFO tempest.lib.common.rest_client [req-902723c8-9fd9-4d58-be7d-065772fdb24d req-902723c8-9fd9-4d58-be7d-065772fdb24d ] Request (ServersAaction247Test:test_create_backup): 200 GET http://10.180.1.21/compute/v2.1/servers/eb5f2021-ffbe-400e-bef4-809fdfa4422e 0.056s
2024-12-12 06:51:26.283 66264 INFO tempest.lib.common.rest_client [req-ec18b4bc-5ae1-4126-9abb-71ec7f2ea8ce req-ec18b4bc-5ae1-4126-9abb-71ec7f2ea8ce ] Request (ServersNegativeTestJSON:setUpClass): 200 GET http://10.180.1.21/compute/v2.1/servers/dc809566-db46-4911-89d6-0ee07d842fcc 0.061s
2024-12-12 06:51:26.313 66260 INFO tempest.lib.common.rest_client [req-dca8a095-39d8-4c75-8bff-726ffac7b634 req-dca8a095-39d8-4c75-8bff-726ffac7b634 ] Request (ServersTestJSON:setUpClass): 200 GET http://10.180.1.21/compute/v2.1/servers/08f0825a-cc85-4cd5-9d91-48406245d0e2 0.052s
2024-12-12 06:51:26.329 66238 INFO tempest.lib.common.rest_client [req-25c7d0f6-65cf-483f-b44f-47063dc5e7b7 req-25c7d0f6-65cf-483f-b44f-47063dc5e7b7 ] Request (ServersTestMultiNic:test_verify_multiple_nics_order): 200 GET http://10.180.1.21/compute/v2.1/servers/46f48371-1cc3-4a3e-95bc-5fe7a31f4b7c 0.047s
2024-12-12 06:51:26.381 66274 INFO tempest.lib.common.rest_client [req-c0294ab4-30d4-41c4-b724-7ca00e92da92 req-c0294ab4-30d4-41c4-b724-7ca00e92da92 ] Request (ServerDiskConfigTestJSON:test_rebuild_server_with_manual_disk_config): 200 GET http://10.180.1.21/compute/v2.1/servers/9c0ff10a-84c8-4857-85e6-5f30991f1ac4 0.053s
2024-12-12 06:51:26.384 66286 INFO tempest.lib.common.rest_client [req-20cdc6b1-7381-4383-bf2d-a86fc6cb6ccf req-20cdc6b1-7381-4383-bf2d-a86fc6cb6ccf ] Request (VolumesAdminNegativeTest:test_update_attached_volume_with_nonexistent_volume_in_body): 200 GET http://10.180.1.21/compute/v2.1/servers/512f1357-cb29-440a-9c61-f4c75dab4207 0.051s
2024-12-12 06:51:26.438 66271 INFO tempest.lib.common.rest_client [req-dd22046e-66d1-456b-85f5-08ed8530aac0 req-dd22046e-66d1-456b-85f5-08ed8530aac0 ] Request (FloatingIPsAssociationTestJSON:tearDownClass): 200 GET http://10.180.1.21/compute/v2.1/servers/3d0abd43-e9ad-49b8-9c48-04fc76596358 0.055s
2024-12-12 06:51:26.438 66232 INFO tempest.lib.common.rest_client [req-b1eeaeca-2b6d-420f-8bb6-037e47184d36 req-b1eeaeca-2b6d-420f-8bb6-037e47184d36 ] Request (ServersAdminTestJSON:test_create_server_with_scheduling_hint): 200 GET http://10.180.1.21/compute/v2.1/servers/1f24c7b2-67ce-4271-a77b-c7dfecb0b132 0.050s
2024-12-12 06:51:26.484 66244 INFO tempest.lib.common.rest_client [req-4daf76ee-36c9-4289-83c8-b846f4b471f4 req-4daf76ee-36c9-4289-83c8-b846f4b471f4 ] Request (ServerShowV254Test:test_rebuild_server): 200 GET http://10.180.1.21/compute/v2.1/servers/645b60de-8a61-4c6f-bdb8-b36ee7e082d3 0.050s
2024-12-12 06:51:26.502 66230 INFO tempest.lib.common.rest_client [req-4fd1450c-1ba6-4b18-b959-ac10a0ec788c req-4fd1450c-1ba6-4b18-b959-ac10a0ec788c ] Request (ServersTestBootFromVolume:setUpClass): 200 GET http://10.180.1.21/compute/v2.1/servers/843864d3-0354-4f0c-9e70-533b4c5b9712 0.051s
2024-12-12 06:51:26.529 66272 INFO tempest.lib.common.rest_client [req-a3be6d2a-091a-4e96-9aea-e7cb905e129f req-a3be6d2a-091a-4e96-9aea-e7cb905e129f ] Request (AttachInterfacesUnderV243Test:test_add_remove_fixed_ip): 200 GET http://10.180.1.21/compute/v2.1/servers/f284c206-f517-4ff6-aa4f-412d9831c6ac 0.052s
2024-12-12 06:51:26.549 66284 INFO tempest.lib.common.rest_client [req-854bc844-36bd-4ed4-a11c-a0f4a6aebb85 req-854bc844-36bd-4ed4-a11c-a0f4a6aebb85 ] Request (DeleteServersAdminTestJSON:test_admin_delete_servers_of_others): 200 GET http://10.180.1.21/compute/v2.1/servers/3a679cd2-5cf8-4125-8354-9db55b8f18f5 0.048s
2024-12-12 06:51:26.578 66234 INFO tempest.lib.common.rest_client [req-bfca20c4-99f8-4fd8-b19d-1103a11b91fe req-bfca20c4-99f8-4fd8-b19d-1103a11b91fe ] Request (ListServerFiltersTestJSON:setUpClass): 200 GET http://10.180.1.21/compute/v2.1/servers/0aa7b9ae-72a8-4b1c-997c-67d78422f15b 0.052s
2024-12-12 06:51:26.597 66250 INFO tempest.lib.common.rest_client [req-ea08006c-d104-4d56-b661-5f4a656e3422 req-ea08006c-d104-4d56-b661-5f4a656e3422 ] Request (DeleteServersTestJSON:test_delete_active_server): 200 GET http://10.180.1.21/compute/v2.1/servers/d33a79ce-b109-47f3-a565-3a7019896c97 0.050s
2024-12-12 06:51:26.654 66288 INFO tempest.lib.common.rest_client [req-4cd09008-14f9-4dfc-975a-e71b862e153f req-4cd09008-14f9-4dfc-975a-e71b862e153f ] Request (ServerAddressesTestJSON:setUpClass): 200 GET http://10.180.1.21/compute/v2.1/servers/89c1a690-0166-40a5-9947-5e4fd6c90748 0.050s
2024-12-12 06:51:26.759 66236 INFO tempest.lib.common.rest_client [req-6471d142-7bd8-4e39-a476-1a7ac6a49660 req-6471d142-7bd8-4e39-a476-1a7ac6a49660 ] Request (ServerDiagnosticsV248Test:tearDownClass): 200 GET http://10.180.1.21/compute/v2.1/servers/1efa2920-b9aa-40b6-8719-57b4d1724b83 0.056s
2024-12-12 06:51:26.872 66279 WARNING tempest.lib.common.ssh [-] Failed to establish authenticated ssh connection to cirros@10.180.180.240 ([Errno None] Unable to connect to port 22 on 10.180.180.240). Number attempts: 6. Retry after 7 seconds.: paramiko.ssh_exception.NoValidConnectionsError: [Errno None] Unable to connect to port 22 on 10.180.180.240
2024-12-12 06:51:27.030 66242 INFO tempest.lib.common.rest_client [req-09ce9f14-6e64-4a1b-96a2-8e8fb29709a9 req-09ce9f14-6e64-4a1b-96a2-8e8fb29709a9 ] Request (ServersAdminNegativeTestJSON:tearDownClass): 200 GET http://10.180.1.21/compute/v2.1/servers/f1bfa3c1-7b62-4e45-b9ba-68f40e80fb49 0.067s
2024-12-12 06:51:27.079 66281 INFO tempest.lib.common.rest_client [req-1943d377-500b-4708-bdcd-904a8562ae86 req-1943d377-500b-4708-bdcd-904a8562ae86 ] Request (ServersTestFqdnHostnames:tearDownClass): 200 GET http://10.180.1.21/compute/v2.1/servers/3bd6551a-141e-4e53-80f4-447ad4896265 0.057s
2024-12-12 06:51:27.086 66256 INFO tempest.lib.common.rest_client [req-2bd5ae0f-18c0-4e2f-9340-b3a6670d75fd req-2bd5ae0f-18c0-4e2f-9340-b3a6670d75fd ] Request (MigrationsAdminTest:test_list_migrations_in_flavor_resize_situation): 200 GET http://10.180.1.21/compute/v2.1/servers/b7f2c76f-ebcd-494d-9c5d-62cd6e0b4113 0.101s
2024-12-12 06:51:27.091 66256 INFO tempest.common.waiters [-] State transition "RESIZE/resize_migrated" ==> "RESIZE/resize_finish" after 49 second wait
2024-12-12 06:51:27.118 66258 INFO tempest.lib.common.rest_client [req-59b1c481-bf78-4f3b-8021-01252d22a8da req-59b1c481-bf78-4f3b-8021-01252d22a8da ] Request (ListImageFiltersTestJSON:setUpClass): 200 GET http://10.180.1.21/compute/v2.1/images/72155f53-8bf8-45d2-86e5-550edda0be83 0.067s
2024-12-12 06:51:27.129 66266 INFO tempest.lib.common.rest_client [req-594143aa-3cf4-417d-ba9f-0b124c17d036 req-594143aa-3cf4-417d-ba9f-0b124c17d036 ] Request (ImagesTestJSON:test_create_image_from_suspended_server): 200 GET http://10.180.1.21/compute/v2.1/servers/c984ffc7-5f46-4e7e-93b8-a18e4c321b11 0.096s
2024-12-12 06:51:27.164 66248 INFO tempest.lib.common.rest_client [req-fc7a478c-1f34-42cf-aab3-f9a2112a354d req-fc7a478c-1f34-42cf-aab3-f9a2112a354d ] Request (ServerMetadataNegativeTestJSON:setUpClass): 200 GET http://10.180.1.21/compute/v2.1/servers/34d78da1-345f-43fe-95a1-fc2bb7b12907 0.060s
2024-12-12 06:51:27.264 66228 INFO tempest.lib.common.rest_client [req-8c447e11-db30-41fe-8e7a-050da2f4e59d req-8c447e11-db30-41fe-8e7a-050da2f4e59d ] Request (AttachInterfacesV270Test:tearDownClass): 200 GET http://10.180.1.21/compute/v2.1/servers/80e2cac6-2438-4896-8997-362523e12084 0.056s
2024-12-12 06:51:27.301 66254 INFO tempest.lib.common.rest_client [req-e6799dab-ec14-4a10-86fb-c52d466e1e31 req-e6799dab-ec14-4a10-86fb-c52d466e1e31 ] Request (ServerActionsV293TestJSON:setUpClass): 200 GET http://10.180.1.21/compute/v2.1/servers/fa66cd32-a744-41ee-a6d9-ae0d131a57ce 0.053s
2024-12-12 06:51:27.328 66262 INFO tempest.lib.common.rest_client [req-65a143ce-e89d-4628-a316-eb2126ac3b51 req-65a143ce-e89d-4628-a316-eb2126ac3b51 ] Request (ServersAaction247Test:test_create_backup): 200 GET http://10.180.1.21/compute/v2.1/servers/eb5f2021-ffbe-400e-bef4-809fdfa4422e 0.052s
2024-12-12 06:51:27.348 66264 INFO tempest.lib.common.rest_client [req-53ce2eed-c18f-4852-9176-eb562a2967c8 req-53ce2eed-c18f-4852-9176-eb562a2967c8 ] Request (ServersNegativeTestJSON:setUpClass): 200 GET http://10.180.1.21/compute/v2.1/servers/dc809566-db46-4911-89d6-0ee07d842fcc 0.053s
2024-12-12 06:51:27.371 66260 INFO tempest.lib.common.rest_client [req-2b84af29-5801-4efe-b715-0b4d8e9b0cbc req-2b84af29-5801-4efe-b715-0b4d8e9b0cbc ] Request (ServersTestJSON:setUpClass): 200 GET http://10.180.1.21/compute/v2.1/servers/08f0825a-cc85-4cd5-9d91-48406245d0e2 0.049s
2024-12-12 06:51:27.390 66238 INFO tempest.lib.common.rest_client [req-185e489b-e9f0-4581-8754-fbf3bde3dbe4 req-185e489b-e9f0-4581-8754-fbf3bde3dbe4 ] Request (ServersTestMultiNic:test_verify_multiple_nics_order): 200 GET http://10.180.1.21/compute/v2.1/servers/46f48371-1cc3-4a3e-95bc-5fe7a31f4b7c 0.054s
2024-12-12 06:51:27.434 66274 INFO tempest.lib.common.rest_client [req-80f732f6-c90b-445f-b314-5282d86d6509 req-80f732f6-c90b-445f-b314-5282d86d6509 ] Request (ServerDiskConfigTestJSON:test_rebuild_server_with_manual_disk_config): 200 GET http://10.180.1.21/compute/v2.1/servers/9c0ff10a-84c8-4857-85e6-5f30991f1ac4 0.047s
2024-12-12 06:51:27.437 66286 INFO tempest.lib.common.rest_client [req-0700975a-4880-470d-9e89-4ae64fc68179 req-0700975a-4880-470d-9e89-4ae64fc68179 ] Request (VolumesAdminNegativeTest:test_update_attached_volume_with_nonexistent_volume_in_body): 200 GET http://10.180.1.21/compute/v2.1/servers/512f1357-cb29-440a-9c61-f4c75dab4207 0.046s
2024-12-12 06:51:27.491 66232 INFO tempest.lib.common.rest_client [req-cb9823ae-df27-4dce-bae3-0b2d66833037 req-cb9823ae-df27-4dce-bae3-0b2d66833037 ] Request (ServersAdminTestJSON:test_create_server_with_scheduling_hint): 200 GET http://10.180.1.21/compute/v2.1/servers/1f24c7b2-67ce-4271-a77b-c7dfecb0b132 0.045s
2024-12-12 06:51:27.500 66271 INFO tempest.lib.common.rest_client [req-e5f615c1-0feb-43b0-859d-e1d47836009b req-e5f615c1-0feb-43b0-859d-e1d47836009b ] Request (FloatingIPsAssociationTestJSON:tearDownClass): 200 GET http://10.180.1.21/compute/v2.1/servers/3d0abd43-e9ad-49b8-9c48-04fc76596358 0.055s
2024-12-12 06:51:27.542 66244 INFO tempest.lib.common.rest_client [req-b5877bfa-f9d1-49ce-85cc-fb229684e1cc req-b5877bfa-f9d1-49ce-85cc-fb229684e1cc ] Request (ServerShowV254Test:test_rebuild_server): 200 GET http://10.180.1.21/compute/v2.1/servers/645b60de-8a61-4c6f-bdb8-b36ee7e082d3 0.049s
2024-12-12 06:51:27.558 66230 INFO tempest.lib.common.rest_client [req-eeaf629d-8cf0-407f-b562-5874785f25d5 req-eeaf629d-8cf0-407f-b562-5874785f25d5 ] Request (ServersTestBootFromVolume:setUpClass): 200 GET http://10.180.1.21/compute/v2.1/servers/843864d3-0354-4f0c-9e70-533b4c5b9712 0.050s
2024-12-12 06:51:27.589 66272 INFO tempest.lib.common.rest_client [req-92786486-90bc-4c26-957e-b627d9a91279 req-92786486-90bc-4c26-957e-b627d9a91279 ] Request (AttachInterfacesUnderV243Test:test_add_remove_fixed_ip): 200 GET http://10.180.1.21/compute/v2.1/servers/f284c206-f517-4ff6-aa4f-412d9831c6ac 0.053s
2024-12-12 06:51:27.610 66284 INFO tempest.lib.common.rest_client [req-e333bd73-6651-4f16-bda8-1936b4c83ee8 req-e333bd73-6651-4f16-bda8-1936b4c83ee8 ] Request (DeleteServersAdminTestJSON:test_admin_delete_servers_of_others): 200 GET http://10.180.1.21/compute/v2.1/servers/3a679cd2-5cf8-4125-8354-9db55b8f18f5 0.052s
2024-12-12 06:51:27.638 66234 INFO tempest.lib.common.rest_client [req-b43782ab-b65d-4816-abbf-705e73e31833 req-b43782ab-b65d-4816-abbf-705e73e31833 ] Request (ListServerFiltersTestJSON:setUpClass): 200 GET http://10.180.1.21/compute/v2.1/servers/0aa7b9ae-72a8-4b1c-997c-67d78422f15b 0.052s
2024-12-12 06:51:27.655 66250 INFO tempest.lib.common.rest_client [req-7e183139-c951-4bab-956e-c04494e43e0c req-7e183139-c951-4bab-956e-c04494e43e0c ] Request (DeleteServersTestJSON:test_delete_active_server): 200 GET http://10.180.1.21/compute/v2.1/servers/d33a79ce-b109-47f3-a565-3a7019896c97 0.050s
2024-12-12 06:51:27.709 66288 INFO tempest.lib.common.rest_client [req-477117a2-864d-4852-b6f5-ef7f452f00a4 req-477117a2-864d-4852-b6f5-ef7f452f00a4 ] Request (ServerAddressesTestJSON:setUpClass): 200 GET http://10.180.1.21/compute/v2.1/servers/89c1a690-0166-40a5-9947-5e4fd6c90748 0.048s
2024-12-12 06:51:27.824 66236 INFO tempest.lib.common.rest_client [req-58fa2e5f-d82c-444a-b203-adaa076da8a9 req-58fa2e5f-d82c-444a-b203-adaa076da8a9 ] Request (ServerDiagnosticsV248Test:tearDownClass): 200 GET http://10.180.1.21/compute/v2.1/servers/1efa2920-b9aa-40b6-8719-57b4d1724b83 0.055s
2024-12-12 06:51:28.090 66242 INFO tempest.lib.common.rest_client [req-381189f5-05cf-48fc-98bf-1b7e19fec149 req-381189f5-05cf-48fc-98bf-1b7e19fec149 ] Request (ServersAdminNegativeTestJSON:tearDownClass): 200 GET http://10.180.1.21/compute/v2.1/servers/f1bfa3c1-7b62-4e45-b9ba-68f40e80fb49 0.053s
2024-12-12 06:51:28.141 66281 INFO tempest.lib.common.rest_client [req-4d6dd664-95f7-486b-bd1d-adadb8f01584 req-4d6dd664-95f7-486b-bd1d-adadb8f01584 ] Request (ServersTestFqdnHostnames:tearDownClass): 200 GET http://10.180.1.21/compute/v2.1/servers/3bd6551a-141e-4e53-80f4-447ad4896265 0.055s
2024-12-12 06:51:28.170 66258 INFO tempest.lib.common.rest_client [req-48dca99a-a56b-47ae-93a2-c01dbcfc4a94 req-48dca99a-a56b-47ae-93a2-c01dbcfc4a94 ] Request (ListImageFiltersTestJSON:setUpClass): 200 GET http://10.180.1.21/compute/v2.1/images/72155f53-8bf8-45d2-86e5-550edda0be83 0.048s
2024-12-12 06:51:28.214 66256 INFO tempest.lib.common.rest_client [req-ba3eef34-86cb-467b-9d60-8ae342ad709d req-ba3eef34-86cb-467b-9d60-8ae342ad709d ] Request (MigrationsAdminTest:test_list_migrations_in_flavor_resize_situation): 200 GET http://10.180.1.21/compute/v2.1/servers/b7f2c76f-ebcd-494d-9c5d-62cd6e0b4113 0.121s
2024-12-12 06:51:28.217 66266 INFO tempest.lib.common.rest_client [req-c4525a28-c5a2-4a45-8c2d-5d009e03b9be req-c4525a28-c5a2-4a45-8c2d-5d009e03b9be ] Request (ImagesTestJSON:test_create_image_from_suspended_server): 200 GET http://10.180.1.21/compute/v2.1/servers/c984ffc7-5f46-4e7e-93b8-a18e4c321b11 0.079s
2024-12-12 06:51:28.257 66248 INFO tempest.lib.common.rest_client [req-4682f5d1-adff-4187-a926-5e43949dac4d req-4682f5d1-adff-4187-a926-5e43949dac4d ] Request (ServerMetadataNegativeTestJSON:setUpClass): 200 GET http://10.180.1.21/compute/v2.1/servers/34d78da1-345f-43fe-95a1-fc2bb7b12907 0.086s
2024-12-12 06:51:28.331 66228 INFO tempest.lib.common.rest_client [req-e2ac8dc5-1f46-4720-9140-e21ad32420ff req-e2ac8dc5-1f46-4720-9140-e21ad32420ff ] Request (AttachInterfacesV270Test:tearDownClass): 200 GET http://10.180.1.21/compute/v2.1/servers/80e2cac6-2438-4896-8997-362523e12084 0.058s
2024-12-12 06:51:28.364 66254 INFO tempest.lib.common.rest_client [req-4d1478a8-7863-4e20-a24b-2834636b427f req-4d1478a8-7863-4e20-a24b-2834636b427f ] Request (ServerActionsV293TestJSON:setUpClass): 200 GET http://10.180.1.21/compute/v2.1/servers/fa66cd32-a744-41ee-a6d9-ae0d131a57ce 0.054s
2024-12-12 06:51:28.386 66262 INFO tempest.lib.common.rest_client [req-d7797e31-9e1d-4446-9884-c6c4b657693a req-d7797e31-9e1d-4446-9884-c6c4b657693a ] Request (ServersAaction247Test:test_create_backup): 200 GET http://10.180.1.21/compute/v2.1/servers/eb5f2021-ffbe-400e-bef4-809fdfa4422e 0.050s
2024-12-12 06:51:28.411 66264 INFO tempest.lib.common.rest_client [req-3423f9c6-40b3-45d4-b00b-a6e13c88107a req-3423f9c6-40b3-45d4-b00b-a6e13c88107a ] Request (ServersNegativeTestJSON:setUpClass): 200 GET http://10.180.1.21/compute/v2.1/servers/dc809566-db46-4911-89d6-0ee07d842fcc 0.056s
2024-12-12 06:51:28.429 66260 INFO tempest.lib.common.rest_client [req-0f18ad01-9beb-449d-80bc-36f3533ffeb1 req-0f18ad01-9beb-449d-80bc-36f3533ffeb1 ] Request (ServersTestJSON:setUpClass): 200 GET http://10.180.1.21/compute/v2.1/servers/08f0825a-cc85-4cd5-9d91-48406245d0e2 0.051s
2024-12-12 06:51:28.458 66238 INFO tempest.lib.common.rest_client [req-6fb0400a-d487-46f0-af16-31129f71da4d req-6fb0400a-d487-46f0-af16-31129f71da4d ] Request (ServersTestMultiNic:test_verify_multiple_nics_order): 200 GET http://10.180.1.21/compute/v2.1/servers/46f48371-1cc3-4a3e-95bc-5fe7a31f4b7c 0.061s
