2024-10-10 11:54:50.566 62135 INFO tempest.lib.common.rest_client [req-48320b71-f6b9-4305-a3c5-28dace465958 req-48320b71-f6b9-4305-a3c5-28dace465958 ] Request (ImagesNegativeTestJSON:test_create_image_from_deleted_server): 200 GET http://10.180.1.21/compute/v2.1/servers/57f77a5f-87d0-4a9a-80ea-4b24baf33d02 1.323s
2024-10-10 11:54:50.578 62135 INFO tempest.common.waiters [-] State transition "BUILD/None" ==> "BUILD/spawning" after 6 second wait
2024-10-10 11:54:50.581 62093 INFO tempest.lib.common.rest_client [req-6fa321ec-b5a8-49e4-8fa3-cefdb8937196 req-6fa321ec-b5a8-49e4-8fa3-cefdb8937196 ] Request (FlavorsExtraSpecsNegativeTestJSON:tearDownClass): 200 GET http://10.180.1.21/compute/v2.1/flavors/detail 1.194s
2024-10-10 11:54:50.597 62137 INFO tempest.lib.common.rest_client [req-23f3f7ad-11cf-4348-9460-b27558738712 req-23f3f7ad-11cf-4348-9460-b27558738712 ] Request (FlavorsAdminTestJSON:test_create_flavor_with_uuid_id): 200 POST http://10.180.1.21/compute/v2.1/flavors 1.192s
2024-10-10 11:54:50.612 62122 INFO tempest.lib.common.rest_client [req-1d3f802c-4354-4842-aee3-ce3e0cf28188 req-1d3f802c-4354-4842-aee3-ce3e0cf28188 ] Request (FlavorsV261TestJSON:_run_cleanups): 200 GET http://10.180.1.21/compute/v2.1/flavors/detail 1.200s
2024-10-10 11:54:50.619 62151 INFO tempest.lib.common.rest_client [req-659d1d4b-12fc-4312-b363-81779842fc17 req-659d1d4b-12fc-4312-b363-81779842fc17 ] Request (HostsAdminNegativeTestJSON:test_update_host_with_invalid_status): 400 PUT http://10.180.1.21/compute/v2.1/os-hosts/devstack 1.199s
2024-10-10 11:54:50.632 62155 INFO tempest.lib.common.rest_client [req-1b7774fa-4c12-4811-bb97-a20140179f0b req-1b7774fa-4c12-4811-bb97-a20140179f0b ] Request (FlavorsAccessNegativeTestJSON:test_flavor_non_admin_add): 200 POST http://10.180.1.21/compute/v2.1/flavors 1.196s
2024-10-10 11:54:50.644 62127 INFO tempest.lib.common.rest_client [req-dd692efa-003f-4ebf-989d-3bad0c314204 req-dd692efa-003f-4ebf-989d-3bad0c314204 ] Request (FlavorsExtraSpecsTestJSON:test_flavor_set_get_update_show_unset_keys): 200 GET http://10.180.1.21/compute/v2.1/flavors/575041524/os-extra_specs 1.198s
2024-10-10 11:54:50.703 62131 INFO tempest.lib.common.rest_client [req-397abea1-dff5-4feb-b77c-0df679ae04f4 req-397abea1-dff5-4feb-b77c-0df679ae04f4 ] Request (SecurityGroupsTestAdminJSON:test_list_security_groups_list_all_tenants_filter): 200 GET http://10.180.1.21/compute/v2.1/os-security-groups?all_tenants=true 1.390s
2024-10-10 11:54:50.731 62103 INFO tempest.lib.common.rest_client [req-3058e138-198e-477e-bc57-8a5670eab6bd req-3058e138-198e-477e-bc57-8a5670eab6bd ] Request (ServerGroupTestJSON:test_create_delete_server_group_with_anti_affinity_policy): 204 DELETE http://10.180.1.21/compute/v2.1/os-server-groups/418fc2ca-4c05-44ca-8ce3-66fe22cbe7cf 1.224s
2024-10-10 11:54:50.741 62093 INFO tempest.lib.common.rest_client [req-e16a36ff-3bab-475e-802e-b170f0770dcc req-e16a36ff-3bab-475e-802e-b170f0770dcc ] Request (FlavorsExtraSpecsNegativeTestJSON:tearDownClass): 204 DELETE http://10.180.1.21/identity/v3/users/26a529a955574a9288b80af25dcfc690 0.154s
2024-10-10 11:54:50.780 62122 INFO tempest.lib.common.rest_client [req-71d89578-7523-4b4d-891c-50a959fdb808 req-71d89578-7523-4b4d-891c-50a959fdb808 ] Request (FlavorsV261TestJSON:tearDownClass): 204 DELETE http://10.180.1.21/identity/v3/users/4ed13f39f3d5434296eb686d3ef86303 0.157s
2024-10-10 11:54:50.860 62093 INFO tempest.lib.common.rest_client [req-5c4024a3-afb1-4034-a671-c4d5a3e661df req-5c4024a3-afb1-4034-a671-c4d5a3e661df ] Request (FlavorsExtraSpecsNegativeTestJSON:tearDownClass): 204 DELETE http://10.180.1.21/identity/v3/users/c252c4300c004df595af8c015e93ec57 0.119s
2024-10-10 11:54:50.861 62093 INFO tempest.lib.common.dynamic_creds [-] Deleting project and security group for project: a7401510012a4dc6877236eb7313a1a4
2024-10-10 11:54:50.878 62115 INFO tempest.lib.common.rest_client [req-e9341c2f-10f7-424d-b161-97f77d619f10 req-e9341c2f-10f7-424d-b161-97f77d619f10 ] Request (ImagesMetadataTestJSON:test_delete_image_metadata_item): 204 DELETE http://10.180.1.21/compute/v2.1/images/fe802211-ec68-4e22-b3a7-0959c425b569/metadata/os_version 1.356s
2024-10-10 11:54:50.906 62111 INFO tempest.lib.common.rest_client [req-16e23d27-7e7c-488a-b258-572d044edf59 req-16e23d27-7e7c-488a-b258-572d044edf59 ] Request (AggregatesAdminNegativeTestJSON:_run_cleanups): 200 DELETE http://10.180.1.21/compute/v2.1/os-aggregates/3 1.278s
2024-10-10 11:54:50.913 62093 INFO tempest.lib.common.rest_client [req-0af16a84-1c9d-4611-b6ac-9b235c75d2fd req-0af16a84-1c9d-4611-b6ac-9b235c75d2fd ] Request (FlavorsExtraSpecsNegativeTestJSON:tearDownClass): 201 POST http://10.180.1.21/identity/v3/auth/tokens 0.051s
2024-10-10 11:54:50.927 62109 INFO tempest.lib.common.rest_client [req-4fc8bf64-1d45-473e-a3a7-59513663014d req-4fc8bf64-1d45-473e-a3a7-59513663014d ] Request (QuotasAdminTestJSON:test_get_updated_quotas): 200 PUT http://10.180.1.21/compute/v2.1/os-quota-sets/d1480eebb20d4a1ea851fa98d291cf91 1.477s
2024-10-10 11:54:50.945 62122 INFO tempest.lib.common.rest_client [req-fa1ce969-9538-48d3-99cf-0e513aa42233 req-fa1ce969-9538-48d3-99cf-0e513aa42233 ] Request (FlavorsV261TestJSON:tearDownClass): 204 DELETE http://10.180.1.21/identity/v3/users/7f59c6b4345e45dbade6d9e59448deda 0.165s
2024-10-10 11:54:50.945 62122 INFO tempest.lib.common.dynamic_creds [-] Deleting project and security group for project: c22cda9791f947dc818abc52e82484c9
2024-10-10 11:54:51.048 62107 INFO tempest.lib.common.rest_client [req-eb5b3321-e70e-4abb-9d18-7a0a27c148e3 req-eb5b3321-e70e-4abb-9d18-7a0a27c148e3 ] Request (SecurityGroupRulesNegativeTestJSON:tearDownClass): 202 DELETE http://10.180.1.21/compute/v2.1/os-security-groups/db3fbaea-2287-4470-b008-9854fa222ec2 0.983s
2024-10-10 11:54:51.060 62122 INFO tempest.lib.common.rest_client [req-d7e95ffd-87e6-4c6b-b3ce-c81a02395074 req-d7e95ffd-87e6-4c6b-b3ce-c81a02395074 ] Request (FlavorsV261TestJSON:tearDownClass): 201 POST http://10.180.1.21/identity/v3/auth/tokens 0.114s
2024-10-10 11:54:51.101 62105 INFO tempest.lib.common.rest_client [req-9716f9e7-460d-4971-81a2-1d7afaf9f4c0 req-9716f9e7-460d-4971-81a2-1d7afaf9f4c0 ] Request (ServerShowV247Test:test_show_server): 200 GET http://10.180.1.21/compute/v2.1/servers/41ac9f9b-5cd3-4302-86ac-8ef7cae603b6 1.206s
2024-10-10 11:54:51.180 62095 INFO tempest.lib.common.rest_client [req-73a6c86c-d175-4c5d-acd3-acf7d3972bf2 req-73a6c86c-d175-4c5d-acd3-acf7d3972bf2 ] Request (ServerDiagnosticsNegativeTest:test_get_server_diagnostics_by_non_admin): 200 GET http://10.180.1.21/compute/v2.1/servers/8c006d14-dbd9-40b9-a474-06382fea3b2f 1.030s
2024-10-10 11:54:51.188 62095 INFO tempest.common.waiters [-] State transition "BUILD/None" ==> "BUILD/networking" after 6 second wait
2024-10-10 11:54:51.191 62105 INFO tempest.lib.common.rest_client [req-8113d561-bf42-4221-9291-6762c697b535 req-8113d561-bf42-4221-9291-6762c697b535 ] Request (ServerShowV247Test:test_update_rebuild_list_server): 201 POST http://10.180.1.21/identity/v3/auth/tokens 0.076s
2024-10-10 11:54:51.191 62105 INFO tempest.lib.common.fixed_network [-] (ServerShowV247Test:test_update_rebuild_list_server) Found network None available for tenant
2024-10-10 11:54:51.197 62093 INFO tempest.lib.common.rest_client [req-fb66510b-5c31-4900-ad03-ca23a7955638 req-fb66510b-5c31-4900-ad03-ca23a7955638 ] Request (FlavorsExtraSpecsNegativeTestJSON:tearDownClass): 200 GET http://10.180.1.21:9696/networking/v2.0/security-groups?tenant_id=a7401510012a4dc6877236eb7313a1a4&name=default 0.284s
2024-10-10 11:54:51.248 62099 INFO tempest.lib.common.rest_client [req-542ed04f-7cbf-4b34-934d-7f1b78b532b1 req-542ed04f-7cbf-4b34-934d-7f1b78b532b1 ] Request (ImagesOneServerTestJSON:setUpClass): 200 GET http://10.180.1.21/compute/v2.1/servers/4b39d9ad-b7d3-4464-b9e0-799440b445e4 1.014s
2024-10-10 11:54:51.260 62099 INFO tempest.common.waiters [-] State transition "BUILD/scheduling" ==> "BUILD/None" after 2 second wait
2024-10-10 11:54:51.273 62143 INFO tempest.lib.common.rest_client [req-deb724b9-d5a4-43ae-954d-0bd05770ad11 req-deb724b9-d5a4-43ae-954d-0bd05770ad11 ] Request (ServicesAdminNegativeTestJSON:test_get_service_with_valid_service_and_invalid_host): 200 GET http://10.180.1.21/compute/v2.1/os-services 1.030s
2024-10-10 11:54:51.298 62122 INFO tempest.lib.common.rest_client [req-150a9a75-be6b-44f2-a8c9-d09dd1f4ba65 req-150a9a75-be6b-44f2-a8c9-d09dd1f4ba65 ] Request (FlavorsV261TestJSON:tearDownClass): 200 GET http://10.180.1.21:9696/networking/v2.0/security-groups?tenant_id=c22cda9791f947dc818abc52e82484c9&name=default 0.238s
2024-10-10 11:54:51.306 62093 INFO tempest.lib.common.rest_client [req-45a6d4a0-3903-47b5-9742-f034d4e29d91 req-45a6d4a0-3903-47b5-9742-f034d4e29d91 ] Request (FlavorsExtraSpecsNegativeTestJSON:tearDownClass): 204 DELETE http://10.180.1.21:9696/networking/v2.0/security-groups/6ab76297-40ee-4512-9906-ee205a7eec79 0.108s
2024-10-10 11:54:51.372 62093 INFO tempest.lib.common.rest_client [req-75cf0ab0-b844-4bf8-9e81-497646d891d8 req-75cf0ab0-b844-4bf8-9e81-497646d891d8 ] Request (FlavorsExtraSpecsNegativeTestJSON:tearDownClass): 204 DELETE http://10.180.1.21/identity/v3/projects/a7401510012a4dc6877236eb7313a1a4 0.066s
2024-10-10 11:54:51.372 62093 INFO tempest.lib.common.dynamic_creds [-] Deleting project and security group for project: a029282c53934158b96d7619f7f05191
2024-10-10 11:54:51.454 62093 INFO tempest.lib.common.rest_client [req-69c2bb82-1751-49e5-a0d4-90b255915c79 req-69c2bb82-1751-49e5-a0d4-90b255915c79 ] Request (FlavorsExtraSpecsNegativeTestJSON:tearDownClass): 200 GET http://10.180.1.21:9696/networking/v2.0/security-groups?tenant_id=a029282c53934158b96d7619f7f05191&name=default 0.082s
2024-10-10 11:54:51.512 62149 INFO tempest.lib.common.rest_client [req-26b00a14-5301-4bd4-9bcc-97aa25df65f8 req-26b00a14-5301-4bd4-9bcc-97aa25df65f8 ] Request (QuotasAdminNegativeTest:test_create_server_when_memory_quota_is_full): 403 POST http://10.180.1.21/compute/v2.1/servers 1.221s
2024-10-10 11:54:51.531 62122 INFO tempest.lib.common.rest_client [req-96519fa2-f9f0-46d7-85de-1fe5da287e6d req-96519fa2-f9f0-46d7-85de-1fe5da287e6d ] Request (FlavorsV261TestJSON:tearDownClass): 204 DELETE http://10.180.1.21:9696/networking/v2.0/security-groups/0efe6a14-7277-40c2-98a1-da3c60957ddf 0.232s
2024-10-10 11:54:51.577 62125 INFO tempest.lib.common.rest_client [req-8bb916a8-7077-4d27-b9ac-62773a63a805 req-8bb916a8-7077-4d27-b9ac-62773a63a805 ] Request (ServersTestManualDisk:setUpClass): 200 GET http://10.180.1.21/compute/v2.1/servers/3765dd5b-2fd3-4acb-87b8-e5a7d8df4113 1.062s
2024-10-10 11:54:51.589 62145 INFO tempest.lib.common.rest_client [req-940e1134-a5ec-4d57-90b5-0e87cc6110ad req-940e1134-a5ec-4d57-90b5-0e87cc6110ad ] Request (FloatingIPDetailsTestJSON:tearDownClass): 202 DELETE http://10.180.1.21/compute/v2.1/os-floating-ips/1fc986d2-05ac-42b5-9495-06a38f4f8812 1.494s
2024-10-10 11:54:51.629 62097 INFO tempest.lib.common.rest_client [req-71e21b0a-d3a3-46c4-9865-c8d4aa2b5c5e req-71e21b0a-d3a3-46c4-9865-c8d4aa2b5c5e ] Request (TenantUsagesTestJSON:setUpClass): 200 GET http://10.180.1.21/compute/v2.1/servers/c1c15498-af88-4fcf-9a58-7060502bcaf2 1.098s
2024-10-10 11:54:51.639 62093 INFO tempest.lib.common.rest_client [req-1c63a709-0b5e-4cce-8371-d629409ee103 req-1c63a709-0b5e-4cce-8371-d629409ee103 ] Request (FlavorsExtraSpecsNegativeTestJSON:tearDownClass): 204 DELETE http://10.180.1.21:9696/networking/v2.0/security-groups/0bea334e-06f9-4c72-a45a-0576dd32e240 0.184s
2024-10-10 11:54:51.656 62153 INFO tempest.lib.common.rest_client [req-3faeedde-9a8d-478f-8fda-0573e7188582 req-3faeedde-9a8d-478f-8fda-0573e7188582 ] Request (MigrationsAdminTest:test_list_migrations_in_flavor_resize_situation): 200 GET http://10.180.1.21/compute/v2.1/servers/052ff2f0-770a-4511-ae0c-e351ad987904 1.099s
2024-10-10 11:54:51.684 62137 INFO tempest.lib.common.rest_client [req-d2d2acfe-d05e-4c58-9e01-700c670c588d req-d2d2acfe-d05e-4c58-9e01-700c670c588d ] Request (FlavorsAdminTestJSON:_run_cleanups): 202 DELETE http://10.180.1.21/compute/v2.1/flavors/1412ec0f-5762-40fc-b91d-b707ffd9934f 1.084s
2024-10-10 11:54:51.684 62117 INFO tempest.lib.common.rest_client [req-13239a61-0285-4de9-8da2-6bc8e26887ae req-13239a61-0285-4de9-8da2-6bc8e26887ae ] Request (SecurityGroupsTestJSON:test_list_security_groups_by_server): 200 GET http://10.180.1.21/compute/v2.1/servers/4c02ebbd-345f-4253-bc28-f90c731c78aa 1.111s
2024-10-10 11:54:51.686 62122 INFO tempest.lib.common.rest_client [req-02b81614-449e-4614-b11a-12169266bda7 req-02b81614-449e-4614-b11a-12169266bda7 ] Request (FlavorsV261TestJSON:tearDownClass): 204 DELETE http://10.180.1.21/identity/v3/projects/c22cda9791f947dc818abc52e82484c9 0.154s
2024-10-10 11:54:51.686 62122 INFO tempest.lib.common.dynamic_creds [-] Deleting project and security group for project: a576fcf3853d46e39929c34a26242303
2024-10-10 11:54:51.692 62151 INFO tempest.lib.common.rest_client [req-fa4c0666-c970-4f49-8175-851aa1b62d93 req-fa4c0666-c970-4f49-8175-851aa1b62d93 ] Request (HostsAdminNegativeTestJSON:test_update_host_with_non_admin_user): 403 PUT http://10.180.1.21/compute/v2.1/os-hosts/devstack 1.072s
2024-10-10 11:54:51.746 62093 INFO tempest.lib.common.rest_client [req-c5a9d341-f96f-45b1-bf69-0d5cd1038767 req-c5a9d341-f96f-45b1-bf69-0d5cd1038767 ] Request (FlavorsExtraSpecsNegativeTestJSON:tearDownClass): 204 DELETE http://10.180.1.21/identity/v3/projects/a029282c53934158b96d7619f7f05191 0.106s
2024-10-10 11:54:51.747 62093 INFO tempest.test [-] raised in ServersOnMultiNodesTest.setUpClass. Invoking tearDownClass.
2024-10-10 11:54:51.748 62093 INFO tempest.test [-] raised in TestVolumeSwap.setUpClass. Invoking tearDownClass.
2024-10-10 11:54:51.756 62147 INFO tempest.lib.common.rest_client [req-9579574d-d65f-4731-aeba-6532e241074f req-9579574d-d65f-4731-aeba-6532e241074f ] Request (DeleteServersTestJSON:test_delete_active_server): 200 GET http://10.180.1.21/compute/v2.1/servers/b521cc8c-e214-467f-8399-55f075b9bba3 1.131s
2024-10-10 11:54:51.777 62119 INFO tempest.lib.common.rest_client [req-8210bd77-1150-4525-be51-1fe8e1289d02 req-8210bd77-1150-4525-be51-1fe8e1289d02 ] Request (DeleteServersAdminTestJSON:test_admin_delete_servers_of_others): 200 GET http://10.180.1.21/compute/v2.1/servers/40fd8af8-586c-4292-9acf-fe211337b69a 1.170s
2024-10-10 11:54:51.785 62119 INFO tempest.common.waiters [-] State transition "BUILD/scheduling" ==> "ERROR/None" after 20 second wait
2024-10-10 11:54:51.798 62127 INFO tempest.lib.common.rest_client [req-250edbd2-2f7a-4f40-9493-51f446d29dc1 req-250edbd2-2f7a-4f40-9493-51f446d29dc1 ] Request (FlavorsExtraSpecsTestJSON:tearDownClass): 202 DELETE http://10.180.1.21/compute/v2.1/flavors/575041524 1.152s
2024-10-10 11:54:51.834 62093 INFO tempest.lib.common.rest_client [req-07225655-d52f-4e1f-96b7-baf402449cad req-07225655-d52f-4e1f-96b7-baf402449cad ] Request (VolumesAdminNegativeTest:setUpClass): 201 POST http://10.180.1.21/identity/v3/auth/tokens 0.084s
2024-10-10 11:54:51.865 62155 INFO tempest.lib.common.rest_client [req-e72930f4-05ff-4e49-a275-f130394285fe req-e72930f4-05ff-4e49-a275-f130394285fe ] Request (FlavorsAccessNegativeTestJSON:test_flavor_non_admin_add): 403 POST http://10.180.1.21/compute/v2.1/flavors/1581209399/action 1.231s
2024-10-10 11:54:51.866 62093 INFO tempest.lib.common.rest_client [req-3092fb7e-09eb-4f32-bed9-85ade96b096e req-3092fb7e-09eb-4f32-bed9-85ade96b096e ] Request (VolumesAdminNegativeTest:setUpClass): 201 POST http://10.180.1.21/identity/v3/auth/tokens 0.029s
2024-10-10 11:54:51.885 62130 INFO tempest.lib.common.rest_client [req-3c5be4ee-9afd-4954-b79f-18c485ca006e req-3c5be4ee-9afd-4954-b79f-18c485ca006e ] Request (VolumesAssistedSnapshotsTest:test_volume_assisted_snapshot_create_delete): 200 GET http://10.180.1.21/compute/v2.1/servers/ceaef138-8b51-428b-9966-e6db3e7b0eb3 1.198s
2024-10-10 11:54:51.893 62093 INFO tempest.lib.common.rest_client [req-9e6fcdb3-f41c-48fc-98e2-213a44f1687d req-9e6fcdb3-f41c-48fc-98e2-213a44f1687d ] Request (VolumesAdminNegativeTest:setUpClass): 200 GET http://10.180.1.21/identity/v3/domains?name=Default 0.027s
2024-10-10 11:54:51.923 62093 INFO tempest.lib.common.rest_client [req-9dfcb514-463d-4dea-b979-b647a501f809 req-9dfcb514-463d-4dea-b979-b647a501f809 ] Request (VolumesAdminNegativeTest:setUpClass): 201 POST http://10.180.1.21/identity/v3/projects 0.030s
2024-10-10 11:54:51.942 62122 INFO tempest.lib.common.rest_client [req-d24dd9ae-6f72-4b65-b645-950c2e6dbef0 req-d24dd9ae-6f72-4b65-b645-950c2e6dbef0 ] Request (FlavorsV261TestJSON:tearDownClass): 200 GET http://10.180.1.21:9696/networking/v2.0/security-groups?tenant_id=a576fcf3853d46e39929c34a26242303&name=default 0.255s
2024-10-10 11:54:51.952 62101 INFO tempest.lib.common.rest_client [req-4e44adeb-6d14-4660-be07-6218464a7232 req-4e44adeb-6d14-4660-be07-6218464a7232 ] Request (ServerExternalEventsTest:test_create_server_external_events): 200 GET http://10.180.1.21/compute/v2.1/servers/8e5a01e2-67ba-4832-815f-34767deba62f 1.254s
2024-10-10 11:54:51.968 62103 INFO tempest.lib.common.rest_client [req-8eb7a064-fb6b-4b60-b063-7f364f609b5d req-8eb7a064-fb6b-4b60-b063-7f364f609b5d ] Request (ServerGroupTestJSON:test_create_delete_server_group_with_anti_affinity_policy): 200 GET http://10.180.1.21/compute/v2.1/os-server-groups 1.237s
2024-10-10 11:54:52.003 62093 INFO tempest.lib.common.rest_client [req-998ee86b-c61b-4ea3-bd90-c30d3227d836 req-998ee86b-c61b-4ea3-bd90-c30d3227d836 ] Request (VolumesAdminNegativeTest:setUpClass): 201 POST http://10.180.1.21/identity/v3/users 0.079s
2024-10-10 11:54:52.030 62093 INFO tempest.lib.common.rest_client [req-ed686e4c-77dd-49b1-be22-9d5373679fcc req-ed686e4c-77dd-49b1-be22-9d5373679fcc ] Request (VolumesAdminNegativeTest:setUpClass): 200 GET http://10.180.1.21/identity/v3/roles 0.026s
2024-10-10 11:54:52.054 62123 INFO tempest.lib.common.rest_client [req-5a8562ae-f763-4550-9459-761e8ca849cb req-5a8562ae-f763-4550-9459-761e8ca849cb ] Request (ServerDiagnosticsTest:test_get_server_diagnostics): 200 GET http://10.180.1.21/compute/v2.1/servers/5d11fc94-b63a-475c-bcb3-f212c838668c 1.316s
2024-10-10 11:54:52.089 62115 INFO tempest.lib.common.rest_client [req-a55acff8-7b92-4406-94f1-6b436edbf084 req-a55acff8-7b92-4406-94f1-6b436edbf084 ] Request (ImagesMetadataTestJSON:test_delete_image_metadata_item): 200 GET http://10.180.1.21/compute/v2.1/images/fe802211-ec68-4e22-b3a7-0959c425b569/metadata 1.211s
2024-10-10 11:54:52.096 62111 INFO tempest.lib.common.rest_client [req-1c8a3dfe-1d0e-4bb1-903b-6f688eb17a5e req-1c8a3dfe-1d0e-4bb1-903b-6f688eb17a5e ] Request (AggregatesAdminNegativeTestJSON:test_aggregate_create_aggregate_name_length_exceeds_255): 400 POST http://10.180.1.21/compute/v2.1/os-aggregates 1.188s
2024-10-10 11:54:52.108 62093 INFO tempest.lib.common.rest_client [req-83e4b19c-84f8-4b8a-8600-20bbe5224126 req-83e4b19c-84f8-4b8a-8600-20bbe5224126 ] Request (VolumesAdminNegativeTest:setUpClass): 204 PUT http://10.180.1.21/identity/v3/projects/a95a9d6ac5c3414db6d8891ee1ada25a/users/ba42f2b4883140d4bb94dfac9119e400/roles/8e34242d946b4a7dab451357611c00ec 0.077s
2024-10-10 11:54:52.108 62093 INFO tempest.lib.common.dynamic_creds [-] Dynamic test user ba42f2b4883140d4bb94dfac9119e400 is created with scope project and roles: ['member']
2024-10-10 11:54:52.108 62093 INFO tempest.lib.common.dynamic_creds [-] Acquired dynamic creds: credentials: Credentials: {'domain_id': 'default', 'domain_name': 'Default', 'username': 'tempest-VolumesAdminNegativeTest-1891573675-project-member', 'project_domain_id': 'default', 'project_domain_name': 'Default', 'project_id': 'a95a9d6ac5c3414db6d8891ee1ada25a', 'project_name': 'tempest-VolumesAdminNegativeTest-1891573675', 'tenant_id': 'a95a9d6ac5c3414db6d8891ee1ada25a', 'tenant_name': 'tempest-VolumesAdminNegativeTest-1891573675', 'user_domain_id': 'default', 'user_domain_name': 'Default', 'user_id': 'ba42f2b4883140d4bb94dfac9119e400', 'system': None}, Network: None, Subnet: None, Router: None
2024-10-10 11:54:52.137 62103 INFO tempest.lib.common.rest_client [req-b3acb726-cfeb-49d0-aa3f-c526207e47d5 req-b3acb726-cfeb-49d0-aa3f-c526207e47d5 ] Request (ServerGroupTestJSON:test_create_server_with_scheduler_hint_group): 201 POST http://10.180.1.21/identity/v3/auth/tokens 0.103s
2024-10-10 11:54:52.137 62103 INFO tempest.lib.common.fixed_network [-] (ServerGroupTestJSON:test_create_server_with_scheduler_hint_group) Found network {'id': '4deadba3-c0c5-4fa0-be00-046fe2fad9fa', 'name': 'tempest-ServerGroupTestJSON-1904137584-network', 'tenant_id': 'd8c243d6354e499b97db8ff9a8d27da7', 'admin_state_up': True, 'mtu': 8950, 'status': 'ACTIVE', 'subnets': [], 'shared': False, 'project_id': 'd8c243d6354e499b97db8ff9a8d27da7', 'port_security_enabled': True, 'router:external': False, 'provider:network_type': 'vlan', 'provider:physical_network': 'default', 'provider:segmentation_id': 737, 'is_default': False, 'availability_zone_hints': [], 'availability_zones': [], 'ipv4_address_scope': None, 'ipv6_address_scope': None, 'description': '', 'tags': [], 'created_at': '2024-10-10T11:54:23Z', 'updated_at': '2024-10-10T11:54:23Z', 'revision_number': 1} available for tenant
2024-10-10 11:54:52.161 62122 INFO tempest.lib.common.rest_client [req-32287fef-306c-47d2-9b24-799e0eab1f23 req-32287fef-306c-47d2-9b24-799e0eab1f23 ] Request (FlavorsV261TestJSON:tearDownClass): 204 DELETE http://10.180.1.21:9696/networking/v2.0/security-groups/d6208c3c-7763-4b75-a2c6-94920ad3a123 0.219s
2024-10-10 11:54:52.169 62093 INFO tempest.lib.common.rest_client [req-4ad69b19-ce65-4999-8f04-9153e4d0554f req-4ad69b19-ce65-4999-8f04-9153e4d0554f ] Request (VolumesAdminNegativeTest:setUpClass): 201 POST http://10.180.1.21/identity/v3/auth/tokens 0.061s
2024-10-10 11:54:52.228 62122 INFO tempest.lib.common.rest_client [req-bcc44a6a-f6b8-43be-9e0d-29f67ac43386 req-bcc44a6a-f6b8-43be-9e0d-29f67ac43386 ] Request (FlavorsV261TestJSON:tearDownClass): 204 DELETE http://10.180.1.21/identity/v3/projects/a576fcf3853d46e39929c34a26242303 0.066s
2024-10-10 11:54:52.229 62122 INFO tempest.test [-] raised in LiveMigrationRemoteConsolesV26Test.setUpClass. Invoking tearDownClass.
2024-10-10 11:54:52.270 62109 INFO tempest.lib.common.rest_client [req-881aaa01-f4f6-433c-8cf4-4c9506e67ad8 req-881aaa01-f4f6-433c-8cf4-4c9506e67ad8 ] Request (QuotasAdminTestJSON:test_get_updated_quotas): 200 GET http://10.180.1.21/compute/v2.1/os-quota-sets/d1480eebb20d4a1ea851fa98d291cf91/detail 1.341s
2024-10-10 11:54:52.295 62122 INFO tempest.lib.common.rest_client [req-05fb3145-da92-402a-a599-c5758a3db982 req-05fb3145-da92-402a-a599-c5758a3db982 ] Request (KeyPairsV2TestJSON:setUpClass): 201 POST http://10.180.1.21/identity/v3/auth/tokens 0.063s
2024-10-10 11:54:52.314 62109 INFO tempest.lib.common.rest_client [req-1d45ab0b-7cd4-4d04-a6ef-3ea0ff32e47c req-1d45ab0b-7cd4-4d04-a6ef-3ea0ff32e47c ] Request (QuotasAdminTestJSON:test_get_updated_quotas): 200 GET http://10.180.1.21/identity/v3/domains?name=Default 0.038s
2024-10-10 11:54:52.328 62122 INFO tempest.lib.common.rest_client [req-cb50a8c1-fec0-4a1c-a138-328126a8d297 req-cb50a8c1-fec0-4a1c-a138-328126a8d297 ] Request (KeyPairsV2TestJSON:setUpClass): 201 POST http://10.180.1.21/identity/v3/auth/tokens 0.031s
2024-10-10 11:54:52.348 62122 INFO tempest.lib.common.rest_client [req-4dbe2c27-5167-4c9f-bc68-52c6ec627e71 req-4dbe2c27-5167-4c9f-bc68-52c6ec627e71 ] Request (KeyPairsV2TestJSON:setUpClass): 200 GET http://10.180.1.21/identity/v3/domains?name=Default 0.019s
2024-10-10 11:54:52.351 62109 INFO tempest.lib.common.rest_client [req-d8adc8ca-45b1-4835-ac58-65485c8eb4a2 req-d8adc8ca-45b1-4835-ac58-65485c8eb4a2 ] Request (QuotasAdminTestJSON:test_get_updated_quotas): 201 POST http://10.180.1.21/identity/v3/users 0.036s
2024-10-10 11:54:52.351 62131 INFO tempest.lib.common.rest_client [req-3f3cb46e-5aad-43d3-b2d2-4c1bb16b49c3 req-3f3cb46e-5aad-43d3-b2d2-4c1bb16b49c3 ] Request (SecurityGroupsTestAdminJSON:_run_cleanups): 202 DELETE http://10.180.1.21/compute/v2.1/os-security-groups/e7a030f9-5768-413f-b9ab-9f17792e26ee 1.645s
2024-10-10 11:54:52.368 62109 INFO tempest.lib.common.rest_client [req-cd536643-a05e-4ab3-9621-177dd6da1956 req-cd536643-a05e-4ab3-9621-177dd6da1956 ] Request (QuotasAdminTestJSON:test_get_updated_quotas): 200 GET http://10.180.1.21/identity/v3/domains?name=Default 0.016s
2024-10-10 11:54:52.376 62122 INFO tempest.lib.common.rest_client [req-53368aa2-6f92-4fef-8cac-0aca98d3d0d3 req-53368aa2-6f92-4fef-8cac-0aca98d3d0d3 ] Request (KeyPairsV2TestJSON:setUpClass): 201 POST http://10.180.1.21/identity/v3/projects 0.028s
2024-10-10 11:54:52.423 62141 INFO tempest.lib.common.rest_client [req-a666c48c-e3c7-4c71-9e66-8b526d1b4fdd req-a666c48c-e3c7-4c71-9e66-8b526d1b4fdd ] Request (InstanceActionsV221TestJSON:test_get_list_deleted_instance_actions): 200 GET http://10.180.1.21/compute/v2.1/servers/63f32d41-18e3-4918-981d-10e8f22423b8 1.294s
2024-10-10 11:54:52.433 62122 INFO tempest.lib.common.rest_client [req-6330302f-9fca-451c-b300-095ad098b423 req-6330302f-9fca-451c-b300-095ad098b423 ] Request (KeyPairsV2TestJSON:setUpClass): 201 POST http://10.180.1.21/identity/v3/users 0.056s
2024-10-10 11:54:52.448 62122 INFO tempest.lib.common.rest_client [req-a57106a6-042b-4fe4-8af4-67c6cc18d51b req-a57106a6-042b-4fe4-8af4-67c6cc18d51b ] Request (KeyPairsV2TestJSON:setUpClass): 200 GET http://10.180.1.21/identity/v3/roles 0.014s
2024-10-10 11:54:52.475 62107 INFO tempest.lib.common.rest_client [req-97f03a21-8162-4265-9b65-e336745f79a3 req-97f03a21-8162-4265-9b65-e336745f79a3 ] Request (SecurityGroupRulesNegativeTestJSON:tearDownClass): 202 DELETE http://10.180.1.21/compute/v2.1/os-security-groups/c7d13563-ad0f-4e1e-9589-493fdad61232 1.427s
2024-10-10 11:54:52.484 62122 INFO tempest.lib.common.rest_client [req-5e9f5f17-6bf0-4fb7-9a73-49c7d6d3812b req-5e9f5f17-6bf0-4fb7-9a73-49c7d6d3812b ] Request (KeyPairsV2TestJSON:setUpClass): 204 PUT http://10.180.1.21/identity/v3/projects/add49f12b39148ac84080edcec583b26/users/721d6a8abc744e03add7baadf43e4bec/roles/8e34242d946b4a7dab451357611c00ec 0.036s
2024-10-10 11:54:52.484 62122 INFO tempest.lib.common.dynamic_creds [-] Dynamic test user 721d6a8abc744e03add7baadf43e4bec is created with scope project and roles: ['member']
2024-10-10 11:54:52.485 62122 INFO tempest.lib.common.dynamic_creds [-] Acquired dynamic creds: credentials: Credentials: {'domain_id': 'default', 'domain_name': 'Default', 'username': 'tempest-KeyPairsV2TestJSON-1117843045-project-member', 'project_domain_id': 'default', 'project_domain_name': 'Default', 'project_id': 'add49f12b39148ac84080edcec583b26', 'project_name': 'tempest-KeyPairsV2TestJSON-1117843045', 'tenant_id': 'add49f12b39148ac84080edcec583b26', 'tenant_name': 'tempest-KeyPairsV2TestJSON-1117843045', 'user_domain_id': 'default', 'user_domain_name': 'Default', 'user_id': '721d6a8abc744e03add7baadf43e4bec', 'system': None}, Network: None, Subnet: None, Router: None
2024-10-10 11:54:52.485 62122 INFO tempest.lib.common.dynamic_creds [-] Created isolated network resources for: credentials: Credentials: {'domain_id': 'default', 'domain_name': 'Default', 'username': 'tempest-KeyPairsV2TestJSON-1117843045-project-member', 'project_domain_id': 'default', 'project_domain_name': 'Default', 'project_id': 'add49f12b39148ac84080edcec583b26', 'project_name': 'tempest-KeyPairsV2TestJSON-1117843045', 'tenant_id': 'add49f12b39148ac84080edcec583b26', 'tenant_name': 'tempest-KeyPairsV2TestJSON-1117843045', 'user_domain_id': 'default', 'user_domain_name': 'Default', 'user_id': '721d6a8abc744e03add7baadf43e4bec', 'system': None}, Network: None, Subnet: None, Router: None
2024-10-10 11:54:52.509 62143 INFO tempest.lib.common.rest_client [req-96ab5701-9de6-4b0d-85e6-fbbe4b8b234c req-96ab5701-9de6-4b0d-85e6-fbbe4b8b234c ] Request (ServicesAdminNegativeTestJSON:test_get_service_with_valid_service_and_invalid_host): 200 GET http://10.180.1.21/compute/v2.1/os-services?host=xxx&binary=nova-scheduler 1.234s
2024-10-10 11:54:52.541 62105 INFO tempest.lib.common.rest_client [req-580c8497-1ea0-48f0-aa4a-c29898d15690 req-580c8497-1ea0-48f0-aa4a-c29898d15690 ] Request (ServerShowV247Test:test_update_rebuild_list_server): 202 POST http://10.180.1.21/compute/v2.1/servers 1.349s
2024-10-10 11:54:52.569 62093 INFO tempest.lib.common.rest_client [req-04063d90-e9d0-4459-af66-b0f63ae3e36e req-04063d90-e9d0-4459-af66-b0f63ae3e36e ] Request (VolumesAdminNegativeTest:setUpClass): 201 POST http://10.180.1.21:9696/networking/v2.0/networks 0.399s
2024-10-10 11:54:52.574 62133 INFO tempest.lib.common.rest_client [req-f5a5f05a-740a-4d5c-9dca-4dd45ef08c87 req-f5a5f05a-740a-4d5c-9dca-4dd45ef08c87 ] Request (ServerActionsTestJSON:setUpClass): 200 GET http://10.180.1.21/compute/v2.1/servers/ba29c234-4f7b-414c-9b6b-6a2fa68e9533 1.267s
2024-10-10 11:54:52.588 62122 INFO tempest.lib.common.rest_client [req-a4e01139-73e0-45d8-875a-c8c2023bdb7b req-a4e01139-73e0-45d8-875a-c8c2023bdb7b ] Request (KeyPairsV2TestJSON:setUpClass): 201 POST http://10.180.1.21/identity/v3/auth/tokens 0.097s
2024-10-10 11:54:52.642 62135 INFO tempest.lib.common.rest_client [req-adf86053-c95f-4bed-8af0-6f7ce152cab0 req-adf86053-c95f-4bed-8af0-6f7ce152cab0 ] Request (ImagesNegativeTestJSON:test_create_image_from_deleted_server): 200 GET http://10.180.1.21/compute/v2.1/servers/57f77a5f-87d0-4a9a-80ea-4b24baf33d02 1.062s
2024-10-10 11:54:52.657 62137 INFO tempest.lib.common.rest_client [req-65037f00-5d7c-4232-b3a4-d374b0ecf286 req-65037f00-5d7c-4232-b3a4-d374b0ecf286 ] Request (FlavorsAdminTestJSON:_run_cleanups): 200 GET http://10.180.1.21/compute/v2.1/flavors/detail 0.972s
2024-10-10 11:54:52.665 62151 INFO tempest.lib.common.rest_client [req-797e7f41-6499-4e79-8fab-f4b3941879ab req-797e7f41-6499-4e79-8fab-f4b3941879ab ] Request (HostsAdminNegativeTestJSON:test_update_host_without_param): 400 PUT http://10.180.1.21/compute/v2.1/os-hosts/devstack 0.972s
2024-10-10 11:54:52.706 62149 INFO tempest.lib.common.rest_client [req-04b43dfb-00e4-46b0-a407-4995426cc466 req-04b43dfb-00e4-46b0-a407-4995426cc466 ] Request (QuotasAdminNegativeTest:_run_cleanups): 200 PUT http://10.180.1.21/compute/v2.1/os-quota-sets/0ec85fd907d34369b661b8624c590e00 1.193s
2024-10-10 11:54:52.719 62127 INFO tempest.lib.common.rest_client [req-f6df1a7d-9ea7-482c-ad5f-dc13246ddfc0 req-f6df1a7d-9ea7-482c-ad5f-dc13246ddfc0 ] Request (FlavorsExtraSpecsTestJSON:tearDownClass): 200 GET http://10.180.1.21/compute/v2.1/flavors/detail 0.921s
2024-10-10 11:54:52.733 62155 INFO tempest.lib.common.rest_client [req-c10d7c25-4c0c-4d92-8dc3-c8a6305aef8b req-c10d7c25-4c0c-4d92-8dc3-c8a6305aef8b ] Request (FlavorsAccessNegativeTestJSON:_run_cleanups): 202 DELETE http://10.180.1.21/compute/v2.1/flavors/1581209399 0.868s
2024-10-10 11:54:52.836 62127 INFO tempest.lib.common.rest_client [req-42fa487e-326f-4c60-894b-3677ab2d256f req-42fa487e-326f-4c60-894b-3677ab2d256f ] Request (FlavorsExtraSpecsTestJSON:tearDownClass): 204 DELETE http://10.180.1.21/identity/v3/users/f8a464ca3d454ed7ab06cf9bd7aea3e1 0.111s
2024-10-10 11:54:52.864 62093 INFO tempest.lib.common.rest_client [req-c154cc7b-5ac2-4ca9-a67f-4d11d19ac836 req-c154cc7b-5ac2-4ca9-a67f-4d11d19ac836 ] Request (VolumesAdminNegativeTest:setUpClass): 201 POST http://10.180.1.21:9696/networking/v2.0/subnets 0.294s
2024-10-10 11:54:52.915 62145 INFO tempest.lib.common.rest_client [req-8e50fed4-9c93-4efc-9f30-65f32c668661 req-8e50fed4-9c93-4efc-9f30-65f32c668661 ] Request (FloatingIPDetailsTestJSON:tearDownClass): 200 PUT http://10.180.1.21:9696/networking/v2.0/routers/0848a529-64b2-4f50-8782-bf23239fd4e2/remove_router_interface 1.325s
2024-10-10 11:54:52.923 62115 INFO tempest.lib.common.rest_client [req-ad1659bb-b8fc-4ca4-b22d-4118beb960b0 req-ad1659bb-b8fc-4ca4-b22d-4118beb960b0 ] Request (ImagesMetadataTestJSON:setUp): 200 PUT http://10.180.1.21/compute/v2.1/images/fe802211-ec68-4e22-b3a7-0959c425b569/metadata 0.832s
2024-10-10 11:54:52.928 62111 INFO tempest.lib.common.rest_client [req-10c5f610-d9c7-4016-8044-5e885adca8c9 req-10c5f610-d9c7-4016-8044-5e885adca8c9 ] Request (AggregatesAdminNegativeTestJSON:test_aggregate_create_aggregate_name_length_less_than_1): 400 POST http://10.180.1.21/compute/v2.1/os-aggregates 0.830s
2024-10-10 11:54:52.932 62119 INFO tempest.lib.common.rest_client [req-b8bcdb88-4458-47c6-b8f0-42300c6d7f43 req-b8bcdb88-4458-47c6-b8f0-42300c6d7f43 ] Request (DeleteServersAdminTestJSON:test_admin_delete_servers_of_others): 204 DELETE http://10.180.1.21/compute/v2.1/servers/40fd8af8-586c-4292-9acf-fe211337b69a 1.146s
2024-10-10 11:54:52.939 62127 INFO tempest.lib.common.rest_client [req-486ee24a-d17d-472d-9f81-96fb51855022 req-486ee24a-d17d-472d-9f81-96fb51855022 ] Request (FlavorsExtraSpecsTestJSON:tearDownClass): 204 DELETE http://10.180.1.21/identity/v3/users/f39bf4cc8a744f61b2cba194b8f1c3ff 0.102s
2024-10-10 11:54:52.939 62127 INFO tempest.lib.common.dynamic_creds [-] Deleting project and security group for project: 805766c77f5b415aa324dcc4a547d3f3
2024-10-10 11:54:53.019 62127 INFO tempest.lib.common.rest_client [req-99cc7096-a02e-4f94-9274-29ec7b1ebcd1 req-99cc7096-a02e-4f94-9274-29ec7b1ebcd1 ] Request (FlavorsExtraSpecsTestJSON:tearDownClass): 201 POST http://10.180.1.21/identity/v3/auth/tokens 0.079s
2024-10-10 11:54:53.179 62095 INFO tempest.lib.common.rest_client [req-3092102c-a5d9-420a-bdb5-866038e88d5f req-3092102c-a5d9-420a-bdb5-866038e88d5f ] Request (ServerDiagnosticsNegativeTest:test_get_server_diagnostics_by_non_admin): 200 GET http://10.180.1.21/compute/v2.1/servers/8c006d14-dbd9-40b9-a474-06382fea3b2f 0.989s
2024-10-10 11:54:53.189 62095 INFO tempest.common.waiters [-] State transition "BUILD/networking" ==> "BUILD/spawning" after 8 second wait
2024-10-10 11:54:53.245 62099 INFO tempest.lib.common.rest_client [req-a6776212-7a77-46d6-82ab-47b6025a1cb3 req-a6776212-7a77-46d6-82ab-47b6025a1cb3 ] Request (ImagesOneServerTestJSON:setUpClass): 200 GET http://10.180.1.21/compute/v2.1/servers/4b39d9ad-b7d3-4464-b9e0-799440b445e4 0.983s
2024-10-10 11:54:53.465 62127 INFO tempest.lib.common.rest_client [req-a7d1c8b1-320f-43ea-90de-0d515a35b230 req-a7d1c8b1-320f-43ea-90de-0d515a35b230 ] Request (FlavorsExtraSpecsTestJSON:tearDownClass): 200 GET http://10.180.1.21:9696/networking/v2.0/security-groups?tenant_id=805766c77f5b415aa324dcc4a547d3f3&name=default 0.446s
2024-10-10 11:54:53.557 62131 INFO tempest.lib.common.rest_client [req-fc58206b-b07f-404e-8df6-05ad3c09797d req-fc58206b-b07f-404e-8df6-05ad3c09797d ] Request (SecurityGroupsTestAdminJSON:_run_cleanups): 202 DELETE http://10.180.1.21/compute/v2.1/os-security-groups/0a8897d1-cf39-42d8-8ae3-8760dc05e6f7 1.205s
2024-10-10 11:54:53.562 62103 INFO tempest.lib.common.rest_client [req-3595c649-e5b4-498e-a531-a2d694ce1b8f req-3595c649-e5b4-498e-a531-a2d694ce1b8f ] Request (ServerGroupTestJSON:test_create_server_with_scheduler_hint_group): 202 POST http://10.180.1.21/compute/v2.1/servers 1.424s
2024-10-10 11:54:53.591 62145 INFO tempest.lib.common.rest_client [req-f514fa45-65f0-4155-81d4-5e3ad921729c req-f514fa45-65f0-4155-81d4-5e3ad921729c ] Request (FloatingIPDetailsTestJSON:tearDownClass): 204 DELETE http://10.180.1.21:9696/networking/v2.0/routers/0848a529-64b2-4f50-8782-bf23239fd4e2 0.676s
2024-10-10 11:54:53.702 62107 INFO tempest.lib.common.rest_client [req-308e0726-b9e7-4919-8de8-596208152bf1 req-308e0726-b9e7-4919-8de8-596208152bf1 ] Request (SecurityGroupRulesNegativeTestJSON:tearDownClass): 202 DELETE http://10.180.1.21/compute/v2.1/os-security-groups/9abc2cb0-fd30-478e-86be-2b56d7dbb9c0 1.227s
2024-10-10 11:54:53.776 62109 INFO tempest.lib.common.rest_client [req-a3fb18a3-cfb9-4aa4-a284-95330109ab86 req-a3fb18a3-cfb9-4aa4-a284-95330109ab86 ] Request (QuotasAdminTestJSON:test_get_updated_quotas): 200 PUT http://10.180.1.21/compute/v2.1/os-quota-sets/d1480eebb20d4a1ea851fa98d291cf91?user_id=d656a96ea98c4eeda232df7dfbca2eef 1.407s
2024-10-10 11:54:53.776 62127 INFO tempest.lib.common.rest_client [req-145ef481-fd79-477b-bbc9-5058a8ab8706 req-145ef481-fd79-477b-bbc9-5058a8ab8706 ] Request (FlavorsExtraSpecsTestJSON:tearDownClass): 204 DELETE http://10.180.1.21:9696/networking/v2.0/security-groups/50429781-1292-43fc-b14d-bdcf949dc6d4 0.310s
2024-10-10 11:54:53.781 62143 INFO tempest.lib.common.rest_client [req-acebf29b-d4c3-4d59-b383-6ba67e559a40 req-acebf29b-d4c3-4d59-b383-6ba67e559a40 ] Request (ServicesAdminNegativeTestJSON:test_list_services_with_non_admin_user): 403 GET http://10.180.1.21/compute/v2.1/os-services 1.269s
2024-10-10 11:54:53.836 62105 INFO tempest.lib.common.rest_client [req-46713263-f43d-4eb5-90f4-e3126f54488f req-46713263-f43d-4eb5-90f4-e3126f54488f ] Request (ServerShowV247Test:test_update_rebuild_list_server): 200 PUT http://10.180.1.21/compute/v2.1/servers/0dfabd80-a385-4124-af33-083559819d7a 1.293s
2024-10-10 11:54:53.845 62127 INFO tempest.lib.common.rest_client [req-4d292ea1-d4fe-4bf0-afb5-ffa790cf4df3 req-4d292ea1-d4fe-4bf0-afb5-ffa790cf4df3 ] Request (FlavorsExtraSpecsTestJSON:tearDownClass): 204 DELETE http://10.180.1.21/identity/v3/projects/805766c77f5b415aa324dcc4a547d3f3 0.068s
2024-10-10 11:54:53.845 62127 INFO tempest.lib.common.dynamic_creds [-] Deleting project and security group for project: a33b758753b34024af22574f0e9e195e
2024-10-10 11:54:53.848 62125 INFO tempest.lib.common.rest_client [req-701ad6ae-4b72-4b5d-89c7-d05452eabbb3 req-701ad6ae-4b72-4b5d-89c7-d05452eabbb3 ] Request (ServersTestManualDisk:setUpClass): 200 GET http://10.180.1.21/compute/v2.1/servers/3765dd5b-2fd3-4acb-87b8-e5a7d8df4113 1.262s
2024-10-10 11:54:53.857 62143 INFO tempest.lib.common.rest_client [req-ea9990d5-b0ae-4f44-93e5-00f2f9806d41 req-ea9990d5-b0ae-4f44-93e5-00f2f9806d41 ] Request (ServicesAdminNegativeTestJSON:tearDownClass): 204 DELETE http://10.180.1.21/identity/v3/users/1c162ab68fa74ee3b06fe38d9b39fab5 0.075s
2024-10-10 11:54:53.868 62145 INFO tempest.lib.common.rest_client [req-f97e5c97-3f06-415a-bcca-7719018f5af4 req-f97e5c97-3f06-415a-bcca-7719018f5af4 ] Request (FloatingIPDetailsTestJSON:tearDownClass): 204 DELETE http://10.180.1.21:9696/networking/v2.0/subnets/0a5ac7d3-d73c-4c9d-9a1e-f52a286fe9c2 0.276s
2024-10-10 11:54:53.908 62097 INFO tempest.lib.common.rest_client [req-d011f4e7-6987-44ef-89d9-f1f326235b17 req-d011f4e7-6987-44ef-89d9-f1f326235b17 ] Request (TenantUsagesTestJSON:setUpClass): 200 GET http://10.180.1.21/compute/v2.1/servers/c1c15498-af88-4fcf-9a58-7060502bcaf2 1.269s
2024-10-10 11:54:53.923 62137 INFO tempest.lib.common.rest_client [req-aaf45ea6-f114-480e-99a0-e241b222640e req-aaf45ea6-f114-480e-99a0-e241b222640e ] Request (FlavorsAdminTestJSON:test_create_list_flavor_without_extra_data): 200 POST http://10.180.1.21/compute/v2.1/flavors 1.261s
2024-10-10 11:54:53.950 62143 INFO tempest.lib.common.rest_client [req-822872aa-4f35-4e8b-8ced-c2772c608b95 req-822872aa-4f35-4e8b-8ced-c2772c608b95 ] Request (ServicesAdminNegativeTestJSON:tearDownClass): 204 DELETE http://10.180.1.21/identity/v3/users/154426664b254a9797d0c4b2b4e86492 0.092s
2024-10-10 11:54:53.950 62143 INFO tempest.lib.common.dynamic_creds [-] Deleting project and security group for project: b3e4849ba7904ed7af139c0a9ead65b1
2024-10-10 11:54:54.002 62153 INFO tempest.lib.common.rest_client [req-3911835c-9d04-44df-88d6-5926f1c04f5a req-3911835c-9d04-44df-88d6-5926f1c04f5a ] Request (MigrationsAdminTest:test_list_migrations_in_flavor_resize_situation): 200 GET http://10.180.1.21/compute/v2.1/servers/052ff2f0-770a-4511-ae0c-e351ad987904 1.334s
2024-10-10 11:54:54.016 62151 INFO tempest.lib.common.rest_client [req-b04be764-63da-4237-bee3-3caea4462280 req-b04be764-63da-4237-bee3-3caea4462280 ] Request (HostsAdminNegativeTestJSON:test_update_nonexistent_host): 404 PUT http://10.180.1.21/compute/v2.1/os-hosts/nonexistent_hostname 1.349s
2024-10-10 11:54:54.020 62143 INFO tempest.lib.common.rest_client [req-15f73d51-e441-420c-a1eb-7cbdb5f4fd61 req-15f73d51-e441-420c-a1eb-7cbdb5f4fd61 ] Request (ServicesAdminNegativeTestJSON:tearDownClass): 201 POST http://10.180.1.21/identity/v3/auth/tokens 0.069s
2024-10-10 11:54:54.040 62127 INFO tempest.lib.common.rest_client [req-9d69ec59-50d5-4761-b0c3-6371b7e1c259 req-9d69ec59-50d5-4761-b0c3-6371b7e1c259 ] Request (FlavorsExtraSpecsTestJSON:tearDownClass): 200 GET http://10.180.1.21:9696/networking/v2.0/security-groups?tenant_id=a33b758753b34024af22574f0e9e195e&name=default 0.195s
2024-10-10 11:54:54.043 62122 INFO tempest.lib.common.rest_client [req-46753cc7-d088-4cd8-a61e-afd41c2df0f8 req-46753cc7-d088-4cd8-a61e-afd41c2df0f8 ] Request (KeyPairsV2TestJSON:test_get_keypair_detail): 200 POST http://10.180.1.21/compute/v2.1/os-keypairs 1.452s
2024-10-10 11:54:54.049 62149 INFO tempest.lib.common.rest_client [req-1c14c8c5-863e-4824-bfcc-fb8525d55974 req-1c14c8c5-863e-4824-bfcc-fb8525d55974 ] Request (QuotasAdminNegativeTest:test_update_quota_normal_user): 403 PUT http://10.180.1.21/compute/v2.1/os-quota-sets/0ec85fd907d34369b661b8624c590e00 1.340s
2024-10-10 11:54:54.103 62151 INFO tempest.lib.common.rest_client [req-9c45f4c7-1c30-44eb-9494-7125a1195015 req-9c45f4c7-1c30-44eb-9494-7125a1195015 ] Request (HostsAdminNegativeTestJSON:tearDownClass): 204 DELETE http://10.180.1.21/identity/v3/users/1c7efa0a37cc4ba1b8238a2b6ebfd4b0 0.085s
2024-10-10 11:54:54.116 62117 INFO tempest.lib.common.rest_client [req-3b054383-fc7c-4e41-9f50-1674163de866 req-3b054383-fc7c-4e41-9f50-1674163de866 ] Request (SecurityGroupsTestJSON:test_list_security_groups_by_server): 200 GET http://10.180.1.21/compute/v2.1/servers/4c02ebbd-345f-4253-bc28-f90c731c78aa 1.422s
2024-10-10 11:54:54.185 62147 INFO tempest.lib.common.rest_client [req-88e68ebc-3b25-4332-9877-d6859e564997 req-88e68ebc-3b25-4332-9877-d6859e564997 ] Request (DeleteServersTestJSON:test_delete_active_server): 200 GET http://10.180.1.21/compute/v2.1/servers/b521cc8c-e214-467f-8399-55f075b9bba3 1.418s
2024-10-10 11:54:54.212 62149 INFO tempest.lib.common.rest_client [req-fc630d27-ba37-4f9c-89f4-6c7fc236f968 req-fc630d27-ba37-4f9c-89f4-6c7fc236f968 ] Request (QuotasAdminNegativeTest:tearDownClass): 204 DELETE http://10.180.1.21/identity/v3/users/dad702d84e39442e863a44908d03a268 0.160s
2024-10-10 11:54:54.220 62093 INFO tempest.lib.common.rest_client [req-8367005a-e18c-4041-a71d-a26072972d42 req-8367005a-e18c-4041-a71d-a26072972d42 ] Request (VolumesAdminNegativeTest:setUpClass): 201 POST http://10.180.1.21:9696/networking/v2.0/routers 1.355s
2024-10-10 11:54:54.223 62151 INFO tempest.lib.common.rest_client [req-b29ef8d2-a8cc-492f-9e54-7cb0ff23e9b1 req-b29ef8d2-a8cc-492f-9e54-7cb0ff23e9b1 ] Request (HostsAdminNegativeTestJSON:tearDownClass): 204 DELETE http://10.180.1.21/identity/v3/users/8faca225fc544774aa2bc4e3d63662e2 0.119s
2024-10-10 11:54:54.223 62151 INFO tempest.lib.common.dynamic_creds [-] Deleting project and security group for project: a3330f80057242c0a2493e9caf08e4a4
2024-10-10 11:54:54.263 62130 INFO tempest.lib.common.rest_client [req-558613ea-7e2c-40d6-b9ad-a62f4fd4b7a7 req-558613ea-7e2c-40d6-b9ad-a62f4fd4b7a7 ] Request (VolumesAssistedSnapshotsTest:test_volume_assisted_snapshot_create_delete): 200 GET http://10.180.1.21/compute/v2.1/servers/ceaef138-8b51-428b-9966-e6db3e7b0eb3 1.370s
2024-10-10 11:54:54.266 62155 INFO tempest.lib.common.rest_client [req-098eaa3d-a2df-460b-b030-8199211c7dfc req-098eaa3d-a2df-460b-b030-8199211c7dfc ] Request (FlavorsAccessNegativeTestJSON:_run_cleanups): 200 GET http://10.180.1.21/compute/v2.1/flavors/detail 1.532s
2024-10-10 11:54:54.271 62111 INFO tempest.lib.common.rest_client [req-41ffd182-444f-4466-858e-b583c335c55a req-41ffd182-444f-4466-858e-b583c335c55a ] Request (AggregatesAdminNegativeTestJSON:test_aggregate_create_as_user): 403 POST http://10.180.1.21/compute/v2.1/os-aggregates 1.342s
2024-10-10 11:54:54.277 62127 INFO tempest.lib.common.rest_client [req-e2d388ab-4d61-437a-943f-862dcb751350 req-e2d388ab-4d61-437a-943f-862dcb751350 ] Request (FlavorsExtraSpecsTestJSON:tearDownClass): 204 DELETE http://10.180.1.21:9696/networking/v2.0/security-groups/ae4ccc97-dfe4-4dad-9c7e-1d995a430901 0.236s
2024-10-10 11:54:54.284 62151 INFO tempest.lib.common.rest_client [req-e29bcbb5-16a7-4607-ace4-fce6416a1c25 req-e29bcbb5-16a7-4607-ace4-fce6416a1c25 ] Request (HostsAdminNegativeTestJSON:tearDownClass): 201 POST http://10.180.1.21/identity/v3/auth/tokens 0.061s
2024-10-10 11:54:54.295 62119 INFO tempest.lib.common.rest_client [req-5e961dfd-054f-4a09-b4f8-63f07ece04c4 req-5e961dfd-054f-4a09-b4f8-63f07ece04c4 ] Request (DeleteServersAdminTestJSON:test_admin_delete_servers_of_others): 404 GET http://10.180.1.21/compute/v2.1/servers/40fd8af8-586c-4292-9acf-fe211337b69a 1.361s
2024-10-10 11:54:54.311 62115 INFO tempest.lib.common.rest_client [req-3b86fd00-6088-4b06-bfa0-b380a65e5e7d req-3b86fd00-6088-4b06-bfa0-b380a65e5e7d ] Request (ImagesMetadataTestJSON:test_get_image_metadata_item): 200 GET http://10.180.1.21/compute/v2.1/images/fe802211-ec68-4e22-b3a7-0959c425b569/metadata/os_distro 1.387s
2024-10-10 11:54:54.352 62145 INFO tempest.lib.common.rest_client [req-da6f5574-7203-4cd4-bd5a-47005a8b5527 req-da6f5574-7203-4cd4-bd5a-47005a8b5527 ] Request (FloatingIPDetailsTestJSON:tearDownClass): 204 DELETE http://10.180.1.21:9696/networking/v2.0/networks/042acfd3-c1f3-407a-bcc8-e4c68978cecb 0.484s
2024-10-10 11:54:54.355 62101 INFO tempest.lib.common.rest_client [req-b3a8b457-3c40-41f3-9426-6e4172be6a11 req-b3a8b457-3c40-41f3-9426-6e4172be6a11 ] Request (ServerExternalEventsTest:test_create_server_external_events): 200 GET http://10.180.1.21/compute/v2.1/servers/8e5a01e2-67ba-4832-815f-34767deba62f 1.394s
2024-10-10 11:54:54.361 62127 INFO tempest.lib.common.rest_client [req-b9d6c6af-0e45-498d-af93-528719b7aa16 req-b9d6c6af-0e45-498d-af93-528719b7aa16 ] Request (FlavorsExtraSpecsTestJSON:tearDownClass): 204 DELETE http://10.180.1.21/identity/v3/projects/a33b758753b34024af22574f0e9e195e 0.083s
2024-10-10 11:54:54.370 62123 INFO tempest.lib.common.rest_client [req-41a9a2ed-4471-4b51-9265-3d0f20c82ece req-41a9a2ed-4471-4b51-9265-3d0f20c82ece ] Request (ServerDiagnosticsTest:test_get_server_diagnostics): 200 GET http://10.180.1.21/compute/v2.1/servers/5d11fc94-b63a-475c-bcb3-f212c838668c 1.307s
2024-10-10 11:54:54.376 62149 INFO tempest.lib.common.rest_client [req-a144de25-8aa6-4627-9afb-a9be42a05dc1 req-a144de25-8aa6-4627-9afb-a9be42a05dc1 ] Request (QuotasAdminNegativeTest:tearDownClass): 204 DELETE http://10.180.1.21/identity/v3/users/031444fe55c04657a29b6ae8300770d4 0.164s
2024-10-10 11:54:54.377 62149 INFO tempest.lib.common.dynamic_creds [-] Deleting project and security group for project: 0ec85fd907d34369b661b8624c590e00
2024-10-10 11:54:54.413 62141 INFO tempest.lib.common.rest_client [req-a16a708a-0b6c-420f-84fb-e8d98e6d2f16 req-a16a708a-0b6c-420f-84fb-e8d98e6d2f16 ] Request (InstanceActionsV221TestJSON:test_get_list_deleted_instance_actions): 200 GET http://10.180.1.21/compute/v2.1/servers/63f32d41-18e3-4918-981d-10e8f22423b8 0.983s
2024-10-10 11:54:54.434 62119 INFO tempest.lib.common.rest_client [req-5edf2281-943f-4f38-bd7a-a48db162782c req-5edf2281-943f-4f38-bd7a-a48db162782c ] Request (DeleteServersAdminTestJSON:test_delete_server_while_in_error_state): 201 POST http://10.180.1.21/identity/v3/auth/tokens 0.128s
2024-10-10 11:54:54.435 62119 INFO tempest.lib.common.fixed_network [-] (DeleteServersAdminTestJSON:test_delete_server_while_in_error_state) Found network None available for tenant
2024-10-10 11:54:54.474 62103 INFO tempest.lib.common.rest_client [req-b7967cc8-afff-4c14-b068-4d4be2e1da49 req-b7967cc8-afff-4c14-b068-4d4be2e1da49 ] Request (ServerGroupTestJSON:test_create_server_with_scheduler_hint_group): 200 GET http://10.180.1.21/compute/v2.1/servers/cf94c3f2-a4db-479f-8251-f2e403697678 0.911s
2024-10-10 11:54:54.502 62143 INFO tempest.lib.common.rest_client [req-c9492094-578a-45be-9541-dde5c582f32e req-c9492094-578a-45be-9541-dde5c582f32e ] Request (ServicesAdminNegativeTestJSON:tearDownClass): 200 GET http://10.180.1.21:9696/networking/v2.0/security-groups?tenant_id=b3e4849ba7904ed7af139c0a9ead65b1&name=default 0.482s
2024-10-10 11:54:54.528 62145 INFO tempest.lib.common.rest_client [req-4fd09b25-2ba6-4b2c-916c-65570f186887 req-4fd09b25-2ba6-4b2c-916c-65570f186887 ] Request (FloatingIPDetailsTestJSON:tearDownClass): 204 DELETE http://10.180.1.21/identity/v3/users/59f14b8acc7f45a0b8b2d9d5399b9e69 0.175s
2024-10-10 11:54:54.528 62145 INFO tempest.lib.common.dynamic_creds [-] Deleting project and security group for project: 9705d0a1e5f249b7b7653cf04256735d
2024-10-10 11:54:54.545 62133 INFO tempest.lib.common.rest_client [req-b36f1dc4-62f8-4711-aca2-755b991c4063 req-b36f1dc4-62f8-4711-aca2-755b991c4063 ] Request (ServerActionsTestJSON:setUpClass): 200 GET http://10.180.1.21/compute/v2.1/servers/ba29c234-4f7b-414c-9b6b-6a2fa68e9533 0.959s
2024-10-10 11:54:54.567 62131 INFO tempest.lib.common.rest_client [req-c1bb5174-b369-401b-bc85-0e6455e6ad21 req-c1bb5174-b369-401b-bc85-0e6455e6ad21 ] Request (SecurityGroupsTestAdminJSON:_run_cleanups): 202 DELETE http://10.180.1.21/compute/v2.1/os-security-groups/4785f12f-ab80-44a4-a8fc-40f029e026a3 1.009s
2024-10-10 11:54:54.576 62127 INFO tempest.lib.common.rest_client [req-18e91662-f220-45d7-aa1a-55efac71febb req-18e91662-f220-45d7-aa1a-55efac71febb ] Request (QuotasAdminTestV257:setUpClass): 201 POST http://10.180.1.21/identity/v3/auth/tokens 0.214s
2024-10-10 11:54:54.579 62149 INFO tempest.lib.common.rest_client [req-8035434d-d75e-4084-92d9-af526ba0af0d req-8035434d-d75e-4084-92d9-af526ba0af0d ] Request (QuotasAdminNegativeTest:tearDownClass): 201 POST http://10.180.1.21/identity/v3/auth/tokens 0.202s
2024-10-10 11:54:54.605 62127 INFO tempest.lib.common.rest_client [req-acd17a4d-83b8-4561-8219-b983cf5ab5b5 req-acd17a4d-83b8-4561-8219-b983cf5ab5b5 ] Request (QuotasAdminTestV257:setUpClass): 201 POST http://10.180.1.21/identity/v3/auth/tokens 0.026s
