2024-10-10 11:55:07.030 62122 INFO tempest.lib.common.dynamic_creds [-] Acquired dynamic creds: credentials: Credentials: {'domain_id': 'default', 'domain_name': 'Default', 'username': 'tempest-MultipleCreateNegativeTestJSON-573214597-project-member', 'project_domain_id': 'default', 'project_domain_name': 'Default', 'project_id': 'afd3cc0da6b94b6cb9d01f319f02f730', 'project_name': 'tempest-MultipleCreateNegativeTestJSON-573214597', 'tenant_id': 'afd3cc0da6b94b6cb9d01f319f02f730', 'tenant_name': 'tempest-MultipleCreateNegativeTestJSON-573214597', 'user_domain_id': 'default', 'user_domain_name': 'Default', 'user_id': '95d6f2cd915f4b60ae96e3b37ff1d245', 'system': None}, Network: None, Subnet: None, Router: None
2024-10-10 11:55:07.030 62122 INFO tempest.lib.common.dynamic_creds [-] Created isolated network resources for: credentials: Credentials: {'domain_id': 'default', 'domain_name': 'Default', 'username': 'tempest-MultipleCreateNegativeTestJSON-573214597-project-member', 'project_domain_id': 'default', 'project_domain_name': 'Default', 'project_id': 'afd3cc0da6b94b6cb9d01f319f02f730', 'project_name': 'tempest-MultipleCreateNegativeTestJSON-573214597', 'tenant_id': 'afd3cc0da6b94b6cb9d01f319f02f730', 'tenant_name': 'tempest-MultipleCreateNegativeTestJSON-573214597', 'user_domain_id': 'default', 'user_domain_name': 'Default', 'user_id': '95d6f2cd915f4b60ae96e3b37ff1d245', 'system': None}, Network: None, Subnet: None, Router: None
2024-10-10 11:55:07.034 62155 INFO tempest.lib.common.rest_client [req-1e8b7f83-606f-4ae5-93cf-804e2ebd1f06 req-1e8b7f83-606f-4ae5-93cf-804e2ebd1f06 ] Request (ServicesAdminTestJSON:setUpClass): 201 POST http://10.180.1.21/identity/v3/users 0.096s
2024-10-10 11:55:07.053 62131 INFO tempest.lib.common.rest_client [req-e4a40305-1ad9-4c7e-9a7f-d23ce06a1168 req-e4a40305-1ad9-4c7e-9a7f-d23ce06a1168 ] Request (ServersAdminNegativeTestJSON:setUpClass): 200 GET http://10.180.1.21/compute/v2.1/servers/ada4c1f9-ee1e-421b-9d97-fc3fddcf0ce0 1.020s
2024-10-10 11:55:07.129 62155 INFO tempest.lib.common.rest_client [req-de19fd36-44e4-4434-981b-59ff655a6e5a req-de19fd36-44e4-4434-981b-59ff655a6e5a ] Request (ServicesAdminTestJSON:setUpClass): 200 GET http://10.180.1.21/identity/v3/roles 0.095s
2024-10-10 11:55:07.150 62122 INFO tempest.lib.common.rest_client [req-68c0f266-8bdb-44d2-976c-720d3ba4cf2d req-68c0f266-8bdb-44d2-976c-720d3ba4cf2d ] Request (MultipleCreateNegativeTestJSON:setUpClass): 201 POST http://10.180.1.21/identity/v3/auth/tokens 0.117s
2024-10-10 11:55:07.159 62141 INFO tempest.lib.common.rest_client [req-4969fb70-05da-4735-838a-28f1d45d059b req-4969fb70-05da-4735-838a-28f1d45d059b ] Request (ServersListShow296Test:test_list_show_server_296): 200 GET http://10.180.1.21/compute/v2.1/servers/detail 1.202s
2024-10-10 11:55:07.159 62155 INFO tempest.lib.common.rest_client [req-dff02c07-0556-4092-840b-e82d00f6e635 req-dff02c07-0556-4092-840b-e82d00f6e635 ] Request (ServicesAdminTestJSON:setUpClass): 204 PUT http://10.180.1.21/identity/v3/projects/a134b1805dc14214a935b503e182eadb/users/ee1645e9817646ed93300ab2707d1726/roles/e146fb220227490e91fd24a7dae5a083 0.029s
2024-10-10 11:55:07.186 62105 INFO tempest.lib.common.rest_client [req-73dead50-1a22-4758-b3ca-875c817a5895 req-73dead50-1a22-4758-b3ca-875c817a5895 ] Request (ServerShowV247Test:test_update_rebuild_list_server): 200 GET http://10.180.1.21/compute/v2.1/servers/0dfabd80-a385-4124-af33-083559819d7a 1.038s
2024-10-10 11:55:07.221 62155 INFO tempest.lib.common.rest_client [req-120e1f82-130b-4f62-b563-ffabce329c0d req-120e1f82-130b-4f62-b563-ffabce329c0d ] Request (ServicesAdminTestJSON:setUpClass): 200 GET http://10.180.1.21/identity/v3/roles 0.061s
2024-10-10 11:55:07.226 62139 INFO tempest.lib.common.rest_client [req-ccf5ec5a-566d-4b47-be51-a94a6dc23319 req-ccf5ec5a-566d-4b47-be51-a94a6dc23319 ] Request (ServerDiagnosticsV248Test:tearDownClass): 200 GET http://10.180.1.21/compute/v2.1/servers/8a5c9847-fc0d-41f7-87b8-d7ff44073ea9 1.077s
2024-10-10 11:55:07.229 62122 INFO tempest.lib.common.rest_client [req-a3c0d36b-0ce6-4bb8-ba82-53c05c5e22f9 req-a3c0d36b-0ce6-4bb8-ba82-53c05c5e22f9 ] Request (MultipleCreateNegativeTestJSON:test_max_count_less_than_min_count): 201 POST http://10.180.1.21/identity/v3/auth/tokens 0.074s
2024-10-10 11:55:07.229 62122 INFO tempest.lib.common.fixed_network [-] (MultipleCreateNegativeTestJSON:test_max_count_less_than_min_count) Found network None available for tenant
2024-10-10 11:55:07.238 62139 INFO tempest.common.waiters [-] State transition "ACTIVE/deleting" ==> "DELETED/None" after 5 second wait
2024-10-10 11:55:07.239 62155 INFO tempest.lib.common.rest_client [req-05df86ea-19de-4310-9365-54a7710b5a07 req-05df86ea-19de-4310-9365-54a7710b5a07 ] Request (ServicesAdminTestJSON:setUpClass): 204 PUT http://10.180.1.21/identity/v3/projects/a134b1805dc14214a935b503e182eadb/users/ee1645e9817646ed93300ab2707d1726/roles/e146fb220227490e91fd24a7dae5a083 0.018s
2024-10-10 11:55:07.239 62155 INFO tempest.lib.common.dynamic_creds [-] Dynamic test user ee1645e9817646ed93300ab2707d1726 is created with scope project and roles: ['admin']
2024-10-10 11:55:07.239 62155 INFO tempest.lib.common.dynamic_creds [-] Acquired dynamic creds: credentials: Credentials: {'domain_id': 'default', 'domain_name': 'Default', 'username': 'tempest-ServicesAdminTestJSON-2054189767-project-admin', 'project_domain_id': 'default', 'project_domain_name': 'Default', 'project_id': 'a134b1805dc14214a935b503e182eadb', 'project_name': 'tempest-ServicesAdminTestJSON-2054189767', 'tenant_id': 'a134b1805dc14214a935b503e182eadb', 'tenant_name': 'tempest-ServicesAdminTestJSON-2054189767', 'user_domain_id': 'default', 'user_domain_name': 'Default', 'user_id': 'ee1645e9817646ed93300ab2707d1726', 'system': None}, Network: None, Subnet: None, Router: None
2024-10-10 11:55:07.239 62155 INFO tempest.lib.common.dynamic_creds [-] Created isolated network resources for: credentials: Credentials: {'domain_id': 'default', 'domain_name': 'Default', 'username': 'tempest-ServicesAdminTestJSON-2054189767-project-admin', 'project_domain_id': 'default', 'project_domain_name': 'Default', 'project_id': 'a134b1805dc14214a935b503e182eadb', 'project_name': 'tempest-ServicesAdminTestJSON-2054189767', 'tenant_id': 'a134b1805dc14214a935b503e182eadb', 'tenant_name': 'tempest-ServicesAdminTestJSON-2054189767', 'user_domain_id': 'default', 'user_domain_name': 'Default', 'user_id': 'ee1645e9817646ed93300ab2707d1726', 'system': None}, Network: None, Subnet: None, Router: None
2024-10-10 11:55:07.257 62143 INFO tempest.lib.common.rest_client [req-2a6e63c4-6a42-42b6-8a01-9120a73411b1 req-2a6e63c4-6a42-42b6-8a01-9120a73411b1 ] Request (ServersTestJSON:setUpClass): 200 GET http://10.180.1.21/compute/v2.1/servers/f2f968db-d4e2-451d-afe6-330196eba6c2 1.061s
2024-10-10 11:55:07.280 62099 INFO tempest.lib.common.rest_client [req-20c1a451-7740-4e52-860b-266ffd4ef031 req-20c1a451-7740-4e52-860b-266ffd4ef031 ] Request (ImagesOneServerTestJSON:setUpClass): 200 GET http://10.180.1.21/compute/v2.1/servers/4b39d9ad-b7d3-4464-b9e0-799440b445e4 1.008s
2024-10-10 11:55:07.325 62155 INFO tempest.lib.common.rest_client [req-88152173-0512-4f6b-8838-1473e8c94264 req-88152173-0512-4f6b-8838-1473e8c94264 ] Request (ServicesAdminTestJSON:setUpClass): 201 POST http://10.180.1.21/identity/v3/auth/tokens 0.083s
2024-10-10 11:55:07.339 62095 INFO tempest.lib.common.rest_client [req-d495cd66-01c8-4b20-b134-f9fd980d30c2 req-d495cd66-01c8-4b20-b134-f9fd980d30c2 ] Request (ServerDiagnosticsNegativeTest:test_get_server_diagnostics_by_non_admin): 200 GET http://10.180.1.21/compute/v2.1/servers/8c006d14-dbd9-40b9-a474-06382fea3b2f 0.965s
2024-10-10 11:55:07.353 62137 INFO tempest.lib.common.rest_client [req-237c7154-d72c-4e3c-9929-3018fea2ac56 req-237c7154-d72c-4e3c-9929-3018fea2ac56 ] Request (FlavorsAdminTestJSON:test_is_public_string_variations): 200 GET http://10.180.1.21/compute/v2.1/flavors/detail?is_public=t 0.961s
2024-10-10 11:55:07.874 62151 INFO tempest.lib.common.rest_client [req-46a27cd4-3527-43a2-abac-238627a68ac5 req-46a27cd4-3527-43a2-abac-238627a68ac5 ] Request (FloatingIPsTestJSON:_run_cleanups): 202 DELETE http://10.180.1.21/compute/v2.1/os-floating-ips/9dd0703f-7ba2-4400-93f7-365896b1d7b2 1.562s
2024-10-10 11:55:07.936 62149 INFO tempest.lib.common.rest_client [req-51e7c757-eea1-414e-ab9e-0115bf752b55 req-51e7c757-eea1-414e-ab9e-0115bf752b55 ] Request (ServersAdmin275Test:test_rebuild_update_server_275): 200 GET http://10.180.1.21/compute/v2.1/servers/7ef91986-fb46-478b-85a5-05d597790ad9 1.469s
2024-10-10 11:55:08.054 62093 INFO tempest.lib.common.rest_client [req-92a74e06-6482-4a86-832d-69783058db0f req-92a74e06-6482-4a86-832d-69783058db0f ] Request (VolumesAdminNegativeTest:test_update_attached_volume_with_nonexistent_volume_in_body): 202 POST http://10.180.1.21/compute/v2.1/servers 1.647s
2024-10-10 11:55:08.092 62115 INFO tempest.lib.common.rest_client [req-74bb6b76-bc9d-4541-94d5-dab1b8a2ee1d req-74bb6b76-bc9d-4541-94d5-dab1b8a2ee1d ] Request (ImagesOneServerNegativeTestJSON:setUpClass): 201 POST http://10.180.1.21:9696/networking/v2.0/routers 1.278s
2024-10-10 11:55:08.127 62125 INFO tempest.lib.common.rest_client [req-2a497a00-8d67-49f8-b035-566e3449dced req-2a497a00-8d67-49f8-b035-566e3449dced ] Request (ServersTestManualDisk:setUpClass): 200 GET http://10.180.1.21/compute/v2.1/servers/3765dd5b-2fd3-4acb-87b8-e5a7d8df4113 1.614s
2024-10-10 11:55:08.186 62097 INFO tempest.lib.common.rest_client [req-876d9818-21d8-4f9f-a032-ac080f89de67 req-876d9818-21d8-4f9f-a032-ac080f89de67 ] Request (TenantUsagesTestJSON:setUpClass): 200 GET http://10.180.1.21/compute/v2.1/servers/c1c15498-af88-4fcf-9a58-7060502bcaf2 1.635s
2024-10-10 11:55:08.192 62111 INFO tempest.lib.common.rest_client [req-e6ef2056-7c63-42d9-9f1a-419c960bbf08 req-e6ef2056-7c63-42d9-9f1a-419c960bbf08 ] Request (AggregatesAdminNegativeTestJSON:test_aggregate_remove_host_as_user): 403 POST http://10.180.1.21/compute/v2.1/os-aggregates/7/action 1.634s
2024-10-10 11:55:08.394 62117 INFO tempest.lib.common.rest_client [req-8d653ac8-ca07-4f72-89de-69191108de55 req-8d653ac8-ca07-4f72-89de-69191108de55 ] Request (SecurityGroupsTestJSON:test_list_security_groups_by_server): 200 GET http://10.180.1.21/compute/v2.1/servers/4c02ebbd-345f-4253-bc28-f90c731c78aa 1.772s
2024-10-10 11:55:08.404 62117 INFO tempest.common.waiters [-] State transition "BUILD/spawning" ==> "ERROR/None" after 34 second wait
2024-10-10 11:55:08.444 62147 INFO tempest.lib.common.rest_client [req-37ee0a48-416c-4ea1-b18d-b7f0365b9188 req-37ee0a48-416c-4ea1-b18d-b7f0365b9188 ] Request (DeleteServersTestJSON:test_delete_active_server): 200 GET http://10.180.1.21/compute/v2.1/servers/b521cc8c-e214-467f-8399-55f075b9bba3 1.801s
2024-10-10 11:55:08.478 62107 INFO tempest.lib.common.rest_client [req-7e22f6e4-c08a-4e9c-a008-92b5f7ab7f7e req-7e22f6e4-c08a-4e9c-a008-92b5f7ab7f7e ] Request (ListServerFiltersTestJSON:setUpClass): 202 POST http://10.180.1.21/compute/v2.1/servers 1.999s
2024-10-10 11:55:08.493 62119 INFO tempest.lib.common.rest_client [req-4d5667cf-b642-4673-9bd2-80dc59fac257 req-4d5667cf-b642-4673-9bd2-80dc59fac257 ] Request (DeleteServersAdminTestJSON:test_delete_server_while_in_error_state): 200 GET http://10.180.1.21/compute/v2.1/servers/31aa8536-1597-4b61-b069-80daf5306dd6 1.830s
2024-10-10 11:55:08.530 62130 INFO tempest.lib.common.rest_client [req-32f48b3b-dab8-49b3-97a3-66bc2fc6becc req-32f48b3b-dab8-49b3-97a3-66bc2fc6becc ] Request (VolumesAssistedSnapshotsTest:test_volume_assisted_snapshot_create_delete): 200 GET http://10.180.1.21/compute/v2.1/servers/ceaef138-8b51-428b-9966-e6db3e7b0eb3 1.810s
2024-10-10 11:55:08.633 62127 INFO tempest.lib.common.rest_client [req-96e9e84c-37eb-4e75-b0ce-dd49a2a986c3 req-96e9e84c-37eb-4e75-b0ce-dd49a2a986c3 ] Request (QuotasAdminTestV257:test_get_updated_quotas): 200 GET http://10.180.1.21/compute/v2.1/os-quota-sets/2696a66c0a30493bbe56d0c2ae9eb331?user_id=0e7924b51af9498ab9e7b48097f11094 1.814s
2024-10-10 11:55:08.654 62145 INFO tempest.lib.common.rest_client [req-414c8775-bae9-4d81-a072-eb382724edeb req-414c8775-bae9-4d81-a072-eb382724edeb ] Request (KeyPairsV22TestJSON:_run_cleanups): 204 DELETE http://10.180.1.21/compute/v2.1/os-keypairs/tempest-KeyPairsV22TestJSON-keypair-2069307341 1.810s
2024-10-10 11:55:08.677 62153 INFO tempest.lib.common.rest_client [req-a433d56d-23e1-467f-add4-af59cdf7d942 req-a433d56d-23e1-467f-add4-af59cdf7d942 ] Request (MigrationsAdminTest:test_list_migrations_in_flavor_resize_situation): 404 GET http://10.180.1.21/compute/v2.1/servers/052ff2f0-770a-4511-ae0c-e351ad987904 1.827s
2024-10-10 11:55:08.693 62109 INFO tempest.lib.common.rest_client [req-1cc8a3d4-9fa6-4350-bddc-b2c30913300f req-1cc8a3d4-9fa6-4350-bddc-b2c30913300f ] Request (ServerActionsTestOtherA:setUpClass): 200 POST http://10.180.1.21/compute/v2.1/os-keypairs 1.867s
2024-10-10 11:55:08.715 62127 INFO tempest.lib.common.rest_client [req-5110358a-1f31-4bf3-8014-64979215b93d req-5110358a-1f31-4bf3-8014-64979215b93d ] Request (QuotasAdminTestV257:_run_cleanups): 204 DELETE http://10.180.1.21/identity/v3/users/0e7924b51af9498ab9e7b48097f11094 0.080s
2024-10-10 11:55:08.747 62141 INFO tempest.lib.common.rest_client [req-e3d4a20d-a01d-429a-b97f-57b2b5bc71d6 req-e3d4a20d-a01d-429a-b97f-57b2b5bc71d6 ] Request (ServersListShow296Test:test_list_show_server_296): 200 GET http://10.180.1.21/compute/v2.1/servers/4357edb7-fac0-4ad2-9746-4a27de976fdd 1.575s
2024-10-10 11:55:08.787 62122 INFO tempest.lib.common.rest_client [req-84652350-2134-414e-88f3-92055e09be51 req-84652350-2134-414e-88f3-92055e09be51 ] Request (MultipleCreateNegativeTestJSON:test_max_count_less_than_min_count): 400 POST http://10.180.1.21/compute/v2.1/servers 1.557s
2024-10-10 11:55:08.810 62127 INFO tempest.lib.common.rest_client [req-adefb7d1-2d83-45da-b171-41d85975d765 req-adefb7d1-2d83-45da-b171-41d85975d765 ] Request (QuotasAdminTestV257:_run_cleanups): 204 DELETE http://10.180.1.21/identity/v3/projects/2696a66c0a30493bbe56d0c2ae9eb331 0.094s
2024-10-10 11:55:08.813 62137 INFO tempest.lib.common.rest_client [req-999e33f7-7ed1-4397-af84-5429983ec3d0 req-999e33f7-7ed1-4397-af84-5429983ec3d0 ] Request (FlavorsAdminTestJSON:test_is_public_string_variations): 200 GET http://10.180.1.21/compute/v2.1/flavors/detail?is_public=true 1.456s
2024-10-10 11:55:08.857 62122 INFO tempest.lib.common.rest_client [req-a46a2d6e-8597-4998-9af5-7b6a0325d981 req-a46a2d6e-8597-4998-9af5-7b6a0325d981 ] Request (MultipleCreateNegativeTestJSON:test_max_count_less_than_one): 201 POST http://10.180.1.21/identity/v3/auth/tokens 0.061s
2024-10-10 11:55:08.857 62122 INFO tempest.lib.common.fixed_network [-] (MultipleCreateNegativeTestJSON:test_max_count_less_than_one) Found network None available for tenant
2024-10-10 11:55:08.864 62109 INFO tempest.lib.common.rest_client [req-00387f63-00d1-4d76-b7fe-2a121a968663 req-00387f63-00d1-4d76-b7fe-2a121a968663 ] Request (ServerActionsTestOtherA:setUpClass): 201 POST http://10.180.1.21:9696/networking/v2.0/security-groups 0.169s
2024-10-10 11:55:08.867 62101 INFO tempest.lib.common.rest_client [req-466689fa-6e9e-448f-bd2c-da28a0fb710b req-466689fa-6e9e-448f-bd2c-da28a0fb710b ] Request (ServerExternalEventsTest:test_create_server_external_events): 200 GET http://10.180.1.21/compute/v2.1/servers/8e5a01e2-67ba-4832-815f-34767deba62f 1.477s
2024-10-10 11:55:08.886 62155 INFO tempest.lib.common.rest_client [req-11c9d2eb-09f9-4643-acce-e83e95e13809 req-11c9d2eb-09f9-4643-acce-e83e95e13809 ] Request (ServicesAdminTestJSON:test_get_service_by_host_name): 200 GET http://10.180.1.21/compute/v2.1/os-services 1.559s
2024-10-10 11:55:08.946 62127 INFO tempest.lib.common.rest_client [req-a71b4202-bc99-40bd-8f71-4fe88d88f151 req-a71b4202-bc99-40bd-8f71-4fe88d88f151 ] Request (QuotasAdminTestV257:tearDownClass): 204 DELETE http://10.180.1.21/identity/v3/users/18fba16480ed4ec7a0d93dea7ae369c8 0.135s
2024-10-10 11:55:08.950 62103 INFO tempest.lib.common.rest_client [req-e9ef9f85-e304-46f5-8f41-498b61fee4e7 req-e9ef9f85-e304-46f5-8f41-498b61fee4e7 ] Request (ServerGroupTestJSON:test_create_server_with_scheduler_hint_group): 200 GET http://10.180.1.21/compute/v2.1/servers/cf94c3f2-a4db-479f-8251-f2e403697678 1.487s
2024-10-10 11:55:09.017 62133 INFO tempest.lib.common.rest_client [req-1e32efbb-0a4c-4370-baf4-592c3ce54aa0 req-1e32efbb-0a4c-4370-baf4-592c3ce54aa0 ] Request (ServerActionsTestJSON:setUpClass): 200 GET http://10.180.1.21/compute/v2.1/servers/ba29c234-4f7b-414c-9b6b-6a2fa68e9533 1.112s
2024-10-10 11:55:09.025 62133 INFO tempest.common.waiters [-] State transition "BUILD/spawning" ==> "BUILD/scheduling" after 29 second wait
2024-10-10 11:55:09.035 62109 INFO tempest.lib.common.rest_client [req-845e09db-b42b-4fa4-8199-299dfb3e1dc0 req-845e09db-b42b-4fa4-8199-299dfb3e1dc0 ] Request (ServerActionsTestOtherA:setUpClass): 201 POST http://10.180.1.21:9696/networking/v2.0/security-group-rules 0.170s
2024-10-10 11:55:09.066 62127 INFO tempest.lib.common.rest_client [req-cc6a0319-954a-40a8-9e14-2c8b23c240d1 req-cc6a0319-954a-40a8-9e14-2c8b23c240d1 ] Request (QuotasAdminTestV257:tearDownClass): 204 DELETE http://10.180.1.21/identity/v3/users/ccce190285f8422a980c23b30ed3e22d 0.119s
2024-10-10 11:55:09.066 62127 INFO tempest.lib.common.dynamic_creds [-] Deleting project and security group for project: 1f900e36749f48529deedeb3526a3d23
2024-10-10 11:55:09.080 62115 INFO tempest.lib.common.rest_client [req-5f83e9c9-4fe8-4e52-aea2-ce682d6ec269 req-5f83e9c9-4fe8-4e52-aea2-ce682d6ec269 ] Request (ImagesOneServerNegativeTestJSON:setUpClass): 200 PUT http://10.180.1.21:9696/networking/v2.0/routers/5b98d2a1-621a-4073-898d-d2331f253a56/add_router_interface 0.988s
2024-10-10 11:55:09.081 62115 INFO tempest.lib.common.dynamic_creds [-] Created isolated network resources for: credentials: Credentials: {'domain_id': 'default', 'domain_name': 'Default', 'username': 'tempest-ImagesOneServerNegativeTestJSON-1817704843-project-member', 'project_domain_id': 'default', 'project_domain_name': 'Default', 'project_id': '03484f393357415f9a5244df3e2721ab', 'project_name': 'tempest-ImagesOneServerNegativeTestJSON-1817704843', 'tenant_id': '03484f393357415f9a5244df3e2721ab', 'tenant_name': 'tempest-ImagesOneServerNegativeTestJSON-1817704843', 'user_domain_id': 'default', 'user_domain_name': 'Default', 'user_id': 'bf524551a5384bdda93929cd6aba4297', 'system': None}, Network: {'id': 'e7e3a703-47b1-4b22-8b12-9fc6ffa33a5e', 'name': 'tempest-ImagesOneServerNegativeTestJSON-440937270-network', 'tenant_id': '03484f393357415f9a5244df3e2721ab', 'admin_state_up': True, 'mtu': 8950, 'status': 'ACTIVE', 'subnets': [], 'shared': False, 'project_id': '03484f393357415f9a5244df3e2721ab', 'port_security_enabled': True, 'router:external': False, 'provider:network_type': 'vlan', 'provider:physical_network': 'default', 'provider:segmentation_id': 201, 'is_default': False, 'availability_zone_hints': [], 'availability_zones': [], 'ipv4_address_scope': None, 'ipv6_address_scope': None, 'description': '', 'tags': [], 'created_at': '2024-10-10T11:55:06Z', 'updated_at': '2024-10-10T11:55:06Z', 'revision_number': 1}, Subnet: {'id': '6e2896c3-b5f2-440b-a6a5-41fdb3718a24', 'name': 'tempest-ImagesOneServerNegativeTestJSON-440937270-subnet', 'tenant_id': '03484f393357415f9a5244df3e2721ab', 'network_id': 'e7e3a703-47b1-4b22-8b12-9fc6ffa33a5e', 'ip_version': 4, 'subnetpool_id': None, 'enable_dhcp': True, 'ipv6_ra_mode': None, 'ipv6_address_mode': None, 'gateway_ip': '192.168.128.1', 'cidr': '192.168.128.0/28', 'allocation_pools': [{'start': '192.168.128.2', 'end': '192.168.128.14'}], 'host_routes': [], 'dns_nameservers': [], 'description': '', 'router:external': False, 'service_types': [], 'tags': [], 'created_at': '2024-10-10T11:55:06Z', 'updated_at': '2024-10-10T11:55:06Z', 'revision_number': 0, 'project_id': '03484f393357415f9a5244df3e2721ab'}, Router: {'id': '5b98d2a1-621a-4073-898d-d2331f253a56', 'name': 'tempest-ImagesOneServerNegativeTestJSON-440937270-router', 'tenant_id': '03484f393357415f9a5244df3e2721ab', 'admin_state_up': True, 'status': 'ACTIVE', 'external_gateway_info': {'network_id': 'a1a89427-595d-4752-a78d-d0c19e241db3', 'external_fixed_ips': [{'subnet_id': 'cd17675e-5045-4aa0-842c-512785ded94a', 'ip_address': '10.180.180.242'}], 'enable_snat': True}, 'description': '', 'availability_zones': [], 'distributed': False, 'ha': False, 'availability_zone_hints': [], 'routes': [], 'flavor_id': None, 'tags': [], 'created_at': '2024-10-10T11:55:06Z', 'updated_at': '2024-10-10T11:55:07Z', 'revision_number': 2, 'project_id': '03484f393357415f9a5244df3e2721ab'}
2024-10-10 11:55:09.101 62123 INFO tempest.lib.common.rest_client [req-ceee1cdc-41d5-44ec-a48a-4abbffd8692b req-ceee1cdc-41d5-44ec-a48a-4abbffd8692b ] Request (ServerDiagnosticsTest:test_get_server_diagnostics): 200 GET http://10.180.1.21/compute/v2.1/servers/5d11fc94-b63a-475c-bcb3-f212c838668c 1.152s
2024-10-10 11:55:09.145 62127 INFO tempest.lib.common.rest_client [req-47693e48-3509-47c2-88cb-2feb153d56be req-47693e48-3509-47c2-88cb-2feb153d56be ] Request (QuotasAdminTestV257:tearDownClass): 201 POST http://10.180.1.21/identity/v3/auth/tokens 0.078s
2024-10-10 11:55:09.167 62109 INFO tempest.lib.common.rest_client [req-7e88069e-b775-4cca-88c6-cb1963c13b54 req-7e88069e-b775-4cca-88c6-cb1963c13b54 ] Request (ServerActionsTestOtherA:setUpClass): 201 POST http://10.180.1.21:9696/networking/v2.0/security-group-rules 0.132s
2024-10-10 11:55:09.184 62135 INFO tempest.lib.common.rest_client [req-41fde464-a7c7-4559-ab6b-f9f886a73bd8 req-41fde464-a7c7-4559-ab6b-f9f886a73bd8 ] Request (ImagesNegativeTestJSON:test_create_image_from_deleted_server): 200 GET http://10.180.1.21/compute/v2.1/servers/57f77a5f-87d0-4a9a-80ea-4b24baf33d02 1.197s
2024-10-10 11:55:09.188 62115 INFO tempest.lib.common.rest_client [req-c375370a-496b-4df5-8e1a-206bfe18e2a5 req-c375370a-496b-4df5-8e1a-206bfe18e2a5 ] Request (ImagesOneServerNegativeTestJSON:setUpClass): 201 POST http://10.180.1.21/identity/v3/auth/tokens 0.102s
2024-10-10 11:55:09.223 62115 INFO tempest.lib.common.rest_client [req-8754fad9-ce0a-4d07-92bb-d1d72988241d req-8754fad9-ce0a-4d07-92bb-d1d72988241d ] Request (ImagesOneServerNegativeTestJSON:setUpClass): 201 POST http://10.180.1.21/identity/v3/auth/tokens 0.031s
2024-10-10 11:55:09.224 62115 INFO tempest.lib.common.fixed_network [-] (ImagesOneServerNegativeTestJSON:setUpClass) Found network {'id': 'e7e3a703-47b1-4b22-8b12-9fc6ffa33a5e', 'name': 'tempest-ImagesOneServerNegativeTestJSON-440937270-network', 'tenant_id': '03484f393357415f9a5244df3e2721ab', 'admin_state_up': True, 'mtu': 8950, 'status': 'ACTIVE', 'subnets': [], 'shared': False, 'project_id': '03484f393357415f9a5244df3e2721ab', 'port_security_enabled': True, 'router:external': False, 'provider:network_type': 'vlan', 'provider:physical_network': 'default', 'provider:segmentation_id': 201, 'is_default': False, 'availability_zone_hints': [], 'availability_zones': [], 'ipv4_address_scope': None, 'ipv6_address_scope': None, 'description': '', 'tags': [], 'created_at': '2024-10-10T11:55:06Z', 'updated_at': '2024-10-10T11:55:06Z', 'revision_number': 1} available for tenant
2024-10-10 11:55:09.276 62093 INFO tempest.lib.common.rest_client [req-d79e917c-65da-4924-b4d3-d3d1fb85857a req-d79e917c-65da-4924-b4d3-d3d1fb85857a ] Request (VolumesAdminNegativeTest:test_update_attached_volume_with_nonexistent_volume_in_body): 200 GET http://10.180.1.21/compute/v2.1/servers/759d1958-0518-4654-8686-38be0920c29f 1.219s
2024-10-10 11:55:09.342 62131 INFO tempest.lib.common.rest_client [req-45d2c2ec-0b11-4025-8945-6fd541b1c9c0 req-45d2c2ec-0b11-4025-8945-6fd541b1c9c0 ] Request (ServersAdminNegativeTestJSON:setUpClass): 200 GET http://10.180.1.21/compute/v2.1/servers/ada4c1f9-ee1e-421b-9d97-fc3fddcf0ce0 1.282s
2024-10-10 11:55:09.399 62127 INFO tempest.lib.common.rest_client [req-b31c5e25-0f00-4d77-98bc-d55d01fbc355 req-b31c5e25-0f00-4d77-98bc-d55d01fbc355 ] Request (QuotasAdminTestV257:tearDownClass): 200 GET http://10.180.1.21:9696/networking/v2.0/security-groups?tenant_id=1f900e36749f48529deedeb3526a3d23&name=default 0.253s
2024-10-10 11:55:09.465 62111 INFO tempest.lib.common.rest_client [req-c5b06e2a-50e1-499b-a61a-4043f415a123 req-c5b06e2a-50e1-499b-a61a-4043f415a123 ] Request (AggregatesAdminNegativeTestJSON:_run_cleanups): 200 POST http://10.180.1.21/compute/v2.1/os-aggregates/7/action 1.272s
2024-10-10 11:55:09.532 62105 INFO tempest.lib.common.rest_client [req-a15404ef-d4d6-4111-8258-004aac37aefd req-a15404ef-d4d6-4111-8258-004aac37aefd ] Request (ServerShowV247Test:test_update_rebuild_list_server): 200 GET http://10.180.1.21/compute/v2.1/servers/0dfabd80-a385-4124-af33-083559819d7a 1.333s
2024-10-10 11:55:09.559 62127 INFO tempest.lib.common.rest_client [req-38362ebb-fae2-4089-9526-04c699bc4f97 req-38362ebb-fae2-4089-9526-04c699bc4f97 ] Request (QuotasAdminTestV257:tearDownClass): 204 DELETE http://10.180.1.21:9696/networking/v2.0/security-groups/e4e5099f-35a2-4a1e-b2c7-cb3b51a07ee5 0.160s
2024-10-10 11:55:09.609 62139 INFO tempest.lib.common.rest_client [req-5e37a1d4-e7c4-4b7e-81cb-2e0140ad4f57 req-5e37a1d4-e7c4-4b7e-81cb-2e0140ad4f57 ] Request (ServerDiagnosticsV248Test:tearDownClass): 200 GET http://10.180.1.21/compute/v2.1/servers/8a5c9847-fc0d-41f7-87b8-d7ff44073ea9 1.369s
2024-10-10 11:55:09.647 62127 INFO tempest.lib.common.rest_client [req-2c6d1c7e-f7b2-4989-bf11-7302a166a048 req-2c6d1c7e-f7b2-4989-bf11-7302a166a048 ] Request (QuotasAdminTestV257:tearDownClass): 204 DELETE http://10.180.1.21/identity/v3/projects/1f900e36749f48529deedeb3526a3d23 0.088s
2024-10-10 11:55:09.648 62127 INFO tempest.lib.common.dynamic_creds [-] Deleting project and security group for project: e5ae11a32f0a4a888b447d46bc1f1c4c
2024-10-10 11:55:09.676 62143 INFO tempest.lib.common.rest_client [req-9f44b46d-cc58-42ef-8c4e-e9bce9751d6f req-9f44b46d-cc58-42ef-8c4e-e9bce9751d6f ] Request (ServersTestJSON:setUpClass): 200 GET http://10.180.1.21/compute/v2.1/servers/f2f968db-d4e2-451d-afe6-330196eba6c2 1.411s
2024-10-10 11:55:09.677 62109 INFO tempest.lib.common.rest_client [req-236471fd-dd99-4059-9bf1-ce8a3f8ae151 req-236471fd-dd99-4059-9bf1-ce8a3f8ae151 ] Request (ServerActionsTestOtherA:setUpClass): 201 POST http://10.180.1.21:9696/networking/v2.0/floatingips 0.509s
2024-10-10 11:55:09.746 62109 INFO tempest.lib.common.rest_client [req-ab3ef8c6-bef3-493c-984d-23d23f325f91 req-ab3ef8c6-bef3-493c-984d-23d23f325f91 ] Request (ServerActionsTestOtherA:setUpClass): 201 POST http://10.180.1.21/identity/v3/auth/tokens 0.063s
2024-10-10 11:55:09.747 62109 INFO tempest.lib.common.fixed_network [-] (ServerActionsTestOtherA:setUpClass) Found network {'id': '88b46e6c-c501-4a43-823f-74c351776abf', 'name': 'tempest-ServerActionsTestOtherA-1200169171-network', 'tenant_id': '7346be30885241d2aeacc56899ee8f75', 'admin_state_up': True, 'mtu': 8950, 'status': 'ACTIVE', 'subnets': [], 'shared': False, 'project_id': '7346be30885241d2aeacc56899ee8f75', 'port_security_enabled': True, 'router:external': False, 'provider:network_type': 'vlan', 'provider:physical_network': 'default', 'provider:segmentation_id': 817, 'is_default': False, 'availability_zone_hints': [], 'availability_zones': [], 'ipv4_address_scope': None, 'ipv6_address_scope': None, 'description': '', 'tags': [], 'created_at': '2024-10-10T11:55:03Z', 'updated_at': '2024-10-10T11:55:03Z', 'revision_number': 1} available for tenant
2024-10-10 11:55:09.757 62127 INFO tempest.lib.common.rest_client [req-b9b70e38-d712-43a1-8990-f7d74dbed375 req-b9b70e38-d712-43a1-8990-f7d74dbed375 ] Request (QuotasAdminTestV257:tearDownClass): 200 GET http://10.180.1.21:9696/networking/v2.0/security-groups?tenant_id=e5ae11a32f0a4a888b447d46bc1f1c4c&name=default 0.108s
2024-10-10 11:55:09.841 62127 INFO tempest.lib.common.rest_client [req-4ef7f41f-1013-460f-8ff5-6ae404fe519c req-4ef7f41f-1013-460f-8ff5-6ae404fe519c ] Request (QuotasAdminTestV257:tearDownClass): 204 DELETE http://10.180.1.21:9696/networking/v2.0/security-groups/66923b5a-f555-4722-bb54-0d40a7be5085 0.084s
2024-10-10 11:55:09.943 62151 INFO tempest.lib.common.rest_client [req-ca1d2d9a-c435-492a-a7b9-835ec532537e req-ca1d2d9a-c435-492a-a7b9-835ec532537e ] Request (FloatingIPsTestJSON:test_delete_floating_ip): 200 POST http://10.180.1.21/compute/v2.1/os-floating-ips 2.067s
2024-10-10 11:55:09.943 62099 INFO tempest.lib.common.rest_client [req-482657f2-da6e-48e5-988f-edfe639b1f3f req-482657f2-da6e-48e5-988f-edfe639b1f3f ] Request (ImagesOneServerTestJSON:setUpClass): 200 GET http://10.180.1.21/compute/v2.1/servers/4b39d9ad-b7d3-4464-b9e0-799440b445e4 1.656s
2024-10-10 11:55:09.954 62099 INFO tempest.common.waiters [-] State transition "BUILD/None" ==> "BUILD/block_device_mapping" after 20 second wait
2024-10-10 11:55:09.961 62127 INFO tempest.lib.common.rest_client [req-8766190a-c7d8-4bd3-beb3-68f096d5c8db req-8766190a-c7d8-4bd3-beb3-68f096d5c8db ] Request (QuotasAdminTestV257:tearDownClass): 204 DELETE http://10.180.1.21/identity/v3/projects/e5ae11a32f0a4a888b447d46bc1f1c4c 0.119s
2024-10-10 11:55:10.002 62095 INFO tempest.lib.common.rest_client [req-0c900a59-f42c-4be5-853d-f64b893c01a4 req-0c900a59-f42c-4be5-853d-f64b893c01a4 ] Request (ServerDiagnosticsNegativeTest:test_get_server_diagnostics_by_non_admin): 200 GET http://10.180.1.21/compute/v2.1/servers/8c006d14-dbd9-40b9-a474-06382fea3b2f 1.657s
2024-10-10 11:55:10.052 62127 INFO tempest.lib.common.rest_client [req-c669ec58-3db5-47e7-ace7-2eb994258108 req-c669ec58-3db5-47e7-ace7-2eb994258108 ] Request (ImagesMetadataNegativeTestJSON:setUpClass): 201 POST http://10.180.1.21/identity/v3/auth/tokens 0.089s
2024-10-10 11:55:10.075 62107 INFO tempest.lib.common.rest_client [req-2c4df7e7-54f0-457c-9ac1-082275214602 req-2c4df7e7-54f0-457c-9ac1-082275214602 ] Request (ListServerFiltersTestJSON:setUpClass): 200 GET http://10.180.1.21/compute/v2.1/servers/cfb2f64b-7026-444d-8f86-500445343ac1 1.596s
2024-10-10 11:55:10.090 62127 INFO tempest.lib.common.rest_client [req-9b18e990-7729-4b4d-9cb2-2bf240f7b7a5 req-9b18e990-7729-4b4d-9cb2-2bf240f7b7a5 ] Request (ImagesMetadataNegativeTestJSON:setUpClass): 201 POST http://10.180.1.21/identity/v3/auth/tokens 0.034s
2024-10-10 11:55:10.095 62145 INFO tempest.lib.common.rest_client [req-e0df032c-706f-4f70-bbee-41eef994549f req-e0df032c-706f-4f70-bbee-41eef994549f ] Request (KeyPairsV22TestJSON:_run_cleanups): 204 DELETE http://10.180.1.21/compute/v2.1/os-keypairs/tempest-KeyPairsV22TestJSON-keypair-70514371 1.440s
2024-10-10 11:55:10.115 62153 INFO tempest.lib.common.rest_client [req-c7638a64-7034-496e-8a91-64030ab54987 req-c7638a64-7034-496e-8a91-64030ab54987 ] Request (MigrationsAdminTest:test_resize_server_revert_deleted_flavor): 200 GET http://10.180.1.21/compute/v2.1/flavors/42 1.434s
2024-10-10 11:55:10.118 62127 INFO tempest.lib.common.rest_client [req-0de6ffb9-65b2-4f4d-8e26-b772811c46a6 req-0de6ffb9-65b2-4f4d-8e26-b772811c46a6 ] Request (ImagesMetadataNegativeTestJSON:setUpClass): 200 GET http://10.180.1.21/identity/v3/domains?name=Default 0.028s
2024-10-10 11:55:10.167 62127 INFO tempest.lib.common.rest_client [req-56d9a378-fcf6-4900-a3d9-343eeaae9a55 req-56d9a378-fcf6-4900-a3d9-343eeaae9a55 ] Request (ImagesMetadataNegativeTestJSON:setUpClass): 201 POST http://10.180.1.21/identity/v3/projects 0.049s
2024-10-10 11:55:10.200 62117 INFO tempest.lib.common.rest_client [req-3c6a5a32-4d53-4343-9802-821d6aadc107 req-3c6a5a32-4d53-4343-9802-821d6aadc107 ] Request (SecurityGroupsTestJSON:test_list_security_groups_by_server): 204 DELETE http://10.180.1.21/compute/v2.1/servers/4c02ebbd-345f-4253-bc28-f90c731c78aa 1.796s
2024-10-10 11:55:10.214 62137 INFO tempest.lib.common.rest_client [req-2de71af2-b274-46e6-9c26-88fd2ef78dfe req-2de71af2-b274-46e6-9c26-88fd2ef78dfe ] Request (FlavorsAdminTestJSON:test_is_public_string_variations): 200 GET http://10.180.1.21/compute/v2.1/flavors/detail?is_public=yes 1.397s
2024-10-10 11:55:10.220 62122 INFO tempest.lib.common.rest_client [req-542373c7-8fcc-430a-9623-a09879005d4f req-542373c7-8fcc-430a-9623-a09879005d4f ] Request (MultipleCreateNegativeTestJSON:test_max_count_less_than_one): 400 POST http://10.180.1.21/compute/v2.1/servers 1.363s
2024-10-10 11:55:10.242 62155 INFO tempest.lib.common.rest_client [req-2abf5e29-342c-4b2c-b266-2ebeff9e2edd req-2abf5e29-342c-4b2c-b266-2ebeff9e2edd ] Request (ServicesAdminTestJSON:test_get_service_by_host_name): 200 GET http://10.180.1.21/compute/v2.1/os-services?host=devstack 1.353s
2024-10-10 11:55:10.244 62127 INFO tempest.lib.common.rest_client [req-b30aaad3-a524-45c0-8598-0a00f54eac5e req-b30aaad3-a524-45c0-8598-0a00f54eac5e ] Request (ImagesMetadataNegativeTestJSON:setUpClass): 201 POST http://10.180.1.21/identity/v3/users 0.076s
2024-10-10 11:55:10.297 62122 INFO tempest.lib.common.rest_client [req-8c08a1a7-b1f1-42f7-a17a-426dbbadbaf0 req-8c08a1a7-b1f1-42f7-a17a-426dbbadbaf0 ] Request (MultipleCreateNegativeTestJSON:test_max_count_non_integer): 201 POST http://10.180.1.21/identity/v3/auth/tokens 0.072s
2024-10-10 11:55:10.297 62122 INFO tempest.lib.common.fixed_network [-] (MultipleCreateNegativeTestJSON:test_max_count_non_integer) Found network None available for tenant
2024-10-10 11:55:10.317 62127 INFO tempest.lib.common.rest_client [req-05fe469d-f32d-47d0-8f66-c49d27b918b5 req-05fe469d-f32d-47d0-8f66-c49d27b918b5 ] Request (ImagesMetadataNegativeTestJSON:setUpClass): 200 GET http://10.180.1.21/identity/v3/roles 0.071s
2024-10-10 11:55:10.337 62141 INFO tempest.lib.common.rest_client [req-4ca406e8-e985-4cda-bcb0-2e475b1545a8 req-4ca406e8-e985-4cda-bcb0-2e475b1545a8 ] Request (ServersListShow296Test:tearDownClass): 204 DELETE http://10.180.1.21/compute/v2.1/servers/4357edb7-fac0-4ad2-9746-4a27de976fdd 1.578s
2024-10-10 11:55:10.342 62127 INFO tempest.lib.common.rest_client [req-a1668ab4-5566-4101-af89-4ad991ea8edf req-a1668ab4-5566-4101-af89-4ad991ea8edf ] Request (ImagesMetadataNegativeTestJSON:setUpClass): 204 PUT http://10.180.1.21/identity/v3/projects/b0abf92c38c94be59022e080d97f5a35/users/179d5297aaa449deab264d53fad4b97f/roles/8e34242d946b4a7dab451357611c00ec 0.024s
2024-10-10 11:55:10.342 62127 INFO tempest.lib.common.dynamic_creds [-] Dynamic test user 179d5297aaa449deab264d53fad4b97f is created with scope project and roles: ['member']
2024-10-10 11:55:10.342 62127 INFO tempest.lib.common.dynamic_creds [-] Acquired dynamic creds: credentials: Credentials: {'domain_id': 'default', 'domain_name': 'Default', 'username': 'tempest-ImagesMetadataNegativeTestJSON-298247353-project-member', 'project_domain_id': 'default', 'project_domain_name': 'Default', 'project_id': 'b0abf92c38c94be59022e080d97f5a35', 'project_name': 'tempest-ImagesMetadataNegativeTestJSON-298247353', 'tenant_id': 'b0abf92c38c94be59022e080d97f5a35', 'tenant_name': 'tempest-ImagesMetadataNegativeTestJSON-298247353', 'user_domain_id': 'default', 'user_domain_name': 'Default', 'user_id': '179d5297aaa449deab264d53fad4b97f', 'system': None}, Network: None, Subnet: None, Router: None
2024-10-10 11:55:10.342 62127 INFO tempest.lib.common.dynamic_creds [-] Created isolated network resources for: credentials: Credentials: {'domain_id': 'default', 'domain_name': 'Default', 'username': 'tempest-ImagesMetadataNegativeTestJSON-298247353-project-member', 'project_domain_id': 'default', 'project_domain_name': 'Default', 'project_id': 'b0abf92c38c94be59022e080d97f5a35', 'project_name': 'tempest-ImagesMetadataNegativeTestJSON-298247353', 'tenant_id': 'b0abf92c38c94be59022e080d97f5a35', 'tenant_name': 'tempest-ImagesMetadataNegativeTestJSON-298247353', 'user_domain_id': 'default', 'user_domain_name': 'Default', 'user_id': '179d5297aaa449deab264d53fad4b97f', 'system': None}, Network: None, Subnet: None, Router: None
2024-10-10 11:55:10.355 62113 INFO tempest.lib.common.rest_client [req-20ccff1d-f97a-4acf-a590-4f815168f537 req-20ccff1d-f97a-4acf-a590-4f815168f537 ] Request (QuotaClassesAdminTestJSON:test_update_default_quotas): 200 GET http://10.180.1.21/compute/v2.1/os-quota-class-sets/default 1.451s
2024-10-10 11:55:10.406 62125 INFO tempest.lib.common.rest_client [req-877da18f-abe0-4d69-b36b-f63308c5bdf1 req-877da18f-abe0-4d69-b36b-f63308c5bdf1 ] Request (ServersTestManualDisk:setUpClass): 200 GET http://10.180.1.21/compute/v2.1/servers/3765dd5b-2fd3-4acb-87b8-e5a7d8df4113 1.271s
2024-10-10 11:55:10.409 62149 INFO tempest.lib.common.rest_client [req-2b8a4416-c8a4-442a-b36d-fa54f32fb694 req-2b8a4416-c8a4-442a-b36d-fa54f32fb694 ] Request (ServersAdmin275Test:test_rebuild_update_server_275): 200 GET http://10.180.1.21/compute/v2.1/servers/7ef91986-fb46-478b-85a5-05d597790ad9 1.462s
2024-10-10 11:55:10.415 62127 INFO tempest.lib.common.rest_client [req-4eac1095-e116-42cb-a114-c4c0ca0ba3eb req-4eac1095-e116-42cb-a114-c4c0ca0ba3eb ] Request (ImagesMetadataNegativeTestJSON:setUpClass): 201 POST http://10.180.1.21/identity/v3/auth/tokens 0.069s
2024-10-10 11:55:10.463 62097 INFO tempest.lib.common.rest_client [req-83978763-226d-4626-8f50-7e0d1b4f6d00 req-83978763-226d-4626-8f50-7e0d1b4f6d00 ] Request (TenantUsagesTestJSON:setUpClass): 200 GET http://10.180.1.21/compute/v2.1/servers/c1c15498-af88-4fcf-9a58-7060502bcaf2 1.270s
2024-10-10 11:55:10.469 62097 INFO tempest.common.waiters [-] State transition "BUILD/scheduling" ==> "BUILD/None" after 19 second wait
2024-10-10 11:55:10.519 62147 INFO tempest.lib.common.rest_client [req-f51177be-3380-4dbc-93af-223fea3a3996 req-f51177be-3380-4dbc-93af-223fea3a3996 ] Request (DeleteServersTestJSON:test_delete_active_server): 200 GET http://10.180.1.21/compute/v2.1/servers/b521cc8c-e214-467f-8399-55f075b9bba3 1.067s
2024-10-10 11:55:10.531 62111 INFO tempest.lib.common.rest_client [req-cb53d09f-473e-49cf-9e58-719e3c640936 req-cb53d09f-473e-49cf-9e58-719e3c640936 ] Request (AggregatesAdminNegativeTestJSON:_run_cleanups): 200 DELETE http://10.180.1.21/compute/v2.1/os-aggregates/7 1.064s
2024-10-10 11:55:10.585 62119 INFO tempest.lib.common.rest_client [req-ac263f39-db2a-4af1-aec8-2dcec07fbbab req-ac263f39-db2a-4af1-aec8-2dcec07fbbab ] Request (DeleteServersAdminTestJSON:test_delete_server_while_in_error_state): 200 GET http://10.180.1.21/compute/v2.1/servers/31aa8536-1597-4b61-b069-80daf5306dd6 1.080s
2024-10-10 11:55:10.652 62130 INFO tempest.lib.common.rest_client [req-47e16a70-1b3b-4d8c-8718-c7c31f9607bf req-47e16a70-1b3b-4d8c-8718-c7c31f9607bf ] Request (VolumesAssistedSnapshotsTest:test_volume_assisted_snapshot_create_delete): 200 GET http://10.180.1.21/compute/v2.1/servers/ceaef138-8b51-428b-9966-e6db3e7b0eb3 1.115s
2024-10-10 11:55:11.058 62115 INFO tempest.lib.common.rest_client [req-201d5c18-f5fd-4407-8b98-bd523a947c2a req-201d5c18-f5fd-4407-8b98-bd523a947c2a ] Request (ImagesOneServerNegativeTestJSON:setUpClass): 202 POST http://10.180.1.21/compute/v2.1/servers 1.833s
2024-10-10 11:55:11.117 62101 INFO tempest.lib.common.rest_client [req-cb495a02-b923-4768-9fb9-453e5b54996c req-cb495a02-b923-4768-9fb9-453e5b54996c ] Request (ServerExternalEventsTest:test_create_server_external_events): 200 GET http://10.180.1.21/compute/v2.1/servers/8e5a01e2-67ba-4832-815f-34767deba62f 1.243s
2024-10-10 11:55:11.189 62109 INFO tempest.lib.common.rest_client [req-c866ed4a-3883-4371-9c6a-1de17cfeb758 req-c866ed4a-3883-4371-9c6a-1de17cfeb758 ] Request (ServerActionsTestOtherA:setUpClass): 202 POST http://10.180.1.21/compute/v2.1/servers 1.442s
2024-10-10 11:55:11.249 62103 INFO tempest.lib.common.rest_client [req-11bbf65e-7bb8-4b23-94aa-06960d0794b4 req-11bbf65e-7bb8-4b23-94aa-06960d0794b4 ] Request (ServerGroupTestJSON:test_create_server_with_scheduler_hint_group): 200 GET http://10.180.1.21/compute/v2.1/servers/cf94c3f2-a4db-479f-8251-f2e403697678 1.290s
2024-10-10 11:55:11.305 62133 INFO tempest.lib.common.rest_client [req-e45d6d66-c935-4915-8a80-ee88bb771a97 req-e45d6d66-c935-4915-8a80-ee88bb771a97 ] Request (ServerActionsTestJSON:setUpClass): 200 GET http://10.180.1.21/compute/v2.1/servers/ba29c234-4f7b-414c-9b6b-6a2fa68e9533 1.279s
2024-10-10 11:55:11.311 62133 INFO tempest.common.waiters [-] State transition "BUILD/scheduling" ==> "ERROR/None" after 31 second wait
2024-10-10 11:55:11.334 62145 INFO tempest.lib.common.rest_client [req-a6d3417a-2f47-44ff-852b-2becb685efdf req-a6d3417a-2f47-44ff-852b-2becb685efdf ] Request (KeyPairsV22TestJSON:test_keypairsv22_create_list_show): 201 POST http://10.180.1.21/compute/v2.1/os-keypairs 1.238s
2024-10-10 11:55:11.387 62123 INFO tempest.lib.common.rest_client [req-6e26c649-71ae-4761-b094-46e4d34a45f7 req-6e26c649-71ae-4761-b094-46e4d34a45f7 ] Request (ServerDiagnosticsTest:test_get_server_diagnostics): 200 GET http://10.180.1.21/compute/v2.1/servers/5d11fc94-b63a-475c-bcb3-f212c838668c 1.277s
2024-10-10 11:55:11.402 62153 INFO tempest.lib.common.rest_client [req-2f11de7b-1a69-4275-b3d0-878128448b73 req-2f11de7b-1a69-4275-b3d0-878128448b73 ] Request (MigrationsAdminTest:test_resize_server_revert_deleted_flavor): 200 POST http://10.180.1.21/compute/v2.1/flavors 1.285s
2024-10-10 11:55:11.449 62135 INFO tempest.lib.common.rest_client [req-409ed6df-a508-4681-af1c-8eb747c6e3df req-409ed6df-a508-4681-af1c-8eb747c6e3df ] Request (ImagesNegativeTestJSON:test_create_image_from_deleted_server): 200 GET http://10.180.1.21/compute/v2.1/servers/57f77a5f-87d0-4a9a-80ea-4b24baf33d02 1.255s
2024-10-10 11:55:11.466 62117 INFO tempest.lib.common.rest_client [req-fce73cc4-34fc-4ead-a3f2-e498f926cd48 req-fce73cc4-34fc-4ead-a3f2-e498f926cd48 ] Request (SecurityGroupsTestJSON:test_list_security_groups_by_server): 404 GET http://10.180.1.21/compute/v2.1/servers/4c02ebbd-345f-4253-bc28-f90c731c78aa 1.266s
2024-10-10 11:55:11.471 62151 INFO tempest.lib.common.rest_client [req-492cb68f-967d-49d1-8b17-436e3c9bb4f1 req-492cb68f-967d-49d1-8b17-436e3c9bb4f1 ] Request (FloatingIPsTestJSON:test_delete_floating_ip): 202 DELETE http://10.180.1.21/compute/v2.1/os-floating-ips/e054217c-1af5-451a-bc00-df2f6dbd2dd6 1.526s
2024-10-10 11:55:11.480 62137 INFO tempest.lib.common.rest_client [req-57fa3f62-a41b-4277-add9-693031a94a9c req-57fa3f62-a41b-4277-add9-693031a94a9c ] Request (FlavorsAdminTestJSON:test_is_public_string_variations): 200 GET http://10.180.1.21/compute/v2.1/flavors/detail?is_public=1 1.260s
2024-10-10 11:55:11.489 62155 INFO tempest.lib.common.rest_client [req-8999c2e9-5d9c-4a34-b049-f5089fe97a94 req-8999c2e9-5d9c-4a34-b049-f5089fe97a94 ] Request (ServicesAdminTestJSON:test_get_service_by_service_binary_name): 200 GET http://10.180.1.21/compute/v2.1/os-services?binary=nova-compute 1.242s
2024-10-10 11:55:11.494 62122 INFO tempest.lib.common.rest_client [req-18d1fac7-1aaa-45ce-a2c9-6a9da4985887 req-18d1fac7-1aaa-45ce-a2c9-6a9da4985887 ] Request (MultipleCreateNegativeTestJSON:test_max_count_non_integer): 400 POST http://10.180.1.21/compute/v2.1/servers 1.196s
2024-10-10 11:55:11.513 62141 INFO tempest.lib.common.rest_client [req-35abe730-29b4-4c75-9927-102d3e2b26dd req-35abe730-29b4-4c75-9927-102d3e2b26dd ] Request (ServersListShow296Test:tearDownClass): 404 GET http://10.180.1.21/compute/v2.1/servers/4357edb7-fac0-4ad2-9746-4a27de976fdd 1.175s
2024-10-10 11:55:11.526 62093 INFO tempest.lib.common.rest_client [req-6d17324a-de43-489e-8512-5863e99672c5 req-6d17324a-de43-489e-8512-5863e99672c5 ] Request (VolumesAdminNegativeTest:test_update_attached_volume_with_nonexistent_volume_in_body): 200 GET http://10.180.1.21/compute/v2.1/servers/759d1958-0518-4654-8686-38be0920c29f 1.241s
2024-10-10 11:55:11.558 62122 INFO tempest.lib.common.rest_client [req-6f1d2902-2aa3-4a21-99a0-8bd6a0381800 req-6f1d2902-2aa3-4a21-99a0-8bd6a0381800 ] Request (MultipleCreateNegativeTestJSON:test_min_count_less_than_one): 201 POST http://10.180.1.21/identity/v3/auth/tokens 0.059s
2024-10-10 11:55:11.558 62122 INFO tempest.lib.common.fixed_network [-] (MultipleCreateNegativeTestJSON:test_min_count_less_than_one) Found network None available for tenant
2024-10-10 11:55:11.558 62131 INFO tempest.lib.common.rest_client [req-97a7e380-bbd1-43d1-8da3-8fd382627d4d req-97a7e380-bbd1-43d1-8da3-8fd382627d4d ] Request (ServersAdminNegativeTestJSON:setUpClass): 200 GET http://10.180.1.21/compute/v2.1/servers/ada4c1f9-ee1e-421b-9d97-fc3fddcf0ce0 1.209s
2024-10-10 11:55:11.596 62127 INFO tempest.lib.common.rest_client [req-e79a9a27-d160-43b6-a25c-cd92b47fa2f6 req-e79a9a27-d160-43b6-a25c-cd92b47fa2f6 ] Request (ImagesMetadataNegativeTestJSON:test_delete_nonexistent_image_metadata_item): 404 DELETE http://10.180.1.21/compute/v2.1/images/775e8198-a21e-41f1-860f-f40744f47205/metadata/os_distro 1.179s
2024-10-10 11:55:11.619 62111 INFO tempest.lib.common.rest_client [req-8860805c-d4cd-4c17-9419-850f52a0f794 req-8860805c-d4cd-4c17-9419-850f52a0f794 ] Request (AggregatesAdminNegativeTestJSON:test_aggregate_remove_nonexistent_host): 200 POST http://10.180.1.21/compute/v2.1/os-aggregates 1.087s
2024-10-10 11:55:11.624 62141 INFO tempest.lib.common.rest_client [req-6aef3eb4-d0a8-4ee5-b4ce-0653830d3461 req-6aef3eb4-d0a8-4ee5-b4ce-0653830d3461 ] Request (ServersListShow296Test:tearDownClass): 204 DELETE http://10.180.1.21/identity/v3/users/2985f5617f72433996ae2c6b0ba9246f 0.110s
2024-10-10 11:55:11.624 62141 INFO tempest.lib.common.dynamic_creds [-] Deleting project and security group for project: c382a4dd292342b98e61f74e39e6d8b0
2024-10-10 11:55:11.632 62113 INFO tempest.lib.common.rest_client [req-6b38ce63-3b19-4bc0-9ee8-37fd0dbc2174 req-6b38ce63-3b19-4bc0-9ee8-37fd0dbc2174 ] Request (QuotaClassesAdminTestJSON:test_update_default_quotas): 200 PUT http://10.180.1.21/compute/v2.1/os-quota-class-sets/default 1.275s
2024-10-10 11:55:11.676 62105 INFO tempest.lib.common.rest_client [req-4ff30cfd-83f1-4f88-9b57-687abf508fb6 req-4ff30cfd-83f1-4f88-9b57-687abf508fb6 ] Request (ServerShowV247Test:test_update_rebuild_list_server): 200 GET http://10.180.1.21/compute/v2.1/servers/0dfabd80-a385-4124-af33-083559819d7a 1.129s
2024-10-10 11:55:11.687 62141 INFO tempest.lib.common.rest_client [req-4668c007-e61b-4de9-bf86-8d0324acd1d8 req-4668c007-e61b-4de9-bf86-8d0324acd1d8 ] Request (ServersListShow296Test:tearDownClass): 201 POST http://10.180.1.21/identity/v3/auth/tokens 0.063s
2024-10-10 11:55:11.701 62139 INFO tempest.lib.common.rest_client [req-99fa8b9f-beb9-4ac3-aae7-e718c6fb9d78 req-99fa8b9f-beb9-4ac3-aae7-e718c6fb9d78 ] Request (ServerDiagnosticsV248Test:tearDownClass): 200 GET http://10.180.1.21/compute/v2.1/servers/8a5c9847-fc0d-41f7-87b8-d7ff44073ea9 1.081s
2024-10-10 11:55:11.756 62143 INFO tempest.lib.common.rest_client [req-c834ab34-fc82-4091-9bd5-0e929b83d004 req-c834ab34-fc82-4091-9bd5-0e929b83d004 ] Request (ServersTestJSON:setUpClass): 200 GET http://10.180.1.21/compute/v2.1/servers/f2f968db-d4e2-451d-afe6-330196eba6c2 1.072s
2024-10-10 11:55:11.762 62099 INFO tempest.lib.common.rest_client [req-7b92c8ca-489c-4642-a43b-fddcc8e54fe9 req-7b92c8ca-489c-4642-a43b-fddcc8e54fe9 ] Request (ImagesOneServerTestJSON:setUpClass): 200 GET http://10.180.1.21/compute/v2.1/servers/4b39d9ad-b7d3-4464-b9e0-799440b445e4 0.806s
2024-10-10 11:55:11.769 62099 INFO tempest.common.waiters [-] State transition "BUILD/block_device_mapping" ==> "BUILD/spawning" after 22 second wait
2024-10-10 11:55:11.816 62095 INFO tempest.lib.common.rest_client [req-79acba9d-2649-4f2f-9ebc-066df4298d40 req-79acba9d-2649-4f2f-9ebc-066df4298d40 ] Request (ServerDiagnosticsNegativeTest:test_get_server_diagnostics_by_non_admin): 200 GET http://10.180.1.21/compute/v2.1/servers/8c006d14-dbd9-40b9-a474-06382fea3b2f 0.803s
2024-10-10 11:55:11.825 62115 INFO tempest.lib.common.rest_client [req-d45b520f-cf5b-46a9-834d-5ca25a9877b9 req-d45b520f-cf5b-46a9-834d-5ca25a9877b9 ] Request (ImagesOneServerNegativeTestJSON:setUpClass): 200 GET http://10.180.1.21/compute/v2.1/servers/f968f3df-c70b-466b-8aaa-879354f12d3b 0.765s
2024-10-10 11:55:11.858 62141 INFO tempest.lib.common.rest_client [req-b9d9e84d-20d5-450e-b47e-575c93194503 req-b9d9e84d-20d5-450e-b47e-575c93194503 ] Request (ServersListShow296Test:tearDownClass): 200 GET http://10.180.1.21:9696/networking/v2.0/security-groups?tenant_id=c382a4dd292342b98e61f74e39e6d8b0&name=default 0.170s
2024-10-10 11:55:11.862 62107 INFO tempest.lib.common.rest_client [req-4339ad47-9a3a-4aab-b7ae-a52191755a0e req-4339ad47-9a3a-4aab-b7ae-a52191755a0e ] Request (ListServerFiltersTestJSON:setUpClass): 200 GET http://10.180.1.21/compute/v2.1/servers/cfb2f64b-7026-444d-8f86-500445343ac1 0.779s
2024-10-10 11:55:11.875 62109 INFO tempest.lib.common.rest_client [req-196f91c3-1a8e-4de1-96c3-d0452494feed req-196f91c3-1a8e-4de1-96c3-d0452494feed ] Request (ServerActionsTestOtherA:setUpClass): 200 GET http://10.180.1.21/compute/v2.1/servers/1ac6419f-9a21-4927-9c6e-01ba2dcaf7a0 0.684s
2024-10-10 11:55:11.884 62145 INFO tempest.lib.common.rest_client [req-cf58620b-9c70-4fb0-9dd6-8e5a37807269 req-cf58620b-9c70-4fb0-9dd6-8e5a37807269 ] Request (KeyPairsV22TestJSON:test_keypairsv22_create_list_show): 200 GET http://10.180.1.21/compute/v2.1/os-keypairs/tempest-keypair-2035697150 0.548s
2024-10-10 11:55:11.896 62153 INFO tempest.lib.common.rest_client [req-21f13b54-d815-481f-ab77-a646bd52530a req-21f13b54-d815-481f-ab77-a646bd52530a ] Request (MigrationsAdminTest:test_resize_server_revert_deleted_flavor): 200 GET http://10.180.1.21/compute/v2.1/flavors/42/os-extra_specs 0.492s
2024-10-10 11:55:11.947 62125 INFO tempest.lib.common.rest_client [req-4ab2d5bd-d441-4eba-ae11-d3ce9c36b124 req-4ab2d5bd-d441-4eba-ae11-d3ce9c36b124 ] Request (ServersTestManualDisk:setUpClass): 200 GET http://10.180.1.21/compute/v2.1/servers/3765dd5b-2fd3-4acb-87b8-e5a7d8df4113 0.532s
2024-10-10 11:55:11.954 62125 INFO tempest.common.waiters [-] State transition "BUILD/scheduling" ==> "BUILD/None" after 20 second wait
2024-10-10 11:55:11.967 62141 INFO tempest.lib.common.rest_client [req-8988ff7d-98b4-4f71-922a-520960339fec req-8988ff7d-98b4-4f71-922a-520960339fec ] Request (ServersListShow296Test:tearDownClass): 204 DELETE http://10.180.1.21:9696/networking/v2.0/security-groups/8979765d-5f52-424f-8e28-50b73935ecb0 0.109s
