2024-10-10 11:56:26.226 62119 INFO tempest.lib.common.dynamic_creds [-] Created isolated network resources for: credentials: Credentials: {'domain_id': 'default', 'domain_name': 'Default', 'username': 'tempest-FloatingIPsAssociationTestJSON-1458358645-project-member', 'project_domain_id': 'default', 'project_domain_name': 'Default', 'project_id': '4c406fb9a02748bfa2f24158ec5d6272', 'project_name': 'tempest-FloatingIPsAssociationTestJSON-1458358645', 'tenant_id': '4c406fb9a02748bfa2f24158ec5d6272', 'tenant_name': 'tempest-FloatingIPsAssociationTestJSON-1458358645', 'user_domain_id': 'default', 'user_domain_name': 'Default', 'user_id': '8b766eccf77349cab3c468606a183d0c', 'system': None}, Network: {'id': 'f4fee90a-115f-4fc6-a4d1-e1e0f188f943', 'name': 'tempest-FloatingIPsAssociationTestJSON-710789360-network', 'tenant_id': '4c406fb9a02748bfa2f24158ec5d6272', 'admin_state_up': True, 'mtu': 8950, 'status': 'ACTIVE', 'subnets': [], 'shared': False, 'project_id': '4c406fb9a02748bfa2f24158ec5d6272', 'port_security_enabled': True, 'router:external': False, 'provider:network_type': 'vlan', 'provider:physical_network': 'default', 'provider:segmentation_id': 629, 'is_default': False, 'availability_zone_hints': [], 'availability_zones': [], 'ipv4_address_scope': None, 'ipv6_address_scope': None, 'description': '', 'tags': [], 'created_at': '2024-10-10T11:56:24Z', 'updated_at': '2024-10-10T11:56:24Z', 'revision_number': 1}, Subnet: {'id': 'c342b067-d77e-419d-8584-568e6a0c125b', 'name': 'tempest-FloatingIPsAssociationTestJSON-710789360-subnet', 'tenant_id': '4c406fb9a02748bfa2f24158ec5d6272', 'network_id': 'f4fee90a-115f-4fc6-a4d1-e1e0f188f943', 'ip_version': 4, 'subnetpool_id': None, 'enable_dhcp': True, 'ipv6_ra_mode': None, 'ipv6_address_mode': None, 'gateway_ip': '192.168.128.1', 'cidr': '192.168.128.0/28', 'allocation_pools': [{'start': '192.168.128.2', 'end': '192.168.128.14'}], 'host_routes': [], 'dns_nameservers': [], 'description': '', 'router:external': False, 'service_types': [], 'tags': [], 'created_at': '2024-10-10T11:56:24Z', 'updated_at': '2024-10-10T11:56:24Z', 'revision_number': 0, 'project_id': '4c406fb9a02748bfa2f24158ec5d6272'}, Router: {'id': '24b0683a-9671-4a4c-87a2-5b36805d057a', 'name': 'tempest-FloatingIPsAssociationTestJSON-710789360-router', 'tenant_id': '4c406fb9a02748bfa2f24158ec5d6272', 'admin_state_up': True, 'status': 'ACTIVE', 'external_gateway_info': {'network_id': 'a1a89427-595d-4752-a78d-d0c19e241db3', 'external_fixed_ips': [{'subnet_id': 'cd17675e-5045-4aa0-842c-512785ded94a', 'ip_address': '10.180.180.152'}], 'enable_snat': True}, 'description': '', 'availability_zones': [], 'distributed': False, 'ha': False, 'availability_zone_hints': [], 'routes': [], 'flavor_id': None, 'tags': [], 'created_at': '2024-10-10T11:56:24Z', 'updated_at': '2024-10-10T11:56:25Z', 'revision_number': 2, 'project_id': '4c406fb9a02748bfa2f24158ec5d6272'}
2024-10-10 11:56:26.251 62143 INFO tempest.lib.common.rest_client [req-d672c8db-c361-4bba-8b15-573f4bbf2dd7 req-d672c8db-c361-4bba-8b15-573f4bbf2dd7 ] Request (ServersTestJSON:setUpClass): 200 GET http://10.180.1.21/compute/v2.1/servers/f2f968db-d4e2-451d-afe6-330196eba6c2 0.178s
2024-10-10 11:56:26.263 62130 INFO tempest.lib.common.rest_client [req-8d9477cb-ae0e-4ed0-9ead-573c73f313dd req-8d9477cb-ae0e-4ed0-9ead-573c73f313dd ] Request (ServersTestBootFromVolume:setUpClass): 200 GET http://10.180.1.21/compute/v2.1/servers/455bddc2-0afd-4ebb-9fcd-ebbbeca38ae3 0.134s
2024-10-10 11:56:26.300 62097 INFO tempest.lib.common.rest_client [req-4c29e1d9-6955-4eb4-bb38-673dfc88b296 req-4c29e1d9-6955-4eb4-bb38-673dfc88b296 ] Request (ServersNegativeTestMultiTenantJSON:setUpClass): 200 GET http://10.180.1.21/compute/v2.1/servers/2887126b-6db5-4578-a063-552e774542cc 0.101s
2024-10-10 11:56:26.317 62113 INFO tempest.lib.common.rest_client [req-c5a1b9aa-fdf2-4163-82cc-5e4d99275c9a req-c5a1b9aa-fdf2-4163-82cc-5e4d99275c9a ] Request (ServersTestMultiNic:test_verify_duplicate_network_nics): 200 GET http://10.180.1.21/compute/v2.1/servers/c6e77597-5a5d-4b86-8588-7056828025cf 0.101s
2024-10-10 11:56:26.319 62119 INFO tempest.lib.common.rest_client [req-76e3a502-56fd-4301-89bd-c44b0faad105 req-76e3a502-56fd-4301-89bd-c44b0faad105 ] Request (FloatingIPsAssociationTestJSON:setUpClass): 201 POST http://10.180.1.21/identity/v3/auth/tokens 0.087s
2024-10-10 11:56:26.346 62115 INFO tempest.lib.common.rest_client [req-440b7594-36c8-428d-a302-d8763ab97d67 req-440b7594-36c8-428d-a302-d8763ab97d67 ] Request (ImagesOneServerNegativeTestJSON:setUpClass): 200 GET http://10.180.1.21/compute/v2.1/servers/f968f3df-c70b-466b-8aaa-879354f12d3b 0.078s
2024-10-10 11:56:26.351 62119 INFO tempest.lib.common.rest_client [req-076f1a66-0adb-4661-915f-5b55e642ee5f req-076f1a66-0adb-4661-915f-5b55e642ee5f ] Request (FloatingIPsAssociationTestJSON:setUpClass): 201 POST http://10.180.1.21/identity/v3/auth/tokens 0.027s
2024-10-10 11:56:26.351 62119 INFO tempest.lib.common.fixed_network [-] (FloatingIPsAssociationTestJSON:setUpClass) Found network {'id': 'f4fee90a-115f-4fc6-a4d1-e1e0f188f943', 'name': 'tempest-FloatingIPsAssociationTestJSON-710789360-network', 'tenant_id': '4c406fb9a02748bfa2f24158ec5d6272', 'admin_state_up': True, 'mtu': 8950, 'status': 'ACTIVE', 'subnets': [], 'shared': False, 'project_id': '4c406fb9a02748bfa2f24158ec5d6272', 'port_security_enabled': True, 'router:external': False, 'provider:network_type': 'vlan', 'provider:physical_network': 'default', 'provider:segmentation_id': 629, 'is_default': False, 'availability_zone_hints': [], 'availability_zones': [], 'ipv4_address_scope': None, 'ipv6_address_scope': None, 'description': '', 'tags': [], 'created_at': '2024-10-10T11:56:24Z', 'updated_at': '2024-10-10T11:56:24Z', 'revision_number': 1} available for tenant
2024-10-10 11:56:26.366 62137 INFO tempest.lib.common.rest_client [req-a2630f96-b49e-4320-a731-a1fa4f28f8a4 req-a2630f96-b49e-4320-a731-a1fa4f28f8a4 ] Request (ServerMetadataTestJSON:setUpClass): 200 GET http://10.180.1.21/compute/v2.1/servers/10e3f3dd-165b-4049-8c1f-f561c91717c0 0.083s
2024-10-10 11:56:26.393 62155 INFO tempest.lib.common.rest_client [req-20ef56c9-de0d-4a2a-858e-e41e8ad5d013 req-20ef56c9-de0d-4a2a-858e-e41e8ad5d013 ] Request (ServersAaction247Test:test_create_backup): 200 GET http://10.180.1.21/compute/v2.1/servers/81fd9ccc-a267-498d-93d4-8adf894ee8d8 0.048s
2024-10-10 11:56:26.409 62107 INFO tempest.lib.common.rest_client [req-8b5cfa01-6722-444e-bbee-b1b788550e28 req-8b5cfa01-6722-444e-bbee-b1b788550e28 ] Request (ListServerFiltersTestJSON:setUpClass): 200 GET http://10.180.1.21/compute/v2.1/servers/cfb2f64b-7026-444d-8f86-500445343ac1 0.061s
2024-10-10 11:56:26.414 62107 INFO tempest.common.waiters [-] State transition "BUILD/None" ==> "BUILD/networking" after 76 second wait
2024-10-10 11:56:26.462 62145 INFO tempest.lib.common.rest_client [req-5ff3d88b-83c9-40b8-977e-7c2967a97ec3 req-5ff3d88b-83c9-40b8-977e-7c2967a97ec3 ] Request (ServerPasswordTestJSON:setUpClass): 200 GET http://10.180.1.21/compute/v2.1/servers/6fc82922-9142-475b-99a6-bbc5ee43b30b 0.068s
2024-10-10 11:56:26.526 62125 INFO tempest.lib.common.rest_client [req-31d749e6-3b7c-493e-a0f5-bc17257c1a28 req-31d749e6-3b7c-493e-a0f5-bc17257c1a28 ] Request (ListServersNegativeTestJSON:setUpClass): 200 GET http://10.180.1.21/compute/v2.1/servers/a0580308-d25b-47cb-9c1c-adb763be7925 0.113s
2024-10-10 11:56:26.583 62111 INFO tempest.lib.common.rest_client [req-27380f0f-dd79-4278-b99f-a583cf6e454d req-27380f0f-dd79-4278-b99f-a583cf6e454d ] Request (ServersWithSpecificFlavorTestJSON:test_verify_created_server_ephemeral_disk): 200 GET http://10.180.1.21/compute/v2.1/servers/72ed5e07-7e7f-4fe9-b8c8-9ad7055abf0a 0.103s
2024-10-10 11:56:26.656 62105 INFO tempest.lib.common.rest_client [req-beceb757-d8be-47c6-bca2-6f24a9350f21 req-beceb757-d8be-47c6-bca2-6f24a9350f21 ] Request (ServerShowV247Test:tearDownClass): 200 GET http://10.180.1.21/compute/v2.1/servers/0dfabd80-a385-4124-af33-083559819d7a 0.167s
2024-10-10 11:56:26.711 62153 INFO tempest.lib.common.rest_client [req-6e67666b-18b6-4e57-bd9a-e1ae75ad6334 req-6e67666b-18b6-4e57-bd9a-e1ae75ad6334 ] Request (MigrationsAdminTest:test_resize_server_revert_deleted_flavor): 200 GET http://10.180.1.21/compute/v2.1/servers/1f7b6f74-24c1-4db1-9f70-350f307a07b4 0.164s
2024-10-10 11:56:26.763 62141 INFO tempest.lib.common.rest_client [req-2d8ed0e5-5f53-4001-88e1-f5ae4b1ebe02 req-2d8ed0e5-5f53-4001-88e1-f5ae4b1ebe02 ] Request (ServerShowV254Test:test_rebuild_server): 200 GET http://10.180.1.21/compute/v2.1/servers/23a0d825-3132-44d5-8b73-a06a0c0e7b1a 0.148s
2024-10-10 11:56:26.825 62149 INFO tempest.lib.common.rest_client [req-cad3f717-a1f3-4028-b18f-572f2b03f258 req-cad3f717-a1f3-4028-b18f-572f2b03f258 ] Request (ServersAdmin275Test:_run_cleanups): 200 GET http://10.180.1.21/compute/v2.1/servers/7ef91986-fb46-478b-85a5-05d597790ad9 0.144s
2024-10-10 11:56:26.834 62149 INFO tempest.common.waiters [-] State transition "REBUILD/rebuild_spawning" ==> "ACTIVE/None" after 9 second wait
2024-10-10 11:56:26.879 62139 INFO tempest.lib.common.rest_client [req-b635628a-3d63-4ee2-83c1-7487554a5834 req-b635628a-3d63-4ee2-83c1-7487554a5834 ] Request (FloatingIPsAssociationNegativeTestJSON:setUpClass): 200 GET http://10.180.1.21/compute/v2.1/servers/8ab18b24-91d4-4718-8f1a-d82f4226ba2a 0.138s
2024-10-10 11:56:26.923 62119 INFO tempest.lib.common.rest_client [req-4e00cbd4-3c52-46b5-84dd-c5eadcb84d8f req-4e00cbd4-3c52-46b5-84dd-c5eadcb84d8f ] Request (FloatingIPsAssociationTestJSON:setUpClass): 202 POST http://10.180.1.21/compute/v2.1/servers 0.571s
2024-10-10 11:56:26.937 62093 INFO tempest.lib.common.rest_client [req-4c37a28a-f71a-41ee-8218-cb9028919c0d req-4c37a28a-f71a-41ee-8218-cb9028919c0d ] Request (VolumesAdminNegativeTest:test_update_attached_volume_with_nonexistent_volume_in_body): 200 GET http://10.180.1.21/compute/v2.1/servers/759d1958-0518-4654-8686-38be0920c29f 0.139s
2024-10-10 11:56:27.002 62149 INFO tempest.lib.common.rest_client [req-344b0277-32e7-494d-9a5b-3c6882bf9e09 req-344b0277-32e7-494d-9a5b-3c6882bf9e09 ] Request (ServersAdmin275Test:tearDownClass): 204 DELETE http://10.180.1.21/compute/v2.1/servers/7ef91986-fb46-478b-85a5-05d597790ad9 0.167s
2024-10-10 11:56:27.009 62151 INFO tempest.lib.common.rest_client [req-6fcd6979-d2c5-4a40-b1fc-3df7166b495d req-6fcd6979-d2c5-4a40-b1fc-3df7166b495d ] Request (ServersV294TestFqdnHostnames:setUpClass): 200 GET http://10.180.1.21/compute/v2.1/servers/31239011-3cd9-4fea-a99d-26d09884497b 0.134s
2024-10-10 11:56:27.041 62119 INFO tempest.lib.common.rest_client [req-cb660c69-76b5-4768-880a-17d3e8449cd4 req-cb660c69-76b5-4768-880a-17d3e8449cd4 ] Request (FloatingIPsAssociationTestJSON:setUpClass): 200 GET http://10.180.1.21/compute/v2.1/servers/4c744673-0d9b-44ef-938f-372b101a2053 0.117s
2024-10-10 11:56:27.077 62095 INFO tempest.lib.common.rest_client [req-3df6c649-01c4-4579-a142-c3e8ed7059a4 req-3df6c649-01c4-4579-a142-c3e8ed7059a4 ] Request (AttachInterfacesTestJSON:test_create_list_show_delete_interfaces_by_fixed_ip): 200 GET http://10.180.1.21/compute/v2.1/servers/1f70b6e1-b534-40a1-b262-e0a5ce3e425e 0.152s
2024-10-10 11:56:27.101 62127 INFO tempest.lib.common.rest_client [req-5011d8bc-6a21-4fd0-a0f3-c790cade81bc req-5011d8bc-6a21-4fd0-a0f3-c790cade81bc ] Request (ServerRescueNegativeTestJSON:setUpClass): 200 GET http://10.180.1.21/compute/v2.1/servers/74a2e109-244c-4349-a0b7-0db9e9d4868e 0.107s
2024-10-10 11:56:27.167 62149 INFO tempest.lib.common.rest_client [req-06eb31f3-151c-4a06-a8cf-9e5aaa1953cd req-06eb31f3-151c-4a06-a8cf-9e5aaa1953cd ] Request (ServersAdmin275Test:tearDownClass): 200 GET http://10.180.1.21/compute/v2.1/servers/7ef91986-fb46-478b-85a5-05d597790ad9 0.165s
2024-10-10 11:56:27.170 62147 INFO tempest.lib.common.rest_client [req-9ba93395-b221-4b2e-8b7b-68b4a5804b5b req-9ba93395-b221-4b2e-8b7b-68b4a5804b5b ] Request (DeleteServersTestJSON:test_delete_server_while_in_attached_volume): 200 GET http://10.180.1.21/compute/v2.1/servers/45138019-b69e-459b-99cf-47a47aa58e40 0.099s
2024-10-10 11:56:27.226 62103 INFO tempest.lib.common.rest_client [req-fa3dfb88-63c5-497d-ad94-e2f6a7d4bc8a req-fa3dfb88-63c5-497d-ad94-e2f6a7d4bc8a ] Request (AttachVolumeTestJSON:test_attach_detach_volume): 200 GET http://10.180.1.21/compute/v2.1/servers/1fb4535d-47d8-45c5-b6d6-d05e57237b98 0.080s
2024-10-10 11:56:27.237 62099 INFO tempest.lib.common.rest_client [req-f5dfe0f1-14b5-419f-9472-24e6ab0f12bd req-f5dfe0f1-14b5-419f-9472-24e6ab0f12bd ] Request (AttachInterfacesV270Test:test_create_get_list_interfaces): 200 GET http://10.180.1.21/compute/v2.1/servers/03ba4dad-5c58-4582-a36e-95de69b37474 0.156s
2024-10-10 11:56:27.439 62117 INFO tempest.lib.common.rest_client [req-93a76301-2079-401c-b376-1a678facdd4b req-93a76301-2079-401c-b376-1a678facdd4b ] Request (SecurityGroupsTestJSON:test_server_security_groups): 200 GET http://10.180.1.21/compute/v2.1/servers/2cfdb95a-8c00-4528-a4bc-55f4ced67a89 0.287s
2024-10-10 11:56:27.443 62101 INFO tempest.lib.common.rest_client [req-5e555d85-f41f-4a7a-a4ba-b60cf3a63198 req-5e555d85-f41f-4a7a-a4ba-b60cf3a63198 ] Request (ListImageFiltersTestJSON:setUpClass): 200 GET http://10.180.1.21/compute/v2.1/servers/8ac73bda-db02-4427-9730-003561d078ca 0.233s
2024-10-10 11:56:27.503 62109 INFO tempest.lib.common.rest_client [req-329d479b-c036-4412-b07b-60ec7ad9a7a4 req-329d479b-c036-4412-b07b-60ec7ad9a7a4 ] Request (ServerActionsTestOtherA:setUpClass): 200 GET http://10.180.1.21/compute/v2.1/servers/1ac6419f-9a21-4927-9c6e-01ba2dcaf7a0 0.287s
2024-10-10 11:56:27.513 62143 INFO tempest.lib.common.rest_client [req-fd623be5-3f58-4188-a393-4aa381f53889 req-fd623be5-3f58-4188-a393-4aa381f53889 ] Request (ServersTestJSON:setUpClass): 200 GET http://10.180.1.21/compute/v2.1/servers/f2f968db-d4e2-451d-afe6-330196eba6c2 0.254s
2024-10-10 11:56:27.563 62130 INFO tempest.lib.common.rest_client [req-c0fc691b-3cad-4e03-af72-37512a410149 req-c0fc691b-3cad-4e03-af72-37512a410149 ] Request (ServersTestBootFromVolume:setUpClass): 200 GET http://10.180.1.21/compute/v2.1/servers/455bddc2-0afd-4ebb-9fcd-ebbbeca38ae3 0.291s
2024-10-10 11:56:27.573 62097 INFO tempest.lib.common.rest_client [req-bda126ba-d750-4561-b567-055f1c521862 req-bda126ba-d750-4561-b567-055f1c521862 ] Request (ServersNegativeTestMultiTenantJSON:setUpClass): 200 GET http://10.180.1.21/compute/v2.1/servers/2887126b-6db5-4578-a063-552e774542cc 0.266s
2024-10-10 11:56:27.626 62113 INFO tempest.lib.common.rest_client [req-20183bf6-108e-4b25-9aeb-628197cdf3f3 req-20183bf6-108e-4b25-9aeb-628197cdf3f3 ] Request (ServersTestMultiNic:test_verify_duplicate_network_nics): 200 GET http://10.180.1.21/compute/v2.1/servers/c6e77597-5a5d-4b86-8588-7056828025cf 0.298s
2024-10-10 11:56:27.630 62115 INFO tempest.lib.common.rest_client [req-c55fd794-5a0c-40f5-8bfb-ad4bf1028623 req-c55fd794-5a0c-40f5-8bfb-ad4bf1028623 ] Request (ImagesOneServerNegativeTestJSON:setUpClass): 200 GET http://10.180.1.21/compute/v2.1/servers/f968f3df-c70b-466b-8aaa-879354f12d3b 0.277s
2024-10-10 11:56:27.685 62137 INFO tempest.lib.common.rest_client [req-8c884c07-1019-43a3-8a45-6a3d329648cf req-8c884c07-1019-43a3-8a45-6a3d329648cf ] Request (ServerMetadataTestJSON:setUpClass): 200 GET http://10.180.1.21/compute/v2.1/servers/10e3f3dd-165b-4049-8c1f-f561c91717c0 0.310s
2024-10-10 11:56:27.691 62155 INFO tempest.lib.common.rest_client [req-7149844f-a138-4c3e-b4c0-7b0a431eeb58 req-7149844f-a138-4c3e-b4c0-7b0a431eeb58 ] Request (ServersAaction247Test:test_create_backup): 200 GET http://10.180.1.21/compute/v2.1/servers/81fd9ccc-a267-498d-93d4-8adf894ee8d8 0.290s
2024-10-10 11:56:27.747 62145 INFO tempest.lib.common.rest_client [req-55e7be5a-1773-4792-864a-c3ab6e8d629e req-55e7be5a-1773-4792-864a-c3ab6e8d629e ] Request (ServerPasswordTestJSON:setUpClass): 200 GET http://10.180.1.21/compute/v2.1/servers/6fc82922-9142-475b-99a6-bbc5ee43b30b 0.276s
2024-10-10 11:56:27.799 62125 INFO tempest.lib.common.rest_client [req-081cc634-b2ec-4301-9fb5-9effc5ff61ea req-081cc634-b2ec-4301-9fb5-9effc5ff61ea ] Request (ListServersNegativeTestJSON:setUpClass): 200 GET http://10.180.1.21/compute/v2.1/servers/a0580308-d25b-47cb-9c1c-adb763be7925 0.265s
2024-10-10 11:56:27.850 62111 INFO tempest.lib.common.rest_client [req-7b2a8989-2f52-48b8-805f-275dd51294ea req-7b2a8989-2f52-48b8-805f-275dd51294ea ] Request (ServersWithSpecificFlavorTestJSON:test_verify_created_server_ephemeral_disk): 200 GET http://10.180.1.21/compute/v2.1/servers/72ed5e07-7e7f-4fe9-b8c8-9ad7055abf0a 0.259s
2024-10-10 11:56:27.913 62107 INFO tempest.lib.common.rest_client [req-c80ea215-ae62-4219-88b2-fe10ddb1956f req-c80ea215-ae62-4219-88b2-fe10ddb1956f ] Request (ListServerFiltersTestJSON:setUpClass): 200 GET http://10.180.1.21/compute/v2.1/servers/cfb2f64b-7026-444d-8f86-500445343ac1 0.497s
2024-10-10 11:56:27.917 62105 INFO tempest.lib.common.rest_client [req-9a1c11af-da17-41bd-ba42-a73d5edee006 req-9a1c11af-da17-41bd-ba42-a73d5edee006 ] Request (ServerShowV247Test:tearDownClass): 200 GET http://10.180.1.21/compute/v2.1/servers/0dfabd80-a385-4124-af33-083559819d7a 0.252s
2024-10-10 11:56:27.920 62107 INFO tempest.common.waiters [-] State transition "BUILD/networking" ==> "BUILD/spawning" after 77 second wait
2024-10-10 11:56:27.973 62141 INFO tempest.lib.common.rest_client [req-0eed49ac-b599-49b8-b4e7-6182534ef6e1 req-0eed49ac-b599-49b8-b4e7-6182534ef6e1 ] Request (ServerShowV254Test:test_rebuild_server): 200 GET http://10.180.1.21/compute/v2.1/servers/23a0d825-3132-44d5-8b73-a06a0c0e7b1a 0.197s
2024-10-10 11:56:27.980 62153 INFO tempest.lib.common.rest_client [req-bdd9abc0-b6cd-4da8-b222-486f2aec70f2 req-bdd9abc0-b6cd-4da8-b222-486f2aec70f2 ] Request (MigrationsAdminTest:test_resize_server_revert_deleted_flavor): 200 GET http://10.180.1.21/compute/v2.1/servers/1f7b6f74-24c1-4db1-9f70-350f307a07b4 0.261s
2024-10-10 11:56:28.034 62139 INFO tempest.lib.common.rest_client [req-9b2efa96-c422-424b-a53a-14d49b0f058f req-9b2efa96-c422-424b-a53a-14d49b0f058f ] Request (FloatingIPsAssociationNegativeTestJSON:setUpClass): 200 GET http://10.180.1.21/compute/v2.1/servers/8ab18b24-91d4-4718-8f1a-d82f4226ba2a 0.147s
2024-10-10 11:56:28.041 62093 INFO tempest.lib.common.rest_client [req-a481bb8c-29ba-47ae-a870-8a5fad442320 req-a481bb8c-29ba-47ae-a870-8a5fad442320 ] Request (VolumesAdminNegativeTest:test_update_attached_volume_with_nonexistent_volume_in_body): 200 GET http://10.180.1.21/compute/v2.1/servers/759d1958-0518-4654-8686-38be0920c29f 0.096s
2024-10-10 11:56:28.104 62151 INFO tempest.lib.common.rest_client [req-b4375d40-199d-4397-a004-4f98961436e1 req-b4375d40-199d-4397-a004-4f98961436e1 ] Request (ServersV294TestFqdnHostnames:setUpClass): 200 GET http://10.180.1.21/compute/v2.1/servers/31239011-3cd9-4fea-a99d-26d09884497b 0.081s
2024-10-10 11:56:28.123 62119 INFO tempest.lib.common.rest_client [req-9064e4bd-a825-4213-8176-3e8c74b8afde req-9064e4bd-a825-4213-8176-3e8c74b8afde ] Request (FloatingIPsAssociationTestJSON:setUpClass): 200 GET http://10.180.1.21/compute/v2.1/servers/4c744673-0d9b-44ef-938f-372b101a2053 0.068s
2024-10-10 11:56:28.168 62095 INFO tempest.lib.common.rest_client [req-fb59d42c-09b4-4d49-b1f5-b897c21a3841 req-fb59d42c-09b4-4d49-b1f5-b897c21a3841 ] Request (AttachInterfacesTestJSON:test_create_list_show_delete_interfaces_by_fixed_ip): 200 GET http://10.180.1.21/compute/v2.1/servers/1f70b6e1-b534-40a1-b262-e0a5ce3e425e 0.084s
2024-10-10 11:56:28.182 62127 INFO tempest.lib.common.rest_client [req-e586fbab-e5b2-40e2-bc75-5183f83d1080 req-e586fbab-e5b2-40e2-bc75-5183f83d1080 ] Request (ServerRescueNegativeTestJSON:setUpClass): 200 GET http://10.180.1.21/compute/v2.1/servers/74a2e109-244c-4349-a0b7-0db9e9d4868e 0.070s
2024-10-10 11:56:28.241 62147 INFO tempest.lib.common.rest_client [req-536f9744-8bf4-4753-b433-dde584b668ac req-536f9744-8bf4-4753-b433-dde584b668ac ] Request (DeleteServersTestJSON:test_delete_server_while_in_attached_volume): 200 GET http://10.180.1.21/compute/v2.1/servers/45138019-b69e-459b-99cf-47a47aa58e40 0.061s
2024-10-10 11:56:28.248 62149 INFO tempest.lib.common.rest_client [req-4fef1521-5c6c-4d30-a9c9-d17497ee8b03 req-4fef1521-5c6c-4d30-a9c9-d17497ee8b03 ] Request (ServersAdmin275Test:tearDownClass): 200 GET http://10.180.1.21/compute/v2.1/servers/7ef91986-fb46-478b-85a5-05d597790ad9 0.067s
2024-10-10 11:56:28.305 62103 INFO tempest.lib.common.rest_client [req-5b60f03a-ae7c-40a6-b9e7-27e869b4e932 req-5b60f03a-ae7c-40a6-b9e7-27e869b4e932 ] Request (AttachVolumeTestJSON:test_attach_detach_volume): 200 GET http://10.180.1.21/compute/v2.1/servers/1fb4535d-47d8-45c5-b6d6-d05e57237b98 0.071s
2024-10-10 11:56:28.317 62099 INFO tempest.lib.common.rest_client [req-c0873b31-3220-4072-87da-2c2a76570422 req-c0873b31-3220-4072-87da-2c2a76570422 ] Request (AttachInterfacesV270Test:test_create_get_list_interfaces): 200 GET http://10.180.1.21/compute/v2.1/servers/03ba4dad-5c58-4582-a36e-95de69b37474 0.067s
2024-10-10 11:56:28.516 62117 INFO tempest.lib.common.rest_client [req-63cc53a9-c683-466c-aac2-ff02379cbfe7 req-63cc53a9-c683-466c-aac2-ff02379cbfe7 ] Request (SecurityGroupsTestJSON:test_server_security_groups): 200 GET http://10.180.1.21/compute/v2.1/servers/2cfdb95a-8c00-4528-a4bc-55f4ced67a89 0.063s
2024-10-10 11:56:28.519 62101 INFO tempest.lib.common.rest_client [req-aa9c4105-ea12-43a7-acda-e3d87e3ea175 req-aa9c4105-ea12-43a7-acda-e3d87e3ea175 ] Request (ListImageFiltersTestJSON:setUpClass): 200 GET http://10.180.1.21/compute/v2.1/servers/8ac73bda-db02-4427-9730-003561d078ca 0.066s
2024-10-10 11:56:28.580 62109 INFO tempest.lib.common.rest_client [req-3312330f-95e7-4072-b3d7-7676c23553ae req-3312330f-95e7-4072-b3d7-7676c23553ae ] Request (ServerActionsTestOtherA:setUpClass): 200 GET http://10.180.1.21/compute/v2.1/servers/1ac6419f-9a21-4927-9c6e-01ba2dcaf7a0 0.069s
2024-10-10 11:56:28.580 62143 INFO tempest.lib.common.rest_client [req-844cc7ed-df05-4518-94f5-e9ab065e578e req-844cc7ed-df05-4518-94f5-e9ab065e578e ] Request (ServersTestJSON:setUpClass): 200 GET http://10.180.1.21/compute/v2.1/servers/f2f968db-d4e2-451d-afe6-330196eba6c2 0.060s
2024-10-10 11:56:28.640 62130 INFO tempest.lib.common.rest_client [req-42fa792d-62dc-4386-88f5-656735c543fb req-42fa792d-62dc-4386-88f5-656735c543fb ] Request (ServersTestBootFromVolume:setUpClass): 200 GET http://10.180.1.21/compute/v2.1/servers/455bddc2-0afd-4ebb-9fcd-ebbbeca38ae3 0.070s
2024-10-10 11:56:28.651 62097 INFO tempest.lib.common.rest_client [req-9d12fc6f-2c5d-4886-a62a-0fc6bb6aa45a req-9d12fc6f-2c5d-4886-a62a-0fc6bb6aa45a ] Request (ServersNegativeTestMultiTenantJSON:setUpClass): 200 GET http://10.180.1.21/compute/v2.1/servers/2887126b-6db5-4578-a063-552e774542cc 0.070s
2024-10-10 11:56:28.688 62113 INFO tempest.lib.common.rest_client [req-c3104015-6d5c-40a6-b2cf-3666bafc05ed req-c3104015-6d5c-40a6-b2cf-3666bafc05ed ] Request (ServersTestMultiNic:test_verify_duplicate_network_nics): 200 GET http://10.180.1.21/compute/v2.1/servers/c6e77597-5a5d-4b86-8588-7056828025cf 0.050s
2024-10-10 11:56:28.694 62113 INFO tempest.common.waiters [-] State transition "BUILD/scheduling" ==> "BUILD/None" after 58 second wait
2024-10-10 11:56:28.699 62115 INFO tempest.lib.common.rest_client [req-4987b488-a756-4b12-9af7-e708e25081de req-4987b488-a756-4b12-9af7-e708e25081de ] Request (ImagesOneServerNegativeTestJSON:setUpClass): 200 GET http://10.180.1.21/compute/v2.1/servers/f968f3df-c70b-466b-8aaa-879354f12d3b 0.060s
2024-10-10 11:56:28.705 62115 INFO tempest.common.waiters [-] State transition "BUILD/None" ==> "BUILD/networking" after 77 second wait
2024-10-10 11:56:28.742 62137 INFO tempest.lib.common.rest_client [req-190fdee3-f2a0-4eb5-b94a-f37c038f79f7 req-190fdee3-f2a0-4eb5-b94a-f37c038f79f7 ] Request (ServerMetadataTestJSON:setUpClass): 200 GET http://10.180.1.21/compute/v2.1/servers/10e3f3dd-165b-4049-8c1f-f561c91717c0 0.047s
2024-10-10 11:56:28.752 62155 INFO tempest.lib.common.rest_client [req-2ee87301-a5bb-4bc4-a2f1-3ff5c9a3fbea req-2ee87301-a5bb-4bc4-a2f1-3ff5c9a3fbea ] Request (ServersAaction247Test:test_create_backup): 200 GET http://10.180.1.21/compute/v2.1/servers/81fd9ccc-a267-498d-93d4-8adf894ee8d8 0.051s
2024-10-10 11:56:28.798 62145 INFO tempest.lib.common.rest_client [req-2a68168f-3069-4c46-97a6-d61d90c5ee9d req-2a68168f-3069-4c46-97a6-d61d90c5ee9d ] Request (ServerPasswordTestJSON:setUpClass): 200 GET http://10.180.1.21/compute/v2.1/servers/6fc82922-9142-475b-99a6-bbc5ee43b30b 0.045s
2024-10-10 11:56:28.850 62125 INFO tempest.lib.common.rest_client [req-2225676e-be4a-415a-8579-e54a58c6ddfa req-2225676e-be4a-415a-8579-e54a58c6ddfa ] Request (ListServersNegativeTestJSON:setUpClass): 200 GET http://10.180.1.21/compute/v2.1/servers/a0580308-d25b-47cb-9c1c-adb763be7925 0.045s
2024-10-10 11:56:28.902 62111 INFO tempest.lib.common.rest_client [req-78282d8e-7be1-433b-96f9-c7b895c1cbe0 req-78282d8e-7be1-433b-96f9-c7b895c1cbe0 ] Request (ServersWithSpecificFlavorTestJSON:test_verify_created_server_ephemeral_disk): 200 GET http://10.180.1.21/compute/v2.1/servers/72ed5e07-7e7f-4fe9-b8c8-9ad7055abf0a 0.043s
2024-10-10 11:56:28.971 62107 INFO tempest.lib.common.rest_client [req-5c14c532-78d3-4f70-8e6c-e1f7763174fd req-5c14c532-78d3-4f70-8e6c-e1f7763174fd ] Request (ListServerFiltersTestJSON:setUpClass): 200 GET http://10.180.1.21/compute/v2.1/servers/cfb2f64b-7026-444d-8f86-500445343ac1 0.050s
2024-10-10 11:56:28.986 62105 INFO tempest.lib.common.rest_client [req-ee346692-8702-47ee-915d-c43a4725303b req-ee346692-8702-47ee-915d-c43a4725303b ] Request (ServerShowV247Test:tearDownClass): 200 GET http://10.180.1.21/compute/v2.1/servers/0dfabd80-a385-4124-af33-083559819d7a 0.055s
2024-10-10 11:56:29.037 62141 INFO tempest.lib.common.rest_client [req-bb27956e-21bf-42ed-ac0b-3c02d69c2ffe req-bb27956e-21bf-42ed-ac0b-3c02d69c2ffe ] Request (ServerShowV254Test:test_rebuild_server): 200 GET http://10.180.1.21/compute/v2.1/servers/23a0d825-3132-44d5-8b73-a06a0c0e7b1a 0.054s
2024-10-10 11:56:29.041 62153 INFO tempest.lib.common.rest_client [req-461e2a07-1229-4992-b3fa-397bd2058d2f req-461e2a07-1229-4992-b3fa-397bd2058d2f ] Request (MigrationsAdminTest:test_resize_server_revert_deleted_flavor): 200 GET http://10.180.1.21/compute/v2.1/servers/1f7b6f74-24c1-4db1-9f70-350f307a07b4 0.053s
2024-10-10 11:56:29.098 62139 INFO tempest.lib.common.rest_client [req-e5bafa98-e042-4779-a31d-433c6ecee119 req-e5bafa98-e042-4779-a31d-433c6ecee119 ] Request (FloatingIPsAssociationNegativeTestJSON:setUpClass): 200 GET http://10.180.1.21/compute/v2.1/servers/8ab18b24-91d4-4718-8f1a-d82f4226ba2a 0.057s
2024-10-10 11:56:29.104 62093 INFO tempest.lib.common.rest_client [req-d358664c-b0d8-47f0-830a-92780b8f4949 req-d358664c-b0d8-47f0-830a-92780b8f4949 ] Request (VolumesAdminNegativeTest:test_update_attached_volume_with_nonexistent_volume_in_body): 200 GET http://10.180.1.21/compute/v2.1/servers/759d1958-0518-4654-8686-38be0920c29f 0.055s
2024-10-10 11:56:29.181 62151 INFO tempest.lib.common.rest_client [req-e3a0c76a-ac4e-4eb8-beac-19d5a9e9e9d9 req-e3a0c76a-ac4e-4eb8-beac-19d5a9e9e9d9 ] Request (ServersV294TestFqdnHostnames:setUpClass): 200 GET http://10.180.1.21/compute/v2.1/servers/31239011-3cd9-4fea-a99d-26d09884497b 0.061s
2024-10-10 11:56:29.190 62119 INFO tempest.lib.common.rest_client [req-a3008554-d47c-4103-be85-74ab5f6328df req-a3008554-d47c-4103-be85-74ab5f6328df ] Request (FloatingIPsAssociationTestJSON:setUpClass): 200 GET http://10.180.1.21/compute/v2.1/servers/4c744673-0d9b-44ef-938f-372b101a2053 0.052s
2024-10-10 11:56:29.232 62095 INFO tempest.lib.common.rest_client [req-3bae3705-7e53-4789-9ad3-ec228e8efd28 req-3bae3705-7e53-4789-9ad3-ec228e8efd28 ] Request (AttachInterfacesTestJSON:test_create_list_show_delete_interfaces_by_fixed_ip): 200 GET http://10.180.1.21/compute/v2.1/servers/1f70b6e1-b534-40a1-b262-e0a5ce3e425e 0.055s
2024-10-10 11:56:29.238 62127 INFO tempest.lib.common.rest_client [req-54bc4517-2190-4285-bf83-ac2ddb18d2bb req-54bc4517-2190-4285-bf83-ac2ddb18d2bb ] Request (ServerRescueNegativeTestJSON:setUpClass): 200 GET http://10.180.1.21/compute/v2.1/servers/74a2e109-244c-4349-a0b7-0db9e9d4868e 0.049s
2024-10-10 11:56:29.297 62147 INFO tempest.lib.common.rest_client [req-5e32de96-aec8-4d6d-82c5-74076536dd94 req-5e32de96-aec8-4d6d-82c5-74076536dd94 ] Request (DeleteServersTestJSON:test_delete_server_while_in_attached_volume): 200 GET http://10.180.1.21/compute/v2.1/servers/45138019-b69e-459b-99cf-47a47aa58e40 0.048s
2024-10-10 11:56:29.312 62149 INFO tempest.lib.common.rest_client [req-0137085d-e6df-47ce-bc7c-80b1aaed709d req-0137085d-e6df-47ce-bc7c-80b1aaed709d ] Request (ServersAdmin275Test:tearDownClass): 200 GET http://10.180.1.21/compute/v2.1/servers/7ef91986-fb46-478b-85a5-05d597790ad9 0.053s
2024-10-10 11:56:29.360 62103 INFO tempest.lib.common.rest_client [req-93a37d8d-306f-48c6-80c8-78d8c05580c9 req-93a37d8d-306f-48c6-80c8-78d8c05580c9 ] Request (AttachVolumeTestJSON:test_attach_detach_volume): 200 GET http://10.180.1.21/compute/v2.1/servers/1fb4535d-47d8-45c5-b6d6-d05e57237b98 0.045s
2024-10-10 11:56:29.378 62099 INFO tempest.lib.common.rest_client [req-e9aeef8f-b868-4294-b2e3-30ebf8da3adb req-e9aeef8f-b868-4294-b2e3-30ebf8da3adb ] Request (AttachInterfacesV270Test:test_create_get_list_interfaces): 200 GET http://10.180.1.21/compute/v2.1/servers/03ba4dad-5c58-4582-a36e-95de69b37474 0.051s
2024-10-10 11:56:29.576 62101 INFO tempest.lib.common.rest_client [req-0d342670-4eb5-45a0-881d-90b586389ef4 req-0d342670-4eb5-45a0-881d-90b586389ef4 ] Request (ListImageFiltersTestJSON:setUpClass): 200 GET http://10.180.1.21/compute/v2.1/servers/8ac73bda-db02-4427-9730-003561d078ca 0.050s
2024-10-10 11:56:29.581 62117 INFO tempest.lib.common.rest_client [req-526667f2-a930-4775-870e-42d67b10d95f req-526667f2-a930-4775-870e-42d67b10d95f ] Request (SecurityGroupsTestJSON:test_server_security_groups): 200 GET http://10.180.1.21/compute/v2.1/servers/2cfdb95a-8c00-4528-a4bc-55f4ced67a89 0.054s
2024-10-10 11:56:29.653 62143 INFO tempest.lib.common.rest_client [req-f846a679-3cf8-474a-9e1a-e28b7bc8d076 req-f846a679-3cf8-474a-9e1a-e28b7bc8d076 ] Request (ServersTestJSON:setUpClass): 200 GET http://10.180.1.21/compute/v2.1/servers/f2f968db-d4e2-451d-afe6-330196eba6c2 0.062s
2024-10-10 11:56:29.657 62109 INFO tempest.lib.common.rest_client [req-cd23d404-42fd-4031-b38a-baadf34776b3 req-cd23d404-42fd-4031-b38a-baadf34776b3 ] Request (ServerActionsTestOtherA:setUpClass): 200 GET http://10.180.1.21/compute/v2.1/servers/1ac6419f-9a21-4927-9c6e-01ba2dcaf7a0 0.065s
2024-10-10 11:56:29.716 62097 INFO tempest.lib.common.rest_client [req-dc714065-200f-46b2-8b8d-13879ef8161e req-dc714065-200f-46b2-8b8d-13879ef8161e ] Request (ServersNegativeTestMultiTenantJSON:setUpClass): 200 GET http://10.180.1.21/compute/v2.1/servers/2887126b-6db5-4578-a063-552e774542cc 0.052s
2024-10-10 11:56:29.719 62130 INFO tempest.lib.common.rest_client [req-620050f0-dc01-4e3c-9ba2-990fb03ea174 req-620050f0-dc01-4e3c-9ba2-990fb03ea174 ] Request (ServersTestBootFromVolume:setUpClass): 200 GET http://10.180.1.21/compute/v2.1/servers/455bddc2-0afd-4ebb-9fcd-ebbbeca38ae3 0.067s
2024-10-10 11:56:29.785 62113 INFO tempest.lib.common.rest_client [req-11bf9141-448f-4e41-9b0b-3f101ed95538 req-11bf9141-448f-4e41-9b0b-3f101ed95538 ] Request (ServersTestMultiNic:test_verify_duplicate_network_nics): 200 GET http://10.180.1.21/compute/v2.1/servers/c6e77597-5a5d-4b86-8588-7056828025cf 0.090s
2024-10-10 11:56:29.837 62137 INFO tempest.lib.common.rest_client [req-65f09c3c-fb9d-4de1-bcac-b89375664ded req-65f09c3c-fb9d-4de1-bcac-b89375664ded ] Request (ServerMetadataTestJSON:setUpClass): 200 GET http://10.180.1.21/compute/v2.1/servers/10e3f3dd-165b-4049-8c1f-f561c91717c0 0.088s
2024-10-10 11:56:29.873 62115 INFO tempest.lib.common.rest_client [req-3071d5a0-66e4-4b0a-b1f9-5891a7bae95b req-3071d5a0-66e4-4b0a-b1f9-5891a7bae95b ] Request (ImagesOneServerNegativeTestJSON:setUpClass): 200 GET http://10.180.1.21/compute/v2.1/servers/f968f3df-c70b-466b-8aaa-879354f12d3b 0.167s
2024-10-10 11:56:29.884 62115 INFO tempest.common.waiters [-] State transition "BUILD/networking" ==> "BUILD/block_device_mapping" after 78 second wait
2024-10-10 11:56:29.887 62155 INFO tempest.lib.common.rest_client [req-6357fce5-ef0a-422a-a8aa-187572354268 req-6357fce5-ef0a-422a-a8aa-187572354268 ] Request (ServersAaction247Test:test_create_backup): 200 GET http://10.180.1.21/compute/v2.1/servers/81fd9ccc-a267-498d-93d4-8adf894ee8d8 0.126s
2024-10-10 11:56:29.919 62145 INFO tempest.lib.common.rest_client [req-71da1c48-4fbb-4db9-aad4-ab9125787b82 req-71da1c48-4fbb-4db9-aad4-ab9125787b82 ] Request (ServerPasswordTestJSON:setUpClass): 200 GET http://10.180.1.21/compute/v2.1/servers/6fc82922-9142-475b-99a6-bbc5ee43b30b 0.114s
2024-10-10 11:56:29.931 62125 INFO tempest.lib.common.rest_client [req-d394fad2-9af2-4425-9aab-e905e306ff92 req-d394fad2-9af2-4425-9aab-e905e306ff92 ] Request (ListServersNegativeTestJSON:setUpClass): 200 GET http://10.180.1.21/compute/v2.1/servers/a0580308-d25b-47cb-9c1c-adb763be7925 0.074s
2024-10-10 11:56:29.963 62111 INFO tempest.lib.common.rest_client [req-172be3c2-092d-4c3c-92e3-83b1171e7961 req-172be3c2-092d-4c3c-92e3-83b1171e7961 ] Request (ServersWithSpecificFlavorTestJSON:test_verify_created_server_ephemeral_disk): 200 GET http://10.180.1.21/compute/v2.1/servers/72ed5e07-7e7f-4fe9-b8c8-9ad7055abf0a 0.054s
2024-10-10 11:56:30.029 62107 INFO tempest.lib.common.rest_client [req-66f4488b-89c2-41c5-a004-826a9040945e req-66f4488b-89c2-41c5-a004-826a9040945e ] Request (ListServerFiltersTestJSON:setUpClass): 200 GET http://10.180.1.21/compute/v2.1/servers/cfb2f64b-7026-444d-8f86-500445343ac1 0.052s
2024-10-10 11:56:30.066 62105 INFO tempest.lib.common.rest_client [req-986bc435-6033-499f-927c-0103d50e3828 req-986bc435-6033-499f-927c-0103d50e3828 ] Request (ServerShowV247Test:tearDownClass): 200 GET http://10.180.1.21/compute/v2.1/servers/0dfabd80-a385-4124-af33-083559819d7a 0.071s
2024-10-10 11:56:30.126 62153 INFO tempest.lib.common.rest_client [req-13cbda26-b09e-47d0-8bab-8b04e81a8965 req-13cbda26-b09e-47d0-8bab-8b04e81a8965 ] Request (MigrationsAdminTest:test_resize_server_revert_deleted_flavor): 200 GET http://10.180.1.21/compute/v2.1/servers/1f7b6f74-24c1-4db1-9f70-350f307a07b4 0.075s
2024-10-10 11:56:30.130 62141 INFO tempest.lib.common.rest_client [req-e6fa8493-eb8d-4985-9020-9b0354c73674 req-e6fa8493-eb8d-4985-9020-9b0354c73674 ] Request (ServerShowV254Test:test_rebuild_server): 200 GET http://10.180.1.21/compute/v2.1/servers/23a0d825-3132-44d5-8b73-a06a0c0e7b1a 0.085s
2024-10-10 11:56:30.189 62139 INFO tempest.lib.common.rest_client [req-effaff9a-775b-4ac9-b44b-8efe10d6a3f8 req-effaff9a-775b-4ac9-b44b-8efe10d6a3f8 ] Request (FloatingIPsAssociationNegativeTestJSON:setUpClass): 200 GET http://10.180.1.21/compute/v2.1/servers/8ab18b24-91d4-4718-8f1a-d82f4226ba2a 0.084s
2024-10-10 11:56:30.200 62093 INFO tempest.lib.common.rest_client [req-74f041d1-0a8d-441f-988b-9ff074d59325 req-74f041d1-0a8d-441f-988b-9ff074d59325 ] Request (VolumesAdminNegativeTest:test_update_attached_volume_with_nonexistent_volume_in_body): 200 GET http://10.180.1.21/compute/v2.1/servers/759d1958-0518-4654-8686-38be0920c29f 0.086s
2024-10-10 11:56:30.268 62151 INFO tempest.lib.common.rest_client [req-cc28b006-fa15-4676-9dbe-d159d8705ae7 req-cc28b006-fa15-4676-9dbe-d159d8705ae7 ] Request (ServersV294TestFqdnHostnames:setUpClass): 200 GET http://10.180.1.21/compute/v2.1/servers/31239011-3cd9-4fea-a99d-26d09884497b 0.078s
2024-10-10 11:56:30.268 62119 INFO tempest.lib.common.rest_client [req-21bd46b9-d226-4cc7-80c6-736fd344a5a9 req-21bd46b9-d226-4cc7-80c6-736fd344a5a9 ] Request (FloatingIPsAssociationTestJSON:setUpClass): 200 GET http://10.180.1.21/compute/v2.1/servers/4c744673-0d9b-44ef-938f-372b101a2053 0.070s
2024-10-10 11:56:30.318 62127 INFO tempest.lib.common.rest_client [req-d73c2963-94ad-491c-94c0-b7b5354f3f22 req-d73c2963-94ad-491c-94c0-b7b5354f3f22 ] Request (ServerRescueNegativeTestJSON:setUpClass): 200 GET http://10.180.1.21/compute/v2.1/servers/74a2e109-244c-4349-a0b7-0db9e9d4868e 0.070s
2024-10-10 11:56:30.323 62095 INFO tempest.lib.common.rest_client [req-9ff212b1-e645-408f-8db7-5132d028d5c4 req-9ff212b1-e645-408f-8db7-5132d028d5c4 ] Request (AttachInterfacesTestJSON:test_create_list_show_delete_interfaces_by_fixed_ip): 200 GET http://10.180.1.21/compute/v2.1/servers/1f70b6e1-b534-40a1-b262-e0a5ce3e425e 0.083s
2024-10-10 11:56:30.363 62147 INFO tempest.lib.common.rest_client [req-3bbaaaaa-fbf6-467f-b2a5-df7b848fe491 req-3bbaaaaa-fbf6-467f-b2a5-df7b848fe491 ] Request (DeleteServersTestJSON:test_delete_server_while_in_attached_volume): 200 GET http://10.180.1.21/compute/v2.1/servers/45138019-b69e-459b-99cf-47a47aa58e40 0.059s
2024-10-10 11:56:30.376 62149 INFO tempest.lib.common.rest_client [req-bfd82388-77c3-4e57-897b-2b8fe47dd56b req-bfd82388-77c3-4e57-897b-2b8fe47dd56b ] Request (ServersAdmin275Test:tearDownClass): 200 GET http://10.180.1.21/compute/v2.1/servers/7ef91986-fb46-478b-85a5-05d597790ad9 0.052s
2024-10-10 11:56:30.414 62103 INFO tempest.lib.common.rest_client [req-165cd521-251b-4fc3-9700-31be0ade53c7 req-165cd521-251b-4fc3-9700-31be0ade53c7 ] Request (AttachVolumeTestJSON:test_attach_detach_volume): 200 GET http://10.180.1.21/compute/v2.1/servers/1fb4535d-47d8-45c5-b6d6-d05e57237b98 0.044s
2024-10-10 11:56:30.437 62099 INFO tempest.lib.common.rest_client [req-494c375d-c9bc-4c95-bddf-1036703b0c73 req-494c375d-c9bc-4c95-bddf-1036703b0c73 ] Request (AttachInterfacesV270Test:test_create_get_list_interfaces): 200 GET http://10.180.1.21/compute/v2.1/servers/03ba4dad-5c58-4582-a36e-95de69b37474 0.050s
2024-10-10 11:56:30.638 62101 INFO tempest.lib.common.rest_client [req-00260c2e-0448-4add-8975-885c82d2cd17 req-00260c2e-0448-4add-8975-885c82d2cd17 ] Request (ListImageFiltersTestJSON:setUpClass): 200 GET http://10.180.1.21/compute/v2.1/servers/8ac73bda-db02-4427-9730-003561d078ca 0.056s
2024-10-10 11:56:30.640 62117 INFO tempest.lib.common.rest_client [req-51e134a1-b05b-4c74-ab6e-fc206c3f881a req-51e134a1-b05b-4c74-ab6e-fc206c3f881a ] Request (SecurityGroupsTestJSON:test_server_security_groups): 200 GET http://10.180.1.21/compute/v2.1/servers/2cfdb95a-8c00-4528-a4bc-55f4ced67a89 0.052s
2024-10-10 11:56:30.725 62143 INFO tempest.lib.common.rest_client [req-9de9f16a-c160-44ad-8f48-a4c0151cc485 req-9de9f16a-c160-44ad-8f48-a4c0151cc485 ] Request (ServersTestJSON:setUpClass): 200 GET http://10.180.1.21/compute/v2.1/servers/f2f968db-d4e2-451d-afe6-330196eba6c2 0.061s
2024-10-10 11:56:30.728 62109 INFO tempest.lib.common.rest_client [req-ced00cfa-e260-4373-a281-5035b65df2df req-ced00cfa-e260-4373-a281-5035b65df2df ] Request (ServerActionsTestOtherA:setUpClass): 200 GET http://10.180.1.21/compute/v2.1/servers/1ac6419f-9a21-4927-9c6e-01ba2dcaf7a0 0.063s
2024-10-10 11:56:30.776 62097 INFO tempest.lib.common.rest_client [req-6860b336-bb09-4a13-88c1-f8fe44070b06 req-6860b336-bb09-4a13-88c1-f8fe44070b06 ] Request (ServersNegativeTestMultiTenantJSON:setUpClass): 200 GET http://10.180.1.21/compute/v2.1/servers/2887126b-6db5-4578-a063-552e774542cc 0.051s
2024-10-10 11:56:30.782 62130 INFO tempest.lib.common.rest_client [req-2f6b4d69-46aa-4d92-bd4d-7ff467852e1b req-2f6b4d69-46aa-4d92-bd4d-7ff467852e1b ] Request (ServersTestBootFromVolume:setUpClass): 200 GET http://10.180.1.21/compute/v2.1/servers/455bddc2-0afd-4ebb-9fcd-ebbbeca38ae3 0.049s
2024-10-10 11:56:30.840 62113 INFO tempest.lib.common.rest_client [req-67283745-4733-41e6-9f13-e094dde0f8ad req-67283745-4733-41e6-9f13-e094dde0f8ad ] Request (ServersTestMultiNic:test_verify_duplicate_network_nics): 200 GET http://10.180.1.21/compute/v2.1/servers/c6e77597-5a5d-4b86-8588-7056828025cf 0.047s
2024-10-10 11:56:30.888 62137 INFO tempest.lib.common.rest_client [req-087fb148-08df-43fb-aebd-5dd09b7ea0c5 req-087fb148-08df-43fb-aebd-5dd09b7ea0c5 ] Request (ServerMetadataTestJSON:setUpClass): 200 GET http://10.180.1.21/compute/v2.1/servers/10e3f3dd-165b-4049-8c1f-f561c91717c0 0.044s
2024-10-10 11:56:30.936 62115 INFO tempest.lib.common.rest_client [req-c7dbc3d4-82d1-4302-a3f4-d372124b4080 req-c7dbc3d4-82d1-4302-a3f4-d372124b4080 ] Request (ImagesOneServerNegativeTestJSON:setUpClass): 200 GET http://10.180.1.21/compute/v2.1/servers/f968f3df-c70b-466b-8aaa-879354f12d3b 0.050s
2024-10-10 11:56:30.942 62115 INFO tempest.common.waiters [-] State transition "BUILD/block_device_mapping" ==> "BUILD/spawning" after 79 second wait
2024-10-10 11:56:30.944 62155 INFO tempest.lib.common.rest_client [req-3093a959-9e85-49de-affc-8a5c01fb1a37 req-3093a959-9e85-49de-affc-8a5c01fb1a37 ] Request (ServersAaction247Test:test_create_backup): 200 GET http://10.180.1.21/compute/v2.1/servers/81fd9ccc-a267-498d-93d4-8adf894ee8d8 0.048s
2024-10-10 11:56:30.977 62145 INFO tempest.lib.common.rest_client [req-2add1e1a-ff97-468b-9ecf-c5ba70a153c8 req-2add1e1a-ff97-468b-9ecf-c5ba70a153c8 ] Request (ServerPasswordTestJSON:setUpClass): 200 GET http://10.180.1.21/compute/v2.1/servers/6fc82922-9142-475b-99a6-bbc5ee43b30b 0.050s
2024-10-10 11:56:30.987 62125 INFO tempest.lib.common.rest_client [req-460f1e25-49cf-4b3c-8a23-23973559cd0f req-460f1e25-49cf-4b3c-8a23-23973559cd0f ] Request (ListServersNegativeTestJSON:setUpClass): 200 GET http://10.180.1.21/compute/v2.1/servers/a0580308-d25b-47cb-9c1c-adb763be7925 0.048s
2024-10-10 11:56:31.015 62111 INFO tempest.lib.common.rest_client [req-30be7a2c-94dd-4b4e-ab7d-8083b4317dfb req-30be7a2c-94dd-4b4e-ab7d-8083b4317dfb ] Request (ServersWithSpecificFlavorTestJSON:test_verify_created_server_ephemeral_disk): 200 GET http://10.180.1.21/compute/v2.1/servers/72ed5e07-7e7f-4fe9-b8c8-9ad7055abf0a 0.042s
2024-10-10 11:56:31.086 62107 INFO tempest.lib.common.rest_client [req-798fbbb4-2ca8-4513-ac1f-6b14e34f8689 req-798fbbb4-2ca8-4513-ac1f-6b14e34f8689 ] Request (ListServerFiltersTestJSON:setUpClass): 200 GET http://10.180.1.21/compute/v2.1/servers/cfb2f64b-7026-444d-8f86-500445343ac1 0.049s
2024-10-10 11:56:31.133 62105 INFO tempest.lib.common.rest_client [req-1284d80f-cfd6-437e-b4bb-baea137375cd req-1284d80f-cfd6-437e-b4bb-baea137375cd ] Request (ServerShowV247Test:tearDownClass): 200 GET http://10.180.1.21/compute/v2.1/servers/0dfabd80-a385-4124-af33-083559819d7a 0.055s
2024-10-10 11:56:31.182 62153 INFO tempest.lib.common.rest_client [req-b1a98460-b2e0-4c2e-8f2c-0edb1977ad76 req-b1a98460-b2e0-4c2e-8f2c-0edb1977ad76 ] Request (MigrationsAdminTest:test_resize_server_revert_deleted_flavor): 200 GET http://10.180.1.21/compute/v2.1/servers/1f7b6f74-24c1-4db1-9f70-350f307a07b4 0.049s
2024-10-10 11:56:31.189 62141 INFO tempest.lib.common.rest_client [req-4f84ea1c-62e7-4a62-9967-aced62d25c4f req-4f84ea1c-62e7-4a62-9967-aced62d25c4f ] Request (ServerShowV254Test:test_rebuild_server): 200 GET http://10.180.1.21/compute/v2.1/servers/23a0d825-3132-44d5-8b73-a06a0c0e7b1a 0.050s
2024-10-10 11:56:31.243 62139 INFO tempest.lib.common.rest_client [req-8cea0b30-1c5c-4d8f-9167-3a8fd6a721ba req-8cea0b30-1c5c-4d8f-9167-3a8fd6a721ba ] Request (FloatingIPsAssociationNegativeTestJSON:setUpClass): 200 GET http://10.180.1.21/compute/v2.1/servers/8ab18b24-91d4-4718-8f1a-d82f4226ba2a 0.046s
2024-10-10 11:56:31.253 62093 INFO tempest.lib.common.rest_client [req-4693eda1-3de7-4183-9644-00960a8a144e req-4693eda1-3de7-4183-9644-00960a8a144e ] Request (VolumesAdminNegativeTest:test_update_attached_volume_with_nonexistent_volume_in_body): 200 GET http://10.180.1.21/compute/v2.1/servers/759d1958-0518-4654-8686-38be0920c29f 0.046s
2024-10-10 11:56:31.330 62119 INFO tempest.lib.common.rest_client [req-49c85b9a-ce9f-482e-96c9-4a69ede0f9b9 req-49c85b9a-ce9f-482e-96c9-4a69ede0f9b9 ] Request (FloatingIPsAssociationTestJSON:setUpClass): 200 GET http://10.180.1.21/compute/v2.1/servers/4c744673-0d9b-44ef-938f-372b101a2053 0.053s
2024-10-10 11:56:31.342 62151 INFO tempest.lib.common.rest_client [req-6b49aa6f-b8fd-437d-9497-203c4f67ccb9 req-6b49aa6f-b8fd-437d-9497-203c4f67ccb9 ] Request (ServersV294TestFqdnHostnames:setUpClass): 200 GET http://10.180.1.21/compute/v2.1/servers/31239011-3cd9-4fea-a99d-26d09884497b 0.061s
2024-10-10 11:56:31.380 62127 INFO tempest.lib.common.rest_client [req-9656ffe2-55a3-412a-99af-8d8408f1843d req-9656ffe2-55a3-412a-99af-8d8408f1843d ] Request (ServerRescueNegativeTestJSON:setUpClass): 200 GET http://10.180.1.21/compute/v2.1/servers/74a2e109-244c-4349-a0b7-0db9e9d4868e 0.054s
2024-10-10 11:56:31.388 62095 INFO tempest.lib.common.rest_client [req-b9f56757-ab7c-40fd-bc45-8d3a7e7ca62b req-b9f56757-ab7c-40fd-bc45-8d3a7e7ca62b ] Request (AttachInterfacesTestJSON:test_create_list_show_delete_interfaces_by_fixed_ip): 200 GET http://10.180.1.21/compute/v2.1/servers/1f70b6e1-b534-40a1-b262-e0a5ce3e425e 0.058s
2024-10-10 11:56:31.447 62147 INFO tempest.lib.common.rest_client [req-75dc6aab-bad9-46e5-90c4-d4db11e8abd1 req-75dc6aab-bad9-46e5-90c4-d4db11e8abd1 ] Request (DeleteServersTestJSON:test_delete_server_while_in_attached_volume): 200 GET http://10.180.1.21/compute/v2.1/servers/45138019-b69e-459b-99cf-47a47aa58e40 0.078s
2024-10-10 11:56:31.453 62149 INFO tempest.lib.common.rest_client [req-45014d92-af67-4949-955c-c30682565b14 req-45014d92-af67-4949-955c-c30682565b14 ] Request (ServersAdmin275Test:tearDownClass): 200 GET http://10.180.1.21/compute/v2.1/servers/7ef91986-fb46-478b-85a5-05d597790ad9 0.068s
2024-10-10 11:56:31.461 62149 INFO tempest.common.waiters [-] State transition "ACTIVE/deleting" ==> "DELETED/None" after 4 second wait
2024-10-10 11:56:31.493 62103 INFO tempest.lib.common.rest_client [req-ce4b497a-3aba-43ed-984c-ef1bcdda86b6 req-ce4b497a-3aba-43ed-984c-ef1bcdda86b6 ] Request (AttachVolumeTestJSON:test_attach_detach_volume): 200 GET http://10.180.1.21/compute/v2.1/servers/1fb4535d-47d8-45c5-b6d6-d05e57237b98 0.072s
2024-10-10 11:56:31.505 62099 INFO tempest.lib.common.rest_client [req-aa3c3e28-f3c8-4812-8638-fa32a2145f0a req-aa3c3e28-f3c8-4812-8638-fa32a2145f0a ] Request (AttachInterfacesV270Test:test_create_get_list_interfaces): 200 GET http://10.180.1.21/compute/v2.1/servers/03ba4dad-5c58-4582-a36e-95de69b37474 0.059s
2024-10-10 11:56:31.694 62101 INFO tempest.lib.common.rest_client [req-3661f477-a42d-4e61-9ea2-c567254a3ea7 req-3661f477-a42d-4e61-9ea2-c567254a3ea7 ] Request (ListImageFiltersTestJSON:setUpClass): 200 GET http://10.180.1.21/compute/v2.1/servers/8ac73bda-db02-4427-9730-003561d078ca 0.050s
2024-10-10 11:56:31.701 62117 INFO tempest.lib.common.rest_client [req-72cf493b-4ac4-41f9-9abc-2071e3a5a011 req-72cf493b-4ac4-41f9-9abc-2071e3a5a011 ] Request (SecurityGroupsTestJSON:test_server_security_groups): 200 GET http://10.180.1.21/compute/v2.1/servers/2cfdb95a-8c00-4528-a4bc-55f4ced67a89 0.054s
2024-10-10 11:56:31.795 62143 INFO tempest.lib.common.rest_client [req-e11ffb46-a986-4e72-8daa-65dd9fb23d75 req-e11ffb46-a986-4e72-8daa-65dd9fb23d75 ] Request (ServersTestJSON:setUpClass): 200 GET http://10.180.1.21/compute/v2.1/servers/f2f968db-d4e2-451d-afe6-330196eba6c2 0.063s
2024-10-10 11:56:31.802 62109 INFO tempest.lib.common.rest_client [req-9cd05e33-ef28-417b-abb4-f1e4409a314c req-9cd05e33-ef28-417b-abb4-f1e4409a314c ] Request (ServerActionsTestOtherA:setUpClass): 200 GET http://10.180.1.21/compute/v2.1/servers/1ac6419f-9a21-4927-9c6e-01ba2dcaf7a0 0.066s
2024-10-10 11:56:31.810 62109 INFO tempest.common.waiters [-] State transition "BUILD/None" ==> "BUILD/networking" after 80 second wait
2024-10-10 11:56:31.852 62097 INFO tempest.lib.common.rest_client [req-11d4f87d-bbb9-499e-84bf-34ccc0b3effc req-11d4f87d-bbb9-499e-84bf-34ccc0b3effc ] Request (ServersNegativeTestMultiTenantJSON:setUpClass): 200 GET http://10.180.1.21/compute/v2.1/servers/2887126b-6db5-4578-a063-552e774542cc 0.067s
2024-10-10 11:56:31.858 62130 INFO tempest.lib.common.rest_client [req-154320b4-bc1c-44f5-be9a-971bf22df457 req-154320b4-bc1c-44f5-be9a-971bf22df457 ] Request (ServersTestBootFromVolume:setUpClass): 200 GET http://10.180.1.21/compute/v2.1/servers/455bddc2-0afd-4ebb-9fcd-ebbbeca38ae3 0.068s
2024-10-10 11:56:31.900 62113 INFO tempest.lib.common.rest_client [req-02eefca3-c8de-48f1-9aaf-348ad1aa0df1 req-02eefca3-c8de-48f1-9aaf-348ad1aa0df1 ] Request (ServersTestMultiNic:test_verify_duplicate_network_nics): 200 GET http://10.180.1.21/compute/v2.1/servers/c6e77597-5a5d-4b86-8588-7056828025cf 0.053s
2024-10-10 11:56:31.947 62137 INFO tempest.lib.common.rest_client [req-a9a7858e-1f1a-4557-b10d-0caff8f30193 req-a9a7858e-1f1a-4557-b10d-0caff8f30193 ] Request (ServerMetadataTestJSON:setUpClass): 200 GET http://10.180.1.21/compute/v2.1/servers/10e3f3dd-165b-4049-8c1f-f561c91717c0 0.051s
2024-10-10 11:56:31.992 62115 INFO tempest.lib.common.rest_client [req-2c2749ca-7be8-4593-b980-6823d8eeace2 req-2c2749ca-7be8-4593-b980-6823d8eeace2 ] Request (ImagesOneServerNegativeTestJSON:setUpClass): 200 GET http://10.180.1.21/compute/v2.1/servers/f968f3df-c70b-466b-8aaa-879354f12d3b 0.049s
2024-10-10 11:56:32.005 62155 INFO tempest.lib.common.rest_client [req-b04349fc-707f-47cd-9814-a3e88b187f53 req-b04349fc-707f-47cd-9814-a3e88b187f53 ] Request (ServersAaction247Test:test_create_backup): 200 GET http://10.180.1.21/compute/v2.1/servers/81fd9ccc-a267-498d-93d4-8adf894ee8d8 0.053s
2024-10-10 11:56:32.035 62145 INFO tempest.lib.common.rest_client [req-b0d0f03c-d7d5-42bd-bd2b-c701d2410e16 req-b0d0f03c-d7d5-42bd-bd2b-c701d2410e16 ] Request (ServerPasswordTestJSON:setUpClass): 200 GET http://10.180.1.21/compute/v2.1/servers/6fc82922-9142-475b-99a6-bbc5ee43b30b 0.048s
2024-10-10 11:56:32.058 62125 INFO tempest.lib.common.rest_client [req-feede8d6-6dfe-4c43-ab32-9d23d1e9e483 req-feede8d6-6dfe-4c43-ab32-9d23d1e9e483 ] Request (ListServersNegativeTestJSON:setUpClass): 200 GET http://10.180.1.21/compute/v2.1/servers/a0580308-d25b-47cb-9c1c-adb763be7925 0.064s
2024-10-10 11:56:32.088 62111 INFO tempest.lib.common.rest_client [req-7d945e9f-5ee5-4b22-b214-d88e164c46f2 req-7d945e9f-5ee5-4b22-b214-d88e164c46f2 ] Request (ServersWithSpecificFlavorTestJSON:test_verify_created_server_ephemeral_disk): 200 GET http://10.180.1.21/compute/v2.1/servers/72ed5e07-7e7f-4fe9-b8c8-9ad7055abf0a 0.067s
