2024-10-10 11:55:56.284 62147 INFO tempest.lib.common.rest_client [req-83f4c664-5f6a-4de7-b974-1757cdb9463c req-83f4c664-5f6a-4de7-b974-1757cdb9463c ] Request (DeleteServersTestJSON:test_delete_active_server): 200 GET http://10.180.1.21/compute/v2.1/servers/b521cc8c-e214-467f-8399-55f075b9bba3 0.078s
2024-10-10 11:55:56.311 62097 INFO tempest.lib.common.rest_client [req-8980ee87-484b-4d34-b9c7-e51c65146a49 req-8980ee87-484b-4d34-b9c7-e51c65146a49 ] Request (TenantUsagesTestJSON:setUpClass): 200 GET http://10.180.1.21/compute/v2.1/servers/c1c15498-af88-4fcf-9a58-7060502bcaf2 0.046s
2024-10-10 11:55:56.371 62111 INFO tempest.lib.common.rest_client [req-6cad9699-9245-43aa-9c93-61031126dd57 req-6cad9699-9245-43aa-9c93-61031126dd57 ] Request (ServersWithSpecificFlavorTestJSON:test_verify_created_server_ephemeral_disk): 200 GET http://10.180.1.21/compute/v2.1/servers/72ed5e07-7e7f-4fe9-b8c8-9ad7055abf0a 0.053s
2024-10-10 11:55:56.434 62141 INFO tempest.lib.common.rest_client [req-36b105fe-dd38-4eab-b279-9a1ea093eae2 req-36b105fe-dd38-4eab-b279-9a1ea093eae2 ] Request (ServerShowV254Test:test_rebuild_server): 200 GET http://10.180.1.21/compute/v2.1/servers/23a0d825-3132-44d5-8b73-a06a0c0e7b1a 0.049s
2024-10-10 11:55:56.512 62131 INFO tempest.lib.common.rest_client [req-bf61f708-9308-409e-9de0-690ba75ef815 req-bf61f708-9308-409e-9de0-690ba75ef815 ] Request (ServersAdminNegativeTestJSON:setUpClass): 200 GET http://10.180.1.21/compute/v2.1/servers/ada4c1f9-ee1e-421b-9d97-fc3fddcf0ce0 0.057s
2024-10-10 11:55:56.513 62103 INFO tempest.lib.common.rest_client [req-f0cc48e8-5eab-45f0-b3d1-a1d0bf7e56e1 req-f0cc48e8-5eab-45f0-b3d1-a1d0bf7e56e1 ] Request (ServerGroupTestJSON:test_create_server_with_scheduler_hint_group): 200 GET http://10.180.1.21/compute/v2.1/servers/cf94c3f2-a4db-479f-8251-f2e403697678 0.061s
2024-10-10 11:55:56.580 62151 INFO tempest.lib.common.rest_client [req-29b3e083-5277-4ea9-a047-730b0d65d55f req-29b3e083-5277-4ea9-a047-730b0d65d55f ] Request (ServersV294TestFqdnHostnames:setUpClass): 200 GET http://10.180.1.21/compute/v2.1/servers/31239011-3cd9-4fea-a99d-26d09884497b 0.064s
2024-10-10 11:55:56.580 62093 INFO tempest.lib.common.rest_client [req-b89d8e8b-6ed5-4ec2-8904-0918fd453b03 req-b89d8e8b-6ed5-4ec2-8904-0918fd453b03 ] Request (VolumesAdminNegativeTest:test_update_attached_volume_with_nonexistent_volume_in_body): 200 GET http://10.180.1.21/compute/v2.1/servers/759d1958-0518-4654-8686-38be0920c29f 0.065s
2024-10-10 11:55:56.760 62139 INFO tempest.lib.common.rest_client [req-0645d70e-8665-4fce-958e-bc23465b451b req-0645d70e-8665-4fce-958e-bc23465b451b ] Request (FloatingIPsAssociationNegativeTestJSON:setUpClass): 200 GET http://10.180.1.21/compute/v2.1/servers/8ab18b24-91d4-4718-8f1a-d82f4226ba2a 0.058s
2024-10-10 11:55:56.761 62099 INFO tempest.lib.common.rest_client [req-e6738486-ceb5-4609-9700-8efd0d392e64 req-e6738486-ceb5-4609-9700-8efd0d392e64 ] Request (AttachInterfacesV270Test:test_create_get_list_interfaces): 200 GET http://10.180.1.21/compute/v2.1/servers/03ba4dad-5c58-4582-a36e-95de69b37474 0.061s
2024-10-10 11:55:56.805 62095 INFO tempest.lib.common.rest_client [req-bff1d72e-c779-4918-8e46-21065d6c0557 req-bff1d72e-c779-4918-8e46-21065d6c0557 ] Request (AttachInterfacesTestJSON:test_create_list_show_delete_interfaces_by_fixed_ip): 200 GET http://10.180.1.21/compute/v2.1/servers/1f70b6e1-b534-40a1-b262-e0a5ce3e425e 0.066s
2024-10-10 11:55:56.806 62130 INFO tempest.lib.common.rest_client [req-08bd7742-7eff-4287-bffd-cd1cb61abdb1 req-08bd7742-7eff-4287-bffd-cd1cb61abdb1 ] Request (ServersTestBootFromVolume:setUpClass): 200 GET http://10.180.1.21/volume/v3/volumes/1c404c68-77c8-47ea-857f-5a81d3a1115a 0.027s
2024-10-10 11:55:56.841 62127 INFO tempest.lib.common.rest_client [req-30f10638-7770-48b6-82ea-70a3eee49ec8 req-30f10638-7770-48b6-82ea-70a3eee49ec8 ] Request (ServerRescueNegativeTestJSON:setUpClass): 200 GET http://10.180.1.21/compute/v2.1/servers/74a2e109-244c-4349-a0b7-0db9e9d4868e 0.050s
2024-10-10 11:55:56.886 62101 INFO tempest.lib.common.rest_client [req-8922dd8c-d700-42be-a990-2a0779986128 req-8922dd8c-d700-42be-a990-2a0779986128 ] Request (ListImageFiltersTestJSON:setUpClass): 200 GET http://10.180.1.21/compute/v2.1/servers/8ac73bda-db02-4427-9730-003561d078ca 0.051s
2024-10-10 11:55:56.946 62143 INFO tempest.lib.common.rest_client [req-5a94e3c2-76e8-4735-a748-a95912d51a13 req-5a94e3c2-76e8-4735-a748-a95912d51a13 ] Request (ServersTestJSON:setUpClass): 200 GET http://10.180.1.21/compute/v2.1/servers/f2f968db-d4e2-451d-afe6-330196eba6c2 0.054s
2024-10-10 11:55:57.008 62117 INFO tempest.lib.common.rest_client [req-2b37ac60-5606-4fea-bcf2-662962f9914a req-2b37ac60-5606-4fea-bcf2-662962f9914a ] Request (SecurityGroupsTestJSON:test_server_security_groups): 200 GET http://10.180.1.21/compute/v2.1/servers/2cfdb95a-8c00-4528-a4bc-55f4ced67a89 0.053s
2024-10-10 11:55:57.046 62109 INFO tempest.lib.common.rest_client [req-d3a057b5-86ac-45da-84d5-0a9d7e340eaf req-d3a057b5-86ac-45da-84d5-0a9d7e340eaf ] Request (ServerActionsTestOtherA:setUpClass): 200 GET http://10.180.1.21/compute/v2.1/servers/1ac6419f-9a21-4927-9c6e-01ba2dcaf7a0 0.061s
2024-10-10 11:55:57.063 62115 INFO tempest.lib.common.rest_client [req-415025a9-a1ef-4d91-ab90-3b1334fe7f34 req-415025a9-a1ef-4d91-ab90-3b1334fe7f34 ] Request (ImagesOneServerNegativeTestJSON:setUpClass): 200 GET http://10.180.1.21/compute/v2.1/servers/f968f3df-c70b-466b-8aaa-879354f12d3b 0.052s
2024-10-10 11:55:57.097 62113 INFO tempest.lib.common.rest_client [req-33251961-1acf-4fb8-b462-95d5bc880c5d req-33251961-1acf-4fb8-b462-95d5bc880c5d ] Request (ServersTestMultiNic:test_verify_duplicate_network_nics): 200 GET http://10.180.1.21/compute/v2.1/servers/c6e77597-5a5d-4b86-8588-7056828025cf 0.055s
2024-10-10 11:55:57.123 62155 INFO tempest.lib.common.rest_client [req-e68aaad5-a1a3-4c55-bdd8-d821f6fbc501 req-e68aaad5-a1a3-4c55-bdd8-d821f6fbc501 ] Request (ServersAaction247Test:test_create_backup): 200 GET http://10.180.1.21/compute/v2.1/servers/81fd9ccc-a267-498d-93d4-8adf894ee8d8 0.054s
2024-10-10 11:55:57.166 62105 INFO tempest.lib.common.rest_client [req-6df4281e-3ca1-4b30-b8d9-b59643bf7d5d req-6df4281e-3ca1-4b30-b8d9-b59643bf7d5d ] Request (ServerShowV247Test:test_update_rebuild_list_server): 200 GET http://10.180.1.21/compute/v2.1/servers/0dfabd80-a385-4124-af33-083559819d7a 0.061s
2024-10-10 11:55:57.182 62137 INFO tempest.lib.common.rest_client [req-c63e3c82-03dd-4caf-88c5-98272d1cc117 req-c63e3c82-03dd-4caf-88c5-98272d1cc117 ] Request (ServerMetadataTestJSON:setUpClass): 200 GET http://10.180.1.21/compute/v2.1/servers/10e3f3dd-165b-4049-8c1f-f561c91717c0 0.055s
2024-10-10 11:55:57.219 62145 INFO tempest.lib.common.rest_client [req-d7b9d6cd-8729-43be-81fa-4601bb0a04ff req-d7b9d6cd-8729-43be-81fa-4601bb0a04ff ] Request (ServerPasswordTestJSON:setUpClass): 200 GET http://10.180.1.21/compute/v2.1/servers/6fc82922-9142-475b-99a6-bbc5ee43b30b 0.066s
2024-10-10 11:55:57.233 62107 INFO tempest.lib.common.rest_client [req-85992840-8e66-4d52-99b8-a58482ebfc30 req-85992840-8e66-4d52-99b8-a58482ebfc30 ] Request (ListServerFiltersTestJSON:setUpClass): 200 GET http://10.180.1.21/compute/v2.1/servers/cfb2f64b-7026-444d-8f86-500445343ac1 0.061s
2024-10-10 11:55:57.279 62125 INFO tempest.lib.common.rest_client [req-511cbb50-c6d6-4497-9b1d-6aa594181e72 req-511cbb50-c6d6-4497-9b1d-6aa594181e72 ] Request (ServersTestManualDisk:setUpClass): 200 GET http://10.180.1.21/compute/v2.1/servers/3765dd5b-2fd3-4acb-87b8-e5a7d8df4113 0.080s
2024-10-10 11:55:57.286 62119 INFO tempest.lib.common.rest_client [req-a30057ef-e17a-45b5-896a-6f4dde01e0f8 req-a30057ef-e17a-45b5-896a-6f4dde01e0f8 ] Request (DeleteServersAdminTestJSON:test_delete_server_while_in_error_state): 200 GET http://10.180.1.21/compute/v2.1/servers/31aa8536-1597-4b61-b069-80daf5306dd6 0.063s
2024-10-10 11:55:57.335 62153 INFO tempest.lib.common.rest_client [req-18663245-6690-4269-b840-448a153a5adc req-18663245-6690-4269-b840-448a153a5adc ] Request (MigrationsAdminTest:test_resize_server_revert_deleted_flavor): 200 GET http://10.180.1.21/compute/v2.1/servers/1f7b6f74-24c1-4db1-9f70-350f307a07b4 0.086s
2024-10-10 11:55:57.352 62149 INFO tempest.lib.common.rest_client [req-cb0d5590-41e3-4d37-8360-ee2c09564a54 req-cb0d5590-41e3-4d37-8360-ee2c09564a54 ] Request (ServersAdmin275Test:test_rebuild_update_server_275): 200 GET http://10.180.1.21/compute/v2.1/servers/7ef91986-fb46-478b-85a5-05d597790ad9 0.082s
2024-10-10 11:55:57.389 62147 INFO tempest.lib.common.rest_client [req-eae8da57-e6ca-4048-9e6c-9664a28bbde4 req-eae8da57-e6ca-4048-9e6c-9664a28bbde4 ] Request (DeleteServersTestJSON:test_delete_active_server): 200 GET http://10.180.1.21/compute/v2.1/servers/b521cc8c-e214-467f-8399-55f075b9bba3 0.098s
2024-10-10 11:55:57.402 62097 INFO tempest.lib.common.rest_client [req-778fe563-f288-415e-973c-926d70e31f19 req-778fe563-f288-415e-973c-926d70e31f19 ] Request (TenantUsagesTestJSON:setUpClass): 200 GET http://10.180.1.21/compute/v2.1/servers/c1c15498-af88-4fcf-9a58-7060502bcaf2 0.079s
2024-10-10 11:55:57.437 62111 INFO tempest.lib.common.rest_client [req-076c3f5b-90a3-4a81-8724-48396fcddac1 req-076c3f5b-90a3-4a81-8724-48396fcddac1 ] Request (ServersWithSpecificFlavorTestJSON:test_verify_created_server_ephemeral_disk): 200 GET http://10.180.1.21/compute/v2.1/servers/72ed5e07-7e7f-4fe9-b8c8-9ad7055abf0a 0.059s
2024-10-10 11:55:57.491 62141 INFO tempest.lib.common.rest_client [req-718e0aa7-d361-4293-9d3e-8dbda05d8ca3 req-718e0aa7-d361-4293-9d3e-8dbda05d8ca3 ] Request (ServerShowV254Test:test_rebuild_server): 200 GET http://10.180.1.21/compute/v2.1/servers/23a0d825-3132-44d5-8b73-a06a0c0e7b1a 0.048s
2024-10-10 11:55:57.579 62131 INFO tempest.lib.common.rest_client [req-04012c0b-a02b-464c-9972-a195deaa730d req-04012c0b-a02b-464c-9972-a195deaa730d ] Request (ServersAdminNegativeTestJSON:setUpClass): 200 GET http://10.180.1.21/compute/v2.1/servers/ada4c1f9-ee1e-421b-9d97-fc3fddcf0ce0 0.059s
2024-10-10 11:55:57.582 62103 INFO tempest.lib.common.rest_client [req-0bac6682-88dd-495f-938c-0522eb5766bc req-0bac6682-88dd-495f-938c-0522eb5766bc ] Request (ServerGroupTestJSON:test_create_server_with_scheduler_hint_group): 200 GET http://10.180.1.21/compute/v2.1/servers/cf94c3f2-a4db-479f-8251-f2e403697678 0.062s
2024-10-10 11:55:57.638 62093 INFO tempest.lib.common.rest_client [req-ed1a9906-eca4-4723-b100-d3fe03ebe5ca req-ed1a9906-eca4-4723-b100-d3fe03ebe5ca ] Request (VolumesAdminNegativeTest:test_update_attached_volume_with_nonexistent_volume_in_body): 200 GET http://10.180.1.21/compute/v2.1/servers/759d1958-0518-4654-8686-38be0920c29f 0.052s
2024-10-10 11:55:57.647 62151 INFO tempest.lib.common.rest_client [req-9ff5c37c-f6e5-4869-96b6-892ad44745e1 req-9ff5c37c-f6e5-4869-96b6-892ad44745e1 ] Request (ServersV294TestFqdnHostnames:setUpClass): 200 GET http://10.180.1.21/compute/v2.1/servers/31239011-3cd9-4fea-a99d-26d09884497b 0.058s
2024-10-10 11:55:57.831 62139 INFO tempest.lib.common.rest_client [req-8130d887-2157-431b-94d8-223af6475111 req-8130d887-2157-431b-94d8-223af6475111 ] Request (FloatingIPsAssociationNegativeTestJSON:setUpClass): 200 GET http://10.180.1.21/compute/v2.1/servers/8ab18b24-91d4-4718-8f1a-d82f4226ba2a 0.064s
2024-10-10 11:55:57.834 62099 INFO tempest.lib.common.rest_client [req-e94c7372-3564-4f03-b0c3-62253039fa3b req-e94c7372-3564-4f03-b0c3-62253039fa3b ] Request (AttachInterfacesV270Test:test_create_get_list_interfaces): 200 GET http://10.180.1.21/compute/v2.1/servers/03ba4dad-5c58-4582-a36e-95de69b37474 0.064s
2024-10-10 11:55:57.836 62130 INFO tempest.lib.common.rest_client [req-af1e6cfa-43fa-4ca7-997c-cf4c86022d45 req-af1e6cfa-43fa-4ca7-997c-cf4c86022d45 ] Request (ServersTestBootFromVolume:setUpClass): 200 GET http://10.180.1.21/volume/v3/volumes/1c404c68-77c8-47ea-857f-5a81d3a1115a 0.023s
2024-10-10 11:55:57.881 62095 INFO tempest.lib.common.rest_client [req-fe10b26c-078c-4d57-bc3d-95f6d0a101b9 req-fe10b26c-078c-4d57-bc3d-95f6d0a101b9 ] Request (AttachInterfacesTestJSON:test_create_list_show_delete_interfaces_by_fixed_ip): 200 GET http://10.180.1.21/compute/v2.1/servers/1f70b6e1-b534-40a1-b262-e0a5ce3e425e 0.069s
2024-10-10 11:55:57.900 62127 INFO tempest.lib.common.rest_client [req-cc00aabd-3165-4085-bf82-1611db372c69 req-cc00aabd-3165-4085-bf82-1611db372c69 ] Request (ServerRescueNegativeTestJSON:setUpClass): 200 GET http://10.180.1.21/compute/v2.1/servers/74a2e109-244c-4349-a0b7-0db9e9d4868e 0.052s
2024-10-10 11:55:57.946 62101 INFO tempest.lib.common.rest_client [req-1d7e4675-6b3c-4522-b325-459020dbd946 req-1d7e4675-6b3c-4522-b325-459020dbd946 ] Request (ListImageFiltersTestJSON:setUpClass): 200 GET http://10.180.1.21/compute/v2.1/servers/8ac73bda-db02-4427-9730-003561d078ca 0.048s
2024-10-10 11:55:58.004 62143 INFO tempest.lib.common.rest_client [req-e3010f57-41d0-4c17-ac29-de4e56ab5acf req-e3010f57-41d0-4c17-ac29-de4e56ab5acf ] Request (ServersTestJSON:setUpClass): 200 GET http://10.180.1.21/compute/v2.1/servers/f2f968db-d4e2-451d-afe6-330196eba6c2 0.049s
2024-10-10 11:55:58.069 62117 INFO tempest.lib.common.rest_client [req-de699e72-f626-4c49-a8fc-3b647c75329d req-de699e72-f626-4c49-a8fc-3b647c75329d ] Request (SecurityGroupsTestJSON:test_server_security_groups): 200 GET http://10.180.1.21/compute/v2.1/servers/2cfdb95a-8c00-4528-a4bc-55f4ced67a89 0.053s
2024-10-10 11:55:58.126 62109 INFO tempest.lib.common.rest_client [req-054319aa-96bb-439f-8b9f-c1bf7353528d req-054319aa-96bb-439f-8b9f-c1bf7353528d ] Request (ServerActionsTestOtherA:setUpClass): 200 GET http://10.180.1.21/compute/v2.1/servers/1ac6419f-9a21-4927-9c6e-01ba2dcaf7a0 0.072s
2024-10-10 11:55:58.132 62115 INFO tempest.lib.common.rest_client [req-28badbcc-4616-4561-b9f2-ba36074b70df req-28badbcc-4616-4561-b9f2-ba36074b70df ] Request (ImagesOneServerNegativeTestJSON:setUpClass): 200 GET http://10.180.1.21/compute/v2.1/servers/f968f3df-c70b-466b-8aaa-879354f12d3b 0.062s
2024-10-10 11:55:58.175 62113 INFO tempest.lib.common.rest_client [req-c3544384-f034-48cd-bcdd-ab960badae64 req-c3544384-f034-48cd-bcdd-ab960badae64 ] Request (ServersTestMultiNic:test_verify_duplicate_network_nics): 200 GET http://10.180.1.21/compute/v2.1/servers/c6e77597-5a5d-4b86-8588-7056828025cf 0.071s
2024-10-10 11:55:58.182 62155 INFO tempest.lib.common.rest_client [req-fc60b67c-5d2b-4fe4-ae72-471c2a41c541 req-fc60b67c-5d2b-4fe4-ae72-471c2a41c541 ] Request (ServersAaction247Test:test_create_backup): 200 GET http://10.180.1.21/compute/v2.1/servers/81fd9ccc-a267-498d-93d4-8adf894ee8d8 0.050s
2024-10-10 11:55:58.226 62105 INFO tempest.lib.common.rest_client [req-04b31d03-6be0-4fb2-a652-85fb6d5c6fbd req-04b31d03-6be0-4fb2-a652-85fb6d5c6fbd ] Request (ServerShowV247Test:test_update_rebuild_list_server): 200 GET http://10.180.1.21/compute/v2.1/servers/0dfabd80-a385-4124-af33-083559819d7a 0.050s
2024-10-10 11:55:58.236 62137 INFO tempest.lib.common.rest_client [req-06371790-9d30-4a4d-bcc2-efb7b0011513 req-06371790-9d30-4a4d-bcc2-efb7b0011513 ] Request (ServerMetadataTestJSON:setUpClass): 200 GET http://10.180.1.21/compute/v2.1/servers/10e3f3dd-165b-4049-8c1f-f561c91717c0 0.045s
2024-10-10 11:55:58.238 62105 INFO tempest.common.waiters [-] State transition "REBUILD/rebuilding" ==> "REBUILD/rebuild_spawning" after 3 second wait
2024-10-10 11:55:58.275 62145 INFO tempest.lib.common.rest_client [req-c12eede3-d2c3-4394-b7d7-887a880564fb req-c12eede3-d2c3-4394-b7d7-887a880564fb ] Request (ServerPasswordTestJSON:setUpClass): 200 GET http://10.180.1.21/compute/v2.1/servers/6fc82922-9142-475b-99a6-bbc5ee43b30b 0.048s
2024-10-10 11:55:58.287 62107 INFO tempest.lib.common.rest_client [req-10d8e07b-a780-4920-a4af-dd928c61e199 req-10d8e07b-a780-4920-a4af-dd928c61e199 ] Request (ListServerFiltersTestJSON:setUpClass): 200 GET http://10.180.1.21/compute/v2.1/servers/cfb2f64b-7026-444d-8f86-500445343ac1 0.048s
2024-10-10 11:55:58.342 62125 INFO tempest.lib.common.rest_client [req-2ea44217-98b3-4c3b-aede-8f5717114fbd req-2ea44217-98b3-4c3b-aede-8f5717114fbd ] Request (ServersTestManualDisk:setUpClass): 200 GET http://10.180.1.21/compute/v2.1/servers/3765dd5b-2fd3-4acb-87b8-e5a7d8df4113 0.057s
2024-10-10 11:55:58.349 62119 INFO tempest.lib.common.rest_client [req-efdd4561-6e02-441b-8d9f-1421be39cd7f req-efdd4561-6e02-441b-8d9f-1421be39cd7f ] Request (DeleteServersAdminTestJSON:test_delete_server_while_in_error_state): 200 GET http://10.180.1.21/compute/v2.1/servers/31aa8536-1597-4b61-b069-80daf5306dd6 0.056s
2024-10-10 11:55:58.391 62153 INFO tempest.lib.common.rest_client [req-1424a7d6-d986-4a74-8f4e-ee3faaf80c0f req-1424a7d6-d986-4a74-8f4e-ee3faaf80c0f ] Request (MigrationsAdminTest:test_resize_server_revert_deleted_flavor): 200 GET http://10.180.1.21/compute/v2.1/servers/1f7b6f74-24c1-4db1-9f70-350f307a07b4 0.048s
2024-10-10 11:55:58.418 62149 INFO tempest.lib.common.rest_client [req-b8ea8c07-df92-40f3-95d9-14f7f55546ba req-b8ea8c07-df92-40f3-95d9-14f7f55546ba ] Request (ServersAdmin275Test:test_rebuild_update_server_275): 200 GET http://10.180.1.21/compute/v2.1/servers/7ef91986-fb46-478b-85a5-05d597790ad9 0.057s
2024-10-10 11:55:58.447 62147 INFO tempest.lib.common.rest_client [req-ceee714f-b1a9-48d3-bc71-dc52d45c3d05 req-ceee714f-b1a9-48d3-bc71-dc52d45c3d05 ] Request (DeleteServersTestJSON:test_delete_active_server): 200 GET http://10.180.1.21/compute/v2.1/servers/b521cc8c-e214-467f-8399-55f075b9bba3 0.051s
2024-10-10 11:55:58.468 62097 INFO tempest.lib.common.rest_client [req-951f3aca-8b81-49aa-a2d9-0696123a737d req-951f3aca-8b81-49aa-a2d9-0696123a737d ] Request (TenantUsagesTestJSON:setUpClass): 200 GET http://10.180.1.21/compute/v2.1/servers/c1c15498-af88-4fcf-9a58-7060502bcaf2 0.059s
2024-10-10 11:55:58.492 62111 INFO tempest.lib.common.rest_client [req-a58a6080-5ea3-41db-ab87-895376ae0c4c req-a58a6080-5ea3-41db-ab87-895376ae0c4c ] Request (ServersWithSpecificFlavorTestJSON:test_verify_created_server_ephemeral_disk): 200 GET http://10.180.1.21/compute/v2.1/servers/72ed5e07-7e7f-4fe9-b8c8-9ad7055abf0a 0.046s
2024-10-10 11:55:58.552 62141 INFO tempest.lib.common.rest_client [req-6b57aa90-0720-49bc-9c27-04481a1075fd req-6b57aa90-0720-49bc-9c27-04481a1075fd ] Request (ServerShowV254Test:test_rebuild_server): 200 GET http://10.180.1.21/compute/v2.1/servers/23a0d825-3132-44d5-8b73-a06a0c0e7b1a 0.052s
2024-10-10 11:55:58.640 62131 INFO tempest.lib.common.rest_client [req-ed3ddf59-36f6-426f-a74f-ce8405eaac69 req-ed3ddf59-36f6-426f-a74f-ce8405eaac69 ] Request (ServersAdminNegativeTestJSON:setUpClass): 200 GET http://10.180.1.21/compute/v2.1/servers/ada4c1f9-ee1e-421b-9d97-fc3fddcf0ce0 0.054s
2024-10-10 11:55:58.648 62103 INFO tempest.lib.common.rest_client [req-abead9b8-3073-441f-9b71-e4753a86e95e req-abead9b8-3073-441f-9b71-e4753a86e95e ] Request (ServerGroupTestJSON:test_create_server_with_scheduler_hint_group): 200 GET http://10.180.1.21/compute/v2.1/servers/cf94c3f2-a4db-479f-8251-f2e403697678 0.056s
2024-10-10 11:55:58.695 62093 INFO tempest.lib.common.rest_client [req-d08fdf1a-7f1f-4299-a167-aa626d0ddc39 req-d08fdf1a-7f1f-4299-a167-aa626d0ddc39 ] Request (VolumesAdminNegativeTest:test_update_attached_volume_with_nonexistent_volume_in_body): 200 GET http://10.180.1.21/compute/v2.1/servers/759d1958-0518-4654-8686-38be0920c29f 0.050s
2024-10-10 11:55:58.716 62151 INFO tempest.lib.common.rest_client [req-2efec345-5bbb-460d-99b6-d42738da42aa req-2efec345-5bbb-460d-99b6-d42738da42aa ] Request (ServersV294TestFqdnHostnames:setUpClass): 200 GET http://10.180.1.21/compute/v2.1/servers/31239011-3cd9-4fea-a99d-26d09884497b 0.060s
2024-10-10 11:55:58.867 62130 INFO tempest.lib.common.rest_client [req-ec7855fa-b6ab-42b9-ae6c-0e498e8a6a92 req-ec7855fa-b6ab-42b9-ae6c-0e498e8a6a92 ] Request (ServersTestBootFromVolume:setUpClass): 200 GET http://10.180.1.21/volume/v3/volumes/1c404c68-77c8-47ea-857f-5a81d3a1115a 0.024s
2024-10-10 11:55:58.900 62139 INFO tempest.lib.common.rest_client [req-aeed7948-ed75-47d9-917a-c91322e25114 req-aeed7948-ed75-47d9-917a-c91322e25114 ] Request (FloatingIPsAssociationNegativeTestJSON:setUpClass): 200 GET http://10.180.1.21/compute/v2.1/servers/8ab18b24-91d4-4718-8f1a-d82f4226ba2a 0.060s
2024-10-10 11:55:58.912 62099 INFO tempest.lib.common.rest_client [req-85acdbb4-1867-4fb6-b77d-f919d72b848d req-85acdbb4-1867-4fb6-b77d-f919d72b848d ] Request (AttachInterfacesV270Test:test_create_get_list_interfaces): 200 GET http://10.180.1.21/compute/v2.1/servers/03ba4dad-5c58-4582-a36e-95de69b37474 0.069s
2024-10-10 11:55:58.954 62095 INFO tempest.lib.common.rest_client [req-832c9c3e-8779-400a-ab1a-210bb2eaabb4 req-832c9c3e-8779-400a-ab1a-210bb2eaabb4 ] Request (AttachInterfacesTestJSON:test_create_list_show_delete_interfaces_by_fixed_ip): 200 GET http://10.180.1.21/compute/v2.1/servers/1f70b6e1-b534-40a1-b262-e0a5ce3e425e 0.065s
2024-10-10 11:55:58.971 62127 INFO tempest.lib.common.rest_client [req-e904e872-e022-4016-9c2d-3baf50fdd7f5 req-e904e872-e022-4016-9c2d-3baf50fdd7f5 ] Request (ServerRescueNegativeTestJSON:setUpClass): 200 GET http://10.180.1.21/compute/v2.1/servers/74a2e109-244c-4349-a0b7-0db9e9d4868e 0.064s
2024-10-10 11:55:59.008 62101 INFO tempest.lib.common.rest_client [req-f394e7ba-a0af-4f5a-a743-38c1460cfa96 req-f394e7ba-a0af-4f5a-a743-38c1460cfa96 ] Request (ListImageFiltersTestJSON:setUpClass): 200 GET http://10.180.1.21/compute/v2.1/servers/8ac73bda-db02-4427-9730-003561d078ca 0.055s
2024-10-10 11:55:59.066 62143 INFO tempest.lib.common.rest_client [req-39312161-bff6-4037-8ab6-b86e4f19c340 req-39312161-bff6-4037-8ab6-b86e4f19c340 ] Request (ServersTestJSON:setUpClass): 200 GET http://10.180.1.21/compute/v2.1/servers/f2f968db-d4e2-451d-afe6-330196eba6c2 0.053s
2024-10-10 11:55:59.132 62117 INFO tempest.lib.common.rest_client [req-bfbec519-972b-497d-93e1-eba1d43320eb req-bfbec519-972b-497d-93e1-eba1d43320eb ] Request (SecurityGroupsTestJSON:test_server_security_groups): 200 GET http://10.180.1.21/compute/v2.1/servers/2cfdb95a-8c00-4528-a4bc-55f4ced67a89 0.054s
2024-10-10 11:55:59.190 62109 INFO tempest.lib.common.rest_client [req-88615dc7-cb87-4826-9faf-76c5aa60af8f req-88615dc7-cb87-4826-9faf-76c5aa60af8f ] Request (ServerActionsTestOtherA:setUpClass): 200 GET http://10.180.1.21/compute/v2.1/servers/1ac6419f-9a21-4927-9c6e-01ba2dcaf7a0 0.055s
2024-10-10 11:55:59.197 62115 INFO tempest.lib.common.rest_client [req-a9041d7c-0150-4ecf-bc31-18acab13784c req-a9041d7c-0150-4ecf-bc31-18acab13784c ] Request (ImagesOneServerNegativeTestJSON:setUpClass): 200 GET http://10.180.1.21/compute/v2.1/servers/f968f3df-c70b-466b-8aaa-879354f12d3b 0.058s
2024-10-10 11:55:59.241 62113 INFO tempest.lib.common.rest_client [req-a4793f57-17d0-406b-bfbc-854fefc6d2ba req-a4793f57-17d0-406b-bfbc-854fefc6d2ba ] Request (ServersTestMultiNic:test_verify_duplicate_network_nics): 200 GET http://10.180.1.21/compute/v2.1/servers/c6e77597-5a5d-4b86-8588-7056828025cf 0.059s
2024-10-10 11:55:59.251 62155 INFO tempest.lib.common.rest_client [req-f89f541e-4d9c-4147-a27f-cc93fa54a4e0 req-f89f541e-4d9c-4147-a27f-cc93fa54a4e0 ] Request (ServersAaction247Test:test_create_backup): 200 GET http://10.180.1.21/compute/v2.1/servers/81fd9ccc-a267-498d-93d4-8adf894ee8d8 0.060s
2024-10-10 11:55:59.302 62137 INFO tempest.lib.common.rest_client [req-97f599bf-fe1a-4a43-b325-2fb28b7a37af req-97f599bf-fe1a-4a43-b325-2fb28b7a37af ] Request (ServerMetadataTestJSON:setUpClass): 200 GET http://10.180.1.21/compute/v2.1/servers/10e3f3dd-165b-4049-8c1f-f561c91717c0 0.059s
2024-10-10 11:55:59.303 62105 INFO tempest.lib.common.rest_client [req-ed82ffd2-5501-4020-ad29-bb1f986a6747 req-ed82ffd2-5501-4020-ad29-bb1f986a6747 ] Request (ServerShowV247Test:test_update_rebuild_list_server): 200 GET http://10.180.1.21/compute/v2.1/servers/0dfabd80-a385-4124-af33-083559819d7a 0.065s
2024-10-10 11:55:59.357 62145 INFO tempest.lib.common.rest_client [req-d513428e-3c21-45d9-bb50-07b49c43f51d req-d513428e-3c21-45d9-bb50-07b49c43f51d ] Request (ServerPasswordTestJSON:setUpClass): 200 GET http://10.180.1.21/compute/v2.1/servers/6fc82922-9142-475b-99a6-bbc5ee43b30b 0.075s
2024-10-10 11:55:59.364 62107 INFO tempest.lib.common.rest_client [req-46cf8a92-6a70-4495-a883-3446f367fdb9 req-46cf8a92-6a70-4495-a883-3446f367fdb9 ] Request (ListServerFiltersTestJSON:setUpClass): 200 GET http://10.180.1.21/compute/v2.1/servers/cfb2f64b-7026-444d-8f86-500445343ac1 0.069s
2024-10-10 11:55:59.416 62125 INFO tempest.lib.common.rest_client [req-5cfdc2b9-76e8-4f74-8988-166e1cb1f361 req-5cfdc2b9-76e8-4f74-8988-166e1cb1f361 ] Request (ServersTestManualDisk:setUpClass): 200 GET http://10.180.1.21/compute/v2.1/servers/3765dd5b-2fd3-4acb-87b8-e5a7d8df4113 0.066s
2024-10-10 11:55:59.422 62119 INFO tempest.lib.common.rest_client [req-22106d5c-c2ee-4737-a282-75adbe354b12 req-22106d5c-c2ee-4737-a282-75adbe354b12 ] Request (DeleteServersAdminTestJSON:test_delete_server_while_in_error_state): 200 GET http://10.180.1.21/compute/v2.1/servers/31aa8536-1597-4b61-b069-80daf5306dd6 0.066s
2024-10-10 11:55:59.467 62153 INFO tempest.lib.common.rest_client [req-a5de8a8b-1594-4131-b019-e1ad05fdc3fd req-a5de8a8b-1594-4131-b019-e1ad05fdc3fd ] Request (MigrationsAdminTest:test_resize_server_revert_deleted_flavor): 200 GET http://10.180.1.21/compute/v2.1/servers/1f7b6f74-24c1-4db1-9f70-350f307a07b4 0.068s
2024-10-10 11:55:59.485 62149 INFO tempest.lib.common.rest_client [req-f3826ccd-5cf4-4e0c-a319-38a809f2e211 req-f3826ccd-5cf4-4e0c-a319-38a809f2e211 ] Request (ServersAdmin275Test:test_rebuild_update_server_275): 200 GET http://10.180.1.21/compute/v2.1/servers/7ef91986-fb46-478b-85a5-05d597790ad9 0.057s
2024-10-10 11:55:59.522 62147 INFO tempest.lib.common.rest_client [req-33baf003-bd90-4a35-b067-9f7a67c22ccf req-33baf003-bd90-4a35-b067-9f7a67c22ccf ] Request (DeleteServersTestJSON:test_delete_active_server): 200 GET http://10.180.1.21/compute/v2.1/servers/b521cc8c-e214-467f-8399-55f075b9bba3 0.068s
2024-10-10 11:55:59.528 62147 INFO tempest.common.waiters [-] State transition "BUILD/spawning" ==> "BUILD/scheduling" after 70 second wait
2024-10-10 11:55:59.539 62097 INFO tempest.lib.common.rest_client [req-9eff44bb-b251-4187-a76c-1dee5d2a8767 req-9eff44bb-b251-4187-a76c-1dee5d2a8767 ] Request (TenantUsagesTestJSON:setUpClass): 200 GET http://10.180.1.21/compute/v2.1/servers/c1c15498-af88-4fcf-9a58-7060502bcaf2 0.060s
2024-10-10 11:55:59.574 62111 INFO tempest.lib.common.rest_client [req-187f937a-fbd2-4dfe-a155-69396256fc1f req-187f937a-fbd2-4dfe-a155-69396256fc1f ] Request (ServersWithSpecificFlavorTestJSON:test_verify_created_server_ephemeral_disk): 200 GET http://10.180.1.21/compute/v2.1/servers/72ed5e07-7e7f-4fe9-b8c8-9ad7055abf0a 0.074s
2024-10-10 11:55:59.616 62141 INFO tempest.lib.common.rest_client [req-878a0bad-40a1-405a-9dfd-5f3d752af9da req-878a0bad-40a1-405a-9dfd-5f3d752af9da ] Request (ServerShowV254Test:test_rebuild_server): 200 GET http://10.180.1.21/compute/v2.1/servers/23a0d825-3132-44d5-8b73-a06a0c0e7b1a 0.054s
2024-10-10 11:55:59.718 62103 INFO tempest.lib.common.rest_client [req-7b4742a6-6424-43be-addc-4d3d062f8889 req-7b4742a6-6424-43be-addc-4d3d062f8889 ] Request (ServerGroupTestJSON:test_create_server_with_scheduler_hint_group): 200 GET http://10.180.1.21/compute/v2.1/servers/cf94c3f2-a4db-479f-8251-f2e403697678 0.061s
2024-10-10 11:55:59.779 62093 INFO tempest.lib.common.rest_client [req-63ad1517-0e99-4328-8c3e-6741ae683014 req-63ad1517-0e99-4328-8c3e-6741ae683014 ] Request (VolumesAdminNegativeTest:test_update_attached_volume_with_nonexistent_volume_in_body): 200 GET http://10.180.1.21/compute/v2.1/servers/759d1958-0518-4654-8686-38be0920c29f 0.075s
2024-10-10 11:55:59.813 62131 INFO tempest.lib.common.rest_client [req-e1862433-3bef-4bd2-8b7c-f3e3a433bfd0 req-e1862433-3bef-4bd2-8b7c-f3e3a433bfd0 ] Request (ServersAdminNegativeTestJSON:setUpClass): 200 GET http://10.180.1.21/compute/v2.1/servers/ada4c1f9-ee1e-421b-9d97-fc3fddcf0ce0 0.166s
2024-10-10 11:55:59.819 62131 INFO tempest.common.waiters [-] State transition "BUILD/None" ==> "BUILD/networking" after 59 second wait
2024-10-10 11:55:59.831 62151 INFO tempest.lib.common.rest_client [req-25426d81-a7d7-4c08-beb8-2ea9b776a594 req-25426d81-a7d7-4c08-beb8-2ea9b776a594 ] Request (ServersV294TestFqdnHostnames:setUpClass): 200 GET http://10.180.1.21/compute/v2.1/servers/31239011-3cd9-4fea-a99d-26d09884497b 0.106s
2024-10-10 11:55:59.904 62130 INFO tempest.lib.common.rest_client [req-54efd417-64f3-461a-9e89-297312c5499a req-54efd417-64f3-461a-9e89-297312c5499a ] Request (ServersTestBootFromVolume:setUpClass): 200 GET http://10.180.1.21/volume/v3/volumes/1c404c68-77c8-47ea-857f-5a81d3a1115a 0.030s
2024-10-10 11:55:59.955 62139 INFO tempest.lib.common.rest_client [req-c6e86829-b589-46ec-a110-df8f1074669d req-c6e86829-b589-46ec-a110-df8f1074669d ] Request (FloatingIPsAssociationNegativeTestJSON:setUpClass): 200 GET http://10.180.1.21/compute/v2.1/servers/8ab18b24-91d4-4718-8f1a-d82f4226ba2a 0.049s
2024-10-10 11:55:59.971 62099 INFO tempest.lib.common.rest_client [req-9bf7c6d1-4e26-4c3e-8072-69dfe3ed13e7 req-9bf7c6d1-4e26-4c3e-8072-69dfe3ed13e7 ] Request (AttachInterfacesV270Test:test_create_get_list_interfaces): 200 GET http://10.180.1.21/compute/v2.1/servers/03ba4dad-5c58-4582-a36e-95de69b37474 0.049s
2024-10-10 11:56:00.016 62095 INFO tempest.lib.common.rest_client [req-8b644cbe-9685-4518-9e8b-53c037dd8c8d req-8b644cbe-9685-4518-9e8b-53c037dd8c8d ] Request (AttachInterfacesTestJSON:test_create_list_show_delete_interfaces_by_fixed_ip): 200 GET http://10.180.1.21/compute/v2.1/servers/1f70b6e1-b534-40a1-b262-e0a5ce3e425e 0.054s
2024-10-10 11:56:00.031 62127 INFO tempest.lib.common.rest_client [req-a4d8c862-57da-4bf8-9c36-85b5749f7e29 req-a4d8c862-57da-4bf8-9c36-85b5749f7e29 ] Request (ServerRescueNegativeTestJSON:setUpClass): 200 GET http://10.180.1.21/compute/v2.1/servers/74a2e109-244c-4349-a0b7-0db9e9d4868e 0.051s
2024-10-10 11:56:00.079 62101 INFO tempest.lib.common.rest_client [req-f3af7395-ed22-49eb-9987-837b42fae16f req-f3af7395-ed22-49eb-9987-837b42fae16f ] Request (ListImageFiltersTestJSON:setUpClass): 200 GET http://10.180.1.21/compute/v2.1/servers/8ac73bda-db02-4427-9730-003561d078ca 0.064s
2024-10-10 11:56:00.129 62143 INFO tempest.lib.common.rest_client [req-08a1fd25-6fc9-4967-8c83-f7643a84a669 req-08a1fd25-6fc9-4967-8c83-f7643a84a669 ] Request (ServersTestJSON:setUpClass): 200 GET http://10.180.1.21/compute/v2.1/servers/f2f968db-d4e2-451d-afe6-330196eba6c2 0.056s
2024-10-10 11:56:00.187 62117 INFO tempest.lib.common.rest_client [req-458b39f7-5ac7-4000-9064-0e86d516fc22 req-458b39f7-5ac7-4000-9064-0e86d516fc22 ] Request (SecurityGroupsTestJSON:test_server_security_groups): 200 GET http://10.180.1.21/compute/v2.1/servers/2cfdb95a-8c00-4528-a4bc-55f4ced67a89 0.047s
2024-10-10 11:56:00.256 62109 INFO tempest.lib.common.rest_client [req-f942a48f-ff01-4db5-b5f3-e585f77d35d6 req-f942a48f-ff01-4db5-b5f3-e585f77d35d6 ] Request (ServerActionsTestOtherA:setUpClass): 200 GET http://10.180.1.21/compute/v2.1/servers/1ac6419f-9a21-4927-9c6e-01ba2dcaf7a0 0.059s
2024-10-10 11:56:00.263 62115 INFO tempest.lib.common.rest_client [req-afe7d801-de0c-4719-9f9e-c01ecf295df5 req-afe7d801-de0c-4719-9f9e-c01ecf295df5 ] Request (ImagesOneServerNegativeTestJSON:setUpClass): 200 GET http://10.180.1.21/compute/v2.1/servers/f968f3df-c70b-466b-8aaa-879354f12d3b 0.058s
2024-10-10 11:56:00.317 62155 INFO tempest.lib.common.rest_client [req-dbc79658-e100-4154-b87b-322aabcd03dd req-dbc79658-e100-4154-b87b-322aabcd03dd ] Request (ServersAaction247Test:test_create_backup): 200 GET http://10.180.1.21/compute/v2.1/servers/81fd9ccc-a267-498d-93d4-8adf894ee8d8 0.057s
2024-10-10 11:56:00.332 62113 INFO tempest.lib.common.rest_client [req-03c6bee4-6823-461d-9b51-6b424747b0fb req-03c6bee4-6823-461d-9b51-6b424747b0fb ] Request (ServersTestMultiNic:test_verify_duplicate_network_nics): 200 GET http://10.180.1.21/compute/v2.1/servers/c6e77597-5a5d-4b86-8588-7056828025cf 0.083s
2024-10-10 11:56:00.368 62137 INFO tempest.lib.common.rest_client [req-3fc4fa62-5239-4c71-92be-8a95810a0b0e req-3fc4fa62-5239-4c71-92be-8a95810a0b0e ] Request (ServerMetadataTestJSON:setUpClass): 200 GET http://10.180.1.21/compute/v2.1/servers/10e3f3dd-165b-4049-8c1f-f561c91717c0 0.055s
2024-10-10 11:56:00.386 62105 INFO tempest.lib.common.rest_client [req-11aafb68-e927-45d7-8bb6-e1e3476deac9 req-11aafb68-e927-45d7-8bb6-e1e3476deac9 ] Request (ServerShowV247Test:test_update_rebuild_list_server): 200 GET http://10.180.1.21/compute/v2.1/servers/0dfabd80-a385-4124-af33-083559819d7a 0.073s
2024-10-10 11:56:00.413 62145 INFO tempest.lib.common.rest_client [req-6781f20e-5fd4-4b24-96e5-d97f13f0656d req-6781f20e-5fd4-4b24-96e5-d97f13f0656d ] Request (ServerPasswordTestJSON:setUpClass): 200 GET http://10.180.1.21/compute/v2.1/servers/6fc82922-9142-475b-99a6-bbc5ee43b30b 0.048s
2024-10-10 11:56:00.431 62107 INFO tempest.lib.common.rest_client [req-f27de205-e30b-457d-9f5d-5562acbe720a req-f27de205-e30b-457d-9f5d-5562acbe720a ] Request (ListServerFiltersTestJSON:setUpClass): 200 GET http://10.180.1.21/compute/v2.1/servers/cfb2f64b-7026-444d-8f86-500445343ac1 0.059s
2024-10-10 11:56:00.476 62125 INFO tempest.lib.common.rest_client [req-bc24568b-71ec-432a-9ae5-e37f8efca172 req-bc24568b-71ec-432a-9ae5-e37f8efca172 ] Request (ServersTestManualDisk:setUpClass): 200 GET http://10.180.1.21/compute/v2.1/servers/3765dd5b-2fd3-4acb-87b8-e5a7d8df4113 0.052s
2024-10-10 11:56:00.483 62119 INFO tempest.lib.common.rest_client [req-64e65418-7ec3-4728-9b2c-79a55fb5d65b req-64e65418-7ec3-4728-9b2c-79a55fb5d65b ] Request (DeleteServersAdminTestJSON:test_delete_server_while_in_error_state): 200 GET http://10.180.1.21/compute/v2.1/servers/31aa8536-1597-4b61-b069-80daf5306dd6 0.053s
2024-10-10 11:56:00.530 62153 INFO tempest.lib.common.rest_client [req-5ce6125a-2d4d-4ab7-a5b4-d2bfd2bb13e3 req-5ce6125a-2d4d-4ab7-a5b4-d2bfd2bb13e3 ] Request (MigrationsAdminTest:test_resize_server_revert_deleted_flavor): 200 GET http://10.180.1.21/compute/v2.1/servers/1f7b6f74-24c1-4db1-9f70-350f307a07b4 0.054s
2024-10-10 11:56:00.550 62149 INFO tempest.lib.common.rest_client [req-c1072b3f-4716-4014-b020-68bbc7411884 req-c1072b3f-4716-4014-b020-68bbc7411884 ] Request (ServersAdmin275Test:test_rebuild_update_server_275): 200 GET http://10.180.1.21/compute/v2.1/servers/7ef91986-fb46-478b-85a5-05d597790ad9 0.053s
2024-10-10 11:56:00.585 62147 INFO tempest.lib.common.rest_client [req-5477d81f-3234-4c54-8006-8cb33943149f req-5477d81f-3234-4c54-8006-8cb33943149f ] Request (DeleteServersTestJSON:test_delete_active_server): 200 GET http://10.180.1.21/compute/v2.1/servers/b521cc8c-e214-467f-8399-55f075b9bba3 0.055s
2024-10-10 11:56:00.591 62147 INFO tempest.common.waiters [-] State transition "BUILD/scheduling" ==> "ERROR/None" after 71 second wait
2024-10-10 11:56:00.597 62097 INFO tempest.lib.common.rest_client [req-e7436351-48d7-43ac-a0a5-279fbd1550d8 req-e7436351-48d7-43ac-a0a5-279fbd1550d8 ] Request (TenantUsagesTestJSON:setUpClass): 200 GET http://10.180.1.21/compute/v2.1/servers/c1c15498-af88-4fcf-9a58-7060502bcaf2 0.049s
2024-10-10 11:56:00.631 62111 INFO tempest.lib.common.rest_client [req-6629553f-901e-411a-8ce0-12ce31f71284 req-6629553f-901e-411a-8ce0-12ce31f71284 ] Request (ServersWithSpecificFlavorTestJSON:test_verify_created_server_ephemeral_disk): 200 GET http://10.180.1.21/compute/v2.1/servers/72ed5e07-7e7f-4fe9-b8c8-9ad7055abf0a 0.047s
2024-10-10 11:56:00.687 62141 INFO tempest.lib.common.rest_client [req-6f4f7138-8249-46bd-9e16-764354176a21 req-6f4f7138-8249-46bd-9e16-764354176a21 ] Request (ServerShowV254Test:test_rebuild_server): 200 GET http://10.180.1.21/compute/v2.1/servers/23a0d825-3132-44d5-8b73-a06a0c0e7b1a 0.062s
2024-10-10 11:56:00.772 62147 INFO tempest.lib.common.rest_client [req-0702ff29-7f87-48ec-a0b8-72f1b3eca7ac req-0702ff29-7f87-48ec-a0b8-72f1b3eca7ac ] Request (DeleteServersTestJSON:test_delete_active_server): 204 DELETE http://10.180.1.21/compute/v2.1/servers/b521cc8c-e214-467f-8399-55f075b9bba3 0.181s
2024-10-10 11:56:00.773 62103 INFO tempest.lib.common.rest_client [req-364ded60-8a9a-4f69-976a-cffb321f29d3 req-364ded60-8a9a-4f69-976a-cffb321f29d3 ] Request (ServerGroupTestJSON:test_create_server_with_scheduler_hint_group): 200 GET http://10.180.1.21/compute/v2.1/servers/cf94c3f2-a4db-479f-8251-f2e403697678 0.047s
2024-10-10 11:56:00.794 62147 INFO tempest.lib.common.rest_client [req-0f1ca0e4-d80d-4208-99b0-0ee5cd4d206a req-0f1ca0e4-d80d-4208-99b0-0ee5cd4d206a ] Request (DeleteServersTestJSON:test_delete_active_server): 404 GET http://10.180.1.21/compute/v2.1/servers/b521cc8c-e214-467f-8399-55f075b9bba3 0.022s
2024-10-10 11:56:00.834 62093 INFO tempest.lib.common.rest_client [req-2d89564e-594d-490e-9364-b19fc84a7e60 req-2d89564e-594d-490e-9364-b19fc84a7e60 ] Request (VolumesAdminNegativeTest:test_update_attached_volume_with_nonexistent_volume_in_body): 200 GET http://10.180.1.21/compute/v2.1/servers/759d1958-0518-4654-8686-38be0920c29f 0.048s
2024-10-10 11:56:00.840 62093 INFO tempest.common.waiters [-] State transition "BUILD/scheduling" ==> "BUILD/None" after 51 second wait
2024-10-10 11:56:00.858 62147 INFO tempest.lib.common.rest_client [req-2ff896a6-c4d5-4a62-b2f7-acb43e2f0b17 req-2ff896a6-c4d5-4a62-b2f7-acb43e2f0b17 ] Request (DeleteServersTestJSON:test_delete_server_while_in_attached_volume): 201 POST http://10.180.1.21/identity/v3/auth/tokens 0.058s
2024-10-10 11:56:00.859 62147 INFO tempest.lib.common.fixed_network [-] (DeleteServersTestJSON:test_delete_server_while_in_attached_volume) Found network {'id': 'aa46595d-80ac-4fd4-8230-34d352129d45', 'name': 'tempest-DeleteServersTestJSON-1079963010-network', 'tenant_id': '5c2e835a924c438287e7626c34c2fb05', 'admin_state_up': True, 'mtu': 8950, 'status': 'ACTIVE', 'subnets': [], 'shared': False, 'project_id': '5c2e835a924c438287e7626c34c2fb05', 'port_security_enabled': True, 'router:external': False, 'provider:network_type': 'vlan', 'provider:physical_network': 'default', 'provider:segmentation_id': 281, 'is_default': False, 'availability_zone_hints': [], 'availability_zones': [], 'ipv4_address_scope': None, 'ipv6_address_scope': None, 'description': '', 'tags': [], 'created_at': '2024-10-10T11:54:42Z', 'updated_at': '2024-10-10T11:54:42Z', 'revision_number': 1} available for tenant
2024-10-10 11:56:00.868 62131 INFO tempest.lib.common.rest_client [req-e54d8ee6-5c3b-4da8-a3ec-3484c13ef8e4 req-e54d8ee6-5c3b-4da8-a3ec-3484c13ef8e4 ] Request (ServersAdminNegativeTestJSON:setUpClass): 200 GET http://10.180.1.21/compute/v2.1/servers/ada4c1f9-ee1e-421b-9d97-fc3fddcf0ce0 0.049s
2024-10-10 11:56:00.875 62131 INFO tempest.common.waiters [-] State transition "BUILD/networking" ==> "BUILD/spawning" after 60 second wait
2024-10-10 11:56:00.894 62151 INFO tempest.lib.common.rest_client [req-244d8187-ef1a-4451-b59e-412aa52a4ba8 req-244d8187-ef1a-4451-b59e-412aa52a4ba8 ] Request (ServersV294TestFqdnHostnames:setUpClass): 200 GET http://10.180.1.21/compute/v2.1/servers/31239011-3cd9-4fea-a99d-26d09884497b 0.054s
2024-10-10 11:56:00.939 62130 INFO tempest.lib.common.rest_client [req-4520398a-92ea-4c75-9d2f-09dd32e7af6f req-4520398a-92ea-4c75-9d2f-09dd32e7af6f ] Request (ServersTestBootFromVolume:setUpClass): 200 GET http://10.180.1.21/volume/v3/volumes/1c404c68-77c8-47ea-857f-5a81d3a1115a 0.024s
2024-10-10 11:56:01.020 62139 INFO tempest.lib.common.rest_client [req-04ce8c9c-d8e7-49f0-9ce3-965dc870932a req-04ce8c9c-d8e7-49f0-9ce3-965dc870932a ] Request (FloatingIPsAssociationNegativeTestJSON:setUpClass): 200 GET http://10.180.1.21/compute/v2.1/servers/8ab18b24-91d4-4718-8f1a-d82f4226ba2a 0.057s
2024-10-10 11:56:01.086 62099 INFO tempest.lib.common.rest_client [req-d2f8aa93-9c44-4067-be05-65fd95c50bd5 req-d2f8aa93-9c44-4067-be05-65fd95c50bd5 ] Request (AttachInterfacesV270Test:test_create_get_list_interfaces): 200 GET http://10.180.1.21/compute/v2.1/servers/03ba4dad-5c58-4582-a36e-95de69b37474 0.106s
2024-10-10 11:56:01.130 62095 INFO tempest.lib.common.rest_client [req-6b6a7ccd-6243-4753-9970-b9d2c3df0cc6 req-6b6a7ccd-6243-4753-9970-b9d2c3df0cc6 ] Request (AttachInterfacesTestJSON:test_create_list_show_delete_interfaces_by_fixed_ip): 200 GET http://10.180.1.21/compute/v2.1/servers/1f70b6e1-b534-40a1-b262-e0a5ce3e425e 0.107s
2024-10-10 11:56:01.169 62147 INFO tempest.lib.common.rest_client [req-40a850b1-f685-44e4-9049-ddd4dab328dc req-40a850b1-f685-44e4-9049-ddd4dab328dc ] Request (DeleteServersTestJSON:test_delete_server_while_in_attached_volume): 202 POST http://10.180.1.21/compute/v2.1/servers 0.310s
2024-10-10 11:56:01.176 62127 INFO tempest.lib.common.rest_client [req-f91ff56d-4f3f-4adb-978b-d0ebd441109d req-f91ff56d-4f3f-4adb-978b-d0ebd441109d ] Request (ServerRescueNegativeTestJSON:setUpClass): 200 GET http://10.180.1.21/compute/v2.1/servers/74a2e109-244c-4349-a0b7-0db9e9d4868e 0.137s
2024-10-10 11:56:01.216 62101 INFO tempest.lib.common.rest_client [req-f6b99b20-9122-4736-8a29-1ee8ca69be4a req-f6b99b20-9122-4736-8a29-1ee8ca69be4a ] Request (ListImageFiltersTestJSON:setUpClass): 200 GET http://10.180.1.21/compute/v2.1/servers/8ac73bda-db02-4427-9730-003561d078ca 0.130s
2024-10-10 11:56:01.226 62143 INFO tempest.lib.common.rest_client [req-5eefffcf-57bb-4d8e-9f04-c3710ecc82a4 req-5eefffcf-57bb-4d8e-9f04-c3710ecc82a4 ] Request (ServersTestJSON:setUpClass): 200 GET http://10.180.1.21/compute/v2.1/servers/f2f968db-d4e2-451d-afe6-330196eba6c2 0.090s
2024-10-10 11:56:01.250 62147 INFO tempest.lib.common.rest_client [req-bcf2a73c-a483-4f37-b238-ad37a2e705ba req-bcf2a73c-a483-4f37-b238-ad37a2e705ba ] Request (DeleteServersTestJSON:test_delete_server_while_in_attached_volume): 200 GET http://10.180.1.21/compute/v2.1/servers/45138019-b69e-459b-99cf-47a47aa58e40 0.079s
2024-10-10 11:56:01.270 62117 INFO tempest.lib.common.rest_client [req-349cc710-8a27-4020-b63f-645395c9720c req-349cc710-8a27-4020-b63f-645395c9720c ] Request (SecurityGroupsTestJSON:test_server_security_groups): 200 GET http://10.180.1.21/compute/v2.1/servers/2cfdb95a-8c00-4528-a4bc-55f4ced67a89 0.076s
2024-10-10 11:56:01.313 62109 INFO tempest.lib.common.rest_client [req-9e7f1679-9c1c-42c2-9936-cbeb08729c20 req-9e7f1679-9c1c-42c2-9936-cbeb08729c20 ] Request (ServerActionsTestOtherA:setUpClass): 200 GET http://10.180.1.21/compute/v2.1/servers/1ac6419f-9a21-4927-9c6e-01ba2dcaf7a0 0.050s
2024-10-10 11:56:01.326 62115 INFO tempest.lib.common.rest_client [req-e8d016b6-9fce-4202-82ff-3571eb7d5d6c req-e8d016b6-9fce-4202-82ff-3571eb7d5d6c ] Request (ImagesOneServerNegativeTestJSON:setUpClass): 200 GET http://10.180.1.21/compute/v2.1/servers/f968f3df-c70b-466b-8aaa-879354f12d3b 0.053s
2024-10-10 11:56:01.386 62155 INFO tempest.lib.common.rest_client [req-6e5757bb-e55e-4750-9029-569ad12f03d8 req-6e5757bb-e55e-4750-9029-569ad12f03d8 ] Request (ServersAaction247Test:test_create_backup): 200 GET http://10.180.1.21/compute/v2.1/servers/81fd9ccc-a267-498d-93d4-8adf894ee8d8 0.054s
2024-10-10 11:56:01.390 62113 INFO tempest.lib.common.rest_client [req-39158935-ce3b-4f9a-be75-e610b9aac4e5 req-39158935-ce3b-4f9a-be75-e610b9aac4e5 ] Request (ServersTestMultiNic:test_verify_duplicate_network_nics): 200 GET http://10.180.1.21/compute/v2.1/servers/c6e77597-5a5d-4b86-8588-7056828025cf 0.048s
2024-10-10 11:56:01.428 62137 INFO tempest.lib.common.rest_client [req-6d328380-418b-441f-a5c2-e67dc41c10c3 req-6d328380-418b-441f-a5c2-e67dc41c10c3 ] Request (ServerMetadataTestJSON:setUpClass): 200 GET http://10.180.1.21/compute/v2.1/servers/10e3f3dd-165b-4049-8c1f-f561c91717c0 0.053s
2024-10-10 11:56:01.441 62105 INFO tempest.lib.common.rest_client [req-dd9b229b-1262-461b-a040-0b050b9e67dc req-dd9b229b-1262-461b-a040-0b050b9e67dc ] Request (ServerShowV247Test:test_update_rebuild_list_server): 200 GET http://10.180.1.21/compute/v2.1/servers/0dfabd80-a385-4124-af33-083559819d7a 0.047s
2024-10-10 11:56:01.470 62145 INFO tempest.lib.common.rest_client [req-1b7f78d9-b7ec-4012-ac98-9ded9e4afa5f req-1b7f78d9-b7ec-4012-ac98-9ded9e4afa5f ] Request (ServerPasswordTestJSON:setUpClass): 200 GET http://10.180.1.21/compute/v2.1/servers/6fc82922-9142-475b-99a6-bbc5ee43b30b 0.049s
2024-10-10 11:56:01.484 62107 INFO tempest.lib.common.rest_client [req-c04dac44-d57d-46f9-853b-55fac76e434c req-c04dac44-d57d-46f9-853b-55fac76e434c ] Request (ListServerFiltersTestJSON:setUpClass): 200 GET http://10.180.1.21/compute/v2.1/servers/cfb2f64b-7026-444d-8f86-500445343ac1 0.042s
2024-10-10 11:56:01.534 62125 INFO tempest.lib.common.rest_client [req-84a67d7f-8ec1-485c-9f68-9991b3d84c80 req-84a67d7f-8ec1-485c-9f68-9991b3d84c80 ] Request (ServersTestManualDisk:setUpClass): 200 GET http://10.180.1.21/compute/v2.1/servers/3765dd5b-2fd3-4acb-87b8-e5a7d8df4113 0.050s
2024-10-10 11:56:01.539 62119 INFO tempest.lib.common.rest_client [req-7c0f09dd-b69a-4b9e-a394-adbe7d91458f req-7c0f09dd-b69a-4b9e-a394-adbe7d91458f ] Request (DeleteServersAdminTestJSON:test_delete_server_while_in_error_state): 200 GET http://10.180.1.21/compute/v2.1/servers/31aa8536-1597-4b61-b069-80daf5306dd6 0.049s
2024-10-10 11:56:01.582 62153 INFO tempest.lib.common.rest_client [req-f3f216b2-0e12-404b-a64a-786d81b20d36 req-f3f216b2-0e12-404b-a64a-786d81b20d36 ] Request (MigrationsAdminTest:test_resize_server_revert_deleted_flavor): 200 GET http://10.180.1.21/compute/v2.1/servers/1f7b6f74-24c1-4db1-9f70-350f307a07b4 0.044s
2024-10-10 11:56:01.609 62149 INFO tempest.lib.common.rest_client [req-107c927d-59c5-44f5-8573-3a08779a14c0 req-107c927d-59c5-44f5-8573-3a08779a14c0 ] Request (ServersAdmin275Test:test_rebuild_update_server_275): 200 GET http://10.180.1.21/compute/v2.1/servers/7ef91986-fb46-478b-85a5-05d597790ad9 0.051s
2024-10-10 11:56:01.647 62097 INFO tempest.lib.common.rest_client [req-e8fd166b-f7cd-4aba-9451-f2e0a60ecb51 req-e8fd166b-f7cd-4aba-9451-f2e0a60ecb51 ] Request (TenantUsagesTestJSON:setUpClass): 200 GET http://10.180.1.21/compute/v2.1/servers/c1c15498-af88-4fcf-9a58-7060502bcaf2 0.043s
2024-10-10 11:56:01.685 62111 INFO tempest.lib.common.rest_client [req-3ef1e2e3-e0b4-4425-a428-7dbd9159a369 req-3ef1e2e3-e0b4-4425-a428-7dbd9159a369 ] Request (ServersWithSpecificFlavorTestJSON:test_verify_created_server_ephemeral_disk): 200 GET http://10.180.1.21/compute/v2.1/servers/72ed5e07-7e7f-4fe9-b8c8-9ad7055abf0a 0.046s
2024-10-10 11:56:01.744 62141 INFO tempest.lib.common.rest_client [req-25fb2cf9-c9c5-43fd-9fd9-6e671f7a2877 req-25fb2cf9-c9c5-43fd-9fd9-6e671f7a2877 ] Request (ServerShowV254Test:test_rebuild_server): 200 GET http://10.180.1.21/compute/v2.1/servers/23a0d825-3132-44d5-8b73-a06a0c0e7b1a 0.049s
2024-10-10 11:56:01.831 62103 INFO tempest.lib.common.rest_client [req-6fddefb9-c833-4325-9b53-af9353aaa0dc req-6fddefb9-c833-4325-9b53-af9353aaa0dc ] Request (ServerGroupTestJSON:test_create_server_with_scheduler_hint_group): 200 GET http://10.180.1.21/compute/v2.1/servers/cf94c3f2-a4db-479f-8251-f2e403697678 0.050s
2024-10-10 11:56:01.888 62093 INFO tempest.lib.common.rest_client [req-c2c60436-04e9-46bc-885e-3b63d297c695 req-c2c60436-04e9-46bc-885e-3b63d297c695 ] Request (VolumesAdminNegativeTest:test_update_attached_volume_with_nonexistent_volume_in_body): 200 GET http://10.180.1.21/compute/v2.1/servers/759d1958-0518-4654-8686-38be0920c29f 0.047s
2024-10-10 11:56:01.925 62131 INFO tempest.lib.common.rest_client [req-e339e688-c0cb-4f68-932c-044c253c66dc req-e339e688-c0cb-4f68-932c-044c253c66dc ] Request (ServersAdminNegativeTestJSON:setUpClass): 200 GET http://10.180.1.21/compute/v2.1/servers/ada4c1f9-ee1e-421b-9d97-fc3fddcf0ce0 0.049s
2024-10-10 11:56:01.954 62151 INFO tempest.lib.common.rest_client [req-36a3aeea-f866-4e88-b320-cc307ffb87c3 req-36a3aeea-f866-4e88-b320-cc307ffb87c3 ] Request (ServersV294TestFqdnHostnames:setUpClass): 200 GET http://10.180.1.21/compute/v2.1/servers/31239011-3cd9-4fea-a99d-26d09884497b 0.050s
2024-10-10 11:56:01.971 62130 INFO tempest.lib.common.rest_client [req-dfbd4b9f-1b04-4e72-a7f1-75b8e71be4fa req-dfbd4b9f-1b04-4e72-a7f1-75b8e71be4fa ] Request (ServersTestBootFromVolume:setUpClass): 200 GET http://10.180.1.21/volume/v3/volumes/1c404c68-77c8-47ea-857f-5a81d3a1115a 0.025s
2024-10-10 11:56:02.086 62139 INFO tempest.lib.common.rest_client [req-d8713f98-62cc-49b8-96b6-5f710203069f req-d8713f98-62cc-49b8-96b6-5f710203069f ] Request (FloatingIPsAssociationNegativeTestJSON:setUpClass): 200 GET http://10.180.1.21/compute/v2.1/servers/8ab18b24-91d4-4718-8f1a-d82f4226ba2a 0.059s
2024-10-10 11:56:02.156 62099 INFO tempest.lib.common.rest_client [req-725e20a4-21b3-40d9-a9cb-1c1111d1ec0a req-725e20a4-21b3-40d9-a9cb-1c1111d1ec0a ] Request (AttachInterfacesV270Test:test_create_get_list_interfaces): 200 GET http://10.180.1.21/compute/v2.1/servers/03ba4dad-5c58-4582-a36e-95de69b37474 0.060s
2024-10-10 11:56:02.184 62095 INFO tempest.lib.common.rest_client [req-f9d740f9-3126-4276-ae92-63b8923a6d90 req-f9d740f9-3126-4276-ae92-63b8923a6d90 ] Request (AttachInterfacesTestJSON:test_create_list_show_delete_interfaces_by_fixed_ip): 200 GET http://10.180.1.21/compute/v2.1/servers/1f70b6e1-b534-40a1-b262-e0a5ce3e425e 0.046s
2024-10-10 11:56:02.235 62127 INFO tempest.lib.common.rest_client [req-2dad1522-5a7e-48c4-a55a-9fd04919b8e3 req-2dad1522-5a7e-48c4-a55a-9fd04919b8e3 ] Request (ServerRescueNegativeTestJSON:setUpClass): 200 GET http://10.180.1.21/compute/v2.1/servers/74a2e109-244c-4349-a0b7-0db9e9d4868e 0.052s
2024-10-10 11:56:02.275 62101 INFO tempest.lib.common.rest_client [req-5439add6-dfce-45c3-84f7-65178b2f3fa3 req-5439add6-dfce-45c3-84f7-65178b2f3fa3 ] Request (ListImageFiltersTestJSON:setUpClass): 200 GET http://10.180.1.21/compute/v2.1/servers/8ac73bda-db02-4427-9730-003561d078ca 0.053s
2024-10-10 11:56:02.285 62143 INFO tempest.lib.common.rest_client [req-3d38b5f7-9048-4d5e-b45e-fc5fbe54d67c req-3d38b5f7-9048-4d5e-b45e-fc5fbe54d67c ] Request (ServersTestJSON:setUpClass): 200 GET http://10.180.1.21/compute/v2.1/servers/f2f968db-d4e2-451d-afe6-330196eba6c2 0.050s
