2024-10-10 11:54:39.182 62103 INFO tempest.lib.common.rest_client [req-5b830b04-9f02-409d-b413-4be27cfb2485 req-5b830b04-9f02-409d-b413-4be27cfb2485 ] Request (ServerGroupTestJSON:test_create_delete_multiple_server_groups_with_same_name_policy): 204 DELETE http://10.180.1.21/compute/v2.1/os-server-groups/f9ab51ba-efd2-46ed-aa91-b9fdba5a629b 2.475s
2024-10-10 11:54:39.201 62143 INFO tempest.lib.common.rest_client [req-787c71e9-5fb4-49a5-b7cf-61ef0d593142 req-787c71e9-5fb4-49a5-b7cf-61ef0d593142 ] Request (HypervisorAdminTestJSON:tearDownClass): 204 DELETE http://10.180.1.21/identity/v3/projects/528d77de100246799a467f2aff32e500 0.382s
2024-10-10 11:54:39.249 62095 INFO tempest.lib.common.rest_client [req-790dcad1-d6cd-43a5-aff6-a69df425f87e req-790dcad1-d6cd-43a5-aff6-a69df425f87e ] Request (ServerDiagnosticsNegativeTest:setUpClass): 200 GET http://10.180.1.21/identity/v3/roles 0.358s
2024-10-10 11:54:39.253 62153 INFO tempest.lib.common.rest_client [req-9153d874-90db-4a68-bcb1-c4cdf3674f6b req-9153d874-90db-4a68-bcb1-c4cdf3674f6b ] Request (MigrationsAdminTest:test_list_migrations_in_flavor_resize_situation): 200 GET http://10.180.1.21/compute/v2.1/servers/052ff2f0-770a-4511-ae0c-e351ad987904 2.382s
2024-10-10 11:54:39.278 62111 INFO tempest.lib.common.rest_client [req-6ba43526-efcf-4bfa-b102-290bf8a1d6f7 req-6ba43526-efcf-4bfa-b102-290bf8a1d6f7 ] Request (AggregatesAdminNegativeTestJSON:_run_cleanups): 200 DELETE http://10.180.1.21/compute/v2.1/os-aggregates/1 2.197s
2024-10-10 11:54:39.290 62107 INFO tempest.lib.common.rest_client [req-caf9da5b-6c26-4dbf-b636-f33a33026d0f req-caf9da5b-6c26-4dbf-b636-f33a33026d0f ] Request (SecurityGroupRulesNegativeTestJSON:test_create_security_group_rule_with_invalid_port_range): 400 POST http://10.180.1.21/compute/v2.1/os-security-group-rules 2.266s
2024-10-10 11:54:39.331 62123 INFO tempest.lib.common.rest_client [req-18c2124a-a7e3-4a74-a65a-9cd990f11d6f req-18c2124a-a7e3-4a74-a65a-9cd990f11d6f ] Request (HypervisorAdminNegativeUnderV252Test:tearDownClass): 204 DELETE http://10.180.1.21/identity/v3/users/882784a0583d412792f5a316d3814905 0.393s
2024-10-10 11:54:39.331 62123 INFO tempest.lib.common.dynamic_creds [-] Deleting project and security group for project: 9836cb724b0349cfaf561eb649dba405
2024-10-10 11:54:39.369 62099 INFO tempest.lib.common.rest_client [req-c201b8b5-f1a8-4d5f-acfa-acfd536dde48 req-c201b8b5-f1a8-4d5f-acfa-acfd536dde48 ] Request (QuotasAdminTestV236:tearDownClass): 204 DELETE http://10.180.1.21/identity/v3/projects/59f9e95246f2471587d688ef6eaa699e 0.308s
2024-10-10 11:54:39.372 62117 INFO tempest.lib.common.rest_client [req-11e652c1-2c92-4290-a57f-c5d39d35f602 req-11e652c1-2c92-4290-a57f-c5d39d35f602 ] Request (SecurityGroupsTestJSON:test_list_security_groups_by_server): 200 GET http://10.180.1.21/compute/v2.1/servers/4c02ebbd-345f-4253-bc28-f90c731c78aa 2.099s
2024-10-10 11:54:39.374 62135 INFO tempest.lib.common.rest_client [req-46d97ad1-41bc-4cac-82fe-6b35b7d29472 req-46d97ad1-41bc-4cac-82fe-6b35b7d29472 ] Request (ImagesNegativeTestJSON:setUpClass): 200 PUT http://10.180.1.21:9696/networking/v2.0/routers/c3d276ad-efad-4e26-917d-ddb01de5829b/add_router_interface 2.093s
2024-10-10 11:54:39.374 62135 INFO tempest.lib.common.dynamic_creds [-] Created isolated network resources for: credentials: Credentials: {'domain_id': 'default', 'domain_name': 'Default', 'username': 'tempest-ImagesNegativeTestJSON-595136820-project-member', 'project_domain_id': 'default', 'project_domain_name': 'Default', 'project_id': '0de0c72b7669432b8e65d80c81749a7a', 'project_name': 'tempest-ImagesNegativeTestJSON-595136820', 'tenant_id': '0de0c72b7669432b8e65d80c81749a7a', 'tenant_name': 'tempest-ImagesNegativeTestJSON-595136820', 'user_domain_id': 'default', 'user_domain_name': 'Default', 'user_id': '230eea5c8e4a45a7b3bc1c19fc816251', 'system': None}, Network: {'id': 'd632cf36-2b34-4f41-a6c4-871e2943a78f', 'name': 'tempest-ImagesNegativeTestJSON-974263525-network', 'tenant_id': '0de0c72b7669432b8e65d80c81749a7a', 'admin_state_up': True, 'mtu': 8950, 'status': 'ACTIVE', 'subnets': [], 'shared': False, 'project_id': '0de0c72b7669432b8e65d80c81749a7a', 'port_security_enabled': True, 'router:external': False, 'provider:network_type': 'vlan', 'provider:physical_network': 'default', 'provider:segmentation_id': 374, 'is_default': False, 'availability_zone_hints': [], 'availability_zones': [], 'ipv4_address_scope': None, 'ipv6_address_scope': None, 'description': '', 'tags': [], 'created_at': '2024-10-10T11:54:36Z', 'updated_at': '2024-10-10T11:54:36Z', 'revision_number': 1}, Subnet: {'id': 'fcfed3f5-4022-4ba4-9b84-db421fd137b9', 'name': 'tempest-ImagesNegativeTestJSON-974263525-subnet', 'tenant_id': '0de0c72b7669432b8e65d80c81749a7a', 'network_id': 'd632cf36-2b34-4f41-a6c4-871e2943a78f', 'ip_version': 4, 'subnetpool_id': None, 'enable_dhcp': True, 'ipv6_ra_mode': None, 'ipv6_address_mode': None, 'gateway_ip': '192.168.128.1', 'cidr': '192.168.128.0/28', 'allocation_pools': [{'start': '192.168.128.2', 'end': '192.168.128.14'}], 'host_routes': [], 'dns_nameservers': [], 'description': '', 'router:external': False, 'service_types': [], 'tags': [], 'created_at': '2024-10-10T11:54:36Z', 'updated_at': '2024-10-10T11:54:36Z', 'revision_number': 0, 'project_id': '0de0c72b7669432b8e65d80c81749a7a'}, Router: {'id': 'c3d276ad-efad-4e26-917d-ddb01de5829b', 'name': 'tempest-ImagesNegativeTestJSON-974263525-router', 'tenant_id': '0de0c72b7669432b8e65d80c81749a7a', 'admin_state_up': True, 'status': 'ACTIVE', 'external_gateway_info': {'network_id': 'a1a89427-595d-4752-a78d-d0c19e241db3', 'external_fixed_ips': [{'subnet_id': 'cd17675e-5045-4aa0-842c-512785ded94a', 'ip_address': '10.180.180.180'}], 'enable_snat': True}, 'description': '', 'availability_zones': [], 'distributed': False, 'ha': False, 'availability_zone_hints': [], 'routes': [], 'flavor_id': None, 'tags': [], 'created_at': '2024-10-10T11:54:36Z', 'updated_at': '2024-10-10T11:54:37Z', 'revision_number': 2, 'project_id': '0de0c72b7669432b8e65d80c81749a7a'}
2024-10-10 11:54:39.396 62101 INFO tempest.lib.common.rest_client [req-9ec84ff1-d24f-4717-8467-dd74c3959335 req-9ec84ff1-d24f-4717-8467-dd74c3959335 ] Request (ServerExternalEventsTest:setUpClass): 201 POST http://10.180.1.21/identity/v3/auth/tokens 0.323s
2024-10-10 11:54:39.403 62139 INFO tempest.lib.common.rest_client [req-708ead50-7d12-4a56-8878-618705dbeb3f req-708ead50-7d12-4a56-8878-618705dbeb3f ] Request (ServerDiagnosticsV248Test:test_get_server_diagnostics): 200 GET http://10.180.1.21/compute/v2.1/servers/8a5c9847-fc0d-41f7-87b8-d7ff44073ea9 2.066s
2024-10-10 11:54:39.437 62130 INFO tempest.lib.common.rest_client [req-16e321fd-c409-460e-affe-4b843ccc5921 req-16e321fd-c409-460e-affe-4b843ccc5921 ] Request (VolumesAssistedSnapshotsTest:test_volume_assisted_snapshot_create_delete): 201 POST http://10.180.1.21:9696/networking/v2.0/security-groups 0.274s
2024-10-10 11:54:39.454 62125 INFO tempest.lib.common.rest_client [req-d6817105-fad3-4e53-8dc6-d3f9f153baa8 req-d6817105-fad3-4e53-8dc6-d3f9f153baa8 ] Request (AZAdminNegativeTestJSON:tearDownClass): 204 DELETE http://10.180.1.21/identity/v3/projects/e45a54025a104c688da0786c8d26b2cc 0.338s
2024-10-10 11:54:39.512 62143 INFO tempest.lib.common.rest_client [req-b881d2f8-6223-422b-997f-4d17cdfc805f req-b881d2f8-6223-422b-997f-4d17cdfc805f ] Request (ServicesAdminNegativeTestJSON:setUpClass): 201 POST http://10.180.1.21/identity/v3/auth/tokens 0.308s
2024-10-10 11:54:39.533 62095 INFO tempest.lib.common.rest_client [req-4c9617ac-b491-4704-9521-fb4b1e708429 req-4c9617ac-b491-4704-9521-fb4b1e708429 ] Request (ServerDiagnosticsNegativeTest:setUpClass): 204 PUT http://10.180.1.21/identity/v3/projects/5858f64dbbd64ff3914c3bd8ba2c0491/users/36b2a08327d445259e17c2bab9084aae/roles/e146fb220227490e91fd24a7dae5a083 0.284s
2024-10-10 11:54:39.559 62119 INFO tempest.lib.common.rest_client [req-d71ed982-add1-4896-80b5-a6822d089187 req-d71ed982-add1-4896-80b5-a6822d089187 ] Request (DeleteServersAdminTestJSON:test_admin_delete_servers_of_others): 200 GET http://10.180.1.21/compute/v2.1/servers/40fd8af8-586c-4292-9acf-fe211337b69a 1.702s
2024-10-10 11:54:39.568 62119 INFO tempest.common.waiters [-] State transition "BUILD/block_device_mapping" ==> "BUILD/spawning" after 8 second wait
2024-10-10 11:54:39.573 62123 INFO tempest.lib.common.rest_client [req-9cc187d4-a5ac-4515-9633-ae239933c8b2 req-9cc187d4-a5ac-4515-9633-ae239933c8b2 ] Request (HypervisorAdminNegativeUnderV252Test:tearDownClass): 201 POST http://10.180.1.21/identity/v3/auth/tokens 0.242s
2024-10-10 11:54:39.587 62099 INFO tempest.lib.common.rest_client [req-1b85e390-fd33-4212-9308-02a33e5fa7cd req-1b85e390-fd33-4212-9308-02a33e5fa7cd ] Request (ImagesOneServerTestJSON:setUpClass): 201 POST http://10.180.1.21/identity/v3/auth/tokens 0.216s
2024-10-10 11:54:39.611 62130 INFO tempest.lib.common.rest_client [req-db2d1d20-025f-45fd-8d8b-0eb43fd8c564 req-db2d1d20-025f-45fd-8d8b-0eb43fd8c564 ] Request (VolumesAssistedSnapshotsTest:test_volume_assisted_snapshot_create_delete): 201 POST http://10.180.1.21:9696/networking/v2.0/security-group-rules 0.174s
2024-10-10 11:54:39.643 62135 INFO tempest.lib.common.rest_client [req-43cacae3-9a9b-48b7-a3e1-552bd2d99bc8 req-43cacae3-9a9b-48b7-a3e1-552bd2d99bc8 ] Request (ImagesNegativeTestJSON:setUpClass): 201 POST http://10.180.1.21/identity/v3/auth/tokens 0.265s
2024-10-10 11:54:39.664 62101 INFO tempest.lib.common.rest_client [req-bca6c783-38cb-4d45-8297-380691492d35 req-bca6c783-38cb-4d45-8297-380691492d35 ] Request (ServerExternalEventsTest:setUpClass): 201 POST http://10.180.1.21/identity/v3/auth/tokens 0.266s
2024-10-10 11:54:39.681 62125 INFO tempest.lib.common.rest_client [req-afa10a24-95f0-437b-90c7-3f84d831368e req-afa10a24-95f0-437b-90c7-3f84d831368e ] Request (ServersTestManualDisk:setUpClass): 201 POST http://10.180.1.21/identity/v3/auth/tokens 0.225s
2024-10-10 11:54:39.690 62143 INFO tempest.lib.common.rest_client [req-5c9949a5-16a2-44bc-b731-21a8247c8ce8 req-5c9949a5-16a2-44bc-b731-21a8247c8ce8 ] Request (ServicesAdminNegativeTestJSON:setUpClass): 201 POST http://10.180.1.21/identity/v3/auth/tokens 0.176s
2024-10-10 11:54:39.691 62095 INFO tempest.lib.common.rest_client [req-ae126220-b427-4076-8d57-a1a587c349a4 req-ae126220-b427-4076-8d57-a1a587c349a4 ] Request (ServerDiagnosticsNegativeTest:setUpClass): 200 GET http://10.180.1.21/identity/v3/roles 0.157s
2024-10-10 11:54:39.717 62099 INFO tempest.lib.common.rest_client [req-f58d51a9-e650-49a2-a851-af090d744575 req-f58d51a9-e650-49a2-a851-af090d744575 ] Request (ImagesOneServerTestJSON:setUpClass): 201 POST http://10.180.1.21/identity/v3/auth/tokens 0.128s
2024-10-10 11:54:39.745 62135 INFO tempest.lib.common.rest_client [req-cb5ef454-0ce6-4cea-a9ca-0be601e1951a req-cb5ef454-0ce6-4cea-a9ca-0be601e1951a ] Request (ImagesNegativeTestJSON:test_create_image_from_deleted_server): 201 POST http://10.180.1.21/identity/v3/auth/tokens 0.096s
2024-10-10 11:54:39.745 62135 INFO tempest.lib.common.fixed_network [-] (ImagesNegativeTestJSON:test_create_image_from_deleted_server) Found network {'id': 'd632cf36-2b34-4f41-a6c4-871e2943a78f', 'name': 'tempest-ImagesNegativeTestJSON-974263525-network', 'tenant_id': '0de0c72b7669432b8e65d80c81749a7a', 'admin_state_up': True, 'mtu': 8950, 'status': 'ACTIVE', 'subnets': [], 'shared': False, 'project_id': '0de0c72b7669432b8e65d80c81749a7a', 'port_security_enabled': True, 'router:external': False, 'provider:network_type': 'vlan', 'provider:physical_network': 'default', 'provider:segmentation_id': 374, 'is_default': False, 'availability_zone_hints': [], 'availability_zones': [], 'ipv4_address_scope': None, 'ipv6_address_scope': None, 'description': '', 'tags': [], 'created_at': '2024-10-10T11:54:36Z', 'updated_at': '2024-10-10T11:54:36Z', 'revision_number': 1} available for tenant
2024-10-10 11:54:39.752 62101 INFO tempest.lib.common.rest_client [req-535fc265-7d88-4dfb-b5de-e653250f29a4 req-535fc265-7d88-4dfb-b5de-e653250f29a4 ] Request (ServerExternalEventsTest:setUpClass): 200 GET http://10.180.1.21/identity/v3/domains?name=Default 0.088s
2024-10-10 11:54:39.768 62095 INFO tempest.lib.common.rest_client [req-175f7c82-19b5-4745-bc61-73ea2b2a253e req-175f7c82-19b5-4745-bc61-73ea2b2a253e ] Request (ServerDiagnosticsNegativeTest:setUpClass): 204 PUT http://10.180.1.21/identity/v3/projects/5858f64dbbd64ff3914c3bd8ba2c0491/users/36b2a08327d445259e17c2bab9084aae/roles/e146fb220227490e91fd24a7dae5a083 0.077s
2024-10-10 11:54:39.768 62095 INFO tempest.lib.common.dynamic_creds [-] Dynamic test user 36b2a08327d445259e17c2bab9084aae is created with scope project and roles: ['admin']
2024-10-10 11:54:39.769 62095 INFO tempest.lib.common.dynamic_creds [-] Acquired dynamic creds: credentials: Credentials: {'domain_id': 'default', 'domain_name': 'Default', 'username': 'tempest-ServerDiagnosticsNegativeTest-833025736-project-admin', 'project_domain_id': 'default', 'project_domain_name': 'Default', 'project_id': '5858f64dbbd64ff3914c3bd8ba2c0491', 'project_name': 'tempest-ServerDiagnosticsNegativeTest-833025736', 'tenant_id': '5858f64dbbd64ff3914c3bd8ba2c0491', 'tenant_name': 'tempest-ServerDiagnosticsNegativeTest-833025736', 'user_domain_id': 'default', 'user_domain_name': 'Default', 'user_id': '36b2a08327d445259e17c2bab9084aae', 'system': None}, Network: None, Subnet: None, Router: None
2024-10-10 11:54:39.769 62095 INFO tempest.lib.common.dynamic_creds [-] Created isolated network resources for: credentials: Credentials: {'domain_id': 'default', 'domain_name': 'Default', 'username': 'tempest-ServerDiagnosticsNegativeTest-833025736-project-admin', 'project_domain_id': 'default', 'project_domain_name': 'Default', 'project_id': '5858f64dbbd64ff3914c3bd8ba2c0491', 'project_name': 'tempest-ServerDiagnosticsNegativeTest-833025736', 'tenant_id': '5858f64dbbd64ff3914c3bd8ba2c0491', 'tenant_name': 'tempest-ServerDiagnosticsNegativeTest-833025736', 'user_domain_id': 'default', 'user_domain_name': 'Default', 'user_id': '36b2a08327d445259e17c2bab9084aae', 'system': None}, Network: None, Subnet: None, Router: None
2024-10-10 11:54:39.789 62130 INFO tempest.lib.common.rest_client [req-b038a4e2-d4cc-4fe6-81d5-9839c6cd8274 req-b038a4e2-d4cc-4fe6-81d5-9839c6cd8274 ] Request (VolumesAssistedSnapshotsTest:test_volume_assisted_snapshot_create_delete): 201 POST http://10.180.1.21:9696/networking/v2.0/security-group-rules 0.177s
2024-10-10 11:54:39.805 62125 INFO tempest.lib.common.rest_client [req-87f8fa8c-3b30-4e37-8e1a-c607e6e2809a req-87f8fa8c-3b30-4e37-8e1a-c607e6e2809a ] Request (ServersTestManualDisk:setUpClass): 201 POST http://10.180.1.21/identity/v3/auth/tokens 0.121s
2024-10-10 11:54:39.817 62143 INFO tempest.lib.common.rest_client [req-96ed179c-aa5c-49b4-899d-47180e749623 req-96ed179c-aa5c-49b4-899d-47180e749623 ] Request (ServicesAdminNegativeTestJSON:setUpClass): 200 GET http://10.180.1.21/identity/v3/domains?name=Default 0.126s
2024-10-10 11:54:39.824 62099 INFO tempest.lib.common.rest_client [req-3233b348-7fe2-4c7c-a328-0e75c88ef646 req-3233b348-7fe2-4c7c-a328-0e75c88ef646 ] Request (ImagesOneServerTestJSON:setUpClass): 200 GET http://10.180.1.21/identity/v3/domains?name=Default 0.106s
2024-10-10 11:54:39.850 62101 INFO tempest.lib.common.rest_client [req-697d12f3-4564-45f8-aee8-2cfadcf4a947 req-697d12f3-4564-45f8-aee8-2cfadcf4a947 ] Request (ServerExternalEventsTest:setUpClass): 201 POST http://10.180.1.21/identity/v3/projects 0.097s
2024-10-10 11:54:39.923 62095 INFO tempest.lib.common.rest_client [req-91d2bff3-8f46-46fb-9ea4-d79136a6ce39 req-91d2bff3-8f46-46fb-9ea4-d79136a6ce39 ] Request (ServerDiagnosticsNegativeTest:setUpClass): 201 POST http://10.180.1.21/identity/v3/auth/tokens 0.149s
2024-10-10 11:54:39.930 62109 INFO tempest.lib.common.rest_client [req-e7194ff1-3a2f-44d5-bd74-bb3478593530 req-e7194ff1-3a2f-44d5-bd74-bb3478593530 ] Request (QuotasAdminTestJSON:test_delete_quota): 200 GET http://10.180.1.21/compute/v2.1/os-quota-sets/c707c26bd25444c3b4cba2bfd50e43d7 2.497s
2024-10-10 11:54:39.932 62147 INFO tempest.lib.common.rest_client [req-e855abb2-6ad6-400a-80b4-07f06d6fe0df req-e855abb2-6ad6-400a-80b4-07f06d6fe0df ] Request (ListImagesTestJSON:tearDownClass): 200 GET http://10.180.1.21:9696/networking/v2.0/security-groups?tenant_id=8eda1b366b674cf590a78b1938062722&name=default 0.786s
2024-10-10 11:54:39.947 62115 INFO tempest.lib.common.rest_client [req-48cea921-396a-4525-9b7e-02032eb99906 req-48cea921-396a-4525-9b7e-02032eb99906 ] Request (KeyPairsV210TestJSON:_run_cleanups): 204 DELETE http://10.180.1.21/compute/v2.1/os-keypairs/tempest-keypair-927375011?user_id=208996bab9dd4a4d9d8c7e33ec3f5597 1.981s
2024-10-10 11:54:39.975 62123 INFO tempest.lib.common.rest_client [req-4ba6027b-85b4-4c11-aceb-753b9ab05dc4 req-4ba6027b-85b4-4c11-aceb-753b9ab05dc4 ] Request (HypervisorAdminNegativeUnderV252Test:tearDownClass): 200 GET http://10.180.1.21:9696/networking/v2.0/security-groups?tenant_id=9836cb724b0349cfaf561eb649dba405&name=default 0.401s
2024-10-10 11:54:39.991 62125 INFO tempest.lib.common.rest_client [req-e4cf3dfb-fb13-4bb2-9c43-70f63fab4d2e req-e4cf3dfb-fb13-4bb2-9c43-70f63fab4d2e ] Request (ServersTestManualDisk:setUpClass): 200 GET http://10.180.1.21/identity/v3/domains?name=Default 0.185s
2024-10-10 11:54:40.002 62131 INFO tempest.lib.common.rest_client [req-cd049501-bb36-4d65-a2d0-9e59ad6c1362 req-cd049501-bb36-4d65-a2d0-9e59ad6c1362 ] Request (SecurityGroupsTestAdminJSON:test_list_security_groups_list_all_tenants_filter): 200 POST http://10.180.1.21/compute/v2.1/os-security-groups 2.061s
2024-10-10 11:54:40.022 62099 INFO tempest.lib.common.rest_client [req-a481ffb3-6912-4e92-b189-758958e29fdb req-a481ffb3-6912-4e92-b189-758958e29fdb ] Request (ImagesOneServerTestJSON:setUpClass): 201 POST http://10.180.1.21/identity/v3/projects 0.198s
2024-10-10 11:54:40.026 62143 INFO tempest.lib.common.rest_client [req-8a8becf3-a7e4-4e45-acfe-4566e0284f34 req-8a8becf3-a7e4-4e45-acfe-4566e0284f34 ] Request (ServicesAdminNegativeTestJSON:setUpClass): 201 POST http://10.180.1.21/identity/v3/projects 0.208s
2024-10-10 11:54:40.084 62095 INFO tempest.lib.common.rest_client [req-3d69c1c9-d92e-4e30-ae5a-ba8a31419ac3 req-3d69c1c9-d92e-4e30-ae5a-ba8a31419ac3 ] Request (ServerDiagnosticsNegativeTest:test_get_server_diagnostics_by_non_admin): 201 POST http://10.180.1.21/identity/v3/auth/tokens 0.156s
2024-10-10 11:54:40.085 62095 INFO tempest.lib.common.fixed_network [-] (ServerDiagnosticsNegativeTest:test_get_server_diagnostics_by_non_admin) Found network None available for tenant
2024-10-10 11:54:40.108 62101 INFO tempest.lib.common.rest_client [req-4b170d29-bb14-4f29-846d-995865c7e4e7 req-4b170d29-bb14-4f29-846d-995865c7e4e7 ] Request (ServerExternalEventsTest:setUpClass): 201 POST http://10.180.1.21/identity/v3/users 0.257s
2024-10-10 11:54:40.131 62125 INFO tempest.lib.common.rest_client [req-bcfadd05-aeb3-4f21-b4d9-9b4077697a55 req-bcfadd05-aeb3-4f21-b4d9-9b4077697a55 ] Request (ServersTestManualDisk:setUpClass): 201 POST http://10.180.1.21/identity/v3/projects 0.139s
2024-10-10 11:54:40.170 62122 INFO tempest.lib.common.rest_client [req-38325d1a-be37-4357-a555-3f3c43cae5c5 req-38325d1a-be37-4357-a555-3f3c43cae5c5 ] Request (FlavorsV261TestJSON:test_crud_flavor): 200 GET http://10.180.1.21/compute/v2.1/flavors/1107882760 1.903s
2024-10-10 11:54:40.207 62099 INFO tempest.lib.common.rest_client [req-54a867c0-c98e-402d-b3af-d495c2e5ddda req-54a867c0-c98e-402d-b3af-d495c2e5ddda ] Request (ImagesOneServerTestJSON:setUpClass): 201 POST http://10.180.1.21/identity/v3/users 0.184s
2024-10-10 11:54:40.230 62143 INFO tempest.lib.common.rest_client [req-e98375ae-636b-47de-9537-f5673294ea1d req-e98375ae-636b-47de-9537-f5673294ea1d ] Request (ServicesAdminNegativeTestJSON:setUpClass): 201 POST http://10.180.1.21/identity/v3/users 0.203s
2024-10-10 11:54:40.231 62101 INFO tempest.lib.common.rest_client [req-d4aa37e1-067f-4b19-a37d-1169c80a09af req-d4aa37e1-067f-4b19-a37d-1169c80a09af ] Request (ServerExternalEventsTest:setUpClass): 200 GET http://10.180.1.21/identity/v3/roles 0.123s
2024-10-10 11:54:40.244 62099 INFO tempest.lib.common.rest_client [req-5c49dca1-b136-44fa-a67c-45c3bff360f1 req-5c49dca1-b136-44fa-a67c-45c3bff360f1 ] Request (ImagesOneServerTestJSON:setUpClass): 200 GET http://10.180.1.21/identity/v3/roles 0.036s
2024-10-10 11:54:40.250 62125 INFO tempest.lib.common.rest_client [req-d95afadc-d57f-4e91-b1bd-dbcc1618b087 req-d95afadc-d57f-4e91-b1bd-dbcc1618b087 ] Request (ServersTestManualDisk:setUpClass): 201 POST http://10.180.1.21/identity/v3/users 0.118s
2024-10-10 11:54:40.258 62147 INFO tempest.lib.common.rest_client [req-ce26bd16-ecad-42e6-8c2b-374e0ca45db3 req-ce26bd16-ecad-42e6-8c2b-374e0ca45db3 ] Request (ListImagesTestJSON:tearDownClass): 204 DELETE http://10.180.1.21:9696/networking/v2.0/security-groups/cdc635c5-e991-4780-bdb3-ce947fb6a006 0.326s
2024-10-10 11:54:40.260 62143 INFO tempest.lib.common.rest_client [req-b0a447f8-0be3-446b-a629-1be9bd7dbd40 req-b0a447f8-0be3-446b-a629-1be9bd7dbd40 ] Request (ServicesAdminNegativeTestJSON:setUpClass): 200 GET http://10.180.1.21/identity/v3/roles 0.030s
2024-10-10 11:54:40.270 62105 INFO tempest.lib.common.rest_client [req-2c017817-025f-49cb-a4fc-a059935c330b req-2c017817-025f-49cb-a4fc-a059935c330b ] Request (HypervisorAdminV253TestBase:test_list_show_detail_hypervisors): 200 GET http://10.180.1.21/compute/v2.1/os-hypervisors/detail?with_servers=True 1.938s
2024-10-10 11:54:40.281 62101 INFO tempest.lib.common.rest_client [req-dade9dbe-76f9-4d3f-96a5-7b3fd04e5fd8 req-dade9dbe-76f9-4d3f-96a5-7b3fd04e5fd8 ] Request (ServerExternalEventsTest:setUpClass): 204 PUT http://10.180.1.21/identity/v3/projects/b082832d275e4db183f3a7547f5a4ef1/users/1287bfdb68d540cd92544f1d1735a0ce/roles/8e34242d946b4a7dab451357611c00ec 0.048s
2024-10-10 11:54:40.281 62101 INFO tempest.lib.common.dynamic_creds [-] Dynamic test user 1287bfdb68d540cd92544f1d1735a0ce is created with scope project and roles: ['member']
2024-10-10 11:54:40.281 62145 INFO tempest.lib.common.rest_client [req-8b90608c-160a-46ba-8b7d-5c490b19adc7 req-8b90608c-160a-46ba-8b7d-5c490b19adc7 ] Request (FloatingIPDetailsTestJSON:test_get_floating_ip_details): 200 GET http://10.180.1.21/compute/v2.1/os-floating-ips/7349f9e8-8d7a-4dc3-913a-f3a92756f01a 1.821s
2024-10-10 11:54:40.284 62123 INFO tempest.lib.common.rest_client [req-22d49ad3-e2fe-4cda-842e-03e7b5e823fe req-22d49ad3-e2fe-4cda-842e-03e7b5e823fe ] Request (HypervisorAdminNegativeUnderV252Test:tearDownClass): 204 DELETE http://10.180.1.21:9696/networking/v2.0/security-groups/7b5a81bd-f3f3-4dcf-9d72-f60412e4e56a 0.309s
2024-10-10 11:54:40.284 62101 INFO tempest.lib.common.dynamic_creds [-] Acquired dynamic creds: credentials: Credentials: {'domain_id': 'default', 'domain_name': 'Default', 'username': 'tempest-ServerExternalEventsTest-1814976015-project-member', 'project_domain_id': 'default', 'project_domain_name': 'Default', 'project_id': 'b082832d275e4db183f3a7547f5a4ef1', 'project_name': 'tempest-ServerExternalEventsTest-1814976015', 'tenant_id': 'b082832d275e4db183f3a7547f5a4ef1', 'tenant_name': 'tempest-ServerExternalEventsTest-1814976015', 'user_domain_id': 'default', 'user_domain_name': 'Default', 'user_id': '1287bfdb68d540cd92544f1d1735a0ce', 'system': None}, Network: None, Subnet: None, Router: None
2024-10-10 11:54:40.285 62101 INFO tempest.lib.common.dynamic_creds [-] Created isolated network resources for: credentials: Credentials: {'domain_id': 'default', 'domain_name': 'Default', 'username': 'tempest-ServerExternalEventsTest-1814976015-project-member', 'project_domain_id': 'default', 'project_domain_name': 'Default', 'project_id': 'b082832d275e4db183f3a7547f5a4ef1', 'project_name': 'tempest-ServerExternalEventsTest-1814976015', 'tenant_id': 'b082832d275e4db183f3a7547f5a4ef1', 'tenant_name': 'tempest-ServerExternalEventsTest-1814976015', 'user_domain_id': 'default', 'user_domain_name': 'Default', 'user_id': '1287bfdb68d540cd92544f1d1735a0ce', 'system': None}, Network: None, Subnet: None, Router: None
2024-10-10 11:54:40.291 62093 INFO tempest.lib.common.rest_client [req-397a8099-46a9-41e5-abf5-08494378499e req-397a8099-46a9-41e5-abf5-08494378499e ] Request (FlavorsExtraSpecsNegativeTestJSON:test_flavor_non_admin_update_specific_key): 403 PUT http://10.180.1.21/compute/v2.1/flavors/577142101/os-extra_specs/hw:numa_nodes 1.657s
2024-10-10 11:54:40.295 62099 INFO tempest.lib.common.rest_client [req-7d186790-7223-407f-bc0d-f65b63a3b5a5 req-7d186790-7223-407f-bc0d-f65b63a3b5a5 ] Request (ImagesOneServerTestJSON:setUpClass): 204 PUT http://10.180.1.21/identity/v3/projects/4d6d05e9212f4413af795c1b8b809427/users/75b3ee14d6d14861ae7eb78edf76e98f/roles/8e34242d946b4a7dab451357611c00ec 0.050s
2024-10-10 11:54:40.295 62099 INFO tempest.lib.common.dynamic_creds [-] Dynamic test user 75b3ee14d6d14861ae7eb78edf76e98f is created with scope project and roles: ['member']
2024-10-10 11:54:40.295 62099 INFO tempest.lib.common.dynamic_creds [-] Acquired dynamic creds: credentials: Credentials: {'domain_id': 'default', 'domain_name': 'Default', 'username': 'tempest-ImagesOneServerTestJSON-2088851947-project-member', 'project_domain_id': 'default', 'project_domain_name': 'Default', 'project_id': '4d6d05e9212f4413af795c1b8b809427', 'project_name': 'tempest-ImagesOneServerTestJSON-2088851947', 'tenant_id': '4d6d05e9212f4413af795c1b8b809427', 'tenant_name': 'tempest-ImagesOneServerTestJSON-2088851947', 'user_domain_id': 'default', 'user_domain_name': 'Default', 'user_id': '75b3ee14d6d14861ae7eb78edf76e98f', 'system': None}, Network: None, Subnet: None, Router: None
2024-10-10 11:54:40.307 62137 INFO tempest.lib.common.rest_client [req-4655a8bb-4197-4b3f-9a8d-7fcd9a508dbb req-4655a8bb-4197-4b3f-9a8d-7fcd9a508dbb ] Request (FlavorsAdminTestJSON:_run_cleanups): 202 DELETE http://10.180.1.21/compute/v2.1/flavors/1843978092 1.659s
2024-10-10 11:54:40.326 62113 INFO tempest.lib.common.rest_client [req-fd3e85d0-7827-43da-9ba3-66cccd887f0d req-fd3e85d0-7827-43da-9ba3-66cccd887f0d ] Request (HypervisorAdminNegativeTestJSON:test_show_hypervisor_with_non_admin_user): 200 GET http://10.180.1.21/compute/v2.1/os-hypervisors 1.672s
2024-10-10 11:54:40.334 62125 INFO tempest.lib.common.rest_client [req-7cf30530-dd01-4f3a-b8b7-3b023beca57b req-7cf30530-dd01-4f3a-b8b7-3b023beca57b ] Request (ServersTestManualDisk:setUpClass): 200 GET http://10.180.1.21/identity/v3/roles 0.083s
2024-10-10 11:54:40.339 62155 INFO tempest.lib.common.rest_client [req-1bbcadb7-513a-4d42-adf0-13e9732f78dc req-1bbcadb7-513a-4d42-adf0-13e9732f78dc ] Request (FlavorsAccessNegativeTestJSON:_run_cleanups): 200 GET http://10.180.1.21/compute/v2.1/flavors/detail 1.618s
2024-10-10 11:54:40.348 62151 INFO tempest.lib.common.rest_client [req-e36a7a4c-a653-4843-90c2-f0e559b5caa5 req-e36a7a4c-a653-4843-90c2-f0e559b5caa5 ] Request (HostsAdminNegativeTestJSON:test_shutdown_host_with_non_admin_user): 403 GET http://10.180.1.21/compute/v2.1/os-hosts/devstack/shutdown 1.614s
2024-10-10 11:54:40.359 62127 INFO tempest.lib.common.rest_client [req-cbfe9d8f-68ad-4526-8399-e9d44d40d1a2 req-cbfe9d8f-68ad-4526-8399-e9d44d40d1a2 ] Request (FlavorsExtraSpecsTestJSON:test_flavor_set_get_update_show_unset_keys): 200 GET http://10.180.1.21/compute/v2.1/flavors/575041524/os-extra_specs 1.608s
2024-10-10 11:54:40.362 62143 INFO tempest.lib.common.rest_client [req-96f4fdb2-407a-4e0a-b9ec-42bd5e5d5785 req-96f4fdb2-407a-4e0a-b9ec-42bd5e5d5785 ] Request (ServicesAdminNegativeTestJSON:setUpClass): 204 PUT http://10.180.1.21/identity/v3/projects/b3e4849ba7904ed7af139c0a9ead65b1/users/1c162ab68fa74ee3b06fe38d9b39fab5/roles/8e34242d946b4a7dab451357611c00ec 0.101s
2024-10-10 11:54:40.362 62143 INFO tempest.lib.common.dynamic_creds [-] Dynamic test user 1c162ab68fa74ee3b06fe38d9b39fab5 is created with scope project and roles: ['member']
2024-10-10 11:54:40.363 62143 INFO tempest.lib.common.dynamic_creds [-] Acquired dynamic creds: credentials: Credentials: {'domain_id': 'default', 'domain_name': 'Default', 'username': 'tempest-ServicesAdminNegativeTestJSON-1316026281-project-member', 'project_domain_id': 'default', 'project_domain_name': 'Default', 'project_id': 'b3e4849ba7904ed7af139c0a9ead65b1', 'project_name': 'tempest-ServicesAdminNegativeTestJSON-1316026281', 'tenant_id': 'b3e4849ba7904ed7af139c0a9ead65b1', 'tenant_name': 'tempest-ServicesAdminNegativeTestJSON-1316026281', 'user_domain_id': 'default', 'user_domain_name': 'Default', 'user_id': '1c162ab68fa74ee3b06fe38d9b39fab5', 'system': None}, Network: None, Subnet: None, Router: None
2024-10-10 11:54:40.363 62143 INFO tempest.lib.common.dynamic_creds [-] Created isolated network resources for: credentials: Credentials: {'domain_id': 'default', 'domain_name': 'Default', 'username': 'tempest-ServicesAdminNegativeTestJSON-1316026281-project-member', 'project_domain_id': 'default', 'project_domain_name': 'Default', 'project_id': 'b3e4849ba7904ed7af139c0a9ead65b1', 'project_name': 'tempest-ServicesAdminNegativeTestJSON-1316026281', 'tenant_id': 'b3e4849ba7904ed7af139c0a9ead65b1', 'tenant_name': 'tempest-ServicesAdminNegativeTestJSON-1316026281', 'user_domain_id': 'default', 'user_domain_name': 'Default', 'user_id': '1c162ab68fa74ee3b06fe38d9b39fab5', 'system': None}, Network: None, Subnet: None, Router: None
2024-10-10 11:54:40.380 62147 INFO tempest.lib.common.rest_client [req-84415e74-4ef1-4bdd-96cb-9431b6330651 req-84415e74-4ef1-4bdd-96cb-9431b6330651 ] Request (ListImagesTestJSON:tearDownClass): 204 DELETE http://10.180.1.21/identity/v3/projects/8eda1b366b674cf590a78b1938062722 0.121s
2024-10-10 11:54:40.437 62101 INFO tempest.lib.common.rest_client [req-18929fff-2ece-4b21-b2a5-0ec8e9fc2668 req-18929fff-2ece-4b21-b2a5-0ec8e9fc2668 ] Request (ServerExternalEventsTest:setUpClass): 201 POST http://10.180.1.21/identity/v3/auth/tokens 0.146s
2024-10-10 11:54:40.443 62123 INFO tempest.lib.common.rest_client [req-0eda2aa7-e06e-4e7c-9aac-263795a3123c req-0eda2aa7-e06e-4e7c-9aac-263795a3123c ] Request (HypervisorAdminNegativeUnderV252Test:tearDownClass): 204 DELETE http://10.180.1.21/identity/v3/projects/9836cb724b0349cfaf561eb649dba405 0.158s
2024-10-10 11:54:40.443 62123 INFO tempest.lib.common.dynamic_creds [-] Deleting project and security group for project: 493be5600cb9425fa0179b12c92fe79f
2024-10-10 11:54:40.486 62099 INFO tempest.lib.common.rest_client [req-99006412-ea4f-427b-a73a-c8e1ec3cf4f7 req-99006412-ea4f-427b-a73a-c8e1ec3cf4f7 ] Request (ImagesOneServerTestJSON:setUpClass): 201 POST http://10.180.1.21/identity/v3/auth/tokens 0.190s
2024-10-10 11:54:40.499 62125 INFO tempest.lib.common.rest_client [req-e2f6f5bd-0dfb-4007-9255-3ec711396516 req-e2f6f5bd-0dfb-4007-9255-3ec711396516 ] Request (ServersTestManualDisk:setUpClass): 204 PUT http://10.180.1.21/identity/v3/projects/86247d53c88644ecbede5d23d7b0eb70/users/917b839587b14923ba50b45b17e1359a/roles/8e34242d946b4a7dab451357611c00ec 0.165s
2024-10-10 11:54:40.500 62125 INFO tempest.lib.common.dynamic_creds [-] Dynamic test user 917b839587b14923ba50b45b17e1359a is created with scope project and roles: ['member']
2024-10-10 11:54:40.500 62125 INFO tempest.lib.common.dynamic_creds [-] Acquired dynamic creds: credentials: Credentials: {'domain_id': 'default', 'domain_name': 'Default', 'username': 'tempest-ServersTestManualDisk-950551618-project-member', 'project_domain_id': 'default', 'project_domain_name': 'Default', 'project_id': '86247d53c88644ecbede5d23d7b0eb70', 'project_name': 'tempest-ServersTestManualDisk-950551618', 'tenant_id': '86247d53c88644ecbede5d23d7b0eb70', 'tenant_name': 'tempest-ServersTestManualDisk-950551618', 'user_domain_id': 'default', 'user_domain_name': 'Default', 'user_id': '917b839587b14923ba50b45b17e1359a', 'system': None}, Network: None, Subnet: None, Router: None
2024-10-10 11:54:40.513 62141 INFO tempest.lib.common.rest_client [req-d9951569-4889-45f1-9b80-45914163c2fe req-d9951569-4889-45f1-9b80-45914163c2fe ] Request (InstanceActionsV221TestJSON:test_get_list_deleted_instance_actions): 200 GET http://10.180.1.21/compute/v2.1/servers/63f32d41-18e3-4918-981d-10e8f22423b8 1.456s
2024-10-10 11:54:40.525 62141 INFO tempest.common.waiters [-] State transition "BUILD/networking" ==> "BUILD/spawning" after 9 second wait
2024-10-10 11:54:40.563 62143 INFO tempest.lib.common.rest_client [req-ea7d8d7d-1def-4db0-9c4d-0d693c522358 req-ea7d8d7d-1def-4db0-9c4d-0d693c522358 ] Request (ServicesAdminNegativeTestJSON:setUpClass): 201 POST http://10.180.1.21/identity/v3/auth/tokens 0.197s
2024-10-10 11:54:40.577 62133 INFO tempest.lib.common.rest_client [req-abc22888-8cdc-4ba1-8890-353103d6b30d req-abc22888-8cdc-4ba1-8890-353103d6b30d ] Request (ServerActionsTestJSON:setUpClass): 200 GET http://10.180.1.21/compute/v2.1/servers/ba29c234-4f7b-414c-9b6b-6a2fa68e9533 1.437s
2024-10-10 11:54:40.595 62103 INFO tempest.lib.common.rest_client [req-75a617dc-dcc9-4ea8-ba5a-0bec7e1b554a req-75a617dc-dcc9-4ea8-ba5a-0bec7e1b554a ] Request (ServerGroupTestJSON:test_create_delete_multiple_server_groups_with_same_name_policy): 200 GET http://10.180.1.21/compute/v2.1/os-server-groups 1.412s
2024-10-10 11:54:40.596 62123 INFO tempest.lib.common.rest_client [req-b4e7e294-eca7-4cb2-b122-42c58478c021 req-b4e7e294-eca7-4cb2-b122-42c58478c021 ] Request (HypervisorAdminNegativeUnderV252Test:tearDownClass): 200 GET http://10.180.1.21:9696/networking/v2.0/security-groups?tenant_id=493be5600cb9425fa0179b12c92fe79f&name=default 0.153s
2024-10-10 11:54:40.617 62147 INFO tempest.lib.common.rest_client [req-cd52ebc1-3553-4144-a00a-abcdf39ab607 req-cd52ebc1-3553-4144-a00a-abcdf39ab607 ] Request (DeleteServersTestJSON:setUpClass): 201 POST http://10.180.1.21/identity/v3/auth/tokens 0.236s
2024-10-10 11:54:40.646 62130 INFO tempest.lib.common.rest_client [req-1f5e104f-2eec-4eec-9caf-525d7d2ce6de req-1f5e104f-2eec-4eec-9caf-525d7d2ce6de ] Request (VolumesAssistedSnapshotsTest:test_volume_assisted_snapshot_create_delete): 201 POST http://10.180.1.21:9696/networking/v2.0/floatingips 0.856s
2024-10-10 11:54:40.652 62101 INFO tempest.lib.common.rest_client [req-00f854c8-309e-4c47-b9f6-47381007f177 req-00f854c8-309e-4c47-b9f6-47381007f177 ] Request (ServerExternalEventsTest:setUpClass): 201 POST http://10.180.1.21/identity/v3/projects 0.214s
2024-10-10 11:54:40.674 62149 INFO tempest.lib.common.rest_client [req-2b4ccf8a-46c6-49f7-82ce-82a031e62bd0 req-2b4ccf8a-46c6-49f7-82ce-82a031e62bd0 ] Request (QuotasAdminNegativeTest:test_create_server_when_instances_quota_is_full): 200 PUT http://10.180.1.21/compute/v2.1/os-quota-sets/0ec85fd907d34369b661b8624c590e00 2.059s
2024-10-10 11:54:40.699 62111 INFO tempest.lib.common.rest_client [req-e279fe23-9640-4c30-ae97-f9fd0cfdf525 req-e279fe23-9640-4c30-ae97-f9fd0cfdf525 ] Request (AggregatesAdminNegativeTestJSON:test_aggregate_add_host_as_user): 200 POST http://10.180.1.21/compute/v2.1/os-aggregates 1.350s
2024-10-10 11:54:40.711 62125 INFO tempest.lib.common.rest_client [req-93ccbcc2-397b-4a08-90b9-6ddc0899cb31 req-93ccbcc2-397b-4a08-90b9-6ddc0899cb31 ] Request (ServersTestManualDisk:setUpClass): 201 POST http://10.180.1.21/identity/v3/auth/tokens 0.210s
2024-10-10 11:54:40.718 62097 INFO tempest.lib.common.rest_client [req-353311fa-514a-4686-a7c5-fe840056178e req-353311fa-514a-4686-a7c5-fe840056178e ] Request (HostsAdminTestJSON:test_list_hosts_with_zone): 200 GET http://10.180.1.21/compute/v2.1/os-hosts 1.361s
2024-10-10 11:54:40.741 62143 INFO tempest.lib.common.rest_client [req-ea4bd84d-d681-4646-9613-aaef0ff0bea2 req-ea4bd84d-d681-4646-9613-aaef0ff0bea2 ] Request (ServicesAdminNegativeTestJSON:setUpClass): 201 POST http://10.180.1.21/identity/v3/projects 0.178s
2024-10-10 11:54:40.775 62147 INFO tempest.lib.common.rest_client [req-95874536-0a4a-4648-a934-0ec15f5ca869 req-95874536-0a4a-4648-a934-0ec15f5ca869 ] Request (DeleteServersTestJSON:setUpClass): 201 POST http://10.180.1.21/identity/v3/auth/tokens 0.148s
2024-10-10 11:54:40.793 62130 INFO tempest.lib.common.rest_client [req-2408c5d0-4e18-4709-83b7-9e95762fded3 req-2408c5d0-4e18-4709-83b7-9e95762fded3 ] Request (VolumesAssistedSnapshotsTest:test_volume_assisted_snapshot_create_delete): 201 POST http://10.180.1.21/identity/v3/auth/tokens 0.143s
2024-10-10 11:54:40.794 62130 INFO tempest.lib.common.fixed_network [-] (VolumesAssistedSnapshotsTest:test_volume_assisted_snapshot_create_delete) Found network {'id': '2715459d-23ff-4a06-8c30-7620dfdfb018', 'name': 'tempest-VolumesAssistedSnapshotsTest-2036036619-network', 'tenant_id': 'edacfc61f99a43d087bb2647a5362d73', 'admin_state_up': True, 'mtu': 8950, 'status': 'ACTIVE', 'subnets': [], 'shared': False, 'project_id': 'edacfc61f99a43d087bb2647a5362d73', 'port_security_enabled': True, 'router:external': False, 'provider:network_type': 'vlan', 'provider:physical_network': 'default', 'provider:segmentation_id': 183, 'is_default': False, 'availability_zone_hints': [], 'availability_zones': [], 'ipv4_address_scope': None, 'ipv6_address_scope': None, 'description': '', 'tags': [], 'created_at': '2024-10-10T11:54:23Z', 'updated_at': '2024-10-10T11:54:23Z', 'revision_number': 1} available for tenant
2024-10-10 11:54:40.797 62101 INFO tempest.lib.common.rest_client [req-6e92877a-5457-440c-bc20-b4c471362764 req-6e92877a-5457-440c-bc20-b4c471362764 ] Request (ServerExternalEventsTest:setUpClass): 201 POST http://10.180.1.21/identity/v3/users 0.144s
2024-10-10 11:54:40.837 62107 INFO tempest.lib.common.rest_client [req-e24181f6-fa3c-41f7-9ae5-80325e5392a9 req-e24181f6-fa3c-41f7-9ae5-80325e5392a9 ] Request (SecurityGroupRulesNegativeTestJSON:test_create_security_group_rule_with_invalid_to_port): 200 POST http://10.180.1.21/compute/v2.1/os-security-groups 1.546s
2024-10-10 11:54:40.845 62149 INFO tempest.lib.common.rest_client [req-8d0c078a-6303-4b19-9895-2c08c527da8d req-8d0c078a-6303-4b19-9895-2c08c527da8d ] Request (QuotasAdminNegativeTest:test_create_server_when_instances_quota_is_full): 201 POST http://10.180.1.21/identity/v3/auth/tokens 0.166s
2024-10-10 11:54:40.845 62149 INFO tempest.lib.common.fixed_network [-] (QuotasAdminNegativeTest:test_create_server_when_instances_quota_is_full) Found network None available for tenant
2024-10-10 11:54:40.861 62123 INFO tempest.lib.common.rest_client [req-5ed25d2f-6bad-4fbd-8964-99febc464c48 req-5ed25d2f-6bad-4fbd-8964-99febc464c48 ] Request (HypervisorAdminNegativeUnderV252Test:tearDownClass): 204 DELETE http://10.180.1.21:9696/networking/v2.0/security-groups/3d679488-efed-43d7-88f3-b46c12bc5fd2 0.265s
2024-10-10 11:54:40.864 62143 INFO tempest.lib.common.rest_client [req-0d45a11e-e22e-4a9b-a03a-0e8b3aea17b3 req-0d45a11e-e22e-4a9b-a03a-0e8b3aea17b3 ] Request (ServicesAdminNegativeTestJSON:setUpClass): 201 POST http://10.180.1.21/identity/v3/users 0.122s
2024-10-10 11:54:40.879 62147 INFO tempest.lib.common.rest_client [req-e068aa4e-4382-4913-ae9f-eb9ce1e0ed88 req-e068aa4e-4382-4913-ae9f-eb9ce1e0ed88 ] Request (DeleteServersTestJSON:setUpClass): 200 GET http://10.180.1.21/identity/v3/domains?name=Default 0.103s
2024-10-10 11:54:40.894 62101 INFO tempest.lib.common.rest_client [req-03e4d78c-d1be-462b-9faf-06785a378399 req-03e4d78c-d1be-462b-9faf-06785a378399 ] Request (ServerExternalEventsTest:setUpClass): 200 GET http://10.180.1.21/identity/v3/roles 0.096s
2024-10-10 11:54:40.923 62143 INFO tempest.lib.common.rest_client [req-0159d606-132c-4a97-8202-9f95eeb800d1 req-0159d606-132c-4a97-8202-9f95eeb800d1 ] Request (ServicesAdminNegativeTestJSON:setUpClass): 200 GET http://10.180.1.21/identity/v3/roles 0.058s
2024-10-10 11:54:40.948 62147 INFO tempest.lib.common.rest_client [req-0dd9e56f-03cd-4e30-81cc-1d2d6d7e7990 req-0dd9e56f-03cd-4e30-81cc-1d2d6d7e7990 ] Request (DeleteServersTestJSON:setUpClass): 201 POST http://10.180.1.21/identity/v3/projects 0.068s
2024-10-10 11:54:40.985 62123 INFO tempest.lib.common.rest_client [req-8635559c-a8e5-4b5a-aeda-2c2a5092f785 req-8635559c-a8e5-4b5a-aeda-2c2a5092f785 ] Request (HypervisorAdminNegativeUnderV252Test:tearDownClass): 204 DELETE http://10.180.1.21/identity/v3/projects/493be5600cb9425fa0179b12c92fe79f 0.124s
2024-10-10 11:54:41.011 62101 INFO tempest.lib.common.rest_client [req-4a2e376a-d2ae-434a-8bf1-c609f7d0fef3 req-4a2e376a-d2ae-434a-8bf1-c609f7d0fef3 ] Request (ServerExternalEventsTest:setUpClass): 204 PUT http://10.180.1.21/identity/v3/projects/f918393acc3d4f8b8784135cfda0f85a/users/99190770957d4627b162c6501a38c169/roles/e146fb220227490e91fd24a7dae5a083 0.117s
2024-10-10 11:54:41.154 62143 INFO tempest.lib.common.rest_client [req-c4ae5c4d-64c7-42e7-9491-b30251e42380 req-c4ae5c4d-64c7-42e7-9491-b30251e42380 ] Request (ServicesAdminNegativeTestJSON:setUpClass): 204 PUT http://10.180.1.21/identity/v3/projects/8c4abad207244e09a915d5e6a6a4c62a/users/154426664b254a9797d0c4b2b4e86492/roles/e146fb220227490e91fd24a7dae5a083 0.231s
2024-10-10 11:54:41.188 62109 INFO tempest.lib.common.rest_client [req-52b19dcb-6457-4e56-8a20-2cf2ab804822 req-52b19dcb-6457-4e56-8a20-2cf2ab804822 ] Request (QuotasAdminTestJSON:test_delete_quota): 200 PUT http://10.180.1.21/compute/v2.1/os-quota-sets/c707c26bd25444c3b4cba2bfd50e43d7 1.255s
2024-10-10 11:54:41.211 62099 INFO tempest.lib.common.rest_client [req-d4cd0357-01cd-42d8-81ff-2b883d1f04e9 req-d4cd0357-01cd-42d8-81ff-2b883d1f04e9 ] Request (ImagesOneServerTestJSON:setUpClass): 201 POST http://10.180.1.21:9696/networking/v2.0/networks 0.725s
2024-10-10 11:54:41.214 62115 INFO tempest.lib.common.rest_client [req-b531f778-7a46-4d89-aa12-9878cb462230 req-b531f778-7a46-4d89-aa12-9878cb462230 ] Request (KeyPairsV210TestJSON:_run_cleanups): 204 DELETE http://10.180.1.21/compute/v2.1/os-keypairs/tempest-keypair-639142564?user_id=208996bab9dd4a4d9d8c7e33ec3f5597 1.267s
2024-10-10 11:54:41.223 62147 INFO tempest.lib.common.rest_client [req-25d402d6-c3c3-4685-ac3b-6a81ad0d2f0a req-25d402d6-c3c3-4685-ac3b-6a81ad0d2f0a ] Request (DeleteServersTestJSON:setUpClass): 201 POST http://10.180.1.21/identity/v3/users 0.275s
2024-10-10 11:54:41.227 62125 INFO tempest.lib.common.rest_client [req-1a263e6b-dbe3-40ce-89a7-e8e36aa59d90 req-1a263e6b-dbe3-40ce-89a7-e8e36aa59d90 ] Request (ServersTestManualDisk:setUpClass): 201 POST http://10.180.1.21:9696/networking/v2.0/networks 0.516s
2024-10-10 11:54:41.234 62123 INFO tempest.lib.common.rest_client [req-73c9ada5-0943-46cd-a6c4-77fb58387892 req-73c9ada5-0943-46cd-a6c4-77fb58387892 ] Request (ServerDiagnosticsTest:setUpClass): 201 POST http://10.180.1.21/identity/v3/auth/tokens 0.247s
2024-10-10 11:54:41.250 62101 INFO tempest.lib.common.rest_client [req-a97d8bee-4294-4426-9e56-dd18eeeb193f req-a97d8bee-4294-4426-9e56-dd18eeeb193f ] Request (ServerExternalEventsTest:setUpClass): 200 GET http://10.180.1.21/identity/v3/roles 0.238s
2024-10-10 11:54:41.251 62143 INFO tempest.lib.common.rest_client [req-59913fdf-deb3-4545-9bdf-b33ff92d8517 req-59913fdf-deb3-4545-9bdf-b33ff92d8517 ] Request (ServicesAdminNegativeTestJSON:setUpClass): 200 GET http://10.180.1.21/identity/v3/roles 0.096s
2024-10-10 11:54:41.273 62147 INFO tempest.lib.common.rest_client [req-a63ac49d-f645-4428-ab01-19aa7e21c83c req-a63ac49d-f645-4428-ab01-19aa7e21c83c ] Request (DeleteServersTestJSON:setUpClass): 200 GET http://10.180.1.21/identity/v3/roles 0.050s
2024-10-10 11:54:41.310 62123 INFO tempest.lib.common.rest_client [req-34dd9781-4aab-490d-9519-e80fd3b5ebbf req-34dd9781-4aab-490d-9519-e80fd3b5ebbf ] Request (ServerDiagnosticsTest:setUpClass): 201 POST http://10.180.1.21/identity/v3/auth/tokens 0.073s
2024-10-10 11:54:41.325 62101 INFO tempest.lib.common.rest_client [req-a6a29534-e9e3-4d9b-8a09-bcf94341d62b req-a6a29534-e9e3-4d9b-8a09-bcf94341d62b ] Request (ServerExternalEventsTest:setUpClass): 204 PUT http://10.180.1.21/identity/v3/projects/f918393acc3d4f8b8784135cfda0f85a/users/99190770957d4627b162c6501a38c169/roles/e146fb220227490e91fd24a7dae5a083 0.074s
2024-10-10 11:54:41.325 62101 INFO tempest.lib.common.dynamic_creds [-] Dynamic test user 99190770957d4627b162c6501a38c169 is created with scope project and roles: ['admin']
2024-10-10 11:54:41.325 62101 INFO tempest.lib.common.dynamic_creds [-] Acquired dynamic creds: credentials: Credentials: {'domain_id': 'default', 'domain_name': 'Default', 'username': 'tempest-ServerExternalEventsTest-1774553240-project-admin', 'project_domain_id': 'default', 'project_domain_name': 'Default', 'project_id': 'f918393acc3d4f8b8784135cfda0f85a', 'project_name': 'tempest-ServerExternalEventsTest-1774553240', 'tenant_id': 'f918393acc3d4f8b8784135cfda0f85a', 'tenant_name': 'tempest-ServerExternalEventsTest-1774553240', 'user_domain_id': 'default', 'user_domain_name': 'Default', 'user_id': '99190770957d4627b162c6501a38c169', 'system': None}, Network: None, Subnet: None, Router: None
2024-10-10 11:54:41.325 62101 INFO tempest.lib.common.dynamic_creds [-] Created isolated network resources for: credentials: Credentials: {'domain_id': 'default', 'domain_name': 'Default', 'username': 'tempest-ServerExternalEventsTest-1774553240-project-admin', 'project_domain_id': 'default', 'project_domain_name': 'Default', 'project_id': 'f918393acc3d4f8b8784135cfda0f85a', 'project_name': 'tempest-ServerExternalEventsTest-1774553240', 'tenant_id': 'f918393acc3d4f8b8784135cfda0f85a', 'tenant_name': 'tempest-ServerExternalEventsTest-1774553240', 'user_domain_id': 'default', 'user_domain_name': 'Default', 'user_id': '99190770957d4627b162c6501a38c169', 'system': None}, Network: None, Subnet: None, Router: None
2024-10-10 11:54:41.378 62147 INFO tempest.lib.common.rest_client [req-fda867ae-2b3d-43f9-a1dd-a4fd3fe54229 req-fda867ae-2b3d-43f9-a1dd-a4fd3fe54229 ] Request (DeleteServersTestJSON:setUpClass): 204 PUT http://10.180.1.21/identity/v3/projects/5c2e835a924c438287e7626c34c2fb05/users/ee555b0896f748d1886e7037911db84f/roles/8e34242d946b4a7dab451357611c00ec 0.104s
2024-10-10 11:54:41.378 62147 INFO tempest.lib.common.dynamic_creds [-] Dynamic test user ee555b0896f748d1886e7037911db84f is created with scope project and roles: ['member']
2024-10-10 11:54:41.378 62147 INFO tempest.lib.common.dynamic_creds [-] Acquired dynamic creds: credentials: Credentials: {'domain_id': 'default', 'domain_name': 'Default', 'username': 'tempest-DeleteServersTestJSON-1541309247-project-member', 'project_domain_id': 'default', 'project_domain_name': 'Default', 'project_id': '5c2e835a924c438287e7626c34c2fb05', 'project_name': 'tempest-DeleteServersTestJSON-1541309247', 'tenant_id': '5c2e835a924c438287e7626c34c2fb05', 'tenant_name': 'tempest-DeleteServersTestJSON-1541309247', 'user_domain_id': 'default', 'user_domain_name': 'Default', 'user_id': 'ee555b0896f748d1886e7037911db84f', 'system': None}, Network: None, Subnet: None, Router: None
2024-10-10 11:54:41.384 62143 INFO tempest.lib.common.rest_client [req-ff881123-6dc8-4d4e-b70e-3a8449ff0706 req-ff881123-6dc8-4d4e-b70e-3a8449ff0706 ] Request (ServicesAdminNegativeTestJSON:setUpClass): 204 PUT http://10.180.1.21/identity/v3/projects/8c4abad207244e09a915d5e6a6a4c62a/users/154426664b254a9797d0c4b2b4e86492/roles/e146fb220227490e91fd24a7dae5a083 0.132s
2024-10-10 11:54:41.384 62143 INFO tempest.lib.common.dynamic_creds [-] Dynamic test user 154426664b254a9797d0c4b2b4e86492 is created with scope project and roles: ['admin']
2024-10-10 11:54:41.384 62143 INFO tempest.lib.common.dynamic_creds [-] Acquired dynamic creds: credentials: Credentials: {'domain_id': 'default', 'domain_name': 'Default', 'username': 'tempest-ServicesAdminNegativeTestJSON-1263211208-project-admin', 'project_domain_id': 'default', 'project_domain_name': 'Default', 'project_id': '8c4abad207244e09a915d5e6a6a4c62a', 'project_name': 'tempest-ServicesAdminNegativeTestJSON-1263211208', 'tenant_id': '8c4abad207244e09a915d5e6a6a4c62a', 'tenant_name': 'tempest-ServicesAdminNegativeTestJSON-1263211208', 'user_domain_id': 'default', 'user_domain_name': 'Default', 'user_id': '154426664b254a9797d0c4b2b4e86492', 'system': None}, Network: None, Subnet: None, Router: None
2024-10-10 11:54:41.384 62143 INFO tempest.lib.common.dynamic_creds [-] Created isolated network resources for: credentials: Credentials: {'domain_id': 'default', 'domain_name': 'Default', 'username': 'tempest-ServicesAdminNegativeTestJSON-1263211208-project-admin', 'project_domain_id': 'default', 'project_domain_name': 'Default', 'project_id': '8c4abad207244e09a915d5e6a6a4c62a', 'project_name': 'tempest-ServicesAdminNegativeTestJSON-1263211208', 'tenant_id': '8c4abad207244e09a915d5e6a6a4c62a', 'tenant_name': 'tempest-ServicesAdminNegativeTestJSON-1263211208', 'user_domain_id': 'default', 'user_domain_name': 'Default', 'user_id': '154426664b254a9797d0c4b2b4e86492', 'system': None}, Network: None, Subnet: None, Router: None
2024-10-10 11:54:41.437 62123 INFO tempest.lib.common.rest_client [req-15ec67e4-87a8-4432-8522-3d5359f8b4a3 req-15ec67e4-87a8-4432-8522-3d5359f8b4a3 ] Request (ServerDiagnosticsTest:setUpClass): 200 GET http://10.180.1.21/identity/v3/domains?name=Default 0.127s
2024-10-10 11:54:41.442 62099 INFO tempest.lib.common.rest_client [req-5f5d262a-90aa-4029-bd0b-754ace04fd52 req-5f5d262a-90aa-4029-bd0b-754ace04fd52 ] Request (ImagesOneServerTestJSON:setUpClass): 201 POST http://10.180.1.21:9696/networking/v2.0/subnets 0.230s
2024-10-10 11:54:41.490 62115 INFO tempest.lib.common.rest_client [req-a5eeb77f-003e-437c-926c-64576000ae43 req-a5eeb77f-003e-437c-926c-64576000ae43 ] Request (KeyPairsV210TestJSON:tearDownClass): 204 DELETE http://10.180.1.21/identity/v3/users/208996bab9dd4a4d9d8c7e33ec3f5597 0.204s
2024-10-10 11:54:41.529 62101 INFO tempest.lib.common.rest_client [req-cbdb970d-b7b2-4a2e-a126-09bee1b6cbcb req-cbdb970d-b7b2-4a2e-a126-09bee1b6cbcb ] Request (ServerExternalEventsTest:setUpClass): 201 POST http://10.180.1.21/identity/v3/auth/tokens 0.199s
2024-10-10 11:54:41.550 62147 INFO tempest.lib.common.rest_client [req-3e4fe328-341b-4b26-89de-47d8b500eaae req-3e4fe328-341b-4b26-89de-47d8b500eaae ] Request (DeleteServersTestJSON:setUpClass): 201 POST http://10.180.1.21/identity/v3/auth/tokens 0.171s
