2024-12-15 00:55:24.591 65859 INFO tempest.lib.common.rest_client [req-9267dfd3-c2e7-48db-b5f3-afbf85370c02 req-9267dfd3-c2e7-48db-b5f3-afbf85370c02 ] Request (ServersAdminNegativeTestJSON:tearDownClass): 200 GET http://10.180.1.21/compute/v2.1/servers/3d1e9644-5a7d-44b0-97bd-0fe56fde3559 0.119s
2024-12-15 00:55:24.621 65875 WARNING tempest.lib.common.ssh [-] Failed to establish authenticated ssh connection to cirros@10.180.180.191 ([Errno None] Unable to connect to port 22 on 10.180.180.191). Number attempts: 9. Retry after 10 seconds.: paramiko.ssh_exception.NoValidConnectionsError: [Errno None] Unable to connect to port 22 on 10.180.180.191
2024-12-15 00:55:24.671 65855 INFO tempest.lib.common.rest_client [req-3955f3b8-2c5f-4ee1-9f48-59eecb973c2f req-3955f3b8-2c5f-4ee1-9f48-59eecb973c2f ] Request (ServersNegativeTestMultiTenantJSON:tearDownClass): 200 GET http://10.180.1.21/compute/v2.1/servers/dc8a92f3-f7fc-4777-8a8a-0a9762fb8b0f 0.144s
2024-12-15 00:55:24.749 65831 INFO tempest.lib.common.rest_client [req-9ef029c0-ecd1-4103-b18d-8b1de1bd4790 req-9ef029c0-ecd1-4103-b18d-8b1de1bd4790 ] Request (ServerMetadataTestJSON:setUpClass): 200 GET http://10.180.1.21/compute/v2.1/servers/10210a11-05f4-485f-b5e4-fd50e23eba9d 0.216s
2024-12-15 00:55:24.752 65887 INFO tempest.lib.common.rest_client [req-6963ac9d-c6c7-4d4d-a36d-da35084a8737 req-6963ac9d-c6c7-4d4d-a36d-da35084a8737 ] Request (ServerActionsV293TestJSON:setUpClass): 200 GET http://10.180.1.21/compute/v2.1/servers/ea6ff7d5-ae57-4f21-b39b-8d5f53d19409 0.265s
2024-12-15 00:55:24.834 65835 INFO tempest.lib.common.rest_client [req-5f5e0b49-1ef0-4dce-b48d-a544f1903a1e req-5f5e0b49-1ef0-4dce-b48d-a544f1903a1e ] Request (ServerAddressesTestJSON:setUpClass): 200 GET http://10.180.1.21/compute/v2.1/servers/9ecdb3cc-9a99-49c5-8216-202787d0a6bc 0.232s
2024-12-15 00:55:24.838 65889 INFO tempest.lib.common.rest_client [req-fa856eeb-3ca2-4208-bfe3-be01152fcb11 req-fa856eeb-3ca2-4208-bfe3-be01152fcb11 ] Request (ImagesTestJSON:test_create_image_from_suspended_server): 200 GET http://10.180.1.21/compute/v2.1/servers/3cb203e8-a08e-49ce-a3c5-767874dab719 0.248s
2024-12-15 00:55:24.858 65869 INFO tempest.lib.common.rest_client [req-b83440b4-c5c3-498b-ac5a-a27ec172da70 req-b83440b4-c5c3-498b-ac5a-a27ec172da70 ] Request (DeleteServersTestJSON:test_delete_active_server): 404 GET http://10.180.1.21/compute/v2.1/servers/389e1eee-9d9b-4bd9-94df-8cc490f239a6 0.114s
2024-12-15 00:55:24.897 65871 INFO tempest.lib.common.rest_client [req-a033bc1e-108a-4ede-b558-9c23cbee72a1 req-a033bc1e-108a-4ede-b558-9c23cbee72a1 ] Request (AttachVolumeTestJSON:test_attach_detach_volume): 200 GET http://10.180.1.21/compute/v2.1/servers/700b21a6-33e0-430b-a2a9-172ac8d684af 0.243s
2024-12-15 00:55:24.903 65886 WARNING tempest.lib.common.ssh [-] Failed to establish authenticated ssh connection to cirros@10.180.180.210 ([Errno None] Unable to connect to port 22 on 10.180.180.210). Number attempts: 9. Retry after 10 seconds.: paramiko.ssh_exception.NoValidConnectionsError: [Errno None] Unable to connect to port 22 on 10.180.180.210
2024-12-15 00:55:24.931 65869 INFO tempest.lib.common.rest_client [req-5e3891df-1575-4147-8469-863a7caf1d88 req-5e3891df-1575-4147-8469-863a7caf1d88 ] Request (DeleteServersTestJSON:test_delete_server_while_in_attached_volume): 201 POST http://10.180.1.21/identity/v3/auth/tokens 0.067s
2024-12-15 00:55:24.932 65869 INFO tempest.lib.common.fixed_network [-] (DeleteServersTestJSON:test_delete_server_while_in_attached_volume) Found network {'id': '92d7b7e7-f063-4756-aa52-ec68b1809682', 'name': 'tempest-DeleteServersTestJSON-1168467777-network', 'tenant_id': '79ca61bf24444afda33c24112d275e5c', 'admin_state_up': True, 'mtu': 8950, 'status': 'ACTIVE', 'subnets': [], 'shared': False, 'project_id': '79ca61bf24444afda33c24112d275e5c', 'port_security_enabled': True, 'router:external': False, 'provider:network_type': 'vlan', 'provider:physical_network': 'default', 'provider:segmentation_id': 406, 'availability_zone_hints': [], 'availability_zones': [], 'ipv4_address_scope': None, 'ipv6_address_scope': None, 'description': '', 'tags': [], 'created_at': '2024-12-15T00:53:43Z', 'updated_at': '2024-12-15T00:53:43Z', 'revision_number': 1} available for tenant
2024-12-15 00:55:24.963 65833 INFO tempest.lib.common.rest_client [req-92ade698-0ddb-4173-9939-660dd17d0443 req-92ade698-0ddb-4173-9939-660dd17d0443 ] Request (SecurityGroupsTestJSON:test_server_security_groups): 200 GET http://10.180.1.21/compute/v2.1/servers/e8a155e4-7149-48b6-9f42-c011e5e02f28 0.160s
2024-12-15 00:55:25.028 65843 INFO tempest.lib.common.rest_client [req-35995c65-8dc2-46ff-8e68-6faf2f9721d2 req-35995c65-8dc2-46ff-8e68-6faf2f9721d2 ] Request (ServersAdminTestJSON:test_create_server_with_scheduling_hint): 200 GET http://10.180.1.21/compute/v2.1/servers/36a927b6-2c0b-4df6-8d89-8865eff38548 0.188s
2024-12-15 00:55:25.076 65883 INFO tempest.lib.common.rest_client [req-7bdaa615-30d9-4733-bb2c-64d26ed53557 req-7bdaa615-30d9-4733-bb2c-64d26ed53557 ] Request (ServersTestJSON:setUpClass): 200 GET http://10.180.1.21/compute/v2.1/servers/5dbe2308-8315-445f-9571-994de7e8d4d2 0.280s
2024-12-15 00:55:25.092 65853 INFO tempest.lib.common.rest_client [req-e7ff8368-b862-4e96-9ded-70fb801bc115 req-e7ff8368-b862-4e96-9ded-70fb801bc115 ] Request (AttachInterfacesTestJSON:test_create_list_show_delete_interfaces_by_fixed_ip): 200 GET http://10.180.1.21/compute/v2.1/servers/bc88a35d-5b6d-4c84-86e4-f93d9d852adf 0.222s
2024-12-15 00:55:25.137 65867 INFO tempest.lib.common.rest_client [req-72fc4706-bca7-4d81-8da7-d9036b9db88d req-72fc4706-bca7-4d81-8da7-d9036b9db88d ] Request (ImagesOneServerNegativeTestJSON:setUpClass): 200 GET http://10.180.1.21/compute/v2.1/servers/0fa8ff2b-0a19-452f-af84-c4e5775e987b 0.244s
2024-12-15 00:55:25.158 65829 INFO tempest.lib.common.rest_client [req-0c76b148-ec96-40eb-8982-c89ea070bf33 req-0c76b148-ec96-40eb-8982-c89ea070bf33 ] Request (ServersNegativeTestJSON:setUpClass): 200 GET http://10.180.1.21/compute/v2.1/servers/418bb0c7-2734-4014-9f44-33cf0069c3e5 0.233s
2024-12-15 00:55:25.315 65873 INFO tempest.lib.common.rest_client [req-d0a67614-ce50-448a-bf1d-082c4473bb8b req-d0a67614-ce50-448a-bf1d-082c4473bb8b ] Request (ServerShowV247Test:tearDownClass): 200 GET http://10.180.1.21/compute/v2.1/servers/3ffe163d-7bf2-4d46-b91a-bff7062a0b7f 0.330s
2024-12-15 00:55:25.325 65857 INFO tempest.lib.common.rest_client [req-6954bbf5-3d9e-40ba-9a52-c3afb24cc7be req-6954bbf5-3d9e-40ba-9a52-c3afb24cc7be ] Request (ServersTestMultiNic:setUpClass): 200 PUT http://10.180.1.21:9696/networking/v2.0/routers/48f6bf77-c2c0-4608-9e2d-56e341cd9cb1/add_router_interface 1.383s
2024-12-15 00:55:25.328 65857 INFO tempest.lib.common.dynamic_creds [-] Created isolated network resources for: credentials: Credentials: {'domain_id': 'default', 'domain_name': 'Default', 'username': 'tempest-ServersTestMultiNic-1660271482-project-member', 'project_domain_id': 'default', 'project_domain_name': 'Default', 'project_id': '9d91f5a6c07b4f49be65c151294b96bb', 'project_name': 'tempest-ServersTestMultiNic-1660271482', 'tenant_id': '9d91f5a6c07b4f49be65c151294b96bb', 'tenant_name': 'tempest-ServersTestMultiNic-1660271482', 'user_domain_id': 'default', 'user_domain_name': 'Default', 'user_id': 'c7301abe11534d07b1e95b7ae63b8497', 'system': None}, Network: {'id': 'de1d108c-4a10-4cdf-ab64-3e31d5a7ccbb', 'name': 'tempest-ServersTestMultiNic-761797258-network', 'tenant_id': '9d91f5a6c07b4f49be65c151294b96bb', 'admin_state_up': True, 'mtu': 8950, 'status': 'ACTIVE', 'subnets': [], 'shared': False, 'project_id': '9d91f5a6c07b4f49be65c151294b96bb', 'port_security_enabled': True, 'router:external': False, 'provider:network_type': 'vlan', 'provider:physical_network': 'default', 'provider:segmentation_id': 760, 'availability_zone_hints': [], 'availability_zones': [], 'ipv4_address_scope': None, 'ipv6_address_scope': None, 'description': '', 'tags': [], 'created_at': '2024-12-15T00:55:22Z', 'updated_at': '2024-12-15T00:55:22Z', 'revision_number': 1}, Subnet: {'id': '01ef9d8e-5016-4d21-b9bb-ebe78cf9b259', 'name': 'tempest-ServersTestMultiNic-761797258-subnet', 'tenant_id': '9d91f5a6c07b4f49be65c151294b96bb', 'network_id': 'de1d108c-4a10-4cdf-ab64-3e31d5a7ccbb', 'ip_version': 4, 'subnetpool_id': None, 'enable_dhcp': True, 'ipv6_ra_mode': None, 'ipv6_address_mode': None, 'gateway_ip': '192.168.128.1', 'cidr': '192.168.128.0/28', 'allocation_pools': [{'start': '192.168.128.2', 'end': '192.168.128.14'}], 'host_routes': [], 'dns_nameservers': [], 'description': '', 'router:external': False, 'service_types': [], 'tags': [], 'created_at': '2024-12-15T00:55:22Z', 'updated_at': '2024-12-15T00:55:22Z', 'revision_number': 0, 'project_id': '9d91f5a6c07b4f49be65c151294b96bb'}, Router: {'id': '48f6bf77-c2c0-4608-9e2d-56e341cd9cb1', 'name': 'tempest-ServersTestMultiNic-761797258-router', 'tenant_id': '9d91f5a6c07b4f49be65c151294b96bb', 'admin_state_up': True, 'status': 'ACTIVE', 'external_gateway_info': {'network_id': '9891321c-f14b-4389-89d6-32ed72c2ebbf', 'external_fixed_ips': [{'subnet_id': 'aa0a451d-ffdf-4ce5-9054-f39ad7899371', 'ip_address': '10.180.180.135'}], 'enable_snat': True}, 'description': '', 'availability_zones': [], 'distributed': False, 'ha': False, 'availability_zone_hints': [], 'routes': [], 'flavor_id': None, 'tags': [], 'created_at': '2024-12-15T00:55:23Z', 'updated_at': '2024-12-15T00:55:23Z', 'revision_number': 2, 'project_id': '9d91f5a6c07b4f49be65c151294b96bb'}
2024-12-15 00:55:25.382 65879 INFO tempest.lib.common.rest_client [req-9ef068cb-c4e3-44ae-9197-b55d3c29c275 req-9ef068cb-c4e3-44ae-9197-b55d3c29c275 ] Request (DeleteServersAdminTestJSON:test_delete_server_while_in_error_state): 200 GET http://10.180.1.21/compute/v2.1/servers/5ff7f553-c513-494a-9f35-71d72944fa15 0.104s
2024-12-15 00:55:25.430 65857 INFO tempest.lib.common.rest_client [req-381e0502-2c57-4e8c-afcc-2f32da741a77 req-381e0502-2c57-4e8c-afcc-2f32da741a77 ] Request (ServersTestMultiNic:setUpClass): 201 POST http://10.180.1.21/identity/v3/auth/tokens 0.099s
2024-12-15 00:55:25.443 65837 INFO tempest.lib.common.rest_client [req-94e49960-168a-4ffd-a093-ec7cdad02cda req-94e49960-168a-4ffd-a093-ec7cdad02cda ] Request (ListImageFiltersTestJSON:setUpClass): 200 GET http://10.180.1.21/compute/v2.1/servers/20370a0d-4dd5-43b2-848b-0bfd8a895e1d 0.100s
2024-12-15 00:55:25.568 65845 INFO tempest.lib.common.rest_client [req-3763925b-f506-4661-879d-9b0bc7ff2696 req-3763925b-f506-4661-879d-9b0bc7ff2696 ] Request (MigrationsAdminTest:test_list_migrations_in_flavor_resize_situation): 200 GET http://10.180.1.21/compute/v2.1/servers/d4e3e9a1-c0a2-4d89-971b-bf00729ffe60 0.201s
2024-12-15 00:55:25.575 65845 INFO tempest.common.waiters [-] State transition "RESIZE/resize_prep" ==> "RESIZE/resize_migrating" after 39 second wait
2024-12-15 00:55:25.611 65869 INFO tempest.lib.common.rest_client [req-25832b50-6f9b-4cbd-8c73-5bfc7b5e89f0 req-25832b50-6f9b-4cbd-8c73-5bfc7b5e89f0 ] Request (DeleteServersTestJSON:test_delete_server_while_in_attached_volume): 202 POST http://10.180.1.21/compute/v2.1/servers 0.678s
2024-12-15 00:55:25.613 65857 INFO tempest.lib.common.rest_client [req-dd348f2b-388d-426f-acf7-5abef6a0406b req-dd348f2b-388d-426f-acf7-5abef6a0406b ] Request (ServersTestMultiNic:test_verify_duplicate_network_nics): 201 POST http://10.180.1.21:9696/networking/v2.0/networks 0.181s
2024-12-15 00:55:25.643 65881 INFO tempest.lib.common.rest_client [req-b05eaa20-2d37-40cf-98dd-e15b6cb43197 req-b05eaa20-2d37-40cf-98dd-e15b6cb43197 ] Request (ServerDiskConfigTestJSON:test_rebuild_server_with_auto_disk_config): 200 GET http://10.180.1.21/compute/v2.1/servers/0b186c48-92ed-4d81-ba08-911e507ffd73 0.240s
2024-12-15 00:55:25.681 65841 INFO tempest.lib.common.rest_client [req-38084521-d23a-4f24-b24e-47ce33b4f220 req-38084521-d23a-4f24-b24e-47ce33b4f220 ] Request (ServersTestManualDisk:setUpClass): 200 GET http://10.180.1.21/compute/v2.1/servers/fb4fbb3e-a9a6-433b-a44a-4808e1a7d4c5 0.263s
2024-12-15 00:55:25.719 65827 INFO tempest.lib.common.rest_client [req-3738fcbe-b7e0-4fde-9979-235181673707 req-3738fcbe-b7e0-4fde-9979-235181673707 ] Request (VolumesAdminNegativeTest:test_update_attached_volume_with_nonexistent_volume_in_body): 200 GET http://10.180.1.21/compute/v2.1/servers/a07a8de5-1b32-4574-b96d-f9a62f8ec445 0.257s
2024-12-15 00:55:25.746 65849 INFO tempest.lib.common.rest_client [req-addfc0dc-b026-449c-86b2-67c57cda5b9c req-addfc0dc-b026-449c-86b2-67c57cda5b9c ] Request (FloatingIPsAssociationTestJSON:setUpClass): 200 GET http://10.180.1.21/compute/v2.1/servers/d7f9b5e1-bd68-48ce-97e2-aff43c7693af 0.256s
2024-12-15 00:55:25.772 65865 INFO tempest.lib.common.rest_client [req-02035994-3868-4364-8d96-e0704b4526cd req-02035994-3868-4364-8d96-e0704b4526cd ] Request (ServerAddressesNegativeTestJSON:setUpClass): 200 GET http://10.180.1.21/compute/v2.1/servers/749d4191-d3d8-438e-87c1-378fb54bf6ef 0.247s
2024-12-15 00:55:25.815 65851 INFO tempest.lib.common.rest_client [req-701790b7-4aa6-44d0-9754-cab04d6f6010 req-701790b7-4aa6-44d0-9754-cab04d6f6010 ] Request (ListServersNegativeTestJSON:tearDownClass): 200 GET http://10.180.1.21/compute/v2.1/servers/d94f5cbf-7211-4493-98ae-1ce38a6c27a4 0.241s
2024-12-15 00:55:25.836 65859 INFO tempest.lib.common.rest_client [req-ced1314c-6680-4f95-be6b-313f38cff5ed req-ced1314c-6680-4f95-be6b-313f38cff5ed ] Request (ServersAdminNegativeTestJSON:tearDownClass): 200 GET http://10.180.1.21/compute/v2.1/servers/3d1e9644-5a7d-44b0-97bd-0fe56fde3559 0.230s
2024-12-15 00:55:25.861 65869 INFO tempest.lib.common.rest_client [req-685009d9-ed30-4a69-a10b-d9f478a1901f req-685009d9-ed30-4a69-a10b-d9f478a1901f ] Request (DeleteServersTestJSON:test_delete_server_while_in_attached_volume): 200 GET http://10.180.1.21/compute/v2.1/servers/8826aa32-09c5-4d0d-a543-e11f766c77c1 0.246s
2024-12-15 00:55:25.871 65857 INFO tempest.lib.common.rest_client [req-92aaf30a-156d-40a9-9f0c-c6dc377639c8 req-92aaf30a-156d-40a9-9f0c-c6dc377639c8 ] Request (ServersTestMultiNic:test_verify_duplicate_network_nics): 201 POST http://10.180.1.21:9696/networking/v2.0/subnets 0.258s
2024-12-15 00:55:25.897 65855 INFO tempest.lib.common.rest_client [req-588ebdd4-240f-45cf-9179-2cffe73a8493 req-588ebdd4-240f-45cf-9179-2cffe73a8493 ] Request (ServersNegativeTestMultiTenantJSON:tearDownClass): 200 GET http://10.180.1.21/compute/v2.1/servers/dc8a92f3-f7fc-4777-8a8a-0a9762fb8b0f 0.216s
2024-12-15 00:55:25.916 65831 INFO tempest.lib.common.rest_client [req-4c1729bd-c527-4849-97fa-231183edfeb0 req-4c1729bd-c527-4849-97fa-231183edfeb0 ] Request (ServerMetadataTestJSON:setUpClass): 200 GET http://10.180.1.21/compute/v2.1/servers/10210a11-05f4-485f-b5e4-fd50e23eba9d 0.157s
2024-12-15 00:55:25.977 65889 INFO tempest.lib.common.rest_client [req-592caac1-d03d-4eef-b1c2-d3476306e0a5 req-592caac1-d03d-4eef-b1c2-d3476306e0a5 ] Request (ImagesTestJSON:test_create_image_from_suspended_server): 200 GET http://10.180.1.21/compute/v2.1/servers/3cb203e8-a08e-49ce-a3c5-767874dab719 0.130s
2024-12-15 00:55:25.986 65839 WARNING tempest.lib.common.ssh [-] Failed to establish authenticated ssh connection to cirros@10.180.180.238 ([Errno None] Unable to connect to port 22 on 10.180.180.238). Number attempts: 4. Retry after 5 seconds.: paramiko.ssh_exception.NoValidConnectionsError: [Errno None] Unable to connect to port 22 on 10.180.180.238
2024-12-15 00:55:26.008 65857 INFO tempest.lib.common.rest_client [req-2e4fbb89-a817-4aa5-859f-43cae7933bf3 req-2e4fbb89-a817-4aa5-859f-43cae7933bf3 ] Request (ServersTestMultiNic:test_verify_duplicate_network_nics): 201 POST http://10.180.1.21:9696/networking/v2.0/networks 0.136s
2024-12-15 00:55:26.045 65835 INFO tempest.lib.common.rest_client [req-f0ce8da1-9771-4c2f-b0d7-3efd73c45bb5 req-f0ce8da1-9771-4c2f-b0d7-3efd73c45bb5 ] Request (ServerAddressesTestJSON:setUpClass): 200 GET http://10.180.1.21/compute/v2.1/servers/9ecdb3cc-9a99-49c5-8216-202787d0a6bc 0.198s
2024-12-15 00:55:26.089 65887 INFO tempest.lib.common.rest_client [req-a33a39e7-e54c-43d5-9aa4-fdf23afc5d0b req-a33a39e7-e54c-43d5-9aa4-fdf23afc5d0b ] Request (ServerActionsV293TestJSON:setUpClass): 200 GET http://10.180.1.21/compute/v2.1/servers/ea6ff7d5-ae57-4f21-b39b-8d5f53d19409 0.327s
2024-12-15 00:55:26.103 65871 INFO tempest.lib.common.rest_client [req-12558b0a-6818-4bd3-9899-8ef9092efefb req-12558b0a-6818-4bd3-9899-8ef9092efefb ] Request (AttachVolumeTestJSON:test_attach_detach_volume): 200 GET http://10.180.1.21/compute/v2.1/servers/700b21a6-33e0-430b-a2a9-172ac8d684af 0.199s
2024-12-15 00:55:26.149 65833 INFO tempest.lib.common.rest_client [req-28356ce9-bc56-46f6-a091-923850cdf70e req-28356ce9-bc56-46f6-a091-923850cdf70e ] Request (SecurityGroupsTestJSON:test_server_security_groups): 200 GET http://10.180.1.21/compute/v2.1/servers/e8a155e4-7149-48b6-9f42-c011e5e02f28 0.175s
2024-12-15 00:55:26.164 65843 INFO tempest.lib.common.rest_client [req-d879e594-160e-4396-a668-668efaa5edb5 req-d879e594-160e-4396-a668-668efaa5edb5 ] Request (ServersAdminTestJSON:test_create_server_with_scheduling_hint): 200 GET http://10.180.1.21/compute/v2.1/servers/36a927b6-2c0b-4df6-8d89-8865eff38548 0.128s
2024-12-15 00:55:26.253 65853 INFO tempest.lib.common.rest_client [req-d21e0fcf-aeb3-4bc2-aeda-22bcfe2e6d13 req-d21e0fcf-aeb3-4bc2-aeda-22bcfe2e6d13 ] Request (AttachInterfacesTestJSON:test_create_list_show_delete_interfaces_by_fixed_ip): 200 GET http://10.180.1.21/compute/v2.1/servers/bc88a35d-5b6d-4c84-86e4-f93d9d852adf 0.151s
2024-12-15 00:55:26.254 65857 INFO tempest.lib.common.rest_client [req-7304731e-153c-4123-9fd8-5c6556673817 req-7304731e-153c-4123-9fd8-5c6556673817 ] Request (ServersTestMultiNic:test_verify_duplicate_network_nics): 201 POST http://10.180.1.21:9696/networking/v2.0/subnets 0.246s
2024-12-15 00:55:26.295 65857 INFO tempest.lib.common.rest_client [req-2bc7a326-a0fa-4897-a89f-759d3179525b req-2bc7a326-a0fa-4897-a89f-759d3179525b ] Request (ServersTestMultiNic:test_verify_duplicate_network_nics): 201 POST http://10.180.1.21/identity/v3/auth/tokens 0.036s
2024-12-15 00:55:26.295 65857 INFO tempest.lib.common.fixed_network [-] (ServersTestMultiNic:test_verify_duplicate_network_nics) Found network {'id': 'de1d108c-4a10-4cdf-ab64-3e31d5a7ccbb', 'name': 'tempest-ServersTestMultiNic-761797258-network', 'tenant_id': '9d91f5a6c07b4f49be65c151294b96bb', 'admin_state_up': True, 'mtu': 8950, 'status': 'ACTIVE', 'subnets': [], 'shared': False, 'project_id': '9d91f5a6c07b4f49be65c151294b96bb', 'port_security_enabled': True, 'router:external': False, 'provider:network_type': 'vlan', 'provider:physical_network': 'default', 'provider:segmentation_id': 760, 'availability_zone_hints': [], 'availability_zones': [], 'ipv4_address_scope': None, 'ipv6_address_scope': None, 'description': '', 'tags': [], 'created_at': '2024-12-15T00:55:22Z', 'updated_at': '2024-12-15T00:55:22Z', 'revision_number': 1} available for tenant
2024-12-15 00:55:26.302 65883 INFO tempest.lib.common.rest_client [req-3da83baf-d620-4436-8ce9-e2e71aa5a206 req-3da83baf-d620-4436-8ce9-e2e71aa5a206 ] Request (ServersTestJSON:setUpClass): 200 GET http://10.180.1.21/compute/v2.1/servers/5dbe2308-8315-445f-9571-994de7e8d4d2 0.219s
2024-12-15 00:55:26.318 65867 INFO tempest.lib.common.rest_client [req-7d1198ff-9ab9-4039-acee-816e8521fef1 req-7d1198ff-9ab9-4039-acee-816e8521fef1 ] Request (ImagesOneServerNegativeTestJSON:setUpClass): 200 GET http://10.180.1.21/compute/v2.1/servers/0fa8ff2b-0a19-452f-af84-c4e5775e987b 0.170s
2024-12-15 00:55:26.360 65829 INFO tempest.lib.common.rest_client [req-3c9039e7-32bf-4272-a7e1-5915a08f1bee req-3c9039e7-32bf-4272-a7e1-5915a08f1bee ] Request (ServersNegativeTestJSON:setUpClass): 200 GET http://10.180.1.21/compute/v2.1/servers/418bb0c7-2734-4014-9f44-33cf0069c3e5 0.194s
2024-12-15 00:55:26.430 65873 INFO tempest.lib.common.rest_client [req-19c5b588-de4b-4a8a-8499-65f0bb04026b req-19c5b588-de4b-4a8a-8499-65f0bb04026b ] Request (ServerShowV247Test:tearDownClass): 200 GET http://10.180.1.21/compute/v2.1/servers/3ffe163d-7bf2-4d46-b91a-bff7062a0b7f 0.100s
2024-12-15 00:55:26.495 65879 INFO tempest.lib.common.rest_client [req-f5cbc344-feff-412a-9bb7-382f0f91e90a req-f5cbc344-feff-412a-9bb7-382f0f91e90a ] Request (DeleteServersAdminTestJSON:test_delete_server_while_in_error_state): 200 GET http://10.180.1.21/compute/v2.1/servers/5ff7f553-c513-494a-9f35-71d72944fa15 0.099s
2024-12-15 00:55:26.555 65837 INFO tempest.lib.common.rest_client [req-dba3d1ba-a437-4041-a562-b606e58f3a20 req-dba3d1ba-a437-4041-a562-b606e58f3a20 ] Request (ListImageFiltersTestJSON:setUpClass): 200 GET http://10.180.1.21/compute/v2.1/servers/20370a0d-4dd5-43b2-848b-0bfd8a895e1d 0.098s
2024-12-15 00:55:26.720 65845 INFO tempest.lib.common.rest_client [req-50dc9073-b477-4fc8-9e0b-d1ec965d771f req-50dc9073-b477-4fc8-9e0b-d1ec965d771f ] Request (MigrationsAdminTest:test_list_migrations_in_flavor_resize_situation): 200 GET http://10.180.1.21/compute/v2.1/servers/d4e3e9a1-c0a2-4d89-971b-bf00729ffe60 0.145s
2024-12-15 00:55:26.796 65881 INFO tempest.lib.common.rest_client [req-9a981685-e315-4b1c-b215-3b42a58faff3 req-9a981685-e315-4b1c-b215-3b42a58faff3 ] Request (ServerDiskConfigTestJSON:test_rebuild_server_with_auto_disk_config): 200 GET http://10.180.1.21/compute/v2.1/servers/0b186c48-92ed-4d81-ba08-911e507ffd73 0.141s
2024-12-15 00:55:26.849 65841 INFO tempest.lib.common.rest_client [req-715ef5f2-87a9-42d5-a7c3-1d41fee3881c req-715ef5f2-87a9-42d5-a7c3-1d41fee3881c ] Request (ServersTestManualDisk:setUpClass): 200 GET http://10.180.1.21/compute/v2.1/servers/fb4fbb3e-a9a6-433b-a44a-4808e1a7d4c5 0.156s
2024-12-15 00:55:26.897 65827 INFO tempest.lib.common.rest_client [req-cde937ee-36b5-4cba-a4f6-ab7ff00c7ded req-cde937ee-36b5-4cba-a4f6-ab7ff00c7ded ] Request (VolumesAdminNegativeTest:test_update_attached_volume_with_nonexistent_volume_in_body): 200 GET http://10.180.1.21/compute/v2.1/servers/a07a8de5-1b32-4574-b96d-f9a62f8ec445 0.170s
2024-12-15 00:55:26.942 65857 INFO tempest.lib.common.rest_client [req-070b8cd3-2e11-4ccc-a1e4-df2aac36d5f1 req-070b8cd3-2e11-4ccc-a1e4-df2aac36d5f1 ] Request (ServersTestMultiNic:test_verify_duplicate_network_nics): 202 POST http://10.180.1.21/compute/v2.1/servers 0.646s
2024-12-15 00:55:26.952 65849 INFO tempest.lib.common.rest_client [req-3c46a3eb-ff49-4f86-a78f-f767494825bb req-3c46a3eb-ff49-4f86-a78f-f767494825bb ] Request (FloatingIPsAssociationTestJSON:setUpClass): 200 GET http://10.180.1.21/compute/v2.1/servers/d7f9b5e1-bd68-48ce-97e2-aff43c7693af 0.199s
2024-12-15 00:55:26.993 65865 INFO tempest.lib.common.rest_client [req-1db167b8-563b-490e-a4ed-c49b2436855e req-1db167b8-563b-490e-a4ed-c49b2436855e ] Request (ServerAddressesNegativeTestJSON:setUpClass): 200 GET http://10.180.1.21/compute/v2.1/servers/749d4191-d3d8-438e-87c1-378fb54bf6ef 0.214s
2024-12-15 00:55:27.009 65851 INFO tempest.lib.common.rest_client [req-790eb02e-bc81-47e9-b96c-c9a9a9980e4c req-790eb02e-bc81-47e9-b96c-c9a9a9980e4c ] Request (ListServersNegativeTestJSON:tearDownClass): 200 GET http://10.180.1.21/compute/v2.1/servers/d94f5cbf-7211-4493-98ae-1ce38a6c27a4 0.186s
2024-12-15 00:55:27.063 65859 INFO tempest.lib.common.rest_client [req-5e293b92-aa74-4319-8946-76c47fe97e54 req-5e293b92-aa74-4319-8946-76c47fe97e54 ] Request (ServersAdminNegativeTestJSON:tearDownClass): 200 GET http://10.180.1.21/compute/v2.1/servers/3d1e9644-5a7d-44b0-97bd-0fe56fde3559 0.220s
2024-12-15 00:55:27.075 65869 INFO tempest.lib.common.rest_client [req-f3800334-8fed-4942-8955-3baae5e6eb4a req-f3800334-8fed-4942-8955-3baae5e6eb4a ] Request (DeleteServersTestJSON:test_delete_server_while_in_attached_volume): 200 GET http://10.180.1.21/compute/v2.1/servers/8826aa32-09c5-4d0d-a543-e11f766c77c1 0.203s
2024-12-15 00:55:27.125 65855 INFO tempest.lib.common.rest_client [req-18a1808e-2127-4073-9947-fa67c9096c0c req-18a1808e-2127-4073-9947-fa67c9096c0c ] Request (ServersNegativeTestMultiTenantJSON:tearDownClass): 200 GET http://10.180.1.21/compute/v2.1/servers/dc8a92f3-f7fc-4777-8a8a-0a9762fb8b0f 0.220s
2024-12-15 00:55:27.126 65831 INFO tempest.lib.common.rest_client [req-b7a9efcc-a014-4cfd-b74e-8246b6569ef9 req-b7a9efcc-a014-4cfd-b74e-8246b6569ef9 ] Request (ServerMetadataTestJSON:setUpClass): 200 GET http://10.180.1.21/compute/v2.1/servers/10210a11-05f4-485f-b5e4-fd50e23eba9d 0.202s
2024-12-15 00:55:27.165 65857 INFO tempest.lib.common.rest_client [req-4878bf08-9090-46f7-ab92-8a1f4c537ff2 req-4878bf08-9090-46f7-ab92-8a1f4c537ff2 ] Request (ServersTestMultiNic:test_verify_duplicate_network_nics): 200 GET http://10.180.1.21/compute/v2.1/servers/511e9ee9-adf1-4348-b8bb-f350236ccf03 0.221s
2024-12-15 00:55:27.178 65889 INFO tempest.lib.common.rest_client [req-1218a934-ede1-4e50-b65a-cb96178b33d0 req-1218a934-ede1-4e50-b65a-cb96178b33d0 ] Request (ImagesTestJSON:test_create_image_from_suspended_server): 200 GET http://10.180.1.21/compute/v2.1/servers/3cb203e8-a08e-49ce-a3c5-767874dab719 0.190s
2024-12-15 00:55:27.202 65847 WARNING tempest.lib.common.ssh [-] Failed to establish authenticated ssh connection to cirros@10.180.180.170 ([Errno None] Unable to connect to port 22 on 10.180.180.170). Number attempts: 8. Retry after 9 seconds.: paramiko.ssh_exception.NoValidConnectionsError: [Errno None] Unable to connect to port 22 on 10.180.180.170
2024-12-15 00:55:27.216 65835 INFO tempest.lib.common.rest_client [req-7819f152-27bc-45b7-b6a6-9b08c3093d73 req-7819f152-27bc-45b7-b6a6-9b08c3093d73 ] Request (ServerAddressesTestJSON:setUpClass): 200 GET http://10.180.1.21/compute/v2.1/servers/9ecdb3cc-9a99-49c5-8216-202787d0a6bc 0.164s
2024-12-15 00:55:27.271 65871 INFO tempest.lib.common.rest_client [req-a8415483-2830-47a1-a54c-a0ed40e362e1 req-a8415483-2830-47a1-a54c-a0ed40e362e1 ] Request (AttachVolumeTestJSON:test_attach_detach_volume): 200 GET http://10.180.1.21/compute/v2.1/servers/700b21a6-33e0-430b-a2a9-172ac8d684af 0.157s
2024-12-15 00:55:27.289 65887 INFO tempest.lib.common.rest_client [req-9c40b5d3-5f63-4495-b81f-ff610c1bb466 req-9c40b5d3-5f63-4495-b81f-ff610c1bb466 ] Request (ServerActionsV293TestJSON:setUpClass): 200 GET http://10.180.1.21/compute/v2.1/servers/ea6ff7d5-ae57-4f21-b39b-8d5f53d19409 0.188s
2024-12-15 00:55:27.316 65833 INFO tempest.lib.common.rest_client [req-698be94b-1cdf-4608-aabc-3442ebb0a38d req-698be94b-1cdf-4608-aabc-3442ebb0a38d ] Request (SecurityGroupsTestJSON:test_server_security_groups): 200 GET http://10.180.1.21/compute/v2.1/servers/e8a155e4-7149-48b6-9f42-c011e5e02f28 0.156s
2024-12-15 00:55:27.331 65843 INFO tempest.lib.common.rest_client [req-87bdc88d-a049-4994-83a7-f91e49d642af req-87bdc88d-a049-4994-83a7-f91e49d642af ] Request (ServersAdminTestJSON:test_create_server_with_scheduling_hint): 200 GET http://10.180.1.21/compute/v2.1/servers/36a927b6-2c0b-4df6-8d89-8865eff38548 0.159s
2024-12-15 00:55:27.360 65853 INFO tempest.lib.common.rest_client [req-44627d63-de6d-4ac9-9908-1aba12f44291 req-44627d63-de6d-4ac9-9908-1aba12f44291 ] Request (AttachInterfacesTestJSON:test_create_list_show_delete_interfaces_by_fixed_ip): 200 GET http://10.180.1.21/compute/v2.1/servers/bc88a35d-5b6d-4c84-86e4-f93d9d852adf 0.098s
2024-12-15 00:55:27.411 65867 INFO tempest.lib.common.rest_client [req-e0166f11-96ed-43f9-9fcc-62d67df0ef95 req-e0166f11-96ed-43f9-9fcc-62d67df0ef95 ] Request (ImagesOneServerNegativeTestJSON:setUpClass): 200 GET http://10.180.1.21/compute/v2.1/servers/0fa8ff2b-0a19-452f-af84-c4e5775e987b 0.085s
2024-12-15 00:55:27.417 65867 INFO tempest.common.waiters [-] State transition "BUILD/None" ==> "BUILD/networking" after 65 second wait
2024-12-15 00:55:27.424 65883 INFO tempest.lib.common.rest_client [req-12e79311-2674-45a6-9477-b8efcdc9aa65 req-12e79311-2674-45a6-9477-b8efcdc9aa65 ] Request (ServersTestJSON:setUpClass): 200 GET http://10.180.1.21/compute/v2.1/servers/5dbe2308-8315-445f-9571-994de7e8d4d2 0.115s
2024-12-15 00:55:27.452 65829 INFO tempest.lib.common.rest_client [req-ff10c2bb-9f1f-4e7a-b6d4-eb4dc3ce15e8 req-ff10c2bb-9f1f-4e7a-b6d4-eb4dc3ce15e8 ] Request (ServersNegativeTestJSON:setUpClass): 200 GET http://10.180.1.21/compute/v2.1/servers/418bb0c7-2734-4014-9f44-33cf0069c3e5 0.085s
2024-12-15 00:55:27.496 65873 INFO tempest.lib.common.rest_client [req-dc745ab4-14dd-460a-99b4-34e56f71ce40 req-dc745ab4-14dd-460a-99b4-34e56f71ce40 ] Request (ServerShowV247Test:tearDownClass): 200 GET http://10.180.1.21/compute/v2.1/servers/3ffe163d-7bf2-4d46-b91a-bff7062a0b7f 0.056s
2024-12-15 00:55:27.561 65879 INFO tempest.lib.common.rest_client [req-5f97f0ef-93b6-4ea0-85ba-f92070bfe31e req-5f97f0ef-93b6-4ea0-85ba-f92070bfe31e ] Request (DeleteServersAdminTestJSON:test_delete_server_while_in_error_state): 200 GET http://10.180.1.21/compute/v2.1/servers/5ff7f553-c513-494a-9f35-71d72944fa15 0.058s
2024-12-15 00:55:27.618 65837 INFO tempest.lib.common.rest_client [req-ccd6a348-8caa-4b4b-8357-fcf3c0a40bbc req-ccd6a348-8caa-4b4b-8357-fcf3c0a40bbc ] Request (ListImageFiltersTestJSON:setUpClass): 200 GET http://10.180.1.21/compute/v2.1/servers/20370a0d-4dd5-43b2-848b-0bfd8a895e1d 0.049s
2024-12-15 00:55:27.840 65845 INFO tempest.lib.common.rest_client [req-72a636cf-35c4-4b37-bc98-975ccf61f2bd req-72a636cf-35c4-4b37-bc98-975ccf61f2bd ] Request (MigrationsAdminTest:test_list_migrations_in_flavor_resize_situation): 200 GET http://10.180.1.21/compute/v2.1/servers/d4e3e9a1-c0a2-4d89-971b-bf00729ffe60 0.108s
2024-12-15 00:55:27.859 65881 INFO tempest.lib.common.rest_client [req-fa6ec06d-3554-4f7a-b897-4eabac29e41d req-fa6ec06d-3554-4f7a-b897-4eabac29e41d ] Request (ServerDiskConfigTestJSON:test_rebuild_server_with_auto_disk_config): 200 GET http://10.180.1.21/compute/v2.1/servers/0b186c48-92ed-4d81-ba08-911e507ffd73 0.055s
2024-12-15 00:55:27.904 65841 INFO tempest.lib.common.rest_client [req-93876a40-8031-4822-a4f3-edc2a1899ffa req-93876a40-8031-4822-a4f3-edc2a1899ffa ] Request (ServersTestManualDisk:setUpClass): 200 GET http://10.180.1.21/compute/v2.1/servers/fb4fbb3e-a9a6-433b-a44a-4808e1a7d4c5 0.048s
2024-12-15 00:55:27.951 65827 INFO tempest.lib.common.rest_client [req-4da9fb25-c0e5-4239-adbe-db58c06a1d81 req-4da9fb25-c0e5-4239-adbe-db58c06a1d81 ] Request (VolumesAdminNegativeTest:test_update_attached_volume_with_nonexistent_volume_in_body): 200 GET http://10.180.1.21/compute/v2.1/servers/a07a8de5-1b32-4574-b96d-f9a62f8ec445 0.047s
2024-12-15 00:55:28.009 65849 INFO tempest.lib.common.rest_client [req-d09edc19-456b-4488-b816-834ba3b0914e req-d09edc19-456b-4488-b816-834ba3b0914e ] Request (FloatingIPsAssociationTestJSON:setUpClass): 200 GET http://10.180.1.21/compute/v2.1/servers/d7f9b5e1-bd68-48ce-97e2-aff43c7693af 0.048s
2024-12-15 00:55:28.051 65865 INFO tempest.lib.common.rest_client [req-6b939fdc-7c8c-4e8e-b16d-f253f7563f39 req-6b939fdc-7c8c-4e8e-b16d-f253f7563f39 ] Request (ServerAddressesNegativeTestJSON:setUpClass): 200 GET http://10.180.1.21/compute/v2.1/servers/749d4191-d3d8-438e-87c1-378fb54bf6ef 0.050s
2024-12-15 00:55:28.083 65851 INFO tempest.lib.common.rest_client [req-0a12128f-2f5f-4e13-81af-6cf9646976d2 req-0a12128f-2f5f-4e13-81af-6cf9646976d2 ] Request (ListServersNegativeTestJSON:tearDownClass): 200 GET http://10.180.1.21/compute/v2.1/servers/d94f5cbf-7211-4493-98ae-1ce38a6c27a4 0.059s
2024-12-15 00:55:28.126 65859 INFO tempest.lib.common.rest_client [req-7e11970c-aea1-4ab4-aa48-3c0d2e8f7f61 req-7e11970c-aea1-4ab4-aa48-3c0d2e8f7f61 ] Request (ServersAdminNegativeTestJSON:tearDownClass): 200 GET http://10.180.1.21/compute/v2.1/servers/3d1e9644-5a7d-44b0-97bd-0fe56fde3559 0.055s
2024-12-15 00:55:28.142 65869 INFO tempest.lib.common.rest_client [req-962e3392-9a28-4e90-9cce-bf166433c4f4 req-962e3392-9a28-4e90-9cce-bf166433c4f4 ] Request (DeleteServersTestJSON:test_delete_server_while_in_attached_volume): 200 GET http://10.180.1.21/compute/v2.1/servers/8826aa32-09c5-4d0d-a543-e11f766c77c1 0.057s
2024-12-15 00:55:28.210 65855 INFO tempest.lib.common.rest_client [req-3661952d-525f-4ec4-b10e-84851d12acd0 req-3661952d-525f-4ec4-b10e-84851d12acd0 ] Request (ServersNegativeTestMultiTenantJSON:tearDownClass): 200 GET http://10.180.1.21/compute/v2.1/servers/dc8a92f3-f7fc-4777-8a8a-0a9762fb8b0f 0.079s
2024-12-15 00:55:28.210 65831 INFO tempest.lib.common.rest_client [req-02f836c6-b0c4-431e-800c-3441fe70e605 req-02f836c6-b0c4-431e-800c-3441fe70e605 ] Request (ServerMetadataTestJSON:setUpClass): 200 GET http://10.180.1.21/compute/v2.1/servers/10210a11-05f4-485f-b5e4-fd50e23eba9d 0.078s
2024-12-15 00:55:28.265 65889 INFO tempest.lib.common.rest_client [req-d708f788-e4e0-4fcd-97d5-db5b30024541 req-d708f788-e4e0-4fcd-97d5-db5b30024541 ] Request (ImagesTestJSON:test_create_image_from_suspended_server): 200 GET http://10.180.1.21/compute/v2.1/servers/3cb203e8-a08e-49ce-a3c5-767874dab719 0.080s
2024-12-15 00:55:28.268 65857 INFO tempest.lib.common.rest_client [req-e7304011-a2fd-4511-93fe-5d00f39a2085 req-e7304011-a2fd-4511-93fe-5d00f39a2085 ] Request (ServersTestMultiNic:test_verify_duplicate_network_nics): 200 GET http://10.180.1.21/compute/v2.1/servers/511e9ee9-adf1-4348-b8bb-f350236ccf03 0.093s
2024-12-15 00:55:28.312 65835 INFO tempest.lib.common.rest_client [req-31359dc7-99fe-487d-bbc6-7c8ca1fd1107 req-31359dc7-99fe-487d-bbc6-7c8ca1fd1107 ] Request (ServerAddressesTestJSON:setUpClass): 200 GET http://10.180.1.21/compute/v2.1/servers/9ecdb3cc-9a99-49c5-8216-202787d0a6bc 0.088s
2024-12-15 00:55:28.328 65871 INFO tempest.lib.common.rest_client [req-c1402187-c218-4f90-b5a9-c52dffc32d63 req-c1402187-c218-4f90-b5a9-c52dffc32d63 ] Request (AttachVolumeTestJSON:test_attach_detach_volume): 200 GET http://10.180.1.21/compute/v2.1/servers/700b21a6-33e0-430b-a2a9-172ac8d684af 0.050s
2024-12-15 00:55:28.382 65833 INFO tempest.lib.common.rest_client [req-a5dae940-cdef-4b9d-8e43-e40e93336f17 req-a5dae940-cdef-4b9d-8e43-e40e93336f17 ] Request (SecurityGroupsTestJSON:test_server_security_groups): 200 GET http://10.180.1.21/compute/v2.1/servers/e8a155e4-7149-48b6-9f42-c011e5e02f28 0.058s
2024-12-15 00:55:28.429 65843 INFO tempest.lib.common.rest_client [req-c0f0e017-8771-4545-a81f-2e7b7d1b216d req-c0f0e017-8771-4545-a81f-2e7b7d1b216d ] Request (ServersAdminTestJSON:test_create_server_with_scheduling_hint): 200 GET http://10.180.1.21/compute/v2.1/servers/36a927b6-2c0b-4df6-8d89-8865eff38548 0.091s
2024-12-15 00:55:28.439 65887 INFO tempest.lib.common.rest_client [req-7adbb984-c19d-4556-8e2a-4a186ee01e6b req-7adbb984-c19d-4556-8e2a-4a186ee01e6b ] Request (ServerActionsV293TestJSON:setUpClass): 200 GET http://10.180.1.21/compute/v2.1/servers/ea6ff7d5-ae57-4f21-b39b-8d5f53d19409 0.140s
2024-12-15 00:55:28.487 65853 INFO tempest.lib.common.rest_client [req-fd3fffbe-18e2-4791-ab08-934033240513 req-fd3fffbe-18e2-4791-ab08-934033240513 ] Request (AttachInterfacesTestJSON:test_create_list_show_delete_interfaces_by_fixed_ip): 200 GET http://10.180.1.21/compute/v2.1/servers/bc88a35d-5b6d-4c84-86e4-f93d9d852adf 0.121s
2024-12-15 00:55:28.607 65867 INFO tempest.lib.common.rest_client [req-b6476917-b69b-46ac-b108-b0a9613d34e0 req-b6476917-b69b-46ac-b108-b0a9613d34e0 ] Request (ImagesOneServerNegativeTestJSON:setUpClass): 200 GET http://10.180.1.21/compute/v2.1/servers/0fa8ff2b-0a19-452f-af84-c4e5775e987b 0.189s
2024-12-15 00:55:28.613 65867 INFO tempest.common.waiters [-] State transition "BUILD/networking" ==> "BUILD/block_device_mapping" after 66 second wait
2024-12-15 00:55:28.614 65883 INFO tempest.lib.common.rest_client [req-6b2a15e7-5fff-4d72-ac47-432fe5aef6c9 req-6b2a15e7-5fff-4d72-ac47-432fe5aef6c9 ] Request (ServersTestJSON:setUpClass): 200 GET http://10.180.1.21/compute/v2.1/servers/5dbe2308-8315-445f-9571-994de7e8d4d2 0.183s
2024-12-15 00:55:28.663 65829 INFO tempest.lib.common.rest_client [req-59d442f6-03bc-4c60-819f-5c2bbbe83fca req-59d442f6-03bc-4c60-819f-5c2bbbe83fca ] Request (ServersNegativeTestJSON:setUpClass): 200 GET http://10.180.1.21/compute/v2.1/servers/418bb0c7-2734-4014-9f44-33cf0069c3e5 0.203s
2024-12-15 00:55:28.682 65873 INFO tempest.lib.common.rest_client [req-c863b14c-8258-4e03-8b9c-f41531b6c6cb req-c863b14c-8258-4e03-8b9c-f41531b6c6cb ] Request (ServerShowV247Test:tearDownClass): 200 GET http://10.180.1.21/compute/v2.1/servers/3ffe163d-7bf2-4d46-b91a-bff7062a0b7f 0.178s
2024-12-15 00:55:28.734 65879 INFO tempest.lib.common.rest_client [req-78d5d5bd-aeac-4625-8a4b-98ec611a3ffd req-78d5d5bd-aeac-4625-8a4b-98ec611a3ffd ] Request (DeleteServersAdminTestJSON:test_delete_server_while_in_error_state): 200 GET http://10.180.1.21/compute/v2.1/servers/5ff7f553-c513-494a-9f35-71d72944fa15 0.166s
2024-12-15 00:55:28.739 65837 INFO tempest.lib.common.rest_client [req-02d125c1-03fc-4b65-8e2e-b1d0bda6cd80 req-02d125c1-03fc-4b65-8e2e-b1d0bda6cd80 ] Request (ListImageFiltersTestJSON:setUpClass): 200 GET http://10.180.1.21/compute/v2.1/servers/20370a0d-4dd5-43b2-848b-0bfd8a895e1d 0.110s
2024-12-15 00:55:28.913 65881 INFO tempest.lib.common.rest_client [req-42ea5113-4690-4177-958f-a7f0c174375c req-42ea5113-4690-4177-958f-a7f0c174375c ] Request (ServerDiskConfigTestJSON:test_rebuild_server_with_auto_disk_config): 200 GET http://10.180.1.21/compute/v2.1/servers/0b186c48-92ed-4d81-ba08-911e507ffd73 0.046s
2024-12-15 00:55:28.958 65841 INFO tempest.lib.common.rest_client [req-dea82082-f410-40bd-8efc-f300a9a0a24d req-dea82082-f410-40bd-8efc-f300a9a0a24d ] Request (ServersTestManualDisk:setUpClass): 200 GET http://10.180.1.21/compute/v2.1/servers/fb4fbb3e-a9a6-433b-a44a-4808e1a7d4c5 0.046s
2024-12-15 00:55:28.978 65845 INFO tempest.lib.common.rest_client [req-dbc4ad7e-f3d1-4dd7-a46b-08b19834fef3 req-dbc4ad7e-f3d1-4dd7-a46b-08b19834fef3 ] Request (MigrationsAdminTest:test_list_migrations_in_flavor_resize_situation): 200 GET http://10.180.1.21/compute/v2.1/servers/d4e3e9a1-c0a2-4d89-971b-bf00729ffe60 0.130s
2024-12-15 00:55:28.999 65827 INFO tempest.lib.common.rest_client [req-3865dabe-d3ec-43dc-aeaf-a033d7813127 req-3865dabe-d3ec-43dc-aeaf-a033d7813127 ] Request (VolumesAdminNegativeTest:test_update_attached_volume_with_nonexistent_volume_in_body): 200 GET http://10.180.1.21/compute/v2.1/servers/a07a8de5-1b32-4574-b96d-f9a62f8ec445 0.041s
2024-12-15 00:55:29.063 65849 INFO tempest.lib.common.rest_client [req-82343349-da5b-4151-910c-55f2c55ade0a req-82343349-da5b-4151-910c-55f2c55ade0a ] Request (FloatingIPsAssociationTestJSON:setUpClass): 200 GET http://10.180.1.21/compute/v2.1/servers/d7f9b5e1-bd68-48ce-97e2-aff43c7693af 0.047s
2024-12-15 00:55:29.103 65865 INFO tempest.lib.common.rest_client [req-527c9f35-f07f-4e3a-b0c4-7a46b60d154e req-527c9f35-f07f-4e3a-b0c4-7a46b60d154e ] Request (ServerAddressesNegativeTestJSON:setUpClass): 200 GET http://10.180.1.21/compute/v2.1/servers/749d4191-d3d8-438e-87c1-378fb54bf6ef 0.045s
2024-12-15 00:55:29.155 65851 INFO tempest.lib.common.rest_client [req-ef923990-f09d-4618-9fb5-39ece9a893a9 req-ef923990-f09d-4618-9fb5-39ece9a893a9 ] Request (ListServersNegativeTestJSON:tearDownClass): 200 GET http://10.180.1.21/compute/v2.1/servers/d94f5cbf-7211-4493-98ae-1ce38a6c27a4 0.065s
2024-12-15 00:55:29.193 65859 INFO tempest.lib.common.rest_client [req-075bd81a-b225-43bc-8925-6ff7379520eb req-075bd81a-b225-43bc-8925-6ff7379520eb ] Request (ServersAdminNegativeTestJSON:tearDownClass): 200 GET http://10.180.1.21/compute/v2.1/servers/3d1e9644-5a7d-44b0-97bd-0fe56fde3559 0.058s
2024-12-15 00:55:29.204 65869 INFO tempest.lib.common.rest_client [req-a1f549eb-a800-43e4-bc42-08523502eb91 req-a1f549eb-a800-43e4-bc42-08523502eb91 ] Request (DeleteServersTestJSON:test_delete_server_while_in_attached_volume): 200 GET http://10.180.1.21/compute/v2.1/servers/8826aa32-09c5-4d0d-a543-e11f766c77c1 0.051s
2024-12-15 00:55:29.281 65831 INFO tempest.lib.common.rest_client [req-77d756c9-9b88-4e46-990d-f122c0ea0a14 req-77d756c9-9b88-4e46-990d-f122c0ea0a14 ] Request (ServerMetadataTestJSON:setUpClass): 200 GET http://10.180.1.21/compute/v2.1/servers/10210a11-05f4-485f-b5e4-fd50e23eba9d 0.063s
2024-12-15 00:55:29.282 65855 INFO tempest.lib.common.rest_client [req-072f2d3a-a697-4eef-af88-43c0722df1ef req-072f2d3a-a697-4eef-af88-43c0722df1ef ] Request (ServersNegativeTestMultiTenantJSON:tearDownClass): 200 GET http://10.180.1.21/compute/v2.1/servers/dc8a92f3-f7fc-4777-8a8a-0a9762fb8b0f 0.065s
2024-12-15 00:55:29.337 65889 INFO tempest.lib.common.rest_client [req-4ff09a22-6b32-4290-894e-162ccf986cd9 req-4ff09a22-6b32-4290-894e-162ccf986cd9 ] Request (ImagesTestJSON:test_create_image_from_suspended_server): 200 GET http://10.180.1.21/compute/v2.1/servers/3cb203e8-a08e-49ce-a3c5-767874dab719 0.065s
2024-12-15 00:55:29.338 65857 INFO tempest.lib.common.rest_client [req-11ad6347-8adf-4ff5-9149-a57f82d864c5 req-11ad6347-8adf-4ff5-9149-a57f82d864c5 ] Request (ServersTestMultiNic:test_verify_duplicate_network_nics): 200 GET http://10.180.1.21/compute/v2.1/servers/511e9ee9-adf1-4348-b8bb-f350236ccf03 0.064s
2024-12-15 00:55:29.392 65835 INFO tempest.lib.common.rest_client [req-3d3db014-7f4d-45a6-9f15-6b8d50cbaea7 req-3d3db014-7f4d-45a6-9f15-6b8d50cbaea7 ] Request (ServerAddressesTestJSON:setUpClass): 200 GET http://10.180.1.21/compute/v2.1/servers/9ecdb3cc-9a99-49c5-8216-202787d0a6bc 0.072s
2024-12-15 00:55:29.397 65871 INFO tempest.lib.common.rest_client [req-2253d4e8-07dc-4d46-a743-eaee542da243 req-2253d4e8-07dc-4d46-a743-eaee542da243 ] Request (AttachVolumeTestJSON:test_attach_detach_volume): 200 GET http://10.180.1.21/compute/v2.1/servers/700b21a6-33e0-430b-a2a9-172ac8d684af 0.061s
2024-12-15 00:55:29.447 65833 INFO tempest.lib.common.rest_client [req-9d6787ec-a04e-4da8-9be1-f2c6fdb3e8a9 req-9d6787ec-a04e-4da8-9be1-f2c6fdb3e8a9 ] Request (SecurityGroupsTestJSON:test_server_security_groups): 200 GET http://10.180.1.21/compute/v2.1/servers/e8a155e4-7149-48b6-9f42-c011e5e02f28 0.059s
2024-12-15 00:55:29.492 65843 INFO tempest.lib.common.rest_client [req-57404816-2b83-4e0e-b36a-594e0b91a210 req-57404816-2b83-4e0e-b36a-594e0b91a210 ] Request (ServersAdminTestJSON:test_create_server_with_scheduling_hint): 200 GET http://10.180.1.21/compute/v2.1/servers/36a927b6-2c0b-4df6-8d89-8865eff38548 0.056s
2024-12-15 00:55:29.551 65853 INFO tempest.lib.common.rest_client [req-4d767b41-aaf5-4a4e-80a9-a06a6dab4b38 req-4d767b41-aaf5-4a4e-80a9-a06a6dab4b38 ] Request (AttachInterfacesTestJSON:test_create_list_show_delete_interfaces_by_fixed_ip): 200 GET http://10.180.1.21/compute/v2.1/servers/bc88a35d-5b6d-4c84-86e4-f93d9d852adf 0.054s
2024-12-15 00:55:29.571 65887 INFO tempest.lib.common.rest_client [req-62354761-0024-4660-8618-e947dcefed1d req-62354761-0024-4660-8618-e947dcefed1d ] Request (ServerActionsV293TestJSON:setUpClass): 200 GET http://10.180.1.21/compute/v2.1/servers/ea6ff7d5-ae57-4f21-b39b-8d5f53d19409 0.116s
2024-12-15 00:55:29.759 65867 INFO tempest.lib.common.rest_client [req-6ad443f0-0b7e-4f1b-828f-2b59f5b89f5f req-6ad443f0-0b7e-4f1b-828f-2b59f5b89f5f ] Request (ImagesOneServerNegativeTestJSON:setUpClass): 200 GET http://10.180.1.21/compute/v2.1/servers/0fa8ff2b-0a19-452f-af84-c4e5775e987b 0.145s
2024-12-15 00:55:29.759 65883 INFO tempest.lib.common.rest_client [req-7ce1c723-20c0-4ae9-8697-9b4e5a40a3ba req-7ce1c723-20c0-4ae9-8697-9b4e5a40a3ba ] Request (ServersTestJSON:setUpClass): 200 GET http://10.180.1.21/compute/v2.1/servers/5dbe2308-8315-445f-9571-994de7e8d4d2 0.138s
2024-12-15 00:55:29.765 65867 INFO tempest.common.waiters [-] State transition "BUILD/block_device_mapping" ==> "BUILD/spawning" after 67 second wait
2024-12-15 00:55:29.766 65883 INFO tempest.common.waiters [-] State transition "BUILD/spawning" ==> "ACTIVE/None" after 70 second wait
2024-12-15 00:55:29.831 65829 INFO tempest.lib.common.rest_client [req-f675f38b-a629-4644-8038-f7e81b3e8ed3 req-f675f38b-a629-4644-8038-f7e81b3e8ed3 ] Request (ServersNegativeTestJSON:setUpClass): 200 GET http://10.180.1.21/compute/v2.1/servers/418bb0c7-2734-4014-9f44-33cf0069c3e5 0.160s
2024-12-15 00:55:29.834 65873 INFO tempest.lib.common.rest_client [req-15f62dd9-2f87-4357-ae3e-c4726271fa94 req-15f62dd9-2f87-4357-ae3e-c4726271fa94 ] Request (ServerShowV247Test:tearDownClass): 200 GET http://10.180.1.21/compute/v2.1/servers/3ffe163d-7bf2-4d46-b91a-bff7062a0b7f 0.140s
2024-12-15 00:55:30.070 65879 INFO tempest.lib.common.rest_client [req-a2e7e4c7-9907-47d5-9ec4-75cc961ed3a5 req-a2e7e4c7-9907-47d5-9ec4-75cc961ed3a5 ] Request (DeleteServersAdminTestJSON:test_delete_server_while_in_error_state): 200 GET http://10.180.1.21/compute/v2.1/servers/5ff7f553-c513-494a-9f35-71d72944fa15 0.330s
2024-12-15 00:55:30.070 65837 INFO tempest.lib.common.rest_client [req-ce273765-05b5-4845-a578-38ed80a17243 req-ce273765-05b5-4845-a578-38ed80a17243 ] Request (ListImageFiltersTestJSON:setUpClass): 200 GET http://10.180.1.21/compute/v2.1/servers/20370a0d-4dd5-43b2-848b-0bfd8a895e1d 0.324s
2024-12-15 00:55:30.120 65881 INFO tempest.lib.common.rest_client [req-6dae084b-47ef-4070-94f9-82d8e7898b31 req-6dae084b-47ef-4070-94f9-82d8e7898b31 ] Request (ServerDiskConfigTestJSON:test_rebuild_server_with_auto_disk_config): 200 GET http://10.180.1.21/compute/v2.1/servers/0b186c48-92ed-4d81-ba08-911e507ffd73 0.200s
2024-12-15 00:55:30.166 65841 INFO tempest.lib.common.rest_client [req-cad09f31-95ff-41ae-a72b-85dd322f53c9 req-cad09f31-95ff-41ae-a72b-85dd322f53c9 ] Request (ServersTestManualDisk:setUpClass): 200 GET http://10.180.1.21/compute/v2.1/servers/fb4fbb3e-a9a6-433b-a44a-4808e1a7d4c5 0.201s
2024-12-15 00:55:30.175 65883 INFO tempest.lib.common.rest_client [req-18634721-a2e6-4b7e-9b58-3ccc2e40065b req-18634721-a2e6-4b7e-9b58-3ccc2e40065b ] Request (ServersTestJSON:setUpClass): 200 GET http://10.180.1.21/compute/v2.1/servers/5dbe2308-8315-445f-9571-994de7e8d4d2/os-interface 0.409s
2024-12-15 00:55:30.236 65827 INFO tempest.lib.common.rest_client [req-20953990-4528-453e-b916-71fe3c0c8020 req-20953990-4528-453e-b916-71fe3c0c8020 ] Request (VolumesAdminNegativeTest:test_update_attached_volume_with_nonexistent_volume_in_body): 200 GET http://10.180.1.21/compute/v2.1/servers/a07a8de5-1b32-4574-b96d-f9a62f8ec445 0.229s
2024-12-15 00:55:30.286 65849 INFO tempest.lib.common.rest_client [req-aba5b1ba-0ce0-4e38-a3e6-632a19b5568e req-aba5b1ba-0ce0-4e38-a3e6-632a19b5568e ] Request (FloatingIPsAssociationTestJSON:setUpClass): 200 GET http://10.180.1.21/compute/v2.1/servers/d7f9b5e1-bd68-48ce-97e2-aff43c7693af 0.215s
2024-12-15 00:55:30.318 65845 INFO tempest.lib.common.rest_client [req-72402fe3-cbcb-42c3-9900-3dc62a985e3b req-72402fe3-cbcb-42c3-9900-3dc62a985e3b ] Request (MigrationsAdminTest:test_list_migrations_in_flavor_resize_situation): 200 GET http://10.180.1.21/compute/v2.1/servers/d4e3e9a1-c0a2-4d89-971b-bf00729ffe60 0.333s
2024-12-15 00:55:30.340 65865 INFO tempest.lib.common.rest_client [req-6c4951a2-6c7b-4fbe-8730-1e8f8dda560e req-6c4951a2-6c7b-4fbe-8730-1e8f8dda560e ] Request (ServerAddressesNegativeTestJSON:setUpClass): 200 GET http://10.180.1.21/compute/v2.1/servers/749d4191-d3d8-438e-87c1-378fb54bf6ef 0.228s
2024-12-15 00:55:30.376 65851 INFO tempest.lib.common.rest_client [req-151a1e2d-4786-48b1-8d7e-3f61c3277aea req-151a1e2d-4786-48b1-8d7e-3f61c3277aea ] Request (ListServersNegativeTestJSON:tearDownClass): 200 GET http://10.180.1.21/compute/v2.1/servers/d94f5cbf-7211-4493-98ae-1ce38a6c27a4 0.213s
2024-12-15 00:55:30.400 65859 INFO tempest.lib.common.rest_client [req-f002975b-1f1d-460b-aed6-c2d85e238732 req-f002975b-1f1d-460b-aed6-c2d85e238732 ] Request (ServersAdminNegativeTestJSON:tearDownClass): 200 GET http://10.180.1.21/compute/v2.1/servers/3d1e9644-5a7d-44b0-97bd-0fe56fde3559 0.201s
2024-12-15 00:55:30.437 65869 INFO tempest.lib.common.rest_client [req-d9e5fcb0-ff73-454f-bdba-c231c75d5476 req-d9e5fcb0-ff73-454f-bdba-c231c75d5476 ] Request (DeleteServersTestJSON:test_delete_server_while_in_attached_volume): 200 GET http://10.180.1.21/compute/v2.1/servers/8826aa32-09c5-4d0d-a543-e11f766c77c1 0.226s
2024-12-15 00:55:30.456 65855 INFO tempest.lib.common.rest_client [req-eea2f053-27fc-4f09-abb6-5f6eba4319ee req-eea2f053-27fc-4f09-abb6-5f6eba4319ee ] Request (ServersNegativeTestMultiTenantJSON:tearDownClass): 200 GET http://10.180.1.21/compute/v2.1/servers/dc8a92f3-f7fc-4777-8a8a-0a9762fb8b0f 0.166s
2024-12-15 00:55:30.489 65831 INFO tempest.lib.common.rest_client [req-69b309f8-789b-4ea8-85a0-0dcf259d9253 req-69b309f8-789b-4ea8-85a0-0dcf259d9253 ] Request (ServerMetadataTestJSON:setUpClass): 200 GET http://10.180.1.21/compute/v2.1/servers/10210a11-05f4-485f-b5e4-fd50e23eba9d 0.197s
2024-12-15 00:55:30.507 65889 INFO tempest.lib.common.rest_client [req-22dda9e7-1ad6-42f7-955a-a3180d8465cc req-22dda9e7-1ad6-42f7-955a-a3180d8465cc ] Request (ImagesTestJSON:test_create_image_from_suspended_server): 200 GET http://10.180.1.21/compute/v2.1/servers/3cb203e8-a08e-49ce-a3c5-767874dab719 0.162s
2024-12-15 00:55:30.550 65857 INFO tempest.lib.common.rest_client [req-f0052457-75c8-4dbf-ac97-10b4005361db req-f0052457-75c8-4dbf-ac97-10b4005361db ] Request (ServersTestMultiNic:test_verify_duplicate_network_nics): 200 GET http://10.180.1.21/compute/v2.1/servers/511e9ee9-adf1-4348-b8bb-f350236ccf03 0.204s
2024-12-15 00:55:30.564 65835 INFO tempest.lib.common.rest_client [req-734e3ce7-c379-4fb3-9ff9-0ee534e56e9a req-734e3ce7-c379-4fb3-9ff9-0ee534e56e9a ] Request (ServerAddressesTestJSON:setUpClass): 200 GET http://10.180.1.21/compute/v2.1/servers/9ecdb3cc-9a99-49c5-8216-202787d0a6bc 0.164s
2024-12-15 00:55:30.609 65871 INFO tempest.lib.common.rest_client [req-5a238c0a-6cce-4ed6-99c4-52347cf4d1aa req-5a238c0a-6cce-4ed6-99c4-52347cf4d1aa ] Request (AttachVolumeTestJSON:test_attach_detach_volume): 200 GET http://10.180.1.21/compute/v2.1/servers/700b21a6-33e0-430b-a2a9-172ac8d684af 0.198s
2024-12-15 00:55:30.614 65833 INFO tempest.lib.common.rest_client [req-d2aeeddd-1c4e-4690-81c7-930799640f2c req-d2aeeddd-1c4e-4690-81c7-930799640f2c ] Request (SecurityGroupsTestJSON:test_server_security_groups): 200 GET http://10.180.1.21/compute/v2.1/servers/e8a155e4-7149-48b6-9f42-c011e5e02f28 0.161s
