2024-10-10 13:08:55.836 62169 INFO tempest.lib.common.rest_client [req-5b30e055-a637-4228-8de8-5c595a3c8836 req-5b30e055-a637-4228-8de8-5c595a3c8836 ] Request (ServersListShow296Test:setUpClass): 201 POST http://10.180.1.21/identity/v3/auth/tokens 0.063s
2024-10-10 13:08:55.846 62145 INFO tempest.lib.common.rest_client [req-9fab790a-5f53-42cd-850b-78957c7106e4 req-9fab790a-5f53-42cd-850b-78957c7106e4 ] Request (ServerMetadataTestJSON:setUpClass): 204 PUT http://10.180.1.21/identity/v3/projects/b8527f7733f44fd78cd259584ea40a99/users/c1ba3b490b60492d9117e814ffb44785/roles/f3c7ff186b814538b27d1057958cd3c4 0.028s
2024-10-10 13:08:55.846 62145 INFO tempest.lib.common.dynamic_creds [-] Dynamic test user c1ba3b490b60492d9117e814ffb44785 is created with scope project and roles: ['member']
2024-10-10 13:08:55.847 62145 INFO tempest.lib.common.dynamic_creds [-] Acquired dynamic creds: credentials: Credentials: {'domain_id': 'default', 'domain_name': 'Default', 'username': 'tempest-ServerMetadataTestJSON-1000286231-project-member', 'project_domain_id': 'default', 'project_domain_name': 'Default', 'project_id': 'b8527f7733f44fd78cd259584ea40a99', 'project_name': 'tempest-ServerMetadataTestJSON-1000286231', 'tenant_id': 'b8527f7733f44fd78cd259584ea40a99', 'tenant_name': 'tempest-ServerMetadataTestJSON-1000286231', 'user_domain_id': 'default', 'user_domain_name': 'Default', 'user_id': 'c1ba3b490b60492d9117e814ffb44785', 'system': None}, Network: None, Subnet: None, Router: None
2024-10-10 13:08:55.880 62157 INFO tempest.lib.common.rest_client [req-b9081271-035e-457a-9f02-44a74844378a req-b9081271-035e-457a-9f02-44a74844378a ] Request (AttachVolumeShelveTestJSON:test_detach_volume_shelved_or_offload_server): 200 GET http://10.180.1.21/compute/v2.1/servers/691fff4a-9dbd-47f2-8908-69057a2bb6fe 0.066s
2024-10-10 13:08:55.898 62169 INFO tempest.lib.common.rest_client [req-8d443f1a-d68c-4ded-9d95-a0de8016b506 req-8d443f1a-d68c-4ded-9d95-a0de8016b506 ] Request (ServersListShow296Test:test_list_show_server_296): 201 POST http://10.180.1.21/identity/v3/auth/tokens 0.056s
2024-10-10 13:08:55.898 62169 INFO tempest.lib.common.fixed_network [-] (ServersListShow296Test:test_list_show_server_296) Found network None available for tenant
2024-10-10 13:08:55.922 62145 INFO tempest.lib.common.rest_client [req-08ed5449-d823-45e9-bb9c-7bbe32188130 req-08ed5449-d823-45e9-bb9c-7bbe32188130 ] Request (ServerMetadataTestJSON:setUpClass): 201 POST http://10.180.1.21/identity/v3/auth/tokens 0.075s
2024-10-10 13:08:55.930 62183 INFO tempest.lib.common.rest_client [req-4ff6a6dd-e6df-4572-9027-1c9049893a32 req-4ff6a6dd-e6df-4572-9027-1c9049893a32 ] Request (ServerActionsTestOtherA:setUpClass): 200 GET http://10.180.1.21/compute/v2.1/servers/f517b2e4-1a83-4519-8a5b-65d489d16b6d 0.072s
2024-10-10 13:08:55.995 62181 INFO tempest.lib.common.rest_client [req-c0691226-4d72-4b7c-ab0a-4fee534ce8d7 req-c0691226-4d72-4b7c-ab0a-4fee534ce8d7 ] Request (ServerDiskConfigTestJSON:test_rebuild_server_with_auto_disk_config): 200 GET http://10.180.1.21/compute/v2.1/servers/ab7d4c93-fbc9-4446-ac57-f479ab408180 0.078s
2024-10-10 13:08:56.066 62199 INFO tempest.lib.common.rest_client [req-c1f447ca-6d7d-4558-8d4e-a67930c54b88 req-c1f447ca-6d7d-4558-8d4e-a67930c54b88 ] Request (ServerTagsTestJSON:setUpClass): 200 GET http://10.180.1.21/compute/v2.1/servers/81ab83b9-26ba-4dbd-a39a-11c05a8c90d5 0.083s
2024-10-10 13:08:56.117 62169 INFO tempest.lib.common.rest_client [req-64afe1de-e98f-4aad-975b-687a361de982 req-64afe1de-e98f-4aad-975b-687a361de982 ] Request (ServersListShow296Test:test_list_show_server_296): 202 POST http://10.180.1.21/compute/v2.1/servers 0.218s
2024-10-10 13:08:56.128 62153 INFO tempest.lib.common.rest_client [req-51c914ea-8d80-4d02-a200-49d0032efe49 req-51c914ea-8d80-4d02-a200-49d0032efe49 ] Request (SecurityGroupsTestJSON:test_list_security_groups_by_server): 200 GET http://10.180.1.21/compute/v2.1/servers/ee695d5f-1f9d-49b3-b5fa-180ea953e5ac 0.089s
2024-10-10 13:08:56.185 62149 INFO tempest.lib.common.rest_client [req-8474e730-d0d1-4d39-9d26-4854669a3b59 req-8474e730-d0d1-4d39-9d26-4854669a3b59 ] Request (ServersTestManualDisk:setUpClass): 200 GET http://10.180.1.21/compute/v2.1/servers/45c58b31-d0cc-4b36-b744-448a38e11266 0.068s
2024-10-10 13:08:56.251 62145 INFO tempest.lib.common.rest_client [req-63172cf2-ed00-4340-b02b-affff92af5ca req-63172cf2-ed00-4340-b02b-affff92af5ca ] Request (ServerMetadataTestJSON:setUpClass): 201 POST http://10.180.1.21:9696/networking/v2.0/networks 0.329s
2024-10-10 13:08:56.256 62169 INFO tempest.lib.common.rest_client [req-c62a8f17-3101-4c6f-9a6a-4e3169b1f246 req-c62a8f17-3101-4c6f-9a6a-4e3169b1f246 ] Request (ServersListShow296Test:test_list_show_server_296): 200 GET http://10.180.1.21/compute/v2.1/servers/detail 0.136s
2024-10-10 13:08:56.276 62189 INFO tempest.lib.common.rest_client [req-9ef3d5aa-8fb1-469c-8648-be23a5c4aea7 req-9ef3d5aa-8fb1-469c-8648-be23a5c4aea7 ] Request (ServersAdmin275Test:test_rebuild_update_server_275): 200 GET http://10.180.1.21/compute/v2.1/servers/da7ddc92-f3e3-4b4d-a14b-13fd25a72314 0.119s
2024-10-10 13:08:56.319 62173 INFO tempest.lib.common.rest_client [req-6caf4e31-5786-4ea0-a171-4ce11042466f req-6caf4e31-5786-4ea0-a171-4ce11042466f ] Request (ServersNegativeTestJSON:setUpClass): 200 GET http://10.180.1.21/compute/v2.1/servers/1f8c2103-0a62-4be6-b4e6-3d5f3a787f4d 0.147s
2024-10-10 13:08:56.361 62205 INFO tempest.lib.common.rest_client [req-cdafb2db-9eb3-4ac3-9200-a6de58b0da64 req-cdafb2db-9eb3-4ac3-9200-a6de58b0da64 ] Request (ListImageFiltersTestJSON:setUpClass): 200 GET http://10.180.1.21/compute/v2.1/servers/ea6d2b19-be25-4da3-b8af-11c3dca04df8 0.157s
2024-10-10 13:08:56.369 62179 INFO tempest.lib.common.rest_client [req-3005b11d-4e52-48ee-8c08-d78b69a8bcb5 req-3005b11d-4e52-48ee-8c08-d78b69a8bcb5 ] Request (AttachInterfacesTestJSON:test_create_list_show_delete_interfaces_by_fixed_ip): 200 GET http://10.180.1.21/compute/v2.1/servers/520e2134-3553-44c2-98f5-ecd5be642d86 0.133s
2024-10-10 13:08:56.430 62147 INFO tempest.lib.common.rest_client [req-3a4c4dfd-d8cc-446d-ba4b-d6b88bb460bb req-3a4c4dfd-d8cc-446d-ba4b-d6b88bb460bb ] Request (ServersV294TestFqdnHostnames:setUpClass): 200 GET http://10.180.1.21/compute/v2.1/servers/4f86d6b8-5fb9-4a20-ad49-a3d7ceb3e827 0.145s
2024-10-10 13:08:56.440 62169 INFO tempest.lib.common.rest_client [req-b3bd6454-0d62-4120-8059-d76e60fd0603 req-b3bd6454-0d62-4120-8059-d76e60fd0603 ] Request (ServersListShow296Test:test_list_show_server_296): 200 GET http://10.180.1.21/compute/v2.1/servers/18f9ac68-91b2-4c40-806a-fe0eb0467e74 0.170s
2024-10-10 13:08:56.479 62195 INFO tempest.lib.common.rest_client [req-a65cc013-3196-4530-9352-5015cba02f99 req-a65cc013-3196-4530-9352-5015cba02f99 ] Request (ServerPasswordTestJSON:setUpClass): 200 GET http://10.180.1.21/compute/v2.1/servers/a7e883a1-aab9-4372-8379-144b373062e2 0.185s
2024-10-10 13:08:56.493 62143 INFO tempest.lib.common.rest_client [req-f4d4b1a2-fc5f-4f81-80d7-a75e31043508 req-f4d4b1a2-fc5f-4f81-80d7-a75e31043508 ] Request (ServersAdminTestJSON:setUpClass): 200 GET http://10.180.1.21/compute/v2.1/servers/61e030b3-7f1c-40a3-99d4-e5e9cf41cafe 0.161s
2024-10-10 13:08:56.527 62159 INFO tempest.lib.common.rest_client [req-a3f69606-d618-43e6-a441-9037027e352f req-a3f69606-d618-43e6-a441-9037027e352f ] Request (ServerActionsV293TestJSON:setUpClass): 200 GET http://10.180.1.21/compute/v2.1/servers/78f3d457-d76b-4a13-9f12-264e53b768b4 0.165s
2024-10-10 13:08:56.543 62165 INFO tempest.lib.common.rest_client [req-ebd8f197-1207-4c40-ad5f-66ea85723c79 req-ebd8f197-1207-4c40-ad5f-66ea85723c79 ] Request (ServerAddressesTestJSON:setUpClass): 200 GET http://10.180.1.21/compute/v2.1/servers/1c5ebe08-0b2f-4158-9eae-dd4b2dcf9a7d 0.138s
2024-10-10 13:08:56.573 62185 INFO tempest.lib.common.rest_client [req-04d16ade-33a5-4777-97aa-c15b4380d46c req-04d16ade-33a5-4777-97aa-c15b4380d46c ] Request (FloatingIPsAssociationNegativeTestJSON:setUpClass): 200 GET http://10.180.1.21/compute/v2.1/servers/0da17f71-46ee-42f3-99f7-62f4db6e1d9d 0.163s
2024-10-10 13:08:56.600 62145 INFO tempest.lib.common.rest_client [req-23a8e478-96e4-48cf-82ea-6dde8dc62acc req-23a8e478-96e4-48cf-82ea-6dde8dc62acc ] Request (ServerMetadataTestJSON:setUpClass): 201 POST http://10.180.1.21:9696/networking/v2.0/subnets 0.348s
2024-10-10 13:08:56.603 62201 INFO tempest.lib.common.rest_client [req-f51baaad-6fb3-4416-aa22-0629e950a7f2 req-f51baaad-6fb3-4416-aa22-0629e950a7f2 ] Request (VolumesAdminNegativeTest:test_update_attached_volume_with_nonexistent_volume_in_body): 200 GET http://10.180.1.21/compute/v2.1/servers/09d97063-d94f-439a-a811-b3039de1f4d7 0.147s
2024-10-10 13:08:56.647 62169 INFO tempest.lib.common.rest_client [req-dbff3034-c3d7-4dd9-8d55-616e5278e1aa req-dbff3034-c3d7-4dd9-8d55-616e5278e1aa ] Request (ServersListShow296Test:tearDownClass): 204 DELETE http://10.180.1.21/compute/v2.1/servers/18f9ac68-91b2-4c40-806a-fe0eb0467e74 0.190s
2024-10-10 13:08:56.648 62167 INFO tempest.lib.common.rest_client [req-fe973ac8-ebc6-4bec-b497-df521cfef399 req-fe973ac8-ebc6-4bec-b497-df521cfef399 ] Request (InstanceActionsTestJSON:setUpClass): 200 GET http://10.180.1.21/compute/v2.1/servers/a4f3e548-3111-4f4d-a3ca-b50dd2fc0fee 0.166s
2024-10-10 13:08:56.680 62187 INFO tempest.lib.common.rest_client [req-aa142656-8c8e-42ca-bcce-5aba9e238fba req-aa142656-8c8e-42ca-bcce-5aba9e238fba ] Request (ServersTestBootFromVolume:tearDownClass): 200 PUT http://10.180.1.21:9696/networking/v2.0/routers/138509dc-4526-4d45-a0c1-be9b68ec8207/remove_router_interface 0.941s
2024-10-10 13:08:56.697 62163 INFO tempest.lib.common.rest_client [req-82bc36ff-1a96-41d7-9410-071e774ab96c req-82bc36ff-1a96-41d7-9410-071e774ab96c ] Request (ImagesOneServerTestJSON:setUpClass): 200 GET http://10.180.1.21/compute/v2.1/servers/420a661e-33aa-43e5-b298-19a20e8ab33b 0.168s
2024-10-10 13:08:56.742 62193 INFO tempest.lib.common.rest_client [req-8f4d8e4c-b430-4902-9fa1-781ca33b26fb req-8f4d8e4c-b430-4902-9fa1-781ca33b26fb ] Request (MigrationsAdminTest:test_resize_server_revert_deleted_flavor): 200 GET http://10.180.1.21/compute/v2.1/servers/af575382-25f6-475a-8803-48714fa0a37c 0.236s
2024-10-10 13:08:56.743 62161 INFO tempest.lib.common.rest_client [req-dd73ed48-1b67-4763-aa58-5ed622687697 req-dd73ed48-1b67-4763-aa58-5ed622687697 ] Request (DeleteServersTestJSON:test_delete_server_while_in_attached_volume): 200 GET http://10.180.1.21/compute/v2.1/servers/d95c4916-660e-4ead-ba87-2f69871d5f1e 0.182s
2024-10-10 13:08:56.794 62155 INFO tempest.lib.common.rest_client [req-6946747b-ed79-42c7-917b-5918fa0098de req-6946747b-ed79-42c7-917b-5918fa0098de ] Request (ServersAaction247Test:test_create_backup): 200 GET http://10.180.1.21/compute/v2.1/servers/67a7aef0-ed99-4bde-b2f0-33c36764a5d7 0.214s
2024-10-10 13:08:56.809 62177 INFO tempest.lib.common.rest_client [req-bfac7844-5857-4611-a68f-6543556e22b4 req-bfac7844-5857-4611-a68f-6543556e22b4 ] Request (MultipleCreateTestJSON:test_multiple_create): 200 GET http://10.180.1.21/compute/v2.1/servers/6ac3cdf2-eb93-4403-a514-81d56baf544e 0.197s
2024-10-10 13:08:56.816 62169 INFO tempest.lib.common.rest_client [req-b631ce2f-2790-44fc-90dc-982b24e6200f req-b631ce2f-2790-44fc-90dc-982b24e6200f ] Request (ServersListShow296Test:tearDownClass): 404 GET http://10.180.1.21/compute/v2.1/servers/18f9ac68-91b2-4c40-806a-fe0eb0467e74 0.169s
2024-10-10 13:08:56.821 62177 INFO tempest.common.waiters [-] State transition "BUILD/scheduling" ==> "BUILD/None" after 44 second wait
2024-10-10 13:08:56.854 62171 INFO tempest.lib.common.rest_client [req-9824b73f-23d5-4d2f-9806-38f4df82176c req-9824b73f-23d5-4d2f-9806-38f4df82176c ] Request (ServersTestFqdnHostnames:test_create_server_with_fqdn_name): 200 GET http://10.180.1.21/compute/v2.1/servers/a1189e41-5922-4623-bb03-394d98159193 0.236s
2024-10-10 13:08:56.873 62169 INFO tempest.lib.common.rest_client [req-3959cab5-ac9a-49ed-a5fa-f4ae38214069 req-3959cab5-ac9a-49ed-a5fa-f4ae38214069 ] Request (ServersListShow296Test:tearDownClass): 204 DELETE http://10.180.1.21/identity/v3/users/c1c6edcab0f342aa9603fe82ad75db3d 0.056s
2024-10-10 13:08:56.873 62169 INFO tempest.lib.common.dynamic_creds [-] Deleting project and security group for project: 809baa543a164464bef2971040a01d32
2024-10-10 13:08:56.898 62175 INFO tempest.lib.common.rest_client [req-00203797-03b1-423b-9dd4-941c65d3cd1d req-00203797-03b1-423b-9dd4-941c65d3cd1d ] Request (ImagesTestJSON:test_create_image_from_stopped_server): 200 GET http://10.180.1.21/compute/v2.1/servers/8456ccc3-aa32-4388-bf9e-2608c783405f 0.134s
2024-10-10 13:08:56.945 62169 INFO tempest.lib.common.rest_client [req-b5445174-39e1-462a-88d4-11557da0b9db req-b5445174-39e1-462a-88d4-11557da0b9db ] Request (ServersListShow296Test:tearDownClass): 201 POST http://10.180.1.21/identity/v3/auth/tokens 0.072s
2024-10-10 13:08:56.967 62157 INFO tempest.lib.common.rest_client [req-54d4711a-353d-4b84-9afa-5bf1f5d15d4a req-54d4711a-353d-4b84-9afa-5bf1f5d15d4a ] Request (AttachVolumeShelveTestJSON:test_detach_volume_shelved_or_offload_server): 200 GET http://10.180.1.21/compute/v2.1/servers/691fff4a-9dbd-47f2-8908-69057a2bb6fe 0.077s
2024-10-10 13:08:57.004 62151 INFO tempest.lib.common.rest_client [req-eab798fa-477f-4b8b-80c4-d998ba5f92bf req-eab798fa-477f-4b8b-80c4-d998ba5f92bf ] Request (ServersTestMultiNic:test_verify_multiple_nics_order): 200 GET http://10.180.1.21/compute/v2.1/servers/215d0f35-5d19-4db4-996d-571e2970e19c 0.279s
2024-10-10 13:08:57.017 62183 INFO tempest.lib.common.rest_client [req-34189b56-128f-4065-a328-92fb91e339dd req-34189b56-128f-4065-a328-92fb91e339dd ] Request (ServerActionsTestOtherA:setUpClass): 200 GET http://10.180.1.21/compute/v2.1/servers/f517b2e4-1a83-4519-8a5b-65d489d16b6d 0.075s
2024-10-10 13:08:57.061 62181 INFO tempest.lib.common.rest_client [req-258e0885-db0a-4d2d-8612-663e2c9cbc4c req-258e0885-db0a-4d2d-8612-663e2c9cbc4c ] Request (ServerDiskConfigTestJSON:test_rebuild_server_with_auto_disk_config): 200 GET http://10.180.1.21/compute/v2.1/servers/ab7d4c93-fbc9-4446-ac57-f479ab408180 0.059s
2024-10-10 13:08:57.115 62169 INFO tempest.lib.common.rest_client [req-14cc18d5-b5fc-4424-9304-a8fea933157a req-14cc18d5-b5fc-4424-9304-a8fea933157a ] Request (ServersListShow296Test:tearDownClass): 200 GET http://10.180.1.21:9696/networking/v2.0/security-groups?tenant_id=809baa543a164464bef2971040a01d32&name=default 0.169s
2024-10-10 13:08:57.155 62199 INFO tempest.lib.common.rest_client [req-adc0bc2f-9f3a-4f0e-aa0b-7af4843675fd req-adc0bc2f-9f3a-4f0e-aa0b-7af4843675fd ] Request (ServerTagsTestJSON:setUpClass): 200 GET http://10.180.1.21/compute/v2.1/servers/81ab83b9-26ba-4dbd-a39a-11c05a8c90d5 0.074s
2024-10-10 13:08:57.198 62153 INFO tempest.lib.common.rest_client [req-bede6ef4-22be-43c2-bf28-fa5a74701ea7 req-bede6ef4-22be-43c2-bf28-fa5a74701ea7 ] Request (SecurityGroupsTestJSON:test_list_security_groups_by_server): 200 GET http://10.180.1.21/compute/v2.1/servers/ee695d5f-1f9d-49b3-b5fa-180ea953e5ac 0.062s
2024-10-10 13:08:57.227 62169 INFO tempest.lib.common.rest_client [req-7f8a7e54-ccda-4292-892d-7899a0afb949 req-7f8a7e54-ccda-4292-892d-7899a0afb949 ] Request (ServersListShow296Test:tearDownClass): 204 DELETE http://10.180.1.21:9696/networking/v2.0/security-groups/928ea62c-5386-447a-a6dc-ca6be0e66553 0.112s
2024-10-10 13:08:57.252 62149 INFO tempest.lib.common.rest_client [req-f368bc78-eb92-4ec0-8669-4833ea24168f req-f368bc78-eb92-4ec0-8669-4833ea24168f ] Request (ServersTestManualDisk:setUpClass): 200 GET http://10.180.1.21/compute/v2.1/servers/45c58b31-d0cc-4b36-b744-448a38e11266 0.058s
2024-10-10 13:08:57.300 62169 INFO tempest.lib.common.rest_client [req-814afd52-1d90-4594-b81c-e927cc3d0073 req-814afd52-1d90-4594-b81c-e927cc3d0073 ] Request (ServersListShow296Test:tearDownClass): 204 DELETE http://10.180.1.21/identity/v3/projects/809baa543a164464bef2971040a01d32 0.072s
2024-10-10 13:08:57.367 62189 INFO tempest.lib.common.rest_client [req-0b0401f8-90d2-4b58-989c-adb99055485a req-0b0401f8-90d2-4b58-989c-adb99055485a ] Request (ServersAdmin275Test:test_rebuild_update_server_275): 200 GET http://10.180.1.21/compute/v2.1/servers/da7ddc92-f3e3-4b4d-a14b-13fd25a72314 0.076s
2024-10-10 13:08:57.392 62173 INFO tempest.lib.common.rest_client [req-d3679b2c-d344-4cd0-a3cc-97c34b3ea2ab req-d3679b2c-d344-4cd0-a3cc-97c34b3ea2ab ] Request (ServersNegativeTestJSON:setUpClass): 200 GET http://10.180.1.21/compute/v2.1/servers/1f8c2103-0a62-4be6-b4e6-3d5f3a787f4d 0.064s
2024-10-10 13:08:57.450 62205 INFO tempest.lib.common.rest_client [req-6566acfa-6de9-43eb-bd26-7b7d22857197 req-6566acfa-6de9-43eb-bd26-7b7d22857197 ] Request (ListImageFiltersTestJSON:setUpClass): 200 GET http://10.180.1.21/compute/v2.1/servers/ea6d2b19-be25-4da3-b8af-11c3dca04df8 0.076s
2024-10-10 13:08:57.460 62179 INFO tempest.lib.common.rest_client [req-8f02329f-5b0f-43f2-9e69-d1c8c4ed0d89 req-8f02329f-5b0f-43f2-9e69-d1c8c4ed0d89 ] Request (AttachInterfacesTestJSON:test_create_list_show_delete_interfaces_by_fixed_ip): 200 GET http://10.180.1.21/compute/v2.1/servers/520e2134-3553-44c2-98f5-ecd5be642d86 0.081s
2024-10-10 13:08:57.471 62187 INFO tempest.lib.common.rest_client [req-172600f6-3ef5-4c4d-a46e-1f78c8647553 req-172600f6-3ef5-4c4d-a46e-1f78c8647553 ] Request (ServersTestBootFromVolume:tearDownClass): 204 DELETE http://10.180.1.21:9696/networking/v2.0/routers/138509dc-4526-4d45-a0c1-be9b68ec8207 0.791s
2024-10-10 13:08:57.523 62147 INFO tempest.lib.common.rest_client [req-f2c01afa-7c44-4840-b3fd-69210ae91d74 req-f2c01afa-7c44-4840-b3fd-69210ae91d74 ] Request (ServersV294TestFqdnHostnames:setUpClass): 200 GET http://10.180.1.21/compute/v2.1/servers/4f86d6b8-5fb9-4a20-ad49-a3d7ceb3e827 0.080s
2024-10-10 13:08:57.546 62195 INFO tempest.lib.common.rest_client [req-4c4cd634-7738-4a58-9cdb-b86df1d75432 req-4c4cd634-7738-4a58-9cdb-b86df1d75432 ] Request (ServerPasswordTestJSON:setUpClass): 200 GET http://10.180.1.21/compute/v2.1/servers/a7e883a1-aab9-4372-8379-144b373062e2 0.060s
2024-10-10 13:08:57.588 62143 INFO tempest.lib.common.rest_client [req-34ae39c9-3a58-4181-a19e-7fa54b5e396b req-34ae39c9-3a58-4181-a19e-7fa54b5e396b ] Request (ServersAdminTestJSON:setUpClass): 200 GET http://10.180.1.21/compute/v2.1/servers/61e030b3-7f1c-40a3-99d4-e5e9cf41cafe 0.087s
2024-10-10 13:08:57.613 62159 INFO tempest.lib.common.rest_client [req-fc036943-1e66-4aa5-a2e8-84fe384e0544 req-fc036943-1e66-4aa5-a2e8-84fe384e0544 ] Request (ServerActionsV293TestJSON:setUpClass): 200 GET http://10.180.1.21/compute/v2.1/servers/78f3d457-d76b-4a13-9f12-264e53b768b4 0.071s
2024-10-10 13:08:57.654 62165 INFO tempest.lib.common.rest_client [req-dc52d80d-7d9c-4277-a4e6-a30296167189 req-dc52d80d-7d9c-4277-a4e6-a30296167189 ] Request (ServerAddressesTestJSON:setUpClass): 200 GET http://10.180.1.21/compute/v2.1/servers/1c5ebe08-0b2f-4158-9eae-dd4b2dcf9a7d 0.104s
2024-10-10 13:08:57.662 62185 INFO tempest.lib.common.rest_client [req-7e77512d-65c5-450d-99dd-cb07e290aa06 req-7e77512d-65c5-450d-99dd-cb07e290aa06 ] Request (FloatingIPsAssociationNegativeTestJSON:setUpClass): 200 GET http://10.180.1.21/compute/v2.1/servers/0da17f71-46ee-42f3-99f7-62f4db6e1d9d 0.082s
2024-10-10 13:08:57.696 62187 INFO tempest.lib.common.rest_client [req-841869de-12d9-4a06-b388-4548523b5cf6 req-841869de-12d9-4a06-b388-4548523b5cf6 ] Request (ServersTestBootFromVolume:tearDownClass): 204 DELETE http://10.180.1.21:9696/networking/v2.0/subnets/f3b9b329-4e90-402f-b68e-c8a929a91740 0.224s
2024-10-10 13:08:57.710 62201 INFO tempest.lib.common.rest_client [req-8cfa3bce-86c9-4780-8ff7-09e80817086b req-8cfa3bce-86c9-4780-8ff7-09e80817086b ] Request (VolumesAdminNegativeTest:test_update_attached_volume_with_nonexistent_volume_in_body): 200 GET http://10.180.1.21/compute/v2.1/servers/09d97063-d94f-439a-a811-b3039de1f4d7 0.099s
2024-10-10 13:08:57.715 62167 INFO tempest.lib.common.rest_client [req-45e96a1a-09e1-43aa-bf25-df1ca818e8d9 req-45e96a1a-09e1-43aa-bf25-df1ca818e8d9 ] Request (InstanceActionsTestJSON:setUpClass): 200 GET http://10.180.1.21/compute/v2.1/servers/a4f3e548-3111-4f4d-a3ca-b50dd2fc0fee 0.057s
2024-10-10 13:08:57.753 62163 INFO tempest.lib.common.rest_client [req-106bcce0-147d-4aad-be81-ab503be24796 req-106bcce0-147d-4aad-be81-ab503be24796 ] Request (ImagesOneServerTestJSON:setUpClass): 200 GET http://10.180.1.21/compute/v2.1/servers/420a661e-33aa-43e5-b298-19a20e8ab33b 0.049s
2024-10-10 13:08:57.808 62193 INFO tempest.lib.common.rest_client [req-40563ce4-ad33-49c4-a15e-212928e3a1ec req-40563ce4-ad33-49c4-a15e-212928e3a1ec ] Request (MigrationsAdminTest:test_resize_server_revert_deleted_flavor): 200 GET http://10.180.1.21/compute/v2.1/servers/af575382-25f6-475a-8803-48714fa0a37c 0.055s
2024-10-10 13:08:57.813 62161 INFO tempest.lib.common.rest_client [req-b58f6ab0-55d2-457b-aa25-ca683d68666f req-b58f6ab0-55d2-457b-aa25-ca683d68666f ] Request (DeleteServersTestJSON:test_delete_server_while_in_attached_volume): 200 GET http://10.180.1.21/compute/v2.1/servers/d95c4916-660e-4ead-ba87-2f69871d5f1e 0.055s
2024-10-10 13:08:57.825 62145 INFO tempest.lib.common.rest_client [req-e0237fe2-8044-47e6-80e5-1c002e8cde6c req-e0237fe2-8044-47e6-80e5-1c002e8cde6c ] Request (ServerMetadataTestJSON:setUpClass): 201 POST http://10.180.1.21:9696/networking/v2.0/routers 1.224s
2024-10-10 13:08:57.868 62155 INFO tempest.lib.common.rest_client [req-8f0de7c3-e21a-4595-9199-7c4f251d84b4 req-8f0de7c3-e21a-4595-9199-7c4f251d84b4 ] Request (ServersAaction247Test:test_create_backup): 200 GET http://10.180.1.21/compute/v2.1/servers/67a7aef0-ed99-4bde-b2f0-33c36764a5d7 0.060s
2024-10-10 13:08:57.926 62171 INFO tempest.lib.common.rest_client [req-cd9b54e6-e817-41fb-8f72-72b80bbbdacd req-cd9b54e6-e817-41fb-8f72-72b80bbbdacd ] Request (ServersTestFqdnHostnames:test_create_server_with_fqdn_name): 200 GET http://10.180.1.21/compute/v2.1/servers/a1189e41-5922-4623-bb03-394d98159193 0.063s
2024-10-10 13:08:57.973 62187 INFO tempest.lib.common.rest_client [req-520d314d-d986-4775-ab73-61f31bf01ac4 req-520d314d-d986-4775-ab73-61f31bf01ac4 ] Request (ServersTestBootFromVolume:tearDownClass): 204 DELETE http://10.180.1.21:9696/networking/v2.0/networks/aea952c2-55e2-4af0-a819-bd655fd2e8ce 0.276s
2024-10-10 13:08:57.988 62175 INFO tempest.lib.common.rest_client [req-3aef7815-d41b-444e-af0c-de36a924171a req-3aef7815-d41b-444e-af0c-de36a924171a ] Request (ImagesTestJSON:test_create_image_from_stopped_server): 200 GET http://10.180.1.21/compute/v2.1/servers/8456ccc3-aa32-4388-bf9e-2608c783405f 0.082s
2024-10-10 13:08:58.060 62157 INFO tempest.lib.common.rest_client [req-f098ea9c-e62b-45ce-9457-eb8400ddd70f req-f098ea9c-e62b-45ce-9457-eb8400ddd70f ] Request (AttachVolumeShelveTestJSON:test_detach_volume_shelved_or_offload_server): 200 GET http://10.180.1.21/compute/v2.1/servers/691fff4a-9dbd-47f2-8908-69057a2bb6fe 0.085s
2024-10-10 13:08:58.114 62177 INFO tempest.lib.common.rest_client [req-7d26f727-b438-4490-9b54-3b28537fb32f req-7d26f727-b438-4490-9b54-3b28537fb32f ] Request (MultipleCreateTestJSON:test_multiple_create): 200 GET http://10.180.1.21/compute/v2.1/servers/6ac3cdf2-eb93-4403-a514-81d56baf544e 0.292s
2024-10-10 13:08:58.136 62187 INFO tempest.lib.common.rest_client [req-0d0ef90b-cda1-45c3-be7b-1fc9b1824180 req-0d0ef90b-cda1-45c3-be7b-1fc9b1824180 ] Request (ServersTestBootFromVolume:tearDownClass): 204 DELETE http://10.180.1.21/identity/v3/users/6cf54ef44058461aa1e1d7be79959f21 0.163s
2024-10-10 13:08:58.136 62187 INFO tempest.lib.common.dynamic_creds [-] Deleting project and security group for project: 21eaf66fc0d24a7db499af006deac133
2024-10-10 13:08:58.155 62151 INFO tempest.lib.common.rest_client [req-218feb25-cb35-4d8f-8f4f-c77d297ee307 req-218feb25-cb35-4d8f-8f4f-c77d297ee307 ] Request (ServersTestMultiNic:test_verify_multiple_nics_order): 200 GET http://10.180.1.21/compute/v2.1/servers/215d0f35-5d19-4db4-996d-571e2970e19c 0.144s
2024-10-10 13:08:58.206 62187 INFO tempest.lib.common.rest_client [req-707f812c-1584-4524-a668-d8584890b16e req-707f812c-1584-4524-a668-d8584890b16e ] Request (ServersTestBootFromVolume:tearDownClass): 200 GET http://10.180.1.21:9696/networking/v2.0/security-groups?tenant_id=21eaf66fc0d24a7db499af006deac133&name=default 0.070s
2024-10-10 13:08:58.241 62183 INFO tempest.lib.common.rest_client [req-34c20f34-f911-4115-ac21-e846f6d7a6d3 req-34c20f34-f911-4115-ac21-e846f6d7a6d3 ] Request (ServerActionsTestOtherA:setUpClass): 200 GET http://10.180.1.21/compute/v2.1/servers/f517b2e4-1a83-4519-8a5b-65d489d16b6d 0.217s
2024-10-10 13:08:58.262 62181 INFO tempest.lib.common.rest_client [req-386dc0a8-8e6a-4cff-a667-bd0997edeb40 req-386dc0a8-8e6a-4cff-a667-bd0997edeb40 ] Request (ServerDiskConfigTestJSON:test_rebuild_server_with_auto_disk_config): 200 GET http://10.180.1.21/compute/v2.1/servers/ab7d4c93-fbc9-4446-ac57-f479ab408180 0.190s
2024-10-10 13:08:58.308 62199 INFO tempest.lib.common.rest_client [req-e42ab2a0-b7f2-421a-a53c-8be2e5f754d0 req-e42ab2a0-b7f2-421a-a53c-8be2e5f754d0 ] Request (ServerTagsTestJSON:setUpClass): 200 GET http://10.180.1.21/compute/v2.1/servers/81ab83b9-26ba-4dbd-a39a-11c05a8c90d5 0.145s
2024-10-10 13:08:58.333 62153 INFO tempest.lib.common.rest_client [req-527b9e82-3b05-47e5-9a37-10cfdbde15db req-527b9e82-3b05-47e5-9a37-10cfdbde15db ] Request (SecurityGroupsTestJSON:test_list_security_groups_by_server): 200 GET http://10.180.1.21/compute/v2.1/servers/ee695d5f-1f9d-49b3-b5fa-180ea953e5ac 0.127s
2024-10-10 13:08:58.366 62149 INFO tempest.lib.common.rest_client [req-f9d847a6-6efd-440b-a24d-453bc051e3d8 req-f9d847a6-6efd-440b-a24d-453bc051e3d8 ] Request (ServersTestManualDisk:setUpClass): 200 GET http://10.180.1.21/compute/v2.1/servers/45c58b31-d0cc-4b36-b744-448a38e11266 0.101s
2024-10-10 13:08:58.368 62187 INFO tempest.lib.common.rest_client [req-0e7e3d0b-d2b3-418f-ae8f-6eb12953fda6 req-0e7e3d0b-d2b3-418f-ae8f-6eb12953fda6 ] Request (ServersTestBootFromVolume:tearDownClass): 204 DELETE http://10.180.1.21:9696/networking/v2.0/security-groups/284c94e0-6f15-4956-af5e-63bcff5ffef2 0.162s
2024-10-10 13:08:58.441 62189 INFO tempest.lib.common.rest_client [req-307af988-84f0-46fd-b95e-c4992269cfa9 req-307af988-84f0-46fd-b95e-c4992269cfa9 ] Request (ServersAdmin275Test:test_rebuild_update_server_275): 200 GET http://10.180.1.21/compute/v2.1/servers/da7ddc92-f3e3-4b4d-a14b-13fd25a72314 0.065s
2024-10-10 13:08:58.456 62173 INFO tempest.lib.common.rest_client [req-b0e359bc-1132-47a8-ab8e-d2d3d3170554 req-b0e359bc-1132-47a8-ab8e-d2d3d3170554 ] Request (ServersNegativeTestJSON:setUpClass): 200 GET http://10.180.1.21/compute/v2.1/servers/1f8c2103-0a62-4be6-b4e6-3d5f3a787f4d 0.056s
2024-10-10 13:08:58.497 62187 INFO tempest.lib.common.rest_client [req-e573aa52-c1f2-42a7-9fda-76a17c644c1c req-e573aa52-c1f2-42a7-9fda-76a17c644c1c ] Request (ServersTestBootFromVolume:tearDownClass): 204 DELETE http://10.180.1.21/identity/v3/projects/21eaf66fc0d24a7db499af006deac133 0.128s
2024-10-10 13:08:58.522 62205 INFO tempest.lib.common.rest_client [req-3b5dbd06-d63b-4ec0-87f1-6b02d18778bd req-3b5dbd06-d63b-4ec0-87f1-6b02d18778bd ] Request (ListImageFiltersTestJSON:setUpClass): 200 GET http://10.180.1.21/compute/v2.1/servers/ea6d2b19-be25-4da3-b8af-11c3dca04df8 0.060s
2024-10-10 13:08:58.535 62179 INFO tempest.lib.common.rest_client [req-f901ea73-f816-4ffa-a50b-3515e7235217 req-f901ea73-f816-4ffa-a50b-3515e7235217 ] Request (AttachInterfacesTestJSON:test_create_list_show_delete_interfaces_by_fixed_ip): 200 GET http://10.180.1.21/compute/v2.1/servers/520e2134-3553-44c2-98f5-ecd5be642d86 0.068s
2024-10-10 13:08:58.582 62187 INFO tempest.lib.common.rest_client [req-50a0b213-b2e9-4d21-be93-03e0916ae95a req-50a0b213-b2e9-4d21-be93-03e0916ae95a ] Request (VolumesTestJSON:setUpClass): 201 POST http://10.180.1.21/identity/v3/auth/tokens 0.077s
2024-10-10 13:08:58.594 62147 INFO tempest.lib.common.rest_client [req-c784bf95-eb1d-4733-97a5-3561a73233ef req-c784bf95-eb1d-4733-97a5-3561a73233ef ] Request (ServersV294TestFqdnHostnames:setUpClass): 200 GET http://10.180.1.21/compute/v2.1/servers/4f86d6b8-5fb9-4a20-ad49-a3d7ceb3e827 0.057s
2024-10-10 13:08:58.619 62195 INFO tempest.lib.common.rest_client [req-548e5568-a4d4-4557-b247-88d53d45b227 req-548e5568-a4d4-4557-b247-88d53d45b227 ] Request (ServerPasswordTestJSON:setUpClass): 200 GET http://10.180.1.21/compute/v2.1/servers/a7e883a1-aab9-4372-8379-144b373062e2 0.063s
2024-10-10 13:08:58.631 62187 INFO tempest.lib.common.rest_client [req-0adf2055-e5e3-4141-8b4a-c042de54db96 req-0adf2055-e5e3-4141-8b4a-c042de54db96 ] Request (VolumesTestJSON:setUpClass): 201 POST http://10.180.1.21/identity/v3/auth/tokens 0.045s
2024-10-10 13:08:58.652 62187 INFO tempest.lib.common.rest_client [req-1191c13b-80cd-45b2-a4cf-58498dae0be8 req-1191c13b-80cd-45b2-a4cf-58498dae0be8 ] Request (VolumesTestJSON:setUpClass): 200 GET http://10.180.1.21/identity/v3/domains?name=Default 0.021s
2024-10-10 13:08:58.662 62143 INFO tempest.lib.common.rest_client [req-72a8b96c-efd7-433e-b3bd-84c9df6a4d30 req-72a8b96c-efd7-433e-b3bd-84c9df6a4d30 ] Request (ServersAdminTestJSON:setUpClass): 200 GET http://10.180.1.21/compute/v2.1/servers/61e030b3-7f1c-40a3-99d4-e5e9cf41cafe 0.064s
2024-10-10 13:08:58.678 62187 INFO tempest.lib.common.rest_client [req-9dbb6c40-33ff-4adf-a05e-a8f9df4bdc3e req-9dbb6c40-33ff-4adf-a05e-a8f9df4bdc3e ] Request (VolumesTestJSON:setUpClass): 201 POST http://10.180.1.21/identity/v3/projects 0.025s
2024-10-10 13:08:58.700 62159 INFO tempest.lib.common.rest_client [req-9472a972-78ed-43c0-b79c-2313cf8612e4 req-9472a972-78ed-43c0-b79c-2313cf8612e4 ] Request (ServerActionsV293TestJSON:setUpClass): 200 GET http://10.180.1.21/compute/v2.1/servers/78f3d457-d76b-4a13-9f12-264e53b768b4 0.077s
2024-10-10 13:08:58.716 62165 INFO tempest.lib.common.rest_client [req-a7062f0f-4dd2-43e1-95a8-fa957f510d59 req-a7062f0f-4dd2-43e1-95a8-fa957f510d59 ] Request (ServerAddressesTestJSON:setUpClass): 200 GET http://10.180.1.21/compute/v2.1/servers/1c5ebe08-0b2f-4158-9eae-dd4b2dcf9a7d 0.053s
2024-10-10 13:08:58.736 62187 INFO tempest.lib.common.rest_client [req-2aee546e-c956-4478-9b57-14d0ad52f65f req-2aee546e-c956-4478-9b57-14d0ad52f65f ] Request (VolumesTestJSON:setUpClass): 201 POST http://10.180.1.21/identity/v3/users 0.058s
2024-10-10 13:08:58.746 62185 INFO tempest.lib.common.rest_client [req-fee9ba60-85a9-4699-9bb7-65e86db94f64 req-fee9ba60-85a9-4699-9bb7-65e86db94f64 ] Request (FloatingIPsAssociationNegativeTestJSON:setUpClass): 200 GET http://10.180.1.21/compute/v2.1/servers/0da17f71-46ee-42f3-99f7-62f4db6e1d9d 0.073s
2024-10-10 13:08:58.753 62187 INFO tempest.lib.common.rest_client [req-8ad5b463-08dd-4055-a188-548c24993628 req-8ad5b463-08dd-4055-a188-548c24993628 ] Request (VolumesTestJSON:setUpClass): 200 GET http://10.180.1.21/identity/v3/roles 0.016s
2024-10-10 13:08:58.775 62167 INFO tempest.lib.common.rest_client [req-df8c5265-5ce9-4972-917d-4c28ec471015 req-df8c5265-5ce9-4972-917d-4c28ec471015 ] Request (InstanceActionsTestJSON:setUpClass): 200 GET http://10.180.1.21/compute/v2.1/servers/a4f3e548-3111-4f4d-a3ca-b50dd2fc0fee 0.053s
2024-10-10 13:08:58.782 62187 INFO tempest.lib.common.rest_client [req-b1b743c5-8b70-4556-a1e1-26989468a08e req-b1b743c5-8b70-4556-a1e1-26989468a08e ] Request (VolumesTestJSON:setUpClass): 204 PUT http://10.180.1.21/identity/v3/projects/5260bf06a8e44979bf122109eb80b9d2/users/fe412b9cb83e461198b8331d60f0a574/roles/f3c7ff186b814538b27d1057958cd3c4 0.028s
2024-10-10 13:08:58.782 62187 INFO tempest.lib.common.dynamic_creds [-] Dynamic test user fe412b9cb83e461198b8331d60f0a574 is created with scope project and roles: ['member']
2024-10-10 13:08:58.783 62187 INFO tempest.lib.common.dynamic_creds [-] Acquired dynamic creds: credentials: Credentials: {'domain_id': 'default', 'domain_name': 'Default', 'username': 'tempest-VolumesTestJSON-1220426256-project-member', 'project_domain_id': 'default', 'project_domain_name': 'Default', 'project_id': '5260bf06a8e44979bf122109eb80b9d2', 'project_name': 'tempest-VolumesTestJSON-1220426256', 'tenant_id': '5260bf06a8e44979bf122109eb80b9d2', 'tenant_name': 'tempest-VolumesTestJSON-1220426256', 'user_domain_id': 'default', 'user_domain_name': 'Default', 'user_id': 'fe412b9cb83e461198b8331d60f0a574', 'system': None}, Network: None, Subnet: None, Router: None
2024-10-10 13:08:58.783 62187 INFO tempest.lib.common.dynamic_creds [-] Created isolated network resources for: credentials: Credentials: {'domain_id': 'default', 'domain_name': 'Default', 'username': 'tempest-VolumesTestJSON-1220426256-project-member', 'project_domain_id': 'default', 'project_domain_name': 'Default', 'project_id': '5260bf06a8e44979bf122109eb80b9d2', 'project_name': 'tempest-VolumesTestJSON-1220426256', 'tenant_id': '5260bf06a8e44979bf122109eb80b9d2', 'tenant_name': 'tempest-VolumesTestJSON-1220426256', 'user_domain_id': 'default', 'user_domain_name': 'Default', 'user_id': 'fe412b9cb83e461198b8331d60f0a574', 'system': None}, Network: None, Subnet: None, Router: None
2024-10-10 13:08:58.795 62201 INFO tempest.lib.common.rest_client [req-646d1f73-ccee-4b41-8d86-aaec267ef17d req-646d1f73-ccee-4b41-8d86-aaec267ef17d ] Request (VolumesAdminNegativeTest:test_update_attached_volume_with_nonexistent_volume_in_body): 200 GET http://10.180.1.21/compute/v2.1/servers/09d97063-d94f-439a-a811-b3039de1f4d7 0.072s
2024-10-10 13:08:58.833 62163 INFO tempest.lib.common.rest_client [req-909f1a72-e91d-4327-8a32-72a6ee9d4c24 req-909f1a72-e91d-4327-8a32-72a6ee9d4c24 ] Request (ImagesOneServerTestJSON:setUpClass): 200 GET http://10.180.1.21/compute/v2.1/servers/420a661e-33aa-43e5-b298-19a20e8ab33b 0.071s
2024-10-10 13:08:58.863 62187 INFO tempest.lib.common.rest_client [req-71d83dcf-fc84-40b8-9249-5ee8e00de3ee req-71d83dcf-fc84-40b8-9249-5ee8e00de3ee ] Request (VolumesTestJSON:setUpClass): 201 POST http://10.180.1.21/identity/v3/auth/tokens 0.077s
2024-10-10 13:08:58.872 62193 INFO tempest.lib.common.rest_client [req-c41cdfca-24f7-495d-a081-97653e1a65fd req-c41cdfca-24f7-495d-a081-97653e1a65fd ] Request (MigrationsAdminTest:test_resize_server_revert_deleted_flavor): 200 GET http://10.180.1.21/compute/v2.1/servers/af575382-25f6-475a-8803-48714fa0a37c 0.055s
2024-10-10 13:08:58.880 62161 INFO tempest.lib.common.rest_client [req-2e370e26-8f08-4e2d-b9af-62e872bdcccb req-2e370e26-8f08-4e2d-b9af-62e872bdcccb ] Request (DeleteServersTestJSON:test_delete_server_while_in_attached_volume): 200 GET http://10.180.1.21/compute/v2.1/servers/d95c4916-660e-4ead-ba87-2f69871d5f1e 0.060s
2024-10-10 13:08:58.933 62155 INFO tempest.lib.common.rest_client [req-35b80565-3c4b-4451-93cb-3602e19cd79c req-35b80565-3c4b-4451-93cb-3602e19cd79c ] Request (ServersAaction247Test:test_create_backup): 200 GET http://10.180.1.21/compute/v2.1/servers/67a7aef0-ed99-4bde-b2f0-33c36764a5d7 0.056s
2024-10-10 13:08:58.962 62145 INFO tempest.lib.common.rest_client [req-6f42e062-4aae-4732-9489-a9efb9f33a2c req-6f42e062-4aae-4732-9489-a9efb9f33a2c ] Request (ServerMetadataTestJSON:setUpClass): 200 PUT http://10.180.1.21:9696/networking/v2.0/routers/966d4d54-36a1-4c2d-994c-ab5b38b968ec/add_router_interface 1.136s
2024-10-10 13:08:58.962 62145 INFO tempest.lib.common.dynamic_creds [-] Created isolated network resources for: credentials: Credentials: {'domain_id': 'default', 'domain_name': 'Default', 'username': 'tempest-ServerMetadataTestJSON-1000286231-project-member', 'project_domain_id': 'default', 'project_domain_name': 'Default', 'project_id': 'b8527f7733f44fd78cd259584ea40a99', 'project_name': 'tempest-ServerMetadataTestJSON-1000286231', 'tenant_id': 'b8527f7733f44fd78cd259584ea40a99', 'tenant_name': 'tempest-ServerMetadataTestJSON-1000286231', 'user_domain_id': 'default', 'user_domain_name': 'Default', 'user_id': 'c1ba3b490b60492d9117e814ffb44785', 'system': None}, Network: {'id': '24f065c5-cbdc-448d-8422-7d6d0ee82d62', 'name': 'tempest-ServerMetadataTestJSON-1331557243-network', 'tenant_id': 'b8527f7733f44fd78cd259584ea40a99', 'admin_state_up': True, 'mtu': 8950, 'status': 'ACTIVE', 'subnets': [], 'shared': False, 'project_id': 'b8527f7733f44fd78cd259584ea40a99', 'port_security_enabled': True, 'router:external': False, 'provider:network_type': 'vlan', 'provider:physical_network': 'default', 'provider:segmentation_id': 613, 'is_default': False, 'availability_zone_hints': [], 'availability_zones': [], 'ipv4_address_scope': None, 'ipv6_address_scope': None, 'description': '', 'tags': [], 'created_at': '2024-10-10T13:08:56Z', 'updated_at': '2024-10-10T13:08:56Z', 'revision_number': 1}, Subnet: {'id': 'd7af129b-ae50-48c0-8d84-640488f92796', 'name': 'tempest-ServerMetadataTestJSON-1331557243-subnet', 'tenant_id': 'b8527f7733f44fd78cd259584ea40a99', 'network_id': '24f065c5-cbdc-448d-8422-7d6d0ee82d62', 'ip_version': 4, 'subnetpool_id': None, 'enable_dhcp': True, 'ipv6_ra_mode': None, 'ipv6_address_mode': None, 'gateway_ip': '192.168.128.1', 'cidr': '192.168.128.0/28', 'allocation_pools': [{'start': '192.168.128.2', 'end': '192.168.128.14'}], 'host_routes': [], 'dns_nameservers': [], 'description': '', 'router:external': False, 'service_types': [], 'tags': [], 'created_at': '2024-10-10T13:08:56Z', 'updated_at': '2024-10-10T13:08:56Z', 'revision_number': 0, 'project_id': 'b8527f7733f44fd78cd259584ea40a99'}, Router: {'id': '966d4d54-36a1-4c2d-994c-ab5b38b968ec', 'name': 'tempest-ServerMetadataTestJSON-1331557243-router', 'tenant_id': 'b8527f7733f44fd78cd259584ea40a99', 'admin_state_up': True, 'status': 'ACTIVE', 'external_gateway_info': {'network_id': 'a9dbbd29-4d86-43d3-96f4-9a33613efb12', 'external_fixed_ips': [{'subnet_id': 'e5714875-0549-4fed-9350-0e8c184a556a', 'ip_address': '10.180.180.133'}], 'enable_snat': True}, 'description': '', 'availability_zones': [], 'distributed': False, 'ha': False, 'availability_zone_hints': [], 'routes': [], 'flavor_id': None, 'tags': [], 'created_at': '2024-10-10T13:08:56Z', 'updated_at': '2024-10-10T13:08:57Z', 'revision_number': 2, 'project_id': 'b8527f7733f44fd78cd259584ea40a99'}
2024-10-10 13:08:58.997 62171 INFO tempest.lib.common.rest_client [req-816a2f3e-ee39-42bb-bf8d-fec8b7542179 req-816a2f3e-ee39-42bb-bf8d-fec8b7542179 ] Request (ServersTestFqdnHostnames:test_create_server_with_fqdn_name): 200 GET http://10.180.1.21/compute/v2.1/servers/a1189e41-5922-4623-bb03-394d98159193 0.055s
2024-10-10 13:08:59.040 62145 INFO tempest.lib.common.rest_client [req-7ffc8d24-9e8c-4e70-8229-08f12a4dbeac req-7ffc8d24-9e8c-4e70-8229-08f12a4dbeac ] Request (ServerMetadataTestJSON:setUpClass): 201 POST http://10.180.1.21/identity/v3/auth/tokens 0.075s
2024-10-10 13:08:59.051 62175 INFO tempest.lib.common.rest_client [req-ef6756e5-cf89-4a32-a374-4f30febb7e58 req-ef6756e5-cf89-4a32-a374-4f30febb7e58 ] Request (ImagesTestJSON:test_create_image_from_stopped_server): 200 GET http://10.180.1.21/compute/v2.1/servers/8456ccc3-aa32-4388-bf9e-2608c783405f 0.056s
2024-10-10 13:08:59.059 62187 INFO tempest.lib.common.rest_client [req-eee31979-1885-4725-9c9c-d3ac23db2208 req-eee31979-1885-4725-9c9c-d3ac23db2208 ] Request (VolumesTestJSON:setUpClass): 202 POST http://10.180.1.21/volume/v3/volumes 0.194s
2024-10-10 13:08:59.087 62145 INFO tempest.lib.common.rest_client [req-63e5ed47-2082-43ce-be00-b3e6a7431641 req-63e5ed47-2082-43ce-be00-b3e6a7431641 ] Request (ServerMetadataTestJSON:setUpClass): 201 POST http://10.180.1.21/identity/v3/auth/tokens 0.042s
2024-10-10 13:08:59.088 62145 INFO tempest.lib.common.fixed_network [-] (ServerMetadataTestJSON:setUpClass) Found network {'id': '24f065c5-cbdc-448d-8422-7d6d0ee82d62', 'name': 'tempest-ServerMetadataTestJSON-1331557243-network', 'tenant_id': 'b8527f7733f44fd78cd259584ea40a99', 'admin_state_up': True, 'mtu': 8950, 'status': 'ACTIVE', 'subnets': [], 'shared': False, 'project_id': 'b8527f7733f44fd78cd259584ea40a99', 'port_security_enabled': True, 'router:external': False, 'provider:network_type': 'vlan', 'provider:physical_network': 'default', 'provider:segmentation_id': 613, 'is_default': False, 'availability_zone_hints': [], 'availability_zones': [], 'ipv4_address_scope': None, 'ipv6_address_scope': None, 'description': '', 'tags': [], 'created_at': '2024-10-10T13:08:56Z', 'updated_at': '2024-10-10T13:08:56Z', 'revision_number': 1} available for tenant
2024-10-10 13:08:59.095 62187 INFO tempest.lib.common.rest_client [req-844cdca0-0fd8-4ccc-b87f-1df4b5e7c974 req-844cdca0-0fd8-4ccc-b87f-1df4b5e7c974 ] Request (VolumesTestJSON:setUpClass): 200 GET http://10.180.1.21/volume/v3/volumes/02d08420-a61d-4432-8421-a1c0d7f4b6e2 0.031s
2024-10-10 13:08:59.130 62157 INFO tempest.lib.common.rest_client [req-ba842000-a614-46f6-a4b6-070dacb723cc req-ba842000-a614-46f6-a4b6-070dacb723cc ] Request (AttachVolumeShelveTestJSON:test_detach_volume_shelved_or_offload_server): 200 GET http://10.180.1.21/compute/v2.1/servers/691fff4a-9dbd-47f2-8908-69057a2bb6fe 0.062s
2024-10-10 13:08:59.187 62177 INFO tempest.lib.common.rest_client [req-19313ecb-2093-4286-b996-9e09d251c046 req-19313ecb-2093-4286-b996-9e09d251c046 ] Request (MultipleCreateTestJSON:test_multiple_create): 200 GET http://10.180.1.21/compute/v2.1/servers/6ac3cdf2-eb93-4403-a514-81d56baf544e 0.055s
2024-10-10 13:08:59.238 62151 INFO tempest.lib.common.rest_client [req-2d6b5a88-b8b2-4754-af8e-39ed599eade2 req-2d6b5a88-b8b2-4754-af8e-39ed599eade2 ] Request (ServersTestMultiNic:test_verify_multiple_nics_order): 200 GET http://10.180.1.21/compute/v2.1/servers/215d0f35-5d19-4db4-996d-571e2970e19c 0.074s
2024-10-10 13:08:59.299 62183 INFO tempest.lib.common.rest_client [req-2fbd77dd-fcaa-4943-8924-ba84baad3411 req-2fbd77dd-fcaa-4943-8924-ba84baad3411 ] Request (ServerActionsTestOtherA:setUpClass): 200 GET http://10.180.1.21/compute/v2.1/servers/f517b2e4-1a83-4519-8a5b-65d489d16b6d 0.052s
2024-10-10 13:08:59.341 62181 INFO tempest.lib.common.rest_client [req-d7a8b598-d124-4124-8c02-eb393296bb26 req-d7a8b598-d124-4124-8c02-eb393296bb26 ] Request (ServerDiskConfigTestJSON:test_rebuild_server_with_auto_disk_config): 200 GET http://10.180.1.21/compute/v2.1/servers/ab7d4c93-fbc9-4446-ac57-f479ab408180 0.071s
2024-10-10 13:08:59.387 62199 INFO tempest.lib.common.rest_client [req-6008d20e-e69e-4d67-acdc-e1c3ee8a05d6 req-6008d20e-e69e-4d67-acdc-e1c3ee8a05d6 ] Request (ServerTagsTestJSON:setUpClass): 200 GET http://10.180.1.21/compute/v2.1/servers/81ab83b9-26ba-4dbd-a39a-11c05a8c90d5 0.071s
2024-10-10 13:08:59.431 62153 INFO tempest.lib.common.rest_client [req-c082e7b0-ff1c-4c61-9102-611368aa99f6 req-c082e7b0-ff1c-4c61-9102-611368aa99f6 ] Request (SecurityGroupsTestJSON:test_list_security_groups_by_server): 200 GET http://10.180.1.21/compute/v2.1/servers/ee695d5f-1f9d-49b3-b5fa-180ea953e5ac 0.088s
2024-10-10 13:08:59.463 62145 INFO tempest.lib.common.rest_client [req-45742a7d-d5f6-4fa3-a2b8-2100eeb84f52 req-45742a7d-d5f6-4fa3-a2b8-2100eeb84f52 ] Request (ServerMetadataTestJSON:setUpClass): 202 POST http://10.180.1.21/compute/v2.1/servers 0.375s
2024-10-10 13:08:59.480 62149 INFO tempest.lib.common.rest_client [req-c0f23a16-9dfd-476a-b0f6-f4150da1d4a4 req-c0f23a16-9dfd-476a-b0f6-f4150da1d4a4 ] Request (ServersTestManualDisk:setUpClass): 200 GET http://10.180.1.21/compute/v2.1/servers/45c58b31-d0cc-4b36-b744-448a38e11266 0.106s
2024-10-10 13:08:59.514 62145 INFO tempest.lib.common.rest_client [req-0f34694e-b019-4ae5-995b-420295ff11ae req-0f34694e-b019-4ae5-995b-420295ff11ae ] Request (ServerMetadataTestJSON:setUpClass): 200 GET http://10.180.1.21/compute/v2.1/servers/9209400d-d5b8-4b96-9022-f8a4c7a30471 0.049s
2024-10-10 13:08:59.519 62189 INFO tempest.lib.common.rest_client [req-2cb2075c-5dd2-411a-b6f5-d9eb61b314db req-2cb2075c-5dd2-411a-b6f5-d9eb61b314db ] Request (ServersAdmin275Test:test_rebuild_update_server_275): 200 GET http://10.180.1.21/compute/v2.1/servers/da7ddc92-f3e3-4b4d-a14b-13fd25a72314 0.068s
2024-10-10 13:08:59.562 62173 INFO tempest.lib.common.rest_client [req-e21ffb30-06fc-44b4-8a79-7d0d55cde793 req-e21ffb30-06fc-44b4-8a79-7d0d55cde793 ] Request (ServersNegativeTestJSON:setUpClass): 200 GET http://10.180.1.21/compute/v2.1/servers/1f8c2103-0a62-4be6-b4e6-3d5f3a787f4d 0.096s
2024-10-10 13:08:59.582 62205 INFO tempest.lib.common.rest_client [req-4eccb498-b218-41a8-b6f6-8f92eab195f1 req-4eccb498-b218-41a8-b6f6-8f92eab195f1 ] Request (ListImageFiltersTestJSON:setUpClass): 200 GET http://10.180.1.21/compute/v2.1/servers/ea6d2b19-be25-4da3-b8af-11c3dca04df8 0.052s
2024-10-10 13:08:59.611 62179 INFO tempest.lib.common.rest_client [req-a810b5a6-379a-43d5-bcba-21156720c6ef req-a810b5a6-379a-43d5-bcba-21156720c6ef ] Request (AttachInterfacesTestJSON:test_create_list_show_delete_interfaces_by_fixed_ip): 200 GET http://10.180.1.21/compute/v2.1/servers/520e2134-3553-44c2-98f5-ecd5be642d86 0.068s
2024-10-10 13:08:59.662 62147 INFO tempest.lib.common.rest_client [req-a5199862-03c3-4af4-ab98-97bf4448c0bd req-a5199862-03c3-4af4-ab98-97bf4448c0bd ] Request (ServersV294TestFqdnHostnames:setUpClass): 200 GET http://10.180.1.21/compute/v2.1/servers/4f86d6b8-5fb9-4a20-ad49-a3d7ceb3e827 0.055s
2024-10-10 13:08:59.676 62195 INFO tempest.lib.common.rest_client [req-2c5b4c95-82c9-4c6f-a01b-8eeff2a53575 req-2c5b4c95-82c9-4c6f-a01b-8eeff2a53575 ] Request (ServerPasswordTestJSON:setUpClass): 200 GET http://10.180.1.21/compute/v2.1/servers/a7e883a1-aab9-4372-8379-144b373062e2 0.047s
2024-10-10 13:08:59.724 62143 INFO tempest.lib.common.rest_client [req-08a37e87-9b3a-4274-b129-2a5ec128ac24 req-08a37e87-9b3a-4274-b129-2a5ec128ac24 ] Request (ServersAdminTestJSON:setUpClass): 200 GET http://10.180.1.21/compute/v2.1/servers/61e030b3-7f1c-40a3-99d4-e5e9cf41cafe 0.054s
2024-10-10 13:08:59.761 62159 INFO tempest.lib.common.rest_client [req-99107bed-8ace-43b2-804d-facc68cc4b8b req-99107bed-8ace-43b2-804d-facc68cc4b8b ] Request (ServerActionsV293TestJSON:setUpClass): 200 GET http://10.180.1.21/compute/v2.1/servers/78f3d457-d76b-4a13-9f12-264e53b768b4 0.052s
2024-10-10 13:08:59.767 62165 INFO tempest.lib.common.rest_client [req-169ec7cf-fc2e-4683-b7b5-1d47ee38b711 req-169ec7cf-fc2e-4683-b7b5-1d47ee38b711 ] Request (ServerAddressesTestJSON:setUpClass): 200 GET http://10.180.1.21/compute/v2.1/servers/1c5ebe08-0b2f-4158-9eae-dd4b2dcf9a7d 0.044s
2024-10-10 13:08:59.803 62185 INFO tempest.lib.common.rest_client [req-eeb9e75a-ccab-4c60-b812-b2d989140452 req-eeb9e75a-ccab-4c60-b812-b2d989140452 ] Request (FloatingIPsAssociationNegativeTestJSON:setUpClass): 200 GET http://10.180.1.21/compute/v2.1/servers/0da17f71-46ee-42f3-99f7-62f4db6e1d9d 0.050s
2024-10-10 13:08:59.833 62167 INFO tempest.lib.common.rest_client [req-e523c9cc-8afe-4bc3-a018-6721b5fa8996 req-e523c9cc-8afe-4bc3-a018-6721b5fa8996 ] Request (InstanceActionsTestJSON:setUpClass): 200 GET http://10.180.1.21/compute/v2.1/servers/a4f3e548-3111-4f4d-a3ca-b50dd2fc0fee 0.048s
2024-10-10 13:08:59.849 62201 INFO tempest.lib.common.rest_client [req-6641a259-8e15-4e1f-9fd5-7b66ba28d450 req-6641a259-8e15-4e1f-9fd5-7b66ba28d450 ] Request (VolumesAdminNegativeTest:test_update_attached_volume_with_nonexistent_volume_in_body): 200 GET http://10.180.1.21/compute/v2.1/servers/09d97063-d94f-439a-a811-b3039de1f4d7 0.044s
2024-10-10 13:08:59.886 62163 INFO tempest.lib.common.rest_client [req-84df4f9f-697b-447f-9ef8-80159e0d13b1 req-84df4f9f-697b-447f-9ef8-80159e0d13b1 ] Request (ImagesOneServerTestJSON:setUpClass): 200 GET http://10.180.1.21/compute/v2.1/servers/420a661e-33aa-43e5-b298-19a20e8ab33b 0.044s
2024-10-10 13:08:59.931 62193 INFO tempest.lib.common.rest_client [req-8598519e-86af-4bc6-a88c-aa8a83e34954 req-8598519e-86af-4bc6-a88c-aa8a83e34954 ] Request (MigrationsAdminTest:test_resize_server_revert_deleted_flavor): 200 GET http://10.180.1.21/compute/v2.1/servers/af575382-25f6-475a-8803-48714fa0a37c 0.052s
2024-10-10 13:08:59.933 62161 INFO tempest.lib.common.rest_client [req-c5c894ea-b898-457b-bdc7-758567caa646 req-c5c894ea-b898-457b-bdc7-758567caa646 ] Request (DeleteServersTestJSON:test_delete_server_while_in_attached_volume): 200 GET http://10.180.1.21/compute/v2.1/servers/d95c4916-660e-4ead-ba87-2f69871d5f1e 0.046s
2024-10-10 13:08:59.993 62155 INFO tempest.lib.common.rest_client [req-9ba40d0d-3c2a-4544-985c-8da4e8e3b032 req-9ba40d0d-3c2a-4544-985c-8da4e8e3b032 ] Request (ServersAaction247Test:test_create_backup): 200 GET http://10.180.1.21/compute/v2.1/servers/67a7aef0-ed99-4bde-b2f0-33c36764a5d7 0.050s
2024-10-10 13:09:00.063 62171 INFO tempest.lib.common.rest_client [req-14fc11b2-6717-455b-8f8e-2a5c80c25edc req-14fc11b2-6717-455b-8f8e-2a5c80c25edc ] Request (ServersTestFqdnHostnames:test_create_server_with_fqdn_name): 200 GET http://10.180.1.21/compute/v2.1/servers/a1189e41-5922-4623-bb03-394d98159193 0.058s
2024-10-10 13:09:00.129 62175 INFO tempest.lib.common.rest_client [req-028d9491-85a0-4a34-abe9-e63c8bd28e47 req-028d9491-85a0-4a34-abe9-e63c8bd28e47 ] Request (ImagesTestJSON:test_create_image_from_stopped_server): 200 GET http://10.180.1.21/compute/v2.1/servers/8456ccc3-aa32-4388-bf9e-2608c783405f 0.065s
2024-10-10 13:09:00.130 62187 INFO tempest.lib.common.rest_client [req-a7bacccd-638c-402e-b1e2-eab40bef93b6 req-a7bacccd-638c-402e-b1e2-eab40bef93b6 ] Request (VolumesTestJSON:setUpClass): 200 GET http://10.180.1.21/volume/v3/volumes/02d08420-a61d-4432-8421-a1c0d7f4b6e2 0.029s
2024-10-10 13:09:00.135 62175 INFO tempest.common.waiters [-] State transition "BUILD/scheduling" ==> "BUILD/None" after 48 second wait
2024-10-10 13:09:00.139 62187 INFO tempest.common.waiters [-] volume 02d08420-a61d-4432-8421-a1c0d7f4b6e2 reached available after waiting for 1.139726 seconds
2024-10-10 13:09:00.172 62187 INFO tempest.lib.common.rest_client [req-1b6638bc-8380-433c-a61f-09255d241cd3 req-1b6638bc-8380-433c-a61f-09255d241cd3 ] Request (VolumesTestJSON:setUpClass): 200 GET http://10.180.1.21/compute/v2.1/os-volumes/02d08420-a61d-4432-8421-a1c0d7f4b6e2 0.032s
