2024-10-10 13:07:20.318 62193 INFO tempest.lib.common.rest_client [req-37cc5977-35dc-4c5c-b8bc-8ed8f7e30595 req-37cc5977-35dc-4c5c-b8bc-8ed8f7e30595 ] Request (FlavorMetadataValidation:tearDownClass): 204 DELETE http://10.180.1.21/identity/v3/projects/5f5d7879082c41299a73517e0393e1af 0.094s
2024-10-10 13:07:20.364 62173 INFO tempest.lib.common.rest_client [req-1ae72885-82ea-41cf-a84b-df005ba8cf64 req-1ae72885-82ea-41cf-a84b-df005ba8cf64 ] Request (VolumesAssistedSnapshotsTest:setUpClass): 200 PUT http://10.180.1.21:9696/networking/v2.0/routers/455a1e9c-68b9-448e-ab6f-9802c1b7172b/add_router_interface 4.195s
2024-10-10 13:07:20.364 62173 INFO tempest.lib.common.dynamic_creds [-] Created isolated network resources for: credentials: Credentials: {'domain_id': 'default', 'domain_name': 'Default', 'username': 'tempest-VolumesAssistedSnapshotsTest-826575615-project', 'project_domain_id': 'default', 'project_domain_name': 'Default', 'project_id': 'd6acb6ac1ab9437ab6579ffe5b3c1bbf', 'project_name': 'tempest-VolumesAssistedSnapshotsTest-826575615', 'tenant_id': 'd6acb6ac1ab9437ab6579ffe5b3c1bbf', 'tenant_name': 'tempest-VolumesAssistedSnapshotsTest-826575615', 'user_domain_id': 'default', 'user_domain_name': 'Default', 'user_id': '4daef7342dff4bf3b6924a88c579369e', 'system': None}, Network: {'id': '43d9476a-d71e-45ef-9205-3cc9e8330cdf', 'name': 'tempest-VolumesAssistedSnapshotsTest-942680295-network', 'tenant_id': 'd6acb6ac1ab9437ab6579ffe5b3c1bbf', 'admin_state_up': True, 'mtu': 8950, 'status': 'ACTIVE', 'subnets': [], 'shared': False, 'project_id': 'd6acb6ac1ab9437ab6579ffe5b3c1bbf', 'port_security_enabled': True, 'router:external': False, 'provider:network_type': 'vlan', 'provider:physical_network': 'default', 'provider:segmentation_id': 314, 'is_default': False, 'availability_zone_hints': [], 'availability_zones': [], 'ipv4_address_scope': None, 'ipv6_address_scope': None, 'description': '', 'tags': [], 'created_at': '2024-10-10T13:07:13Z', 'updated_at': '2024-10-10T13:07:13Z', 'revision_number': 1}, Subnet: {'id': '382cb345-e535-4233-a5c6-2ac43802cc3f', 'name': 'tempest-VolumesAssistedSnapshotsTest-942680295-subnet', 'tenant_id': 'd6acb6ac1ab9437ab6579ffe5b3c1bbf', 'network_id': '43d9476a-d71e-45ef-9205-3cc9e8330cdf', 'ip_version': 4, 'subnetpool_id': None, 'enable_dhcp': True, 'ipv6_ra_mode': None, 'ipv6_address_mode': None, 'gateway_ip': '192.168.128.1', 'cidr': '192.168.128.0/28', 'allocation_pools': [{'start': '192.168.128.2', 'end': '192.168.128.14'}], 'host_routes': [], 'dns_nameservers': [], 'description': '', 'router:external': False, 'service_types': [], 'tags': [], 'created_at': '2024-10-10T13:07:13Z', 'updated_at': '2024-10-10T13:07:13Z', 'revision_number': 0, 'project_id': 'd6acb6ac1ab9437ab6579ffe5b3c1bbf'}, Router: {'id': '455a1e9c-68b9-448e-ab6f-9802c1b7172b', 'name': 'tempest-VolumesAssistedSnapshotsTest-942680295-router', 'tenant_id': 'd6acb6ac1ab9437ab6579ffe5b3c1bbf', 'admin_state_up': True, 'status': 'ACTIVE', 'external_gateway_info': {'network_id': 'a9dbbd29-4d86-43d3-96f4-9a33613efb12', 'external_fixed_ips': [{'subnet_id': 'e5714875-0549-4fed-9350-0e8c184a556a', 'ip_address': '10.180.180.182'}], 'enable_snat': True}, 'description': '', 'availability_zones': [], 'distributed': False, 'ha': False, 'availability_zone_hints': [], 'routes': [], 'flavor_id': None, 'tags': [], 'created_at': '2024-10-10T13:07:14Z', 'updated_at': '2024-10-10T13:07:15Z', 'revision_number': 2, 'project_id': 'd6acb6ac1ab9437ab6579ffe5b3c1bbf'}
2024-10-10 13:07:20.369 62163 INFO tempest.lib.common.rest_client [req-2c54b982-f914-4dd7-ad31-ed63e3c1e7f3 req-2c54b982-f914-4dd7-ad31-ed63e3c1e7f3 ] Request (ServerDiagnosticsTest:test_get_server_diagnostics): 200 GET http://10.180.1.21/compute/v2.1/servers/ddd5ca18-61da-468f-a76c-8f939352aeda 3.601s
2024-10-10 13:07:20.381 62163 INFO tempest.common.waiters [-] State transition "BUILD/block_device_mapping" ==> "BUILD/spawning" after 7 second wait
2024-10-10 13:07:20.393 62193 INFO tempest.lib.common.rest_client [req-00672ee1-8c85-40d8-901d-74e177185c1a req-00672ee1-8c85-40d8-901d-74e177185c1a ] Request (HypervisorAdminNegativeUnderV252Test:setUpClass): 201 POST http://10.180.1.21/identity/v3/auth/tokens 0.073s
2024-10-10 13:07:20.403 62151 INFO tempest.lib.common.rest_client [req-c9eb89a7-a12d-45ac-be5e-74177bbeddc1 req-c9eb89a7-a12d-45ac-be5e-74177bbeddc1 ] Request (HypervisorAdminTestJSON:setUpClass): 201 POST http://10.180.1.21/identity/v3/users 0.109s
2024-10-10 13:07:20.441 62193 INFO tempest.lib.common.rest_client [req-0ac629dc-57fb-425f-b39f-f79063a05942 req-0ac629dc-57fb-425f-b39f-f79063a05942 ] Request (HypervisorAdminNegativeUnderV252Test:setUpClass): 201 POST http://10.180.1.21/identity/v3/auth/tokens 0.043s
2024-10-10 13:07:20.463 62151 INFO tempest.lib.common.rest_client [req-c7bd6227-1bad-4bd0-a16a-13bd3d37e8e1 req-c7bd6227-1bad-4bd0-a16a-13bd3d37e8e1 ] Request (HypervisorAdminTestJSON:setUpClass): 200 GET http://10.180.1.21/identity/v3/roles 0.060s
2024-10-10 13:07:20.493 62169 INFO tempest.lib.common.rest_client [req-3e2966e7-09e3-4c94-903c-36e12b6e8a19 req-3e2966e7-09e3-4c94-903c-36e12b6e8a19 ] Request (HypervisorAdminNegativeTestJSON:test_get_hypervisor_list_details_with_non_admin_user): 403 GET http://10.180.1.21/compute/v2.1/os-hypervisors/detail 3.694s
2024-10-10 13:07:20.503 62193 INFO tempest.lib.common.rest_client [req-ded82d3c-0ce9-40b8-b58f-8e36cb3e08b2 req-ded82d3c-0ce9-40b8-b58f-8e36cb3e08b2 ] Request (HypervisorAdminNegativeUnderV252Test:setUpClass): 200 GET http://10.180.1.21/identity/v3/domains?name=Default 0.061s
2024-10-10 13:07:20.534 62151 INFO tempest.lib.common.rest_client [req-d7c3fccf-d518-4758-9af7-cd6073e7bafb req-d7c3fccf-d518-4758-9af7-cd6073e7bafb ] Request (HypervisorAdminTestJSON:setUpClass): 204 PUT http://10.180.1.21/identity/v3/projects/c754218830c942a485c4626f543d9885/users/47b04327959d4ddfa10d2aa01e713999/roles/f3c7ff186b814538b27d1057958cd3c4 0.071s
2024-10-10 13:07:20.534 62151 INFO tempest.lib.common.dynamic_creds [-] Dynamic test user 47b04327959d4ddfa10d2aa01e713999 is created with scope project and roles: ['member']
2024-10-10 13:07:20.535 62151 INFO tempest.lib.common.dynamic_creds [-] Acquired dynamic creds: credentials: Credentials: {'domain_id': 'default', 'domain_name': 'Default', 'username': 'tempest-HypervisorAdminTestJSON-931758463-project-member', 'project_domain_id': 'default', 'project_domain_name': 'Default', 'project_id': 'c754218830c942a485c4626f543d9885', 'project_name': 'tempest-HypervisorAdminTestJSON-931758463', 'tenant_id': 'c754218830c942a485c4626f543d9885', 'tenant_name': 'tempest-HypervisorAdminTestJSON-931758463', 'user_domain_id': 'default', 'user_domain_name': 'Default', 'user_id': '47b04327959d4ddfa10d2aa01e713999', 'system': None}, Network: None, Subnet: None, Router: None
2024-10-10 13:07:20.535 62151 INFO tempest.lib.common.dynamic_creds [-] Created isolated network resources for: credentials: Credentials: {'domain_id': 'default', 'domain_name': 'Default', 'username': 'tempest-HypervisorAdminTestJSON-931758463-project-member', 'project_domain_id': 'default', 'project_domain_name': 'Default', 'project_id': 'c754218830c942a485c4626f543d9885', 'project_name': 'tempest-HypervisorAdminTestJSON-931758463', 'tenant_id': 'c754218830c942a485c4626f543d9885', 'tenant_name': 'tempest-HypervisorAdminTestJSON-931758463', 'user_domain_id': 'default', 'user_domain_name': 'Default', 'user_id': '47b04327959d4ddfa10d2aa01e713999', 'system': None}, Network: None, Subnet: None, Router: None
2024-10-10 13:07:20.545 62173 INFO tempest.lib.common.rest_client [req-9912670d-19e1-42a7-b6a0-7f6d46d64886 req-9912670d-19e1-42a7-b6a0-7f6d46d64886 ] Request (VolumesAssistedSnapshotsTest:setUpClass): 201 POST http://10.180.1.21/identity/v3/auth/tokens 0.117s
2024-10-10 13:07:20.579 62161 INFO tempest.lib.common.rest_client [req-2198e50c-afcd-4aeb-a40f-31430d7ebfab req-2198e50c-afcd-4aeb-a40f-31430d7ebfab ] Request (DeleteServersTestJSON:test_delete_active_server): 200 GET http://10.180.1.21/compute/v2.1/servers/a3768960-4967-4975-9760-bc6ceb0b3e64 3.764s
2024-10-10 13:07:20.602 62193 INFO tempest.lib.common.rest_client [req-130e867c-6de4-42ff-9eff-3afc9af772a6 req-130e867c-6de4-42ff-9eff-3afc9af772a6 ] Request (HypervisorAdminNegativeUnderV252Test:setUpClass): 201 POST http://10.180.1.21/identity/v3/projects 0.099s
2024-10-10 13:07:20.610 62151 INFO tempest.lib.common.rest_client [req-bf199dba-fbb4-45d3-862e-94cc977517fe req-bf199dba-fbb4-45d3-862e-94cc977517fe ] Request (HypervisorAdminTestJSON:setUpClass): 201 POST http://10.180.1.21/identity/v3/auth/tokens 0.072s
2024-10-10 13:07:20.659 62193 INFO tempest.lib.common.rest_client [req-8d375437-fef2-4a14-91f8-13c75a1c7ad4 req-8d375437-fef2-4a14-91f8-13c75a1c7ad4 ] Request (HypervisorAdminNegativeUnderV252Test:setUpClass): 201 POST http://10.180.1.21/identity/v3/users 0.056s
2024-10-10 13:07:20.686 62151 INFO tempest.lib.common.rest_client [req-07ba830f-a609-4678-8bb2-7c0c0c1e0244 req-07ba830f-a609-4678-8bb2-7c0c0c1e0244 ] Request (HypervisorAdminTestJSON:setUpClass): 201 POST http://10.180.1.21/identity/v3/projects 0.074s
2024-10-10 13:07:20.740 62193 INFO tempest.lib.common.rest_client [req-ce4692e0-85ff-454a-a19c-fb3e338f52be req-ce4692e0-85ff-454a-a19c-fb3e338f52be ] Request (HypervisorAdminNegativeUnderV252Test:setUpClass): 200 GET http://10.180.1.21/identity/v3/roles 0.081s
2024-10-10 13:07:20.768 62151 INFO tempest.lib.common.rest_client [req-d8ee3b66-65cb-4792-a476-b29d35b2a82d req-d8ee3b66-65cb-4792-a476-b29d35b2a82d ] Request (HypervisorAdminTestJSON:setUpClass): 201 POST http://10.180.1.21/identity/v3/users 0.081s
2024-10-10 13:07:20.770 62193 INFO tempest.lib.common.rest_client [req-dea38055-7e85-43dd-b57d-d686cfbdcffc req-dea38055-7e85-43dd-b57d-d686cfbdcffc ] Request (HypervisorAdminNegativeUnderV252Test:setUpClass): 204 PUT http://10.180.1.21/identity/v3/projects/6341f251a050418ea1f63f5a87b81b03/users/c266225c0553444a8c7215507466f08f/roles/f3c7ff186b814538b27d1057958cd3c4 0.028s
2024-10-10 13:07:20.771 62193 INFO tempest.lib.common.dynamic_creds [-] Dynamic test user c266225c0553444a8c7215507466f08f is created with scope project and roles: ['member']
2024-10-10 13:07:20.771 62193 INFO tempest.lib.common.dynamic_creds [-] Acquired dynamic creds: credentials: Credentials: {'domain_id': 'default', 'domain_name': 'Default', 'username': 'tempest-HypervisorAdminNegativeUnderV252Test-1926692093-project-member', 'project_domain_id': 'default', 'project_domain_name': 'Default', 'project_id': '6341f251a050418ea1f63f5a87b81b03', 'project_name': 'tempest-HypervisorAdminNegativeUnderV252Test-1926692093', 'tenant_id': '6341f251a050418ea1f63f5a87b81b03', 'tenant_name': 'tempest-HypervisorAdminNegativeUnderV252Test-1926692093', 'user_domain_id': 'default', 'user_domain_name': 'Default', 'user_id': 'c266225c0553444a8c7215507466f08f', 'system': None}, Network: None, Subnet: None, Router: None
2024-10-10 13:07:20.772 62193 INFO tempest.lib.common.dynamic_creds [-] Created isolated network resources for: credentials: Credentials: {'domain_id': 'default', 'domain_name': 'Default', 'username': 'tempest-HypervisorAdminNegativeUnderV252Test-1926692093-project-member', 'project_domain_id': 'default', 'project_domain_name': 'Default', 'project_id': '6341f251a050418ea1f63f5a87b81b03', 'project_name': 'tempest-HypervisorAdminNegativeUnderV252Test-1926692093', 'tenant_id': '6341f251a050418ea1f63f5a87b81b03', 'tenant_name': 'tempest-HypervisorAdminNegativeUnderV252Test-1926692093', 'user_domain_id': 'default', 'user_domain_name': 'Default', 'user_id': 'c266225c0553444a8c7215507466f08f', 'system': None}, Network: None, Subnet: None, Router: None
2024-10-10 13:07:20.846 62151 INFO tempest.lib.common.rest_client [req-148ed4d6-7c51-4f23-82bd-3181b27f4d98 req-148ed4d6-7c51-4f23-82bd-3181b27f4d98 ] Request (HypervisorAdminTestJSON:setUpClass): 200 GET http://10.180.1.21/identity/v3/roles 0.078s
2024-10-10 13:07:20.856 62193 INFO tempest.lib.common.rest_client [req-57794a55-df69-4b79-a639-0149d52d1504 req-57794a55-df69-4b79-a639-0149d52d1504 ] Request (HypervisorAdminNegativeUnderV252Test:setUpClass): 201 POST http://10.180.1.21/identity/v3/auth/tokens 0.081s
2024-10-10 13:07:20.883 62151 INFO tempest.lib.common.rest_client [req-9b2b6744-d54d-4cb6-9572-f1a23f5592a0 req-9b2b6744-d54d-4cb6-9572-f1a23f5592a0 ] Request (HypervisorAdminTestJSON:setUpClass): 204 PUT http://10.180.1.21/identity/v3/projects/18e8af4e3e584d0ab5a156832258dc40/users/60846e65362d436e88ef4076af50cb54/roles/8a2902eb2fe64133ba2021dca31e030b 0.036s
2024-10-10 13:07:20.899 62189 INFO tempest.lib.common.rest_client [req-e691f1d4-7290-41fa-8e0e-3f6c6a855c4b req-e691f1d4-7290-41fa-8e0e-3f6c6a855c4b ] Request (DeleteServersAdminTestJSON:test_admin_delete_servers_of_others): 200 GET http://10.180.1.21/compute/v2.1/servers/7683c1aa-eec9-47ef-b775-0567f978da64 3.968s
2024-10-10 13:07:20.910 62193 INFO tempest.lib.common.rest_client [req-e881a1ed-e79f-4979-a0a5-72a4c8b8e8fc req-e881a1ed-e79f-4979-a0a5-72a4c8b8e8fc ] Request (HypervisorAdminNegativeUnderV252Test:setUpClass): 201 POST http://10.180.1.21/identity/v3/projects 0.053s
2024-10-10 13:07:20.912 62189 INFO tempest.common.waiters [-] State transition "BUILD/None" ==> "BUILD/spawning" after 7 second wait
2024-10-10 13:07:20.914 62183 INFO tempest.lib.common.rest_client [req-08ae31a7-7c7a-44de-afb9-f4937f484112 req-08ae31a7-7c7a-44de-afb9-f4937f484112 ] Request (ServersWithSpecificFlavorTestJSON:test_verify_created_server_ephemeral_disk): 200 GET http://10.180.1.21/compute/v2.1/flavors/42/os-extra_specs 3.899s
2024-10-10 13:07:20.941 62165 INFO tempest.lib.common.rest_client [req-bc3b3aaf-dc74-4306-9757-b7871e2797e6 req-bc3b3aaf-dc74-4306-9757-b7871e2797e6 ] Request (FlavorsExtraSpecsTestJSON:test_flavor_set_get_update_show_unset_keys): 200 PUT http://10.180.1.21/compute/v2.1/flavors/387352438/os-extra_specs/hw:numa_nodes 3.887s
2024-10-10 13:07:21.003 62151 INFO tempest.lib.common.rest_client [req-51fc7ff7-fab0-4099-b433-98b2ca827525 req-51fc7ff7-fab0-4099-b433-98b2ca827525 ] Request (HypervisorAdminTestJSON:setUpClass): 200 GET http://10.180.1.21/identity/v3/roles 0.119s
2024-10-10 13:07:21.018 62193 INFO tempest.lib.common.rest_client [req-df13ada3-838c-4433-b6a7-bc0b9fb6f1a1 req-df13ada3-838c-4433-b6a7-bc0b9fb6f1a1 ] Request (HypervisorAdminNegativeUnderV252Test:setUpClass): 201 POST http://10.180.1.21/identity/v3/users 0.108s
2024-10-10 13:07:21.040 62151 INFO tempest.lib.common.rest_client [req-0f054a0b-d79c-4176-9d41-cc87b2b42d70 req-0f054a0b-d79c-4176-9d41-cc87b2b42d70 ] Request (HypervisorAdminTestJSON:setUpClass): 204 PUT http://10.180.1.21/identity/v3/projects/18e8af4e3e584d0ab5a156832258dc40/users/60846e65362d436e88ef4076af50cb54/roles/8a2902eb2fe64133ba2021dca31e030b 0.036s
2024-10-10 13:07:21.040 62151 INFO tempest.lib.common.dynamic_creds [-] Dynamic test user 60846e65362d436e88ef4076af50cb54 is created with scope project and roles: ['admin']
2024-10-10 13:07:21.041 62151 INFO tempest.lib.common.dynamic_creds [-] Acquired dynamic creds: credentials: Credentials: {'domain_id': 'default', 'domain_name': 'Default', 'username': 'tempest-HypervisorAdminTestJSON-234752858-project-admin', 'project_domain_id': 'default', 'project_domain_name': 'Default', 'project_id': '18e8af4e3e584d0ab5a156832258dc40', 'project_name': 'tempest-HypervisorAdminTestJSON-234752858', 'tenant_id': '18e8af4e3e584d0ab5a156832258dc40', 'tenant_name': 'tempest-HypervisorAdminTestJSON-234752858', 'user_domain_id': 'default', 'user_domain_name': 'Default', 'user_id': '60846e65362d436e88ef4076af50cb54', 'system': None}, Network: None, Subnet: None, Router: None
2024-10-10 13:07:21.041 62151 INFO tempest.lib.common.dynamic_creds [-] Created isolated network resources for: credentials: Credentials: {'domain_id': 'default', 'domain_name': 'Default', 'username': 'tempest-HypervisorAdminTestJSON-234752858-project-admin', 'project_domain_id': 'default', 'project_domain_name': 'Default', 'project_id': '18e8af4e3e584d0ab5a156832258dc40', 'project_name': 'tempest-HypervisorAdminTestJSON-234752858', 'tenant_id': '18e8af4e3e584d0ab5a156832258dc40', 'tenant_name': 'tempest-HypervisorAdminTestJSON-234752858', 'user_domain_id': 'default', 'user_domain_name': 'Default', 'user_id': '60846e65362d436e88ef4076af50cb54', 'system': None}, Network: None, Subnet: None, Router: None
2024-10-10 13:07:21.112 62193 INFO tempest.lib.common.rest_client [req-cfafb022-8d4a-42e4-9dea-7f093a285cd4 req-cfafb022-8d4a-42e4-9dea-7f093a285cd4 ] Request (HypervisorAdminNegativeUnderV252Test:setUpClass): 200 GET http://10.180.1.21/identity/v3/roles 0.093s
2024-10-10 13:07:21.165 62173 INFO tempest.lib.common.rest_client [req-81422bf8-898e-4481-ae89-6088ddc8832c req-81422bf8-898e-4481-ae89-6088ddc8832c ] Request (VolumesAssistedSnapshotsTest:test_volume_assisted_snapshot_create_delete): 202 POST http://10.180.1.21/volume/v3/volumes 0.618s
2024-10-10 13:07:21.267 62173 INFO tempest.lib.common.rest_client [req-5f9c6641-d4f5-45f0-9783-97b18b19dfbf req-5f9c6641-d4f5-45f0-9783-97b18b19dfbf ] Request (VolumesAssistedSnapshotsTest:test_volume_assisted_snapshot_create_delete): 200 GET http://10.180.1.21/volume/v3/volumes/7c1b2933-62a4-41bd-9851-4a27f66764e9 0.093s
2024-10-10 13:07:21.288 62193 INFO tempest.lib.common.rest_client [req-db8884b3-770f-4c6b-bf76-e32e67ba1984 req-db8884b3-770f-4c6b-bf76-e32e67ba1984 ] Request (HypervisorAdminNegativeUnderV252Test:setUpClass): 204 PUT http://10.180.1.21/identity/v3/projects/c0f930ec0f494a3a8efea7453b188f43/users/9a092f6b9f724cb992c2fd821bfd9fff/roles/8a2902eb2fe64133ba2021dca31e030b 0.174s
2024-10-10 13:07:21.296 62151 INFO tempest.lib.common.rest_client [req-9dcbfddf-8b63-462f-8b69-e4cf7a6a2284 req-9dcbfddf-8b63-462f-8b69-e4cf7a6a2284 ] Request (HypervisorAdminTestJSON:setUpClass): 201 POST http://10.180.1.21/identity/v3/auth/tokens 0.247s
2024-10-10 13:07:21.351 62193 INFO tempest.lib.common.rest_client [req-ad48b909-2683-41cf-9e32-ff9e43825446 req-ad48b909-2683-41cf-9e32-ff9e43825446 ] Request (HypervisorAdminNegativeUnderV252Test:setUpClass): 200 GET http://10.180.1.21/identity/v3/roles 0.063s
2024-10-10 13:07:21.375 62193 INFO tempest.lib.common.rest_client [req-859dd62f-f637-4685-8da9-80b588900427 req-859dd62f-f637-4685-8da9-80b588900427 ] Request (HypervisorAdminNegativeUnderV252Test:setUpClass): 204 PUT http://10.180.1.21/identity/v3/projects/c0f930ec0f494a3a8efea7453b188f43/users/9a092f6b9f724cb992c2fd821bfd9fff/roles/8a2902eb2fe64133ba2021dca31e030b 0.023s
2024-10-10 13:07:21.375 62193 INFO tempest.lib.common.dynamic_creds [-] Dynamic test user 9a092f6b9f724cb992c2fd821bfd9fff is created with scope project and roles: ['admin']
2024-10-10 13:07:21.375 62193 INFO tempest.lib.common.dynamic_creds [-] Acquired dynamic creds: credentials: Credentials: {'domain_id': 'default', 'domain_name': 'Default', 'username': 'tempest-HypervisorAdminNegativeUnderV252Test-830612975-project-admin', 'project_domain_id': 'default', 'project_domain_name': 'Default', 'project_id': 'c0f930ec0f494a3a8efea7453b188f43', 'project_name': 'tempest-HypervisorAdminNegativeUnderV252Test-830612975', 'tenant_id': 'c0f930ec0f494a3a8efea7453b188f43', 'tenant_name': 'tempest-HypervisorAdminNegativeUnderV252Test-830612975', 'user_domain_id': 'default', 'user_domain_name': 'Default', 'user_id': '9a092f6b9f724cb992c2fd821bfd9fff', 'system': None}, Network: None, Subnet: None, Router: None
2024-10-10 13:07:21.375 62193 INFO tempest.lib.common.dynamic_creds [-] Created isolated network resources for: credentials: Credentials: {'domain_id': 'default', 'domain_name': 'Default', 'username': 'tempest-HypervisorAdminNegativeUnderV252Test-830612975-project-admin', 'project_domain_id': 'default', 'project_domain_name': 'Default', 'project_id': 'c0f930ec0f494a3a8efea7453b188f43', 'project_name': 'tempest-HypervisorAdminNegativeUnderV252Test-830612975', 'tenant_id': 'c0f930ec0f494a3a8efea7453b188f43', 'tenant_name': 'tempest-HypervisorAdminNegativeUnderV252Test-830612975', 'user_domain_id': 'default', 'user_domain_name': 'Default', 'user_id': '9a092f6b9f724cb992c2fd821bfd9fff', 'system': None}, Network: None, Subnet: None, Router: None
2024-10-10 13:07:21.457 62193 INFO tempest.lib.common.rest_client [req-b782e0e8-3367-4b6e-86c5-a774ad3362b7 req-b782e0e8-3367-4b6e-86c5-a774ad3362b7 ] Request (HypervisorAdminNegativeUnderV252Test:setUpClass): 201 POST http://10.180.1.21/identity/v3/auth/tokens 0.078s
2024-10-10 13:07:21.539 62191 INFO tempest.lib.common.rest_client [req-045be7a7-8553-4c25-8653-9c02cc8ab299 req-045be7a7-8553-4c25-8653-9c02cc8ab299 ] Request (ServerDiagnosticsNegativeTest:test_get_server_diagnostics_by_non_admin): 202 POST http://10.180.1.21/compute/v2.1/servers 4.241s
2024-10-10 13:07:22.160 62179 INFO tempest.lib.common.rest_client [req-f8d1086f-20a0-4498-b90d-ece6d49f9fd4 req-f8d1086f-20a0-4498-b90d-ece6d49f9fd4 ] Request (SecurityGroupRulesTestJSON:test_security_group_rules_create_with_optional_group_id): 200 POST http://10.180.1.21/compute/v2.1/os-security-groups 4.563s
2024-10-10 13:07:22.319 62173 INFO tempest.lib.common.rest_client [req-fd1997a7-8289-4b1f-b860-fd59030bbe92 req-fd1997a7-8289-4b1f-b860-fd59030bbe92 ] Request (VolumesAssistedSnapshotsTest:test_volume_assisted_snapshot_create_delete): 200 GET http://10.180.1.21/volume/v3/volumes/7c1b2933-62a4-41bd-9851-4a27f66764e9 0.041s
2024-10-10 13:07:22.329 62173 INFO tempest.common.waiters [-] volume 7c1b2933-62a4-41bd-9851-4a27f66764e9 reached available after waiting for 1.329144 seconds
2024-10-10 13:07:22.458 62149 INFO tempest.lib.common.rest_client [req-4cdc4fc5-97de-4f36-b4d0-5081676d0eb9 req-4cdc4fc5-97de-4f36-b4d0-5081676d0eb9 ] Request (FloatingIPsTestJSON:tearDownClass): 200 PUT http://10.180.1.21:9696/networking/v2.0/routers/2da256cb-1b38-429c-a9db-be4ee2d0448f/remove_router_interface 2.787s
2024-10-10 13:07:22.539 62195 INFO tempest.lib.common.rest_client [req-5c34fe6c-ac60-4076-b766-1fd03d29a7f3 req-5c34fe6c-ac60-4076-b766-1fd03d29a7f3 ] Request (SecurityGroupRulesNegativeTestJSON:test_create_security_group_rule_with_invalid_ip_protocol): 200 POST http://10.180.1.21/compute/v2.1/os-security-groups 4.937s
2024-10-10 13:07:22.634 62199 INFO tempest.lib.common.rest_client [req-56a05d76-8e44-4050-96aa-f465b1efb84c req-56a05d76-8e44-4050-96aa-f465b1efb84c ] Request (AggregatesAdminNegativeTestJSON:test_aggregate_add_existent_host): 409 POST http://10.180.1.21/compute/v2.1/os-aggregates/1/action 4.917s
2024-10-10 13:07:22.648 62171 INFO tempest.lib.common.rest_client [req-e4961391-33e8-4193-b9d8-574f297e66fc req-e4961391-33e8-4193-b9d8-574f297e66fc ] Request (HostsAdminNegativeTestJSON:test_show_host_detail_with_nonexistent_hostname): 404 GET http://10.180.1.21/compute/v2.1/os-hosts/nonexistent_hostname 4.920s
2024-10-10 13:07:22.660 62205 INFO tempest.lib.common.rest_client [req-51e45843-83da-4592-985d-b1ab790378fe req-51e45843-83da-4592-985d-b1ab790378fe ] Request (ImagesNegativeTestJSON:setUpClass): 200 PUT http://10.180.1.21:9696/networking/v2.0/routers/d2e74563-f390-4f93-9176-181088590ab9/add_router_interface 3.410s
2024-10-10 13:07:22.661 62205 INFO tempest.lib.common.dynamic_creds [-] Created isolated network resources for: credentials: Credentials: {'domain_id': 'default', 'domain_name': 'Default', 'username': 'tempest-ImagesNegativeTestJSON-1260106327-project-member', 'project_domain_id': 'default', 'project_domain_name': 'Default', 'project_id': '2ca369b965a942519bb9200e360b0176', 'project_name': 'tempest-ImagesNegativeTestJSON-1260106327', 'tenant_id': '2ca369b965a942519bb9200e360b0176', 'tenant_name': 'tempest-ImagesNegativeTestJSON-1260106327', 'user_domain_id': 'default', 'user_domain_name': 'Default', 'user_id': '6b2efa7f88504e64b466f502ac6e0540', 'system': None}, Network: {'id': 'e655d5a4-8ab8-48ec-a4a9-f63ba1af6365', 'name': 'tempest-ImagesNegativeTestJSON-1282798514-network', 'tenant_id': '2ca369b965a942519bb9200e360b0176', 'admin_state_up': True, 'mtu': 8950, 'status': 'ACTIVE', 'subnets': [], 'shared': False, 'project_id': '2ca369b965a942519bb9200e360b0176', 'port_security_enabled': True, 'router:external': False, 'provider:network_type': 'vlan', 'provider:physical_network': 'default', 'provider:segmentation_id': 530, 'is_default': False, 'availability_zone_hints': [], 'availability_zones': [], 'ipv4_address_scope': None, 'ipv6_address_scope': None, 'description': '', 'tags': [], 'created_at': '2024-10-10T13:07:15Z', 'updated_at': '2024-10-10T13:07:15Z', 'revision_number': 1}, Subnet: {'id': '06df4823-3501-46ab-9106-cec58a71a1ff', 'name': 'tempest-ImagesNegativeTestJSON-1282798514-subnet', 'tenant_id': '2ca369b965a942519bb9200e360b0176', 'network_id': 'e655d5a4-8ab8-48ec-a4a9-f63ba1af6365', 'ip_version': 4, 'subnetpool_id': None, 'enable_dhcp': True, 'ipv6_ra_mode': None, 'ipv6_address_mode': None, 'gateway_ip': '192.168.128.1', 'cidr': '192.168.128.0/28', 'allocation_pools': [{'start': '192.168.128.2', 'end': '192.168.128.14'}], 'host_routes': [], 'dns_nameservers': [], 'description': '', 'router:external': False, 'service_types': [], 'tags': [], 'created_at': '2024-10-10T13:07:15Z', 'updated_at': '2024-10-10T13:07:15Z', 'revision_number': 0, 'project_id': '2ca369b965a942519bb9200e360b0176'}, Router: {'id': 'd2e74563-f390-4f93-9176-181088590ab9', 'name': 'tempest-ImagesNegativeTestJSON-1282798514-router', 'tenant_id': '2ca369b965a942519bb9200e360b0176', 'admin_state_up': True, 'status': 'ACTIVE', 'external_gateway_info': {'network_id': 'a9dbbd29-4d86-43d3-96f4-9a33613efb12', 'external_fixed_ips': [{'subnet_id': 'e5714875-0549-4fed-9350-0e8c184a556a', 'ip_address': '10.180.180.166'}], 'enable_snat': True}, 'description': '', 'availability_zones': [], 'distributed': False, 'ha': False, 'availability_zone_hints': [], 'routes': [], 'flavor_id': None, 'tags': [], 'created_at': '2024-10-10T13:07:16Z', 'updated_at': '2024-10-10T13:07:17Z', 'revision_number': 2, 'project_id': '2ca369b965a942519bb9200e360b0176'}
2024-10-10 13:07:22.748 62187 INFO tempest.lib.common.rest_client [req-0aeecd41-156d-47e4-af0b-d4f509f880a9 req-0aeecd41-156d-47e4-af0b-d4f509f880a9 ] Request (ServersTestBootFromVolume:setUpClass): 200 PUT http://10.180.1.21:9696/networking/v2.0/routers/138509dc-4526-4d45-a0c1-be9b68ec8207/add_router_interface 3.416s
2024-10-10 13:07:22.748 62187 INFO tempest.lib.common.dynamic_creds [-] Created isolated network resources for: credentials: Credentials: {'domain_id': 'default', 'domain_name': 'Default', 'username': 'tempest-ServersTestBootFromVolume-1005710906-project-member', 'project_domain_id': 'default', 'project_domain_name': 'Default', 'project_id': '21eaf66fc0d24a7db499af006deac133', 'project_name': 'tempest-ServersTestBootFromVolume-1005710906', 'tenant_id': '21eaf66fc0d24a7db499af006deac133', 'tenant_name': 'tempest-ServersTestBootFromVolume-1005710906', 'user_domain_id': 'default', 'user_domain_name': 'Default', 'user_id': '6cf54ef44058461aa1e1d7be79959f21', 'system': None}, Network: {'id': 'aea952c2-55e2-4af0-a819-bd655fd2e8ce', 'name': 'tempest-ServersTestBootFromVolume-363386345-network', 'tenant_id': '21eaf66fc0d24a7db499af006deac133', 'admin_state_up': True, 'mtu': 8950, 'status': 'ACTIVE', 'subnets': [], 'shared': False, 'project_id': '21eaf66fc0d24a7db499af006deac133', 'port_security_enabled': True, 'router:external': False, 'provider:network_type': 'vlan', 'provider:physical_network': 'default', 'provider:segmentation_id': 536, 'is_default': False, 'availability_zone_hints': [], 'availability_zones': [], 'ipv4_address_scope': None, 'ipv6_address_scope': None, 'description': '', 'tags': [], 'created_at': '2024-10-10T13:07:15Z', 'updated_at': '2024-10-10T13:07:15Z', 'revision_number': 1}, Subnet: {'id': 'f3b9b329-4e90-402f-b68e-c8a929a91740', 'name': 'tempest-ServersTestBootFromVolume-363386345-subnet', 'tenant_id': '21eaf66fc0d24a7db499af006deac133', 'network_id': 'aea952c2-55e2-4af0-a819-bd655fd2e8ce', 'ip_version': 4, 'subnetpool_id': None, 'enable_dhcp': True, 'ipv6_ra_mode': None, 'ipv6_address_mode': None, 'gateway_ip': '192.168.128.1', 'cidr': '192.168.128.0/28', 'allocation_pools': [{'start': '192.168.128.2', 'end': '192.168.128.14'}], 'host_routes': [], 'dns_nameservers': [], 'description': '', 'router:external': False, 'service_types': [], 'tags': [], 'created_at': '2024-10-10T13:07:15Z', 'updated_at': '2024-10-10T13:07:15Z', 'revision_number': 0, 'project_id': '21eaf66fc0d24a7db499af006deac133'}, Router: {'id': '138509dc-4526-4d45-a0c1-be9b68ec8207', 'name': 'tempest-ServersTestBootFromVolume-363386345-router', 'tenant_id': '21eaf66fc0d24a7db499af006deac133', 'admin_state_up': True, 'status': 'ACTIVE', 'external_gateway_info': {'network_id': 'a9dbbd29-4d86-43d3-96f4-9a33613efb12', 'external_fixed_ips': [{'subnet_id': 'e5714875-0549-4fed-9350-0e8c184a556a', 'ip_address': '10.180.180.164'}], 'enable_snat': True}, 'description': '', 'availability_zones': [], 'distributed': False, 'ha': False, 'availability_zone_hints': [], 'routes': [], 'flavor_id': None, 'tags': [], 'created_at': '2024-10-10T13:07:16Z', 'updated_at': '2024-10-10T13:07:17Z', 'revision_number': 2, 'project_id': '21eaf66fc0d24a7db499af006deac133'}
2024-10-10 13:07:22.771 62205 INFO tempest.lib.common.rest_client [req-d557ab7b-6e3c-45af-a901-f896d007cf48 req-d557ab7b-6e3c-45af-a901-f896d007cf48 ] Request (ImagesNegativeTestJSON:setUpClass): 201 POST http://10.180.1.21/identity/v3/auth/tokens 0.101s
2024-10-10 13:07:22.819 62205 INFO tempest.lib.common.rest_client [req-7815b465-14c6-4ddc-8b0f-53160363cfa4 req-7815b465-14c6-4ddc-8b0f-53160363cfa4 ] Request (ImagesNegativeTestJSON:test_create_image_from_deleted_server): 201 POST http://10.180.1.21/identity/v3/auth/tokens 0.043s
2024-10-10 13:07:22.820 62205 INFO tempest.lib.common.fixed_network [-] (ImagesNegativeTestJSON:test_create_image_from_deleted_server) Found network {'id': 'e655d5a4-8ab8-48ec-a4a9-f63ba1af6365', 'name': 'tempest-ImagesNegativeTestJSON-1282798514-network', 'tenant_id': '2ca369b965a942519bb9200e360b0176', 'admin_state_up': True, 'mtu': 8950, 'status': 'ACTIVE', 'subnets': [], 'shared': False, 'project_id': '2ca369b965a942519bb9200e360b0176', 'port_security_enabled': True, 'router:external': False, 'provider:network_type': 'vlan', 'provider:physical_network': 'default', 'provider:segmentation_id': 530, 'is_default': False, 'availability_zone_hints': [], 'availability_zones': [], 'ipv4_address_scope': None, 'ipv6_address_scope': None, 'description': '', 'tags': [], 'created_at': '2024-10-10T13:07:15Z', 'updated_at': '2024-10-10T13:07:15Z', 'revision_number': 1} available for tenant
2024-10-10 13:07:22.847 62155 INFO tempest.lib.common.rest_client [req-58eebacf-8a12-42b4-88c9-f19e21c2b86e req-58eebacf-8a12-42b4-88c9-f19e21c2b86e ] Request (ServerExternalEventsTest:test_create_server_external_events): 200 GET http://10.180.1.21/compute/v2.1/servers/fb4d09e4-6d60-41ed-862c-2bd8eca1e303 4.919s
2024-10-10 13:07:22.849 62187 INFO tempest.lib.common.rest_client [req-6eb2304c-6041-4f80-9c43-91cd0503a104 req-6eb2304c-6041-4f80-9c43-91cd0503a104 ] Request (ServersTestBootFromVolume:setUpClass): 201 POST http://10.180.1.21/identity/v3/auth/tokens 0.094s
2024-10-10 13:07:22.858 62155 INFO tempest.common.waiters [-] State transition "BUILD/None" ==> "BUILD/spawning" after 9 second wait
2024-10-10 13:07:22.869 62177 INFO tempest.lib.common.rest_client [req-3fdcc5fa-df16-4f47-9d77-a8eccf60a061 req-3fdcc5fa-df16-4f47-9d77-a8eccf60a061 ] Request (FlavorsAccessNegativeTestJSON:_run_cleanups): 202 DELETE http://10.180.1.21/compute/v2.1/flavors/1881761660 4.842s
2024-10-10 13:07:23.023 62143 INFO tempest.lib.common.rest_client [req-4b0d6da2-3e89-43ff-b117-5b783b5ac121 req-4b0d6da2-3e89-43ff-b117-5b783b5ac121 ] Request (QuotasAdminNegativeTest:test_create_server_when_instances_quota_is_full): 200 PUT http://10.180.1.21/compute/v2.1/os-quota-sets/9f95da6431174f7193244922773fcb6d 4.992s
2024-10-10 13:07:23.042 62153 INFO tempest.lib.common.rest_client [req-9da30503-2886-4af1-9d38-b2eb13bd0e07 req-9da30503-2886-4af1-9d38-b2eb13bd0e07 ] Request (FlavorsV255TestJSON:_run_cleanups): 202 DELETE http://10.180.1.21/compute/v2.1/flavors/250980339 4.973s
2024-10-10 13:07:23.063 62201 INFO tempest.lib.common.rest_client [req-0847d50a-41fd-4b90-866f-8ea18fffe46c req-0847d50a-41fd-4b90-866f-8ea18fffe46c ] Request (FlavorsAccessTestJSON:_run_cleanups): 202 DELETE http://10.180.1.21/compute/v2.1/flavors/1856125273 4.975s
2024-10-10 13:07:23.108 62143 INFO tempest.lib.common.rest_client [req-c183c0ed-6a9c-46e5-88b1-bd88821d71c9 req-c183c0ed-6a9c-46e5-88b1-bd88821d71c9 ] Request (QuotasAdminNegativeTest:test_create_server_when_instances_quota_is_full): 201 POST http://10.180.1.21/identity/v3/auth/tokens 0.080s
2024-10-10 13:07:23.109 62143 INFO tempest.lib.common.fixed_network [-] (QuotasAdminNegativeTest:test_create_server_when_instances_quota_is_full) Found network None available for tenant
2024-10-10 13:07:23.134 62149 INFO tempest.lib.common.rest_client [req-440e3f38-98ed-4b2d-b325-7199b9f4f934 req-440e3f38-98ed-4b2d-b325-7199b9f4f934 ] Request (FloatingIPsTestJSON:tearDownClass): 204 DELETE http://10.180.1.21:9696/networking/v2.0/routers/2da256cb-1b38-429c-a9db-be4ee2d0448f 0.675s
2024-10-10 13:07:23.169 62159 INFO tempest.lib.common.rest_client [req-9f4a4a6a-3deb-4c46-b275-adff4acb6712 req-9f4a4a6a-3deb-4c46-b275-adff4acb6712 ] Request (ListImagesTestJSON:test_get_image): 200 GET http://10.180.1.21/compute/v2.1/images/fe0a0c14-6a2f-465c-80aa-aecd8c9e4d57 4.966s
2024-10-10 13:07:23.255 62167 INFO tempest.lib.common.rest_client [req-773f50ac-8557-4759-b372-d4c7a36ac80c req-773f50ac-8557-4759-b372-d4c7a36ac80c ] Request (QuotasAdminTestV236:test_get_updated_quotas): 200 GET http://10.180.1.21/compute/v2.1/os-quota-sets/97d7644bb398465398037f26e4f61737/detail 4.886s
2024-10-10 13:07:23.279 62167 INFO tempest.lib.common.rest_client [req-3ee0a9d7-751c-42c8-bed9-0277988a4e61 req-3ee0a9d7-751c-42c8-bed9-0277988a4e61 ] Request (QuotasAdminTestV236:test_get_updated_quotas): 200 GET http://10.180.1.21/identity/v3/domains?name=Default 0.017s
2024-10-10 13:07:23.310 62167 INFO tempest.lib.common.rest_client [req-957e09bc-cfaf-4c66-8a0d-e644c7d0385e req-957e09bc-cfaf-4c66-8a0d-e644c7d0385e ] Request (QuotasAdminTestV236:test_get_updated_quotas): 201 POST http://10.180.1.21/identity/v3/users 0.031s
2024-10-10 13:07:23.329 62167 INFO tempest.lib.common.rest_client [req-99a93ea7-1b77-40e2-b608-b7bac059d9fd req-99a93ea7-1b77-40e2-b608-b7bac059d9fd ] Request (QuotasAdminTestV236:test_get_updated_quotas): 200 GET http://10.180.1.21/identity/v3/domains?name=Default 0.018s
2024-10-10 13:07:23.596 62149 INFO tempest.lib.common.rest_client [req-1dfa06d4-bccf-4439-991c-b4ec2537cab2 req-1dfa06d4-bccf-4439-991c-b4ec2537cab2 ] Request (FloatingIPsTestJSON:tearDownClass): 204 DELETE http://10.180.1.21:9696/networking/v2.0/subnets/135332a6-dab3-4cb6-9db9-1adb601afb25 0.462s
2024-10-10 13:07:23.688 62197 INFO tempest.lib.common.rest_client [req-ebc6a13b-c549-4846-b6ce-0a041e74dc74 req-ebc6a13b-c549-4846-b6ce-0a041e74dc74 ] Request (TenantUsagesTestJSON:setUpClass): 202 POST http://10.180.1.21/compute/v2.1/servers 4.825s
2024-10-10 13:07:23.821 62145 INFO tempest.lib.common.rest_client [req-01e42922-6876-4d36-80ab-d7232858aa4f req-01e42922-6876-4d36-80ab-d7232858aa4f ] Request (SecurityGroupsNegativeTestJSON:test_delete_nonexistent_security_group): 404 DELETE http://10.180.1.21/compute/v2.1/os-security-groups/2d52e027-7453-4eda-8def-c4f0c4b6b3ce 4.589s
2024-10-10 13:07:23.866 62147 INFO tempest.lib.common.rest_client [req-89de85df-03e0-4e8d-bd87-cde77832bb4d req-89de85df-03e0-4e8d-bd87-cde77832bb4d ] Request (SecurityGroupsTestAdminJSON:test_list_security_groups_list_all_tenants_filter): 200 GET http://10.180.1.21/compute/v2.1/os-security-groups?all_tenants=true 7.233s
2024-10-10 13:07:23.884 62175 INFO tempest.lib.common.rest_client [req-19bb8282-c34a-49f6-9e29-1186e236bdf7 req-19bb8282-c34a-49f6-9e29-1186e236bdf7 ] Request (FloatingIPsAssociationTestJSON:setUpClass): 200 GET http://10.180.1.21/compute/v2.1/servers/eb3a4f2a-8667-4d05-8606-a2dcb93c94a2 4.257s
2024-10-10 13:07:23.888 62203 INFO tempest.lib.common.rest_client [req-0d64048b-de8d-4703-8605-274104ba9391 req-0d64048b-de8d-4703-8605-274104ba9391 ] Request (FlavorsAdminTestJSON:_run_cleanups): 202 DELETE http://10.180.1.21/compute/v2.1/flavors/925858126 4.189s
2024-10-10 13:07:23.896 62169 INFO tempest.lib.common.rest_client [req-380bee9c-f451-48d2-80a0-358edd226cf4 req-380bee9c-f451-48d2-80a0-358edd226cf4 ] Request (HypervisorAdminNegativeTestJSON:test_get_hypervisor_list_with_non_admin_user): 403 GET http://10.180.1.21/compute/v2.1/os-hypervisors 3.401s
2024-10-10 13:07:23.916 62183 INFO tempest.lib.common.rest_client [req-e5c43a43-e0c2-4dd7-836a-2272d8e4de2f req-e5c43a43-e0c2-4dd7-836a-2272d8e4de2f ] Request (ServersWithSpecificFlavorTestJSON:test_verify_created_server_ephemeral_disk): 200 POST http://10.180.1.21/compute/v2.1/flavors/219850950/os-extra_specs 3.001s
2024-10-10 13:07:23.925 62165 INFO tempest.lib.common.rest_client [req-5f014bdc-4fec-4b4d-812e-866ec6a0fc5a req-5f014bdc-4fec-4b4d-812e-866ec6a0fc5a ] Request (FlavorsExtraSpecsTestJSON:test_flavor_set_get_update_show_unset_keys): 200 GET http://10.180.1.21/compute/v2.1/flavors/387352438/os-extra_specs 2.984s
2024-10-10 13:07:23.957 62181 INFO tempest.lib.common.rest_client [req-e9791efb-9e59-4cf0-bf71-124784798725 req-e9791efb-9e59-4cf0-bf71-124784798725 ] Request (FlavorsV2TestJSON:test_get_flavor): 200 GET http://10.180.1.21/compute/v2.1/flavors/42 3.982s
2024-10-10 13:07:24.066 62151 INFO tempest.lib.common.rest_client [req-e179774c-aebc-4945-a790-7b10436432a4 req-e179774c-aebc-4945-a790-7b10436432a4 ] Request (HypervisorAdminTestJSON:test_get_hypervisor_list): 200 GET http://10.180.1.21/compute/v2.1/os-hypervisors 2.767s
2024-10-10 13:07:24.101 62163 INFO tempest.lib.common.rest_client [req-b2224995-dd30-437b-839b-1d49697be2ec req-b2224995-dd30-437b-839b-1d49697be2ec ] Request (ServerDiagnosticsTest:test_get_server_diagnostics): 200 GET http://10.180.1.21/compute/v2.1/servers/ddd5ca18-61da-468f-a76c-8f939352aeda 2.719s
2024-10-10 13:07:24.127 62149 INFO tempest.lib.common.rest_client [req-7fdd6783-7ee1-4d8d-bdeb-effa4fdd8f65 req-7fdd6783-7ee1-4d8d-bdeb-effa4fdd8f65 ] Request (FloatingIPsTestJSON:tearDownClass): 204 DELETE http://10.180.1.21:9696/networking/v2.0/networks/aaacd777-4a83-4e5c-8e2c-7b567f401168 0.531s
2024-10-10 13:07:24.145 62193 INFO tempest.lib.common.rest_client [req-5d91180a-7121-475f-a6fe-e4176bd0aeba req-5d91180a-7121-475f-a6fe-e4176bd0aeba ] Request (HypervisorAdminNegativeUnderV252Test:test_search_hypervisor_with_non_admin_user): 200 GET http://10.180.1.21/compute/v2.1/os-hypervisors 2.686s
2024-10-10 13:07:24.181 62191 INFO tempest.lib.common.rest_client [req-59469f9c-2572-40a1-83f7-4cccc15c1e4a req-59469f9c-2572-40a1-83f7-4cccc15c1e4a ] Request (ServerDiagnosticsNegativeTest:test_get_server_diagnostics_by_non_admin): 200 GET http://10.180.1.21/compute/v2.1/servers/a58bebcc-73e2-4752-befb-91083baacabf 2.639s
2024-10-10 13:07:24.245 62189 INFO tempest.lib.common.rest_client [req-970fc065-80b6-4980-b7af-e568e9d15e62 req-970fc065-80b6-4980-b7af-e568e9d15e62 ] Request (DeleteServersAdminTestJSON:test_admin_delete_servers_of_others): 200 GET http://10.180.1.21/compute/v2.1/servers/7683c1aa-eec9-47ef-b775-0567f978da64 2.332s
2024-10-10 13:07:24.272 62149 INFO tempest.lib.common.rest_client [req-772ee07f-1eb4-4f37-a7bb-0efc0af4c4de req-772ee07f-1eb4-4f37-a7bb-0efc0af4c4de ] Request (FloatingIPsTestJSON:tearDownClass): 204 DELETE http://10.180.1.21/identity/v3/users/c4569ca30e38419a8a23401c9d58e71f 0.144s
2024-10-10 13:07:24.273 62149 INFO tempest.lib.common.dynamic_creds [-] Deleting project and security group for project: df2d6d5e32b54cc1b582bec2551f1a41
2024-10-10 13:07:24.331 62149 INFO tempest.lib.common.rest_client [req-58c7b53f-2e76-4346-827a-77f64dbdeb46 req-58c7b53f-2e76-4346-827a-77f64dbdeb46 ] Request (FloatingIPsTestJSON:tearDownClass): 200 GET http://10.180.1.21:9696/networking/v2.0/security-groups?tenant_id=df2d6d5e32b54cc1b582bec2551f1a41&name=default 0.058s
2024-10-10 13:07:24.378 62161 INFO tempest.lib.common.rest_client [req-b13e1d43-fd02-495f-909e-74c13fce657e req-b13e1d43-fd02-495f-909e-74c13fce657e ] Request (DeleteServersTestJSON:test_delete_active_server): 200 GET http://10.180.1.21/compute/v2.1/servers/a3768960-4967-4975-9760-bc6ceb0b3e64 2.789s
2024-10-10 13:07:24.387 62161 INFO tempest.common.waiters [-] State transition "BUILD/None" ==> "BUILD/spawning" after 4 second wait
2024-10-10 13:07:24.463 62179 INFO tempest.lib.common.rest_client [req-c40ba31b-3365-4ee2-966f-cb1200f87aae req-c40ba31b-3365-4ee2-966f-cb1200f87aae ] Request (SecurityGroupRulesTestJSON:test_security_group_rules_create_with_optional_group_id): 200 POST http://10.180.1.21/compute/v2.1/os-security-groups 2.300s
2024-10-10 13:07:24.501 62195 INFO tempest.lib.common.rest_client [req-509d7fab-6433-4a2b-b249-2ffb7ef67a16 req-509d7fab-6433-4a2b-b249-2ffb7ef67a16 ] Request (SecurityGroupRulesNegativeTestJSON:test_create_security_group_rule_with_invalid_ip_protocol): 400 POST http://10.180.1.21/compute/v2.1/os-security-group-rules 1.959s
2024-10-10 13:07:24.510 62173 INFO tempest.lib.common.rest_client [req-9084ad41-e87d-4c26-b69d-5cd8116da2e6 req-9084ad41-e87d-4c26-b69d-5cd8116da2e6 ] Request (VolumesAssistedSnapshotsTest:test_volume_assisted_snapshot_create_delete): 200 POST http://10.180.1.21/compute/v2.1/os-keypairs 2.179s
2024-10-10 13:07:24.512 62149 INFO tempest.lib.common.rest_client [req-2abad7f6-5649-43c9-9948-c61f277cc801 req-2abad7f6-5649-43c9-9948-c61f277cc801 ] Request (FloatingIPsTestJSON:tearDownClass): 204 DELETE http://10.180.1.21:9696/networking/v2.0/security-groups/30bde681-311a-47b1-b871-f32b29a7e6c2 0.180s
2024-10-10 13:07:24.516 62171 INFO tempest.lib.common.rest_client [req-275163a6-c871-48b7-8e3c-7f55151425bb req-275163a6-c871-48b7-8e3c-7f55151425bb ] Request (HostsAdminNegativeTestJSON:test_shutdown_host_with_non_admin_user): 403 GET http://10.180.1.21/compute/v2.1/os-hosts/devstack/shutdown 1.866s
2024-10-10 13:07:24.631 62173 INFO tempest.lib.common.rest_client [req-8de09761-6d80-4fb8-8a9e-78402353153f req-8de09761-6d80-4fb8-8a9e-78402353153f ] Request (VolumesAssistedSnapshotsTest:test_volume_assisted_snapshot_create_delete): 201 POST http://10.180.1.21:9696/networking/v2.0/security-groups 0.120s
2024-10-10 13:07:24.634 62199 INFO tempest.lib.common.rest_client [req-69b4aca9-47e2-4fda-922c-8b4fc5fe0929 req-69b4aca9-47e2-4fda-922c-8b4fc5fe0929 ] Request (AggregatesAdminNegativeTestJSON:_run_cleanups): 200 POST http://10.180.1.21/compute/v2.1/os-aggregates/1/action 1.999s
2024-10-10 13:07:24.699 62149 INFO tempest.lib.common.rest_client [req-f3f8ee5b-e0ab-4489-8a77-c9700824e269 req-f3f8ee5b-e0ab-4489-8a77-c9700824e269 ] Request (FloatingIPsTestJSON:tearDownClass): 204 DELETE http://10.180.1.21/identity/v3/projects/df2d6d5e32b54cc1b582bec2551f1a41 0.185s
2024-10-10 13:07:24.738 62173 INFO tempest.lib.common.rest_client [req-e49e3291-156b-488a-851d-abc8435d12dd req-e49e3291-156b-488a-851d-abc8435d12dd ] Request (VolumesAssistedSnapshotsTest:test_volume_assisted_snapshot_create_delete): 201 POST http://10.180.1.21:9696/networking/v2.0/security-group-rules 0.107s
2024-10-10 13:07:24.769 62149 INFO tempest.lib.common.rest_client [req-12ff47e8-3bc0-4207-b165-5ce67af5ac42 req-12ff47e8-3bc0-4207-b165-5ce67af5ac42 ] Request (ImagesDeleteNegativeTestJSON:setUpClass): 201 POST http://10.180.1.21/identity/v3/auth/tokens 0.068s
2024-10-10 13:07:24.798 62187 INFO tempest.lib.common.rest_client [req-9cba9659-429e-423f-a354-e6e48d1aaa22 req-9cba9659-429e-423f-a354-e6e48d1aaa22 ] Request (ServersTestBootFromVolume:setUpClass): 200 POST http://10.180.1.21/compute/v2.1/os-keypairs 1.946s
2024-10-10 13:07:24.816 62177 INFO tempest.lib.common.rest_client [req-9b4cb70b-23ef-4234-9018-5ec6c807728e req-9b4cb70b-23ef-4234-9018-5ec6c807728e ] Request (FlavorsAccessNegativeTestJSON:_run_cleanups): 200 GET http://10.180.1.21/compute/v2.1/flavors/detail 1.946s
2024-10-10 13:07:24.831 62153 INFO tempest.lib.common.rest_client [req-f8ef2b2d-d7f0-4f79-b51b-bd06d43fd50e req-f8ef2b2d-d7f0-4f79-b51b-bd06d43fd50e ] Request (FlavorsV255TestJSON:_run_cleanups): 200 GET http://10.180.1.21/compute/v2.1/flavors/detail 1.788s
2024-10-10 13:07:24.842 62173 INFO tempest.lib.common.rest_client [req-742c2012-c760-4e8a-98b0-6b803e2fd36d req-742c2012-c760-4e8a-98b0-6b803e2fd36d ] Request (VolumesAssistedSnapshotsTest:test_volume_assisted_snapshot_create_delete): 201 POST http://10.180.1.21:9696/networking/v2.0/security-group-rules 0.103s
2024-10-10 13:07:24.848 62201 INFO tempest.lib.common.rest_client [req-8954e282-3182-4403-8199-53deb6a49f5b req-8954e282-3182-4403-8199-53deb6a49f5b ] Request (FlavorsAccessTestJSON:_run_cleanups): 200 GET http://10.180.1.21/compute/v2.1/flavors/detail 1.784s
2024-10-10 13:07:24.866 62149 INFO tempest.lib.common.rest_client [req-a1d2ff6d-ee74-400f-9ccd-c69528152a9c req-a1d2ff6d-ee74-400f-9ccd-c69528152a9c ] Request (ImagesDeleteNegativeTestJSON:setUpClass): 201 POST http://10.180.1.21/identity/v3/auth/tokens 0.044s
2024-10-10 13:07:24.907 62149 INFO tempest.lib.common.rest_client [req-4e88d511-4c58-4c17-9d78-43ed5f9119f3 req-4e88d511-4c58-4c17-9d78-43ed5f9119f3 ] Request (ImagesDeleteNegativeTestJSON:setUpClass): 200 GET http://10.180.1.21/identity/v3/domains?name=Default 0.040s
2024-10-10 13:07:24.936 62149 INFO tempest.lib.common.rest_client [req-16977e8b-58b0-4c79-affb-11429f898543 req-16977e8b-58b0-4c79-affb-11429f898543 ] Request (ImagesDeleteNegativeTestJSON:setUpClass): 201 POST http://10.180.1.21/identity/v3/projects 0.028s
2024-10-10 13:07:24.973 62153 INFO tempest.lib.common.rest_client [req-aefe463a-b97c-4c48-9d7e-87ab57050376 req-aefe463a-b97c-4c48-9d7e-87ab57050376 ] Request (FlavorsV255TestJSON:tearDownClass): 204 DELETE http://10.180.1.21/identity/v3/users/64cdefb317bd441c9f3acbe78fe26b4a 0.079s
2024-10-10 13:07:25.031 62149 INFO tempest.lib.common.rest_client [req-9c667159-ce0a-4f22-b217-7c23abb2f98a req-9c667159-ce0a-4f22-b217-7c23abb2f98a ] Request (ImagesDeleteNegativeTestJSON:setUpClass): 201 POST http://10.180.1.21/identity/v3/users 0.095s
2024-10-10 13:07:25.058 62149 INFO tempest.lib.common.rest_client [req-15a61a39-b483-4fe2-b1df-3092fa4d38e0 req-15a61a39-b483-4fe2-b1df-3092fa4d38e0 ] Request (ImagesDeleteNegativeTestJSON:setUpClass): 200 GET http://10.180.1.21/identity/v3/roles 0.026s
2024-10-10 13:07:25.078 62143 INFO tempest.lib.common.rest_client [req-5c9e15bb-afe7-4e82-a587-9f369cecd01a req-5c9e15bb-afe7-4e82-a587-9f369cecd01a ] Request (QuotasAdminNegativeTest:test_create_server_when_instances_quota_is_full): 403 POST http://10.180.1.21/compute/v2.1/servers 1.969s
2024-10-10 13:07:25.085 62153 INFO tempest.lib.common.rest_client [req-561ad08f-d590-4979-a6ac-921236c0f6df req-561ad08f-d590-4979-a6ac-921236c0f6df ] Request (FlavorsV255TestJSON:tearDownClass): 204 DELETE http://10.180.1.21/identity/v3/users/fda30ae29d6e458cabd3064218ab08b3 0.111s
2024-10-10 13:07:25.085 62153 INFO tempest.lib.common.dynamic_creds [-] Deleting project and security group for project: 514a4814093a47e0bc55dee6092c2afe
2024-10-10 13:07:25.107 62187 INFO tempest.lib.common.rest_client [req-cda2fab5-b441-4f72-b0c4-6128edb37379 req-cda2fab5-b441-4f72-b0c4-6128edb37379 ] Request (ServersTestBootFromVolume:setUpClass): 201 POST http://10.180.1.21:9696/networking/v2.0/security-groups 0.307s
2024-10-10 13:07:25.124 62149 INFO tempest.lib.common.rest_client [req-0d0f8e87-96c2-461a-b468-502157ca1450 req-0d0f8e87-96c2-461a-b468-502157ca1450 ] Request (ImagesDeleteNegativeTestJSON:setUpClass): 204 PUT http://10.180.1.21/identity/v3/projects/7cc13f8c988e4d7ab556558527f2457a/users/92d39c16f7bc4a0e8c2419f73ec54f6f/roles/f3c7ff186b814538b27d1057958cd3c4 0.065s
2024-10-10 13:07:25.125 62149 INFO tempest.lib.common.dynamic_creds [-] Dynamic test user 92d39c16f7bc4a0e8c2419f73ec54f6f is created with scope project and roles: ['member']
2024-10-10 13:07:25.126 62149 INFO tempest.lib.common.dynamic_creds [-] Acquired dynamic creds: credentials: Credentials: {'domain_id': 'default', 'domain_name': 'Default', 'username': 'tempest-ImagesDeleteNegativeTestJSON-1370903082-project-member', 'project_domain_id': 'default', 'project_domain_name': 'Default', 'project_id': '7cc13f8c988e4d7ab556558527f2457a', 'project_name': 'tempest-ImagesDeleteNegativeTestJSON-1370903082', 'tenant_id': '7cc13f8c988e4d7ab556558527f2457a', 'tenant_name': 'tempest-ImagesDeleteNegativeTestJSON-1370903082', 'user_domain_id': 'default', 'user_domain_name': 'Default', 'user_id': '92d39c16f7bc4a0e8c2419f73ec54f6f', 'system': None}, Network: None, Subnet: None, Router: None
2024-10-10 13:07:25.126 62149 INFO tempest.lib.common.dynamic_creds [-] Created isolated network resources for: credentials: Credentials: {'domain_id': 'default', 'domain_name': 'Default', 'username': 'tempest-ImagesDeleteNegativeTestJSON-1370903082-project-member', 'project_domain_id': 'default', 'project_domain_name': 'Default', 'project_id': '7cc13f8c988e4d7ab556558527f2457a', 'project_name': 'tempest-ImagesDeleteNegativeTestJSON-1370903082', 'tenant_id': '7cc13f8c988e4d7ab556558527f2457a', 'tenant_name': 'tempest-ImagesDeleteNegativeTestJSON-1370903082', 'user_domain_id': 'default', 'user_domain_name': 'Default', 'user_id': '92d39c16f7bc4a0e8c2419f73ec54f6f', 'system': None}, Network: None, Subnet: None, Router: None
2024-10-10 13:07:25.145 62159 INFO tempest.lib.common.rest_client [req-12828e9a-2bcc-4491-a62c-cd6806d18c96 req-12828e9a-2bcc-4491-a62c-cd6806d18c96 ] Request (ListImagesTestJSON:test_list_images): 200 GET http://10.180.1.21/compute/v2.1/images 1.971s
2024-10-10 13:07:25.162 62153 INFO tempest.lib.common.rest_client [req-664b2aab-fcc0-457b-b247-63264aa85b13 req-664b2aab-fcc0-457b-b247-63264aa85b13 ] Request (FlavorsV255TestJSON:tearDownClass): 201 POST http://10.180.1.21/identity/v3/auth/tokens 0.076s
