2024-10-10 13:37:58.479 63682 INFO tempest.lib.common.rest_client [req-7a0f8ead-2db0-4cfe-a7bf-785507bf4634 req-7a0f8ead-2db0-4cfe-a7bf-785507bf4634 ] Request (QuotasSecurityGroupAdminNegativeTest:setUpClass): 200 GET http://10.180.1.21/identity/v3/roles 0.161s
2024-10-10 13:37:58.514 63706 INFO tempest.lib.common.rest_client [req-eeee0751-77ae-4cc2-8069-cd49f3c0a5c9 req-eeee0751-77ae-4cc2-8069-cd49f3c0a5c9 ] Request (SecurityGroupsNegativeTestJSON:tearDownClass): 200 GET http://10.180.1.21:9696/networking/v2.0/security-groups?tenant_id=d602c391cf4b4efca6837ae061aaf57d&name=default 0.126s
2024-10-10 13:37:58.522 63682 INFO tempest.lib.common.rest_client [req-a4a59646-d793-4279-89d2-34b594edaccd req-a4a59646-d793-4279-89d2-34b594edaccd ] Request (QuotasSecurityGroupAdminNegativeTest:setUpClass): 204 PUT http://10.180.1.21/identity/v3/projects/9e18864ab5d743ce8b24d65360123780/users/9ee469113bf545bdb4abf1e13c3519fd/roles/1a7402887d6449639395939c5e073a9b 0.042s
2024-10-10 13:37:58.522 63682 INFO tempest.lib.common.dynamic_creds [-] Dynamic test user 9ee469113bf545bdb4abf1e13c3519fd is created with scope project and roles: ['member']
2024-10-10 13:37:58.522 63682 INFO tempest.lib.common.dynamic_creds [-] Acquired dynamic creds: credentials: Credentials: {'domain_id': 'default', 'domain_name': 'Default', 'username': 'tempest-QuotasSecurityGroupAdminNegativeTest-1487604872-project-member', 'project_domain_id': 'default', 'project_domain_name': 'Default', 'project_id': '9e18864ab5d743ce8b24d65360123780', 'project_name': 'tempest-QuotasSecurityGroupAdminNegativeTest-1487604872', 'tenant_id': '9e18864ab5d743ce8b24d65360123780', 'tenant_name': 'tempest-QuotasSecurityGroupAdminNegativeTest-1487604872', 'user_domain_id': 'default', 'user_domain_name': 'Default', 'user_id': '9ee469113bf545bdb4abf1e13c3519fd', 'system': None}, Network: None, Subnet: None, Router: None
2024-10-10 13:37:58.522 63682 INFO tempest.lib.common.dynamic_creds [-] Created isolated network resources for: credentials: Credentials: {'domain_id': 'default', 'domain_name': 'Default', 'username': 'tempest-QuotasSecurityGroupAdminNegativeTest-1487604872-project-member', 'project_domain_id': 'default', 'project_domain_name': 'Default', 'project_id': '9e18864ab5d743ce8b24d65360123780', 'project_name': 'tempest-QuotasSecurityGroupAdminNegativeTest-1487604872', 'tenant_id': '9e18864ab5d743ce8b24d65360123780', 'tenant_name': 'tempest-QuotasSecurityGroupAdminNegativeTest-1487604872', 'user_domain_id': 'default', 'user_domain_name': 'Default', 'user_id': '9ee469113bf545bdb4abf1e13c3519fd', 'system': None}, Network: None, Subnet: None, Router: None
2024-10-10 13:37:58.545 63642 INFO tempest.lib.common.rest_client [req-2c01d211-9ea5-4944-8ac6-e8a4dcef4a01 req-2c01d211-9ea5-4944-8ac6-e8a4dcef4a01 ] Request (InstanceUsageAuditLogTestJSON:setUpClass): 201 POST http://10.180.1.21/identity/v3/auth/tokens 0.108s
2024-10-10 13:37:58.578 63614 INFO tempest.lib.common.rest_client [req-6708d34a-700b-472a-88de-18b30f2dc733 req-6708d34a-700b-472a-88de-18b30f2dc733 ] Request (ImagesNegativeTestJSON:test_create_image_from_deleted_server): 200 GET http://10.180.1.21/compute/v2.1/servers/8fbc105f-34f9-4ece-9e74-e473f310221a 1.740s
2024-10-10 13:37:58.586 63704 INFO tempest.lib.common.rest_client [req-561e8191-ae6a-4eba-99a9-afd82f2e5d86 req-561e8191-ae6a-4eba-99a9-afd82f2e5d86 ] Request (FlavorsExtraSpecsNegativeTestJSON:test_flavor_update_more_key): 400 PUT http://10.180.1.21/compute/v2.1/flavors/1239404100/os-extra_specs/hw:numa_nodes 1.675s
2024-10-10 13:37:58.592 63682 INFO tempest.lib.common.rest_client [req-d3b68f6e-1abc-4009-9e78-51548181ba78 req-d3b68f6e-1abc-4009-9e78-51548181ba78 ] Request (QuotasSecurityGroupAdminNegativeTest:setUpClass): 201 POST http://10.180.1.21/identity/v3/auth/tokens 0.066s
2024-10-10 13:37:58.596 63716 INFO tempest.lib.common.rest_client [req-1320aac7-d346-4f78-8b50-19f791d62c33 req-1320aac7-d346-4f78-8b50-19f791d62c33 ] Request (HypervisorAdminNegativeTestJSON:tearDownClass): 204 DELETE http://10.180.1.21:9696/networking/v2.0/security-groups/9606d5b3-819a-48ee-a74e-858915025a20 0.274s
2024-10-10 13:37:58.655 63714 INFO tempest.lib.common.rest_client [req-bc7438a1-d465-411f-b517-7bfda4e01037 req-bc7438a1-d465-411f-b517-7bfda4e01037 ] Request (VolumesAssistedSnapshotsTest:test_volume_assisted_snapshot_create_delete): 200 GET http://10.180.1.21/volume/v3/volumes/05062d2e-11ff-4a99-9482-2ce0af7094f3 0.042s
2024-10-10 13:37:58.659 63682 INFO tempest.lib.common.rest_client [req-8ee4df5e-e13f-42a0-b8ac-df369d2f60bf req-8ee4df5e-e13f-42a0-b8ac-df369d2f60bf ] Request (QuotasSecurityGroupAdminNegativeTest:setUpClass): 201 POST http://10.180.1.21/identity/v3/projects 0.066s
2024-10-10 13:37:58.662 63714 INFO tempest.common.waiters [-] volume 05062d2e-11ff-4a99-9482-2ce0af7094f3 reached available after waiting for 1.662038 seconds
2024-10-10 13:37:58.686 63654 INFO tempest.lib.common.rest_client [req-9840c7fb-12ca-42f4-a770-07c13fb4596c req-9840c7fb-12ca-42f4-a770-07c13fb4596c ] Request (FlavorsAccessTestJSON:tearDownClass): 204 DELETE http://10.180.1.21:9696/networking/v2.0/security-groups/b7cca11a-49e9-487b-8730-cdee1ff0de3f 0.298s
2024-10-10 13:37:58.695 63716 INFO tempest.lib.common.rest_client [req-bdc4059d-63ed-4598-b9a3-70547ac3500e req-bdc4059d-63ed-4598-b9a3-70547ac3500e ] Request (HypervisorAdminNegativeTestJSON:tearDownClass): 204 DELETE http://10.180.1.21/identity/v3/projects/d4228e7c71c946098b451ca650d41a5e 0.099s
2024-10-10 13:37:58.695 63716 INFO tempest.lib.common.dynamic_creds [-] Deleting project and security group for project: 007a78b350b74f36809708468b9f2539
2024-10-10 13:37:58.738 63706 INFO tempest.lib.common.rest_client [req-1d40abff-5630-4a08-8b52-ced45df11845 req-1d40abff-5630-4a08-8b52-ced45df11845 ] Request (SecurityGroupsNegativeTestJSON:tearDownClass): 204 DELETE http://10.180.1.21:9696/networking/v2.0/security-groups/d3572f4e-a4e3-48c2-ad6f-dddf4b04fd34 0.224s
2024-10-10 13:37:58.748 63682 INFO tempest.lib.common.rest_client [req-2c5152ae-6be2-403a-95b8-4b639975c712 req-2c5152ae-6be2-403a-95b8-4b639975c712 ] Request (QuotasSecurityGroupAdminNegativeTest:setUpClass): 201 POST http://10.180.1.21/identity/v3/users 0.088s
2024-10-10 13:37:58.782 63684 INFO tempest.lib.common.rest_client [req-509ede9b-1975-43e1-a976-cfdf0a203497 req-509ede9b-1975-43e1-a976-cfdf0a203497 ] Request (QuotasAdminTestJSON:test_get_default_quotas): 200 GET http://10.180.1.21/compute/v2.1/os-quota-sets/aec7f8fa4b73457cb2b39ecc26c79764/defaults 1.768s
2024-10-10 13:37:58.815 63654 INFO tempest.lib.common.rest_client [req-6794a179-c040-4ae5-a654-2e611a6f37a7 req-6794a179-c040-4ae5-a654-2e611a6f37a7 ] Request (FlavorsAccessTestJSON:tearDownClass): 204 DELETE http://10.180.1.21/identity/v3/projects/d8449d3e2f544cd1a9b944ce28cde674 0.127s
2024-10-10 13:37:58.832 63706 INFO tempest.lib.common.rest_client [req-d4ba3262-059e-49f5-be70-be64a2474776 req-d4ba3262-059e-49f5-be70-be64a2474776 ] Request (SecurityGroupsNegativeTestJSON:tearDownClass): 204 DELETE http://10.180.1.21/identity/v3/projects/d602c391cf4b4efca6837ae061aaf57d 0.093s
2024-10-10 13:37:58.858 63716 INFO tempest.lib.common.rest_client [req-fd8d9572-0c0a-4159-8a3c-fd2814d13c7f req-fd8d9572-0c0a-4159-8a3c-fd2814d13c7f ] Request (HypervisorAdminNegativeTestJSON:tearDownClass): 200 GET http://10.180.1.21:9696/networking/v2.0/security-groups?tenant_id=007a78b350b74f36809708468b9f2539&name=default 0.163s
2024-10-10 13:37:58.890 63684 INFO tempest.lib.common.rest_client [req-72477d71-ab81-4221-9153-27f2af5f7255 req-72477d71-ab81-4221-9153-27f2af5f7255 ] Request (QuotasAdminTestJSON:test_get_updated_quotas): 200 GET http://10.180.1.21/identity/v3/domains?name=Default 0.102s
2024-10-10 13:37:58.891 63682 INFO tempest.lib.common.rest_client [req-7918e692-7b1e-454d-ab43-2bf8d41ed8e1 req-7918e692-7b1e-454d-ab43-2bf8d41ed8e1 ] Request (QuotasSecurityGroupAdminNegativeTest:setUpClass): 200 GET http://10.180.1.21/identity/v3/roles 0.142s
2024-10-10 13:37:58.913 63654 INFO tempest.lib.common.rest_client [req-20df7d38-c17e-4bcb-9062-7512ea4bfacd req-20df7d38-c17e-4bcb-9062-7512ea4bfacd ] Request (SecurityGroupsTestAdminJSON:setUpClass): 201 POST http://10.180.1.21/identity/v3/auth/tokens 0.096s
2024-10-10 13:37:58.913 63706 INFO tempest.lib.common.rest_client [req-a28186f4-9f39-4c97-b94f-87a1f913af67 req-a28186f4-9f39-4c97-b94f-87a1f913af67 ] Request (ServersAaction247Test:setUpClass): 201 POST http://10.180.1.21/identity/v3/auth/tokens 0.080s
2024-10-10 13:37:58.940 63690 INFO tempest.lib.common.rest_client [req-8e0fd57c-b4f7-4d8b-bb8c-30a900c968d5 req-8e0fd57c-b4f7-4d8b-bb8c-30a900c968d5 ] Request (FloatingIPsTestJSON:test_delete_floating_ip): 404 GET http://10.180.1.21/compute/v2.1/os-floating-ips/aa003a4d-8974-4df7-b342-7a2f8f7ad16e 1.597s
2024-10-10 13:37:58.943 63684 INFO tempest.lib.common.rest_client [req-4d4a41f9-b35e-4018-9ae5-8f8e4b6262d9 req-4d4a41f9-b35e-4018-9ae5-8f8e4b6262d9 ] Request (QuotasAdminTestJSON:test_get_updated_quotas): 201 POST http://10.180.1.21/identity/v3/projects 0.053s
2024-10-10 13:37:58.957 63682 INFO tempest.lib.common.rest_client [req-b7926318-cac6-4906-95b2-b70b4b04528d req-b7926318-cac6-4906-95b2-b70b4b04528d ] Request (QuotasSecurityGroupAdminNegativeTest:setUpClass): 204 PUT http://10.180.1.21/identity/v3/projects/1a931859e79a45118ada78867a45f22d/users/9e762aa25a3848569e18d711f3209e62/roles/d3fc64613e424b058eef578f378bd785 0.065s
2024-10-10 13:37:58.964 63692 INFO tempest.lib.common.rest_client [req-fcc02ff1-d976-46b5-aea2-de4e01de40a1 req-fcc02ff1-d976-46b5-aea2-de4e01de40a1 ] Request (HostsAdminNegativeTestJSON:test_startup_nonexistent_host): 404 GET http://10.180.1.21/compute/v2.1/os-hosts/nonexistent_hostname/startup 1.601s
2024-10-10 13:37:58.982 63680 INFO tempest.lib.common.rest_client [req-026144f8-d3a2-494a-8f20-1b8052579ea8 req-026144f8-d3a2-494a-8f20-1b8052579ea8 ] Request (FlavorsAdminTestJSON:test_create_flavor_with_uuid_id): 200 POST http://10.180.1.21/compute/v2.1/flavors 1.584s
2024-10-10 13:37:58.999 63654 INFO tempest.lib.common.rest_client [req-a48927f7-ba9a-4d66-bd77-6638e5e22e3e req-a48927f7-ba9a-4d66-bd77-6638e5e22e3e ] Request (SecurityGroupsTestAdminJSON:setUpClass): 201 POST http://10.180.1.21/identity/v3/auth/tokens 0.084s
2024-10-10 13:37:59.001 63716 INFO tempest.lib.common.rest_client [req-754d9a9b-067f-410f-8fc7-10b9d4640e14 req-754d9a9b-067f-410f-8fc7-10b9d4640e14 ] Request (HypervisorAdminNegativeTestJSON:tearDownClass): 204 DELETE http://10.180.1.21:9696/networking/v2.0/security-groups/9b8498af-3417-4ae3-9fc4-74450ef78787 0.142s
2024-10-10 13:37:59.013 63682 INFO tempest.lib.common.rest_client [req-35a7b085-1ab1-4020-a144-890516839a22 req-35a7b085-1ab1-4020-a144-890516839a22 ] Request (QuotasSecurityGroupAdminNegativeTest:setUpClass): 200 GET http://10.180.1.21/identity/v3/roles 0.056s
2024-10-10 13:37:59.019 63684 INFO tempest.lib.common.rest_client [req-ec4cc99c-9876-4feb-9400-685a4d78dcf5 req-ec4cc99c-9876-4feb-9400-685a4d78dcf5 ] Request (QuotasAdminTestJSON:test_get_updated_quotas): 200 GET http://10.180.1.21/identity/v3/domains?name=Default 0.075s
2024-10-10 13:37:59.038 63706 INFO tempest.lib.common.rest_client [req-bc45eb18-003e-45cd-901b-e27dbd55de2d req-bc45eb18-003e-45cd-901b-e27dbd55de2d ] Request (ServersAaction247Test:setUpClass): 201 POST http://10.180.1.21/identity/v3/auth/tokens 0.067s
2024-10-10 13:37:59.042 63654 INFO tempest.lib.common.rest_client [req-0d328cd8-a8e0-4cef-a5f1-9926d47edf81 req-0d328cd8-a8e0-4cef-a5f1-9926d47edf81 ] Request (SecurityGroupsTestAdminJSON:setUpClass): 200 GET http://10.180.1.21/identity/v3/domains?name=Default 0.042s
2024-10-10 13:37:59.058 63682 INFO tempest.lib.common.rest_client [req-b9318460-f7cc-4dc4-a3d1-769787e0d55e req-b9318460-f7cc-4dc4-a3d1-769787e0d55e ] Request (QuotasSecurityGroupAdminNegativeTest:setUpClass): 204 PUT http://10.180.1.21/identity/v3/projects/1a931859e79a45118ada78867a45f22d/users/9e762aa25a3848569e18d711f3209e62/roles/d3fc64613e424b058eef578f378bd785 0.045s
2024-10-10 13:37:59.059 63682 INFO tempest.lib.common.dynamic_creds [-] Dynamic test user 9e762aa25a3848569e18d711f3209e62 is created with scope project and roles: ['admin']
2024-10-10 13:37:59.059 63682 INFO tempest.lib.common.dynamic_creds [-] Acquired dynamic creds: credentials: Credentials: {'domain_id': 'default', 'domain_name': 'Default', 'username': 'tempest-QuotasSecurityGroupAdminNegativeTest-564387854-project-admin', 'project_domain_id': 'default', 'project_domain_name': 'Default', 'project_id': '1a931859e79a45118ada78867a45f22d', 'project_name': 'tempest-QuotasSecurityGroupAdminNegativeTest-564387854', 'tenant_id': '1a931859e79a45118ada78867a45f22d', 'tenant_name': 'tempest-QuotasSecurityGroupAdminNegativeTest-564387854', 'user_domain_id': 'default', 'user_domain_name': 'Default', 'user_id': '9e762aa25a3848569e18d711f3209e62', 'system': None}, Network: None, Subnet: None, Router: None
2024-10-10 13:37:59.059 63682 INFO tempest.lib.common.dynamic_creds [-] Created isolated network resources for: credentials: Credentials: {'domain_id': 'default', 'domain_name': 'Default', 'username': 'tempest-QuotasSecurityGroupAdminNegativeTest-564387854-project-admin', 'project_domain_id': 'default', 'project_domain_name': 'Default', 'project_id': '1a931859e79a45118ada78867a45f22d', 'project_name': 'tempest-QuotasSecurityGroupAdminNegativeTest-564387854', 'tenant_id': '1a931859e79a45118ada78867a45f22d', 'tenant_name': 'tempest-QuotasSecurityGroupAdminNegativeTest-564387854', 'user_domain_id': 'default', 'user_domain_name': 'Default', 'user_id': '9e762aa25a3848569e18d711f3209e62', 'system': None}, Network: None, Subnet: None, Router: None
2024-10-10 13:37:59.061 63632 INFO tempest.lib.common.rest_client [req-a10a18a8-5c75-472e-9399-7ea0248cb48f req-a10a18a8-5c75-472e-9399-7ea0248cb48f ] Request (ServerExternalEventsTest:test_create_server_external_events): 200 GET http://10.180.1.21/compute/v2.1/servers/9a70a79a-64a9-4de3-9d29-ada5d43f4dc0 1.568s
2024-10-10 13:37:59.070 63632 INFO tempest.common.waiters [-] State transition "BUILD/scheduling" ==> "BUILD/None" after 3 second wait
2024-10-10 13:37:59.082 63678 INFO tempest.lib.common.rest_client [req-b9dbdd41-88ff-48f5-85ba-d46ad2d413e4 req-b9dbdd41-88ff-48f5-85ba-d46ad2d413e4 ] Request (ServicesAdminNegativeTestJSON:test_get_service_by_invalid_params): 200 GET http://10.180.1.21/compute/v2.1/os-services?xxx=nova-compute 1.387s
2024-10-10 13:37:59.105 63702 INFO tempest.lib.common.rest_client [req-c5433c07-eef2-4aff-82bc-9df1e1d374ba req-c5433c07-eef2-4aff-82bc-9df1e1d374ba ] Request (KeyPairsV2TestJSON:_run_cleanups): 202 DELETE http://10.180.1.21/compute/v2.1/os-keypairs/tempest-KeyPairsV2TestJSON-keypair-1358457629 1.389s
2024-10-10 13:37:59.114 63716 INFO tempest.lib.common.rest_client [req-69639e59-2d2b-49e6-b80e-5462aafa6540 req-69639e59-2d2b-49e6-b80e-5462aafa6540 ] Request (HypervisorAdminNegativeTestJSON:tearDownClass): 204 DELETE http://10.180.1.21/identity/v3/projects/007a78b350b74f36809708468b9f2539 0.113s
2024-10-10 13:37:59.163 63706 INFO tempest.lib.common.rest_client [req-cd41b4c0-9512-49a5-ae01-03d09a8dc0c6 req-cd41b4c0-9512-49a5-ae01-03d09a8dc0c6 ] Request (ServersAaction247Test:setUpClass): 200 GET http://10.180.1.21/identity/v3/domains?name=Default 0.124s
2024-10-10 13:37:59.187 63624 INFO tempest.lib.common.rest_client [req-0b5a2921-33d4-4054-844a-1afdb54ecf1e req-0b5a2921-33d4-4054-844a-1afdb54ecf1e ] Request (FloatingIPsAssociationNegativeTestJSON:setUpClass): 200 GET http://10.180.1.21/compute/v2.1/servers/8879ea02-d856-4233-a5e8-312701705119 1.449s
2024-10-10 13:37:59.214 63654 INFO tempest.lib.common.rest_client [req-76baf426-a3b5-4f67-940f-8e11f99def43 req-76baf426-a3b5-4f67-940f-8e11f99def43 ] Request (SecurityGroupsTestAdminJSON:setUpClass): 201 POST http://10.180.1.21/identity/v3/projects 0.171s
2024-10-10 13:37:59.216 63658 INFO tempest.lib.common.rest_client [req-7223f8bb-ea7c-4f99-a413-343ae36268ce req-7223f8bb-ea7c-4f99-a413-343ae36268ce ] Request (FloatingIPDetailsTestJSON:setUpClass): 201 POST http://10.180.1.21:9696/networking/v2.0/routers 3.300s
2024-10-10 13:37:59.253 63682 INFO tempest.lib.common.rest_client [req-3affcfa3-c9ae-456c-a5be-42ca74de1260 req-3affcfa3-c9ae-456c-a5be-42ca74de1260 ] Request (QuotasSecurityGroupAdminNegativeTest:setUpClass): 201 POST http://10.180.1.21/identity/v3/auth/tokens 0.188s
2024-10-10 13:37:59.253 63682 WARNING tempest.lib.common.rest_client [-] Deprecated: "tenant_id" property is deprecated for removal, use "project_id" instead
2024-10-10 13:37:59.277 63716 INFO tempest.lib.common.rest_client [req-c8078964-dca5-4146-895b-10512fe3330a req-c8078964-dca5-4146-895b-10512fe3330a ] Request (ServerDiagnosticsV248Test:setUpClass): 201 POST http://10.180.1.21/identity/v3/auth/tokens 0.160s
2024-10-10 13:37:59.316 63700 INFO tempest.lib.common.rest_client [req-fb7e29f9-4097-4861-97cd-6d4f4cc3f7ff req-fb7e29f9-4097-4861-97cd-6d4f4cc3f7ff ] Request (ServersTestMultiNic:test_verify_duplicate_network_nics): 202 POST http://10.180.1.21/compute/v2.1/servers 3.031s
2024-10-10 13:37:59.324 63706 INFO tempest.lib.common.rest_client [req-c405ea0a-dd1a-4258-892a-591ccb27d9a4 req-c405ea0a-dd1a-4258-892a-591ccb27d9a4 ] Request (ServersAaction247Test:setUpClass): 201 POST http://10.180.1.21/identity/v3/projects 0.161s
2024-10-10 13:37:59.381 63654 INFO tempest.lib.common.rest_client [req-816cb409-ad76-4cb6-af32-e3dc7c4eaaeb req-816cb409-ad76-4cb6-af32-e3dc7c4eaaeb ] Request (SecurityGroupsTestAdminJSON:setUpClass): 201 POST http://10.180.1.21/identity/v3/users 0.166s
2024-10-10 13:37:59.384 63627 INFO tempest.lib.common.rest_client [req-c376e71e-5748-42c9-80b8-cf531d0415c4 req-c376e71e-5748-42c9-80b8-cf531d0415c4 ] Request (ServerShowV247Test:test_update_rebuild_list_server): 200 PUT http://10.180.1.21/compute/v2.1/servers/f185a348-e91d-48d1-970b-473cc253cfdf 1.544s
2024-10-10 13:37:59.402 63694 INFO tempest.lib.common.rest_client [req-208e1b46-b59c-4b3a-aec2-4de294e1f55e req-208e1b46-b59c-4b3a-aec2-4de294e1f55e ] Request (FlavorsAccessNegativeTestJSON:test_flavor_access_list_with_public_flavor): 404 GET http://10.180.1.21/compute/v2.1/flavors/64052274/os-flavor-access 1.533s
2024-10-10 13:37:59.441 63696 INFO tempest.lib.common.rest_client [req-cd4cae44-3489-443a-9b93-6ced55b13d76 req-cd4cae44-3489-443a-9b93-6ced55b13d76 ] Request (MigrationsAdminTest:test_list_migrations): 200 GET http://10.180.1.21/compute/v2.1/os-migrations 1.687s
2024-10-10 13:37:59.457 63682 INFO tempest.lib.common.rest_client [req-4429b84a-ef57-4ed0-b12f-2385a2deda19 req-4429b84a-ef57-4ed0-b12f-2385a2deda19 ] Request (QuotasSecurityGroupAdminNegativeTest:tearDownClass): 204 DELETE http://10.180.1.21/identity/v3/users/9ee469113bf545bdb4abf1e13c3519fd 0.200s
2024-10-10 13:37:59.482 63716 INFO tempest.lib.common.rest_client [req-fc925e5a-4cb2-485f-a30b-44c600246464 req-fc925e5a-4cb2-485f-a30b-44c600246464 ] Request (ServerDiagnosticsV248Test:setUpClass): 201 POST http://10.180.1.21/identity/v3/auth/tokens 0.203s
2024-10-10 13:37:59.499 63654 INFO tempest.lib.common.rest_client [req-76541936-dd56-4cfc-a1ce-4867921a4355 req-76541936-dd56-4cfc-a1ce-4867921a4355 ] Request (SecurityGroupsTestAdminJSON:setUpClass): 200 GET http://10.180.1.21/identity/v3/roles 0.118s
2024-10-10 13:37:59.524 63706 INFO tempest.lib.common.rest_client [req-90a8015f-732d-48ca-a421-345bbc741272 req-90a8015f-732d-48ca-a421-345bbc741272 ] Request (ServersAaction247Test:setUpClass): 201 POST http://10.180.1.21/identity/v3/users 0.199s
2024-10-10 13:37:59.527 63640 INFO tempest.lib.common.rest_client [req-0c2f822a-93a4-49a4-8cf0-67bd408dd564 req-0c2f822a-93a4-49a4-8cf0-67bd408dd564 ] Request (ServersAdmin275Test:test_rebuild_update_server_275): 200 GET http://10.180.1.21/compute/v2.1/servers/ba67658a-668e-4fca-aefe-e838f7b05e2a 1.479s
2024-10-10 13:37:59.538 63640 INFO tempest.common.waiters [-] State transition "BUILD/networking" ==> "BUILD/spawning" after 10 second wait
2024-10-10 13:37:59.563 63686 INFO tempest.lib.common.rest_client [req-788b105e-aa2d-4bba-a869-f62142823afb req-788b105e-aa2d-4bba-a869-f62142823afb ] Request (ServersTestJSON:setUpClass): 201 POST http://10.180.1.21:9696/networking/v2.0/routers 2.905s
2024-10-10 13:37:59.566 63696 INFO tempest.lib.common.rest_client [req-a2876b88-f2f0-487c-9a1c-e60a7893196e req-a2876b88-f2f0-487c-9a1c-e60a7893196e ] Request (MigrationsAdminTest:test_list_migrations_in_flavor_resize_situation): 201 POST http://10.180.1.21/identity/v3/auth/tokens 0.116s
2024-10-10 13:37:59.566 63696 INFO tempest.lib.common.fixed_network [-] (MigrationsAdminTest:test_list_migrations_in_flavor_resize_situation) Found network None available for tenant
2024-10-10 13:37:59.590 63716 INFO tempest.lib.common.rest_client [req-bf498426-bb1f-43dc-9554-b903d9d79056 req-bf498426-bb1f-43dc-9554-b903d9d79056 ] Request (ServerDiagnosticsV248Test:setUpClass): 200 GET http://10.180.1.21/identity/v3/domains?name=Default 0.105s
2024-10-10 13:37:59.611 63654 INFO tempest.lib.common.rest_client [req-4c29b7ac-ac8d-4add-a92e-cf0498f62b80 req-4c29b7ac-ac8d-4add-a92e-cf0498f62b80 ] Request (SecurityGroupsTestAdminJSON:setUpClass): 204 PUT http://10.180.1.21/identity/v3/projects/3d931fc62c62441da1edfd0da9470200/users/0e6a8cb71c184ddeb2fe73295af4b202/roles/1a7402887d6449639395939c5e073a9b 0.108s
2024-10-10 13:37:59.611 63654 INFO tempest.lib.common.dynamic_creds [-] Dynamic test user 0e6a8cb71c184ddeb2fe73295af4b202 is created with scope project and roles: ['member']
2024-10-10 13:37:59.611 63654 INFO tempest.lib.common.dynamic_creds [-] Acquired dynamic creds: credentials: Credentials: {'domain_id': 'default', 'domain_name': 'Default', 'username': 'tempest-SecurityGroupsTestAdminJSON-484429459-project-member', 'project_domain_id': 'default', 'project_domain_name': 'Default', 'project_id': '3d931fc62c62441da1edfd0da9470200', 'project_name': 'tempest-SecurityGroupsTestAdminJSON-484429459', 'tenant_id': '3d931fc62c62441da1edfd0da9470200', 'tenant_name': 'tempest-SecurityGroupsTestAdminJSON-484429459', 'user_domain_id': 'default', 'user_domain_name': 'Default', 'user_id': '0e6a8cb71c184ddeb2fe73295af4b202', 'system': None}, Network: None, Subnet: None, Router: None
2024-10-10 13:37:59.612 63654 INFO tempest.lib.common.dynamic_creds [-] Created isolated network resources for: credentials: Credentials: {'domain_id': 'default', 'domain_name': 'Default', 'username': 'tempest-SecurityGroupsTestAdminJSON-484429459-project-member', 'project_domain_id': 'default', 'project_domain_name': 'Default', 'project_id': '3d931fc62c62441da1edfd0da9470200', 'project_name': 'tempest-SecurityGroupsTestAdminJSON-484429459', 'tenant_id': '3d931fc62c62441da1edfd0da9470200', 'tenant_name': 'tempest-SecurityGroupsTestAdminJSON-484429459', 'user_domain_id': 'default', 'user_domain_name': 'Default', 'user_id': '0e6a8cb71c184ddeb2fe73295af4b202', 'system': None}, Network: None, Subnet: None, Router: None
2024-10-10 13:37:59.622 63682 INFO tempest.lib.common.rest_client [req-531ba345-d7c1-4657-87b4-1f41d34feedd req-531ba345-d7c1-4657-87b4-1f41d34feedd ] Request (QuotasSecurityGroupAdminNegativeTest:tearDownClass): 204 DELETE http://10.180.1.21/identity/v3/users/9e762aa25a3848569e18d711f3209e62 0.164s
2024-10-10 13:37:59.623 63682 INFO tempest.lib.common.dynamic_creds [-] Deleting project and security group for project: 1a931859e79a45118ada78867a45f22d
2024-10-10 13:37:59.635 63713 INFO tempest.lib.common.rest_client [req-d2794158-77aa-4984-b605-71da52c675c5 req-d2794158-77aa-4984-b605-71da52c675c5 ] Request (AggregatesAdminNegativeTestJSON:test_aggregate_add_non_exist_host): 404 POST http://10.180.1.21/compute/v2.1/os-aggregates/3/action 1.313s
2024-10-10 13:37:59.651 63620 INFO tempest.lib.common.rest_client [req-5a810a4b-72f4-467c-a3f2-5c4f91e98839 req-5a810a4b-72f4-467c-a3f2-5c4f91e98839 ] Request (ServersWithSpecificFlavorTestJSON:test_verify_created_server_ephemeral_disk): 200 POST http://10.180.1.21/compute/v2.1/flavors 1.307s
2024-10-10 13:37:59.723 63708 INFO tempest.lib.common.rest_client [req-1574eee8-86f2-44fb-aeae-8fd1d4c4269b req-1574eee8-86f2-44fb-aeae-8fd1d4c4269b ] Request (TenantUsagesNegativeTestJSON:test_list_usage_all_tenants_with_non_admin_user): 403 GET http://10.180.1.21/compute/v2.1/os-simple-tenant-usage?start=2024-10-09T13%3A37%3A55.753274&end=2024-10-11T13%3A37%3A55.753274&detailed=1 1.429s
2024-10-10 13:37:59.727 63706 INFO tempest.lib.common.rest_client [req-749b0fb0-a19f-4f5a-a8f0-0b84fb76e401 req-749b0fb0-a19f-4f5a-a8f0-0b84fb76e401 ] Request (ServersAaction247Test:setUpClass): 200 GET http://10.180.1.21/identity/v3/roles 0.202s
2024-10-10 13:37:59.747 63704 INFO tempest.lib.common.rest_client [req-d18a3746-9679-4fd0-acb9-feb1b31f73cc req-d18a3746-9679-4fd0-acb9-feb1b31f73cc ] Request (FlavorsExtraSpecsNegativeTestJSON:tearDownClass): 202 DELETE http://10.180.1.21/compute/v2.1/flavors/1239404100 1.159s
2024-10-10 13:37:59.769 63716 INFO tempest.lib.common.rest_client [req-75dd6d05-2e1b-48d0-8b9a-cf8c95c86545 req-75dd6d05-2e1b-48d0-8b9a-cf8c95c86545 ] Request (ServerDiagnosticsV248Test:setUpClass): 201 POST http://10.180.1.21/identity/v3/projects 0.178s
2024-10-10 13:37:59.787 63654 INFO tempest.lib.common.rest_client [req-813fceaa-d77f-456c-8d68-f6cc32843e74 req-813fceaa-d77f-456c-8d68-f6cc32843e74 ] Request (SecurityGroupsTestAdminJSON:setUpClass): 201 POST http://10.180.1.21/identity/v3/auth/tokens 0.171s
2024-10-10 13:37:59.828 63682 INFO tempest.lib.common.rest_client [req-c10ba87e-a434-4ce4-89a4-bbc5e361e199 req-c10ba87e-a434-4ce4-89a4-bbc5e361e199 ] Request (QuotasSecurityGroupAdminNegativeTest:tearDownClass): 201 POST http://10.180.1.21/identity/v3/auth/tokens 0.205s
2024-10-10 13:37:59.884 63708 INFO tempest.lib.common.rest_client [req-de342719-ce0b-4ea8-a0f1-14d130d9c345 req-de342719-ce0b-4ea8-a0f1-14d130d9c345 ] Request (TenantUsagesNegativeTestJSON:tearDownClass): 204 DELETE http://10.180.1.21/identity/v3/users/311e8b553aa44479bcf099f55f894fc8 0.159s
2024-10-10 13:37:59.889 63642 INFO tempest.lib.common.rest_client [req-d40c40dd-9889-4cf5-929a-fac675ca8f43 req-d40c40dd-9889-4cf5-929a-fac675ca8f43 ] Request (InstanceUsageAuditLogTestJSON:test_get_instance_usage_audit_log): 200 GET http://10.180.1.21/compute/v2.1/os-instance_usage_audit_log/2024-10-10%2013%3A37%3A58 1.343s
2024-10-10 13:37:59.932 63706 INFO tempest.lib.common.rest_client [req-baad921e-a205-4d78-bbe1-cdf93b3982b1 req-baad921e-a205-4d78-bbe1-cdf93b3982b1 ] Request (ServersAaction247Test:setUpClass): 204 PUT http://10.180.1.21/identity/v3/projects/73c6513feb1b4a6e8ce8396893b88038/users/daa131b860ff4a1182f252bd206fcd48/roles/1a7402887d6449639395939c5e073a9b 0.205s
2024-10-10 13:37:59.932 63706 INFO tempest.lib.common.dynamic_creds [-] Dynamic test user daa131b860ff4a1182f252bd206fcd48 is created with scope project and roles: ['member']
2024-10-10 13:37:59.933 63706 INFO tempest.lib.common.dynamic_creds [-] Acquired dynamic creds: credentials: Credentials: {'domain_id': 'default', 'domain_name': 'Default', 'username': 'tempest-ServersAaction247Test-664478354-project-member', 'project_domain_id': 'default', 'project_domain_name': 'Default', 'project_id': '73c6513feb1b4a6e8ce8396893b88038', 'project_name': 'tempest-ServersAaction247Test-664478354', 'tenant_id': '73c6513feb1b4a6e8ce8396893b88038', 'tenant_name': 'tempest-ServersAaction247Test-664478354', 'user_domain_id': 'default', 'user_domain_name': 'Default', 'user_id': 'daa131b860ff4a1182f252bd206fcd48', 'system': None}, Network: None, Subnet: None, Router: None
2024-10-10 13:37:59.933 63706 INFO tempest.lib.common.dynamic_creds [-] Created isolated network resources for: credentials: Credentials: {'domain_id': 'default', 'domain_name': 'Default', 'username': 'tempest-ServersAaction247Test-664478354-project-member', 'project_domain_id': 'default', 'project_domain_name': 'Default', 'project_id': '73c6513feb1b4a6e8ce8396893b88038', 'project_name': 'tempest-ServersAaction247Test-664478354', 'tenant_id': '73c6513feb1b4a6e8ce8396893b88038', 'tenant_name': 'tempest-ServersAaction247Test-664478354', 'user_domain_id': 'default', 'user_domain_name': 'Default', 'user_id': 'daa131b860ff4a1182f252bd206fcd48', 'system': None}, Network: None, Subnet: None, Router: None
2024-10-10 13:37:59.940 63690 INFO tempest.lib.common.rest_client [req-e74ca4a0-aeb6-4aa1-8ffc-aa9159c5287e req-e74ca4a0-aeb6-4aa1-8ffc-aa9159c5287e ] Request (FloatingIPsTestJSON:_run_cleanups): 404 DELETE http://10.180.1.21/compute/v2.1/os-floating-ips/aa003a4d-8974-4df7-b342-7a2f8f7ad16e 0.999s
2024-10-10 13:37:59.955 63692 INFO tempest.lib.common.rest_client [req-aee9d3f9-b0eb-412a-8d35-7e227c77c278 req-aee9d3f9-b0eb-412a-8d35-7e227c77c278 ] Request (HostsAdminNegativeTestJSON:test_update_host_with_invalid_maintenance_mode): 400 PUT http://10.180.1.21/compute/v2.1/os-hosts/devstack 0.989s
2024-10-10 13:37:59.973 63680 INFO tempest.lib.common.rest_client [req-947c7094-a2c5-42de-b786-a9e6625f38b9 req-947c7094-a2c5-42de-b786-a9e6625f38b9 ] Request (FlavorsAdminTestJSON:_run_cleanups): 202 DELETE http://10.180.1.21/compute/v2.1/flavors/b20040c7-fff7-436c-b6e7-08ea463024ae 0.988s
2024-10-10 13:38:00.031 63716 INFO tempest.lib.common.rest_client [req-285e79e4-bff4-4e59-9734-cc5413766b5e req-285e79e4-bff4-4e59-9734-cc5413766b5e ] Request (ServerDiagnosticsV248Test:setUpClass): 201 POST http://10.180.1.21/identity/v3/users 0.261s
2024-10-10 13:38:00.046 63710 INFO tempest.lib.common.rest_client [req-397f2b0a-3640-4507-bbc5-15b68af841e1 req-397f2b0a-3640-4507-bbc5-15b68af841e1 ] Request (SecurityGroupRulesTestJSON:setUpClass): 201 POST http://10.180.1.21:9696/networking/v2.0/routers 2.824s
2024-10-10 13:38:00.082 63654 INFO tempest.lib.common.rest_client [req-f0fdbc4e-e8ff-4e19-bbef-d0f1bca4b0ac req-f0fdbc4e-e8ff-4e19-bbef-d0f1bca4b0ac ] Request (SecurityGroupsTestAdminJSON:setUpClass): 201 POST http://10.180.1.21/identity/v3/projects 0.294s
2024-10-10 13:38:00.113 63714 INFO tempest.lib.common.rest_client [req-5c50f5e3-959a-46bf-9a81-1a5b69505eba req-5c50f5e3-959a-46bf-9a81-1a5b69505eba ] Request (VolumesAssistedSnapshotsTest:test_volume_assisted_snapshot_create_delete): 200 POST http://10.180.1.21/compute/v2.1/os-keypairs 1.450s
2024-10-10 13:38:00.135 63678 INFO tempest.lib.common.rest_client [req-ff8824a3-e973-48f3-86d8-b0b9e41278a1 req-ff8824a3-e973-48f3-86d8-b0b9e41278a1 ] Request (ServicesAdminNegativeTestJSON:test_get_service_by_invalid_service_and_valid_host): 200 GET http://10.180.1.21/compute/v2.1/os-services 1.049s
2024-10-10 13:38:00.159 63702 INFO tempest.lib.common.rest_client [req-433904b9-c1ec-4f7f-bd1a-568178590cbb req-433904b9-c1ec-4f7f-bd1a-568178590cbb ] Request (KeyPairsV2TestJSON:_run_cleanups): 202 DELETE http://10.180.1.21/compute/v2.1/os-keypairs/tempest-KeyPairsV2TestJSON-keypair-1232695805 1.053s
2024-10-10 13:38:00.235 63708 INFO tempest.lib.common.rest_client [req-dce8104a-cb86-420b-bb57-c95047dcbb04 req-dce8104a-cb86-420b-bb57-c95047dcbb04 ] Request (TenantUsagesNegativeTestJSON:tearDownClass): 204 DELETE http://10.180.1.21/identity/v3/users/56a97a2c0312409a9c8e5f61eaff4ba1 0.351s
2024-10-10 13:38:00.235 63708 INFO tempest.lib.common.dynamic_creds [-] Deleting project and security group for project: 330b0aba94eb46b290163a12f2a31dbd
2024-10-10 13:38:00.237 63630 INFO tempest.lib.common.rest_client [req-5867b4d9-9947-4409-9b3d-c14b4debb67c req-5867b4d9-9947-4409-9b3d-c14b4debb67c ] Request (DeleteServersAdminTestJSON:test_admin_delete_servers_of_others): 200 GET http://10.180.1.21/compute/v2.1/servers/37f3d5fc-c0ee-4c10-9cbc-8cac9dbd4bdf 0.944s
2024-10-10 13:38:00.252 63706 INFO tempest.lib.common.rest_client [req-ac610f6e-1968-4343-abff-3f9a70377cab req-ac610f6e-1968-4343-abff-3f9a70377cab ] Request (ServersAaction247Test:setUpClass): 201 POST http://10.180.1.21/identity/v3/auth/tokens 0.316s
2024-10-10 13:38:00.319 63700 INFO tempest.lib.common.rest_client [req-fdd7e6db-5542-4f30-9e89-815c3651050c req-fdd7e6db-5542-4f30-9e89-815c3651050c ] Request (ServersTestMultiNic:test_verify_duplicate_network_nics): 200 GET http://10.180.1.21/compute/v2.1/servers/d255e7af-b50d-4b30-8bec-9e2ee2de2c80 1.001s
2024-10-10 13:38:00.329 63654 INFO tempest.lib.common.rest_client [req-7856fc63-8e24-4b2f-b2d7-86a36d7a6a4a req-7856fc63-8e24-4b2f-b2d7-86a36d7a6a4a ] Request (SecurityGroupsTestAdminJSON:setUpClass): 201 POST http://10.180.1.21/identity/v3/users 0.246s
2024-10-10 13:38:00.335 63716 INFO tempest.lib.common.rest_client [req-21d11df0-6ad5-46b2-be8e-2d45c9302d65 req-21d11df0-6ad5-46b2-be8e-2d45c9302d65 ] Request (ServerDiagnosticsV248Test:setUpClass): 200 GET http://10.180.1.21/identity/v3/roles 0.304s
2024-10-10 13:38:00.361 63708 INFO tempest.lib.common.rest_client [req-744319cd-06b1-432c-9fd1-4b11322bad5d req-744319cd-06b1-432c-9fd1-4b11322bad5d ] Request (TenantUsagesNegativeTestJSON:tearDownClass): 201 POST http://10.180.1.21/identity/v3/auth/tokens 0.125s
2024-10-10 13:38:00.412 63702 INFO tempest.lib.common.rest_client [req-b0bcc8b6-c669-45ac-8273-e29e7877bf4f req-b0bcc8b6-c669-45ac-8273-e29e7877bf4f ] Request (KeyPairsV2TestJSON:tearDownClass): 204 DELETE http://10.180.1.21/identity/v3/users/d4018190714941838b3d4d6fd050c339 0.250s
2024-10-10 13:38:00.412 63702 INFO tempest.lib.common.dynamic_creds [-] Deleting project and security group for project: 0951dcbd79be4f9e9f2454c32c2d9ed2
2024-10-10 13:38:00.425 63627 INFO tempest.lib.common.rest_client [req-8b5d85aa-185e-45e0-aa34-57227b53e0cc req-8b5d85aa-185e-45e0-aa34-57227b53e0cc ] Request (ServerShowV247Test:test_update_rebuild_list_server): 200 GET http://10.180.1.21/compute/v2.1/servers/f185a348-e91d-48d1-970b-473cc253cfdf 1.032s
2024-10-10 13:38:00.448 63694 INFO tempest.lib.common.rest_client [req-36e73aa8-ad13-4e76-a510-f9689907b7fe req-36e73aa8-ad13-4e76-a510-f9689907b7fe ] Request (FlavorsAccessNegativeTestJSON:_run_cleanups): 202 DELETE http://10.180.1.21/compute/v2.1/flavors/64052274 1.045s
2024-10-10 13:38:00.481 63706 INFO tempest.lib.common.rest_client [req-99ba91a9-7151-437d-b420-f380c5150794 req-99ba91a9-7151-437d-b420-f380c5150794 ] Request (ServersAaction247Test:test_create_backup): 201 POST http://10.180.1.21/identity/v3/auth/tokens 0.222s
2024-10-10 13:38:00.482 63706 INFO tempest.lib.common.fixed_network [-] (ServersAaction247Test:test_create_backup) Found network None available for tenant
2024-10-10 13:38:00.569 63654 INFO tempest.lib.common.rest_client [req-bc70cd9d-3e4c-42e4-b8f3-0b40a6505f34 req-bc70cd9d-3e4c-42e4-b8f3-0b40a6505f34 ] Request (SecurityGroupsTestAdminJSON:setUpClass): 200 GET http://10.180.1.21/identity/v3/roles 0.239s
2024-10-10 13:38:00.589 63716 INFO tempest.lib.common.rest_client [req-f7490964-2893-4720-9410-a14f8588cca6 req-f7490964-2893-4720-9410-a14f8588cca6 ] Request (ServerDiagnosticsV248Test:setUpClass): 204 PUT http://10.180.1.21/identity/v3/projects/408997fb3ce84317b38a39e978da621b/users/a9e9c349a5e84efab4be8302f3e0110d/roles/1a7402887d6449639395939c5e073a9b 0.254s
2024-10-10 13:38:00.590 63716 INFO tempest.lib.common.dynamic_creds [-] Dynamic test user a9e9c349a5e84efab4be8302f3e0110d is created with scope project and roles: ['member']
2024-10-10 13:38:00.590 63716 INFO tempest.lib.common.dynamic_creds [-] Acquired dynamic creds: credentials: Credentials: {'domain_id': 'default', 'domain_name': 'Default', 'username': 'tempest-ServerDiagnosticsV248Test-1099631268-project-member', 'project_domain_id': 'default', 'project_domain_name': 'Default', 'project_id': '408997fb3ce84317b38a39e978da621b', 'project_name': 'tempest-ServerDiagnosticsV248Test-1099631268', 'tenant_id': '408997fb3ce84317b38a39e978da621b', 'tenant_name': 'tempest-ServerDiagnosticsV248Test-1099631268', 'user_domain_id': 'default', 'user_domain_name': 'Default', 'user_id': 'a9e9c349a5e84efab4be8302f3e0110d', 'system': None}, Network: None, Subnet: None, Router: None
2024-10-10 13:38:00.590 63716 INFO tempest.lib.common.dynamic_creds [-] Created isolated network resources for: credentials: Credentials: {'domain_id': 'default', 'domain_name': 'Default', 'username': 'tempest-ServerDiagnosticsV248Test-1099631268-project-member', 'project_domain_id': 'default', 'project_domain_name': 'Default', 'project_id': '408997fb3ce84317b38a39e978da621b', 'project_name': 'tempest-ServerDiagnosticsV248Test-1099631268', 'tenant_id': '408997fb3ce84317b38a39e978da621b', 'tenant_name': 'tempest-ServerDiagnosticsV248Test-1099631268', 'user_domain_id': 'default', 'user_domain_name': 'Default', 'user_id': 'a9e9c349a5e84efab4be8302f3e0110d', 'system': None}, Network: None, Subnet: None, Router: None
2024-10-10 13:38:00.608 63684 INFO tempest.lib.common.rest_client [req-1797702a-7649-4ffa-b318-961842b884b2 req-1797702a-7649-4ffa-b318-961842b884b2 ] Request (QuotasAdminTestJSON:test_get_updated_quotas): 200 PUT http://10.180.1.21/compute/v2.1/os-quota-sets/bf1a121a7670454f9f41ec33ec07da45 1.588s
2024-10-10 13:38:00.644 63702 INFO tempest.lib.common.rest_client [req-64c5f085-8d17-4b24-b573-cf43b1589e2e req-64c5f085-8d17-4b24-b573-cf43b1589e2e ] Request (KeyPairsV2TestJSON:tearDownClass): 201 POST http://10.180.1.21/identity/v3/auth/tokens 0.231s
2024-10-10 13:38:00.672 63654 INFO tempest.lib.common.rest_client [req-3306fcdc-ee00-4f04-949e-628fd8cfb84b req-3306fcdc-ee00-4f04-949e-628fd8cfb84b ] Request (SecurityGroupsTestAdminJSON:setUpClass): 204 PUT http://10.180.1.21/identity/v3/projects/6ee743760d89425caa501e9865f8609a/users/52e55f8bd9b7484b99e975e946b9e0ae/roles/d3fc64613e424b058eef578f378bd785 0.102s
2024-10-10 13:38:00.713 63647 INFO tempest.lib.common.rest_client [req-ce3e1563-b217-4bff-81a2-51a4d82286b4 req-ce3e1563-b217-4bff-81a2-51a4d82286b4 ] Request (ServersAdminNegativeTestJSON:setUpClass): 200 GET http://10.180.1.21/compute/v2.1/servers/9122ae95-8678-48bd-9299-b217c77e7a0d 1.253s
2024-10-10 13:38:00.720 63716 INFO tempest.lib.common.rest_client [req-7e1bdabb-ac04-4066-a348-16c406f0b38f req-7e1bdabb-ac04-4066-a348-16c406f0b38f ] Request (ServerDiagnosticsV248Test:setUpClass): 201 POST http://10.180.1.21/identity/v3/auth/tokens 0.127s
2024-10-10 13:38:00.749 63714 INFO tempest.lib.common.rest_client [req-332ea1ad-ebd8-4883-9a5d-ce29362eabfa req-332ea1ad-ebd8-4883-9a5d-ce29362eabfa ] Request (VolumesAssistedSnapshotsTest:test_volume_assisted_snapshot_create_delete): 201 POST http://10.180.1.21:9696/networking/v2.0/security-groups 0.634s
2024-10-10 13:38:00.776 63654 INFO tempest.lib.common.rest_client [req-ade08a3b-0499-41bb-9aa1-8b0fe6141193 req-ade08a3b-0499-41bb-9aa1-8b0fe6141193 ] Request (SecurityGroupsTestAdminJSON:setUpClass): 200 GET http://10.180.1.21/identity/v3/roles 0.103s
2024-10-10 13:38:00.817 63716 INFO tempest.lib.common.rest_client [req-db417145-4a17-4992-a139-3e3640ce401c req-db417145-4a17-4992-a139-3e3640ce401c ] Request (ServerDiagnosticsV248Test:setUpClass): 201 POST http://10.180.1.21/identity/v3/projects 0.096s
2024-10-10 13:38:00.822 63654 INFO tempest.lib.common.rest_client [req-3ce1aacd-bc71-414e-b851-0525bffbe12c req-3ce1aacd-bc71-414e-b851-0525bffbe12c ] Request (SecurityGroupsTestAdminJSON:setUpClass): 204 PUT http://10.180.1.21/identity/v3/projects/6ee743760d89425caa501e9865f8609a/users/52e55f8bd9b7484b99e975e946b9e0ae/roles/d3fc64613e424b058eef578f378bd785 0.046s
2024-10-10 13:38:00.823 63654 INFO tempest.lib.common.dynamic_creds [-] Dynamic test user 52e55f8bd9b7484b99e975e946b9e0ae is created with scope project and roles: ['admin']
2024-10-10 13:38:00.823 63654 INFO tempest.lib.common.dynamic_creds [-] Acquired dynamic creds: credentials: Credentials: {'domain_id': 'default', 'domain_name': 'Default', 'username': 'tempest-SecurityGroupsTestAdminJSON-24644848-project-admin', 'project_domain_id': 'default', 'project_domain_name': 'Default', 'project_id': '6ee743760d89425caa501e9865f8609a', 'project_name': 'tempest-SecurityGroupsTestAdminJSON-24644848', 'tenant_id': '6ee743760d89425caa501e9865f8609a', 'tenant_name': 'tempest-SecurityGroupsTestAdminJSON-24644848', 'user_domain_id': 'default', 'user_domain_name': 'Default', 'user_id': '52e55f8bd9b7484b99e975e946b9e0ae', 'system': None}, Network: None, Subnet: None, Router: None
2024-10-10 13:38:00.823 63654 INFO tempest.lib.common.dynamic_creds [-] Created isolated network resources for: credentials: Credentials: {'domain_id': 'default', 'domain_name': 'Default', 'username': 'tempest-SecurityGroupsTestAdminJSON-24644848-project-admin', 'project_domain_id': 'default', 'project_domain_name': 'Default', 'project_id': '6ee743760d89425caa501e9865f8609a', 'project_name': 'tempest-SecurityGroupsTestAdminJSON-24644848', 'tenant_id': '6ee743760d89425caa501e9865f8609a', 'tenant_name': 'tempest-SecurityGroupsTestAdminJSON-24644848', 'user_domain_id': 'default', 'user_domain_name': 'Default', 'user_id': '52e55f8bd9b7484b99e975e946b9e0ae', 'system': None}, Network: None, Subnet: None, Router: None
2024-10-10 13:38:00.833 63682 INFO tempest.lib.common.rest_client [req-71e3cf1f-cde3-4bb5-96b4-77c222243312 req-71e3cf1f-cde3-4bb5-96b4-77c222243312 ] Request (QuotasSecurityGroupAdminNegativeTest:tearDownClass): 200 GET http://10.180.1.21:9696/networking/v2.0/security-groups?tenant_id=1a931859e79a45118ada78867a45f22d&name=default 1.004s
2024-10-10 13:38:00.900 63654 INFO tempest.lib.common.rest_client [req-8030700a-8a42-496f-9c39-ed8a3f52c8de req-8030700a-8a42-496f-9c39-ed8a3f52c8de ] Request (SecurityGroupsTestAdminJSON:setUpClass): 201 POST http://10.180.1.21/identity/v3/auth/tokens 0.072s
2024-10-10 13:38:00.909 63716 INFO tempest.lib.common.rest_client [req-f1650ab3-8b98-4521-9a62-773bca63b3c9 req-f1650ab3-8b98-4521-9a62-773bca63b3c9 ] Request (ServerDiagnosticsV248Test:setUpClass): 201 POST http://10.180.1.21/identity/v3/users 0.091s
2024-10-10 13:38:00.926 63716 INFO tempest.lib.common.rest_client [req-787fdfe3-b4e7-4d21-9527-c2ab9eeb9549 req-787fdfe3-b4e7-4d21-9527-c2ab9eeb9549 ] Request (ServerDiagnosticsV248Test:setUpClass): 200 GET http://10.180.1.21/identity/v3/roles 0.017s
2024-10-10 13:38:00.951 63716 INFO tempest.lib.common.rest_client [req-6eb94c03-c565-4fa8-b368-655ea4e05354 req-6eb94c03-c565-4fa8-b368-655ea4e05354 ] Request (ServerDiagnosticsV248Test:setUpClass): 204 PUT http://10.180.1.21/identity/v3/projects/111b734d0b884e69ad5c4b32a0dd1eaf/users/e9a1bb93367a4527903f4c6c48cfaf4f/roles/d3fc64613e424b058eef578f378bd785 0.024s
2024-10-10 13:38:01.006 63716 INFO tempest.lib.common.rest_client [req-bc454cd1-54b4-4d2b-8ae0-937a182d43b3 req-bc454cd1-54b4-4d2b-8ae0-937a182d43b3 ] Request (ServerDiagnosticsV248Test:setUpClass): 200 GET http://10.180.1.21/identity/v3/roles 0.054s
2024-10-10 13:38:01.034 63716 INFO tempest.lib.common.rest_client [req-12024ad8-7053-49e2-af12-4e6c5665d5e9 req-12024ad8-7053-49e2-af12-4e6c5665d5e9 ] Request (ServerDiagnosticsV248Test:setUpClass): 204 PUT http://10.180.1.21/identity/v3/projects/111b734d0b884e69ad5c4b32a0dd1eaf/users/e9a1bb93367a4527903f4c6c48cfaf4f/roles/d3fc64613e424b058eef578f378bd785 0.027s
2024-10-10 13:38:01.034 63716 INFO tempest.lib.common.dynamic_creds [-] Dynamic test user e9a1bb93367a4527903f4c6c48cfaf4f is created with scope project and roles: ['admin']
2024-10-10 13:38:01.034 63716 INFO tempest.lib.common.dynamic_creds [-] Acquired dynamic creds: credentials: Credentials: {'domain_id': 'default', 'domain_name': 'Default', 'username': 'tempest-ServerDiagnosticsV248Test-1168567041-project-admin', 'project_domain_id': 'default', 'project_domain_name': 'Default', 'project_id': '111b734d0b884e69ad5c4b32a0dd1eaf', 'project_name': 'tempest-ServerDiagnosticsV248Test-1168567041', 'tenant_id': '111b734d0b884e69ad5c4b32a0dd1eaf', 'tenant_name': 'tempest-ServerDiagnosticsV248Test-1168567041', 'user_domain_id': 'default', 'user_domain_name': 'Default', 'user_id': 'e9a1bb93367a4527903f4c6c48cfaf4f', 'system': None}, Network: None, Subnet: None, Router: None
2024-10-10 13:38:01.034 63716 INFO tempest.lib.common.dynamic_creds [-] Created isolated network resources for: credentials: Credentials: {'domain_id': 'default', 'domain_name': 'Default', 'username': 'tempest-ServerDiagnosticsV248Test-1168567041-project-admin', 'project_domain_id': 'default', 'project_domain_name': 'Default', 'project_id': '111b734d0b884e69ad5c4b32a0dd1eaf', 'project_name': 'tempest-ServerDiagnosticsV248Test-1168567041', 'tenant_id': '111b734d0b884e69ad5c4b32a0dd1eaf', 'tenant_name': 'tempest-ServerDiagnosticsV248Test-1168567041', 'user_domain_id': 'default', 'user_domain_name': 'Default', 'user_id': 'e9a1bb93367a4527903f4c6c48cfaf4f', 'system': None}, Network: None, Subnet: None, Router: None
2024-10-10 13:38:01.155 63716 INFO tempest.lib.common.rest_client [req-be5d3328-cba0-4788-bdbf-9438fb516613 req-be5d3328-cba0-4788-bdbf-9438fb516613 ] Request (ServerDiagnosticsV248Test:setUpClass): 201 POST http://10.180.1.21/identity/v3/auth/tokens 0.116s
2024-10-10 13:38:01.225 63716 INFO tempest.lib.common.rest_client [req-8d7601ce-2d0d-4ba3-ad45-3ed8a32c7a5e req-8d7601ce-2d0d-4ba3-ad45-3ed8a32c7a5e ] Request (ServerDiagnosticsV248Test:test_get_server_diagnostics): 201 POST http://10.180.1.21/identity/v3/auth/tokens 0.065s
2024-10-10 13:38:01.225 63716 INFO tempest.lib.common.fixed_network [-] (ServerDiagnosticsV248Test:test_get_server_diagnostics) Found network None available for tenant
2024-10-10 13:38:01.240 63708 INFO tempest.lib.common.rest_client [req-b0118a9d-7432-4925-8589-bc97b4df2b6b req-b0118a9d-7432-4925-8589-bc97b4df2b6b ] Request (TenantUsagesNegativeTestJSON:tearDownClass): 200 GET http://10.180.1.21:9696/networking/v2.0/security-groups?tenant_id=330b0aba94eb46b290163a12f2a31dbd&name=default 0.879s
2024-10-10 13:38:01.314 63614 INFO tempest.lib.common.rest_client [req-d8e941ab-ceb9-4f71-844f-74d1b9686ef8 req-d8e941ab-ceb9-4f71-844f-74d1b9686ef8 ] Request (ImagesNegativeTestJSON:test_create_image_from_deleted_server): 200 GET http://10.180.1.21/compute/v2.1/servers/8fbc105f-34f9-4ece-9e74-e473f310221a 1.724s
2024-10-10 13:38:01.324 63682 INFO tempest.lib.common.rest_client [req-2ec6b34c-0f6e-4336-9767-007638352068 req-2ec6b34c-0f6e-4336-9767-007638352068 ] Request (QuotasSecurityGroupAdminNegativeTest:tearDownClass): 204 DELETE http://10.180.1.21:9696/networking/v2.0/security-groups/efc9a755-4475-4fe5-88cf-ab12479ee572 0.490s
2024-10-10 13:38:01.324 63614 INFO tempest.common.waiters [-] State transition "BUILD/None" ==> "BUILD/spawning" after 13 second wait
2024-10-10 13:38:01.332 63714 INFO tempest.lib.common.rest_client [req-98fd5e9b-3aca-4852-a332-75d672ef55fd req-98fd5e9b-3aca-4852-a332-75d672ef55fd ] Request (VolumesAssistedSnapshotsTest:test_volume_assisted_snapshot_create_delete): 201 POST http://10.180.1.21:9696/networking/v2.0/security-group-rules 0.583s
2024-10-10 13:38:01.349 63713 INFO tempest.lib.common.rest_client [req-40e08d93-7926-45af-af09-dd6a26bb50b7 req-40e08d93-7926-45af-af09-dd6a26bb50b7 ] Request (AggregatesAdminNegativeTestJSON:_run_cleanups): 200 DELETE http://10.180.1.21/compute/v2.1/os-aggregates/3 1.714s
2024-10-10 13:38:01.360 63696 INFO tempest.lib.common.rest_client [req-2ed9dbca-3bac-4458-9b4a-7204d4690447 req-2ed9dbca-3bac-4458-9b4a-7204d4690447 ] Request (MigrationsAdminTest:test_list_migrations_in_flavor_resize_situation): 202 POST http://10.180.1.21/compute/v2.1/servers 1.793s
2024-10-10 13:38:01.366 63620 INFO tempest.lib.common.rest_client [req-55fd6edc-6bdb-4fd1-a82f-260329d9ba6a req-55fd6edc-6bdb-4fd1-a82f-260329d9ba6a ] Request (ServersWithSpecificFlavorTestJSON:test_verify_created_server_ephemeral_disk): 200 GET http://10.180.1.21/compute/v2.1/flavors/42/os-extra_specs 1.713s
2024-10-10 13:38:01.382 63704 INFO tempest.lib.common.rest_client [req-32573992-44cc-4aa5-ad04-46bb8ff78545 req-32573992-44cc-4aa5-ad04-46bb8ff78545 ] Request (FlavorsExtraSpecsNegativeTestJSON:tearDownClass): 200 GET http://10.180.1.21/compute/v2.1/flavors/detail 1.634s
2024-10-10 13:38:01.395 63642 INFO tempest.lib.common.rest_client [req-c97650c9-81a1-4dce-8324-708a906ca011 req-c97650c9-81a1-4dce-8324-708a906ca011 ] Request (InstanceUsageAuditLogTestJSON:test_list_instance_usage_audit_logs): 200 GET http://10.180.1.21/compute/v2.1/os-instance_usage_audit_log 1.500s
2024-10-10 13:38:01.398 63692 INFO tempest.lib.common.rest_client [req-00640af9-a734-4e2b-81b4-f58087103bc2 req-00640af9-a734-4e2b-81b4-f58087103bc2 ] Request (HostsAdminNegativeTestJSON:test_update_host_with_invalid_status): 400 PUT http://10.180.1.21/compute/v2.1/os-hosts/devstack 1.437s
2024-10-10 13:38:01.416 63680 INFO tempest.lib.common.rest_client [req-de317c9d-30d1-4c4b-8c2b-fffa7edb2420 req-de317c9d-30d1-4c4b-8c2b-fffa7edb2420 ] Request (FlavorsAdminTestJSON:_run_cleanups): 200 GET http://10.180.1.21/compute/v2.1/flavors/detail 1.443s
2024-10-10 13:38:01.439 63678 INFO tempest.lib.common.rest_client [req-74c90407-7f8b-4b6c-875c-572bb937596b req-74c90407-7f8b-4b6c-875c-572bb937596b ] Request (ServicesAdminNegativeTestJSON:test_get_service_by_invalid_service_and_valid_host): 200 GET http://10.180.1.21/compute/v2.1/os-services?host=devstack&binary=xxx 1.299s
2024-10-10 13:38:01.479 63682 INFO tempest.lib.common.rest_client [req-2332cd56-fb67-4d17-ae2a-6106fdfd89c6 req-2332cd56-fb67-4d17-ae2a-6106fdfd89c6 ] Request (QuotasSecurityGroupAdminNegativeTest:tearDownClass): 204 DELETE http://10.180.1.21/identity/v3/projects/1a931859e79a45118ada78867a45f22d 0.154s
2024-10-10 13:38:01.479 63682 INFO tempest.lib.common.dynamic_creds [-] Deleting project and security group for project: 9e18864ab5d743ce8b24d65360123780
2024-10-10 13:38:01.496 63632 INFO tempest.lib.common.rest_client [req-0e1978a7-3d57-463b-b90b-2b397617eff8 req-0e1978a7-3d57-463b-b90b-2b397617eff8 ] Request (ServerExternalEventsTest:test_create_server_external_events): 200 GET http://10.180.1.21/compute/v2.1/servers/9a70a79a-64a9-4de3-9d29-ada5d43f4dc0 1.423s
