2024-10-10 13:38:52.745 63713 INFO tempest.lib.common.rest_client [req-e0f218d7-f80f-44bb-b1f4-230e4e44a709 req-e0f218d7-f80f-44bb-b1f4-230e4e44a709 ] Request (FloatingIPsAssociationTestJSON:setUpClass): 200 GET http://10.180.1.21/compute/v2.1/servers/b24d095a-6814-413b-bf89-511e22df740f 0.678s
2024-10-10 13:38:52.811 63684 INFO tempest.lib.common.rest_client [req-31e85e6f-15ae-46b8-a557-f5b3f208d3ae req-31e85e6f-15ae-46b8-a557-f5b3f208d3ae ] Request (TenantUsagesTestJSON:setUpClass): 200 GET http://10.180.1.21/compute/v2.1/servers/a0584abb-a226-4f53-b01f-faee7ffcbf48 0.719s
2024-10-10 13:38:52.866 63680 INFO tempest.lib.common.rest_client [req-6288eae8-384b-4332-b194-9547a4030307 req-6288eae8-384b-4332-b194-9547a4030307 ] Request (HypervisorAdminUnderV252Test:test_get_hypervisor_show_servers): 200 GET http://10.180.1.21/compute/v2.1/os-hypervisors/domain-c8.fc996f14-c53b-4953-92e3-bdfa48f5cc28/servers 0.750s
2024-10-10 13:38:52.898 63700 INFO tempest.lib.common.rest_client [req-e7b59f05-6162-4176-98bc-273621d63306 req-e7b59f05-6162-4176-98bc-273621d63306 ] Request (ServersTestMultiNic:test_verify_multiple_nics_order): 202 POST http://10.180.1.21/compute/v2.1/servers 0.931s
2024-10-10 13:38:52.901 63688 INFO tempest.lib.common.rest_client [req-e98afa67-5cf7-47d2-8786-815869315038 req-e98afa67-5cf7-47d2-8786-815869315038 ] Request (ServerActionsTestJSON:setUpClass): 201 POST http://10.180.1.21:9696/networking/v2.0/floatingips 0.706s
2024-10-10 13:38:52.935 63678 INFO tempest.lib.common.rest_client [req-d9436763-e2d8-4a87-95c4-43755a742539 req-d9436763-e2d8-4a87-95c4-43755a742539 ] Request (ServerMetadataTestJSON:setUpClass): 200 GET http://10.180.1.21/compute/v2.1/servers/b1b24de1-3d7f-40b7-9183-c4b1f35f8c94 0.774s
2024-10-10 13:38:52.982 63706 INFO tempest.lib.common.rest_client [req-a09d3a0e-c303-4162-84e3-129159f5ff81 req-a09d3a0e-c303-4162-84e3-129159f5ff81 ] Request (ServersAaction247Test:tearDownClass): 200 GET http://10.180.1.21/compute/v2.1/servers/01deeb21-0e27-497f-9b85-c85949a3533d 0.806s
2024-10-10 13:38:53.006 63688 INFO tempest.lib.common.rest_client [req-7a5b1fbc-c68c-4527-8384-a829dfd50669 req-7a5b1fbc-c68c-4527-8384-a829dfd50669 ] Request (ServerActionsTestJSON:setUpClass): 201 POST http://10.180.1.21/identity/v3/auth/tokens 0.098s
2024-10-10 13:38:53.007 63688 INFO tempest.lib.common.fixed_network [-] (ServerActionsTestJSON:setUpClass) Found network {'id': '59be7631-cfd5-4b9e-8997-48072b4359fb', 'name': 'tempest-ServerActionsTestJSON-657641441-network', 'tenant_id': '0525c553595147feaf2b3aa1c3e9b02f', 'admin_state_up': True, 'mtu': 8950, 'status': 'ACTIVE', 'subnets': [], 'shared': False, 'project_id': '0525c553595147feaf2b3aa1c3e9b02f', 'port_security_enabled': True, 'router:external': False, 'provider:network_type': 'vlan', 'provider:physical_network': 'default', 'provider:segmentation_id': 474, 'is_default': False, 'availability_zone_hints': [], 'availability_zones': [], 'ipv4_address_scope': None, 'ipv6_address_scope': None, 'description': '', 'tags': [], 'created_at': '2024-10-10T13:38:48Z', 'updated_at': '2024-10-10T13:38:48Z', 'revision_number': 1} available for tenant
2024-10-10 13:38:53.173 63696 INFO tempest.lib.common.rest_client [req-0aae79a9-0ba7-45ea-90ec-36b5b68743b3 req-0aae79a9-0ba7-45ea-90ec-36b5b68743b3 ] Request (MigrationsAdminTest:test_list_migrations_in_flavor_resize_situation): 204 DELETE http://10.180.1.21/compute/v2.1/servers/781262a7-56ba-466c-86b3-1551905c08bf 0.996s
2024-10-10 13:38:53.223 63694 INFO tempest.lib.common.rest_client [req-dae70f93-70cb-475c-a602-571fccdf065e req-dae70f93-70cb-475c-a602-571fccdf065e ] Request (ServerMetadataNegativeTestJSON:setUpClass): 200 GET http://10.180.1.21/compute/v2.1/servers/0c55e7b9-cb53-4525-8524-4ef62a51a89f 0.973s
2024-10-10 13:38:53.271 63692 INFO tempest.lib.common.rest_client [req-986c3c82-856e-4904-ab1e-08b49293fc11 req-986c3c82-856e-4904-ab1e-08b49293fc11 ] Request (ServerDiagnosticsTest:test_get_server_diagnostics): 200 GET http://10.180.1.21/compute/v2.1/servers/58850986-3ebf-465f-b832-9b245742a34a 1.007s
2024-10-10 13:38:53.277 63692 INFO tempest.common.waiters [-] State transition "BUILD/None" ==> "BUILD/networking" after 41 second wait
2024-10-10 13:38:53.316 63702 INFO tempest.lib.common.rest_client [req-3d927135-f49a-4ac6-a686-6a9a30161bef req-3d927135-f49a-4ac6-a686-6a9a30161bef ] Request (ServerShowV257Test:test_rebuild_server): 200 GET http://10.180.1.21/compute/v2.1/servers/a8c7f192-4672-43cc-8c38-0c33ce633765 0.981s
2024-10-10 13:38:53.357 63624 INFO tempest.lib.common.rest_client [req-0ef4d71a-bee5-4e4d-bc89-5648015c6ba2 req-0ef4d71a-bee5-4e4d-bc89-5648015c6ba2 ] Request (ListImageFiltersTestJSON:setUpClass): 200 GET http://10.180.1.21/compute/v2.1/servers/76e02181-1ccd-43f9-9aaa-cf1918691705 1.012s
2024-10-10 13:38:53.410 63690 INFO tempest.lib.common.rest_client [req-3f466154-3a5e-4775-a3b8-c0da906e158d req-3f466154-3a5e-4775-a3b8-c0da906e158d ] Request (ImagesOneServerTestJSON:setUpClass): 200 GET http://10.180.1.21/compute/v2.1/servers/5caab97d-833e-4356-af51-4a991d0e5b44 1.023s
2024-10-10 13:38:53.460 63708 INFO tempest.lib.common.rest_client [req-152de32d-2712-434d-a527-6fac58f24ffa req-152de32d-2712-434d-a527-6fac58f24ffa ] Request (ServersTestBootFromVolume:setUpClass): 200 GET http://10.180.1.21/compute/v2.1/servers/601f72f4-05bc-4d73-9b57-612cad2d8c62 1.058s
2024-10-10 13:38:53.545 63716 INFO tempest.lib.common.rest_client [req-c535ee08-e5df-433a-883e-38bd49fe4486 req-c535ee08-e5df-433a-883e-38bd49fe4486 ] Request (ServerDiagnosticsV248Test:test_get_server_diagnostics): 200 GET http://10.180.1.21/compute/v2.1/servers/ed637299-7e69-43d7-85f9-8fcbd6e90dec/diagnostics 1.336s
2024-10-10 13:38:53.571 63614 INFO tempest.lib.common.rest_client [req-02940e27-0956-439e-807c-15b8b5d0f726 req-02940e27-0956-439e-807c-15b8b5d0f726 ] Request (SecurityGroupRulesNegativeTestJSON:tearDownClass): 202 DELETE http://10.180.1.21/compute/v2.1/os-security-groups/2ed50640-07f4-4f47-925b-930a7b9422ef 0.893s
2024-10-10 13:38:53.607 63714 INFO tempest.lib.common.rest_client [req-6362ee75-b1c6-4654-a759-62a91d55df25 req-6362ee75-b1c6-4654-a759-62a91d55df25 ] Request (VolumesAssistedSnapshotsTest:test_volume_assisted_snapshot_create_delete): 200 GET http://10.180.1.21/compute/v2.1/servers/f714b41e-b537-4feb-bd71-53b5db089485 0.926s
2024-10-10 13:38:53.622 63658 INFO tempest.lib.common.rest_client [req-d80c3b41-4125-4f12-a92b-99587e602972 req-d80c3b41-4125-4f12-a92b-99587e602972 ] Request (AttachInterfacesTestJSON:test_create_list_show_delete_interfaces_by_fixed_ip): 200 GET http://10.180.1.21/compute/v2.1/servers/6d47c52c-c1fb-4ade-a3ba-dc393716eb79 0.866s
2024-10-10 13:38:53.659 63636 INFO tempest.lib.common.rest_client [req-72b5b0d7-8f7f-43a4-9785-e124283ca251 req-72b5b0d7-8f7f-43a4-9785-e124283ca251 ] Request (ServersAdminTestJSON:setUpClass): 200 GET http://10.180.1.21/compute/v2.1/servers/b56238f3-3507-49e0-8630-5f5a093c1101 0.881s
2024-10-10 13:38:53.671 63682 INFO tempest.lib.common.rest_client [req-a12a722c-babd-4e84-af7a-9aef628e7859 req-a12a722c-babd-4e84-af7a-9aef628e7859 ] Request (AttachInterfacesUnderV243Test:test_add_remove_fixed_ip): 200 GET http://10.180.1.21/compute/v2.1/servers/c590bbfe-1ab8-4e7a-a3aa-89e1f579d756 0.860s
2024-10-10 13:38:53.689 63680 INFO tempest.lib.common.rest_client [req-e444228d-fe85-4343-b191-4a6c0b375150 req-e444228d-fe85-4343-b191-4a6c0b375150 ] Request (HypervisorAdminUnderV252Test:test_search_hypervisor): 200 GET http://10.180.1.21/compute/v2.1/os-hypervisors 0.816s
2024-10-10 13:38:53.709 63642 INFO tempest.lib.common.rest_client [req-dcc8b847-ff6b-4c94-98a8-9a0744e4e379 req-dcc8b847-ff6b-4c94-98a8-9a0744e4e379 ] Request (DeleteServersTestJSON:test_delete_active_server): 200 GET http://10.180.1.21/compute/v2.1/servers/34cf7345-c244-44bd-aa1f-4788ae8f6da5 0.867s
2024-10-10 13:38:53.756 63627 INFO tempest.lib.common.rest_client [req-dc04a23c-f55e-489a-aa09-68c36fc1b2ac req-dc04a23c-f55e-489a-aa09-68c36fc1b2ac ] Request (ServerShowV247Test:tearDownClass): 200 GET http://10.180.1.21/compute/v2.1/servers/f185a348-e91d-48d1-970b-473cc253cfdf 0.867s
2024-10-10 13:38:53.762 63700 INFO tempest.lib.common.rest_client [req-8776cd53-0ea6-4f7f-a151-07ad8034d6da req-8776cd53-0ea6-4f7f-a151-07ad8034d6da ] Request (ServersTestMultiNic:test_verify_multiple_nics_order): 200 GET http://10.180.1.21/compute/v2.1/servers/2edbeef4-be3b-4a1d-8895-8410b71b6b18 0.862s
2024-10-10 13:38:53.812 63654 INFO tempest.lib.common.rest_client [req-cdf482e9-8bdb-4284-8381-cc6f12da3ebc req-cdf482e9-8bdb-4284-8381-cc6f12da3ebc ] Request (ServerDiagnosticsNegativeTest:test_get_server_diagnostics_by_non_admin): 200 GET http://10.180.1.21/compute/v2.1/servers/9b2d0dfa-6820-451f-b86d-590f89928278 0.866s
2024-10-10 13:38:53.818 63654 INFO tempest.common.waiters [-] State transition "BUILD/scheduling" ==> "BUILD/None" after 29 second wait
2024-10-10 13:38:53.879 63640 INFO tempest.lib.common.rest_client [req-377f50f3-a120-4f02-92bb-066d26bc7198 req-377f50f3-a120-4f02-92bb-066d26bc7198 ] Request (ServersAdmin275Test:tearDownClass): 200 GET http://10.180.1.21/compute/v2.1/servers/ba67658a-668e-4fca-aefe-e838f7b05e2a 0.850s
2024-10-10 13:38:53.933 63686 INFO tempest.lib.common.rest_client [req-c07b7572-56d8-463d-9120-fbc3639045b6 req-c07b7572-56d8-463d-9120-fbc3639045b6 ] Request (ServersTestJSON:setUpClass): 200 GET http://10.180.1.21/compute/v2.1/servers/3905f544-be5d-4a2a-a9c6-c7421e41b2f9 0.823s
2024-10-10 13:38:53.954 63696 INFO tempest.lib.common.rest_client [req-df01b58d-326a-4639-8c1d-9a308b277eee req-df01b58d-326a-4639-8c1d-9a308b277eee ] Request (MigrationsAdminTest:test_list_migrations_in_flavor_resize_situation): 404 GET http://10.180.1.21/compute/v2.1/servers/781262a7-56ba-466c-86b3-1551905c08bf 0.780s
2024-10-10 13:38:54.010 63647 INFO tempest.lib.common.rest_client [req-d4be331e-9394-4a34-b0e0-d0310b7faab9 req-d4be331e-9394-4a34-b0e0-d0310b7faab9 ] Request (ServerAddressesTestJSON:setUpClass): 200 GET http://10.180.1.21/compute/v2.1/servers/f6d62d1b-0333-40ac-92e8-a798e58d495c 0.814s
2024-10-10 13:38:54.064 63620 INFO tempest.lib.common.rest_client [req-2fcd81cf-8dba-4e80-8fef-f124cb208524 req-2fcd81cf-8dba-4e80-8fef-f124cb208524 ] Request (ServersWithSpecificFlavorTestJSON:test_verify_created_server_ephemeral_disk): 200 GET http://10.180.1.21/compute/v2.1/servers/67b5708b-8d02-4816-9455-ea3d9414998a 0.829s
2024-10-10 13:38:54.122 63704 INFO tempest.lib.common.rest_client [req-1f821969-6d83-4f79-af50-f62e3c5caa2c req-1f821969-6d83-4f79-af50-f62e3c5caa2c ] Request (AttachInterfacesV270Test:test_create_get_list_interfaces): 200 GET http://10.180.1.21/compute/v2.1/servers/59442c77-234c-48c2-872d-85ed9bd8cb80 0.869s
2024-10-10 13:38:54.174 63710 INFO tempest.lib.common.rest_client [req-d9d07490-03ea-4b7c-87bb-c5bc914685d8 req-d9d07490-03ea-4b7c-87bb-c5bc914685d8 ] Request (InstanceActionsTestJSON:setUpClass): 200 GET http://10.180.1.21/compute/v2.1/servers/8e39c8ef-103a-45f4-8630-bfd51b38445d 0.894s
2024-10-10 13:38:54.199 63688 INFO tempest.lib.common.rest_client [req-35ca53c1-81d1-4348-873a-3156c3d18450 req-35ca53c1-81d1-4348-873a-3156c3d18450 ] Request (ServerActionsTestJSON:setUpClass): 202 POST http://10.180.1.21/compute/v2.1/servers 1.192s
2024-10-10 13:38:54.227 63632 INFO tempest.lib.common.rest_client [req-6f56d2ce-ad79-4573-9dd6-517c5e9d10b8 req-6f56d2ce-ad79-4573-9dd6-517c5e9d10b8 ] Request (SecurityGroupsTestJSON:test_list_security_groups_by_server): 200 GET http://10.180.1.21/compute/v2.1/servers/69651fab-08a7-4832-8c91-2fa01d186860 0.864s
2024-10-10 13:38:54.246 63630 INFO tempest.lib.common.rest_client [req-5e7bf24e-bd8a-436f-890b-0cdadc60abdb req-5e7bf24e-bd8a-436f-890b-0cdadc60abdb ] Request (DeleteServersAdminTestJSON:test_delete_server_while_in_error_state): 200 GET http://10.180.1.21/compute/v2.1/servers/37bf3e05-e797-4437-a959-96a92d4ad4e4 0.818s
2024-10-10 13:38:54.300 63716 INFO tempest.lib.common.rest_client [req-11bccfee-3d1c-42aa-aced-96c7c4610b9b req-11bccfee-3d1c-42aa-aced-96c7c4610b9b ] Request (ServerDiagnosticsV248Test:tearDownClass): 204 DELETE http://10.180.1.21/compute/v2.1/servers/ed637299-7e69-43d7-85f9-8fcbd6e90dec 0.749s
2024-10-10 13:38:54.321 63680 INFO tempest.lib.common.rest_client [req-8a0c4038-1d45-43c6-b1e3-b783f68f207d req-8a0c4038-1d45-43c6-b1e3-b783f68f207d ] Request (HypervisorAdminUnderV252Test:test_search_hypervisor): 200 GET http://10.180.1.21/compute/v2.1/os-hypervisors/domain-c8.fc996f14-c53b-4953-92e3-bdfa48f5cc28/search 0.630s
2024-10-10 13:38:54.372 63713 INFO tempest.lib.common.rest_client [req-3b251eea-673d-4e8e-9919-35ee8f4d85e4 req-3b251eea-673d-4e8e-9919-35ee8f4d85e4 ] Request (FloatingIPsAssociationTestJSON:setUpClass): 200 GET http://10.180.1.21/compute/v2.1/servers/b24d095a-6814-413b-bf89-511e22df740f 0.619s
2024-10-10 13:38:54.378 63614 INFO tempest.lib.common.rest_client [req-098ff961-df76-4318-9391-053ebfcef1b2 req-098ff961-df76-4318-9391-053ebfcef1b2 ] Request (SecurityGroupRulesNegativeTestJSON:tearDownClass): 202 DELETE http://10.180.1.21/compute/v2.1/os-security-groups/0567f6b3-7c12-4754-8a5f-47cdd0127ea7 0.807s
2024-10-10 13:38:54.440 63680 INFO tempest.lib.common.rest_client [req-480c0914-8f2e-46c3-b613-5fbdad46d3ab req-480c0914-8f2e-46c3-b613-5fbdad46d3ab ] Request (HypervisorAdminUnderV252Test:tearDownClass): 204 DELETE http://10.180.1.21/identity/v3/users/0fc826697dbd4ecc80384fbef3942901 0.116s
2024-10-10 13:38:54.521 63680 INFO tempest.lib.common.rest_client [req-60253f32-3c21-4a4c-aede-89936c3c635d req-60253f32-3c21-4a4c-aede-89936c3c635d ] Request (HypervisorAdminUnderV252Test:tearDownClass): 204 DELETE http://10.180.1.21/identity/v3/users/0471436aad68477588191f757891d81b 0.080s
2024-10-10 13:38:54.521 63680 INFO tempest.lib.common.dynamic_creds [-] Deleting project and security group for project: db969633463e4ec6a3fcd59d9dcf971f
2024-10-10 13:38:54.576 63680 INFO tempest.lib.common.rest_client [req-bca660f0-d9bd-4e1e-8cd9-cd399be0fa33 req-bca660f0-d9bd-4e1e-8cd9-cd399be0fa33 ] Request (HypervisorAdminUnderV252Test:tearDownClass): 201 POST http://10.180.1.21/identity/v3/auth/tokens 0.055s
2024-10-10 13:38:54.592 63684 INFO tempest.lib.common.rest_client [req-ecf3c300-ad4d-42b5-8680-5c80f2ddc687 req-ecf3c300-ad4d-42b5-8680-5c80f2ddc687 ] Request (TenantUsagesTestJSON:setUpClass): 200 GET http://10.180.1.21/compute/v2.1/servers/a0584abb-a226-4f53-b01f-faee7ffcbf48 0.768s
2024-10-10 13:38:54.594 63678 INFO tempest.lib.common.rest_client [req-6df1a22c-4580-4f60-9ad1-4ac3167e1107 req-6df1a22c-4580-4f60-9ad1-4ac3167e1107 ] Request (ServerMetadataTestJSON:setUpClass): 200 GET http://10.180.1.21/compute/v2.1/servers/b1b24de1-3d7f-40b7-9183-c4b1f35f8c94 0.650s
2024-10-10 13:38:54.604 63696 INFO tempest.lib.common.rest_client [req-b4aa9efb-6681-49b9-b227-82963543c42e req-b4aa9efb-6681-49b9-b227-82963543c42e ] Request (MigrationsAdminTest:test_resize_server_revert_deleted_flavor): 200 GET http://10.180.1.21/compute/v2.1/flavors/42 0.647s
2024-10-10 13:38:54.649 63688 INFO tempest.lib.common.rest_client [req-5eec2641-7e62-4f7b-bbf0-afc28f9e4f47 req-5eec2641-7e62-4f7b-bbf0-afc28f9e4f47 ] Request (ServerActionsTestJSON:setUpClass): 200 GET http://10.180.1.21/compute/v2.1/servers/8c78df16-faf1-4007-8492-bdc7cbfc608a 0.448s
2024-10-10 13:38:54.677 63706 INFO tempest.lib.common.rest_client [req-9e1264fd-74db-4248-aa26-868fc9065706 req-9e1264fd-74db-4248-aa26-868fc9065706 ] Request (ServersAaction247Test:tearDownClass): 200 GET http://10.180.1.21/compute/v2.1/servers/01deeb21-0e27-497f-9b85-c85949a3533d 0.685s
2024-10-10 13:38:54.698 63694 INFO tempest.lib.common.rest_client [req-6b09d11a-31e0-46ff-9eae-98a506fa6fc2 req-6b09d11a-31e0-46ff-9eae-98a506fa6fc2 ] Request (ServerMetadataNegativeTestJSON:setUpClass): 200 GET http://10.180.1.21/compute/v2.1/servers/0c55e7b9-cb53-4525-8524-4ef62a51a89f 0.467s
2024-10-10 13:38:54.762 63716 INFO tempest.lib.common.rest_client [req-104b3ffb-7177-4135-add2-7e0b8f544998 req-104b3ffb-7177-4135-add2-7e0b8f544998 ] Request (ServerDiagnosticsV248Test:tearDownClass): 200 GET http://10.180.1.21/compute/v2.1/servers/ed637299-7e69-43d7-85f9-8fcbd6e90dec 0.461s
2024-10-10 13:38:54.830 63702 INFO tempest.lib.common.rest_client [req-742e3417-e680-40dc-8d2d-3de7c6c80eb1 req-742e3417-e680-40dc-8d2d-3de7c6c80eb1 ] Request (ServerShowV257Test:test_rebuild_server): 200 GET http://10.180.1.21/compute/v2.1/servers/a8c7f192-4672-43cc-8c38-0c33ce633765 0.504s
2024-10-10 13:38:54.832 63680 INFO tempest.lib.common.rest_client [req-ee620adc-f5fd-49f6-a762-0cf4b2d1d221 req-ee620adc-f5fd-49f6-a762-0cf4b2d1d221 ] Request (HypervisorAdminUnderV252Test:tearDownClass): 200 GET http://10.180.1.21:9696/networking/v2.0/security-groups?tenant_id=db969633463e4ec6a3fcd59d9dcf971f&name=default 0.256s
2024-10-10 13:38:54.906 63624 INFO tempest.lib.common.rest_client [req-1d5da65e-4442-4901-8302-4cae2181a602 req-1d5da65e-4442-4901-8302-4cae2181a602 ] Request (ListImageFiltersTestJSON:setUpClass): 200 GET http://10.180.1.21/compute/v2.1/servers/76e02181-1ccd-43f9-9aaa-cf1918691705 0.540s
2024-10-10 13:38:54.965 63692 INFO tempest.lib.common.rest_client [req-39a91882-5d00-44b5-970f-7a8d150e1905 req-39a91882-5d00-44b5-970f-7a8d150e1905 ] Request (ServerDiagnosticsTest:test_get_server_diagnostics): 200 GET http://10.180.1.21/compute/v2.1/servers/58850986-3ebf-465f-b832-9b245742a34a 0.687s
2024-10-10 13:38:54.972 63690 INFO tempest.lib.common.rest_client [req-49718c90-d9a3-452c-87a6-ce2d6bd5e354 req-49718c90-d9a3-452c-87a6-ce2d6bd5e354 ] Request (ImagesOneServerTestJSON:setUpClass): 200 GET http://10.180.1.21/compute/v2.1/servers/5caab97d-833e-4356-af51-4a991d0e5b44 0.554s
2024-10-10 13:38:54.975 63692 INFO tempest.common.waiters [-] State transition "BUILD/networking" ==> "BUILD/spawning" after 42 second wait
2024-10-10 13:38:54.993 63696 INFO tempest.lib.common.rest_client [req-fe49e6ea-68af-422d-8ce6-f683293932ae req-fe49e6ea-68af-422d-8ce6-f683293932ae ] Request (MigrationsAdminTest:test_resize_server_revert_deleted_flavor): 200 POST http://10.180.1.21/compute/v2.1/flavors 0.384s
2024-10-10 13:38:55.021 63708 INFO tempest.lib.common.rest_client [req-1ac02db7-4268-4205-8dcb-e8a164b45577 req-1ac02db7-4268-4205-8dcb-e8a164b45577 ] Request (ServersTestBootFromVolume:setUpClass): 200 GET http://10.180.1.21/compute/v2.1/servers/601f72f4-05bc-4d73-9b57-612cad2d8c62 0.552s
2024-10-10 13:38:55.058 63714 INFO tempest.lib.common.rest_client [req-7ef15d00-f0f4-4e1d-bdf7-99eb70151e11 req-7ef15d00-f0f4-4e1d-bdf7-99eb70151e11 ] Request (VolumesAssistedSnapshotsTest:test_volume_assisted_snapshot_create_delete): 200 GET http://10.180.1.21/compute/v2.1/servers/f714b41e-b537-4feb-bd71-53b5db089485 0.444s
2024-10-10 13:38:55.090 63658 INFO tempest.lib.common.rest_client [req-af64ea4f-bdac-4a78-88fe-c65fc454057c req-af64ea4f-bdac-4a78-88fe-c65fc454057c ] Request (AttachInterfacesTestJSON:test_create_list_show_delete_interfaces_by_fixed_ip): 200 GET http://10.180.1.21/compute/v2.1/servers/6d47c52c-c1fb-4ade-a3ba-dc393716eb79 0.459s
2024-10-10 13:38:55.091 63680 INFO tempest.lib.common.rest_client [req-89d82769-7883-471e-895d-0c4d4e7fbbd8 req-89d82769-7883-471e-895d-0c4d4e7fbbd8 ] Request (HypervisorAdminUnderV252Test:tearDownClass): 204 DELETE http://10.180.1.21:9696/networking/v2.0/security-groups/a01ca977-6695-4c29-8155-cd06446800a3 0.258s
2024-10-10 13:38:55.115 63636 INFO tempest.lib.common.rest_client [req-4be4963d-1ddc-4ca0-bd62-7efe5ad36dca req-4be4963d-1ddc-4ca0-bd62-7efe5ad36dca ] Request (ServersAdminTestJSON:setUpClass): 200 GET http://10.180.1.21/compute/v2.1/servers/b56238f3-3507-49e0-8630-5f5a093c1101 0.445s
2024-10-10 13:38:55.170 63682 INFO tempest.lib.common.rest_client [req-2a4e1bb8-ba34-49ff-9b41-a8a0880190a6 req-2a4e1bb8-ba34-49ff-9b41-a8a0880190a6 ] Request (AttachInterfacesUnderV243Test:test_add_remove_fixed_ip): 200 GET http://10.180.1.21/compute/v2.1/servers/c590bbfe-1ab8-4e7a-a3aa-89e1f579d756 0.491s
2024-10-10 13:38:55.176 63642 INFO tempest.lib.common.rest_client [req-81be2350-df57-4f42-b5a9-a154685863b5 req-81be2350-df57-4f42-b5a9-a154685863b5 ] Request (DeleteServersTestJSON:test_delete_active_server): 200 GET http://10.180.1.21/compute/v2.1/servers/34cf7345-c244-44bd-aa1f-4788ae8f6da5 0.460s
2024-10-10 13:38:55.193 63680 INFO tempest.lib.common.rest_client [req-8e2a292d-320c-4a87-ab34-19b9b019bf60 req-8e2a292d-320c-4a87-ab34-19b9b019bf60 ] Request (HypervisorAdminUnderV252Test:tearDownClass): 204 DELETE http://10.180.1.21/identity/v3/projects/db969633463e4ec6a3fcd59d9dcf971f 0.101s
2024-10-10 13:38:55.193 63680 INFO tempest.lib.common.dynamic_creds [-] Deleting project and security group for project: 51dfa3f9176b4800aa01faf323982445
2024-10-10 13:38:55.261 63700 INFO tempest.lib.common.rest_client [req-f7f2ebb8-4c90-43db-8633-6774d2dc355d req-f7f2ebb8-4c90-43db-8633-6774d2dc355d ] Request (ServersTestMultiNic:test_verify_multiple_nics_order): 200 GET http://10.180.1.21/compute/v2.1/servers/2edbeef4-be3b-4a1d-8895-8410b71b6b18 0.489s
2024-10-10 13:38:55.266 63627 INFO tempest.lib.common.rest_client [req-50ed6d2a-f3e1-460d-b06c-c63fdaf56419 req-50ed6d2a-f3e1-460d-b06c-c63fdaf56419 ] Request (ServerShowV247Test:tearDownClass): 200 GET http://10.180.1.21/compute/v2.1/servers/f185a348-e91d-48d1-970b-473cc253cfdf 0.500s
2024-10-10 13:38:55.310 63680 INFO tempest.lib.common.rest_client [req-596c7410-6a22-46ed-ac09-b88e99aa7a19 req-596c7410-6a22-46ed-ac09-b88e99aa7a19 ] Request (HypervisorAdminUnderV252Test:tearDownClass): 200 GET http://10.180.1.21:9696/networking/v2.0/security-groups?tenant_id=51dfa3f9176b4800aa01faf323982445&name=default 0.117s
2024-10-10 13:38:55.316 63654 INFO tempest.lib.common.rest_client [req-169998d9-5712-4b20-b50b-363279d20930 req-169998d9-5712-4b20-b50b-363279d20930 ] Request (ServerDiagnosticsNegativeTest:test_get_server_diagnostics_by_non_admin): 200 GET http://10.180.1.21/compute/v2.1/servers/9b2d0dfa-6820-451f-b86d-590f89928278 0.497s
2024-10-10 13:38:55.331 63640 INFO tempest.lib.common.rest_client [req-3cf499af-c371-46b5-a4e7-684c71881057 req-3cf499af-c371-46b5-a4e7-684c71881057 ] Request (ServersAdmin275Test:tearDownClass): 200 GET http://10.180.1.21/compute/v2.1/servers/ba67658a-668e-4fca-aefe-e838f7b05e2a 0.440s
2024-10-10 13:38:55.341 63696 INFO tempest.lib.common.rest_client [req-7595a6e6-7e3b-4b57-93fc-5f16c3d3061b req-7595a6e6-7e3b-4b57-93fc-5f16c3d3061b ] Request (MigrationsAdminTest:test_resize_server_revert_deleted_flavor): 200 GET http://10.180.1.21/compute/v2.1/flavors/42/os-extra_specs 0.346s
2024-10-10 13:38:55.386 63686 INFO tempest.lib.common.rest_client [req-45b74dd8-2ed9-402c-b4bc-34cca5bf60c8 req-45b74dd8-2ed9-402c-b4bc-34cca5bf60c8 ] Request (ServersTestJSON:setUpClass): 200 GET http://10.180.1.21/compute/v2.1/servers/3905f544-be5d-4a2a-a9c6-c7421e41b2f9 0.443s
2024-10-10 13:38:55.392 63647 INFO tempest.lib.common.rest_client [req-04be218c-27fc-46a4-9930-42e8e661cf60 req-04be218c-27fc-46a4-9930-42e8e661cf60 ] Request (ServerAddressesTestJSON:setUpClass): 200 GET http://10.180.1.21/compute/v2.1/servers/f6d62d1b-0333-40ac-92e8-a798e58d495c 0.374s
2024-10-10 13:38:55.410 63680 INFO tempest.lib.common.rest_client [req-07ef3c03-d275-4e17-9f43-07d36b2d8c2f req-07ef3c03-d275-4e17-9f43-07d36b2d8c2f ] Request (HypervisorAdminUnderV252Test:tearDownClass): 204 DELETE http://10.180.1.21:9696/networking/v2.0/security-groups/2754580c-589c-4350-b44c-b74971efbde7 0.099s
2024-10-10 13:38:55.463 63704 INFO tempest.lib.common.rest_client [req-f4483367-5e8c-420c-a5c3-306f50e97e94 req-f4483367-5e8c-420c-a5c3-306f50e97e94 ] Request (AttachInterfacesV270Test:test_create_get_list_interfaces): 200 GET http://10.180.1.21/compute/v2.1/servers/59442c77-234c-48c2-872d-85ed9bd8cb80 0.332s
2024-10-10 13:38:55.464 63620 INFO tempest.lib.common.rest_client [req-6b986812-d156-4913-85cd-5a037e89defa req-6b986812-d156-4913-85cd-5a037e89defa ] Request (ServersWithSpecificFlavorTestJSON:test_verify_created_server_ephemeral_disk): 200 GET http://10.180.1.21/compute/v2.1/servers/67b5708b-8d02-4816-9455-ea3d9414998a 0.393s
2024-10-10 13:38:55.512 63680 INFO tempest.lib.common.rest_client [req-b8cadfc3-462c-4b64-888b-bcb708960af5 req-b8cadfc3-462c-4b64-888b-bcb708960af5 ] Request (HypervisorAdminUnderV252Test:tearDownClass): 204 DELETE http://10.180.1.21/identity/v3/projects/51dfa3f9176b4800aa01faf323982445 0.102s
2024-10-10 13:38:55.513 63680 INFO tempest.test [-] raised in TestMultiAttachVolumeSwap.setUpClass. Invoking tearDownClass.
2024-10-10 13:38:55.519 63710 INFO tempest.lib.common.rest_client [req-c878cf53-a69d-44d2-8ba2-c6735ea146af req-c878cf53-a69d-44d2-8ba2-c6735ea146af ] Request (InstanceActionsTestJSON:setUpClass): 200 GET http://10.180.1.21/compute/v2.1/servers/8e39c8ef-103a-45f4-8630-bfd51b38445d 0.337s
2024-10-10 13:38:55.542 63632 INFO tempest.lib.common.rest_client [req-475bc971-47b3-42b6-b7ff-dcb2e96035f7 req-475bc971-47b3-42b6-b7ff-dcb2e96035f7 ] Request (SecurityGroupsTestJSON:test_list_security_groups_by_server): 200 GET http://10.180.1.21/compute/v2.1/servers/69651fab-08a7-4832-8c91-2fa01d186860 0.304s
2024-10-10 13:38:55.559 63696 INFO tempest.lib.common.rest_client [req-86bbb759-0ee2-4a68-941a-e5d57ba81e86 req-86bbb759-0ee2-4a68-941a-e5d57ba81e86 ] Request (MigrationsAdminTest:test_resize_server_revert_deleted_flavor): 200 POST http://10.180.1.21/compute/v2.1/flavors/cda3d2c9-0715-4b2f-b5ab-c41252461767/os-extra_specs 0.216s
2024-10-10 13:38:55.568 63630 INFO tempest.lib.common.rest_client [req-3fd71bbf-696d-42dc-aebd-e202566c3354 req-3fd71bbf-696d-42dc-aebd-e202566c3354 ] Request (DeleteServersAdminTestJSON:test_delete_server_while_in_error_state): 200 GET http://10.180.1.21/compute/v2.1/servers/37bf3e05-e797-4437-a959-96a92d4ad4e4 0.314s
2024-10-10 13:38:55.583 63680 INFO tempest.lib.common.rest_client [req-c4c2c5e6-6c06-40f2-b7c1-08d2d4a6c46e req-c4c2c5e6-6c06-40f2-b7c1-08d2d4a6c46e ] Request (ServerActionsTestOtherA:setUpClass): 201 POST http://10.180.1.21/identity/v3/auth/tokens 0.065s
2024-10-10 13:38:55.610 63680 INFO tempest.lib.common.rest_client [req-f0f1982c-f66f-4968-b898-db18f7e72b19 req-f0f1982c-f66f-4968-b898-db18f7e72b19 ] Request (ServerActionsTestOtherA:setUpClass): 201 POST http://10.180.1.21/identity/v3/auth/tokens 0.024s
2024-10-10 13:38:55.625 63696 INFO tempest.lib.common.rest_client [req-9f1d8d5d-cc1f-4f7b-a05d-0dab50af3adc req-9f1d8d5d-cc1f-4f7b-a05d-0dab50af3adc ] Request (MigrationsAdminTest:test_resize_server_revert_deleted_flavor): 201 POST http://10.180.1.21/identity/v3/auth/tokens 0.062s
2024-10-10 13:38:55.625 63696 INFO tempest.lib.common.fixed_network [-] (MigrationsAdminTest:test_resize_server_revert_deleted_flavor) Found network None available for tenant
2024-10-10 13:38:55.626 63713 INFO tempest.lib.common.rest_client [req-1c69fa7a-5580-4102-99c2-049758839b7a req-1c69fa7a-5580-4102-99c2-049758839b7a ] Request (FloatingIPsAssociationTestJSON:setUpClass): 200 GET http://10.180.1.21/compute/v2.1/servers/b24d095a-6814-413b-bf89-511e22df740f 0.245s
2024-10-10 13:38:55.634 63680 INFO tempest.lib.common.rest_client [req-49d7cd4e-2123-4bfa-b1b3-bcf89db0b9dd req-49d7cd4e-2123-4bfa-b1b3-bcf89db0b9dd ] Request (ServerActionsTestOtherA:setUpClass): 200 GET http://10.180.1.21/identity/v3/domains?name=Default 0.024s
2024-10-10 13:38:55.659 63678 INFO tempest.lib.common.rest_client [req-35db85da-cf1d-41a0-8da9-9be14f04623a req-35db85da-cf1d-41a0-8da9-9be14f04623a ] Request (ServerMetadataTestJSON:setUpClass): 200 GET http://10.180.1.21/compute/v2.1/servers/b1b24de1-3d7f-40b7-9183-c4b1f35f8c94 0.057s
2024-10-10 13:38:55.661 63680 INFO tempest.lib.common.rest_client [req-dbe821e8-ecf3-4fe5-8c62-7b98c7f4b9da req-dbe821e8-ecf3-4fe5-8c62-7b98c7f4b9da ] Request (ServerActionsTestOtherA:setUpClass): 201 POST http://10.180.1.21/identity/v3/projects 0.027s
2024-10-10 13:38:55.685 63684 INFO tempest.lib.common.rest_client [req-2e5cf0a5-2d01-41fe-935f-cf2e224144c2 req-2e5cf0a5-2d01-41fe-935f-cf2e224144c2 ] Request (TenantUsagesTestJSON:setUpClass): 200 GET http://10.180.1.21/compute/v2.1/servers/a0584abb-a226-4f53-b01f-faee7ffcbf48 0.082s
2024-10-10 13:38:55.724 63680 INFO tempest.lib.common.rest_client [req-6d4b15b1-43d5-40f1-b9ab-cbc65920d166 req-6d4b15b1-43d5-40f1-b9ab-cbc65920d166 ] Request (ServerActionsTestOtherA:setUpClass): 201 POST http://10.180.1.21/identity/v3/users 0.062s
2024-10-10 13:38:55.743 63680 INFO tempest.lib.common.rest_client [req-7fe881d3-587f-4473-a9af-d91ff9b248af req-7fe881d3-587f-4473-a9af-d91ff9b248af ] Request (ServerActionsTestOtherA:setUpClass): 200 GET http://10.180.1.21/identity/v3/roles 0.019s
2024-10-10 13:38:55.747 63688 INFO tempest.lib.common.rest_client [req-001943bd-8818-4e27-8dcf-c40d8a060fe4 req-001943bd-8818-4e27-8dcf-c40d8a060fe4 ] Request (ServerActionsTestJSON:setUpClass): 200 GET http://10.180.1.21/compute/v2.1/servers/8c78df16-faf1-4007-8492-bdc7cbfc608a 0.090s
2024-10-10 13:38:55.758 63614 INFO tempest.lib.common.rest_client [req-d448b89c-3f65-4e43-888f-361717ed0cf5 req-d448b89c-3f65-4e43-888f-361717ed0cf5 ] Request (SecurityGroupRulesNegativeTestJSON:tearDownClass): 200 PUT http://10.180.1.21:9696/networking/v2.0/routers/26886c29-0c4c-4875-8162-b23acdc26c11/remove_router_interface 1.380s
2024-10-10 13:38:55.771 63680 INFO tempest.lib.common.rest_client [req-8ef679d8-91e3-4b1e-af7e-b4e4308f328f req-8ef679d8-91e3-4b1e-af7e-b4e4308f328f ] Request (ServerActionsTestOtherA:setUpClass): 204 PUT http://10.180.1.21/identity/v3/projects/a88949fc1a184a6eb326f3bcf1fc0d49/users/4ff7e8653f3f4fcab16db4b1154ee131/roles/1a7402887d6449639395939c5e073a9b 0.028s
2024-10-10 13:38:55.772 63680 INFO tempest.lib.common.dynamic_creds [-] Dynamic test user 4ff7e8653f3f4fcab16db4b1154ee131 is created with scope project and roles: ['member']
2024-10-10 13:38:55.772 63680 INFO tempest.lib.common.dynamic_creds [-] Acquired dynamic creds: credentials: Credentials: {'domain_id': 'default', 'domain_name': 'Default', 'username': 'tempest-ServerActionsTestOtherA-1179747971-project-member', 'project_domain_id': 'default', 'project_domain_name': 'Default', 'project_id': 'a88949fc1a184a6eb326f3bcf1fc0d49', 'project_name': 'tempest-ServerActionsTestOtherA-1179747971', 'tenant_id': 'a88949fc1a184a6eb326f3bcf1fc0d49', 'tenant_name': 'tempest-ServerActionsTestOtherA-1179747971', 'user_domain_id': 'default', 'user_domain_name': 'Default', 'user_id': '4ff7e8653f3f4fcab16db4b1154ee131', 'system': None}, Network: None, Subnet: None, Router: None
2024-10-10 13:38:55.811 63706 INFO tempest.lib.common.rest_client [req-10552676-cc00-413e-8697-0bc9f8f54e63 req-10552676-cc00-413e-8697-0bc9f8f54e63 ] Request (ServersAaction247Test:tearDownClass): 200 GET http://10.180.1.21/compute/v2.1/servers/01deeb21-0e27-497f-9b85-c85949a3533d 0.124s
2024-10-10 13:38:55.840 63680 INFO tempest.lib.common.rest_client [req-8a39a11f-57dc-4b9d-9203-117623779409 req-8a39a11f-57dc-4b9d-9203-117623779409 ] Request (ServerActionsTestOtherA:setUpClass): 201 POST http://10.180.1.21/identity/v3/auth/tokens 0.067s
2024-10-10 13:38:55.858 63694 INFO tempest.lib.common.rest_client [req-5b67144c-6cf0-47cc-8ad4-0eebc058ba4a req-5b67144c-6cf0-47cc-8ad4-0eebc058ba4a ] Request (ServerMetadataNegativeTestJSON:setUpClass): 200 GET http://10.180.1.21/compute/v2.1/servers/0c55e7b9-cb53-4525-8524-4ef62a51a89f 0.153s
2024-10-10 13:38:55.890 63696 INFO tempest.lib.common.rest_client [req-c1042311-b704-4805-9e10-cdd244933129 req-c1042311-b704-4805-9e10-cdd244933129 ] Request (MigrationsAdminTest:test_resize_server_revert_deleted_flavor): 202 POST http://10.180.1.21/compute/v2.1/servers 0.264s
2024-10-10 13:38:55.912 63716 INFO tempest.lib.common.rest_client [req-ad8d37be-fdd0-4a71-b87e-019736b597aa req-ad8d37be-fdd0-4a71-b87e-019736b597aa ] Request (ServerDiagnosticsV248Test:tearDownClass): 200 GET http://10.180.1.21/compute/v2.1/servers/ed637299-7e69-43d7-85f9-8fcbd6e90dec 0.139s
2024-10-10 13:38:55.956 63702 INFO tempest.lib.common.rest_client [req-7b60ffda-1eb6-49c4-bbbf-435c94aa7d99 req-7b60ffda-1eb6-49c4-bbbf-435c94aa7d99 ] Request (ServerShowV257Test:test_rebuild_server): 200 GET http://10.180.1.21/compute/v2.1/servers/a8c7f192-4672-43cc-8c38-0c33ce633765 0.117s
2024-10-10 13:38:55.956 63696 INFO tempest.lib.common.rest_client [req-4320e362-ed70-43fe-b4f2-3390dbf472dc req-4320e362-ed70-43fe-b4f2-3390dbf472dc ] Request (MigrationsAdminTest:test_resize_server_revert_deleted_flavor): 200 GET http://10.180.1.21/compute/v2.1/servers/6a80e0c1-2088-4de3-9032-d05ff48c3fcb 0.064s
2024-10-10 13:38:55.969 63702 INFO tempest.common.waiters [-] State transition "REBUILD/rebuild_spawning" ==> "ACTIVE/None" after 8 second wait
2024-10-10 13:38:56.010 63624 INFO tempest.lib.common.rest_client [req-98998d20-a3e9-44cb-999b-6a157da711fa req-98998d20-a3e9-44cb-999b-6a157da711fa ] Request (ListImageFiltersTestJSON:setUpClass): 200 GET http://10.180.1.21/compute/v2.1/servers/76e02181-1ccd-43f9-9aaa-cf1918691705 0.097s
2024-10-10 13:38:56.051 63692 INFO tempest.lib.common.rest_client [req-8173cd43-009b-4acd-b6e3-8632aa9a3b6e req-8173cd43-009b-4acd-b6e3-8632aa9a3b6e ] Request (ServerDiagnosticsTest:test_get_server_diagnostics): 200 GET http://10.180.1.21/compute/v2.1/servers/58850986-3ebf-465f-b832-9b245742a34a 0.076s
2024-10-10 13:38:56.094 63702 INFO tempest.lib.common.rest_client [req-fea0d713-b74c-4157-80b3-65f14867f491 req-fea0d713-b74c-4157-80b3-65f14867f491 ] Request (ServerShowV257Test:tearDownClass): 204 DELETE http://10.180.1.21/compute/v2.1/servers/a8c7f192-4672-43cc-8c38-0c33ce633765 0.119s
2024-10-10 13:38:56.106 63690 INFO tempest.lib.common.rest_client [req-00474197-4544-4d6f-ba01-22d2c599c31f req-00474197-4544-4d6f-ba01-22d2c599c31f ] Request (ImagesOneServerTestJSON:setUpClass): 200 GET http://10.180.1.21/compute/v2.1/servers/5caab97d-833e-4356-af51-4a991d0e5b44 0.127s
2024-10-10 13:38:56.170 63714 INFO tempest.lib.common.rest_client [req-6acdd8a0-145c-4a2b-b8ba-eaa3066eef89 req-6acdd8a0-145c-4a2b-b8ba-eaa3066eef89 ] Request (VolumesAssistedSnapshotsTest:test_volume_assisted_snapshot_create_delete): 200 GET http://10.180.1.21/compute/v2.1/servers/f714b41e-b537-4feb-bd71-53b5db089485 0.101s
2024-10-10 13:38:56.172 63708 INFO tempest.lib.common.rest_client [req-48d70d09-d320-4e2d-a4f4-fc36913858c0 req-48d70d09-d320-4e2d-a4f4-fc36913858c0 ] Request (ServersTestBootFromVolume:setUpClass): 200 GET http://10.180.1.21/compute/v2.1/servers/601f72f4-05bc-4d73-9b57-612cad2d8c62 0.143s
2024-10-10 13:38:56.205 63680 INFO tempest.lib.common.rest_client [req-9b85db61-beb1-487e-885f-ec3f1bbc92fe req-9b85db61-beb1-487e-885f-ec3f1bbc92fe ] Request (ServerActionsTestOtherA:setUpClass): 201 POST http://10.180.1.21:9696/networking/v2.0/networks 0.365s
2024-10-10 13:38:56.228 63614 INFO tempest.lib.common.rest_client [req-65c70f87-0034-46d1-94d5-9c06fd7f61bc req-65c70f87-0034-46d1-94d5-9c06fd7f61bc ] Request (SecurityGroupRulesNegativeTestJSON:tearDownClass): 204 DELETE http://10.180.1.21:9696/networking/v2.0/routers/26886c29-0c4c-4875-8162-b23acdc26c11 0.470s
2024-10-10 13:38:56.240 63658 INFO tempest.lib.common.rest_client [req-dfe4ab58-705c-4199-b1a4-c007fadf95ee req-dfe4ab58-705c-4199-b1a4-c007fadf95ee ] Request (AttachInterfacesTestJSON:test_create_list_show_delete_interfaces_by_fixed_ip): 200 GET http://10.180.1.21/compute/v2.1/servers/6d47c52c-c1fb-4ade-a3ba-dc393716eb79 0.139s
2024-10-10 13:38:56.248 63702 INFO tempest.lib.common.rest_client [req-84311a1d-2e91-4650-804b-ba1470be8dab req-84311a1d-2e91-4650-804b-ba1470be8dab ] Request (ServerShowV257Test:tearDownClass): 200 GET http://10.180.1.21/compute/v2.1/servers/a8c7f192-4672-43cc-8c38-0c33ce633765 0.153s
2024-10-10 13:38:56.311 63682 INFO tempest.lib.common.rest_client [req-1f3250af-c84c-4e6b-bfac-03e6c7e17182 req-1f3250af-c84c-4e6b-bfac-03e6c7e17182 ] Request (AttachInterfacesUnderV243Test:test_add_remove_fixed_ip): 200 GET http://10.180.1.21/compute/v2.1/servers/c590bbfe-1ab8-4e7a-a3aa-89e1f579d756 0.133s
2024-10-10 13:38:56.311 63636 INFO tempest.lib.common.rest_client [req-2240793b-f9d4-4469-b6f7-8207d5ef3b0e req-2240793b-f9d4-4469-b6f7-8207d5ef3b0e ] Request (ServersAdminTestJSON:setUpClass): 200 GET http://10.180.1.21/compute/v2.1/servers/b56238f3-3507-49e0-8630-5f5a093c1101 0.180s
2024-10-10 13:38:56.372 63614 INFO tempest.lib.common.rest_client [req-97d66a46-eb5f-4b7f-8cfb-6c28899ce734 req-97d66a46-eb5f-4b7f-8cfb-6c28899ce734 ] Request (SecurityGroupRulesNegativeTestJSON:tearDownClass): 204 DELETE http://10.180.1.21:9696/networking/v2.0/subnets/d4f1f690-89e1-4c1a-b755-1a812a79bd65 0.144s
2024-10-10 13:38:56.380 63700 INFO tempest.lib.common.rest_client [req-2e86642f-3471-4667-b587-c19331debba6 req-2e86642f-3471-4667-b587-c19331debba6 ] Request (ServersTestMultiNic:test_verify_multiple_nics_order): 200 GET http://10.180.1.21/compute/v2.1/servers/2edbeef4-be3b-4a1d-8895-8410b71b6b18 0.109s
2024-10-10 13:38:56.388 63642 INFO tempest.lib.common.rest_client [req-82b061e8-4667-4550-8d2b-58fb058ee787 req-82b061e8-4667-4550-8d2b-58fb058ee787 ] Request (DeleteServersTestJSON:test_delete_active_server): 200 GET http://10.180.1.21/compute/v2.1/servers/34cf7345-c244-44bd-aa1f-4788ae8f6da5 0.205s
2024-10-10 13:38:56.406 63627 INFO tempest.lib.common.rest_client [req-a8d826ef-7b4f-4a1f-b116-7398354e6585 req-a8d826ef-7b4f-4a1f-b116-7398354e6585 ] Request (ServerShowV247Test:tearDownClass): 404 GET http://10.180.1.21/compute/v2.1/servers/f185a348-e91d-48d1-970b-473cc253cfdf 0.131s
2024-10-10 13:38:56.430 63654 INFO tempest.lib.common.rest_client [req-3e10bdf4-818c-4e8a-8923-8f28cdb797e1 req-3e10bdf4-818c-4e8a-8923-8f28cdb797e1 ] Request (ServerDiagnosticsNegativeTest:test_get_server_diagnostics_by_non_admin): 200 GET http://10.180.1.21/compute/v2.1/servers/9b2d0dfa-6820-451f-b86d-590f89928278 0.099s
2024-10-10 13:38:56.486 63640 INFO tempest.lib.common.rest_client [req-94d1646d-9702-44b8-833f-513da760da21 req-94d1646d-9702-44b8-833f-513da760da21 ] Request (ServersAdmin275Test:tearDownClass): 200 GET http://10.180.1.21/compute/v2.1/servers/ba67658a-668e-4fca-aefe-e838f7b05e2a 0.143s
2024-10-10 13:38:56.491 63680 INFO tempest.lib.common.rest_client [req-acfb05b8-60fe-4a4b-a5bc-48d997174e09 req-acfb05b8-60fe-4a4b-a5bc-48d997174e09 ] Request (ServerActionsTestOtherA:setUpClass): 201 POST http://10.180.1.21:9696/networking/v2.0/subnets 0.286s
2024-10-10 13:38:56.498 63686 INFO tempest.lib.common.rest_client [req-8874a4e0-0454-4a4c-991a-23597cacedae req-8874a4e0-0454-4a4c-991a-23597cacedae ] Request (ServersTestJSON:setUpClass): 200 GET http://10.180.1.21/compute/v2.1/servers/3905f544-be5d-4a2a-a9c6-c7421e41b2f9 0.103s
2024-10-10 13:38:56.543 63647 INFO tempest.lib.common.rest_client [req-1dd7e1fe-49c0-4892-99c1-eca31ae08821 req-1dd7e1fe-49c0-4892-99c1-eca31ae08821 ] Request (ServerAddressesTestJSON:setUpClass): 200 GET http://10.180.1.21/compute/v2.1/servers/f6d62d1b-0333-40ac-92e8-a798e58d495c 0.141s
2024-10-10 13:38:56.570 63627 INFO tempest.lib.common.rest_client [req-ae977f86-cade-42ff-a679-f320d3fad315 req-ae977f86-cade-42ff-a679-f320d3fad315 ] Request (ServerShowV247Test:tearDownClass): 204 DELETE http://10.180.1.21/compute/v2.1/servers/7e43d259-f361-43d8-8f03-72b303680478 0.163s
2024-10-10 13:38:56.615 63620 INFO tempest.lib.common.rest_client [req-57786911-c8b8-42cb-9092-958fdfd29b86 req-57786911-c8b8-42cb-9092-958fdfd29b86 ] Request (ServersWithSpecificFlavorTestJSON:test_verify_created_server_ephemeral_disk): 200 GET http://10.180.1.21/compute/v2.1/servers/67b5708b-8d02-4816-9455-ea3d9414998a 0.142s
2024-10-10 13:38:56.639 63704 INFO tempest.lib.common.rest_client [req-5b549a0b-ffb5-4598-97b0-a1fd4999f203 req-5b549a0b-ffb5-4598-97b0-a1fd4999f203 ] Request (AttachInterfacesV270Test:test_create_get_list_interfaces): 200 GET http://10.180.1.21/compute/v2.1/servers/59442c77-234c-48c2-872d-85ed9bd8cb80 0.164s
2024-10-10 13:38:56.642 63614 INFO tempest.lib.common.rest_client [req-7a7efea8-8e10-4066-b506-c6bee31c370c req-7a7efea8-8e10-4066-b506-c6bee31c370c ] Request (SecurityGroupRulesNegativeTestJSON:tearDownClass): 204 DELETE http://10.180.1.21:9696/networking/v2.0/networks/66a0d462-80a5-4f43-ac36-bfd3d6db977a 0.269s
2024-10-10 13:38:56.671 63710 INFO tempest.lib.common.rest_client [req-f768603e-fbd8-4195-97bd-8c68ae9644c0 req-f768603e-fbd8-4195-97bd-8c68ae9644c0 ] Request (InstanceActionsTestJSON:setUpClass): 200 GET http://10.180.1.21/compute/v2.1/servers/8e39c8ef-103a-45f4-8630-bfd51b38445d 0.144s
2024-10-10 13:38:56.696 63632 INFO tempest.lib.common.rest_client [req-f9732225-05b5-4998-a103-f1bb18abe942 req-f9732225-05b5-4998-a103-f1bb18abe942 ] Request (SecurityGroupsTestJSON:test_list_security_groups_by_server): 200 GET http://10.180.1.21/compute/v2.1/servers/69651fab-08a7-4832-8c91-2fa01d186860 0.145s
2024-10-10 13:38:56.721 63614 INFO tempest.lib.common.rest_client [req-34bbd979-5984-4a23-be4d-ffedd952f466 req-34bbd979-5984-4a23-be4d-ffedd952f466 ] Request (SecurityGroupRulesNegativeTestJSON:tearDownClass): 204 DELETE http://10.180.1.21/identity/v3/users/91e0becee94345838f66dcf90a57e70d 0.078s
2024-10-10 13:38:56.721 63614 INFO tempest.lib.common.dynamic_creds [-] Deleting project and security group for project: c51321e588a44122b7a7510a8bfafb57
2024-10-10 13:38:56.752 63627 INFO tempest.lib.common.rest_client [req-15a54825-c855-400d-9621-dbb681781489 req-15a54825-c855-400d-9621-dbb681781489 ] Request (ServerShowV247Test:tearDownClass): 200 GET http://10.180.1.21/compute/v2.1/servers/7e43d259-f361-43d8-8f03-72b303680478 0.182s
2024-10-10 13:38:56.766 63630 INFO tempest.lib.common.rest_client [req-c0333582-205c-40c6-9547-8b40638d4eac req-c0333582-205c-40c6-9547-8b40638d4eac ] Request (DeleteServersAdminTestJSON:test_delete_server_while_in_error_state): 200 GET http://10.180.1.21/compute/v2.1/servers/37bf3e05-e797-4437-a959-96a92d4ad4e4 0.186s
2024-10-10 13:38:56.768 63614 INFO tempest.lib.common.rest_client [req-e44e1c03-c1a8-4226-8d28-b459d8d67067 req-e44e1c03-c1a8-4226-8d28-b459d8d67067 ] Request (SecurityGroupRulesNegativeTestJSON:tearDownClass): 200 GET http://10.180.1.21:9696/networking/v2.0/security-groups?tenant_id=c51321e588a44122b7a7510a8bfafb57&name=default 0.047s
2024-10-10 13:38:56.822 63713 INFO tempest.lib.common.rest_client [req-fc49f72c-007b-4deb-b74d-02161a1eb481 req-fc49f72c-007b-4deb-b74d-02161a1eb481 ] Request (FloatingIPsAssociationTestJSON:setUpClass): 200 GET http://10.180.1.21/compute/v2.1/servers/b24d095a-6814-413b-bf89-511e22df740f 0.188s
2024-10-10 13:38:56.824 63678 INFO tempest.lib.common.rest_client [req-74131818-ccd0-471f-a4ad-fedf648d091a req-74131818-ccd0-471f-a4ad-fedf648d091a ] Request (ServerMetadataTestJSON:setUpClass): 200 GET http://10.180.1.21/compute/v2.1/servers/b1b24de1-3d7f-40b7-9183-c4b1f35f8c94 0.157s
2024-10-10 13:38:56.884 63684 INFO tempest.lib.common.rest_client [req-031be269-b361-4d1e-926e-fcd76e41bc33 req-031be269-b361-4d1e-926e-fcd76e41bc33 ] Request (TenantUsagesTestJSON:setUpClass): 200 GET http://10.180.1.21/compute/v2.1/servers/a0584abb-a226-4f53-b01f-faee7ffcbf48 0.190s
2024-10-10 13:38:56.885 63688 INFO tempest.lib.common.rest_client [req-b89c594c-c201-4940-ae71-8425eb6997d7 req-b89c594c-c201-4940-ae71-8425eb6997d7 ] Request (ServerActionsTestJSON:setUpClass): 200 GET http://10.180.1.21/compute/v2.1/servers/8c78df16-faf1-4007-8492-bdc7cbfc608a 0.127s
2024-10-10 13:38:56.904 63614 INFO tempest.lib.common.rest_client [req-e0976ed1-1c5e-4110-b6e0-dc3549886b98 req-e0976ed1-1c5e-4110-b6e0-dc3549886b98 ] Request (SecurityGroupRulesNegativeTestJSON:tearDownClass): 204 DELETE http://10.180.1.21:9696/networking/v2.0/security-groups/03b6d633-6257-457b-b6bb-4313db5753f2 0.136s
2024-10-10 13:38:56.956 63706 INFO tempest.lib.common.rest_client [req-05b8ac6b-50e7-4f2f-8cd9-8b37b8c2d78a req-05b8ac6b-50e7-4f2f-8cd9-8b37b8c2d78a ] Request (ServersAaction247Test:tearDownClass): 200 GET http://10.180.1.21/compute/v2.1/servers/01deeb21-0e27-497f-9b85-c85949a3533d 0.132s
2024-10-10 13:38:56.960 63694 INFO tempest.lib.common.rest_client [req-757fc115-c146-48da-bebe-4908a237b2e9 req-757fc115-c146-48da-bebe-4908a237b2e9 ] Request (ServerMetadataNegativeTestJSON:setUpClass): 200 GET http://10.180.1.21/compute/v2.1/servers/0c55e7b9-cb53-4525-8524-4ef62a51a89f 0.092s
2024-10-10 13:38:56.992 63614 INFO tempest.lib.common.rest_client [req-346b0a4f-9181-4d45-b205-4a1879a94aa6 req-346b0a4f-9181-4d45-b205-4a1879a94aa6 ] Request (SecurityGroupRulesNegativeTestJSON:tearDownClass): 204 DELETE http://10.180.1.21/identity/v3/projects/c51321e588a44122b7a7510a8bfafb57 0.087s
2024-10-10 13:38:57.019 63716 INFO tempest.lib.common.rest_client [req-5210bb33-4ea8-4c7f-ba22-3d2ed9da8f71 req-5210bb33-4ea8-4c7f-ba22-3d2ed9da8f71 ] Request (ServerDiagnosticsV248Test:tearDownClass): 200 GET http://10.180.1.21/compute/v2.1/servers/ed637299-7e69-43d7-85f9-8fcbd6e90dec 0.096s
2024-10-10 13:38:57.024 63696 INFO tempest.lib.common.rest_client [req-9d585e35-823d-4b9e-9c51-c6684b661b63 req-9d585e35-823d-4b9e-9c51-c6684b661b63 ] Request (MigrationsAdminTest:test_resize_server_revert_deleted_flavor): 200 GET http://10.180.1.21/compute/v2.1/servers/6a80e0c1-2088-4de3-9032-d05ff48c3fcb 0.056s
2024-10-10 13:38:57.056 63614 INFO tempest.lib.common.rest_client [req-17cd3145-4dce-45e1-861d-4ef3c5692563 req-17cd3145-4dce-45e1-861d-4ef3c5692563 ] Request (ServerShowV254Test:setUpClass): 201 POST http://10.180.1.21/identity/v3/auth/tokens 0.062s
2024-10-10 13:38:57.077 63624 INFO tempest.lib.common.rest_client [req-02ef3f0e-6653-4242-afd1-2e6f93893b8c req-02ef3f0e-6653-4242-afd1-2e6f93893b8c ] Request (ListImageFiltersTestJSON:setUpClass): 200 GET http://10.180.1.21/compute/v2.1/servers/76e02181-1ccd-43f9-9aaa-cf1918691705 0.059s
2024-10-10 13:38:57.092 63614 INFO tempest.lib.common.rest_client [req-1adf1ea9-107a-4e46-ae1a-955ff8304a52 req-1adf1ea9-107a-4e46-ae1a-955ff8304a52 ] Request (ServerShowV254Test:setUpClass): 201 POST http://10.180.1.21/identity/v3/auth/tokens 0.034s
2024-10-10 13:38:57.113 63614 INFO tempest.lib.common.rest_client [req-7518a603-4c38-4a39-be25-4e0142be70cc req-7518a603-4c38-4a39-be25-4e0142be70cc ] Request (ServerShowV254Test:setUpClass): 200 GET http://10.180.1.21/identity/v3/domains?name=Default 0.020s
2024-10-10 13:38:57.121 63692 INFO tempest.lib.common.rest_client [req-77602362-4d43-419f-9eff-51d7b93c72a7 req-77602362-4d43-419f-9eff-51d7b93c72a7 ] Request (ServerDiagnosticsTest:test_get_server_diagnostics): 200 GET http://10.180.1.21/compute/v2.1/servers/58850986-3ebf-465f-b832-9b245742a34a 0.060s
2024-10-10 13:38:57.145 63614 INFO tempest.lib.common.rest_client [req-f13fe12e-553b-40e9-ab41-3c5384bca56d req-f13fe12e-553b-40e9-ab41-3c5384bca56d ] Request (ServerShowV254Test:setUpClass): 201 POST http://10.180.1.21/identity/v3/projects 0.031s
2024-10-10 13:38:57.179 63690 INFO tempest.lib.common.rest_client [req-f9d83cff-8195-465d-b0ed-c9d8cfa39a2c req-f9d83cff-8195-465d-b0ed-c9d8cfa39a2c ] Request (ImagesOneServerTestJSON:setUpClass): 200 GET http://10.180.1.21/compute/v2.1/servers/5caab97d-833e-4356-af51-4a991d0e5b44 0.064s
2024-10-10 13:38:57.226 63614 INFO tempest.lib.common.rest_client [req-ed5b6f1a-d6b6-44f1-87bc-c0b18603b6f0 req-ed5b6f1a-d6b6-44f1-87bc-c0b18603b6f0 ] Request (ServerShowV254Test:setUpClass): 201 POST http://10.180.1.21/identity/v3/users 0.080s
2024-10-10 13:38:57.245 63614 INFO tempest.lib.common.rest_client [req-0e4148e9-292a-4a7d-9d02-73fabec1b405 req-0e4148e9-292a-4a7d-9d02-73fabec1b405 ] Request (ServerShowV254Test:setUpClass): 200 GET http://10.180.1.21/identity/v3/roles 0.019s
2024-10-10 13:38:57.250 63714 INFO tempest.lib.common.rest_client [req-ce4f2214-32d2-46f2-8ed0-7ef2a54816d8 req-ce4f2214-32d2-46f2-8ed0-7ef2a54816d8 ] Request (VolumesAssistedSnapshotsTest:test_volume_assisted_snapshot_create_delete): 200 GET http://10.180.1.21/compute/v2.1/servers/f714b41e-b537-4feb-bd71-53b5db089485 0.070s
2024-10-10 13:38:57.250 63708 INFO tempest.lib.common.rest_client [req-6bfdc15d-099a-4a1c-aaa6-fb57c0cca352 req-6bfdc15d-099a-4a1c-aaa6-fb57c0cca352 ] Request (ServersTestBootFromVolume:setUpClass): 200 GET http://10.180.1.21/compute/v2.1/servers/601f72f4-05bc-4d73-9b57-612cad2d8c62 0.070s
2024-10-10 13:38:57.279 63614 INFO tempest.lib.common.rest_client [req-34fc78d8-88aa-42e8-868e-50bb92134c8c req-34fc78d8-88aa-42e8-868e-50bb92134c8c ] Request (ServerShowV254Test:setUpClass): 204 PUT http://10.180.1.21/identity/v3/projects/0a344237d3e243909f72f13d61235b33/users/2af45ce20fa94ebb8a3ad84ad41f5af7/roles/1a7402887d6449639395939c5e073a9b 0.033s
2024-10-10 13:38:57.279 63614 INFO tempest.lib.common.dynamic_creds [-] Dynamic test user 2af45ce20fa94ebb8a3ad84ad41f5af7 is created with scope project and roles: ['member']
2024-10-10 13:38:57.279 63614 INFO tempest.lib.common.dynamic_creds [-] Acquired dynamic creds: credentials: Credentials: {'domain_id': 'default', 'domain_name': 'Default', 'username': 'tempest-ServerShowV254Test-231049312-project-member', 'project_domain_id': 'default', 'project_domain_name': 'Default', 'project_id': '0a344237d3e243909f72f13d61235b33', 'project_name': 'tempest-ServerShowV254Test-231049312', 'tenant_id': '0a344237d3e243909f72f13d61235b33', 'tenant_name': 'tempest-ServerShowV254Test-231049312', 'user_domain_id': 'default', 'user_domain_name': 'Default', 'user_id': '2af45ce20fa94ebb8a3ad84ad41f5af7', 'system': None}, Network: None, Subnet: None, Router: None
2024-10-10 13:38:57.279 63614 INFO tempest.lib.common.dynamic_creds [-] Created isolated network resources for: credentials: Credentials: {'domain_id': 'default', 'domain_name': 'Default', 'username': 'tempest-ServerShowV254Test-231049312-project-member', 'project_domain_id': 'default', 'project_domain_name': 'Default', 'project_id': '0a344237d3e243909f72f13d61235b33', 'project_name': 'tempest-ServerShowV254Test-231049312', 'tenant_id': '0a344237d3e243909f72f13d61235b33', 'tenant_name': 'tempest-ServerShowV254Test-231049312', 'user_domain_id': 'default', 'user_domain_name': 'Default', 'user_id': '2af45ce20fa94ebb8a3ad84ad41f5af7', 'system': None}, Network: None, Subnet: None, Router: None
