2024-10-10 13:39:58.054 63654 INFO tempest.lib.common.rest_client [req-7ce512ef-4962-4aa8-9733-7641f1891862 req-7ce512ef-4962-4aa8-9733-7641f1891862 ] Request (ImagesTestJSON:setUpClass): 201 POST http://10.180.1.21:9696/networking/v2.0/subnets 0.257s
2024-10-10 13:39:58.103 63704 INFO tempest.lib.common.rest_client [req-09d301be-c13d-4c1a-bcde-e1568d7842b5 req-09d301be-c13d-4c1a-bcde-e1568d7842b5 ] Request (AttachInterfacesV270Test:test_create_get_list_interfaces): 200 GET http://10.180.1.21/compute/v2.1/servers/59442c77-234c-48c2-872d-85ed9bd8cb80 0.227s
2024-10-10 13:39:58.164 63642 INFO tempest.lib.common.rest_client [req-ffac94a6-9f43-4747-8860-b536f22ef74b req-ffac94a6-9f43-4747-8860-b536f22ef74b ] Request (DeleteServersTestJSON:test_delete_server_while_in_attached_volume): 200 GET http://10.180.1.21/compute/v2.1/servers/c4cb1770-b3c7-4f6b-ba11-85310f2175a0 0.286s
2024-10-10 13:39:58.224 63713 INFO tempest.lib.common.rest_client [req-a2a86ff7-bb33-4dc0-b2cc-ffd7d131a6b4 req-a2a86ff7-bb33-4dc0-b2cc-ffd7d131a6b4 ] Request (FloatingIPsAssociationTestJSON:setUpClass): 200 GET http://10.180.1.21/compute/v2.1/servers/b24d095a-6814-413b-bf89-511e22df740f 0.288s
2024-10-10 13:39:58.299 63690 INFO tempest.lib.common.rest_client [req-11e01769-962b-4606-9b8b-626ec6c84824 req-11e01769-962b-4606-9b8b-626ec6c84824 ] Request (ListServersNegativeTestJSON:setUpClass): 200 GET http://10.180.1.21/compute/v2.1/servers/f632d71d-498f-4914-9895-8f37187a295f 0.362s
2024-10-10 13:39:58.361 63620 INFO tempest.lib.common.rest_client [req-1c6b5a5b-5e5a-41f7-bf37-af0c65771e87 req-1c6b5a5b-5e5a-41f7-bf37-af0c65771e87 ] Request (VolumesAdminNegativeTest:test_update_attached_volume_with_nonexistent_volume_in_body): 200 GET http://10.180.1.21/compute/v2.1/servers/3e7b9a60-9e4b-46e3-adf9-7337dc7d2171 0.356s
2024-10-10 13:39:58.424 63686 INFO tempest.lib.common.rest_client [req-e7a8fb33-7e4a-458d-9e70-b43600d4820f req-e7a8fb33-7e4a-458d-9e70-b43600d4820f ] Request (InstanceActionsNegativeTestJSON:setUpClass): 200 GET http://10.180.1.21/compute/v2.1/servers/702be472-a4bc-4089-94de-4355ee00684a 0.417s
2024-10-10 13:39:58.488 63692 INFO tempest.lib.common.rest_client [req-429d1b5c-d60d-4526-b0ad-fcfe4e6a369b req-429d1b5c-d60d-4526-b0ad-fcfe4e6a369b ] Request (ListServerFiltersTestJSON:setUpClass): 200 GET http://10.180.1.21/compute/v2.1/servers/c0fd1999-346d-4c12-9b8c-ab7e21ec4227 0.436s
2024-10-10 13:39:58.549 63627 INFO tempest.lib.common.rest_client [req-ca4992a7-b693-4df3-8787-596649bf18f5 req-ca4992a7-b693-4df3-8787-596649bf18f5 ] Request (AttachVolumeShelveTestJSON:test_attach_volume_shelved_or_offload_server): 200 GET http://10.180.1.21/compute/v2.1/servers/d76a008c-9bd9-420b-873d-4f7d7f25b8ca 0.485s
2024-10-10 13:39:58.603 63678 INFO tempest.lib.common.rest_client [req-d1f53cf2-7098-45fb-a869-6559e1391a96 req-d1f53cf2-7098-45fb-a869-6559e1391a96 ] Request (ServerRescueTestJSONUnderV235:setUpClass): 200 GET http://10.180.1.21/compute/v2.1/servers/e3dd6d5e-2b80-4724-9826-6ebfb8181c3b 0.513s
2024-10-10 13:39:58.620 63630 INFO tempest.lib.common.rest_client [req-25816ba0-8296-4016-b255-2d8c0eb0c88f req-25816ba0-8296-4016-b255-2d8c0eb0c88f ] Request (InstanceActionsV221TestJSON:test_get_list_deleted_instance_actions): 202 POST http://10.180.1.21/compute/v2.1/servers 0.762s
2024-10-10 13:39:58.669 63688 INFO tempest.lib.common.rest_client [req-11e9eda9-7768-45c6-97d4-25b7c558ca74 req-11e9eda9-7768-45c6-97d4-25b7c558ca74 ] Request (ServerActionsTestJSON:setUpClass): 200 GET http://10.180.1.21/compute/v2.1/servers/8c78df16-faf1-4007-8492-bdc7cbfc608a 0.556s
2024-10-10 13:39:58.689 63614 INFO tempest.lib.common.rest_client [req-7fb05145-fb5b-4afd-a04d-6f936ebc68cd req-7fb05145-fb5b-4afd-a04d-6f936ebc68cd ] Request (ServerShowV254Test:test_rebuild_server): 200 GET http://10.180.1.21/compute/v2.1/servers/99d00df2-6bf3-4ffe-b77d-f44ada631c8b 0.518s
2024-10-10 13:39:58.740 63694 INFO tempest.lib.common.rest_client [req-177b832a-4ad2-4e59-86c3-8468a6dd9984 req-177b832a-4ad2-4e59-86c3-8468a6dd9984 ] Request (ServerMetadataNegativeTestJSON:setUpClass): 200 GET http://10.180.1.21/compute/v2.1/servers/0c55e7b9-cb53-4525-8524-4ef62a51a89f 0.522s
2024-10-10 13:39:58.746 63708 INFO tempest.lib.common.rest_client [req-04c86695-e071-4d50-82b0-5217a571d7cd req-04c86695-e071-4d50-82b0-5217a571d7cd ] Request (ServersTestBootFromVolume:setUpClass): 200 GET http://10.180.1.21/compute/v2.1/servers/601f72f4-05bc-4d73-9b57-612cad2d8c62 0.398s
2024-10-10 13:39:58.817 63696 INFO tempest.lib.common.rest_client [req-ae24c926-3ee9-49b0-8529-d4ce9e6059b0 req-ae24c926-3ee9-49b0-8529-d4ce9e6059b0 ] Request (MigrationsAdminTest:test_resize_server_revert_deleted_flavor): 200 GET http://10.180.1.21/compute/v2.1/servers/6a80e0c1-2088-4de3-9032-d05ff48c3fcb 0.407s
2024-10-10 13:39:58.820 63658 INFO tempest.lib.common.rest_client [req-45d86b6a-1041-4a35-9412-c1f70549b006 req-45d86b6a-1041-4a35-9412-c1f70549b006 ] Request (AttachInterfacesTestJSON:test_create_list_show_delete_interfaces_by_fixed_ip): 200 GET http://10.180.1.21/compute/v2.1/servers/6d47c52c-c1fb-4ade-a3ba-dc393716eb79 0.320s
2024-10-10 13:39:58.867 63630 INFO tempest.lib.common.rest_client [req-6eff14ff-1560-4e81-95b7-673bf36bad01 req-6eff14ff-1560-4e81-95b7-673bf36bad01 ] Request (InstanceActionsV221TestJSON:test_get_list_deleted_instance_actions): 200 GET http://10.180.1.21/compute/v2.1/servers/18327b62-d022-45e5-9ab0-71791491e61f 0.245s
2024-10-10 13:39:58.893 63680 INFO tempest.lib.common.rest_client [req-73645944-ec7c-4b7f-beb6-feba23467b43 req-73645944-ec7c-4b7f-beb6-feba23467b43 ] Request (ServerActionsTestOtherA:setUpClass): 200 GET http://10.180.1.21/compute/v2.1/servers/c79aa3d1-bbca-45cf-9f29-40a2720c4437 0.142s
2024-10-10 13:39:58.943 63624 INFO tempest.lib.common.rest_client [req-3d777117-df94-4979-8f8b-e57f5c2942a7 req-3d777117-df94-4979-8f8b-e57f5c2942a7 ] Request (ListImageFiltersTestJSON:setUpClass): 200 GET http://10.180.1.21/compute/v2.1/servers/76e02181-1ccd-43f9-9aaa-cf1918691705 0.189s
2024-10-10 13:39:58.953 63682 INFO tempest.lib.common.rest_client [req-c025bafe-c1cc-4a23-b8ae-e6d7327a0337 req-c025bafe-c1cc-4a23-b8ae-e6d7327a0337 ] Request (AttachInterfacesUnderV243Test:test_add_remove_fixed_ip): 200 GET http://10.180.1.21/compute/v2.1/servers/c590bbfe-1ab8-4e7a-a3aa-89e1f579d756 0.142s
2024-10-10 13:39:59.013 63714 INFO tempest.lib.common.rest_client [req-08b60f8b-6be1-4ed1-a588-0500ca516a2c req-08b60f8b-6be1-4ed1-a588-0500ca516a2c ] Request (ServerActionsV293TestJSON:setUpClass): 200 GET http://10.180.1.21/compute/v2.1/servers/1a57a23c-3b9d-4b6b-ae0b-4b12340e96e5 0.192s
2024-10-10 13:39:59.033 63636 INFO tempest.lib.common.rest_client [req-475d3865-2e19-4e75-92a8-0c9a23bb6fa8 req-475d3865-2e19-4e75-92a8-0c9a23bb6fa8 ] Request (ServersAdminTestJSON:setUpClass): 200 GET http://10.180.1.21/compute/v2.1/servers/b56238f3-3507-49e0-8630-5f5a093c1101 0.146s
2024-10-10 13:39:59.045 63636 INFO tempest.common.waiters [-] State transition "BUILD/networking" ==> "BUILD/spawning" after 84 second wait
2024-10-10 13:39:59.070 63700 INFO tempest.lib.common.rest_client [req-e218c232-e77d-47e8-ad1d-922cad8ccedb req-e218c232-e77d-47e8-ad1d-922cad8ccedb ] Request (ServersTestMultiNic:test_verify_multiple_nics_order): 200 GET http://10.180.1.21/compute/v2.1/servers/2edbeef4-be3b-4a1d-8895-8410b71b6b18 0.169s
2024-10-10 13:39:59.090 63647 INFO tempest.lib.common.rest_client [req-bb969d0e-b3e9-434d-a159-4e969bb5efad req-bb969d0e-b3e9-434d-a159-4e969bb5efad ] Request (ServerAddressesTestJSON:setUpClass): 200 GET http://10.180.1.21/compute/v2.1/servers/f6d62d1b-0333-40ac-92e8-a798e58d495c 0.156s
2024-10-10 13:39:59.124 63640 INFO tempest.lib.common.rest_client [req-b00115e6-f808-4e1d-8081-d319b7fb18cd req-b00115e6-f808-4e1d-8081-d319b7fb18cd ] Request (ServersTestFqdnHostnames:test_create_server_with_fqdn_name): 200 GET http://10.180.1.21/compute/v2.1/servers/2dc02ba1-e8d9-42de-9a99-dbdbf53e39e3 0.166s
2024-10-10 13:39:59.142 63706 INFO tempest.lib.common.rest_client [req-4477c292-58fb-4df6-9f2a-3bff9444f761 req-4477c292-58fb-4df6-9f2a-3bff9444f761 ] Request (ServerRescueNegativeTestJSON:setUpClass): 200 GET http://10.180.1.21/compute/v2.1/servers/e7a4d56b-f785-44b4-acb3-6390a4bad83c 0.158s
2024-10-10 13:39:59.161 63654 INFO tempest.lib.common.rest_client [req-94622124-7f41-411f-a53d-8d5f2a7f3842 req-94622124-7f41-411f-a53d-8d5f2a7f3842 ] Request (ImagesTestJSON:setUpClass): 201 POST http://10.180.1.21:9696/networking/v2.0/routers 1.107s
2024-10-10 13:39:59.185 63684 INFO tempest.lib.common.rest_client [req-08a04e4c-70d3-48f9-bc9e-965da8aa5216 req-08a04e4c-70d3-48f9-bc9e-965da8aa5216 ] Request (ServerDiskConfigTestJSON:test_rebuild_server_with_auto_disk_config): 200 GET http://10.180.1.21/compute/v2.1/servers/1f898bd4-0b80-48c1-9e7c-8948f4b19c0c 0.178s
2024-10-10 13:39:59.245 63710 INFO tempest.lib.common.rest_client [req-3f8a30a7-1fe4-443d-8a3b-570d4c89c99f req-3f8a30a7-1fe4-443d-8a3b-570d4c89c99f ] Request (InstanceActionsTestJSON:setUpClass): 200 GET http://10.180.1.21/compute/v2.1/servers/8e39c8ef-103a-45f4-8630-bfd51b38445d 0.190s
2024-10-10 13:39:59.316 63704 INFO tempest.lib.common.rest_client [req-dae6116b-f6cf-4154-8490-111d0813a55e req-dae6116b-f6cf-4154-8490-111d0813a55e ] Request (AttachInterfacesV270Test:test_create_get_list_interfaces): 200 GET http://10.180.1.21/compute/v2.1/servers/59442c77-234c-48c2-872d-85ed9bd8cb80 0.201s
2024-10-10 13:39:59.385 63642 INFO tempest.lib.common.rest_client [req-ee6fb5a7-6ed4-498d-91e8-868d73eeb05e req-ee6fb5a7-6ed4-498d-91e8-868d73eeb05e ] Request (DeleteServersTestJSON:test_delete_server_while_in_attached_volume): 200 GET http://10.180.1.21/compute/v2.1/servers/c4cb1770-b3c7-4f6b-ba11-85310f2175a0 0.211s
2024-10-10 13:39:59.435 63632 INFO tempest.lib.common.rest_client [req-090d98f1-ccb2-4c3f-82f3-31aef573b10c req-090d98f1-ccb2-4c3f-82f3-31aef573b10c ] Request (SecurityGroupsTestJSON:test_list_security_groups_by_server): 200 GET http://10.180.1.21/compute/v2.1/servers/69651fab-08a7-4832-8c91-2fa01d186860 0.404s
2024-10-10 13:39:59.443 63713 INFO tempest.lib.common.rest_client [req-3da84090-9f6e-467f-85cc-7fbc2ae3c530 req-3da84090-9f6e-467f-85cc-7fbc2ae3c530 ] Request (FloatingIPsAssociationTestJSON:setUpClass): 200 GET http://10.180.1.21/compute/v2.1/servers/b24d095a-6814-413b-bf89-511e22df740f 0.211s
2024-10-10 13:39:59.494 63690 INFO tempest.lib.common.rest_client [req-0c4e95d9-868a-4b97-99b6-137416e1f3d6 req-0c4e95d9-868a-4b97-99b6-137416e1f3d6 ] Request (ListServersNegativeTestJSON:setUpClass): 200 GET http://10.180.1.21/compute/v2.1/servers/f632d71d-498f-4914-9895-8f37187a295f 0.188s
2024-10-10 13:39:59.507 63620 INFO tempest.lib.common.rest_client [req-49676cb6-3703-4921-bb28-7eeb9cf92f87 req-49676cb6-3703-4921-bb28-7eeb9cf92f87 ] Request (VolumesAdminNegativeTest:test_update_attached_volume_with_nonexistent_volume_in_body): 200 GET http://10.180.1.21/compute/v2.1/servers/3e7b9a60-9e4b-46e3-adf9-7337dc7d2171 0.132s
2024-10-10 13:39:59.551 63686 INFO tempest.lib.common.rest_client [req-bc0d5b9e-8d46-4f34-a485-c83121c26f60 req-bc0d5b9e-8d46-4f34-a485-c83121c26f60 ] Request (InstanceActionsNegativeTestJSON:setUpClass): 200 GET http://10.180.1.21/compute/v2.1/servers/702be472-a4bc-4089-94de-4355ee00684a 0.116s
2024-10-10 13:39:59.561 63692 INFO tempest.lib.common.rest_client [req-00a934d0-516b-4f6d-bc3c-2841496bbb9d req-00a934d0-516b-4f6d-bc3c-2841496bbb9d ] Request (ListServerFiltersTestJSON:setUpClass): 200 GET http://10.180.1.21/compute/v2.1/servers/c0fd1999-346d-4c12-9b8c-ab7e21ec4227 0.063s
2024-10-10 13:39:59.611 63627 INFO tempest.lib.common.rest_client [req-bf9da181-d6bf-48a4-87bd-0ce5410dbfa4 req-bf9da181-d6bf-48a4-87bd-0ce5410dbfa4 ] Request (AttachVolumeShelveTestJSON:test_attach_volume_shelved_or_offload_server): 200 GET http://10.180.1.21/compute/v2.1/servers/d76a008c-9bd9-420b-873d-4f7d7f25b8ca 0.050s
2024-10-10 13:39:59.661 63678 INFO tempest.lib.common.rest_client [req-f7a16e69-7cbe-427a-80b9-3e0d1989b4b4 req-f7a16e69-7cbe-427a-80b9-3e0d1989b4b4 ] Request (ServerRescueTestJSONUnderV235:setUpClass): 200 GET http://10.180.1.21/compute/v2.1/servers/e3dd6d5e-2b80-4724-9826-6ebfb8181c3b 0.048s
2024-10-10 13:39:59.727 63688 INFO tempest.lib.common.rest_client [req-ab8631e3-9400-4bb0-8081-c5b23e743538 req-ab8631e3-9400-4bb0-8081-c5b23e743538 ] Request (ServerActionsTestJSON:setUpClass): 200 GET http://10.180.1.21/compute/v2.1/servers/8c78df16-faf1-4007-8492-bdc7cbfc608a 0.048s
2024-10-10 13:39:59.751 63614 INFO tempest.lib.common.rest_client [req-3dc5cd14-5c5a-4781-86db-c23f4d9a18c3 req-3dc5cd14-5c5a-4781-86db-c23f4d9a18c3 ] Request (ServerShowV254Test:test_rebuild_server): 200 GET http://10.180.1.21/compute/v2.1/servers/99d00df2-6bf3-4ffe-b77d-f44ada631c8b 0.050s
2024-10-10 13:39:59.816 63694 INFO tempest.lib.common.rest_client [req-bf1d8667-89b7-4ebd-b9aa-92283e9d8543 req-bf1d8667-89b7-4ebd-b9aa-92283e9d8543 ] Request (ServerMetadataNegativeTestJSON:setUpClass): 200 GET http://10.180.1.21/compute/v2.1/servers/0c55e7b9-cb53-4525-8524-4ef62a51a89f 0.062s
2024-10-10 13:39:59.820 63708 INFO tempest.lib.common.rest_client [req-75e7da1f-b2a9-4ca1-bd41-dc7bc3ef581b req-75e7da1f-b2a9-4ca1-bd41-dc7bc3ef581b ] Request (ServersTestBootFromVolume:setUpClass): 200 GET http://10.180.1.21/compute/v2.1/servers/601f72f4-05bc-4d73-9b57-612cad2d8c62 0.065s
2024-10-10 13:39:59.888 63696 INFO tempest.lib.common.rest_client [req-5045ac77-e384-4650-879d-7159aad30bbf req-5045ac77-e384-4650-879d-7159aad30bbf ] Request (MigrationsAdminTest:test_resize_server_revert_deleted_flavor): 200 GET http://10.180.1.21/compute/v2.1/servers/6a80e0c1-2088-4de3-9032-d05ff48c3fcb 0.062s
2024-10-10 13:39:59.889 63658 INFO tempest.lib.common.rest_client [req-fbdeb107-7854-4120-992b-4cd34f7fb184 req-fbdeb107-7854-4120-992b-4cd34f7fb184 ] Request (AttachInterfacesTestJSON:test_create_list_show_delete_interfaces_by_fixed_ip): 200 GET http://10.180.1.21/compute/v2.1/servers/6d47c52c-c1fb-4ade-a3ba-dc393716eb79 0.061s
2024-10-10 13:39:59.966 63680 INFO tempest.lib.common.rest_client [req-a3a3e956-c71e-4cd7-b5b0-0a4e3b6a8778 req-a3a3e956-c71e-4cd7-b5b0-0a4e3b6a8778 ] Request (ServerActionsTestOtherA:setUpClass): 200 GET http://10.180.1.21/compute/v2.1/servers/c79aa3d1-bbca-45cf-9f29-40a2720c4437 0.066s
2024-10-10 13:39:59.987 63654 INFO tempest.lib.common.rest_client [req-ff9be2d3-347c-4a2b-94ca-a640c3f3f6ed req-ff9be2d3-347c-4a2b-94ca-a640c3f3f6ed ] Request (ImagesTestJSON:setUpClass): 200 PUT http://10.180.1.21:9696/networking/v2.0/routers/9e1e490c-5168-40a0-a801-7e7800c87710/add_router_interface 0.826s
2024-10-10 13:39:59.988 63654 INFO tempest.lib.common.dynamic_creds [-] Created isolated network resources for: credentials: Credentials: {'domain_id': 'default', 'domain_name': 'Default', 'username': 'tempest-ImagesTestJSON-1758946497-project-member', 'project_domain_id': 'default', 'project_domain_name': 'Default', 'project_id': 'd445600834dd4c7e8022349ee993f3ef', 'project_name': 'tempest-ImagesTestJSON-1758946497', 'tenant_id': 'd445600834dd4c7e8022349ee993f3ef', 'tenant_name': 'tempest-ImagesTestJSON-1758946497', 'user_domain_id': 'default', 'user_domain_name': 'Default', 'user_id': 'ea507bad11c3406d880ba47d08a047c3', 'system': None}, Network: {'id': '08cb8137-c66d-4911-b40a-ea7cd565ea74', 'name': 'tempest-ImagesTestJSON-1056041194-network', 'tenant_id': 'd445600834dd4c7e8022349ee993f3ef', 'admin_state_up': True, 'mtu': 8950, 'status': 'ACTIVE', 'subnets': [], 'shared': False, 'project_id': 'd445600834dd4c7e8022349ee993f3ef', 'port_security_enabled': True, 'router:external': False, 'provider:network_type': 'vlan', 'provider:physical_network': 'default', 'provider:segmentation_id': 781, 'is_default': False, 'availability_zone_hints': [], 'availability_zones': [], 'ipv4_address_scope': None, 'ipv6_address_scope': None, 'description': '', 'tags': [], 'created_at': '2024-10-10T13:39:57Z', 'updated_at': '2024-10-10T13:39:57Z', 'revision_number': 1}, Subnet: {'id': 'f0f976ad-a545-4313-88e7-7235aa4b02b7', 'name': 'tempest-ImagesTestJSON-1056041194-subnet', 'tenant_id': 'd445600834dd4c7e8022349ee993f3ef', 'network_id': '08cb8137-c66d-4911-b40a-ea7cd565ea74', 'ip_version': 4, 'subnetpool_id': None, 'enable_dhcp': True, 'ipv6_ra_mode': None, 'ipv6_address_mode': None, 'gateway_ip': '192.168.128.1', 'cidr': '192.168.128.0/28', 'allocation_pools': [{'start': '192.168.128.2', 'end': '192.168.128.14'}], 'host_routes': [], 'dns_nameservers': [], 'description': '', 'router:external': False, 'service_types': [], 'tags': [], 'created_at': '2024-10-10T13:39:57Z', 'updated_at': '2024-10-10T13:39:57Z', 'revision_number': 0, 'project_id': 'd445600834dd4c7e8022349ee993f3ef'}, Router: {'id': '9e1e490c-5168-40a0-a801-7e7800c87710', 'name': 'tempest-ImagesTestJSON-1056041194-router', 'tenant_id': 'd445600834dd4c7e8022349ee993f3ef', 'admin_state_up': True, 'status': 'ACTIVE', 'external_gateway_info': {'network_id': '725748a2-d33b-48bd-8185-ec2acc16a443', 'external_fixed_ips': [{'subnet_id': '4fb38a3d-0557-49ad-91f5-fd334cd8d9b2', 'ip_address': '10.180.180.144'}], 'enable_snat': True}, 'description': '', 'availability_zones': [], 'distributed': False, 'ha': False, 'availability_zone_hints': [], 'routes': [], 'flavor_id': None, 'tags': [], 'created_at': '2024-10-10T13:39:58Z', 'updated_at': '2024-10-10T13:39:58Z', 'revision_number': 2, 'project_id': 'd445600834dd4c7e8022349ee993f3ef'}
2024-10-10 13:40:00.033 63624 INFO tempest.lib.common.rest_client [req-46d41ae0-dee3-4c85-9798-2b15ba69c2d6 req-46d41ae0-dee3-4c85-9798-2b15ba69c2d6 ] Request (ListImageFiltersTestJSON:setUpClass): 200 GET http://10.180.1.21/compute/v2.1/servers/76e02181-1ccd-43f9-9aaa-cf1918691705 0.083s
2024-10-10 13:40:00.082 63682 INFO tempest.lib.common.rest_client [req-d69364b0-5c73-4a99-a951-c0f35a33ffa9 req-d69364b0-5c73-4a99-a951-c0f35a33ffa9 ] Request (AttachInterfacesUnderV243Test:test_add_remove_fixed_ip): 200 GET http://10.180.1.21/compute/v2.1/servers/c590bbfe-1ab8-4e7a-a3aa-89e1f579d756 0.116s
2024-10-10 13:40:00.085 63654 INFO tempest.lib.common.rest_client [req-969307f2-2fa8-411f-958d-6d2a84de52d4 req-969307f2-2fa8-411f-958d-6d2a84de52d4 ] Request (ImagesTestJSON:setUpClass): 201 POST http://10.180.1.21/identity/v3/auth/tokens 0.092s
2024-10-10 13:40:00.126 63654 INFO tempest.lib.common.rest_client [req-d717f3c6-029a-44d8-96bf-03af2db6e1bf req-d717f3c6-029a-44d8-96bf-03af2db6e1bf ] Request (ImagesTestJSON:test_create_image_from_stopped_server): 201 POST http://10.180.1.21/identity/v3/auth/tokens 0.035s
2024-10-10 13:40:00.126 63654 INFO tempest.lib.common.fixed_network [-] (ImagesTestJSON:test_create_image_from_stopped_server) Found network {'id': '08cb8137-c66d-4911-b40a-ea7cd565ea74', 'name': 'tempest-ImagesTestJSON-1056041194-network', 'tenant_id': 'd445600834dd4c7e8022349ee993f3ef', 'admin_state_up': True, 'mtu': 8950, 'status': 'ACTIVE', 'subnets': [], 'shared': False, 'project_id': 'd445600834dd4c7e8022349ee993f3ef', 'port_security_enabled': True, 'router:external': False, 'provider:network_type': 'vlan', 'provider:physical_network': 'default', 'provider:segmentation_id': 781, 'is_default': False, 'availability_zone_hints': [], 'availability_zones': [], 'ipv4_address_scope': None, 'ipv6_address_scope': None, 'description': '', 'tags': [], 'created_at': '2024-10-10T13:39:57Z', 'updated_at': '2024-10-10T13:39:57Z', 'revision_number': 1} available for tenant
2024-10-10 13:40:00.145 63714 INFO tempest.lib.common.rest_client [req-a732bb9d-b91e-4ffa-a8fc-83a73e3e86f2 req-a732bb9d-b91e-4ffa-a8fc-83a73e3e86f2 ] Request (ServerActionsV293TestJSON:setUpClass): 200 GET http://10.180.1.21/compute/v2.1/servers/1a57a23c-3b9d-4b6b-ae0b-4b12340e96e5 0.121s
2024-10-10 13:40:00.145 63630 INFO tempest.lib.common.rest_client [req-071fe7a1-a59f-491c-89e8-60a2d185cac5 req-071fe7a1-a59f-491c-89e8-60a2d185cac5 ] Request (InstanceActionsV221TestJSON:test_get_list_deleted_instance_actions): 200 GET http://10.180.1.21/compute/v2.1/servers/18327b62-d022-45e5-9ab0-71791491e61f 0.263s
2024-10-10 13:40:00.199 63700 INFO tempest.lib.common.rest_client [req-5b56ce40-a1c8-49b5-aa51-256c6d43485e req-5b56ce40-a1c8-49b5-aa51-256c6d43485e ] Request (ServersTestMultiNic:test_verify_multiple_nics_order): 200 GET http://10.180.1.21/compute/v2.1/servers/2edbeef4-be3b-4a1d-8895-8410b71b6b18 0.120s
2024-10-10 13:40:00.205 63636 INFO tempest.lib.common.rest_client [req-4a628ae8-49c7-46f1-ad6d-006707849541 req-4a628ae8-49c7-46f1-ad6d-006707849541 ] Request (ServersAdminTestJSON:setUpClass): 200 GET http://10.180.1.21/compute/v2.1/servers/b56238f3-3507-49e0-8630-5f5a093c1101 0.159s
2024-10-10 13:40:00.256 63647 INFO tempest.lib.common.rest_client [req-3fabd496-20e4-4c07-92cd-b7b6c27949ca req-3fabd496-20e4-4c07-92cd-b7b6c27949ca ] Request (ServerAddressesTestJSON:setUpClass): 200 GET http://10.180.1.21/compute/v2.1/servers/f6d62d1b-0333-40ac-92e8-a798e58d495c 0.156s
2024-10-10 13:40:00.309 63640 INFO tempest.lib.common.rest_client [req-4d145a5b-bcd0-410c-bb4d-66f9cf5bbc5d req-4d145a5b-bcd0-410c-bb4d-66f9cf5bbc5d ] Request (ServersTestFqdnHostnames:test_create_server_with_fqdn_name): 200 GET http://10.180.1.21/compute/v2.1/servers/2dc02ba1-e8d9-42de-9a99-dbdbf53e39e3 0.178s
2024-10-10 13:40:00.362 63706 INFO tempest.lib.common.rest_client [req-f5680c68-ed71-4cc7-8fa8-a90a2c75c945 req-f5680c68-ed71-4cc7-8fa8-a90a2c75c945 ] Request (ServerRescueNegativeTestJSON:setUpClass): 200 GET http://10.180.1.21/compute/v2.1/servers/e7a4d56b-f785-44b4-acb3-6390a4bad83c 0.214s
2024-10-10 13:40:00.414 63684 INFO tempest.lib.common.rest_client [req-438d97bb-43b7-421b-a1de-a5ccd6c3f026 req-438d97bb-43b7-421b-a1de-a5ccd6c3f026 ] Request (ServerDiskConfigTestJSON:test_rebuild_server_with_auto_disk_config): 200 GET http://10.180.1.21/compute/v2.1/servers/1f898bd4-0b80-48c1-9e7c-8948f4b19c0c 0.216s
2024-10-10 13:40:00.462 63710 INFO tempest.lib.common.rest_client [req-20202ce6-5c7b-4d9d-b855-c76ce4ae2ad0 req-20202ce6-5c7b-4d9d-b855-c76ce4ae2ad0 ] Request (InstanceActionsTestJSON:setUpClass): 200 GET http://10.180.1.21/compute/v2.1/servers/8e39c8ef-103a-45f4-8630-bfd51b38445d 0.207s
2024-10-10 13:40:00.521 63704 INFO tempest.lib.common.rest_client [req-97214874-55d1-40eb-92c6-abf9950a4444 req-97214874-55d1-40eb-92c6-abf9950a4444 ] Request (AttachInterfacesV270Test:test_create_get_list_interfaces): 200 GET http://10.180.1.21/compute/v2.1/servers/59442c77-234c-48c2-872d-85ed9bd8cb80 0.195s
2024-10-10 13:40:00.528 63704 INFO tempest.common.waiters [-] State transition "BUILD/None" ==> "BUILD/networking" after 81 second wait
2024-10-10 13:40:00.569 63642 INFO tempest.lib.common.rest_client [req-2ea838d2-530d-4f0f-a9cc-7415088b1c50 req-2ea838d2-530d-4f0f-a9cc-7415088b1c50 ] Request (DeleteServersTestJSON:test_delete_server_while_in_attached_volume): 200 GET http://10.180.1.21/compute/v2.1/servers/c4cb1770-b3c7-4f6b-ba11-85310f2175a0 0.173s
2024-10-10 13:40:00.782 63632 INFO tempest.lib.common.rest_client [req-849bfd5e-8438-477f-b8ea-4d3e08e01672 req-849bfd5e-8438-477f-b8ea-4d3e08e01672 ] Request (SecurityGroupsTestJSON:test_list_security_groups_by_server): 200 GET http://10.180.1.21/compute/v2.1/servers/69651fab-08a7-4832-8c91-2fa01d186860 0.339s
2024-10-10 13:40:00.792 63654 INFO tempest.lib.common.rest_client [req-479cef16-fb3b-4e2d-8744-5f32585e9aa4 req-479cef16-fb3b-4e2d-8744-5f32585e9aa4 ] Request (ImagesTestJSON:test_create_image_from_stopped_server): 202 POST http://10.180.1.21/compute/v2.1/servers 0.665s
2024-10-10 13:40:00.848 63713 INFO tempest.lib.common.rest_client [req-740e0fe8-78f1-4091-8356-273c66429a2e req-740e0fe8-78f1-4091-8356-273c66429a2e ] Request (FloatingIPsAssociationTestJSON:setUpClass): 200 GET http://10.180.1.21/compute/v2.1/servers/b24d095a-6814-413b-bf89-511e22df740f 0.393s
2024-10-10 13:40:00.852 63690 INFO tempest.lib.common.rest_client [req-8df32f13-5a03-4e48-bfa9-c747afe99139 req-8df32f13-5a03-4e48-bfa9-c747afe99139 ] Request (ListServersNegativeTestJSON:setUpClass): 200 GET http://10.180.1.21/compute/v2.1/servers/f632d71d-498f-4914-9895-8f37187a295f 0.347s
2024-10-10 13:40:00.900 63620 INFO tempest.lib.common.rest_client [req-4b1b8cdf-0a52-4d54-bf2f-b06fb82d019b req-4b1b8cdf-0a52-4d54-bf2f-b06fb82d019b ] Request (VolumesAdminNegativeTest:test_update_attached_volume_with_nonexistent_volume_in_body): 200 GET http://10.180.1.21/compute/v2.1/servers/3e7b9a60-9e4b-46e3-adf9-7337dc7d2171 0.383s
2024-10-10 13:40:00.906 63686 INFO tempest.lib.common.rest_client [req-59c5069e-a4aa-4009-931d-83b698d55505 req-59c5069e-a4aa-4009-931d-83b698d55505 ] Request (InstanceActionsNegativeTestJSON:setUpClass): 200 GET http://10.180.1.21/compute/v2.1/servers/702be472-a4bc-4089-94de-4355ee00684a 0.348s
2024-10-10 13:40:00.949 63692 INFO tempest.lib.common.rest_client [req-eb311665-1b9c-4f08-baef-bd7c1cd65226 req-eb311665-1b9c-4f08-baef-bd7c1cd65226 ] Request (ListServerFiltersTestJSON:setUpClass): 200 GET http://10.180.1.21/compute/v2.1/servers/c0fd1999-346d-4c12-9b8c-ab7e21ec4227 0.380s
2024-10-10 13:40:00.965 63627 INFO tempest.lib.common.rest_client [req-e49edf24-00f0-4390-ab85-5e14abb28b1b req-e49edf24-00f0-4390-ab85-5e14abb28b1b ] Request (AttachVolumeShelveTestJSON:test_attach_volume_shelved_or_offload_server): 200 GET http://10.180.1.21/compute/v2.1/servers/d76a008c-9bd9-420b-873d-4f7d7f25b8ca 0.344s
2024-10-10 13:40:01.003 63678 INFO tempest.lib.common.rest_client [req-a4ab14aa-5ce9-4afd-9b3c-853bfb624cad req-a4ab14aa-5ce9-4afd-9b3c-853bfb624cad ] Request (ServerRescueTestJSONUnderV235:setUpClass): 200 GET http://10.180.1.21/compute/v2.1/servers/e3dd6d5e-2b80-4724-9826-6ebfb8181c3b 0.334s
2024-10-10 13:40:01.021 63688 INFO tempest.lib.common.rest_client [req-4d9fedaa-cc1d-4d06-99da-f1cd7ed7f1c8 req-4d9fedaa-cc1d-4d06-99da-f1cd7ed7f1c8 ] Request (ServerActionsTestJSON:setUpClass): 200 GET http://10.180.1.21/compute/v2.1/servers/8c78df16-faf1-4007-8492-bdc7cbfc608a 0.286s
2024-10-10 13:40:01.066 63654 INFO tempest.lib.common.rest_client [req-8a9813c0-3716-438e-a24d-fa5c6d92ffc6 req-8a9813c0-3716-438e-a24d-fa5c6d92ffc6 ] Request (ImagesTestJSON:test_create_image_from_stopped_server): 200 GET http://10.180.1.21/compute/v2.1/servers/0de234c4-1b8d-4b9f-8d32-cbf2b17f2d48 0.273s
2024-10-10 13:40:01.080 63614 INFO tempest.lib.common.rest_client [req-e556a56e-1aef-41bf-bb1d-5fb26c548cc3 req-e556a56e-1aef-41bf-bb1d-5fb26c548cc3 ] Request (ServerShowV254Test:test_rebuild_server): 200 GET http://10.180.1.21/compute/v2.1/servers/99d00df2-6bf3-4ffe-b77d-f44ada631c8b 0.315s
2024-10-10 13:40:01.126 63694 INFO tempest.lib.common.rest_client [req-27cc6a2b-95d1-4d67-94df-219426451e8c req-27cc6a2b-95d1-4d67-94df-219426451e8c ] Request (ServerMetadataNegativeTestJSON:setUpClass): 200 GET http://10.180.1.21/compute/v2.1/servers/0c55e7b9-cb53-4525-8524-4ef62a51a89f 0.299s
2024-10-10 13:40:01.145 63708 INFO tempest.lib.common.rest_client [req-44e3d7a5-6e68-43bf-acfe-9e25938a3a66 req-44e3d7a5-6e68-43bf-acfe-9e25938a3a66 ] Request (ServersTestBootFromVolume:setUpClass): 200 GET http://10.180.1.21/compute/v2.1/servers/601f72f4-05bc-4d73-9b57-612cad2d8c62 0.317s
2024-10-10 13:40:01.189 63658 INFO tempest.lib.common.rest_client [req-5624cd42-2c9f-40fe-8c40-1257387e8a32 req-5624cd42-2c9f-40fe-8c40-1257387e8a32 ] Request (AttachInterfacesTestJSON:test_create_list_show_delete_interfaces_by_fixed_ip): 200 GET http://10.180.1.21/compute/v2.1/servers/6d47c52c-c1fb-4ade-a3ba-dc393716eb79 0.294s
2024-10-10 13:40:01.209 63696 INFO tempest.lib.common.rest_client [req-641753bc-2af4-4b1c-8fa9-ef172c05a3da req-641753bc-2af4-4b1c-8fa9-ef172c05a3da ] Request (MigrationsAdminTest:test_resize_server_revert_deleted_flavor): 200 GET http://10.180.1.21/compute/v2.1/servers/6a80e0c1-2088-4de3-9032-d05ff48c3fcb 0.310s
2024-10-10 13:40:01.248 63680 INFO tempest.lib.common.rest_client [req-b26890e3-dfb3-4923-8065-26a9dee13905 req-b26890e3-dfb3-4923-8065-26a9dee13905 ] Request (ServerActionsTestOtherA:setUpClass): 200 GET http://10.180.1.21/compute/v2.1/servers/c79aa3d1-bbca-45cf-9f29-40a2720c4437 0.272s
2024-10-10 13:40:01.268 63624 INFO tempest.lib.common.rest_client [req-e80e47c9-990e-4ecb-a7eb-be72a2e61582 req-e80e47c9-990e-4ecb-a7eb-be72a2e61582 ] Request (ListImageFiltersTestJSON:setUpClass): 200 GET http://10.180.1.21/compute/v2.1/servers/76e02181-1ccd-43f9-9aaa-cf1918691705 0.224s
2024-10-10 13:40:01.304 63682 INFO tempest.lib.common.rest_client [req-713285a2-b870-4009-9814-304bd46f3df4 req-713285a2-b870-4009-9814-304bd46f3df4 ] Request (AttachInterfacesUnderV243Test:test_add_remove_fixed_ip): 200 GET http://10.180.1.21/compute/v2.1/servers/c590bbfe-1ab8-4e7a-a3aa-89e1f579d756 0.213s
2024-10-10 13:40:01.322 63630 INFO tempest.lib.common.rest_client [req-0a7b628e-c4cc-4406-b011-7f599c043353 req-0a7b628e-c4cc-4406-b011-7f599c043353 ] Request (InstanceActionsV221TestJSON:test_get_list_deleted_instance_actions): 200 GET http://10.180.1.21/compute/v2.1/servers/18327b62-d022-45e5-9ab0-71791491e61f 0.168s
2024-10-10 13:40:01.361 63714 INFO tempest.lib.common.rest_client [req-11d086d6-c033-4d9a-85a2-68dfaf3139d9 req-11d086d6-c033-4d9a-85a2-68dfaf3139d9 ] Request (ServerActionsV293TestJSON:setUpClass): 200 GET http://10.180.1.21/compute/v2.1/servers/1a57a23c-3b9d-4b6b-ae0b-4b12340e96e5 0.204s
2024-10-10 13:40:01.372 63700 INFO tempest.lib.common.rest_client [req-cb348af2-c242-44e9-b9de-2d3cef26337b req-cb348af2-c242-44e9-b9de-2d3cef26337b ] Request (ServersTestMultiNic:test_verify_multiple_nics_order): 200 GET http://10.180.1.21/compute/v2.1/servers/2edbeef4-be3b-4a1d-8895-8410b71b6b18 0.164s
2024-10-10 13:40:01.419 63636 INFO tempest.lib.common.rest_client [req-68d1d821-993e-4dd7-9ea0-d5273ab0ee53 req-68d1d821-993e-4dd7-9ea0-d5273ab0ee53 ] Request (ServersAdminTestJSON:setUpClass): 200 GET http://10.180.1.21/compute/v2.1/servers/b56238f3-3507-49e0-8630-5f5a093c1101 0.206s
2024-10-10 13:40:01.427 63647 INFO tempest.lib.common.rest_client [req-65f4c2d6-f58d-41d8-af11-05960786852a req-65f4c2d6-f58d-41d8-af11-05960786852a ] Request (ServerAddressesTestJSON:setUpClass): 200 GET http://10.180.1.21/compute/v2.1/servers/f6d62d1b-0333-40ac-92e8-a798e58d495c 0.163s
2024-10-10 13:40:01.480 63640 INFO tempest.lib.common.rest_client [req-3b701abb-5704-4ef9-b341-26e3902fe1de req-3b701abb-5704-4ef9-b341-26e3902fe1de ] Request (ServersTestFqdnHostnames:test_create_server_with_fqdn_name): 200 GET http://10.180.1.21/compute/v2.1/servers/2dc02ba1-e8d9-42de-9a99-dbdbf53e39e3 0.159s
2024-10-10 13:40:01.490 63706 INFO tempest.lib.common.rest_client [req-91e4734b-075c-43a6-b6b7-5b22648e8dad req-91e4734b-075c-43a6-b6b7-5b22648e8dad ] Request (ServerRescueNegativeTestJSON:setUpClass): 200 GET http://10.180.1.21/compute/v2.1/servers/e7a4d56b-f785-44b4-acb3-6390a4bad83c 0.119s
2024-10-10 13:40:01.539 63684 INFO tempest.lib.common.rest_client [req-cec16773-4248-4bbf-ba26-4e8ba09fb954 req-cec16773-4248-4bbf-ba26-4e8ba09fb954 ] Request (ServerDiskConfigTestJSON:test_rebuild_server_with_auto_disk_config): 200 GET http://10.180.1.21/compute/v2.1/servers/1f898bd4-0b80-48c1-9e7c-8948f4b19c0c 0.118s
2024-10-10 13:40:01.551 63710 INFO tempest.lib.common.rest_client [req-4ea9828a-918d-47e8-85fb-c21e72cb086c req-4ea9828a-918d-47e8-85fb-c21e72cb086c ] Request (InstanceActionsTestJSON:setUpClass): 200 GET http://10.180.1.21/compute/v2.1/servers/8e39c8ef-103a-45f4-8630-bfd51b38445d 0.081s
2024-10-10 13:40:01.639 63642 INFO tempest.lib.common.rest_client [req-3b7bb456-acb0-492b-8edb-75682c63ba64 req-3b7bb456-acb0-492b-8edb-75682c63ba64 ] Request (DeleteServersTestJSON:test_delete_server_while_in_attached_volume): 200 GET http://10.180.1.21/compute/v2.1/servers/c4cb1770-b3c7-4f6b-ba11-85310f2175a0 0.064s
2024-10-10 13:40:01.682 63704 INFO tempest.lib.common.rest_client [req-afab8da4-d6fe-409c-a32e-42e37986b276 req-afab8da4-d6fe-409c-a32e-42e37986b276 ] Request (AttachInterfacesV270Test:test_create_get_list_interfaces): 200 GET http://10.180.1.21/compute/v2.1/servers/59442c77-234c-48c2-872d-85ed9bd8cb80 0.152s
2024-10-10 13:40:01.690 63704 INFO tempest.common.waiters [-] State transition "BUILD/networking" ==> "BUILD/block_device_mapping" after 82 second wait
2024-10-10 13:40:01.837 63632 INFO tempest.lib.common.rest_client [req-5e704a15-2421-466f-970e-99258eee9b80 req-5e704a15-2421-466f-970e-99258eee9b80 ] Request (SecurityGroupsTestJSON:test_list_security_groups_by_server): 200 GET http://10.180.1.21/compute/v2.1/servers/69651fab-08a7-4832-8c91-2fa01d186860 0.048s
2024-10-10 13:40:01.909 63713 INFO tempest.lib.common.rest_client [req-b6ced53c-e90e-49e6-9096-0fb1fa8e536a req-b6ced53c-e90e-49e6-9096-0fb1fa8e536a ] Request (FloatingIPsAssociationTestJSON:setUpClass): 200 GET http://10.180.1.21/compute/v2.1/servers/b24d095a-6814-413b-bf89-511e22df740f 0.051s
2024-10-10 13:40:01.919 63690 INFO tempest.lib.common.rest_client [req-dd906b23-3ad6-4d13-9052-ce7427de2592 req-dd906b23-3ad6-4d13-9052-ce7427de2592 ] Request (ListServersNegativeTestJSON:setUpClass): 200 GET http://10.180.1.21/compute/v2.1/servers/f632d71d-498f-4914-9895-8f37187a295f 0.051s
2024-10-10 13:40:01.973 63686 INFO tempest.lib.common.rest_client [req-e12e8754-a3a6-4e14-9320-c0440c15e8b7 req-e12e8754-a3a6-4e14-9320-c0440c15e8b7 ] Request (InstanceActionsNegativeTestJSON:setUpClass): 200 GET http://10.180.1.21/compute/v2.1/servers/702be472-a4bc-4089-94de-4355ee00684a 0.059s
2024-10-10 13:40:01.979 63620 INFO tempest.lib.common.rest_client [req-1e5da33e-0273-4835-a162-67f5e8cb45c5 req-1e5da33e-0273-4835-a162-67f5e8cb45c5 ] Request (VolumesAdminNegativeTest:test_update_attached_volume_with_nonexistent_volume_in_body): 200 GET http://10.180.1.21/compute/v2.1/servers/3e7b9a60-9e4b-46e3-adf9-7337dc7d2171 0.068s
2024-10-10 13:40:02.025 63692 INFO tempest.lib.common.rest_client [req-f847c3a7-498d-4e5d-bbba-8d93cd930a92 req-f847c3a7-498d-4e5d-bbba-8d93cd930a92 ] Request (ListServerFiltersTestJSON:setUpClass): 200 GET http://10.180.1.21/compute/v2.1/servers/c0fd1999-346d-4c12-9b8c-ab7e21ec4227 0.066s
2024-10-10 13:40:02.038 63627 INFO tempest.lib.common.rest_client [req-5c3aec88-61a6-4c1c-8a77-ac3bc4e93c73 req-5c3aec88-61a6-4c1c-8a77-ac3bc4e93c73 ] Request (AttachVolumeShelveTestJSON:test_attach_volume_shelved_or_offload_server): 200 GET http://10.180.1.21/compute/v2.1/servers/d76a008c-9bd9-420b-873d-4f7d7f25b8ca 0.064s
2024-10-10 13:40:02.071 63678 INFO tempest.lib.common.rest_client [req-c89a250b-ea22-44e7-80af-959294efa939 req-c89a250b-ea22-44e7-80af-959294efa939 ] Request (ServerRescueTestJSONUnderV235:setUpClass): 200 GET http://10.180.1.21/compute/v2.1/servers/e3dd6d5e-2b80-4724-9826-6ebfb8181c3b 0.062s
2024-10-10 13:40:02.100 63688 INFO tempest.lib.common.rest_client [req-edee820a-394a-4246-a349-aad36c1afe96 req-edee820a-394a-4246-a349-aad36c1afe96 ] Request (ServerActionsTestJSON:setUpClass): 200 GET http://10.180.1.21/compute/v2.1/servers/8c78df16-faf1-4007-8492-bdc7cbfc608a 0.070s
2024-10-10 13:40:02.130 63654 INFO tempest.lib.common.rest_client [req-5982dc6a-ae7d-497d-b7c9-c5bb360d05a5 req-5982dc6a-ae7d-497d-b7c9-c5bb360d05a5 ] Request (ImagesTestJSON:test_create_image_from_stopped_server): 200 GET http://10.180.1.21/compute/v2.1/servers/0de234c4-1b8d-4b9f-8d32-cbf2b17f2d48 0.050s
2024-10-10 13:40:02.147 63614 INFO tempest.lib.common.rest_client [req-ed1dad31-b013-45a4-bd46-c98fa022460f req-ed1dad31-b013-45a4-bd46-c98fa022460f ] Request (ServerShowV254Test:test_rebuild_server): 200 GET http://10.180.1.21/compute/v2.1/servers/99d00df2-6bf3-4ffe-b77d-f44ada631c8b 0.055s
2024-10-10 13:40:02.186 63694 INFO tempest.lib.common.rest_client [req-2ab135fb-7737-4e50-badc-83230d983d69 req-2ab135fb-7737-4e50-badc-83230d983d69 ] Request (ServerMetadataNegativeTestJSON:setUpClass): 200 GET http://10.180.1.21/compute/v2.1/servers/0c55e7b9-cb53-4525-8524-4ef62a51a89f 0.054s
2024-10-10 13:40:02.204 63708 INFO tempest.lib.common.rest_client [req-9fcb93fe-fc5f-4180-9c48-ef2fabaf2fda req-9fcb93fe-fc5f-4180-9c48-ef2fabaf2fda ] Request (ServersTestBootFromVolume:setUpClass): 200 GET http://10.180.1.21/compute/v2.1/servers/601f72f4-05bc-4d73-9b57-612cad2d8c62 0.049s
2024-10-10 13:40:02.246 63658 INFO tempest.lib.common.rest_client [req-764b2fc1-ed29-457c-9922-8b1ed8f64a36 req-764b2fc1-ed29-457c-9922-8b1ed8f64a36 ] Request (AttachInterfacesTestJSON:test_create_list_show_delete_interfaces_by_fixed_ip): 200 GET http://10.180.1.21/compute/v2.1/servers/6d47c52c-c1fb-4ade-a3ba-dc393716eb79 0.049s
2024-10-10 13:40:02.263 63696 INFO tempest.lib.common.rest_client [req-2b9df84b-913a-47e2-8258-3e587f400e95 req-2b9df84b-913a-47e2-8258-3e587f400e95 ] Request (MigrationsAdminTest:test_resize_server_revert_deleted_flavor): 200 GET http://10.180.1.21/compute/v2.1/servers/6a80e0c1-2088-4de3-9032-d05ff48c3fcb 0.044s
2024-10-10 13:40:02.304 63680 INFO tempest.lib.common.rest_client [req-e7790ed0-da7b-4cc8-8eac-3b3f84a47420 req-e7790ed0-da7b-4cc8-8eac-3b3f84a47420 ] Request (ServerActionsTestOtherA:setUpClass): 200 GET http://10.180.1.21/compute/v2.1/servers/c79aa3d1-bbca-45cf-9f29-40a2720c4437 0.049s
2024-10-10 13:40:02.325 63624 INFO tempest.lib.common.rest_client [req-3166cb8e-0b98-4dda-97eb-61e51c58311e req-3166cb8e-0b98-4dda-97eb-61e51c58311e ] Request (ListImageFiltersTestJSON:setUpClass): 200 GET http://10.180.1.21/compute/v2.1/servers/76e02181-1ccd-43f9-9aaa-cf1918691705 0.049s
2024-10-10 13:40:02.363 63682 INFO tempest.lib.common.rest_client [req-478fdbac-b000-434f-821f-9a92e1e6e23a req-478fdbac-b000-434f-821f-9a92e1e6e23a ] Request (AttachInterfacesUnderV243Test:test_add_remove_fixed_ip): 200 GET http://10.180.1.21/compute/v2.1/servers/c590bbfe-1ab8-4e7a-a3aa-89e1f579d756 0.049s
2024-10-10 13:40:02.381 63630 INFO tempest.lib.common.rest_client [req-fb7cec76-e0bf-420b-aa90-2dd45a6b361c req-fb7cec76-e0bf-420b-aa90-2dd45a6b361c ] Request (InstanceActionsV221TestJSON:test_get_list_deleted_instance_actions): 200 GET http://10.180.1.21/compute/v2.1/servers/18327b62-d022-45e5-9ab0-71791491e61f 0.049s
2024-10-10 13:40:02.433 63714 INFO tempest.lib.common.rest_client [req-aafb6412-d903-488c-ace6-ec055a16e9a9 req-aafb6412-d903-488c-ace6-ec055a16e9a9 ] Request (ServerActionsV293TestJSON:setUpClass): 200 GET http://10.180.1.21/compute/v2.1/servers/1a57a23c-3b9d-4b6b-ae0b-4b12340e96e5 0.063s
2024-10-10 13:40:02.433 63700 INFO tempest.lib.common.rest_client [req-0c2f58bc-d854-4d00-b66b-59697de523f3 req-0c2f58bc-d854-4d00-b66b-59697de523f3 ] Request (ServersTestMultiNic:test_verify_multiple_nics_order): 200 GET http://10.180.1.21/compute/v2.1/servers/2edbeef4-be3b-4a1d-8895-8410b71b6b18 0.054s
2024-10-10 13:40:02.483 63636 INFO tempest.lib.common.rest_client [req-8b38dc89-25b7-4047-91a3-6171bb685ae0 req-8b38dc89-25b7-4047-91a3-6171bb685ae0 ] Request (ServersAdminTestJSON:setUpClass): 200 GET http://10.180.1.21/compute/v2.1/servers/b56238f3-3507-49e0-8630-5f5a093c1101 0.050s
2024-10-10 13:40:02.488 63647 INFO tempest.lib.common.rest_client [req-7eb8a460-2da7-4a79-95b7-b321a7c788c4 req-7eb8a460-2da7-4a79-95b7-b321a7c788c4 ] Request (ServerAddressesTestJSON:setUpClass): 200 GET http://10.180.1.21/compute/v2.1/servers/f6d62d1b-0333-40ac-92e8-a798e58d495c 0.051s
2024-10-10 13:40:02.535 63640 INFO tempest.lib.common.rest_client [req-96e3f843-621b-43a1-ab6b-003bedf1522c req-96e3f843-621b-43a1-ab6b-003bedf1522c ] Request (ServersTestFqdnHostnames:test_create_server_with_fqdn_name): 200 GET http://10.180.1.21/compute/v2.1/servers/2dc02ba1-e8d9-42de-9a99-dbdbf53e39e3 0.043s
2024-10-10 13:40:02.545 63706 INFO tempest.lib.common.rest_client [req-6137460c-8956-41ae-a59a-c28624b9171e req-6137460c-8956-41ae-a59a-c28624b9171e ] Request (ServerRescueNegativeTestJSON:setUpClass): 200 GET http://10.180.1.21/compute/v2.1/servers/e7a4d56b-f785-44b4-acb3-6390a4bad83c 0.044s
2024-10-10 13:40:02.596 63684 INFO tempest.lib.common.rest_client [req-1c0378ba-d4d0-4244-90a7-c85c21efcf4b req-1c0378ba-d4d0-4244-90a7-c85c21efcf4b ] Request (ServerDiskConfigTestJSON:test_rebuild_server_with_auto_disk_config): 200 GET http://10.180.1.21/compute/v2.1/servers/1f898bd4-0b80-48c1-9e7c-8948f4b19c0c 0.048s
2024-10-10 13:40:02.602 63710 INFO tempest.lib.common.rest_client [req-4065e5f8-967f-457f-a2ba-373ac7918cbf req-4065e5f8-967f-457f-a2ba-373ac7918cbf ] Request (InstanceActionsTestJSON:setUpClass): 200 GET http://10.180.1.21/compute/v2.1/servers/8e39c8ef-103a-45f4-8630-bfd51b38445d 0.044s
2024-10-10 13:40:02.690 63642 INFO tempest.lib.common.rest_client [req-c8bda04b-cc79-4532-85f5-d43f9404c2b1 req-c8bda04b-cc79-4532-85f5-d43f9404c2b1 ] Request (DeleteServersTestJSON:test_delete_server_while_in_attached_volume): 200 GET http://10.180.1.21/compute/v2.1/servers/c4cb1770-b3c7-4f6b-ba11-85310f2175a0 0.044s
2024-10-10 13:40:02.737 63704 INFO tempest.lib.common.rest_client [req-25111954-7ba8-4f54-984d-571fc2cb3b8c req-25111954-7ba8-4f54-984d-571fc2cb3b8c ] Request (AttachInterfacesV270Test:test_create_get_list_interfaces): 200 GET http://10.180.1.21/compute/v2.1/servers/59442c77-234c-48c2-872d-85ed9bd8cb80 0.047s
2024-10-10 13:40:02.745 63704 INFO tempest.common.waiters [-] State transition "BUILD/block_device_mapping" ==> "BUILD/spawning" after 83 second wait
2024-10-10 13:40:02.892 63632 INFO tempest.lib.common.rest_client [req-5113f027-7d07-47b6-894b-4de8f36eab08 req-5113f027-7d07-47b6-894b-4de8f36eab08 ] Request (SecurityGroupsTestJSON:test_list_security_groups_by_server): 200 GET http://10.180.1.21/compute/v2.1/servers/69651fab-08a7-4832-8c91-2fa01d186860 0.047s
2024-10-10 13:40:02.970 63713 INFO tempest.lib.common.rest_client [req-0cfa6204-7804-482d-bc14-10632185c975 req-0cfa6204-7804-482d-bc14-10632185c975 ] Request (FloatingIPsAssociationTestJSON:setUpClass): 200 GET http://10.180.1.21/compute/v2.1/servers/b24d095a-6814-413b-bf89-511e22df740f 0.049s
2024-10-10 13:40:02.975 63690 INFO tempest.lib.common.rest_client [req-7a8cac27-0d43-4c87-bf70-82d14bf19515 req-7a8cac27-0d43-4c87-bf70-82d14bf19515 ] Request (ListServersNegativeTestJSON:setUpClass): 200 GET http://10.180.1.21/compute/v2.1/servers/f632d71d-498f-4914-9895-8f37187a295f 0.048s
2024-10-10 13:40:02.976 63713 INFO tempest.common.waiters [-] State transition "BUILD/None" ==> "BUILD/networking" after 83 second wait
2024-10-10 13:40:03.032 63686 INFO tempest.lib.common.rest_client [req-e5f64880-0349-4a6b-8c4c-4947a16223be req-e5f64880-0349-4a6b-8c4c-4947a16223be ] Request (InstanceActionsNegativeTestJSON:setUpClass): 200 GET http://10.180.1.21/compute/v2.1/servers/702be472-a4bc-4089-94de-4355ee00684a 0.053s
2024-10-10 13:40:03.034 63620 INFO tempest.lib.common.rest_client [req-e7ac0f60-bde5-43f9-b465-cb9481410dfb req-e7ac0f60-bde5-43f9-b465-cb9481410dfb ] Request (VolumesAdminNegativeTest:test_update_attached_volume_with_nonexistent_volume_in_body): 200 GET http://10.180.1.21/compute/v2.1/servers/3e7b9a60-9e4b-46e3-adf9-7337dc7d2171 0.047s
2024-10-10 13:40:03.078 63692 INFO tempest.lib.common.rest_client [req-e353be92-56b2-41ee-b08a-8f784242d1f8 req-e353be92-56b2-41ee-b08a-8f784242d1f8 ] Request (ListServerFiltersTestJSON:setUpClass): 200 GET http://10.180.1.21/compute/v2.1/servers/c0fd1999-346d-4c12-9b8c-ab7e21ec4227 0.043s
2024-10-10 13:40:03.091 63627 INFO tempest.lib.common.rest_client [req-4001a71c-c09c-4aa0-8c58-b5cf7b603efc req-4001a71c-c09c-4aa0-8c58-b5cf7b603efc ] Request (AttachVolumeShelveTestJSON:test_attach_volume_shelved_or_offload_server): 200 GET http://10.180.1.21/compute/v2.1/servers/d76a008c-9bd9-420b-873d-4f7d7f25b8ca 0.045s
2024-10-10 13:40:03.120 63678 INFO tempest.lib.common.rest_client [req-517ed3bb-559c-4906-b494-fe63b01f0fc7 req-517ed3bb-559c-4906-b494-fe63b01f0fc7 ] Request (ServerRescueTestJSONUnderV235:setUpClass): 200 GET http://10.180.1.21/compute/v2.1/servers/e3dd6d5e-2b80-4724-9826-6ebfb8181c3b 0.041s
2024-10-10 13:40:03.150 63688 INFO tempest.lib.common.rest_client [req-44534cda-d30a-412e-9ee4-e414eb32eb08 req-44534cda-d30a-412e-9ee4-e414eb32eb08 ] Request (ServerActionsTestJSON:setUpClass): 200 GET http://10.180.1.21/compute/v2.1/servers/8c78df16-faf1-4007-8492-bdc7cbfc608a 0.043s
2024-10-10 13:40:03.181 63654 INFO tempest.lib.common.rest_client [req-1e48f708-a75e-461e-90ed-26d20304ec8e req-1e48f708-a75e-461e-90ed-26d20304ec8e ] Request (ImagesTestJSON:test_create_image_from_stopped_server): 200 GET http://10.180.1.21/compute/v2.1/servers/0de234c4-1b8d-4b9f-8d32-cbf2b17f2d48 0.045s
2024-10-10 13:40:03.199 63614 INFO tempest.lib.common.rest_client [req-1669e2f6-a623-46af-b31f-3f3564915007 req-1669e2f6-a623-46af-b31f-3f3564915007 ] Request (ServerShowV254Test:test_rebuild_server): 200 GET http://10.180.1.21/compute/v2.1/servers/99d00df2-6bf3-4ffe-b77d-f44ada631c8b 0.043s
2024-10-10 13:40:03.240 63694 INFO tempest.lib.common.rest_client [req-75483278-e114-483d-aecd-f7e67889924e req-75483278-e114-483d-aecd-f7e67889924e ] Request (ServerMetadataNegativeTestJSON:setUpClass): 200 GET http://10.180.1.21/compute/v2.1/servers/0c55e7b9-cb53-4525-8524-4ef62a51a89f 0.046s
2024-10-10 13:40:03.256 63708 INFO tempest.lib.common.rest_client [req-c57bab6a-ef43-48c4-8a31-aaab6571e485 req-c57bab6a-ef43-48c4-8a31-aaab6571e485 ] Request (ServersTestBootFromVolume:setUpClass): 200 GET http://10.180.1.21/compute/v2.1/servers/601f72f4-05bc-4d73-9b57-612cad2d8c62 0.045s
2024-10-10 13:40:03.300 63658 INFO tempest.lib.common.rest_client [req-d313114d-c94e-45bd-966e-af66bcaadc00 req-d313114d-c94e-45bd-966e-af66bcaadc00 ] Request (AttachInterfacesTestJSON:test_create_list_show_delete_interfaces_by_fixed_ip): 200 GET http://10.180.1.21/compute/v2.1/servers/6d47c52c-c1fb-4ade-a3ba-dc393716eb79 0.047s
2024-10-10 13:40:03.317 63696 INFO tempest.lib.common.rest_client [req-ad43e609-0716-4741-95e5-827ed9a0c8ad req-ad43e609-0716-4741-95e5-827ed9a0c8ad ] Request (MigrationsAdminTest:test_resize_server_revert_deleted_flavor): 200 GET http://10.180.1.21/compute/v2.1/servers/6a80e0c1-2088-4de3-9032-d05ff48c3fcb 0.047s
2024-10-10 13:40:03.357 63680 INFO tempest.lib.common.rest_client [req-a709e9b5-1525-4169-b12d-60267f776665 req-a709e9b5-1525-4169-b12d-60267f776665 ] Request (ServerActionsTestOtherA:setUpClass): 200 GET http://10.180.1.21/compute/v2.1/servers/c79aa3d1-bbca-45cf-9f29-40a2720c4437 0.046s
2024-10-10 13:40:03.376 63624 INFO tempest.lib.common.rest_client [req-31722858-d023-4d30-b547-ab9b79ec0cea req-31722858-d023-4d30-b547-ab9b79ec0cea ] Request (ListImageFiltersTestJSON:setUpClass): 200 GET http://10.180.1.21/compute/v2.1/servers/76e02181-1ccd-43f9-9aaa-cf1918691705 0.045s
2024-10-10 13:40:03.417 63682 INFO tempest.lib.common.rest_client [req-17d3e485-4b55-4956-a610-a614e8319b61 req-17d3e485-4b55-4956-a610-a614e8319b61 ] Request (AttachInterfacesUnderV243Test:test_add_remove_fixed_ip): 200 GET http://10.180.1.21/compute/v2.1/servers/c590bbfe-1ab8-4e7a-a3aa-89e1f579d756 0.047s
2024-10-10 13:40:03.616 63630 INFO tempest.lib.common.rest_client [req-e3f465e9-4f5c-4bdf-981d-54d1f87f044c req-e3f465e9-4f5c-4bdf-981d-54d1f87f044c ] Request (InstanceActionsV221TestJSON:test_get_list_deleted_instance_actions): 200 GET http://10.180.1.21/compute/v2.1/servers/18327b62-d022-45e5-9ab0-71791491e61f 0.227s
2024-10-10 13:40:03.635 63700 INFO tempest.lib.common.rest_client [req-a0789a57-8ad2-416a-b49d-bb155ba62a3b req-a0789a57-8ad2-416a-b49d-bb155ba62a3b ] Request (ServersTestMultiNic:test_verify_multiple_nics_order): 200 GET http://10.180.1.21/compute/v2.1/servers/2edbeef4-be3b-4a1d-8895-8410b71b6b18 0.193s
2024-10-10 13:40:03.677 63714 INFO tempest.lib.common.rest_client [req-c07f9b49-7464-426f-a13c-23849fb459e2 req-c07f9b49-7464-426f-a13c-23849fb459e2 ] Request (ServerActionsV293TestJSON:setUpClass): 200 GET http://10.180.1.21/compute/v2.1/servers/1a57a23c-3b9d-4b6b-ae0b-4b12340e96e5 0.234s
2024-10-10 13:40:03.691 63636 INFO tempest.lib.common.rest_client [req-244c76e7-43c1-411c-9f67-0d5bf75ee8f7 req-244c76e7-43c1-411c-9f67-0d5bf75ee8f7 ] Request (ServersAdminTestJSON:setUpClass): 200 GET http://10.180.1.21/compute/v2.1/servers/b56238f3-3507-49e0-8630-5f5a093c1101 0.201s
2024-10-10 13:40:03.734 63647 INFO tempest.lib.common.rest_client [req-9c5f567c-b3b7-4f93-929d-a76ccffa1a0e req-9c5f567c-b3b7-4f93-929d-a76ccffa1a0e ] Request (ServerAddressesTestJSON:setUpClass): 200 GET http://10.180.1.21/compute/v2.1/servers/f6d62d1b-0333-40ac-92e8-a798e58d495c 0.240s
2024-10-10 13:40:03.748 63640 INFO tempest.lib.common.rest_client [req-930c05a0-50f1-40a2-b4ca-08de4134b01e req-930c05a0-50f1-40a2-b4ca-08de4134b01e ] Request (ServersTestFqdnHostnames:test_create_server_with_fqdn_name): 200 GET http://10.180.1.21/compute/v2.1/servers/2dc02ba1-e8d9-42de-9a99-dbdbf53e39e3 0.206s
2024-10-10 13:40:03.793 63706 INFO tempest.lib.common.rest_client [req-a8148847-134f-4f7b-914f-a515fce0d5fe req-a8148847-134f-4f7b-914f-a515fce0d5fe ] Request (ServerRescueNegativeTestJSON:setUpClass): 200 GET http://10.180.1.21/compute/v2.1/servers/e7a4d56b-f785-44b4-acb3-6390a4bad83c 0.240s
2024-10-10 13:40:03.798 63684 INFO tempest.lib.common.rest_client [req-e2587be1-835b-410f-9d38-bbacc38ce63d req-e2587be1-835b-410f-9d38-bbacc38ce63d ] Request (ServerDiskConfigTestJSON:test_rebuild_server_with_auto_disk_config): 200 GET http://10.180.1.21/compute/v2.1/servers/1f898bd4-0b80-48c1-9e7c-8948f4b19c0c 0.196s
2024-10-10 13:40:03.845 63642 INFO tempest.lib.common.rest_client [req-a8798975-a876-448d-a15b-19d1a355cac4 req-a8798975-a876-448d-a15b-19d1a355cac4 ] Request (DeleteServersTestJSON:test_delete_server_while_in_attached_volume): 200 GET http://10.180.1.21/compute/v2.1/servers/c4cb1770-b3c7-4f6b-ba11-85310f2175a0 0.149s
2024-10-10 13:40:03.852 63710 INFO tempest.lib.common.rest_client [req-7cf14529-800a-44ff-8309-954f6e6b8f5f req-7cf14529-800a-44ff-8309-954f6e6b8f5f ] Request (InstanceActionsTestJSON:setUpClass): 200 GET http://10.180.1.21/compute/v2.1/servers/8e39c8ef-103a-45f4-8630-bfd51b38445d 0.243s
2024-10-10 13:40:03.894 63704 INFO tempest.lib.common.rest_client [req-f4920c34-7b2a-4a02-8535-257a1a5d33ea req-f4920c34-7b2a-4a02-8535-257a1a5d33ea ] Request (AttachInterfacesV270Test:test_create_get_list_interfaces): 200 GET http://10.180.1.21/compute/v2.1/servers/59442c77-234c-48c2-872d-85ed9bd8cb80 0.148s
