2024-12-24 14:07:07.854 66959 INFO tempest.lib.common.rest_client [req-6a1ed501-0b5b-43ab-86eb-db1f49aca087 req-6a1ed501-0b5b-43ab-86eb-db1f49aca087 ] Request (FloatingIPsAssociationTestJSON:test_associate_already_associated_floating_ip): 200 GET http://10.180.1.21/compute/v2.1/servers/45bf79c4-2f13-4989-846d-0db27325bef3 0.089s
2024-12-24 14:07:07.874 66970 INFO tempest.lib.common.rest_client [req-978cf8cb-d4fa-48ad-b3d0-55eb8b777943 req-978cf8cb-d4fa-48ad-b3d0-55eb8b777943 ] Request (AttachVolumeTestJSON:test_attach_detach_volume): 200 GET http://10.180.1.21/compute/v2.1/servers/0cf548fd-816b-4da6-bd20-35fbc8577866 0.094s
2024-12-24 14:07:07.875 66963 INFO tempest.lib.common.rest_client [req-ee0a8f0f-4f36-40a2-87d9-ab74035df859 req-ee0a8f0f-4f36-40a2-87d9-ab74035df859 ] Request (ServerRescueNegativeTestJSON:setUpClass): 201 POST http://10.180.1.21/identity/v3/auth/tokens 0.077s
2024-12-24 14:07:07.904 66963 INFO tempest.lib.common.rest_client [req-8412ba99-f509-4dd9-b646-7c85861fb57c req-8412ba99-f509-4dd9-b646-7c85861fb57c ] Request (ServerRescueNegativeTestJSON:setUpClass): 201 POST http://10.180.1.21/identity/v3/auth/tokens 0.027s
2024-12-24 14:07:07.914 66979 INFO tempest.lib.common.rest_client [req-aaaddb9a-9ad1-4d05-b8ed-dd2ae2c61db2 req-aaaddb9a-9ad1-4d05-b8ed-dd2ae2c61db2 ] Request (ServerGroupTestJSON:test_create_server_with_scheduler_hint_group): 200 GET http://10.180.1.21/compute/v2.1/servers/26aa5363-8676-45bf-8b17-185321d4da32 0.085s
2024-12-24 14:07:07.934 66963 INFO tempest.lib.common.rest_client [req-be2aecae-a4c8-4422-a2c0-89b06c16565f req-be2aecae-a4c8-4422-a2c0-89b06c16565f ] Request (ServerRescueNegativeTestJSON:setUpClass): 200 GET http://10.180.1.21/identity/v3/domains?name=Default 0.029s
2024-12-24 14:07:07.936 66965 INFO tempest.lib.common.rest_client [req-e56149f9-1098-44db-b1f8-01bb3cee23c0 req-e56149f9-1098-44db-b1f8-01bb3cee23c0 ] Request (ServersV294TestFqdnHostnames:setUpClass): 200 GET http://10.180.1.21/compute/v2.1/servers/1ac84b7c-aff6-497f-941d-99e16550431c 0.073s
2024-12-24 14:07:07.968 66945 INFO tempest.lib.common.rest_client [req-04e961a2-d92a-4e0e-b8c4-8d7605935d71 req-04e961a2-d92a-4e0e-b8c4-8d7605935d71 ] Request (ServersTestJSON:test_create_server_with_ipv6_addr_only): 200 GET http://10.180.1.21/compute/v2.1/servers/a00a34e1-196f-4773-8073-ce917d48651b 0.086s
2024-12-24 14:07:07.969 66963 INFO tempest.lib.common.rest_client [req-54e39fa7-1de7-40a9-9178-422b1f73c7c3 req-54e39fa7-1de7-40a9-9178-422b1f73c7c3 ] Request (ServerRescueNegativeTestJSON:setUpClass): 201 POST http://10.180.1.21/identity/v3/projects 0.035s
2024-12-24 14:07:07.998 66975 INFO tempest.lib.common.rest_client [req-ebed2ac6-1cf4-4371-937f-dc84f9ecf99b req-ebed2ac6-1cf4-4371-937f-dc84f9ecf99b ] Request (ServerRescueTestJSON:setUpClass): 200 GET http://10.180.1.21/compute/v2.1/servers/556a65af-889d-4150-bd0d-2822964227e4 0.065s
2024-12-24 14:07:08.028 66963 INFO tempest.lib.common.rest_client [req-46aac0e0-f318-49d5-a4c7-28ef40d93479 req-46aac0e0-f318-49d5-a4c7-28ef40d93479 ] Request (ServerRescueNegativeTestJSON:setUpClass): 201 POST http://10.180.1.21/identity/v3/users 0.058s
2024-12-24 14:07:08.039 67001 INFO tempest.lib.common.rest_client [req-6c88e0aa-ca7d-41e8-a7f4-d4a9ce5c0c8f req-6c88e0aa-ca7d-41e8-a7f4-d4a9ce5c0c8f ] Request (ImagesOneServerTestJSON:setUpClass): 200 GET http://10.180.1.21/compute/v2.1/servers/92ff7c21-e2c6-4d85-aa12-e41672929eda 0.057s
2024-12-24 14:07:08.049 66963 INFO tempest.lib.common.rest_client [req-f9c9662b-f335-4055-b836-c794d69049bc req-f9c9662b-f335-4055-b836-c794d69049bc ] Request (ServerRescueNegativeTestJSON:setUpClass): 200 GET http://10.180.1.21/identity/v3/roles 0.021s
2024-12-24 14:07:08.069 66998 INFO tempest.lib.common.rest_client [req-37ba8fd2-a34a-4c50-abc2-79ff4eef132c req-37ba8fd2-a34a-4c50-abc2-79ff4eef132c ] Request (ImagesTestJSON:test_create_image_from_suspended_server): 200 GET http://10.180.1.21/compute/v2.1/servers/30c00475-3e93-45d4-9dbf-ff6fe81b09aa 0.048s
2024-12-24 14:07:08.083 66963 INFO tempest.lib.common.rest_client [req-c00d1b09-cd67-4297-93bf-da1555e75b20 req-c00d1b09-cd67-4297-93bf-da1555e75b20 ] Request (ServerRescueNegativeTestJSON:setUpClass): 204 PUT http://10.180.1.21/identity/v3/projects/6b7e2eb33c9347929b89d7156c69f536/users/e2e3f33a5c434bb693694d22dcf3daaa/roles/bbffd1a3a1124de5a99c8b805ebd41ed 0.034s
2024-12-24 14:07:08.083 66963 INFO tempest.lib.common.dynamic_creds [-] Dynamic test user e2e3f33a5c434bb693694d22dcf3daaa is created with scope project and roles: ['member']
2024-12-24 14:07:08.084 66963 INFO tempest.lib.common.dynamic_creds [-] Acquired dynamic creds: credentials: Credentials: {'domain_id': 'default', 'domain_name': 'Default', 'username': 'tempest-ServerRescueNegativeTestJSON-1574242844-project-member', 'project_domain_id': 'default', 'project_domain_name': 'Default', 'project_id': '6b7e2eb33c9347929b89d7156c69f536', 'project_name': 'tempest-ServerRescueNegativeTestJSON-1574242844', 'tenant_id': '6b7e2eb33c9347929b89d7156c69f536', 'tenant_name': 'tempest-ServerRescueNegativeTestJSON-1574242844', 'user_domain_id': 'default', 'user_domain_name': 'Default', 'user_id': 'e2e3f33a5c434bb693694d22dcf3daaa', 'system': None}, Network: None, Subnet: None, Router: None
2024-12-24 14:07:08.104 67006 INFO tempest.lib.common.rest_client [req-4f6c089b-5880-4fe3-897e-8887bf0b1332 req-4f6c089b-5880-4fe3-897e-8887bf0b1332 ] Request (ServerDiagnosticsV248Test:test_get_server_diagnostics): 200 GET http://10.180.1.21/compute/v2.1/servers/89553d85-1b06-45e3-b3d1-24a869612b8a 0.056s
2024-12-24 14:07:08.111 66989 INFO tempest.lib.common.rest_client [req-de8bc490-b5fb-448a-8989-0dc298515e21 req-de8bc490-b5fb-448a-8989-0dc298515e21 ] Request (ServersAdminTestJSON:setUpClass): 200 GET http://10.180.1.21/compute/v2.1/servers/ede9cc61-2c36-4b7a-ae64-3b67604931f0 0.045s
2024-12-24 14:07:08.143 66963 INFO tempest.lib.common.rest_client [req-1c94f096-9ae7-4928-a45b-1e5168f83e33 req-1c94f096-9ae7-4928-a45b-1e5168f83e33 ] Request (ServerRescueNegativeTestJSON:setUpClass): 201 POST http://10.180.1.21/identity/v3/auth/tokens 0.059s
2024-12-24 14:07:08.156 66993 INFO tempest.lib.common.rest_client [req-63c25581-a21a-4d05-9319-91a22d842567 req-63c25581-a21a-4d05-9319-91a22d842567 ] Request (SecurityGroupsTestJSON:test_list_security_groups_by_server): 200 GET http://10.180.1.21/compute/v2.1/servers/e33ac3cc-493e-4d11-9f4d-7984e56d3d7c 0.059s
2024-12-24 14:07:08.238 66995 INFO tempest.lib.common.rest_client [req-d6475cb3-c79e-4630-937b-ada6382243eb req-d6475cb3-c79e-4630-937b-ada6382243eb ] Request (ServerDiagnosticsTest:tearDownClass): 200 GET http://10.180.1.21/compute/v2.1/servers/2c3e5eec-54fd-4e4b-b441-5cc7fe5a33b4 0.069s
2024-12-24 14:07:08.248 66973 INFO tempest.lib.common.rest_client [req-287e1b6e-e9f6-41f9-b577-42fce9d7fc93 req-287e1b6e-e9f6-41f9-b577-42fce9d7fc93 ] Request (ImagesOneServerNegativeTestJSON:_run_cleanups): 200 GET http://10.180.1.21/compute/v2.1/servers/bf6f1480-abc9-4028-beaa-75f271edd36a 0.078s
2024-12-24 14:07:08.325 66947 INFO tempest.lib.common.rest_client [req-00c1dbf9-94bd-4a43-a842-abc738e35799 req-00c1dbf9-94bd-4a43-a842-abc738e35799 ] Request (ServersAdmin275Test:tearDownClass): 200 GET http://10.180.1.21/compute/v2.1/servers/1641f8a7-84ff-4c9a-b612-923c20d6526e 0.071s
2024-12-24 14:07:08.407 66963 INFO tempest.lib.common.rest_client [req-df0b5a87-4a2d-4886-802e-e49dd6ac2cad req-df0b5a87-4a2d-4886-802e-e49dd6ac2cad ] Request (ServerRescueNegativeTestJSON:setUpClass): 201 POST http://10.180.1.21:9696/networking/v2.0/networks 0.263s
2024-12-24 14:07:08.547 66963 INFO tempest.lib.common.rest_client [req-b09877ac-9b99-4a31-905f-31f18777b591 req-b09877ac-9b99-4a31-905f-31f18777b591 ] Request (ServerRescueNegativeTestJSON:setUpClass): 201 POST http://10.180.1.21:9696/networking/v2.0/subnets 0.139s
2024-12-24 14:07:08.657 66961 INFO tempest.lib.common.rest_client [req-4d2ff891-ee11-4515-8aba-4b464175d5f1 req-4d2ff891-ee11-4515-8aba-4b464175d5f1 ] Request (FloatingIPsAssociationNegativeTestJSON:setUpClass): 200 GET http://10.180.1.21/compute/v2.1/servers/f947b843-3d51-4720-9797-4c5859c4d630 0.061s
2024-12-24 14:07:08.679 66949 INFO tempest.lib.common.rest_client [req-e29baee1-dec8-455e-b09d-b6892d0b220e req-e29baee1-dec8-455e-b09d-b6892d0b220e ] Request (MigrationsAdminTest:test_list_migrations_in_flavor_resize_situation): 200 GET http://10.180.1.21/compute/v2.1/servers/f8a7a431-66a3-4ecb-a701-5d53e24b28fa 0.145s
2024-12-24 14:07:08.744 66957 INFO tempest.lib.common.rest_client [req-782f427e-e9aa-4116-99fd-197f1dc6f171 req-782f427e-e9aa-4116-99fd-197f1dc6f171 ] Request (DeleteServersAdminTestJSON:test_delete_server_while_in_error_state): 200 GET http://10.180.1.21/compute/v2.1/servers/758383d9-21ae-4d18-8c5c-c9be255b12b6 0.095s
2024-12-24 14:07:08.798 66971 INFO tempest.lib.common.rest_client [req-6c63753b-296f-4581-b2c6-485ffaa6b915 req-6c63753b-296f-4581-b2c6-485ffaa6b915 ] Request (ListImageFiltersTestJSON:setUpClass): 200 GET http://10.180.1.21/compute/v2.1/servers/eee0885a-ab69-431c-ab0b-3c4ce5067305 0.109s
2024-12-24 14:07:08.847 66983 INFO tempest.lib.common.rest_client [req-c5c294eb-b8d1-4c91-9531-9ed1c0140e48 req-c5c294eb-b8d1-4c91-9531-9ed1c0140e48 ] Request (ServerDiskConfigTestJSON:test_rebuild_server_with_auto_disk_config): 200 GET http://10.180.1.21/compute/v2.1/servers/3b8acb23-1bed-432f-b70e-18a1301fb99c 0.138s
2024-12-24 14:07:08.864 66977 INFO tempest.lib.common.rest_client [req-5a00a33e-f6ff-4150-a2bd-a8eceafffb07 req-5a00a33e-f6ff-4150-a2bd-a8eceafffb07 ] Request (ListServersNegativeTestJSON:setUpClass): 200 GET http://10.180.1.21/compute/v2.1/servers/0a8b973e-5534-4856-b85d-7d503325ce4d 0.232s
2024-12-24 14:07:08.898 66985 INFO tempest.lib.common.rest_client [req-bdff898f-dfaa-4053-abf0-c2a7a528b0d3 req-bdff898f-dfaa-4053-abf0-c2a7a528b0d3 ] Request (ServersTestBootFromVolume:setUpClass): 200 GET http://10.180.1.21/compute/v2.1/servers/ab653e12-3d2f-45ee-a3bc-13b670f26e75 0.158s
2024-12-24 14:07:08.908 66955 INFO tempest.lib.common.rest_client [req-304c62b5-e371-4c1a-a86c-4ff7baadf9e2 req-304c62b5-e371-4c1a-a86c-4ff7baadf9e2 ] Request (ListServerFiltersTestJSON:setUpClass): 200 GET http://10.180.1.21/compute/v2.1/servers/c2657800-ac10-4f71-bf86-2b5b95c65a06 0.138s
2024-12-24 14:07:08.952 66951 INFO tempest.lib.common.rest_client [req-1f606000-20cf-4194-8094-19393f4761ba req-1f606000-20cf-4194-8094-19393f4761ba ] Request (VolumesAdminNegativeTest:test_update_attached_volume_with_nonexistent_volume_in_body): 200 GET http://10.180.1.21/compute/v2.1/servers/09d1606b-7a4b-4475-b4c6-7ebc0d7876ae 0.155s
2024-12-24 14:07:09.005 66959 INFO tempest.lib.common.rest_client [req-49726fc5-feb4-40a5-b132-d64249f1736a req-49726fc5-feb4-40a5-b132-d64249f1736a ] Request (FloatingIPsAssociationTestJSON:test_associate_already_associated_floating_ip): 200 GET http://10.180.1.21/compute/v2.1/servers/45bf79c4-2f13-4989-846d-0db27325bef3 0.143s
2024-12-24 14:07:09.027 66953 INFO tempest.lib.common.rest_client [req-4c7c90a0-14e2-4853-ae31-cc74861a32b2 req-4c7c90a0-14e2-4853-ae31-cc74861a32b2 ] Request (ServersAdminNegativeTestJSON:setUpClass): 200 GET http://10.180.1.21/compute/v2.1/servers/fdba39e2-1d58-49e5-98b1-a8856d41ea3a 0.200s
2024-12-24 14:07:09.033 66953 INFO tempest.common.waiters [-] State transition "BUILD/networking" ==> "BUILD/spawning" after 42 second wait
2024-12-24 14:07:09.055 66970 INFO tempest.lib.common.rest_client [req-eb48bbd2-cefb-423e-b8a6-33e80f75cecb req-eb48bbd2-cefb-423e-b8a6-33e80f75cecb ] Request (AttachVolumeTestJSON:test_attach_detach_volume): 200 GET http://10.180.1.21/compute/v2.1/servers/0cf548fd-816b-4da6-bd20-35fbc8577866 0.172s
2024-12-24 14:07:09.078 66979 INFO tempest.lib.common.rest_client [req-6f89345a-d69a-449c-a990-9583febda8ac req-6f89345a-d69a-449c-a990-9583febda8ac ] Request (ServerGroupTestJSON:test_create_server_with_scheduler_hint_group): 200 GET http://10.180.1.21/compute/v2.1/servers/26aa5363-8676-45bf-8b17-185321d4da32 0.156s
2024-12-24 14:07:09.113 66965 INFO tempest.lib.common.rest_client [req-5d74fd21-13e0-461f-8801-71aaefbe1789 req-5d74fd21-13e0-461f-8801-71aaefbe1789 ] Request (ServersV294TestFqdnHostnames:setUpClass): 200 GET http://10.180.1.21/compute/v2.1/servers/1ac84b7c-aff6-497f-941d-99e16550431c 0.159s
2024-12-24 14:07:09.132 66945 INFO tempest.lib.common.rest_client [req-5eadb161-b9f9-4b0e-a8a2-865172286ecf req-5eadb161-b9f9-4b0e-a8a2-865172286ecf ] Request (ServersTestJSON:test_create_server_with_ipv6_addr_only): 200 GET http://10.180.1.21/compute/v2.1/servers/a00a34e1-196f-4773-8073-ce917d48651b 0.153s
2024-12-24 14:07:09.164 66975 INFO tempest.lib.common.rest_client [req-0646ab9e-dbc7-44a7-9347-99ec3cfe5d4b req-0646ab9e-dbc7-44a7-9347-99ec3cfe5d4b ] Request (ServerRescueTestJSON:setUpClass): 200 GET http://10.180.1.21/compute/v2.1/servers/556a65af-889d-4150-bd0d-2822964227e4 0.157s
2024-12-24 14:07:09.183 67001 INFO tempest.lib.common.rest_client [req-138a843b-c78f-4ad1-b914-82dc4991d7c0 req-138a843b-c78f-4ad1-b914-82dc4991d7c0 ] Request (ImagesOneServerTestJSON:setUpClass): 200 GET http://10.180.1.21/compute/v2.1/servers/92ff7c21-e2c6-4d85-aa12-e41672929eda 0.137s
2024-12-24 14:07:09.210 66998 INFO tempest.lib.common.rest_client [req-0113eef7-68b3-4917-a328-c033e51d6cef req-0113eef7-68b3-4917-a328-c033e51d6cef ] Request (ImagesTestJSON:test_create_image_from_suspended_server): 200 GET http://10.180.1.21/compute/v2.1/servers/30c00475-3e93-45d4-9dbf-ff6fe81b09aa 0.134s
2024-12-24 14:07:09.231 67006 INFO tempest.lib.common.rest_client [req-4ae3058c-25a5-4242-a7cc-cc762d6a8a20 req-4ae3058c-25a5-4242-a7cc-cc762d6a8a20 ] Request (ServerDiagnosticsV248Test:test_get_server_diagnostics): 200 GET http://10.180.1.21/compute/v2.1/servers/89553d85-1b06-45e3-b3d1-24a869612b8a 0.115s
2024-12-24 14:07:09.256 66989 INFO tempest.lib.common.rest_client [req-fd3c6b78-c88d-4dd2-8d33-118be0d24988 req-fd3c6b78-c88d-4dd2-8d33-118be0d24988 ] Request (ServersAdminTestJSON:setUpClass): 200 GET http://10.180.1.21/compute/v2.1/servers/ede9cc61-2c36-4b7a-ae64-3b67604931f0 0.138s
2024-12-24 14:07:09.285 66993 INFO tempest.lib.common.rest_client [req-f7715db3-8f80-4856-a5cd-1751bf7697c0 req-f7715db3-8f80-4856-a5cd-1751bf7697c0 ] Request (SecurityGroupsTestJSON:test_list_security_groups_by_server): 200 GET http://10.180.1.21/compute/v2.1/servers/e33ac3cc-493e-4d11-9f4d-7984e56d3d7c 0.121s
2024-12-24 14:07:09.326 66995 INFO tempest.lib.common.rest_client [req-45b75365-9652-4ae2-a0f8-688460ae593a req-45b75365-9652-4ae2-a0f8-688460ae593a ] Request (ServerDiagnosticsTest:tearDownClass): 200 GET http://10.180.1.21/compute/v2.1/servers/2c3e5eec-54fd-4e4b-b441-5cc7fe5a33b4 0.076s
2024-12-24 14:07:09.344 66973 INFO tempest.lib.common.rest_client [req-3ec3b292-067f-4a58-a90e-2cddbd908e09 req-3ec3b292-067f-4a58-a90e-2cddbd908e09 ] Request (ImagesOneServerNegativeTestJSON:_run_cleanups): 200 GET http://10.180.1.21/compute/v2.1/servers/bf6f1480-abc9-4028-beaa-75f271edd36a 0.087s
2024-12-24 14:07:09.382 66963 INFO tempest.lib.common.rest_client [req-51ff3629-502f-4a9a-9ef3-55d63d4e8aa1 req-51ff3629-502f-4a9a-9ef3-55d63d4e8aa1 ] Request (ServerRescueNegativeTestJSON:setUpClass): 201 POST http://10.180.1.21:9696/networking/v2.0/routers 0.834s
2024-12-24 14:07:09.400 66947 INFO tempest.lib.common.rest_client [req-2d8eb7ea-5b97-4626-9cee-2193370dc458 req-2d8eb7ea-5b97-4626-9cee-2193370dc458 ] Request (ServersAdmin275Test:tearDownClass): 200 GET http://10.180.1.21/compute/v2.1/servers/1641f8a7-84ff-4c9a-b612-923c20d6526e 0.063s
2024-12-24 14:07:09.421 66981 WARNING tempest.lib.common.ssh [-] Failed to establish authenticated ssh connection to cirros@10.180.180.191 ([Errno None] Unable to connect to port 22 on 10.180.180.191). Number attempts: 6. Retry after 7 seconds.: paramiko.ssh_exception.NoValidConnectionsError: [Errno None] Unable to connect to port 22 on 10.180.180.191
2024-12-24 14:07:09.677 67003 WARNING tempest.lib.common.ssh [-] Failed to establish authenticated ssh connection to cirros@10.180.180.206 ([Errno None] Unable to connect to port 22 on 10.180.180.206). Number attempts: 3. Retry after 4 seconds.: paramiko.ssh_exception.NoValidConnectionsError: [Errno None] Unable to connect to port 22 on 10.180.180.206
2024-12-24 14:07:09.745 66961 INFO tempest.lib.common.rest_client [req-296f0825-bf23-4afb-8196-c6e212678265 req-296f0825-bf23-4afb-8196-c6e212678265 ] Request (FloatingIPsAssociationNegativeTestJSON:setUpClass): 200 GET http://10.180.1.21/compute/v2.1/servers/f947b843-3d51-4720-9797-4c5859c4d630 0.078s
2024-12-24 14:07:09.806 66957 INFO tempest.lib.common.rest_client [req-46dda1c3-6044-4e42-99d4-a255c8d5910b req-46dda1c3-6044-4e42-99d4-a255c8d5910b ] Request (DeleteServersAdminTestJSON:test_delete_server_while_in_error_state): 200 GET http://10.180.1.21/compute/v2.1/servers/758383d9-21ae-4d18-8c5c-c9be255b12b6 0.055s
2024-12-24 14:07:09.838 66949 INFO tempest.lib.common.rest_client [req-45ec6e98-54af-483c-b0bf-ee4f3055b6d5 req-45ec6e98-54af-483c-b0bf-ee4f3055b6d5 ] Request (MigrationsAdminTest:test_list_migrations_in_flavor_resize_situation): 200 GET http://10.180.1.21/compute/v2.1/servers/f8a7a431-66a3-4ecb-a701-5d53e24b28fa 0.151s
2024-12-24 14:07:09.871 66971 INFO tempest.lib.common.rest_client [req-5a66792f-f801-4ec5-b038-426c784fc848 req-5a66792f-f801-4ec5-b038-426c784fc848 ] Request (ListImageFiltersTestJSON:setUpClass): 200 GET http://10.180.1.21/compute/v2.1/servers/eee0885a-ab69-431c-ab0b-3c4ce5067305 0.061s
2024-12-24 14:07:09.942 66983 INFO tempest.lib.common.rest_client [req-4aa44ded-9e05-40a8-bc50-a1324d6fcf6d req-4aa44ded-9e05-40a8-bc50-a1324d6fcf6d ] Request (ServerDiskConfigTestJSON:test_rebuild_server_with_auto_disk_config): 200 GET http://10.180.1.21/compute/v2.1/servers/3b8acb23-1bed-432f-b70e-18a1301fb99c 0.086s
2024-12-24 14:07:10.009 66985 INFO tempest.lib.common.rest_client [req-bec5d6c1-cb5a-4a1f-b754-a9a08a1aa223 req-bec5d6c1-cb5a-4a1f-b754-a9a08a1aa223 ] Request (ServersTestBootFromVolume:setUpClass): 200 GET http://10.180.1.21/compute/v2.1/servers/ab653e12-3d2f-45ee-a3bc-13b670f26e75 0.104s
2024-12-24 14:07:10.012 66977 INFO tempest.lib.common.rest_client [req-35ef62f1-65f0-42c0-b316-6d3e14843ebe req-35ef62f1-65f0-42c0-b316-6d3e14843ebe ] Request (ListServersNegativeTestJSON:setUpClass): 200 GET http://10.180.1.21/compute/v2.1/servers/0a8b973e-5534-4856-b85d-7d503325ce4d 0.140s
2024-12-24 14:07:10.104 66955 INFO tempest.lib.common.rest_client [req-40e04b01-81dc-45f5-b870-ed029a21a30c req-40e04b01-81dc-45f5-b870-ed029a21a30c ] Request (ListServerFiltersTestJSON:setUpClass): 200 GET http://10.180.1.21/compute/v2.1/servers/c2657800-ac10-4f71-bf86-2b5b95c65a06 0.187s
2024-12-24 14:07:10.111 66951 INFO tempest.lib.common.rest_client [req-e8f19075-dabf-43e4-927f-2dcad8348f9d req-e8f19075-dabf-43e4-927f-2dcad8348f9d ] Request (VolumesAdminNegativeTest:test_update_attached_volume_with_nonexistent_volume_in_body): 200 GET http://10.180.1.21/compute/v2.1/servers/09d1606b-7a4b-4475-b4c6-7ebc0d7876ae 0.151s
2024-12-24 14:07:10.169 66959 INFO tempest.lib.common.rest_client [req-a45b5885-4431-4738-8c85-222a06cd3923 req-a45b5885-4431-4738-8c85-222a06cd3923 ] Request (FloatingIPsAssociationTestJSON:test_associate_already_associated_floating_ip): 200 GET http://10.180.1.21/compute/v2.1/servers/45bf79c4-2f13-4989-846d-0db27325bef3 0.155s
2024-12-24 14:07:10.218 66970 INFO tempest.lib.common.rest_client [req-2856c4ec-b63b-494c-8d58-c2cb1f5ed694 req-2856c4ec-b63b-494c-8d58-c2cb1f5ed694 ] Request (AttachVolumeTestJSON:test_attach_detach_volume): 200 GET http://10.180.1.21/compute/v2.1/servers/0cf548fd-816b-4da6-bd20-35fbc8577866 0.156s
2024-12-24 14:07:10.245 66953 INFO tempest.lib.common.rest_client [req-60ae8474-e327-4f72-bfc1-ccc16eda2f27 req-60ae8474-e327-4f72-bfc1-ccc16eda2f27 ] Request (ServersAdminNegativeTestJSON:setUpClass): 200 GET http://10.180.1.21/compute/v2.1/servers/fdba39e2-1d58-49e5-98b1-a8856d41ea3a 0.207s
2024-12-24 14:07:10.271 66979 INFO tempest.lib.common.rest_client [req-6fa3c193-396d-4303-b219-d965dc613b79 req-6fa3c193-396d-4303-b219-d965dc613b79 ] Request (ServerGroupTestJSON:test_create_server_with_scheduler_hint_group): 200 GET http://10.180.1.21/compute/v2.1/servers/26aa5363-8676-45bf-8b17-185321d4da32 0.182s
2024-12-24 14:07:10.311 66965 INFO tempest.lib.common.rest_client [req-c5bd7624-c2e6-4c6a-885d-081c5bc262dc req-c5bd7624-c2e6-4c6a-885d-081c5bc262dc ] Request (ServersV294TestFqdnHostnames:setUpClass): 200 GET http://10.180.1.21/compute/v2.1/servers/1ac84b7c-aff6-497f-941d-99e16550431c 0.188s
2024-12-24 14:07:10.318 66945 INFO tempest.lib.common.rest_client [req-8c5e1266-bce0-4faf-a053-38fb55b68886 req-8c5e1266-bce0-4faf-a053-38fb55b68886 ] Request (ServersTestJSON:test_create_server_with_ipv6_addr_only): 200 GET http://10.180.1.21/compute/v2.1/servers/a00a34e1-196f-4773-8073-ce917d48651b 0.178s
2024-12-24 14:07:10.360 67001 INFO tempest.lib.common.rest_client [req-1a0ef04f-fa31-482e-8f1a-447b20846e94 req-1a0ef04f-fa31-482e-8f1a-447b20846e94 ] Request (ImagesOneServerTestJSON:setUpClass): 200 GET http://10.180.1.21/compute/v2.1/servers/92ff7c21-e2c6-4d85-aa12-e41672929eda 0.171s
2024-12-24 14:07:10.363 66975 INFO tempest.lib.common.rest_client [req-6e098b19-ab2b-4dec-8112-7316c42e12dd req-6e098b19-ab2b-4dec-8112-7316c42e12dd ] Request (ServerRescueTestJSON:setUpClass): 200 GET http://10.180.1.21/compute/v2.1/servers/556a65af-889d-4150-bd0d-2822964227e4 0.191s
2024-12-24 14:07:10.384 66963 INFO tempest.lib.common.rest_client [req-b5c26c2f-635e-43ab-93a6-a6057856edfe req-b5c26c2f-635e-43ab-93a6-a6057856edfe ] Request (ServerRescueNegativeTestJSON:setUpClass): 200 PUT http://10.180.1.21:9696/networking/v2.0/routers/6533d3b8-1d4a-43dc-9aa7-42f51ff9d909/add_router_interface 1.001s
2024-12-24 14:07:10.384 66963 INFO tempest.lib.common.dynamic_creds [-] Created isolated network resources for: credentials: Credentials: {'domain_id': 'default', 'domain_name': 'Default', 'username': 'tempest-ServerRescueNegativeTestJSON-1574242844-project-member', 'project_domain_id': 'default', 'project_domain_name': 'Default', 'project_id': '6b7e2eb33c9347929b89d7156c69f536', 'project_name': 'tempest-ServerRescueNegativeTestJSON-1574242844', 'tenant_id': '6b7e2eb33c9347929b89d7156c69f536', 'tenant_name': 'tempest-ServerRescueNegativeTestJSON-1574242844', 'user_domain_id': 'default', 'user_domain_name': 'Default', 'user_id': 'e2e3f33a5c434bb693694d22dcf3daaa', 'system': None}, Network: {'id': '2b50b415-507f-4ebe-927a-4d97ae468647', 'name': 'tempest-ServerRescueNegativeTestJSON-1325260645-network', 'tenant_id': '6b7e2eb33c9347929b89d7156c69f536', 'admin_state_up': True, 'mtu': 8950, 'status': 'ACTIVE', 'subnets': [], 'shared': False, 'project_id': '6b7e2eb33c9347929b89d7156c69f536', 'port_security_enabled': True, 'router:external': False, 'provider:network_type': 'vlan', 'provider:physical_network': 'default', 'provider:segmentation_id': 245, 'availability_zone_hints': [], 'availability_zones': [], 'ipv4_address_scope': None, 'ipv6_address_scope': None, 'description': '', 'tags': [], 'created_at': '2024-12-24T14:07:08Z', 'updated_at': '2024-12-24T14:07:08Z', 'revision_number': 1}, Subnet: {'id': 'e6e30056-724e-45f4-a4ee-5ba762c4b4ea', 'name': 'tempest-ServerRescueNegativeTestJSON-1325260645-subnet', 'tenant_id': '6b7e2eb33c9347929b89d7156c69f536', 'network_id': '2b50b415-507f-4ebe-927a-4d97ae468647', 'ip_version': 4, 'subnetpool_id': None, 'enable_dhcp': True, 'ipv6_ra_mode': None, 'ipv6_address_mode': None, 'gateway_ip': '192.168.128.1', 'cidr': '192.168.128.0/28', 'allocation_pools': [{'start': '192.168.128.2', 'end': '192.168.128.14'}], 'host_routes': [], 'dns_nameservers': [], 'description': '', 'router:external': False, 'service_types': [], 'tags': [], 'created_at': '2024-12-24T14:07:08Z', 'updated_at': '2024-12-24T14:07:08Z', 'revision_number': 0, 'project_id': '6b7e2eb33c9347929b89d7156c69f536'}, Router: {'id': '6533d3b8-1d4a-43dc-9aa7-42f51ff9d909', 'name': 'tempest-ServerRescueNegativeTestJSON-1325260645-router', 'tenant_id': '6b7e2eb33c9347929b89d7156c69f536', 'admin_state_up': True, 'status': 'ACTIVE', 'external_gateway_info': {'network_id': '76f7ec2b-adaf-4f79-828d-97004c5a57e2', 'external_fixed_ips': [{'subnet_id': '26a9cb8b-a005-4412-b020-d1cb3562fd3d', 'ip_address': '10.180.180.155'}], 'enable_snat': True}, 'description': '', 'availability_zones': [], 'distributed': False, 'ha': False, 'availability_zone_hints': [], 'routes': [], 'flavor_id': None, 'tags': [], 'created_at': '2024-12-24T14:07:08Z', 'updated_at': '2024-12-24T14:07:09Z', 'revision_number': 2, 'project_id': '6b7e2eb33c9347929b89d7156c69f536'}
2024-12-24 14:07:10.408 66998 INFO tempest.lib.common.rest_client [req-1c509c15-7070-4b24-b22d-72dff8553d5d req-1c509c15-7070-4b24-b22d-72dff8553d5d ] Request (ImagesTestJSON:test_create_image_from_suspended_server): 200 GET http://10.180.1.21/compute/v2.1/servers/30c00475-3e93-45d4-9dbf-ff6fe81b09aa 0.191s
2024-12-24 14:07:10.418 67006 INFO tempest.lib.common.rest_client [req-9b5539d0-f5dd-4052-b454-e3a201ba79df req-9b5539d0-f5dd-4052-b454-e3a201ba79df ] Request (ServerDiagnosticsV248Test:test_get_server_diagnostics): 200 GET http://10.180.1.21/compute/v2.1/servers/89553d85-1b06-45e3-b3d1-24a869612b8a 0.177s
2024-12-24 14:07:10.457 66989 INFO tempest.lib.common.rest_client [req-da6a31ea-9785-498a-8573-30a446b37183 req-da6a31ea-9785-498a-8573-30a446b37183 ] Request (ServersAdminTestJSON:setUpClass): 200 GET http://10.180.1.21/compute/v2.1/servers/ede9cc61-2c36-4b7a-ae64-3b67604931f0 0.194s
2024-12-24 14:07:10.467 66993 INFO tempest.lib.common.rest_client [req-181f34e4-2570-42fd-b19b-14cc53b1d1fe req-181f34e4-2570-42fd-b19b-14cc53b1d1fe ] Request (SecurityGroupsTestJSON:test_list_security_groups_by_server): 200 GET http://10.180.1.21/compute/v2.1/servers/e33ac3cc-493e-4d11-9f4d-7984e56d3d7c 0.174s
2024-12-24 14:07:10.479 66963 INFO tempest.lib.common.rest_client [req-144456bf-294f-4a9a-baa2-23f6b442be8e req-144456bf-294f-4a9a-baa2-23f6b442be8e ] Request (ServerRescueNegativeTestJSON:setUpClass): 201 POST http://10.180.1.21/identity/v3/auth/tokens 0.091s
2024-12-24 14:07:10.514 66963 INFO tempest.lib.common.rest_client [req-06993937-3093-4852-a7f9-6b12515e14bb req-06993937-3093-4852-a7f9-6b12515e14bb ] Request (ServerRescueNegativeTestJSON:setUpClass): 201 POST http://10.180.1.21/identity/v3/auth/tokens 0.031s
2024-12-24 14:07:10.514 66963 INFO tempest.lib.common.fixed_network [-] (ServerRescueNegativeTestJSON:setUpClass) Found network {'id': '2b50b415-507f-4ebe-927a-4d97ae468647', 'name': 'tempest-ServerRescueNegativeTestJSON-1325260645-network', 'tenant_id': '6b7e2eb33c9347929b89d7156c69f536', 'admin_state_up': True, 'mtu': 8950, 'status': 'ACTIVE', 'subnets': [], 'shared': False, 'project_id': '6b7e2eb33c9347929b89d7156c69f536', 'port_security_enabled': True, 'router:external': False, 'provider:network_type': 'vlan', 'provider:physical_network': 'default', 'provider:segmentation_id': 245, 'availability_zone_hints': [], 'availability_zones': [], 'ipv4_address_scope': None, 'ipv6_address_scope': None, 'description': '', 'tags': [], 'created_at': '2024-12-24T14:07:08Z', 'updated_at': '2024-12-24T14:07:08Z', 'revision_number': 1} available for tenant
2024-12-24 14:07:10.515 66995 INFO tempest.lib.common.rest_client [req-a3a61bdd-bad3-49d5-befa-2d4f6ca39040 req-a3a61bdd-bad3-49d5-befa-2d4f6ca39040 ] Request (ServerDiagnosticsTest:tearDownClass): 200 GET http://10.180.1.21/compute/v2.1/servers/2c3e5eec-54fd-4e4b-b441-5cc7fe5a33b4 0.181s
2024-12-24 14:07:10.519 66973 INFO tempest.lib.common.rest_client [req-4c53e158-ddf7-4a13-afe4-543fa01794ef req-4c53e158-ddf7-4a13-afe4-543fa01794ef ] Request (ImagesOneServerNegativeTestJSON:_run_cleanups): 200 GET http://10.180.1.21/compute/v2.1/servers/bf6f1480-abc9-4028-beaa-75f271edd36a 0.167s
2024-12-24 14:07:10.577 66947 INFO tempest.lib.common.rest_client [req-75b4c83d-e7cf-44d7-9329-3b44ab9f8725 req-75b4c83d-e7cf-44d7-9329-3b44ab9f8725 ] Request (ServersAdmin275Test:tearDownClass): 200 GET http://10.180.1.21/compute/v2.1/servers/1641f8a7-84ff-4c9a-b612-923c20d6526e 0.166s
2024-12-24 14:07:10.830 66961 INFO tempest.lib.common.rest_client [req-80c53acb-9895-4992-a0b0-2ff5d703f940 req-80c53acb-9895-4992-a0b0-2ff5d703f940 ] Request (FloatingIPsAssociationNegativeTestJSON:setUpClass): 200 GET http://10.180.1.21/compute/v2.1/servers/f947b843-3d51-4720-9797-4c5859c4d630 0.075s
2024-12-24 14:07:10.888 66957 INFO tempest.lib.common.rest_client [req-cc6de6b7-66e9-47eb-a708-134980eed627 req-cc6de6b7-66e9-47eb-a708-134980eed627 ] Request (DeleteServersAdminTestJSON:test_delete_server_while_in_error_state): 200 GET http://10.180.1.21/compute/v2.1/servers/758383d9-21ae-4d18-8c5c-c9be255b12b6 0.072s
2024-12-24 14:07:10.896 66957 INFO tempest.common.waiters [-] State transition "BUILD/scheduling" ==> "BUILD/None" after 23 second wait
2024-12-24 14:07:10.907 66963 INFO tempest.lib.common.rest_client [req-e6b1b20c-d806-4637-8665-d967fd453956 req-e6b1b20c-d806-4637-8665-d967fd453956 ] Request (ServerRescueNegativeTestJSON:setUpClass): 202 POST http://10.180.1.21/compute/v2.1/servers 0.391s
2024-12-24 14:07:10.963 66971 INFO tempest.lib.common.rest_client [req-bec15f58-8add-4b3b-8815-e8021771c156 req-bec15f58-8add-4b3b-8815-e8021771c156 ] Request (ListImageFiltersTestJSON:setUpClass): 200 GET http://10.180.1.21/compute/v2.1/servers/eee0885a-ab69-431c-ab0b-3c4ce5067305 0.080s
2024-12-24 14:07:11.003 66963 INFO tempest.lib.common.rest_client [req-e8ccfb64-ed50-4062-b161-bf37cdf28e12 req-e8ccfb64-ed50-4062-b161-bf37cdf28e12 ] Request (ServerRescueNegativeTestJSON:setUpClass): 200 GET http://10.180.1.21/compute/v2.1/servers/4f4d40e9-e62b-4a74-a51f-44b8346e6bb7 0.095s
2024-12-24 14:07:11.047 66949 INFO tempest.lib.common.rest_client [req-ca273084-e293-4855-a4f8-f8abd04a471b req-ca273084-e293-4855-a4f8-f8abd04a471b ] Request (MigrationsAdminTest:test_list_migrations_in_flavor_resize_situation): 200 GET http://10.180.1.21/compute/v2.1/servers/f8a7a431-66a3-4ecb-a701-5d53e24b28fa 0.196s
2024-12-24 14:07:11.055 66963 INFO tempest.lib.common.rest_client [req-2d92ed2a-b5dc-4b7d-b60f-d951e92161d0 req-2d92ed2a-b5dc-4b7d-b60f-d951e92161d0 ] Request (ServerRescueNegativeTestJSON:setUpClass): 201 POST http://10.180.1.21/identity/v3/auth/tokens 0.042s
2024-12-24 14:07:11.055 66963 INFO tempest.lib.common.fixed_network [-] (ServerRescueNegativeTestJSON:setUpClass) Found network {'id': '2b50b415-507f-4ebe-927a-4d97ae468647', 'name': 'tempest-ServerRescueNegativeTestJSON-1325260645-network', 'tenant_id': '6b7e2eb33c9347929b89d7156c69f536', 'admin_state_up': True, 'mtu': 8950, 'status': 'ACTIVE', 'subnets': [], 'shared': False, 'project_id': '6b7e2eb33c9347929b89d7156c69f536', 'port_security_enabled': True, 'router:external': False, 'provider:network_type': 'vlan', 'provider:physical_network': 'default', 'provider:segmentation_id': 245, 'availability_zone_hints': [], 'availability_zones': [], 'ipv4_address_scope': None, 'ipv6_address_scope': None, 'description': '', 'tags': [], 'created_at': '2024-12-24T14:07:08Z', 'updated_at': '2024-12-24T14:07:08Z', 'revision_number': 1} available for tenant
2024-12-24 14:07:11.059 66983 INFO tempest.lib.common.rest_client [req-59dd5997-31b9-4ee6-8765-e097dd2e799d req-59dd5997-31b9-4ee6-8765-e097dd2e799d ] Request (ServerDiskConfigTestJSON:test_rebuild_server_with_auto_disk_config): 200 GET http://10.180.1.21/compute/v2.1/servers/3b8acb23-1bed-432f-b70e-18a1301fb99c 0.107s
2024-12-24 14:07:11.115 66985 INFO tempest.lib.common.rest_client [req-164f1b05-13a5-4796-b223-68037a649cf8 req-164f1b05-13a5-4796-b223-68037a649cf8 ] Request (ServersTestBootFromVolume:setUpClass): 200 GET http://10.180.1.21/compute/v2.1/servers/ab653e12-3d2f-45ee-a3bc-13b670f26e75 0.091s
2024-12-24 14:07:11.195 66977 INFO tempest.lib.common.rest_client [req-2e307fff-d426-43e1-b90d-96d22d155f50 req-2e307fff-d426-43e1-b90d-96d22d155f50 ] Request (ListServersNegativeTestJSON:setUpClass): 200 GET http://10.180.1.21/compute/v2.1/servers/0a8b973e-5534-4856-b85d-7d503325ce4d 0.173s
2024-12-24 14:07:11.202 66977 INFO tempest.common.waiters [-] State transition "BUILD/spawning" ==> "ACTIVE/None" after 52 second wait
2024-12-24 14:07:11.417 66963 INFO tempest.lib.common.rest_client [req-33bec5db-2470-47bb-8c60-6c752b73a5d5 req-33bec5db-2470-47bb-8c60-6c752b73a5d5 ] Request (ServerRescueNegativeTestJSON:setUpClass): 202 POST http://10.180.1.21/compute/v2.1/servers 0.361s
2024-12-24 14:07:11.435 66955 INFO tempest.lib.common.rest_client [req-8d60371c-6b2f-4d1d-bc97-b87597979e6d req-8d60371c-6b2f-4d1d-bc97-b87597979e6d ] Request (ListServerFiltersTestJSON:setUpClass): 200 GET http://10.180.1.21/compute/v2.1/servers/c2657800-ac10-4f71-bf86-2b5b95c65a06 0.316s
2024-12-24 14:07:11.473 66951 INFO tempest.lib.common.rest_client [req-bb13e8d6-e175-45f4-9ba9-a48930475f85 req-bb13e8d6-e175-45f4-9ba9-a48930475f85 ] Request (VolumesAdminNegativeTest:test_update_attached_volume_with_nonexistent_volume_in_body): 200 GET http://10.180.1.21/compute/v2.1/servers/09d1606b-7a4b-4475-b4c6-7ebc0d7876ae 0.352s
2024-12-24 14:07:11.498 66959 INFO tempest.lib.common.rest_client [req-7b56b580-b66a-48a7-88e3-557e61980964 req-7b56b580-b66a-48a7-88e3-557e61980964 ] Request (FloatingIPsAssociationTestJSON:test_associate_already_associated_floating_ip): 200 GET http://10.180.1.21/compute/v2.1/servers/45bf79c4-2f13-4989-846d-0db27325bef3 0.321s
2024-12-24 14:07:11.556 66970 INFO tempest.lib.common.rest_client [req-113e79a6-4ee7-44ff-be1e-502fa0f5a252 req-113e79a6-4ee7-44ff-be1e-502fa0f5a252 ] Request (AttachVolumeTestJSON:test_attach_detach_volume): 200 GET http://10.180.1.21/compute/v2.1/servers/0cf548fd-816b-4da6-bd20-35fbc8577866 0.330s
2024-12-24 14:07:11.592 66977 INFO tempest.lib.common.rest_client [req-ef3d76ab-36e2-4427-afa6-98387cf335e9 req-ef3d76ab-36e2-4427-afa6-98387cf335e9 ] Request (ListServersNegativeTestJSON:setUpClass): 200 GET http://10.180.1.21/compute/v2.1/servers/4f643aab-c79e-455a-ac39-6184c11d02da 0.389s
2024-12-24 14:07:11.644 66979 INFO tempest.lib.common.rest_client [req-d4087513-0db2-43af-8020-276a5b83338e req-d4087513-0db2-43af-8020-276a5b83338e ] Request (ServerGroupTestJSON:test_create_server_with_scheduler_hint_group): 200 GET http://10.180.1.21/compute/v2.1/servers/26aa5363-8676-45bf-8b17-185321d4da32 0.362s
2024-12-24 14:07:11.650 66953 INFO tempest.lib.common.rest_client [req-bf47a896-e9fe-466a-bf03-69694b2d217b req-bf47a896-e9fe-466a-bf03-69694b2d217b ] Request (ServersAdminNegativeTestJSON:setUpClass): 200 GET http://10.180.1.21/compute/v2.1/servers/fdba39e2-1d58-49e5-98b1-a8856d41ea3a 0.394s
2024-12-24 14:07:11.696 66945 INFO tempest.lib.common.rest_client [req-c91a405b-bee8-4586-a71c-ab4df7bb5e97 req-c91a405b-bee8-4586-a71c-ab4df7bb5e97 ] Request (ServersTestJSON:test_create_server_with_ipv6_addr_only): 200 GET http://10.180.1.21/compute/v2.1/servers/a00a34e1-196f-4773-8073-ce917d48651b 0.370s
2024-12-24 14:07:11.712 66965 INFO tempest.lib.common.rest_client [req-c7a3759d-2cee-4345-892e-0d1d586c9868 req-c7a3759d-2cee-4345-892e-0d1d586c9868 ] Request (ServersV294TestFqdnHostnames:setUpClass): 200 GET http://10.180.1.21/compute/v2.1/servers/1ac84b7c-aff6-497f-941d-99e16550431c 0.393s
2024-12-24 14:07:11.746 67001 INFO tempest.lib.common.rest_client [req-502e269d-0f31-4ea2-ac33-a3444d0b40f3 req-502e269d-0f31-4ea2-ac33-a3444d0b40f3 ] Request (ImagesOneServerTestJSON:setUpClass): 200 GET http://10.180.1.21/compute/v2.1/servers/92ff7c21-e2c6-4d85-aa12-e41672929eda 0.379s
2024-12-24 14:07:11.763 66975 INFO tempest.lib.common.rest_client [req-d377e2f1-aa4d-4128-80ed-a007b69013e9 req-d377e2f1-aa4d-4128-80ed-a007b69013e9 ] Request (ServerRescueTestJSON:setUpClass): 200 GET http://10.180.1.21/compute/v2.1/servers/556a65af-889d-4150-bd0d-2822964227e4 0.393s
2024-12-24 14:07:11.771 66975 INFO tempest.common.waiters [-] State transition "BUILD/None" ==> "BUILD/networking" after 40 second wait
2024-12-24 14:07:11.800 66963 INFO tempest.lib.common.rest_client [req-66189f8a-e746-4377-b369-a5a153768cd3 req-66189f8a-e746-4377-b369-a5a153768cd3 ] Request (ServerRescueNegativeTestJSON:setUpClass): 200 GET http://10.180.1.21/compute/v2.1/servers/76cdf121-0846-4f03-bcac-a2e6ead239f0 0.381s
2024-12-24 14:07:11.801 66998 INFO tempest.lib.common.rest_client [req-50cba5a3-77e8-420f-93e7-279c59096cba req-50cba5a3-77e8-420f-93e7-279c59096cba ] Request (ImagesTestJSON:test_create_image_from_suspended_server): 200 GET http://10.180.1.21/compute/v2.1/servers/30c00475-3e93-45d4-9dbf-ff6fe81b09aa 0.382s
2024-12-24 14:07:11.854 66989 INFO tempest.lib.common.rest_client [req-7b98ce6b-def6-42c2-a241-0428d6745b1e req-7b98ce6b-def6-42c2-a241-0428d6745b1e ] Request (ServersAdminTestJSON:setUpClass): 200 GET http://10.180.1.21/compute/v2.1/servers/ede9cc61-2c36-4b7a-ae64-3b67604931f0 0.388s
2024-12-24 14:07:11.856 67006 INFO tempest.lib.common.rest_client [req-1d3d7219-1449-4f2b-a63c-64bfb55655e3 req-1d3d7219-1449-4f2b-a63c-64bfb55655e3 ] Request (ServerDiagnosticsV248Test:test_get_server_diagnostics): 200 GET http://10.180.1.21/compute/v2.1/servers/89553d85-1b06-45e3-b3d1-24a869612b8a 0.431s
2024-12-24 14:07:11.906 66993 INFO tempest.lib.common.rest_client [req-6049ab9c-7f49-4d86-bb1d-09526ed1f3e8 req-6049ab9c-7f49-4d86-bb1d-09526ed1f3e8 ] Request (SecurityGroupsTestJSON:test_list_security_groups_by_server): 200 GET http://10.180.1.21/compute/v2.1/servers/e33ac3cc-493e-4d11-9f4d-7984e56d3d7c 0.431s
2024-12-24 14:07:11.925 66995 INFO tempest.lib.common.rest_client [req-3e4aec85-6dca-4f13-8f58-05be431b5fc0 req-3e4aec85-6dca-4f13-8f58-05be431b5fc0 ] Request (ServerDiagnosticsTest:tearDownClass): 200 GET http://10.180.1.21/compute/v2.1/servers/2c3e5eec-54fd-4e4b-b441-5cc7fe5a33b4 0.403s
2024-12-24 14:07:11.966 66973 INFO tempest.lib.common.rest_client [req-a980d013-1d49-4bed-9e40-dd1208d5456a req-a980d013-1d49-4bed-9e40-dd1208d5456a ] Request (ImagesOneServerNegativeTestJSON:_run_cleanups): 200 GET http://10.180.1.21/compute/v2.1/servers/bf6f1480-abc9-4028-beaa-75f271edd36a 0.438s
2024-12-24 14:07:12.003 66947 INFO tempest.lib.common.rest_client [req-4be1de31-5c25-45c1-9d38-3873939c7949 req-4be1de31-5c25-45c1-9d38-3873939c7949 ] Request (ServersAdmin275Test:tearDownClass): 200 GET http://10.180.1.21/compute/v2.1/servers/1641f8a7-84ff-4c9a-b612-923c20d6526e 0.416s
2024-12-24 14:07:12.038 66961 INFO tempest.lib.common.rest_client [req-2536a903-a1c7-460b-acb1-569738685cfd req-2536a903-a1c7-460b-acb1-569738685cfd ] Request (FloatingIPsAssociationNegativeTestJSON:setUpClass): 200 GET http://10.180.1.21/compute/v2.1/servers/f947b843-3d51-4720-9797-4c5859c4d630 0.198s
2024-12-24 14:07:12.046 66967 WARNING tempest.lib.common.ssh [-] Failed to establish authenticated ssh connection to cirros@10.180.180.249 ([Errno None] Unable to connect to port 22 on 10.180.180.249). Number attempts: 6. Retry after 7 seconds.: paramiko.ssh_exception.NoValidConnectionsError: [Errno None] Unable to connect to port 22 on 10.180.180.249
2024-12-24 14:07:12.072 66957 INFO tempest.lib.common.rest_client [req-86082e6a-7b91-4604-a98d-95179f499bb3 req-86082e6a-7b91-4604-a98d-95179f499bb3 ] Request (DeleteServersAdminTestJSON:test_delete_server_while_in_error_state): 200 GET http://10.180.1.21/compute/v2.1/servers/758383d9-21ae-4d18-8c5c-c9be255b12b6 0.176s
2024-12-24 14:07:12.103 66971 INFO tempest.lib.common.rest_client [req-c4118521-534b-462d-91e3-3b8d81ed7e24 req-c4118521-534b-462d-91e3-3b8d81ed7e24 ] Request (ListImageFiltersTestJSON:setUpClass): 200 GET http://10.180.1.21/compute/v2.1/servers/eee0885a-ab69-431c-ab0b-3c4ce5067305 0.130s
2024-12-24 14:07:12.162 66983 INFO tempest.lib.common.rest_client [req-941a12ea-7f9f-4607-937b-00f1e81621d5 req-941a12ea-7f9f-4607-937b-00f1e81621d5 ] Request (ServerDiskConfigTestJSON:test_rebuild_server_with_auto_disk_config): 200 GET http://10.180.1.21/compute/v2.1/servers/3b8acb23-1bed-432f-b70e-18a1301fb99c 0.096s
2024-12-24 14:07:12.207 66949 INFO tempest.lib.common.rest_client [req-6b189f0e-f944-41c9-90ad-4494ed5439b6 req-6b189f0e-f944-41c9-90ad-4494ed5439b6 ] Request (MigrationsAdminTest:test_list_migrations_in_flavor_resize_situation): 200 GET http://10.180.1.21/compute/v2.1/servers/f8a7a431-66a3-4ecb-a701-5d53e24b28fa 0.151s
2024-12-24 14:07:12.221 66985 INFO tempest.lib.common.rest_client [req-56f3dba7-cde1-4cfc-91c6-13044c476375 req-56f3dba7-cde1-4cfc-91c6-13044c476375 ] Request (ServersTestBootFromVolume:setUpClass): 200 GET http://10.180.1.21/compute/v2.1/servers/ab653e12-3d2f-45ee-a3bc-13b670f26e75 0.098s
2024-12-24 14:07:12.502 66955 INFO tempest.lib.common.rest_client [req-cd84f73c-5868-43d7-8239-0b76cfa2e229 req-cd84f73c-5868-43d7-8239-0b76cfa2e229 ] Request (ListServerFiltersTestJSON:setUpClass): 200 GET http://10.180.1.21/compute/v2.1/servers/c2657800-ac10-4f71-bf86-2b5b95c65a06 0.058s
2024-12-24 14:07:12.541 66951 INFO tempest.lib.common.rest_client [req-9bba58aa-3990-442e-859e-1e62e2d19953 req-9bba58aa-3990-442e-859e-1e62e2d19953 ] Request (VolumesAdminNegativeTest:test_update_attached_volume_with_nonexistent_volume_in_body): 200 GET http://10.180.1.21/compute/v2.1/servers/09d1606b-7a4b-4475-b4c6-7ebc0d7876ae 0.058s
2024-12-24 14:07:12.560 66959 INFO tempest.lib.common.rest_client [req-dd2c9b67-5aa9-4d69-beaa-d91d30442501 req-dd2c9b67-5aa9-4d69-beaa-d91d30442501 ] Request (FloatingIPsAssociationTestJSON:test_associate_already_associated_floating_ip): 200 GET http://10.180.1.21/compute/v2.1/servers/45bf79c4-2f13-4989-846d-0db27325bef3 0.052s
2024-12-24 14:07:12.627 66970 INFO tempest.lib.common.rest_client [req-570013ad-9980-442b-849c-a1327d4ee91c req-570013ad-9980-442b-849c-a1327d4ee91c ] Request (AttachVolumeTestJSON:test_attach_detach_volume): 200 GET http://10.180.1.21/compute/v2.1/servers/0cf548fd-816b-4da6-bd20-35fbc8577866 0.060s
2024-12-24 14:07:12.730 66977 INFO tempest.lib.common.rest_client [req-ffb1eb48-a056-40db-b210-f492ea0a8a08 req-ffb1eb48-a056-40db-b210-f492ea0a8a08 ] Request (ListServersNegativeTestJSON:setUpClass): 200 GET http://10.180.1.21/compute/v2.1/servers/4f643aab-c79e-455a-ac39-6184c11d02da 0.127s
2024-12-24 14:07:12.750 67000 WARNING tempest.lib.common.ssh [-] Failed to establish authenticated ssh connection to cirros@10.180.180.231 ([Errno None] Unable to connect to port 22 on 10.180.180.231). Number attempts: 5. Retry after 6 seconds.: paramiko.ssh_exception.NoValidConnectionsError: [Errno None] Unable to connect to port 22 on 10.180.180.231
2024-12-24 14:07:12.790 66979 INFO tempest.lib.common.rest_client [req-e3b2b9d3-b99e-4dc4-956b-950a52324b2a req-e3b2b9d3-b99e-4dc4-956b-950a52324b2a ] Request (ServerGroupTestJSON:test_create_server_with_scheduler_hint_group): 200 GET http://10.180.1.21/compute/v2.1/servers/26aa5363-8676-45bf-8b17-185321d4da32 0.131s
2024-12-24 14:07:12.812 66953 INFO tempest.lib.common.rest_client [req-30e038ef-3e11-487b-871a-f93f38b167b3 req-30e038ef-3e11-487b-871a-f93f38b167b3 ] Request (ServersAdminNegativeTestJSON:setUpClass): 200 GET http://10.180.1.21/compute/v2.1/servers/fdba39e2-1d58-49e5-98b1-a8856d41ea3a 0.155s
2024-12-24 14:07:12.853 66945 INFO tempest.lib.common.rest_client [req-b76fa6bd-4b1f-422a-b1cd-12fdf9ded970 req-b76fa6bd-4b1f-422a-b1cd-12fdf9ded970 ] Request (ServersTestJSON:test_create_server_with_ipv6_addr_only): 200 GET http://10.180.1.21/compute/v2.1/servers/a00a34e1-196f-4773-8073-ce917d48651b 0.149s
2024-12-24 14:07:12.894 66965 INFO tempest.lib.common.rest_client [req-5ab4c74a-9ad6-4266-9ecc-3f0a20c42588 req-5ab4c74a-9ad6-4266-9ecc-3f0a20c42588 ] Request (ServersV294TestFqdnHostnames:setUpClass): 200 GET http://10.180.1.21/compute/v2.1/servers/1ac84b7c-aff6-497f-941d-99e16550431c 0.171s
2024-12-24 14:07:12.913 67001 INFO tempest.lib.common.rest_client [req-00ef6f63-a34b-440d-b638-80c5693498b2 req-00ef6f63-a34b-440d-b638-80c5693498b2 ] Request (ImagesOneServerTestJSON:setUpClass): 200 GET http://10.180.1.21/compute/v2.1/servers/92ff7c21-e2c6-4d85-aa12-e41672929eda 0.161s
2024-12-24 14:07:12.966 66963 INFO tempest.lib.common.rest_client [req-5dd7f8ed-f8fe-4dc4-ab5e-4b39e3a2a99d req-5dd7f8ed-f8fe-4dc4-ab5e-4b39e3a2a99d ] Request (ServerRescueNegativeTestJSON:setUpClass): 200 GET http://10.180.1.21/compute/v2.1/servers/76cdf121-0846-4f03-bcac-a2e6ead239f0 0.160s
2024-12-24 14:07:13.020 66998 INFO tempest.lib.common.rest_client [req-d1b68d65-e655-46fc-8579-5d13589064ca req-d1b68d65-e655-46fc-8579-5d13589064ca ] Request (ImagesTestJSON:test_create_image_from_suspended_server): 200 GET http://10.180.1.21/compute/v2.1/servers/30c00475-3e93-45d4-9dbf-ff6fe81b09aa 0.209s
2024-12-24 14:07:13.048 66975 INFO tempest.lib.common.rest_client [req-a71fd364-1752-4fd2-b648-8b0757a74569 req-a71fd364-1752-4fd2-b648-8b0757a74569 ] Request (ServerRescueTestJSON:setUpClass): 200 GET http://10.180.1.21/compute/v2.1/servers/556a65af-889d-4150-bd0d-2822964227e4 0.275s
2024-12-24 14:07:13.059 66975 INFO tempest.common.waiters [-] State transition "BUILD/networking" ==> "BUILD/spawning" after 42 second wait
2024-12-24 14:07:13.083 66989 INFO tempest.lib.common.rest_client [req-e36e9f5d-0f39-401d-837b-41917dd83247 req-e36e9f5d-0f39-401d-837b-41917dd83247 ] Request (ServersAdminTestJSON:setUpClass): 200 GET http://10.180.1.21/compute/v2.1/servers/ede9cc61-2c36-4b7a-ae64-3b67604931f0 0.222s
2024-12-24 14:07:13.117 67006 INFO tempest.lib.common.rest_client [req-3139f390-76ea-448a-bfb5-6b9bac73eb0e req-3139f390-76ea-448a-bfb5-6b9bac73eb0e ] Request (ServerDiagnosticsV248Test:test_get_server_diagnostics): 200 GET http://10.180.1.21/compute/v2.1/servers/89553d85-1b06-45e3-b3d1-24a869612b8a 0.242s
2024-12-24 14:07:13.143 66993 INFO tempest.lib.common.rest_client [req-d78bf492-0715-4c92-9662-51a958bd0417 req-d78bf492-0715-4c92-9662-51a958bd0417 ] Request (SecurityGroupsTestJSON:test_list_security_groups_by_server): 200 GET http://10.180.1.21/compute/v2.1/servers/e33ac3cc-493e-4d11-9f4d-7984e56d3d7c 0.228s
2024-12-24 14:07:13.186 66995 INFO tempest.lib.common.rest_client [req-1518c436-e0b4-4523-a6c8-8294148be6be req-1518c436-e0b4-4523-a6c8-8294148be6be ] Request (ServerDiagnosticsTest:tearDownClass): 200 GET http://10.180.1.21/compute/v2.1/servers/2c3e5eec-54fd-4e4b-b441-5cc7fe5a33b4 0.254s
2024-12-24 14:07:13.211 66973 INFO tempest.lib.common.rest_client [req-2e3e04c9-3fb1-4049-8d8c-550b12febdcb req-2e3e04c9-3fb1-4049-8d8c-550b12febdcb ] Request (ImagesOneServerNegativeTestJSON:_run_cleanups): 200 GET http://10.180.1.21/compute/v2.1/servers/bf6f1480-abc9-4028-beaa-75f271edd36a 0.236s
2024-12-24 14:07:13.253 66947 INFO tempest.lib.common.rest_client [req-0420d88d-2640-497a-b44b-8b63c9944a5b req-0420d88d-2640-497a-b44b-8b63c9944a5b ] Request (ServersAdmin275Test:tearDownClass): 200 GET http://10.180.1.21/compute/v2.1/servers/1641f8a7-84ff-4c9a-b612-923c20d6526e 0.241s
2024-12-24 14:07:13.262 66961 INFO tempest.lib.common.rest_client [req-72646e70-5b17-48c4-b59d-d3e13973922f req-72646e70-5b17-48c4-b59d-d3e13973922f ] Request (FloatingIPsAssociationNegativeTestJSON:setUpClass): 200 GET http://10.180.1.21/compute/v2.1/servers/f947b843-3d51-4720-9797-4c5859c4d630 0.217s
2024-12-24 14:07:13.302 66957 INFO tempest.lib.common.rest_client [req-9227213a-8ec5-42cc-ab0b-947262bbcc17 req-9227213a-8ec5-42cc-ab0b-947262bbcc17 ] Request (DeleteServersAdminTestJSON:test_delete_server_while_in_error_state): 200 GET http://10.180.1.21/compute/v2.1/servers/758383d9-21ae-4d18-8c5c-c9be255b12b6 0.221s
2024-12-24 14:07:13.317 66971 INFO tempest.lib.common.rest_client [req-4b7921a5-8d2c-43ad-a0a1-cb5eda7bbe5a req-4b7921a5-8d2c-43ad-a0a1-cb5eda7bbe5a ] Request (ListImageFiltersTestJSON:setUpClass): 200 GET http://10.180.1.21/compute/v2.1/servers/eee0885a-ab69-431c-ab0b-3c4ce5067305 0.197s
2024-12-24 14:07:13.348 66983 INFO tempest.lib.common.rest_client [req-ceb2e9d5-c5a3-42f9-ac1b-53ba3e553231 req-ceb2e9d5-c5a3-42f9-ac1b-53ba3e553231 ] Request (ServerDiskConfigTestJSON:test_rebuild_server_with_auto_disk_config): 200 GET http://10.180.1.21/compute/v2.1/servers/3b8acb23-1bed-432f-b70e-18a1301fb99c 0.173s
2024-12-24 14:07:13.395 66985 INFO tempest.lib.common.rest_client [req-28777126-f01b-4018-a559-d9c082d511fd req-28777126-f01b-4018-a559-d9c082d511fd ] Request (ServersTestBootFromVolume:setUpClass): 200 GET http://10.180.1.21/compute/v2.1/servers/ab653e12-3d2f-45ee-a3bc-13b670f26e75 0.160s
2024-12-24 14:07:13.458 66949 INFO tempest.lib.common.rest_client [req-d0c3f0d5-4c55-4e14-8642-9f75e64ab914 req-d0c3f0d5-4c55-4e14-8642-9f75e64ab914 ] Request (MigrationsAdminTest:test_list_migrations_in_flavor_resize_situation): 200 GET http://10.180.1.21/compute/v2.1/servers/f8a7a431-66a3-4ecb-a701-5d53e24b28fa 0.243s
2024-12-24 14:07:13.560 66955 INFO tempest.lib.common.rest_client [req-eed147d1-6af1-4022-b7b8-b4d9f1d9f895 req-eed147d1-6af1-4022-b7b8-b4d9f1d9f895 ] Request (ListServerFiltersTestJSON:setUpClass): 200 GET http://10.180.1.21/compute/v2.1/servers/c2657800-ac10-4f71-bf86-2b5b95c65a06 0.049s
2024-12-24 14:07:13.598 66951 INFO tempest.lib.common.rest_client [req-f8bc2e6c-edf9-4587-8bf2-671c595248c1 req-f8bc2e6c-edf9-4587-8bf2-671c595248c1 ] Request (VolumesAdminNegativeTest:test_update_attached_volume_with_nonexistent_volume_in_body): 200 GET http://10.180.1.21/compute/v2.1/servers/09d1606b-7a4b-4475-b4c6-7ebc0d7876ae 0.047s
2024-12-24 14:07:13.614 66959 INFO tempest.lib.common.rest_client [req-ed27f3f0-eabd-4ebb-bbb9-cab07a49b9ac req-ed27f3f0-eabd-4ebb-bbb9-cab07a49b9ac ] Request (FloatingIPsAssociationTestJSON:test_associate_already_associated_floating_ip): 200 GET http://10.180.1.21/compute/v2.1/servers/45bf79c4-2f13-4989-846d-0db27325bef3 0.047s
2024-12-24 14:07:13.683 66970 INFO tempest.lib.common.rest_client [req-45f1a690-2fb4-4107-8f4d-df8b430c7b60 req-45f1a690-2fb4-4107-8f4d-df8b430c7b60 ] Request (AttachVolumeTestJSON:test_attach_detach_volume): 200 GET http://10.180.1.21/compute/v2.1/servers/0cf548fd-816b-4da6-bd20-35fbc8577866 0.047s
