2024-12-24 14:06:19.696 66955 INFO tempest.lib.common.rest_client [req-53e697a3-d193-4fd0-92d1-af180fa940c6 req-53e697a3-d193-4fd0-92d1-af180fa940c6 ] Request (SecurityGroupsTestAdminJSON:tearDownClass): 204 DELETE http://10.180.1.21/identity/v3/projects/73fabb9f8443492898feaf0dfdae154c 0.109s
2024-12-24 14:06:19.713 66947 INFO tempest.lib.common.rest_client [req-06e02544-10b8-466b-afae-66da05f2e98e req-06e02544-10b8-466b-afae-66da05f2e98e ] Request (ServersAdmin275Test:test_rebuild_update_server_275): 200 GET http://10.180.1.21/compute/v2.1/servers/1641f8a7-84ff-4c9a-b612-923c20d6526e 0.884s
2024-12-24 14:06:19.760 66985 INFO tempest.lib.common.rest_client [req-f0bc69de-b196-4679-8d51-02c17dd055f1 req-f0bc69de-b196-4679-8d51-02c17dd055f1 ] Request (QuotasAdminNegativeTest:tearDownClass): 200 GET http://10.180.1.21:9696/networking/v2.0/security-groups?tenant_id=d91069f553c842cfac2790f70bad81de&name=default 0.327s
2024-12-24 14:06:19.866 66981 INFO tempest.lib.common.rest_client [req-e114036c-97c1-412b-9e8f-efc880ea8d3b req-e114036c-97c1-412b-9e8f-efc880ea8d3b ] Request (VolumesAssistedSnapshotsTest:test_volume_assisted_snapshot_create_delete): 200 GET http://10.180.1.21/compute/v2.1/servers/f82dd739-cab2-4037-b038-400c09480dfa 0.919s
2024-12-24 14:06:19.875 66973 INFO tempest.lib.common.rest_client [req-628d2f04-8341-497d-8372-be2d13777aa9 req-628d2f04-8341-497d-8372-be2d13777aa9 ] Request (ImagesOneServerNegativeTestJSON:test_create_image_specify_invalid_metadata): 400 POST http://10.180.1.21/compute/v2.1/servers/bf6f1480-abc9-4028-beaa-75f271edd36a/action 0.860s
2024-12-24 14:06:19.881 66965 INFO tempest.lib.common.rest_client [req-bffd7763-2a40-4156-962a-7e03cb8a8a68 req-bffd7763-2a40-4156-962a-7e03cb8a8a68 ] Request (SecurityGroupRulesNegativeTestJSON:test_create_security_group_rule_with_invalid_to_port): 200 POST http://10.180.1.21/compute/v2.1/os-security-groups 1.032s
2024-12-24 14:06:19.926 66955 INFO tempest.lib.common.rest_client [req-e0c05aef-641e-4d54-a006-730aa176b381 req-e0c05aef-641e-4d54-a006-730aa176b381 ] Request (KeyPairsV2TestJSON:setUpClass): 201 POST http://10.180.1.21/identity/v3/auth/tokens 0.228s
2024-12-24 14:06:19.946 66985 INFO tempest.lib.common.rest_client [req-eb5c719b-aef7-4b67-87bb-0a78bf1f90be req-eb5c719b-aef7-4b67-87bb-0a78bf1f90be ] Request (QuotasAdminNegativeTest:tearDownClass): 204 DELETE http://10.180.1.21:9696/networking/v2.0/security-groups/c379f352-00af-4e5e-a049-e8abe262bb67 0.185s
2024-12-24 14:06:19.959 66949 INFO tempest.lib.common.rest_client [req-719a2568-c277-468a-b3ed-91b3cc40c926 req-719a2568-c277-468a-b3ed-91b3cc40c926 ] Request (MigrationsAdminTest:test_list_migrations_in_flavor_resize_situation): 200 GET http://10.180.1.21/compute/v2.1/servers/f8a7a431-66a3-4ecb-a701-5d53e24b28fa 0.906s
2024-12-24 14:06:19.964 66955 INFO tempest.lib.common.rest_client [req-3ed7cede-c932-4831-8d92-7f3b38779a5d req-3ed7cede-c932-4831-8d92-7f3b38779a5d ] Request (KeyPairsV2TestJSON:setUpClass): 201 POST http://10.180.1.21/identity/v3/auth/tokens 0.034s
2024-12-24 14:06:19.983 66979 INFO tempest.lib.common.rest_client [req-fc3d541a-c052-4558-8c70-b48d64b22405 req-fc3d541a-c052-4558-8c70-b48d64b22405 ] Request (KeyPairsV22TestJSON:_run_cleanups): 204 DELETE http://10.180.1.21/compute/v2.1/os-keypairs/tempest-KeyPairsV22TestJSON-keypair-396860380 0.910s
2024-12-24 14:06:20.002 66975 INFO tempest.lib.common.rest_client [req-f99b8dc4-650e-4328-8196-3f6381899538 req-f99b8dc4-650e-4328-8196-3f6381899538 ] Request (KeyPairsV210TestJSON:_run_cleanups): 204 DELETE http://10.180.1.21/compute/v2.1/os-keypairs/tempest-keypair-1592340805?user_id=ea11a62c78744eef9cdd2dbb84152b34 0.906s
2024-12-24 14:06:20.048 66993 INFO tempest.lib.common.rest_client [req-8f843736-def7-4037-a4f7-c23d83c0b44e req-8f843736-def7-4037-a4f7-c23d83c0b44e ] Request (KeyPairsNegativeTestJSON:test_create_keypair_invalid_name): 400 POST http://10.180.1.21/compute/v2.1/os-keypairs 1.011s
2024-12-24 14:06:20.062 66985 INFO tempest.lib.common.rest_client [req-09ab21ed-f635-4776-ac70-d0d09c477223 req-09ab21ed-f635-4776-ac70-d0d09c477223 ] Request (QuotasAdminNegativeTest:tearDownClass): 204 DELETE http://10.180.1.21/identity/v3/projects/d91069f553c842cfac2790f70bad81de 0.115s
2024-12-24 14:06:20.062 66985 INFO tempest.lib.common.dynamic_creds [-] Deleting project and security group for project: 382ad3e99ad542d5987bc0e3c62bcbf2
2024-12-24 14:06:20.126 66955 INFO tempest.lib.common.rest_client [req-4bd70ba8-48e2-4223-afd1-ea4e585ae42e req-4bd70ba8-48e2-4223-afd1-ea4e585ae42e ] Request (KeyPairsV2TestJSON:setUpClass): 200 GET http://10.180.1.21/identity/v3/domains?name=Default 0.160s
2024-12-24 14:06:20.131 67000 INFO tempest.lib.common.rest_client [req-7e66c35f-1937-495d-9a15-e90117f8009d req-7e66c35f-1937-495d-9a15-e90117f8009d ] Request (ServersWithSpecificFlavorTestJSON:test_verify_created_server_ephemeral_disk): 200 GET http://10.180.1.21/compute/v2.1/servers/86c816a2-26f2-4246-b2c5-a14619cde39a 0.912s
2024-12-24 14:06:20.157 66953 INFO tempest.lib.common.rest_client [req-cc82aab0-8a54-4f68-8c24-a3b8f53fbec8 req-cc82aab0-8a54-4f68-8c24-a3b8f53fbec8 ] Request (QuotaClassesAdminTestJSON:test_update_default_quotas): 200 GET http://10.180.1.21/compute/v2.1/os-quota-class-sets/default 0.929s
2024-12-24 14:06:20.165 66970 INFO tempest.lib.common.rest_client [req-b2db5a34-fd68-4644-970d-42b1ace44637 req-b2db5a34-fd68-4644-970d-42b1ace44637 ] Request (ServersAaction247Test:tearDownClass): 204 DELETE http://10.180.1.21/compute/v2.1/servers/2c798147-c786-4207-8ed9-46575a2e4a89 1.060s
2024-12-24 14:06:20.207 66955 INFO tempest.lib.common.rest_client [req-02f1ae5e-0549-44f5-97ad-29081676a3b8 req-02f1ae5e-0549-44f5-97ad-29081676a3b8 ] Request (KeyPairsV2TestJSON:setUpClass): 201 POST http://10.180.1.21/identity/v3/projects 0.077s
2024-12-24 14:06:20.223 66975 INFO tempest.lib.common.rest_client [req-a6634604-05fd-4cd9-9d65-56b51b41b318 req-a6634604-05fd-4cd9-9d65-56b51b41b318 ] Request (KeyPairsV210TestJSON:tearDownClass): 204 DELETE http://10.180.1.21/identity/v3/users/ea11a62c78744eef9cdd2dbb84152b34 0.219s
2024-12-24 14:06:20.249 66995 INFO tempest.lib.common.rest_client [req-426bb967-b06f-4090-926e-0de3825806c6 req-426bb967-b06f-4090-926e-0de3825806c6 ] Request (ServerDiagnosticsTest:test_get_server_diagnostics): 200 GET http://10.180.1.21/compute/v2.1/servers/2c3e5eec-54fd-4e4b-b441-5cc7fe5a33b4 0.984s
2024-12-24 14:06:20.264 66989 INFO tempest.lib.common.rest_client [req-8d7e2f51-19aa-4893-abca-29d54d6062d2 req-8d7e2f51-19aa-4893-abca-29d54d6062d2 ] Request (ServerDiagnosticsNegativeTest:tearDownClass): 200 GET http://10.180.1.21/compute/v2.1/servers/20897196-0c32-497c-a7fe-b6b4f2a1a675 0.976s
2024-12-24 14:06:20.287 66961 INFO tempest.lib.common.rest_client [req-db9e8ffe-88ff-43df-9504-31bec06d8353 req-db9e8ffe-88ff-43df-9504-31bec06d8353 ] Request (AggregatesAdminNegativeTestJSON:_run_cleanups): 200 DELETE http://10.180.1.21/compute/v2.1/os-aggregates/5 0.927s
2024-12-24 14:06:20.324 66955 INFO tempest.lib.common.rest_client [req-a219ca1a-5fc6-4f49-aab6-d4ec40c108a0 req-a219ca1a-5fc6-4f49-aab6-d4ec40c108a0 ] Request (KeyPairsV2TestJSON:setUpClass): 201 POST http://10.180.1.21/identity/v3/users 0.116s
2024-12-24 14:06:20.328 66957 INFO tempest.lib.common.rest_client [req-fff15e75-3f78-413f-9b9c-eef4fb44e26e req-fff15e75-3f78-413f-9b9c-eef4fb44e26e ] Request (DeleteServersAdminTestJSON:test_admin_delete_servers_of_others): 200 GET http://10.180.1.21/compute/v2.1/servers/0383458e-dc5b-41f3-a3ce-6e57ed863bcc 1.001s
2024-12-24 14:06:20.332 66985 INFO tempest.lib.common.rest_client [req-16348b0a-b0c8-4074-9b6d-0e67139a9931 req-16348b0a-b0c8-4074-9b6d-0e67139a9931 ] Request (QuotasAdminNegativeTest:tearDownClass): 200 GET http://10.180.1.21:9696/networking/v2.0/security-groups?tenant_id=382ad3e99ad542d5987bc0e3c62bcbf2&name=default 0.270s
2024-12-24 14:06:20.333 66975 INFO tempest.lib.common.rest_client [req-84d6c58d-2ff5-416c-8c14-9227cd4883bd req-84d6c58d-2ff5-416c-8c14-9227cd4883bd ] Request (KeyPairsV210TestJSON:tearDownClass): 204 DELETE http://10.180.1.21/identity/v3/users/6d577b139c4f45e4ae4d4cdd9500fece 0.109s
2024-12-24 14:06:20.333 66975 INFO tempest.lib.common.dynamic_creds [-] Deleting project and security group for project: c90ae44491fb49a99d89c45fd2d433e9
2024-12-24 14:06:20.356 67001 INFO tempest.lib.common.rest_client [req-0859b9bd-c1f6-4e99-bdd6-47ab00586bcb req-0859b9bd-c1f6-4e99-bdd6-47ab00586bcb ] Request (ServerExternalEventsTest:tearDownClass): 200 GET http://10.180.1.21/compute/v2.1/servers/4f72682c-8a29-49e1-bdc6-866f2ad10116 0.970s
2024-12-24 14:06:20.379 66951 INFO tempest.lib.common.rest_client [req-0f3593b9-6440-4a29-ad5b-80426fe032ad req-0f3593b9-6440-4a29-ad5b-80426fe032ad ] Request (FlavorsAccessNegativeTestJSON:_run_cleanups): 200 GET http://10.180.1.21/compute/v2.1/flavors/detail 0.758s
2024-12-24 14:06:20.391 66955 INFO tempest.lib.common.rest_client [req-2bdbfc18-fae1-428e-aacd-e057979998a0 req-2bdbfc18-fae1-428e-aacd-e057979998a0 ] Request (KeyPairsV2TestJSON:setUpClass): 200 GET http://10.180.1.21/identity/v3/roles 0.066s
2024-12-24 14:06:20.394 66992 INFO tempest.lib.common.rest_client [req-0700c973-73bc-432d-ba08-c57ff805cbee req-0700c973-73bc-432d-ba08-c57ff805cbee ] Request (AttachInterfacesUnderV243Test:test_add_remove_fixed_ip): 200 GET http://10.180.1.21/compute/v2.1/servers/1cfdd458-1380-44a2-82b9-dc9c44e1a98d 0.949s
2024-12-24 14:06:20.400 66975 INFO tempest.lib.common.rest_client [req-f302ae91-8478-4b4f-ad13-bcafa6aed9d3 req-f302ae91-8478-4b4f-ad13-bcafa6aed9d3 ] Request (KeyPairsV210TestJSON:tearDownClass): 201 POST http://10.180.1.21/identity/v3/auth/tokens 0.067s
2024-12-24 14:06:20.430 66955 INFO tempest.lib.common.rest_client [req-139e5ad1-af31-4c64-be18-5deebefc9a42 req-139e5ad1-af31-4c64-be18-5deebefc9a42 ] Request (KeyPairsV2TestJSON:setUpClass): 204 PUT http://10.180.1.21/identity/v3/projects/d8ea6e01913c47c5b05ba292d1df48fc/users/ad70607037c447c2bb74d347ab4e1bf5/roles/bbffd1a3a1124de5a99c8b805ebd41ed 0.039s
2024-12-24 14:06:20.430 66955 INFO tempest.lib.common.dynamic_creds [-] Dynamic test user ad70607037c447c2bb74d347ab4e1bf5 is created with scope project and roles: ['member']
2024-12-24 14:06:20.431 66955 INFO tempest.lib.common.dynamic_creds [-] Acquired dynamic creds: credentials: Credentials: {'domain_id': 'default', 'domain_name': 'Default', 'username': 'tempest-KeyPairsV2TestJSON-177247044-project-member', 'project_domain_id': 'default', 'project_domain_name': 'Default', 'project_id': 'd8ea6e01913c47c5b05ba292d1df48fc', 'project_name': 'tempest-KeyPairsV2TestJSON-177247044', 'tenant_id': 'd8ea6e01913c47c5b05ba292d1df48fc', 'tenant_name': 'tempest-KeyPairsV2TestJSON-177247044', 'user_domain_id': 'default', 'user_domain_name': 'Default', 'user_id': 'ad70607037c447c2bb74d347ab4e1bf5', 'system': None}, Network: None, Subnet: None, Router: None
2024-12-24 14:06:20.431 66955 INFO tempest.lib.common.dynamic_creds [-] Created isolated network resources for: credentials: Credentials: {'domain_id': 'default', 'domain_name': 'Default', 'username': 'tempest-KeyPairsV2TestJSON-177247044-project-member', 'project_domain_id': 'default', 'project_domain_name': 'Default', 'project_id': 'd8ea6e01913c47c5b05ba292d1df48fc', 'project_name': 'tempest-KeyPairsV2TestJSON-177247044', 'tenant_id': 'd8ea6e01913c47c5b05ba292d1df48fc', 'tenant_name': 'tempest-KeyPairsV2TestJSON-177247044', 'user_domain_id': 'default', 'user_domain_name': 'Default', 'user_id': 'ad70607037c447c2bb74d347ab4e1bf5', 'system': None}, Network: None, Subnet: None, Router: None
2024-12-24 14:06:20.458 66965 INFO tempest.lib.common.rest_client [req-83b1ea72-a219-4613-9891-848db2a4c2bc req-83b1ea72-a219-4613-9891-848db2a4c2bc ] Request (SecurityGroupRulesNegativeTestJSON:test_create_security_group_rule_with_invalid_to_port): 400 POST http://10.180.1.21/compute/v2.1/os-security-group-rules 0.572s
2024-12-24 14:06:20.492 66979 INFO tempest.lib.common.rest_client [req-2f5cb98e-f1b0-461c-a17a-21de3049d5a5 req-2f5cb98e-f1b0-461c-a17a-21de3049d5a5 ] Request (KeyPairsV22TestJSON:_run_cleanups): 204 DELETE http://10.180.1.21/compute/v2.1/os-keypairs/tempest-KeyPairsV22TestJSON-keypair-1621622048 0.509s
2024-12-24 14:06:20.503 66985 INFO tempest.lib.common.rest_client [req-7713034e-2de4-445c-9bef-462efb03dc4e req-7713034e-2de4-445c-9bef-462efb03dc4e ] Request (QuotasAdminNegativeTest:tearDownClass): 204 DELETE http://10.180.1.21:9696/networking/v2.0/security-groups/c0ef741d-f206-42d6-93ef-4e1c1d22a2e7 0.170s
2024-12-24 14:06:20.511 66955 INFO tempest.lib.common.rest_client [req-a2fd05a9-ca9f-41f8-8596-37926c6cf768 req-a2fd05a9-ca9f-41f8-8596-37926c6cf768 ] Request (KeyPairsV2TestJSON:setUpClass): 201 POST http://10.180.1.21/identity/v3/auth/tokens 0.077s
2024-12-24 14:06:20.534 66973 INFO tempest.lib.common.rest_client [req-c5987387-9f0e-4d3e-b235-25e11fd0b75f req-c5987387-9f0e-4d3e-b235-25e11fd0b75f ] Request (ImagesOneServerNegativeTestJSON:tearDown): 200 GET http://10.180.1.21/compute/v2.1/servers/bf6f1480-abc9-4028-beaa-75f271edd36a 0.658s
2024-12-24 14:06:20.573 66993 INFO tempest.lib.common.rest_client [req-6cf9edb7-5bea-420f-a260-98428fc45be6 req-6cf9edb7-5bea-420f-a260-98428fc45be6 ] Request (KeyPairsNegativeTestJSON:test_create_keypair_when_public_key_bits_exceeds_maximum): 400 POST http://10.180.1.21/compute/v2.1/os-keypairs 0.522s
2024-12-24 14:06:20.634 66953 INFO tempest.lib.common.rest_client [req-0f3cecb4-6c23-4439-911e-07a10b347d6b req-0f3cecb4-6c23-4439-911e-07a10b347d6b ] Request (QuotaClassesAdminTestJSON:_run_cleanups): 200 PUT http://10.180.1.21/compute/v2.1/os-quota-class-sets/default 0.475s
2024-12-24 14:06:20.640 66970 INFO tempest.lib.common.rest_client [req-45864cfc-1793-4a03-994c-f82e5d42f6c4 req-45864cfc-1793-4a03-994c-f82e5d42f6c4 ] Request (ServersAaction247Test:tearDownClass): 200 GET http://10.180.1.21/compute/v2.1/servers/2c798147-c786-4207-8ed9-46575a2e4a89 0.474s
2024-12-24 14:06:20.668 66961 INFO tempest.lib.common.rest_client [req-5425840e-9272-4d3e-af46-d8cbe2ab402d req-5425840e-9272-4d3e-af46-d8cbe2ab402d ] Request (AggregatesAdminNegativeTestJSON:test_aggregate_delete_with_invalid_id): 404 DELETE http://10.180.1.21/compute/v2.1/os-aggregates/-1 0.379s
2024-12-24 14:06:20.714 67003 INFO tempest.lib.common.rest_client [req-167d2669-280e-4d2e-806c-4e16b8f88233 req-167d2669-280e-4d2e-806c-4e16b8f88233 ] Request (AttachInterfacesTestJSON:test_create_list_show_delete_interfaces_by_fixed_ip): 200 GET http://10.180.1.21/compute/v2.1/servers/da0ad665-64f3-4d5c-adef-417c1e1d2c0f 0.533s
2024-12-24 14:06:20.717 66985 INFO tempest.lib.common.rest_client [req-e805d2ae-bbf6-449d-b037-db0075bad762 req-e805d2ae-bbf6-449d-b037-db0075bad762 ] Request (QuotasAdminNegativeTest:tearDownClass): 204 DELETE http://10.180.1.21/identity/v3/projects/382ad3e99ad542d5987bc0e3c62bcbf2 0.213s
2024-12-24 14:06:20.721 66975 INFO tempest.lib.common.rest_client [req-3c6ad58d-111e-4fc8-b60f-36f35e14807f req-3c6ad58d-111e-4fc8-b60f-36f35e14807f ] Request (KeyPairsV210TestJSON:tearDownClass): 200 GET http://10.180.1.21:9696/networking/v2.0/security-groups?tenant_id=c90ae44491fb49a99d89c45fd2d433e9&name=default 0.321s
2024-12-24 14:06:20.748 66959 INFO tempest.lib.common.rest_client [req-a58c113e-acb4-44ca-b7b7-47a4ba9c1155 req-a58c113e-acb4-44ca-b7b7-47a4ba9c1155 ] Request (FloatingIPsAssociationTestJSON:setUpClass): 200 GET http://10.180.1.21/compute/v2.1/servers/d8ea4cc3-b3be-4db6-9d55-d62a774e4e34 0.455s
2024-12-24 14:06:20.807 66985 INFO tempest.lib.common.rest_client [req-5ba7aac2-4055-4f1c-aec4-337737d3f291 req-5ba7aac2-4055-4f1c-aec4-337737d3f291 ] Request (ServersTestBootFromVolume:setUpClass): 201 POST http://10.180.1.21/identity/v3/auth/tokens 0.088s
2024-12-24 14:06:20.833 66953 INFO tempest.lib.common.rest_client [req-f8c78f62-bbed-4d10-b309-b97514178da0 req-f8c78f62-bbed-4d10-b309-b97514178da0 ] Request (QuotaClassesAdminTestJSON:tearDownClass): 204 DELETE http://10.180.1.21/identity/v3/users/8ec98d5eb9c64ce799ed1d53dee99b90 0.135s
2024-12-24 14:06:20.880 66985 INFO tempest.lib.common.rest_client [req-cfa763aa-e92d-4abb-a950-3b987bb99a45 req-cfa763aa-e92d-4abb-a950-3b987bb99a45 ] Request (ServersTestBootFromVolume:setUpClass): 201 POST http://10.180.1.21/identity/v3/auth/tokens 0.071s
2024-12-24 14:06:20.913 66985 INFO tempest.lib.common.rest_client [req-7a278875-a753-406f-a703-017b43302739 req-7a278875-a753-406f-a703-017b43302739 ] Request (ServersTestBootFromVolume:setUpClass): 200 GET http://10.180.1.21/identity/v3/domains?name=Default 0.032s
2024-12-24 14:06:20.946 66953 INFO tempest.lib.common.rest_client [req-94fa6e5b-677c-44aa-96dd-aa9c0c4679ed req-94fa6e5b-677c-44aa-96dd-aa9c0c4679ed ] Request (QuotaClassesAdminTestJSON:tearDownClass): 204 DELETE http://10.180.1.21/identity/v3/users/c7298efb0fb1435b900c1dad47c14930 0.112s
2024-12-24 14:06:20.946 66953 INFO tempest.lib.common.dynamic_creds [-] Deleting project and security group for project: 56614bcdc7da4edabf5ada09bf556d13
2024-12-24 14:06:20.974 66975 INFO tempest.lib.common.rest_client [req-da6fea20-2967-4d76-92c2-8e3c63c27a78 req-da6fea20-2967-4d76-92c2-8e3c63c27a78 ] Request (KeyPairsV210TestJSON:tearDownClass): 204 DELETE http://10.180.1.21:9696/networking/v2.0/security-groups/32791657-208d-4d89-8a80-a794e9f41404 0.252s
2024-12-24 14:06:20.987 66998 INFO tempest.lib.common.rest_client [req-0ea32727-8516-4ef3-a949-798f413159f5 req-0ea32727-8516-4ef3-a949-798f413159f5 ] Request (ImagesTestJSON:test_create_image_from_stopped_server): 200 GET http://10.180.1.21/compute/v2.1/servers/2149a69c-f8b8-4806-b1d1-df8862b89d95 0.626s
2024-12-24 14:06:20.996 66998 INFO tempest.common.waiters [-] State transition "BUILD/None" ==> "BUILD/block_device_mapping" after 9 second wait
2024-12-24 14:06:21.018 66985 INFO tempest.lib.common.rest_client [req-429430c4-398b-438c-87c5-5cbf425ab90a req-429430c4-398b-438c-87c5-5cbf425ab90a ] Request (ServersTestBootFromVolume:setUpClass): 201 POST http://10.180.1.21/identity/v3/projects 0.104s
2024-12-24 14:06:21.018 66945 INFO tempest.lib.common.rest_client [req-578b17c3-11e4-498e-9159-3efd46e5fe81 req-578b17c3-11e4-498e-9159-3efd46e5fe81 ] Request (ServersTestJSON:test_create_server_specify_multibyte_character_name): 200 GET http://10.180.1.21/compute/v2.1/servers/4e5ab1a4-bfcc-4730-90ee-9d4e993d6a54 0.709s
2024-12-24 14:06:21.027 66983 INFO tempest.lib.common.rest_client [req-dee14447-4889-47fb-a68f-2f467681505e req-dee14447-4889-47fb-a68f-2f467681505e ] Request (FloatingIPDetailsTestJSON:setUpClass): 200 PUT http://10.180.1.21:9696/networking/v2.0/routers/f121eda0-7ac5-4ddb-aad7-9eb09a23b3f4/add_router_interface 1.639s
2024-12-24 14:06:21.028 66983 INFO tempest.lib.common.dynamic_creds [-] Created isolated network resources for: credentials: Credentials: {'domain_id': 'default', 'domain_name': 'Default', 'username': 'tempest-FloatingIPDetailsTestJSON-1486754812-project-member', 'project_domain_id': 'default', 'project_domain_name': 'Default', 'project_id': '555aa11c4fbe4593a9fdb35d6b5c7743', 'project_name': 'tempest-FloatingIPDetailsTestJSON-1486754812', 'tenant_id': '555aa11c4fbe4593a9fdb35d6b5c7743', 'tenant_name': 'tempest-FloatingIPDetailsTestJSON-1486754812', 'user_domain_id': 'default', 'user_domain_name': 'Default', 'user_id': '1a3c49550472427bac6219676fb3560e', 'system': None}, Network: {'id': '94298354-27c4-466f-8f2b-e70a24e86ed4', 'name': 'tempest-FloatingIPDetailsTestJSON-579701196-network', 'tenant_id': '555aa11c4fbe4593a9fdb35d6b5c7743', 'admin_state_up': True, 'mtu': 8950, 'status': 'ACTIVE', 'subnets': [], 'shared': False, 'project_id': '555aa11c4fbe4593a9fdb35d6b5c7743', 'port_security_enabled': True, 'router:external': False, 'provider:network_type': 'vlan', 'provider:physical_network': 'default', 'provider:segmentation_id': 72, 'availability_zone_hints': [], 'availability_zones': [], 'ipv4_address_scope': None, 'ipv6_address_scope': None, 'description': '', 'tags': [], 'created_at': '2024-12-24T14:06:18Z', 'updated_at': '2024-12-24T14:06:18Z', 'revision_number': 1}, Subnet: {'id': '0cfbacc9-c39d-464a-bea5-49cbcd7fe856', 'name': 'tempest-FloatingIPDetailsTestJSON-579701196-subnet', 'tenant_id': '555aa11c4fbe4593a9fdb35d6b5c7743', 'network_id': '94298354-27c4-466f-8f2b-e70a24e86ed4', 'ip_version': 4, 'subnetpool_id': None, 'enable_dhcp': True, 'ipv6_ra_mode': None, 'ipv6_address_mode': None, 'gateway_ip': '192.168.128.1', 'cidr': '192.168.128.0/28', 'allocation_pools': [{'start': '192.168.128.2', 'end': '192.168.128.14'}], 'host_routes': [], 'dns_nameservers': [], 'description': '', 'router:external': False, 'service_types': [], 'tags': [], 'created_at': '2024-12-24T14:06:18Z', 'updated_at': '2024-12-24T14:06:18Z', 'revision_number': 0, 'project_id': '555aa11c4fbe4593a9fdb35d6b5c7743'}, Router: {'id': 'f121eda0-7ac5-4ddb-aad7-9eb09a23b3f4', 'name': 'tempest-FloatingIPDetailsTestJSON-579701196-router', 'tenant_id': '555aa11c4fbe4593a9fdb35d6b5c7743', 'admin_state_up': True, 'status': 'ACTIVE', 'external_gateway_info': {'network_id': '76f7ec2b-adaf-4f79-828d-97004c5a57e2', 'external_fixed_ips': [{'subnet_id': '26a9cb8b-a005-4412-b020-d1cb3562fd3d', 'ip_address': '10.180.180.140'}], 'enable_snat': True}, 'description': '', 'availability_zones': [], 'distributed': False, 'ha': False, 'availability_zone_hints': [], 'routes': [], 'flavor_id': None, 'tags': [], 'created_at': '2024-12-24T14:06:18Z', 'updated_at': '2024-12-24T14:06:18Z', 'revision_number': 2, 'project_id': '555aa11c4fbe4593a9fdb35d6b5c7743'}
2024-12-24 14:06:21.057 66951 INFO tempest.lib.common.rest_client [req-973c8ecc-78f5-40f6-b253-00c7ced4964d req-973c8ecc-78f5-40f6-b253-00c7ced4964d ] Request (FlavorsAccessNegativeTestJSON:test_remove_flavor_access_not_found): 200 POST http://10.180.1.21/compute/v2.1/flavors 0.670s
2024-12-24 14:06:21.086 66977 INFO tempest.lib.common.rest_client [req-1b628dd1-6456-4a54-93d5-a1faace8e7af req-1b628dd1-6456-4a54-93d5-a1faace8e7af ] Request (ListServersNegativeTestJSON:setUpClass): 200 GET http://10.180.1.21/compute/v2.1/servers/0a8b973e-5534-4856-b85d-7d503325ce4d 0.720s
2024-12-24 14:06:21.100 66953 INFO tempest.lib.common.rest_client [req-c9c9198d-b645-4bcf-b79b-833ba6c71bf1 req-c9c9198d-b645-4bcf-b79b-833ba6c71bf1 ] Request (QuotaClassesAdminTestJSON:tearDownClass): 201 POST http://10.180.1.21/identity/v3/auth/tokens 0.153s
2024-12-24 14:06:21.106 66965 INFO tempest.lib.common.rest_client [req-469e5501-a186-4f4a-831f-7e609302ed68 req-469e5501-a186-4f4a-831f-7e609302ed68 ] Request (SecurityGroupRulesNegativeTestJSON:test_create_security_group_rule_with_non_existent_id): 404 POST http://10.180.1.21/compute/v2.1/os-security-group-rules 0.642s
2024-12-24 14:06:21.109 66979 INFO tempest.lib.common.rest_client [req-46b13c79-ce06-41b9-8186-d2893891ed06 req-46b13c79-ce06-41b9-8186-d2893891ed06 ] Request (KeyPairsV22TestJSON:_run_cleanups): 204 DELETE http://10.180.1.21/compute/v2.1/os-keypairs/tempest-KeyPairsV22TestJSON-keypair-707241955 0.616s
2024-12-24 14:06:21.152 66985 INFO tempest.lib.common.rest_client [req-4bea8ba7-04b5-4e88-b8cd-630d1eb2b8a3 req-4bea8ba7-04b5-4e88-b8cd-630d1eb2b8a3 ] Request (ServersTestBootFromVolume:setUpClass): 201 POST http://10.180.1.21/identity/v3/users 0.133s
2024-12-24 14:06:21.167 66987 WARNING tempest.lib.common.ssh [-] Failed to establish authenticated ssh connection to cirros@10.180.180.210 ([Errno None] Unable to connect to port 22 on 10.180.180.210). Number attempts: 1. Retry after 2 seconds.: paramiko.ssh_exception.NoValidConnectionsError: [Errno None] Unable to connect to port 22 on 10.180.180.210
2024-12-24 14:06:21.188 66975 INFO tempest.lib.common.rest_client [req-d52a2fac-1382-490a-b516-4ba7f769d989 req-d52a2fac-1382-490a-b516-4ba7f769d989 ] Request (KeyPairsV210TestJSON:tearDownClass): 204 DELETE http://10.180.1.21/identity/v3/projects/c90ae44491fb49a99d89c45fd2d433e9 0.213s
2024-12-24 14:06:21.189 66975 INFO tempest.lib.common.dynamic_creds [-] Deleting project and security group for project: c4c94e86e5794862a735b9eba5900559
2024-12-24 14:06:21.239 66983 INFO tempest.lib.common.rest_client [req-64503c09-e495-4b32-8c8c-44ecb4873f36 req-64503c09-e495-4b32-8c8c-44ecb4873f36 ] Request (FloatingIPDetailsTestJSON:setUpClass): 201 POST http://10.180.1.21/identity/v3/auth/tokens 0.204s
2024-12-24 14:06:21.302 66967 INFO tempest.lib.common.rest_client [req-2eec8d90-45b6-4a51-adb5-db3450d859f0 req-2eec8d90-45b6-4a51-adb5-db3450d859f0 ] Request (ServersTestFqdnHostnames:test_create_server_with_fqdn_name): 200 GET http://10.180.1.21/compute/v2.1/servers/576a18ea-5ee5-4dc5-9378-23b77adce4db 0.769s
2024-12-24 14:06:21.414 66955 INFO tempest.lib.common.rest_client [req-5d251dbb-0fda-45d5-9dd9-6f164ac07f64 req-5d251dbb-0fda-45d5-9dd9-6f164ac07f64 ] Request (KeyPairsV2TestJSON:test_get_keypair_detail): 200 POST http://10.180.1.21/compute/v2.1/os-keypairs 0.901s
2024-12-24 14:06:21.435 66975 INFO tempest.lib.common.rest_client [req-28bdd41d-e359-404a-ac13-985f190aae84 req-28bdd41d-e359-404a-ac13-985f190aae84 ] Request (KeyPairsV210TestJSON:tearDownClass): 200 GET http://10.180.1.21:9696/networking/v2.0/security-groups?tenant_id=c4c94e86e5794862a735b9eba5900559&name=default 0.246s
2024-12-24 14:06:21.448 66993 INFO tempest.lib.common.rest_client [req-e5db5d02-ce41-4828-aa6b-f42a06693bce req-e5db5d02-ce41-4828-aa6b-f42a06693bce ] Request (KeyPairsNegativeTestJSON:test_create_keypair_with_duplicate_name): 200 POST http://10.180.1.21/compute/v2.1/os-keypairs 0.873s
2024-12-24 14:06:21.449 66985 INFO tempest.lib.common.rest_client [req-bb93a69a-21b8-4e32-b624-0f3567f3bf58 req-bb93a69a-21b8-4e32-b624-0f3567f3bf58 ] Request (ServersTestBootFromVolume:setUpClass): 200 GET http://10.180.1.21/identity/v3/roles 0.296s
2024-12-24 14:06:21.489 66985 INFO tempest.lib.common.rest_client [req-6c181349-d8c0-4804-9fa8-141682db4af5 req-6c181349-d8c0-4804-9fa8-141682db4af5 ] Request (ServersTestBootFromVolume:setUpClass): 204 PUT http://10.180.1.21/identity/v3/projects/0facf04fdae34ae68acc2c9e9067c48f/users/3976966f43aa4fd8bd8e2bacb951c702/roles/bbffd1a3a1124de5a99c8b805ebd41ed 0.038s
2024-12-24 14:06:21.489 66985 INFO tempest.lib.common.dynamic_creds [-] Dynamic test user 3976966f43aa4fd8bd8e2bacb951c702 is created with scope project and roles: ['member']
2024-12-24 14:06:21.490 66985 INFO tempest.lib.common.dynamic_creds [-] Acquired dynamic creds: credentials: Credentials: {'domain_id': 'default', 'domain_name': 'Default', 'username': 'tempest-ServersTestBootFromVolume-1140104842-project-member', 'project_domain_id': 'default', 'project_domain_name': 'Default', 'project_id': '0facf04fdae34ae68acc2c9e9067c48f', 'project_name': 'tempest-ServersTestBootFromVolume-1140104842', 'tenant_id': '0facf04fdae34ae68acc2c9e9067c48f', 'tenant_name': 'tempest-ServersTestBootFromVolume-1140104842', 'user_domain_id': 'default', 'user_domain_name': 'Default', 'user_id': '3976966f43aa4fd8bd8e2bacb951c702', 'system': None}, Network: None, Subnet: None, Router: None
2024-12-24 14:06:21.555 66985 INFO tempest.lib.common.rest_client [req-140d41e1-c38d-40a7-ad5e-d23889f085bb req-140d41e1-c38d-40a7-ad5e-d23889f085bb ] Request (ServersTestBootFromVolume:setUpClass): 201 POST http://10.180.1.21/identity/v3/auth/tokens 0.065s
2024-12-24 14:06:21.557 66973 INFO tempest.lib.common.rest_client [req-8dc47225-57bc-44f0-aa10-40e97fdc488d req-8dc47225-57bc-44f0-aa10-40e97fdc488d ] Request (ImagesOneServerNegativeTestJSON:setUp): 200 GET http://10.180.1.21/compute/v2.1/servers/bf6f1480-abc9-4028-beaa-75f271edd36a 1.008s
2024-12-24 14:06:21.564 67007 INFO tempest.lib.common.rest_client [req-ea747ef8-8bdb-4a70-918f-937125f145b9 req-ea747ef8-8bdb-4a70-918f-937125f145b9 ] Request (ServersTestJSON:setUpClass): 200 GET http://10.180.1.21/compute/v2.1/servers/1e94edee-5708-46df-9ed9-b72d81ac47b9 0.952s
2024-12-24 14:06:21.592 66961 INFO tempest.lib.common.rest_client [req-8033dd5f-58db-41af-8743-401fdff15e84 req-8033dd5f-58db-41af-8743-401fdff15e84 ] Request (AggregatesAdminNegativeTestJSON:test_aggregate_get_details_as_user): 200 POST http://10.180.1.21/compute/v2.1/os-aggregates 0.923s
2024-12-24 14:06:21.626 66971 INFO tempest.lib.common.rest_client [req-39e723e3-8d3c-445f-8b3d-2b551ee50e16 req-39e723e3-8d3c-445f-8b3d-2b551ee50e16 ] Request (ListImageFiltersTestJSON:setUpClass): 204 PUT http://10.180.1.21/image/v2/images/20ed45d8-7e73-4cce-9e41-28404f236c59/file 1.128s
2024-12-24 14:06:21.629 66963 INFO tempest.lib.common.rest_client [req-15f0edca-7722-4b8c-9ffa-3513cf06939e req-15f0edca-7722-4b8c-9ffa-3513cf06939e ] Request (TenantUsagesTestJSON:tearDownClass): 200 GET http://10.180.1.21/compute/v2.1/servers/81f00805-7e74-422a-9661-b47039221b44 0.960s
2024-12-24 14:06:21.709 66947 INFO tempest.lib.common.rest_client [req-64fb56e0-6ef7-485f-b931-de4cefa05895 req-64fb56e0-6ef7-485f-b931-de4cefa05895 ] Request (ServersAdmin275Test:test_rebuild_update_server_275): 200 GET http://10.180.1.21/compute/v2.1/servers/1641f8a7-84ff-4c9a-b612-923c20d6526e 0.986s
2024-12-24 14:06:21.712 67006 INFO tempest.lib.common.rest_client [req-325cd085-c375-497a-8cb1-4be23ccdbe34 req-325cd085-c375-497a-8cb1-4be23ccdbe34 ] Request (QuotasAdminTestJSON:test_update_all_quota_resources_for_tenant): 200 GET http://10.180.1.21/compute/v2.1/os-quota-sets/639190376c934241b07feefef6a97d61/defaults 1.009s
2024-12-24 14:06:21.719 66947 INFO tempest.common.waiters [-] State transition "REBUILD/rebuilding" ==> "REBUILD/rebuild_spawning" after 4 second wait
2024-12-24 14:06:21.760 66953 INFO tempest.lib.common.rest_client [req-9a02ab98-6413-4b88-8edb-717ed38360ce req-9a02ab98-6413-4b88-8edb-717ed38360ce ] Request (QuotaClassesAdminTestJSON:tearDownClass): 200 GET http://10.180.1.21:9696/networking/v2.0/security-groups?tenant_id=56614bcdc7da4edabf5ada09bf556d13&name=default 0.660s
2024-12-24 14:06:21.784 66975 INFO tempest.lib.common.rest_client [req-ca8a2bcd-6758-478d-bcdd-21bc7f6b8321 req-ca8a2bcd-6758-478d-bcdd-21bc7f6b8321 ] Request (KeyPairsV210TestJSON:tearDownClass): 204 DELETE http://10.180.1.21:9696/networking/v2.0/security-groups/ec92f2a5-7cd5-42da-8478-ec7f90ccf355 0.348s
2024-12-24 14:06:21.795 66949 INFO tempest.lib.common.rest_client [req-9cc012f5-fdad-4f04-af03-faa57adda050 req-9cc012f5-fdad-4f04-af03-faa57adda050 ] Request (MigrationsAdminTest:test_list_migrations_in_flavor_resize_situation): 200 GET http://10.180.1.21/compute/v2.1/servers/f8a7a431-66a3-4ecb-a701-5d53e24b28fa 0.826s
2024-12-24 14:06:21.860 66975 INFO tempest.lib.common.rest_client [req-704b0b6d-a05a-4e30-b677-19b4bbefb13e req-704b0b6d-a05a-4e30-b677-19b4bbefb13e ] Request (KeyPairsV210TestJSON:tearDownClass): 204 DELETE http://10.180.1.21/identity/v3/projects/c4c94e86e5794862a735b9eba5900559 0.075s
2024-12-24 14:06:21.860 66975 INFO tempest.test [-] raised in LiveMigrationTest.setUpClass. Invoking tearDownClass.
2024-12-24 14:06:21.862 66975 INFO tempest.test [-] raised in UnshelveToHostMultiNodesTest.setUpClass. Invoking tearDownClass.
2024-12-24 14:06:21.885 66981 INFO tempest.lib.common.rest_client [req-866ff4c3-761c-4b3e-94ab-e4cf2e5956d9 req-866ff4c3-761c-4b3e-94ab-e4cf2e5956d9 ] Request (VolumesAssistedSnapshotsTest:test_volume_assisted_snapshot_create_delete): 200 GET http://10.180.1.21/compute/v2.1/servers/f82dd739-cab2-4037-b038-400c09480dfa 1.007s
2024-12-24 14:06:21.914 66965 INFO tempest.lib.common.rest_client [req-3e9462f9-33d9-4a22-8278-b9e805282609 req-3e9462f9-33d9-4a22-8278-b9e805282609 ] Request (SecurityGroupRulesNegativeTestJSON:test_delete_security_group_rule_with_non_existent_id): 404 DELETE http://10.180.1.21/compute/v2.1/os-security-group-rules/d7f81669-aebf-455e-99fe-12badf41de2b 0.807s
2024-12-24 14:06:21.915 66951 INFO tempest.lib.common.rest_client [req-23c657ef-1c9f-4135-bb46-566ffd44f214 req-23c657ef-1c9f-4135-bb46-566ffd44f214 ] Request (FlavorsAccessNegativeTestJSON:test_remove_flavor_access_not_found): 404 POST http://10.180.1.21/compute/v2.1/flavors/274106958/action 0.856s
2024-12-24 14:06:21.917 66985 INFO tempest.lib.common.rest_client [req-5694760c-6309-4db9-af24-6c2cfb088947 req-5694760c-6309-4db9-af24-6c2cfb088947 ] Request (ServersTestBootFromVolume:setUpClass): 201 POST http://10.180.1.21:9696/networking/v2.0/networks 0.361s
2024-12-24 14:06:21.936 66975 INFO tempest.lib.common.rest_client [req-55a25fee-6385-4942-876d-a6d588e92875 req-55a25fee-6385-4942-876d-a6d588e92875 ] Request (ServerRescueTestJSON:setUpClass): 201 POST http://10.180.1.21/identity/v3/auth/tokens 0.071s
2024-12-24 14:06:21.937 66953 INFO tempest.lib.common.rest_client [req-fd575b2e-dc51-4688-80f6-206fd5895c81 req-fd575b2e-dc51-4688-80f6-206fd5895c81 ] Request (QuotaClassesAdminTestJSON:tearDownClass): 204 DELETE http://10.180.1.21:9696/networking/v2.0/security-groups/9306f336-87a3-4fe4-8176-e931af1d9298 0.177s
2024-12-24 14:06:21.965 66979 INFO tempest.lib.common.rest_client [req-835abbdf-0082-4270-a643-bba56289b658 req-835abbdf-0082-4270-a643-bba56289b658 ] Request (KeyPairsV22TestJSON:test_keypairsv22_create_list_show): 201 POST http://10.180.1.21/compute/v2.1/os-keypairs 0.854s
2024-12-24 14:06:21.976 67000 INFO tempest.lib.common.rest_client [req-f97e1fbf-2d2a-4ed0-ac80-3a97eb42768c req-f97e1fbf-2d2a-4ed0-ac80-3a97eb42768c ] Request (ServersWithSpecificFlavorTestJSON:test_verify_created_server_ephemeral_disk): 200 GET http://10.180.1.21/compute/v2.1/servers/86c816a2-26f2-4246-b2c5-a14619cde39a 0.828s
2024-12-24 14:06:21.977 66975 INFO tempest.lib.common.rest_client [req-1f3eff5e-e33d-41cf-9a85-c1ae4d74fd4a req-1f3eff5e-e33d-41cf-9a85-c1ae4d74fd4a ] Request (ServerRescueTestJSON:setUpClass): 201 POST http://10.180.1.21/identity/v3/auth/tokens 0.038s
2024-12-24 14:06:22.036 66953 INFO tempest.lib.common.rest_client [req-6d39f59a-464d-4e00-893f-8f86ddf061e8 req-6d39f59a-464d-4e00-893f-8f86ddf061e8 ] Request (QuotaClassesAdminTestJSON:tearDownClass): 204 DELETE http://10.180.1.21/identity/v3/projects/56614bcdc7da4edabf5ada09bf556d13 0.097s
2024-12-24 14:06:22.036 66953 INFO tempest.lib.common.dynamic_creds [-] Deleting project and security group for project: a34bf32311c443baa1f5798f15633fdb
2024-12-24 14:06:22.049 66995 INFO tempest.lib.common.rest_client [req-2b895281-bdce-483f-aba9-c40da9a3ea41 req-2b895281-bdce-483f-aba9-c40da9a3ea41 ] Request (ServerDiagnosticsTest:test_get_server_diagnostics): 200 GET http://10.180.1.21/compute/v2.1/servers/2c3e5eec-54fd-4e4b-b441-5cc7fe5a33b4 0.790s
2024-12-24 14:06:22.102 66975 INFO tempest.lib.common.rest_client [req-b1fc2f41-4ab1-4a9d-9f6e-8248d20e1972 req-b1fc2f41-4ab1-4a9d-9f6e-8248d20e1972 ] Request (ServerRescueTestJSON:setUpClass): 200 GET http://10.180.1.21/identity/v3/domains?name=Default 0.124s
2024-12-24 14:06:22.124 66989 INFO tempest.lib.common.rest_client [req-2aaccb28-9bb1-496b-aedd-e90a9585865f req-2aaccb28-9bb1-496b-aedd-e90a9585865f ] Request (ServerDiagnosticsNegativeTest:tearDownClass): 200 GET http://10.180.1.21/compute/v2.1/servers/20897196-0c32-497c-a7fe-b6b4f2a1a675 0.849s
2024-12-24 14:06:22.132 66975 INFO tempest.lib.common.rest_client [req-7040ce6b-b773-4050-a82d-cef9f9338b63 req-7040ce6b-b773-4050-a82d-cef9f9338b63 ] Request (ServerRescueTestJSON:setUpClass): 201 POST http://10.180.1.21/identity/v3/projects 0.029s
2024-12-24 14:06:22.142 66985 INFO tempest.lib.common.rest_client [req-8668cbaa-bed0-4981-ba76-a7efcf3dd87e req-8668cbaa-bed0-4981-ba76-a7efcf3dd87e ] Request (ServersTestBootFromVolume:setUpClass): 201 POST http://10.180.1.21:9696/networking/v2.0/subnets 0.225s
2024-12-24 14:06:22.179 66953 INFO tempest.lib.common.rest_client [req-dae65b72-f257-4e64-b30c-dccec5644bb1 req-dae65b72-f257-4e64-b30c-dccec5644bb1 ] Request (QuotaClassesAdminTestJSON:tearDownClass): 200 GET http://10.180.1.21:9696/networking/v2.0/security-groups?tenant_id=a34bf32311c443baa1f5798f15633fdb&name=default 0.142s
2024-12-24 14:06:22.186 66975 INFO tempest.lib.common.rest_client [req-b8a69bb3-a522-4b85-be6e-a834fe73b328 req-b8a69bb3-a522-4b85-be6e-a834fe73b328 ] Request (ServerRescueTestJSON:setUpClass): 201 POST http://10.180.1.21/identity/v3/users 0.053s
2024-12-24 14:06:22.207 66975 INFO tempest.lib.common.rest_client [req-422e83de-06ea-41ac-bb87-536a12b01590 req-422e83de-06ea-41ac-bb87-536a12b01590 ] Request (ServerRescueTestJSON:setUpClass): 200 GET http://10.180.1.21/identity/v3/roles 0.021s
2024-12-24 14:06:22.237 66975 INFO tempest.lib.common.rest_client [req-65c7fc10-3513-428f-8325-9746aac16b95 req-65c7fc10-3513-428f-8325-9746aac16b95 ] Request (ServerRescueTestJSON:setUpClass): 204 PUT http://10.180.1.21/identity/v3/projects/f664730356ba41bb9b27385257879c7f/users/e7603960e60d480fbc3c23b9796980e3/roles/bbffd1a3a1124de5a99c8b805ebd41ed 0.029s
2024-12-24 14:06:22.237 66975 INFO tempest.lib.common.dynamic_creds [-] Dynamic test user e7603960e60d480fbc3c23b9796980e3 is created with scope project and roles: ['member']
2024-12-24 14:06:22.237 66975 INFO tempest.lib.common.dynamic_creds [-] Acquired dynamic creds: credentials: Credentials: {'domain_id': 'default', 'domain_name': 'Default', 'username': 'tempest-ServerRescueTestJSON-403754698-project-member', 'project_domain_id': 'default', 'project_domain_name': 'Default', 'project_id': 'f664730356ba41bb9b27385257879c7f', 'project_name': 'tempest-ServerRescueTestJSON-403754698', 'tenant_id': 'f664730356ba41bb9b27385257879c7f', 'tenant_name': 'tempest-ServerRescueTestJSON-403754698', 'user_domain_id': 'default', 'user_domain_name': 'Default', 'user_id': 'e7603960e60d480fbc3c23b9796980e3', 'system': None}, Network: None, Subnet: None, Router: None
2024-12-24 14:06:22.241 66957 INFO tempest.lib.common.rest_client [req-bef7b968-f636-4f07-a720-057441e339fc req-bef7b968-f636-4f07-a720-057441e339fc ] Request (DeleteServersAdminTestJSON:test_admin_delete_servers_of_others): 200 GET http://10.180.1.21/compute/v2.1/servers/0383458e-dc5b-41f3-a3ce-6e57ed863bcc 0.903s
2024-12-24 14:06:22.318 66975 INFO tempest.lib.common.rest_client [req-22729a30-dfbd-437a-b83e-6ac6efd6bd4f req-22729a30-dfbd-437a-b83e-6ac6efd6bd4f ] Request (ServerRescueTestJSON:setUpClass): 201 POST http://10.180.1.21/identity/v3/auth/tokens 0.080s
2024-12-24 14:06:22.345 67001 INFO tempest.lib.common.rest_client [req-94e3cf36-0a4e-4d1d-b272-d799db2391aa req-94e3cf36-0a4e-4d1d-b272-d799db2391aa ] Request (ServerExternalEventsTest:tearDownClass): 200 GET http://10.180.1.21/compute/v2.1/servers/4f72682c-8a29-49e1-bdc6-866f2ad10116 0.980s
2024-12-24 14:06:22.346 66953 INFO tempest.lib.common.rest_client [req-a3d9d053-a351-4938-8456-e9d9e34f86cb req-a3d9d053-a351-4938-8456-e9d9e34f86cb ] Request (QuotaClassesAdminTestJSON:tearDownClass): 204 DELETE http://10.180.1.21:9696/networking/v2.0/security-groups/e509faa6-790d-46f7-8cea-fdfad515c722 0.166s
2024-12-24 14:06:22.408 66992 INFO tempest.lib.common.rest_client [req-5b10c5e1-7c0e-4705-8526-31b7b70112b1 req-5b10c5e1-7c0e-4705-8526-31b7b70112b1 ] Request (AttachInterfacesUnderV243Test:test_add_remove_fixed_ip): 200 GET http://10.180.1.21/compute/v2.1/servers/1cfdd458-1380-44a2-82b9-dc9c44e1a98d 1.002s
2024-12-24 14:06:22.419 66955 INFO tempest.lib.common.rest_client [req-756d6573-7749-4db1-91e8-530eb93c56c4 req-756d6573-7749-4db1-91e8-530eb93c56c4 ] Request (KeyPairsV2TestJSON:test_get_keypair_detail): 200 GET http://10.180.1.21/compute/v2.1/os-keypairs/tempest-keypair-288447678 1.003s
2024-12-24 14:06:22.424 66953 INFO tempest.lib.common.rest_client [req-42f3fcc6-5de2-469e-a47f-8bac022fc32a req-42f3fcc6-5de2-469e-a47f-8bac022fc32a ] Request (QuotaClassesAdminTestJSON:tearDownClass): 204 DELETE http://10.180.1.21/identity/v3/projects/a34bf32311c443baa1f5798f15633fdb 0.077s
2024-12-24 14:06:22.450 66993 INFO tempest.lib.common.rest_client [req-c48c0828-6bdb-4ac0-8415-1de2fd6b88fc req-c48c0828-6bdb-4ac0-8415-1de2fd6b88fc ] Request (KeyPairsNegativeTestJSON:test_create_keypair_with_duplicate_name): 409 POST http://10.180.1.21/compute/v2.1/os-keypairs 1.000s
2024-12-24 14:06:22.478 66973 INFO tempest.lib.common.rest_client [req-c1e013a0-b4d7-42e8-a4ff-d1b192da481e req-c1e013a0-b4d7-42e8-a4ff-d1b192da481e ] Request (ImagesOneServerNegativeTestJSON:test_create_image_specify_metadata_over_limits): 400 POST http://10.180.1.21/compute/v2.1/servers/bf6f1480-abc9-4028-beaa-75f271edd36a/action 0.912s
2024-12-24 14:06:22.484 66961 INFO tempest.lib.common.rest_client [req-c503b765-c510-4d80-9695-700b545bba80 req-c503b765-c510-4d80-9695-700b545bba80 ] Request (AggregatesAdminNegativeTestJSON:test_aggregate_get_details_as_user): 403 GET http://10.180.1.21/compute/v2.1/os-aggregates/6 0.889s
2024-12-24 14:06:22.489 66953 INFO tempest.lib.common.rest_client [req-80f6928e-c75b-479e-92ff-d93bc7d1a4bc req-80f6928e-c75b-479e-92ff-d93bc7d1a4bc ] Request (ServersAdminNegativeTestJSON:setUpClass): 201 POST http://10.180.1.21/identity/v3/auth/tokens 0.062s
2024-12-24 14:06:22.522 66953 INFO tempest.lib.common.rest_client [req-34a8461d-fd72-407a-b0e8-bfeb4b216103 req-34a8461d-fd72-407a-b0e8-bfeb4b216103 ] Request (ServersAdminNegativeTestJSON:setUpClass): 201 POST http://10.180.1.21/identity/v3/auth/tokens 0.030s
2024-12-24 14:06:22.524 66971 INFO tempest.lib.common.rest_client [req-71d4fb1c-663c-4167-abf6-feeac4d7df79 req-71d4fb1c-663c-4167-abf6-feeac4d7df79 ] Request (ListImageFiltersTestJSON:setUpClass): 200 GET http://10.180.1.21/compute/v2.1/images/20ed45d8-7e73-4cce-9e41-28404f236c59 0.897s
2024-12-24 14:06:22.556 66953 INFO tempest.lib.common.rest_client [req-a89fcf0e-8a85-4840-88c3-c5aabe883930 req-a89fcf0e-8a85-4840-88c3-c5aabe883930 ] Request (ServersAdminNegativeTestJSON:setUpClass): 200 GET http://10.180.1.21/identity/v3/domains?name=Default 0.032s
2024-12-24 14:06:22.590 66970 INFO tempest.lib.common.rest_client [req-059fb4cb-d74b-42c4-b1b6-dc83453fd818 req-059fb4cb-d74b-42c4-b1b6-dc83453fd818 ] Request (ServersAaction247Test:tearDownClass): 200 GET http://10.180.1.21/compute/v2.1/servers/2c798147-c786-4207-8ed9-46575a2e4a89 0.938s
2024-12-24 14:06:22.597 66953 INFO tempest.lib.common.rest_client [req-7ec222f5-b159-40d9-a694-c0425e1e148c req-7ec222f5-b159-40d9-a694-c0425e1e148c ] Request (ServersAdminNegativeTestJSON:setUpClass): 201 POST http://10.180.1.21/identity/v3/projects 0.040s
2024-12-24 14:06:22.665 66953 INFO tempest.lib.common.rest_client [req-3f599f7f-e0c0-49c1-b8ad-c013a287c2d6 req-3f599f7f-e0c0-49c1-b8ad-c013a287c2d6 ] Request (ServersAdminNegativeTestJSON:setUpClass): 201 POST http://10.180.1.21/identity/v3/users 0.068s
2024-12-24 14:06:22.687 66953 INFO tempest.lib.common.rest_client [req-8b01cbfe-f08a-4187-a2d7-ab6dbf09bb0e req-8b01cbfe-f08a-4187-a2d7-ab6dbf09bb0e ] Request (ServersAdminNegativeTestJSON:setUpClass): 200 GET http://10.180.1.21/identity/v3/roles 0.021s
2024-12-24 14:06:22.719 66953 INFO tempest.lib.common.rest_client [req-fcdca398-3347-40dd-93a7-63c0f579e42c req-fcdca398-3347-40dd-93a7-63c0f579e42c ] Request (ServersAdminNegativeTestJSON:setUpClass): 204 PUT http://10.180.1.21/identity/v3/projects/f5011370db1f448c9897d4f8d9db065a/users/1220064143d24f6884cdfeb816a5336a/roles/bbffd1a3a1124de5a99c8b805ebd41ed 0.031s
2024-12-24 14:06:22.720 66953 INFO tempest.lib.common.dynamic_creds [-] Dynamic test user 1220064143d24f6884cdfeb816a5336a is created with scope project and roles: ['member']
2024-12-24 14:06:22.720 66953 INFO tempest.lib.common.dynamic_creds [-] Acquired dynamic creds: credentials: Credentials: {'domain_id': 'default', 'domain_name': 'Default', 'username': 'tempest-ServersAdminNegativeTestJSON-906351153-project-member', 'project_domain_id': 'default', 'project_domain_name': 'Default', 'project_id': 'f5011370db1f448c9897d4f8d9db065a', 'project_name': 'tempest-ServersAdminNegativeTestJSON-906351153', 'tenant_id': 'f5011370db1f448c9897d4f8d9db065a', 'tenant_name': 'tempest-ServersAdminNegativeTestJSON-906351153', 'user_domain_id': 'default', 'user_domain_name': 'Default', 'user_id': '1220064143d24f6884cdfeb816a5336a', 'system': None}, Network: None, Subnet: None, Router: None
2024-12-24 14:06:22.720 66953 INFO tempest.lib.common.dynamic_creds [-] Created isolated network resources for: credentials: Credentials: {'domain_id': 'default', 'domain_name': 'Default', 'username': 'tempest-ServersAdminNegativeTestJSON-906351153-project-member', 'project_domain_id': 'default', 'project_domain_name': 'Default', 'project_id': 'f5011370db1f448c9897d4f8d9db065a', 'project_name': 'tempest-ServersAdminNegativeTestJSON-906351153', 'tenant_id': 'f5011370db1f448c9897d4f8d9db065a', 'tenant_name': 'tempest-ServersAdminNegativeTestJSON-906351153', 'user_domain_id': 'default', 'user_domain_name': 'Default', 'user_id': '1220064143d24f6884cdfeb816a5336a', 'system': None}, Network: None, Subnet: None, Router: None
2024-12-24 14:06:22.763 66975 INFO tempest.lib.common.rest_client [req-34979f52-5ca7-4a20-8425-188fa0073222 req-34979f52-5ca7-4a20-8425-188fa0073222 ] Request (ServerRescueTestJSON:setUpClass): 201 POST http://10.180.1.21:9696/networking/v2.0/networks 0.444s
2024-12-24 14:06:22.802 66953 INFO tempest.lib.common.rest_client [req-646c8d8b-d2d2-401e-85d6-09914aa0b79e req-646c8d8b-d2d2-401e-85d6-09914aa0b79e ] Request (ServersAdminNegativeTestJSON:setUpClass): 201 POST http://10.180.1.21/identity/v3/auth/tokens 0.079s
2024-12-24 14:06:22.854 67006 INFO tempest.lib.common.rest_client [req-865e5a29-f3a8-4a69-8085-b42183278f79 req-865e5a29-f3a8-4a69-8085-b42183278f79 ] Request (QuotasAdminTestJSON:test_update_all_quota_resources_for_tenant): 200 PUT http://10.180.1.21/compute/v2.1/os-quota-sets/639190376c934241b07feefef6a97d61 1.135s
2024-12-24 14:06:22.885 66953 INFO tempest.lib.common.rest_client [req-21f56edf-a607-4d4e-9020-17ad87503c65 req-21f56edf-a607-4d4e-9020-17ad87503c65 ] Request (ServersAdminNegativeTestJSON:setUpClass): 201 POST http://10.180.1.21/identity/v3/projects 0.081s
2024-12-24 14:06:22.966 66953 INFO tempest.lib.common.rest_client [req-489d9ba0-c0c3-4621-894b-6e09aeb058fd req-489d9ba0-c0c3-4621-894b-6e09aeb058fd ] Request (ServersAdminNegativeTestJSON:setUpClass): 201 POST http://10.180.1.21/identity/v3/users 0.081s
2024-12-24 14:06:22.995 66953 INFO tempest.lib.common.rest_client [req-14685b15-fbcf-4a08-a151-a4b230b591b8 req-14685b15-fbcf-4a08-a151-a4b230b591b8 ] Request (ServersAdminNegativeTestJSON:setUpClass): 200 GET http://10.180.1.21/identity/v3/roles 0.028s
2024-12-24 14:06:23.027 66953 INFO tempest.lib.common.rest_client [req-caf0e92e-6a33-4ce6-8492-bdd77a9c60b1 req-caf0e92e-6a33-4ce6-8492-bdd77a9c60b1 ] Request (ServersAdminNegativeTestJSON:setUpClass): 204 PUT http://10.180.1.21/identity/v3/projects/e57422d56cbd4964bf6cbb0d76144af2/users/c04a2b81147345f0a2638cae0c3baa02/roles/465e0f7e86194618b6ace1402bc6f9db 0.032s
2024-12-24 14:06:23.034 67003 INFO tempest.lib.common.rest_client [req-d899f846-b3db-4351-895f-c4a6937e8010 req-d899f846-b3db-4351-895f-c4a6937e8010 ] Request (AttachInterfacesTestJSON:test_create_list_show_delete_interfaces_by_fixed_ip): 200 GET http://10.180.1.21/compute/v2.1/servers/da0ad665-64f3-4d5c-adef-417c1e1d2c0f 1.312s
2024-12-24 14:06:23.062 66983 INFO tempest.lib.common.rest_client [req-51553042-a5a1-4c89-b310-218d3266abba req-51553042-a5a1-4c89-b310-218d3266abba ] Request (FloatingIPDetailsTestJSON:setUpClass): 200 POST http://10.180.1.21/compute/v2.1/os-floating-ips 1.822s
2024-12-24 14:06:23.110 66953 INFO tempest.lib.common.rest_client [req-ad380ea0-4557-4f83-b40a-f26522e2da18 req-ad380ea0-4557-4f83-b40a-f26522e2da18 ] Request (ServersAdminNegativeTestJSON:setUpClass): 200 GET http://10.180.1.21/identity/v3/roles 0.083s
2024-12-24 14:06:23.123 66959 INFO tempest.lib.common.rest_client [req-2aae06bc-379b-469f-9b86-9103640a4f68 req-2aae06bc-379b-469f-9b86-9103640a4f68 ] Request (FloatingIPsAssociationTestJSON:setUpClass): 200 GET http://10.180.1.21/compute/v2.1/servers/d8ea4cc3-b3be-4db6-9d55-d62a774e4e34 1.364s
2024-12-24 14:06:23.144 66953 INFO tempest.lib.common.rest_client [req-9e329544-cc00-44d7-bb2c-6b8518c22ca9 req-9e329544-cc00-44d7-bb2c-6b8518c22ca9 ] Request (ServersAdminNegativeTestJSON:setUpClass): 204 PUT http://10.180.1.21/identity/v3/projects/e57422d56cbd4964bf6cbb0d76144af2/users/c04a2b81147345f0a2638cae0c3baa02/roles/465e0f7e86194618b6ace1402bc6f9db 0.033s
2024-12-24 14:06:23.144 66953 INFO tempest.lib.common.dynamic_creds [-] Dynamic test user c04a2b81147345f0a2638cae0c3baa02 is created with scope project and roles: ['admin']
2024-12-24 14:06:23.144 66953 INFO tempest.lib.common.dynamic_creds [-] Acquired dynamic creds: credentials: Credentials: {'domain_id': 'default', 'domain_name': 'Default', 'username': 'tempest-ServersAdminNegativeTestJSON-1469841265-project-admin', 'project_domain_id': 'default', 'project_domain_name': 'Default', 'project_id': 'e57422d56cbd4964bf6cbb0d76144af2', 'project_name': 'tempest-ServersAdminNegativeTestJSON-1469841265', 'tenant_id': 'e57422d56cbd4964bf6cbb0d76144af2', 'tenant_name': 'tempest-ServersAdminNegativeTestJSON-1469841265', 'user_domain_id': 'default', 'user_domain_name': 'Default', 'user_id': 'c04a2b81147345f0a2638cae0c3baa02', 'system': None}, Network: None, Subnet: None, Router: None
2024-12-24 14:06:23.144 66953 INFO tempest.lib.common.dynamic_creds [-] Created isolated network resources for: credentials: Credentials: {'domain_id': 'default', 'domain_name': 'Default', 'username': 'tempest-ServersAdminNegativeTestJSON-1469841265-project-admin', 'project_domain_id': 'default', 'project_domain_name': 'Default', 'project_id': 'e57422d56cbd4964bf6cbb0d76144af2', 'project_name': 'tempest-ServersAdminNegativeTestJSON-1469841265', 'tenant_id': 'e57422d56cbd4964bf6cbb0d76144af2', 'tenant_name': 'tempest-ServersAdminNegativeTestJSON-1469841265', 'user_domain_id': 'default', 'user_domain_name': 'Default', 'user_id': 'c04a2b81147345f0a2638cae0c3baa02', 'system': None}, Network: None, Subnet: None, Router: None
2024-12-24 14:06:23.146 66951 INFO tempest.lib.common.rest_client [req-0a0dd873-c9ab-4ae0-945c-9468c4fb6f37 req-0a0dd873-c9ab-4ae0-945c-9468c4fb6f37 ] Request (FlavorsAccessNegativeTestJSON:_run_cleanups): 202 DELETE http://10.180.1.21/compute/v2.1/flavors/274106958 1.230s
