2024-12-24 14:06:04.863 66945 INFO tempest.lib.common.fixed_network [-] (ServersTestJSON:test_create_server_specify_multibyte_character_name) Found network {'id': '69b353bb-3881-4131-9dd3-0a2a854203b8', 'name': 'tempest-ServersTestJSON-102845482-network', 'tenant_id': '77ffb4be0b64487e80b60778338adbee', 'admin_state_up': True, 'mtu': 8950, 'status': 'ACTIVE', 'subnets': [], 'shared': False, 'project_id': '77ffb4be0b64487e80b60778338adbee', 'port_security_enabled': True, 'router:external': False, 'provider:network_type': 'vlan', 'provider:physical_network': 'default', 'provider:segmentation_id': 823, 'availability_zone_hints': [], 'availability_zones': [], 'ipv4_address_scope': None, 'ipv6_address_scope': None, 'description': '', 'tags': [], 'created_at': '2024-12-24T14:05:56Z', 'updated_at': '2024-12-24T14:05:56Z', 'revision_number': 1} available for tenant
2024-12-24 14:06:04.867 66998 INFO tempest.lib.common.rest_client [req-d6a28ebc-5c0a-47d4-b2fa-6f4f7a330ebc req-d6a28ebc-5c0a-47d4-b2fa-6f4f7a330ebc ] Request (ImagesTestJSON:setUpClass): 200 PUT http://10.180.1.21:9696/networking/v2.0/routers/17b1e8ce-5d9a-4661-840d-f3a74ba702ad/add_router_interface 4.611s
2024-12-24 14:06:04.867 66998 INFO tempest.lib.common.dynamic_creds [-] Created isolated network resources for: credentials: Credentials: {'domain_id': 'default', 'domain_name': 'Default', 'username': 'tempest-ImagesTestJSON-1822151184-project-member', 'project_domain_id': 'default', 'project_domain_name': 'Default', 'project_id': '0b56ae858f034847b6748ffb4b341dfc', 'project_name': 'tempest-ImagesTestJSON-1822151184', 'tenant_id': '0b56ae858f034847b6748ffb4b341dfc', 'tenant_name': 'tempest-ImagesTestJSON-1822151184', 'user_domain_id': 'default', 'user_domain_name': 'Default', 'user_id': 'e67a7fcbb47c48af867e3eabd8b9d222', 'system': None}, Network: {'id': 'b68899b5-5442-4150-b63e-67e9535d8342', 'name': 'tempest-ImagesTestJSON-602848875-network', 'tenant_id': '0b56ae858f034847b6748ffb4b341dfc', 'admin_state_up': True, 'mtu': 8950, 'status': 'ACTIVE', 'subnets': [], 'shared': False, 'project_id': '0b56ae858f034847b6748ffb4b341dfc', 'port_security_enabled': True, 'router:external': False, 'provider:network_type': 'vlan', 'provider:physical_network': 'default', 'provider:segmentation_id': 902, 'availability_zone_hints': [], 'availability_zones': [], 'ipv4_address_scope': None, 'ipv6_address_scope': None, 'description': '', 'tags': [], 'created_at': '2024-12-24T14:05:57Z', 'updated_at': '2024-12-24T14:05:57Z', 'revision_number': 1}, Subnet: {'id': '1050cd0e-7ab9-446b-babb-4b605becfdb4', 'name': 'tempest-ImagesTestJSON-602848875-subnet', 'tenant_id': '0b56ae858f034847b6748ffb4b341dfc', 'network_id': 'b68899b5-5442-4150-b63e-67e9535d8342', 'ip_version': 4, 'subnetpool_id': None, 'enable_dhcp': True, 'ipv6_ra_mode': None, 'ipv6_address_mode': None, 'gateway_ip': '192.168.128.1', 'cidr': '192.168.128.0/28', 'allocation_pools': [{'start': '192.168.128.2', 'end': '192.168.128.14'}], 'host_routes': [], 'dns_nameservers': [], 'description': '', 'router:external': False, 'service_types': [], 'tags': [], 'created_at': '2024-12-24T14:05:57Z', 'updated_at': '2024-12-24T14:05:57Z', 'revision_number': 0, 'project_id': '0b56ae858f034847b6748ffb4b341dfc'}, Router: {'id': '17b1e8ce-5d9a-4661-840d-f3a74ba702ad', 'name': 'tempest-ImagesTestJSON-602848875-router', 'tenant_id': '0b56ae858f034847b6748ffb4b341dfc', 'admin_state_up': True, 'status': 'ACTIVE', 'external_gateway_info': {'network_id': '76f7ec2b-adaf-4f79-828d-97004c5a57e2', 'external_fixed_ips': [{'subnet_id': '26a9cb8b-a005-4412-b020-d1cb3562fd3d', 'ip_address': '10.180.180.241'}], 'enable_snat': True}, 'description': '', 'availability_zones': [], 'distributed': False, 'ha': False, 'availability_zone_hints': [], 'routes': [], 'flavor_id': None, 'tags': [], 'created_at': '2024-12-24T14:05:58Z', 'updated_at': '2024-12-24T14:05:59Z', 'revision_number': 2, 'project_id': '0b56ae858f034847b6748ffb4b341dfc'}
2024-12-24 14:06:04.954 66998 INFO tempest.lib.common.rest_client [req-96ad763a-d85d-4c3b-833b-2b73d16fd3cc req-96ad763a-d85d-4c3b-833b-2b73d16fd3cc ] Request (ImagesTestJSON:setUpClass): 201 POST http://10.180.1.21/identity/v3/auth/tokens 0.082s
2024-12-24 14:06:05.001 66998 INFO tempest.lib.common.rest_client [req-01db1b25-a524-47bc-a1a2-62ea6a60b1d1 req-01db1b25-a524-47bc-a1a2-62ea6a60b1d1 ] Request (ImagesTestJSON:test_create_image_from_stopped_server): 201 POST http://10.180.1.21/identity/v3/auth/tokens 0.040s
2024-12-24 14:06:05.002 66998 INFO tempest.lib.common.fixed_network [-] (ImagesTestJSON:test_create_image_from_stopped_server) Found network {'id': 'b68899b5-5442-4150-b63e-67e9535d8342', 'name': 'tempest-ImagesTestJSON-602848875-network', 'tenant_id': '0b56ae858f034847b6748ffb4b341dfc', 'admin_state_up': True, 'mtu': 8950, 'status': 'ACTIVE', 'subnets': [], 'shared': False, 'project_id': '0b56ae858f034847b6748ffb4b341dfc', 'port_security_enabled': True, 'router:external': False, 'provider:network_type': 'vlan', 'provider:physical_network': 'default', 'provider:segmentation_id': 902, 'availability_zone_hints': [], 'availability_zones': [], 'ipv4_address_scope': None, 'ipv6_address_scope': None, 'description': '', 'tags': [], 'created_at': '2024-12-24T14:05:57Z', 'updated_at': '2024-12-24T14:05:57Z', 'revision_number': 1} available for tenant
2024-12-24 14:06:05.066 66983 INFO tempest.lib.common.rest_client [req-2f02123f-b879-4354-aaea-8db038e5817a req-2f02123f-b879-4354-aaea-8db038e5817a ] Request (QuotaClassesAdmin257Test:tearDownClass): 200 GET http://10.180.1.21:9696/networking/v2.0/security-groups?tenant_id=fe02fb42ef3b41f29e31316176b31734&name=default 0.477s
2024-12-24 14:06:05.226 66965 INFO tempest.lib.common.rest_client [req-b3dd0e24-0d94-4c25-ad4e-f121816a9f80 req-b3dd0e24-0d94-4c25-ad4e-f121816a9f80 ] Request (SecurityGroupRulesNegativeTestJSON:test_create_security_group_rule_with_invalid_from_port): 200 POST http://10.180.1.21/compute/v2.1/os-security-groups 3.333s
2024-12-24 14:06:05.349 67007 INFO tempest.lib.common.rest_client [req-776ac644-2ace-48c2-a8c9-8e181035151a req-776ac644-2ace-48c2-a8c9-8e181035151a ] Request (ServersTestJSON:setUpClass): 200 PUT http://10.180.1.21:9696/networking/v2.0/routers/07fd3894-2421-4b54-b260-7c8d05810916/add_router_interface 4.079s
2024-12-24 14:06:05.350 67007 INFO tempest.lib.common.dynamic_creds [-] Created isolated network resources for: credentials: Credentials: {'domain_id': 'default', 'domain_name': 'Default', 'username': 'tempest-ServersTestJSON-684397649-project-member', 'project_domain_id': 'default', 'project_domain_name': 'Default', 'project_id': 'e230cad9f646464c95ccaa22d79db06e', 'project_name': 'tempest-ServersTestJSON-684397649', 'tenant_id': 'e230cad9f646464c95ccaa22d79db06e', 'tenant_name': 'tempest-ServersTestJSON-684397649', 'user_domain_id': 'default', 'user_domain_name': 'Default', 'user_id': '486886d9d79e453da987423ca734c4c8', 'system': None}, Network: {'id': '76d5f467-79fd-43ee-a6d1-c08eeefc639c', 'name': 'tempest-ServersTestJSON-554201935-network', 'tenant_id': 'e230cad9f646464c95ccaa22d79db06e', 'admin_state_up': True, 'mtu': 8950, 'status': 'ACTIVE', 'subnets': [], 'shared': False, 'project_id': 'e230cad9f646464c95ccaa22d79db06e', 'port_security_enabled': True, 'router:external': False, 'provider:network_type': 'vlan', 'provider:physical_network': 'default', 'provider:segmentation_id': 612, 'availability_zone_hints': [], 'availability_zones': [], 'ipv4_address_scope': None, 'ipv6_address_scope': None, 'description': '', 'tags': [], 'created_at': '2024-12-24T14:05:57Z', 'updated_at': '2024-12-24T14:05:57Z', 'revision_number': 1}, Subnet: {'id': '2b06ccd8-cab1-486d-af4d-01605eaf443a', 'name': 'tempest-ServersTestJSON-554201935-subnet', 'tenant_id': 'e230cad9f646464c95ccaa22d79db06e', 'network_id': '76d5f467-79fd-43ee-a6d1-c08eeefc639c', 'ip_version': 4, 'subnetpool_id': None, 'enable_dhcp': True, 'ipv6_ra_mode': None, 'ipv6_address_mode': None, 'gateway_ip': '192.168.128.1', 'cidr': '192.168.128.0/28', 'allocation_pools': [{'start': '192.168.128.2', 'end': '192.168.128.14'}], 'host_routes': [], 'dns_nameservers': [], 'description': '', 'router:external': False, 'service_types': [], 'tags': [], 'created_at': '2024-12-24T14:05:57Z', 'updated_at': '2024-12-24T14:05:57Z', 'revision_number': 0, 'project_id': 'e230cad9f646464c95ccaa22d79db06e'}, Router: {'id': '07fd3894-2421-4b54-b260-7c8d05810916', 'name': 'tempest-ServersTestJSON-554201935-router', 'tenant_id': 'e230cad9f646464c95ccaa22d79db06e', 'admin_state_up': True, 'status': 'ACTIVE', 'external_gateway_info': {'network_id': '76f7ec2b-adaf-4f79-828d-97004c5a57e2', 'external_fixed_ips': [{'subnet_id': '26a9cb8b-a005-4412-b020-d1cb3562fd3d', 'ip_address': '10.180.180.207'}], 'enable_snat': True}, 'description': '', 'availability_zones': [], 'distributed': False, 'ha': False, 'availability_zone_hints': [], 'routes': [], 'flavor_id': None, 'tags': [], 'created_at': '2024-12-24T14:05:58Z', 'updated_at': '2024-12-24T14:05:59Z', 'revision_number': 2, 'project_id': 'e230cad9f646464c95ccaa22d79db06e'}
2024-12-24 14:06:05.364 66995 INFO tempest.lib.common.rest_client [req-eb1aaa79-6653-42be-b54d-1077383a6040 req-eb1aaa79-6653-42be-b54d-1077383a6040 ] Request (FlavorsExtraSpecsNegativeTestJSON:tearDownClass): 204 DELETE http://10.180.1.21:9696/networking/v2.0/security-groups/e6e87c61-6c73-4a39-b396-2c76909de700 0.599s
2024-12-24 14:06:05.366 66983 INFO tempest.lib.common.rest_client [req-6dc02a29-4001-4894-969b-7639ace23a82 req-6dc02a29-4001-4894-969b-7639ace23a82 ] Request (QuotaClassesAdmin257Test:tearDownClass): 204 DELETE http://10.180.1.21:9696/networking/v2.0/security-groups/0ca9a72e-6fbb-4a2c-b575-1919e82ec78f 0.299s
2024-12-24 14:06:05.370 66959 INFO tempest.lib.common.rest_client [req-fd15ad16-0419-46b2-805c-ccd92e455bc5 req-fd15ad16-0419-46b2-805c-ccd92e455bc5 ] Request (FloatingIPsAssociationTestJSON:setUpClass): 201 POST http://10.180.1.21:9696/networking/v2.0/subnets 1.173s
2024-12-24 14:06:05.455 67007 INFO tempest.lib.common.rest_client [req-6d477420-442a-46b4-92c8-744db722406a req-6d477420-442a-46b4-92c8-744db722406a ] Request (ServersTestJSON:setUpClass): 201 POST http://10.180.1.21/identity/v3/auth/tokens 0.101s
2024-12-24 14:06:05.457 66995 INFO tempest.lib.common.rest_client [req-c77e0a17-fe24-4b57-96d3-7f144e6f9b65 req-c77e0a17-fe24-4b57-96d3-7f144e6f9b65 ] Request (FlavorsExtraSpecsNegativeTestJSON:tearDownClass): 204 DELETE http://10.180.1.21/identity/v3/projects/e735d3ca13c44688beb7b15adab3f814 0.093s
2024-12-24 14:06:05.479 67001 INFO tempest.lib.common.rest_client [req-3ed3e115-1149-4e59-bd81-6fb175fd214c req-3ed3e115-1149-4e59-bd81-6fb175fd214c ] Request (ServerExternalEventsTest:test_create_server_external_events): 200 GET http://10.180.1.21/compute/v2.1/servers/4f72682c-8a29-49e1-bdc6-866f2ad10116 3.293s
2024-12-24 14:06:05.489 66971 INFO tempest.lib.common.rest_client [req-2b2e082d-32e2-4ee7-a69e-992d6cdd2511 req-2b2e082d-32e2-4ee7-a69e-992d6cdd2511 ] Request (HostsAdminNegativeTestJSON:test_update_host_with_non_admin_user): 403 PUT http://10.180.1.21/compute/v2.1/os-hosts/devstack 3.128s
2024-12-24 14:06:05.501 66961 INFO tempest.lib.common.rest_client [req-08e001f7-d7d3-4188-92c8-af166266d25c req-08e001f7-d7d3-4188-92c8-af166266d25c ] Request (AggregatesAdminNegativeTestJSON:test_aggregate_create_aggregate_name_length_exceeds_255): 400 POST http://10.180.1.21/compute/v2.1/os-aggregates 3.105s
2024-12-24 14:06:05.533 66949 INFO tempest.lib.common.rest_client [req-fe737348-7803-489d-8573-6d1bfa5cc6fb req-fe737348-7803-489d-8573-6d1bfa5cc6fb ] Request (FlavorsExtraSpecsTestJSON:tearDownClass): 200 GET http://10.180.1.21/compute/v2.1/flavors/detail 3.038s
2024-12-24 14:06:05.553 66967 INFO tempest.lib.common.rest_client [req-44e00f2f-043e-4b9c-a509-9a45c6fc8df5 req-44e00f2f-043e-4b9c-a509-9a45c6fc8df5 ] Request (ServersTestFqdnHostnames:test_create_server_with_fqdn_name): 201 POST http://10.180.1.21:9696/networking/v2.0/floatingips 1.850s
2024-12-24 14:06:05.576 66995 INFO tempest.lib.common.rest_client [req-fabc9667-c8c7-40cf-9404-22f1605cb74b req-fabc9667-c8c7-40cf-9404-22f1605cb74b ] Request (ServerDiagnosticsTest:setUpClass): 201 POST http://10.180.1.21/identity/v3/auth/tokens 0.117s
2024-12-24 14:06:05.591 66992 INFO tempest.lib.common.rest_client [req-81d348d4-0f74-40e1-aa0f-5910743eb4ca req-81d348d4-0f74-40e1-aa0f-5910743eb4ca ] Request (AttachInterfacesUnderV243Test:setUpClass): 201 POST http://10.180.1.21:9696/networking/v2.0/networks 0.939s
2024-12-24 14:06:05.601 66983 INFO tempest.lib.common.rest_client [req-5ef6268d-b331-4909-a7a9-be6be65350dc req-5ef6268d-b331-4909-a7a9-be6be65350dc ] Request (QuotaClassesAdmin257Test:tearDownClass): 204 DELETE http://10.180.1.21/identity/v3/projects/fe02fb42ef3b41f29e31316176b31734 0.235s
2024-12-24 14:06:05.741 66951 INFO tempest.lib.common.rest_client [req-e1e3d8b2-a386-4beb-9462-c2b1024b0cdc req-e1e3d8b2-a386-4beb-9462-c2b1024b0cdc ] Request (FlavorsAccessNegativeTestJSON:test_flavor_non_admin_add): 403 POST http://10.180.1.21/compute/v2.1/flavors/890526713/action 3.173s
2024-12-24 14:06:05.751 66977 INFO tempest.lib.common.rest_client [req-cca4837f-8146-4418-91d1-1aa95200dbba req-cca4837f-8146-4418-91d1-1aa95200dbba ] Request (HypervisorAdminNegativeTestJSON:test_show_hypervisor_with_non_admin_user): 403 GET http://10.180.1.21/compute/v2.1/os-hypervisors/1 3.139s
2024-12-24 14:06:05.775 66949 INFO tempest.lib.common.rest_client [req-1fc95098-755c-4842-987f-1cf9d2187713 req-1fc95098-755c-4842-987f-1cf9d2187713 ] Request (FlavorsExtraSpecsTestJSON:tearDownClass): 204 DELETE http://10.180.1.21/identity/v3/users/3f52ad1a465e4892b833f322b0fdbba4 0.235s
2024-12-24 14:06:05.802 66967 INFO tempest.lib.common.rest_client [req-8d4b3a5b-3760-4a0c-887f-82aeaba1c167 req-8d4b3a5b-3760-4a0c-887f-82aeaba1c167 ] Request (ServersTestFqdnHostnames:test_create_server_with_fqdn_name): 201 POST http://10.180.1.21/identity/v3/auth/tokens 0.240s
2024-12-24 14:06:05.802 66967 INFO tempest.lib.common.fixed_network [-] (ServersTestFqdnHostnames:test_create_server_with_fqdn_name) Found network {'id': '61a8fa8d-cc15-45dd-802c-c7ee811c414e', 'name': 'tempest-ServersTestFqdnHostnames-586067797-network', 'tenant_id': '75b65e909f5d4bdcab977f04d27e6b97', 'admin_state_up': True, 'mtu': 8950, 'status': 'ACTIVE', 'subnets': [], 'shared': False, 'project_id': '75b65e909f5d4bdcab977f04d27e6b97', 'port_security_enabled': True, 'router:external': False, 'provider:network_type': 'vlan', 'provider:physical_network': 'default', 'provider:segmentation_id': 777, 'availability_zone_hints': [], 'availability_zones': [], 'ipv4_address_scope': None, 'ipv6_address_scope': None, 'description': '', 'tags': [], 'created_at': '2024-12-24T14:05:55Z', 'updated_at': '2024-12-24T14:05:55Z', 'revision_number': 1} available for tenant
2024-12-24 14:06:05.815 67000 INFO tempest.lib.common.rest_client [req-7e499eb9-ba29-4b61-9790-807cd11cbafd req-7e499eb9-ba29-4b61-9790-807cd11cbafd ] Request (ValidationResourcesFixture:setUp): 201 POST http://10.180.1.21:9696/networking/v2.0/floatingips 1.475s
2024-12-24 14:06:05.862 66995 INFO tempest.lib.common.rest_client [req-77eb84a5-d799-4cce-afc4-7dc55d49a920 req-77eb84a5-d799-4cce-afc4-7dc55d49a920 ] Request (ServerDiagnosticsTest:setUpClass): 201 POST http://10.180.1.21/identity/v3/auth/tokens 0.280s
2024-12-24 14:06:05.874 66983 INFO tempest.lib.common.rest_client [req-76d39137-8855-443f-b130-ef96244c7248 req-76d39137-8855-443f-b130-ef96244c7248 ] Request (ServicesAdminTestJSON:setUpClass): 201 POST http://10.180.1.21/identity/v3/auth/tokens 0.269s
2024-12-24 14:06:05.937 67000 INFO tempest.lib.common.rest_client [req-a96e877b-c68f-4984-a5f3-40782c8abdf6 req-a96e877b-c68f-4984-a5f3-40782c8abdf6 ] Request (ServersWithSpecificFlavorTestJSON:test_verify_created_server_ephemeral_disk): 201 POST http://10.180.1.21/identity/v3/auth/tokens 0.115s
2024-12-24 14:06:05.937 67000 INFO tempest.lib.common.fixed_network [-] (ServersWithSpecificFlavorTestJSON:test_verify_created_server_ephemeral_disk) Found network {'id': '4b6ecb5d-c231-4f10-a43a-5350b04ffb23', 'name': 'tempest-ServersWithSpecificFlavorTestJSON-1306830349-network', 'tenant_id': '07940f27b1554b80b7718bc405846b61', 'admin_state_up': True, 'mtu': 8950, 'status': 'ACTIVE', 'subnets': [], 'shared': False, 'project_id': '07940f27b1554b80b7718bc405846b61', 'port_security_enabled': True, 'router:external': False, 'provider:network_type': 'vlan', 'provider:physical_network': 'default', 'provider:segmentation_id': 210, 'availability_zone_hints': [], 'availability_zones': [], 'ipv4_address_scope': None, 'ipv6_address_scope': None, 'description': '', 'tags': [], 'created_at': '2024-12-24T14:05:39Z', 'updated_at': '2024-12-24T14:05:39Z', 'revision_number': 1} available for tenant
2024-12-24 14:06:05.950 66949 INFO tempest.lib.common.rest_client [req-01f1646d-117f-41fa-8a86-f9d9ad0614cf req-01f1646d-117f-41fa-8a86-f9d9ad0614cf ] Request (FlavorsExtraSpecsTestJSON:tearDownClass): 204 DELETE http://10.180.1.21/identity/v3/users/4f54588fae884913b18caaf2cac5a736 0.174s
2024-12-24 14:06:05.950 66949 INFO tempest.lib.common.dynamic_creds [-] Deleting project and security group for project: 05d4f3bdbe1143148773750e5b1ef4fa
2024-12-24 14:06:06.016 66995 INFO tempest.lib.common.rest_client [req-ae6ea876-edd8-451a-b892-63385b319ab4 req-ae6ea876-edd8-451a-b892-63385b319ab4 ] Request (ServerDiagnosticsTest:setUpClass): 200 GET http://10.180.1.21/identity/v3/domains?name=Default 0.153s
2024-12-24 14:06:06.020 66983 INFO tempest.lib.common.rest_client [req-854902b1-c4fb-4c63-9c57-3e13be741580 req-854902b1-c4fb-4c63-9c57-3e13be741580 ] Request (ServicesAdminTestJSON:setUpClass): 201 POST http://10.180.1.21/identity/v3/auth/tokens 0.144s
2024-12-24 14:06:06.042 66949 INFO tempest.lib.common.rest_client [req-8a6d87d1-d475-42f9-bb17-e22c8ecb218a req-8a6d87d1-d475-42f9-bb17-e22c8ecb218a ] Request (FlavorsExtraSpecsTestJSON:tearDownClass): 201 POST http://10.180.1.21/identity/v3/auth/tokens 0.092s
2024-12-24 14:06:06.066 66983 INFO tempest.lib.common.rest_client [req-a270513b-662e-457a-b363-6a54ec1bec37 req-a270513b-662e-457a-b363-6a54ec1bec37 ] Request (ServicesAdminTestJSON:setUpClass): 200 GET http://10.180.1.21/identity/v3/domains?name=Default 0.045s
2024-12-24 14:06:06.073 66995 INFO tempest.lib.common.rest_client [req-846f37af-3bc4-448d-a52f-818c2fbdd5bd req-846f37af-3bc4-448d-a52f-818c2fbdd5bd ] Request (ServerDiagnosticsTest:setUpClass): 201 POST http://10.180.1.21/identity/v3/projects 0.057s
2024-12-24 14:06:06.088 66993 INFO tempest.lib.common.rest_client [req-b9cdd4ed-9bf0-4478-9873-bbbc5fe3487f req-b9cdd4ed-9bf0-4478-9873-bbbc5fe3487f ] Request (ImagesMetadataTestJSON:setUp): 200 PUT http://10.180.1.21/compute/v2.1/images/62545efa-386e-4011-a084-81fe954853d8/metadata 3.441s
2024-12-24 14:06:06.155 66983 INFO tempest.lib.common.rest_client [req-83627e0b-d0fb-4f91-9ccf-1ca36d137cc3 req-83627e0b-d0fb-4f91-9ccf-1ca36d137cc3 ] Request (ServicesAdminTestJSON:setUpClass): 201 POST http://10.180.1.21/identity/v3/projects 0.088s
2024-12-24 14:06:06.240 66995 INFO tempest.lib.common.rest_client [req-212b6b4c-cf01-4d6a-bdb6-614cacaf8a2f req-212b6b4c-cf01-4d6a-bdb6-614cacaf8a2f ] Request (ServerDiagnosticsTest:setUpClass): 201 POST http://10.180.1.21/identity/v3/users 0.166s
2024-12-24 14:06:06.246 66983 INFO tempest.lib.common.rest_client [req-6138f6ce-8f9c-474e-b5c5-0067475ac4e0 req-6138f6ce-8f9c-474e-b5c5-0067475ac4e0 ] Request (ServicesAdminTestJSON:setUpClass): 201 POST http://10.180.1.21/identity/v3/users 0.089s
2024-12-24 14:06:06.254 66992 INFO tempest.lib.common.rest_client [req-67a9927c-72dc-4ab5-aac6-6f4b78a032d9 req-67a9927c-72dc-4ab5-aac6-6f4b78a032d9 ] Request (AttachInterfacesUnderV243Test:setUpClass): 201 POST http://10.180.1.21:9696/networking/v2.0/subnets 0.662s
2024-12-24 14:06:06.267 66995 INFO tempest.lib.common.rest_client [req-8604a5ab-2923-4c1d-9659-f43665e2c563 req-8604a5ab-2923-4c1d-9659-f43665e2c563 ] Request (ServerDiagnosticsTest:setUpClass): 200 GET http://10.180.1.21/identity/v3/roles 0.027s
2024-12-24 14:06:06.284 66983 INFO tempest.lib.common.rest_client [req-a1030639-b494-4491-9a09-f107bed67a4c req-a1030639-b494-4491-9a09-f107bed67a4c ] Request (ServicesAdminTestJSON:setUpClass): 200 GET http://10.180.1.21/identity/v3/roles 0.034s
2024-12-24 14:06:06.311 66949 INFO tempest.lib.common.rest_client [req-91e23b89-eddc-492c-ba9b-26ad3bddd6df req-91e23b89-eddc-492c-ba9b-26ad3bddd6df ] Request (FlavorsExtraSpecsTestJSON:tearDownClass): 200 GET http://10.180.1.21:9696/networking/v2.0/security-groups?tenant_id=05d4f3bdbe1143148773750e5b1ef4fa&name=default 0.268s
2024-12-24 14:06:06.316 66995 INFO tempest.lib.common.rest_client [req-62a0c25c-e333-4110-ac99-a7478bc67aad req-62a0c25c-e333-4110-ac99-a7478bc67aad ] Request (ServerDiagnosticsTest:setUpClass): 204 PUT http://10.180.1.21/identity/v3/projects/e2e25f1c629e4cd0887b7c917e002635/users/ec3374f932b4413fa0ab1f355eff2823/roles/bbffd1a3a1124de5a99c8b805ebd41ed 0.048s
2024-12-24 14:06:06.316 66995 INFO tempest.lib.common.dynamic_creds [-] Dynamic test user ec3374f932b4413fa0ab1f355eff2823 is created with scope project and roles: ['member']
2024-12-24 14:06:06.317 66995 INFO tempest.lib.common.dynamic_creds [-] Acquired dynamic creds: credentials: Credentials: {'domain_id': 'default', 'domain_name': 'Default', 'username': 'tempest-ServerDiagnosticsTest-158353756-project-member', 'project_domain_id': 'default', 'project_domain_name': 'Default', 'project_id': 'e2e25f1c629e4cd0887b7c917e002635', 'project_name': 'tempest-ServerDiagnosticsTest-158353756', 'tenant_id': 'e2e25f1c629e4cd0887b7c917e002635', 'tenant_name': 'tempest-ServerDiagnosticsTest-158353756', 'user_domain_id': 'default', 'user_domain_name': 'Default', 'user_id': 'ec3374f932b4413fa0ab1f355eff2823', 'system': None}, Network: None, Subnet: None, Router: None
2024-12-24 14:06:06.317 66995 INFO tempest.lib.common.dynamic_creds [-] Created isolated network resources for: credentials: Credentials: {'domain_id': 'default', 'domain_name': 'Default', 'username': 'tempest-ServerDiagnosticsTest-158353756-project-member', 'project_domain_id': 'default', 'project_domain_name': 'Default', 'project_id': 'e2e25f1c629e4cd0887b7c917e002635', 'project_name': 'tempest-ServerDiagnosticsTest-158353756', 'tenant_id': 'e2e25f1c629e4cd0887b7c917e002635', 'tenant_name': 'tempest-ServerDiagnosticsTest-158353756', 'user_domain_id': 'default', 'user_domain_name': 'Default', 'user_id': 'ec3374f932b4413fa0ab1f355eff2823', 'system': None}, Network: None, Subnet: None, Router: None
2024-12-24 14:06:06.368 66983 INFO tempest.lib.common.rest_client [req-9dbe298e-594c-4973-b54f-95e450df47b6 req-9dbe298e-594c-4973-b54f-95e450df47b6 ] Request (ServicesAdminTestJSON:setUpClass): 204 PUT http://10.180.1.21/identity/v3/projects/7697f2660cd149d6afe49cf550bf13ed/users/8fa00b02895246c1b610fd9aa7644557/roles/bbffd1a3a1124de5a99c8b805ebd41ed 0.084s
2024-12-24 14:06:06.369 66983 INFO tempest.lib.common.dynamic_creds [-] Dynamic test user 8fa00b02895246c1b610fd9aa7644557 is created with scope project and roles: ['member']
2024-12-24 14:06:06.369 66983 INFO tempest.lib.common.dynamic_creds [-] Acquired dynamic creds: credentials: Credentials: {'domain_id': 'default', 'domain_name': 'Default', 'username': 'tempest-ServicesAdminTestJSON-1817970632-project-member', 'project_domain_id': 'default', 'project_domain_name': 'Default', 'project_id': '7697f2660cd149d6afe49cf550bf13ed', 'project_name': 'tempest-ServicesAdminTestJSON-1817970632', 'tenant_id': '7697f2660cd149d6afe49cf550bf13ed', 'tenant_name': 'tempest-ServicesAdminTestJSON-1817970632', 'user_domain_id': 'default', 'user_domain_name': 'Default', 'user_id': '8fa00b02895246c1b610fd9aa7644557', 'system': None}, Network: None, Subnet: None, Router: None
2024-12-24 14:06:06.369 66983 INFO tempest.lib.common.dynamic_creds [-] Created isolated network resources for: credentials: Credentials: {'domain_id': 'default', 'domain_name': 'Default', 'username': 'tempest-ServicesAdminTestJSON-1817970632-project-member', 'project_domain_id': 'default', 'project_domain_name': 'Default', 'project_id': '7697f2660cd149d6afe49cf550bf13ed', 'project_name': 'tempest-ServicesAdminTestJSON-1817970632', 'tenant_id': '7697f2660cd149d6afe49cf550bf13ed', 'tenant_name': 'tempest-ServicesAdminTestJSON-1817970632', 'user_domain_id': 'default', 'user_domain_name': 'Default', 'user_id': '8fa00b02895246c1b610fd9aa7644557', 'system': None}, Network: None, Subnet: None, Router: None
2024-12-24 14:06:06.383 67006 INFO tempest.lib.common.rest_client [req-18fb1e32-bfda-40f1-8305-3fb39aa703c8 req-18fb1e32-bfda-40f1-8305-3fb39aa703c8 ] Request (QuotasAdminTestJSON:test_get_default_quotas): 200 GET http://10.180.1.21/compute/v2.1/os-quota-sets/639190376c934241b07feefef6a97d61/defaults 3.683s
2024-12-24 14:06:06.419 66949 INFO tempest.lib.common.rest_client [req-b9c75829-17b0-436f-9a21-3bd3b88f68b4 req-b9c75829-17b0-436f-9a21-3bd3b88f68b4 ] Request (FlavorsExtraSpecsTestJSON:tearDownClass): 204 DELETE http://10.180.1.21:9696/networking/v2.0/security-groups/b945e5cf-20a9-4072-93c8-6412f55dcfa9 0.107s
2024-12-24 14:06:06.442 66970 INFO tempest.lib.common.rest_client [req-6034dd61-23da-4204-ad11-07bccdca64ce req-6034dd61-23da-4204-ad11-07bccdca64ce ] Request (ServersAaction247Test:test_create_backup): 200 GET http://10.180.1.21/compute/v2.1/servers/2c798147-c786-4207-8ed9-46575a2e4a89 3.075s
2024-12-24 14:06:06.444 66995 INFO tempest.lib.common.rest_client [req-2972a35e-5f1b-457f-ac50-d0ea8bdd68e0 req-2972a35e-5f1b-457f-ac50-d0ea8bdd68e0 ] Request (ServerDiagnosticsTest:setUpClass): 201 POST http://10.180.1.21/identity/v3/auth/tokens 0.123s
2024-12-24 14:06:06.450 66970 INFO tempest.common.waiters [-] State transition "BUILD/None" ==> "BUILD/networking" after 4 second wait
2024-12-24 14:06:06.454 66983 INFO tempest.lib.common.rest_client [req-8948158b-8df9-44f8-934f-e5a97366af0a req-8948158b-8df9-44f8-934f-e5a97366af0a ] Request (ServicesAdminTestJSON:setUpClass): 201 POST http://10.180.1.21/identity/v3/auth/tokens 0.081s
2024-12-24 14:06:06.501 67006 INFO tempest.lib.common.rest_client [req-698d1c62-12a7-4111-90a8-4e824a98d1ac req-698d1c62-12a7-4111-90a8-4e824a98d1ac ] Request (QuotasAdminTestJSON:test_get_updated_quotas): 200 GET http://10.180.1.21/identity/v3/domains?name=Default 0.111s
2024-12-24 14:06:06.533 66995 INFO tempest.lib.common.rest_client [req-4c8c6a6b-6d7e-40d6-9824-44fe4cabe74d req-4c8c6a6b-6d7e-40d6-9824-44fe4cabe74d ] Request (ServerDiagnosticsTest:setUpClass): 201 POST http://10.180.1.21/identity/v3/projects 0.089s
2024-12-24 14:06:06.550 66963 INFO tempest.lib.common.rest_client [req-4ced8773-973a-455b-8a35-d2240ba42a73 req-4ced8773-973a-455b-8a35-d2240ba42a73 ] Request (TenantUsagesTestJSON:setUpClass): 200 GET http://10.180.1.21/compute/v2.1/servers/81f00805-7e74-422a-9661-b47039221b44 3.065s
2024-12-24 14:06:06.560 66963 INFO tempest.common.waiters [-] State transition "BUILD/spawning" ==> "ACTIVE/None" after 23 second wait
2024-12-24 14:06:06.564 66949 INFO tempest.lib.common.rest_client [req-f1b0c2d4-53d3-4b51-ac1d-a7cd81e1def7 req-f1b0c2d4-53d3-4b51-ac1d-a7cd81e1def7 ] Request (FlavorsExtraSpecsTestJSON:tearDownClass): 204 DELETE http://10.180.1.21/identity/v3/projects/05d4f3bdbe1143148773750e5b1ef4fa 0.144s
2024-12-24 14:06:06.564 66949 INFO tempest.lib.common.dynamic_creds [-] Deleting project and security group for project: 510a2048dd94442ea1f145087754c457
2024-12-24 14:06:06.597 66983 INFO tempest.lib.common.rest_client [req-6fb2323f-42d7-4762-aec7-e483f6b047e4 req-6fb2323f-42d7-4762-aec7-e483f6b047e4 ] Request (ServicesAdminTestJSON:setUpClass): 201 POST http://10.180.1.21/identity/v3/projects 0.142s
2024-12-24 14:06:06.619 66947 INFO tempest.lib.common.rest_client [req-39490800-7ac5-4987-b1aa-4e322c95e2db req-39490800-7ac5-4987-b1aa-4e322c95e2db ] Request (ServersAdmin275Test:test_rebuild_update_server_275): 200 GET http://10.180.1.21/compute/v2.1/servers/1641f8a7-84ff-4c9a-b612-923c20d6526e 3.021s
2024-12-24 14:06:06.631 66947 INFO tempest.common.waiters [-] State transition "BUILD/networking" ==> "BUILD/spawning" after 7 second wait
2024-12-24 14:06:06.663 67006 INFO tempest.lib.common.rest_client [req-93bc0386-5f47-4432-81a8-bb05fc86611a req-93bc0386-5f47-4432-81a8-bb05fc86611a ] Request (QuotasAdminTestJSON:test_get_updated_quotas): 201 POST http://10.180.1.21/identity/v3/projects 0.162s
2024-12-24 14:06:06.670 66995 INFO tempest.lib.common.rest_client [req-41528e97-8655-416d-a673-d5f45f2e056c req-41528e97-8655-416d-a673-d5f45f2e056c ] Request (ServerDiagnosticsTest:setUpClass): 201 POST http://10.180.1.21/identity/v3/users 0.136s
2024-12-24 14:06:06.732 66983 INFO tempest.lib.common.rest_client [req-bf707bc6-f125-45e8-adea-cda88d8029f6 req-bf707bc6-f125-45e8-adea-cda88d8029f6 ] Request (ServicesAdminTestJSON:setUpClass): 201 POST http://10.180.1.21/identity/v3/users 0.134s
2024-12-24 14:06:06.739 67006 INFO tempest.lib.common.rest_client [req-6a3fa032-e7fc-463c-8f88-3f3d25a2f1ad req-6a3fa032-e7fc-463c-8f88-3f3d25a2f1ad ] Request (QuotasAdminTestJSON:test_get_updated_quotas): 200 GET http://10.180.1.21/identity/v3/domains?name=Default 0.075s
2024-12-24 14:06:06.744 66949 INFO tempest.lib.common.rest_client [req-886bddc0-55f9-444e-8397-2cd0acb56524 req-886bddc0-55f9-444e-8397-2cd0acb56524 ] Request (FlavorsExtraSpecsTestJSON:tearDownClass): 200 GET http://10.180.1.21:9696/networking/v2.0/security-groups?tenant_id=510a2048dd94442ea1f145087754c457&name=default 0.180s
2024-12-24 14:06:06.752 66995 INFO tempest.lib.common.rest_client [req-4634fed0-a478-48eb-93ad-0ee495072767 req-4634fed0-a478-48eb-93ad-0ee495072767 ] Request (ServerDiagnosticsTest:setUpClass): 200 GET http://10.180.1.21/identity/v3/roles 0.081s
2024-12-24 14:06:06.760 66983 INFO tempest.lib.common.rest_client [req-5fc3e064-398d-44bf-b778-e5867079e11b req-5fc3e064-398d-44bf-b778-e5867079e11b ] Request (ServicesAdminTestJSON:setUpClass): 200 GET http://10.180.1.21/identity/v3/roles 0.028s
2024-12-24 14:06:06.780 66995 INFO tempest.lib.common.rest_client [req-bb801a91-ae8d-4a13-b793-9db569ee7460 req-bb801a91-ae8d-4a13-b793-9db569ee7460 ] Request (ServerDiagnosticsTest:setUpClass): 204 PUT http://10.180.1.21/identity/v3/projects/c1155ee02281463b871dc3e0501cc590/users/cf7a1184e31d47eeb32ab8c16c638112/roles/465e0f7e86194618b6ace1402bc6f9db 0.027s
2024-12-24 14:06:06.789 66983 INFO tempest.lib.common.rest_client [req-6b21c07d-cecd-4736-ac8c-e85aa09e10b9 req-6b21c07d-cecd-4736-ac8c-e85aa09e10b9 ] Request (ServicesAdminTestJSON:setUpClass): 204 PUT http://10.180.1.21/identity/v3/projects/c3af7c46b1d849f9851cd6e0d97152cb/users/d2fa8fc05f274d18ba80f6d8019988b7/roles/465e0f7e86194618b6ace1402bc6f9db 0.028s
2024-12-24 14:06:06.828 66987 INFO tempest.lib.common.rest_client [req-b8bf04b7-c1d1-4ada-b81c-a3533797f272 req-b8bf04b7-c1d1-4ada-b81c-a3533797f272 ] Request (ServerActionsTestOtherA:setUpClass): 200 GET http://10.180.1.21/compute/v2.1/servers/df6f42d3-b222-4186-bd01-47b094a73c5b 2.623s
2024-12-24 14:06:06.845 66983 INFO tempest.lib.common.rest_client [req-16ef55e9-cbbb-4a71-be24-1d8fa3b47129 req-16ef55e9-cbbb-4a71-be24-1d8fa3b47129 ] Request (ServicesAdminTestJSON:setUpClass): 200 GET http://10.180.1.21/identity/v3/roles 0.056s
2024-12-24 14:06:06.865 66995 INFO tempest.lib.common.rest_client [req-27f47358-a7f8-45ed-ba16-0a6cfc5ca77c req-27f47358-a7f8-45ed-ba16-0a6cfc5ca77c ] Request (ServerDiagnosticsTest:setUpClass): 200 GET http://10.180.1.21/identity/v3/roles 0.084s
2024-12-24 14:06:06.873 66983 INFO tempest.lib.common.rest_client [req-f9e12278-6698-4803-a900-3b9d9b824194 req-f9e12278-6698-4803-a900-3b9d9b824194 ] Request (ServicesAdminTestJSON:setUpClass): 204 PUT http://10.180.1.21/identity/v3/projects/c3af7c46b1d849f9851cd6e0d97152cb/users/d2fa8fc05f274d18ba80f6d8019988b7/roles/465e0f7e86194618b6ace1402bc6f9db 0.027s
2024-12-24 14:06:06.873 66983 INFO tempest.lib.common.dynamic_creds [-] Dynamic test user d2fa8fc05f274d18ba80f6d8019988b7 is created with scope project and roles: ['admin']
2024-12-24 14:06:06.873 66983 INFO tempest.lib.common.dynamic_creds [-] Acquired dynamic creds: credentials: Credentials: {'domain_id': 'default', 'domain_name': 'Default', 'username': 'tempest-ServicesAdminTestJSON-1014683528-project-admin', 'project_domain_id': 'default', 'project_domain_name': 'Default', 'project_id': 'c3af7c46b1d849f9851cd6e0d97152cb', 'project_name': 'tempest-ServicesAdminTestJSON-1014683528', 'tenant_id': 'c3af7c46b1d849f9851cd6e0d97152cb', 'tenant_name': 'tempest-ServicesAdminTestJSON-1014683528', 'user_domain_id': 'default', 'user_domain_name': 'Default', 'user_id': 'd2fa8fc05f274d18ba80f6d8019988b7', 'system': None}, Network: None, Subnet: None, Router: None
2024-12-24 14:06:06.874 66983 INFO tempest.lib.common.dynamic_creds [-] Created isolated network resources for: credentials: Credentials: {'domain_id': 'default', 'domain_name': 'Default', 'username': 'tempest-ServicesAdminTestJSON-1014683528-project-admin', 'project_domain_id': 'default', 'project_domain_name': 'Default', 'project_id': 'c3af7c46b1d849f9851cd6e0d97152cb', 'project_name': 'tempest-ServicesAdminTestJSON-1014683528', 'tenant_id': 'c3af7c46b1d849f9851cd6e0d97152cb', 'tenant_name': 'tempest-ServicesAdminTestJSON-1014683528', 'user_domain_id': 'default', 'user_domain_name': 'Default', 'user_id': 'd2fa8fc05f274d18ba80f6d8019988b7', 'system': None}, Network: None, Subnet: None, Router: None
2024-12-24 14:06:06.928 66995 INFO tempest.lib.common.rest_client [req-b2a59247-bd0f-4bed-88e5-0a7c20e85170 req-b2a59247-bd0f-4bed-88e5-0a7c20e85170 ] Request (ServerDiagnosticsTest:setUpClass): 204 PUT http://10.180.1.21/identity/v3/projects/c1155ee02281463b871dc3e0501cc590/users/cf7a1184e31d47eeb32ab8c16c638112/roles/465e0f7e86194618b6ace1402bc6f9db 0.063s
2024-12-24 14:06:06.929 66995 INFO tempest.lib.common.dynamic_creds [-] Dynamic test user cf7a1184e31d47eeb32ab8c16c638112 is created with scope project and roles: ['admin']
2024-12-24 14:06:06.929 66995 INFO tempest.lib.common.dynamic_creds [-] Acquired dynamic creds: credentials: Credentials: {'domain_id': 'default', 'domain_name': 'Default', 'username': 'tempest-ServerDiagnosticsTest-1823729439-project-admin', 'project_domain_id': 'default', 'project_domain_name': 'Default', 'project_id': 'c1155ee02281463b871dc3e0501cc590', 'project_name': 'tempest-ServerDiagnosticsTest-1823729439', 'tenant_id': 'c1155ee02281463b871dc3e0501cc590', 'tenant_name': 'tempest-ServerDiagnosticsTest-1823729439', 'user_domain_id': 'default', 'user_domain_name': 'Default', 'user_id': 'cf7a1184e31d47eeb32ab8c16c638112', 'system': None}, Network: None, Subnet: None, Router: None
2024-12-24 14:06:06.929 66995 INFO tempest.lib.common.dynamic_creds [-] Created isolated network resources for: credentials: Credentials: {'domain_id': 'default', 'domain_name': 'Default', 'username': 'tempest-ServerDiagnosticsTest-1823729439-project-admin', 'project_domain_id': 'default', 'project_domain_name': 'Default', 'project_id': 'c1155ee02281463b871dc3e0501cc590', 'project_name': 'tempest-ServerDiagnosticsTest-1823729439', 'tenant_id': 'c1155ee02281463b871dc3e0501cc590', 'tenant_name': 'tempest-ServerDiagnosticsTest-1823729439', 'user_domain_id': 'default', 'user_domain_name': 'Default', 'user_id': 'cf7a1184e31d47eeb32ab8c16c638112', 'system': None}, Network: None, Subnet: None, Router: None
2024-12-24 14:06:06.990 66983 INFO tempest.lib.common.rest_client [req-51bd7b67-096a-4ab5-bb2a-5439edcdb7e0 req-51bd7b67-096a-4ab5-bb2a-5439edcdb7e0 ] Request (ServicesAdminTestJSON:setUpClass): 201 POST http://10.180.1.21/identity/v3/auth/tokens 0.111s
2024-12-24 14:06:07.023 66949 INFO tempest.lib.common.rest_client [req-09341cbc-5fba-4f9c-9b5b-d726ae4125ab req-09341cbc-5fba-4f9c-9b5b-d726ae4125ab ] Request (FlavorsExtraSpecsTestJSON:tearDownClass): 204 DELETE http://10.180.1.21:9696/networking/v2.0/security-groups/0b146d05-73b7-421c-baa0-fa44836f8efa 0.278s
2024-12-24 14:06:07.025 66995 INFO tempest.lib.common.rest_client [req-ddd0299f-6567-452a-8017-f0adb1fee7bc req-ddd0299f-6567-452a-8017-f0adb1fee7bc ] Request (ServerDiagnosticsTest:setUpClass): 201 POST http://10.180.1.21/identity/v3/auth/tokens 0.091s
2024-12-24 14:06:07.120 66995 INFO tempest.lib.common.rest_client [req-03117c7d-fd75-483e-bd8e-228e3bd2c9d3 req-03117c7d-fd75-483e-bd8e-228e3bd2c9d3 ] Request (ServerDiagnosticsTest:test_get_server_diagnostics): 201 POST http://10.180.1.21/identity/v3/auth/tokens 0.090s
2024-12-24 14:06:07.121 66995 INFO tempest.lib.common.fixed_network [-] (ServerDiagnosticsTest:test_get_server_diagnostics) Found network None available for tenant
2024-12-24 14:06:07.190 66985 INFO tempest.lib.common.rest_client [req-afaa2d0d-addf-4c83-a712-0ac232ff0a71 req-afaa2d0d-addf-4c83-a712-0ac232ff0a71 ] Request (QuotasAdminNegativeTest:test_create_server_when_instances_quota_is_full): 403 POST http://10.180.1.21/compute/v2.1/servers 2.803s
2024-12-24 14:06:07.207 66949 INFO tempest.lib.common.rest_client [req-3fa14ba9-d223-47ae-82f1-1575ce9d376e req-3fa14ba9-d223-47ae-82f1-1575ce9d376e ] Request (FlavorsExtraSpecsTestJSON:tearDownClass): 204 DELETE http://10.180.1.21/identity/v3/projects/510a2048dd94442ea1f145087754c457 0.183s
2024-12-24 14:06:07.268 66949 INFO tempest.lib.common.rest_client [req-bb52097f-aaef-4cf4-8f54-7f977e06ae44 req-bb52097f-aaef-4cf4-8f54-7f977e06ae44 ] Request (MigrationsAdminTest:setUpClass): 201 POST http://10.180.1.21/identity/v3/auth/tokens 0.059s
2024-12-24 14:06:07.308 66949 INFO tempest.lib.common.rest_client [req-83bf5717-1d13-4918-9eb9-871af296c8f2 req-83bf5717-1d13-4918-9eb9-871af296c8f2 ] Request (MigrationsAdminTest:setUpClass): 201 POST http://10.180.1.21/identity/v3/auth/tokens 0.038s
2024-12-24 14:06:07.315 66973 INFO tempest.lib.common.rest_client [req-754a3577-40c2-479a-ac14-398d0ce5b497 req-754a3577-40c2-479a-ac14-398d0ce5b497 ] Request (ImagesOneServerNegativeTestJSON:setUpClass): 200 GET http://10.180.1.21/compute/v2.1/servers/bf6f1480-abc9-4028-beaa-75f271edd36a 2.896s
2024-12-24 14:06:07.337 66979 INFO tempest.lib.common.rest_client [req-42f70d2b-ae28-4e72-bbfa-523f06f0df5b req-42f70d2b-ae28-4e72-bbfa-523f06f0df5b ] Request (KeyPairsV22TestJSON:_run_cleanups): 204 DELETE http://10.180.1.21/compute/v2.1/os-keypairs/tempest-keypair-98958917 2.871s
2024-12-24 14:06:07.341 66949 INFO tempest.lib.common.rest_client [req-55c3d5fc-3fe2-4d96-8646-76909a64214e req-55c3d5fc-3fe2-4d96-8646-76909a64214e ] Request (MigrationsAdminTest:setUpClass): 200 GET http://10.180.1.21/identity/v3/domains?name=Default 0.032s
2024-12-24 14:06:07.381 66949 INFO tempest.lib.common.rest_client [req-f4fa962d-a119-411b-abc5-3465a163c458 req-f4fa962d-a119-411b-abc5-3465a163c458 ] Request (MigrationsAdminTest:setUpClass): 201 POST http://10.180.1.21/identity/v3/projects 0.039s
2024-12-24 14:06:07.459 66949 INFO tempest.lib.common.rest_client [req-fbe862c0-da25-42d2-b84e-e8dc3e8f55e8 req-fbe862c0-da25-42d2-b84e-e8dc3e8f55e8 ] Request (MigrationsAdminTest:setUpClass): 201 POST http://10.180.1.21/identity/v3/users 0.077s
2024-12-24 14:06:07.484 66949 INFO tempest.lib.common.rest_client [req-41805a03-9d5b-4038-9862-b69b41c4a28e req-41805a03-9d5b-4038-9862-b69b41c4a28e ] Request (MigrationsAdminTest:setUpClass): 200 GET http://10.180.1.21/identity/v3/roles 0.024s
2024-12-24 14:06:07.511 66949 INFO tempest.lib.common.rest_client [req-e4187ac9-f902-4462-9a66-f8a22dd8cdc4 req-e4187ac9-f902-4462-9a66-f8a22dd8cdc4 ] Request (MigrationsAdminTest:setUpClass): 204 PUT http://10.180.1.21/identity/v3/projects/33602b39b2664bcc8326cc3501cc8ea5/users/0ee72db801b44ff0a24f61551001d165/roles/bbffd1a3a1124de5a99c8b805ebd41ed 0.026s
2024-12-24 14:06:07.511 66949 INFO tempest.lib.common.dynamic_creds [-] Dynamic test user 0ee72db801b44ff0a24f61551001d165 is created with scope project and roles: ['member']
2024-12-24 14:06:07.511 66949 INFO tempest.lib.common.dynamic_creds [-] Acquired dynamic creds: credentials: Credentials: {'domain_id': 'default', 'domain_name': 'Default', 'username': 'tempest-MigrationsAdminTest-1968300910-project-member', 'project_domain_id': 'default', 'project_domain_name': 'Default', 'project_id': '33602b39b2664bcc8326cc3501cc8ea5', 'project_name': 'tempest-MigrationsAdminTest-1968300910', 'tenant_id': '33602b39b2664bcc8326cc3501cc8ea5', 'tenant_name': 'tempest-MigrationsAdminTest-1968300910', 'user_domain_id': 'default', 'user_domain_name': 'Default', 'user_id': '0ee72db801b44ff0a24f61551001d165', 'system': None}, Network: None, Subnet: None, Router: None
2024-12-24 14:06:07.512 66949 INFO tempest.lib.common.dynamic_creds [-] Created isolated network resources for: credentials: Credentials: {'domain_id': 'default', 'domain_name': 'Default', 'username': 'tempest-MigrationsAdminTest-1968300910-project-member', 'project_domain_id': 'default', 'project_domain_name': 'Default', 'project_id': '33602b39b2664bcc8326cc3501cc8ea5', 'project_name': 'tempest-MigrationsAdminTest-1968300910', 'tenant_id': '33602b39b2664bcc8326cc3501cc8ea5', 'tenant_name': 'tempest-MigrationsAdminTest-1968300910', 'user_domain_id': 'default', 'user_domain_name': 'Default', 'user_id': '0ee72db801b44ff0a24f61551001d165', 'system': None}, Network: None, Subnet: None, Router: None
2024-12-24 14:06:07.531 66975 INFO tempest.lib.common.rest_client [req-59c59a0f-7326-4ad7-8b30-74badeed2ca6 req-59c59a0f-7326-4ad7-8b30-74badeed2ca6 ] Request (KeyPairsV210TestJSON:test_admin_manage_keypairs_for_other_users): 201 POST http://10.180.1.21/compute/v2.1/os-keypairs 3.037s
2024-12-24 14:06:07.588 66949 INFO tempest.lib.common.rest_client [req-93f03b2e-7b1c-4a5d-a269-cb413d6386fa req-93f03b2e-7b1c-4a5d-a269-cb413d6386fa ] Request (MigrationsAdminTest:setUpClass): 201 POST http://10.180.1.21/identity/v3/auth/tokens 0.070s
2024-12-24 14:06:07.629 66957 INFO tempest.lib.common.rest_client [req-00ec289c-f673-4ed6-a15d-2a447f455878 req-00ec289c-f673-4ed6-a15d-2a447f455878 ] Request (DeleteServersAdminTestJSON:test_admin_delete_servers_of_others): 200 GET http://10.180.1.21/compute/v2.1/servers/0383458e-dc5b-41f3-a3ce-6e57ed863bcc 2.881s
2024-12-24 14:06:07.646 66949 INFO tempest.lib.common.rest_client [req-32bdaa3c-f3d4-4374-a060-2d115b14d63a req-32bdaa3c-f3d4-4374-a060-2d115b14d63a ] Request (MigrationsAdminTest:setUpClass): 201 POST http://10.180.1.21/identity/v3/projects 0.058s
2024-12-24 14:06:07.673 67003 INFO tempest.lib.common.rest_client [req-60c4b5ac-8846-4c94-8cae-5ead3acb29fb req-60c4b5ac-8846-4c94-8cae-5ead3acb29fb ] Request (AttachInterfacesTestJSON:setUpClass): 200 PUT http://10.180.1.21:9696/networking/v2.0/routers/7c74f15d-3bc9-4fd5-8171-d9a8ea13a2a6/add_router_interface 3.217s
2024-12-24 14:06:07.674 67003 INFO tempest.lib.common.dynamic_creds [-] Created isolated network resources for: credentials: Credentials: {'domain_id': 'default', 'domain_name': 'Default', 'username': 'tempest-AttachInterfacesTestJSON-445268024-project-member', 'project_domain_id': 'default', 'project_domain_name': 'Default', 'project_id': 'b467fb05bc7c4cd598733e0187307444', 'project_name': 'tempest-AttachInterfacesTestJSON-445268024', 'tenant_id': 'b467fb05bc7c4cd598733e0187307444', 'tenant_name': 'tempest-AttachInterfacesTestJSON-445268024', 'user_domain_id': 'default', 'user_domain_name': 'Default', 'user_id': '00913fc2569c48909c1284c7dce13f76', 'system': None}, Network: {'id': '11ee6732-0c6e-40b0-b04d-187530662655', 'name': 'tempest-AttachInterfacesTestJSON-95434803-network', 'tenant_id': 'b467fb05bc7c4cd598733e0187307444', 'admin_state_up': True, 'mtu': 8950, 'status': 'ACTIVE', 'subnets': [], 'shared': False, 'project_id': 'b467fb05bc7c4cd598733e0187307444', 'port_security_enabled': True, 'router:external': False, 'provider:network_type': 'vlan', 'provider:physical_network': 'default', 'provider:segmentation_id': 363, 'availability_zone_hints': [], 'availability_zones': [], 'ipv4_address_scope': None, 'ipv6_address_scope': None, 'description': '', 'tags': [], 'created_at': '2024-12-24T14:05:59Z', 'updated_at': '2024-12-24T14:05:59Z', 'revision_number': 1}, Subnet: {'id': '65acaeca-c645-4f1c-a7bd-4e7ccf400034', 'name': 'tempest-AttachInterfacesTestJSON-95434803-subnet', 'tenant_id': 'b467fb05bc7c4cd598733e0187307444', 'network_id': '11ee6732-0c6e-40b0-b04d-187530662655', 'ip_version': 4, 'subnetpool_id': None, 'enable_dhcp': True, 'ipv6_ra_mode': None, 'ipv6_address_mode': None, 'gateway_ip': '192.168.128.1', 'cidr': '192.168.128.0/28', 'allocation_pools': [{'start': '192.168.128.2', 'end': '192.168.128.14'}], 'host_routes': [], 'dns_nameservers': [], 'description': '', 'router:external': False, 'service_types': [], 'tags': [], 'created_at': '2024-12-24T14:05:59Z', 'updated_at': '2024-12-24T14:05:59Z', 'revision_number': 0, 'project_id': 'b467fb05bc7c4cd598733e0187307444'}, Router: {'id': '7c74f15d-3bc9-4fd5-8171-d9a8ea13a2a6', 'name': 'tempest-AttachInterfacesTestJSON-95434803-router', 'tenant_id': 'b467fb05bc7c4cd598733e0187307444', 'admin_state_up': True, 'status': 'ACTIVE', 'external_gateway_info': {'network_id': '76f7ec2b-adaf-4f79-828d-97004c5a57e2', 'external_fixed_ips': [{'subnet_id': '26a9cb8b-a005-4412-b020-d1cb3562fd3d', 'ip_address': '10.180.180.166'}], 'enable_snat': True}, 'description': '', 'availability_zones': [], 'distributed': False, 'ha': False, 'availability_zone_hints': [], 'routes': [], 'flavor_id': None, 'tags': [], 'created_at': '2024-12-24T14:06:00Z', 'updated_at': '2024-12-24T14:06:02Z', 'revision_number': 2, 'project_id': 'b467fb05bc7c4cd598733e0187307444'}
2024-12-24 14:06:07.749 66949 INFO tempest.lib.common.rest_client [req-8cdc31dc-e1bf-459e-89ab-971e0fd51e7f req-8cdc31dc-e1bf-459e-89ab-971e0fd51e7f ] Request (MigrationsAdminTest:setUpClass): 201 POST http://10.180.1.21/identity/v3/users 0.102s
2024-12-24 14:06:07.790 66959 INFO tempest.lib.common.rest_client [req-61ab8b6d-eb46-4f3a-ba0e-14048ff7874e req-61ab8b6d-eb46-4f3a-ba0e-14048ff7874e ] Request (FloatingIPsAssociationTestJSON:setUpClass): 201 POST http://10.180.1.21:9696/networking/v2.0/routers 2.419s
2024-12-24 14:06:07.878 66949 INFO tempest.lib.common.rest_client [req-51fb4310-3e81-4411-b423-d490017d5a14 req-51fb4310-3e81-4411-b423-d490017d5a14 ] Request (MigrationsAdminTest:setUpClass): 200 GET http://10.180.1.21/identity/v3/roles 0.128s
2024-12-24 14:06:07.939 66949 INFO tempest.lib.common.rest_client [req-29b18cfc-c254-41df-8a16-21705973b20d req-29b18cfc-c254-41df-8a16-21705973b20d ] Request (MigrationsAdminTest:setUpClass): 204 PUT http://10.180.1.21/identity/v3/projects/f47632f9ac9b46799691d7bd71149f97/users/a0b5c647627a44e190d427794e9cb9f9/roles/465e0f7e86194618b6ace1402bc6f9db 0.061s
2024-12-24 14:06:07.947 67003 INFO tempest.lib.common.rest_client [req-572b1f0b-3e3d-4233-8931-008017f683b4 req-572b1f0b-3e3d-4233-8931-008017f683b4 ] Request (AttachInterfacesTestJSON:setUpClass): 201 POST http://10.180.1.21/identity/v3/auth/tokens 0.265s
2024-12-24 14:06:08.024 66949 INFO tempest.lib.common.rest_client [req-888c1793-c6a6-4de3-aa17-0f7eb17ad586 req-888c1793-c6a6-4de3-aa17-0f7eb17ad586 ] Request (MigrationsAdminTest:setUpClass): 200 GET http://10.180.1.21/identity/v3/roles 0.084s
2024-12-24 14:06:08.060 66949 INFO tempest.lib.common.rest_client [req-e5e005c3-aa1a-40c6-8269-6c2ce3a31aca req-e5e005c3-aa1a-40c6-8269-6c2ce3a31aca ] Request (MigrationsAdminTest:setUpClass): 204 PUT http://10.180.1.21/identity/v3/projects/f47632f9ac9b46799691d7bd71149f97/users/a0b5c647627a44e190d427794e9cb9f9/roles/465e0f7e86194618b6ace1402bc6f9db 0.035s
2024-12-24 14:06:08.060 66949 INFO tempest.lib.common.dynamic_creds [-] Dynamic test user a0b5c647627a44e190d427794e9cb9f9 is created with scope project and roles: ['admin']
2024-12-24 14:06:08.061 66949 INFO tempest.lib.common.dynamic_creds [-] Acquired dynamic creds: credentials: Credentials: {'domain_id': 'default', 'domain_name': 'Default', 'username': 'tempest-MigrationsAdminTest-1985363528-project-admin', 'project_domain_id': 'default', 'project_domain_name': 'Default', 'project_id': 'f47632f9ac9b46799691d7bd71149f97', 'project_name': 'tempest-MigrationsAdminTest-1985363528', 'tenant_id': 'f47632f9ac9b46799691d7bd71149f97', 'tenant_name': 'tempest-MigrationsAdminTest-1985363528', 'user_domain_id': 'default', 'user_domain_name': 'Default', 'user_id': 'a0b5c647627a44e190d427794e9cb9f9', 'system': None}, Network: None, Subnet: None, Router: None
2024-12-24 14:06:08.061 66949 INFO tempest.lib.common.dynamic_creds [-] Created isolated network resources for: credentials: Credentials: {'domain_id': 'default', 'domain_name': 'Default', 'username': 'tempest-MigrationsAdminTest-1985363528-project-admin', 'project_domain_id': 'default', 'project_domain_name': 'Default', 'project_id': 'f47632f9ac9b46799691d7bd71149f97', 'project_name': 'tempest-MigrationsAdminTest-1985363528', 'tenant_id': 'f47632f9ac9b46799691d7bd71149f97', 'tenant_name': 'tempest-MigrationsAdminTest-1985363528', 'user_domain_id': 'default', 'user_domain_name': 'Default', 'user_id': 'a0b5c647627a44e190d427794e9cb9f9', 'system': None}, Network: None, Subnet: None, Router: None
2024-12-24 14:06:08.146 66949 INFO tempest.lib.common.rest_client [req-6063c329-d88e-4652-a285-68e037d8a068 req-6063c329-d88e-4652-a285-68e037d8a068 ] Request (MigrationsAdminTest:setUpClass): 201 POST http://10.180.1.21/identity/v3/auth/tokens 0.081s
2024-12-24 14:06:08.264 66955 INFO tempest.lib.common.rest_client [req-f8f2c2eb-015f-423d-a69f-4bb98b3c6b84 req-f8f2c2eb-015f-423d-a69f-4bb98b3c6b84 ] Request (SecurityGroupsTestAdminJSON:test_list_security_groups_list_all_tenants_filter): 200 GET http://10.180.1.21/compute/v2.1/os-security-groups?all_tenants=true 7.396s
2024-12-24 14:06:08.390 66945 INFO tempest.lib.common.rest_client [req-cbec6a64-785d-46bf-976c-55fc6e23a14c req-cbec6a64-785d-46bf-976c-55fc6e23a14c ] Request (ServersTestJSON:test_create_server_specify_multibyte_character_name): 202 POST http://10.180.1.21/compute/v2.1/servers 3.526s
