2024-12-24 14:07:30.885 66965 INFO tempest.lib.common.rest_client [req-137f503c-1cb8-4b0c-ae8d-f16268ff7a10 req-137f503c-1cb8-4b0c-ae8d-f16268ff7a10 ] Request (ServersV294TestFqdnHostnames:setUpClass): 200 GET http://10.180.1.21/compute/v2.1/servers/1ac84b7c-aff6-497f-941d-99e16550431c 0.071s
2024-12-24 14:07:30.906 66995 INFO tempest.lib.common.rest_client [req-ec1014d6-1a6a-40ad-8bbd-4e053eab1b4c req-ec1014d6-1a6a-40ad-8bbd-4e053eab1b4c ] Request (ExtensionsTest:tearDownClass): 201 POST http://10.180.1.21/identity/v3/auth/tokens 0.084s
2024-12-24 14:07:30.907 66947 INFO tempest.lib.common.rest_client [req-7d625e1c-23e6-4f19-9f1c-d2985a5ad8c2 req-7d625e1c-23e6-4f19-9f1c-d2985a5ad8c2 ] Request (ServerPasswordTestJSON:setUpClass): 200 GET http://10.180.1.21/compute/v2.1/servers/76483cc4-76b3-4436-ae4c-c88087691ec2 0.058s
2024-12-24 14:07:31.100 66995 INFO tempest.lib.common.rest_client [req-3d3456e9-298f-471d-a206-b99112f31a50 req-3d3456e9-298f-471d-a206-b99112f31a50 ] Request (ExtensionsTest:tearDownClass): 200 GET http://10.180.1.21:9696/networking/v2.0/security-groups?tenant_id=4943b1a56c3a4f78912396a6b41b6469&name=default 0.194s
2024-12-24 14:07:31.118 66971 INFO tempest.lib.common.rest_client [req-af00b33d-0f04-44a7-a4c2-99288caef226 req-af00b33d-0f04-44a7-a4c2-99288caef226 ] Request (ListImageFiltersTestJSON:setUpClass): 200 GET http://10.180.1.21/compute/v2.1/servers/eee0885a-ab69-431c-ab0b-3c4ce5067305 0.128s
2024-12-24 14:07:31.126 66971 INFO tempest.common.waiters [-] State transition "BUILD/spawning" ==> "ACTIVE/None" after 56 second wait
2024-12-24 14:07:31.240 66975 INFO tempest.lib.common.rest_client [req-54294fd0-e56f-4250-bc15-1f887e922079 req-54294fd0-e56f-4250-bc15-1f887e922079 ] Request (ServerRescueTestJSON:setUpClass): 200 GET http://10.180.1.21/compute/v2.1/servers/556a65af-889d-4150-bd0d-2822964227e4 0.153s
2024-12-24 14:07:31.329 66971 INFO tempest.lib.common.rest_client [req-31a903a2-ddb8-4889-b306-ea732650108c req-31a903a2-ddb8-4889-b306-ea732650108c ] Request (ListImageFiltersTestJSON:setUpClass): 200 GET http://10.180.1.21/compute/v2.1/servers/d1b86b3a-9da3-4492-9d28-ffff456fcd2a 0.203s
2024-12-24 14:07:31.335 66989 INFO tempest.lib.common.rest_client [req-95881717-46cb-4a74-b348-804f28b87ab9 req-95881717-46cb-4a74-b348-804f28b87ab9 ] Request (ServersAdminTestJSON:setUpClass): 200 GET http://10.180.1.21/compute/v2.1/servers/ede9cc61-2c36-4b7a-ae64-3b67604931f0 0.278s
2024-12-24 14:07:31.373 66987 WARNING tempest.lib.common.ssh [-] Failed to establish authenticated ssh connection to cirros@10.180.180.210 ([Errno None] Unable to connect to port 22 on 10.180.180.210). Number attempts: 9. Retry after 10 seconds.: paramiko.ssh_exception.NoValidConnectionsError: [Errno None] Unable to connect to port 22 on 10.180.180.210
2024-12-24 14:07:31.377 66963 INFO tempest.lib.common.rest_client [req-4f3f9d3f-c42a-468a-890e-4e955c95e19b req-4f3f9d3f-c42a-468a-890e-4e955c95e19b ] Request (ServerRescueNegativeTestJSON:setUpClass): 200 GET http://10.180.1.21/compute/v2.1/servers/76cdf121-0846-4f03-bcac-a2e6ead239f0 0.241s
2024-12-24 14:07:31.392 66973 INFO tempest.lib.common.rest_client [req-0ee4f999-ebd0-4685-94a2-91913134950a req-0ee4f999-ebd0-4685-94a2-91913134950a ] Request (ImagesOneServerNegativeTestJSON:_run_cleanups): 200 GET http://10.180.1.21/compute/v2.1/servers/39657006-a2a1-42ff-a754-642afae84e07 0.248s
2024-12-24 14:07:31.426 66995 INFO tempest.lib.common.rest_client [req-3bf18e41-36d4-4e7a-bf97-a1a0e4f2d4b7 req-3bf18e41-36d4-4e7a-bf97-a1a0e4f2d4b7 ] Request (ExtensionsTest:tearDownClass): 204 DELETE http://10.180.1.21:9696/networking/v2.0/security-groups/0f77d685-8a1c-4e06-a2f3-d4af3a1ae154 0.326s
2024-12-24 14:07:31.444 66993 INFO tempest.lib.common.rest_client [req-f276e47d-b3f6-4add-9913-224222f51ea0 req-f276e47d-b3f6-4add-9913-224222f51ea0 ] Request (SecurityGroupsTestJSON:test_list_security_groups_by_server): 200 GET http://10.180.1.21/compute/v2.1/servers/e33ac3cc-493e-4d11-9f4d-7984e56d3d7c 0.231s
2024-12-24 14:07:31.452 66957 INFO tempest.lib.common.rest_client [req-495c701e-4d03-4875-b7bc-d5811878d29b req-495c701e-4d03-4875-b7bc-d5811878d29b ] Request (DeleteServersAdminTestJSON:test_delete_server_while_in_error_state): 200 GET http://10.180.1.21/compute/v2.1/servers/758383d9-21ae-4d18-8c5c-c9be255b12b6 0.183s
2024-12-24 14:07:31.509 66995 INFO tempest.lib.common.rest_client [req-21a45c9b-a345-4f44-b747-ad7eec57ea72 req-21a45c9b-a345-4f44-b747-ad7eec57ea72 ] Request (ExtensionsTest:tearDownClass): 204 DELETE http://10.180.1.21/identity/v3/projects/4943b1a56c3a4f78912396a6b41b6469 0.082s
2024-12-24 14:07:31.518 66961 INFO tempest.lib.common.rest_client [req-37075c18-9e08-444f-b56a-c975cb738d20 req-37075c18-9e08-444f-b56a-c975cb738d20 ] Request (FloatingIPsAssociationNegativeTestJSON:setUpClass): 200 GET http://10.180.1.21/compute/v2.1/servers/f947b843-3d51-4720-9797-4c5859c4d630 0.186s
2024-12-24 14:07:31.566 66981 WARNING tempest.lib.common.ssh [-] Failed to establish authenticated ssh connection to cirros@10.180.180.191 ([Errno None] Unable to connect to port 22 on 10.180.180.191). Number attempts: 8. Retry after 9 seconds.: paramiko.ssh_exception.NoValidConnectionsError: [Errno None] Unable to connect to port 22 on 10.180.180.191
2024-12-24 14:07:31.570 66949 INFO tempest.lib.common.rest_client [req-77c5be86-b4d4-4970-b26a-0f638ae793ee req-77c5be86-b4d4-4970-b26a-0f638ae793ee ] Request (MigrationsAdminTest:test_list_migrations_in_flavor_resize_situation): 200 GET http://10.180.1.21/compute/v2.1/servers/f8a7a431-66a3-4ecb-a701-5d53e24b28fa 0.229s
2024-12-24 14:07:31.621 66983 INFO tempest.lib.common.rest_client [req-9ca4ece4-d272-4006-8325-b02ff0da3d41 req-9ca4ece4-d272-4006-8325-b02ff0da3d41 ] Request (ServerDiskConfigTestJSON:test_rebuild_server_with_auto_disk_config): 200 GET http://10.180.1.21/compute/v2.1/servers/3b8acb23-1bed-432f-b70e-18a1301fb99c 0.231s
2024-12-24 14:07:31.681 66977 INFO tempest.lib.common.rest_client [req-62fb0ef2-b943-4800-abee-0589108c3496 req-62fb0ef2-b943-4800-abee-0589108c3496 ] Request (ListServersNegativeTestJSON:setUpClass): 200 GET http://10.180.1.21/compute/v2.1/servers/85b148aa-ff47-40bd-ac92-c1062306a185 0.278s
2024-12-24 14:07:31.725 66955 INFO tempest.lib.common.rest_client [req-2e5ca4c0-c57a-4b53-a157-af3a57fcaff7 req-2e5ca4c0-c57a-4b53-a157-af3a57fcaff7 ] Request (ListServerFiltersTestJSON:setUpClass): 200 GET http://10.180.1.21/compute/v2.1/servers/c2657800-ac10-4f71-bf86-2b5b95c65a06 0.280s
2024-12-24 14:07:31.772 66985 INFO tempest.lib.common.rest_client [req-e85e61af-a234-4328-9604-4a997d0f28d4 req-e85e61af-a234-4328-9604-4a997d0f28d4 ] Request (ServersTestBootFromVolume:setUpClass): 200 GET http://10.180.1.21/compute/v2.1/servers/ab653e12-3d2f-45ee-a3bc-13b670f26e75 0.315s
2024-12-24 14:07:31.819 66951 INFO tempest.lib.common.rest_client [req-f898255e-0b84-47e2-b521-9e0fbd9346ac req-f898255e-0b84-47e2-b521-9e0fbd9346ac ] Request (VolumesAdminNegativeTest:test_update_attached_volume_with_nonexistent_volume_in_body): 200 GET http://10.180.1.21/compute/v2.1/servers/09d1606b-7a4b-4475-b4c6-7ebc0d7876ae 0.324s
2024-12-24 14:07:31.865 66953 INFO tempest.lib.common.rest_client [req-9b62ab40-767c-42b4-96aa-5b009d0f8c6b req-9b62ab40-767c-42b4-96aa-5b009d0f8c6b ] Request (ServersAdminNegativeTestJSON:test_migrate_server_invalid_state): 200 GET http://10.180.1.21/compute/v2.1/servers/29bb064c-f652-4672-9fe9-75a09095db39 0.356s
2024-12-24 14:07:31.918 66970 INFO tempest.lib.common.rest_client [req-e8c67645-2680-4d1e-9ede-510bc343fa95 req-e8c67645-2680-4d1e-9ede-510bc343fa95 ] Request (AttachVolumeTestJSON:test_attach_detach_volume): 200 GET http://10.180.1.21/compute/v2.1/servers/0cf548fd-816b-4da6-bd20-35fbc8577866 0.361s
2024-12-24 14:07:31.940 66971 INFO tempest.lib.common.rest_client [req-f813c2cb-ead6-4544-95ae-ee9099124bce req-f813c2cb-ead6-4544-95ae-ee9099124bce ] Request (ListImageFiltersTestJSON:setUpClass): 202 POST http://10.180.1.21/compute/v2.1/servers/d1b86b3a-9da3-4492-9d28-ffff456fcd2a/action 0.599s
2024-12-24 14:07:31.967 66959 INFO tempest.lib.common.rest_client [req-ee258685-e9fc-48cf-8034-c46295ee2ad7 req-ee258685-e9fc-48cf-8034-c46295ee2ad7 ] Request (FloatingIPsAssociationTestJSON:test_associate_already_associated_floating_ip): 200 GET http://10.180.1.21/compute/v2.1/servers/45bf79c4-2f13-4989-846d-0db27325bef3 0.410s
2024-12-24 14:07:31.987 66979 INFO tempest.lib.common.rest_client [req-d85883c7-9319-4c5d-a3e1-c5452de82244 req-d85883c7-9319-4c5d-a3e1-c5452de82244 ] Request (ServerGroupTestJSON:test_create_server_with_scheduler_hint_group): 200 GET http://10.180.1.21/compute/v2.1/servers/26aa5363-8676-45bf-8b17-185321d4da32 0.375s
2024-12-24 14:07:32.037 67001 INFO tempest.lib.common.rest_client [req-6e456f02-8080-4e5f-bb5c-44a77555fe67 req-6e456f02-8080-4e5f-bb5c-44a77555fe67 ] Request (ImagesOneServerTestJSON:setUpClass): 200 GET http://10.180.1.21/compute/v2.1/servers/92ff7c21-e2c6-4d85-aa12-e41672929eda 0.267s
2024-12-24 14:07:32.105 66998 INFO tempest.lib.common.rest_client [req-1ec57e85-dfa2-401b-930b-3f539e3e80f8 req-1ec57e85-dfa2-401b-930b-3f539e3e80f8 ] Request (ImagesTestJSON:test_create_image_from_suspended_server): 200 GET http://10.180.1.21/compute/v2.1/servers/30c00475-3e93-45d4-9dbf-ff6fe81b09aa 0.281s
2024-12-24 14:07:32.160 66945 INFO tempest.lib.common.rest_client [req-8ad32272-5e3e-42f2-b5c4-a7044e8ab3cd req-8ad32272-5e3e-42f2-b5c4-a7044e8ab3cd ] Request (ServersTestJSON:test_create_server_with_ipv6_addr_only): 200 GET http://10.180.1.21/compute/v2.1/servers/a00a34e1-196f-4773-8073-ce917d48651b 0.464s
2024-12-24 14:07:32.165 66945 INFO tempest.common.waiters [-] State transition "BUILD/networking" ==> "BUILD/spawning" after 56 second wait
2024-12-24 14:07:32.166 66965 INFO tempest.lib.common.rest_client [req-c9945c76-49f4-4c4e-bac3-e1c93130d74b req-c9945c76-49f4-4c4e-bac3-e1c93130d74b ] Request (ServersV294TestFqdnHostnames:setUpClass): 200 GET http://10.180.1.21/compute/v2.1/servers/1ac84b7c-aff6-497f-941d-99e16550431c 0.270s
2024-12-24 14:07:32.203 66971 INFO tempest.lib.common.rest_client [req-ab652818-7d8e-40a5-a423-d3d9238d9a47 req-ab652818-7d8e-40a5-a423-d3d9238d9a47 ] Request (ListImageFiltersTestJSON:setUpClass): 200 GET http://10.180.1.21/compute/v2.1/images/95108b2a-a7ac-4f0c-8d99-4b7794328ee5 0.261s
2024-12-24 14:07:32.217 66947 INFO tempest.lib.common.rest_client [req-60b4c1ef-e992-430c-8703-e242c43f53ac req-60b4c1ef-e992-430c-8703-e242c43f53ac ] Request (ServerPasswordTestJSON:setUpClass): 200 GET http://10.180.1.21/compute/v2.1/servers/76483cc4-76b3-4436-ae4c-c88087691ec2 0.300s
2024-12-24 14:07:32.370 66975 INFO tempest.lib.common.rest_client [req-d50a5de7-3aa2-4d05-9ddb-832db010eafd req-d50a5de7-3aa2-4d05-9ddb-832db010eafd ] Request (ServerRescueTestJSON:setUpClass): 200 GET http://10.180.1.21/compute/v2.1/servers/556a65af-889d-4150-bd0d-2822964227e4 0.123s
2024-12-24 14:07:32.376 66975 INFO tempest.common.waiters [-] State transition "ACTIVE/rescuing" ==> "RESCUE/None" after 9 second wait
2024-12-24 14:07:32.394 66989 INFO tempest.lib.common.rest_client [req-411ce7ed-adca-4623-b448-5c4c8ab08cda req-411ce7ed-adca-4623-b448-5c4c8ab08cda ] Request (ServersAdminTestJSON:setUpClass): 200 GET http://10.180.1.21/compute/v2.1/servers/ede9cc61-2c36-4b7a-ae64-3b67604931f0 0.052s
2024-12-24 14:07:32.439 66963 INFO tempest.lib.common.rest_client [req-2157c0d3-5a21-4aaa-b37f-c9dffdc74432 req-2157c0d3-5a21-4aaa-b37f-c9dffdc74432 ] Request (ServerRescueNegativeTestJSON:setUpClass): 200 GET http://10.180.1.21/compute/v2.1/servers/76cdf121-0846-4f03-bcac-a2e6ead239f0 0.054s
2024-12-24 14:07:32.439 66975 INFO tempest.lib.common.rest_client [req-c3a74c79-7225-4b01-8b9a-abdc386ddb2e req-c3a74c79-7225-4b01-8b9a-abdc386ddb2e ] Request (ServerRescueTestJSON:test_rescue_unrescue_instance): 201 POST http://10.180.1.21/identity/v3/auth/tokens 0.060s
2024-12-24 14:07:32.440 66975 INFO tempest.lib.common.fixed_network [-] (ServerRescueTestJSON:test_rescue_unrescue_instance) Found network {'id': '5d71309f-c0df-42f4-8b92-f40750e184cd', 'name': 'tempest-ServerRescueTestJSON-1861799636-network', 'tenant_id': 'f664730356ba41bb9b27385257879c7f', 'admin_state_up': True, 'mtu': 8950, 'status': 'ACTIVE', 'subnets': [], 'shared': False, 'project_id': 'f664730356ba41bb9b27385257879c7f', 'port_security_enabled': True, 'router:external': False, 'provider:network_type': 'vlan', 'provider:physical_network': 'default', 'provider:segmentation_id': 330, 'availability_zone_hints': [], 'availability_zones': [], 'ipv4_address_scope': None, 'ipv6_address_scope': None, 'description': '', 'tags': [], 'created_at': '2024-12-24T14:06:22Z', 'updated_at': '2024-12-24T14:06:22Z', 'revision_number': 1} available for tenant
2024-12-24 14:07:32.462 67007 WARNING tempest.lib.common.ssh [-] Failed to establish authenticated ssh connection to cirros@10.180.180.229 ([Errno None] Unable to connect to port 22 on 10.180.180.229). Number attempts: 6. Retry after 7 seconds.: paramiko.ssh_exception.NoValidConnectionsError: [Errno None] Unable to connect to port 22 on 10.180.180.229
2024-12-24 14:07:32.487 66973 INFO tempest.lib.common.rest_client [req-0101f0ba-4a66-42e2-b1ae-18974ccc0256 req-0101f0ba-4a66-42e2-b1ae-18974ccc0256 ] Request (ImagesOneServerNegativeTestJSON:_run_cleanups): 200 GET http://10.180.1.21/compute/v2.1/servers/39657006-a2a1-42ff-a754-642afae84e07 0.088s
2024-12-24 14:07:32.755 66975 INFO tempest.lib.common.rest_client [req-ce7a6b21-9002-4be1-89bb-d2051904760f req-ce7a6b21-9002-4be1-89bb-d2051904760f ] Request (ServerRescueTestJSON:test_rescue_unrescue_instance): 202 POST http://10.180.1.21/compute/v2.1/servers 0.315s
2024-12-24 14:07:32.805 66993 INFO tempest.lib.common.rest_client [req-199d4279-4e90-476c-9a5f-92d036e085be req-199d4279-4e90-476c-9a5f-92d036e085be ] Request (SecurityGroupsTestJSON:test_list_security_groups_by_server): 200 GET http://10.180.1.21/compute/v2.1/servers/e33ac3cc-493e-4d11-9f4d-7984e56d3d7c 0.354s
2024-12-24 14:07:32.854 66957 INFO tempest.lib.common.rest_client [req-c5658413-d0f6-4ab4-a390-57e584c6b71f req-c5658413-d0f6-4ab4-a390-57e584c6b71f ] Request (DeleteServersAdminTestJSON:test_delete_server_while_in_error_state): 200 GET http://10.180.1.21/compute/v2.1/servers/758383d9-21ae-4d18-8c5c-c9be255b12b6 0.394s
2024-12-24 14:07:32.896 66961 INFO tempest.lib.common.rest_client [req-a8450c3b-ff9d-46fa-8a99-269c27d24d8d req-a8450c3b-ff9d-46fa-8a99-269c27d24d8d ] Request (FloatingIPsAssociationNegativeTestJSON:setUpClass): 200 GET http://10.180.1.21/compute/v2.1/servers/f947b843-3d51-4720-9797-4c5859c4d630 0.372s
2024-12-24 14:07:32.909 67000 WARNING tempest.lib.common.ssh [-] Failed to establish authenticated ssh connection to cirros@10.180.180.231 ([Errno None] Unable to connect to port 22 on 10.180.180.231). Number attempts: 7. Retry after 8 seconds.: paramiko.ssh_exception.NoValidConnectionsError: [Errno None] Unable to connect to port 22 on 10.180.180.231
2024-12-24 14:07:32.922 67006 INFO tempest.lib.common.rest_client [req-fc94a14b-71ba-48cc-9750-cb198ca02a46 req-fc94a14b-71ba-48cc-9750-cb198ca02a46 ] Request (ServerDiagnosticsV248Test:test_get_server_diagnostics): 200 GET http://10.180.1.21/compute/v2.1/servers/89553d85-1b06-45e3-b3d1-24a869612b8a/diagnostics 0.539s
2024-12-24 14:07:32.972 66983 INFO tempest.lib.common.rest_client [req-c3ea32ff-c4c1-4da6-95de-7801d955e25b req-c3ea32ff-c4c1-4da6-95de-7801d955e25b ] Request (ServerDiskConfigTestJSON:test_rebuild_server_with_auto_disk_config): 200 GET http://10.180.1.21/compute/v2.1/servers/3b8acb23-1bed-432f-b70e-18a1301fb99c 0.341s
2024-12-24 14:07:33.003 66949 INFO tempest.lib.common.rest_client [req-8211e2f5-d243-4f61-bc3a-69207f796008 req-8211e2f5-d243-4f61-bc3a-69207f796008 ] Request (MigrationsAdminTest:test_list_migrations_in_flavor_resize_situation): 200 GET http://10.180.1.21/compute/v2.1/servers/f8a7a431-66a3-4ecb-a701-5d53e24b28fa 0.426s
2024-12-24 14:07:33.033 66977 INFO tempest.lib.common.rest_client [req-a7cfe0d5-f15b-47d1-bb6c-892fbcd0ff38 req-a7cfe0d5-f15b-47d1-bb6c-892fbcd0ff38 ] Request (ListServersNegativeTestJSON:setUpClass): 200 GET http://10.180.1.21/compute/v2.1/servers/85b148aa-ff47-40bd-ac92-c1062306a185 0.345s
2024-12-24 14:07:33.050 66955 INFO tempest.lib.common.rest_client [req-1aa497f8-a4b1-457c-8c36-e22aa63a98bb req-1aa497f8-a4b1-457c-8c36-e22aa63a98bb ] Request (ListServerFiltersTestJSON:setUpClass): 200 GET http://10.180.1.21/compute/v2.1/servers/c2657800-ac10-4f71-bf86-2b5b95c65a06 0.319s
2024-12-24 14:07:33.058 66955 INFO tempest.common.waiters [-] State transition "BUILD/scheduling" ==> "BUILD/None" after 40 second wait
2024-12-24 14:07:33.067 66975 INFO tempest.lib.common.rest_client [req-15834bcb-672b-4932-9d37-2b63f0ba66db req-15834bcb-672b-4932-9d37-2b63f0ba66db ] Request (ServerRescueTestJSON:test_rescue_unrescue_instance): 200 GET http://10.180.1.21/compute/v2.1/servers/62cb56ca-1bc2-4d18-98d2-20d4a654d711 0.310s
2024-12-24 14:07:33.100 66985 INFO tempest.lib.common.rest_client [req-64b8cfb3-f373-46f7-8ed8-920a3eb43506 req-64b8cfb3-f373-46f7-8ed8-920a3eb43506 ] Request (ServersTestBootFromVolume:setUpClass): 200 GET http://10.180.1.21/compute/v2.1/servers/ab653e12-3d2f-45ee-a3bc-13b670f26e75 0.322s
2024-12-24 14:07:33.118 66951 INFO tempest.lib.common.rest_client [req-603fdfdd-f553-4beb-a621-40c4d89b31cc req-603fdfdd-f553-4beb-a621-40c4d89b31cc ] Request (VolumesAdminNegativeTest:test_update_attached_volume_with_nonexistent_volume_in_body): 200 GET http://10.180.1.21/compute/v2.1/servers/09d1606b-7a4b-4475-b4c6-7ebc0d7876ae 0.292s
2024-12-24 14:07:33.152 66953 INFO tempest.lib.common.rest_client [req-0e668e3d-f6b1-4b7c-b42f-8034a609133d req-0e668e3d-f6b1-4b7c-b42f-8034a609133d ] Request (ServersAdminNegativeTestJSON:test_migrate_server_invalid_state): 200 GET http://10.180.1.21/compute/v2.1/servers/29bb064c-f652-4672-9fe9-75a09095db39 0.277s
2024-12-24 14:07:33.169 66970 INFO tempest.lib.common.rest_client [req-d4abb77c-efb2-4998-a1a8-dcf526a12f4d req-d4abb77c-efb2-4998-a1a8-dcf526a12f4d ] Request (AttachVolumeTestJSON:test_attach_detach_volume): 200 GET http://10.180.1.21/compute/v2.1/servers/0cf548fd-816b-4da6-bd20-35fbc8577866 0.244s
2024-12-24 14:07:33.217 66959 INFO tempest.lib.common.rest_client [req-e5c3e520-d227-45c4-b0cd-0a966397b8bf req-e5c3e520-d227-45c4-b0cd-0a966397b8bf ] Request (FloatingIPsAssociationTestJSON:test_associate_already_associated_floating_ip): 200 GET http://10.180.1.21/compute/v2.1/servers/45bf79c4-2f13-4989-846d-0db27325bef3 0.243s
2024-12-24 14:07:33.224 67006 INFO tempest.lib.common.rest_client [req-fcbd8351-1469-45ab-bb32-2dbee37f8c54 req-fcbd8351-1469-45ab-bb32-2dbee37f8c54 ] Request (ServerDiagnosticsV248Test:tearDownClass): 204 DELETE http://10.180.1.21/compute/v2.1/servers/89553d85-1b06-45e3-b3d1-24a869612b8a 0.294s
2024-12-24 14:07:33.274 66979 INFO tempest.lib.common.rest_client [req-c77e5162-c406-48f6-ae7a-e42ce61c550c req-c77e5162-c406-48f6-ae7a-e42ce61c550c ] Request (ServerGroupTestJSON:test_create_server_with_scheduler_hint_group): 200 GET http://10.180.1.21/compute/v2.1/servers/26aa5363-8676-45bf-8b17-185321d4da32 0.279s
2024-12-24 14:07:33.277 67001 INFO tempest.lib.common.rest_client [req-6a56ca35-9db5-4365-bae0-79db4fae034c req-6a56ca35-9db5-4365-bae0-79db4fae034c ] Request (ImagesOneServerTestJSON:setUpClass): 200 GET http://10.180.1.21/compute/v2.1/servers/92ff7c21-e2c6-4d85-aa12-e41672929eda 0.230s
2024-12-24 14:07:33.341 66998 INFO tempest.lib.common.rest_client [req-66833f64-4888-4868-972f-ee8cb50910ff req-66833f64-4888-4868-972f-ee8cb50910ff ] Request (ImagesTestJSON:test_create_image_from_suspended_server): 200 GET http://10.180.1.21/compute/v2.1/servers/30c00475-3e93-45d4-9dbf-ff6fe81b09aa 0.228s
2024-12-24 14:07:33.400 66945 INFO tempest.lib.common.rest_client [req-f4fdd788-057d-4066-ad03-76473cc4094c req-f4fdd788-057d-4066-ad03-76473cc4094c ] Request (ServersTestJSON:test_create_server_with_ipv6_addr_only): 200 GET http://10.180.1.21/compute/v2.1/servers/a00a34e1-196f-4773-8073-ce917d48651b 0.234s
2024-12-24 14:07:33.404 66965 INFO tempest.lib.common.rest_client [req-f951720c-029d-4890-8a15-882c41f1a997 req-f951720c-029d-4890-8a15-882c41f1a997 ] Request (ServersV294TestFqdnHostnames:setUpClass): 200 GET http://10.180.1.21/compute/v2.1/servers/1ac84b7c-aff6-497f-941d-99e16550431c 0.229s
2024-12-24 14:07:33.438 66971 INFO tempest.lib.common.rest_client [req-931232f3-1c31-49cb-b0b3-0c475adc3a22 req-931232f3-1c31-49cb-b0b3-0c475adc3a22 ] Request (ListImageFiltersTestJSON:setUpClass): 200 GET http://10.180.1.21/compute/v2.1/images/95108b2a-a7ac-4f0c-8d99-4b7794328ee5 0.231s
2024-12-24 14:07:33.458 66947 INFO tempest.lib.common.rest_client [req-f3efbace-027c-4c1e-9899-24a143f4029c req-f3efbace-027c-4c1e-9899-24a143f4029c ] Request (ServerPasswordTestJSON:setUpClass): 200 GET http://10.180.1.21/compute/v2.1/servers/76483cc4-76b3-4436-ae4c-c88087691ec2 0.234s
2024-12-24 14:07:33.489 67006 INFO tempest.lib.common.rest_client [req-a26fca2c-369c-4418-8c28-f88384acf5f5 req-a26fca2c-369c-4418-8c28-f88384acf5f5 ] Request (ServerDiagnosticsV248Test:tearDownClass): 200 GET http://10.180.1.21/compute/v2.1/servers/89553d85-1b06-45e3-b3d1-24a869612b8a 0.264s
2024-12-24 14:07:33.508 66989 INFO tempest.lib.common.rest_client [req-3a5892bb-6207-43d3-baf8-c1c1c03b2879 req-3a5892bb-6207-43d3-baf8-c1c1c03b2879 ] Request (ServersAdminTestJSON:setUpClass): 200 GET http://10.180.1.21/compute/v2.1/servers/ede9cc61-2c36-4b7a-ae64-3b67604931f0 0.108s
2024-12-24 14:07:33.534 66963 INFO tempest.lib.common.rest_client [req-e87330b0-cc42-4a2e-a8fb-f23ba12a81ed req-e87330b0-cc42-4a2e-a8fb-f23ba12a81ed ] Request (ServerRescueNegativeTestJSON:setUpClass): 200 GET http://10.180.1.21/compute/v2.1/servers/76cdf121-0846-4f03-bcac-a2e6ead239f0 0.086s
2024-12-24 14:07:33.564 66973 INFO tempest.lib.common.rest_client [req-27269573-a084-4ef0-8a9c-c8ba9f841ce2 req-27269573-a084-4ef0-8a9c-c8ba9f841ce2 ] Request (ImagesOneServerNegativeTestJSON:_run_cleanups): 200 GET http://10.180.1.21/compute/v2.1/servers/39657006-a2a1-42ff-a754-642afae84e07 0.070s
2024-12-24 14:07:33.865 66993 INFO tempest.lib.common.rest_client [req-0a262f9f-2aeb-4c0f-99a0-a670ae491bf4 req-0a262f9f-2aeb-4c0f-99a0-a670ae491bf4 ] Request (SecurityGroupsTestJSON:test_list_security_groups_by_server): 200 GET http://10.180.1.21/compute/v2.1/servers/e33ac3cc-493e-4d11-9f4d-7984e56d3d7c 0.049s
2024-12-24 14:07:33.913 66957 INFO tempest.lib.common.rest_client [req-6f25fb2e-d8ba-4373-9240-abd63e5cadd2 req-6f25fb2e-d8ba-4373-9240-abd63e5cadd2 ] Request (DeleteServersAdminTestJSON:test_delete_server_while_in_error_state): 200 GET http://10.180.1.21/compute/v2.1/servers/758383d9-21ae-4d18-8c5c-c9be255b12b6 0.053s
2024-12-24 14:07:33.951 66961 INFO tempest.lib.common.rest_client [req-e8ebd816-1bdf-496b-9905-a3b05b783d04 req-e8ebd816-1bdf-496b-9905-a3b05b783d04 ] Request (FloatingIPsAssociationNegativeTestJSON:setUpClass): 200 GET http://10.180.1.21/compute/v2.1/servers/f947b843-3d51-4720-9797-4c5859c4d630 0.048s
2024-12-24 14:07:34.039 66983 INFO tempest.lib.common.rest_client [req-d4df8b02-42d9-40f7-b9fe-280406fcf100 req-d4df8b02-42d9-40f7-b9fe-280406fcf100 ] Request (ServerDiskConfigTestJSON:test_rebuild_server_with_auto_disk_config): 200 GET http://10.180.1.21/compute/v2.1/servers/3b8acb23-1bed-432f-b70e-18a1301fb99c 0.058s
2024-12-24 14:07:34.101 66977 INFO tempest.lib.common.rest_client [req-5e34464c-3945-464e-b4ba-cbbdf6df62fa req-5e34464c-3945-464e-b4ba-cbbdf6df62fa ] Request (ListServersNegativeTestJSON:setUpClass): 200 GET http://10.180.1.21/compute/v2.1/servers/85b148aa-ff47-40bd-ac92-c1062306a185 0.061s
2024-12-24 14:07:34.123 66949 INFO tempest.lib.common.rest_client [req-1d53691d-0d02-442c-a32d-80c28d83b5ce req-1d53691d-0d02-442c-a32d-80c28d83b5ce ] Request (MigrationsAdminTest:test_list_migrations_in_flavor_resize_situation): 200 GET http://10.180.1.21/compute/v2.1/servers/f8a7a431-66a3-4ecb-a701-5d53e24b28fa 0.109s
2024-12-24 14:07:34.146 66955 INFO tempest.lib.common.rest_client [req-754fa83f-8a68-4478-a5cb-23ad3a2da909 req-754fa83f-8a68-4478-a5cb-23ad3a2da909 ] Request (ListServerFiltersTestJSON:setUpClass): 200 GET http://10.180.1.21/compute/v2.1/servers/c2657800-ac10-4f71-bf86-2b5b95c65a06 0.086s
2024-12-24 14:07:34.169 66975 INFO tempest.lib.common.rest_client [req-30ace4f4-f982-4dd4-b0a8-8ec46feca795 req-30ace4f4-f982-4dd4-b0a8-8ec46feca795 ] Request (ServerRescueTestJSON:test_rescue_unrescue_instance): 200 GET http://10.180.1.21/compute/v2.1/servers/62cb56ca-1bc2-4d18-98d2-20d4a654d711 0.095s
2024-12-24 14:07:34.190 66967 WARNING tempest.lib.common.ssh [-] Failed to establish authenticated ssh connection to cirros@10.180.180.249 ([Errno None] Unable to connect to port 22 on 10.180.180.249). Number attempts: 8. Retry after 9 seconds.: paramiko.ssh_exception.NoValidConnectionsError: [Errno None] Unable to connect to port 22 on 10.180.180.249
2024-12-24 14:07:34.201 66985 INFO tempest.lib.common.rest_client [req-7b703bed-dfde-4aff-b33d-d60f29b91612 req-7b703bed-dfde-4aff-b33d-d60f29b91612 ] Request (ServersTestBootFromVolume:setUpClass): 200 GET http://10.180.1.21/compute/v2.1/servers/ab653e12-3d2f-45ee-a3bc-13b670f26e75 0.093s
2024-12-24 14:07:34.220 66951 INFO tempest.lib.common.rest_client [req-d11e121a-ea48-4a57-a997-7260d92a0f29 req-d11e121a-ea48-4a57-a997-7260d92a0f29 ] Request (VolumesAdminNegativeTest:test_update_attached_volume_with_nonexistent_volume_in_body): 200 GET http://10.180.1.21/compute/v2.1/servers/09d1606b-7a4b-4475-b4c6-7ebc0d7876ae 0.091s
2024-12-24 14:07:34.249 66953 INFO tempest.lib.common.rest_client [req-0e5518e4-9659-42d5-846c-2bf7686f3b67 req-0e5518e4-9659-42d5-846c-2bf7686f3b67 ] Request (ServersAdminNegativeTestJSON:test_migrate_server_invalid_state): 200 GET http://10.180.1.21/compute/v2.1/servers/29bb064c-f652-4672-9fe9-75a09095db39 0.090s
2024-12-24 14:07:34.292 66959 INFO tempest.lib.common.rest_client [req-838a70f7-271a-47ae-a5a6-d487d2680137 req-838a70f7-271a-47ae-a5a6-d487d2680137 ] Request (FloatingIPsAssociationTestJSON:test_associate_already_associated_floating_ip): 200 GET http://10.180.1.21/compute/v2.1/servers/45bf79c4-2f13-4989-846d-0db27325bef3 0.068s
2024-12-24 14:07:34.361 67001 INFO tempest.lib.common.rest_client [req-3178b49d-0625-4b79-a915-306748f0bfe3 req-3178b49d-0625-4b79-a915-306748f0bfe3 ] Request (ImagesOneServerTestJSON:setUpClass): 200 GET http://10.180.1.21/compute/v2.1/servers/92ff7c21-e2c6-4d85-aa12-e41672929eda 0.077s
2024-12-24 14:07:34.405 66979 INFO tempest.lib.common.rest_client [req-ab1f7777-9390-474d-bcd3-3a4dcfcf42ae req-ab1f7777-9390-474d-bcd3-3a4dcfcf42ae ] Request (ServerGroupTestJSON:test_create_server_with_scheduler_hint_group): 200 GET http://10.180.1.21/compute/v2.1/servers/26aa5363-8676-45bf-8b17-185321d4da32 0.114s
2024-12-24 14:07:34.447 66998 INFO tempest.lib.common.rest_client [req-d2c1b75b-732f-465d-99aa-8cab1100fa03 req-d2c1b75b-732f-465d-99aa-8cab1100fa03 ] Request (ImagesTestJSON:test_create_image_from_suspended_server): 200 GET http://10.180.1.21/compute/v2.1/servers/30c00475-3e93-45d4-9dbf-ff6fe81b09aa 0.097s
2024-12-24 14:07:34.477 66970 INFO tempest.lib.common.rest_client [req-cf213747-d226-4010-bc39-a401aabe067d req-cf213747-d226-4010-bc39-a401aabe067d ] Request (AttachVolumeTestJSON:test_attach_detach_volume): 200 GET http://10.180.1.21/compute/v2.1/servers/0cf548fd-816b-4da6-bd20-35fbc8577866 0.301s
2024-12-24 14:07:34.525 66965 INFO tempest.lib.common.rest_client [req-a7cf11c0-a761-403a-85a4-3f105dda44e2 req-a7cf11c0-a761-403a-85a4-3f105dda44e2 ] Request (ServersV294TestFqdnHostnames:setUpClass): 200 GET http://10.180.1.21/compute/v2.1/servers/1ac84b7c-aff6-497f-941d-99e16550431c 0.111s
2024-12-24 14:07:34.537 66945 INFO tempest.lib.common.rest_client [req-e22cbcf6-fabd-40b1-b65e-e66460797ed4 req-e22cbcf6-fabd-40b1-b65e-e66460797ed4 ] Request (ServersTestJSON:test_create_server_with_ipv6_addr_only): 200 GET http://10.180.1.21/compute/v2.1/servers/a00a34e1-196f-4773-8073-ce917d48651b 0.129s
2024-12-24 14:07:34.553 66971 INFO tempest.lib.common.rest_client [req-b40654e1-471c-4996-afe5-80406954e32f req-b40654e1-471c-4996-afe5-80406954e32f ] Request (ListImageFiltersTestJSON:setUpClass): 200 GET http://10.180.1.21/compute/v2.1/images/95108b2a-a7ac-4f0c-8d99-4b7794328ee5 0.111s
2024-12-24 14:07:34.579 66947 INFO tempest.lib.common.rest_client [req-aa447a41-9865-489b-a2df-ee7ddd40f4bb req-aa447a41-9865-489b-a2df-ee7ddd40f4bb ] Request (ServerPasswordTestJSON:setUpClass): 200 GET http://10.180.1.21/compute/v2.1/servers/76483cc4-76b3-4436-ae4c-c88087691ec2 0.113s
2024-12-24 14:07:34.603 67006 INFO tempest.lib.common.rest_client [req-6fa6be54-6793-4f75-8925-dada9d011b27 req-6fa6be54-6793-4f75-8925-dada9d011b27 ] Request (ServerDiagnosticsV248Test:tearDownClass): 200 GET http://10.180.1.21/compute/v2.1/servers/89553d85-1b06-45e3-b3d1-24a869612b8a 0.106s
2024-12-24 14:07:34.628 66989 INFO tempest.lib.common.rest_client [req-fce87753-981b-4985-83c1-33c07ddf88ee req-fce87753-981b-4985-83c1-33c07ddf88ee ] Request (ServersAdminTestJSON:setUpClass): 200 GET http://10.180.1.21/compute/v2.1/servers/ede9cc61-2c36-4b7a-ae64-3b67604931f0 0.113s
2024-12-24 14:07:34.650 66963 INFO tempest.lib.common.rest_client [req-fcc9498c-4495-4d04-825b-9b5fdf60dad9 req-fcc9498c-4495-4d04-825b-9b5fdf60dad9 ] Request (ServerRescueNegativeTestJSON:setUpClass): 200 GET http://10.180.1.21/compute/v2.1/servers/76cdf121-0846-4f03-bcac-a2e6ead239f0 0.108s
2024-12-24 14:07:34.683 66973 INFO tempest.lib.common.rest_client [req-4648a57c-b422-4ec7-af40-fb0274b84cdd req-4648a57c-b422-4ec7-af40-fb0274b84cdd ] Request (ImagesOneServerNegativeTestJSON:_run_cleanups): 200 GET http://10.180.1.21/compute/v2.1/servers/39657006-a2a1-42ff-a754-642afae84e07 0.111s
2024-12-24 14:07:34.917 66993 INFO tempest.lib.common.rest_client [req-b4cfc63b-0aae-4919-a57d-45d03c41ad5f req-b4cfc63b-0aae-4919-a57d-45d03c41ad5f ] Request (SecurityGroupsTestJSON:test_list_security_groups_by_server): 200 GET http://10.180.1.21/compute/v2.1/servers/e33ac3cc-493e-4d11-9f4d-7984e56d3d7c 0.045s
2024-12-24 14:07:34.970 66957 INFO tempest.lib.common.rest_client [req-752f088b-fe8c-4da2-94c1-de7ebde231e0 req-752f088b-fe8c-4da2-94c1-de7ebde231e0 ] Request (DeleteServersAdminTestJSON:test_delete_server_while_in_error_state): 200 GET http://10.180.1.21/compute/v2.1/servers/758383d9-21ae-4d18-8c5c-c9be255b12b6 0.050s
2024-12-24 14:07:35.008 66961 INFO tempest.lib.common.rest_client [req-7d2fd789-ae00-4f07-8c11-abc9ef804400 req-7d2fd789-ae00-4f07-8c11-abc9ef804400 ] Request (FloatingIPsAssociationNegativeTestJSON:setUpClass): 200 GET http://10.180.1.21/compute/v2.1/servers/f947b843-3d51-4720-9797-4c5859c4d630 0.047s
2024-12-24 14:07:35.094 66983 INFO tempest.lib.common.rest_client [req-1536b5f5-44fa-438f-a67c-07eb0ce744a0 req-1536b5f5-44fa-438f-a67c-07eb0ce744a0 ] Request (ServerDiskConfigTestJSON:test_rebuild_server_with_auto_disk_config): 200 GET http://10.180.1.21/compute/v2.1/servers/3b8acb23-1bed-432f-b70e-18a1301fb99c 0.047s
2024-12-24 14:07:35.160 66977 INFO tempest.lib.common.rest_client [req-1027200e-f5c5-4cec-9052-7bc839ddb6a2 req-1027200e-f5c5-4cec-9052-7bc839ddb6a2 ] Request (ListServersNegativeTestJSON:setUpClass): 200 GET http://10.180.1.21/compute/v2.1/servers/85b148aa-ff47-40bd-ac92-c1062306a185 0.052s
2024-12-24 14:07:35.204 66955 INFO tempest.lib.common.rest_client [req-f5020078-1fd0-4eb8-85a7-e309b7856d45 req-f5020078-1fd0-4eb8-85a7-e309b7856d45 ] Request (ListServerFiltersTestJSON:setUpClass): 200 GET http://10.180.1.21/compute/v2.1/servers/c2657800-ac10-4f71-bf86-2b5b95c65a06 0.051s
2024-12-24 14:07:35.245 66949 INFO tempest.lib.common.rest_client [req-7b7f1a03-4ca9-42ac-a635-c637b5c54f1d req-7b7f1a03-4ca9-42ac-a635-c637b5c54f1d ] Request (MigrationsAdminTest:test_list_migrations_in_flavor_resize_situation): 200 GET http://10.180.1.21/compute/v2.1/servers/f8a7a431-66a3-4ecb-a701-5d53e24b28fa 0.116s
2024-12-24 14:07:35.249 66975 INFO tempest.lib.common.rest_client [req-d75ace13-388b-4e81-a18c-d4df490fba8e req-d75ace13-388b-4e81-a18c-d4df490fba8e ] Request (ServerRescueTestJSON:test_rescue_unrescue_instance): 200 GET http://10.180.1.21/compute/v2.1/servers/62cb56ca-1bc2-4d18-98d2-20d4a654d711 0.072s
2024-12-24 14:07:35.251 66949 INFO tempest.common.waiters [-] State transition "RESIZE/resize_prep" ==> "RESIZE/resize_migrating" after 42 second wait
2024-12-24 14:07:35.290 66985 INFO tempest.lib.common.rest_client [req-9f6eb8bd-70f5-4b0d-9c41-97d3f59fea8b req-9f6eb8bd-70f5-4b0d-9c41-97d3f59fea8b ] Request (ServersTestBootFromVolume:setUpClass): 200 GET http://10.180.1.21/compute/v2.1/servers/ab653e12-3d2f-45ee-a3bc-13b670f26e75 0.081s
2024-12-24 14:07:35.297 66951 INFO tempest.lib.common.rest_client [req-02cb7fcb-efaf-4055-bc89-72c15c6f6e32 req-02cb7fcb-efaf-4055-bc89-72c15c6f6e32 ] Request (VolumesAdminNegativeTest:test_update_attached_volume_with_nonexistent_volume_in_body): 200 GET http://10.180.1.21/compute/v2.1/servers/09d1606b-7a4b-4475-b4c6-7ebc0d7876ae 0.070s
2024-12-24 14:07:35.303 66951 INFO tempest.common.waiters [-] State transition "BUILD/None" ==> "BUILD/networking" after 51 second wait
2024-12-24 14:07:35.331 66953 INFO tempest.lib.common.rest_client [req-2ee06bc1-b3bb-4b30-bf3f-a42b9126fa85 req-2ee06bc1-b3bb-4b30-bf3f-a42b9126fa85 ] Request (ServersAdminNegativeTestJSON:test_migrate_server_invalid_state): 200 GET http://10.180.1.21/compute/v2.1/servers/29bb064c-f652-4672-9fe9-75a09095db39 0.076s
2024-12-24 14:07:35.344 66959 INFO tempest.lib.common.rest_client [req-9ddc2751-c77c-40cc-a0d7-086c57f57fb5 req-9ddc2751-c77c-40cc-a0d7-086c57f57fb5 ] Request (FloatingIPsAssociationTestJSON:test_associate_already_associated_floating_ip): 200 GET http://10.180.1.21/compute/v2.1/servers/45bf79c4-2f13-4989-846d-0db27325bef3 0.044s
2024-12-24 14:07:35.419 67001 INFO tempest.lib.common.rest_client [req-68b4bbad-fb1b-4a2c-93c5-052cf0a9121a req-68b4bbad-fb1b-4a2c-93c5-052cf0a9121a ] Request (ImagesOneServerTestJSON:setUpClass): 200 GET http://10.180.1.21/compute/v2.1/servers/92ff7c21-e2c6-4d85-aa12-e41672929eda 0.052s
2024-12-24 14:07:35.461 66979 INFO tempest.lib.common.rest_client [req-92aa0bae-48a9-4e9b-a2d8-ace506830f21 req-92aa0bae-48a9-4e9b-a2d8-ace506830f21 ] Request (ServerGroupTestJSON:test_create_server_with_scheduler_hint_group): 200 GET http://10.180.1.21/compute/v2.1/servers/26aa5363-8676-45bf-8b17-185321d4da32 0.048s
2024-12-24 14:07:35.469 67003 WARNING tempest.lib.common.ssh [-] Failed to establish authenticated ssh connection to cirros@10.180.180.206 ([Errno None] Unable to connect to port 22 on 10.180.180.206). Number attempts: 6. Retry after 7 seconds.: paramiko.ssh_exception.NoValidConnectionsError: [Errno None] Unable to connect to port 22 on 10.180.180.206
2024-12-24 14:07:35.503 66998 INFO tempest.lib.common.rest_client [req-289f60e4-2c0d-49e5-8a07-884313a42bff req-289f60e4-2c0d-49e5-8a07-884313a42bff ] Request (ImagesTestJSON:test_create_image_from_suspended_server): 200 GET http://10.180.1.21/compute/v2.1/servers/30c00475-3e93-45d4-9dbf-ff6fe81b09aa 0.047s
2024-12-24 14:07:35.529 66970 INFO tempest.lib.common.rest_client [req-943b682c-87d1-4ede-98b7-76fb7c236284 req-943b682c-87d1-4ede-98b7-76fb7c236284 ] Request (AttachVolumeTestJSON:test_attach_detach_volume): 200 GET http://10.180.1.21/compute/v2.1/servers/0cf548fd-816b-4da6-bd20-35fbc8577866 0.045s
2024-12-24 14:07:35.586 66965 INFO tempest.lib.common.rest_client [req-c313058b-8b3a-4c64-8a35-72cb830a9470 req-c313058b-8b3a-4c64-8a35-72cb830a9470 ] Request (ServersV294TestFqdnHostnames:setUpClass): 200 GET http://10.180.1.21/compute/v2.1/servers/1ac84b7c-aff6-497f-941d-99e16550431c 0.052s
2024-12-24 14:07:35.614 66971 INFO tempest.lib.common.rest_client [req-4123c1c6-bf6f-4f47-b683-374ec412cc14 req-4123c1c6-bf6f-4f47-b683-374ec412cc14 ] Request (ListImageFiltersTestJSON:setUpClass): 200 GET http://10.180.1.21/compute/v2.1/images/95108b2a-a7ac-4f0c-8d99-4b7794328ee5 0.057s
2024-12-24 14:07:35.635 66945 INFO tempest.lib.common.rest_client [req-d04d7c0b-b8ec-42be-87f0-b402335287f4 req-d04d7c0b-b8ec-42be-87f0-b402335287f4 ] Request (ServersTestJSON:test_create_server_with_ipv6_addr_only): 200 GET http://10.180.1.21/compute/v2.1/servers/a00a34e1-196f-4773-8073-ce917d48651b 0.091s
2024-12-24 14:07:35.664 66947 INFO tempest.lib.common.rest_client [req-b6bdb555-f8b5-4110-af4c-fbcc83c86946 req-b6bdb555-f8b5-4110-af4c-fbcc83c86946 ] Request (ServerPasswordTestJSON:setUpClass): 200 GET http://10.180.1.21/compute/v2.1/servers/76483cc4-76b3-4436-ae4c-c88087691ec2 0.077s
2024-12-24 14:07:35.683 67006 INFO tempest.lib.common.rest_client [req-ef331dfe-8009-495f-a321-041886a2e471 req-ef331dfe-8009-495f-a321-041886a2e471 ] Request (ServerDiagnosticsV248Test:tearDownClass): 200 GET http://10.180.1.21/compute/v2.1/servers/89553d85-1b06-45e3-b3d1-24a869612b8a 0.071s
2024-12-24 14:07:35.730 66989 INFO tempest.lib.common.rest_client [req-27f35ba5-9221-4c16-b631-33e2888ab7a2 req-27f35ba5-9221-4c16-b631-33e2888ab7a2 ] Request (ServersAdminTestJSON:setUpClass): 200 GET http://10.180.1.21/compute/v2.1/servers/ede9cc61-2c36-4b7a-ae64-3b67604931f0 0.095s
2024-12-24 14:07:35.734 66963 INFO tempest.lib.common.rest_client [req-3efe4317-45e8-4b39-bf45-8029b6fe2969 req-3efe4317-45e8-4b39-bf45-8029b6fe2969 ] Request (ServerRescueNegativeTestJSON:setUpClass): 200 GET http://10.180.1.21/compute/v2.1/servers/76cdf121-0846-4f03-bcac-a2e6ead239f0 0.077s
2024-12-24 14:07:35.785 66973 INFO tempest.lib.common.rest_client [req-0835485b-7e23-4583-829b-7c14fb87de41 req-0835485b-7e23-4583-829b-7c14fb87de41 ] Request (ImagesOneServerNegativeTestJSON:_run_cleanups): 200 GET http://10.180.1.21/compute/v2.1/servers/39657006-a2a1-42ff-a754-642afae84e07 0.093s
2024-12-24 14:07:35.981 66993 INFO tempest.lib.common.rest_client [req-795a9e5f-8ca1-4ef8-968c-3c87f79eacf8 req-795a9e5f-8ca1-4ef8-968c-3c87f79eacf8 ] Request (SecurityGroupsTestJSON:test_list_security_groups_by_server): 200 GET http://10.180.1.21/compute/v2.1/servers/e33ac3cc-493e-4d11-9f4d-7984e56d3d7c 0.058s
2024-12-24 14:07:36.034 66957 INFO tempest.lib.common.rest_client [req-487eaefd-79e9-4952-84b5-550d8866d123 req-487eaefd-79e9-4952-84b5-550d8866d123 ] Request (DeleteServersAdminTestJSON:test_delete_server_while_in_error_state): 200 GET http://10.180.1.21/compute/v2.1/servers/758383d9-21ae-4d18-8c5c-c9be255b12b6 0.058s
2024-12-24 14:07:36.070 66961 INFO tempest.lib.common.rest_client [req-ddd782ea-6734-4c99-a21b-3d84991a193a req-ddd782ea-6734-4c99-a21b-3d84991a193a ] Request (FloatingIPsAssociationNegativeTestJSON:setUpClass): 200 GET http://10.180.1.21/compute/v2.1/servers/f947b843-3d51-4720-9797-4c5859c4d630 0.056s
2024-12-24 14:07:36.160 66983 INFO tempest.lib.common.rest_client [req-03f56d76-772b-45a8-98d2-e1faa4e2d58f req-03f56d76-772b-45a8-98d2-e1faa4e2d58f ] Request (ServerDiskConfigTestJSON:test_rebuild_server_with_auto_disk_config): 200 GET http://10.180.1.21/compute/v2.1/servers/3b8acb23-1bed-432f-b70e-18a1301fb99c 0.059s
2024-12-24 14:07:36.223 66977 INFO tempest.lib.common.rest_client [req-ff425779-d8a4-4f2b-8f5b-530df5c61845 req-ff425779-d8a4-4f2b-8f5b-530df5c61845 ] Request (ListServersNegativeTestJSON:setUpClass): 200 GET http://10.180.1.21/compute/v2.1/servers/85b148aa-ff47-40bd-ac92-c1062306a185 0.055s
2024-12-24 14:07:36.257 66955 INFO tempest.lib.common.rest_client [req-bce64233-99ae-4957-b697-d58f1b4df577 req-bce64233-99ae-4957-b697-d58f1b4df577 ] Request (ListServerFiltersTestJSON:setUpClass): 200 GET http://10.180.1.21/compute/v2.1/servers/c2657800-ac10-4f71-bf86-2b5b95c65a06 0.046s
2024-12-24 14:07:36.302 66975 INFO tempest.lib.common.rest_client [req-fd300951-d2e3-4ef6-afe7-4c4ab00accfc req-fd300951-d2e3-4ef6-afe7-4c4ab00accfc ] Request (ServerRescueTestJSON:test_rescue_unrescue_instance): 200 GET http://10.180.1.21/compute/v2.1/servers/62cb56ca-1bc2-4d18-98d2-20d4a654d711 0.046s
2024-12-24 14:07:36.345 66985 INFO tempest.lib.common.rest_client [req-a27d9491-6cc9-4755-be45-beb34a10ce6c req-a27d9491-6cc9-4755-be45-beb34a10ce6c ] Request (ServersTestBootFromVolume:setUpClass): 200 GET http://10.180.1.21/compute/v2.1/servers/ab653e12-3d2f-45ee-a3bc-13b670f26e75 0.047s
2024-12-24 14:07:36.378 66949 INFO tempest.lib.common.rest_client [req-831fd6a7-34d1-401a-8318-fbf7961ba121 req-831fd6a7-34d1-401a-8318-fbf7961ba121 ] Request (MigrationsAdminTest:test_list_migrations_in_flavor_resize_situation): 200 GET http://10.180.1.21/compute/v2.1/servers/f8a7a431-66a3-4ecb-a701-5d53e24b28fa 0.125s
2024-12-24 14:07:36.422 66953 INFO tempest.lib.common.rest_client [req-52b75b0e-f7a3-4126-9e69-3bd1b6b2c028 req-52b75b0e-f7a3-4126-9e69-3bd1b6b2c028 ] Request (ServersAdminNegativeTestJSON:test_migrate_server_invalid_state): 200 GET http://10.180.1.21/compute/v2.1/servers/29bb064c-f652-4672-9fe9-75a09095db39 0.083s
2024-12-24 14:07:36.468 66959 INFO tempest.lib.common.rest_client [req-f2a003ed-f33b-48a5-a2a4-d85170069133 req-f2a003ed-f33b-48a5-a2a4-d85170069133 ] Request (FloatingIPsAssociationTestJSON:test_associate_already_associated_floating_ip): 200 GET http://10.180.1.21/compute/v2.1/servers/45bf79c4-2f13-4989-846d-0db27325bef3 0.118s
2024-12-24 14:07:36.473 66951 INFO tempest.lib.common.rest_client [req-d87878ad-b63f-4344-9d80-efe12da5c713 req-d87878ad-b63f-4344-9d80-efe12da5c713 ] Request (VolumesAdminNegativeTest:test_update_attached_volume_with_nonexistent_volume_in_body): 200 GET http://10.180.1.21/compute/v2.1/servers/09d1606b-7a4b-4475-b4c6-7ebc0d7876ae 0.168s
2024-12-24 14:07:36.479 66951 INFO tempest.common.waiters [-] State transition "BUILD/networking" ==> "BUILD/block_device_mapping" after 52 second wait
2024-12-24 14:07:36.511 67001 INFO tempest.lib.common.rest_client [req-fff30711-d893-4068-9f03-6a22233f6bb3 req-fff30711-d893-4068-9f03-6a22233f6bb3 ] Request (ImagesOneServerTestJSON:setUpClass): 200 GET http://10.180.1.21/compute/v2.1/servers/92ff7c21-e2c6-4d85-aa12-e41672929eda 0.085s
2024-12-24 14:07:36.519 66979 INFO tempest.lib.common.rest_client [req-56a8e427-96af-474b-852a-1d3b19d8758a req-56a8e427-96af-474b-852a-1d3b19d8758a ] Request (ServerGroupTestJSON:test_create_server_with_scheduler_hint_group): 200 GET http://10.180.1.21/compute/v2.1/servers/26aa5363-8676-45bf-8b17-185321d4da32 0.052s
2024-12-24 14:07:36.555 66998 INFO tempest.lib.common.rest_client [req-1fcef7eb-4658-4fef-abaa-6c951382c125 req-1fcef7eb-4658-4fef-abaa-6c951382c125 ] Request (ImagesTestJSON:test_create_image_from_suspended_server): 200 GET http://10.180.1.21/compute/v2.1/servers/30c00475-3e93-45d4-9dbf-ff6fe81b09aa 0.045s
2024-12-24 14:07:36.584 66970 INFO tempest.lib.common.rest_client [req-c4fcbbaf-1e51-49ee-acdf-0aa8e4bfe92e req-c4fcbbaf-1e51-49ee-acdf-0aa8e4bfe92e ] Request (AttachVolumeTestJSON:test_attach_detach_volume): 200 GET http://10.180.1.21/compute/v2.1/servers/0cf548fd-816b-4da6-bd20-35fbc8577866 0.048s
2024-12-24 14:07:36.646 66965 INFO tempest.lib.common.rest_client [req-3b20aa62-c56e-465b-a092-0bfc6751cd82 req-3b20aa62-c56e-465b-a092-0bfc6751cd82 ] Request (ServersV294TestFqdnHostnames:setUpClass): 200 GET http://10.180.1.21/compute/v2.1/servers/1ac84b7c-aff6-497f-941d-99e16550431c 0.052s
2024-12-24 14:07:36.652 66971 INFO tempest.lib.common.rest_client [req-de6a3d0e-28f3-46bb-b87a-4c52efda7625 req-de6a3d0e-28f3-46bb-b87a-4c52efda7625 ] Request (ListImageFiltersTestJSON:setUpClass): 200 GET http://10.180.1.21/compute/v2.1/images/95108b2a-a7ac-4f0c-8d99-4b7794328ee5 0.034s
2024-12-24 14:07:36.718 66947 INFO tempest.lib.common.rest_client [req-916e4e83-5d65-4289-9e2e-5d276e11605e req-916e4e83-5d65-4289-9e2e-5d276e11605e ] Request (ServerPasswordTestJSON:setUpClass): 200 GET http://10.180.1.21/compute/v2.1/servers/76483cc4-76b3-4436-ae4c-c88087691ec2 0.047s
2024-12-24 14:07:36.767 67006 INFO tempest.lib.common.rest_client [req-900b5a88-3d42-4f76-9626-ef7017960c20 req-900b5a88-3d42-4f76-9626-ef7017960c20 ] Request (ServerDiagnosticsV248Test:tearDownClass): 200 GET http://10.180.1.21/compute/v2.1/servers/89553d85-1b06-45e3-b3d1-24a869612b8a 0.073s
2024-12-24 14:07:36.771 66945 INFO tempest.lib.common.rest_client [req-db4fcfc3-54a7-4bc1-9bcd-9b0c0f40d299 req-db4fcfc3-54a7-4bc1-9bcd-9b0c0f40d299 ] Request (ServersTestJSON:test_create_server_with_ipv6_addr_only): 200 GET http://10.180.1.21/compute/v2.1/servers/a00a34e1-196f-4773-8073-ce917d48651b 0.129s
2024-12-24 14:07:36.814 66989 INFO tempest.lib.common.rest_client [req-3ad46ed3-13fb-4ca5-805c-efcf00ecfa35 req-3ad46ed3-13fb-4ca5-805c-efcf00ecfa35 ] Request (ServersAdminTestJSON:setUpClass): 200 GET http://10.180.1.21/compute/v2.1/servers/ede9cc61-2c36-4b7a-ae64-3b67604931f0 0.075s
2024-12-24 14:07:36.816 66963 INFO tempest.lib.common.rest_client [req-09ab3330-1740-44f3-9f3e-16616a0d4824 req-09ab3330-1740-44f3-9f3e-16616a0d4824 ] Request (ServerRescueNegativeTestJSON:setUpClass): 200 GET http://10.180.1.21/compute/v2.1/servers/76cdf121-0846-4f03-bcac-a2e6ead239f0 0.075s
2024-12-24 14:07:36.858 66973 INFO tempest.lib.common.rest_client [req-46366efd-387a-4962-b6e9-ceaab110da78 req-46366efd-387a-4962-b6e9-ceaab110da78 ] Request (ImagesOneServerNegativeTestJSON:_run_cleanups): 200 GET http://10.180.1.21/compute/v2.1/servers/39657006-a2a1-42ff-a754-642afae84e07 0.066s
2024-12-24 14:07:37.043 66993 INFO tempest.lib.common.rest_client [req-e298cd69-7523-40db-b4f9-c522c0750451 req-e298cd69-7523-40db-b4f9-c522c0750451 ] Request (SecurityGroupsTestJSON:test_list_security_groups_by_server): 200 GET http://10.180.1.21/compute/v2.1/servers/e33ac3cc-493e-4d11-9f4d-7984e56d3d7c 0.053s
2024-12-24 14:07:37.107 66957 INFO tempest.lib.common.rest_client [req-bb71381c-b4b8-4e6c-9026-e76039671660 req-bb71381c-b4b8-4e6c-9026-e76039671660 ] Request (DeleteServersAdminTestJSON:test_delete_server_while_in_error_state): 200 GET http://10.180.1.21/compute/v2.1/servers/758383d9-21ae-4d18-8c5c-c9be255b12b6 0.059s
2024-12-24 14:07:37.130 66961 INFO tempest.lib.common.rest_client [req-bdd17953-8959-487b-a246-885e3ea8a1b4 req-bdd17953-8959-487b-a246-885e3ea8a1b4 ] Request (FloatingIPsAssociationNegativeTestJSON:setUpClass): 200 GET http://10.180.1.21/compute/v2.1/servers/f947b843-3d51-4720-9797-4c5859c4d630 0.052s
2024-12-24 14:07:37.218 66983 INFO tempest.lib.common.rest_client [req-f9e08a52-34bf-46f5-b720-460ef0d6d1a2 req-f9e08a52-34bf-46f5-b720-460ef0d6d1a2 ] Request (ServerDiskConfigTestJSON:test_rebuild_server_with_auto_disk_config): 200 GET http://10.180.1.21/compute/v2.1/servers/3b8acb23-1bed-432f-b70e-18a1301fb99c 0.049s
2024-12-24 14:07:37.292 66977 INFO tempest.lib.common.rest_client [req-6d04273e-99f8-4858-b24a-3874b14cf3ec req-6d04273e-99f8-4858-b24a-3874b14cf3ec ] Request (ListServersNegativeTestJSON:setUpClass): 200 GET http://10.180.1.21/compute/v2.1/servers/85b148aa-ff47-40bd-ac92-c1062306a185 0.061s
2024-12-24 14:07:37.311 66955 INFO tempest.lib.common.rest_client [req-815bed97-8072-4032-9d06-bccbe3dbf4d9 req-815bed97-8072-4032-9d06-bccbe3dbf4d9 ] Request (ListServerFiltersTestJSON:setUpClass): 200 GET http://10.180.1.21/compute/v2.1/servers/c2657800-ac10-4f71-bf86-2b5b95c65a06 0.048s
2024-12-24 14:07:37.355 66975 INFO tempest.lib.common.rest_client [req-5951291e-398c-4cd5-a888-32e41035930a req-5951291e-398c-4cd5-a888-32e41035930a ] Request (ServerRescueTestJSON:test_rescue_unrescue_instance): 200 GET http://10.180.1.21/compute/v2.1/servers/62cb56ca-1bc2-4d18-98d2-20d4a654d711 0.046s
2024-12-24 14:07:37.402 66985 INFO tempest.lib.common.rest_client [req-87d63af1-4d28-4f07-bbab-1d8416ffea54 req-87d63af1-4d28-4f07-bbab-1d8416ffea54 ] Request (ServersTestBootFromVolume:setUpClass): 200 GET http://10.180.1.21/compute/v2.1/servers/ab653e12-3d2f-45ee-a3bc-13b670f26e75 0.050s
2024-12-24 14:07:37.489 66949 INFO tempest.lib.common.rest_client [req-238792e3-3256-4ef4-9df3-1c54ab3f334a req-238792e3-3256-4ef4-9df3-1c54ab3f334a ] Request (MigrationsAdminTest:test_list_migrations_in_flavor_resize_situation): 200 GET http://10.180.1.21/compute/v2.1/servers/f8a7a431-66a3-4ecb-a701-5d53e24b28fa 0.104s
2024-12-24 14:07:37.490 66953 INFO tempest.lib.common.rest_client [req-9395cdaa-be73-49cc-8162-a89549794f4d req-9395cdaa-be73-49cc-8162-a89549794f4d ] Request (ServersAdminNegativeTestJSON:test_migrate_server_invalid_state): 200 GET http://10.180.1.21/compute/v2.1/servers/29bb064c-f652-4672-9fe9-75a09095db39 0.060s
2024-12-24 14:07:37.532 66959 INFO tempest.lib.common.rest_client [req-7439029f-1c89-4596-b4aa-76b8cdd97db9 req-7439029f-1c89-4596-b4aa-76b8cdd97db9 ] Request (FloatingIPsAssociationTestJSON:test_associate_already_associated_floating_ip): 200 GET http://10.180.1.21/compute/v2.1/servers/45bf79c4-2f13-4989-846d-0db27325bef3 0.055s
2024-12-24 14:07:37.575 67001 INFO tempest.lib.common.rest_client [req-5fdaa02a-da7d-4fba-bfeb-5d84d11ad077 req-5fdaa02a-da7d-4fba-bfeb-5d84d11ad077 ] Request (ImagesOneServerTestJSON:setUpClass): 200 GET http://10.180.1.21/compute/v2.1/servers/92ff7c21-e2c6-4d85-aa12-e41672929eda 0.057s
2024-12-24 14:07:37.603 66951 INFO tempest.lib.common.rest_client [req-e1bf235a-3e26-45d4-9e3f-e5df4f695c34 req-e1bf235a-3e26-45d4-9e3f-e5df4f695c34 ] Request (VolumesAdminNegativeTest:test_update_attached_volume_with_nonexistent_volume_in_body): 200 GET http://10.180.1.21/compute/v2.1/servers/09d1606b-7a4b-4475-b4c6-7ebc0d7876ae 0.124s
2024-12-24 14:07:37.609 66951 INFO tempest.common.waiters [-] State transition "BUILD/block_device_mapping" ==> "BUILD/spawning" after 53 second wait
2024-12-24 14:07:37.619 66979 INFO tempest.lib.common.rest_client [req-1bf9ced5-5aab-43e9-a196-2b64f96af8f6 req-1bf9ced5-5aab-43e9-a196-2b64f96af8f6 ] Request (ServerGroupTestJSON:test_create_server_with_scheduler_hint_group): 200 GET http://10.180.1.21/compute/v2.1/servers/26aa5363-8676-45bf-8b17-185321d4da32 0.093s
