2024-12-24 14:08:21.045 67006 INFO tempest.lib.common.dynamic_creds [-] Created isolated network resources for: credentials: Credentials: {'domain_id': 'default', 'domain_name': 'Default', 'username': 'tempest-MultipleCreateTestJSON-1042225712-project-member', 'project_domain_id': 'default', 'project_domain_name': 'Default', 'project_id': 'fb6961a5aba74f4599699d729e1ddf6a', 'project_name': 'tempest-MultipleCreateTestJSON-1042225712', 'tenant_id': 'fb6961a5aba74f4599699d729e1ddf6a', 'tenant_name': 'tempest-MultipleCreateTestJSON-1042225712', 'user_domain_id': 'default', 'user_domain_name': 'Default', 'user_id': '40fb2fe59f964c0fa6a2b42cee3a0ab0', 'system': None}, Network: {'id': '06aef5b1-a0d1-4481-871d-05aa1ec88ba9', 'name': 'tempest-MultipleCreateTestJSON-993556523-network', 'tenant_id': 'fb6961a5aba74f4599699d729e1ddf6a', 'admin_state_up': True, 'mtu': 8950, 'status': 'ACTIVE', 'subnets': [], 'shared': False, 'project_id': 'fb6961a5aba74f4599699d729e1ddf6a', 'port_security_enabled': True, 'router:external': False, 'provider:network_type': 'vlan', 'provider:physical_network': 'default', 'provider:segmentation_id': 907, 'availability_zone_hints': [], 'availability_zones': [], 'ipv4_address_scope': None, 'ipv6_address_scope': None, 'description': '', 'tags': [], 'created_at': '2024-12-24T14:08:16Z', 'updated_at': '2024-12-24T14:08:16Z', 'revision_number': 1}, Subnet: {'id': 'd7ba132d-4c89-4eca-98ee-59250bc38898', 'name': 'tempest-MultipleCreateTestJSON-993556523-subnet', 'tenant_id': 'fb6961a5aba74f4599699d729e1ddf6a', 'network_id': '06aef5b1-a0d1-4481-871d-05aa1ec88ba9', 'ip_version': 4, 'subnetpool_id': None, 'enable_dhcp': True, 'ipv6_ra_mode': None, 'ipv6_address_mode': None, 'gateway_ip': '192.168.128.1', 'cidr': '192.168.128.0/28', 'allocation_pools': [{'start': '192.168.128.2', 'end': '192.168.128.14'}], 'host_routes': [], 'dns_nameservers': [], 'description': '', 'router:external': False, 'service_types': [], 'tags': [], 'created_at': '2024-12-24T14:08:16Z', 'updated_at': '2024-12-24T14:08:16Z', 'revision_number': 0, 'project_id': 'fb6961a5aba74f4599699d729e1ddf6a'}, Router: {'id': '26fde821-e3d5-46c8-96a7-cb76dd5a263a', 'name': 'tempest-MultipleCreateTestJSON-993556523-router', 'tenant_id': 'fb6961a5aba74f4599699d729e1ddf6a', 'admin_state_up': True, 'status': 'ACTIVE', 'external_gateway_info': {'network_id': '76f7ec2b-adaf-4f79-828d-97004c5a57e2', 'external_fixed_ips': [{'subnet_id': '26a9cb8b-a005-4412-b020-d1cb3562fd3d', 'ip_address': '10.180.180.214'}], 'enable_snat': True}, 'description': '', 'availability_zones': [], 'distributed': False, 'ha': False, 'availability_zone_hints': [], 'routes': [], 'flavor_id': None, 'tags': [], 'created_at': '2024-12-24T14:08:16Z', 'updated_at': '2024-12-24T14:08:17Z', 'revision_number': 2, 'project_id': 'fb6961a5aba74f4599699d729e1ddf6a'}
2024-12-24 14:08:21.058 66983 INFO tempest.lib.common.rest_client [req-a39fdfac-fe08-4a4f-9313-024d2ba56004 req-a39fdfac-fe08-4a4f-9313-024d2ba56004 ] Request (ServerDiskConfigTestJSON:test_rebuild_server_with_auto_disk_config): 200 GET http://10.180.1.21/compute/v2.1/servers/3b8acb23-1bed-432f-b70e-18a1301fb99c 1.516s
2024-12-24 14:08:21.060 66955 INFO tempest.lib.common.rest_client [req-94f2b30e-87e8-48ea-ac4d-fc4a362cd0b1 req-94f2b30e-87e8-48ea-ac4d-fc4a362cd0b1 ] Request (ListServerFiltersTestJSON:setUpClass): 200 GET http://10.180.1.21/compute/v2.1/servers/c2657800-ac10-4f71-bf86-2b5b95c65a06 1.841s
2024-12-24 14:08:21.132 66975 INFO tempest.lib.common.rest_client [req-30a6ed64-93aa-4df8-9483-a4ae65acd73a req-30a6ed64-93aa-4df8-9483-a4ae65acd73a ] Request (ServerRescueTestJSON:test_rescue_unrescue_instance): 200 GET http://10.180.1.21/compute/v2.1/servers/62cb56ca-1bc2-4d18-98d2-20d4a654d711 1.543s
2024-12-24 14:08:21.140 66953 INFO tempest.lib.common.rest_client [req-0020865a-41b8-482e-a932-97e514b9855b req-0020865a-41b8-482e-a932-97e514b9855b ] Request (ServersAdminNegativeTestJSON:test_migrate_server_invalid_state): 200 GET http://10.180.1.21/compute/v2.1/servers/29bb064c-f652-4672-9fe9-75a09095db39 1.494s
2024-12-24 14:08:21.179 67006 INFO tempest.lib.common.rest_client [req-0908febb-d817-48c9-94f5-c75ea9725e79 req-0908febb-d817-48c9-94f5-c75ea9725e79 ] Request (MultipleCreateTestJSON:setUpClass): 201 POST http://10.180.1.21/identity/v3/auth/tokens 0.128s
2024-12-24 14:08:21.200 66977 INFO tempest.lib.common.rest_client [req-98e96833-915c-4ee8-88fb-8284e3ed9c64 req-98e96833-915c-4ee8-88fb-8284e3ed9c64 ] Request (ListServersNegativeTestJSON:tearDownClass): 200 GET http://10.180.1.21/compute/v2.1/servers/4f643aab-c79e-455a-ac39-6184c11d02da 1.462s
2024-12-24 14:08:21.205 66998 INFO tempest.lib.common.rest_client [req-58f495ae-d159-4254-a711-5421540e0a9b req-58f495ae-d159-4254-a711-5421540e0a9b ] Request (ImagesTestJSON:test_create_image_from_suspended_server): 200 GET http://10.180.1.21/compute/v2.1/servers/30c00475-3e93-45d4-9dbf-ff6fe81b09aa 1.363s
2024-12-24 14:08:21.214 67006 INFO tempest.lib.common.rest_client [req-ecb8c89d-ee1e-478b-9814-ab93d8897383 req-ecb8c89d-ee1e-478b-9814-ab93d8897383 ] Request (MultipleCreateTestJSON:test_multiple_create): 201 POST http://10.180.1.21/identity/v3/auth/tokens 0.031s
2024-12-24 14:08:21.214 67006 INFO tempest.lib.common.fixed_network [-] (MultipleCreateTestJSON:test_multiple_create) Found network {'id': '06aef5b1-a0d1-4481-871d-05aa1ec88ba9', 'name': 'tempest-MultipleCreateTestJSON-993556523-network', 'tenant_id': 'fb6961a5aba74f4599699d729e1ddf6a', 'admin_state_up': True, 'mtu': 8950, 'status': 'ACTIVE', 'subnets': [], 'shared': False, 'project_id': 'fb6961a5aba74f4599699d729e1ddf6a', 'port_security_enabled': True, 'router:external': False, 'provider:network_type': 'vlan', 'provider:physical_network': 'default', 'provider:segmentation_id': 907, 'availability_zone_hints': [], 'availability_zones': [], 'ipv4_address_scope': None, 'ipv6_address_scope': None, 'description': '', 'tags': [], 'created_at': '2024-12-24T14:08:16Z', 'updated_at': '2024-12-24T14:08:16Z', 'revision_number': 1} available for tenant
2024-12-24 14:08:21.263 66979 INFO tempest.lib.common.rest_client [req-9558d962-c4a4-4614-9499-3d5b12549d93 req-9558d962-c4a4-4614-9499-3d5b12549d93 ] Request (ServerGroupTestJSON:test_create_server_with_scheduler_hint_group): 200 GET http://10.180.1.21/compute/v2.1/servers/26aa5363-8676-45bf-8b17-185321d4da32 1.342s
2024-12-24 14:08:21.278 66970 INFO tempest.lib.common.rest_client [req-cf331c27-05f7-46a7-82ae-1b1b3bd49fed req-cf331c27-05f7-46a7-82ae-1b1b3bd49fed ] Request (AttachVolumeTestJSON:test_attach_detach_volume): 200 GET http://10.180.1.21/compute/v2.1/servers/0cf548fd-816b-4da6-bd20-35fbc8577866 1.297s
2024-12-24 14:08:21.285 66970 INFO tempest.common.waiters [-] State transition "BUILD/scheduling" ==> "BUILD/None" after 78 second wait
2024-12-24 14:08:21.334 67001 INFO tempest.lib.common.rest_client [req-d7981e19-37b3-4d96-95a2-97a962b934ff req-d7981e19-37b3-4d96-95a2-97a962b934ff ] Request (ImagesOneServerTestJSON:setUpClass): 200 GET http://10.180.1.21/compute/v2.1/servers/92ff7c21-e2c6-4d85-aa12-e41672929eda 1.263s
2024-12-24 14:08:21.348 66989 INFO tempest.lib.common.rest_client [req-09544401-5709-4177-b30a-07137779bb64 req-09544401-5709-4177-b30a-07137779bb64 ] Request (ServersAdminTestJSON:setUpClass): 200 GET http://10.180.1.21/compute/v2.1/servers/ede9cc61-2c36-4b7a-ae64-3b67604931f0 1.221s
2024-12-24 14:08:21.404 66947 INFO tempest.lib.common.rest_client [req-dfba3b51-aa81-4309-b883-18737fdac487 req-dfba3b51-aa81-4309-b883-18737fdac487 ] Request (ServerPasswordTestJSON:setUpClass): 200 GET http://10.180.1.21/compute/v2.1/servers/76483cc4-76b3-4436-ae4c-c88087691ec2 1.232s
2024-12-24 14:08:21.473 66985 INFO tempest.lib.common.rest_client [req-2471de97-f6f6-4b78-98c3-31d83b9a0a55 req-2471de97-f6f6-4b78-98c3-31d83b9a0a55 ] Request (ServersTestBootFromVolume:setUpClass): 200 GET http://10.180.1.21/compute/v2.1/servers/ab653e12-3d2f-45ee-a3bc-13b670f26e75/os-interface 1.102s
2024-12-24 14:08:21.693 66993 INFO tempest.lib.common.rest_client [req-cff8e0b7-c364-4aa0-89fd-1ac57f609902 req-cff8e0b7-c364-4aa0-89fd-1ac57f609902 ] Request (SecurityGroupsTestJSON:test_security_group_create_get_delete): 202 DELETE http://10.180.1.21/compute/v2.1/os-security-groups/b00ba38b-4b29-44fc-b45e-156708f60f9d 1.296s
2024-12-24 14:08:21.709 66945 INFO tempest.lib.common.rest_client [req-7da83464-409b-4ef0-a08f-23fd734e7490 req-7da83464-409b-4ef0-a08f-23fd734e7490 ] Request (ServersTestJSON:test_create_specify_keypair): 200 GET http://10.180.1.21/compute/v2.1/os-keypairs 1.028s
2024-12-24 14:08:21.803 66945 INFO tempest.lib.common.rest_client [req-957dd447-547f-4ee1-b22a-ee4c74c31836 req-957dd447-547f-4ee1-b22a-ee4c74c31836 ] Request (ServersTestJSON:test_create_specify_keypair): 201 POST http://10.180.1.21/identity/v3/auth/tokens 0.088s
2024-12-24 14:08:21.803 66945 INFO tempest.lib.common.fixed_network [-] (ServersTestJSON:test_create_specify_keypair) Found network {'id': '69b353bb-3881-4131-9dd3-0a2a854203b8', 'name': 'tempest-ServersTestJSON-102845482-network', 'tenant_id': '77ffb4be0b64487e80b60778338adbee', 'admin_state_up': True, 'mtu': 8950, 'status': 'ACTIVE', 'subnets': [], 'shared': False, 'project_id': '77ffb4be0b64487e80b60778338adbee', 'port_security_enabled': True, 'router:external': False, 'provider:network_type': 'vlan', 'provider:physical_network': 'default', 'provider:segmentation_id': 823, 'availability_zone_hints': [], 'availability_zones': [], 'ipv4_address_scope': None, 'ipv6_address_scope': None, 'description': '', 'tags': [], 'created_at': '2024-12-24T14:05:56Z', 'updated_at': '2024-12-24T14:05:56Z', 'revision_number': 1} available for tenant
2024-12-24 14:08:21.822 66959 INFO tempest.lib.common.rest_client [req-42840780-1a98-4d89-a6d0-b8ec06e0eeee req-42840780-1a98-4d89-a6d0-b8ec06e0eeee ] Request (FloatingIPsAssociationTestJSON:_run_cleanups): 204 DELETE http://10.180.1.21/compute/v2.1/servers/45bf79c4-2f13-4989-846d-0db27325bef3 1.023s
2024-12-24 14:08:21.906 66981 INFO tempest.lib.common.rest_client [req-7859cc8f-d504-49a4-b075-10ba7f0e2df7 req-7859cc8f-d504-49a4-b075-10ba7f0e2df7 ] Request (VolumesAssistedSnapshotsTest:tearDownClass): 204 DELETE http://10.180.1.21/compute/v2.1/servers/f82dd739-cab2-4037-b038-400c09480dfa 0.938s
2024-12-24 14:08:22.302 66985 INFO tempest.lib.common.rest_client [req-4cb96956-7fa4-4f23-908f-4b8ef1c735e0 req-4cb96956-7fa4-4f23-908f-4b8ef1c735e0 ] Request (ServersTestBootFromVolume:setUpClass): 200 PUT http://10.180.1.21:9696/networking/v2.0/floatingips/c69dfddd-8571-45b0-a642-26e1d270a74d 0.827s
2024-12-24 14:08:22.392 66961 INFO tempest.lib.common.rest_client [req-124d0d8a-d68b-4819-8281-aacf7627b11d req-124d0d8a-d68b-4819-8281-aacf7627b11d ] Request (FloatingIPsAssociationNegativeTestJSON:test_associate_ip_to_server_with_floating_ip): 202 POST http://10.180.1.21/compute/v2.1/servers/f947b843-3d51-4720-9797-4c5859c4d630/action 2.247s
2024-12-24 14:08:22.457 66963 INFO tempest.lib.common.rest_client [req-4bc90f38-2d05-49cd-9f5e-948f18ea942d req-4bc90f38-2d05-49cd-9f5e-948f18ea942d ] Request (ServerRescueNegativeTestJSON:setUpClass): 200 GET http://10.180.1.21/compute/v2.1/servers/76cdf121-0846-4f03-bcac-a2e6ead239f0 1.230s
2024-12-24 14:08:22.527 66973 INFO tempest.lib.common.rest_client [req-25a000dc-9e2d-466d-a126-cceb945dad3a req-25a000dc-9e2d-466d-a126-cceb945dad3a ] Request (ImagesOneServerNegativeTestJSON:_run_cleanups): 200 GET http://10.180.1.21/compute/v2.1/servers/39657006-a2a1-42ff-a754-642afae84e07 1.051s
2024-12-24 14:08:22.560 67006 INFO tempest.lib.common.rest_client [req-78387e1f-9fe6-4ee5-8d5f-0f3992c9ae89 req-78387e1f-9fe6-4ee5-8d5f-0f3992c9ae89 ] Request (MultipleCreateTestJSON:test_multiple_create): 202 POST http://10.180.1.21/compute/v2.1/servers 1.345s
2024-12-24 14:08:22.606 66957 INFO tempest.lib.common.rest_client [req-6cab1b12-69f4-456d-bc5d-9230a9aa14dd req-6cab1b12-69f4-456d-bc5d-9230a9aa14dd ] Request (DeleteServersAdminTestJSON:test_delete_server_while_in_error_state): 200 GET http://10.180.1.21/compute/v2.1/servers/758383d9-21ae-4d18-8c5c-c9be255b12b6 1.068s
2024-12-24 14:08:22.631 66971 INFO tempest.lib.common.rest_client [req-200a81d5-57c4-4662-9d8c-cad6c905e97b req-200a81d5-57c4-4662-9d8c-cad6c905e97b ] Request (ListImageFiltersTestJSON:setUpClass): 200 GET http://10.180.1.21/compute/v2.1/images/772382c0-f69a-4fab-ad3e-bae396485f6c 1.060s
2024-12-24 14:08:22.666 67000 INFO tempest.lib.common.rest_client [req-916ac11f-a996-4bc7-8543-ea7db6e21764 req-916ac11f-a996-4bc7-8543-ea7db6e21764 ] Request (ServersWithSpecificFlavorTestJSON:test_verify_created_server_ephemeral_disk): 200 GET http://10.180.1.21/compute/v2.1/servers/d72a7ca9-c285-426b-989f-da5c540d4615 1.036s
2024-12-24 14:08:22.678 66993 INFO tempest.lib.common.rest_client [req-abb3dfae-d5f6-4eb2-9f4f-7643ea680d99 req-abb3dfae-d5f6-4eb2-9f4f-7643ea680d99 ] Request (SecurityGroupsTestJSON:test_security_group_create_get_delete): 404 GET http://10.180.1.21/compute/v2.1/os-security-groups/b00ba38b-4b29-44fc-b45e-156708f60f9d 0.984s
2024-12-24 14:08:23.045 66945 INFO tempest.lib.common.rest_client [req-ddebbc21-9f82-4f06-a9ed-7c79ae7e750f req-ddebbc21-9f82-4f06-a9ed-7c79ae7e750f ] Request (ServersTestJSON:test_create_specify_keypair): 202 POST http://10.180.1.21/compute/v2.1/servers 1.240s
2024-12-24 14:08:23.227 66949 INFO tempest.lib.common.rest_client [req-82a579e7-dcef-4b54-8297-f3df04c7609d req-82a579e7-dcef-4b54-8297-f3df04c7609d ] Request (MigrationsAdminTest:test_list_migrations_in_flavor_resize_situation): 200 GET http://10.180.1.21/compute/v2.1/servers/f8a7a431-66a3-4ecb-a701-5d53e24b28fa 1.387s
2024-12-24 14:08:23.384 66981 INFO tempest.lib.common.rest_client [req-1c627073-d0f5-4389-a312-f17ce8516de1 req-1c627073-d0f5-4389-a312-f17ce8516de1 ] Request (VolumesAssistedSnapshotsTest:tearDownClass): 200 GET http://10.180.1.21/compute/v2.1/servers/f82dd739-cab2-4037-b038-400c09480dfa 1.478s
2024-12-24 14:08:23.529 66965 INFO tempest.lib.common.rest_client [req-6e19a9f7-f739-489e-9383-c53cb8118c32 req-6e19a9f7-f739-489e-9383-c53cb8118c32 ] Request (ServersV294TestFqdnHostnames:setUpClass): 200 GET http://10.180.1.21/compute/v2.1/servers/1ac84b7c-aff6-497f-941d-99e16550431c 1.520s
2024-12-24 14:08:23.638 66955 INFO tempest.lib.common.rest_client [req-efe533ae-3999-4083-8947-67b8d9391404 req-efe533ae-3999-4083-8947-67b8d9391404 ] Request (ListServerFiltersTestJSON:setUpClass): 200 GET http://10.180.1.21/compute/v2.1/servers/c2657800-ac10-4f71-bf86-2b5b95c65a06 1.567s
2024-12-24 14:08:23.646 66955 INFO tempest.common.waiters [-] State transition "BUILD/spawning" ==> "ACTIVE/None" after 90 second wait
2024-12-24 14:08:23.695 66983 INFO tempest.lib.common.rest_client [req-44e82d76-633d-4287-af8d-9867f257f902 req-44e82d76-633d-4287-af8d-9867f257f902 ] Request (ServerDiskConfigTestJSON:test_rebuild_server_with_auto_disk_config): 200 GET http://10.180.1.21/compute/v2.1/servers/3b8acb23-1bed-432f-b70e-18a1301fb99c 1.623s
2024-12-24 14:08:23.749 66975 INFO tempest.lib.common.rest_client [req-90aa9f9e-7b2b-422b-903d-9f9b8d0fa248 req-90aa9f9e-7b2b-422b-903d-9f9b8d0fa248 ] Request (ServerRescueTestJSON:test_rescue_unrescue_instance): 200 GET http://10.180.1.21/compute/v2.1/servers/62cb56ca-1bc2-4d18-98d2-20d4a654d711 1.608s
2024-12-24 14:08:23.803 66953 INFO tempest.lib.common.rest_client [req-00023a07-4618-4da1-b3c6-c843262c03bb req-00023a07-4618-4da1-b3c6-c843262c03bb ] Request (ServersAdminNegativeTestJSON:test_migrate_server_invalid_state): 200 GET http://10.180.1.21/compute/v2.1/servers/29bb064c-f652-4672-9fe9-75a09095db39 1.654s
2024-12-24 14:08:23.867 66977 INFO tempest.lib.common.rest_client [req-86043df9-31b9-457f-ba36-750be9366f80 req-86043df9-31b9-457f-ba36-750be9366f80 ] Request (ListServersNegativeTestJSON:tearDownClass): 200 GET http://10.180.1.21/compute/v2.1/servers/4f643aab-c79e-455a-ac39-6184c11d02da 1.659s
2024-12-24 14:08:23.903 66959 INFO tempest.lib.common.rest_client [req-921e0336-3495-4e60-b7b1-8471875b3543 req-921e0336-3495-4e60-b7b1-8471875b3543 ] Request (FloatingIPsAssociationTestJSON:test_associate_disassociate_floating_ip): 202 POST http://10.180.1.21/compute/v2.1/servers/d8ea4cc3-b3be-4db6-9d55-d62a774e4e34/action 2.079s
2024-12-24 14:08:23.927 66998 INFO tempest.lib.common.rest_client [req-745128dc-a1fd-45bf-8056-74f35c1e05a0 req-745128dc-a1fd-45bf-8056-74f35c1e05a0 ] Request (ImagesTestJSON:test_create_image_from_suspended_server): 200 GET http://10.180.1.21/compute/v2.1/servers/30c00475-3e93-45d4-9dbf-ff6fe81b09aa 1.714s
2024-12-24 14:08:23.957 66979 INFO tempest.lib.common.rest_client [req-ded394db-28f0-4ba7-b913-97d6809658ae req-ded394db-28f0-4ba7-b913-97d6809658ae ] Request (ServerGroupTestJSON:test_create_server_with_scheduler_hint_group): 200 GET http://10.180.1.21/compute/v2.1/servers/26aa5363-8676-45bf-8b17-185321d4da32 1.683s
2024-12-24 14:08:23.979 66970 INFO tempest.lib.common.rest_client [req-c65abf08-3007-427e-bc9b-b1c25946bba7 req-c65abf08-3007-427e-bc9b-b1c25946bba7 ] Request (AttachVolumeTestJSON:test_attach_detach_volume): 200 GET http://10.180.1.21/compute/v2.1/servers/0cf548fd-816b-4da6-bd20-35fbc8577866 1.693s
2024-12-24 14:08:24.026 67001 INFO tempest.lib.common.rest_client [req-26925842-308d-4b20-a4c7-d7fa22cc9a18 req-26925842-308d-4b20-a4c7-d7fa22cc9a18 ] Request (ImagesOneServerTestJSON:setUpClass): 200 GET http://10.180.1.21/compute/v2.1/servers/92ff7c21-e2c6-4d85-aa12-e41672929eda 1.685s
2024-12-24 14:08:24.076 66951 INFO paramiko.transport [-] Connected (version 2.0, client dropbear_2020.81)
2024-12-24 14:08:24.080 66989 INFO tempest.lib.common.rest_client [req-d9eb69e6-db25-4806-b369-52600a3d08f0 req-d9eb69e6-db25-4806-b369-52600a3d08f0 ] Request (ServersAdminTestJSON:setUpClass): 200 GET http://10.180.1.21/compute/v2.1/servers/ede9cc61-2c36-4b7a-ae64-3b67604931f0 1.724s
2024-12-24 14:08:24.096 66985 INFO tempest.lib.common.rest_client [req-07e9107f-5640-4e09-a93f-d986efdf10e0 req-07e9107f-5640-4e09-a93f-d986efdf10e0 ] Request (ServersTestBootFromVolume:setUpClass): 200 GET http://10.180.1.21/compute/v2.1/servers/ab653e12-3d2f-45ee-a3bc-13b670f26e75 1.793s
2024-12-24 14:08:24.104 66985 INFO tempest.lib.common.ssh [-] Creating ssh connection to '10.180.180.136:22' as 'cirros' with public key authentication
2024-12-24 14:08:24.140 66951 INFO paramiko.transport [-] Authentication (publickey) successful!
2024-12-24 14:08:24.141 66951 INFO tempest.lib.common.ssh [-] ssh connection to cirros@10.180.180.220 successfully created
2024-12-24 14:08:24.178 66947 INFO tempest.lib.common.rest_client [req-c2069141-b73a-4c4a-880d-7cfa1e932576 req-c2069141-b73a-4c4a-880d-7cfa1e932576 ] Request (ServerPasswordTestJSON:setUpClass): 200 GET http://10.180.1.21/compute/v2.1/servers/76483cc4-76b3-4436-ae4c-c88087691ec2 1.764s
2024-12-24 14:08:24.230 67006 INFO tempest.lib.common.rest_client [req-ee04d97c-5be5-42e2-b07f-3bdd4bbf473e req-ee04d97c-5be5-42e2-b07f-3bdd4bbf473e ] Request (MultipleCreateTestJSON:test_multiple_create): 200 GET http://10.180.1.21/compute/v2.1/servers 1.669s
2024-12-24 14:08:24.316 66951 INFO tempest.lib.common.rest_client [req-f5ca05bd-91d8-48a7-9f59-46f1327aa5cd req-f5ca05bd-91d8-48a7-9f59-46f1327aa5cd ] Request (VolumesAdminNegativeTest:test_update_attached_volume_with_nonexistent_volume_in_body): 202 POST http://10.180.1.21/volume/v3/volumes 0.174s
2024-12-24 14:08:24.350 66951 INFO tempest.lib.common.rest_client [req-9f5206be-1b47-4024-b358-a641fab4b038 req-9f5206be-1b47-4024-b358-a641fab4b038 ] Request (VolumesAdminNegativeTest:test_update_attached_volume_with_nonexistent_volume_in_body): 200 GET http://10.180.1.21/volume/v3/volumes/913bc636-c37f-4fb6-bab1-cc3014745b88 0.026s
2024-12-24 14:08:24.521 66993 INFO tempest.lib.common.rest_client [req-6f9e37cc-d2e2-432b-934e-d784f4500999 req-6f9e37cc-d2e2-432b-934e-d784f4500999 ] Request (SecurityGroupsTestJSON:test_security_groups_create_list_delete): 200 POST http://10.180.1.21/compute/v2.1/os-security-groups 1.842s
2024-12-24 14:08:24.584 66945 INFO tempest.lib.common.rest_client [req-8125d5e7-93d7-4801-b9af-f93269e7a9e1 req-8125d5e7-93d7-4801-b9af-f93269e7a9e1 ] Request (ServersTestJSON:test_create_specify_keypair): 200 GET http://10.180.1.21/compute/v2.1/servers/e0af3596-1be3-4674-9ce7-eb41f3ef70dd 1.538s
2024-12-24 14:08:24.667 66963 INFO tempest.lib.common.rest_client [req-44987213-2559-45e0-a779-3937f6251527 req-44987213-2559-45e0-a779-3937f6251527 ] Request (ServerRescueNegativeTestJSON:setUpClass): 200 GET http://10.180.1.21/compute/v2.1/servers/76cdf121-0846-4f03-bcac-a2e6ead239f0 1.199s
2024-12-24 14:08:24.679 66963 INFO tempest.common.waiters [-] State transition "BUILD/scheduling" ==> "BUILD/None" after 73 second wait
2024-12-24 14:08:24.727 66973 INFO tempest.lib.common.rest_client [req-34d2cb81-9983-455c-89d5-4ffc2a12b476 req-34d2cb81-9983-455c-89d5-4ffc2a12b476 ] Request (ImagesOneServerNegativeTestJSON:_run_cleanups): 200 GET http://10.180.1.21/compute/v2.1/servers/39657006-a2a1-42ff-a754-642afae84e07 1.192s
2024-12-24 14:08:24.806 66957 INFO tempest.lib.common.rest_client [req-8a90152d-ebd1-4f6b-b606-ef4c3249b68b req-8a90152d-ebd1-4f6b-b606-ef4c3249b68b ] Request (DeleteServersAdminTestJSON:test_delete_server_while_in_error_state): 200 GET http://10.180.1.21/compute/v2.1/servers/758383d9-21ae-4d18-8c5c-c9be255b12b6 1.186s
2024-12-24 14:08:24.848 66971 INFO tempest.lib.common.rest_client [req-0799b290-2721-4e72-9ed5-cd6779fc7bcd req-0799b290-2721-4e72-9ed5-cd6779fc7bcd ] Request (ListImageFiltersTestJSON:setUpClass): 200 GET http://10.180.1.21/compute/v2.1/images/772382c0-f69a-4fab-ad3e-bae396485f6c 1.212s
2024-12-24 14:08:25.018 66961 INFO tempest.lib.common.rest_client [req-3385fb88-bc47-4b79-b641-16ee9ae22f09 req-3385fb88-bc47-4b79-b641-16ee9ae22f09 ] Request (FloatingIPsAssociationNegativeTestJSON:test_associate_ip_to_server_with_floating_ip): 200 POST http://10.180.1.21/compute/v2.1/os-floating-ips 2.626s
2024-12-24 14:08:25.082 67000 INFO tempest.lib.common.rest_client [req-04e4b426-d2b5-419d-a266-9c6e6149e9e8 req-04e4b426-d2b5-419d-a266-9c6e6149e9e8 ] Request (ServersWithSpecificFlavorTestJSON:test_verify_created_server_ephemeral_disk): 200 GET http://10.180.1.21/compute/v2.1/servers/d72a7ca9-c285-426b-989f-da5c540d4615 1.408s
2024-12-24 14:08:25.116 66955 INFO tempest.lib.common.rest_client [req-26a2ebe0-30a7-4a0f-99d6-97c0e8719ed9 req-26a2ebe0-30a7-4a0f-99d6-97c0e8719ed9 ] Request (ListServerFiltersTestJSON:setUpClass): 200 GET http://10.180.1.21/compute/v2.1/servers/ea20886c-f906-4f3e-9cfa-30c44213f9f5 1.468s
2024-12-24 14:08:25.199 67006 INFO tempest.lib.common.rest_client [req-9b8f446b-553f-4f25-a12b-676d0032a284 req-9b8f446b-553f-4f25-a12b-676d0032a284 ] Request (MultipleCreateTestJSON:test_multiple_create): 200 GET http://10.180.1.21/compute/v2.1/servers/0cf30c19-40c2-4a29-9099-92507328ae81 0.967s
2024-12-24 14:08:25.202 66959 INFO tempest.lib.common.rest_client [req-4e2bcc3d-d346-4708-b331-07a00ac6bdea req-4e2bcc3d-d346-4708-b331-07a00ac6bdea ] Request (FloatingIPsAssociationTestJSON:test_associate_disassociate_floating_ip): 200 GET http://10.180.1.21/compute/v2.1/os-floating-ips/36d9d8f9-cd17-481c-a9e2-9ec38bde7d5d 1.299s
2024-12-24 14:08:25.275 66981 INFO tempest.lib.common.rest_client [req-1a975bfe-da38-40bb-9c21-6afb28b0f76b req-1a975bfe-da38-40bb-9c21-6afb28b0f76b ] Request (VolumesAssistedSnapshotsTest:tearDownClass): 200 GET http://10.180.1.21/compute/v2.1/servers/f82dd739-cab2-4037-b038-400c09480dfa 0.882s
2024-12-24 14:08:25.325 66949 INFO tempest.lib.common.rest_client [req-ee72f08e-228a-4695-aa0a-3e825bf70d31 req-ee72f08e-228a-4695-aa0a-3e825bf70d31 ] Request (MigrationsAdminTest:test_list_migrations_in_flavor_resize_situation): 200 GET http://10.180.1.21/compute/v2.1/servers/f8a7a431-66a3-4ecb-a701-5d53e24b28fa 1.086s
2024-12-24 14:08:25.388 66951 INFO tempest.lib.common.rest_client [req-f6e23b7e-a05f-4594-9ae1-bf393ca4c6ff req-f6e23b7e-a05f-4594-9ae1-bf393ca4c6ff ] Request (VolumesAdminNegativeTest:test_update_attached_volume_with_nonexistent_volume_in_body): 200 GET http://10.180.1.21/volume/v3/volumes/913bc636-c37f-4fb6-bab1-cc3014745b88 0.030s
2024-12-24 14:08:25.394 66951 INFO tempest.common.waiters [-] volume 913bc636-c37f-4fb6-bab1-cc3014745b88 reached available after waiting for 1.394914 seconds
2024-12-24 14:08:25.457 66993 INFO tempest.lib.common.rest_client [req-27e0ca49-686a-4ea9-8494-2cbcc5096ba7 req-27e0ca49-686a-4ea9-8494-2cbcc5096ba7 ] Request (SecurityGroupsTestJSON:test_security_groups_create_list_delete): 200 POST http://10.180.1.21/compute/v2.1/os-security-groups 0.933s
2024-12-24 14:08:25.468 66965 INFO tempest.lib.common.rest_client [req-330ee104-ef29-4e6c-9923-0b74d7ca5ac0 req-330ee104-ef29-4e6c-9923-0b74d7ca5ac0 ] Request (ServersV294TestFqdnHostnames:setUpClass): 200 GET http://10.180.1.21/compute/v2.1/servers/1ac84b7c-aff6-497f-941d-99e16550431c 0.927s
2024-12-24 14:08:25.514 66983 INFO tempest.lib.common.rest_client [req-e22f72a1-aac5-4a49-b702-02fadfe7c163 req-e22f72a1-aac5-4a49-b702-02fadfe7c163 ] Request (ServerDiskConfigTestJSON:test_rebuild_server_with_auto_disk_config): 200 GET http://10.180.1.21/compute/v2.1/servers/3b8acb23-1bed-432f-b70e-18a1301fb99c 0.812s
2024-12-24 14:08:25.521 66975 INFO tempest.lib.common.rest_client [req-e4b297dd-3758-4b03-b907-1c0843774087 req-e4b297dd-3758-4b03-b907-1c0843774087 ] Request (ServerRescueTestJSON:test_rescue_unrescue_instance): 200 GET http://10.180.1.21/compute/v2.1/servers/62cb56ca-1bc2-4d18-98d2-20d4a654d711 0.765s
2024-12-24 14:08:25.562 66953 INFO tempest.lib.common.rest_client [req-c904e885-73b5-458d-b150-45d54628015d req-c904e885-73b5-458d-b150-45d54628015d ] Request (ServersAdminNegativeTestJSON:test_migrate_server_invalid_state): 200 GET http://10.180.1.21/compute/v2.1/servers/29bb064c-f652-4672-9fe9-75a09095db39 0.746s
2024-12-24 14:08:25.577 66977 INFO tempest.lib.common.rest_client [req-d98aa70b-6ead-4491-bfbe-8e13e259e973 req-d98aa70b-6ead-4491-bfbe-8e13e259e973 ] Request (ListServersNegativeTestJSON:tearDownClass): 200 GET http://10.180.1.21/compute/v2.1/servers/4f643aab-c79e-455a-ac39-6184c11d02da 0.698s
2024-12-24 14:08:25.609 66998 INFO tempest.lib.common.rest_client [req-8955510b-e80e-446a-8685-18dfb3bba161 req-8955510b-e80e-446a-8685-18dfb3bba161 ] Request (ImagesTestJSON:test_create_image_from_suspended_server): 200 GET http://10.180.1.21/compute/v2.1/servers/30c00475-3e93-45d4-9dbf-ff6fe81b09aa 0.675s
2024-12-24 14:08:25.624 66979 INFO tempest.lib.common.rest_client [req-23ef6d2a-abe4-42c8-a905-addee68e9a98 req-23ef6d2a-abe4-42c8-a905-addee68e9a98 ] Request (ServerGroupTestJSON:test_create_server_with_scheduler_hint_group): 200 GET http://10.180.1.21/compute/v2.1/servers/26aa5363-8676-45bf-8b17-185321d4da32 0.659s
2024-12-24 14:08:25.657 66970 INFO tempest.lib.common.rest_client [req-c68f91a6-9bb4-420b-a2d5-e248ec05b73a req-c68f91a6-9bb4-420b-a2d5-e248ec05b73a ] Request (AttachVolumeTestJSON:test_attach_detach_volume): 200 GET http://10.180.1.21/compute/v2.1/servers/0cf548fd-816b-4da6-bd20-35fbc8577866 0.670s
2024-12-24 14:08:25.706 67001 INFO tempest.lib.common.rest_client [req-4caee006-e19a-44c6-839b-b0eb8765fdfd req-4caee006-e19a-44c6-839b-b0eb8765fdfd ] Request (ImagesOneServerTestJSON:setUpClass): 200 GET http://10.180.1.21/compute/v2.1/servers/92ff7c21-e2c6-4d85-aa12-e41672929eda 0.670s
2024-12-24 14:08:25.771 66989 INFO tempest.lib.common.rest_client [req-02599a2e-5b7b-4eac-959d-861c6530e46c req-02599a2e-5b7b-4eac-959d-861c6530e46c ] Request (ServersAdminTestJSON:setUpClass): 200 GET http://10.180.1.21/compute/v2.1/servers/ede9cc61-2c36-4b7a-ae64-3b67604931f0 0.678s
2024-12-24 14:08:25.870 66961 INFO tempest.lib.common.rest_client [req-f2255f39-b0a9-4791-9bd2-8bb489b1294a req-f2255f39-b0a9-4791-9bd2-8bb489b1294a ] Request (FloatingIPsAssociationNegativeTestJSON:test_associate_ip_to_server_with_floating_ip): 400 POST http://10.180.1.21/compute/v2.1/servers/f947b843-3d51-4720-9797-4c5859c4d630/action 0.848s
2024-12-24 14:08:25.901 66955 INFO tempest.lib.common.rest_client [req-3a2a2d1f-140c-4b54-be99-c0ab7ade104b req-3a2a2d1f-140c-4b54-be99-c0ab7ade104b ] Request (ListServerFiltersTestJSON:setUpClass): 200 GET http://10.180.1.21/compute/v2.1/servers/603c0515-057c-4ce7-ab37-d16b52696672 0.774s
2024-12-24 14:08:25.935 66947 INFO tempest.lib.common.rest_client [req-57a4b6c3-a88c-4f6d-b124-eb33563df481 req-57a4b6c3-a88c-4f6d-b124-eb33563df481 ] Request (ServerPasswordTestJSON:setUpClass): 200 GET http://10.180.1.21/compute/v2.1/servers/76483cc4-76b3-4436-ae4c-c88087691ec2 0.747s
2024-12-24 14:08:26.137 67007 INFO paramiko.transport [-] Connected (version 2.0, client dropbear_2020.81)
2024-12-24 14:08:26.243 67007 INFO paramiko.transport [-] Authentication (publickey) successful!
2024-12-24 14:08:26.243 67007 INFO tempest.lib.common.ssh [-] ssh connection to cirros@10.180.180.229 successfully created
2024-12-24 14:08:26.847 66959 INFO tempest.lib.common.rest_client [req-272ff3f3-dc05-4492-9fca-1e6282e339e2 req-272ff3f3-dc05-4492-9fca-1e6282e339e2 ] Request (FloatingIPsAssociationTestJSON:test_associate_disassociate_floating_ip): 202 POST http://10.180.1.21/compute/v2.1/servers/d8ea4cc3-b3be-4db6-9d55-d62a774e4e34/action 1.642s
2024-12-24 14:08:26.953 66993 INFO tempest.lib.common.rest_client [req-ff227c90-d05b-4d6c-be58-02f6d4c08098 req-ff227c90-d05b-4d6c-be58-02f6d4c08098 ] Request (SecurityGroupsTestJSON:test_security_groups_create_list_delete): 200 POST http://10.180.1.21/compute/v2.1/os-security-groups 1.493s
2024-12-24 14:08:27.006 66945 INFO tempest.lib.common.rest_client [req-54f456d2-0dcc-4723-b008-72e9bd224d40 req-54f456d2-0dcc-4723-b008-72e9bd224d40 ] Request (ServersTestJSON:test_create_specify_keypair): 200 GET http://10.180.1.21/compute/v2.1/servers/e0af3596-1be3-4674-9ce7-eb41f3ef70dd 1.414s
2024-12-24 14:08:27.054 66963 INFO tempest.lib.common.rest_client [req-83047ed1-defb-4d7d-8185-8bafa3c26000 req-83047ed1-defb-4d7d-8185-8bafa3c26000 ] Request (ServerRescueNegativeTestJSON:setUpClass): 200 GET http://10.180.1.21/compute/v2.1/servers/76cdf121-0846-4f03-bcac-a2e6ead239f0 1.375s
2024-12-24 14:08:27.113 66973 INFO tempest.lib.common.rest_client [req-9cedddad-b1e1-4ab2-b2ff-44b684a071de req-9cedddad-b1e1-4ab2-b2ff-44b684a071de ] Request (ImagesOneServerNegativeTestJSON:_run_cleanups): 200 GET http://10.180.1.21/compute/v2.1/servers/39657006-a2a1-42ff-a754-642afae84e07 1.377s
2024-12-24 14:08:27.172 66957 INFO tempest.lib.common.rest_client [req-5427bcc4-f694-4bc9-8ebc-48a9cc54bef6 req-5427bcc4-f694-4bc9-8ebc-48a9cc54bef6 ] Request (DeleteServersAdminTestJSON:test_delete_server_while_in_error_state): 200 GET http://10.180.1.21/compute/v2.1/servers/758383d9-21ae-4d18-8c5c-c9be255b12b6 1.354s
2024-12-24 14:08:27.205 66971 INFO tempest.lib.common.rest_client [req-ecb8e805-34cc-4756-8fba-3a09cc5f30e5 req-ecb8e805-34cc-4756-8fba-3a09cc5f30e5 ] Request (ListImageFiltersTestJSON:setUpClass): 200 GET http://10.180.1.21/compute/v2.1/images/772382c0-f69a-4fab-ad3e-bae396485f6c 1.350s
2024-12-24 14:08:27.503 66961 INFO tempest.lib.common.rest_client [req-3f68eafe-59a9-4c05-8623-cc0eabbea73c req-3f68eafe-59a9-4c05-8623-cc0eabbea73c ] Request (FloatingIPsAssociationNegativeTestJSON:_run_cleanups): 202 DELETE http://10.180.1.21/compute/v2.1/os-floating-ips/521f8129-6181-481e-a31d-c553b07642b4 1.632s
2024-12-24 14:08:27.583 66951 INFO tempest.lib.common.rest_client [req-8ca429a3-084b-4a11-a2ef-2d88825763ce req-8ca429a3-084b-4a11-a2ef-2d88825763ce ] Request (VolumesAdminNegativeTest:test_update_attached_volume_with_nonexistent_volume_in_body): 200 POST http://10.180.1.21/compute/v2.1/servers/09d1606b-7a4b-4475-b4c6-7ebc0d7876ae/os-volume_attachments 2.188s
2024-12-24 14:08:27.609 66951 INFO tempest.lib.common.rest_client [req-9da8c866-3a1f-415b-a896-7da32d940f6c req-9da8c866-3a1f-415b-a896-7da32d940f6c ] Request (VolumesAdminNegativeTest:test_update_attached_volume_with_nonexistent_volume_in_body): 200 GET http://10.180.1.21/volume/v3/volumes/913bc636-c37f-4fb6-bab1-cc3014745b88 0.025s
2024-12-24 14:08:27.631 67000 INFO tempest.lib.common.rest_client [req-840c1616-e30d-46ac-a54a-9d7c9970c28d req-840c1616-e30d-46ac-a54a-9d7c9970c28d ] Request (ServersWithSpecificFlavorTestJSON:test_verify_created_server_ephemeral_disk): 200 GET http://10.180.1.21/compute/v2.1/servers/d72a7ca9-c285-426b-989f-da5c540d4615 1.538s
2024-12-24 14:08:27.683 67006 INFO tempest.lib.common.rest_client [req-13e78be2-5d46-4c82-8520-b0a992f99e9c req-13e78be2-5d46-4c82-8520-b0a992f99e9c ] Request (MultipleCreateTestJSON:test_multiple_create): 200 GET http://10.180.1.21/compute/v2.1/servers/0cf30c19-40c2-4a29-9099-92507328ae81 1.473s
2024-12-24 14:08:27.728 67007 INFO tempest.lib.common.rest_client [req-2979ad55-45db-4367-99bc-e612975a2f3c req-2979ad55-45db-4367-99bc-e612975a2f3c ] Request (ServersTestJSON:test_list_servers): 200 GET http://10.180.1.21/compute/v2.1/servers 1.478s
2024-12-24 14:08:27.729 66955 INFO tempest.lib.common.rest_client [req-f0a93186-47b1-45e6-aa18-a79e3231bda0 req-f0a93186-47b1-45e6-aa18-a79e3231bda0 ] Request (ListServerFiltersTestJSON:test_list_servers_detailed_filter_by_flavor): 200 GET http://10.180.1.21/compute/v2.1/servers/detail?flavor=84 1.818s
2024-12-24 14:08:27.779 66981 INFO tempest.lib.common.rest_client [req-15969fc0-3889-4506-b95a-c29dcd4a70bc req-15969fc0-3889-4506-b95a-c29dcd4a70bc ] Request (VolumesAssistedSnapshotsTest:tearDownClass): 200 GET http://10.180.1.21/compute/v2.1/servers/f82dd739-cab2-4037-b038-400c09480dfa 1.488s
2024-12-24 14:08:27.784 66981 INFO tempest.common.waiters [-] State transition "ACTIVE/deleting" ==> "DELETED/None" after 4 second wait
2024-12-24 14:08:27.861 66949 INFO tempest.lib.common.rest_client [req-b8323e0f-9624-4498-9189-601b89c467b7 req-b8323e0f-9624-4498-9189-601b89c467b7 ] Request (MigrationsAdminTest:test_list_migrations_in_flavor_resize_situation): 200 GET http://10.180.1.21/compute/v2.1/servers/f8a7a431-66a3-4ecb-a701-5d53e24b28fa 1.529s
2024-12-24 14:08:27.867 66949 INFO tempest.common.waiters [-] State transition "VERIFY_RESIZE/None" ==> "ACTIVE/None" after 38 second wait
2024-12-24 14:08:27.868 66965 INFO tempest.lib.common.rest_client [req-865de8f6-1705-443c-ba79-0db808f12a04 req-865de8f6-1705-443c-ba79-0db808f12a04 ] Request (ServersV294TestFqdnHostnames:setUpClass): 200 GET http://10.180.1.21/compute/v2.1/servers/1ac84b7c-aff6-497f-941d-99e16550431c 1.389s
2024-12-24 14:08:27.877 66965 INFO tempest.common.waiters [-] State transition "BUILD/spawning" ==> "ACTIVE/None" after 94 second wait
2024-12-24 14:08:27.904 66983 INFO tempest.lib.common.rest_client [req-fcf0208e-b32d-4928-9201-ed38c0b980e7 req-fcf0208e-b32d-4928-9201-ed38c0b980e7 ] Request (ServerDiskConfigTestJSON:test_rebuild_server_with_auto_disk_config): 200 GET http://10.180.1.21/compute/v2.1/servers/3b8acb23-1bed-432f-b70e-18a1301fb99c 1.380s
2024-12-24 14:08:27.911 66975 INFO tempest.lib.common.rest_client [req-d923c6cf-2e11-44e1-a128-49030e51fcd9 req-d923c6cf-2e11-44e1-a128-49030e51fcd9 ] Request (ServerRescueTestJSON:test_rescue_unrescue_instance): 200 GET http://10.180.1.21/compute/v2.1/servers/62cb56ca-1bc2-4d18-98d2-20d4a654d711 1.379s
2024-12-24 14:08:27.946 66953 INFO tempest.lib.common.rest_client [req-426b0978-7c53-47ae-b7b9-2d6ae8491e01 req-426b0978-7c53-47ae-b7b9-2d6ae8491e01 ] Request (ServersAdminNegativeTestJSON:test_migrate_server_invalid_state): 200 GET http://10.180.1.21/compute/v2.1/servers/29bb064c-f652-4672-9fe9-75a09095db39 1.377s
2024-12-24 14:08:27.957 66977 INFO tempest.lib.common.rest_client [req-597e6337-c3a1-4247-b62e-56c2fd5d08b9 req-597e6337-c3a1-4247-b62e-56c2fd5d08b9 ] Request (ListServersNegativeTestJSON:tearDownClass): 200 GET http://10.180.1.21/compute/v2.1/servers/4f643aab-c79e-455a-ac39-6184c11d02da 1.373s
2024-12-24 14:08:27.997 66998 INFO tempest.lib.common.rest_client [req-9e5b9c72-8935-487d-9ff9-186dd4218ed6 req-9e5b9c72-8935-487d-9ff9-186dd4218ed6 ] Request (ImagesTestJSON:test_create_image_from_suspended_server): 200 GET http://10.180.1.21/compute/v2.1/servers/30c00475-3e93-45d4-9dbf-ff6fe81b09aa 1.382s
2024-12-24 14:08:28.006 66979 INFO tempest.lib.common.rest_client [req-88911c3b-a9c3-4dc2-bcbe-b0f3abe5922e req-88911c3b-a9c3-4dc2-bcbe-b0f3abe5922e ] Request (ServerGroupTestJSON:test_create_server_with_scheduler_hint_group): 200 GET http://10.180.1.21/compute/v2.1/servers/26aa5363-8676-45bf-8b17-185321d4da32 1.375s
2024-12-24 14:08:28.042 66970 INFO tempest.lib.common.rest_client [req-4627b9dd-e342-4b78-bf4d-43322612471e req-4627b9dd-e342-4b78-bf4d-43322612471e ] Request (AttachVolumeTestJSON:test_attach_detach_volume): 200 GET http://10.180.1.21/compute/v2.1/servers/0cf548fd-816b-4da6-bd20-35fbc8577866 1.378s
2024-12-24 14:08:28.054 67001 INFO tempest.lib.common.rest_client [req-0f194a0b-2143-4b35-b98f-b0d06e38c6ec req-0f194a0b-2143-4b35-b98f-b0d06e38c6ec ] Request (ImagesOneServerTestJSON:setUpClass): 200 GET http://10.180.1.21/compute/v2.1/servers/92ff7c21-e2c6-4d85-aa12-e41672929eda 1.339s
2024-12-24 14:08:28.090 66989 INFO tempest.lib.common.rest_client [req-47223182-9f21-418f-b626-cedc17be3e1e req-47223182-9f21-418f-b626-cedc17be3e1e ] Request (ServersAdminTestJSON:setUpClass): 200 GET http://10.180.1.21/compute/v2.1/servers/ede9cc61-2c36-4b7a-ae64-3b67604931f0 1.311s
2024-12-24 14:08:28.126 66959 INFO tempest.lib.common.rest_client [req-8352c108-9d49-4fb2-9538-be9317ab4322 req-8352c108-9d49-4fb2-9538-be9317ab4322 ] Request (FloatingIPsAssociationTestJSON:tearDownClass): 204 DELETE http://10.180.1.21/compute/v2.1/servers/45bf79c4-2f13-4989-846d-0db27325bef3 1.278s
2024-12-24 14:08:28.136 66947 INFO tempest.lib.common.rest_client [req-9d9d0f84-bb71-4a86-ba10-1fa7e77b4998 req-9d9d0f84-bb71-4a86-ba10-1fa7e77b4998 ] Request (ServerPasswordTestJSON:setUpClass): 200 GET http://10.180.1.21/compute/v2.1/servers/76483cc4-76b3-4436-ae4c-c88087691ec2 1.189s
2024-12-24 14:08:28.171 66971 INFO tempest.lib.common.rest_client [req-cc2f60b9-48e7-4470-a5a2-5cff6e8c7949 req-cc2f60b9-48e7-4470-a5a2-5cff6e8c7949 ] Request (ListImageFiltersTestJSON:setUpClass): 200 GET http://10.180.1.21/compute/v2.1/images/772382c0-f69a-4fab-ad3e-bae396485f6c 0.962s
2024-12-24 14:08:28.206 66985 WARNING tempest.lib.common.ssh [-] Failed to establish authenticated ssh connection to cirros@10.180.180.136 ([Errno None] Unable to connect to port 22 on 10.180.180.136). Number attempts: 1. Retry after 2 seconds.: paramiko.ssh_exception.NoValidConnectionsError: [Errno None] Unable to connect to port 22 on 10.180.180.136
2024-12-24 14:08:28.221 66993 INFO tempest.lib.common.rest_client [req-22e6a5e5-25cc-44de-a28c-2534a926d39b req-22e6a5e5-25cc-44de-a28c-2534a926d39b ] Request (SecurityGroupsTestJSON:test_security_groups_create_list_delete): 200 GET http://10.180.1.21/compute/v2.1/os-security-groups 1.266s
2024-12-24 14:08:28.378 67007 INFO tempest.lib.common.rest_client [req-347175e1-b26c-40e7-b41f-505ac6ada0d7 req-347175e1-b26c-40e7-b41f-505ac6ada0d7 ] Request (ServersTestJSON:test_list_servers_with_detail): 200 GET http://10.180.1.21/compute/v2.1/servers/detail 0.648s
2024-12-24 14:08:28.552 66955 INFO tempest.lib.common.rest_client [req-97a69ffc-60f6-4d0c-be39-801411ffec61 req-97a69ffc-60f6-4d0c-be39-801411ffec61 ] Request (ListServerFiltersTestJSON:test_list_servers_detailed_filter_by_server_name): 200 GET http://10.180.1.21/compute/v2.1/servers/detail?name=tempest-ListServerFiltersTestJSON-instance-1826563136 0.814s
2024-12-24 14:08:28.640 66951 INFO tempest.lib.common.rest_client [req-919cfc87-d6a1-4a21-ad6e-54f172eca53b req-919cfc87-d6a1-4a21-ad6e-54f172eca53b ] Request (VolumesAdminNegativeTest:test_update_attached_volume_with_nonexistent_volume_in_body): 200 GET http://10.180.1.21/volume/v3/volumes/913bc636-c37f-4fb6-bab1-cc3014745b88 0.025s
2024-12-24 14:08:28.656 66949 INFO tempest.lib.common.rest_client [req-0165fbc6-74ec-4fee-8b44-db0f3908983e req-0165fbc6-74ec-4fee-8b44-db0f3908983e ] Request (MigrationsAdminTest:test_list_migrations_in_flavor_resize_situation): 200 GET http://10.180.1.21/compute/v2.1/servers/f8a7a431-66a3-4ecb-a701-5d53e24b28fa 0.789s
2024-12-24 14:08:28.734 66965 INFO tempest.lib.common.rest_client [req-d8e38298-0914-4e7f-8d89-58be1d4f3a2f req-d8e38298-0914-4e7f-8d89-58be1d4f3a2f ] Request (ServersV294TestFqdnHostnames:setUpClass): 200 GET http://10.180.1.21/compute/v2.1/servers/1ac84b7c-aff6-497f-941d-99e16550431c/os-interface 0.857s
2024-12-24 14:08:28.805 66945 INFO tempest.lib.common.rest_client [req-851a1256-7595-4b7d-a8a5-d6838cdf6642 req-851a1256-7595-4b7d-a8a5-d6838cdf6642 ] Request (ServersTestJSON:test_create_specify_keypair): 200 GET http://10.180.1.21/compute/v2.1/servers/e0af3596-1be3-4674-9ce7-eb41f3ef70dd 0.792s
2024-12-24 14:08:28.870 66963 INFO tempest.lib.common.rest_client [req-4a4dca5f-c7a9-4157-bc0d-e76066df87b5 req-4a4dca5f-c7a9-4157-bc0d-e76066df87b5 ] Request (ServerRescueNegativeTestJSON:setUpClass): 200 GET http://10.180.1.21/compute/v2.1/servers/76cdf121-0846-4f03-bcac-a2e6ead239f0 0.808s
2024-12-24 14:08:28.941 66973 INFO tempest.lib.common.rest_client [req-d3892743-af3a-4894-8040-d1afb449f24e req-d3892743-af3a-4894-8040-d1afb449f24e ] Request (ImagesOneServerNegativeTestJSON:_run_cleanups): 200 GET http://10.180.1.21/compute/v2.1/servers/39657006-a2a1-42ff-a754-642afae84e07 0.820s
2024-12-24 14:08:29.024 66959 INFO tempest.lib.common.rest_client [req-00457fb0-e80f-4553-b23a-a2f438712343 req-00457fb0-e80f-4553-b23a-a2f438712343 ] Request (FloatingIPsAssociationTestJSON:tearDownClass): 200 GET http://10.180.1.21/compute/v2.1/servers/45bf79c4-2f13-4989-846d-0db27325bef3 0.897s
2024-12-24 14:08:29.043 66961 INFO tempest.lib.common.rest_client [req-b82bed66-8f13-4c8b-a273-204c3ad33d6b req-b82bed66-8f13-4c8b-a273-204c3ad33d6b ] Request (FloatingIPsAssociationNegativeTestJSON:_run_cleanups): 202 POST http://10.180.1.21/compute/v2.1/servers/f947b843-3d51-4720-9797-4c5859c4d630/action 1.540s
2024-12-24 14:08:29.140 66957 INFO tempest.lib.common.rest_client [req-3dda8631-eb8c-4457-bb50-75a4ace0b400 req-3dda8631-eb8c-4457-bb50-75a4ace0b400 ] Request (DeleteServersAdminTestJSON:test_delete_server_while_in_error_state): 200 GET http://10.180.1.21/compute/v2.1/servers/758383d9-21ae-4d18-8c5c-c9be255b12b6 0.960s
2024-12-24 14:08:29.159 67003 INFO paramiko.transport [-] Connected (version 2.0, client dropbear_2020.81)
2024-12-24 14:08:29.214 66971 INFO tempest.lib.common.rest_client [req-f99f3d29-97f4-4151-b5ac-9bf2bfe4f97e req-f99f3d29-97f4-4151-b5ac-9bf2bfe4f97e ] Request (ListImageFiltersTestJSON:setUpClass): 200 GET http://10.180.1.21/compute/v2.1/servers/d1b86b3a-9da3-4492-9d28-ffff456fcd2a 1.039s
2024-12-24 14:08:29.228 67007 INFO tempest.lib.common.rest_client [req-3ac90776-6acc-456c-9d09-7da3753a72c2 req-3ac90776-6acc-456c-9d09-7da3753a72c2 ] Request (ServersTestJSON:test_verify_created_server_vcpus): 200 GET http://10.180.1.21/compute/v2.1/flavors/42 0.842s
2024-12-24 14:08:29.232 67007 INFO tempest.lib.common.ssh [-] Creating ssh connection to '10.180.180.229:22' as 'cirros' with public key authentication
2024-12-24 14:08:29.235 67007 INFO paramiko.transport [-] Connected (version 2.0, client dropbear_2020.81)
2024-12-24 14:08:29.263 67003 INFO paramiko.transport [-] Authentication (publickey) successful!
2024-12-24 14:08:29.264 67003 INFO tempest.lib.common.ssh [-] ssh connection to cirros@10.180.180.206 successfully created
2024-12-24 14:08:29.264 66993 INFO tempest.lib.common.rest_client [req-935a0f65-8871-4354-bbf5-96731ddf58aa req-935a0f65-8871-4354-bbf5-96731ddf58aa ] Request (SecurityGroupsTestJSON:test_security_groups_create_list_delete): 202 DELETE http://10.180.1.21/compute/v2.1/os-security-groups/c42f81ff-55a2-4768-b38f-983b0b8c14b6 1.040s
2024-12-24 14:08:29.323 67000 INFO tempest.lib.common.rest_client [req-79eadde3-513e-4f7d-9d4d-182c5e5cd375 req-79eadde3-513e-4f7d-9d4d-182c5e5cd375 ] Request (ServersWithSpecificFlavorTestJSON:test_verify_created_server_ephemeral_disk): 200 GET http://10.180.1.21/compute/v2.1/servers/d72a7ca9-c285-426b-989f-da5c540d4615 0.685s
2024-12-24 14:08:29.338 67007 INFO paramiko.transport [-] Authentication (publickey) successful!
2024-12-24 14:08:29.338 67007 INFO tempest.lib.common.ssh [-] ssh connection to cirros@10.180.180.229 successfully created
2024-12-24 14:08:29.368 66949 INFO tempest.lib.common.rest_client [req-65c08fe0-68ba-430e-8116-cbe101df5ced req-65c08fe0-68ba-430e-8116-cbe101df5ced ] Request (MigrationsAdminTest:test_list_migrations_in_flavor_resize_situation): 200 POST http://10.180.1.21/compute/v2.1/os-keypairs 0.702s
2024-12-24 14:08:29.432 67006 INFO tempest.lib.common.rest_client [req-d7a250f8-4f2a-4168-931c-9fa4756fc0a9 req-d7a250f8-4f2a-4168-931c-9fa4756fc0a9 ] Request (MultipleCreateTestJSON:test_multiple_create): 200 GET http://10.180.1.21/compute/v2.1/servers/0cf30c19-40c2-4a29-9099-92507328ae81 0.741s
2024-12-24 14:08:29.511 66981 INFO tempest.lib.common.rest_client [req-c8ba7311-7962-420e-b881-1ae260964695 req-c8ba7311-7962-420e-b881-1ae260964695 ] Request (VolumesAssistedSnapshotsTest:tearDownClass): 200 GET http://10.180.1.21/compute/v2.1/servers/f82dd739-cab2-4037-b038-400c09480dfa 0.724s
2024-12-24 14:08:29.528 66955 INFO tempest.lib.common.rest_client [req-871102a6-e950-427e-9ec1-f85049a8c7ab req-871102a6-e950-427e-9ec1-f85049a8c7ab ] Request (ListServerFiltersTestJSON:test_list_servers_detailed_filter_by_server_status): 200 GET http://10.180.1.21/compute/v2.1/servers/detail?status=active 0.965s
2024-12-24 14:08:29.584 66949 INFO tempest.lib.common.rest_client [req-eb747e6a-c8f3-462a-bff1-1c10bdf89613 req-eb747e6a-c8f3-462a-bff1-1c10bdf89613 ] Request (MigrationsAdminTest:test_list_migrations_in_flavor_resize_situation): 201 POST http://10.180.1.21:9696/networking/v2.0/security-groups 0.213s
2024-12-24 14:08:29.586 66983 INFO tempest.lib.common.rest_client [req-56e7bf25-8f90-4ded-b90a-78ee0b70e9a1 req-56e7bf25-8f90-4ded-b90a-78ee0b70e9a1 ] Request (ServerDiskConfigTestJSON:test_rebuild_server_with_auto_disk_config): 200 GET http://10.180.1.21/compute/v2.1/servers/3b8acb23-1bed-432f-b70e-18a1301fb99c 0.672s
2024-12-24 14:08:29.610 66975 INFO tempest.lib.common.rest_client [req-a449a3b0-bf2c-43a6-8060-3e0927489c0e req-a449a3b0-bf2c-43a6-8060-3e0927489c0e ] Request (ServerRescueTestJSON:test_rescue_unrescue_instance): 200 GET http://10.180.1.21/compute/v2.1/servers/62cb56ca-1bc2-4d18-98d2-20d4a654d711 0.689s
2024-12-24 14:08:29.671 66953 INFO tempest.lib.common.rest_client [req-6564d75c-fc58-4dbd-bd8b-7f81ee9d8b9a req-6564d75c-fc58-4dbd-bd8b-7f81ee9d8b9a ] Request (ServersAdminNegativeTestJSON:test_migrate_server_invalid_state): 200 GET http://10.180.1.21/compute/v2.1/servers/29bb064c-f652-4672-9fe9-75a09095db39 0.718s
2024-12-24 14:08:29.677 66953 INFO tempest.common.waiters [-] State transition "BUILD/scheduling" ==> "BUILD/None" after 73 second wait
2024-12-24 14:08:29.694 66965 INFO tempest.lib.common.rest_client [req-affa9cff-9bb8-4510-9937-33b750e5893e req-affa9cff-9bb8-4510-9937-33b750e5893e ] Request (ServersV294TestFqdnHostnames:setUpClass): 200 PUT http://10.180.1.21:9696/networking/v2.0/floatingips/f91dab77-cf61-4341-a13a-82d9240567c7 0.957s
2024-12-24 14:08:29.695 66977 INFO tempest.lib.common.rest_client [req-abf89ca9-c931-4c66-8de3-5f87a53e76b8 req-abf89ca9-c931-4c66-8de3-5f87a53e76b8 ] Request (ListServersNegativeTestJSON:tearDownClass): 200 GET http://10.180.1.21/compute/v2.1/servers/4f643aab-c79e-455a-ac39-6184c11d02da 0.731s
2024-12-24 14:08:29.708 66951 INFO tempest.lib.common.rest_client [req-bc8e7a35-6a49-4e11-888d-f3da681ae324 req-bc8e7a35-6a49-4e11-888d-f3da681ae324 ] Request (VolumesAdminNegativeTest:test_update_attached_volume_with_nonexistent_volume_in_body): 200 GET http://10.180.1.21/volume/v3/volumes/913bc636-c37f-4fb6-bab1-cc3014745b88 0.059s
2024-12-24 14:08:29.770 66998 INFO tempest.lib.common.rest_client [req-606e12f6-b412-4573-a4a2-0d03a81b3b27 req-606e12f6-b412-4573-a4a2-0d03a81b3b27 ] Request (ImagesTestJSON:test_create_image_from_suspended_server): 200 GET http://10.180.1.21/compute/v2.1/servers/30c00475-3e93-45d4-9dbf-ff6fe81b09aa 0.765s
2024-12-24 14:08:29.816 66949 INFO tempest.lib.common.rest_client [req-6597fc3d-fd12-4ce2-8448-411b785dafaa req-6597fc3d-fd12-4ce2-8448-411b785dafaa ] Request (MigrationsAdminTest:test_list_migrations_in_flavor_resize_situation): 201 POST http://10.180.1.21:9696/networking/v2.0/security-group-rules 0.232s
2024-12-24 14:08:29.942 66979 INFO tempest.lib.common.rest_client [req-a4cccce7-41d0-49dd-ab2c-33f0573f031b req-a4cccce7-41d0-49dd-ab2c-33f0573f031b ] Request (ServerGroupTestJSON:test_create_server_with_scheduler_hint_group): 200 GET http://10.180.1.21/compute/v2.1/servers/26aa5363-8676-45bf-8b17-185321d4da32 0.927s
2024-12-24 14:08:29.987 66970 INFO tempest.lib.common.rest_client [req-84c1cb2b-b81e-41af-886a-63b11d47d794 req-84c1cb2b-b81e-41af-886a-63b11d47d794 ] Request (AttachVolumeTestJSON:test_attach_detach_volume): 200 GET http://10.180.1.21/compute/v2.1/servers/0cf548fd-816b-4da6-bd20-35fbc8577866 0.939s
2024-12-24 14:08:30.060 66949 INFO tempest.lib.common.rest_client [req-62536b81-6e05-4b66-96a6-6fa7fce234c6 req-62536b81-6e05-4b66-96a6-6fa7fce234c6 ] Request (MigrationsAdminTest:test_list_migrations_in_flavor_resize_situation): 201 POST http://10.180.1.21:9696/networking/v2.0/security-group-rules 0.243s
2024-12-24 14:08:30.142 67001 INFO tempest.lib.common.rest_client [req-e7e0c331-0ad1-4120-aae4-94fd81e413a1 req-e7e0c331-0ad1-4120-aae4-94fd81e413a1 ] Request (ImagesOneServerTestJSON:setUpClass): 200 GET http://10.180.1.21/compute/v2.1/servers/92ff7c21-e2c6-4d85-aa12-e41672929eda 1.081s
2024-12-24 14:08:30.148 67001 INFO tempest.common.waiters [-] State transition "BUILD/None" ==> "BUILD/spawning" after 94 second wait
2024-12-24 14:08:30.222 66989 INFO tempest.lib.common.rest_client [req-9bf73387-9e16-464f-a818-8f398e3e6b1f req-9bf73387-9e16-464f-a818-8f398e3e6b1f ] Request (ServersAdminTestJSON:setUpClass): 200 GET http://10.180.1.21/compute/v2.1/servers/ede9cc61-2c36-4b7a-ae64-3b67604931f0 1.124s
