2024-12-24 14:07:13.849 66979 INFO tempest.lib.common.rest_client [req-b8f5a1eb-8987-44fc-8105-608ba2af5e43 req-b8f5a1eb-8987-44fc-8105-608ba2af5e43 ] Request (ServerGroupTestJSON:test_create_server_with_scheduler_hint_group): 200 GET http://10.180.1.21/compute/v2.1/servers/26aa5363-8676-45bf-8b17-185321d4da32 0.050s
2024-12-24 14:07:13.911 66977 INFO tempest.lib.common.rest_client [req-8ecd3186-de5a-4133-926f-9666ef2c1ae2 req-8ecd3186-de5a-4133-926f-9666ef2c1ae2 ] Request (ListServersNegativeTestJSON:setUpClass): 200 GET http://10.180.1.21/compute/v2.1/servers/4f643aab-c79e-455a-ac39-6184c11d02da 0.171s
2024-12-24 14:07:13.952 66953 INFO tempest.lib.common.rest_client [req-0699c182-7651-4775-b326-9b46ebdbeddf req-0699c182-7651-4775-b326-9b46ebdbeddf ] Request (ServersAdminNegativeTestJSON:setUpClass): 200 GET http://10.180.1.21/compute/v2.1/servers/fdba39e2-1d58-49e5-98b1-a8856d41ea3a 0.127s
2024-12-24 14:07:13.960 66945 INFO tempest.lib.common.rest_client [req-784d68e5-1105-4a47-a80b-bd1c8fe99424 req-784d68e5-1105-4a47-a80b-bd1c8fe99424 ] Request (ServersTestJSON:test_create_server_with_ipv6_addr_only): 200 GET http://10.180.1.21/compute/v2.1/servers/a00a34e1-196f-4773-8073-ce917d48651b 0.100s
2024-12-24 14:07:14.007 66965 INFO tempest.lib.common.rest_client [req-ac3977e4-67e3-45f0-8080-6d664276d574 req-ac3977e4-67e3-45f0-8080-6d664276d574 ] Request (ServersV294TestFqdnHostnames:setUpClass): 200 GET http://10.180.1.21/compute/v2.1/servers/1ac84b7c-aff6-497f-941d-99e16550431c 0.101s
2024-12-24 14:07:14.009 67001 INFO tempest.lib.common.rest_client [req-3811caf4-5e54-4b98-a370-952746b6fb35 req-3811caf4-5e54-4b98-a370-952746b6fb35 ] Request (ImagesOneServerTestJSON:setUpClass): 200 GET http://10.180.1.21/compute/v2.1/servers/92ff7c21-e2c6-4d85-aa12-e41672929eda 0.089s
2024-12-24 14:07:14.049 66963 INFO tempest.lib.common.rest_client [req-5e945263-9800-4c98-9897-70e1c2d2f901 req-5e945263-9800-4c98-9897-70e1c2d2f901 ] Request (ServerRescueNegativeTestJSON:setUpClass): 200 GET http://10.180.1.21/compute/v2.1/servers/76cdf121-0846-4f03-bcac-a2e6ead239f0 0.071s
2024-12-24 14:07:14.080 66998 INFO tempest.lib.common.rest_client [req-9ccb280c-4cd4-4c59-b0d8-71e9983ec764 req-9ccb280c-4cd4-4c59-b0d8-71e9983ec764 ] Request (ImagesTestJSON:test_create_image_from_suspended_server): 200 GET http://10.180.1.21/compute/v2.1/servers/30c00475-3e93-45d4-9dbf-ff6fe81b09aa 0.049s
2024-12-24 14:07:14.138 66989 INFO tempest.lib.common.rest_client [req-d82c2815-822f-49ab-872e-0cf3b9ec9fb9 req-d82c2815-822f-49ab-872e-0cf3b9ec9fb9 ] Request (ServersAdminTestJSON:setUpClass): 200 GET http://10.180.1.21/compute/v2.1/servers/ede9cc61-2c36-4b7a-ae64-3b67604931f0 0.048s
2024-12-24 14:07:14.185 66975 INFO tempest.lib.common.rest_client [req-b5ee69cb-97cf-4093-b247-3e68d13c46e5 req-b5ee69cb-97cf-4093-b247-3e68d13c46e5 ] Request (ServerRescueTestJSON:setUpClass): 200 GET http://10.180.1.21/compute/v2.1/servers/556a65af-889d-4150-bd0d-2822964227e4 0.126s
2024-12-24 14:07:14.206 67006 INFO tempest.lib.common.rest_client [req-0c9f5d02-7587-417f-b186-15398ed6e873 req-0c9f5d02-7587-417f-b186-15398ed6e873 ] Request (ServerDiagnosticsV248Test:test_get_server_diagnostics): 200 GET http://10.180.1.21/compute/v2.1/servers/89553d85-1b06-45e3-b3d1-24a869612b8a 0.080s
2024-12-24 14:07:14.230 66993 INFO tempest.lib.common.rest_client [req-e7387cd5-1aea-4da5-82dc-bb4089692c92 req-e7387cd5-1aea-4da5-82dc-bb4089692c92 ] Request (SecurityGroupsTestJSON:test_list_security_groups_by_server): 200 GET http://10.180.1.21/compute/v2.1/servers/e33ac3cc-493e-4d11-9f4d-7984e56d3d7c 0.079s
2024-12-24 14:07:14.256 66995 INFO tempest.lib.common.rest_client [req-7e524dc4-4aeb-4420-ae9c-d69c8246e211 req-7e524dc4-4aeb-4420-ae9c-d69c8246e211 ] Request (ServerDiagnosticsTest:tearDownClass): 200 GET http://10.180.1.21/compute/v2.1/servers/2c3e5eec-54fd-4e4b-b441-5cc7fe5a33b4 0.063s
2024-12-24 14:07:14.277 66973 INFO tempest.lib.common.rest_client [req-a4d82b72-4c81-40de-ad97-d543942f954c req-a4d82b72-4c81-40de-ad97-d543942f954c ] Request (ImagesOneServerNegativeTestJSON:_run_cleanups): 200 GET http://10.180.1.21/compute/v2.1/servers/bf6f1480-abc9-4028-beaa-75f271edd36a 0.059s
2024-12-24 14:07:14.286 67007 WARNING tempest.lib.common.ssh [-] Failed to establish authenticated ssh connection to cirros@10.180.180.229 ([Errno None] Unable to connect to port 22 on 10.180.180.229). Number attempts: 4. Retry after 5 seconds.: paramiko.ssh_exception.NoValidConnectionsError: [Errno None] Unable to connect to port 22 on 10.180.180.229
2024-12-24 14:07:14.316 66947 INFO tempest.lib.common.rest_client [req-4b00d79a-622b-41b6-b8f9-fece5fd9dd1e req-4b00d79a-622b-41b6-b8f9-fece5fd9dd1e ] Request (ServersAdmin275Test:tearDownClass): 200 GET http://10.180.1.21/compute/v2.1/servers/1641f8a7-84ff-4c9a-b612-923c20d6526e 0.054s
2024-12-24 14:07:14.319 66961 INFO tempest.lib.common.rest_client [req-f9b5c164-1f54-4913-bc07-7a703354e35e req-f9b5c164-1f54-4913-bc07-7a703354e35e ] Request (FloatingIPsAssociationNegativeTestJSON:setUpClass): 200 GET http://10.180.1.21/compute/v2.1/servers/f947b843-3d51-4720-9797-4c5859c4d630 0.050s
2024-12-24 14:07:14.361 66957 INFO tempest.lib.common.rest_client [req-1b0e7e69-58f2-48b5-a8a6-2a668f0ead57 req-1b0e7e69-58f2-48b5-a8a6-2a668f0ead57 ] Request (DeleteServersAdminTestJSON:test_delete_server_while_in_error_state): 200 GET http://10.180.1.21/compute/v2.1/servers/758383d9-21ae-4d18-8c5c-c9be255b12b6 0.051s
2024-12-24 14:07:14.369 66971 INFO tempest.lib.common.rest_client [req-cf6f3be9-426c-438e-a6ef-e1282730ce03 req-cf6f3be9-426c-438e-a6ef-e1282730ce03 ] Request (ListImageFiltersTestJSON:setUpClass): 200 GET http://10.180.1.21/compute/v2.1/servers/eee0885a-ab69-431c-ab0b-3c4ce5067305 0.045s
2024-12-24 14:07:14.404 66983 INFO tempest.lib.common.rest_client [req-6865b3cd-bf86-4911-ac64-8b0201d21190 req-6865b3cd-bf86-4911-ac64-8b0201d21190 ] Request (ServerDiskConfigTestJSON:test_rebuild_server_with_auto_disk_config): 200 GET http://10.180.1.21/compute/v2.1/servers/3b8acb23-1bed-432f-b70e-18a1301fb99c 0.050s
2024-12-24 14:07:14.447 66985 INFO tempest.lib.common.rest_client [req-954812c9-0091-425d-9fb1-ee629961b2d9 req-954812c9-0091-425d-9fb1-ee629961b2d9 ] Request (ServersTestBootFromVolume:setUpClass): 200 GET http://10.180.1.21/compute/v2.1/servers/ab653e12-3d2f-45ee-a3bc-13b670f26e75 0.046s
2024-12-24 14:07:14.565 66949 INFO tempest.lib.common.rest_client [req-f103651e-bab8-4e58-97c4-925db0c30731 req-f103651e-bab8-4e58-97c4-925db0c30731 ] Request (MigrationsAdminTest:test_list_migrations_in_flavor_resize_situation): 200 GET http://10.180.1.21/compute/v2.1/servers/f8a7a431-66a3-4ecb-a701-5d53e24b28fa 0.100s
2024-12-24 14:07:14.616 66955 INFO tempest.lib.common.rest_client [req-01826123-4417-4fb8-af7a-748a8e94a9d2 req-01826123-4417-4fb8-af7a-748a8e94a9d2 ] Request (ListServerFiltersTestJSON:setUpClass): 200 GET http://10.180.1.21/compute/v2.1/servers/c2657800-ac10-4f71-bf86-2b5b95c65a06 0.049s
2024-12-24 14:07:14.651 66951 INFO tempest.lib.common.rest_client [req-150cfd42-6655-4e75-a9cd-1356d2e01db1 req-150cfd42-6655-4e75-a9cd-1356d2e01db1 ] Request (VolumesAdminNegativeTest:test_update_attached_volume_with_nonexistent_volume_in_body): 200 GET http://10.180.1.21/compute/v2.1/servers/09d1606b-7a4b-4475-b4c6-7ebc0d7876ae 0.047s
2024-12-24 14:07:14.667 66959 INFO tempest.lib.common.rest_client [req-fc0ac776-f92e-40c2-86ac-7ee0bed34d5a req-fc0ac776-f92e-40c2-86ac-7ee0bed34d5a ] Request (FloatingIPsAssociationTestJSON:test_associate_already_associated_floating_ip): 200 GET http://10.180.1.21/compute/v2.1/servers/45bf79c4-2f13-4989-846d-0db27325bef3 0.047s
2024-12-24 14:07:14.743 66970 INFO tempest.lib.common.rest_client [req-0beeb85c-80f0-4616-9d74-78d2ce85ae90 req-0beeb85c-80f0-4616-9d74-78d2ce85ae90 ] Request (AttachVolumeTestJSON:test_attach_detach_volume): 200 GET http://10.180.1.21/compute/v2.1/servers/0cf548fd-816b-4da6-bd20-35fbc8577866 0.053s
2024-12-24 14:07:14.905 66979 INFO tempest.lib.common.rest_client [req-d4941586-55af-4151-a23b-8cadf9f50bc3 req-d4941586-55af-4151-a23b-8cadf9f50bc3 ] Request (ServerGroupTestJSON:test_create_server_with_scheduler_hint_group): 200 GET http://10.180.1.21/compute/v2.1/servers/26aa5363-8676-45bf-8b17-185321d4da32 0.048s
2024-12-24 14:07:15.012 66977 INFO tempest.lib.common.rest_client [req-0ccfa806-c299-49d2-a36c-011aa133a2c6 req-0ccfa806-c299-49d2-a36c-011aa133a2c6 ] Request (ListServersNegativeTestJSON:setUpClass): 200 GET http://10.180.1.21/compute/v2.1/servers/4f643aab-c79e-455a-ac39-6184c11d02da 0.094s
2024-12-24 14:07:15.019 66977 INFO tempest.common.waiters [-] State transition "BUILD/spawning" ==> "ACTIVE/None" after 4 second wait
2024-12-24 14:07:15.052 66953 INFO tempest.lib.common.rest_client [req-aab940b2-76a5-47b1-a266-a0b0af00d270 req-aab940b2-76a5-47b1-a266-a0b0af00d270 ] Request (ServersAdminNegativeTestJSON:setUpClass): 200 GET http://10.180.1.21/compute/v2.1/servers/fdba39e2-1d58-49e5-98b1-a8856d41ea3a 0.092s
2024-12-24 14:07:15.062 66945 INFO tempest.lib.common.rest_client [req-0fb715d7-2277-4217-86c9-18d86b5c03ff req-0fb715d7-2277-4217-86c9-18d86b5c03ff ] Request (ServersTestJSON:test_create_server_with_ipv6_addr_only): 200 GET http://10.180.1.21/compute/v2.1/servers/a00a34e1-196f-4773-8073-ce917d48651b 0.095s
2024-12-24 14:07:15.102 66965 INFO tempest.lib.common.rest_client [req-4de85f45-4213-45b4-9e20-4e5705ca6600 req-4de85f45-4213-45b4-9e20-4e5705ca6600 ] Request (ServersV294TestFqdnHostnames:setUpClass): 200 GET http://10.180.1.21/compute/v2.1/servers/1ac84b7c-aff6-497f-941d-99e16550431c 0.087s
2024-12-24 14:07:15.146 67001 INFO tempest.lib.common.rest_client [req-424edf58-08db-4ea4-86de-5477a44f9bfa req-424edf58-08db-4ea4-86de-5477a44f9bfa ] Request (ImagesOneServerTestJSON:setUpClass): 200 GET http://10.180.1.21/compute/v2.1/servers/92ff7c21-e2c6-4d85-aa12-e41672929eda 0.126s
2024-12-24 14:07:15.152 66977 INFO tempest.lib.common.rest_client [req-9705497d-30a6-4903-84c7-815a8c689c93 req-9705497d-30a6-4903-84c7-815a8c689c93 ] Request (ListServersNegativeTestJSON:setUpClass): 200 GET http://10.180.1.21/compute/v2.1/servers/85b148aa-ff47-40bd-ac92-c1062306a185 0.133s
2024-12-24 14:07:15.195 66963 INFO tempest.lib.common.rest_client [req-a8737c5c-3a52-4383-a437-2fd5dc6036be req-a8737c5c-3a52-4383-a437-2fd5dc6036be ] Request (ServerRescueNegativeTestJSON:setUpClass): 200 GET http://10.180.1.21/compute/v2.1/servers/76cdf121-0846-4f03-bcac-a2e6ead239f0 0.139s
2024-12-24 14:07:15.203 66998 INFO tempest.lib.common.rest_client [req-266748de-a587-4949-996f-9e6676d344f8 req-266748de-a587-4949-996f-9e6676d344f8 ] Request (ImagesTestJSON:test_create_image_from_suspended_server): 200 GET http://10.180.1.21/compute/v2.1/servers/30c00475-3e93-45d4-9dbf-ff6fe81b09aa 0.116s
2024-12-24 14:07:15.242 66989 INFO tempest.lib.common.rest_client [req-c6e23a25-c17b-4c6d-9e99-85d1cb4cf9dc req-c6e23a25-c17b-4c6d-9e99-85d1cb4cf9dc ] Request (ServersAdminTestJSON:setUpClass): 200 GET http://10.180.1.21/compute/v2.1/servers/ede9cc61-2c36-4b7a-ae64-3b67604931f0 0.096s
2024-12-24 14:07:15.267 66977 INFO tempest.lib.common.rest_client [req-f3c5ae92-df04-4a9a-9dff-3dc0403fd292 req-f3c5ae92-df04-4a9a-9dff-3dc0403fd292 ] Request (ListServersNegativeTestJSON:setUpClass): 204 DELETE http://10.180.1.21/compute/v2.1/servers/85b148aa-ff47-40bd-ac92-c1062306a185 0.109s
2024-12-24 14:07:15.321 67006 INFO tempest.lib.common.rest_client [req-c8350963-acac-4b12-985c-d77c6bb6861b req-c8350963-acac-4b12-985c-d77c6bb6861b ] Request (ServerDiagnosticsV248Test:test_get_server_diagnostics): 200 GET http://10.180.1.21/compute/v2.1/servers/89553d85-1b06-45e3-b3d1-24a869612b8a 0.106s
2024-12-24 14:07:15.329 67006 INFO tempest.common.waiters [-] State transition "BUILD/None" ==> "BUILD/block_device_mapping" after 44 second wait
2024-12-24 14:07:15.340 66975 INFO tempest.lib.common.rest_client [req-8c5d5c39-881e-4136-ae38-3dcf459bb95e req-8c5d5c39-881e-4136-ae38-3dcf459bb95e ] Request (ServerRescueTestJSON:setUpClass): 200 GET http://10.180.1.21/compute/v2.1/servers/556a65af-889d-4150-bd0d-2822964227e4 0.149s
2024-12-24 14:07:15.367 66993 INFO tempest.lib.common.rest_client [req-d29042e7-8a46-455d-8d37-7be481846618 req-d29042e7-8a46-455d-8d37-7be481846618 ] Request (SecurityGroupsTestJSON:test_list_security_groups_by_server): 200 GET http://10.180.1.21/compute/v2.1/servers/e33ac3cc-493e-4d11-9f4d-7984e56d3d7c 0.130s
2024-12-24 14:07:15.394 66995 INFO tempest.lib.common.rest_client [req-b7ef6c95-f8e9-4671-ae85-b7c789a55d26 req-b7ef6c95-f8e9-4671-ae85-b7c789a55d26 ] Request (ServerDiagnosticsTest:tearDownClass): 200 GET http://10.180.1.21/compute/v2.1/servers/2c3e5eec-54fd-4e4b-b441-5cc7fe5a33b4 0.130s
2024-12-24 14:07:15.447 66973 INFO tempest.lib.common.rest_client [req-e4116b89-9e9d-4036-b03f-11cf67c8c608 req-e4116b89-9e9d-4036-b03f-11cf67c8c608 ] Request (ImagesOneServerNegativeTestJSON:_run_cleanups): 200 GET http://10.180.1.21/compute/v2.1/servers/bf6f1480-abc9-4028-beaa-75f271edd36a 0.164s
2024-12-24 14:07:15.460 66977 INFO tempest.lib.common.rest_client [req-ae0e98d4-7c3f-45ba-bb4b-12feece8d4ee req-ae0e98d4-7c3f-45ba-bb4b-12feece8d4ee ] Request (ListServersNegativeTestJSON:setUpClass): 200 GET http://10.180.1.21/compute/v2.1/servers/85b148aa-ff47-40bd-ac92-c1062306a185 0.192s
2024-12-24 14:07:15.502 66947 INFO tempest.lib.common.rest_client [req-7ee7488f-6a0b-414c-869e-857c0f29d48b req-7ee7488f-6a0b-414c-869e-857c0f29d48b ] Request (ServersAdmin275Test:tearDownClass): 200 GET http://10.180.1.21/compute/v2.1/servers/1641f8a7-84ff-4c9a-b612-923c20d6526e 0.178s
2024-12-24 14:07:15.504 66961 INFO tempest.lib.common.rest_client [req-885ab04e-16d7-4183-95ff-7b31673f03e6 req-885ab04e-16d7-4183-95ff-7b31673f03e6 ] Request (FloatingIPsAssociationNegativeTestJSON:setUpClass): 200 GET http://10.180.1.21/compute/v2.1/servers/f947b843-3d51-4720-9797-4c5859c4d630 0.179s
2024-12-24 14:07:15.544 66957 INFO tempest.lib.common.rest_client [req-cfa973dc-e492-48c6-8ead-4e3d89ab5a2d req-cfa973dc-e492-48c6-8ead-4e3d89ab5a2d ] Request (DeleteServersAdminTestJSON:test_delete_server_while_in_error_state): 200 GET http://10.180.1.21/compute/v2.1/servers/758383d9-21ae-4d18-8c5c-c9be255b12b6 0.177s
2024-12-24 14:07:15.547 66971 INFO tempest.lib.common.rest_client [req-a60233e8-582a-456e-9d14-5e1cb0b4222d req-a60233e8-582a-456e-9d14-5e1cb0b4222d ] Request (ListImageFiltersTestJSON:setUpClass): 200 GET http://10.180.1.21/compute/v2.1/servers/eee0885a-ab69-431c-ab0b-3c4ce5067305 0.172s
2024-12-24 14:07:15.588 66983 INFO tempest.lib.common.rest_client [req-7e18e04b-f647-4a8b-9bb1-ea0f4a2a4f9f req-7e18e04b-f647-4a8b-9bb1-ea0f4a2a4f9f ] Request (ServerDiskConfigTestJSON:test_rebuild_server_with_auto_disk_config): 200 GET http://10.180.1.21/compute/v2.1/servers/3b8acb23-1bed-432f-b70e-18a1301fb99c 0.176s
2024-12-24 14:07:15.590 66985 INFO tempest.lib.common.rest_client [req-15ea4ebf-e72e-4f89-8d3f-e6abd78f4502 req-15ea4ebf-e72e-4f89-8d3f-e6abd78f4502 ] Request (ServersTestBootFromVolume:setUpClass): 200 GET http://10.180.1.21/compute/v2.1/servers/ab653e12-3d2f-45ee-a3bc-13b670f26e75 0.135s
2024-12-24 14:07:15.669 66955 INFO tempest.lib.common.rest_client [req-1dd6c7c7-7242-41fe-898e-6da117d4ee5f req-1dd6c7c7-7242-41fe-898e-6da117d4ee5f ] Request (ListServerFiltersTestJSON:setUpClass): 200 GET http://10.180.1.21/compute/v2.1/servers/c2657800-ac10-4f71-bf86-2b5b95c65a06 0.046s
2024-12-24 14:07:15.674 66949 INFO tempest.lib.common.rest_client [req-b2f058b8-e366-4c11-ad13-c9bfdad142db req-b2f058b8-e366-4c11-ad13-c9bfdad142db ] Request (MigrationsAdminTest:test_list_migrations_in_flavor_resize_situation): 200 GET http://10.180.1.21/compute/v2.1/servers/f8a7a431-66a3-4ecb-a701-5d53e24b28fa 0.102s
2024-12-24 14:07:15.726 66951 INFO tempest.lib.common.rest_client [req-51839aa0-18fb-48f7-ba0a-e71b64428d98 req-51839aa0-18fb-48f7-ba0a-e71b64428d98 ] Request (VolumesAdminNegativeTest:test_update_attached_volume_with_nonexistent_volume_in_body): 200 GET http://10.180.1.21/compute/v2.1/servers/09d1606b-7a4b-4475-b4c6-7ebc0d7876ae 0.068s
2024-12-24 14:07:15.735 66959 INFO tempest.lib.common.rest_client [req-95e2a62d-0571-479b-a9e4-2332531703f1 req-95e2a62d-0571-479b-a9e4-2332531703f1 ] Request (FloatingIPsAssociationTestJSON:test_associate_already_associated_floating_ip): 200 GET http://10.180.1.21/compute/v2.1/servers/45bf79c4-2f13-4989-846d-0db27325bef3 0.059s
2024-12-24 14:07:15.797 66970 INFO tempest.lib.common.rest_client [req-9ad017ea-482e-4e6e-b5d2-24cebd798ffc req-9ad017ea-482e-4e6e-b5d2-24cebd798ffc ] Request (AttachVolumeTestJSON:test_attach_detach_volume): 200 GET http://10.180.1.21/compute/v2.1/servers/0cf548fd-816b-4da6-bd20-35fbc8577866 0.047s
2024-12-24 14:07:16.154 66979 INFO tempest.lib.common.rest_client [req-649fb587-3a84-4bcc-b3fd-cf8f988bf1fd req-649fb587-3a84-4bcc-b3fd-cf8f988bf1fd ] Request (ServerGroupTestJSON:test_create_server_with_scheduler_hint_group): 200 GET http://10.180.1.21/compute/v2.1/servers/26aa5363-8676-45bf-8b17-185321d4da32 0.241s
2024-12-24 14:07:16.202 66945 INFO tempest.lib.common.rest_client [req-b0cc4901-12b8-4416-85b4-666fcc427bd0 req-b0cc4901-12b8-4416-85b4-666fcc427bd0 ] Request (ServersTestJSON:test_create_server_with_ipv6_addr_only): 200 GET http://10.180.1.21/compute/v2.1/servers/a00a34e1-196f-4773-8073-ce917d48651b 0.133s
2024-12-24 14:07:16.207 66953 INFO tempest.lib.common.rest_client [req-3329d4ab-1048-4759-bc69-b9eeec74f71f req-3329d4ab-1048-4759-bc69-b9eeec74f71f ] Request (ServersAdminNegativeTestJSON:setUpClass): 200 GET http://10.180.1.21/compute/v2.1/servers/fdba39e2-1d58-49e5-98b1-a8856d41ea3a 0.148s
2024-12-24 14:07:16.215 66953 INFO tempest.common.waiters [-] State transition "BUILD/spawning" ==> "ACTIVE/None" after 49 second wait
2024-12-24 14:07:16.253 67001 INFO tempest.lib.common.rest_client [req-0493c20c-9382-425a-acd6-b27dc2271c09 req-0493c20c-9382-425a-acd6-b27dc2271c09 ] Request (ImagesOneServerTestJSON:setUpClass): 200 GET http://10.180.1.21/compute/v2.1/servers/92ff7c21-e2c6-4d85-aa12-e41672929eda 0.099s
2024-12-24 14:07:16.257 66965 INFO tempest.lib.common.rest_client [req-eae5a046-2a90-4f6c-aa73-590589cdb559 req-eae5a046-2a90-4f6c-aa73-590589cdb559 ] Request (ServersV294TestFqdnHostnames:setUpClass): 200 GET http://10.180.1.21/compute/v2.1/servers/1ac84b7c-aff6-497f-941d-99e16550431c 0.144s
2024-12-24 14:07:16.302 66998 INFO tempest.lib.common.rest_client [req-d90dcfda-60b7-419f-aed8-aaef3b9c7aaf req-d90dcfda-60b7-419f-aed8-aaef3b9c7aaf ] Request (ImagesTestJSON:test_create_image_from_suspended_server): 200 GET http://10.180.1.21/compute/v2.1/servers/30c00475-3e93-45d4-9dbf-ff6fe81b09aa 0.091s
2024-12-24 14:07:16.304 66963 INFO tempest.lib.common.rest_client [req-87623f4c-a32e-456e-8028-ab39c07d6a6e req-87623f4c-a32e-456e-8028-ab39c07d6a6e ] Request (ServerRescueNegativeTestJSON:setUpClass): 200 GET http://10.180.1.21/compute/v2.1/servers/76cdf121-0846-4f03-bcac-a2e6ead239f0 0.101s
2024-12-24 14:07:16.366 66989 INFO tempest.lib.common.rest_client [req-efaa580c-9e9e-4df4-9704-4d6bfcd85c4e req-efaa580c-9e9e-4df4-9704-4d6bfcd85c4e ] Request (ServersAdminTestJSON:setUpClass): 200 GET http://10.180.1.21/compute/v2.1/servers/ede9cc61-2c36-4b7a-ae64-3b67604931f0 0.117s
2024-12-24 14:07:16.393 66953 INFO tempest.lib.common.rest_client [req-233098e4-a2ea-4b46-a5fb-d29b146613d8 req-233098e4-a2ea-4b46-a5fb-d29b146613d8 ] Request (ServersAdminNegativeTestJSON:test_migrate_non_existent_server): 404 POST http://10.180.1.21/compute/v2.1/servers/02f05b39-3310-4190-a25c-f903d405aa51/action 0.177s
2024-12-24 14:07:16.427 67006 INFO tempest.lib.common.rest_client [req-58050a96-100e-46b4-919b-6bf33f17742f req-58050a96-100e-46b4-919b-6bf33f17742f ] Request (ServerDiagnosticsV248Test:test_get_server_diagnostics): 200 GET http://10.180.1.21/compute/v2.1/servers/89553d85-1b06-45e3-b3d1-24a869612b8a 0.097s
2024-12-24 14:07:16.436 67006 INFO tempest.common.waiters [-] State transition "BUILD/block_device_mapping" ==> "BUILD/spawning" after 45 second wait
2024-12-24 14:07:16.463 66953 INFO tempest.lib.common.rest_client [req-bdf6a87a-714a-49d3-94ec-b508ebacfef6 req-bdf6a87a-714a-49d3-94ec-b508ebacfef6 ] Request (ServersAdminNegativeTestJSON:test_migrate_server_invalid_state): 201 POST http://10.180.1.21/identity/v3/auth/tokens 0.064s
2024-12-24 14:07:16.463 66953 INFO tempest.lib.common.fixed_network [-] (ServersAdminNegativeTestJSON:test_migrate_server_invalid_state) Found network None available for tenant
2024-12-24 14:07:16.477 66993 INFO tempest.lib.common.rest_client [req-7f0b50f3-d502-44a9-bda1-5f3878ed3835 req-7f0b50f3-d502-44a9-bda1-5f3878ed3835 ] Request (SecurityGroupsTestJSON:test_list_security_groups_by_server): 200 GET http://10.180.1.21/compute/v2.1/servers/e33ac3cc-493e-4d11-9f4d-7984e56d3d7c 0.102s
2024-12-24 14:07:16.494 66975 INFO tempest.lib.common.rest_client [req-6981621c-aee8-46ae-83d6-f3cd1bec8866 req-6981621c-aee8-46ae-83d6-f3cd1bec8866 ] Request (ServerRescueTestJSON:setUpClass): 200 GET http://10.180.1.21/compute/v2.1/servers/556a65af-889d-4150-bd0d-2822964227e4 0.145s
2024-12-24 14:07:16.541 66995 INFO tempest.lib.common.rest_client [req-cebbbed3-30c0-478b-b120-21562b6d1fea req-cebbbed3-30c0-478b-b120-21562b6d1fea ] Request (ServerDiagnosticsTest:tearDownClass): 200 GET http://10.180.1.21/compute/v2.1/servers/2c3e5eec-54fd-4e4b-b441-5cc7fe5a33b4 0.140s
2024-12-24 14:07:16.554 66973 INFO tempest.lib.common.rest_client [req-077e5704-51ec-48d2-8327-8832ce0ba340 req-077e5704-51ec-48d2-8327-8832ce0ba340 ] Request (ImagesOneServerNegativeTestJSON:_run_cleanups): 200 GET http://10.180.1.21/compute/v2.1/servers/bf6f1480-abc9-4028-beaa-75f271edd36a 0.099s
2024-12-24 14:07:16.674 66977 INFO tempest.lib.common.rest_client [req-ab1a9984-dc52-4719-bdf3-149efd7087ce req-ab1a9984-dc52-4719-bdf3-149efd7087ce ] Request (ListServersNegativeTestJSON:setUpClass): 200 GET http://10.180.1.21/compute/v2.1/servers/85b148aa-ff47-40bd-ac92-c1062306a185 0.207s
2024-12-24 14:07:16.719 66961 INFO tempest.lib.common.rest_client [req-38b33006-928e-422c-820d-de4a578eae03 req-38b33006-928e-422c-820d-de4a578eae03 ] Request (FloatingIPsAssociationNegativeTestJSON:setUpClass): 200 GET http://10.180.1.21/compute/v2.1/servers/f947b843-3d51-4720-9797-4c5859c4d630 0.209s
2024-12-24 14:07:16.737 66953 INFO tempest.lib.common.rest_client [req-13b0b613-bf07-4adc-a24a-804e3aabcfa4 req-13b0b613-bf07-4adc-a24a-804e3aabcfa4 ] Request (ServersAdminNegativeTestJSON:test_migrate_server_invalid_state): 202 POST http://10.180.1.21/compute/v2.1/servers 0.273s
2024-12-24 14:07:16.777 66947 INFO tempest.lib.common.rest_client [req-d51b6491-877c-4a94-8bda-c24bae628ece req-d51b6491-877c-4a94-8bda-c24bae628ece ] Request (ServersAdmin275Test:tearDownClass): 200 GET http://10.180.1.21/compute/v2.1/servers/1641f8a7-84ff-4c9a-b612-923c20d6526e 0.265s
2024-12-24 14:07:16.787 66957 INFO tempest.lib.common.rest_client [req-f2045f74-1fb1-422d-921f-af3ec9b54bd9 req-f2045f74-1fb1-422d-921f-af3ec9b54bd9 ] Request (DeleteServersAdminTestJSON:test_delete_server_while_in_error_state): 200 GET http://10.180.1.21/compute/v2.1/servers/758383d9-21ae-4d18-8c5c-c9be255b12b6 0.235s
2024-12-24 14:07:16.828 66971 INFO tempest.lib.common.rest_client [req-b068243e-1a61-442a-9270-488d384ee75a req-b068243e-1a61-442a-9270-488d384ee75a ] Request (ListImageFiltersTestJSON:setUpClass): 200 GET http://10.180.1.21/compute/v2.1/servers/eee0885a-ab69-431c-ab0b-3c4ce5067305 0.274s
2024-12-24 14:07:16.846 66983 INFO tempest.lib.common.rest_client [req-f1d18212-c0db-44f6-a6fd-84cf7187e26e req-f1d18212-c0db-44f6-a6fd-84cf7187e26e ] Request (ServerDiskConfigTestJSON:test_rebuild_server_with_auto_disk_config): 200 GET http://10.180.1.21/compute/v2.1/servers/3b8acb23-1bed-432f-b70e-18a1301fb99c 0.252s
2024-12-24 14:07:16.877 66985 INFO tempest.lib.common.rest_client [req-ab5d6307-7c80-49cb-b35e-4c6537197c6d req-ab5d6307-7c80-49cb-b35e-4c6537197c6d ] Request (ServersTestBootFromVolume:setUpClass): 200 GET http://10.180.1.21/compute/v2.1/servers/ab653e12-3d2f-45ee-a3bc-13b670f26e75 0.280s
2024-12-24 14:07:16.899 66955 INFO tempest.lib.common.rest_client [req-29be8ca1-e1b8-4ead-af35-6bd49aadd2d9 req-29be8ca1-e1b8-4ead-af35-6bd49aadd2d9 ] Request (ListServerFiltersTestJSON:setUpClass): 200 GET http://10.180.1.21/compute/v2.1/servers/c2657800-ac10-4f71-bf86-2b5b95c65a06 0.221s
2024-12-24 14:07:16.947 66951 INFO tempest.lib.common.rest_client [req-fb30fd2b-38e3-4d95-a922-4037c7cb8c75 req-fb30fd2b-38e3-4d95-a922-4037c7cb8c75 ] Request (VolumesAdminNegativeTest:test_update_attached_volume_with_nonexistent_volume_in_body): 200 GET http://10.180.1.21/compute/v2.1/servers/09d1606b-7a4b-4475-b4c6-7ebc0d7876ae 0.213s
2024-12-24 14:07:16.975 66949 INFO tempest.lib.common.rest_client [req-8cf7c0f9-f554-45f7-b1b8-579f838f8c04 req-8cf7c0f9-f554-45f7-b1b8-579f838f8c04 ] Request (MigrationsAdminTest:test_list_migrations_in_flavor_resize_situation): 200 GET http://10.180.1.21/compute/v2.1/servers/f8a7a431-66a3-4ecb-a701-5d53e24b28fa 0.291s
2024-12-24 14:07:16.982 66953 INFO tempest.lib.common.rest_client [req-cb303fbc-2b4d-44fd-b03e-3ad34c345864 req-cb303fbc-2b4d-44fd-b03e-3ad34c345864 ] Request (ServersAdminNegativeTestJSON:test_migrate_server_invalid_state): 200 GET http://10.180.1.21/compute/v2.1/servers/29bb064c-f652-4672-9fe9-75a09095db39 0.244s
2024-12-24 14:07:17.023 66959 INFO tempest.lib.common.rest_client [req-a2769a0e-a269-4a38-b582-c83233f9dc65 req-a2769a0e-a269-4a38-b582-c83233f9dc65 ] Request (FloatingIPsAssociationTestJSON:test_associate_already_associated_floating_ip): 200 GET http://10.180.1.21/compute/v2.1/servers/45bf79c4-2f13-4989-846d-0db27325bef3 0.281s
2024-12-24 14:07:17.029 66970 INFO tempest.lib.common.rest_client [req-d048735b-599f-4138-9f6d-6652818ec94c req-d048735b-599f-4138-9f6d-6652818ec94c ] Request (AttachVolumeTestJSON:test_attach_detach_volume): 200 GET http://10.180.1.21/compute/v2.1/servers/0cf548fd-816b-4da6-bd20-35fbc8577866 0.225s
2024-12-24 14:07:17.029 66959 INFO tempest.common.waiters [-] State transition "BUILD/scheduling" ==> "BUILD/None" after 27 second wait
2024-12-24 14:07:17.207 66979 INFO tempest.lib.common.rest_client [req-ac0ed686-e41d-48ca-a68b-9dad0733e766 req-ac0ed686-e41d-48ca-a68b-9dad0733e766 ] Request (ServerGroupTestJSON:test_create_server_with_scheduler_hint_group): 200 GET http://10.180.1.21/compute/v2.1/servers/26aa5363-8676-45bf-8b17-185321d4da32 0.045s
2024-12-24 14:07:17.261 66945 INFO tempest.lib.common.rest_client [req-d548dd50-ad61-41da-b60b-eefaed1b5cd4 req-d548dd50-ad61-41da-b60b-eefaed1b5cd4 ] Request (ServersTestJSON:test_create_server_with_ipv6_addr_only): 200 GET http://10.180.1.21/compute/v2.1/servers/a00a34e1-196f-4773-8073-ce917d48651b 0.053s
2024-12-24 14:07:17.294 67003 WARNING tempest.lib.common.ssh [-] Failed to establish authenticated ssh connection to cirros@10.180.180.206 ([Errno None] Unable to connect to port 22 on 10.180.180.206). Number attempts: 4. Retry after 5 seconds.: paramiko.ssh_exception.NoValidConnectionsError: [Errno None] Unable to connect to port 22 on 10.180.180.206
2024-12-24 14:07:17.312 67001 INFO tempest.lib.common.rest_client [req-84833c64-b217-4e17-89b8-d123b696730c req-84833c64-b217-4e17-89b8-d123b696730c ] Request (ImagesOneServerTestJSON:setUpClass): 200 GET http://10.180.1.21/compute/v2.1/servers/92ff7c21-e2c6-4d85-aa12-e41672929eda 0.051s
2024-12-24 14:07:17.321 66965 INFO tempest.lib.common.rest_client [req-a49dc724-a0fc-49ae-a949-cf31e5f2180f req-a49dc724-a0fc-49ae-a949-cf31e5f2180f ] Request (ServersV294TestFqdnHostnames:setUpClass): 200 GET http://10.180.1.21/compute/v2.1/servers/1ac84b7c-aff6-497f-941d-99e16550431c 0.054s
2024-12-24 14:07:17.361 66998 INFO tempest.lib.common.rest_client [req-cabd456c-77d2-4b83-8a69-8f81b48edd3b req-cabd456c-77d2-4b83-8a69-8f81b48edd3b ] Request (ImagesTestJSON:test_create_image_from_suspended_server): 200 GET http://10.180.1.21/compute/v2.1/servers/30c00475-3e93-45d4-9dbf-ff6fe81b09aa 0.051s
2024-12-24 14:07:17.366 66963 INFO tempest.lib.common.rest_client [req-94235df5-19c0-4e10-954f-b746e68c31b3 req-94235df5-19c0-4e10-954f-b746e68c31b3 ] Request (ServerRescueNegativeTestJSON:setUpClass): 200 GET http://10.180.1.21/compute/v2.1/servers/76cdf121-0846-4f03-bcac-a2e6ead239f0 0.051s
2024-12-24 14:07:17.424 66989 INFO tempest.lib.common.rest_client [req-8765ecc3-046b-4303-90fb-5a6ce57c332e req-8765ecc3-046b-4303-90fb-5a6ce57c332e ] Request (ServersAdminTestJSON:setUpClass): 200 GET http://10.180.1.21/compute/v2.1/servers/ede9cc61-2c36-4b7a-ae64-3b67604931f0 0.052s
2024-12-24 14:07:17.493 67006 INFO tempest.lib.common.rest_client [req-118029cc-cdd6-45c5-9586-dac7daafb96e req-118029cc-cdd6-45c5-9586-dac7daafb96e ] Request (ServerDiagnosticsV248Test:test_get_server_diagnostics): 200 GET http://10.180.1.21/compute/v2.1/servers/89553d85-1b06-45e3-b3d1-24a869612b8a 0.056s
2024-12-24 14:07:17.538 66993 INFO tempest.lib.common.rest_client [req-5fd03c8d-e4d4-4bdf-be47-ea87da02ddc9 req-5fd03c8d-e4d4-4bdf-be47-ea87da02ddc9 ] Request (SecurityGroupsTestJSON:test_list_security_groups_by_server): 200 GET http://10.180.1.21/compute/v2.1/servers/e33ac3cc-493e-4d11-9f4d-7984e56d3d7c 0.054s
2024-12-24 14:07:17.612 66995 INFO tempest.lib.common.rest_client [req-a7ef3115-a62d-489d-a18d-1ab623d73bd3 req-a7ef3115-a62d-489d-a18d-1ab623d73bd3 ] Request (ServerDiagnosticsTest:tearDownClass): 200 GET http://10.180.1.21/compute/v2.1/servers/2c3e5eec-54fd-4e4b-b441-5cc7fe5a33b4 0.062s
2024-12-24 14:07:17.616 66975 INFO tempest.lib.common.rest_client [req-a73a2e4f-644c-4825-baad-7a9f87c7ebc9 req-a73a2e4f-644c-4825-baad-7a9f87c7ebc9 ] Request (ServerRescueTestJSON:setUpClass): 200 GET http://10.180.1.21/compute/v2.1/servers/556a65af-889d-4150-bd0d-2822964227e4 0.114s
2024-12-24 14:07:17.667 66973 INFO tempest.lib.common.rest_client [req-15704cbf-6ace-482a-842c-1a7ac48efb5f req-15704cbf-6ace-482a-842c-1a7ac48efb5f ] Request (ImagesOneServerNegativeTestJSON:_run_cleanups): 200 GET http://10.180.1.21/compute/v2.1/servers/bf6f1480-abc9-4028-beaa-75f271edd36a 0.106s
2024-12-24 14:07:17.790 66961 INFO tempest.lib.common.rest_client [req-4643bc11-35c6-426c-abc2-9cdb6e8476f0 req-4643bc11-35c6-426c-abc2-9cdb6e8476f0 ] Request (FloatingIPsAssociationNegativeTestJSON:setUpClass): 200 GET http://10.180.1.21/compute/v2.1/servers/f947b843-3d51-4720-9797-4c5859c4d630 0.063s
2024-12-24 14:07:17.818 66977 INFO tempest.lib.common.rest_client [req-78a1a276-f0d5-4d0a-964f-3f36d829389a req-78a1a276-f0d5-4d0a-964f-3f36d829389a ] Request (ListServersNegativeTestJSON:setUpClass): 200 GET http://10.180.1.21/compute/v2.1/servers/85b148aa-ff47-40bd-ac92-c1062306a185 0.137s
2024-12-24 14:07:17.860 66947 INFO tempest.lib.common.rest_client [req-14718556-c1c5-4fc5-866e-13e66c12522f req-14718556-c1c5-4fc5-866e-13e66c12522f ] Request (ServersAdmin275Test:tearDownClass): 200 GET http://10.180.1.21/compute/v2.1/servers/1641f8a7-84ff-4c9a-b612-923c20d6526e 0.074s
2024-12-24 14:07:17.870 66957 INFO tempest.lib.common.rest_client [req-e4e31e8e-8875-4cd2-8120-d9cefa79d158 req-e4e31e8e-8875-4cd2-8120-d9cefa79d158 ] Request (DeleteServersAdminTestJSON:test_delete_server_while_in_error_state): 200 GET http://10.180.1.21/compute/v2.1/servers/758383d9-21ae-4d18-8c5c-c9be255b12b6 0.075s
2024-12-24 14:07:17.927 66971 INFO tempest.lib.common.rest_client [req-6f6e37ac-5a82-4357-b134-2b4dfd5dbcba req-6f6e37ac-5a82-4357-b134-2b4dfd5dbcba ] Request (ListImageFiltersTestJSON:setUpClass): 200 GET http://10.180.1.21/compute/v2.1/servers/eee0885a-ab69-431c-ab0b-3c4ce5067305 0.091s
2024-12-24 14:07:17.929 66983 INFO tempest.lib.common.rest_client [req-a1e04c15-bb4d-4f43-b95c-78cc821f8af9 req-a1e04c15-bb4d-4f43-b95c-78cc821f8af9 ] Request (ServerDiskConfigTestJSON:test_rebuild_server_with_auto_disk_config): 200 GET http://10.180.1.21/compute/v2.1/servers/3b8acb23-1bed-432f-b70e-18a1301fb99c 0.075s
2024-12-24 14:07:17.978 66985 INFO tempest.lib.common.rest_client [req-ce067934-f3a6-4ffd-a725-65abb55aad5f req-ce067934-f3a6-4ffd-a725-65abb55aad5f ] Request (ServersTestBootFromVolume:setUpClass): 200 GET http://10.180.1.21/compute/v2.1/servers/ab653e12-3d2f-45ee-a3bc-13b670f26e75 0.091s
2024-12-24 14:07:17.979 66955 INFO tempest.lib.common.rest_client [req-8594fbf1-c87a-49dd-92a0-3a284191a094 req-8594fbf1-c87a-49dd-92a0-3a284191a094 ] Request (ListServerFiltersTestJSON:setUpClass): 200 GET http://10.180.1.21/compute/v2.1/servers/c2657800-ac10-4f71-bf86-2b5b95c65a06 0.073s
2024-12-24 14:07:18.036 66951 INFO tempest.lib.common.rest_client [req-606acb34-ddb4-4b8a-82ce-5357ddfb7b1b req-606acb34-ddb4-4b8a-82ce-5357ddfb7b1b ] Request (VolumesAdminNegativeTest:test_update_attached_volume_with_nonexistent_volume_in_body): 200 GET http://10.180.1.21/compute/v2.1/servers/09d1606b-7a4b-4475-b4c6-7ebc0d7876ae 0.081s
2024-12-24 14:07:18.088 66953 INFO tempest.lib.common.rest_client [req-7cbc2cea-1890-47f4-ae6a-c4819f000a24 req-7cbc2cea-1890-47f4-ae6a-c4819f000a24 ] Request (ServersAdminNegativeTestJSON:test_migrate_server_invalid_state): 200 GET http://10.180.1.21/compute/v2.1/servers/29bb064c-f652-4672-9fe9-75a09095db39 0.098s
2024-12-24 14:07:18.111 66949 INFO tempest.lib.common.rest_client [req-976725dd-809c-4d1f-b53d-565a304e825f req-976725dd-809c-4d1f-b53d-565a304e825f ] Request (MigrationsAdminTest:test_list_migrations_in_flavor_resize_situation): 200 GET http://10.180.1.21/compute/v2.1/servers/f8a7a431-66a3-4ecb-a701-5d53e24b28fa 0.127s
2024-12-24 14:07:18.133 66959 INFO tempest.lib.common.rest_client [req-1f0316bd-f04c-4c7b-88e8-4ea00c447537 req-1f0316bd-f04c-4c7b-88e8-4ea00c447537 ] Request (FloatingIPsAssociationTestJSON:test_associate_already_associated_floating_ip): 200 GET http://10.180.1.21/compute/v2.1/servers/45bf79c4-2f13-4989-846d-0db27325bef3 0.104s
2024-12-24 14:07:18.157 66970 INFO tempest.lib.common.rest_client [req-67395a42-da46-4a9e-b097-3e000e268ad4 req-67395a42-da46-4a9e-b097-3e000e268ad4 ] Request (AttachVolumeTestJSON:test_attach_detach_volume): 200 GET http://10.180.1.21/compute/v2.1/servers/0cf548fd-816b-4da6-bd20-35fbc8577866 0.121s
2024-12-24 14:07:18.265 66979 INFO tempest.lib.common.rest_client [req-86750727-eb91-455d-9010-ac360bdaf11b req-86750727-eb91-455d-9010-ac360bdaf11b ] Request (ServerGroupTestJSON:test_create_server_with_scheduler_hint_group): 200 GET http://10.180.1.21/compute/v2.1/servers/26aa5363-8676-45bf-8b17-185321d4da32 0.047s
2024-12-24 14:07:18.321 66945 INFO tempest.lib.common.rest_client [req-de785198-44f3-4048-a0ac-3cdaf068ebdb req-de785198-44f3-4048-a0ac-3cdaf068ebdb ] Request (ServersTestJSON:test_create_server_with_ipv6_addr_only): 200 GET http://10.180.1.21/compute/v2.1/servers/a00a34e1-196f-4773-8073-ce917d48651b 0.052s
2024-12-24 14:07:18.366 67001 INFO tempest.lib.common.rest_client [req-d222392d-b1ee-445a-936e-7be3de73030d req-d222392d-b1ee-445a-936e-7be3de73030d ] Request (ImagesOneServerTestJSON:setUpClass): 200 GET http://10.180.1.21/compute/v2.1/servers/92ff7c21-e2c6-4d85-aa12-e41672929eda 0.047s
2024-12-24 14:07:18.391 66965 INFO tempest.lib.common.rest_client [req-46988355-5c91-44d8-8cdd-3bb7b9356bf4 req-46988355-5c91-44d8-8cdd-3bb7b9356bf4 ] Request (ServersV294TestFqdnHostnames:setUpClass): 200 GET http://10.180.1.21/compute/v2.1/servers/1ac84b7c-aff6-497f-941d-99e16550431c 0.061s
2024-12-24 14:07:18.414 66998 INFO tempest.lib.common.rest_client [req-bc48ee6f-c64e-48c5-893c-a20b4b1f6aac req-bc48ee6f-c64e-48c5-893c-a20b4b1f6aac ] Request (ImagesTestJSON:test_create_image_from_suspended_server): 200 GET http://10.180.1.21/compute/v2.1/servers/30c00475-3e93-45d4-9dbf-ff6fe81b09aa 0.045s
2024-12-24 14:07:18.439 66963 INFO tempest.lib.common.rest_client [req-127a92c1-deb6-4062-9124-8309155d6b2d req-127a92c1-deb6-4062-9124-8309155d6b2d ] Request (ServerRescueNegativeTestJSON:setUpClass): 200 GET http://10.180.1.21/compute/v2.1/servers/76cdf121-0846-4f03-bcac-a2e6ead239f0 0.066s
2024-12-24 14:07:18.503 66989 INFO tempest.lib.common.rest_client [req-2ec3a669-8e17-4aca-a045-024ae1a23696 req-2ec3a669-8e17-4aca-a045-024ae1a23696 ] Request (ServersAdminTestJSON:setUpClass): 200 GET http://10.180.1.21/compute/v2.1/servers/ede9cc61-2c36-4b7a-ae64-3b67604931f0 0.072s
2024-12-24 14:07:18.555 67006 INFO tempest.lib.common.rest_client [req-bcacf7f0-00de-4a75-9d5f-c81dccf95206 req-bcacf7f0-00de-4a75-9d5f-c81dccf95206 ] Request (ServerDiagnosticsV248Test:test_get_server_diagnostics): 200 GET http://10.180.1.21/compute/v2.1/servers/89553d85-1b06-45e3-b3d1-24a869612b8a 0.055s
2024-12-24 14:07:18.600 66993 INFO tempest.lib.common.rest_client [req-cc514aa5-2474-4f89-bea8-2f7e92309adf req-cc514aa5-2474-4f89-bea8-2f7e92309adf ] Request (SecurityGroupsTestJSON:test_list_security_groups_by_server): 200 GET http://10.180.1.21/compute/v2.1/servers/e33ac3cc-493e-4d11-9f4d-7984e56d3d7c 0.055s
2024-12-24 14:07:18.689 66995 INFO tempest.lib.common.rest_client [req-90c24b9f-5f5b-451a-844f-0dbf0f7567e3 req-90c24b9f-5f5b-451a-844f-0dbf0f7567e3 ] Request (ServerDiagnosticsTest:tearDownClass): 200 GET http://10.180.1.21/compute/v2.1/servers/2c3e5eec-54fd-4e4b-b441-5cc7fe5a33b4 0.070s
2024-12-24 14:07:18.748 66973 INFO tempest.lib.common.rest_client [req-171528b9-d71e-4dd1-aa6d-dd3b282d31d4 req-171528b9-d71e-4dd1-aa6d-dd3b282d31d4 ] Request (ImagesOneServerNegativeTestJSON:_run_cleanups): 200 GET http://10.180.1.21/compute/v2.1/servers/bf6f1480-abc9-4028-beaa-75f271edd36a 0.074s
2024-12-24 14:07:18.766 66987 WARNING tempest.lib.common.ssh [-] Failed to establish authenticated ssh connection to cirros@10.180.180.210 ([Errno None] Unable to connect to port 22 on 10.180.180.210). Number attempts: 8. Retry after 9 seconds.: paramiko.ssh_exception.NoValidConnectionsError: [Errno None] Unable to connect to port 22 on 10.180.180.210
2024-12-24 14:07:18.818 66975 INFO tempest.lib.common.rest_client [req-3fd4bf3d-b3ef-4d48-90b6-6ca194fb494b req-3fd4bf3d-b3ef-4d48-90b6-6ca194fb494b ] Request (ServerRescueTestJSON:setUpClass): 200 GET http://10.180.1.21/compute/v2.1/servers/556a65af-889d-4150-bd0d-2822964227e4 0.195s
2024-12-24 14:07:18.851 66961 INFO tempest.lib.common.rest_client [req-db74ec72-4c0a-4ac2-8c18-2c73e72a262b req-db74ec72-4c0a-4ac2-8c18-2c73e72a262b ] Request (FloatingIPsAssociationNegativeTestJSON:setUpClass): 200 GET http://10.180.1.21/compute/v2.1/servers/f947b843-3d51-4720-9797-4c5859c4d630 0.054s
2024-12-24 14:07:18.892 66977 INFO tempest.lib.common.rest_client [req-ce69de0c-1576-4eec-a8e2-d5a65f34df00 req-ce69de0c-1576-4eec-a8e2-d5a65f34df00 ] Request (ListServersNegativeTestJSON:setUpClass): 200 GET http://10.180.1.21/compute/v2.1/servers/85b148aa-ff47-40bd-ac92-c1062306a185 0.066s
2024-12-24 14:07:18.945 66947 INFO tempest.lib.common.rest_client [req-b03526c6-5be7-4688-b35f-e6e380f1eab2 req-b03526c6-5be7-4688-b35f-e6e380f1eab2 ] Request (ServersAdmin275Test:tearDownClass): 200 GET http://10.180.1.21/compute/v2.1/servers/1641f8a7-84ff-4c9a-b612-923c20d6526e 0.075s
2024-12-24 14:07:18.950 66957 INFO tempest.lib.common.rest_client [req-c27dddfd-1e2f-4ccb-a097-470099d733f1 req-c27dddfd-1e2f-4ccb-a097-470099d733f1 ] Request (DeleteServersAdminTestJSON:test_delete_server_while_in_error_state): 200 GET http://10.180.1.21/compute/v2.1/servers/758383d9-21ae-4d18-8c5c-c9be255b12b6 0.071s
2024-12-24 14:07:19.000 66983 INFO tempest.lib.common.rest_client [req-da964c08-151e-4c08-bc37-cfbe61c6f16b req-da964c08-151e-4c08-bc37-cfbe61c6f16b ] Request (ServerDiskConfigTestJSON:test_rebuild_server_with_auto_disk_config): 200 GET http://10.180.1.21/compute/v2.1/servers/3b8acb23-1bed-432f-b70e-18a1301fb99c 0.062s
2024-12-24 14:07:19.013 66971 INFO tempest.lib.common.rest_client [req-98abd4c9-1c80-40f5-9309-c181ffaba86d req-98abd4c9-1c80-40f5-9309-c181ffaba86d ] Request (ListImageFiltersTestJSON:setUpClass): 200 GET http://10.180.1.21/compute/v2.1/servers/eee0885a-ab69-431c-ab0b-3c4ce5067305 0.078s
2024-12-24 14:07:19.048 66955 INFO tempest.lib.common.rest_client [req-6ef803a0-a1a1-4890-a3c1-fa554a6b6d79 req-6ef803a0-a1a1-4890-a3c1-fa554a6b6d79 ] Request (ListServerFiltersTestJSON:setUpClass): 200 GET http://10.180.1.21/compute/v2.1/servers/c2657800-ac10-4f71-bf86-2b5b95c65a06 0.060s
2024-12-24 14:07:19.069 66985 INFO tempest.lib.common.rest_client [req-c535434d-5879-452b-9891-446a735a25c1 req-c535434d-5879-452b-9891-446a735a25c1 ] Request (ServersTestBootFromVolume:setUpClass): 200 GET http://10.180.1.21/compute/v2.1/servers/ab653e12-3d2f-45ee-a3bc-13b670f26e75 0.082s
2024-12-24 14:07:19.097 66951 INFO tempest.lib.common.rest_client [req-f011f33a-afa4-4f4d-9adc-545cde2a356c req-f011f33a-afa4-4f4d-9adc-545cde2a356c ] Request (VolumesAdminNegativeTest:test_update_attached_volume_with_nonexistent_volume_in_body): 200 GET http://10.180.1.21/compute/v2.1/servers/09d1606b-7a4b-4475-b4c6-7ebc0d7876ae 0.053s
2024-12-24 14:07:19.148 66953 INFO tempest.lib.common.rest_client [req-92ad7615-cd78-4491-9267-56cde3ac7ac7 req-92ad7615-cd78-4491-9267-56cde3ac7ac7 ] Request (ServersAdminNegativeTestJSON:test_migrate_server_invalid_state): 200 GET http://10.180.1.21/compute/v2.1/servers/29bb064c-f652-4672-9fe9-75a09095db39 0.052s
2024-12-24 14:07:19.204 66959 INFO tempest.lib.common.rest_client [req-796f69d0-7d79-4276-8d52-82eb2eb4c57d req-796f69d0-7d79-4276-8d52-82eb2eb4c57d ] Request (FloatingIPsAssociationTestJSON:test_associate_already_associated_floating_ip): 200 GET http://10.180.1.21/compute/v2.1/servers/45bf79c4-2f13-4989-846d-0db27325bef3 0.064s
2024-12-24 14:07:19.247 66949 INFO tempest.lib.common.rest_client [req-ffed35c0-26ae-47d9-a23f-ec8864915cf5 req-ffed35c0-26ae-47d9-a23f-ec8864915cf5 ] Request (MigrationsAdminTest:test_list_migrations_in_flavor_resize_situation): 200 GET http://10.180.1.21/compute/v2.1/servers/f8a7a431-66a3-4ecb-a701-5d53e24b28fa 0.126s
2024-12-24 14:07:19.255 66970 INFO tempest.lib.common.rest_client [req-4ad572c5-c6bd-4712-92a0-f3472639424f req-4ad572c5-c6bd-4712-92a0-f3472639424f ] Request (AttachVolumeTestJSON:test_attach_detach_volume): 200 GET http://10.180.1.21/compute/v2.1/servers/0cf548fd-816b-4da6-bd20-35fbc8577866 0.091s
2024-12-24 14:07:19.319 66979 INFO tempest.lib.common.rest_client [req-74ac65b1-0d78-41c5-b150-ff4ab89923a8 req-74ac65b1-0d78-41c5-b150-ff4ab89923a8 ] Request (ServerGroupTestJSON:test_create_server_with_scheduler_hint_group): 200 GET http://10.180.1.21/compute/v2.1/servers/26aa5363-8676-45bf-8b17-185321d4da32 0.047s
2024-12-24 14:07:19.375 66945 INFO tempest.lib.common.rest_client [req-2ae6830a-f600-4090-aa7b-bf6057368890 req-2ae6830a-f600-4090-aa7b-bf6057368890 ] Request (ServersTestJSON:test_create_server_with_ipv6_addr_only): 200 GET http://10.180.1.21/compute/v2.1/servers/a00a34e1-196f-4773-8073-ce917d48651b 0.047s
2024-12-24 14:07:19.424 67001 INFO tempest.lib.common.rest_client [req-28ac829a-9dd1-4cd9-983e-3dc22cf9725c req-28ac829a-9dd1-4cd9-983e-3dc22cf9725c ] Request (ImagesOneServerTestJSON:setUpClass): 200 GET http://10.180.1.21/compute/v2.1/servers/92ff7c21-e2c6-4d85-aa12-e41672929eda 0.048s
2024-12-24 14:07:19.458 66965 INFO tempest.lib.common.rest_client [req-3f321c7b-14a6-402d-b5be-220e5cd490ad req-3f321c7b-14a6-402d-b5be-220e5cd490ad ] Request (ServersV294TestFqdnHostnames:setUpClass): 200 GET http://10.180.1.21/compute/v2.1/servers/1ac84b7c-aff6-497f-941d-99e16550431c 0.058s
2024-12-24 14:07:19.470 66998 INFO tempest.lib.common.rest_client [req-2075557c-1a40-474d-82f1-7880e6d7cec6 req-2075557c-1a40-474d-82f1-7880e6d7cec6 ] Request (ImagesTestJSON:test_create_image_from_suspended_server): 200 GET http://10.180.1.21/compute/v2.1/servers/30c00475-3e93-45d4-9dbf-ff6fe81b09aa 0.047s
2024-12-24 14:07:19.504 66963 INFO tempest.lib.common.rest_client [req-4844ff16-56a4-426b-b8e9-8defef5e6063 req-4844ff16-56a4-426b-b8e9-8defef5e6063 ] Request (ServerRescueNegativeTestJSON:setUpClass): 200 GET http://10.180.1.21/compute/v2.1/servers/76cdf121-0846-4f03-bcac-a2e6ead239f0 0.055s
2024-12-24 14:07:19.555 66989 INFO tempest.lib.common.rest_client [req-8f671e80-521a-4bc9-bc04-1d7e141c5399 req-8f671e80-521a-4bc9-bc04-1d7e141c5399 ] Request (ServersAdminTestJSON:setUpClass): 200 GET http://10.180.1.21/compute/v2.1/servers/ede9cc61-2c36-4b7a-ae64-3b67604931f0 0.046s
2024-12-24 14:07:19.620 67006 INFO tempest.lib.common.rest_client [req-fad71621-3386-41c9-b442-f3d76ec5d49e req-fad71621-3386-41c9-b442-f3d76ec5d49e ] Request (ServerDiagnosticsV248Test:test_get_server_diagnostics): 200 GET http://10.180.1.21/compute/v2.1/servers/89553d85-1b06-45e3-b3d1-24a869612b8a 0.057s
2024-12-24 14:07:19.661 66993 INFO tempest.lib.common.rest_client [req-216a7c13-e55d-4886-8d02-a0120aef03e3 req-216a7c13-e55d-4886-8d02-a0120aef03e3 ] Request (SecurityGroupsTestJSON:test_list_security_groups_by_server): 200 GET http://10.180.1.21/compute/v2.1/servers/e33ac3cc-493e-4d11-9f4d-7984e56d3d7c 0.054s
2024-12-24 14:07:19.765 66995 INFO tempest.lib.common.rest_client [req-3b503d94-edff-4750-b4ca-156f664f9c0e req-3b503d94-edff-4750-b4ca-156f664f9c0e ] Request (ServerDiagnosticsTest:tearDownClass): 200 GET http://10.180.1.21/compute/v2.1/servers/2c3e5eec-54fd-4e4b-b441-5cc7fe5a33b4 0.068s
2024-12-24 14:07:19.822 66973 INFO tempest.lib.common.rest_client [req-ae4560b4-921f-490c-b5f4-6b250a751588 req-ae4560b4-921f-490c-b5f4-6b250a751588 ] Request (ImagesOneServerNegativeTestJSON:_run_cleanups): 200 GET http://10.180.1.21/compute/v2.1/servers/bf6f1480-abc9-4028-beaa-75f271edd36a 0.067s
2024-12-24 14:07:19.927 66961 INFO tempest.lib.common.rest_client [req-c8c2feae-e9a0-44c1-9c59-a29bec25e887 req-c8c2feae-e9a0-44c1-9c59-a29bec25e887 ] Request (FloatingIPsAssociationNegativeTestJSON:setUpClass): 200 GET http://10.180.1.21/compute/v2.1/servers/f947b843-3d51-4720-9797-4c5859c4d630 0.065s
2024-12-24 14:07:19.962 66975 INFO tempest.lib.common.rest_client [req-4a8c4aa0-d1b8-4f89-83f8-940b5e423c75 req-4a8c4aa0-d1b8-4f89-83f8-940b5e423c75 ] Request (ServerRescueTestJSON:setUpClass): 200 GET http://10.180.1.21/compute/v2.1/servers/556a65af-889d-4150-bd0d-2822964227e4 0.136s
2024-12-24 14:07:19.980 66977 INFO tempest.lib.common.rest_client [req-a680cde2-e208-444b-9114-2da466292d13 req-a680cde2-e208-444b-9114-2da466292d13 ] Request (ListServersNegativeTestJSON:setUpClass): 200 GET http://10.180.1.21/compute/v2.1/servers/85b148aa-ff47-40bd-ac92-c1062306a185 0.081s
2024-12-24 14:07:19.982 66981 WARNING tempest.lib.common.ssh [-] Failed to establish authenticated ssh connection to cirros@10.180.180.191 ([Errno None] Unable to connect to port 22 on 10.180.180.191). Number attempts: 7. Retry after 8 seconds.: paramiko.ssh_exception.NoValidConnectionsError: [Errno None] Unable to connect to port 22 on 10.180.180.191
2024-12-24 14:07:19.987 66977 INFO tempest.common.waiters [-] State transition "ACTIVE/deleting" ==> "DELETED/None" after 4 second wait
2024-12-24 14:07:20.010 66957 INFO tempest.lib.common.rest_client [req-0b8a1a47-785e-48b2-ab3b-a1871a8e28c4 req-0b8a1a47-785e-48b2-ab3b-a1871a8e28c4 ] Request (DeleteServersAdminTestJSON:test_delete_server_while_in_error_state): 200 GET http://10.180.1.21/compute/v2.1/servers/758383d9-21ae-4d18-8c5c-c9be255b12b6 0.052s
2024-12-24 14:07:20.040 66947 INFO tempest.lib.common.rest_client [req-e9621780-97ac-461a-bf21-2c9fb1f6420d req-e9621780-97ac-461a-bf21-2c9fb1f6420d ] Request (ServersAdmin275Test:tearDownClass): 200 GET http://10.180.1.21/compute/v2.1/servers/1641f8a7-84ff-4c9a-b612-923c20d6526e 0.082s
2024-12-24 14:07:20.063 66983 INFO tempest.lib.common.rest_client [req-55334a10-129a-493e-9665-9ab376c244eb req-55334a10-129a-493e-9665-9ab376c244eb ] Request (ServerDiskConfigTestJSON:test_rebuild_server_with_auto_disk_config): 200 GET http://10.180.1.21/compute/v2.1/servers/3b8acb23-1bed-432f-b70e-18a1301fb99c 0.054s
2024-12-24 14:07:20.085 66971 INFO tempest.lib.common.rest_client [req-1bbf2388-d777-4734-a414-c7840e0435a1 req-1bbf2388-d777-4734-a414-c7840e0435a1 ] Request (ListImageFiltersTestJSON:setUpClass): 200 GET http://10.180.1.21/compute/v2.1/servers/eee0885a-ab69-431c-ab0b-3c4ce5067305 0.064s
2024-12-24 14:07:20.113 66955 INFO tempest.lib.common.rest_client [req-dbd12d97-8a7a-4beb-931f-27f5c6a3278a req-dbd12d97-8a7a-4beb-931f-27f5c6a3278a ] Request (ListServerFiltersTestJSON:setUpClass): 200 GET http://10.180.1.21/compute/v2.1/servers/c2657800-ac10-4f71-bf86-2b5b95c65a06 0.056s
2024-12-24 14:07:20.137 66985 INFO tempest.lib.common.rest_client [req-0c193985-b544-41d2-879d-b1ff89451000 req-0c193985-b544-41d2-879d-b1ff89451000 ] Request (ServersTestBootFromVolume:setUpClass): 200 GET http://10.180.1.21/compute/v2.1/servers/ab653e12-3d2f-45ee-a3bc-13b670f26e75 0.060s
2024-12-24 14:07:20.156 66951 INFO tempest.lib.common.rest_client [req-07e660f8-3d13-4d12-b7ed-df9eb6aaa59a req-07e660f8-3d13-4d12-b7ed-df9eb6aaa59a ] Request (VolumesAdminNegativeTest:test_update_attached_volume_with_nonexistent_volume_in_body): 200 GET http://10.180.1.21/compute/v2.1/servers/09d1606b-7a4b-4475-b4c6-7ebc0d7876ae 0.052s
2024-12-24 14:07:20.206 66953 INFO tempest.lib.common.rest_client [req-686232a9-80a6-49ba-ab77-7f478d64fbc1 req-686232a9-80a6-49ba-ab77-7f478d64fbc1 ] Request (ServersAdminNegativeTestJSON:test_migrate_server_invalid_state): 200 GET http://10.180.1.21/compute/v2.1/servers/29bb064c-f652-4672-9fe9-75a09095db39 0.050s
2024-12-24 14:07:20.257 66959 INFO tempest.lib.common.rest_client [req-f488d6a4-2903-4baa-a1c7-10677e79b8d7 req-f488d6a4-2903-4baa-a1c7-10677e79b8d7 ] Request (FloatingIPsAssociationTestJSON:test_associate_already_associated_floating_ip): 200 GET http://10.180.1.21/compute/v2.1/servers/45bf79c4-2f13-4989-846d-0db27325bef3 0.046s
2024-12-24 14:07:20.310 66970 INFO tempest.lib.common.rest_client [req-76983493-d32f-4b9a-ba04-54a6d0f5626e req-76983493-d32f-4b9a-ba04-54a6d0f5626e ] Request (AttachVolumeTestJSON:test_attach_detach_volume): 200 GET http://10.180.1.21/compute/v2.1/servers/0cf548fd-816b-4da6-bd20-35fbc8577866 0.048s
