2024-07-30 16:37:01.935 61679 INFO tempest.lib.common.rest_client [req-a530ffdf-9a2a-4c28-9cc0-95d57f5aacd7 req-a530ffdf-9a2a-4c28-9cc0-95d57f5aacd7 ] Request (AbsoluteLimitsNegativeTestJSON:test_max_metadata_exceed_limit): 403 POST http://10.180.1.21/compute/v2.1/servers 1.226s
2024-07-30 16:37:01.950 61708 INFO tempest.lib.common.rest_client [req-8342a41e-774a-4c2f-bcbb-4a32e98283cd req-8342a41e-774a-4c2f-bcbb-4a32e98283cd ] Request (ServerAddressesNegativeTestJSON:setUpClass): 201 POST http://10.180.1.21/identity/v3/auth/tokens 0.097s
2024-07-30 16:37:01.984 61712 INFO tempest.lib.common.rest_client [req-d0e5a28c-8335-4288-8aca-51e7e6ce807c req-d0e5a28c-8335-4288-8aca-51e7e6ce807c ] Request (ServersAdminNegativeTestJSON:setUpClass): 204 PUT http://10.180.1.21/identity/v3/projects/60838cfb491640fe971d7c4c79e044e1/users/d9910753613e4a1785e5f4ee6c761310/roles/2f9a4920ffff41ccb37a625c034ce060 0.070s
2024-07-30 16:37:01.996 61693 INFO tempest.lib.common.rest_client [req-57a9adb5-bffe-440a-ab4a-ddf9f2b9aad1 req-57a9adb5-bffe-440a-ab4a-ddf9f2b9aad1 ] Request (AggregatesAdminNegativeTestJSON:test_aggregate_remove_nonexistent_host): 404 POST http://10.180.1.21/compute/v2.1/os-aggregates/8/action 1.110s
2024-07-30 16:37:02.012 61675 INFO tempest.lib.common.rest_client [req-19ec1541-df6b-4f3f-bda4-bd958e8d4aa4 req-19ec1541-df6b-4f3f-bda4-bd958e8d4aa4 ] Request (InstanceActionsV221TestJSON:setUpClass): 201 POST http://10.180.1.21:9696/networking/v2.0/networks 0.693s
2024-07-30 16:37:02.025 61713 INFO tempest.lib.common.rest_client [req-5dbd5309-d90e-4b01-be4b-bd0fb56360d9 req-5dbd5309-d90e-4b01-be4b-bd0fb56360d9 ] Request (FlavorsAdminTestJSON:test_is_public_string_variations): 200 GET http://10.180.1.21/compute/v2.1/flavors/detail?is_public=1 1.124s
2024-07-30 16:37:02.062 61712 INFO tempest.lib.common.rest_client [req-67ff866d-45de-4487-bdcf-832862d23c65 req-67ff866d-45de-4487-bdcf-832862d23c65 ] Request (ServersAdminNegativeTestJSON:setUpClass): 200 GET http://10.180.1.21/identity/v3/roles 0.077s
2024-07-30 16:37:02.132 61712 INFO tempest.lib.common.rest_client [req-eeacc5b6-4cf8-4638-a2ea-2bbc6f5b6360 req-eeacc5b6-4cf8-4638-a2ea-2bbc6f5b6360 ] Request (ServersAdminNegativeTestJSON:setUpClass): 204 PUT http://10.180.1.21/identity/v3/projects/60838cfb491640fe971d7c4c79e044e1/users/d9910753613e4a1785e5f4ee6c761310/roles/2f9a4920ffff41ccb37a625c034ce060 0.069s
2024-07-30 16:37:02.132 61712 INFO tempest.lib.common.dynamic_creds [-] Dynamic test user d9910753613e4a1785e5f4ee6c761310 is created with scope project and roles: ['admin']
2024-07-30 16:37:02.133 61712 INFO tempest.lib.common.dynamic_creds [-] Acquired dynamic creds: credentials: Credentials: {'domain_id': 'default', 'domain_name': 'Default', 'username': 'tempest-ServersAdminNegativeTestJSON-196052471-project-admin', 'project_domain_id': 'default', 'project_domain_name': 'Default', 'project_id': '60838cfb491640fe971d7c4c79e044e1', 'project_name': 'tempest-ServersAdminNegativeTestJSON-196052471', 'tenant_id': '60838cfb491640fe971d7c4c79e044e1', 'tenant_name': 'tempest-ServersAdminNegativeTestJSON-196052471', 'user_domain_id': 'default', 'user_domain_name': 'Default', 'user_id': 'd9910753613e4a1785e5f4ee6c761310', 'system': None}, Network: None, Subnet: None, Router: None
2024-07-30 16:37:02.133 61712 INFO tempest.lib.common.dynamic_creds [-] Created isolated network resources for: credentials: Credentials: {'domain_id': 'default', 'domain_name': 'Default', 'username': 'tempest-ServersAdminNegativeTestJSON-196052471-project-admin', 'project_domain_id': 'default', 'project_domain_name': 'Default', 'project_id': '60838cfb491640fe971d7c4c79e044e1', 'project_name': 'tempest-ServersAdminNegativeTestJSON-196052471', 'tenant_id': '60838cfb491640fe971d7c4c79e044e1', 'tenant_name': 'tempest-ServersAdminNegativeTestJSON-196052471', 'user_domain_id': 'default', 'user_domain_name': 'Default', 'user_id': 'd9910753613e4a1785e5f4ee6c761310', 'system': None}, Network: None, Subnet: None, Router: None
2024-07-30 16:37:02.154 61705 INFO tempest.lib.common.rest_client [req-12816dc6-c315-40ca-93e9-f776651f28e4 req-12816dc6-c315-40ca-93e9-f776651f28e4 ] Request (ServersTestFqdnHostnames:test_create_server_with_fqdn_name): 204 DELETE http://10.180.1.21/compute/v2.1/servers/c3b983f0-7f2d-415a-9780-109efb05867f 1.296s
2024-07-30 16:37:02.170 61690 INFO tempest.lib.common.rest_client [req-ac5553c3-904b-4b65-8e40-97022ae1654f req-ac5553c3-904b-4b65-8e40-97022ae1654f ] Request (AttachVolumeTestJSON:test_attach_detach_volume): 200 GET http://10.180.1.21/compute/v2.1/servers/ad4b3d36-eebd-4091-bbee-3e1107d08ef4 1.236s
2024-07-30 16:37:02.198 61679 INFO tempest.lib.common.rest_client [req-2198ab85-c5af-4590-873b-ed08e0e72cdb req-2198ab85-c5af-4590-873b-ed08e0e72cdb ] Request (AbsoluteLimitsNegativeTestJSON:tearDownClass): 204 DELETE http://10.180.1.21/identity/v3/users/2c3df447bd334f20a9f3c68a7836cb5a 0.260s
2024-07-30 16:37:02.199 61679 INFO tempest.lib.common.dynamic_creds [-] Deleting project and security group for project: d0396d124adc4d24a0e35c0bfdac45f3
2024-07-30 16:37:02.227 61712 INFO tempest.lib.common.rest_client [req-b5754a6e-a1a8-42a4-94a3-0401066cfa0b req-b5754a6e-a1a8-42a4-94a3-0401066cfa0b ] Request (ServersAdminNegativeTestJSON:setUpClass): 201 POST http://10.180.1.21/identity/v3/auth/tokens 0.092s
2024-07-30 16:37:02.260 61727 INFO tempest.lib.common.rest_client [req-ba8ef373-efc2-448a-8a11-1cd3669d2f89 req-ba8ef373-efc2-448a-8a11-1cd3669d2f89 ] Request (DeleteServersAdminTestJSON:test_admin_delete_servers_of_others): 200 GET http://10.180.1.21/compute/v2.1/servers/88950536-6e3b-422d-964d-36c87097c0e3 1.183s
2024-07-30 16:37:02.267 61727 INFO tempest.common.waiters [-] State transition "BUILD/spawning" ==> "ERROR/None" after 34 second wait
2024-07-30 16:37:02.279 61697 INFO tempest.lib.common.rest_client [req-1bea9be7-e350-41aa-8cdd-edfce93c431b req-1bea9be7-e350-41aa-8cdd-edfce93c431b ] Request (MigrationsAdminTest:test_list_migrations_in_flavor_resize_situation): 200 GET http://10.180.1.21/compute/v2.1/servers/f5de2f84-ffac-4c85-b534-d52ed7b8a430 1.141s
2024-07-30 16:37:02.280 61679 INFO tempest.lib.common.rest_client [req-6ccd8e29-099d-445e-8ad9-148aa2e0645c req-6ccd8e29-099d-445e-8ad9-148aa2e0645c ] Request (AbsoluteLimitsNegativeTestJSON:tearDownClass): 201 POST http://10.180.1.21/identity/v3/auth/tokens 0.081s
2024-07-30 16:37:02.286 61697 INFO tempest.common.waiters [-] State transition "BUILD/spawning" ==> "BUILD/scheduling" after 33 second wait
2024-07-30 16:37:02.292 61683 INFO tempest.lib.common.rest_client [req-802c5929-0852-4c0c-8796-3e8eb157655a req-802c5929-0852-4c0c-8796-3e8eb157655a ] Request (ListImageFiltersTestJSON:setUpClass): 200 GET http://10.180.1.21/compute/v2.1/images/3aa6d846-3f3d-42be-abb0-eb87c0430649 1.102s
2024-07-30 16:37:02.309 61712 INFO tempest.lib.common.rest_client [req-3869da76-3655-4a2b-a2c2-4ce4e59a8e7d req-3869da76-3655-4a2b-a2c2-4ce4e59a8e7d ] Request (ServersAdminNegativeTestJSON:setUpClass): 201 POST http://10.180.1.21/identity/v3/auth/tokens 0.077s
2024-07-30 16:37:02.309 61712 INFO tempest.lib.common.fixed_network [-] (ServersAdminNegativeTestJSON:setUpClass) Found network None available for tenant
2024-07-30 16:37:02.407 61716 INFO tempest.lib.common.rest_client [req-6b207852-374a-46b3-bcf7-582e98409e09 req-6b207852-374a-46b3-bcf7-582e98409e09 ] Request (ServerPasswordTestJSON:setUpClass): 200 GET http://10.180.1.21/compute/v2.1/servers/3aa938d5-d32c-4a46-812f-eadcb2d066a9 1.046s
2024-07-30 16:37:02.457 61665 INFO tempest.lib.common.rest_client [req-fef2d7dc-99fc-4e38-9b57-4beabd07baa0 req-fef2d7dc-99fc-4e38-9b57-4beabd07baa0 ] Request (ImagesNegativeTestJSON:test_create_image_from_deleted_server): 200 GET http://10.180.1.21/compute/v2.1/servers/74903ed0-06d8-4296-bd4a-3c1f9e3ac318 1.174s
2024-07-30 16:37:02.519 61671 INFO tempest.lib.common.rest_client [req-0c64f83e-94be-4152-86e1-cea13f02a681 req-0c64f83e-94be-4152-86e1-cea13f02a681 ] Request (ServersAdminTestJSON:setUpClass): 200 GET http://10.180.1.21/compute/v2.1/servers/60310658-f721-4b0a-85b6-10f15b6a904e 1.052s
2024-07-30 16:37:02.541 61663 INFO tempest.lib.common.rest_client [req-48136a5e-094d-4590-ab71-67382545ea29 req-48136a5e-094d-4590-ab71-67382545ea29 ] Request (NetworksTest:tearDownClass): 200 GET http://10.180.1.21:9696/networking/v2.0/security-groups?tenant_id=a07154928b364d9a9dd227639a32813a&name=default 0.710s
2024-07-30 16:37:02.579 61673 INFO tempest.lib.common.rest_client [req-cb526794-7182-46f5-8d5c-ba22e99a2a81 req-cb526794-7182-46f5-8d5c-ba22e99a2a81 ] Request (SecurityGroupsTestJSON:test_list_security_groups_by_server): 200 GET http://10.180.1.21/compute/v2.1/servers/57d5c7fb-77a6-4deb-8b4f-989e53979ac8 1.012s
2024-07-30 16:37:02.634 61709 INFO tempest.lib.common.rest_client [req-eac2a867-53bc-4944-aa6f-2f69ff6f0779 req-eac2a867-53bc-4944-aa6f-2f69ff6f0779 ] Request (FloatingIPsAssociationNegativeTestJSON:setUpClass): 200 GET http://10.180.1.21/compute/v2.1/servers/42e758af-b971-4a3e-803d-d9ee64a909f8 0.931s
2024-07-30 16:37:02.671 61679 INFO tempest.lib.common.rest_client [req-6eda5397-9a2a-4e98-946f-3bac5755f97a req-6eda5397-9a2a-4e98-946f-3bac5755f97a ] Request (AbsoluteLimitsNegativeTestJSON:tearDownClass): 200 GET http://10.180.1.21:9696/networking/v2.0/security-groups?tenant_id=d0396d124adc4d24a0e35c0bfdac45f3&name=default 0.390s
2024-07-30 16:37:02.700 61700 INFO tempest.lib.common.rest_client [req-40e5313a-caa9-4f0a-b4a1-4390643d546f req-40e5313a-caa9-4f0a-b4a1-4390643d546f ] Request (FloatingIPDetailsNegativeTestJSON:tearDownClass): 200 PUT http://10.180.1.21:9696/networking/v2.0/routers/192c2d44-6ba6-47aa-9714-aabd4745efb1/remove_router_interface 1.615s
2024-07-30 16:37:02.706 61724 INFO tempest.lib.common.rest_client [req-99cb496e-74c4-4c19-ad63-e34542625529 req-99cb496e-74c4-4c19-ad63-e34542625529 ] Request (ListServerFiltersTestJSON:setUpClass): 200 GET http://10.180.1.21/compute/v2.1/servers/b521881e-9238-4a51-b737-4f5ea2b8481b 0.986s
2024-07-30 16:37:02.711 61667 INFO tempest.lib.common.rest_client [req-dbfa5c3a-8c36-4741-956f-f15a4d0ba489 req-dbfa5c3a-8c36-4741-956f-f15a4d0ba489 ] Request (KeyPairsNegativeTestJSON:test_create_keypair_with_long_keynames): 400 POST http://10.180.1.21/compute/v2.1/os-keypairs 0.988s
2024-07-30 16:37:02.807 61720 INFO tempest.lib.common.rest_client [req-e55bfb21-1a92-4352-a314-df2452437cea req-e55bfb21-1a92-4352-a314-df2452437cea ] Request (VolumesAdminNegativeTest:setUpClass): 201 POST http://10.180.1.21:9696/networking/v2.0/routers 2.043s
2024-07-30 16:37:02.811 61701 INFO tempest.lib.common.rest_client [req-56965165-447a-43c2-9d3e-1772df6883c2 req-56965165-447a-43c2-9d3e-1772df6883c2 ] Request (ServerActionsV293TestJSON:setUpClass): 200 GET http://10.180.1.21/volume/v3/461b682da4054c12a3ac3b62720cd027/volumes/9f844115-adce-4837-9950-573a197b989f 0.032s
2024-07-30 16:37:02.821 61717 INFO tempest.lib.common.rest_client [req-c4212156-40e5-4ca7-bcee-53824cec237f req-c4212156-40e5-4ca7-bcee-53824cec237f ] Request (ServerExternalEventsTest:test_create_server_external_events): 200 GET http://10.180.1.21/compute/v2.1/servers/50ee586d-eacd-4e08-a85a-4396818a5b77 1.056s
2024-07-30 16:37:02.895 61723 INFO tempest.lib.common.rest_client [req-eef05301-e0c1-4cd0-bd62-6b86f9fed624 req-eef05301-e0c1-4cd0-bd62-6b86f9fed624 ] Request (ImagesOneServerNegativeTestJSON:setUpClass): 200 GET http://10.180.1.21/compute/v2.1/servers/3f1f412a-5cc1-4798-9f79-036211a934d1 1.097s
2024-07-30 16:37:02.969 61691 INFO tempest.lib.common.rest_client [req-732cc7e4-bd8e-4489-a1a5-caace8442156 req-732cc7e4-bd8e-4489-a1a5-caace8442156 ] Request (SecurityGroupsTestAdminJSON:test_list_security_groups_list_all_tenants_filter): 200 POST http://10.180.1.21/compute/v2.1/os-security-groups 1.450s
2024-07-30 16:37:02.976 61669 INFO tempest.lib.common.rest_client [req-4a8574d8-18e7-43c5-9f94-1e1e13c68cad req-4a8574d8-18e7-43c5-9f94-1e1e13c68cad ] Request (DeleteServersTestJSON:test_delete_active_server): 200 GET http://10.180.1.21/compute/v2.1/servers/95260119-4e35-4989-adf3-1fe39ff5de2d 1.095s
2024-07-30 16:37:02.977 61675 INFO tempest.lib.common.rest_client [req-3b64186f-9d0d-4dae-9680-1c7b7344b53f req-3b64186f-9d0d-4dae-9680-1c7b7344b53f ] Request (InstanceActionsV221TestJSON:setUpClass): 201 POST http://10.180.1.21:9696/networking/v2.0/subnets 0.964s
2024-07-30 16:37:02.999 61693 INFO tempest.lib.common.rest_client [req-ec3ca1d1-056c-4571-8540-0bb0228cc333 req-ec3ca1d1-056c-4571-8540-0bb0228cc333 ] Request (AggregatesAdminNegativeTestJSON:_run_cleanups): 200 DELETE http://10.180.1.21/compute/v2.1/os-aggregates/8 1.003s
2024-07-30 16:37:03.006 61679 INFO tempest.lib.common.rest_client [req-fe95088a-7319-46b2-b39f-1659b2078fd7 req-fe95088a-7319-46b2-b39f-1659b2078fd7 ] Request (AbsoluteLimitsNegativeTestJSON:tearDownClass): 204 DELETE http://10.180.1.21:9696/networking/v2.0/security-groups/9e6ebeb3-6065-4a55-bcf0-b1e8b4ee5cf9 0.334s
2024-07-30 16:37:03.026 61713 INFO tempest.lib.common.rest_client [req-9bcd844e-5226-4ade-bd5a-492c60c4875b req-9bcd844e-5226-4ade-bd5a-492c60c4875b ] Request (FlavorsAdminTestJSON:_run_cleanups): 202 DELETE http://10.180.1.21/compute/v2.1/flavors/102175344 0.997s
2024-07-30 16:37:03.028 61663 INFO tempest.lib.common.rest_client [req-87c26fa7-26ee-4ba6-8b68-1346f406b1c4 req-87c26fa7-26ee-4ba6-8b68-1346f406b1c4 ] Request (NetworksTest:tearDownClass): 204 DELETE http://10.180.1.21:9696/networking/v2.0/security-groups/06c0665c-1e4f-4d19-8fb2-4a2cc05a65f7 0.486s
2024-07-30 16:37:03.036 61708 INFO tempest.lib.common.rest_client [req-81c1261b-4ca8-450b-b8c7-665a1ad82904 req-81c1261b-4ca8-450b-b8c7-665a1ad82904 ] Request (ServerAddressesNegativeTestJSON:setUpClass): 201 POST http://10.180.1.21:9696/networking/v2.0/networks 1.086s
2024-07-30 16:37:03.049 61705 INFO tempest.lib.common.rest_client [req-16aaa35f-b27c-47a5-914f-962b425921ea req-16aaa35f-b27c-47a5-914f-962b425921ea ] Request (ServersTestFqdnHostnames:test_create_server_with_fqdn_name): 404 GET http://10.180.1.21/compute/v2.1/servers/c3b983f0-7f2d-415a-9780-109efb05867f 0.895s
2024-07-30 16:37:03.109 61693 INFO tempest.lib.common.rest_client [req-3550505a-b066-4b08-8323-f012a91e86e5 req-3550505a-b066-4b08-8323-f012a91e86e5 ] Request (AggregatesAdminNegativeTestJSON:tearDownClass): 204 DELETE http://10.180.1.21/identity/v3/users/8f08d4cbe1724b07b23472b8e49d69e6 0.108s
2024-07-30 16:37:03.151 61695 INFO tempest.lib.common.rest_client [req-293f13e5-1293-41ab-8054-a56ad85697f2 req-293f13e5-1293-41ab-8054-a56ad85697f2 ] Request (ServerTagsTestJSON:setUpClass): 200 GET http://10.180.1.21/compute/v2.1/servers/b47d77a2-95cc-4031-99de-919cd96f42cd 0.994s
2024-07-30 16:37:03.161 61681 INFO tempest.lib.common.rest_client [req-ece8153a-510f-4c20-bac4-bbcb709371b1 req-ece8153a-510f-4c20-bac4-bbcb709371b1 ] Request (QuotaClassesAdmin257Test:test_update_default_quotas): 200 GET http://10.180.1.21/compute/v2.1/os-quota-class-sets/default 1.203s
2024-07-30 16:37:03.213 61683 INFO tempest.lib.common.rest_client [req-807d2240-5418-4f86-81e2-edeaa1fc67d4 req-807d2240-5418-4f86-81e2-edeaa1fc67d4 ] Request (ListImageFiltersTestJSON:setUpClass): 200 GET http://10.180.1.21/compute/v2.1/images/3aa6d846-3f3d-42be-abb0-eb87c0430649 0.918s
2024-07-30 16:37:03.265 61685 INFO tempest.lib.common.rest_client [req-2585a215-6ea7-47db-8fdb-ef0117cf0468 req-2585a215-6ea7-47db-8fdb-ef0117cf0468 ] Request (ServersTestJSON:setUpClass): 200 PUT http://10.180.1.21:9696/networking/v2.0/routers/5400201c-4724-4d39-aa3e-d40ac47571b8/add_router_interface 2.183s
2024-07-30 16:37:03.265 61685 INFO tempest.lib.common.dynamic_creds [-] Created isolated network resources for: credentials: Credentials: {'domain_id': 'default', 'domain_name': 'Default', 'username': 'tempest-ServersTestJSON-334706092-project-member', 'project_domain_id': 'default', 'project_domain_name': 'Default', 'project_id': 'a99410efe67f4521845cd6c6e530a794', 'project_name': 'tempest-ServersTestJSON-334706092', 'tenant_id': 'a99410efe67f4521845cd6c6e530a794', 'tenant_name': 'tempest-ServersTestJSON-334706092', 'user_domain_id': 'default', 'user_domain_name': 'Default', 'user_id': '8a6b5223ab3647f3aaa664d5c9237a38', 'system': None}, Network: {'id': '518153b5-ce2c-4cd7-a2de-e594af5dbb1c', 'name': 'tempest-ServersTestJSON-1300960669-network', 'tenant_id': 'a99410efe67f4521845cd6c6e530a794', 'admin_state_up': True, 'mtu': 8950, 'status': 'ACTIVE', 'subnets': [], 'shared': False, 'project_id': 'a99410efe67f4521845cd6c6e530a794', 'port_security_enabled': True, 'router:external': False, 'provider:network_type': 'vlan', 'provider:physical_network': 'default', 'provider:segmentation_id': 833, 'is_default': False, 'availability_zone_hints': [], 'availability_zones': [], 'ipv4_address_scope': None, 'ipv6_address_scope': None, 'description': '', 'tags': [], 'created_at': '2024-07-30T16:36:58Z', 'updated_at': '2024-07-30T16:36:58Z', 'revision_number': 1}, Subnet: {'id': '1a83ec3d-752e-4afd-b75f-92e80b1a91c7', 'name': 'tempest-ServersTestJSON-1300960669-subnet', 'tenant_id': 'a99410efe67f4521845cd6c6e530a794', 'network_id': '518153b5-ce2c-4cd7-a2de-e594af5dbb1c', 'ip_version': 4, 'subnetpool_id': None, 'enable_dhcp': True, 'ipv6_ra_mode': None, 'ipv6_address_mode': None, 'gateway_ip': '192.168.128.1', 'cidr': '192.168.128.0/28', 'allocation_pools': [{'start': '192.168.128.2', 'end': '192.168.128.14'}], 'host_routes': [], 'dns_nameservers': [], 'description': '', 'router:external': False, 'service_types': [], 'tags': [], 'created_at': '2024-07-30T16:36:58Z', 'updated_at': '2024-07-30T16:36:58Z', 'revision_number': 0, 'project_id': 'a99410efe67f4521845cd6c6e530a794'}, Router: {'id': '5400201c-4724-4d39-aa3e-d40ac47571b8', 'name': 'tempest-ServersTestJSON-1300960669-router', 'tenant_id': 'a99410efe67f4521845cd6c6e530a794', 'admin_state_up': True, 'status': 'ACTIVE', 'external_gateway_info': {'network_id': 'feb14274-fd8a-4222-ba8e-3e7ae28ecb46', 'external_fixed_ips': [{'subnet_id': '15958c67-1b28-407d-8089-d9f43033a32b', 'ip_address': '10.180.180.151'}], 'enable_snat': True}, 'description': '', 'availability_zones': [], 'distributed': False, 'ha': False, 'availability_zone_hints': [], 'routes': [], 'flavor_id': None, 'tags': [], 'created_at': '2024-07-30T16:36:59Z', 'updated_at': '2024-07-30T16:37:00Z', 'revision_number': 2, 'project_id': 'a99410efe67f4521845cd6c6e530a794'}
2024-07-30 16:37:03.281 61679 INFO tempest.lib.common.rest_client [req-05298ff2-35dd-45c7-8d5e-7a6a328a5882 req-05298ff2-35dd-45c7-8d5e-7a6a328a5882 ] Request (AbsoluteLimitsNegativeTestJSON:tearDownClass): 204 DELETE http://10.180.1.21/identity/v3/projects/d0396d124adc4d24a0e35c0bfdac45f3 0.274s
2024-07-30 16:37:03.293 61663 INFO tempest.lib.common.rest_client [req-fee0ac97-eb6c-4ff4-b2dd-e751d4886863 req-fee0ac97-eb6c-4ff4-b2dd-e751d4886863 ] Request (NetworksTest:tearDownClass): 204 DELETE http://10.180.1.21/identity/v3/projects/a07154928b364d9a9dd227639a32813a 0.265s
2024-07-30 16:37:03.293 61663 INFO tempest.lib.common.dynamic_creds [-] Deleting project and security group for project: 32a0cd27b16a4eb8aa658d18c52a7bed
2024-07-30 16:37:03.498 61727 INFO tempest.lib.common.rest_client [req-1878ddfe-9eb4-4b5b-a32d-70d1d058e8c6 req-1878ddfe-9eb4-4b5b-a32d-70d1d058e8c6 ] Request (DeleteServersAdminTestJSON:test_admin_delete_servers_of_others): 204 DELETE http://10.180.1.21/compute/v2.1/servers/88950536-6e3b-422d-964d-36c87097c0e3 1.230s
2024-07-30 16:37:03.516 61700 INFO tempest.lib.common.rest_client [req-c2e11708-633e-4f84-bc5f-2bb49f54c8bb req-c2e11708-633e-4f84-bc5f-2bb49f54c8bb ] Request (FloatingIPDetailsNegativeTestJSON:tearDownClass): 204 DELETE http://10.180.1.21:9696/networking/v2.0/routers/192c2d44-6ba6-47aa-9714-aabd4745efb1 0.815s
2024-07-30 16:37:03.523 61693 INFO tempest.lib.common.rest_client [req-f676b548-90d7-4735-9ef2-700c49dc885e req-f676b548-90d7-4735-9ef2-700c49dc885e ] Request (AggregatesAdminNegativeTestJSON:tearDownClass): 204 DELETE http://10.180.1.21/identity/v3/users/2675a0c9ab8347159dbd3c726fa5b732 0.414s
2024-07-30 16:37:03.523 61693 INFO tempest.lib.common.dynamic_creds [-] Deleting project and security group for project: 50750520dbd74c808e6d540bfb39eb89
2024-07-30 16:37:03.590 61663 INFO tempest.lib.common.rest_client [req-81156a22-0ff8-4b2a-bea8-39fc02d6e7b5 req-81156a22-0ff8-4b2a-bea8-39fc02d6e7b5 ] Request (NetworksTest:tearDownClass): 200 GET http://10.180.1.21:9696/networking/v2.0/security-groups?tenant_id=32a0cd27b16a4eb8aa658d18c52a7bed&name=default 0.296s
2024-07-30 16:37:03.604 61679 INFO tempest.lib.common.rest_client [req-76f35180-d5ed-483a-919e-52fccf8bbde8 req-76f35180-d5ed-483a-919e-52fccf8bbde8 ] Request (AttachInterfacesV270Test:setUpClass): 201 POST http://10.180.1.21/identity/v3/auth/tokens 0.321s
2024-07-30 16:37:03.604 61685 INFO tempest.lib.common.rest_client [req-bb3a799f-0076-4f8c-8326-0f733768ea6a req-bb3a799f-0076-4f8c-8326-0f733768ea6a ] Request (ServersTestJSON:setUpClass): 201 POST http://10.180.1.21/identity/v3/auth/tokens 0.335s
2024-07-30 16:37:03.610 61704 INFO tempest.lib.common.rest_client [req-0c27ac60-f09c-4598-8117-aed6ed116cbe req-0c27ac60-f09c-4598-8117-aed6ed116cbe ] Request (ServerShowV254Test:test_rebuild_server): 200 GET http://10.180.1.21/compute/v2.1/servers/0c803c66-192c-4961-8d65-6ed87a048861 1.034s
2024-07-30 16:37:03.631 61693 INFO tempest.lib.common.rest_client [req-37486a99-eaea-4f3d-af41-8b028544c29c req-37486a99-eaea-4f3d-af41-8b028544c29c ] Request (AggregatesAdminNegativeTestJSON:tearDownClass): 201 POST http://10.180.1.21/identity/v3/auth/tokens 0.108s
2024-07-30 16:37:03.656 61679 INFO tempest.lib.common.rest_client [req-77eb303f-b97e-4f43-8a2e-0bbfc2fe154a req-77eb303f-b97e-4f43-8a2e-0bbfc2fe154a ] Request (AttachInterfacesV270Test:setUpClass): 201 POST http://10.180.1.21/identity/v3/auth/tokens 0.049s
2024-07-30 16:37:03.684 61677 INFO tempest.lib.common.rest_client [req-ccdbfce4-5d11-4825-b25a-75a27c86e04b req-ccdbfce4-5d11-4825-b25a-75a27c86e04b ] Request (VolumesAssistedSnapshotsTest:test_volume_assisted_snapshot_create_delete): 200 GET http://10.180.1.21/compute/v2.1/servers/361bd564-53ca-418f-8805-bfdf9a636b1d 0.997s
2024-07-30 16:37:03.689 61677 INFO tempest.common.waiters [-] State transition "BUILD/scheduling" ==> "BUILD/None" after 20 second wait
2024-07-30 16:37:03.697 61708 INFO tempest.lib.common.rest_client [req-1c8f8c49-053e-48b6-aeb4-32449fac7693 req-1c8f8c49-053e-48b6-aeb4-32449fac7693 ] Request (ServerAddressesNegativeTestJSON:setUpClass): 201 POST http://10.180.1.21:9696/networking/v2.0/subnets 0.660s
2024-07-30 16:37:03.722 61667 INFO tempest.lib.common.rest_client [req-2906ba4a-d66e-4892-8359-0fb0e560bb7f req-2906ba4a-d66e-4892-8359-0fb0e560bb7f ] Request (KeyPairsNegativeTestJSON:test_keypair_create_with_invalid_pub_key): 400 POST http://10.180.1.21/compute/v2.1/os-keypairs 1.009s
2024-07-30 16:37:03.725 61679 INFO tempest.lib.common.rest_client [req-4d52dfda-475a-43e0-bd17-824f53162f29 req-4d52dfda-475a-43e0-bd17-824f53162f29 ] Request (AttachInterfacesV270Test:setUpClass): 200 GET http://10.180.1.21/identity/v3/domains?name=Default 0.069s
2024-07-30 16:37:03.763 61679 INFO tempest.lib.common.rest_client [req-d3767cfa-e900-43a4-b0e9-a025593b12e8 req-d3767cfa-e900-43a4-b0e9-a025593b12e8 ] Request (AttachInterfacesV270Test:setUpClass): 201 POST http://10.180.1.21/identity/v3/projects 0.036s
2024-07-30 16:37:03.852 61701 INFO tempest.lib.common.rest_client [req-d27633a9-7f77-4af5-b1d3-1b3e26cf3817 req-d27633a9-7f77-4af5-b1d3-1b3e26cf3817 ] Request (ServerActionsV293TestJSON:setUpClass): 200 GET http://10.180.1.21/volume/v3/461b682da4054c12a3ac3b62720cd027/volumes/9f844115-adce-4837-9950-573a197b989f 0.033s
2024-07-30 16:37:03.858 61679 INFO tempest.lib.common.rest_client [req-719623d5-5cf2-41eb-b4b8-25f3c17f1b3e req-719623d5-5cf2-41eb-b4b8-25f3c17f1b3e ] Request (AttachInterfacesV270Test:setUpClass): 201 POST http://10.180.1.21/identity/v3/users 0.095s
2024-07-30 16:37:03.885 61679 INFO tempest.lib.common.rest_client [req-4c15cc07-4c8e-4cf5-9d3f-f85b4db45791 req-4c15cc07-4c8e-4cf5-9d3f-f85b4db45791 ] Request (AttachInterfacesV270Test:setUpClass): 200 GET http://10.180.1.21/identity/v3/roles 0.027s
2024-07-30 16:37:03.902 61683 INFO tempest.lib.common.rest_client [req-cdd747fc-63bb-42d5-b032-f3c3e8ab93ed req-cdd747fc-63bb-42d5-b032-f3c3e8ab93ed ] Request (ListImageFiltersTestJSON:setUpClass): 201 POST http://10.180.1.21/image/v2/images 0.686s
2024-07-30 16:37:03.905 61700 INFO tempest.lib.common.rest_client [req-f0b4cde3-25f6-4e0d-b668-f764cb22e774 req-f0b4cde3-25f6-4e0d-b668-f764cb22e774 ] Request (FloatingIPDetailsNegativeTestJSON:tearDownClass): 204 DELETE http://10.180.1.21:9696/networking/v2.0/subnets/63ccac3e-5914-4fe7-b7a5-4e31f3eb1e83 0.388s
2024-07-30 16:37:03.934 61679 INFO tempest.lib.common.rest_client [req-10602326-3197-49a8-a015-b0c94dff830f req-10602326-3197-49a8-a015-b0c94dff830f ] Request (AttachInterfacesV270Test:setUpClass): 204 PUT http://10.180.1.21/identity/v3/projects/3f3e62d2b0ef4bf9a01f8cb6a2368c92/users/2b297aa634654bb898f501ef70734666/roles/9c38ef3ae02447e49deec21ad3ab26d0 0.049s
2024-07-30 16:37:03.934 61679 INFO tempest.lib.common.dynamic_creds [-] Dynamic test user 2b297aa634654bb898f501ef70734666 is created with scope project and roles: ['member']
2024-07-30 16:37:03.935 61679 INFO tempest.lib.common.dynamic_creds [-] Acquired dynamic creds: credentials: Credentials: {'domain_id': 'default', 'domain_name': 'Default', 'username': 'tempest-AttachInterfacesV270Test-542668145-project-member', 'project_domain_id': 'default', 'project_domain_name': 'Default', 'project_id': '3f3e62d2b0ef4bf9a01f8cb6a2368c92', 'project_name': 'tempest-AttachInterfacesV270Test-542668145', 'tenant_id': '3f3e62d2b0ef4bf9a01f8cb6a2368c92', 'tenant_name': 'tempest-AttachInterfacesV270Test-542668145', 'user_domain_id': 'default', 'user_domain_name': 'Default', 'user_id': '2b297aa634654bb898f501ef70734666', 'system': None}, Network: None, Subnet: None, Router: None
2024-07-30 16:37:03.936 61712 INFO tempest.lib.common.rest_client [req-9dceba40-5b99-441f-b7db-a81d8bac4565 req-9dceba40-5b99-441f-b7db-a81d8bac4565 ] Request (ServersAdminNegativeTestJSON:setUpClass): 202 POST http://10.180.1.21/compute/v2.1/servers 1.625s
2024-07-30 16:37:03.970 61713 INFO tempest.lib.common.rest_client [req-597c11d5-34b0-4e62-8585-cbc9c83074d3 req-597c11d5-34b0-4e62-8585-cbc9c83074d3 ] Request (FlavorsAdminTestJSON:_run_cleanups): 200 GET http://10.180.1.21/compute/v2.1/flavors/detail 0.943s
2024-07-30 16:37:03.984 61705 INFO tempest.lib.common.rest_client [req-6f271c8f-28cc-4e19-801e-e29cfb285fa5 req-6f271c8f-28cc-4e19-801e-e29cfb285fa5 ] Request (ServersTestFqdnHostnames:tearDownClass): 202 DELETE http://10.180.1.21/compute/v2.1/os-keypairs/tempest-keypair-2048335091 0.928s
2024-07-30 16:37:04.009 61679 INFO tempest.lib.common.rest_client [req-4d95aa15-9f25-4a83-a130-e752f4cff2e9 req-4d95aa15-9f25-4a83-a130-e752f4cff2e9 ] Request (AttachInterfacesV270Test:setUpClass): 201 POST http://10.180.1.21/identity/v3/auth/tokens 0.074s
2024-07-30 16:37:04.069 61681 INFO tempest.lib.common.rest_client [req-05dd4e79-29ac-4dd7-9c27-948706db4db2 req-05dd4e79-29ac-4dd7-9c27-948706db4db2 ] Request (QuotaClassesAdmin257Test:test_update_default_quotas): 200 PUT http://10.180.1.21/compute/v2.1/os-quota-class-sets/default 0.906s
2024-07-30 16:37:04.079 61663 INFO tempest.lib.common.rest_client [req-b5e9a328-099b-46cc-9c48-e2c8c0c56663 req-b5e9a328-099b-46cc-9c48-e2c8c0c56663 ] Request (NetworksTest:tearDownClass): 204 DELETE http://10.180.1.21:9696/networking/v2.0/security-groups/122dfa6a-094a-42c1-bfad-d790210971c7 0.489s
2024-07-30 16:37:04.134 61693 INFO tempest.lib.common.rest_client [req-1f9aff42-f292-47e9-b84c-ec879776dbe0 req-1f9aff42-f292-47e9-b84c-ec879776dbe0 ] Request (AggregatesAdminNegativeTestJSON:tearDownClass): 200 GET http://10.180.1.21:9696/networking/v2.0/security-groups?tenant_id=50750520dbd74c808e6d540bfb39eb89&name=default 0.502s
2024-07-30 16:37:04.157 61663 INFO tempest.lib.common.rest_client [req-26f16e3e-ba9d-4311-a361-def0ddd33262 req-26f16e3e-ba9d-4311-a361-def0ddd33262 ] Request (NetworksTest:tearDownClass): 204 DELETE http://10.180.1.21/identity/v3/projects/32a0cd27b16a4eb8aa658d18c52a7bed 0.078s
2024-07-30 16:37:04.175 61690 INFO tempest.lib.common.rest_client [req-95c9592f-54aa-44aa-ae5b-85359786f1d3 req-95c9592f-54aa-44aa-ae5b-85359786f1d3 ] Request (AttachVolumeTestJSON:test_attach_detach_volume): 200 GET http://10.180.1.21/compute/v2.1/servers/ad4b3d36-eebd-4091-bbee-3e1107d08ef4 0.997s
2024-07-30 16:37:04.216 61663 INFO tempest.lib.common.rest_client [req-44e6d28d-38ac-4f45-a660-509275bb1359 req-44e6d28d-38ac-4f45-a660-509275bb1359 ] Request (QuotasAdminNegativeTest:setUpClass): 201 POST http://10.180.1.21/identity/v3/auth/tokens 0.057s
2024-07-30 16:37:04.245 61663 INFO tempest.lib.common.rest_client [req-ccbde678-5370-4e16-a9e4-7d765cdfdcdb req-ccbde678-5370-4e16-a9e4-7d765cdfdcdb ] Request (QuotasAdminNegativeTest:setUpClass): 201 POST http://10.180.1.21/identity/v3/auth/tokens 0.026s
2024-07-30 16:37:04.265 61663 INFO tempest.lib.common.rest_client [req-aa6c93a8-18bf-4a71-9c59-d9b5389227dc req-aa6c93a8-18bf-4a71-9c59-d9b5389227dc ] Request (QuotasAdminNegativeTest:setUpClass): 200 GET http://10.180.1.21/identity/v3/domains?name=Default 0.019s
2024-07-30 16:37:04.279 61697 INFO tempest.lib.common.rest_client [req-cb0fdaa0-1deb-4828-8d20-9f8ae218a5fb req-cb0fdaa0-1deb-4828-8d20-9f8ae218a5fb ] Request (MigrationsAdminTest:test_list_migrations_in_flavor_resize_situation): 200 GET http://10.180.1.21/compute/v2.1/servers/f5de2f84-ffac-4c85-b534-d52ed7b8a430 0.992s
2024-07-30 16:37:04.285 61697 INFO tempest.common.waiters [-] State transition "BUILD/scheduling" ==> "ERROR/None" after 35 second wait
2024-07-30 16:37:04.304 61663 INFO tempest.lib.common.rest_client [req-244f8458-7b20-4639-96a3-03beeaf70134 req-244f8458-7b20-4639-96a3-03beeaf70134 ] Request (QuotasAdminNegativeTest:setUpClass): 201 POST http://10.180.1.21/identity/v3/projects 0.039s
2024-07-30 16:37:04.308 61700 INFO tempest.lib.common.rest_client [req-3dad6b3c-504a-4fc5-9247-9b8afad46dee req-3dad6b3c-504a-4fc5-9247-9b8afad46dee ] Request (FloatingIPDetailsNegativeTestJSON:tearDownClass): 204 DELETE http://10.180.1.21:9696/networking/v2.0/networks/064f9931-a0a9-4b33-a73c-583be1d35795 0.402s
2024-07-30 16:37:04.365 61716 INFO tempest.lib.common.rest_client [req-357eaa5d-5296-47e4-ab5a-ab44181e46df req-357eaa5d-5296-47e4-ab5a-ab44181e46df ] Request (ServerPasswordTestJSON:setUpClass): 200 GET http://10.180.1.21/compute/v2.1/servers/3aa938d5-d32c-4a46-812f-eadcb2d066a9 0.950s
2024-07-30 16:37:04.367 61663 INFO tempest.lib.common.rest_client [req-e768bff5-0788-43be-a04f-6dd8cd38b98c req-e768bff5-0788-43be-a04f-6dd8cd38b98c ] Request (QuotasAdminNegativeTest:setUpClass): 201 POST http://10.180.1.21/identity/v3/users 0.062s
2024-07-30 16:37:04.392 61663 INFO tempest.lib.common.rest_client [req-9985a786-9778-4525-8acc-c5e6e4523e1f req-9985a786-9778-4525-8acc-c5e6e4523e1f ] Request (QuotasAdminNegativeTest:setUpClass): 200 GET http://10.180.1.21/identity/v3/roles 0.024s
2024-07-30 16:37:04.436 61700 INFO tempest.lib.common.rest_client [req-1b6d9091-bc3a-4708-b2d1-e935cd1a1e51 req-1b6d9091-bc3a-4708-b2d1-e935cd1a1e51 ] Request (FloatingIPDetailsNegativeTestJSON:tearDownClass): 204 DELETE http://10.180.1.21/identity/v3/users/92795ae24de84d879c01b4bf44ee3caf 0.127s
2024-07-30 16:37:04.436 61700 INFO tempest.lib.common.dynamic_creds [-] Deleting project and security group for project: 3ec5f12f3f2047b196c42065db6e6dc1
2024-07-30 16:37:04.460 61663 INFO tempest.lib.common.rest_client [req-2a63cc5c-9366-48ac-8ea6-f4c314cdf4d6 req-2a63cc5c-9366-48ac-8ea6-f4c314cdf4d6 ] Request (QuotasAdminNegativeTest:setUpClass): 204 PUT http://10.180.1.21/identity/v3/projects/eedc55e0afd5476eb1c2a8d22ea2ee14/users/169e57c484e04173b77c43821bde0c33/roles/9c38ef3ae02447e49deec21ad3ab26d0 0.068s
2024-07-30 16:37:04.461 61663 INFO tempest.lib.common.dynamic_creds [-] Dynamic test user 169e57c484e04173b77c43821bde0c33 is created with scope project and roles: ['member']
2024-07-30 16:37:04.461 61663 INFO tempest.lib.common.dynamic_creds [-] Acquired dynamic creds: credentials: Credentials: {'domain_id': 'default', 'domain_name': 'Default', 'username': 'tempest-QuotasAdminNegativeTest-140117931-project-member', 'project_domain_id': 'default', 'project_domain_name': 'Default', 'project_id': 'eedc55e0afd5476eb1c2a8d22ea2ee14', 'project_name': 'tempest-QuotasAdminNegativeTest-140117931', 'tenant_id': 'eedc55e0afd5476eb1c2a8d22ea2ee14', 'tenant_name': 'tempest-QuotasAdminNegativeTest-140117931', 'user_domain_id': 'default', 'user_domain_name': 'Default', 'user_id': '169e57c484e04173b77c43821bde0c33', 'system': None}, Network: None, Subnet: None, Router: None
2024-07-30 16:37:04.461 61663 INFO tempest.lib.common.dynamic_creds [-] Created isolated network resources for: credentials: Credentials: {'domain_id': 'default', 'domain_name': 'Default', 'username': 'tempest-QuotasAdminNegativeTest-140117931-project-member', 'project_domain_id': 'default', 'project_domain_name': 'Default', 'project_id': 'eedc55e0afd5476eb1c2a8d22ea2ee14', 'project_name': 'tempest-QuotasAdminNegativeTest-140117931', 'tenant_id': 'eedc55e0afd5476eb1c2a8d22ea2ee14', 'tenant_name': 'tempest-QuotasAdminNegativeTest-140117931', 'user_domain_id': 'default', 'user_domain_name': 'Default', 'user_id': '169e57c484e04173b77c43821bde0c33', 'system': None}, Network: None, Subnet: None, Router: None
2024-07-30 16:37:04.474 61665 INFO tempest.lib.common.rest_client [req-e8866b07-750c-49dd-b70c-85e705e71430 req-e8866b07-750c-49dd-b70c-85e705e71430 ] Request (ImagesNegativeTestJSON:test_create_image_from_deleted_server): 200 GET http://10.180.1.21/compute/v2.1/servers/74903ed0-06d8-4296-bd4a-3c1f9e3ac318 1.011s
2024-07-30 16:37:04.496 61727 INFO tempest.lib.common.rest_client [req-bf963137-57a3-49a4-a3c0-b3c343302695 req-bf963137-57a3-49a4-a3c0-b3c343302695 ] Request (DeleteServersAdminTestJSON:test_admin_delete_servers_of_others): 404 GET http://10.180.1.21/compute/v2.1/servers/88950536-6e3b-422d-964d-36c87097c0e3 0.997s
2024-07-30 16:37:04.547 61663 INFO tempest.lib.common.rest_client [req-355e1715-99c1-4bfd-9846-a8a2aa21c753 req-355e1715-99c1-4bfd-9846-a8a2aa21c753 ] Request (QuotasAdminNegativeTest:setUpClass): 201 POST http://10.180.1.21/identity/v3/auth/tokens 0.083s
2024-07-30 16:37:04.588 61671 INFO tempest.lib.common.rest_client [req-12ff363d-b122-4dea-9c3e-54f429f37645 req-12ff363d-b122-4dea-9c3e-54f429f37645 ] Request (ServersAdminTestJSON:setUpClass): 200 GET http://10.180.1.21/compute/v2.1/servers/60310658-f721-4b0a-85b6-10f15b6a904e 1.062s
2024-07-30 16:37:04.595 61700 INFO tempest.lib.common.rest_client [req-8b17b6f0-11d9-4a40-be17-ef4e129f1680 req-8b17b6f0-11d9-4a40-be17-ef4e129f1680 ] Request (FloatingIPDetailsNegativeTestJSON:tearDownClass): 200 GET http://10.180.1.21:9696/networking/v2.0/security-groups?tenant_id=3ec5f12f3f2047b196c42065db6e6dc1&name=default 0.158s
2024-07-30 16:37:04.599 61671 INFO tempest.common.waiters [-] State transition "BUILD/spawning" ==> "BUILD/scheduling" after 35 second wait
2024-07-30 16:37:04.617 61727 INFO tempest.lib.common.rest_client [req-ce46dc93-f9b7-4d47-8808-380920e763eb req-ce46dc93-f9b7-4d47-8808-380920e763eb ] Request (DeleteServersAdminTestJSON:test_delete_server_while_in_error_state): 201 POST http://10.180.1.21/identity/v3/auth/tokens 0.067s
2024-07-30 16:37:04.618 61727 INFO tempest.lib.common.fixed_network [-] (DeleteServersAdminTestJSON:test_delete_server_while_in_error_state) Found network None available for tenant
2024-07-30 16:37:04.629 61705 INFO tempest.lib.common.rest_client [req-d22ae035-4d7c-4a7b-86e4-7fb728c296c7 req-d22ae035-4d7c-4a7b-86e4-7fb728c296c7 ] Request (ServersTestFqdnHostnames:tearDownClass): 204 DELETE http://10.180.1.21:9696/networking/v2.0/security-groups/a6904faa-96f1-4459-a860-4d469489bbac 0.644s
2024-07-30 16:37:04.633 61663 INFO tempest.lib.common.rest_client [req-607ca667-703a-463f-9a69-77d6b2205355 req-607ca667-703a-463f-9a69-77d6b2205355 ] Request (QuotasAdminNegativeTest:setUpClass): 201 POST http://10.180.1.21/identity/v3/projects 0.086s
2024-07-30 16:37:04.682 61673 INFO tempest.lib.common.rest_client [req-920e5364-4d1f-412d-803d-a14ed8ad2ad6 req-920e5364-4d1f-412d-803d-a14ed8ad2ad6 ] Request (SecurityGroupsTestJSON:test_list_security_groups_by_server): 200 GET http://10.180.1.21/compute/v2.1/servers/57d5c7fb-77a6-4deb-8b4f-989e53979ac8 1.096s
2024-07-30 16:37:04.682 61705 INFO tempest.lib.common.rest_client [req-15fb8df5-adb7-4c41-ab01-e20bb6c56b16 req-15fb8df5-adb7-4c41-ab01-e20bb6c56b16 ] Request (ServersTestFqdnHostnames:tearDownClass): 404 GET http://10.180.1.21:9696/networking/v2.0/security-groups/a6904faa-96f1-4459-a860-4d469489bbac 0.053s
2024-07-30 16:37:04.688 61673 INFO tempest.common.waiters [-] State transition "BUILD/scheduling" ==> "BUILD/None" after 18 second wait
2024-07-30 16:37:04.717 61693 INFO tempest.lib.common.rest_client [req-6b1ffaff-04c4-4f39-9fd9-6d05eeeb4612 req-6b1ffaff-04c4-4f39-9fd9-6d05eeeb4612 ] Request (AggregatesAdminNegativeTestJSON:tearDownClass): 204 DELETE http://10.180.1.21:9696/networking/v2.0/security-groups/cf6abf01-37b3-4c75-a282-e0d1f2419eec 0.583s
2024-07-30 16:37:04.717 61663 INFO tempest.lib.common.rest_client [req-4aa4ed0e-b379-4ae0-88a5-ea11df448ead req-4aa4ed0e-b379-4ae0-88a5-ea11df448ead ] Request (QuotasAdminNegativeTest:setUpClass): 201 POST http://10.180.1.21/identity/v3/users 0.084s
2024-07-30 16:37:04.798 61693 INFO tempest.lib.common.rest_client [req-986e12c5-7270-42b7-aa80-d68720a576fc req-986e12c5-7270-42b7-aa80-d68720a576fc ] Request (AggregatesAdminNegativeTestJSON:tearDownClass): 204 DELETE http://10.180.1.21/identity/v3/projects/50750520dbd74c808e6d540bfb39eb89 0.080s
2024-07-30 16:37:04.798 61693 INFO tempest.lib.common.dynamic_creds [-] Deleting project and security group for project: 999581671e564ad7a1d83f91728fb3fc
2024-07-30 16:37:04.805 61679 INFO tempest.lib.common.rest_client [req-85ba9c22-00ea-4cb4-97f2-708391cbd694 req-85ba9c22-00ea-4cb4-97f2-708391cbd694 ] Request (AttachInterfacesV270Test:setUpClass): 201 POST http://10.180.1.21:9696/networking/v2.0/networks 0.796s
2024-07-30 16:37:04.852 61663 INFO tempest.lib.common.rest_client [req-e266d3c1-c1d0-4940-a4d5-9a75896afe9d req-e266d3c1-c1d0-4940-a4d5-9a75896afe9d ] Request (QuotasAdminNegativeTest:setUpClass): 200 GET http://10.180.1.21/identity/v3/roles 0.134s
2024-07-30 16:37:04.877 61663 INFO tempest.lib.common.rest_client [req-b140c834-0ad4-4714-bf9e-e171e884f9c0 req-b140c834-0ad4-4714-bf9e-e171e884f9c0 ] Request (QuotasAdminNegativeTest:setUpClass): 204 PUT http://10.180.1.21/identity/v3/projects/ba0670e1e8504f8caf64ed07aed1fb57/users/0fb6bb4d96dc44949042b73c77391600/roles/2f9a4920ffff41ccb37a625c034ce060 0.024s
2024-07-30 16:37:04.886 61701 INFO tempest.lib.common.rest_client [req-93a98d2d-20b3-4627-8693-6b9f6f497d74 req-93a98d2d-20b3-4627-8693-6b9f6f497d74 ] Request (ServerActionsV293TestJSON:setUpClass): 200 GET http://10.180.1.21/volume/v3/461b682da4054c12a3ac3b62720cd027/volumes/9f844115-adce-4837-9950-573a197b989f 0.025s
2024-07-30 16:37:04.924 61663 INFO tempest.lib.common.rest_client [req-a8c69d8e-64f9-4c3d-82ef-876e37d13359 req-a8c69d8e-64f9-4c3d-82ef-876e37d13359 ] Request (QuotasAdminNegativeTest:setUpClass): 200 GET http://10.180.1.21/identity/v3/roles 0.047s
2024-07-30 16:37:04.928 61685 INFO tempest.lib.common.rest_client [req-393c90de-a97a-4c02-b3ea-6815cfd88a92 req-393c90de-a97a-4c02-b3ea-6815cfd88a92 ] Request (ServersTestJSON:setUpClass): 200 POST http://10.180.1.21/compute/v2.1/os-keypairs 1.322s
2024-07-30 16:37:04.940 61663 INFO tempest.lib.common.rest_client [req-0e59e9a9-63e3-4efc-ab2c-bdc9e3f20dcf req-0e59e9a9-63e3-4efc-ab2c-bdc9e3f20dcf ] Request (QuotasAdminNegativeTest:setUpClass): 204 PUT http://10.180.1.21/identity/v3/projects/ba0670e1e8504f8caf64ed07aed1fb57/users/0fb6bb4d96dc44949042b73c77391600/roles/2f9a4920ffff41ccb37a625c034ce060 0.015s
2024-07-30 16:37:04.940 61663 INFO tempest.lib.common.dynamic_creds [-] Dynamic test user 0fb6bb4d96dc44949042b73c77391600 is created with scope project and roles: ['admin']
2024-07-30 16:37:04.940 61663 INFO tempest.lib.common.dynamic_creds [-] Acquired dynamic creds: credentials: Credentials: {'domain_id': 'default', 'domain_name': 'Default', 'username': 'tempest-QuotasAdminNegativeTest-724773706-project-admin', 'project_domain_id': 'default', 'project_domain_name': 'Default', 'project_id': 'ba0670e1e8504f8caf64ed07aed1fb57', 'project_name': 'tempest-QuotasAdminNegativeTest-724773706', 'tenant_id': 'ba0670e1e8504f8caf64ed07aed1fb57', 'tenant_name': 'tempest-QuotasAdminNegativeTest-724773706', 'user_domain_id': 'default', 'user_domain_name': 'Default', 'user_id': '0fb6bb4d96dc44949042b73c77391600', 'system': None}, Network: None, Subnet: None, Router: None
2024-07-30 16:37:04.940 61663 INFO tempest.lib.common.dynamic_creds [-] Created isolated network resources for: credentials: Credentials: {'domain_id': 'default', 'domain_name': 'Default', 'username': 'tempest-QuotasAdminNegativeTest-724773706-project-admin', 'project_domain_id': 'default', 'project_domain_name': 'Default', 'project_id': 'ba0670e1e8504f8caf64ed07aed1fb57', 'project_name': 'tempest-QuotasAdminNegativeTest-724773706', 'tenant_id': 'ba0670e1e8504f8caf64ed07aed1fb57', 'tenant_name': 'tempest-QuotasAdminNegativeTest-724773706', 'user_domain_id': 'default', 'user_domain_name': 'Default', 'user_id': '0fb6bb4d96dc44949042b73c77391600', 'system': None}, Network: None, Subnet: None, Router: None
2024-07-30 16:37:05.030 61700 INFO tempest.lib.common.rest_client [req-0275e6b5-610c-4e4e-812a-de348b1bfc5b req-0275e6b5-610c-4e4e-812a-de348b1bfc5b ] Request (FloatingIPDetailsNegativeTestJSON:tearDownClass): 204 DELETE http://10.180.1.21:9696/networking/v2.0/security-groups/b0d2f778-f6b6-455b-994b-5501535658ae 0.435s
2024-07-30 16:37:05.032 61709 INFO tempest.lib.common.rest_client [req-b98150a9-9394-4dfd-b946-9c099f403096 req-b98150a9-9394-4dfd-b946-9c099f403096 ] Request (FloatingIPsAssociationNegativeTestJSON:setUpClass): 200 GET http://10.180.1.21/compute/v2.1/servers/42e758af-b971-4a3e-803d-d9ee64a909f8 1.390s
2024-07-30 16:37:05.046 61663 INFO tempest.lib.common.rest_client [req-ffeb2159-7f03-412e-9ac8-39b5c7ceb635 req-ffeb2159-7f03-412e-9ac8-39b5c7ceb635 ] Request (QuotasAdminNegativeTest:setUpClass): 201 POST http://10.180.1.21/identity/v3/auth/tokens 0.102s
2024-07-30 16:37:05.143 61685 INFO tempest.lib.common.rest_client [req-b53cd344-2dd0-41cb-9181-cfbeb2971214 req-b53cd344-2dd0-41cb-9181-cfbeb2971214 ] Request (ServersTestJSON:setUpClass): 201 POST http://10.180.1.21:9696/networking/v2.0/security-groups 0.214s
2024-07-30 16:37:05.150 61724 INFO tempest.lib.common.rest_client [req-0a9dde2e-7625-4420-b806-a274a437e406 req-0a9dde2e-7625-4420-b806-a274a437e406 ] Request (ListServerFiltersTestJSON:setUpClass): 200 GET http://10.180.1.21/compute/v2.1/servers/b521881e-9238-4a51-b737-4f5ea2b8481b 1.436s
2024-07-30 16:37:05.158 61700 INFO tempest.lib.common.rest_client [req-e9082073-1a79-43ae-8d82-894e78948c69 req-e9082073-1a79-43ae-8d82-894e78948c69 ] Request (FloatingIPDetailsNegativeTestJSON:tearDownClass): 204 DELETE http://10.180.1.21/identity/v3/projects/3ec5f12f3f2047b196c42065db6e6dc1 0.127s
2024-07-30 16:37:05.166 61667 INFO tempest.lib.common.rest_client [req-fe382182-4139-4c8f-8868-ccf257694a67 req-fe382182-4139-4c8f-8868-ccf257694a67 ] Request (KeyPairsNegativeTestJSON:test_keypair_delete_nonexistent_key): 404 DELETE http://10.180.1.21/compute/v2.1/os-keypairs/tempest-keypair-non-existent-1888384756 1.440s
2024-07-30 16:37:05.227 61700 INFO tempest.lib.common.rest_client [req-b4bbc95c-a32a-4c68-8830-86c64483f9f2 req-b4bbc95c-a32a-4c68-8830-86c64483f9f2 ] Request (AttachInterfacesTestJSON:setUpClass): 201 POST http://10.180.1.21/identity/v3/auth/tokens 0.068s
2024-07-30 16:37:05.273 61717 INFO tempest.lib.common.rest_client [req-4db3bc96-239a-4e54-950d-74511f31f150 req-4db3bc96-239a-4e54-950d-74511f31f150 ] Request (ServerExternalEventsTest:test_create_server_external_events): 200 GET http://10.180.1.21/compute/v2.1/servers/50ee586d-eacd-4e08-a85a-4396818a5b77 1.446s
2024-07-30 16:37:05.338 61667 INFO tempest.lib.common.rest_client [req-d85a9433-324c-4530-9a18-4e70e506bb3d req-d85a9433-324c-4530-9a18-4e70e506bb3d ] Request (KeyPairsNegativeTestJSON:tearDownClass): 204 DELETE http://10.180.1.21/identity/v3/users/48294e2608f345a6a0c05dca7e59f2b7 0.171s
2024-07-30 16:37:05.339 61667 INFO tempest.lib.common.dynamic_creds [-] Deleting project and security group for project: d4b2d7c53299469b9f42785c28407a3d
2024-07-30 16:37:05.341 61723 INFO tempest.lib.common.rest_client [req-9eaa7f0d-24c2-4150-89b8-fe503810ea35 req-9eaa7f0d-24c2-4150-89b8-fe503810ea35 ] Request (ImagesOneServerNegativeTestJSON:setUpClass): 200 GET http://10.180.1.21/compute/v2.1/servers/3f1f412a-5cc1-4798-9f79-036211a934d1 1.438s
2024-07-30 16:37:05.391 61700 INFO tempest.lib.common.rest_client [req-ce2135d8-811a-4a2a-8453-773927e3828f req-ce2135d8-811a-4a2a-8453-773927e3828f ] Request (AttachInterfacesTestJSON:setUpClass): 201 POST http://10.180.1.21/identity/v3/auth/tokens 0.161s
2024-07-30 16:37:05.391 61693 INFO tempest.lib.common.rest_client [req-9abcbf9f-efb1-403c-87d9-97de686947d6 req-9abcbf9f-efb1-403c-87d9-97de686947d6 ] Request (AggregatesAdminNegativeTestJSON:tearDownClass): 200 GET http://10.180.1.21:9696/networking/v2.0/security-groups?tenant_id=999581671e564ad7a1d83f91728fb3fc&name=default 0.592s
2024-07-30 16:37:05.408 61667 INFO tempest.lib.common.rest_client [req-cf41ae32-09aa-443e-beb3-54a56f05b181 req-cf41ae32-09aa-443e-beb3-54a56f05b181 ] Request (KeyPairsNegativeTestJSON:tearDownClass): 201 POST http://10.180.1.21/identity/v3/auth/tokens 0.069s
2024-07-30 16:37:05.423 61712 INFO tempest.lib.common.rest_client [req-65ceb0c8-ad73-47db-9309-11526358ada6 req-65ceb0c8-ad73-47db-9309-11526358ada6 ] Request (ServersAdminNegativeTestJSON:setUpClass): 200 GET http://10.180.1.21/compute/v2.1/servers/990876ae-726e-4d7c-8f20-d602a76d0fad 1.486s
2024-07-30 16:37:05.427 61700 INFO tempest.lib.common.rest_client [req-19cccbf5-e9de-4f38-bbd5-01af9b366962 req-19cccbf5-e9de-4f38-bbd5-01af9b366962 ] Request (AttachInterfacesTestJSON:setUpClass): 200 GET http://10.180.1.21/identity/v3/domains?name=Default 0.035s
2024-07-30 16:37:05.441 61713 INFO tempest.lib.common.rest_client [req-ee86553f-f5b4-4c81-913a-652cd595ba9b req-ee86553f-f5b4-4c81-913a-652cd595ba9b ] Request (FlavorsAdminTestJSON:_run_cleanups): 202 DELETE http://10.180.1.21/compute/v2.1/flavors/1331711500 1.468s
2024-07-30 16:37:05.463 61700 INFO tempest.lib.common.rest_client [req-969c5709-9518-4571-88c5-ad0836cd4db6 req-969c5709-9518-4571-88c5-ad0836cd4db6 ] Request (AttachInterfacesTestJSON:setUpClass): 201 POST http://10.180.1.21/identity/v3/projects 0.035s
2024-07-30 16:37:05.545 61700 INFO tempest.lib.common.rest_client [req-592e5230-b5bc-4a7b-9e60-3a3d3b102adb req-592e5230-b5bc-4a7b-9e60-3a3d3b102adb ] Request (AttachInterfacesTestJSON:setUpClass): 201 POST http://10.180.1.21/identity/v3/users 0.081s
2024-07-30 16:37:05.559 61700 INFO tempest.lib.common.rest_client [req-2f41ae0e-79ee-4fa0-90c2-803be8bf5ebb req-2f41ae0e-79ee-4fa0-90c2-803be8bf5ebb ] Request (AttachInterfacesTestJSON:setUpClass): 200 GET http://10.180.1.21/identity/v3/roles 0.013s
2024-07-30 16:37:05.575 61669 INFO tempest.lib.common.rest_client [req-a166ca3b-5614-4636-878c-cc683c7bfaaa req-a166ca3b-5614-4636-878c-cc683c7bfaaa ] Request (DeleteServersTestJSON:test_delete_active_server): 200 GET http://10.180.1.21/compute/v2.1/servers/95260119-4e35-4989-adf3-1fe39ff5de2d 1.589s
2024-07-30 16:37:05.589 61700 INFO tempest.lib.common.rest_client [req-a51cbb4b-6b3d-40ac-97c5-ffb21086f852 req-a51cbb4b-6b3d-40ac-97c5-ffb21086f852 ] Request (AttachInterfacesTestJSON:setUpClass): 204 PUT http://10.180.1.21/identity/v3/projects/249396b751f643fba717f157d45a9a26/users/d10ca0c3b8cf4c31891f6a3129495ee3/roles/9c38ef3ae02447e49deec21ad3ab26d0 0.030s
2024-07-30 16:37:05.589 61700 INFO tempest.lib.common.dynamic_creds [-] Dynamic test user d10ca0c3b8cf4c31891f6a3129495ee3 is created with scope project and roles: ['member']
2024-07-30 16:37:05.589 61700 INFO tempest.lib.common.dynamic_creds [-] Acquired dynamic creds: credentials: Credentials: {'domain_id': 'default', 'domain_name': 'Default', 'username': 'tempest-AttachInterfacesTestJSON-1681339285-project-member', 'project_domain_id': 'default', 'project_domain_name': 'Default', 'project_id': '249396b751f643fba717f157d45a9a26', 'project_name': 'tempest-AttachInterfacesTestJSON-1681339285', 'tenant_id': '249396b751f643fba717f157d45a9a26', 'tenant_name': 'tempest-AttachInterfacesTestJSON-1681339285', 'user_domain_id': 'default', 'user_domain_name': 'Default', 'user_id': 'd10ca0c3b8cf4c31891f6a3129495ee3', 'system': None}, Network: None, Subnet: None, Router: None
2024-07-30 16:37:05.599 61681 INFO tempest.lib.common.rest_client [req-4c909e6e-f52c-4628-9ec1-6fb050374fa4 req-4c909e6e-f52c-4628-9ec1-6fb050374fa4 ] Request (QuotaClassesAdmin257Test:test_update_default_quotas): 200 GET http://10.180.1.21/compute/v2.1/os-quota-class-sets/default 1.529s
2024-07-30 16:37:05.646 61700 INFO tempest.lib.common.rest_client [req-8b40342a-61d5-41c4-90fe-0ec2c078ffd6 req-8b40342a-61d5-41c4-90fe-0ec2c078ffd6 ] Request (AttachInterfacesTestJSON:setUpClass): 201 POST http://10.180.1.21/identity/v3/auth/tokens 0.056s
2024-07-30 16:37:05.679 61695 INFO tempest.lib.common.rest_client [req-8019316b-11b4-4ed4-8187-8ffcbf0f02df req-8019316b-11b4-4ed4-8187-8ffcbf0f02df ] Request (ServerTagsTestJSON:setUpClass): 200 GET http://10.180.1.21/compute/v2.1/servers/b47d77a2-95cc-4031-99de-919cd96f42cd 1.516s
