2024-07-30 16:38:14.788 61713 INFO tempest.lib.common.rest_client [req-8c62d280-1deb-45a9-b5b4-48e70360ebdb req-8c62d280-1deb-45a9-b5b4-48e70360ebdb ] Request (ServersAaction247Test:test_create_backup): 200 GET http://10.180.1.21/compute/v2.1/servers/147123b0-6e20-44c2-83fc-8d9253214c50 0.230s
2024-07-30 16:38:14.827 61677 INFO tempest.lib.common.rest_client [req-fc9ecac8-dd9c-4899-a470-418f42930e57 req-fc9ecac8-dd9c-4899-a470-418f42930e57 ] Request (ServersWithSpecificFlavorTestJSON:test_verify_created_server_ephemeral_disk): 200 POST http://10.180.1.21/compute/v2.1/flavors 0.229s
2024-07-30 16:38:14.874 61727 INFO tempest.lib.common.rest_client [req-33c13772-1afd-40fa-a411-e23a8104d16a req-33c13772-1afd-40fa-a411-e23a8104d16a ] Request (DeleteServersAdminTestJSON:test_delete_server_while_in_error_state): 200 GET http://10.180.1.21/compute/v2.1/servers/3a1dba23-e1b1-4730-90a4-287e098086b5 0.255s
2024-07-30 16:38:14.962 61709 INFO tempest.lib.common.rest_client [req-884503ee-6bae-4c72-8b40-aa937040cc49 req-884503ee-6bae-4c72-8b40-aa937040cc49 ] Request (ImagesOneServerTestJSON:setUpClass): 200 GET http://10.180.1.21/compute/v2.1/servers/7ec6f15d-cb73-44ba-9967-d968709f72fe 0.415s
2024-07-30 16:38:15.020 61675 INFO tempest.lib.common.rest_client [req-88ba5c40-7126-4467-9b3c-236df67622c6 req-88ba5c40-7126-4467-9b3c-236df67622c6 ] Request (InstanceActionsV221TestJSON:test_get_list_deleted_instance_actions): 200 GET http://10.180.1.21/compute/v2.1/servers/178506c4-09eb-4a88-a236-5d1a5b2d10dd 0.388s
2024-07-30 16:38:15.080 61693 INFO tempest.lib.common.rest_client [req-99f2d72d-4aac-4611-9fe3-7224a6589004 req-99f2d72d-4aac-4611-9fe3-7224a6589004 ] Request (FloatingIPsAssociationTestJSON:setUpClass): 200 GET http://10.180.1.21/compute/v2.1/servers/444be3a1-6622-4b43-9d13-0a9589b9a738 0.387s
2024-07-30 16:38:15.088 61724 INFO tempest.lib.common.rest_client [req-ba9aff40-4ee2-46ae-ae64-17a2cdcf8c9d req-ba9aff40-4ee2-46ae-ae64-17a2cdcf8c9d ] Request (ListServerFiltersTestJSON:tearDownClass): 204 DELETE http://10.180.1.21/compute/v2.1/servers/1ff2c277-03c7-45c2-9d87-aa81660f45c9 0.464s
2024-07-30 16:38:15.129 61667 INFO tempest.lib.common.rest_client [req-bbbdf68a-7a59-475f-b7ba-2f7f48b742c3 req-bbbdf68a-7a59-475f-b7ba-2f7f48b742c3 ] Request (ServersTestMultiNic:test_verify_duplicate_network_nics): 200 GET http://10.180.1.21/compute/v2.1/servers/a5865f6b-d951-4ab7-ac35-7d3e6ed5df88 0.412s
2024-07-30 16:38:15.154 61687 INFO tempest.lib.common.rest_client [req-15b92c81-0a71-427f-b84c-48c73a877e95 req-15b92c81-0a71-427f-b84c-48c73a877e95 ] Request (ServersTestManualDisk:setUpClass): 200 GET http://10.180.1.21/compute/v2.1/servers/b1d1669c-8cbc-40e0-89aa-8b1f462393ca 0.361s
2024-07-30 16:38:15.163 61677 INFO tempest.lib.common.rest_client [req-49240b08-ae8b-4eb5-b1fa-014d4f3a45bd req-49240b08-ae8b-4eb5-b1fa-014d4f3a45bd ] Request (ServersWithSpecificFlavorTestJSON:test_verify_created_server_ephemeral_disk): 200 GET http://10.180.1.21/compute/v2.1/flavors/42/os-extra_specs 0.333s
2024-07-30 16:38:15.180 61683 INFO tempest.lib.common.rest_client [req-8b47ca4d-a6de-4a03-a8f8-443eb92faf36 req-8b47ca4d-a6de-4a03-a8f8-443eb92faf36 ] Request (ListImageFiltersTestJSON:setUpClass): 200 GET http://10.180.1.21/compute/v2.1/servers/28e681aa-fa05-4cb8-8f96-f5ddbeb269d5 0.382s
2024-07-30 16:38:15.223 61720 INFO tempest.lib.common.rest_client [req-6b609e31-6352-411a-97ec-91195c3ee55e req-6b609e31-6352-411a-97ec-91195c3ee55e ] Request (VolumesAdminNegativeTest:test_update_attached_volume_with_nonexistent_volume_in_body): 200 GET http://10.180.1.21/compute/v2.1/servers/240464a3-d861-42d8-8e49-93f3da9f8600 0.354s
2024-07-30 16:38:15.238 61704 INFO tempest.lib.common.rest_client [req-6d3ed39d-2088-45cd-bcef-58e0fddd52f9 req-6d3ed39d-2088-45cd-bcef-58e0fddd52f9 ] Request (ServersNegativeTestJSON:setUpClass): 200 GET http://10.180.1.21/compute/v2.1/servers/08c1bcde-576b-4f7f-a0fe-5c37f3d65769 0.365s
2024-07-30 16:38:15.276 61679 INFO tempest.lib.common.rest_client [req-075f53c6-75f4-48f8-b6e3-0807118ec514 req-075f53c6-75f4-48f8-b6e3-0807118ec514 ] Request (AttachInterfacesV270Test:test_create_get_list_interfaces): 200 GET http://10.180.1.21/compute/v2.1/servers/bfc447b9-65a2-445b-9bb5-79f9549e494f 0.332s
2024-07-30 16:38:15.299 61665 INFO tempest.lib.common.rest_client [req-f5d24290-20cc-49f6-80ac-453f69681c5e req-f5d24290-20cc-49f6-80ac-453f69681c5e ] Request (ServersV294TestFqdnHostnames:setUpClass): 200 GET http://10.180.1.21/compute/v2.1/servers/3a8759ce-2efb-4215-8e1f-3d0c4dad2a3f 0.345s
2024-07-30 16:38:15.316 61717 INFO tempest.lib.common.rest_client [req-e883b585-0bed-4bdd-b7a2-2ac30fdf16c1 req-e883b585-0bed-4bdd-b7a2-2ac30fdf16c1 ] Request (ServersTestBootFromVolume:setUpClass): 200 GET http://10.180.1.21/volume/v3/f0b3c6cf998f4b309371ebd11e1f39c3/volumes/27224d08-60d1-49aa-a2e1-b32c8f097392 0.030s
2024-07-30 16:38:15.324 61697 INFO tempest.lib.common.rest_client [req-1b67bc3f-5119-4391-9754-d386d72b9414 req-1b67bc3f-5119-4391-9754-d386d72b9414 ] Request (MigrationsAdminTest:test_resize_server_revert_deleted_flavor): 200 GET http://10.180.1.21/compute/v2.1/servers/9e549200-7d50-4f7e-bca3-4a720db013df 0.337s
2024-07-30 16:38:15.350 61690 INFO tempest.lib.common.rest_client [req-24f49eb2-6910-4b14-a1b8-8b5527f833da req-24f49eb2-6910-4b14-a1b8-8b5527f833da ] Request (AttachVolumeTestJSON:test_list_get_volume_attachments): 200 GET http://10.180.1.21/compute/v2.1/servers/70697e7c-82eb-43f6-91cd-49d560cc8543 0.360s
2024-07-30 16:38:15.391 61685 INFO tempest.lib.common.rest_client [req-361ecc2c-dae3-4ea1-98f8-44a344b024ed req-361ecc2c-dae3-4ea1-98f8-44a344b024ed ] Request (ServersTestJSON:setUpClass): 200 GET http://10.180.1.21/compute/v2.1/servers/071f1bff-fdcb-4fac-8d42-1938b3b79f2b 0.331s
2024-07-30 16:38:15.406 61691 INFO tempest.lib.common.rest_client [req-f6d090ef-45d1-478e-8ea9-907b7dc26e4b req-f6d090ef-45d1-478e-8ea9-907b7dc26e4b ] Request (ServersAdmin275Test:test_rebuild_update_server_275): 200 GET http://10.180.1.21/compute/v2.1/servers/1b698b04-21e2-4790-9935-504c0cb28e3e 0.343s
2024-07-30 16:38:15.416 61724 INFO tempest.lib.common.rest_client [req-c33960f6-3383-4fbb-82d9-2220c1adafa8 req-c33960f6-3383-4fbb-82d9-2220c1adafa8 ] Request (ListServerFiltersTestJSON:tearDownClass): 404 GET http://10.180.1.21/compute/v2.1/servers/1ff2c277-03c7-45c2-9d87-aa81660f45c9 0.327s
2024-07-30 16:38:15.439 61677 INFO tempest.lib.common.rest_client [req-69ae6791-e430-4b3b-91c2-f58b199e70b2 req-69ae6791-e430-4b3b-91c2-f58b199e70b2 ] Request (ServersWithSpecificFlavorTestJSON:test_verify_created_server_ephemeral_disk): 200 POST http://10.180.1.21/compute/v2.1/flavors/2136132285/os-extra_specs 0.275s
2024-07-30 16:38:15.465 61663 INFO tempest.lib.common.rest_client [req-69250c63-f9c3-42c1-8cc6-a78cc0e0220e req-69250c63-f9c3-42c1-8cc6-a78cc0e0220e ] Request (ListServersNegativeTestJSON:setUpClass): 200 GET http://10.180.1.21/compute/v2.1/servers/e434ace4-9d7a-4574-9154-3a4870e8dbc0 0.313s
2024-07-30 16:38:15.483 61705 INFO tempest.lib.common.rest_client [req-75f0ebbd-338e-4b29-b229-630e7bd3b6e5 req-75f0ebbd-338e-4b29-b229-630e7bd3b6e5 ] Request (ServerActionsTestOtherA:setUpClass): 200 GET http://10.180.1.21/compute/v2.1/servers/a86bb979-ad49-4902-9963-927c3d83d4f3 0.287s
2024-07-30 16:38:15.528 61712 INFO tempest.lib.common.rest_client [req-bb59d649-d30b-407e-8c1b-2ac3851a6e85 req-bb59d649-d30b-407e-8c1b-2ac3851a6e85 ] Request (ServersAdminNegativeTestJSON:setUpClass): 200 GET http://10.180.1.21/compute/v2.1/servers/990876ae-726e-4d7c-8f20-d602a76d0fad 0.110s
2024-07-30 16:38:15.534 61712 INFO tempest.common.waiters [-] State transition "BUILD/block_device_mapping" ==> "BUILD/spawning" after 70 second wait
2024-07-30 16:38:15.572 61671 INFO tempest.lib.common.rest_client [req-cfa2a580-f392-4d04-adec-f28a05259254 req-cfa2a580-f392-4d04-adec-f28a05259254 ] Request (ServerDiskConfigTestJSON:test_rebuild_server_with_auto_disk_config): 200 GET http://10.180.1.21/compute/v2.1/servers/c013e3ec-06d4-438a-a0a9-6cfb9be9f2c8 0.144s
2024-07-30 16:38:15.587 61677 INFO tempest.lib.common.rest_client [req-ce55d826-9da6-4529-9ffe-098293a6e3b3 req-ce55d826-9da6-4529-9ffe-098293a6e3b3 ] Request (ServersWithSpecificFlavorTestJSON:test_verify_created_server_ephemeral_disk): 200 POST http://10.180.1.21/compute/v2.1/flavors 0.147s
2024-07-30 16:38:15.628 61724 INFO tempest.lib.common.rest_client [req-0b264e0f-fac6-4d4b-8c33-8a33a33b66d2 req-0b264e0f-fac6-4d4b-8c33-8a33a33b66d2 ] Request (ListServerFiltersTestJSON:tearDownClass): 204 DELETE http://10.180.1.21/compute/v2.1/servers/9ad706c2-e373-4f12-a952-13761222c6f5 0.212s
2024-07-30 16:38:15.631 61723 INFO tempest.lib.common.rest_client [req-0811d3f9-695c-4c99-86fe-a157ca5cc481 req-0811d3f9-695c-4c99-86fe-a157ca5cc481 ] Request (ImagesOneServerNegativeTestJSON:setUpClass): 200 GET http://10.180.1.21/compute/v2.1/servers/3f1f412a-5cc1-4798-9f79-036211a934d1 0.142s
2024-07-30 16:38:15.681 61700 INFO tempest.lib.common.rest_client [req-4f962591-c85a-4b27-8aeb-a45de9400e96 req-4f962591-c85a-4b27-8aeb-a45de9400e96 ] Request (AttachInterfacesTestJSON:test_create_list_show_delete_interfaces_by_fixed_ip): 200 GET http://10.180.1.21/compute/v2.1/servers/f224a4fa-7528-461e-9cc9-f1d8b2a456cc 0.184s
2024-07-30 16:38:15.692 61701 INFO tempest.lib.common.rest_client [req-b151f629-f971-4392-a783-56c9586cd9ed req-b151f629-f971-4392-a783-56c9586cd9ed ] Request (ServerActionsV293TestJSON:setUpClass): 200 GET http://10.180.1.21/compute/v2.1/servers/b036191f-93f1-43b7-9abe-2b69440afabf 0.127s
2024-07-30 16:38:15.694 61677 INFO tempest.lib.common.rest_client [req-573fe472-ff52-4441-a7d2-8fb1fa9c2718 req-573fe472-ff52-4441-a7d2-8fb1fa9c2718 ] Request (ServersWithSpecificFlavorTestJSON:test_verify_created_server_ephemeral_disk): 200 GET http://10.180.1.21/compute/v2.1/flavors/42/os-extra_specs 0.105s
2024-07-30 16:38:15.712 61724 INFO tempest.lib.common.rest_client [req-e36df5ac-53a0-4ded-a476-3d82ff837a8b req-e36df5ac-53a0-4ded-a476-3d82ff837a8b ] Request (ListServerFiltersTestJSON:tearDownClass): 404 GET http://10.180.1.21/compute/v2.1/servers/9ad706c2-e373-4f12-a952-13761222c6f5 0.084s
2024-07-30 16:38:15.756 61669 INFO tempest.lib.common.rest_client [req-538ad305-bd63-4abd-92ef-a073cf1a5172 req-538ad305-bd63-4abd-92ef-a073cf1a5172 ] Request (DeleteServersTestJSON:test_delete_active_server): 200 GET http://10.180.1.21/compute/v2.1/servers/95260119-4e35-4989-adf3-1fe39ff5de2d 0.123s
2024-07-30 16:38:15.762 61673 INFO tempest.lib.common.rest_client [req-53a9cfec-f8fc-4674-a4d2-9d7f7b6436f4 req-53a9cfec-f8fc-4674-a4d2-9d7f7b6436f4 ] Request (SecurityGroupsTestJSON:test_server_security_groups): 200 GET http://10.180.1.21/compute/v2.1/servers/e7b763be-facb-45ae-aff4-5b7817f3521e 0.079s
2024-07-30 16:38:15.774 61677 INFO tempest.lib.common.rest_client [req-9a6086f0-29a7-4303-bb8c-c5d29442bc02 req-9a6086f0-29a7-4303-bb8c-c5d29442bc02 ] Request (ServersWithSpecificFlavorTestJSON:test_verify_created_server_ephemeral_disk): 200 POST http://10.180.1.21/compute/v2.1/flavors/588217523/os-extra_specs 0.079s
2024-07-30 16:38:15.811 61708 INFO tempest.lib.common.rest_client [req-7ba53dec-3155-47a3-8d9f-5ed8ca04aa91 req-7ba53dec-3155-47a3-8d9f-5ed8ca04aa91 ] Request (ServerAddressesNegativeTestJSON:setUpClass): 200 GET http://10.180.1.21/compute/v2.1/servers/af160509-bfa4-4b1f-8b85-b0c4da73b8a2 0.082s
2024-07-30 16:38:15.826 61716 INFO tempest.lib.common.rest_client [req-eca0648b-677c-436e-bb9e-9b977ece4962 req-eca0648b-677c-436e-bb9e-9b977ece4962 ] Request (ServersNegativeTestMultiTenantJSON:setUpClass): 200 GET http://10.180.1.21/compute/v2.1/servers/71420274-9f91-4670-a6fb-773a3655531d 0.079s
2024-07-30 16:38:15.843 61677 INFO tempest.lib.common.rest_client [req-d2349747-fec4-4eca-b502-e4b5323124fa req-d2349747-fec4-4eca-b502-e4b5323124fa ] Request (ValidationResourcesFixture:setUp): 200 POST http://10.180.1.21/compute/v2.1/os-keypairs 0.068s
2024-07-30 16:38:15.857 61724 INFO tempest.lib.common.rest_client [req-a6d8718f-96a2-4573-b330-af01cc45ade2 req-a6d8718f-96a2-4573-b330-af01cc45ade2 ] Request (ListServerFiltersTestJSON:tearDownClass): 204 DELETE http://10.180.1.21:9696/networking/v2.0/subnets/a0048fce-7d53-4a5b-a749-af1d91e47aba 0.144s
2024-07-30 16:38:15.876 61713 INFO tempest.lib.common.rest_client [req-8566fd6b-3bdb-4eb2-8e73-b72a207b80d0 req-8566fd6b-3bdb-4eb2-8e73-b72a207b80d0 ] Request (ServersAaction247Test:test_create_backup): 200 GET http://10.180.1.21/compute/v2.1/servers/147123b0-6e20-44c2-83fc-8d9253214c50 0.079s
2024-07-30 16:38:15.948 61727 INFO tempest.lib.common.rest_client [req-c529cedd-de8d-46c6-bfd3-3f61e34db75c req-c529cedd-de8d-46c6-bfd3-3f61e34db75c ] Request (DeleteServersAdminTestJSON:test_delete_server_while_in_error_state): 200 GET http://10.180.1.21/compute/v2.1/servers/3a1dba23-e1b1-4730-90a4-287e098086b5 0.067s
2024-07-30 16:38:15.954 61727 INFO tempest.common.waiters [-] State transition "BUILD/None" ==> "BUILD/networking" after 67 second wait
2024-07-30 16:38:16.019 61677 INFO tempest.lib.common.rest_client [req-f4baaad6-0969-42b1-8b1c-cb524073d044 req-f4baaad6-0969-42b1-8b1c-cb524073d044 ] Request (ValidationResourcesFixture:setUp): 201 POST http://10.180.1.21:9696/networking/v2.0/security-groups 0.174s
2024-07-30 16:38:16.027 61709 INFO tempest.lib.common.rest_client [req-6765f6ce-0657-42dd-ae81-9c6ba90b9d8b req-6765f6ce-0657-42dd-ae81-9c6ba90b9d8b ] Request (ImagesOneServerTestJSON:setUpClass): 200 GET http://10.180.1.21/compute/v2.1/servers/7ec6f15d-cb73-44ba-9967-d968709f72fe 0.058s
2024-07-30 16:38:16.104 61675 INFO tempest.lib.common.rest_client [req-9d2a195d-f034-4f80-95a4-9f945e69b60c req-9d2a195d-f034-4f80-95a4-9f945e69b60c ] Request (InstanceActionsV221TestJSON:test_get_list_deleted_instance_actions): 200 GET http://10.180.1.21/compute/v2.1/servers/178506c4-09eb-4a88-a236-5d1a5b2d10dd 0.076s
2024-07-30 16:38:16.110 61677 INFO tempest.lib.common.rest_client [req-f202c7fd-1bed-4820-b32d-0b54fa8c3c96 req-f202c7fd-1bed-4820-b32d-0b54fa8c3c96 ] Request (ValidationResourcesFixture:setUp): 201 POST http://10.180.1.21:9696/networking/v2.0/security-group-rules 0.090s
2024-07-30 16:38:16.141 61724 INFO tempest.lib.common.rest_client [req-96575ef9-5b81-44ce-8b00-b9201ee6f1ec req-96575ef9-5b81-44ce-8b00-b9201ee6f1ec ] Request (ListServerFiltersTestJSON:tearDownClass): 204 DELETE http://10.180.1.21:9696/networking/v2.0/networks/0ff7e659-51b2-4a19-83c5-0bc5df2346cb 0.283s
2024-07-30 16:38:16.144 61693 INFO tempest.lib.common.rest_client [req-11faf9f2-8f48-4843-824a-d63aedc877c3 req-11faf9f2-8f48-4843-824a-d63aedc877c3 ] Request (FloatingIPsAssociationTestJSON:setUpClass): 200 GET http://10.180.1.21/compute/v2.1/servers/444be3a1-6622-4b43-9d13-0a9589b9a738 0.057s
2024-07-30 16:38:16.198 61667 INFO tempest.lib.common.rest_client [req-92557493-a406-40a5-a635-0bbb8d418a45 req-92557493-a406-40a5-a635-0bbb8d418a45 ] Request (ServersTestMultiNic:test_verify_duplicate_network_nics): 200 GET http://10.180.1.21/compute/v2.1/servers/a5865f6b-d951-4ab7-ac35-7d3e6ed5df88 0.061s
2024-07-30 16:38:16.236 61687 INFO tempest.lib.common.rest_client [req-b5fa7d7b-01aa-49ff-bd0f-100e09f25026 req-b5fa7d7b-01aa-49ff-bd0f-100e09f25026 ] Request (ServersTestManualDisk:setUpClass): 200 GET http://10.180.1.21/compute/v2.1/servers/b1d1669c-8cbc-40e0-89aa-8b1f462393ca 0.073s
2024-07-30 16:38:16.253 61683 INFO tempest.lib.common.rest_client [req-842d38fe-c2c8-46b7-ae08-c55b523e11e0 req-842d38fe-c2c8-46b7-ae08-c55b523e11e0 ] Request (ListImageFiltersTestJSON:setUpClass): 200 GET http://10.180.1.21/compute/v2.1/servers/28e681aa-fa05-4cb8-8f96-f5ddbeb269d5 0.065s
2024-07-30 16:38:16.260 61724 INFO tempest.lib.common.rest_client [req-89427e21-45e2-4dcb-ad26-11496c903e65 req-89427e21-45e2-4dcb-ad26-11496c903e65 ] Request (ListServerFiltersTestJSON:tearDownClass): 204 DELETE http://10.180.1.21/identity/v3/users/fcb55a5b2b524d0281709afc9b5eebba 0.119s
2024-07-30 16:38:16.260 61724 INFO tempest.lib.common.dynamic_creds [-] Deleting project and security group for project: a97f87bf9d70496aa5cf66ab0d3d5a8f
2024-07-30 16:38:16.262 61677 INFO tempest.lib.common.rest_client [req-41b39a6a-53fb-49ed-8641-3c6d295c9d3f req-41b39a6a-53fb-49ed-8641-3c6d295c9d3f ] Request (ValidationResourcesFixture:setUp): 201 POST http://10.180.1.21:9696/networking/v2.0/security-group-rules 0.152s
2024-07-30 16:38:16.285 61720 INFO tempest.lib.common.rest_client [req-e9c325c8-fbbb-433a-9693-cff22f62276e req-e9c325c8-fbbb-433a-9693-cff22f62276e ] Request (VolumesAdminNegativeTest:test_update_attached_volume_with_nonexistent_volume_in_body): 200 GET http://10.180.1.21/compute/v2.1/servers/240464a3-d861-42d8-8e49-93f3da9f8600 0.054s
2024-07-30 16:38:16.339 61704 INFO tempest.lib.common.rest_client [req-e54adb15-d772-4679-aff1-393db9365150 req-e54adb15-d772-4679-aff1-393db9365150 ] Request (ServersNegativeTestJSON:setUpClass): 200 GET http://10.180.1.21/compute/v2.1/servers/08c1bcde-576b-4f7f-a0fe-5c37f3d65769 0.093s
2024-07-30 16:38:16.347 61679 INFO tempest.lib.common.rest_client [req-f1adfa55-7ef4-4568-b361-88ad67aeebbd req-f1adfa55-7ef4-4568-b361-88ad67aeebbd ] Request (AttachInterfacesV270Test:test_create_get_list_interfaces): 200 GET http://10.180.1.21/compute/v2.1/servers/bfc447b9-65a2-445b-9bb5-79f9549e494f 0.062s
2024-07-30 16:38:16.349 61717 INFO tempest.lib.common.rest_client [req-2bc35042-6e4e-4f6c-8e90-63879402002e req-2bc35042-6e4e-4f6c-8e90-63879402002e ] Request (ServersTestBootFromVolume:setUpClass): 200 GET http://10.180.1.21/volume/v3/f0b3c6cf998f4b309371ebd11e1f39c3/volumes/27224d08-60d1-49aa-a2e1-b32c8f097392 0.027s
2024-07-30 16:38:16.395 61724 INFO tempest.lib.common.rest_client [req-fe8b0776-e2c3-4069-a486-ffd77e0b0a77 req-fe8b0776-e2c3-4069-a486-ffd77e0b0a77 ] Request (ListServerFiltersTestJSON:tearDownClass): 200 GET http://10.180.1.21:9696/networking/v2.0/security-groups?tenant_id=a97f87bf9d70496aa5cf66ab0d3d5a8f&name=default 0.135s
2024-07-30 16:38:16.405 61697 INFO tempest.lib.common.rest_client [req-b93e22e0-a46f-4f23-b41e-fafcf3620041 req-b93e22e0-a46f-4f23-b41e-fafcf3620041 ] Request (MigrationsAdminTest:test_resize_server_revert_deleted_flavor): 200 GET http://10.180.1.21/compute/v2.1/servers/9e549200-7d50-4f7e-bca3-4a720db013df 0.071s
2024-07-30 16:38:16.439 61665 INFO tempest.lib.common.rest_client [req-03a53595-abf4-474f-8769-ecfec450642a req-03a53595-abf4-474f-8769-ecfec450642a ] Request (ServersV294TestFqdnHostnames:setUpClass): 200 GET http://10.180.1.21/compute/v2.1/servers/3a8759ce-2efb-4215-8e1f-3d0c4dad2a3f 0.130s
2024-07-30 16:38:16.488 61690 INFO tempest.lib.common.rest_client [req-980afe2f-12db-421e-963f-17fb183de64e req-980afe2f-12db-421e-963f-17fb183de64e ] Request (AttachVolumeTestJSON:test_list_get_volume_attachments): 200 GET http://10.180.1.21/compute/v2.1/servers/70697e7c-82eb-43f6-91cd-49d560cc8543 0.131s
2024-07-30 16:38:16.503 61685 INFO tempest.lib.common.rest_client [req-63a99bb7-0381-4366-bc07-02cfc1dab232 req-63a99bb7-0381-4366-bc07-02cfc1dab232 ] Request (ServersTestJSON:setUpClass): 200 GET http://10.180.1.21/compute/v2.1/servers/071f1bff-fdcb-4fac-8d42-1938b3b79f2b 0.104s
2024-07-30 16:38:16.547 61691 INFO tempest.lib.common.rest_client [req-54a77a9d-2ef2-4c21-9c90-149590aadba0 req-54a77a9d-2ef2-4c21-9c90-149590aadba0 ] Request (ServersAdmin275Test:test_rebuild_update_server_275): 200 GET http://10.180.1.21/compute/v2.1/servers/1b698b04-21e2-4790-9935-504c0cb28e3e 0.133s
2024-07-30 16:38:16.558 61724 INFO tempest.lib.common.rest_client [req-19b2d30e-a82d-4aa6-b701-51cb928019da req-19b2d30e-a82d-4aa6-b701-51cb928019da ] Request (ListServerFiltersTestJSON:tearDownClass): 204 DELETE http://10.180.1.21:9696/networking/v2.0/security-groups/edac3c5a-11a8-4fe2-ac06-285733f1f447 0.162s
2024-07-30 16:38:16.564 61663 INFO tempest.lib.common.rest_client [req-9bb415eb-6ba8-4a0b-8f62-0fae02e4cd1e req-9bb415eb-6ba8-4a0b-8f62-0fae02e4cd1e ] Request (ListServersNegativeTestJSON:setUpClass): 200 GET http://10.180.1.21/compute/v2.1/servers/e434ace4-9d7a-4574-9154-3a4870e8dbc0 0.092s
2024-07-30 16:38:16.591 61705 INFO tempest.lib.common.rest_client [req-c1ed8ad5-13cf-4b2c-a24b-b256c813bcbd req-c1ed8ad5-13cf-4b2c-a24b-b256c813bcbd ] Request (ServerActionsTestOtherA:setUpClass): 200 GET http://10.180.1.21/compute/v2.1/servers/a86bb979-ad49-4902-9963-927c3d83d4f3 0.101s
2024-07-30 16:38:16.619 61712 INFO tempest.lib.common.rest_client [req-4f55f605-9190-4720-899d-496c6d25b9dc req-4f55f605-9190-4720-899d-496c6d25b9dc ] Request (ServersAdminNegativeTestJSON:setUpClass): 200 GET http://10.180.1.21/compute/v2.1/servers/990876ae-726e-4d7c-8f20-d602a76d0fad 0.084s
2024-07-30 16:38:16.654 61671 INFO tempest.lib.common.rest_client [req-e7d2b1a5-a7f9-4ea1-a880-c3d9a779b823 req-e7d2b1a5-a7f9-4ea1-a880-c3d9a779b823 ] Request (ServerDiskConfigTestJSON:test_rebuild_server_with_auto_disk_config): 200 GET http://10.180.1.21/compute/v2.1/servers/c013e3ec-06d4-438a-a0a9-6cfb9be9f2c8 0.075s
2024-07-30 16:38:16.658 61724 INFO tempest.lib.common.rest_client [req-6f466b6b-8cbe-4947-84ea-257c37149670 req-6f466b6b-8cbe-4947-84ea-257c37149670 ] Request (ListServerFiltersTestJSON:tearDownClass): 204 DELETE http://10.180.1.21/identity/v3/projects/a97f87bf9d70496aa5cf66ab0d3d5a8f 0.099s
2024-07-30 16:38:16.709 61724 INFO tempest.lib.common.rest_client [req-43847717-bd02-4fce-82ba-29389275c50a req-43847717-bd02-4fce-82ba-29389275c50a ] Request (ServerActionsTestJSON:setUpClass): 201 POST http://10.180.1.21/identity/v3/auth/tokens 0.048s
2024-07-30 16:38:16.714 61723 INFO tempest.lib.common.rest_client [req-384bec12-ca0c-4397-8462-babdb968bf3b req-384bec12-ca0c-4397-8462-babdb968bf3b ] Request (ImagesOneServerNegativeTestJSON:setUpClass): 200 GET http://10.180.1.21/compute/v2.1/servers/3f1f412a-5cc1-4798-9f79-036211a934d1 0.075s
2024-07-30 16:38:16.738 61700 INFO tempest.lib.common.rest_client [req-59a596bd-6edb-4b43-9907-22922a3fbb13 req-59a596bd-6edb-4b43-9907-22922a3fbb13 ] Request (AttachInterfacesTestJSON:test_create_list_show_delete_interfaces_by_fixed_ip): 200 GET http://10.180.1.21/compute/v2.1/servers/f224a4fa-7528-461e-9cc9-f1d8b2a456cc 0.050s
2024-07-30 16:38:16.740 61724 INFO tempest.lib.common.rest_client [req-2f219151-7f12-4d6a-9147-15cb2d0d3132 req-2f219151-7f12-4d6a-9147-15cb2d0d3132 ] Request (ServerActionsTestJSON:setUpClass): 201 POST http://10.180.1.21/identity/v3/auth/tokens 0.028s
2024-07-30 16:38:16.759 61724 INFO tempest.lib.common.rest_client [req-e9a315c3-8681-46e4-bf43-0f974a38eac7 req-e9a315c3-8681-46e4-bf43-0f974a38eac7 ] Request (ServerActionsTestJSON:setUpClass): 200 GET http://10.180.1.21/identity/v3/domains?name=Default 0.019s
2024-07-30 16:38:16.790 61701 INFO tempest.lib.common.rest_client [req-e8ae6e42-af17-402e-a94d-3dfd83296d32 req-e8ae6e42-af17-402e-a94d-3dfd83296d32 ] Request (ServerActionsV293TestJSON:setUpClass): 200 GET http://10.180.1.21/compute/v2.1/servers/b036191f-93f1-43b7-9abe-2b69440afabf 0.087s
2024-07-30 16:38:16.800 61724 INFO tempest.lib.common.rest_client [req-043ea93e-56a5-4325-8c54-eba3aab00848 req-043ea93e-56a5-4325-8c54-eba3aab00848 ] Request (ServerActionsTestJSON:setUpClass): 201 POST http://10.180.1.21/identity/v3/projects 0.040s
2024-07-30 16:38:16.819 61669 INFO tempest.lib.common.rest_client [req-f4bc86d2-7b3d-4fb3-93cf-df6acc8c9e17 req-f4bc86d2-7b3d-4fb3-93cf-df6acc8c9e17 ] Request (DeleteServersTestJSON:test_delete_active_server): 200 GET http://10.180.1.21/compute/v2.1/servers/95260119-4e35-4989-adf3-1fe39ff5de2d 0.056s
2024-07-30 16:38:16.851 61724 INFO tempest.lib.common.rest_client [req-981d3afd-6b0f-4703-815d-2df94800122d req-981d3afd-6b0f-4703-815d-2df94800122d ] Request (ServerActionsTestJSON:setUpClass): 201 POST http://10.180.1.21/identity/v3/users 0.051s
2024-07-30 16:38:16.862 61673 INFO tempest.lib.common.rest_client [req-00334333-edf3-4524-bc33-f64f5e603ce4 req-00334333-edf3-4524-bc33-f64f5e603ce4 ] Request (SecurityGroupsTestJSON:test_server_security_groups): 200 GET http://10.180.1.21/compute/v2.1/servers/e7b763be-facb-45ae-aff4-5b7817f3521e 0.093s
2024-07-30 16:38:16.870 61708 INFO tempest.lib.common.rest_client [req-76e3f572-a065-461c-bbc4-ce6914c339fa req-76e3f572-a065-461c-bbc4-ce6914c339fa ] Request (ServerAddressesNegativeTestJSON:setUpClass): 200 GET http://10.180.1.21/compute/v2.1/servers/af160509-bfa4-4b1f-8b85-b0c4da73b8a2 0.052s
2024-07-30 16:38:16.881 61724 INFO tempest.lib.common.rest_client [req-da811730-cd66-4f06-841e-da2a90cd4788 req-da811730-cd66-4f06-841e-da2a90cd4788 ] Request (ServerActionsTestJSON:setUpClass): 200 GET http://10.180.1.21/identity/v3/roles 0.029s
2024-07-30 16:38:16.906 61724 INFO tempest.lib.common.rest_client [req-6cdc44d9-55c1-4248-82e6-ab714a53d888 req-6cdc44d9-55c1-4248-82e6-ab714a53d888 ] Request (ServerActionsTestJSON:setUpClass): 204 PUT http://10.180.1.21/identity/v3/projects/90ba4885d38d46f48eae5f645243d258/users/343fa0163d234b1caf7eeb8b1e7b5318/roles/9c38ef3ae02447e49deec21ad3ab26d0 0.025s
2024-07-30 16:38:16.906 61724 INFO tempest.lib.common.dynamic_creds [-] Dynamic test user 343fa0163d234b1caf7eeb8b1e7b5318 is created with scope project and roles: ['member']
2024-07-30 16:38:16.906 61724 INFO tempest.lib.common.dynamic_creds [-] Acquired dynamic creds: credentials: Credentials: {'domain_id': 'default', 'domain_name': 'Default', 'username': 'tempest-ServerActionsTestJSON-2024657252-project-member', 'project_domain_id': 'default', 'project_domain_name': 'Default', 'project_id': '90ba4885d38d46f48eae5f645243d258', 'project_name': 'tempest-ServerActionsTestJSON-2024657252', 'tenant_id': '90ba4885d38d46f48eae5f645243d258', 'tenant_name': 'tempest-ServerActionsTestJSON-2024657252', 'user_domain_id': 'default', 'user_domain_name': 'Default', 'user_id': '343fa0163d234b1caf7eeb8b1e7b5318', 'system': None}, Network: None, Subnet: None, Router: None
2024-07-30 16:38:16.934 61713 INFO tempest.lib.common.rest_client [req-daa0c8c5-e859-487c-b8dd-52d6d9f44944 req-daa0c8c5-e859-487c-b8dd-52d6d9f44944 ] Request (ServersAaction247Test:test_create_backup): 200 GET http://10.180.1.21/compute/v2.1/servers/147123b0-6e20-44c2-83fc-8d9253214c50 0.050s
2024-07-30 16:38:16.956 61716 INFO tempest.lib.common.rest_client [req-5e51383b-8bae-4ee1-a992-b0279480313f req-5e51383b-8bae-4ee1-a992-b0279480313f ] Request (ServersNegativeTestMultiTenantJSON:setUpClass): 200 GET http://10.180.1.21/compute/v2.1/servers/71420274-9f91-4670-a6fb-773a3655531d 0.121s
2024-07-30 16:38:16.968 61724 INFO tempest.lib.common.rest_client [req-50eb35df-7491-4ab4-ac24-ed15d03b4238 req-50eb35df-7491-4ab4-ac24-ed15d03b4238 ] Request (ServerActionsTestJSON:setUpClass): 201 POST http://10.180.1.21/identity/v3/auth/tokens 0.062s
2024-07-30 16:38:17.107 61727 INFO tempest.lib.common.rest_client [req-89e4412b-a4a6-4954-8eee-a6c7727638f2 req-89e4412b-a4a6-4954-8eee-a6c7727638f2 ] Request (DeleteServersAdminTestJSON:test_delete_server_while_in_error_state): 200 GET http://10.180.1.21/compute/v2.1/servers/3a1dba23-e1b1-4730-90a4-287e098086b5 0.152s
2024-07-30 16:38:17.110 61677 INFO tempest.lib.common.rest_client [req-5a0a7ccd-a141-49c9-b54a-be9f809efd58 req-5a0a7ccd-a141-49c9-b54a-be9f809efd58 ] Request (ValidationResourcesFixture:setUp): 201 POST http://10.180.1.21:9696/networking/v2.0/floatingips 0.847s
2024-07-30 16:38:17.111 61709 INFO tempest.lib.common.rest_client [req-6cf77fa2-dc86-4cd5-bf8d-d437d8e57ba1 req-6cf77fa2-dc86-4cd5-bf8d-d437d8e57ba1 ] Request (ImagesOneServerTestJSON:setUpClass): 200 GET http://10.180.1.21/compute/v2.1/servers/7ec6f15d-cb73-44ba-9967-d968709f72fe 0.077s
2024-07-30 16:38:17.113 61727 INFO tempest.common.waiters [-] State transition "BUILD/networking" ==> "BUILD/block_device_mapping" after 69 second wait
2024-07-30 16:38:17.178 61677 INFO tempest.lib.common.rest_client [req-1e855c1f-1d63-4be1-9fe5-22748217ecec req-1e855c1f-1d63-4be1-9fe5-22748217ecec ] Request (ServersWithSpecificFlavorTestJSON:test_verify_created_server_ephemeral_disk): 201 POST http://10.180.1.21/identity/v3/auth/tokens 0.065s
2024-07-30 16:38:17.179 61677 INFO tempest.lib.common.fixed_network [-] (ServersWithSpecificFlavorTestJSON:test_verify_created_server_ephemeral_disk) Found network {'id': '9f102f37-7e8a-41ec-8a5f-6a6949528133', 'name': 'tempest-ServersWithSpecificFlavorTestJSON-1845801018-network', 'tenant_id': '7eacaf9837ca4c9483c1b6f1fe4314b3', 'admin_state_up': True, 'mtu': 8950, 'status': 'ACTIVE', 'subnets': [], 'shared': False, 'project_id': '7eacaf9837ca4c9483c1b6f1fe4314b3', 'port_security_enabled': True, 'router:external': False, 'provider:network_type': 'vlan', 'provider:physical_network': 'default', 'provider:segmentation_id': 719, 'is_default': False, 'availability_zone_hints': [], 'availability_zones': [], 'ipv4_address_scope': None, 'ipv6_address_scope': None, 'description': '', 'tags': [], 'created_at': '2024-07-30T16:38:09Z', 'updated_at': '2024-07-30T16:38:09Z', 'revision_number': 1} available for tenant
2024-07-30 16:38:17.180 61675 INFO tempest.lib.common.rest_client [req-4dd8bb39-fc45-4a96-af2d-4fa80c7a5122 req-4dd8bb39-fc45-4a96-af2d-4fa80c7a5122 ] Request (InstanceActionsV221TestJSON:test_get_list_deleted_instance_actions): 200 GET http://10.180.1.21/compute/v2.1/servers/178506c4-09eb-4a88-a236-5d1a5b2d10dd 0.067s
2024-07-30 16:38:17.217 61693 INFO tempest.lib.common.rest_client [req-2fe824c2-43e8-4c8c-8df8-fe828e16dd4f req-2fe824c2-43e8-4c8c-8df8-fe828e16dd4f ] Request (FloatingIPsAssociationTestJSON:setUpClass): 200 GET http://10.180.1.21/compute/v2.1/servers/444be3a1-6622-4b43-9d13-0a9589b9a738 0.062s
2024-07-30 16:38:17.273 61667 INFO tempest.lib.common.rest_client [req-88e056c3-1eb8-4c3f-8a07-22a1e1e841d0 req-88e056c3-1eb8-4c3f-8a07-22a1e1e841d0 ] Request (ServersTestMultiNic:test_verify_duplicate_network_nics): 200 GET http://10.180.1.21/compute/v2.1/servers/a5865f6b-d951-4ab7-ac35-7d3e6ed5df88 0.068s
2024-07-30 16:38:17.316 61724 INFO tempest.lib.common.rest_client [req-cb18b2cd-0798-4970-bb78-01ac227bb89e req-cb18b2cd-0798-4970-bb78-01ac227bb89e ] Request (ServerActionsTestJSON:setUpClass): 201 POST http://10.180.1.21:9696/networking/v2.0/networks 0.347s
2024-07-30 16:38:17.340 61687 INFO tempest.lib.common.rest_client [req-bb0ddb9b-4e05-4193-8171-0194e6abec87 req-bb0ddb9b-4e05-4193-8171-0194e6abec87 ] Request (ServersTestManualDisk:setUpClass): 200 GET http://10.180.1.21/compute/v2.1/servers/b1d1669c-8cbc-40e0-89aa-8b1f462393ca 0.096s
2024-07-30 16:38:17.385 61717 INFO tempest.lib.common.rest_client [req-80b12e4e-e28f-443e-a1c7-faf172b31833 req-80b12e4e-e28f-443e-a1c7-faf172b31833 ] Request (ServersTestBootFromVolume:setUpClass): 200 GET http://10.180.1.21/volume/v3/f0b3c6cf998f4b309371ebd11e1f39c3/volumes/27224d08-60d1-49aa-a2e1-b32c8f097392 0.030s
2024-07-30 16:38:17.422 61683 INFO tempest.lib.common.rest_client [req-ee102a2a-917d-480f-b040-54fdb662ce20 req-ee102a2a-917d-480f-b040-54fdb662ce20 ] Request (ListImageFiltersTestJSON:setUpClass): 200 GET http://10.180.1.21/compute/v2.1/servers/28e681aa-fa05-4cb8-8f96-f5ddbeb269d5 0.161s
2024-07-30 16:38:17.491 61720 INFO tempest.lib.common.rest_client [req-c662bbb3-b758-4cf2-a0e2-b5846cc830c7 req-c662bbb3-b758-4cf2-a0e2-b5846cc830c7 ] Request (VolumesAdminNegativeTest:test_update_attached_volume_with_nonexistent_volume_in_body): 200 GET http://10.180.1.21/compute/v2.1/servers/240464a3-d861-42d8-8e49-93f3da9f8600 0.199s
2024-07-30 16:38:17.538 61704 INFO tempest.lib.common.rest_client [req-a1d4af81-8d2e-4f15-af5d-8df571b32c4c req-a1d4af81-8d2e-4f15-af5d-8df571b32c4c ] Request (ServersNegativeTestJSON:setUpClass): 200 GET http://10.180.1.21/compute/v2.1/servers/08c1bcde-576b-4f7f-a0fe-5c37f3d65769 0.192s
2024-07-30 16:38:17.586 61724 INFO tempest.lib.common.rest_client [req-88140419-817c-439b-9487-da3e0a099a46 req-88140419-817c-439b-9487-da3e0a099a46 ] Request (ServerActionsTestJSON:setUpClass): 201 POST http://10.180.1.21:9696/networking/v2.0/subnets 0.270s
2024-07-30 16:38:17.643 61679 INFO tempest.lib.common.rest_client [req-7aeb0e86-3300-486e-9876-6107f1f8c4e3 req-7aeb0e86-3300-486e-9876-6107f1f8c4e3 ] Request (AttachInterfacesV270Test:test_create_get_list_interfaces): 200 GET http://10.180.1.21/compute/v2.1/servers/bfc447b9-65a2-445b-9bb5-79f9549e494f 0.286s
2024-07-30 16:38:17.690 61677 INFO tempest.lib.common.rest_client [req-5d94dbd6-dfda-4e74-b85d-2b4ef862befb req-5d94dbd6-dfda-4e74-b85d-2b4ef862befb ] Request (ServersWithSpecificFlavorTestJSON:test_verify_created_server_ephemeral_disk): 202 POST http://10.180.1.21/compute/v2.1/servers 0.510s
2024-07-30 16:38:17.751 61697 INFO tempest.lib.common.rest_client [req-b6c9fc28-e275-46d0-a56c-d14f5adbefd5 req-b6c9fc28-e275-46d0-a56c-d14f5adbefd5 ] Request (MigrationsAdminTest:test_resize_server_revert_deleted_flavor): 200 GET http://10.180.1.21/compute/v2.1/servers/9e549200-7d50-4f7e-bca3-4a720db013df 0.340s
2024-07-30 16:38:17.767 61665 INFO tempest.lib.common.rest_client [req-ee44c68f-cf76-4056-9037-4e0761d779a6 req-ee44c68f-cf76-4056-9037-4e0761d779a6 ] Request (ServersV294TestFqdnHostnames:setUpClass): 200 GET http://10.180.1.21/compute/v2.1/servers/3a8759ce-2efb-4215-8e1f-3d0c4dad2a3f 0.318s
2024-07-30 16:38:17.827 61690 INFO tempest.lib.common.rest_client [req-a37307b4-f1b1-420c-9fda-261a3239e8e8 req-a37307b4-f1b1-420c-9fda-261a3239e8e8 ] Request (AttachVolumeTestJSON:test_list_get_volume_attachments): 200 GET http://10.180.1.21/compute/v2.1/servers/70697e7c-82eb-43f6-91cd-49d560cc8543 0.332s
2024-07-30 16:38:17.843 61685 INFO tempest.lib.common.rest_client [req-ccc0fc57-7382-4fad-b52b-def8ae3bef42 req-ccc0fc57-7382-4fad-b52b-def8ae3bef42 ] Request (ServersTestJSON:setUpClass): 200 GET http://10.180.1.21/compute/v2.1/servers/071f1bff-fdcb-4fac-8d42-1938b3b79f2b 0.333s
2024-07-30 16:38:17.909 61691 INFO tempest.lib.common.rest_client [req-93e8f12d-0cef-48af-aef7-f8b2936d5d3c req-93e8f12d-0cef-48af-aef7-f8b2936d5d3c ] Request (ServersAdmin275Test:test_rebuild_update_server_275): 200 GET http://10.180.1.21/compute/v2.1/servers/1b698b04-21e2-4790-9935-504c0cb28e3e 0.346s
2024-07-30 16:38:17.915 61663 INFO tempest.lib.common.rest_client [req-d0729964-4bda-41ec-a344-d60b874cf9de req-d0729964-4bda-41ec-a344-d60b874cf9de ] Request (ListServersNegativeTestJSON:setUpClass): 200 GET http://10.180.1.21/compute/v2.1/servers/e434ace4-9d7a-4574-9154-3a4870e8dbc0 0.342s
2024-07-30 16:38:17.973 61712 INFO tempest.lib.common.rest_client [req-f96155a2-927d-4657-92a9-cfec7af3a317 req-f96155a2-927d-4657-92a9-cfec7af3a317 ] Request (ServersAdminNegativeTestJSON:setUpClass): 200 GET http://10.180.1.21/compute/v2.1/servers/990876ae-726e-4d7c-8f20-d602a76d0fad 0.346s
2024-07-30 16:38:17.980 61705 INFO tempest.lib.common.rest_client [req-bec426bd-e8d7-4add-86cc-5adf89b45b23 req-bec426bd-e8d7-4add-86cc-5adf89b45b23 ] Request (ServerActionsTestOtherA:setUpClass): 200 GET http://10.180.1.21/compute/v2.1/servers/a86bb979-ad49-4902-9963-927c3d83d4f3 0.382s
2024-07-30 16:38:18.032 61671 INFO tempest.lib.common.rest_client [req-714f658f-eba2-443c-bd5f-d5b0f96943b9 req-714f658f-eba2-443c-bd5f-d5b0f96943b9 ] Request (ServerDiskConfigTestJSON:test_rebuild_server_with_auto_disk_config): 200 GET http://10.180.1.21/compute/v2.1/servers/c013e3ec-06d4-438a-a0a9-6cfb9be9f2c8 0.371s
2024-07-30 16:38:18.039 61677 INFO tempest.lib.common.rest_client [req-4b863a69-4cb2-468b-bf3d-a1960a10ebf9 req-4b863a69-4cb2-468b-bf3d-a1960a10ebf9 ] Request (ServersWithSpecificFlavorTestJSON:test_verify_created_server_ephemeral_disk): 200 GET http://10.180.1.21/compute/v2.1/servers/60fea14b-6714-4824-8684-a0c1d91241f4 0.347s
2024-07-30 16:38:18.092 61723 INFO tempest.lib.common.rest_client [req-6e921501-7b3b-48b2-a24b-278171dc4a36 req-6e921501-7b3b-48b2-a24b-278171dc4a36 ] Request (ImagesOneServerNegativeTestJSON:setUpClass): 200 GET http://10.180.1.21/compute/v2.1/servers/3f1f412a-5cc1-4798-9f79-036211a934d1 0.370s
2024-07-30 16:38:18.125 61700 INFO tempest.lib.common.rest_client [req-400a61a2-eec6-4490-a737-7ec07e09dc51 req-400a61a2-eec6-4490-a737-7ec07e09dc51 ] Request (AttachInterfacesTestJSON:test_create_list_show_delete_interfaces_by_fixed_ip): 200 GET http://10.180.1.21/compute/v2.1/servers/f224a4fa-7528-461e-9cc9-f1d8b2a456cc 0.380s
2024-07-30 16:38:18.163 61701 INFO tempest.lib.common.rest_client [req-749e464a-5778-4d4e-8a8a-4994a33f4f83 req-749e464a-5778-4d4e-8a8a-4994a33f4f83 ] Request (ServerActionsV293TestJSON:setUpClass): 200 GET http://10.180.1.21/compute/v2.1/servers/b036191f-93f1-43b7-9abe-2b69440afabf 0.364s
2024-07-30 16:38:18.229 61673 INFO tempest.lib.common.rest_client [req-5878d21d-1ed5-47ef-93ab-c54a1a545607 req-5878d21d-1ed5-47ef-93ab-c54a1a545607 ] Request (SecurityGroupsTestJSON:test_server_security_groups): 200 GET http://10.180.1.21/compute/v2.1/servers/e7b763be-facb-45ae-aff4-5b7817f3521e 0.358s
2024-07-30 16:38:18.274 61669 INFO tempest.lib.common.rest_client [req-a765e68a-ad0d-4325-b54d-a7cd4adc2c57 req-a765e68a-ad0d-4325-b54d-a7cd4adc2c57 ] Request (DeleteServersTestJSON:test_delete_active_server): 200 GET http://10.180.1.21/compute/v2.1/servers/95260119-4e35-4989-adf3-1fe39ff5de2d 0.448s
2024-07-30 16:38:18.337 61708 INFO tempest.lib.common.rest_client [req-42f253f1-cd9f-463c-8e7b-0c86d0eacb66 req-42f253f1-cd9f-463c-8e7b-0c86d0eacb66 ] Request (ServerAddressesNegativeTestJSON:setUpClass): 200 GET http://10.180.1.21/compute/v2.1/servers/af160509-bfa4-4b1f-8b85-b0c4da73b8a2 0.458s
2024-07-30 16:38:18.343 61713 INFO tempest.lib.common.rest_client [req-ebb8cd55-d4d0-4c6d-9f6a-9d4db2c4f825 req-ebb8cd55-d4d0-4c6d-9f6a-9d4db2c4f825 ] Request (ServersAaction247Test:test_create_backup): 200 GET http://10.180.1.21/compute/v2.1/servers/147123b0-6e20-44c2-83fc-8d9253214c50 0.401s
2024-07-30 16:38:18.401 61727 INFO tempest.lib.common.rest_client [req-0c2697ce-8bd0-4f3a-86cc-d3392a1cbf40 req-0c2697ce-8bd0-4f3a-86cc-d3392a1cbf40 ] Request (DeleteServersAdminTestJSON:test_delete_server_while_in_error_state): 200 GET http://10.180.1.21/compute/v2.1/servers/3a1dba23-e1b1-4730-90a4-287e098086b5 0.287s
2024-07-30 16:38:18.408 61727 INFO tempest.common.waiters [-] State transition "BUILD/block_device_mapping" ==> "BUILD/spawning" after 70 second wait
2024-07-30 16:38:18.409 61716 INFO tempest.lib.common.rest_client [req-59697277-a62a-48d1-b4e9-f8abf342f288 req-59697277-a62a-48d1-b4e9-f8abf342f288 ] Request (ServersNegativeTestMultiTenantJSON:setUpClass): 200 GET http://10.180.1.21/compute/v2.1/servers/71420274-9f91-4670-a6fb-773a3655531d 0.446s
2024-07-30 16:38:18.422 61717 INFO tempest.lib.common.rest_client [req-a23f29aa-f3d0-4de6-b0d3-cf2b897bfe5f req-a23f29aa-f3d0-4de6-b0d3-cf2b897bfe5f ] Request (ServersTestBootFromVolume:setUpClass): 200 GET http://10.180.1.21/volume/v3/f0b3c6cf998f4b309371ebd11e1f39c3/volumes/27224d08-60d1-49aa-a2e1-b32c8f097392 0.031s
2024-07-30 16:38:18.430 61717 INFO tempest.common.waiters [-] volume 27224d08-60d1-49aa-a2e1-b32c8f097392 reached available after waiting for 18.430004 seconds
2024-07-30 16:38:18.466 61675 INFO tempest.lib.common.rest_client [req-ca18cc83-1f66-4dce-8721-7dc9aac11488 req-ca18cc83-1f66-4dce-8721-7dc9aac11488 ] Request (InstanceActionsV221TestJSON:test_get_list_deleted_instance_actions): 200 GET http://10.180.1.21/compute/v2.1/servers/178506c4-09eb-4a88-a236-5d1a5b2d10dd 0.279s
2024-07-30 16:38:18.469 61709 INFO tempest.lib.common.rest_client [req-c27430bb-56c5-45f9-b33a-01c7b006eb78 req-c27430bb-56c5-45f9-b33a-01c7b006eb78 ] Request (ImagesOneServerTestJSON:setUpClass): 200 GET http://10.180.1.21/compute/v2.1/servers/7ec6f15d-cb73-44ba-9967-d968709f72fe 0.346s
2024-07-30 16:38:18.502 61724 INFO tempest.lib.common.rest_client [req-3dab333c-fad8-4587-b7f3-7138c0037ca2 req-3dab333c-fad8-4587-b7f3-7138c0037ca2 ] Request (ServerActionsTestJSON:setUpClass): 201 POST http://10.180.1.21:9696/networking/v2.0/routers 0.916s
2024-07-30 16:38:18.531 61667 INFO tempest.lib.common.rest_client [req-f246273a-4e8c-4cda-9f2d-e635d76c20d4 req-f246273a-4e8c-4cda-9f2d-e635d76c20d4 ] Request (ServersTestMultiNic:test_verify_duplicate_network_nics): 200 GET http://10.180.1.21/compute/v2.1/servers/a5865f6b-d951-4ab7-ac35-7d3e6ed5df88 0.252s
2024-07-30 16:38:18.538 61693 INFO tempest.lib.common.rest_client [req-9e007a29-0182-4982-bf12-2b1219527e29 req-9e007a29-0182-4982-bf12-2b1219527e29 ] Request (FloatingIPsAssociationTestJSON:setUpClass): 200 GET http://10.180.1.21/compute/v2.1/servers/444be3a1-6622-4b43-9d13-0a9589b9a738 0.309s
2024-07-30 16:38:18.579 61687 INFO tempest.lib.common.rest_client [req-5d009bde-5d8f-4b07-99ea-be996f08b68e req-5d009bde-5d8f-4b07-99ea-be996f08b68e ] Request (ServersTestManualDisk:setUpClass): 200 GET http://10.180.1.21/compute/v2.1/servers/b1d1669c-8cbc-40e0-89aa-8b1f462393ca 0.220s
2024-07-30 16:38:18.597 61683 INFO tempest.lib.common.rest_client [req-4b11dfb1-28ef-4e91-8e0a-a9ee17d0b2cd req-4b11dfb1-28ef-4e91-8e0a-a9ee17d0b2cd ] Request (ListImageFiltersTestJSON:setUpClass): 200 GET http://10.180.1.21/compute/v2.1/servers/28e681aa-fa05-4cb8-8f96-f5ddbeb269d5 0.168s
2024-07-30 16:38:18.655 61720 INFO tempest.lib.common.rest_client [req-1c50d1d9-31df-4ef9-a262-459a3a69eb43 req-1c50d1d9-31df-4ef9-a262-459a3a69eb43 ] Request (VolumesAdminNegativeTest:test_update_attached_volume_with_nonexistent_volume_in_body): 200 GET http://10.180.1.21/compute/v2.1/servers/240464a3-d861-42d8-8e49-93f3da9f8600 0.156s
2024-07-30 16:38:18.724 61704 INFO tempest.lib.common.rest_client [req-5123ba72-2547-49b1-a904-6942fd16c764 req-5123ba72-2547-49b1-a904-6942fd16c764 ] Request (ServersNegativeTestJSON:setUpClass): 200 GET http://10.180.1.21/compute/v2.1/servers/08c1bcde-576b-4f7f-a0fe-5c37f3d65769 0.179s
2024-07-30 16:38:18.794 61679 INFO tempest.lib.common.rest_client [req-e79b617d-4509-485b-9717-fb2617be7bcd req-e79b617d-4509-485b-9717-fb2617be7bcd ] Request (AttachInterfacesV270Test:test_create_get_list_interfaces): 200 GET http://10.180.1.21/compute/v2.1/servers/bfc447b9-65a2-445b-9bb5-79f9549e494f 0.143s
2024-07-30 16:38:18.844 61697 INFO tempest.lib.common.rest_client [req-c373a2b9-4009-4bc2-bc35-57991d424681 req-c373a2b9-4009-4bc2-bc35-57991d424681 ] Request (MigrationsAdminTest:test_resize_server_revert_deleted_flavor): 200 GET http://10.180.1.21/compute/v2.1/servers/9e549200-7d50-4f7e-bca3-4a720db013df 0.082s
2024-07-30 16:38:18.903 61665 INFO tempest.lib.common.rest_client [req-74bf72c7-2cca-4024-903d-04d2e2e03120 req-74bf72c7-2cca-4024-903d-04d2e2e03120 ] Request (ServersV294TestFqdnHostnames:setUpClass): 200 GET http://10.180.1.21/compute/v2.1/servers/3a8759ce-2efb-4215-8e1f-3d0c4dad2a3f 0.120s
2024-07-30 16:38:18.965 61690 INFO tempest.lib.common.rest_client [req-e25195bf-a5ba-49f3-bb97-1266d5552ac7 req-e25195bf-a5ba-49f3-bb97-1266d5552ac7 ] Request (AttachVolumeTestJSON:test_list_get_volume_attachments): 200 GET http://10.180.1.21/compute/v2.1/servers/70697e7c-82eb-43f6-91cd-49d560cc8543 0.130s
2024-07-30 16:38:19.024 61685 INFO tempest.lib.common.rest_client [req-b44639c5-c782-437c-b377-136cdaa4fd55 req-b44639c5-c782-437c-b377-136cdaa4fd55 ] Request (ServersTestJSON:setUpClass): 200 GET http://10.180.1.21/compute/v2.1/servers/071f1bff-fdcb-4fac-8d42-1938b3b79f2b 0.169s
2024-07-30 16:38:19.030 61685 INFO tempest.common.waiters [-] State transition "BUILD/None" ==> "BUILD/networking" after 65 second wait
2024-07-30 16:38:19.085 61691 INFO tempest.lib.common.rest_client [req-40948fe6-08fc-4710-bfb5-be6f167946a1 req-40948fe6-08fc-4710-bfb5-be6f167946a1 ] Request (ServersAdmin275Test:test_rebuild_update_server_275): 200 GET http://10.180.1.21/compute/v2.1/servers/1b698b04-21e2-4790-9935-504c0cb28e3e 0.166s
2024-07-30 16:38:19.152 61663 INFO tempest.lib.common.rest_client [req-4cae6f74-31a6-4af1-b86f-1eebd56275de req-4cae6f74-31a6-4af1-b86f-1eebd56275de ] Request (ListServersNegativeTestJSON:setUpClass): 200 GET http://10.180.1.21/compute/v2.1/servers/e434ace4-9d7a-4574-9154-3a4870e8dbc0 0.228s
2024-07-30 16:38:19.236 61712 INFO tempest.lib.common.rest_client [req-53145556-1924-43ef-b448-e53101e2978f req-53145556-1924-43ef-b448-e53101e2978f ] Request (ServersAdminNegativeTestJSON:setUpClass): 200 GET http://10.180.1.21/compute/v2.1/servers/990876ae-726e-4d7c-8f20-d602a76d0fad 0.257s
2024-07-30 16:38:19.301 61705 INFO tempest.lib.common.rest_client [req-82162f2a-62a2-4c37-8bc9-9516818422aa req-82162f2a-62a2-4c37-8bc9-9516818422aa ] Request (ServerActionsTestOtherA:setUpClass): 200 GET http://10.180.1.21/compute/v2.1/servers/a86bb979-ad49-4902-9963-927c3d83d4f3 0.314s
2024-07-30 16:38:19.354 61671 INFO tempest.lib.common.rest_client [req-e5a61156-c2ee-475b-9a1e-c455518a0a7e req-e5a61156-c2ee-475b-9a1e-c455518a0a7e ] Request (ServerDiskConfigTestJSON:test_rebuild_server_with_auto_disk_config): 200 GET http://10.180.1.21/compute/v2.1/servers/c013e3ec-06d4-438a-a0a9-6cfb9be9f2c8 0.315s
2024-07-30 16:38:19.396 61724 INFO tempest.lib.common.rest_client [req-2bf00c21-d2f3-457e-a036-2b60425b316f req-2bf00c21-d2f3-457e-a036-2b60425b316f ] Request (ServerActionsTestJSON:setUpClass): 200 PUT http://10.180.1.21:9696/networking/v2.0/routers/fe45d6a6-9e0d-4eeb-ac0f-ed68368008fb/add_router_interface 0.893s
2024-07-30 16:38:19.396 61724 INFO tempest.lib.common.dynamic_creds [-] Created isolated network resources for: credentials: Credentials: {'domain_id': 'default', 'domain_name': 'Default', 'username': 'tempest-ServerActionsTestJSON-2024657252-project-member', 'project_domain_id': 'default', 'project_domain_name': 'Default', 'project_id': '90ba4885d38d46f48eae5f645243d258', 'project_name': 'tempest-ServerActionsTestJSON-2024657252', 'tenant_id': '90ba4885d38d46f48eae5f645243d258', 'tenant_name': 'tempest-ServerActionsTestJSON-2024657252', 'user_domain_id': 'default', 'user_domain_name': 'Default', 'user_id': '343fa0163d234b1caf7eeb8b1e7b5318', 'system': None}, Network: {'id': '5f82f07c-0c9d-44a0-9ed1-08bc2ef33b5b', 'name': 'tempest-ServerActionsTestJSON-974719902-network', 'tenant_id': '90ba4885d38d46f48eae5f645243d258', 'admin_state_up': True, 'mtu': 8950, 'status': 'ACTIVE', 'subnets': [], 'shared': False, 'project_id': '90ba4885d38d46f48eae5f645243d258', 'port_security_enabled': True, 'router:external': False, 'provider:network_type': 'vlan', 'provider:physical_network': 'default', 'provider:segmentation_id': 219, 'is_default': False, 'availability_zone_hints': [], 'availability_zones': [], 'ipv4_address_scope': None, 'ipv6_address_scope': None, 'description': '', 'tags': [], 'created_at': '2024-07-30T16:38:17Z', 'updated_at': '2024-07-30T16:38:17Z', 'revision_number': 1}, Subnet: {'id': 'f7713564-7422-473d-ac4a-4d6199c7395b', 'name': 'tempest-ServerActionsTestJSON-974719902-subnet', 'tenant_id': '90ba4885d38d46f48eae5f645243d258', 'network_id': '5f82f07c-0c9d-44a0-9ed1-08bc2ef33b5b', 'ip_version': 4, 'subnetpool_id': None, 'enable_dhcp': True, 'ipv6_ra_mode': None, 'ipv6_address_mode': None, 'gateway_ip': '192.168.128.1', 'cidr': '192.168.128.0/28', 'allocation_pools': [{'start': '192.168.128.2', 'end': '192.168.128.14'}], 'host_routes': [], 'dns_nameservers': [], 'description': '', 'router:external': False, 'service_types': [], 'tags': [], 'created_at': '2024-07-30T16:38:17Z', 'updated_at': '2024-07-30T16:38:17Z', 'revision_number': 0, 'project_id': '90ba4885d38d46f48eae5f645243d258'}, Router: {'id': 'fe45d6a6-9e0d-4eeb-ac0f-ed68368008fb', 'name': 'tempest-ServerActionsTestJSON-974719902-router', 'tenant_id': '90ba4885d38d46f48eae5f645243d258', 'admin_state_up': True, 'status': 'ACTIVE', 'external_gateway_info': {'network_id': 'feb14274-fd8a-4222-ba8e-3e7ae28ecb46', 'external_fixed_ips': [{'subnet_id': '15958c67-1b28-407d-8089-d9f43033a32b', 'ip_address': '10.180.180.191'}], 'enable_snat': True}, 'description': '', 'availability_zones': [], 'distributed': False, 'ha': False, 'availability_zone_hints': [], 'routes': [], 'flavor_id': None, 'tags': [], 'created_at': '2024-07-30T16:38:17Z', 'updated_at': '2024-07-30T16:38:18Z', 'revision_number': 2, 'project_id': '90ba4885d38d46f48eae5f645243d258'}
2024-07-30 16:38:19.417 61677 INFO tempest.lib.common.rest_client [req-e240c5e8-0ef1-475e-ad8e-f746bd82471c req-e240c5e8-0ef1-475e-ad8e-f746bd82471c ] Request (ServersWithSpecificFlavorTestJSON:test_verify_created_server_ephemeral_disk): 200 GET http://10.180.1.21/compute/v2.1/servers/60fea14b-6714-4824-8684-a0c1d91241f4 0.371s
2024-07-30 16:38:19.431 61717 INFO tempest.lib.common.rest_client [req-85b0312a-b4bf-408b-a036-cf1d413d628a req-85b0312a-b4bf-408b-a036-cf1d413d628a ] Request (ServersTestBootFromVolume:setUpClass): 202 POST http://10.180.1.21/compute/v2.1/servers 1.001s
2024-07-30 16:38:19.495 61723 INFO tempest.lib.common.rest_client [req-baadb3cd-fbe2-4ba3-9f9c-e802d029b6c6 req-baadb3cd-fbe2-4ba3-9f9c-e802d029b6c6 ] Request (ImagesOneServerNegativeTestJSON:setUpClass): 200 GET http://10.180.1.21/compute/v2.1/servers/3f1f412a-5cc1-4798-9f79-036211a934d1 0.396s
2024-07-30 16:38:19.496 61700 INFO tempest.lib.common.rest_client [req-612a4f68-b7cc-493a-ad33-393919b86e4c req-612a4f68-b7cc-493a-ad33-393919b86e4c ] Request (AttachInterfacesTestJSON:test_create_list_show_delete_interfaces_by_fixed_ip): 200 GET http://10.180.1.21/compute/v2.1/servers/f224a4fa-7528-461e-9cc9-f1d8b2a456cc 0.363s
2024-07-30 16:38:19.503 61724 INFO tempest.lib.common.rest_client [req-4ff1915b-a45f-4046-bee6-2185e5727820 req-4ff1915b-a45f-4046-bee6-2185e5727820 ] Request (ServerActionsTestJSON:setUpClass): 201 POST http://10.180.1.21/identity/v3/auth/tokens 0.103s
2024-07-30 16:38:19.555 61673 INFO tempest.lib.common.rest_client [req-d6848e99-6ae9-49a6-94b9-5a3c11fc6023 req-d6848e99-6ae9-49a6-94b9-5a3c11fc6023 ] Request (SecurityGroupsTestJSON:test_server_security_groups): 200 GET http://10.180.1.21/compute/v2.1/servers/e7b763be-facb-45ae-aff4-5b7817f3521e 0.316s
2024-07-30 16:38:19.569 61701 INFO tempest.lib.common.rest_client [req-d55c0eea-aae5-47e4-bd00-b7f13727a11f req-d55c0eea-aae5-47e4-bd00-b7f13727a11f ] Request (ServerActionsV293TestJSON:setUpClass): 200 GET http://10.180.1.21/compute/v2.1/servers/b036191f-93f1-43b7-9abe-2b69440afabf 0.397s
