2024-07-30 16:38:19.619 61708 INFO tempest.lib.common.rest_client [req-d20794b9-e941-4036-9f97-1ead0faf85fe req-d20794b9-e941-4036-9f97-1ead0faf85fe ] Request (ServerAddressesNegativeTestJSON:setUpClass): 200 GET http://10.180.1.21/compute/v2.1/servers/af160509-bfa4-4b1f-8b85-b0c4da73b8a2 0.275s
2024-07-30 16:38:19.630 61669 INFO tempest.lib.common.rest_client [req-5131070b-8679-43b1-aca7-5eff16805364 req-5131070b-8679-43b1-aca7-5eff16805364 ] Request (DeleteServersTestJSON:test_delete_active_server): 200 GET http://10.180.1.21/compute/v2.1/servers/95260119-4e35-4989-adf3-1fe39ff5de2d 0.348s
2024-07-30 16:38:19.688 61713 INFO tempest.lib.common.rest_client [req-e6e20ec1-905e-4d6f-b706-68435d3c93b0 req-e6e20ec1-905e-4d6f-b706-68435d3c93b0 ] Request (ServersAaction247Test:test_create_backup): 200 GET http://10.180.1.21/compute/v2.1/servers/147123b0-6e20-44c2-83fc-8d9253214c50 0.336s
2024-07-30 16:38:19.709 61727 INFO tempest.lib.common.rest_client [req-7f0a05d0-2574-41ed-8a12-e97d3a1e19c2 req-7f0a05d0-2574-41ed-8a12-e97d3a1e19c2 ] Request (DeleteServersAdminTestJSON:test_delete_server_while_in_error_state): 200 GET http://10.180.1.21/compute/v2.1/servers/3a1dba23-e1b1-4730-90a4-287e098086b5 0.300s
2024-07-30 16:38:19.750 61716 INFO tempest.lib.common.rest_client [req-49f4615e-e2e2-4800-9d63-a8ca0f0ff477 req-49f4615e-e2e2-4800-9d63-a8ca0f0ff477 ] Request (ServersNegativeTestMultiTenantJSON:setUpClass): 200 GET http://10.180.1.21/compute/v2.1/servers/71420274-9f91-4670-a6fb-773a3655531d 0.329s
2024-07-30 16:38:19.750 61717 INFO tempest.lib.common.rest_client [req-4b914fc8-28ef-4868-8406-a845b51b9888 req-4b914fc8-28ef-4868-8406-a845b51b9888 ] Request (ServersTestBootFromVolume:setUpClass): 200 GET http://10.180.1.21/compute/v2.1/servers/1fabd485-88e3-4311-8249-2657d6db447d 0.316s
2024-07-30 16:38:19.793 61675 INFO tempest.lib.common.rest_client [req-aa33fd93-940f-4cf7-b9a9-d8597b82173e req-aa33fd93-940f-4cf7-b9a9-d8597b82173e ] Request (InstanceActionsV221TestJSON:test_get_list_deleted_instance_actions): 200 GET http://10.180.1.21/compute/v2.1/servers/178506c4-09eb-4a88-a236-5d1a5b2d10dd 0.318s
2024-07-30 16:38:19.798 61709 INFO tempest.lib.common.rest_client [req-d2e09cb5-23c7-486e-8fc0-1f8848ad3c88 req-d2e09cb5-23c7-486e-8fc0-1f8848ad3c88 ] Request (ImagesOneServerTestJSON:setUpClass): 200 GET http://10.180.1.21/compute/v2.1/servers/7ec6f15d-cb73-44ba-9967-d968709f72fe 0.323s
2024-07-30 16:38:19.871 61667 INFO tempest.lib.common.rest_client [req-c81f1bce-2214-452f-9d7f-a71ff4fa1462 req-c81f1bce-2214-452f-9d7f-a71ff4fa1462 ] Request (ServersTestMultiNic:test_verify_duplicate_network_nics): 200 GET http://10.180.1.21/compute/v2.1/servers/a5865f6b-d951-4ab7-ac35-7d3e6ed5df88 0.332s
2024-07-30 16:38:19.885 61724 INFO tempest.lib.common.rest_client [req-07398526-14fb-41e1-8325-a361267f2973 req-07398526-14fb-41e1-8325-a361267f2973 ] Request (ServerActionsTestJSON:setUpClass): 200 POST http://10.180.1.21/compute/v2.1/os-keypairs 0.380s
2024-07-30 16:38:19.936 61693 INFO tempest.lib.common.rest_client [req-0abc9550-c729-4d66-bb8b-f36ac0379fc5 req-0abc9550-c729-4d66-bb8b-f36ac0379fc5 ] Request (FloatingIPsAssociationTestJSON:setUpClass): 200 GET http://10.180.1.21/compute/v2.1/servers/444be3a1-6622-4b43-9d13-0a9589b9a738 0.391s
2024-07-30 16:38:19.963 61687 INFO tempest.lib.common.rest_client [req-123c1670-eb85-48b9-a7c7-4974766e6fc4 req-123c1670-eb85-48b9-a7c7-4974766e6fc4 ] Request (ServersTestManualDisk:setUpClass): 200 GET http://10.180.1.21/compute/v2.1/servers/b1d1669c-8cbc-40e0-89aa-8b1f462393ca 0.375s
2024-07-30 16:38:20.016 61683 INFO tempest.lib.common.rest_client [req-a5304828-daf4-44f7-a1e4-9e18d27f726b req-a5304828-daf4-44f7-a1e4-9e18d27f726b ] Request (ListImageFiltersTestJSON:setUpClass): 200 GET http://10.180.1.21/compute/v2.1/servers/28e681aa-fa05-4cb8-8f96-f5ddbeb269d5 0.411s
2024-07-30 16:38:20.092 61704 INFO tempest.lib.common.rest_client [req-6eeff817-f0dc-43f4-81d1-62023979f791 req-6eeff817-f0dc-43f4-81d1-62023979f791 ] Request (ServersNegativeTestJSON:setUpClass): 200 GET http://10.180.1.21/compute/v2.1/servers/08c1bcde-576b-4f7f-a0fe-5c37f3d65769 0.361s
2024-07-30 16:38:20.145 61679 INFO tempest.lib.common.rest_client [req-49fe14d5-228a-4292-9b50-615d99199c41 req-49fe14d5-228a-4292-9b50-615d99199c41 ] Request (AttachInterfacesV270Test:test_create_get_list_interfaces): 200 GET http://10.180.1.21/compute/v2.1/servers/bfc447b9-65a2-445b-9bb5-79f9549e494f 0.342s
2024-07-30 16:38:20.151 61724 INFO tempest.lib.common.rest_client [req-897fc8eb-b144-4805-b76e-a4cdb461ce28 req-897fc8eb-b144-4805-b76e-a4cdb461ce28 ] Request (ServerActionsTestJSON:setUpClass): 201 POST http://10.180.1.21:9696/networking/v2.0/security-groups 0.265s
2024-07-30 16:38:20.155 61720 INFO tempest.lib.common.rest_client [req-06253976-b8c8-4db1-985a-1830d1eb25dc req-06253976-b8c8-4db1-985a-1830d1eb25dc ] Request (VolumesAdminNegativeTest:test_update_attached_volume_with_nonexistent_volume_in_body): 200 GET http://10.180.1.21/compute/v2.1/servers/240464a3-d861-42d8-8e49-93f3da9f8600 0.492s
2024-07-30 16:38:20.192 61697 INFO tempest.lib.common.rest_client [req-73b7d668-8034-488a-b329-1b179e39138a req-73b7d668-8034-488a-b329-1b179e39138a ] Request (MigrationsAdminTest:test_resize_server_revert_deleted_flavor): 200 GET http://10.180.1.21/compute/v2.1/servers/9e549200-7d50-4f7e-bca3-4a720db013df 0.341s
2024-07-30 16:38:20.225 61665 INFO tempest.lib.common.rest_client [req-06a5ce5b-1e94-40e9-a863-f38de9b2c672 req-06a5ce5b-1e94-40e9-a863-f38de9b2c672 ] Request (ServersV294TestFqdnHostnames:setUpClass): 200 GET http://10.180.1.21/compute/v2.1/servers/3a8759ce-2efb-4215-8e1f-3d0c4dad2a3f 0.311s
2024-07-30 16:38:20.252 61690 INFO tempest.lib.common.rest_client [req-31b34455-b8f8-45da-b74d-99417119a054 req-31b34455-b8f8-45da-b74d-99417119a054 ] Request (AttachVolumeTestJSON:test_list_get_volume_attachments): 200 GET http://10.180.1.21/compute/v2.1/servers/70697e7c-82eb-43f6-91cd-49d560cc8543 0.279s
2024-07-30 16:38:20.258 61724 INFO tempest.lib.common.rest_client [req-28a94fb5-5816-419b-851c-3adccd68d83b req-28a94fb5-5816-419b-851c-3adccd68d83b ] Request (ServerActionsTestJSON:setUpClass): 201 POST http://10.180.1.21:9696/networking/v2.0/security-group-rules 0.106s
2024-07-30 16:38:20.324 61691 INFO tempest.lib.common.rest_client [req-8dd58d87-2da1-4396-98da-e0178864cff4 req-8dd58d87-2da1-4396-98da-e0178864cff4 ] Request (ServersAdmin275Test:test_rebuild_update_server_275): 200 GET http://10.180.1.21/compute/v2.1/servers/1b698b04-21e2-4790-9935-504c0cb28e3e 0.227s
2024-07-30 16:38:20.376 61663 INFO tempest.lib.common.rest_client [req-ce511cc1-79b2-4d90-95bb-4ad847c10326 req-ce511cc1-79b2-4d90-95bb-4ad847c10326 ] Request (ListServersNegativeTestJSON:setUpClass): 200 GET http://10.180.1.21/compute/v2.1/servers/e434ace4-9d7a-4574-9154-3a4870e8dbc0 0.217s
2024-07-30 16:38:20.411 61685 INFO tempest.lib.common.rest_client [req-da9d9781-2720-46e5-b3ba-75139b6cf402 req-da9d9781-2720-46e5-b3ba-75139b6cf402 ] Request (ServersTestJSON:setUpClass): 200 GET http://10.180.1.21/compute/v2.1/servers/071f1bff-fdcb-4fac-8d42-1938b3b79f2b 0.380s
2024-07-30 16:38:20.418 61685 INFO tempest.common.waiters [-] State transition "BUILD/networking" ==> "BUILD/spawning" after 66 second wait
2024-07-30 16:38:20.431 61712 INFO tempest.lib.common.rest_client [req-0514f969-48f7-4623-bc3f-8ec653bf89b7 req-0514f969-48f7-4623-bc3f-8ec653bf89b7 ] Request (ServersAdminNegativeTestJSON:setUpClass): 200 GET http://10.180.1.21/compute/v2.1/servers/990876ae-726e-4d7c-8f20-d602a76d0fad 0.188s
2024-07-30 16:38:20.440 61724 INFO tempest.lib.common.rest_client [req-69a291fc-2c8c-48b5-8081-4bdd7dc66310 req-69a291fc-2c8c-48b5-8081-4bdd7dc66310 ] Request (ServerActionsTestJSON:setUpClass): 201 POST http://10.180.1.21:9696/networking/v2.0/security-group-rules 0.181s
2024-07-30 16:38:20.475 61705 INFO tempest.lib.common.rest_client [req-2ab2d3b7-0024-4ece-98b5-34697d16e61a req-2ab2d3b7-0024-4ece-98b5-34697d16e61a ] Request (ServerActionsTestOtherA:setUpClass): 200 GET http://10.180.1.21/compute/v2.1/servers/a86bb979-ad49-4902-9963-927c3d83d4f3 0.166s
2024-07-30 16:38:20.492 61671 INFO tempest.lib.common.rest_client [req-07f6a50f-319f-4ab0-b40c-bb3e863da99b req-07f6a50f-319f-4ab0-b40c-bb3e863da99b ] Request (ServerDiskConfigTestJSON:test_rebuild_server_with_auto_disk_config): 200 GET http://10.180.1.21/compute/v2.1/servers/c013e3ec-06d4-438a-a0a9-6cfb9be9f2c8 0.130s
2024-07-30 16:38:20.528 61677 INFO tempest.lib.common.rest_client [req-facc4632-dd75-4dfc-901f-79b550b97542 req-facc4632-dd75-4dfc-901f-79b550b97542 ] Request (ServersWithSpecificFlavorTestJSON:test_verify_created_server_ephemeral_disk): 200 GET http://10.180.1.21/compute/v2.1/servers/60fea14b-6714-4824-8684-a0c1d91241f4 0.103s
2024-07-30 16:38:20.558 61723 INFO tempest.lib.common.rest_client [req-aaca9c8f-55c0-471a-9ea9-bb3274cf4ce8 req-aaca9c8f-55c0-471a-9ea9-bb3274cf4ce8 ] Request (ImagesOneServerNegativeTestJSON:setUpClass): 200 GET http://10.180.1.21/compute/v2.1/servers/3f1f412a-5cc1-4798-9f79-036211a934d1 0.056s
2024-07-30 16:38:20.595 61700 INFO tempest.lib.common.rest_client [req-d8b7c61a-2eb0-4efa-98d7-2c7926d4640c req-d8b7c61a-2eb0-4efa-98d7-2c7926d4640c ] Request (AttachInterfacesTestJSON:test_create_list_show_delete_interfaces_by_fixed_ip): 200 GET http://10.180.1.21/compute/v2.1/servers/f224a4fa-7528-461e-9cc9-f1d8b2a456cc 0.092s
2024-07-30 16:38:20.614 61673 INFO tempest.lib.common.rest_client [req-6588d881-6550-4d86-81cf-a5fccdf25f30 req-6588d881-6550-4d86-81cf-a5fccdf25f30 ] Request (SecurityGroupsTestJSON:test_server_security_groups): 200 GET http://10.180.1.21/compute/v2.1/servers/e7b763be-facb-45ae-aff4-5b7817f3521e 0.051s
2024-07-30 16:38:20.649 61701 INFO tempest.lib.common.rest_client [req-690d665a-4307-4dd1-befe-c02dfbf9b7b5 req-690d665a-4307-4dd1-befe-c02dfbf9b7b5 ] Request (ServerActionsV293TestJSON:setUpClass): 200 GET http://10.180.1.21/compute/v2.1/servers/b036191f-93f1-43b7-9abe-2b69440afabf 0.070s
2024-07-30 16:38:20.685 61708 INFO tempest.lib.common.rest_client [req-ef6756ed-9e0b-492a-9464-91f058d18056 req-ef6756ed-9e0b-492a-9464-91f058d18056 ] Request (ServerAddressesNegativeTestJSON:setUpClass): 200 GET http://10.180.1.21/compute/v2.1/servers/af160509-bfa4-4b1f-8b85-b0c4da73b8a2 0.059s
2024-07-30 16:38:20.710 61669 INFO tempest.lib.common.rest_client [req-947b7a3e-bc36-41b3-bdda-ae422cbfa3dd req-947b7a3e-bc36-41b3-bdda-ae422cbfa3dd ] Request (DeleteServersTestJSON:test_delete_active_server): 200 GET http://10.180.1.21/compute/v2.1/servers/95260119-4e35-4989-adf3-1fe39ff5de2d 0.072s
2024-07-30 16:38:20.748 61713 INFO tempest.lib.common.rest_client [req-aef0b5c3-bf92-41b4-93b2-d9b97fd5a5bd req-aef0b5c3-bf92-41b4-93b2-d9b97fd5a5bd ] Request (ServersAaction247Test:test_create_backup): 200 GET http://10.180.1.21/compute/v2.1/servers/147123b0-6e20-44c2-83fc-8d9253214c50 0.050s
2024-07-30 16:38:20.766 61727 INFO tempest.lib.common.rest_client [req-e3157b9b-1684-454b-ae68-f3c9b432eafc req-e3157b9b-1684-454b-ae68-f3c9b432eafc ] Request (DeleteServersAdminTestJSON:test_delete_server_while_in_error_state): 200 GET http://10.180.1.21/compute/v2.1/servers/3a1dba23-e1b1-4730-90a4-287e098086b5 0.051s
2024-07-30 16:38:20.805 61716 INFO tempest.lib.common.rest_client [req-8a351b8a-54e6-45bb-9174-1715166bdb6c req-8a351b8a-54e6-45bb-9174-1715166bdb6c ] Request (ServersNegativeTestMultiTenantJSON:setUpClass): 200 GET http://10.180.1.21/compute/v2.1/servers/71420274-9f91-4670-a6fb-773a3655531d 0.048s
2024-07-30 16:38:20.830 61717 INFO tempest.lib.common.rest_client [req-be757560-056e-4570-a232-7fccf29ef03a req-be757560-056e-4570-a232-7fccf29ef03a ] Request (ServersTestBootFromVolume:setUpClass): 200 GET http://10.180.1.21/compute/v2.1/servers/1fabd485-88e3-4311-8249-2657d6db447d 0.073s
2024-07-30 16:38:20.851 61675 INFO tempest.lib.common.rest_client [req-7da0e7d6-6a42-4554-91d3-7ee0880b7055 req-7da0e7d6-6a42-4554-91d3-7ee0880b7055 ] Request (InstanceActionsV221TestJSON:test_get_list_deleted_instance_actions): 200 GET http://10.180.1.21/compute/v2.1/servers/178506c4-09eb-4a88-a236-5d1a5b2d10dd 0.049s
2024-07-30 16:38:20.860 61724 INFO tempest.lib.common.rest_client [req-3b17ea9a-8616-4c64-9473-fa3de9210636 req-3b17ea9a-8616-4c64-9473-fa3de9210636 ] Request (ServerActionsTestJSON:setUpClass): 201 POST http://10.180.1.21:9696/networking/v2.0/floatingips 0.419s
2024-07-30 16:38:20.886 61724 INFO tempest.lib.common.rest_client [req-1973e13b-6518-4f91-bc40-358f5ad313ff req-1973e13b-6518-4f91-bc40-358f5ad313ff ] Request (ServerActionsTestJSON:setUpClass): 201 POST http://10.180.1.21/identity/v3/auth/tokens 0.024s
2024-07-30 16:38:20.887 61724 INFO tempest.lib.common.fixed_network [-] (ServerActionsTestJSON:setUpClass) Found network {'id': '5f82f07c-0c9d-44a0-9ed1-08bc2ef33b5b', 'name': 'tempest-ServerActionsTestJSON-974719902-network', 'tenant_id': '90ba4885d38d46f48eae5f645243d258', 'admin_state_up': True, 'mtu': 8950, 'status': 'ACTIVE', 'subnets': [], 'shared': False, 'project_id': '90ba4885d38d46f48eae5f645243d258', 'port_security_enabled': True, 'router:external': False, 'provider:network_type': 'vlan', 'provider:physical_network': 'default', 'provider:segmentation_id': 219, 'is_default': False, 'availability_zone_hints': [], 'availability_zones': [], 'ipv4_address_scope': None, 'ipv6_address_scope': None, 'description': '', 'tags': [], 'created_at': '2024-07-30T16:38:17Z', 'updated_at': '2024-07-30T16:38:17Z', 'revision_number': 1} available for tenant
2024-07-30 16:38:20.895 61709 INFO tempest.lib.common.rest_client [req-4d13c6db-9d54-4884-81b4-f545df5724cc req-4d13c6db-9d54-4884-81b4-f545df5724cc ] Request (ImagesOneServerTestJSON:setUpClass): 200 GET http://10.180.1.21/compute/v2.1/servers/7ec6f15d-cb73-44ba-9967-d968709f72fe 0.089s
2024-07-30 16:38:20.935 61667 INFO tempest.lib.common.rest_client [req-25bbcab2-1906-486e-9b59-9d85307db618 req-25bbcab2-1906-486e-9b59-9d85307db618 ] Request (ServersTestMultiNic:test_verify_duplicate_network_nics): 200 GET http://10.180.1.21/compute/v2.1/servers/a5865f6b-d951-4ab7-ac35-7d3e6ed5df88 0.057s
2024-07-30 16:38:21.001 61693 INFO tempest.lib.common.rest_client [req-eeb6b8fc-938c-4129-817e-df4e824c9f3e req-eeb6b8fc-938c-4129-817e-df4e824c9f3e ] Request (FloatingIPsAssociationTestJSON:setUpClass): 200 GET http://10.180.1.21/compute/v2.1/servers/444be3a1-6622-4b43-9d13-0a9589b9a738 0.058s
2024-07-30 16:38:21.050 61687 INFO tempest.lib.common.rest_client [req-b3a23f34-9d6b-4ccb-8036-2de10412946c req-b3a23f34-9d6b-4ccb-8036-2de10412946c ] Request (ServersTestManualDisk:setUpClass): 200 GET http://10.180.1.21/compute/v2.1/servers/b1d1669c-8cbc-40e0-89aa-8b1f462393ca 0.080s
2024-07-30 16:38:21.093 61683 INFO tempest.lib.common.rest_client [req-4daaa2b5-60a9-4240-b32a-fa93fca9a099 req-4daaa2b5-60a9-4240-b32a-fa93fca9a099 ] Request (ListImageFiltersTestJSON:setUpClass): 200 GET http://10.180.1.21/compute/v2.1/servers/28e681aa-fa05-4cb8-8f96-f5ddbeb269d5 0.070s
2024-07-30 16:38:21.141 61704 INFO tempest.lib.common.rest_client [req-75d079ee-9d62-492d-8fb2-17e49aaaacfc req-75d079ee-9d62-492d-8fb2-17e49aaaacfc ] Request (ServersNegativeTestJSON:setUpClass): 200 GET http://10.180.1.21/compute/v2.1/servers/08c1bcde-576b-4f7f-a0fe-5c37f3d65769 0.042s
2024-07-30 16:38:21.207 61679 INFO tempest.lib.common.rest_client [req-3c17d369-138e-4357-974a-1d750e4562f9 req-3c17d369-138e-4357-974a-1d750e4562f9 ] Request (AttachInterfacesV270Test:test_create_get_list_interfaces): 200 GET http://10.180.1.21/compute/v2.1/servers/bfc447b9-65a2-445b-9bb5-79f9549e494f 0.053s
2024-07-30 16:38:21.216 61724 INFO tempest.lib.common.rest_client [req-87092962-8401-4707-9078-b8ee2a7f5f4e req-87092962-8401-4707-9078-b8ee2a7f5f4e ] Request (ServerActionsTestJSON:setUpClass): 202 POST http://10.180.1.21/compute/v2.1/servers 0.328s
2024-07-30 16:38:21.254 61720 INFO tempest.lib.common.rest_client [req-1693a384-3b7d-4617-8cfb-32ab3a20c725 req-1693a384-3b7d-4617-8cfb-32ab3a20c725 ] Request (VolumesAdminNegativeTest:test_update_attached_volume_with_nonexistent_volume_in_body): 200 GET http://10.180.1.21/compute/v2.1/servers/240464a3-d861-42d8-8e49-93f3da9f8600 0.088s
2024-07-30 16:38:21.269 61697 INFO tempest.lib.common.rest_client [req-211a547a-c78f-4618-a7c5-808940f6086a req-211a547a-c78f-4618-a7c5-808940f6086a ] Request (MigrationsAdminTest:test_resize_server_revert_deleted_flavor): 200 GET http://10.180.1.21/compute/v2.1/servers/9e549200-7d50-4f7e-bca3-4a720db013df 0.070s
2024-07-30 16:38:21.292 61724 INFO tempest.lib.common.rest_client [req-8a9e3e5b-ae71-4e15-8897-92671a29f94a req-8a9e3e5b-ae71-4e15-8897-92671a29f94a ] Request (ServerActionsTestJSON:setUpClass): 200 GET http://10.180.1.21/compute/v2.1/servers/2a360d45-c409-4c73-85ee-f73ef7d8ea2a 0.074s
2024-07-30 16:38:21.329 61665 INFO tempest.lib.common.rest_client [req-58f4f912-03fe-4996-bd3c-0f5f42fbb69e req-58f4f912-03fe-4996-bd3c-0f5f42fbb69e ] Request (ServersV294TestFqdnHostnames:setUpClass): 200 GET http://10.180.1.21/compute/v2.1/servers/3a8759ce-2efb-4215-8e1f-3d0c4dad2a3f 0.089s
2024-07-30 16:38:21.342 61690 INFO tempest.lib.common.rest_client [req-02d62580-b4b7-44a4-8468-341ebbf12516 req-02d62580-b4b7-44a4-8468-341ebbf12516 ] Request (AttachVolumeTestJSON:test_list_get_volume_attachments): 200 GET http://10.180.1.21/compute/v2.1/servers/70697e7c-82eb-43f6-91cd-49d560cc8543 0.083s
2024-07-30 16:38:21.390 61691 INFO tempest.lib.common.rest_client [req-b3856b2b-6e36-45b3-b599-957e1e5edb12 req-b3856b2b-6e36-45b3-b599-957e1e5edb12 ] Request (ServersAdmin275Test:test_rebuild_update_server_275): 200 GET http://10.180.1.21/compute/v2.1/servers/1b698b04-21e2-4790-9935-504c0cb28e3e 0.052s
2024-07-30 16:38:21.440 61663 INFO tempest.lib.common.rest_client [req-54ad3313-b3b5-493a-a411-dda329524990 req-54ad3313-b3b5-493a-a411-dda329524990 ] Request (ListServersNegativeTestJSON:setUpClass): 200 GET http://10.180.1.21/compute/v2.1/servers/e434ace4-9d7a-4574-9154-3a4870e8dbc0 0.057s
2024-07-30 16:38:21.477 61685 INFO tempest.lib.common.rest_client [req-c6195075-02da-48b3-8d55-06ad4eb879b6 req-c6195075-02da-48b3-8d55-06ad4eb879b6 ] Request (ServersTestJSON:setUpClass): 200 GET http://10.180.1.21/compute/v2.1/servers/071f1bff-fdcb-4fac-8d42-1938b3b79f2b 0.058s
2024-07-30 16:38:21.489 61712 INFO tempest.lib.common.rest_client [req-62584d10-7cb8-4642-98ce-c6f3f9ba097f req-62584d10-7cb8-4642-98ce-c6f3f9ba097f ] Request (ServersAdminNegativeTestJSON:setUpClass): 200 GET http://10.180.1.21/compute/v2.1/servers/990876ae-726e-4d7c-8f20-d602a76d0fad 0.051s
2024-07-30 16:38:21.545 61705 INFO tempest.lib.common.rest_client [req-641cbc0b-7adc-4c99-be78-c801ec5b298e req-641cbc0b-7adc-4c99-be78-c801ec5b298e ] Request (ServerActionsTestOtherA:setUpClass): 200 GET http://10.180.1.21/compute/v2.1/servers/a86bb979-ad49-4902-9963-927c3d83d4f3 0.062s
2024-07-30 16:38:21.599 61677 INFO tempest.lib.common.rest_client [req-3387e6f7-35d4-4a36-a55c-02a6665874ad req-3387e6f7-35d4-4a36-a55c-02a6665874ad ] Request (ServersWithSpecificFlavorTestJSON:test_verify_created_server_ephemeral_disk): 200 GET http://10.180.1.21/compute/v2.1/servers/60fea14b-6714-4824-8684-a0c1d91241f4 0.064s
2024-07-30 16:38:21.648 61723 INFO tempest.lib.common.rest_client [req-8f239111-8f32-4817-af97-428b174ada1d req-8f239111-8f32-4817-af97-428b174ada1d ] Request (ImagesOneServerNegativeTestJSON:setUpClass): 200 GET http://10.180.1.21/compute/v2.1/servers/3f1f412a-5cc1-4798-9f79-036211a934d1 0.082s
2024-07-30 16:38:21.700 61700 INFO tempest.lib.common.rest_client [req-9ce7a0df-f67d-4204-b27b-0582289f2c2d req-9ce7a0df-f67d-4204-b27b-0582289f2c2d ] Request (AttachInterfacesTestJSON:test_create_list_show_delete_interfaces_by_fixed_ip): 200 GET http://10.180.1.21/compute/v2.1/servers/f224a4fa-7528-461e-9cc9-f1d8b2a456cc 0.097s
2024-07-30 16:38:21.724 61671 INFO tempest.lib.common.rest_client [req-3fc211c3-b2c8-46a6-bd27-9d5b1c493296 req-3fc211c3-b2c8-46a6-bd27-9d5b1c493296 ] Request (ServerDiskConfigTestJSON:test_rebuild_server_with_auto_disk_config): 200 GET http://10.180.1.21/compute/v2.1/servers/c013e3ec-06d4-438a-a0a9-6cfb9be9f2c8 0.225s
2024-07-30 16:38:21.758 61673 INFO tempest.lib.common.rest_client [req-a092ff14-7ce0-4a24-bcea-425b54784d05 req-a092ff14-7ce0-4a24-bcea-425b54784d05 ] Request (SecurityGroupsTestJSON:test_server_security_groups): 200 GET http://10.180.1.21/compute/v2.1/servers/e7b763be-facb-45ae-aff4-5b7817f3521e 0.136s
2024-07-30 16:38:21.796 61701 INFO tempest.lib.common.rest_client [req-f8d42cda-29e9-43d1-9182-89929700e26d req-f8d42cda-29e9-43d1-9182-89929700e26d ] Request (ServerActionsV293TestJSON:setUpClass): 200 GET http://10.180.1.21/compute/v2.1/servers/b036191f-93f1-43b7-9abe-2b69440afabf 0.139s
2024-07-30 16:38:21.812 61708 INFO tempest.lib.common.rest_client [req-e08bd6ef-5e38-48dd-afae-cf9f5848bd3c req-e08bd6ef-5e38-48dd-afae-cf9f5848bd3c ] Request (ServerAddressesNegativeTestJSON:setUpClass): 200 GET http://10.180.1.21/compute/v2.1/servers/af160509-bfa4-4b1f-8b85-b0c4da73b8a2 0.121s
2024-07-30 16:38:21.843 61669 INFO tempest.lib.common.rest_client [req-c93f7b5c-b9fd-4cc7-8d2b-1f2cd4c86e23 req-c93f7b5c-b9fd-4cc7-8d2b-1f2cd4c86e23 ] Request (DeleteServersTestJSON:test_delete_active_server): 200 GET http://10.180.1.21/compute/v2.1/servers/95260119-4e35-4989-adf3-1fe39ff5de2d 0.126s
2024-07-30 16:38:21.872 61713 INFO tempest.lib.common.rest_client [req-4dfee204-b944-4fb7-8532-0d3371df18de req-4dfee204-b944-4fb7-8532-0d3371df18de ] Request (ServersAaction247Test:test_create_backup): 200 GET http://10.180.1.21/compute/v2.1/servers/147123b0-6e20-44c2-83fc-8d9253214c50 0.115s
2024-07-30 16:38:21.893 61727 INFO tempest.lib.common.rest_client [req-b62d7523-2b2a-4878-b01e-5d80766c3008 req-b62d7523-2b2a-4878-b01e-5d80766c3008 ] Request (DeleteServersAdminTestJSON:test_delete_server_while_in_error_state): 200 GET http://10.180.1.21/compute/v2.1/servers/3a1dba23-e1b1-4730-90a4-287e098086b5 0.120s
2024-07-30 16:38:21.930 61716 INFO tempest.lib.common.rest_client [req-6b217add-c488-4cee-a0bf-5eea97c856f3 req-6b217add-c488-4cee-a0bf-5eea97c856f3 ] Request (ServersNegativeTestMultiTenantJSON:setUpClass): 200 GET http://10.180.1.21/compute/v2.1/servers/71420274-9f91-4670-a6fb-773a3655531d 0.119s
2024-07-30 16:38:21.941 61717 INFO tempest.lib.common.rest_client [req-db13ccde-32bb-4f5c-91f7-0489101d3e21 req-db13ccde-32bb-4f5c-91f7-0489101d3e21 ] Request (ServersTestBootFromVolume:setUpClass): 200 GET http://10.180.1.21/compute/v2.1/servers/1fabd485-88e3-4311-8249-2657d6db447d 0.103s
2024-07-30 16:38:21.977 61675 INFO tempest.lib.common.rest_client [req-508a7292-9ad2-4493-9834-b419f2130266 req-508a7292-9ad2-4493-9834-b419f2130266 ] Request (InstanceActionsV221TestJSON:test_get_list_deleted_instance_actions): 200 GET http://10.180.1.21/compute/v2.1/servers/178506c4-09eb-4a88-a236-5d1a5b2d10dd 0.118s
2024-07-30 16:38:21.987 61709 INFO tempest.lib.common.rest_client [req-8818c4f9-a4db-4e27-aadb-94f71e5f1b08 req-8818c4f9-a4db-4e27-aadb-94f71e5f1b08 ] Request (ImagesOneServerTestJSON:setUpClass): 200 GET http://10.180.1.21/compute/v2.1/servers/7ec6f15d-cb73-44ba-9967-d968709f72fe 0.085s
2024-07-30 16:38:22.037 61667 INFO tempest.lib.common.rest_client [req-0007dbf6-527a-483e-8e42-f7108fa0b3d2 req-0007dbf6-527a-483e-8e42-f7108fa0b3d2 ] Request (ServersTestMultiNic:test_verify_duplicate_network_nics): 200 GET http://10.180.1.21/compute/v2.1/servers/a5865f6b-d951-4ab7-ac35-7d3e6ed5df88 0.095s
2024-07-30 16:38:22.053 61693 INFO tempest.lib.common.rest_client [req-77a4c380-e190-47b0-b023-b7d6e0d28986 req-77a4c380-e190-47b0-b023-b7d6e0d28986 ] Request (FloatingIPsAssociationTestJSON:setUpClass): 200 GET http://10.180.1.21/compute/v2.1/servers/444be3a1-6622-4b43-9d13-0a9589b9a738 0.046s
2024-07-30 16:38:22.102 61687 INFO tempest.lib.common.rest_client [req-114334f5-8c65-4e5f-8473-d6f7f6388540 req-114334f5-8c65-4e5f-8473-d6f7f6388540 ] Request (ServersTestManualDisk:setUpClass): 200 GET http://10.180.1.21/compute/v2.1/servers/b1d1669c-8cbc-40e0-89aa-8b1f462393ca 0.045s
2024-07-30 16:38:22.144 61683 INFO tempest.lib.common.rest_client [req-d2462e0e-cb03-40a5-b7c0-ba1bdce47019 req-d2462e0e-cb03-40a5-b7c0-ba1bdce47019 ] Request (ListImageFiltersTestJSON:setUpClass): 200 GET http://10.180.1.21/compute/v2.1/servers/28e681aa-fa05-4cb8-8f96-f5ddbeb269d5 0.045s
2024-07-30 16:38:22.192 61704 INFO tempest.lib.common.rest_client [req-02f41fcd-4260-4f1c-8f04-b1d7485fc4bb req-02f41fcd-4260-4f1c-8f04-b1d7485fc4bb ] Request (ServersNegativeTestJSON:setUpClass): 200 GET http://10.180.1.21/compute/v2.1/servers/08c1bcde-576b-4f7f-a0fe-5c37f3d65769 0.044s
2024-07-30 16:38:22.261 61679 INFO tempest.lib.common.rest_client [req-e3b8f3cd-ab6a-401a-bc1b-2d944debd0c4 req-e3b8f3cd-ab6a-401a-bc1b-2d944debd0c4 ] Request (AttachInterfacesV270Test:test_create_get_list_interfaces): 200 GET http://10.180.1.21/compute/v2.1/servers/bfc447b9-65a2-445b-9bb5-79f9549e494f 0.046s
2024-07-30 16:38:22.307 61720 INFO tempest.lib.common.rest_client [req-eef63262-f9a9-454c-842b-8599bce5b507 req-eef63262-f9a9-454c-842b-8599bce5b507 ] Request (VolumesAdminNegativeTest:test_update_attached_volume_with_nonexistent_volume_in_body): 200 GET http://10.180.1.21/compute/v2.1/servers/240464a3-d861-42d8-8e49-93f3da9f8600 0.045s
2024-07-30 16:38:22.318 61697 INFO tempest.lib.common.rest_client [req-25f29aff-d4fd-4b96-9930-5ab945f511ae req-25f29aff-d4fd-4b96-9930-5ab945f511ae ] Request (MigrationsAdminTest:test_resize_server_revert_deleted_flavor): 200 GET http://10.180.1.21/compute/v2.1/servers/9e549200-7d50-4f7e-bca3-4a720db013df 0.043s
2024-07-30 16:38:22.348 61724 INFO tempest.lib.common.rest_client [req-1e9d0f6b-f078-453d-8a7a-a21bd4972df1 req-1e9d0f6b-f078-453d-8a7a-a21bd4972df1 ] Request (ServerActionsTestJSON:setUpClass): 200 GET http://10.180.1.21/compute/v2.1/servers/2a360d45-c409-4c73-85ee-f73ef7d8ea2a 0.049s
2024-07-30 16:38:22.390 61665 INFO tempest.lib.common.rest_client [req-6c9a68df-2a1d-4ff1-bb05-523f7c433a6d req-6c9a68df-2a1d-4ff1-bb05-523f7c433a6d ] Request (ServersV294TestFqdnHostnames:setUpClass): 200 GET http://10.180.1.21/compute/v2.1/servers/3a8759ce-2efb-4215-8e1f-3d0c4dad2a3f 0.052s
2024-07-30 16:38:22.394 61690 INFO tempest.lib.common.rest_client [req-ac151e7e-276c-4293-a2bd-9b0c44e04021 req-ac151e7e-276c-4293-a2bd-9b0c44e04021 ] Request (AttachVolumeTestJSON:test_list_get_volume_attachments): 200 GET http://10.180.1.21/compute/v2.1/servers/70697e7c-82eb-43f6-91cd-49d560cc8543 0.044s
2024-07-30 16:38:22.450 61691 INFO tempest.lib.common.rest_client [req-d722c496-7665-4b9f-b988-55f45947f39c req-d722c496-7665-4b9f-b988-55f45947f39c ] Request (ServersAdmin275Test:test_rebuild_update_server_275): 200 GET http://10.180.1.21/compute/v2.1/servers/1b698b04-21e2-4790-9935-504c0cb28e3e 0.051s
2024-07-30 16:38:22.495 61663 INFO tempest.lib.common.rest_client [req-6cd57bd1-ed93-44fe-a31a-44b6dde97b5e req-6cd57bd1-ed93-44fe-a31a-44b6dde97b5e ] Request (ListServersNegativeTestJSON:setUpClass): 200 GET http://10.180.1.21/compute/v2.1/servers/e434ace4-9d7a-4574-9154-3a4870e8dbc0 0.048s
2024-07-30 16:38:22.532 61685 INFO tempest.lib.common.rest_client [req-db6191af-7035-4d29-bc52-a0c0878d9128 req-db6191af-7035-4d29-bc52-a0c0878d9128 ] Request (ServersTestJSON:setUpClass): 200 GET http://10.180.1.21/compute/v2.1/servers/071f1bff-fdcb-4fac-8d42-1938b3b79f2b 0.047s
2024-07-30 16:38:22.546 61712 INFO tempest.lib.common.rest_client [req-0dcfbd42-c658-4ae7-9f54-d5ebbc9972b0 req-0dcfbd42-c658-4ae7-9f54-d5ebbc9972b0 ] Request (ServersAdminNegativeTestJSON:setUpClass): 200 GET http://10.180.1.21/compute/v2.1/servers/990876ae-726e-4d7c-8f20-d602a76d0fad 0.050s
2024-07-30 16:38:22.601 61705 INFO tempest.lib.common.rest_client [req-77289b0e-a6cc-4304-875c-4fff6a3c3dbd req-77289b0e-a6cc-4304-875c-4fff6a3c3dbd ] Request (ServerActionsTestOtherA:setUpClass): 200 GET http://10.180.1.21/compute/v2.1/servers/a86bb979-ad49-4902-9963-927c3d83d4f3 0.050s
2024-07-30 16:38:22.658 61677 INFO tempest.lib.common.rest_client [req-308a6e6d-c8c7-4f73-a03a-cd45e5c60563 req-308a6e6d-c8c7-4f73-a03a-cd45e5c60563 ] Request (ServersWithSpecificFlavorTestJSON:test_verify_created_server_ephemeral_disk): 200 GET http://10.180.1.21/compute/v2.1/servers/60fea14b-6714-4824-8684-a0c1d91241f4 0.052s
2024-07-30 16:38:22.700 61723 INFO tempest.lib.common.rest_client [req-b8682f9e-ee92-40dd-b4da-458101152b72 req-b8682f9e-ee92-40dd-b4da-458101152b72 ] Request (ImagesOneServerNegativeTestJSON:setUpClass): 200 GET http://10.180.1.21/compute/v2.1/servers/3f1f412a-5cc1-4798-9f79-036211a934d1 0.045s
2024-07-30 16:38:22.753 61700 INFO tempest.lib.common.rest_client [req-e3a68f81-163a-493e-ad0e-78b2ff0e400a req-e3a68f81-163a-493e-ad0e-78b2ff0e400a ] Request (AttachInterfacesTestJSON:test_create_list_show_delete_interfaces_by_fixed_ip): 200 GET http://10.180.1.21/compute/v2.1/servers/f224a4fa-7528-461e-9cc9-f1d8b2a456cc 0.046s
2024-07-30 16:38:22.777 61671 INFO tempest.lib.common.rest_client [req-cdcdee14-73af-4e7b-9e03-21a0ae3af776 req-cdcdee14-73af-4e7b-9e03-21a0ae3af776 ] Request (ServerDiskConfigTestJSON:test_rebuild_server_with_auto_disk_config): 200 GET http://10.180.1.21/compute/v2.1/servers/c013e3ec-06d4-438a-a0a9-6cfb9be9f2c8 0.045s
2024-07-30 16:38:22.807 61673 INFO tempest.lib.common.rest_client [req-1568dc85-8938-4b0e-b780-83ff26722682 req-1568dc85-8938-4b0e-b780-83ff26722682 ] Request (SecurityGroupsTestJSON:test_server_security_groups): 200 GET http://10.180.1.21/compute/v2.1/servers/e7b763be-facb-45ae-aff4-5b7817f3521e 0.041s
2024-07-30 16:38:22.861 61701 INFO tempest.lib.common.rest_client [req-c0133044-d5b7-40d3-a423-38331cbfafad req-c0133044-d5b7-40d3-a423-38331cbfafad ] Request (ServerActionsV293TestJSON:setUpClass): 200 GET http://10.180.1.21/compute/v2.1/servers/b036191f-93f1-43b7-9abe-2b69440afabf 0.054s
2024-07-30 16:38:22.864 61708 INFO tempest.lib.common.rest_client [req-623af8e5-6611-41e3-94f5-102b5d91c9c6 req-623af8e5-6611-41e3-94f5-102b5d91c9c6 ] Request (ServerAddressesNegativeTestJSON:setUpClass): 200 GET http://10.180.1.21/compute/v2.1/servers/af160509-bfa4-4b1f-8b85-b0c4da73b8a2 0.044s
2024-07-30 16:38:22.905 61669 INFO tempest.lib.common.rest_client [req-a40b708e-503e-41be-9ff1-11325bd883cc req-a40b708e-503e-41be-9ff1-11325bd883cc ] Request (DeleteServersTestJSON:test_delete_active_server): 200 GET http://10.180.1.21/compute/v2.1/servers/95260119-4e35-4989-adf3-1fe39ff5de2d 0.054s
2024-07-30 16:38:22.930 61713 INFO tempest.lib.common.rest_client [req-ed3ae516-f548-495d-8a65-bb100bd6d224 req-ed3ae516-f548-495d-8a65-bb100bd6d224 ] Request (ServersAaction247Test:test_create_backup): 200 GET http://10.180.1.21/compute/v2.1/servers/147123b0-6e20-44c2-83fc-8d9253214c50 0.048s
2024-07-30 16:38:22.951 61727 INFO tempest.lib.common.rest_client [req-06d0d816-707c-4d0b-a8ef-b385af64b144 req-06d0d816-707c-4d0b-a8ef-b385af64b144 ] Request (DeleteServersAdminTestJSON:test_delete_server_while_in_error_state): 200 GET http://10.180.1.21/compute/v2.1/servers/3a1dba23-e1b1-4730-90a4-287e098086b5 0.051s
2024-07-30 16:38:22.981 61716 INFO tempest.lib.common.rest_client [req-58b6e085-a718-4018-897f-0640ed6dfb08 req-58b6e085-a718-4018-897f-0640ed6dfb08 ] Request (ServersNegativeTestMultiTenantJSON:setUpClass): 200 GET http://10.180.1.21/compute/v2.1/servers/71420274-9f91-4670-a6fb-773a3655531d 0.044s
2024-07-30 16:38:22.992 61717 INFO tempest.lib.common.rest_client [req-822bca4a-0262-4613-8845-b84420fe0bea req-822bca4a-0262-4613-8845-b84420fe0bea ] Request (ServersTestBootFromVolume:setUpClass): 200 GET http://10.180.1.21/compute/v2.1/servers/1fabd485-88e3-4311-8249-2657d6db447d 0.044s
2024-07-30 16:38:23.032 61675 INFO tempest.lib.common.rest_client [req-90740c97-22fe-4741-94e1-673ec279ad42 req-90740c97-22fe-4741-94e1-673ec279ad42 ] Request (InstanceActionsV221TestJSON:test_get_list_deleted_instance_actions): 200 GET http://10.180.1.21/compute/v2.1/servers/178506c4-09eb-4a88-a236-5d1a5b2d10dd 0.046s
2024-07-30 16:38:23.034 61709 INFO tempest.lib.common.rest_client [req-e6a5c43f-8e42-4195-ba0c-adc430425a14 req-e6a5c43f-8e42-4195-ba0c-adc430425a14 ] Request (ImagesOneServerTestJSON:setUpClass): 200 GET http://10.180.1.21/compute/v2.1/servers/7ec6f15d-cb73-44ba-9967-d968709f72fe 0.040s
2024-07-30 16:38:23.039 61675 INFO tempest.common.waiters [-] State transition "BUILD/None" ==> "BUILD/networking" after 68 second wait
2024-07-30 16:38:23.092 61667 INFO tempest.lib.common.rest_client [req-6ac6a8ba-a074-4071-8c3e-96c7df24fb7c req-6ac6a8ba-a074-4071-8c3e-96c7df24fb7c ] Request (ServersTestMultiNic:test_verify_duplicate_network_nics): 200 GET http://10.180.1.21/compute/v2.1/servers/a5865f6b-d951-4ab7-ac35-7d3e6ed5df88 0.047s
2024-07-30 16:38:23.107 61693 INFO tempest.lib.common.rest_client [req-e7b3fe77-1812-49ae-b048-04e1248ac43c req-e7b3fe77-1812-49ae-b048-04e1248ac43c ] Request (FloatingIPsAssociationTestJSON:setUpClass): 200 GET http://10.180.1.21/compute/v2.1/servers/444be3a1-6622-4b43-9d13-0a9589b9a738 0.046s
2024-07-30 16:38:23.155 61687 INFO tempest.lib.common.rest_client [req-23a2ea24-8acb-4dd1-b894-394705bf1622 req-23a2ea24-8acb-4dd1-b894-394705bf1622 ] Request (ServersTestManualDisk:setUpClass): 200 GET http://10.180.1.21/compute/v2.1/servers/b1d1669c-8cbc-40e0-89aa-8b1f462393ca 0.044s
2024-07-30 16:38:23.196 61683 INFO tempest.lib.common.rest_client [req-5465c036-9430-4c10-b868-1c8e0a9f3d0e req-5465c036-9430-4c10-b868-1c8e0a9f3d0e ] Request (ListImageFiltersTestJSON:setUpClass): 200 GET http://10.180.1.21/compute/v2.1/servers/28e681aa-fa05-4cb8-8f96-f5ddbeb269d5 0.045s
2024-07-30 16:38:23.243 61704 INFO tempest.lib.common.rest_client [req-c0536dda-efa0-4244-8744-d603b8c59c95 req-c0536dda-efa0-4244-8744-d603b8c59c95 ] Request (ServersNegativeTestJSON:setUpClass): 200 GET http://10.180.1.21/compute/v2.1/servers/08c1bcde-576b-4f7f-a0fe-5c37f3d65769 0.044s
2024-07-30 16:38:23.316 61679 INFO tempest.lib.common.rest_client [req-61d0fd01-4341-4ba1-9707-f1ee0492bf1c req-61d0fd01-4341-4ba1-9707-f1ee0492bf1c ] Request (AttachInterfacesV270Test:test_create_get_list_interfaces): 200 GET http://10.180.1.21/compute/v2.1/servers/bfc447b9-65a2-445b-9bb5-79f9549e494f 0.046s
2024-07-30 16:38:23.361 61720 INFO tempest.lib.common.rest_client [req-378496fc-1f07-45cb-9ff6-a492c58d20d2 req-378496fc-1f07-45cb-9ff6-a492c58d20d2 ] Request (VolumesAdminNegativeTest:test_update_attached_volume_with_nonexistent_volume_in_body): 200 GET http://10.180.1.21/compute/v2.1/servers/240464a3-d861-42d8-8e49-93f3da9f8600 0.047s
2024-07-30 16:38:23.369 61697 INFO tempest.lib.common.rest_client [req-1b11e69e-fc63-42f7-abc6-a503a5285c4b req-1b11e69e-fc63-42f7-abc6-a503a5285c4b ] Request (MigrationsAdminTest:test_resize_server_revert_deleted_flavor): 200 GET http://10.180.1.21/compute/v2.1/servers/9e549200-7d50-4f7e-bca3-4a720db013df 0.043s
2024-07-30 16:38:23.400 61724 INFO tempest.lib.common.rest_client [req-f2ceb208-68b4-47b5-9033-43af1507a063 req-f2ceb208-68b4-47b5-9033-43af1507a063 ] Request (ServerActionsTestJSON:setUpClass): 200 GET http://10.180.1.21/compute/v2.1/servers/2a360d45-c409-4c73-85ee-f73ef7d8ea2a 0.045s
2024-07-30 16:38:23.449 61665 INFO tempest.lib.common.rest_client [req-2123591d-ce11-427f-940d-7f750b95bb0e req-2123591d-ce11-427f-940d-7f750b95bb0e ] Request (ServersV294TestFqdnHostnames:setUpClass): 200 GET http://10.180.1.21/compute/v2.1/servers/3a8759ce-2efb-4215-8e1f-3d0c4dad2a3f 0.050s
2024-07-30 16:38:23.453 61690 INFO tempest.lib.common.rest_client [req-715dfc9d-1d99-4050-bbad-bfe763850cc8 req-715dfc9d-1d99-4050-bbad-bfe763850cc8 ] Request (AttachVolumeTestJSON:test_list_get_volume_attachments): 200 GET http://10.180.1.21/compute/v2.1/servers/70697e7c-82eb-43f6-91cd-49d560cc8543 0.052s
2024-07-30 16:38:23.508 61691 INFO tempest.lib.common.rest_client [req-a5eb931e-c1c0-4ad8-8147-4f3b6a8de988 req-a5eb931e-c1c0-4ad8-8147-4f3b6a8de988 ] Request (ServersAdmin275Test:test_rebuild_update_server_275): 200 GET http://10.180.1.21/compute/v2.1/servers/1b698b04-21e2-4790-9935-504c0cb28e3e 0.049s
2024-07-30 16:38:23.553 61663 INFO tempest.lib.common.rest_client [req-4d0efb3f-b60f-48f6-9717-273ba5cb330f req-4d0efb3f-b60f-48f6-9717-273ba5cb330f ] Request (ListServersNegativeTestJSON:setUpClass): 200 GET http://10.180.1.21/compute/v2.1/servers/e434ace4-9d7a-4574-9154-3a4870e8dbc0 0.050s
2024-07-30 16:38:23.600 61685 INFO tempest.lib.common.rest_client [req-34500c9c-2384-4259-bc39-19893b723277 req-34500c9c-2384-4259-bc39-19893b723277 ] Request (ServersTestJSON:setUpClass): 200 GET http://10.180.1.21/compute/v2.1/servers/071f1bff-fdcb-4fac-8d42-1938b3b79f2b 0.061s
2024-07-30 16:38:23.608 61712 INFO tempest.lib.common.rest_client [req-3aaeebc6-81c3-4b6b-bc44-1c2b92d64ad2 req-3aaeebc6-81c3-4b6b-bc44-1c2b92d64ad2 ] Request (ServersAdminNegativeTestJSON:setUpClass): 200 GET http://10.180.1.21/compute/v2.1/servers/990876ae-726e-4d7c-8f20-d602a76d0fad 0.054s
2024-07-30 16:38:23.658 61705 INFO tempest.lib.common.rest_client [req-10df255a-7371-4840-9792-21df77eda5cd req-10df255a-7371-4840-9792-21df77eda5cd ] Request (ServerActionsTestOtherA:setUpClass): 200 GET http://10.180.1.21/compute/v2.1/servers/a86bb979-ad49-4902-9963-927c3d83d4f3 0.051s
2024-07-30 16:38:23.715 61677 INFO tempest.lib.common.rest_client [req-6e087b4f-dd62-4960-a052-511b607200a2 req-6e087b4f-dd62-4960-a052-511b607200a2 ] Request (ServersWithSpecificFlavorTestJSON:test_verify_created_server_ephemeral_disk): 200 GET http://10.180.1.21/compute/v2.1/servers/60fea14b-6714-4824-8684-a0c1d91241f4 0.050s
2024-07-30 16:38:23.758 61723 INFO tempest.lib.common.rest_client [req-0f9b0230-cba0-4571-8e5c-3e2441a399a9 req-0f9b0230-cba0-4571-8e5c-3e2441a399a9 ] Request (ImagesOneServerNegativeTestJSON:setUpClass): 200 GET http://10.180.1.21/compute/v2.1/servers/3f1f412a-5cc1-4798-9f79-036211a934d1 0.051s
2024-07-30 16:38:23.764 61723 INFO tempest.common.waiters [-] State transition "BUILD/spawning" ==> "ERROR/None" after 83 second wait
2024-07-30 16:38:23.809 61700 INFO tempest.lib.common.rest_client [req-c5237419-1607-4a1c-ab89-57c3c86fe90a req-c5237419-1607-4a1c-ab89-57c3c86fe90a ] Request (AttachInterfacesTestJSON:test_create_list_show_delete_interfaces_by_fixed_ip): 200 GET http://10.180.1.21/compute/v2.1/servers/f224a4fa-7528-461e-9cc9-f1d8b2a456cc 0.048s
2024-07-30 16:38:23.858 61671 INFO tempest.lib.common.rest_client [req-2901a14f-ebb2-40b0-847f-4c12fd042a69 req-2901a14f-ebb2-40b0-847f-4c12fd042a69 ] Request (ServerDiskConfigTestJSON:test_rebuild_server_with_auto_disk_config): 200 GET http://10.180.1.21/compute/v2.1/servers/c013e3ec-06d4-438a-a0a9-6cfb9be9f2c8 0.073s
2024-07-30 16:38:23.907 61673 INFO tempest.lib.common.rest_client [req-18517a14-1458-4cee-b76c-c60797f889bf req-18517a14-1458-4cee-b76c-c60797f889bf ] Request (SecurityGroupsTestJSON:test_server_security_groups): 200 GET http://10.180.1.21/compute/v2.1/servers/e7b763be-facb-45ae-aff4-5b7817f3521e 0.092s
2024-07-30 16:38:23.933 61723 INFO tempest.lib.common.rest_client [req-d0fe6975-33a7-4a8d-89eb-d14694075b4c req-d0fe6975-33a7-4a8d-89eb-d14694075b4c ] Request (ImagesOneServerNegativeTestJSON:setUpClass): 204 DELETE http://10.180.1.21/compute/v2.1/servers/3f1f412a-5cc1-4798-9f79-036211a934d1 0.169s
2024-07-30 16:38:23.967 61701 INFO tempest.lib.common.rest_client [req-412924ba-e198-47aa-a0c6-0a6b21ca7eae req-412924ba-e198-47aa-a0c6-0a6b21ca7eae ] Request (ServerActionsV293TestJSON:setUpClass): 200 GET http://10.180.1.21/compute/v2.1/servers/b036191f-93f1-43b7-9abe-2b69440afabf 0.097s
2024-07-30 16:38:23.983 61708 INFO tempest.lib.common.rest_client [req-761e7c1b-4e14-4cdf-8948-d6147873cb80 req-761e7c1b-4e14-4cdf-8948-d6147873cb80 ] Request (ServerAddressesNegativeTestJSON:setUpClass): 200 GET http://10.180.1.21/compute/v2.1/servers/af160509-bfa4-4b1f-8b85-b0c4da73b8a2 0.112s
2024-07-30 16:38:24.006 61723 INFO tempest.lib.common.rest_client [req-23a1e284-3694-4916-9611-f5f5a13b18d7 req-23a1e284-3694-4916-9611-f5f5a13b18d7 ] Request (ImagesOneServerNegativeTestJSON:setUpClass): 404 GET http://10.180.1.21/compute/v2.1/servers/3f1f412a-5cc1-4798-9f79-036211a934d1 0.073s
2024-07-30 16:38:24.006 61723 INFO tempest.test [-] raised in ImagesOneServerNegativeTestJSON.setUpClass. Invoking tearDownClass.
2024-07-30 16:38:24.037 61669 INFO tempest.lib.common.rest_client [req-42298f05-ca7b-4317-8bcf-e1b8f73af9b5 req-42298f05-ca7b-4317-8bcf-e1b8f73af9b5 ] Request (DeleteServersTestJSON:test_delete_active_server): 200 GET http://10.180.1.21/compute/v2.1/servers/95260119-4e35-4989-adf3-1fe39ff5de2d 0.124s
2024-07-30 16:38:24.054 61713 INFO tempest.lib.common.rest_client [req-4e4a9580-a125-41b9-9eb3-a109c2ded8a3 req-4e4a9580-a125-41b9-9eb3-a109c2ded8a3 ] Request (ServersAaction247Test:test_create_backup): 200 GET http://10.180.1.21/compute/v2.1/servers/147123b0-6e20-44c2-83fc-8d9253214c50 0.115s
2024-07-30 16:38:24.105 61727 INFO tempest.lib.common.rest_client [req-1460e578-f35f-430a-8afa-6106cec97478 req-1460e578-f35f-430a-8afa-6106cec97478 ] Request (DeleteServersAdminTestJSON:test_delete_server_while_in_error_state): 200 GET http://10.180.1.21/compute/v2.1/servers/3a1dba23-e1b1-4730-90a4-287e098086b5 0.146s
2024-07-30 16:38:24.119 61716 INFO tempest.lib.common.rest_client [req-2f49d7ba-dc51-4e5b-8a23-be76552dc58f req-2f49d7ba-dc51-4e5b-8a23-be76552dc58f ] Request (ServersNegativeTestMultiTenantJSON:setUpClass): 200 GET http://10.180.1.21/compute/v2.1/servers/71420274-9f91-4670-a6fb-773a3655531d 0.132s
2024-07-30 16:38:24.157 61717 INFO tempest.lib.common.rest_client [req-eb752b1b-a64a-4983-bd5f-fb48005a92c6 req-eb752b1b-a64a-4983-bd5f-fb48005a92c6 ] Request (ServersTestBootFromVolume:setUpClass): 200 GET http://10.180.1.21/compute/v2.1/servers/1fabd485-88e3-4311-8249-2657d6db447d 0.158s
2024-07-30 16:38:24.205 61709 INFO tempest.lib.common.rest_client [req-3d417771-b267-4ced-8087-abf75b9a757e req-3d417771-b267-4ced-8087-abf75b9a757e ] Request (ImagesOneServerTestJSON:setUpClass): 200 GET http://10.180.1.21/compute/v2.1/servers/7ec6f15d-cb73-44ba-9967-d968709f72fe 0.164s
2024-07-30 16:38:24.254 61667 INFO tempest.lib.common.rest_client [req-ac15d03f-0838-4888-9eff-40c692e66a4e req-ac15d03f-0838-4888-9eff-40c692e66a4e ] Request (ServersTestMultiNic:test_verify_duplicate_network_nics): 200 GET http://10.180.1.21/compute/v2.1/servers/a5865f6b-d951-4ab7-ac35-7d3e6ed5df88 0.155s
2024-07-30 16:38:24.308 61693 INFO tempest.lib.common.rest_client [req-eb21cca5-3964-491c-b291-703b87abf023 req-eb21cca5-3964-491c-b291-703b87abf023 ] Request (FloatingIPsAssociationTestJSON:setUpClass): 200 GET http://10.180.1.21/compute/v2.1/servers/444be3a1-6622-4b43-9d13-0a9589b9a738 0.194s
2024-07-30 16:38:24.330 61675 INFO tempest.lib.common.rest_client [req-e9fa5481-ec7b-402e-bee7-83dcb3425d04 req-e9fa5481-ec7b-402e-bee7-83dcb3425d04 ] Request (InstanceActionsV221TestJSON:test_get_list_deleted_instance_actions): 200 GET http://10.180.1.21/compute/v2.1/servers/178506c4-09eb-4a88-a236-5d1a5b2d10dd 0.289s
2024-07-30 16:38:24.338 61675 INFO tempest.common.waiters [-] State transition "BUILD/networking" ==> "BUILD/block_device_mapping" after 69 second wait
2024-07-30 16:38:24.378 61687 INFO tempest.lib.common.rest_client [req-c4a04069-8574-4bde-8b74-bfec974ac857 req-c4a04069-8574-4bde-8b74-bfec974ac857 ] Request (ServersTestManualDisk:setUpClass): 200 GET http://10.180.1.21/compute/v2.1/servers/b1d1669c-8cbc-40e0-89aa-8b1f462393ca 0.216s
2024-07-30 16:38:24.382 61683 INFO tempest.lib.common.rest_client [req-91aac932-8e47-4d2e-afeb-d56d6c8db4ad req-91aac932-8e47-4d2e-afeb-d56d6c8db4ad ] Request (ListImageFiltersTestJSON:setUpClass): 200 GET http://10.180.1.21/compute/v2.1/servers/28e681aa-fa05-4cb8-8f96-f5ddbeb269d5 0.178s
2024-07-30 16:38:24.448 61679 INFO tempest.lib.common.rest_client [req-75d664f4-67a5-42a2-b722-5317806df619 req-75d664f4-67a5-42a2-b722-5317806df619 ] Request (AttachInterfacesV270Test:test_create_get_list_interfaces): 200 GET http://10.180.1.21/compute/v2.1/servers/bfc447b9-65a2-445b-9bb5-79f9549e494f 0.123s
2024-07-30 16:38:24.456 61704 INFO tempest.lib.common.rest_client [req-43a50a0f-e023-4fdc-b9f9-3a10a538b983 req-43a50a0f-e023-4fdc-b9f9-3a10a538b983 ] Request (ServersNegativeTestJSON:setUpClass): 200 GET http://10.180.1.21/compute/v2.1/servers/08c1bcde-576b-4f7f-a0fe-5c37f3d65769 0.206s
2024-07-30 16:38:24.508 61720 INFO tempest.lib.common.rest_client [req-1f8d1af5-4058-4111-8f6f-c98d7d22f4bd req-1f8d1af5-4058-4111-8f6f-c98d7d22f4bd ] Request (VolumesAdminNegativeTest:test_update_attached_volume_with_nonexistent_volume_in_body): 200 GET http://10.180.1.21/compute/v2.1/servers/240464a3-d861-42d8-8e49-93f3da9f8600 0.139s
2024-07-30 16:38:24.515 61697 INFO tempest.lib.common.rest_client [req-499591e6-0406-4b28-abda-371a1f3b3626 req-499591e6-0406-4b28-abda-371a1f3b3626 ] Request (MigrationsAdminTest:test_resize_server_revert_deleted_flavor): 200 GET http://10.180.1.21/compute/v2.1/servers/9e549200-7d50-4f7e-bca3-4a720db013df 0.138s
2024-07-30 16:38:24.576 61724 INFO tempest.lib.common.rest_client [req-8fae878f-8146-4623-8e48-625b553c30da req-8fae878f-8146-4623-8e48-625b553c30da ] Request (ServerActionsTestJSON:setUpClass): 200 GET http://10.180.1.21/compute/v2.1/servers/2a360d45-c409-4c73-85ee-f73ef7d8ea2a 0.169s
2024-07-30 16:38:24.585 61665 INFO tempest.lib.common.rest_client [req-08bcbe3d-43ca-45e6-8d1b-c1310e8a754c req-08bcbe3d-43ca-45e6-8d1b-c1310e8a754c ] Request (ServersV294TestFqdnHostnames:setUpClass): 200 GET http://10.180.1.21/compute/v2.1/servers/3a8759ce-2efb-4215-8e1f-3d0c4dad2a3f 0.126s
2024-07-30 16:38:24.641 61691 INFO tempest.lib.common.rest_client [req-0761ae4b-74f6-471e-a2c6-b7a7d268b5c7 req-0761ae4b-74f6-471e-a2c6-b7a7d268b5c7 ] Request (ServersAdmin275Test:test_rebuild_update_server_275): 200 GET http://10.180.1.21/compute/v2.1/servers/1b698b04-21e2-4790-9935-504c0cb28e3e 0.119s
2024-07-30 16:38:24.671 61690 INFO tempest.lib.common.rest_client [req-ed218077-7b7b-498f-925f-6d22ddf6f567 req-ed218077-7b7b-498f-925f-6d22ddf6f567 ] Request (AttachVolumeTestJSON:test_list_get_volume_attachments): 200 GET http://10.180.1.21/compute/v2.1/servers/70697e7c-82eb-43f6-91cd-49d560cc8543 0.212s
2024-07-30 16:38:24.713 61663 INFO tempest.lib.common.rest_client [req-bf91d3de-7802-43bc-855f-5454fff8f685 req-bf91d3de-7802-43bc-855f-5454fff8f685 ] Request (ListServersNegativeTestJSON:setUpClass): 200 GET http://10.180.1.21/compute/v2.1/servers/e434ace4-9d7a-4574-9154-3a4870e8dbc0 0.154s
2024-07-30 16:38:24.718 61685 INFO tempest.lib.common.rest_client [req-a514a686-13ff-4d08-8be3-4e2e6d98ef5c req-a514a686-13ff-4d08-8be3-4e2e6d98ef5c ] Request (ServersTestJSON:setUpClass): 200 GET http://10.180.1.21/compute/v2.1/servers/071f1bff-fdcb-4fac-8d42-1938b3b79f2b 0.111s
2024-07-30 16:38:24.762 61712 INFO tempest.lib.common.rest_client [req-2db6bab8-f58a-4fb8-8c12-645b7b48cb20 req-2db6bab8-f58a-4fb8-8c12-645b7b48cb20 ] Request (ServersAdminNegativeTestJSON:setUpClass): 200 GET http://10.180.1.21/compute/v2.1/servers/990876ae-726e-4d7c-8f20-d602a76d0fad 0.147s
2024-07-30 16:38:24.772 61723 INFO tempest.lib.common.rest_client [req-676e7181-5747-4044-aa46-a8ba10c4fbd1 req-676e7181-5747-4044-aa46-a8ba10c4fbd1 ] Request (ImagesOneServerNegativeTestJSON:tearDownClass): 200 PUT http://10.180.1.21:9696/networking/v2.0/routers/89c7c62a-b9d1-4f26-9ff1-b0df6ff50e3b/remove_router_interface 0.766s
2024-07-30 16:38:24.780 61705 INFO tempest.lib.common.rest_client [req-ea40366a-5195-4adb-bda9-028fdd4c89c6 req-ea40366a-5195-4adb-bda9-028fdd4c89c6 ] Request (ServerActionsTestOtherA:setUpClass): 200 GET http://10.180.1.21/compute/v2.1/servers/a86bb979-ad49-4902-9963-927c3d83d4f3 0.116s
2024-07-30 16:38:24.839 61677 INFO tempest.lib.common.rest_client [req-e99bea7b-0756-444c-b555-6fe1d04257a7 req-e99bea7b-0756-444c-b555-6fe1d04257a7 ] Request (ServersWithSpecificFlavorTestJSON:test_verify_created_server_ephemeral_disk): 200 GET http://10.180.1.21/compute/v2.1/servers/60fea14b-6714-4824-8684-a0c1d91241f4 0.117s
2024-07-30 16:38:24.864 61700 INFO tempest.lib.common.rest_client [req-47798389-4de1-4c1d-943d-077fbc691757 req-47798389-4de1-4c1d-943d-077fbc691757 ] Request (AttachInterfacesTestJSON:test_create_list_show_delete_interfaces_by_fixed_ip): 200 GET http://10.180.1.21/compute/v2.1/servers/f224a4fa-7528-461e-9cc9-f1d8b2a456cc 0.048s
2024-07-30 16:38:24.920 61671 INFO tempest.lib.common.rest_client [req-5fb95eb2-6411-4525-9f04-42213169f9c7 req-5fb95eb2-6411-4525-9f04-42213169f9c7 ] Request (ServerDiskConfigTestJSON:test_rebuild_server_with_auto_disk_config): 200 GET http://10.180.1.21/compute/v2.1/servers/c013e3ec-06d4-438a-a0a9-6cfb9be9f2c8 0.055s
2024-07-30 16:38:24.969 61673 INFO tempest.lib.common.rest_client [req-882b5770-1cf8-4809-a1e0-7b993c8751fd req-882b5770-1cf8-4809-a1e0-7b993c8751fd ] Request (SecurityGroupsTestJSON:test_server_security_groups): 200 GET http://10.180.1.21/compute/v2.1/servers/e7b763be-facb-45ae-aff4-5b7817f3521e 0.054s
2024-07-30 16:38:25.028 61701 INFO tempest.lib.common.rest_client [req-150d0e16-1aec-4412-992a-3524b6ca0342 req-150d0e16-1aec-4412-992a-3524b6ca0342 ] Request (ServerActionsV293TestJSON:setUpClass): 200 GET http://10.180.1.21/compute/v2.1/servers/b036191f-93f1-43b7-9abe-2b69440afabf 0.051s
2024-07-30 16:38:25.046 61708 INFO tempest.lib.common.rest_client [req-96fa0e98-7dbc-4985-a4ae-f90d9996c37a req-96fa0e98-7dbc-4985-a4ae-f90d9996c37a ] Request (ServerAddressesNegativeTestJSON:setUpClass): 200 GET http://10.180.1.21/compute/v2.1/servers/af160509-bfa4-4b1f-8b85-b0c4da73b8a2 0.056s
2024-07-30 16:38:25.073 61723 INFO tempest.lib.common.rest_client [req-6561713f-727a-4ab6-b1c5-86a55ac7976d req-6561713f-727a-4ab6-b1c5-86a55ac7976d ] Request (ImagesOneServerNegativeTestJSON:tearDownClass): 204 DELETE http://10.180.1.21:9696/networking/v2.0/routers/89c7c62a-b9d1-4f26-9ff1-b0df6ff50e3b 0.300s
