2024-07-30 16:38:36.142 61693 INFO tempest.lib.common.rest_client [req-9fdb61d4-e5d2-4692-9720-c8bfd2e14360 req-9fdb61d4-e5d2-4692-9720-c8bfd2e14360 ] Request (FloatingIPsAssociationTestJSON:setUpClass): 200 GET http://10.180.1.21/compute/v2.1/servers/444be3a1-6622-4b43-9d13-0a9589b9a738 0.101s
2024-07-30 16:38:36.176 61704 INFO tempest.lib.common.rest_client [req-31395a07-891f-452c-aaf1-c6d338716fa5 req-31395a07-891f-452c-aaf1-c6d338716fa5 ] Request (ServersNegativeTestJSON:setUpClass): 200 GET http://10.180.1.21/compute/v2.1/servers/08c1bcde-576b-4f7f-a0fe-5c37f3d65769 0.086s
2024-07-30 16:38:36.200 61720 INFO tempest.lib.common.rest_client [req-3bf14640-71e9-484a-9709-509c7714c05d req-3bf14640-71e9-484a-9709-509c7714c05d ] Request (VolumesAdminNegativeTest:test_update_attached_volume_with_nonexistent_volume_in_body): 200 GET http://10.180.1.21/compute/v2.1/servers/240464a3-d861-42d8-8e49-93f3da9f8600 0.063s
2024-07-30 16:38:36.245 61697 INFO tempest.lib.common.rest_client [req-456b5c0e-beb5-4e10-9be1-ac55eb80b95d req-456b5c0e-beb5-4e10-9be1-ac55eb80b95d ] Request (MigrationsAdminTest:test_resize_server_revert_deleted_flavor): 200 GET http://10.180.1.21/compute/v2.1/servers/9e549200-7d50-4f7e-bca3-4a720db013df 0.045s
2024-07-30 16:38:36.290 61724 INFO tempest.lib.common.rest_client [req-73a5166a-8704-4b55-a694-f57d0855c071 req-73a5166a-8704-4b55-a694-f57d0855c071 ] Request (ServerActionsTestJSON:setUpClass): 200 GET http://10.180.1.21/compute/v2.1/servers/2a360d45-c409-4c73-85ee-f73ef7d8ea2a 0.060s
2024-07-30 16:38:36.343 61665 INFO tempest.lib.common.rest_client [req-103d24cf-9b4d-491c-a1c2-c7a309006dd3 req-103d24cf-9b4d-491c-a1c2-c7a309006dd3 ] Request (ServersV294TestFqdnHostnames:setUpClass): 200 GET http://10.180.1.21/compute/v2.1/servers/3a8759ce-2efb-4215-8e1f-3d0c4dad2a3f 0.049s
2024-07-30 16:38:36.407 61663 INFO tempest.lib.common.rest_client [req-93986d09-600f-407f-905c-de81326dbb68 req-93986d09-600f-407f-905c-de81326dbb68 ] Request (ListServersNegativeTestJSON:setUpClass): 200 GET http://10.180.1.21/compute/v2.1/servers/e434ace4-9d7a-4574-9154-3a4870e8dbc0 0.048s
2024-07-30 16:38:36.428 61691 INFO tempest.lib.common.rest_client [req-9fac2885-eec5-418e-ae15-58f7bcebbae0 req-9fac2885-eec5-418e-ae15-58f7bcebbae0 ] Request (ServersAdmin275Test:test_rebuild_update_server_275): 200 GET http://10.180.1.21/compute/v2.1/servers/1b698b04-21e2-4790-9935-504c0cb28e3e 0.078s
2024-07-30 16:38:36.461 61712 INFO tempest.lib.common.rest_client [req-f2df404a-b2d8-47bd-a163-1dd577ec6b1b req-f2df404a-b2d8-47bd-a163-1dd577ec6b1b ] Request (ServersAdminNegativeTestJSON:setUpClass): 200 GET http://10.180.1.21/compute/v2.1/servers/990876ae-726e-4d7c-8f20-d602a76d0fad 0.070s
2024-07-30 16:38:36.492 61690 INFO tempest.lib.common.rest_client [req-bdb0e359-4397-4dee-ab89-3e7585ac3ece req-bdb0e359-4397-4dee-ab89-3e7585ac3ece ] Request (AttachVolumeTestJSON:test_list_get_volume_attachments): 200 GET http://10.180.1.21/compute/v2.1/servers/70697e7c-82eb-43f6-91cd-49d560cc8543 0.053s
2024-07-30 16:38:36.523 61679 INFO tempest.lib.common.rest_client [req-d0a40496-6452-4b91-8d97-4eca29cdc129 req-d0a40496-6452-4b91-8d97-4eca29cdc129 ] Request (AttachInterfacesV270Test:test_create_get_list_interfaces): 200 GET http://10.180.1.21/compute/v2.1/servers/bfc447b9-65a2-445b-9bb5-79f9549e494f 0.068s
2024-07-30 16:38:36.567 61705 INFO tempest.lib.common.rest_client [req-a743c103-7cfc-47d4-b380-6b1ee155903a req-a743c103-7cfc-47d4-b380-6b1ee155903a ] Request (ServerActionsTestOtherA:setUpClass): 200 GET http://10.180.1.21/compute/v2.1/servers/a86bb979-ad49-4902-9963-927c3d83d4f3 0.052s
2024-07-30 16:38:36.574 61685 INFO tempest.lib.common.rest_client [req-cec40bed-44c1-423a-a856-8e1f9dbbb399 req-cec40bed-44c1-423a-a856-8e1f9dbbb399 ] Request (ServersTestJSON:setUpClass): 200 GET http://10.180.1.21/compute/v2.1/servers/071f1bff-fdcb-4fac-8d42-1938b3b79f2b 0.048s
2024-07-30 16:38:36.648 61677 INFO tempest.lib.common.rest_client [req-f9930af9-2da7-4feb-aa10-aaf1b09ccf11 req-f9930af9-2da7-4feb-aa10-aaf1b09ccf11 ] Request (ServersWithSpecificFlavorTestJSON:test_verify_created_server_ephemeral_disk): 200 GET http://10.180.1.21/compute/v2.1/servers/60fea14b-6714-4824-8684-a0c1d91241f4 0.049s
2024-07-30 16:38:36.675 61671 INFO tempest.lib.common.rest_client [req-0dac2e24-ba2a-4d17-9747-d3d3d7f13350 req-0dac2e24-ba2a-4d17-9747-d3d3d7f13350 ] Request (ServerDiskConfigTestJSON:test_rebuild_server_with_auto_disk_config): 200 GET http://10.180.1.21/compute/v2.1/servers/c013e3ec-06d4-438a-a0a9-6cfb9be9f2c8 0.077s
2024-07-30 16:38:36.695 61700 INFO tempest.lib.common.rest_client [req-9e2fbf26-1843-4122-be02-2528acfe5ccb req-9e2fbf26-1843-4122-be02-2528acfe5ccb ] Request (AttachInterfacesTestJSON:test_create_list_show_delete_interfaces_by_fixed_ip): 200 GET http://10.180.1.21/compute/v2.1/servers/f224a4fa-7528-461e-9cc9-f1d8b2a456cc 0.050s
2024-07-30 16:38:36.715 61673 INFO tempest.lib.common.rest_client [req-46a7921f-951c-4af2-a512-a8da63751db0 req-46a7921f-951c-4af2-a512-a8da63751db0 ] Request (SecurityGroupsTestJSON:test_server_security_groups): 200 GET http://10.180.1.21/compute/v2.1/servers/e7b763be-facb-45ae-aff4-5b7817f3521e 0.062s
2024-07-30 16:38:36.768 61669 INFO tempest.lib.common.rest_client [req-b2353d3d-4d8c-4f7d-bdb2-0b10191c9c7f req-b2353d3d-4d8c-4f7d-bdb2-0b10191c9c7f ] Request (DeleteServersTestJSON:test_delete_active_server): 200 GET http://10.180.1.21/compute/v2.1/servers/95260119-4e35-4989-adf3-1fe39ff5de2d 0.049s
2024-07-30 16:38:36.773 61701 INFO tempest.lib.common.rest_client [req-c82062be-3c8e-4128-a1e9-62f1e8de46d9 req-c82062be-3c8e-4128-a1e9-62f1e8de46d9 ] Request (ServerActionsV293TestJSON:setUpClass): 200 GET http://10.180.1.21/compute/v2.1/servers/b036191f-93f1-43b7-9abe-2b69440afabf 0.048s
2024-07-30 16:38:36.774 61669 INFO tempest.common.waiters [-] State transition "BUILD/scheduling" ==> "ERROR/None" after 96 second wait
2024-07-30 16:38:36.824 61708 INFO tempest.lib.common.rest_client [req-f15a18dd-f7f0-49d5-a224-8bf4dc03bba8 req-f15a18dd-f7f0-49d5-a224-8bf4dc03bba8 ] Request (ServerAddressesNegativeTestJSON:setUpClass): 200 GET http://10.180.1.21/compute/v2.1/servers/af160509-bfa4-4b1f-8b85-b0c4da73b8a2 0.067s
2024-07-30 16:38:36.834 61727 INFO tempest.lib.common.rest_client [req-3fada6fd-d705-4d0b-be69-91dc967a4394 req-3fada6fd-d705-4d0b-be69-91dc967a4394 ] Request (DeleteServersAdminTestJSON:test_delete_server_while_in_error_state): 200 GET http://10.180.1.21/compute/v2.1/servers/3a1dba23-e1b1-4730-90a4-287e098086b5 0.068s
2024-07-30 16:38:36.890 61713 INFO tempest.lib.common.rest_client [req-339b22e8-3bf6-4c0c-ac3c-bd3ecfd52fc1 req-339b22e8-3bf6-4c0c-ac3c-bd3ecfd52fc1 ] Request (ServersAaction247Test:test_create_backup): 200 GET http://10.180.1.21/compute/v2.1/servers/147123b0-6e20-44c2-83fc-8d9253214c50 0.051s
2024-07-30 16:38:36.942 61717 INFO tempest.lib.common.rest_client [req-58335c5a-3d28-4c17-94ab-b66ebf1fb7d0 req-58335c5a-3d28-4c17-94ab-b66ebf1fb7d0 ] Request (ServersTestBootFromVolume:setUpClass): 200 GET http://10.180.1.21/compute/v2.1/servers/1fabd485-88e3-4311-8249-2657d6db447d 0.088s
2024-07-30 16:38:36.981 61669 INFO tempest.lib.common.rest_client [req-fdcf51c0-2f62-4801-8d2f-9565b5400a70 req-fdcf51c0-2f62-4801-8d2f-9565b5400a70 ] Request (DeleteServersTestJSON:test_delete_active_server): 204 DELETE http://10.180.1.21/compute/v2.1/servers/95260119-4e35-4989-adf3-1fe39ff5de2d 0.207s
2024-07-30 16:38:36.993 61716 INFO tempest.lib.common.rest_client [req-602df579-bd06-4ba8-b57c-57f407f60b9b req-602df579-bd06-4ba8-b57c-57f407f60b9b ] Request (ServersNegativeTestMultiTenantJSON:setUpClass): 200 GET http://10.180.1.21/compute/v2.1/servers/71420274-9f91-4670-a6fb-773a3655531d 0.110s
2024-07-30 16:38:37.028 61669 INFO tempest.lib.common.rest_client [req-06c22d07-a6b5-4d24-95fc-7b79a6136d6d req-06c22d07-a6b5-4d24-95fc-7b79a6136d6d ] Request (DeleteServersTestJSON:test_delete_active_server): 404 GET http://10.180.1.21/compute/v2.1/servers/95260119-4e35-4989-adf3-1fe39ff5de2d 0.046s
2024-07-30 16:38:37.054 61709 INFO tempest.lib.common.rest_client [req-d81b2743-ab5c-4ace-bdd2-f0ecf19823a8 req-d81b2743-ab5c-4ace-bdd2-f0ecf19823a8 ] Request (ImagesOneServerTestJSON:setUpClass): 200 GET http://10.180.1.21/compute/v2.1/servers/7ec6f15d-cb73-44ba-9967-d968709f72fe 0.157s
2024-07-30 16:38:37.082 61667 INFO tempest.lib.common.rest_client [req-79896980-d4b2-4dd5-ae04-39d6b38098a1 req-79896980-d4b2-4dd5-ae04-39d6b38098a1 ] Request (ServersTestMultiNic:test_verify_duplicate_network_nics): 200 GET http://10.180.1.21/compute/v2.1/servers/a5865f6b-d951-4ab7-ac35-7d3e6ed5df88 0.083s
2024-07-30 16:38:37.089 61669 INFO tempest.lib.common.rest_client [req-a61901e7-6893-4c95-8e9f-bf14dab6a2fb req-a61901e7-6893-4c95-8e9f-bf14dab6a2fb ] Request (DeleteServersTestJSON:test_delete_server_while_in_attached_volume): 201 POST http://10.180.1.21/identity/v3/auth/tokens 0.056s
2024-07-30 16:38:37.089 61669 INFO tempest.lib.common.fixed_network [-] (DeleteServersTestJSON:test_delete_server_while_in_attached_volume) Found network {'id': 'c5216aa8-bb00-454f-a313-8830a9da4d80', 'name': 'tempest-DeleteServersTestJSON-1111073345-network', 'tenant_id': 'ec0f2c3a213548e39422699232f0ace0', 'admin_state_up': True, 'mtu': 8950, 'status': 'ACTIVE', 'subnets': [], 'shared': False, 'project_id': 'ec0f2c3a213548e39422699232f0ace0', 'port_security_enabled': True, 'router:external': False, 'provider:network_type': 'vlan', 'provider:physical_network': 'default', 'provider:segmentation_id': 572, 'is_default': False, 'availability_zone_hints': [], 'availability_zones': [], 'ipv4_address_scope': None, 'ipv6_address_scope': None, 'description': '', 'tags': [], 'created_at': '2024-07-30T16:36:51Z', 'updated_at': '2024-07-30T16:36:51Z', 'revision_number': 1} available for tenant
2024-07-30 16:38:37.110 61675 INFO tempest.lib.common.rest_client [req-5b6ddc45-c3c2-43ed-935d-326f8223c984 req-5b6ddc45-c3c2-43ed-935d-326f8223c984 ] Request (InstanceActionsV221TestJSON:test_get_list_deleted_instance_actions): 200 GET http://10.180.1.21/compute/v2.1/servers/178506c4-09eb-4a88-a236-5d1a5b2d10dd 0.051s
2024-07-30 16:38:37.139 61687 INFO tempest.lib.common.rest_client [req-26440f56-1e91-4922-9ec8-ee2d318a8a2c req-26440f56-1e91-4922-9ec8-ee2d318a8a2c ] Request (ServersTestManualDisk:setUpClass): 200 GET http://10.180.1.21/compute/v2.1/servers/b1d1669c-8cbc-40e0-89aa-8b1f462393ca 0.053s
2024-07-30 16:38:37.184 61683 INFO tempest.lib.common.rest_client [req-0c2e868d-9865-4976-b1f1-bf605a91fa9e req-0c2e868d-9865-4976-b1f1-bf605a91fa9e ] Request (ListImageFiltersTestJSON:setUpClass): 200 GET http://10.180.1.21/compute/v2.1/servers/28e681aa-fa05-4cb8-8f96-f5ddbeb269d5 0.049s
2024-07-30 16:38:37.225 61693 INFO tempest.lib.common.rest_client [req-ca873f48-efe6-4984-b15a-b215e9b632f4 req-ca873f48-efe6-4984-b15a-b215e9b632f4 ] Request (FloatingIPsAssociationTestJSON:setUpClass): 200 GET http://10.180.1.21/compute/v2.1/servers/444be3a1-6622-4b43-9d13-0a9589b9a738 0.076s
2024-07-30 16:38:37.264 61704 INFO tempest.lib.common.rest_client [req-0ad7aead-a353-4d27-b70d-eb65e87517df req-0ad7aead-a353-4d27-b70d-eb65e87517df ] Request (ServersNegativeTestJSON:setUpClass): 200 GET http://10.180.1.21/compute/v2.1/servers/08c1bcde-576b-4f7f-a0fe-5c37f3d65769 0.081s
2024-07-30 16:38:37.311 61720 INFO tempest.lib.common.rest_client [req-fe53773b-c525-40b5-a993-04b0d05ba5f2 req-fe53773b-c525-40b5-a993-04b0d05ba5f2 ] Request (VolumesAdminNegativeTest:test_update_attached_volume_with_nonexistent_volume_in_body): 200 GET http://10.180.1.21/compute/v2.1/servers/240464a3-d861-42d8-8e49-93f3da9f8600 0.104s
2024-07-30 16:38:37.360 61697 INFO tempest.lib.common.rest_client [req-af75f47b-6e29-4287-8e22-3a72aa621c41 req-af75f47b-6e29-4287-8e22-3a72aa621c41 ] Request (MigrationsAdminTest:test_resize_server_revert_deleted_flavor): 200 GET http://10.180.1.21/compute/v2.1/servers/9e549200-7d50-4f7e-bca3-4a720db013df 0.107s
2024-07-30 16:38:37.383 61669 INFO tempest.lib.common.rest_client [req-1bd790b9-b3cc-49e8-acf8-0f27d11ff5c2 req-1bd790b9-b3cc-49e8-acf8-0f27d11ff5c2 ] Request (DeleteServersTestJSON:test_delete_server_while_in_attached_volume): 202 POST http://10.180.1.21/compute/v2.1/servers 0.293s
2024-07-30 16:38:37.437 61665 INFO tempest.lib.common.rest_client [req-8b36559c-59b1-49d1-a926-3e4e2dbe84bb req-8b36559c-59b1-49d1-a926-3e4e2dbe84bb ] Request (ServersV294TestFqdnHostnames:setUpClass): 200 GET http://10.180.1.21/compute/v2.1/servers/3a8759ce-2efb-4215-8e1f-3d0c4dad2a3f 0.084s
2024-07-30 16:38:37.478 61669 INFO tempest.lib.common.rest_client [req-b7a6de19-d634-4100-8052-fa6fc32dead2 req-b7a6de19-d634-4100-8052-fa6fc32dead2 ] Request (DeleteServersTestJSON:test_delete_server_while_in_attached_volume): 200 GET http://10.180.1.21/compute/v2.1/servers/90908b79-b983-4918-96b9-9d9d76e77136 0.094s
2024-07-30 16:38:37.558 61663 INFO tempest.lib.common.rest_client [req-c1dec309-1f93-46ae-a498-2d4a83b846ee req-c1dec309-1f93-46ae-a498-2d4a83b846ee ] Request (ListServersNegativeTestJSON:setUpClass): 200 GET http://10.180.1.21/compute/v2.1/servers/e434ace4-9d7a-4574-9154-3a4870e8dbc0 0.144s
2024-07-30 16:38:37.574 61724 INFO tempest.lib.common.rest_client [req-bb12429c-523f-43dd-8531-64972348dac3 req-bb12429c-523f-43dd-8531-64972348dac3 ] Request (ServerActionsTestJSON:setUpClass): 200 GET http://10.180.1.21/compute/v2.1/servers/2a360d45-c409-4c73-85ee-f73ef7d8ea2a 0.277s
2024-07-30 16:38:37.615 61712 INFO tempest.lib.common.rest_client [req-8959e9a1-8769-4bec-8131-d5fd005247dd req-8959e9a1-8769-4bec-8131-d5fd005247dd ] Request (ServersAdminNegativeTestJSON:setUpClass): 200 GET http://10.180.1.21/compute/v2.1/servers/990876ae-726e-4d7c-8f20-d602a76d0fad 0.147s
2024-07-30 16:38:37.634 61691 INFO tempest.lib.common.rest_client [req-5b0784d9-897f-47a5-9349-e5761d01e66b req-5b0784d9-897f-47a5-9349-e5761d01e66b ] Request (ServersAdmin275Test:test_rebuild_update_server_275): 200 GET http://10.180.1.21/compute/v2.1/servers/1b698b04-21e2-4790-9935-504c0cb28e3e 0.198s
2024-07-30 16:38:37.671 61690 INFO tempest.lib.common.rest_client [req-2f9ffa30-65ce-4255-b8dd-0c991fce7fd6 req-2f9ffa30-65ce-4255-b8dd-0c991fce7fd6 ] Request (AttachVolumeTestJSON:test_list_get_volume_attachments): 200 GET http://10.180.1.21/compute/v2.1/servers/70697e7c-82eb-43f6-91cd-49d560cc8543 0.172s
2024-07-30 16:38:37.696 61679 INFO tempest.lib.common.rest_client [req-237c4792-908e-4683-ab5c-754d0cd63375 req-237c4792-908e-4683-ab5c-754d0cd63375 ] Request (AttachInterfacesV270Test:test_create_get_list_interfaces): 200 GET http://10.180.1.21/compute/v2.1/servers/bfc447b9-65a2-445b-9bb5-79f9549e494f 0.165s
2024-07-30 16:38:37.714 61705 INFO tempest.lib.common.rest_client [req-3b642fa6-0192-4684-a0c9-0dda2d059845 req-3b642fa6-0192-4684-a0c9-0dda2d059845 ] Request (ServerActionsTestOtherA:setUpClass): 200 GET http://10.180.1.21/compute/v2.1/servers/a86bb979-ad49-4902-9963-927c3d83d4f3 0.141s
2024-07-30 16:38:37.755 61685 INFO tempest.lib.common.rest_client [req-8aafcef3-1c7a-4ba1-975d-e5b89dda8f53 req-8aafcef3-1c7a-4ba1-975d-e5b89dda8f53 ] Request (ServersTestJSON:setUpClass): 200 GET http://10.180.1.21/compute/v2.1/servers/071f1bff-fdcb-4fac-8d42-1938b3b79f2b 0.174s
2024-07-30 16:38:37.763 61677 INFO tempest.lib.common.rest_client [req-288d692d-0b0f-4e86-8158-3914736f8b96 req-288d692d-0b0f-4e86-8158-3914736f8b96 ] Request (ServersWithSpecificFlavorTestJSON:test_verify_created_server_ephemeral_disk): 200 GET http://10.180.1.21/compute/v2.1/servers/60fea14b-6714-4824-8684-a0c1d91241f4 0.108s
2024-07-30 16:38:37.802 61671 INFO tempest.lib.common.rest_client [req-c57ce92c-924c-42ae-8a73-732932868941 req-c57ce92c-924c-42ae-8a73-732932868941 ] Request (ServerDiskConfigTestJSON:test_rebuild_server_with_auto_disk_config): 200 GET http://10.180.1.21/compute/v2.1/servers/c013e3ec-06d4-438a-a0a9-6cfb9be9f2c8 0.120s
2024-07-30 16:38:37.804 61700 INFO tempest.lib.common.rest_client [req-7e7913a9-c392-4984-a374-7e0a767af655 req-7e7913a9-c392-4984-a374-7e0a767af655 ] Request (AttachInterfacesTestJSON:test_create_list_show_delete_interfaces_by_fixed_ip): 200 GET http://10.180.1.21/compute/v2.1/servers/f224a4fa-7528-461e-9cc9-f1d8b2a456cc 0.101s
2024-07-30 16:38:37.810 61700 INFO tempest.common.waiters [-] State transition "BUILD/scheduling" ==> "BUILD/None" after 77 second wait
2024-07-30 16:38:37.854 61701 INFO tempest.lib.common.rest_client [req-ec3dddab-733d-45e6-909e-bee2fa22bc77 req-ec3dddab-733d-45e6-909e-bee2fa22bc77 ] Request (ServerActionsV293TestJSON:setUpClass): 200 GET http://10.180.1.21/compute/v2.1/servers/b036191f-93f1-43b7-9abe-2b69440afabf 0.072s
2024-07-30 16:38:37.864 61673 INFO tempest.lib.common.rest_client [req-1255ba7f-a3c3-433d-942a-a72301f9cff6 req-1255ba7f-a3c3-433d-942a-a72301f9cff6 ] Request (SecurityGroupsTestJSON:test_server_security_groups): 200 GET http://10.180.1.21/compute/v2.1/servers/e7b763be-facb-45ae-aff4-5b7817f3521e 0.141s
2024-07-30 16:38:37.897 61708 INFO tempest.lib.common.rest_client [req-b3c46f40-3628-4a37-8232-7502dcb62584 req-b3c46f40-3628-4a37-8232-7502dcb62584 ] Request (ServerAddressesNegativeTestJSON:setUpClass): 200 GET http://10.180.1.21/compute/v2.1/servers/af160509-bfa4-4b1f-8b85-b0c4da73b8a2 0.066s
2024-07-30 16:38:37.913 61727 INFO tempest.lib.common.rest_client [req-e68fcc23-75c6-4c40-b4c7-a5fe56f11062 req-e68fcc23-75c6-4c40-b4c7-a5fe56f11062 ] Request (DeleteServersAdminTestJSON:test_delete_server_while_in_error_state): 200 GET http://10.180.1.21/compute/v2.1/servers/3a1dba23-e1b1-4730-90a4-287e098086b5 0.072s
2024-07-30 16:38:37.966 61713 INFO tempest.lib.common.rest_client [req-c42213dc-cd41-46c0-90da-18a3fa051fe8 req-c42213dc-cd41-46c0-90da-18a3fa051fe8 ] Request (ServersAaction247Test:test_create_backup): 200 GET http://10.180.1.21/compute/v2.1/servers/147123b0-6e20-44c2-83fc-8d9253214c50 0.067s
2024-07-30 16:38:38.000 61717 INFO tempest.lib.common.rest_client [req-ce18380a-4296-4f61-ba54-f49191453166 req-ce18380a-4296-4f61-ba54-f49191453166 ] Request (ServersTestBootFromVolume:setUpClass): 200 GET http://10.180.1.21/compute/v2.1/servers/1fabd485-88e3-4311-8249-2657d6db447d 0.051s
2024-07-30 16:38:38.044 61716 INFO tempest.lib.common.rest_client [req-405ffced-c845-4b51-b59e-ccd27745c55b req-405ffced-c845-4b51-b59e-ccd27745c55b ] Request (ServersNegativeTestMultiTenantJSON:setUpClass): 200 GET http://10.180.1.21/compute/v2.1/servers/71420274-9f91-4670-a6fb-773a3655531d 0.045s
2024-07-30 16:38:38.108 61709 INFO tempest.lib.common.rest_client [req-d753723b-e7f6-4547-ac3b-8d6fa5f17687 req-d753723b-e7f6-4547-ac3b-8d6fa5f17687 ] Request (ImagesOneServerTestJSON:setUpClass): 200 GET http://10.180.1.21/compute/v2.1/servers/7ec6f15d-cb73-44ba-9967-d968709f72fe 0.046s
2024-07-30 16:38:38.135 61667 INFO tempest.lib.common.rest_client [req-eed8acbd-079b-4e95-b625-bdd770659920 req-eed8acbd-079b-4e95-b625-bdd770659920 ] Request (ServersTestMultiNic:test_verify_duplicate_network_nics): 200 GET http://10.180.1.21/compute/v2.1/servers/a5865f6b-d951-4ab7-ac35-7d3e6ed5df88 0.046s
2024-07-30 16:38:38.169 61675 INFO tempest.lib.common.rest_client [req-a9dc9bfc-d9ca-4b07-ab41-6d9525b3d156 req-a9dc9bfc-d9ca-4b07-ab41-6d9525b3d156 ] Request (InstanceActionsV221TestJSON:test_get_list_deleted_instance_actions): 200 GET http://10.180.1.21/compute/v2.1/servers/178506c4-09eb-4a88-a236-5d1a5b2d10dd 0.051s
2024-07-30 16:38:38.209 61687 INFO tempest.lib.common.rest_client [req-2ae753df-aa2c-4007-aa19-6d24f5a19466 req-2ae753df-aa2c-4007-aa19-6d24f5a19466 ] Request (ServersTestManualDisk:setUpClass): 200 GET http://10.180.1.21/compute/v2.1/servers/b1d1669c-8cbc-40e0-89aa-8b1f462393ca 0.063s
2024-07-30 16:38:38.261 61683 INFO tempest.lib.common.rest_client [req-26acbec9-27d2-409e-9faf-0096ea45a2fb req-26acbec9-27d2-409e-9faf-0096ea45a2fb ] Request (ListImageFiltersTestJSON:setUpClass): 200 GET http://10.180.1.21/compute/v2.1/servers/28e681aa-fa05-4cb8-8f96-f5ddbeb269d5 0.070s
2024-07-30 16:38:38.279 61693 INFO tempest.lib.common.rest_client [req-b451711f-cf36-4375-9c4d-328666d7fe62 req-b451711f-cf36-4375-9c4d-328666d7fe62 ] Request (FloatingIPsAssociationTestJSON:setUpClass): 200 GET http://10.180.1.21/compute/v2.1/servers/444be3a1-6622-4b43-9d13-0a9589b9a738 0.046s
2024-07-30 16:38:38.314 61704 INFO tempest.lib.common.rest_client [req-5bb969a4-0c66-4fdf-8724-8f1880a7ef41 req-5bb969a4-0c66-4fdf-8724-8f1880a7ef41 ] Request (ServersNegativeTestJSON:setUpClass): 200 GET http://10.180.1.21/compute/v2.1/servers/08c1bcde-576b-4f7f-a0fe-5c37f3d65769 0.043s
2024-07-30 16:38:38.364 61720 INFO tempest.lib.common.rest_client [req-72b2e1ef-233c-4792-8af3-376744a8243b req-72b2e1ef-233c-4792-8af3-376744a8243b ] Request (VolumesAdminNegativeTest:test_update_attached_volume_with_nonexistent_volume_in_body): 200 GET http://10.180.1.21/compute/v2.1/servers/240464a3-d861-42d8-8e49-93f3da9f8600 0.045s
2024-07-30 16:38:38.411 61697 INFO tempest.lib.common.rest_client [req-7fb49b00-b4b0-4324-9dc9-f91113e964dd req-7fb49b00-b4b0-4324-9dc9-f91113e964dd ] Request (MigrationsAdminTest:test_resize_server_revert_deleted_flavor): 200 GET http://10.180.1.21/compute/v2.1/servers/9e549200-7d50-4f7e-bca3-4a720db013df 0.044s
2024-07-30 16:38:38.506 61665 INFO tempest.lib.common.rest_client [req-8b0f1698-27e6-4d81-96af-6a5da24c7b66 req-8b0f1698-27e6-4d81-96af-6a5da24c7b66 ] Request (ServersV294TestFqdnHostnames:setUpClass): 200 GET http://10.180.1.21/compute/v2.1/servers/3a8759ce-2efb-4215-8e1f-3d0c4dad2a3f 0.059s
2024-07-30 16:38:38.535 61669 INFO tempest.lib.common.rest_client [req-82eb8c2a-1860-425d-b5cb-4556772dd351 req-82eb8c2a-1860-425d-b5cb-4556772dd351 ] Request (DeleteServersTestJSON:test_delete_server_while_in_attached_volume): 200 GET http://10.180.1.21/compute/v2.1/servers/90908b79-b983-4918-96b9-9d9d76e77136 0.048s
2024-07-30 16:38:38.610 61663 INFO tempest.lib.common.rest_client [req-4bc18a83-bce6-4d5d-bf96-f7cc344e1680 req-4bc18a83-bce6-4d5d-bf96-f7cc344e1680 ] Request (ListServersNegativeTestJSON:setUpClass): 200 GET http://10.180.1.21/compute/v2.1/servers/e434ace4-9d7a-4574-9154-3a4870e8dbc0 0.044s
2024-07-30 16:38:38.626 61724 INFO tempest.lib.common.rest_client [req-e29de530-6970-4cf4-b2a6-b8e5722b23a4 req-e29de530-6970-4cf4-b2a6-b8e5722b23a4 ] Request (ServerActionsTestJSON:setUpClass): 200 GET http://10.180.1.21/compute/v2.1/servers/2a360d45-c409-4c73-85ee-f73ef7d8ea2a 0.045s
2024-07-30 16:38:38.668 61712 INFO tempest.lib.common.rest_client [req-16989faa-3572-4ab6-a255-b743bac3f5c3 req-16989faa-3572-4ab6-a255-b743bac3f5c3 ] Request (ServersAdminNegativeTestJSON:setUpClass): 200 GET http://10.180.1.21/compute/v2.1/servers/990876ae-726e-4d7c-8f20-d602a76d0fad 0.046s
2024-07-30 16:38:38.702 61691 INFO tempest.lib.common.rest_client [req-2661bb3e-2c79-4873-b3fa-1da495b7fc65 req-2661bb3e-2c79-4873-b3fa-1da495b7fc65 ] Request (ServersAdmin275Test:test_rebuild_update_server_275): 200 GET http://10.180.1.21/compute/v2.1/servers/1b698b04-21e2-4790-9935-504c0cb28e3e 0.059s
2024-07-30 16:38:38.739 61690 INFO tempest.lib.common.rest_client [req-260eba71-6892-4010-b36f-0f9ef2ebeb38 req-260eba71-6892-4010-b36f-0f9ef2ebeb38 ] Request (AttachVolumeTestJSON:test_list_get_volume_attachments): 200 GET http://10.180.1.21/compute/v2.1/servers/70697e7c-82eb-43f6-91cd-49d560cc8543 0.060s
2024-07-30 16:38:38.777 61679 INFO tempest.lib.common.rest_client [req-5fb9b933-8027-4d97-be7c-bb731d46704a req-5fb9b933-8027-4d97-be7c-bb731d46704a ] Request (AttachInterfacesV270Test:test_create_get_list_interfaces): 200 GET http://10.180.1.21/compute/v2.1/servers/bfc447b9-65a2-445b-9bb5-79f9549e494f 0.066s
2024-07-30 16:38:38.792 61705 INFO tempest.lib.common.rest_client [req-82a8f7a9-e857-465f-bd1b-8077f81683c6 req-82a8f7a9-e857-465f-bd1b-8077f81683c6 ] Request (ServerActionsTestOtherA:setUpClass): 200 GET http://10.180.1.21/compute/v2.1/servers/a86bb979-ad49-4902-9963-927c3d83d4f3 0.071s
2024-07-30 16:38:38.839 61685 INFO tempest.lib.common.rest_client [req-02fee181-0bf8-43f2-96e7-aa6cebdb9978 req-02fee181-0bf8-43f2-96e7-aa6cebdb9978 ] Request (ServersTestJSON:setUpClass): 200 GET http://10.180.1.21/compute/v2.1/servers/071f1bff-fdcb-4fac-8d42-1938b3b79f2b 0.076s
2024-07-30 16:38:38.852 61677 INFO tempest.lib.common.rest_client [req-e39eabd5-f205-41ef-baec-5691085d3558 req-e39eabd5-f205-41ef-baec-5691085d3558 ] Request (ServersWithSpecificFlavorTestJSON:test_verify_created_server_ephemeral_disk): 200 GET http://10.180.1.21/compute/v2.1/servers/60fea14b-6714-4824-8684-a0c1d91241f4 0.082s
2024-07-30 16:38:38.888 61671 INFO tempest.lib.common.rest_client [req-dfd67275-7ff4-4cf0-a390-f31b77b4211d req-dfd67275-7ff4-4cf0-a390-f31b77b4211d ] Request (ServerDiskConfigTestJSON:test_rebuild_server_with_auto_disk_config): 200 GET http://10.180.1.21/compute/v2.1/servers/c013e3ec-06d4-438a-a0a9-6cfb9be9f2c8 0.078s
2024-07-30 16:38:38.901 61700 INFO tempest.lib.common.rest_client [req-cf2f226b-efb5-4c41-bf52-1622857663cd req-cf2f226b-efb5-4c41-bf52-1622857663cd ] Request (AttachInterfacesTestJSON:test_create_list_show_delete_interfaces_by_fixed_ip): 200 GET http://10.180.1.21/compute/v2.1/servers/f224a4fa-7528-461e-9cc9-f1d8b2a456cc 0.090s
2024-07-30 16:38:38.933 61701 INFO tempest.lib.common.rest_client [req-d7f608cb-0128-4b77-bc69-0a0b407901c6 req-d7f608cb-0128-4b77-bc69-0a0b407901c6 ] Request (ServerActionsV293TestJSON:setUpClass): 200 GET http://10.180.1.21/compute/v2.1/servers/b036191f-93f1-43b7-9abe-2b69440afabf 0.070s
2024-07-30 16:38:38.945 61673 INFO tempest.lib.common.rest_client [req-05e7cc84-a0dc-435a-984d-e65b702bb521 req-05e7cc84-a0dc-435a-984d-e65b702bb521 ] Request (SecurityGroupsTestJSON:test_server_security_groups): 200 GET http://10.180.1.21/compute/v2.1/servers/e7b763be-facb-45ae-aff4-5b7817f3521e 0.073s
2024-07-30 16:38:38.984 61727 INFO tempest.lib.common.rest_client [req-566a529c-8eb0-4256-8e7d-901cdb92559b req-566a529c-8eb0-4256-8e7d-901cdb92559b ] Request (DeleteServersAdminTestJSON:test_delete_server_while_in_error_state): 200 GET http://10.180.1.21/compute/v2.1/servers/3a1dba23-e1b1-4730-90a4-287e098086b5 0.065s
2024-07-30 16:38:38.987 61708 INFO tempest.lib.common.rest_client [req-f79c4708-befb-468b-8df4-7b2b24d5be91 req-f79c4708-befb-468b-8df4-7b2b24d5be91 ] Request (ServerAddressesNegativeTestJSON:setUpClass): 200 GET http://10.180.1.21/compute/v2.1/servers/af160509-bfa4-4b1f-8b85-b0c4da73b8a2 0.084s
2024-07-30 16:38:39.028 61713 INFO tempest.lib.common.rest_client [req-acb4373c-fcb1-4687-aee7-f89bd79a9602 req-acb4373c-fcb1-4687-aee7-f89bd79a9602 ] Request (ServersAaction247Test:test_create_backup): 200 GET http://10.180.1.21/compute/v2.1/servers/147123b0-6e20-44c2-83fc-8d9253214c50 0.053s
2024-07-30 16:38:39.057 61717 INFO tempest.lib.common.rest_client [req-f2d790d2-d4a1-4af5-b264-6cf1ce201147 req-f2d790d2-d4a1-4af5-b264-6cf1ce201147 ] Request (ServersTestBootFromVolume:setUpClass): 200 GET http://10.180.1.21/compute/v2.1/servers/1fabd485-88e3-4311-8249-2657d6db447d 0.051s
2024-07-30 16:38:39.096 61716 INFO tempest.lib.common.rest_client [req-aa3e830a-2564-4810-8db9-ba3c4836b2c6 req-aa3e830a-2564-4810-8db9-ba3c4836b2c6 ] Request (ServersNegativeTestMultiTenantJSON:setUpClass): 200 GET http://10.180.1.21/compute/v2.1/servers/71420274-9f91-4670-a6fb-773a3655531d 0.045s
2024-07-30 16:38:39.161 61709 INFO tempest.lib.common.rest_client [req-30274cb5-7aa0-4b63-9723-52d7cf9896e3 req-30274cb5-7aa0-4b63-9723-52d7cf9896e3 ] Request (ImagesOneServerTestJSON:setUpClass): 200 GET http://10.180.1.21/compute/v2.1/servers/7ec6f15d-cb73-44ba-9967-d968709f72fe 0.046s
2024-07-30 16:38:39.188 61667 INFO tempest.lib.common.rest_client [req-5307961f-f0ec-4414-b31e-df54bcf81e2b req-5307961f-f0ec-4414-b31e-df54bcf81e2b ] Request (ServersTestMultiNic:test_verify_duplicate_network_nics): 200 GET http://10.180.1.21/compute/v2.1/servers/a5865f6b-d951-4ab7-ac35-7d3e6ed5df88 0.045s
2024-07-30 16:38:39.236 61675 INFO tempest.lib.common.rest_client [req-0140decf-6403-4b3a-b4b9-4791bc834799 req-0140decf-6403-4b3a-b4b9-4791bc834799 ] Request (InstanceActionsV221TestJSON:test_get_list_deleted_instance_actions): 200 GET http://10.180.1.21/compute/v2.1/servers/178506c4-09eb-4a88-a236-5d1a5b2d10dd 0.059s
2024-07-30 16:38:39.261 61687 INFO tempest.lib.common.rest_client [req-ccf8e4ff-b0e0-4d30-9c0d-769a9f5058a0 req-ccf8e4ff-b0e0-4d30-9c0d-769a9f5058a0 ] Request (ServersTestManualDisk:setUpClass): 200 GET http://10.180.1.21/compute/v2.1/servers/b1d1669c-8cbc-40e0-89aa-8b1f462393ca 0.045s
2024-07-30 16:38:39.324 61683 INFO tempest.lib.common.rest_client [req-96f9e4c8-f673-4226-be0a-8df62b6d4b2e req-96f9e4c8-f673-4226-be0a-8df62b6d4b2e ] Request (ListImageFiltersTestJSON:setUpClass): 200 GET http://10.180.1.21/compute/v2.1/servers/28e681aa-fa05-4cb8-8f96-f5ddbeb269d5 0.057s
2024-07-30 16:38:39.344 61693 INFO tempest.lib.common.rest_client [req-c40655e0-ce2d-424f-aa5c-3f7368c2aabb req-c40655e0-ce2d-424f-aa5c-3f7368c2aabb ] Request (FloatingIPsAssociationTestJSON:setUpClass): 200 GET http://10.180.1.21/compute/v2.1/servers/444be3a1-6622-4b43-9d13-0a9589b9a738 0.058s
2024-07-30 16:38:39.375 61704 INFO tempest.lib.common.rest_client [req-ed51f2aa-f0c6-4973-ad7f-11ec25045163 req-ed51f2aa-f0c6-4973-ad7f-11ec25045163 ] Request (ServersNegativeTestJSON:setUpClass): 200 GET http://10.180.1.21/compute/v2.1/servers/08c1bcde-576b-4f7f-a0fe-5c37f3d65769 0.054s
2024-07-30 16:38:39.421 61720 INFO tempest.lib.common.rest_client [req-f7f40a5c-ffa3-451e-b1cc-ef1a83590cf0 req-f7f40a5c-ffa3-451e-b1cc-ef1a83590cf0 ] Request (VolumesAdminNegativeTest:test_update_attached_volume_with_nonexistent_volume_in_body): 200 GET http://10.180.1.21/compute/v2.1/servers/240464a3-d861-42d8-8e49-93f3da9f8600 0.051s
2024-07-30 16:38:39.465 61697 INFO tempest.lib.common.rest_client [req-a619249c-fc60-4718-9d03-dc2b05dc8e99 req-a619249c-fc60-4718-9d03-dc2b05dc8e99 ] Request (MigrationsAdminTest:test_resize_server_revert_deleted_flavor): 200 GET http://10.180.1.21/compute/v2.1/servers/9e549200-7d50-4f7e-bca3-4a720db013df 0.046s
2024-07-30 16:38:39.565 61665 INFO tempest.lib.common.rest_client [req-19b3fe8b-8583-42af-9f12-811b5308b623 req-19b3fe8b-8583-42af-9f12-811b5308b623 ] Request (ServersV294TestFqdnHostnames:setUpClass): 200 GET http://10.180.1.21/compute/v2.1/servers/3a8759ce-2efb-4215-8e1f-3d0c4dad2a3f 0.050s
2024-07-30 16:38:39.590 61669 INFO tempest.lib.common.rest_client [req-77eb7a06-bf24-4b91-b175-fbbe3c1570a3 req-77eb7a06-bf24-4b91-b175-fbbe3c1570a3 ] Request (DeleteServersTestJSON:test_delete_server_while_in_attached_volume): 200 GET http://10.180.1.21/compute/v2.1/servers/90908b79-b983-4918-96b9-9d9d76e77136 0.048s
2024-07-30 16:38:39.673 61663 INFO tempest.lib.common.rest_client [req-a73054ca-b73a-4bdd-8b5e-24fcc8cee6b3 req-a73054ca-b73a-4bdd-8b5e-24fcc8cee6b3 ] Request (ListServersNegativeTestJSON:setUpClass): 200 GET http://10.180.1.21/compute/v2.1/servers/e434ace4-9d7a-4574-9154-3a4870e8dbc0 0.057s
2024-07-30 16:38:39.685 61724 INFO tempest.lib.common.rest_client [req-10153502-330b-44db-a7ab-da694db0c0ff req-10153502-330b-44db-a7ab-da694db0c0ff ] Request (ServerActionsTestJSON:setUpClass): 200 GET http://10.180.1.21/compute/v2.1/servers/2a360d45-c409-4c73-85ee-f73ef7d8ea2a 0.051s
2024-07-30 16:38:39.723 61712 INFO tempest.lib.common.rest_client [req-fb3bf7be-3973-426f-af38-936e36df81f2 req-fb3bf7be-3973-426f-af38-936e36df81f2 ] Request (ServersAdminNegativeTestJSON:setUpClass): 200 GET http://10.180.1.21/compute/v2.1/servers/990876ae-726e-4d7c-8f20-d602a76d0fad 0.048s
2024-07-30 16:38:39.757 61691 INFO tempest.lib.common.rest_client [req-ebb0b018-56d5-494a-adae-213fbc339715 req-ebb0b018-56d5-494a-adae-213fbc339715 ] Request (ServersAdmin275Test:test_rebuild_update_server_275): 200 GET http://10.180.1.21/compute/v2.1/servers/1b698b04-21e2-4790-9935-504c0cb28e3e 0.046s
2024-07-30 16:38:39.791 61690 INFO tempest.lib.common.rest_client [req-d254340a-164f-4fb5-a719-f184478f813e req-d254340a-164f-4fb5-a719-f184478f813e ] Request (AttachVolumeTestJSON:test_list_get_volume_attachments): 200 GET http://10.180.1.21/compute/v2.1/servers/70697e7c-82eb-43f6-91cd-49d560cc8543 0.045s
2024-07-30 16:38:39.851 61679 INFO tempest.lib.common.rest_client [req-381b01ab-5ba6-4c36-bb5a-d30e69b1a90f req-381b01ab-5ba6-4c36-bb5a-d30e69b1a90f ] Request (AttachInterfacesV270Test:test_create_get_list_interfaces): 200 GET http://10.180.1.21/compute/v2.1/servers/bfc447b9-65a2-445b-9bb5-79f9549e494f 0.065s
2024-07-30 16:38:39.863 61705 INFO tempest.lib.common.rest_client [req-1b0ba54a-7c23-41bc-9388-6400e839956d req-1b0ba54a-7c23-41bc-9388-6400e839956d ] Request (ServerActionsTestOtherA:setUpClass): 200 GET http://10.180.1.21/compute/v2.1/servers/a86bb979-ad49-4902-9963-927c3d83d4f3 0.062s
2024-07-30 16:38:39.910 61685 INFO tempest.lib.common.rest_client [req-b7deed37-5858-4561-8e41-0f25ec88c0ed req-b7deed37-5858-4561-8e41-0f25ec88c0ed ] Request (ServersTestJSON:setUpClass): 200 GET http://10.180.1.21/compute/v2.1/servers/071f1bff-fdcb-4fac-8d42-1938b3b79f2b 0.063s
2024-07-30 16:38:39.916 61677 INFO tempest.lib.common.rest_client [req-e5f4a5cb-6c6c-4950-82a4-4c214443c5ed req-e5f4a5cb-6c6c-4950-82a4-4c214443c5ed ] Request (ServersWithSpecificFlavorTestJSON:test_verify_created_server_ephemeral_disk): 200 GET http://10.180.1.21/compute/v2.1/servers/60fea14b-6714-4824-8684-a0c1d91241f4 0.056s
2024-07-30 16:38:39.955 61671 INFO tempest.lib.common.rest_client [req-be15667d-75e2-418f-914f-8d72e7500cec req-be15667d-75e2-418f-914f-8d72e7500cec ] Request (ServerDiskConfigTestJSON:test_rebuild_server_with_auto_disk_config): 200 GET http://10.180.1.21/compute/v2.1/servers/c013e3ec-06d4-438a-a0a9-6cfb9be9f2c8 0.060s
2024-07-30 16:38:39.973 61700 INFO tempest.lib.common.rest_client [req-35ddf01b-efe8-4620-988f-20782e4fd305 req-35ddf01b-efe8-4620-988f-20782e4fd305 ] Request (AttachInterfacesTestJSON:test_create_list_show_delete_interfaces_by_fixed_ip): 200 GET http://10.180.1.21/compute/v2.1/servers/f224a4fa-7528-461e-9cc9-f1d8b2a456cc 0.065s
2024-07-30 16:38:40.005 61701 INFO tempest.lib.common.rest_client [req-f98c2a04-5928-47f9-b3e8-a6ff4fc3bd6b req-f98c2a04-5928-47f9-b3e8-a6ff4fc3bd6b ] Request (ServerActionsV293TestJSON:setUpClass): 200 GET http://10.180.1.21/compute/v2.1/servers/b036191f-93f1-43b7-9abe-2b69440afabf 0.061s
2024-07-30 16:38:40.031 61673 INFO tempest.lib.common.rest_client [req-ab3044d6-c346-418f-8550-0cabbf3e53a7 req-ab3044d6-c346-418f-8550-0cabbf3e53a7 ] Request (SecurityGroupsTestJSON:test_server_security_groups): 200 GET http://10.180.1.21/compute/v2.1/servers/e7b763be-facb-45ae-aff4-5b7817f3521e 0.078s
2024-07-30 16:38:40.049 61727 INFO tempest.lib.common.rest_client [req-477f91ea-1d55-49dc-9b00-fccb6f9d8a73 req-477f91ea-1d55-49dc-9b00-fccb6f9d8a73 ] Request (DeleteServersAdminTestJSON:test_delete_server_while_in_error_state): 200 GET http://10.180.1.21/compute/v2.1/servers/3a1dba23-e1b1-4730-90a4-287e098086b5 0.058s
2024-07-30 16:38:40.079 61708 INFO tempest.lib.common.rest_client [req-1d6c9614-d95d-41f8-8e1c-c22250ef8711 req-1d6c9614-d95d-41f8-8e1c-c22250ef8711 ] Request (ServerAddressesNegativeTestJSON:setUpClass): 200 GET http://10.180.1.21/compute/v2.1/servers/af160509-bfa4-4b1f-8b85-b0c4da73b8a2 0.085s
2024-07-30 16:38:40.097 61713 INFO tempest.lib.common.rest_client [req-6181c434-7ad8-497b-a060-e9bd2110093e req-6181c434-7ad8-497b-a060-e9bd2110093e ] Request (ServersAaction247Test:test_create_backup): 200 GET http://10.180.1.21/compute/v2.1/servers/147123b0-6e20-44c2-83fc-8d9253214c50 0.060s
2024-07-30 16:38:40.127 61717 INFO tempest.lib.common.rest_client [req-21195355-35b9-4541-ba02-9b75e74f81ff req-21195355-35b9-4541-ba02-9b75e74f81ff ] Request (ServersTestBootFromVolume:setUpClass): 200 GET http://10.180.1.21/compute/v2.1/servers/1fabd485-88e3-4311-8249-2657d6db447d 0.063s
2024-07-30 16:38:40.151 61716 INFO tempest.lib.common.rest_client [req-e71a469c-636c-40e4-876a-4d66fbe9d97a req-e71a469c-636c-40e4-876a-4d66fbe9d97a ] Request (ServersNegativeTestMultiTenantJSON:setUpClass): 200 GET http://10.180.1.21/compute/v2.1/servers/71420274-9f91-4670-a6fb-773a3655531d 0.048s
2024-07-30 16:38:40.211 61709 INFO tempest.lib.common.rest_client [req-0e874295-5321-4a26-9ded-dc81f3e545e1 req-0e874295-5321-4a26-9ded-dc81f3e545e1 ] Request (ImagesOneServerTestJSON:setUpClass): 200 GET http://10.180.1.21/compute/v2.1/servers/7ec6f15d-cb73-44ba-9967-d968709f72fe 0.044s
2024-07-30 16:38:40.243 61667 INFO tempest.lib.common.rest_client [req-f3538aab-ff6b-4d70-a0c4-fa951ff40ed3 req-f3538aab-ff6b-4d70-a0c4-fa951ff40ed3 ] Request (ServersTestMultiNic:test_verify_duplicate_network_nics): 200 GET http://10.180.1.21/compute/v2.1/servers/a5865f6b-d951-4ab7-ac35-7d3e6ed5df88 0.048s
2024-07-30 16:38:40.290 61675 INFO tempest.lib.common.rest_client [req-64a0d155-ae0a-4951-bd32-4f7c133c088f req-64a0d155-ae0a-4951-bd32-4f7c133c088f ] Request (InstanceActionsV221TestJSON:test_get_list_deleted_instance_actions): 200 GET http://10.180.1.21/compute/v2.1/servers/178506c4-09eb-4a88-a236-5d1a5b2d10dd 0.045s
2024-07-30 16:38:40.310 61687 INFO tempest.lib.common.rest_client [req-be26eff5-6007-4f28-8072-9e21ca40a177 req-be26eff5-6007-4f28-8072-9e21ca40a177 ] Request (ServersTestManualDisk:setUpClass): 200 GET http://10.180.1.21/compute/v2.1/servers/b1d1669c-8cbc-40e0-89aa-8b1f462393ca 0.042s
2024-07-30 16:38:40.375 61683 INFO tempest.lib.common.rest_client [req-bb3f0a30-a773-4dce-a498-ce55e40970da req-bb3f0a30-a773-4dce-a498-ce55e40970da ] Request (ListImageFiltersTestJSON:setUpClass): 200 GET http://10.180.1.21/compute/v2.1/servers/28e681aa-fa05-4cb8-8f96-f5ddbeb269d5 0.044s
2024-07-30 16:38:40.394 61693 INFO tempest.lib.common.rest_client [req-9f2db6c5-6374-471e-983e-cfff4b652e91 req-9f2db6c5-6374-471e-983e-cfff4b652e91 ] Request (FloatingIPsAssociationTestJSON:setUpClass): 200 GET http://10.180.1.21/compute/v2.1/servers/444be3a1-6622-4b43-9d13-0a9589b9a738 0.043s
2024-07-30 16:38:40.424 61704 INFO tempest.lib.common.rest_client [req-86dea4ed-cb4e-46a9-ae7d-930fc4823012 req-86dea4ed-cb4e-46a9-ae7d-930fc4823012 ] Request (ServersNegativeTestJSON:setUpClass): 200 GET http://10.180.1.21/compute/v2.1/servers/08c1bcde-576b-4f7f-a0fe-5c37f3d65769 0.042s
2024-07-30 16:38:40.472 61720 INFO tempest.lib.common.rest_client [req-26b05b10-9ae2-41d9-8d19-a873876b277f req-26b05b10-9ae2-41d9-8d19-a873876b277f ] Request (VolumesAdminNegativeTest:test_update_attached_volume_with_nonexistent_volume_in_body): 200 GET http://10.180.1.21/compute/v2.1/servers/240464a3-d861-42d8-8e49-93f3da9f8600 0.044s
2024-07-30 16:38:40.520 61697 INFO tempest.lib.common.rest_client [req-b600c235-138d-45d9-abfa-a9011688158e req-b600c235-138d-45d9-abfa-a9011688158e ] Request (MigrationsAdminTest:test_resize_server_revert_deleted_flavor): 200 GET http://10.180.1.21/compute/v2.1/servers/9e549200-7d50-4f7e-bca3-4a720db013df 0.048s
2024-07-30 16:38:40.622 61665 INFO tempest.lib.common.rest_client [req-9924d20d-8b74-4b0c-b3a6-6885be8ca206 req-9924d20d-8b74-4b0c-b3a6-6885be8ca206 ] Request (ServersV294TestFqdnHostnames:setUpClass): 200 GET http://10.180.1.21/compute/v2.1/servers/3a8759ce-2efb-4215-8e1f-3d0c4dad2a3f 0.048s
2024-07-30 16:38:40.641 61669 INFO tempest.lib.common.rest_client [req-4a4eab88-bf69-4270-bf00-3ab1c519c8c6 req-4a4eab88-bf69-4270-bf00-3ab1c519c8c6 ] Request (DeleteServersTestJSON:test_delete_server_while_in_attached_volume): 200 GET http://10.180.1.21/compute/v2.1/servers/90908b79-b983-4918-96b9-9d9d76e77136 0.045s
2024-07-30 16:38:40.726 61663 INFO tempest.lib.common.rest_client [req-3dd537d5-7e96-4a39-b33a-07748c0704b0 req-3dd537d5-7e96-4a39-b33a-07748c0704b0 ] Request (ListServersNegativeTestJSON:setUpClass): 200 GET http://10.180.1.21/compute/v2.1/servers/e434ace4-9d7a-4574-9154-3a4870e8dbc0 0.046s
2024-07-30 16:38:40.734 61724 INFO tempest.lib.common.rest_client [req-9775b8ca-9dc0-4f00-aebc-325a1e51b5c2 req-9775b8ca-9dc0-4f00-aebc-325a1e51b5c2 ] Request (ServerActionsTestJSON:setUpClass): 200 GET http://10.180.1.21/compute/v2.1/servers/2a360d45-c409-4c73-85ee-f73ef7d8ea2a 0.042s
2024-07-30 16:38:40.813 61691 INFO tempest.lib.common.rest_client [req-da45d144-99d3-4ad0-b475-0466ac81a86f req-da45d144-99d3-4ad0-b475-0466ac81a86f ] Request (ServersAdmin275Test:test_rebuild_update_server_275): 200 GET http://10.180.1.21/compute/v2.1/servers/1b698b04-21e2-4790-9935-504c0cb28e3e 0.047s
2024-07-30 16:38:40.855 61690 INFO tempest.lib.common.rest_client [req-2a005063-e5b7-45f0-8de3-ffc0059484cb req-2a005063-e5b7-45f0-8de3-ffc0059484cb ] Request (AttachVolumeTestJSON:test_list_get_volume_attachments): 200 GET http://10.180.1.21/compute/v2.1/servers/70697e7c-82eb-43f6-91cd-49d560cc8543 0.057s
2024-07-30 16:38:40.905 61679 INFO tempest.lib.common.rest_client [req-e991a517-2a2d-4a78-8765-3620985f5c8d req-e991a517-2a2d-4a78-8765-3620985f5c8d ] Request (AttachInterfacesV270Test:test_create_get_list_interfaces): 200 GET http://10.180.1.21/compute/v2.1/servers/bfc447b9-65a2-445b-9bb5-79f9549e494f 0.045s
2024-07-30 16:38:40.940 61712 INFO tempest.lib.common.rest_client [req-bf2cc364-4045-4168-bf59-0fd2c9ff3fd9 req-bf2cc364-4045-4168-bf59-0fd2c9ff3fd9 ] Request (ServersAdminNegativeTestJSON:setUpClass): 200 GET http://10.180.1.21/compute/v2.1/servers/990876ae-726e-4d7c-8f20-d602a76d0fad 0.210s
2024-07-30 16:38:40.945 61712 INFO tempest.common.waiters [-] State transition "BUILD/spawning" ==> "ERROR/None" after 95 second wait
2024-07-30 16:38:40.948 61705 INFO tempest.lib.common.rest_client [req-340a1e08-2f9c-471a-ab2f-4fb3ba969b4e req-340a1e08-2f9c-471a-ab2f-4fb3ba969b4e ] Request (ServerActionsTestOtherA:setUpClass): 200 GET http://10.180.1.21/compute/v2.1/servers/a86bb979-ad49-4902-9963-927c3d83d4f3 0.077s
2024-07-30 16:38:40.981 61685 INFO tempest.lib.common.rest_client [req-2094aff9-bfca-49b1-8a0f-b64db9ac670e req-2094aff9-bfca-49b1-8a0f-b64db9ac670e ] Request (ServersTestJSON:setUpClass): 200 GET http://10.180.1.21/compute/v2.1/servers/071f1bff-fdcb-4fac-8d42-1938b3b79f2b 0.063s
2024-07-30 16:38:40.987 61677 INFO tempest.lib.common.rest_client [req-fc09e928-7de9-4d96-9fbf-84333f807ea9 req-fc09e928-7de9-4d96-9fbf-84333f807ea9 ] Request (ServersWithSpecificFlavorTestJSON:test_verify_created_server_ephemeral_disk): 200 GET http://10.180.1.21/compute/v2.1/servers/60fea14b-6714-4824-8684-a0c1d91241f4 0.063s
2024-07-30 16:38:41.026 61671 INFO tempest.lib.common.rest_client [req-0b6c1e7a-ed26-4d3d-b13a-980bcd7b5c8d req-0b6c1e7a-ed26-4d3d-b13a-980bcd7b5c8d ] Request (ServerDiskConfigTestJSON:test_rebuild_server_with_auto_disk_config): 200 GET http://10.180.1.21/compute/v2.1/servers/c013e3ec-06d4-438a-a0a9-6cfb9be9f2c8 0.064s
2024-07-30 16:38:41.067 61700 INFO tempest.lib.common.rest_client [req-0ee3de31-1824-473d-b7cf-76fd62ccc5ff req-0ee3de31-1824-473d-b7cf-76fd62ccc5ff ] Request (AttachInterfacesTestJSON:test_create_list_show_delete_interfaces_by_fixed_ip): 200 GET http://10.180.1.21/compute/v2.1/servers/f224a4fa-7528-461e-9cc9-f1d8b2a456cc 0.087s
2024-07-30 16:38:41.118 61701 INFO tempest.lib.common.rest_client [req-727eba2f-86a8-439e-bb7e-f49d4d03e4cc req-727eba2f-86a8-439e-bb7e-f49d4d03e4cc ] Request (ServerActionsV293TestJSON:setUpClass): 200 GET http://10.180.1.21/compute/v2.1/servers/b036191f-93f1-43b7-9abe-2b69440afabf 0.103s
2024-07-30 16:38:41.143 61712 INFO tempest.lib.common.rest_client [req-87f1d060-6b22-40e5-bb1b-e56440ad43e3 req-87f1d060-6b22-40e5-bb1b-e56440ad43e3 ] Request (ServersAdminNegativeTestJSON:setUpClass): 204 DELETE http://10.180.1.21/compute/v2.1/servers/990876ae-726e-4d7c-8f20-d602a76d0fad 0.198s
2024-07-30 16:38:41.164 61673 INFO tempest.lib.common.rest_client [req-db426a07-4251-44f2-8eb7-63a944642d60 req-db426a07-4251-44f2-8eb7-63a944642d60 ] Request (SecurityGroupsTestJSON:test_server_security_groups): 200 GET http://10.180.1.21/compute/v2.1/servers/e7b763be-facb-45ae-aff4-5b7817f3521e 0.126s
2024-07-30 16:38:41.189 61727 INFO tempest.lib.common.rest_client [req-68dfaf1e-3a6b-4293-b1ae-cc302e7a44a7 req-68dfaf1e-3a6b-4293-b1ae-cc302e7a44a7 ] Request (DeleteServersAdminTestJSON:test_delete_server_while_in_error_state): 200 GET http://10.180.1.21/compute/v2.1/servers/3a1dba23-e1b1-4730-90a4-287e098086b5 0.132s
2024-07-30 16:38:41.215 61708 INFO tempest.lib.common.rest_client [req-616709df-897c-472d-b102-ae0fa0f09ea9 req-616709df-897c-472d-b102-ae0fa0f09ea9 ] Request (ServerAddressesNegativeTestJSON:setUpClass): 200 GET http://10.180.1.21/compute/v2.1/servers/af160509-bfa4-4b1f-8b85-b0c4da73b8a2 0.128s
2024-07-30 16:38:41.236 61713 INFO tempest.lib.common.rest_client [req-7030fbc9-21b2-4248-8144-acc2380da407 req-7030fbc9-21b2-4248-8144-acc2380da407 ] Request (ServersAaction247Test:test_create_backup): 200 GET http://10.180.1.21/compute/v2.1/servers/147123b0-6e20-44c2-83fc-8d9253214c50 0.130s
2024-07-30 16:38:41.253 61712 INFO tempest.lib.common.rest_client [req-f55fe67a-637c-473b-b9fb-543fd75c3123 req-f55fe67a-637c-473b-b9fb-543fd75c3123 ] Request (ServersAdminNegativeTestJSON:setUpClass): 404 GET http://10.180.1.21/compute/v2.1/servers/990876ae-726e-4d7c-8f20-d602a76d0fad 0.109s
2024-07-30 16:38:41.254 61712 INFO tempest.test [-] raised in ServersAdminNegativeTestJSON.setUpClass. Invoking tearDownClass.
2024-07-30 16:38:41.308 61716 INFO tempest.lib.common.rest_client [req-c73eb13e-4c47-4333-a25c-867df5af73c1 req-c73eb13e-4c47-4333-a25c-867df5af73c1 ] Request (ServersNegativeTestMultiTenantJSON:setUpClass): 200 GET http://10.180.1.21/compute/v2.1/servers/71420274-9f91-4670-a6fb-773a3655531d 0.150s
2024-07-30 16:38:41.360 61712 INFO tempest.lib.common.rest_client [req-4cb18e67-c8af-4f27-be29-76f10fb1d26c req-4cb18e67-c8af-4f27-be29-76f10fb1d26c ] Request (ServersAdminNegativeTestJSON:tearDownClass): 204 DELETE http://10.180.1.21/identity/v3/users/15bf0aa3651f4cc89d249354b98b459f 0.106s
2024-07-30 16:38:41.378 61709 INFO tempest.lib.common.rest_client [req-6efd8e1c-cb26-41f1-b98d-acb24f75b7cc req-6efd8e1c-cb26-41f1-b98d-acb24f75b7cc ] Request (ImagesOneServerTestJSON:setUpClass): 200 GET http://10.180.1.21/compute/v2.1/servers/7ec6f15d-cb73-44ba-9967-d968709f72fe 0.161s
2024-07-30 16:38:41.429 61667 INFO tempest.lib.common.rest_client [req-73cfdbcc-fe37-40d0-8715-16b693141c49 req-73cfdbcc-fe37-40d0-8715-16b693141c49 ] Request (ServersTestMultiNic:test_verify_duplicate_network_nics): 200 GET http://10.180.1.21/compute/v2.1/servers/a5865f6b-d951-4ab7-ac35-7d3e6ed5df88 0.179s
2024-07-30 16:38:41.444 61712 INFO tempest.lib.common.rest_client [req-76d52ebe-13d5-4b8d-bf8b-189ff275f5c6 req-76d52ebe-13d5-4b8d-bf8b-189ff275f5c6 ] Request (ServersAdminNegativeTestJSON:tearDownClass): 204 DELETE http://10.180.1.21/identity/v3/users/d9910753613e4a1785e5f4ee6c761310 0.083s
2024-07-30 16:38:41.444 61712 INFO tempest.lib.common.dynamic_creds [-] Deleting project and security group for project: c8fc6660dff7430c91771645de8167ac
2024-07-30 16:38:41.459 61717 INFO tempest.lib.common.rest_client [req-dadcea25-e5bb-4466-b74a-b57300b6c0a0 req-dadcea25-e5bb-4466-b74a-b57300b6c0a0 ] Request (ServersTestBootFromVolume:setUpClass): 200 GET http://10.180.1.21/compute/v2.1/servers/1fabd485-88e3-4311-8249-2657d6db447d 0.325s
2024-07-30 16:38:41.479 61675 INFO tempest.lib.common.rest_client [req-f01d3c0d-ecef-4d37-a106-4068c849584c req-f01d3c0d-ecef-4d37-a106-4068c849584c ] Request (InstanceActionsV221TestJSON:test_get_list_deleted_instance_actions): 200 GET http://10.180.1.21/compute/v2.1/servers/178506c4-09eb-4a88-a236-5d1a5b2d10dd 0.181s
2024-07-30 16:38:41.493 61712 INFO tempest.lib.common.rest_client [req-4e4cd975-a551-43a3-93da-d660d9de79df req-4e4cd975-a551-43a3-93da-d660d9de79df ] Request (ServersAdminNegativeTestJSON:tearDownClass): 201 POST http://10.180.1.21/identity/v3/auth/tokens 0.048s
2024-07-30 16:38:41.503 61687 INFO tempest.lib.common.rest_client [req-ec142eb5-5172-45d9-992c-e4723fd46cc0 req-ec142eb5-5172-45d9-992c-e4723fd46cc0 ] Request (ServersTestManualDisk:setUpClass): 200 GET http://10.180.1.21/compute/v2.1/servers/b1d1669c-8cbc-40e0-89aa-8b1f462393ca 0.185s
2024-07-30 16:38:41.525 61683 INFO tempest.lib.common.rest_client [req-bc6916f9-746c-4114-8fc6-98478e88b8ee req-bc6916f9-746c-4114-8fc6-98478e88b8ee ] Request (ListImageFiltersTestJSON:setUpClass): 200 GET http://10.180.1.21/compute/v2.1/servers/28e681aa-fa05-4cb8-8f96-f5ddbeb269d5 0.143s
2024-07-30 16:38:41.549 61693 INFO tempest.lib.common.rest_client [req-c1148aad-f91d-4fd7-9508-0d07fc26b7e6 req-c1148aad-f91d-4fd7-9508-0d07fc26b7e6 ] Request (FloatingIPsAssociationTestJSON:setUpClass): 200 GET http://10.180.1.21/compute/v2.1/servers/444be3a1-6622-4b43-9d13-0a9589b9a738 0.148s
2024-07-30 16:38:41.577 61704 INFO tempest.lib.common.rest_client [req-7dd2b498-06b5-4230-a884-08ff1dbf556a req-7dd2b498-06b5-4230-a884-08ff1dbf556a ] Request (ServersNegativeTestJSON:setUpClass): 200 GET http://10.180.1.21/compute/v2.1/servers/08c1bcde-576b-4f7f-a0fe-5c37f3d65769 0.145s
2024-07-30 16:38:41.592 61720 INFO tempest.lib.common.rest_client [req-d4e9f5b8-8321-4d6e-b902-8a459c877bbe req-d4e9f5b8-8321-4d6e-b902-8a459c877bbe ] Request (VolumesAdminNegativeTest:test_update_attached_volume_with_nonexistent_volume_in_body): 200 GET http://10.180.1.21/compute/v2.1/servers/240464a3-d861-42d8-8e49-93f3da9f8600 0.113s
2024-07-30 16:38:41.599 61712 INFO tempest.lib.common.rest_client [req-33f6a331-051d-4b89-8790-631d622445ab req-33f6a331-051d-4b89-8790-631d622445ab ] Request (ServersAdminNegativeTestJSON:tearDownClass): 200 GET http://10.180.1.21:9696/networking/v2.0/security-groups?tenant_id=c8fc6660dff7430c91771645de8167ac&name=default 0.106s
2024-07-30 16:38:41.618 61697 INFO tempest.lib.common.rest_client [req-c35d5c3b-f342-42f7-ab2d-34810bff41a4 req-c35d5c3b-f342-42f7-ab2d-34810bff41a4 ] Request (MigrationsAdminTest:test_resize_server_revert_deleted_flavor): 200 GET http://10.180.1.21/compute/v2.1/servers/9e549200-7d50-4f7e-bca3-4a720db013df 0.091s
