2024-07-30 16:36:52.128 61701 INFO tempest.lib.common.rest_client [req-8d804f62-d243-4305-a072-1ba831a59062 req-8d804f62-d243-4305-a072-1ba831a59062 ] Request (ServerActionsV293TestJSON:setUpClass): 201 POST http://10.180.1.21:9696/networking/v2.0/routers 1.047s
2024-07-30 16:36:52.149 61677 INFO tempest.lib.common.rest_client [req-04d98fdc-6ea5-4c25-b506-f9116d7be7cf req-04d98fdc-6ea5-4c25-b506-f9116d7be7cf ] Request (VolumesAssistedSnapshotsTest:test_volume_assisted_snapshot_create_delete): 200 GET http://10.180.1.21/compute/v2.1/servers/361bd564-53ca-418f-8805-bfdf9a636b1d 0.675s
2024-07-30 16:36:52.173 61679 INFO tempest.lib.common.rest_client [req-116415c7-bbe4-49b9-8b79-bf352e26eae3 req-116415c7-bbe4-49b9-8b79-bf352e26eae3 ] Request (AbsoluteLimitsNegativeTestJSON:setUpClass): 200 GET http://10.180.1.21/identity/v3/roles 0.135s
2024-07-30 16:36:52.236 61667 INFO tempest.lib.common.rest_client [req-b39ce65d-f6c3-4dee-8c28-52c4bfdd3695 req-b39ce65d-f6c3-4dee-8c28-52c4bfdd3695 ] Request (FlavorsV2NegativeTest:tearDownClass): 204 DELETE http://10.180.1.21:9696/networking/v2.0/security-groups/debbfffe-1b32-4983-9979-b9c43b42e69b 0.272s
2024-07-30 16:36:52.238 61704 INFO tempest.lib.common.rest_client [req-f9a83cae-e459-479c-af56-a928d4fc3f3a req-f9a83cae-e459-479c-af56-a928d4fc3f3a ] Request (ServerShowV254Test:test_rebuild_server): 200 GET http://10.180.1.21/compute/v2.1/servers/0c803c66-192c-4961-8d65-6ed87a048861 0.754s
2024-07-30 16:36:52.246 61669 INFO tempest.lib.common.rest_client [req-89d5f948-d70b-4f4b-8aaf-3e90e356accf req-89d5f948-d70b-4f4b-8aaf-3e90e356accf ] Request (DeleteServersTestJSON:setUpClass): 201 POST http://10.180.1.21:9696/networking/v2.0/subnets 0.392s
2024-07-30 16:36:52.261 61708 INFO tempest.lib.common.rest_client [req-bcc30833-d349-4e04-bcea-24fdced41bcf req-bcc30833-d349-4e04-bcea-24fdced41bcf ] Request (HypervisorAdminNegativeUnderV252Test:tearDownClass): 204 DELETE http://10.180.1.21/identity/v3/projects/3d7f52012e554bc2b6f2125d5c489812 0.216s
2024-07-30 16:36:52.275 61663 INFO tempest.lib.common.rest_client [req-540a6786-2e24-4a0e-bf0d-6d6d3a665dbf req-540a6786-2e24-4a0e-bf0d-6d6d3a665dbf ] Request (FlavorsAccessNegativeTestJSON:tearDownClass): 201 POST http://10.180.1.21/identity/v3/auth/tokens 0.181s
2024-07-30 16:36:52.291 61681 INFO tempest.lib.common.rest_client [req-1dad7f56-d55e-46e7-99ff-872dd89b7d22 req-1dad7f56-d55e-46e7-99ff-872dd89b7d22 ] Request (HypervisorAdminTestJSON:tearDownClass): 201 POST http://10.180.1.21/identity/v3/auth/tokens 0.170s
2024-07-30 16:36:52.310 61679 INFO tempest.lib.common.rest_client [req-5fa49cc3-d40a-4edc-890e-970a9eecd131 req-5fa49cc3-d40a-4edc-890e-970a9eecd131 ] Request (AbsoluteLimitsNegativeTestJSON:setUpClass): 204 PUT http://10.180.1.21/identity/v3/projects/d0396d124adc4d24a0e35c0bfdac45f3/users/2c3df447bd334f20a9f3c68a7836cb5a/roles/9c38ef3ae02447e49deec21ad3ab26d0 0.136s
2024-07-30 16:36:52.310 61679 INFO tempest.lib.common.dynamic_creds [-] Dynamic test user 2c3df447bd334f20a9f3c68a7836cb5a is created with scope project and roles: ['member']
2024-07-30 16:36:52.310 61679 INFO tempest.lib.common.dynamic_creds [-] Acquired dynamic creds: credentials: Credentials: {'domain_id': 'default', 'domain_name': 'Default', 'username': 'tempest-AbsoluteLimitsNegativeTestJSON-1878406767-project-member', 'project_domain_id': 'default', 'project_domain_name': 'Default', 'project_id': 'd0396d124adc4d24a0e35c0bfdac45f3', 'project_name': 'tempest-AbsoluteLimitsNegativeTestJSON-1878406767', 'tenant_id': 'd0396d124adc4d24a0e35c0bfdac45f3', 'tenant_name': 'tempest-AbsoluteLimitsNegativeTestJSON-1878406767', 'user_domain_id': 'default', 'user_domain_name': 'Default', 'user_id': '2c3df447bd334f20a9f3c68a7836cb5a', 'system': None}, Network: None, Subnet: None, Router: None
2024-07-30 16:36:52.310 61679 INFO tempest.lib.common.dynamic_creds [-] Created isolated network resources for: credentials: Credentials: {'domain_id': 'default', 'domain_name': 'Default', 'username': 'tempest-AbsoluteLimitsNegativeTestJSON-1878406767-project-member', 'project_domain_id': 'default', 'project_domain_name': 'Default', 'project_id': 'd0396d124adc4d24a0e35c0bfdac45f3', 'project_name': 'tempest-AbsoluteLimitsNegativeTestJSON-1878406767', 'tenant_id': 'd0396d124adc4d24a0e35c0bfdac45f3', 'tenant_name': 'tempest-AbsoluteLimitsNegativeTestJSON-1878406767', 'user_domain_id': 'default', 'user_domain_name': 'Default', 'user_id': '2c3df447bd334f20a9f3c68a7836cb5a', 'system': None}, Network: None, Subnet: None, Router: None
2024-07-30 16:36:52.333 61691 INFO tempest.lib.common.rest_client [req-d98719ac-ed62-496a-a4ba-44d283b22488 req-d98719ac-ed62-496a-a4ba-44d283b22488 ] Request (QuotaClassesAdminTestJSON:_run_cleanups): 200 PUT http://10.180.1.21/compute/v2.1/os-quota-class-sets/default 0.790s
2024-07-30 16:36:52.360 61667 INFO tempest.lib.common.rest_client [req-53036cea-3021-4710-8717-129b7a03d067 req-53036cea-3021-4710-8717-129b7a03d067 ] Request (FlavorsV2NegativeTest:tearDownClass): 204 DELETE http://10.180.1.21/identity/v3/projects/903cfb6f2adc4a1884ecde1324c0a396 0.124s
2024-07-30 16:36:52.366 61708 INFO tempest.lib.common.rest_client [req-77f528b8-cab9-4a38-ba26-1a97ba8ca2bf req-77f528b8-cab9-4a38-ba26-1a97ba8ca2bf ] Request (ImagesMetadataNegativeTestJSON:setUpClass): 201 POST http://10.180.1.21/identity/v3/auth/tokens 0.103s
2024-07-30 16:36:52.420 61690 INFO tempest.lib.common.rest_client [req-ca2cd02b-8a7a-4275-a81d-3b2bebb4e7cc req-ca2cd02b-8a7a-4275-a81d-3b2bebb4e7cc ] Request (AttachVolumeTestJSON:test_attach_detach_volume): 200 GET http://10.180.1.21/compute/v2.1/servers/ad4b3d36-eebd-4091-bbee-3e1107d08ef4 0.857s
2024-07-30 16:36:52.465 61685 INFO tempest.lib.common.rest_client [req-6d5f3ad2-9e3e-43a5-a85a-9d1ec166bd8c req-6d5f3ad2-9e3e-43a5-a85a-9d1ec166bd8c ] Request (FloatingIPsNegativeTestJSON:test_delete_nonexistent_floating_ip): 404 DELETE http://10.180.1.21/compute/v2.1/os-floating-ips/8ea30527-dad0-4d1d-9bcb-1f6ee975873e 0.780s
2024-07-30 16:36:52.476 61693 INFO tempest.lib.common.rest_client [req-ebe9b687-b6a6-4984-a8a8-1220a7ce28be req-ebe9b687-b6a6-4984-a8a8-1220a7ce28be ] Request (AggregatesAdminNegativeTestJSON:test_aggregate_get_details_with_invalid_id): 404 GET http://10.180.1.21/compute/v2.1/os-aggregates/-1 0.771s
2024-07-30 16:36:52.484 61691 INFO tempest.lib.common.rest_client [req-48dfc139-82c7-4d60-9ca9-e275cef805a7 req-48dfc139-82c7-4d60-9ca9-e275cef805a7 ] Request (QuotaClassesAdminTestJSON:tearDownClass): 204 DELETE http://10.180.1.21/identity/v3/users/1b9aff65e7cb47738ec281dcbaeb5173 0.145s
2024-07-30 16:36:52.504 61712 INFO tempest.lib.common.rest_client [req-86e0bce8-831f-4b0c-827c-ad7e8e9bed70 req-86e0bce8-831f-4b0c-827c-ad7e8e9bed70 ] Request (QuotasAdminTestV236:test_get_updated_quotas): 200 GET http://10.180.1.21/identity/v3/domains?name=Default 0.159s
2024-07-30 16:36:52.512 61700 INFO tempest.lib.common.rest_client [req-e19b98e3-3c1a-4906-a57d-d876b3550181 req-e19b98e3-3c1a-4906-a57d-d876b3550181 ] Request (ServicesAdminNegativeTestJSON:tearDownClass): 200 GET http://10.180.1.21:9696/networking/v2.0/security-groups?tenant_id=c7798a560183433b9cc17f768b50e779&name=default 0.738s
2024-07-30 16:36:52.545 61667 INFO tempest.lib.common.rest_client [req-7e808b34-ad91-4f6a-ac59-fcc51316edad req-7e808b34-ad91-4f6a-ac59-fcc51316edad ] Request (KeyPairsNegativeTestJSON:setUpClass): 201 POST http://10.180.1.21/identity/v3/auth/tokens 0.183s
2024-07-30 16:36:52.553 61708 INFO tempest.lib.common.rest_client [req-aa364352-141a-4081-9111-8bc7d4563da6 req-aa364352-141a-4081-9111-8bc7d4563da6 ] Request (ImagesMetadataNegativeTestJSON:setUpClass): 201 POST http://10.180.1.21/identity/v3/auth/tokens 0.183s
2024-07-30 16:36:52.573 61720 INFO tempest.lib.common.rest_client [req-fbb892bf-31b2-4769-8234-4a52bcc3ea01 req-fbb892bf-31b2-4769-8234-4a52bcc3ea01 ] Request (ServerDiagnosticsTest:test_get_server_diagnostics): 200 GET http://10.180.1.21/compute/v2.1/servers/2cfe0aa6-71ec-4d4f-be7a-3b824ecb983f 0.859s
2024-07-30 16:36:52.606 61691 INFO tempest.lib.common.rest_client [req-a1d61d1d-e7e5-451c-9a14-cc66a0b09d2f req-a1d61d1d-e7e5-451c-9a14-cc66a0b09d2f ] Request (QuotaClassesAdminTestJSON:tearDownClass): 204 DELETE http://10.180.1.21/identity/v3/users/c0990b4917294962b61265a1669f6504 0.121s
2024-07-30 16:36:52.606 61691 INFO tempest.lib.common.dynamic_creds [-] Deleting project and security group for project: f2d532fc484a4cf8beeb2427538b0246
2024-07-30 16:36:52.607 61679 INFO tempest.lib.common.rest_client [req-2d067702-10e9-4fc5-a6d5-797aca00fb43 req-2d067702-10e9-4fc5-a6d5-797aca00fb43 ] Request (AbsoluteLimitsNegativeTestJSON:setUpClass): 201 POST http://10.180.1.21/identity/v3/auth/tokens 0.238s
2024-07-30 16:36:52.657 61667 INFO tempest.lib.common.rest_client [req-53bdc802-8fc0-48e9-9bcd-c29e8908ad8b req-53bdc802-8fc0-48e9-9bcd-c29e8908ad8b ] Request (KeyPairsNegativeTestJSON:setUpClass): 201 POST http://10.180.1.21/identity/v3/auth/tokens 0.109s
2024-07-30 16:36:52.661 61712 INFO tempest.lib.common.rest_client [req-f0564730-cfb1-4803-b507-b0dcba50cc8e req-f0564730-cfb1-4803-b507-b0dcba50cc8e ] Request (QuotasAdminTestV236:test_get_updated_quotas): 201 POST http://10.180.1.21/identity/v3/projects 0.156s
2024-07-30 16:36:52.702 61727 INFO tempest.lib.common.rest_client [req-04239ff1-0464-4401-a630-50797bfd327a req-04239ff1-0464-4401-a630-50797bfd327a ] Request (DeleteServersAdminTestJSON:test_admin_delete_servers_of_others): 200 GET http://10.180.1.21/compute/v2.1/servers/88950536-6e3b-422d-964d-36c87097c0e3 0.978s
2024-07-30 16:36:52.708 61691 INFO tempest.lib.common.rest_client [req-35fe2213-8e99-4dbb-b52d-fcd4923664a3 req-35fe2213-8e99-4dbb-b52d-fcd4923664a3 ] Request (QuotaClassesAdminTestJSON:tearDownClass): 201 POST http://10.180.1.21/identity/v3/auth/tokens 0.101s
2024-07-30 16:36:52.716 61708 INFO tempest.lib.common.rest_client [req-04b5d675-6288-4f1b-8c9b-a675b7908018 req-04b5d675-6288-4f1b-8c9b-a675b7908018 ] Request (ImagesMetadataNegativeTestJSON:setUpClass): 200 GET http://10.180.1.21/identity/v3/domains?name=Default 0.163s
2024-07-30 16:36:52.724 61713 INFO tempest.lib.common.rest_client [req-412361a5-a20e-4136-b66c-3dc26b33eb76 req-412361a5-a20e-4136-b66c-3dc26b33eb76 ] Request (FlavorsAdminTestJSON:test_is_public_string_variations): 200 POST http://10.180.1.21/compute/v2.1/flavors 0.998s
2024-07-30 16:36:52.726 61667 INFO tempest.lib.common.rest_client [req-81a1c0ad-8bdb-4e20-b23b-9a283bfe35fb req-81a1c0ad-8bdb-4e20-b23b-9a283bfe35fb ] Request (KeyPairsNegativeTestJSON:setUpClass): 200 GET http://10.180.1.21/identity/v3/domains?name=Default 0.069s
2024-07-30 16:36:52.750 61708 INFO tempest.lib.common.rest_client [req-d2bbac72-aed9-4237-9284-9c64716c5985 req-d2bbac72-aed9-4237-9284-9c64716c5985 ] Request (ImagesMetadataNegativeTestJSON:setUpClass): 201 POST http://10.180.1.21/identity/v3/projects 0.033s
2024-07-30 16:36:52.760 61681 INFO tempest.lib.common.rest_client [req-9dd8862f-e7c6-4225-944b-d71e08022a6c req-9dd8862f-e7c6-4225-944b-d71e08022a6c ] Request (HypervisorAdminTestJSON:tearDownClass): 200 GET http://10.180.1.21:9696/networking/v2.0/security-groups?tenant_id=24083f2f95504862b7b9db34c622e0fd&name=default 0.468s
2024-07-30 16:36:52.762 61712 INFO tempest.lib.common.rest_client [req-5236ef54-bf94-41ee-aabf-434ec5141b2f req-5236ef54-bf94-41ee-aabf-434ec5141b2f ] Request (QuotasAdminTestV236:test_get_updated_quotas): 200 GET http://10.180.1.21/identity/v3/domains?name=Default 0.100s
2024-07-30 16:36:52.812 61667 INFO tempest.lib.common.rest_client [req-67012d7c-2851-4cdc-9b49-1a3df04581e5 req-67012d7c-2851-4cdc-9b49-1a3df04581e5 ] Request (KeyPairsNegativeTestJSON:setUpClass): 201 POST http://10.180.1.21/identity/v3/projects 0.085s
2024-07-30 16:36:52.820 61663 INFO tempest.lib.common.rest_client [req-06de1154-7c27-422e-b714-aeb94f543a9e req-06de1154-7c27-422e-b714-aeb94f543a9e ] Request (FlavorsAccessNegativeTestJSON:tearDownClass): 200 GET http://10.180.1.21:9696/networking/v2.0/security-groups?tenant_id=6ae9a9b627374dacb5f899f53167b454&name=default 0.544s
2024-07-30 16:36:52.822 61697 INFO tempest.lib.common.rest_client [req-762b0977-c85b-421a-8ce4-9dc2b3d03c50 req-762b0977-c85b-421a-8ce4-9dc2b3d03c50 ] Request (MigrationsAdminTest:test_list_migrations_in_flavor_resize_situation): 200 GET http://10.180.1.21/compute/v2.1/servers/f5de2f84-ffac-4c85-b534-d52ed7b8a430 0.842s
2024-07-30 16:36:52.862 61683 INFO tempest.lib.common.rest_client [req-9b2197e3-91ab-48b1-919b-0905609e6628 req-9b2197e3-91ab-48b1-919b-0905609e6628 ] Request (ImagesMetadataTestJSON:test_set_image_metadata_item): 200 GET http://10.180.1.21/compute/v2.1/images/5f4739b8-2de4-4ecd-9d18-902afa578683/metadata 0.844s
2024-07-30 16:36:52.869 61708 INFO tempest.lib.common.rest_client [req-1dfe9df9-5699-4076-a1af-81af2a053b7d req-1dfe9df9-5699-4076-a1af-81af2a053b7d ] Request (ImagesMetadataNegativeTestJSON:setUpClass): 201 POST http://10.180.1.21/identity/v3/users 0.119s
2024-07-30 16:36:52.874 61667 INFO tempest.lib.common.rest_client [req-33986778-35ee-4529-8b63-916d633a2737 req-33986778-35ee-4529-8b63-916d633a2737 ] Request (KeyPairsNegativeTestJSON:setUpClass): 201 POST http://10.180.1.21/identity/v3/users 0.062s
2024-07-30 16:36:52.886 61708 INFO tempest.lib.common.rest_client [req-4db58661-4ab5-4ee7-9f3f-e87f6197f537 req-4db58661-4ab5-4ee7-9f3f-e87f6197f537 ] Request (ImagesMetadataNegativeTestJSON:setUpClass): 200 GET http://10.180.1.21/identity/v3/roles 0.016s
2024-07-30 16:36:52.890 61667 INFO tempest.lib.common.rest_client [req-0e197435-0aef-480f-b7bd-7bcf25e37647 req-0e197435-0aef-480f-b7bd-7bcf25e37647 ] Request (KeyPairsNegativeTestJSON:setUpClass): 200 GET http://10.180.1.21/identity/v3/roles 0.016s
2024-07-30 16:36:52.910 61708 INFO tempest.lib.common.rest_client [req-f672498a-c3c0-4056-9ee1-bcc3de72b982 req-f672498a-c3c0-4056-9ee1-bcc3de72b982 ] Request (ImagesMetadataNegativeTestJSON:setUpClass): 204 PUT http://10.180.1.21/identity/v3/projects/040a0c15e074496c969e8b32b4f47bdd/users/3a524dad1762483a8a2bf19563d50e6b/roles/9c38ef3ae02447e49deec21ad3ab26d0 0.023s
2024-07-30 16:36:52.911 61708 INFO tempest.lib.common.dynamic_creds [-] Dynamic test user 3a524dad1762483a8a2bf19563d50e6b is created with scope project and roles: ['member']
2024-07-30 16:36:52.911 61708 INFO tempest.lib.common.dynamic_creds [-] Acquired dynamic creds: credentials: Credentials: {'domain_id': 'default', 'domain_name': 'Default', 'username': 'tempest-ImagesMetadataNegativeTestJSON-874607086-project-member', 'project_domain_id': 'default', 'project_domain_name': 'Default', 'project_id': '040a0c15e074496c969e8b32b4f47bdd', 'project_name': 'tempest-ImagesMetadataNegativeTestJSON-874607086', 'tenant_id': '040a0c15e074496c969e8b32b4f47bdd', 'tenant_name': 'tempest-ImagesMetadataNegativeTestJSON-874607086', 'user_domain_id': 'default', 'user_domain_name': 'Default', 'user_id': '3a524dad1762483a8a2bf19563d50e6b', 'system': None}, Network: None, Subnet: None, Router: None
2024-07-30 16:36:52.911 61708 INFO tempest.lib.common.dynamic_creds [-] Created isolated network resources for: credentials: Credentials: {'domain_id': 'default', 'domain_name': 'Default', 'username': 'tempest-ImagesMetadataNegativeTestJSON-874607086-project-member', 'project_domain_id': 'default', 'project_domain_name': 'Default', 'project_id': '040a0c15e074496c969e8b32b4f47bdd', 'project_name': 'tempest-ImagesMetadataNegativeTestJSON-874607086', 'tenant_id': '040a0c15e074496c969e8b32b4f47bdd', 'tenant_name': 'tempest-ImagesMetadataNegativeTestJSON-874607086', 'user_domain_id': 'default', 'user_domain_name': 'Default', 'user_id': '3a524dad1762483a8a2bf19563d50e6b', 'system': None}, Network: None, Subnet: None, Router: None
2024-07-30 16:36:52.918 61667 INFO tempest.lib.common.rest_client [req-d1b78f07-81be-4a72-8750-81a63ca7d492 req-d1b78f07-81be-4a72-8750-81a63ca7d492 ] Request (KeyPairsNegativeTestJSON:setUpClass): 204 PUT http://10.180.1.21/identity/v3/projects/d4b2d7c53299469b9f42785c28407a3d/users/48294e2608f345a6a0c05dca7e59f2b7/roles/9c38ef3ae02447e49deec21ad3ab26d0 0.027s
2024-07-30 16:36:52.918 61667 INFO tempest.lib.common.dynamic_creds [-] Dynamic test user 48294e2608f345a6a0c05dca7e59f2b7 is created with scope project and roles: ['member']
2024-07-30 16:36:52.919 61667 INFO tempest.lib.common.dynamic_creds [-] Acquired dynamic creds: credentials: Credentials: {'domain_id': 'default', 'domain_name': 'Default', 'username': 'tempest-KeyPairsNegativeTestJSON-734922252-project-member', 'project_domain_id': 'default', 'project_domain_name': 'Default', 'project_id': 'd4b2d7c53299469b9f42785c28407a3d', 'project_name': 'tempest-KeyPairsNegativeTestJSON-734922252', 'tenant_id': 'd4b2d7c53299469b9f42785c28407a3d', 'tenant_name': 'tempest-KeyPairsNegativeTestJSON-734922252', 'user_domain_id': 'default', 'user_domain_name': 'Default', 'user_id': '48294e2608f345a6a0c05dca7e59f2b7', 'system': None}, Network: None, Subnet: None, Router: None
2024-07-30 16:36:52.919 61667 INFO tempest.lib.common.dynamic_creds [-] Created isolated network resources for: credentials: Credentials: {'domain_id': 'default', 'domain_name': 'Default', 'username': 'tempest-KeyPairsNegativeTestJSON-734922252-project-member', 'project_domain_id': 'default', 'project_domain_name': 'Default', 'project_id': 'd4b2d7c53299469b9f42785c28407a3d', 'project_name': 'tempest-KeyPairsNegativeTestJSON-734922252', 'tenant_id': 'd4b2d7c53299469b9f42785c28407a3d', 'tenant_name': 'tempest-KeyPairsNegativeTestJSON-734922252', 'user_domain_id': 'default', 'user_domain_name': 'Default', 'user_id': '48294e2608f345a6a0c05dca7e59f2b7', 'system': None}, Network: None, Subnet: None, Router: None
2024-07-30 16:36:52.948 61687 INFO tempest.lib.common.rest_client [req-68236456-2e83-47c8-bca4-1e8b455bdb44 req-68236456-2e83-47c8-bca4-1e8b455bdb44 ] Request (ServerDiagnosticsV248Test:test_get_server_diagnostics): 200 GET http://10.180.1.21/compute/v2.1/servers/2f2bcd65-4d8d-470a-b064-a1078b447a6d 0.873s
2024-07-30 16:36:52.962 61700 INFO tempest.lib.common.rest_client [req-74b14968-421e-4c6d-b1c4-f70869f53aaf req-74b14968-421e-4c6d-b1c4-f70869f53aaf ] Request (ServicesAdminNegativeTestJSON:tearDownClass): 204 DELETE http://10.180.1.21:9696/networking/v2.0/security-groups/bb847c15-4b43-4fcf-8675-c0d38268c437 0.449s
2024-07-30 16:36:52.980 61708 INFO tempest.lib.common.rest_client [req-3f3316e1-c3c6-45f3-a9e4-83b2f2232be3 req-3f3316e1-c3c6-45f3-a9e4-83b2f2232be3 ] Request (ImagesMetadataNegativeTestJSON:setUpClass): 201 POST http://10.180.1.21/identity/v3/auth/tokens 0.067s
2024-07-30 16:36:52.987 61667 INFO tempest.lib.common.rest_client [req-bf7aaee4-43ee-4828-88f1-afb0081253ed req-bf7aaee4-43ee-4828-88f1-afb0081253ed ] Request (KeyPairsNegativeTestJSON:setUpClass): 201 POST http://10.180.1.21/identity/v3/auth/tokens 0.066s
2024-07-30 16:36:53.045 61675 INFO tempest.lib.common.rest_client [req-8df6247c-8517-4baa-87bd-30e23cdcc873 req-8df6247c-8517-4baa-87bd-30e23cdcc873 ] Request (ServerDiagnosticsNegativeTest:test_get_server_diagnostics_by_non_admin): 200 GET http://10.180.1.21/compute/v2.1/servers/bb7e7a76-ec04-47c4-9803-d344412abcfb 0.818s
2024-07-30 16:36:53.100 61700 INFO tempest.lib.common.rest_client [req-4b98381d-625c-4b3f-999a-f03fec368f5d req-4b98381d-625c-4b3f-999a-f03fec368f5d ] Request (ServicesAdminNegativeTestJSON:tearDownClass): 204 DELETE http://10.180.1.21/identity/v3/projects/c7798a560183433b9cc17f768b50e779 0.138s
2024-07-30 16:36:53.100 61700 INFO tempest.lib.common.dynamic_creds [-] Deleting project and security group for project: 17cc1bb2dac946be9728b7a1e5768a6c
2024-07-30 16:36:53.127 61665 INFO tempest.lib.common.rest_client [req-122f8ae6-e0c3-4d95-bf82-09f72b445837 req-122f8ae6-e0c3-4d95-bf82-09f72b445837 ] Request (ImagesNegativeTestJSON:test_create_image_from_deleted_server): 200 GET http://10.180.1.21/compute/v2.1/servers/74903ed0-06d8-4296-bd4a-3c1f9e3ac318 0.701s
2024-07-30 16:36:53.134 61693 INFO tempest.lib.common.rest_client [req-b3d639c4-01c5-4c75-9403-e5c1a22ea0a5 req-b3d639c4-01c5-4c75-9403-e5c1a22ea0a5 ] Request (AggregatesAdminNegativeTestJSON:test_aggregate_list_as_user): 403 GET http://10.180.1.21/compute/v2.1/os-aggregates 0.656s
2024-07-30 16:36:53.204 61691 INFO tempest.lib.common.rest_client [req-71d973b6-1cb5-44f6-8a11-0607a0d71178 req-71d973b6-1cb5-44f6-8a11-0607a0d71178 ] Request (QuotaClassesAdminTestJSON:tearDownClass): 200 GET http://10.180.1.21:9696/networking/v2.0/security-groups?tenant_id=f2d532fc484a4cf8beeb2427538b0246&name=default 0.496s
2024-07-30 16:36:53.206 61724 INFO tempest.lib.common.rest_client [req-546b43d3-e5f4-4266-9482-e6a1a25f4f61 req-546b43d3-e5f4-4266-9482-e6a1a25f4f61 ] Request (ListServerFiltersTestJSON:setUpClass): 202 POST http://10.180.1.21/compute/v2.1/servers 1.749s
2024-07-30 16:36:53.220 61681 INFO tempest.lib.common.rest_client [req-39a54fd7-6d70-46cd-a271-841baa7cc6a5 req-39a54fd7-6d70-46cd-a271-841baa7cc6a5 ] Request (HypervisorAdminTestJSON:tearDownClass): 204 DELETE http://10.180.1.21:9696/networking/v2.0/security-groups/9f1d7198-5b70-412c-b6b6-1981963d5194 0.460s
2024-07-30 16:36:53.224 61663 INFO tempest.lib.common.rest_client [req-1bf8cdf7-884b-4494-8ee4-e86cd6094a66 req-1bf8cdf7-884b-4494-8ee4-e86cd6094a66 ] Request (FlavorsAccessNegativeTestJSON:tearDownClass): 204 DELETE http://10.180.1.21:9696/networking/v2.0/security-groups/5d32a0d5-56eb-4cec-a766-5f27d46db48b 0.403s
2024-07-30 16:36:53.226 61716 INFO tempest.lib.common.rest_client [req-b88bc40a-211e-43cd-8e0e-aa682e7f622f req-b88bc40a-211e-43cd-8e0e-aa682e7f622f ] Request (ServerPasswordTestJSON:setUpClass): 200 GET http://10.180.1.21/compute/v2.1/servers/3aa938d5-d32c-4a46-812f-eadcb2d066a9 0.714s
2024-07-30 16:36:53.262 61724 INFO tempest.lib.common.rest_client [req-78d4f8e4-566c-4b49-b851-c2a9af1c40e4 req-78d4f8e4-566c-4b49-b851-c2a9af1c40e4 ] Request (ListServerFiltersTestJSON:setUpClass): 201 POST http://10.180.1.21/identity/v3/auth/tokens 0.052s
2024-07-30 16:36:53.262 61724 INFO tempest.lib.common.fixed_network [-] (ListServerFiltersTestJSON:setUpClass) Found network {'id': '0ff7e659-51b2-4a19-83c5-0bc5df2346cb', 'name': 'tempest-ListServerFiltersTestJSON-864800062-network', 'tenant_id': 'a97f87bf9d70496aa5cf66ab0d3d5a8f', 'admin_state_up': True, 'mtu': 8950, 'status': 'ACTIVE', 'subnets': [], 'shared': False, 'project_id': 'a97f87bf9d70496aa5cf66ab0d3d5a8f', 'port_security_enabled': True, 'router:external': False, 'provider:network_type': 'vlan', 'provider:physical_network': 'default', 'provider:segmentation_id': 173, 'is_default': False, 'availability_zone_hints': [], 'availability_zones': [], 'ipv4_address_scope': None, 'ipv6_address_scope': None, 'description': '', 'tags': [], 'created_at': '2024-07-30T16:36:50Z', 'updated_at': '2024-07-30T16:36:50Z', 'revision_number': 1} available for tenant
2024-07-30 16:36:53.336 61673 INFO tempest.lib.common.rest_client [req-ba743b3c-7564-4886-9146-1b013e60b724 req-ba743b3c-7564-4886-9146-1b013e60b724 ] Request (SecurityGroupsTestJSON:test_list_security_groups_by_server): 200 GET http://10.180.1.21/compute/v2.1/servers/57d5c7fb-77a6-4deb-8b4f-989e53979ac8 0.713s
2024-07-30 16:36:53.345 61671 INFO tempest.lib.common.rest_client [req-4c914eb9-9a61-4733-aa42-8e2fdaf492fd req-4c914eb9-9a61-4733-aa42-8e2fdaf492fd ] Request (ServersAdminTestJSON:setUpClass): 200 GET http://10.180.1.21/compute/v2.1/servers/60310658-f721-4b0a-85b6-10f15b6a904e 0.816s
2024-07-30 16:36:53.378 61713 INFO tempest.lib.common.rest_client [req-fe80aafd-ba54-4428-83b3-fd4b5c55188f req-fe80aafd-ba54-4428-83b3-fd4b5c55188f ] Request (FlavorsAdminTestJSON:test_is_public_string_variations): 200 GET http://10.180.1.21/compute/v2.1/flavors/detail?is_public=f 0.652s
2024-07-30 16:36:53.400 61681 INFO tempest.lib.common.rest_client [req-b5b42d02-904d-4910-9cc8-57945bcf2d8f req-b5b42d02-904d-4910-9cc8-57945bcf2d8f ] Request (HypervisorAdminTestJSON:tearDownClass): 204 DELETE http://10.180.1.21/identity/v3/projects/24083f2f95504862b7b9db34c622e0fd 0.179s
2024-07-30 16:36:53.400 61681 INFO tempest.lib.common.dynamic_creds [-] Deleting project and security group for project: 7092ab3ade5a4845ba7290ae66f84358
2024-07-30 16:36:53.457 61663 INFO tempest.lib.common.rest_client [req-f85db425-b00d-4f19-8770-e0ee476e6775 req-f85db425-b00d-4f19-8770-e0ee476e6775 ] Request (FlavorsAccessNegativeTestJSON:tearDownClass): 204 DELETE http://10.180.1.21/identity/v3/projects/6ae9a9b627374dacb5f899f53167b454 0.232s
2024-07-30 16:36:53.457 61663 INFO tempest.lib.common.dynamic_creds [-] Deleting project and security group for project: f072f41f49b145cdad85676d722dc548
2024-07-30 16:36:53.487 61709 INFO tempest.lib.common.rest_client [req-52d26df5-95f6-44cb-8520-e369c28eec5a req-52d26df5-95f6-44cb-8520-e369c28eec5a ] Request (FloatingIPsAssociationNegativeTestJSON:setUpClass): 200 GET http://10.180.1.21/compute/v2.1/servers/42e758af-b971-4a3e-803d-d9ee64a909f8 0.716s
2024-07-30 16:36:53.559 61700 INFO tempest.lib.common.rest_client [req-5fc10ba3-82c3-4a39-ab08-bc6d707d3e46 req-5fc10ba3-82c3-4a39-ab08-bc6d707d3e46 ] Request (ServicesAdminNegativeTestJSON:tearDownClass): 200 GET http://10.180.1.21:9696/networking/v2.0/security-groups?tenant_id=17cc1bb2dac946be9728b7a1e5768a6c&name=default 0.458s
2024-07-30 16:36:53.567 61717 INFO tempest.lib.common.rest_client [req-230dd66f-9dad-4e8e-afb5-5944c40de567 req-230dd66f-9dad-4e8e-afb5-5944c40de567 ] Request (ServerExternalEventsTest:test_create_server_external_events): 200 GET http://10.180.1.21/compute/v2.1/servers/50ee586d-eacd-4e08-a85a-4396818a5b77 0.780s
2024-07-30 16:36:53.644 61712 INFO tempest.lib.common.rest_client [req-31a4e13e-9f7c-4935-9cdd-21c88230b19d req-31a4e13e-9f7c-4935-9cdd-21c88230b19d ] Request (QuotasAdminTestV236:test_get_updated_quotas): 200 PUT http://10.180.1.21/compute/v2.1/os-quota-sets/549ffebae7534ee298ffeb7489ad15bc 0.882s
2024-07-30 16:36:53.678 61723 INFO tempest.lib.common.rest_client [req-4c3ecbb4-be3e-49e0-8010-47ac3eecb8d1 req-4c3ecbb4-be3e-49e0-8010-47ac3eecb8d1 ] Request (ImagesOneServerNegativeTestJSON:setUpClass): 201 POST http://10.180.1.21:9696/networking/v2.0/routers 2.580s
2024-07-30 16:36:53.680 61681 INFO tempest.lib.common.rest_client [req-209901d1-87d1-4c1e-84e8-9b8b4295a9c3 req-209901d1-87d1-4c1e-84e8-9b8b4295a9c3 ] Request (HypervisorAdminTestJSON:tearDownClass): 200 GET http://10.180.1.21:9696/networking/v2.0/security-groups?tenant_id=7092ab3ade5a4845ba7290ae66f84358&name=default 0.279s
2024-07-30 16:36:53.747 61705 INFO tempest.lib.common.rest_client [req-e92374db-27ab-4e80-845b-74834895296c req-e92374db-27ab-4e80-845b-74834895296c ] Request (ServersTestFqdnHostnames:test_create_server_with_fqdn_name): 200 GET http://10.180.1.21/compute/v2.1/servers/c3b983f0-7f2d-415a-9780-109efb05867f 0.845s
2024-07-30 16:36:53.789 61691 INFO tempest.lib.common.rest_client [req-2a0cb4de-0fad-4de6-adb7-0a7cc360d9ff req-2a0cb4de-0fad-4de6-adb7-0a7cc360d9ff ] Request (QuotaClassesAdminTestJSON:tearDownClass): 204 DELETE http://10.180.1.21:9696/networking/v2.0/security-groups/20da2db9-f8c2-4f7d-ad7c-a2b83482aeba 0.584s
2024-07-30 16:36:53.833 61708 INFO tempest.lib.common.rest_client [req-fdf21896-02cf-4dec-ba9e-cd04b1f38fe7 req-fdf21896-02cf-4dec-ba9e-cd04b1f38fe7 ] Request (ImagesMetadataNegativeTestJSON:test_delete_nonexistent_image_metadata_item): 404 DELETE http://10.180.1.21/compute/v2.1/images/d5f5c4a8-d888-4db5-8ab0-e3b9af297241/metadata/os_distro 0.851s
2024-07-30 16:36:53.836 61683 INFO tempest.lib.common.rest_client [req-88563575-5849-4059-9151-9fee2b53b364 req-88563575-5849-4059-9151-9fee2b53b364 ] Request (ImagesMetadataTestJSON:setUp): 200 PUT http://10.180.1.21/compute/v2.1/images/5f4739b8-2de4-4ecd-9d18-902afa578683/metadata 0.972s
2024-07-30 16:36:53.852 61663 INFO tempest.lib.common.rest_client [req-b48675cd-ed57-474b-a4be-31e688d2b86e req-b48675cd-ed57-474b-a4be-31e688d2b86e ] Request (FlavorsAccessNegativeTestJSON:tearDownClass): 200 GET http://10.180.1.21:9696/networking/v2.0/security-groups?tenant_id=f072f41f49b145cdad85676d722dc548&name=default 0.395s
2024-07-30 16:36:53.920 61667 INFO tempest.lib.common.rest_client [req-5f732f74-74a4-409d-ad4e-36e0eec9c7c7 req-5f732f74-74a4-409d-ad4e-36e0eec9c7c7 ] Request (KeyPairsNegativeTestJSON:test_create_keypair_invalid_name): 400 POST http://10.180.1.21/compute/v2.1/os-keypairs 0.931s
2024-07-30 16:36:53.940 61695 INFO tempest.lib.common.rest_client [req-fdd94187-374c-4c7c-8b16-67ada0b84bdd req-fdd94187-374c-4c7c-8b16-67ada0b84bdd ] Request (ServerTagsTestJSON:setUpClass): 200 GET http://10.180.1.21/compute/v2.1/servers/b47d77a2-95cc-4031-99de-919cd96f42cd 0.889s
2024-07-30 16:36:53.953 61693 INFO tempest.lib.common.rest_client [req-0b1e4938-f748-486d-a08a-dec107c3f37f req-0b1e4938-f748-486d-a08a-dec107c3f37f ] Request (AggregatesAdminNegativeTestJSON:test_aggregate_remove_host_as_user): 200 POST http://10.180.1.21/compute/v2.1/os-aggregates 0.817s
2024-07-30 16:36:53.959 61691 INFO tempest.lib.common.rest_client [req-7abf912d-e597-4594-8bad-e5379f74f4b3 req-7abf912d-e597-4594-8bad-e5379f74f4b3 ] Request (QuotaClassesAdminTestJSON:tearDownClass): 204 DELETE http://10.180.1.21/identity/v3/projects/f2d532fc484a4cf8beeb2427538b0246 0.170s
2024-07-30 16:36:53.960 61691 INFO tempest.lib.common.dynamic_creds [-] Deleting project and security group for project: d5b9c13854634e2ca8023e87fdc4a394
2024-07-30 16:36:54.077 61704 INFO tempest.lib.common.rest_client [req-23f093d8-bdc9-4e3a-9458-d44cdce4509e req-23f093d8-bdc9-4e3a-9458-d44cdce4509e ] Request (ServerShowV254Test:test_rebuild_server): 200 GET http://10.180.1.21/compute/v2.1/servers/0c803c66-192c-4961-8d65-6ed87a048861 0.829s
2024-07-30 16:36:54.106 61677 INFO tempest.lib.common.rest_client [req-470d7aa5-f900-490e-aa39-3fde67282794 req-470d7aa5-f900-490e-aa39-3fde67282794 ] Request (VolumesAssistedSnapshotsTest:test_volume_assisted_snapshot_create_delete): 200 GET http://10.180.1.21/compute/v2.1/servers/361bd564-53ca-418f-8805-bfdf9a636b1d 0.950s
2024-07-30 16:36:54.109 61700 INFO tempest.lib.common.rest_client [req-2e7ade7b-a70c-4564-b9c8-013bf1d66f10 req-2e7ade7b-a70c-4564-b9c8-013bf1d66f10 ] Request (ServicesAdminNegativeTestJSON:tearDownClass): 204 DELETE http://10.180.1.21:9696/networking/v2.0/security-groups/1d54cecf-158c-4dbc-b91d-63328bebce59 0.549s
2024-07-30 16:36:54.122 61713 INFO tempest.lib.common.rest_client [req-709473fd-b322-4efc-a1da-0d774be40e32 req-709473fd-b322-4efc-a1da-0d774be40e32 ] Request (FlavorsAdminTestJSON:test_is_public_string_variations): 200 GET http://10.180.1.21/compute/v2.1/flavors/detail?is_public=false 0.741s
2024-07-30 16:36:54.219 61681 INFO tempest.lib.common.rest_client [req-89682d48-54b3-4845-a54a-216db4307782 req-89682d48-54b3-4845-a54a-216db4307782 ] Request (HypervisorAdminTestJSON:tearDownClass): 204 DELETE http://10.180.1.21:9696/networking/v2.0/security-groups/515577a9-4221-4406-8cc3-32b56c915b96 0.539s
2024-07-30 16:36:54.226 61690 INFO tempest.lib.common.rest_client [req-ef84162e-4582-46e1-9fe8-c3dee3a8fae7 req-ef84162e-4582-46e1-9fe8-c3dee3a8fae7 ] Request (AttachVolumeTestJSON:test_attach_detach_volume): 200 GET http://10.180.1.21/compute/v2.1/servers/ad4b3d36-eebd-4091-bbee-3e1107d08ef4 0.799s
2024-07-30 16:36:54.231 61700 INFO tempest.lib.common.rest_client [req-cc59510a-6625-4af2-b3c7-ea88fa8c22eb req-cc59510a-6625-4af2-b3c7-ea88fa8c22eb ] Request (ServicesAdminNegativeTestJSON:tearDownClass): 204 DELETE http://10.180.1.21/identity/v3/projects/17cc1bb2dac946be9728b7a1e5768a6c 0.122s
2024-07-30 16:36:54.306 61700 INFO tempest.lib.common.rest_client [req-2750fe90-370b-4267-83bf-d17670c35c11 req-2750fe90-370b-4267-83bf-d17670c35c11 ] Request (FloatingIPDetailsNegativeTestJSON:setUpClass): 201 POST http://10.180.1.21/identity/v3/auth/tokens 0.073s
2024-07-30 16:36:54.325 61720 INFO tempest.lib.common.rest_client [req-6a6cdd5a-6d45-49f8-8c98-e3d148c2b9b1 req-6a6cdd5a-6d45-49f8-8c98-e3d148c2b9b1 ] Request (ServerDiagnosticsTest:test_get_server_diagnostics): 200 GET http://10.180.1.21/compute/v2.1/servers/2cfe0aa6-71ec-4d4f-be7a-3b824ecb983f 0.745s
2024-07-30 16:36:54.331 61720 INFO tempest.common.waiters [-] State transition "BUILD/spawning" ==> "ERROR/None" after 29 second wait
2024-07-30 16:36:54.340 61681 INFO tempest.lib.common.rest_client [req-474753f9-3f00-401b-92c7-614f3e953b7a req-474753f9-3f00-401b-92c7-614f3e953b7a ] Request (HypervisorAdminTestJSON:tearDownClass): 204 DELETE http://10.180.1.21/identity/v3/projects/7092ab3ade5a4845ba7290ae66f84358 0.120s
2024-07-30 16:36:54.344 61663 INFO tempest.lib.common.rest_client [req-5522a392-3d9f-4046-b949-02a3915d9409 req-5522a392-3d9f-4046-b949-02a3915d9409 ] Request (FlavorsAccessNegativeTestJSON:tearDownClass): 204 DELETE http://10.180.1.21:9696/networking/v2.0/security-groups/d3a43024-9072-439f-bd0d-e23643190ccf 0.491s
2024-07-30 16:36:54.365 61691 INFO tempest.lib.common.rest_client [req-cc0233a6-3e0d-405b-98ea-0eed5c1d5d83 req-cc0233a6-3e0d-405b-98ea-0eed5c1d5d83 ] Request (QuotaClassesAdminTestJSON:tearDownClass): 200 GET http://10.180.1.21:9696/networking/v2.0/security-groups?tenant_id=d5b9c13854634e2ca8023e87fdc4a394&name=default 0.405s
2024-07-30 16:36:54.392 61700 INFO tempest.lib.common.rest_client [req-74b765d0-5324-43cd-9ad2-58c54ca1b16b req-74b765d0-5324-43cd-9ad2-58c54ca1b16b ] Request (FloatingIPDetailsNegativeTestJSON:setUpClass): 201 POST http://10.180.1.21/identity/v3/auth/tokens 0.083s
2024-07-30 16:36:54.411 61681 INFO tempest.lib.common.rest_client [req-f3d39e92-9cc3-405e-9614-66f551973e6c req-f3d39e92-9cc3-405e-9614-66f551973e6c ] Request (QuotaClassesAdmin257Test:setUpClass): 201 POST http://10.180.1.21/identity/v3/auth/tokens 0.069s
2024-07-30 16:36:54.428 61700 INFO tempest.lib.common.rest_client [req-1d0004dd-a58f-47d1-a645-fa32ffbb966c req-1d0004dd-a58f-47d1-a645-fa32ffbb966c ] Request (FloatingIPDetailsNegativeTestJSON:setUpClass): 200 GET http://10.180.1.21/identity/v3/domains?name=Default 0.036s
2024-07-30 16:36:54.466 61663 INFO tempest.lib.common.rest_client [req-5931d80f-0477-4eaf-a588-b031d7587514 req-5931d80f-0477-4eaf-a588-b031d7587514 ] Request (FlavorsAccessNegativeTestJSON:tearDownClass): 204 DELETE http://10.180.1.21/identity/v3/projects/f072f41f49b145cdad85676d722dc548 0.121s
2024-07-30 16:36:54.466 61663 INFO tempest.lib.common.dynamic_creds [-] Deleting project and security group for project: 8825f95f37064e7797c2b680794525cf
2024-07-30 16:36:54.528 61681 INFO tempest.lib.common.rest_client [req-9152cb7a-049e-45fe-93a8-a0937da28a82 req-9152cb7a-049e-45fe-93a8-a0937da28a82 ] Request (QuotaClassesAdmin257Test:setUpClass): 201 POST http://10.180.1.21/identity/v3/auth/tokens 0.114s
2024-07-30 16:36:54.565 61700 INFO tempest.lib.common.rest_client [req-66655984-c853-4b64-b0dd-fd80c626a428 req-66655984-c853-4b64-b0dd-fd80c626a428 ] Request (FloatingIPDetailsNegativeTestJSON:setUpClass): 201 POST http://10.180.1.21/identity/v3/projects 0.137s
2024-07-30 16:36:54.590 61712 INFO tempest.lib.common.rest_client [req-07f94e3f-ab84-4980-ae26-2e0b79565caa req-07f94e3f-ab84-4980-ae26-2e0b79565caa ] Request (QuotasAdminTestV236:test_get_updated_quotas): 200 GET http://10.180.1.21/compute/v2.1/os-quota-sets/549ffebae7534ee298ffeb7489ad15bc/detail 0.944s
2024-07-30 16:36:54.615 61681 INFO tempest.lib.common.rest_client [req-49a76b66-e744-4409-9225-98628138ea70 req-49a76b66-e744-4409-9225-98628138ea70 ] Request (QuotaClassesAdmin257Test:setUpClass): 200 GET http://10.180.1.21/identity/v3/domains?name=Default 0.086s
2024-07-30 16:36:54.641 61700 INFO tempest.lib.common.rest_client [req-794d3964-d03e-4a21-b197-e35aa0fc8481 req-794d3964-d03e-4a21-b197-e35aa0fc8481 ] Request (FloatingIPDetailsNegativeTestJSON:setUpClass): 201 POST http://10.180.1.21/identity/v3/users 0.075s
2024-07-30 16:36:54.669 61681 INFO tempest.lib.common.rest_client [req-02ebc18a-e99a-4b51-9d6e-0df75e689437 req-02ebc18a-e99a-4b51-9d6e-0df75e689437 ] Request (QuotaClassesAdmin257Test:setUpClass): 201 POST http://10.180.1.21/identity/v3/projects 0.053s
2024-07-30 16:36:54.671 61712 INFO tempest.lib.common.rest_client [req-a964804d-ff55-432e-bb18-242bb9c6d37a req-a964804d-ff55-432e-bb18-242bb9c6d37a ] Request (QuotasAdminTestV236:test_get_updated_quotas): 200 GET http://10.180.1.21/identity/v3/domains?name=Default 0.077s
2024-07-30 16:36:54.709 61669 INFO tempest.lib.common.rest_client [req-08116082-7f8d-46d0-9b1f-c16af36b2b55 req-08116082-7f8d-46d0-9b1f-c16af36b2b55 ] Request (DeleteServersTestJSON:setUpClass): 201 POST http://10.180.1.21:9696/networking/v2.0/routers 2.462s
2024-07-30 16:36:54.718 61700 INFO tempest.lib.common.rest_client [req-39dc0ddc-30d7-4951-bdab-71a5551612f2 req-39dc0ddc-30d7-4951-bdab-71a5551612f2 ] Request (FloatingIPDetailsNegativeTestJSON:setUpClass): 200 GET http://10.180.1.21/identity/v3/roles 0.076s
2024-07-30 16:36:54.728 61727 INFO tempest.lib.common.rest_client [req-87c0b886-c8a5-4f05-95cd-46be12496957 req-87c0b886-c8a5-4f05-95cd-46be12496957 ] Request (DeleteServersAdminTestJSON:test_admin_delete_servers_of_others): 200 GET http://10.180.1.21/compute/v2.1/servers/88950536-6e3b-422d-964d-36c87097c0e3 1.018s
2024-07-30 16:36:54.738 61681 INFO tempest.lib.common.rest_client [req-55529d8e-e226-4347-9eaa-98a9b8366eb0 req-55529d8e-e226-4347-9eaa-98a9b8366eb0 ] Request (QuotaClassesAdmin257Test:setUpClass): 201 POST http://10.180.1.21/identity/v3/users 0.068s
2024-07-30 16:36:54.772 61700 INFO tempest.lib.common.rest_client [req-eaaccae8-e171-4482-bc22-251b3ddc2cec req-eaaccae8-e171-4482-bc22-251b3ddc2cec ] Request (FloatingIPDetailsNegativeTestJSON:setUpClass): 204 PUT http://10.180.1.21/identity/v3/projects/3ec5f12f3f2047b196c42065db6e6dc1/users/92795ae24de84d879c01b4bf44ee3caf/roles/9c38ef3ae02447e49deec21ad3ab26d0 0.054s
2024-07-30 16:36:54.772 61700 INFO tempest.lib.common.dynamic_creds [-] Dynamic test user 92795ae24de84d879c01b4bf44ee3caf is created with scope project and roles: ['member']
2024-07-30 16:36:54.772 61700 INFO tempest.lib.common.dynamic_creds [-] Acquired dynamic creds: credentials: Credentials: {'domain_id': 'default', 'domain_name': 'Default', 'username': 'tempest-FloatingIPDetailsNegativeTestJSON-964726151-project-member', 'project_domain_id': 'default', 'project_domain_name': 'Default', 'project_id': '3ec5f12f3f2047b196c42065db6e6dc1', 'project_name': 'tempest-FloatingIPDetailsNegativeTestJSON-964726151', 'tenant_id': '3ec5f12f3f2047b196c42065db6e6dc1', 'tenant_name': 'tempest-FloatingIPDetailsNegativeTestJSON-964726151', 'user_domain_id': 'default', 'user_domain_name': 'Default', 'user_id': '92795ae24de84d879c01b4bf44ee3caf', 'system': None}, Network: None, Subnet: None, Router: None
2024-07-30 16:36:54.783 61724 INFO tempest.lib.common.rest_client [req-e02bc01d-2f54-4dd2-a400-16ac3b3881a1 req-e02bc01d-2f54-4dd2-a400-16ac3b3881a1 ] Request (ListServerFiltersTestJSON:setUpClass): 202 POST http://10.180.1.21/compute/v2.1/servers 1.521s
2024-07-30 16:36:54.798 61691 INFO tempest.lib.common.rest_client [req-99847674-ef1d-421b-a26e-25c21857d3ac req-99847674-ef1d-421b-a26e-25c21857d3ac ] Request (QuotaClassesAdminTestJSON:tearDownClass): 204 DELETE http://10.180.1.21:9696/networking/v2.0/security-groups/9bb92743-2ef7-4f3c-abc1-625094e716e9 0.433s
2024-07-30 16:36:54.806 61708 INFO tempest.lib.common.rest_client [req-159b65e3-c3df-4eb8-ada7-e05c2be1411a req-159b65e3-c3df-4eb8-ada7-e05c2be1411a ] Request (ImagesMetadataNegativeTestJSON:test_get_nonexistent_image_metadata_item): 404 GET http://10.180.1.21/compute/v2.1/images/54432c54-82be-45f1-84c2-43155ddaa39c/metadata/os_version 0.971s
2024-07-30 16:36:54.814 61697 INFO tempest.lib.common.rest_client [req-0e589fba-e079-4688-9c9f-ba70751c9f21 req-0e589fba-e079-4688-9c9f-ba70751c9f21 ] Request (MigrationsAdminTest:test_list_migrations_in_flavor_resize_situation): 200 GET http://10.180.1.21/compute/v2.1/servers/f5de2f84-ffac-4c85-b534-d52ed7b8a430 0.986s
2024-07-30 16:36:54.842 61681 INFO tempest.lib.common.rest_client [req-bb2628b3-95be-458e-a52a-48563581a131 req-bb2628b3-95be-458e-a52a-48563581a131 ] Request (QuotaClassesAdmin257Test:setUpClass): 200 GET http://10.180.1.21/identity/v3/roles 0.103s
2024-07-30 16:36:54.863 61667 INFO tempest.lib.common.rest_client [req-c041234e-81d2-4614-8abe-b9a7fdfbfaaf req-c041234e-81d2-4614-8abe-b9a7fdfbfaaf ] Request (KeyPairsNegativeTestJSON:test_create_keypair_when_public_key_bits_exceeds_maximum): 400 POST http://10.180.1.21/compute/v2.1/os-keypairs 0.939s
2024-07-30 16:36:54.877 61663 INFO tempest.lib.common.rest_client [req-d04c3da4-38d6-4438-8267-972d0e339215 req-d04c3da4-38d6-4438-8267-972d0e339215 ] Request (FlavorsAccessNegativeTestJSON:tearDownClass): 200 GET http://10.180.1.21:9696/networking/v2.0/security-groups?tenant_id=8825f95f37064e7797c2b680794525cf&name=default 0.411s
2024-07-30 16:36:54.879 61700 INFO tempest.lib.common.rest_client [req-8364eb8b-9333-4c6f-98bf-04dcf8343d33 req-8364eb8b-9333-4c6f-98bf-04dcf8343d33 ] Request (FloatingIPDetailsNegativeTestJSON:setUpClass): 201 POST http://10.180.1.21/identity/v3/auth/tokens 0.106s
2024-07-30 16:36:54.930 61712 INFO tempest.lib.common.rest_client [req-f272d826-1d01-49e0-8718-a805eb79f3bc req-f272d826-1d01-49e0-8718-a805eb79f3bc ] Request (QuotasAdminTestV236:test_get_updated_quotas): 201 POST http://10.180.1.21/identity/v3/users 0.258s
2024-07-30 16:36:54.942 61724 INFO tempest.lib.common.rest_client [req-577d1457-a2bf-4b87-bca8-5dbfa9e9d7a7 req-577d1457-a2bf-4b87-bca8-5dbfa9e9d7a7 ] Request (ListServerFiltersTestJSON:setUpClass): 201 POST http://10.180.1.21/identity/v3/auth/tokens 0.154s
2024-07-30 16:36:54.942 61724 INFO tempest.lib.common.fixed_network [-] (ListServerFiltersTestJSON:setUpClass) Found network {'id': '0ff7e659-51b2-4a19-83c5-0bc5df2346cb', 'name': 'tempest-ListServerFiltersTestJSON-864800062-network', 'tenant_id': 'a97f87bf9d70496aa5cf66ab0d3d5a8f', 'admin_state_up': True, 'mtu': 8950, 'status': 'ACTIVE', 'subnets': [], 'shared': False, 'project_id': 'a97f87bf9d70496aa5cf66ab0d3d5a8f', 'port_security_enabled': True, 'router:external': False, 'provider:network_type': 'vlan', 'provider:physical_network': 'default', 'provider:segmentation_id': 173, 'is_default': False, 'availability_zone_hints': [], 'availability_zones': [], 'ipv4_address_scope': None, 'ipv6_address_scope': None, 'description': '', 'tags': [], 'created_at': '2024-07-30T16:36:50Z', 'updated_at': '2024-07-30T16:36:50Z', 'revision_number': 1} available for tenant
2024-07-30 16:36:54.973 61681 INFO tempest.lib.common.rest_client [req-28b33dd6-65d0-47cd-928b-f0bbe0c3d205 req-28b33dd6-65d0-47cd-928b-f0bbe0c3d205 ] Request (QuotaClassesAdmin257Test:setUpClass): 204 PUT http://10.180.1.21/identity/v3/projects/7ff5508975a64a6787033cba4b7b4fd8/users/56e5599621154306bf1483d7ee21a0d8/roles/9c38ef3ae02447e49deec21ad3ab26d0 0.131s
2024-07-30 16:36:54.974 61681 INFO tempest.lib.common.dynamic_creds [-] Dynamic test user 56e5599621154306bf1483d7ee21a0d8 is created with scope project and roles: ['member']
2024-07-30 16:36:54.974 61681 INFO tempest.lib.common.dynamic_creds [-] Acquired dynamic creds: credentials: Credentials: {'domain_id': 'default', 'domain_name': 'Default', 'username': 'tempest-QuotaClassesAdmin257Test-585441805-project-member', 'project_domain_id': 'default', 'project_domain_name': 'Default', 'project_id': '7ff5508975a64a6787033cba4b7b4fd8', 'project_name': 'tempest-QuotaClassesAdmin257Test-585441805', 'tenant_id': '7ff5508975a64a6787033cba4b7b4fd8', 'tenant_name': 'tempest-QuotaClassesAdmin257Test-585441805', 'user_domain_id': 'default', 'user_domain_name': 'Default', 'user_id': '56e5599621154306bf1483d7ee21a0d8', 'system': None}, Network: None, Subnet: None, Router: None
2024-07-30 16:36:54.974 61681 INFO tempest.lib.common.dynamic_creds [-] Created isolated network resources for: credentials: Credentials: {'domain_id': 'default', 'domain_name': 'Default', 'username': 'tempest-QuotaClassesAdmin257Test-585441805-project-member', 'project_domain_id': 'default', 'project_domain_name': 'Default', 'project_id': '7ff5508975a64a6787033cba4b7b4fd8', 'project_name': 'tempest-QuotaClassesAdmin257Test-585441805', 'tenant_id': '7ff5508975a64a6787033cba4b7b4fd8', 'tenant_name': 'tempest-QuotaClassesAdmin257Test-585441805', 'user_domain_id': 'default', 'user_domain_name': 'Default', 'user_id': '56e5599621154306bf1483d7ee21a0d8', 'system': None}, Network: None, Subnet: None, Router: None
2024-07-30 16:36:55.020 61691 INFO tempest.lib.common.rest_client [req-1c738778-a27c-485e-ace8-46e4fc60f2c6 req-1c738778-a27c-485e-ace8-46e4fc60f2c6 ] Request (QuotaClassesAdminTestJSON:tearDownClass): 204 DELETE http://10.180.1.21/identity/v3/projects/d5b9c13854634e2ca8023e87fdc4a394 0.221s
2024-07-30 16:36:55.024 61693 INFO tempest.lib.common.rest_client [req-a43bdebe-cb32-4207-9796-32100088e226 req-a43bdebe-cb32-4207-9796-32100088e226 ] Request (AggregatesAdminNegativeTestJSON:test_aggregate_remove_host_as_user): 200 POST http://10.180.1.21/compute/v2.1/os-aggregates/7/action 1.069s
2024-07-30 16:36:55.093 61683 INFO tempest.lib.common.rest_client [req-e86446ed-d477-4e5f-97e7-793ac7154f93 req-e86446ed-d477-4e5f-97e7-793ac7154f93 ] Request (ImagesMetadataTestJSON:test_update_image_metadata): 200 POST http://10.180.1.21/compute/v2.1/images/5f4739b8-2de4-4ecd-9d18-902afa578683/metadata 1.256s
2024-07-30 16:36:55.140 61712 INFO tempest.lib.common.rest_client [req-c47fd504-674e-4a47-980d-fc3f5914b3a2 req-c47fd504-674e-4a47-980d-fc3f5914b3a2 ] Request (QuotasAdminTestV236:test_get_updated_quotas): 200 GET http://10.180.1.21/identity/v3/domains?name=Default 0.210s
2024-07-30 16:36:55.161 61691 INFO tempest.lib.common.rest_client [req-3d88b31c-eedf-4d8f-ad55-f597ac03884e req-3d88b31c-eedf-4d8f-ad55-f597ac03884e ] Request (SecurityGroupsTestAdminJSON:setUpClass): 201 POST http://10.180.1.21/identity/v3/auth/tokens 0.139s
2024-07-30 16:36:55.169 61687 INFO tempest.lib.common.rest_client [req-9221c0cf-a841-4730-a394-28ecb8478426 req-9221c0cf-a841-4730-a394-28ecb8478426 ] Request (ServerDiagnosticsV248Test:test_get_server_diagnostics): 200 GET http://10.180.1.21/compute/v2.1/servers/2f2bcd65-4d8d-470a-b064-a1078b447a6d 1.210s
2024-07-30 16:36:55.191 61663 INFO tempest.lib.common.rest_client [req-cbdd8ea8-607c-4cf3-aa72-326fca214f71 req-cbdd8ea8-607c-4cf3-aa72-326fca214f71 ] Request (FlavorsAccessNegativeTestJSON:tearDownClass): 204 DELETE http://10.180.1.21:9696/networking/v2.0/security-groups/b15f783b-de2f-45fb-b70f-1ba8141873c9 0.313s
2024-07-30 16:36:55.194 61713 INFO tempest.lib.common.rest_client [req-40885575-2c23-4a8c-95cc-0c832de77d41 req-40885575-2c23-4a8c-95cc-0c832de77d41 ] Request (FlavorsAdminTestJSON:test_is_public_string_variations): 200 GET http://10.180.1.21/compute/v2.1/flavors/detail?is_public=no 1.070s
2024-07-30 16:36:55.201 61691 INFO tempest.lib.common.rest_client [req-7f92b81c-3864-4e3a-9afe-5af8ab43cc77 req-7f92b81c-3864-4e3a-9afe-5af8ab43cc77 ] Request (SecurityGroupsTestAdminJSON:setUpClass): 201 POST http://10.180.1.21/identity/v3/auth/tokens 0.038s
2024-07-30 16:36:55.215 61681 INFO tempest.lib.common.rest_client [req-05e28850-4dc1-4ee5-807c-632434d92d13 req-05e28850-4dc1-4ee5-807c-632434d92d13 ] Request (QuotaClassesAdmin257Test:setUpClass): 201 POST http://10.180.1.21/identity/v3/auth/tokens 0.238s
2024-07-30 16:36:55.246 61691 INFO tempest.lib.common.rest_client [req-4822aa02-9849-4ca8-b6e1-1d0e240cc7dc req-4822aa02-9849-4ca8-b6e1-1d0e240cc7dc ] Request (SecurityGroupsTestAdminJSON:setUpClass): 200 GET http://10.180.1.21/identity/v3/domains?name=Default 0.044s
2024-07-30 16:36:55.278 61665 INFO tempest.lib.common.rest_client [req-bb94a6c3-e8b3-4598-802f-4bfe1cdde4ce req-bb94a6c3-e8b3-4598-802f-4bfe1cdde4ce ] Request (ImagesNegativeTestJSON:test_create_image_from_deleted_server): 200 GET http://10.180.1.21/compute/v2.1/servers/74903ed0-06d8-4296-bd4a-3c1f9e3ac318 1.144s
2024-07-30 16:36:55.295 61681 INFO tempest.lib.common.rest_client [req-8eca8f23-4c91-40f7-b4b2-c5f06a22a0a3 req-8eca8f23-4c91-40f7-b4b2-c5f06a22a0a3 ] Request (QuotaClassesAdmin257Test:setUpClass): 201 POST http://10.180.1.21/identity/v3/projects 0.080s
2024-07-30 16:36:55.295 61663 INFO tempest.lib.common.rest_client [req-ac991bec-9e24-4e65-a8be-00c5d48a0040 req-ac991bec-9e24-4e65-a8be-00c5d48a0040 ] Request (FlavorsAccessNegativeTestJSON:tearDownClass): 204 DELETE http://10.180.1.21/identity/v3/projects/8825f95f37064e7797c2b680794525cf 0.103s
2024-07-30 16:36:55.297 61675 INFO tempest.lib.common.rest_client [req-7b82b931-c56a-4b89-9885-c50892b8db5d req-7b82b931-c56a-4b89-9885-c50892b8db5d ] Request (ServerDiagnosticsNegativeTest:test_get_server_diagnostics_by_non_admin): 200 GET http://10.180.1.21/compute/v2.1/servers/bb7e7a76-ec04-47c4-9803-d344412abcfb 1.242s
2024-07-30 16:36:55.305 61675 INFO tempest.common.waiters [-] State transition "BUILD/spawning" ==> "ERROR/None" after 29 second wait
2024-07-30 16:36:55.353 61685 INFO tempest.lib.common.rest_client [req-987cabce-4991-4d8b-8136-5a5e7e8906b3 req-987cabce-4991-4d8b-8136-5a5e7e8906b3 ] Request (FloatingIPsNegativeTestJSON:tearDownClass): 200 PUT http://10.180.1.21:9696/networking/v2.0/routers/58673088-e5dc-486a-80ad-a41d99ecac60/remove_router_interface 2.886s
2024-07-30 16:36:55.382 61716 INFO tempest.lib.common.rest_client [req-e930d546-ef3a-4069-938c-252994aef0a8 req-e930d546-ef3a-4069-938c-252994aef0a8 ] Request (ServerPasswordTestJSON:setUpClass): 200 GET http://10.180.1.21/compute/v2.1/servers/3aa938d5-d32c-4a46-812f-eadcb2d066a9 1.148s
2024-07-30 16:36:55.472 61673 INFO tempest.lib.common.rest_client [req-04842d20-874b-4dc6-b1ec-1ed01f8c4fc6 req-04842d20-874b-4dc6-b1ec-1ed01f8c4fc6 ] Request (SecurityGroupsTestJSON:test_list_security_groups_by_server): 200 GET http://10.180.1.21/compute/v2.1/servers/57d5c7fb-77a6-4deb-8b4f-989e53979ac8 1.127s
