2025-02-19 11:58:49.865 63699 INFO tempest.lib.common.rest_client [req-f7ee9469-f6ad-4adf-bdad-01045adca588 req-f7ee9469-f6ad-4adf-bdad-01045adca588 ] Request (SecurityGroupsTestJSON:test_server_security_groups): 200 GET http://10.180.1.21/compute/v2.1/servers/e7d94c92-1a4c-402e-9fcd-060172fb2aaa 0.205s
2025-02-19 11:58:49.873 63699 INFO tempest.common.waiters [-] State transition "BUILD/spawning" ==> "ACTIVE/None" after 68 second wait
2025-02-19 11:58:49.925 63727 INFO tempest.lib.common.rest_client [req-2b11f509-bfec-4996-a1ae-59f3691ab206 req-2b11f509-bfec-4996-a1ae-59f3691ab206 ] Request (ServerAddressesTestJSON:setUpClass): 200 GET http://10.180.1.21/compute/v2.1/servers/40e47931-2f45-4086-99da-6209163d7113 0.093s
2025-02-19 11:58:49.951 63725 INFO tempest.lib.common.rest_client [req-25935f98-0ca7-47a7-a9c0-cc620665eeec req-25935f98-0ca7-47a7-a9c0-cc620665eeec ] Request (ServerActionsV293TestJSON:setUpClass): 200 GET http://10.180.1.21/compute/v2.1/servers/c27bd37e-eb20-422f-98e3-1935f75d2ab8 0.192s
2025-02-19 11:58:49.989 63739 INFO tempest.lib.common.rest_client [req-d1551842-9cfc-4bcd-a529-c1ce21d7ae51 req-d1551842-9cfc-4bcd-a529-c1ce21d7ae51 ] Request (ServerMetadataNegativeTestJSON:tearDownClass): 200 GET http://10.180.1.21/compute/v2.1/servers/5b73eae6-9b73-4e85-9c88-90bde97185c7 0.146s
2025-02-19 11:58:50.079 63703 INFO tempest.lib.common.rest_client [req-7fef2380-49f6-4ff5-a70b-b6f4daf62128 req-7fef2380-49f6-4ff5-a70b-b6f4daf62128 ] Request (ServersTestBootFromVolume:setUpClass): 200 GET http://10.180.1.21/compute/v2.1/servers/8afa705a-cd78-4316-956a-26313220cb4d 0.179s
2025-02-19 11:58:50.156 63749 INFO tempest.lib.common.rest_client [req-dc4cba7a-dc21-402f-aff3-1ee6a479d1d4 req-dc4cba7a-dc21-402f-aff3-1ee6a479d1d4 ] Request (FloatingIPsAssociationTestJSON:setUpClass): 200 GET http://10.180.1.21/compute/v2.1/servers/382627f1-55a3-40cb-b8a8-4a092541cbcb 0.243s
2025-02-19 11:58:50.223 63717 INFO tempest.lib.common.rest_client [req-e862c5ca-4bb3-4a21-893c-9a1e59bfc02a req-e862c5ca-4bb3-4a21-893c-9a1e59bfc02a ] Request (AttachInterfacesTestJSON:test_create_list_show_delete_interfaces_by_fixed_ip): 200 GET http://10.180.1.21/compute/v2.1/servers/fba8dbd8-4229-45ca-a1dd-073403ada8e2 0.257s
2025-02-19 11:58:50.233 63717 INFO tempest.common.waiters [-] State transition "BUILD/scheduling" ==> "BUILD/None" after 43 second wait
2025-02-19 11:58:50.291 63745 INFO tempest.lib.common.rest_client [req-4b0dc280-1910-4176-a61d-c237ca0859a1 req-4b0dc280-1910-4176-a61d-c237ca0859a1 ] Request (TenantUsagesTestJSON:setUpClass): 200 GET http://10.180.1.21/compute/v2.1/servers/94c7cdb5-c9cf-4ba4-813f-1d7bacc14a4b 0.304s
2025-02-19 11:58:50.494 63743 INFO tempest.lib.common.rest_client [req-99da16f7-062a-4a2f-8ddb-2a829134481a req-99da16f7-062a-4a2f-8ddb-2a829134481a ] Request (MigrationsAdminTest:test_list_migrations_in_flavor_resize_situation): 200 GET http://10.180.1.21/compute/v2.1/servers/036679d7-7311-4f0e-8223-e0665f640d9f 0.424s
2025-02-19 11:58:50.503 63699 INFO tempest.lib.common.rest_client [req-5ea4a0e1-7240-498b-8c1d-68c9b5a1ee74 req-5ea4a0e1-7240-498b-8c1d-68c9b5a1ee74 ] Request (SecurityGroupsTestJSON:test_server_security_groups): 202 POST http://10.180.1.21/compute/v2.1/servers/e7d94c92-1a4c-402e-9fcd-060172fb2aaa/action 0.630s
2025-02-19 11:58:50.524 63707 INFO tempest.lib.common.rest_client [req-66fda3ea-159b-42e3-8fc4-61a1ab67e236 req-66fda3ea-159b-42e3-8fc4-61a1ab67e236 ] Request (ServerRescueNegativeTestJSON:test_rescued_vm_detach_volume): 200 GET http://10.180.1.21/volume/v3/volumes/4c0b00f1-049d-4bdc-bc60-3e01c08d53c9 0.039s
2025-02-19 11:58:50.531 63707 INFO tempest.common.waiters [-] volume 4c0b00f1-049d-4bdc-bc60-3e01c08d53c9 reached available after waiting for 1.531843 seconds
2025-02-19 11:58:50.554 63751 INFO tempest.lib.common.rest_client [req-f445cefe-aa12-443f-9430-fc87a907b106 req-f445cefe-aa12-443f-9430-fc87a907b106 ] Request (ServerMetadataTestJSON:setUpClass): 200 GET http://10.180.1.21/compute/v2.1/servers/7cd4017f-71ba-4dec-a601-7c9e6402940b 0.418s
2025-02-19 11:58:50.573 63747 INFO tempest.lib.common.rest_client [req-5cef79e2-9e3a-4150-a365-960bdd48118c req-5cef79e2-9e3a-4150-a365-960bdd48118c ] Request (SecurityGroupsNegativeTestJSON:setUpClass): 201 POST http://10.180.1.21:9696/networking/v2.0/routers 1.401s
2025-02-19 11:58:50.631 63755 INFO tempest.lib.common.rest_client [req-23dc15b4-da5b-4be5-b934-ed43e7c3c39c req-23dc15b4-da5b-4be5-b934-ed43e7c3c39c ] Request (ServersV294TestFqdnHostnames:setUpClass): 200 GET http://10.180.1.21/compute/v2.1/servers/c73c204e-dde3-4866-8fa9-77547509eecb 0.412s
2025-02-19 11:58:50.696 63735 INFO tempest.lib.common.rest_client [req-8a071d6f-5177-4e1b-be3d-6e872c9fac98 req-8a071d6f-5177-4e1b-be3d-6e872c9fac98 ] Request (ServersAdminTestJSON:test_inject_network_info): 200 GET http://10.180.1.21/compute/v2.1/servers/bc89c09e-a669-4b1a-a78f-4f391f783036 0.417s
2025-02-19 11:58:50.776 63741 INFO tempest.lib.common.rest_client [req-d7611cc3-5ca4-49e5-bc14-26d35a222334 req-d7611cc3-5ca4-49e5-bc14-26d35a222334 ] Request (ServerDiagnosticsV248Test:tearDownClass): 200 GET http://10.180.1.21/compute/v2.1/servers/820a927e-8c82-4553-945d-16f4b04993b7 0.437s
2025-02-19 11:58:50.834 63731 INFO tempest.lib.common.rest_client [req-25ead07e-3a0e-497d-a05e-5f252741b990 req-25ead07e-3a0e-497d-a05e-5f252741b990 ] Request (DeleteServersAdminTestJSON:test_delete_server_while_in_error_state): 200 GET http://10.180.1.21/compute/v2.1/servers/54584ebf-4da5-4fa8-b570-94320d92d80f 0.442s
2025-02-19 11:58:50.867 63705 INFO tempest.lib.common.rest_client [req-3873b942-24f4-419e-97c3-1a783cde7fbf req-3873b942-24f4-419e-97c3-1a783cde7fbf ] Request (ImagesTestJSON:test_create_image_from_suspended_server): 200 GET http://10.180.1.21/compute/v2.1/servers/e96fe3b3-89d1-41c8-9ee7-66758dcec6f6 0.719s
2025-02-19 11:58:50.874 63705 INFO tempest.common.waiters [-] State transition "BUILD/block_device_mapping" ==> "BUILD/spawning" after 65 second wait
2025-02-19 11:58:50.922 63719 INFO tempest.lib.common.rest_client [req-febc20ce-7080-49d5-9145-23610f070218 req-febc20ce-7080-49d5-9145-23610f070218 ] Request (ListImageFiltersTestJSON:setUpClass): 200 GET http://10.180.1.21/compute/v2.1/servers/238dda65-7415-46b1-b19d-ae667a1bccce 0.469s
2025-02-19 11:58:50.961 63699 INFO tempest.lib.common.rest_client [req-ab348275-e72c-4e51-a590-1dbb38c1de71 req-ab348275-e72c-4e51-a590-1dbb38c1de71 ] Request (SecurityGroupsTestJSON:test_server_security_groups): 400 DELETE http://10.180.1.21/compute/v2.1/os-security-groups/97209138-24a4-4017-8ba3-609e6f25e5f5 0.457s
2025-02-19 11:58:50.963 63707 INFO tempest.lib.common.rest_client [req-1f235f01-c229-42e5-95ef-2b3b4ff4f9e9 req-1f235f01-c229-42e5-95ef-2b3b4ff4f9e9 ] Request (ServerRescueNegativeTestJSON:test_rescued_vm_detach_volume): 200 POST http://10.180.1.21/compute/v2.1/os-keypairs 0.430s
2025-02-19 11:58:51.018 63709 INFO tempest.lib.common.rest_client [req-777768cc-af48-4af9-a61e-ac9fa3b4b25e req-777768cc-af48-4af9-a61e-ac9fa3b4b25e ] Request (InstanceActionsNegativeTestJSON:setUpClass): 200 GET http://10.180.1.21/compute/v2.1/servers/9906dad7-ea13-4e22-add6-8c1ced6c1efe 0.476s
2025-02-19 11:58:51.028 63711 INFO tempest.lib.common.rest_client [req-20216250-6f3b-4956-b0e5-c5e8b0f5aaf0 req-20216250-6f3b-4956-b0e5-c5e8b0f5aaf0 ] Request (DeleteServersTestJSON:test_delete_active_server): 200 GET http://10.180.1.21/compute/v2.1/servers/6d24e41c-9f5e-4fb8-958d-dced808d0d96 0.467s
2025-02-19 11:58:51.082 63723 INFO tempest.lib.common.rest_client [req-2da8784a-9acc-466d-aaf0-abd2750d8b72 req-2da8784a-9acc-466d-aaf0-abd2750d8b72 ] Request (ImagesOneServerTestJSON:tearDownClass): 200 GET http://10.180.1.21/compute/v2.1/servers/5494d7ba-c756-4dc0-9e35-f2ebbf61f65b 0.462s
2025-02-19 11:58:51.093 63737 INFO tempest.lib.common.rest_client [req-032ff766-f1f5-4927-a625-a8d3603208dd req-032ff766-f1f5-4927-a625-a8d3603208dd ] Request (MultipleCreateTestJSON:test_multiple_create_with_reservation_return): 200 GET http://10.180.1.21/compute/v2.1/servers/d0a7bd97-b898-4221-b33e-6e9081391cfd 0.455s
2025-02-19 11:58:51.107 63707 INFO tempest.lib.common.rest_client [req-672c950a-e7f6-42d4-8c01-bed9053a97da req-672c950a-e7f6-42d4-8c01-bed9053a97da ] Request (ServerRescueNegativeTestJSON:test_rescued_vm_detach_volume): 201 POST http://10.180.1.21:9696/networking/v2.0/security-groups 0.142s
2025-02-19 11:58:51.138 63697 INFO tempest.lib.common.rest_client [req-02a516b3-83ea-4c0e-952a-c34b2d20cee9 req-02a516b3-83ea-4c0e-952a-c34b2d20cee9 ] Request (ServerGroupTestJSON:test_create_server_with_scheduler_hint_group): 200 GET http://10.180.1.21/compute/v2.1/servers/0c44ce17-b9ee-44c0-a36c-87012ec7c10f 0.434s
2025-02-19 11:58:51.161 63715 INFO tempest.lib.common.rest_client [req-dfa8f9e4-9b87-4c68-9dd1-4b7a3760ae49 req-dfa8f9e4-9b87-4c68-9dd1-4b7a3760ae49 ] Request (InstanceActionsV221TestJSON:test_get_list_deleted_instance_actions): 200 GET http://10.180.1.21/compute/v2.1/servers/02c68897-0efd-483b-88bb-11f586047a52 0.412s
2025-02-19 11:58:51.162 63721 INFO tempest.lib.common.rest_client [req-405d9776-8137-4abf-a0a4-17611e54b06e req-405d9776-8137-4abf-a0a4-17611e54b06e ] Request (FloatingIPsAssociationNegativeTestJSON:tearDownClass): 404 GET http://10.180.1.21/compute/v2.1/servers/06c063a5-6625-4f14-a958-f5c1f9b9e945 0.323s
2025-02-19 11:58:51.217 63707 INFO tempest.lib.common.rest_client [req-970d1a30-96c2-4b5d-8e48-0350b4d9798d req-970d1a30-96c2-4b5d-8e48-0350b4d9798d ] Request (ServerRescueNegativeTestJSON:test_rescued_vm_detach_volume): 201 POST http://10.180.1.21:9696/networking/v2.0/security-group-rules 0.109s
2025-02-19 11:58:51.225 63727 INFO tempest.lib.common.rest_client [req-8d204dcb-ab1a-42f4-89ef-ad264f29f6a4 req-8d204dcb-ab1a-42f4-89ef-ad264f29f6a4 ] Request (ServerAddressesTestJSON:setUpClass): 200 GET http://10.180.1.21/compute/v2.1/servers/40e47931-2f45-4086-99da-6209163d7113 0.290s
2025-02-19 11:58:51.239 63699 INFO tempest.lib.common.rest_client [req-a6c96195-0a34-4d3e-ac5a-5ba515f34351 req-a6c96195-0a34-4d3e-ac5a-5ba515f34351 ] Request (SecurityGroupsTestJSON:test_server_security_groups): 202 POST http://10.180.1.21/compute/v2.1/servers/e7d94c92-1a4c-402e-9fcd-060172fb2aaa/action 0.278s
2025-02-19 11:58:51.328 63739 INFO tempest.lib.common.rest_client [req-fe4d639b-4520-4c77-8308-b8f502dd5ec2 req-fe4d639b-4520-4c77-8308-b8f502dd5ec2 ] Request (ServerMetadataNegativeTestJSON:tearDownClass): 200 GET http://10.180.1.21/compute/v2.1/servers/5b73eae6-9b73-4e85-9c88-90bde97185c7 0.326s
2025-02-19 11:58:51.354 63707 INFO tempest.lib.common.rest_client [req-d79fb3a3-01d0-4446-968e-ecf923052fe6 req-d79fb3a3-01d0-4446-968e-ecf923052fe6 ] Request (ServerRescueNegativeTestJSON:test_rescued_vm_detach_volume): 201 POST http://10.180.1.21:9696/networking/v2.0/security-group-rules 0.137s
2025-02-19 11:58:51.363 63725 INFO tempest.lib.common.rest_client [req-d55fb5cb-f4f6-451b-8453-9cd16b2d83bc req-d55fb5cb-f4f6-451b-8453-9cd16b2d83bc ] Request (ServerActionsV293TestJSON:setUpClass): 200 GET http://10.180.1.21/compute/v2.1/servers/c27bd37e-eb20-422f-98e3-1935f75d2ab8 0.399s
2025-02-19 11:58:51.383 63703 INFO tempest.lib.common.rest_client [req-8ec9a988-cd2e-480c-8bc2-7f0b3d0e561d req-8ec9a988-cd2e-480c-8bc2-7f0b3d0e561d ] Request (ServersTestBootFromVolume:setUpClass): 200 GET http://10.180.1.21/compute/v2.1/servers/8afa705a-cd78-4316-956a-26313220cb4d 0.288s
2025-02-19 11:58:51.419 63749 INFO tempest.lib.common.rest_client [req-c5f8e6c3-8eb1-4c8d-b340-ffa24c1743a7 req-c5f8e6c3-8eb1-4c8d-b340-ffa24c1743a7 ] Request (FloatingIPsAssociationTestJSON:setUpClass): 200 GET http://10.180.1.21/compute/v2.1/servers/382627f1-55a3-40cb-b8a8-4a092541cbcb 0.250s
2025-02-19 11:58:51.443 63717 INFO tempest.lib.common.rest_client [req-266902b1-6411-41ca-9c64-5ee0110db05f req-266902b1-6411-41ca-9c64-5ee0110db05f ] Request (AttachInterfacesTestJSON:test_create_list_show_delete_interfaces_by_fixed_ip): 200 GET http://10.180.1.21/compute/v2.1/servers/fba8dbd8-4229-45ca-a1dd-073403ada8e2 0.209s
2025-02-19 11:58:51.506 63745 INFO tempest.lib.common.rest_client [req-92d05b77-e111-415d-96c3-5132bfda8a2b req-92d05b77-e111-415d-96c3-5132bfda8a2b ] Request (TenantUsagesTestJSON:setUpClass): 200 GET http://10.180.1.21/compute/v2.1/servers/94c7cdb5-c9cf-4ba4-813f-1d7bacc14a4b 0.206s
2025-02-19 11:58:51.609 63699 INFO tempest.lib.common.rest_client [req-1feaa46f-3aa3-4e48-bca9-2550c74d630c req-1feaa46f-3aa3-4e48-bca9-2550c74d630c ] Request (SecurityGroupsTestJSON:test_server_security_groups): 200 GET http://10.180.1.21/compute/v2.1/servers/e7d94c92-1a4c-402e-9fcd-060172fb2aaa 0.369s
2025-02-19 11:58:51.655 63743 INFO tempest.lib.common.rest_client [req-9df41a39-25a3-4fba-ae0c-99db785dd415 req-9df41a39-25a3-4fba-ae0c-99db785dd415 ] Request (MigrationsAdminTest:test_list_migrations_in_flavor_resize_situation): 200 GET http://10.180.1.21/compute/v2.1/servers/036679d7-7311-4f0e-8223-e0665f640d9f 0.146s
2025-02-19 11:58:51.668 63743 INFO tempest.common.waiters [-] State transition "RESIZE/resize_migrating" ==> "RESIZE/resize_migrated" after 54 second wait
2025-02-19 11:58:51.669 63751 INFO tempest.lib.common.rest_client [req-314493d0-5e4b-4723-b8ad-219ef96686a5 req-314493d0-5e4b-4723-b8ad-219ef96686a5 ] Request (ServerMetadataTestJSON:setUpClass): 200 GET http://10.180.1.21/compute/v2.1/servers/7cd4017f-71ba-4dec-a601-7c9e6402940b 0.100s
2025-02-19 11:58:51.727 63755 INFO tempest.lib.common.rest_client [req-e7676748-83f9-4369-bb45-70b21a438f50 req-e7676748-83f9-4369-bb45-70b21a438f50 ] Request (ServersV294TestFqdnHostnames:setUpClass): 200 GET http://10.180.1.21/compute/v2.1/servers/c73c204e-dde3-4866-8fa9-77547509eecb 0.084s
2025-02-19 11:58:51.774 63735 INFO tempest.lib.common.rest_client [req-d657da23-5d47-4df3-8759-4b4bede082b5 req-d657da23-5d47-4df3-8759-4b4bede082b5 ] Request (ServersAdminTestJSON:test_inject_network_info): 200 GET http://10.180.1.21/compute/v2.1/servers/bc89c09e-a669-4b1a-a78f-4f391f783036 0.070s
2025-02-19 11:58:51.837 63747 INFO tempest.lib.common.rest_client [req-5fec1b2a-7f95-48ef-a9af-c1d945a82c7a req-5fec1b2a-7f95-48ef-a9af-c1d945a82c7a ] Request (SecurityGroupsNegativeTestJSON:setUpClass): 200 PUT http://10.180.1.21:9696/networking/v2.0/routers/9a87660a-d02f-4e30-9ff0-526eb1398cbd/add_router_interface 1.263s
2025-02-19 11:58:51.838 63747 INFO tempest.lib.common.dynamic_creds [-] Created isolated network resources for: credentials: Credentials: {'domain_id': 'default', 'domain_name': 'Default', 'username': 'tempest-SecurityGroupsNegativeTestJSON-748898005-project-member', 'project_domain_id': 'default', 'project_domain_name': 'Default', 'project_id': '1482b3c9bd10425fa54911dd371a7d22', 'project_name': 'tempest-SecurityGroupsNegativeTestJSON-748898005', 'tenant_id': '1482b3c9bd10425fa54911dd371a7d22', 'tenant_name': 'tempest-SecurityGroupsNegativeTestJSON-748898005', 'user_domain_id': 'default', 'user_domain_name': 'Default', 'user_id': 'a5976a8ba40d427b8e55cf8b8485ffbe', 'system': None}, Network: {'id': '173f0197-7b19-4173-ab61-9af912a869bb', 'name': 'tempest-SecurityGroupsNegativeTestJSON-1207755298-network', 'tenant_id': '1482b3c9bd10425fa54911dd371a7d22', 'admin_state_up': True, 'mtu': 8950, 'status': 'ACTIVE', 'subnets': [], 'shared': False, 'project_id': '1482b3c9bd10425fa54911dd371a7d22', 'port_security_enabled': True, 'router:external': False, 'provider:network_type': 'vlan', 'provider:physical_network': 'default', 'provider:segmentation_id': 447, 'availability_zone_hints': [], 'availability_zones': [], 'ipv4_address_scope': None, 'ipv6_address_scope': None, 'description': '', 'tags': [], 'created_at': '2025-02-19T11:58:48Z', 'updated_at': '2025-02-19T11:58:48Z', 'revision_number': 1}, Subnet: {'id': '1fa937e6-2a09-4b8a-8c07-0fb8e46883b5', 'name': 'tempest-SecurityGroupsNegativeTestJSON-1207755298-subnet', 'tenant_id': '1482b3c9bd10425fa54911dd371a7d22', 'network_id': '173f0197-7b19-4173-ab61-9af912a869bb', 'ip_version': 4, 'subnetpool_id': None, 'enable_dhcp': True, 'ipv6_ra_mode': None, 'ipv6_address_mode': None, 'gateway_ip': '192.168.128.1', 'cidr': '192.168.128.0/28', 'allocation_pools': [{'start': '192.168.128.2', 'end': '192.168.128.14'}], 'host_routes': [], 'dns_nameservers': [], 'description': '', 'router:external': False, 'service_types': [], 'tags': [], 'created_at': '2025-02-19T11:58:48Z', 'updated_at': '2025-02-19T11:58:48Z', 'revision_number': 0, 'project_id': '1482b3c9bd10425fa54911dd371a7d22'}, Router: {'id': '9a87660a-d02f-4e30-9ff0-526eb1398cbd', 'name': 'tempest-SecurityGroupsNegativeTestJSON-1207755298-router', 'tenant_id': '1482b3c9bd10425fa54911dd371a7d22', 'admin_state_up': True, 'status': 'ACTIVE', 'external_gateway_info': {'network_id': '100e945e-7259-415b-a9f4-10801c42a47b', 'external_fixed_ips': [{'subnet_id': 'fb22f90f-4057-432a-ba4e-66e11988432b', 'ip_address': '10.180.180.134'}], 'enable_snat': True}, 'description': '', 'availability_zones': [], 'distributed': False, 'ha': False, 'availability_zone_hints': [], 'routes': [], 'flavor_id': None, 'tags': [], 'created_at': '2025-02-19T11:58:49Z', 'updated_at': '2025-02-19T11:58:49Z', 'revision_number': 2, 'project_id': '1482b3c9bd10425fa54911dd371a7d22'}
2025-02-19 11:58:51.844 63707 INFO tempest.lib.common.rest_client [req-36dfe2e0-2595-4f24-88ca-3c5698092a36 req-36dfe2e0-2595-4f24-88ca-3c5698092a36 ] Request (ServerRescueNegativeTestJSON:test_rescued_vm_detach_volume): 201 POST http://10.180.1.21:9696/networking/v2.0/floatingips 0.489s
2025-02-19 11:58:51.881 63741 INFO tempest.lib.common.rest_client [req-6fafc6ab-16f2-4144-87a5-dbd7529db25d req-6fafc6ab-16f2-4144-87a5-dbd7529db25d ] Request (ServerDiagnosticsV248Test:tearDownClass): 200 GET http://10.180.1.21/compute/v2.1/servers/820a927e-8c82-4553-945d-16f4b04993b7 0.095s
2025-02-19 11:58:51.905 63731 INFO tempest.lib.common.rest_client [req-8211db17-0ada-4b93-84cd-fbdfadbf63ac req-8211db17-0ada-4b93-84cd-fbdfadbf63ac ] Request (DeleteServersAdminTestJSON:test_delete_server_while_in_error_state): 200 GET http://10.180.1.21/compute/v2.1/servers/54584ebf-4da5-4fa8-b570-94320d92d80f 0.060s
2025-02-19 11:58:51.917 63707 INFO tempest.lib.common.rest_client [req-f7973b46-2413-472e-83ec-0f598e8f31b6 req-f7973b46-2413-472e-83ec-0f598e8f31b6 ] Request (ServerRescueNegativeTestJSON:test_rescued_vm_detach_volume): 201 POST http://10.180.1.21/identity/v3/auth/tokens 0.070s
2025-02-19 11:58:51.917 63707 INFO tempest.lib.common.fixed_network [-] (ServerRescueNegativeTestJSON:test_rescued_vm_detach_volume) Found network {'id': 'c2c5c059-0489-46f4-b9f7-36c4ed17356b', 'name': 'tempest-ServerRescueNegativeTestJSON-2033736935-network', 'tenant_id': 'b87a2889860c490387eef5222d0b86e5', 'admin_state_up': True, 'mtu': 8950, 'status': 'ACTIVE', 'subnets': [], 'shared': False, 'project_id': 'b87a2889860c490387eef5222d0b86e5', 'port_security_enabled': True, 'router:external': False, 'provider:network_type': 'vlan', 'provider:physical_network': 'default', 'provider:segmentation_id': 809, 'availability_zone_hints': [], 'availability_zones': [], 'ipv4_address_scope': None, 'ipv6_address_scope': None, 'description': '', 'tags': [], 'created_at': '2025-02-19T11:57:13Z', 'updated_at': '2025-02-19T11:57:13Z', 'revision_number': 1} available for tenant
2025-02-19 11:58:51.926 63747 INFO tempest.lib.common.rest_client [req-2bdf0c96-f2d2-4e00-95b6-dce3219d0f44 req-2bdf0c96-f2d2-4e00-95b6-dce3219d0f44 ] Request (SecurityGroupsNegativeTestJSON:setUpClass): 201 POST http://10.180.1.21/identity/v3/auth/tokens 0.084s
2025-02-19 11:58:52.071 63705 INFO tempest.lib.common.rest_client [req-246a0fc4-d8af-4228-9bb6-93f4b1d54535 req-246a0fc4-d8af-4228-9bb6-93f4b1d54535 ] Request (ImagesTestJSON:test_create_image_from_suspended_server): 200 GET http://10.180.1.21/compute/v2.1/servers/e96fe3b3-89d1-41c8-9ee7-66758dcec6f6 0.195s
2025-02-19 11:58:52.163 63747 INFO tempest.lib.common.rest_client [req-aa920e3e-4fd3-499a-958d-ab9cfd71c102 req-aa920e3e-4fd3-499a-958d-ab9cfd71c102 ] Request (SecurityGroupsNegativeTestJSON:test_delete_nonexistent_security_group): 404 DELETE http://10.180.1.21/compute/v2.1/os-security-groups/79025123-d739-49ff-9ca3-9b93e55cf2b5 0.235s
2025-02-19 11:58:52.218 63719 INFO tempest.lib.common.rest_client [req-b46b8054-9d12-4ec3-a149-a3298db39b8a req-b46b8054-9d12-4ec3-a149-a3298db39b8a ] Request (ListImageFiltersTestJSON:setUpClass): 200 GET http://10.180.1.21/compute/v2.1/servers/238dda65-7415-46b1-b19d-ae667a1bccce 0.282s
2025-02-19 11:58:52.219 63721 INFO tempest.lib.common.rest_client [req-b03477d8-25c5-478b-94b9-4a152bde2b40 req-b03477d8-25c5-478b-94b9-4a152bde2b40 ] Request (FloatingIPsAssociationNegativeTestJSON:tearDownClass): 200 PUT http://10.180.1.21:9696/networking/v2.0/routers/0f15ff43-3f4b-4643-8166-eae1737f1dbf/remove_router_interface 1.056s
2025-02-19 11:58:52.278 63709 INFO tempest.lib.common.rest_client [req-73e233c7-4e76-4fd7-bae1-55f3b3cf1626 req-73e233c7-4e76-4fd7-bae1-55f3b3cf1626 ] Request (InstanceActionsNegativeTestJSON:setUpClass): 200 GET http://10.180.1.21/compute/v2.1/servers/9906dad7-ea13-4e22-add6-8c1ced6c1efe 0.252s
2025-02-19 11:58:52.369 63711 INFO tempest.lib.common.rest_client [req-77cf158b-a73b-49d7-b3ca-2fdf6e9cccf5 req-77cf158b-a73b-49d7-b3ca-2fdf6e9cccf5 ] Request (DeleteServersTestJSON:test_delete_active_server): 200 GET http://10.180.1.21/compute/v2.1/servers/6d24e41c-9f5e-4fb8-958d-dced808d0d96 0.325s
2025-02-19 11:58:52.391 63707 INFO tempest.lib.common.rest_client [req-f68b2cb4-7d7b-4394-bc3f-4fea709bfbbe req-f68b2cb4-7d7b-4394-bc3f-4fea709bfbbe ] Request (ServerRescueNegativeTestJSON:test_rescued_vm_detach_volume): 202 POST http://10.180.1.21/compute/v2.1/servers 0.472s
2025-02-19 11:58:52.456 63737 INFO tempest.lib.common.rest_client [req-f6937428-77f4-4832-a215-2923841fa279 req-f6937428-77f4-4832-a215-2923841fa279 ] Request (MultipleCreateTestJSON:test_multiple_create_with_reservation_return): 200 GET http://10.180.1.21/compute/v2.1/servers/d0a7bd97-b898-4221-b33e-6e9081391cfd 0.352s
2025-02-19 11:58:52.472 63747 INFO tempest.lib.common.rest_client [req-1a296d71-b11e-4936-9a81-a6a4ae7f7554 req-1a296d71-b11e-4936-9a81-a6a4ae7f7554 ] Request (SecurityGroupsNegativeTestJSON:test_delete_security_group_without_passing_id): 404 DELETE http://10.180.1.21/compute/v2.1/os-security-groups/ 0.308s
2025-02-19 11:58:52.473 63723 INFO tempest.lib.common.rest_client [req-3e47c990-1c3a-49a5-9239-150a0cf12337 req-3e47c990-1c3a-49a5-9239-150a0cf12337 ] Request (ImagesOneServerTestJSON:tearDownClass): 200 GET http://10.180.1.21/compute/v2.1/servers/5494d7ba-c756-4dc0-9e35-f2ebbf61f65b 0.379s
2025-02-19 11:58:52.509 63697 INFO tempest.lib.common.rest_client [req-5e63d470-0247-4ee0-aff1-b2cc41f0d78a req-5e63d470-0247-4ee0-aff1-b2cc41f0d78a ] Request (ServerGroupTestJSON:test_create_server_with_scheduler_hint_group): 200 GET http://10.180.1.21/compute/v2.1/servers/0c44ce17-b9ee-44c0-a36c-87012ec7c10f 0.361s
2025-02-19 11:58:52.544 63715 INFO tempest.lib.common.rest_client [req-5ed8e4c1-8a84-4fd5-acd6-184b26b3e69c req-5ed8e4c1-8a84-4fd5-acd6-184b26b3e69c ] Request (InstanceActionsV221TestJSON:test_get_list_deleted_instance_actions): 200 GET http://10.180.1.21/compute/v2.1/servers/02c68897-0efd-483b-88bb-11f586047a52 0.372s
2025-02-19 11:58:52.555 63715 INFO tempest.common.waiters [-] State transition "ACTIVE/deleting" ==> "DELETED/None" after 5 second wait
2025-02-19 11:58:52.566 63727 INFO tempest.lib.common.rest_client [req-bed84ab5-80c6-4884-a54b-ee825ef06bb7 req-bed84ab5-80c6-4884-a54b-ee825ef06bb7 ] Request (ServerAddressesTestJSON:setUpClass): 200 GET http://10.180.1.21/compute/v2.1/servers/40e47931-2f45-4086-99da-6209163d7113 0.331s
2025-02-19 11:58:52.690 63725 INFO tempest.lib.common.rest_client [req-8792644e-2881-4750-9d4a-13fa345d3903 req-8792644e-2881-4750-9d4a-13fa345d3903 ] Request (ServerActionsV293TestJSON:setUpClass): 200 GET http://10.180.1.21/compute/v2.1/servers/c27bd37e-eb20-422f-98e3-1935f75d2ab8 0.316s
2025-02-19 11:58:52.779 63703 INFO tempest.lib.common.rest_client [req-d38d1741-93d9-4465-8e3b-ede1397f449d req-d38d1741-93d9-4465-8e3b-ede1397f449d ] Request (ServersTestBootFromVolume:setUpClass): 200 GET http://10.180.1.21/compute/v2.1/servers/8afa705a-cd78-4316-956a-26313220cb4d 0.387s
2025-02-19 11:58:52.812 63713 INFO paramiko.transport [-] Connected (version 2.0, client dropbear_2020.81)
2025-02-19 11:58:52.838 63707 INFO tempest.lib.common.rest_client [req-b7fae173-7fc3-483a-a814-1f8000ef6963 req-b7fae173-7fc3-483a-a814-1f8000ef6963 ] Request (ServerRescueNegativeTestJSON:test_rescued_vm_detach_volume): 200 GET http://10.180.1.21/compute/v2.1/servers/5310e05d-029e-4c7d-a129-c324d99d2889 0.446s
2025-02-19 11:58:52.852 63739 INFO tempest.lib.common.rest_client [req-c02d89b5-9669-43bd-bffc-db77a1770374 req-c02d89b5-9669-43bd-bffc-db77a1770374 ] Request (ServerMetadataNegativeTestJSON:tearDownClass): 200 GET http://10.180.1.21/compute/v2.1/servers/5b73eae6-9b73-4e85-9c88-90bde97185c7 0.513s
2025-02-19 11:58:52.921 63749 INFO tempest.lib.common.rest_client [req-c3647c2c-923c-4d76-a845-77f3b2b960aa req-c3647c2c-923c-4d76-a845-77f3b2b960aa ] Request (FloatingIPsAssociationTestJSON:setUpClass): 200 GET http://10.180.1.21/compute/v2.1/servers/382627f1-55a3-40cb-b8a8-4a092541cbcb 0.492s
2025-02-19 11:58:52.924 63713 INFO paramiko.transport [-] Authentication (publickey) successful!
2025-02-19 11:58:52.925 63713 INFO tempest.lib.common.ssh [-] ssh connection to cirros@10.180.180.155 successfully created
2025-02-19 11:58:52.943 63717 INFO tempest.lib.common.rest_client [req-2ec25a01-4d0f-4a86-86d5-88c5a8b13589 req-2ec25a01-4d0f-4a86-86d5-88c5a8b13589 ] Request (AttachInterfacesTestJSON:test_create_list_show_delete_interfaces_by_fixed_ip): 200 GET http://10.180.1.21/compute/v2.1/servers/fba8dbd8-4229-45ca-a1dd-073403ada8e2 0.492s
2025-02-19 11:58:53.010 63721 INFO tempest.lib.common.rest_client [req-7c14a2de-7eef-4b3e-9957-b076a389d282 req-7c14a2de-7eef-4b3e-9957-b076a389d282 ] Request (FloatingIPsAssociationNegativeTestJSON:tearDownClass): 204 DELETE http://10.180.1.21:9696/networking/v2.0/routers/0f15ff43-3f4b-4643-8166-eae1737f1dbf 0.790s
2025-02-19 11:58:53.023 63745 INFO tempest.lib.common.rest_client [req-be2c3bdb-e1d1-43e4-8b90-68d5a71e8444 req-be2c3bdb-e1d1-43e4-8b90-68d5a71e8444 ] Request (TenantUsagesTestJSON:setUpClass): 200 GET http://10.180.1.21/compute/v2.1/servers/94c7cdb5-c9cf-4ba4-813f-1d7bacc14a4b 0.506s
2025-02-19 11:58:53.073 63747 INFO tempest.lib.common.rest_client [req-b824421d-5ca5-4271-a4a3-b6e9e914f278 req-b824421d-5ca5-4271-a4a3-b6e9e914f278 ] Request (SecurityGroupsNegativeTestJSON:test_delete_the_default_security_group): 200 GET http://10.180.1.21/compute/v2.1/os-security-groups 0.600s
2025-02-19 11:58:53.192 63699 INFO tempest.lib.common.rest_client [req-84bab9a8-6f8a-4c5c-835d-ebecb73ed8c3 req-84bab9a8-6f8a-4c5c-835d-ebecb73ed8c3 ] Request (SecurityGroupsTestJSON:test_server_security_groups): 200 GET http://10.180.1.21/compute/v2.1/servers/e7d94c92-1a4c-402e-9fcd-060172fb2aaa 0.569s
2025-02-19 11:58:53.199 63743 INFO tempest.lib.common.rest_client [req-7fef7b6c-dc6f-4add-b704-61a90ace5c87 req-7fef7b6c-dc6f-4add-b704-61a90ace5c87 ] Request (MigrationsAdminTest:test_list_migrations_in_flavor_resize_situation): 200 GET http://10.180.1.21/compute/v2.1/servers/036679d7-7311-4f0e-8223-e0665f640d9f 0.530s
2025-02-19 11:58:53.247 63751 INFO tempest.lib.common.rest_client [req-e485086c-8993-4d82-ba87-6eb4f6cbc6ae req-e485086c-8993-4d82-ba87-6eb4f6cbc6ae ] Request (ServerMetadataTestJSON:setUpClass): 200 GET http://10.180.1.21/compute/v2.1/servers/7cd4017f-71ba-4dec-a601-7c9e6402940b 0.567s
2025-02-19 11:58:53.260 63755 INFO tempest.lib.common.rest_client [req-7975ddce-0a2e-49ad-a852-25381e663090 req-7975ddce-0a2e-49ad-a852-25381e663090 ] Request (ServersV294TestFqdnHostnames:setUpClass): 200 GET http://10.180.1.21/compute/v2.1/servers/c73c204e-dde3-4866-8fa9-77547509eecb 0.520s
2025-02-19 11:58:53.272 63721 INFO tempest.lib.common.rest_client [req-db288af8-79f3-4af4-977b-dd57b6a7d3f7 req-db288af8-79f3-4af4-977b-dd57b6a7d3f7 ] Request (FloatingIPsAssociationNegativeTestJSON:tearDownClass): 204 DELETE http://10.180.1.21:9696/networking/v2.0/subnets/91df6b72-95b6-4f6f-9206-5fcaa5910639 0.261s
2025-02-19 11:58:53.298 63735 INFO tempest.lib.common.rest_client [req-76a6aba9-e8bb-4253-907b-80ea34ead782 req-76a6aba9-e8bb-4253-907b-80ea34ead782 ] Request (ServersAdminTestJSON:test_inject_network_info): 200 GET http://10.180.1.21/compute/v2.1/servers/bc89c09e-a669-4b1a-a78f-4f391f783036 0.514s
2025-02-19 11:58:53.349 63731 INFO tempest.lib.common.rest_client [req-313535df-d270-45e4-8ee9-21b6990a3724 req-313535df-d270-45e4-8ee9-21b6990a3724 ] Request (DeleteServersAdminTestJSON:test_delete_server_while_in_error_state): 200 GET http://10.180.1.21/compute/v2.1/servers/54584ebf-4da5-4fa8-b570-94320d92d80f 0.430s
2025-02-19 11:58:53.352 63741 INFO tempest.lib.common.rest_client [req-fb5e677d-a94d-4f33-ae42-853593a46bef req-fb5e677d-a94d-4f33-ae42-853593a46bef ] Request (ServerDiagnosticsV248Test:tearDownClass): 200 GET http://10.180.1.21/compute/v2.1/servers/820a927e-8c82-4553-945d-16f4b04993b7 0.459s
2025-02-19 11:58:53.419 63713 INFO tempest.lib.common.rest_client [req-b6f023ec-14a8-4201-91ea-79402e49c868 req-b6f023ec-14a8-4201-91ea-79402e49c868 ] Request (ServersWithSpecificFlavorTestJSON:test_verify_created_server_ephemeral_disk): 204 DELETE http://10.180.1.21/compute/v2.1/servers/9148c0e1-9c02-491d-aec8-d7b310591203 0.478s
2025-02-19 11:58:53.458 63747 INFO tempest.lib.common.rest_client [req-86320d1b-31b6-4994-9bf4-abf32bf9e49a req-86320d1b-31b6-4994-9bf4-abf32bf9e49a ] Request (SecurityGroupsNegativeTestJSON:test_delete_the_default_security_group): 400 DELETE http://10.180.1.21/compute/v2.1/os-security-groups/5c3e3521-f1f8-4e62-b741-41f1c261cc08 0.377s
2025-02-19 11:58:53.494 63713 INFO tempest.lib.common.rest_client [req-9fe27ec0-49fb-4bfb-82aa-833fc1134b46 req-9fe27ec0-49fb-4bfb-82aa-833fc1134b46 ] Request (ServersWithSpecificFlavorTestJSON:test_verify_created_server_ephemeral_disk): 201 POST http://10.180.1.21/identity/v3/auth/tokens 0.071s
2025-02-19 11:58:53.495 63713 INFO tempest.lib.common.fixed_network [-] (ServersWithSpecificFlavorTestJSON:test_verify_created_server_ephemeral_disk) Found network {'id': '3e849324-2aff-44db-bb58-73b2fe11215a', 'name': 'tempest-ServersWithSpecificFlavorTestJSON-1948376307-network', 'tenant_id': '94b3e439d3cd409b971d119f675f8591', 'admin_state_up': True, 'mtu': 8950, 'status': 'ACTIVE', 'subnets': [], 'shared': False, 'project_id': '94b3e439d3cd409b971d119f675f8591', 'port_security_enabled': True, 'router:external': False, 'provider:network_type': 'vlan', 'provider:physical_network': 'default', 'provider:segmentation_id': 606, 'availability_zone_hints': [], 'availability_zones': [], 'ipv4_address_scope': None, 'ipv6_address_scope': None, 'description': '', 'tags': [], 'created_at': '2025-02-19T11:56:40Z', 'updated_at': '2025-02-19T11:56:40Z', 'revision_number': 1} available for tenant
2025-02-19 11:58:53.529 63719 INFO tempest.lib.common.rest_client [req-42aa1db8-4d7f-413f-b0ec-e83eaabb37b8 req-42aa1db8-4d7f-413f-b0ec-e83eaabb37b8 ] Request (ListImageFiltersTestJSON:setUpClass): 200 GET http://10.180.1.21/compute/v2.1/servers/238dda65-7415-46b1-b19d-ae667a1bccce 0.303s
2025-02-19 11:58:53.538 63705 INFO tempest.lib.common.rest_client [req-2b606a94-0cce-43ad-ae3d-3490b6c84857 req-2b606a94-0cce-43ad-ae3d-3490b6c84857 ] Request (ImagesTestJSON:test_create_image_from_suspended_server): 200 GET http://10.180.1.21/compute/v2.1/servers/e96fe3b3-89d1-41c8-9ee7-66758dcec6f6 0.455s
2025-02-19 11:58:53.584 63709 INFO tempest.lib.common.rest_client [req-bb4eb2d2-6a15-462c-bc0c-7c4bc09d4bb3 req-bb4eb2d2-6a15-462c-bc0c-7c4bc09d4bb3 ] Request (InstanceActionsNegativeTestJSON:setUpClass): 200 GET http://10.180.1.21/compute/v2.1/servers/9906dad7-ea13-4e22-add6-8c1ced6c1efe 0.291s
2025-02-19 11:58:53.587 63721 INFO tempest.lib.common.rest_client [req-5c479f83-6876-4a31-89dc-f96f58a8e43b req-5c479f83-6876-4a31-89dc-f96f58a8e43b ] Request (FloatingIPsAssociationNegativeTestJSON:tearDownClass): 204 DELETE http://10.180.1.21:9696/networking/v2.0/networks/16a12226-519e-4bd7-896d-7eeef0752b09 0.314s
2025-02-19 11:58:53.594 63709 INFO tempest.common.waiters [-] State transition "BUILD/None" ==> "BUILD/networking" after 66 second wait
2025-02-19 11:58:53.597 63711 INFO tempest.lib.common.rest_client [req-4f916bb2-15fa-4397-b16e-c8d437d1c920 req-4f916bb2-15fa-4397-b16e-c8d437d1c920 ] Request (DeleteServersTestJSON:test_delete_active_server): 200 GET http://10.180.1.21/compute/v2.1/servers/6d24e41c-9f5e-4fb8-958d-dced808d0d96 0.219s
2025-02-19 11:58:53.611 63747 INFO tempest.lib.common.rest_client [req-9185aa64-e897-4054-a5fb-3c378e7ad074 req-9185aa64-e897-4054-a5fb-3c378e7ad074 ] Request (SecurityGroupsNegativeTestJSON:test_security_group_get_nonexistent_group): 404 GET http://10.180.1.21/compute/v2.1/os-security-groups/f80dd5a2-ddf0-466d-8a4a-c019efa43f0e 0.149s
2025-02-19 11:58:53.648 63737 INFO tempest.lib.common.rest_client [req-cd4bb002-8823-4587-8e0f-bf58a2cecbaf req-cd4bb002-8823-4587-8e0f-bf58a2cecbaf ] Request (MultipleCreateTestJSON:test_multiple_create_with_reservation_return): 200 GET http://10.180.1.21/compute/v2.1/servers/d0a7bd97-b898-4221-b33e-6e9081391cfd 0.184s
2025-02-19 11:58:53.679 63721 INFO tempest.lib.common.rest_client [req-58db15ce-f558-4d33-bd93-317a53c69292 req-58db15ce-f558-4d33-bd93-317a53c69292 ] Request (FloatingIPsAssociationNegativeTestJSON:tearDownClass): 204 DELETE http://10.180.1.21/identity/v3/users/1e3bc8dc361d481f84a4fdd1e1303886 0.091s
2025-02-19 11:58:53.679 63721 INFO tempest.lib.common.dynamic_creds [-] Deleting project and security group for project: 5545b8c34b47417cbcf206f636f9e498
2025-02-19 11:58:53.689 63723 INFO tempest.lib.common.rest_client [req-baadfbc7-5197-467d-8238-e52c465f8e4d req-baadfbc7-5197-467d-8238-e52c465f8e4d ] Request (ImagesOneServerTestJSON:tearDownClass): 200 GET http://10.180.1.21/compute/v2.1/servers/5494d7ba-c756-4dc0-9e35-f2ebbf61f65b 0.205s
2025-02-19 11:58:53.730 63721 INFO tempest.lib.common.rest_client [req-ed3175f2-ca4d-4d2e-b521-50ac16279421 req-ed3175f2-ca4d-4d2e-b521-50ac16279421 ] Request (FloatingIPsAssociationNegativeTestJSON:tearDownClass): 200 GET http://10.180.1.21:9696/networking/v2.0/security-groups?tenant_id=5545b8c34b47417cbcf206f636f9e498&name=default 0.050s
2025-02-19 11:58:53.751 63697 INFO tempest.lib.common.rest_client [req-390af9ac-d841-4d33-aa32-96c37c7376a6 req-390af9ac-d841-4d33-aa32-96c37c7376a6 ] Request (ServerGroupTestJSON:test_create_server_with_scheduler_hint_group): 200 GET http://10.180.1.21/compute/v2.1/servers/0c44ce17-b9ee-44c0-a36c-87012ec7c10f 0.229s
2025-02-19 11:58:53.825 63715 INFO tempest.lib.common.rest_client [req-fb694d66-83b3-472c-9685-ad71fbf5f1fd req-fb694d66-83b3-472c-9685-ad71fbf5f1fd ] Request (InstanceActionsV221TestJSON:test_get_list_deleted_instance_actions): 200 GET http://10.180.1.21/compute/v2.1/servers/02c68897-0efd-483b-88bb-11f586047a52 0.267s
2025-02-19 11:58:53.861 63721 INFO tempest.lib.common.rest_client [req-38b43565-b027-462d-8987-9b6a2248b303 req-38b43565-b027-462d-8987-9b6a2248b303 ] Request (FloatingIPsAssociationNegativeTestJSON:tearDownClass): 204 DELETE http://10.180.1.21:9696/networking/v2.0/security-groups/759cfd5b-c167-4377-ba35-13d75875b0aa 0.131s
2025-02-19 11:58:53.886 63727 INFO tempest.lib.common.rest_client [req-4b3a58fb-a825-4049-94c4-a84669fb7b04 req-4b3a58fb-a825-4049-94c4-a84669fb7b04 ] Request (ServerAddressesTestJSON:setUpClass): 200 GET http://10.180.1.21/compute/v2.1/servers/40e47931-2f45-4086-99da-6209163d7113 0.312s
2025-02-19 11:58:53.908 63747 INFO tempest.lib.common.rest_client [req-422df8e3-916c-4a98-afa5-cf09209b5389 req-422df8e3-916c-4a98-afa5-cf09209b5389 ] Request (SecurityGroupsNegativeTestJSON:test_update_non_existent_security_group): 404 PUT http://10.180.1.21/compute/v2.1/os-security-groups/1f1a2739-1c06-4892-893f-e76eef2e7d99 0.294s
2025-02-19 11:58:53.980 63721 INFO tempest.lib.common.rest_client [req-534a7d79-89af-4973-a22f-2872cfc0bf38 req-534a7d79-89af-4973-a22f-2872cfc0bf38 ] Request (FloatingIPsAssociationNegativeTestJSON:tearDownClass): 204 DELETE http://10.180.1.21/identity/v3/projects/5545b8c34b47417cbcf206f636f9e498 0.118s
2025-02-19 11:58:54.044 63721 INFO tempest.lib.common.rest_client [req-7b71e8bc-f749-4e2d-aa55-3886026ae82c req-7b71e8bc-f749-4e2d-aa55-3886026ae82c ] Request (FloatingIPDetailsTestJSON:setUpClass): 201 POST http://10.180.1.21/identity/v3/auth/tokens 0.061s
2025-02-19 11:58:54.060 63725 INFO tempest.lib.common.rest_client [req-0b91f019-0a76-424a-b78d-d65fc01906e1 req-0b91f019-0a76-424a-b78d-d65fc01906e1 ] Request (ServerActionsV293TestJSON:setUpClass): 200 GET http://10.180.1.21/compute/v2.1/servers/c27bd37e-eb20-422f-98e3-1935f75d2ab8 0.355s
2025-02-19 11:58:54.084 63721 INFO tempest.lib.common.rest_client [req-1a97e316-778d-4c9c-b9e0-bbdd277e9914 req-1a97e316-778d-4c9c-b9e0-bbdd277e9914 ] Request (FloatingIPDetailsTestJSON:setUpClass): 201 POST http://10.180.1.21/identity/v3/auth/tokens 0.037s
2025-02-19 11:58:54.122 63703 INFO tempest.lib.common.rest_client [req-e526b5fc-0246-4ec0-bd92-025807241b93 req-e526b5fc-0246-4ec0-bd92-025807241b93 ] Request (ServersTestBootFromVolume:setUpClass): 200 GET http://10.180.1.21/compute/v2.1/servers/8afa705a-cd78-4316-956a-26313220cb4d 0.329s
2025-02-19 11:58:54.125 63721 INFO tempest.lib.common.rest_client [req-ac23063e-5421-4416-b935-1f1d8cfcc419 req-ac23063e-5421-4416-b935-1f1d8cfcc419 ] Request (FloatingIPDetailsTestJSON:setUpClass): 200 GET http://10.180.1.21/identity/v3/domains?name=Default 0.039s
2025-02-19 11:58:54.175 63721 INFO tempest.lib.common.rest_client [req-4e1f1f10-989a-4428-9b2a-79f44da2b4ba req-4e1f1f10-989a-4428-9b2a-79f44da2b4ba ] Request (FloatingIPDetailsTestJSON:setUpClass): 201 POST http://10.180.1.21/identity/v3/projects 0.050s
2025-02-19 11:58:54.182 63713 INFO tempest.lib.common.rest_client [req-f985eff1-f11c-4607-b06c-78a3d041865a req-f985eff1-f11c-4607-b06c-78a3d041865a ] Request (ServersWithSpecificFlavorTestJSON:test_verify_created_server_ephemeral_disk): 202 POST http://10.180.1.21/compute/v2.1/servers 0.687s
2025-02-19 11:58:54.189 63707 INFO tempest.lib.common.rest_client [req-24df242a-3bc8-49ee-baa0-a560913b2281 req-24df242a-3bc8-49ee-baa0-a560913b2281 ] Request (ServerRescueNegativeTestJSON:test_rescued_vm_detach_volume): 200 GET http://10.180.1.21/compute/v2.1/servers/5310e05d-029e-4c7d-a129-c324d99d2889 0.338s
2025-02-19 11:58:54.251 63749 INFO tempest.lib.common.rest_client [req-e7386527-5d03-4131-abfa-8dbda34affbb req-e7386527-5d03-4131-abfa-8dbda34affbb ] Request (FloatingIPsAssociationTestJSON:setUpClass): 200 GET http://10.180.1.21/compute/v2.1/servers/382627f1-55a3-40cb-b8a8-4a092541cbcb 0.316s
2025-02-19 11:58:54.262 63721 INFO tempest.lib.common.rest_client [req-b7489fb7-12d0-418b-a97a-aabf15957eea req-b7489fb7-12d0-418b-a97a-aabf15957eea ] Request (FloatingIPDetailsTestJSON:setUpClass): 201 POST http://10.180.1.21/identity/v3/users 0.086s
2025-02-19 11:58:54.267 63739 INFO tempest.lib.common.rest_client [req-7f9de11c-0d0d-4658-83e2-ba87419a81c9 req-7f9de11c-0d0d-4658-83e2-ba87419a81c9 ] Request (ServerMetadataNegativeTestJSON:tearDownClass): 200 GET http://10.180.1.21/compute/v2.1/servers/5b73eae6-9b73-4e85-9c88-90bde97185c7 0.407s
2025-02-19 11:58:54.292 63721 INFO tempest.lib.common.rest_client [req-09494301-e8c9-4d31-a874-466fd16a8fad req-09494301-e8c9-4d31-a874-466fd16a8fad ] Request (FloatingIPDetailsTestJSON:setUpClass): 200 GET http://10.180.1.21/identity/v3/roles 0.030s
2025-02-19 11:58:54.324 63745 INFO tempest.lib.common.rest_client [req-9dcf76dc-9cdf-4f68-b339-6185434d6239 req-9dcf76dc-9cdf-4f68-b339-6185434d6239 ] Request (TenantUsagesTestJSON:setUpClass): 200 GET http://10.180.1.21/compute/v2.1/servers/94c7cdb5-c9cf-4ba4-813f-1d7bacc14a4b 0.292s
2025-02-19 11:58:54.325 63721 INFO tempest.lib.common.rest_client [req-2e1c17e2-57bb-4d99-a6f0-674b1661be1c req-2e1c17e2-57bb-4d99-a6f0-674b1661be1c ] Request (FloatingIPDetailsTestJSON:setUpClass): 204 PUT http://10.180.1.21/identity/v3/projects/6cb4f900305548c3aeb7e573af643100/users/492e7268aae944ab923b0b7d89e6324f/roles/1b068d5751c4468dace01587ebd2bfe1 0.032s
2025-02-19 11:58:54.325 63721 INFO tempest.lib.common.dynamic_creds [-] Dynamic test user 492e7268aae944ab923b0b7d89e6324f is created with scope project and roles: ['member']
2025-02-19 11:58:54.325 63721 INFO tempest.lib.common.dynamic_creds [-] Acquired dynamic creds: credentials: Credentials: {'domain_id': 'default', 'domain_name': 'Default', 'username': 'tempest-FloatingIPDetailsTestJSON-399029056-project-member', 'project_domain_id': 'default', 'project_domain_name': 'Default', 'project_id': '6cb4f900305548c3aeb7e573af643100', 'project_name': 'tempest-FloatingIPDetailsTestJSON-399029056', 'tenant_id': '6cb4f900305548c3aeb7e573af643100', 'tenant_name': 'tempest-FloatingIPDetailsTestJSON-399029056', 'user_domain_id': 'default', 'user_domain_name': 'Default', 'user_id': '492e7268aae944ab923b0b7d89e6324f', 'system': None}, Network: None, Subnet: None, Router: None
2025-02-19 11:58:54.352 63717 INFO tempest.lib.common.rest_client [req-fbb21bd9-13c1-44f4-a4d7-ae05858d4408 req-fbb21bd9-13c1-44f4-a4d7-ae05858d4408 ] Request (AttachInterfacesTestJSON:test_create_list_show_delete_interfaces_by_fixed_ip): 200 GET http://10.180.1.21/compute/v2.1/servers/fba8dbd8-4229-45ca-a1dd-073403ada8e2 0.399s
2025-02-19 11:58:54.378 63713 INFO tempest.lib.common.rest_client [req-aee688fe-35ab-4a18-b257-1e922f01becb req-aee688fe-35ab-4a18-b257-1e922f01becb ] Request (ServersWithSpecificFlavorTestJSON:test_verify_created_server_ephemeral_disk): 200 GET http://10.180.1.21/compute/v2.1/servers/8ee5b81b-ac9b-4c7d-a244-5b288590c295 0.194s
2025-02-19 11:58:54.417 63721 INFO tempest.lib.common.rest_client [req-78f8250b-c673-4c95-889a-e27c844d27b7 req-78f8250b-c673-4c95-889a-e27c844d27b7 ] Request (FloatingIPDetailsTestJSON:setUpClass): 201 POST http://10.180.1.21/identity/v3/auth/tokens 0.091s
2025-02-19 11:58:54.491 63743 INFO tempest.lib.common.rest_client [req-7b0fb636-54ef-472a-a864-d0d4b20b6195 req-7b0fb636-54ef-472a-a864-d0d4b20b6195 ] Request (MigrationsAdminTest:test_list_migrations_in_flavor_resize_situation): 200 GET http://10.180.1.21/compute/v2.1/servers/036679d7-7311-4f0e-8223-e0665f640d9f 0.282s
2025-02-19 11:58:54.498 63743 INFO tempest.common.waiters [-] State transition "RESIZE/resize_migrated" ==> "RESIZE/resize_finish" after 57 second wait
2025-02-19 11:58:54.547 63751 INFO tempest.lib.common.rest_client [req-49d2b2e9-5aac-4f5b-a315-9376b51d6585 req-49d2b2e9-5aac-4f5b-a315-9376b51d6585 ] Request (ServerMetadataTestJSON:setUpClass): 200 GET http://10.180.1.21/compute/v2.1/servers/7cd4017f-71ba-4dec-a601-7c9e6402940b 0.292s
2025-02-19 11:58:54.553 63699 INFO tempest.lib.common.rest_client [req-b7ddae1f-74a4-4d1a-8c6a-025d414f306a req-b7ddae1f-74a4-4d1a-8c6a-025d414f306a ] Request (SecurityGroupsTestJSON:test_server_security_groups): 200 GET http://10.180.1.21/compute/v2.1/servers/e7d94c92-1a4c-402e-9fcd-060172fb2aaa 0.350s
2025-02-19 11:58:54.564 63699 INFO tempest.common.waiters [-] State transition "HARD_REBOOT/rebooting_hard" ==> "HARD_REBOOT/reboot_pending_hard" after 3 second wait
2025-02-19 11:58:54.621 63755 INFO tempest.lib.common.rest_client [req-30c2ee03-a9e5-4253-867e-ed0c219b5610 req-30c2ee03-a9e5-4253-867e-ed0c219b5610 ] Request (ServersV294TestFqdnHostnames:setUpClass): 200 GET http://10.180.1.21/compute/v2.1/servers/c73c204e-dde3-4866-8fa9-77547509eecb 0.345s
2025-02-19 11:58:54.641 63735 INFO tempest.lib.common.rest_client [req-8d5994ff-4e7a-46e5-bb7c-067276ea2d45 req-8d5994ff-4e7a-46e5-bb7c-067276ea2d45 ] Request (ServersAdminTestJSON:test_inject_network_info): 200 GET http://10.180.1.21/compute/v2.1/servers/bc89c09e-a669-4b1a-a78f-4f391f783036 0.331s
2025-02-19 11:58:54.683 63731 INFO tempest.lib.common.rest_client [req-77ab9d50-93cf-413c-8955-73f96c4c0de8 req-77ab9d50-93cf-413c-8955-73f96c4c0de8 ] Request (DeleteServersAdminTestJSON:test_delete_server_while_in_error_state): 200 GET http://10.180.1.21/compute/v2.1/servers/54584ebf-4da5-4fa8-b570-94320d92d80f 0.326s
2025-02-19 11:58:54.728 63741 INFO tempest.lib.common.rest_client [req-f2c27d8b-31bc-49a0-a0b2-8424464022d4 req-f2c27d8b-31bc-49a0-a0b2-8424464022d4 ] Request (ServerDiagnosticsV248Test:tearDownClass): 200 GET http://10.180.1.21/compute/v2.1/servers/820a927e-8c82-4553-945d-16f4b04993b7 0.362s
2025-02-19 11:58:54.749 63719 INFO tempest.lib.common.rest_client [req-ff18beeb-8c0a-4de1-9108-a91ad9ba8578 req-ff18beeb-8c0a-4de1-9108-a91ad9ba8578 ] Request (ListImageFiltersTestJSON:setUpClass): 200 GET http://10.180.1.21/compute/v2.1/servers/238dda65-7415-46b1-b19d-ae667a1bccce 0.211s
2025-02-19 11:58:54.765 63721 INFO tempest.lib.common.rest_client [req-071935cf-ebfe-44fa-a4b5-b3b3cd079dd6 req-071935cf-ebfe-44fa-a4b5-b3b3cd079dd6 ] Request (FloatingIPDetailsTestJSON:setUpClass): 201 POST http://10.180.1.21:9696/networking/v2.0/networks 0.348s
2025-02-19 11:58:54.887 63709 INFO tempest.lib.common.rest_client [req-74e0e456-8dcd-4b4e-a389-a024bad84037 req-74e0e456-8dcd-4b4e-a389-a024bad84037 ] Request (InstanceActionsNegativeTestJSON:setUpClass): 200 GET http://10.180.1.21/compute/v2.1/servers/9906dad7-ea13-4e22-add6-8c1ced6c1efe 0.292s
2025-02-19 11:58:54.900 63709 INFO tempest.common.waiters [-] State transition "BUILD/networking" ==> "BUILD/spawning" after 67 second wait
2025-02-19 11:58:54.918 63705 INFO tempest.lib.common.rest_client [req-8d7bd999-2c43-4037-8ca5-3a574dd9fcd3 req-8d7bd999-2c43-4037-8ca5-3a574dd9fcd3 ] Request (ImagesTestJSON:test_create_image_from_suspended_server): 200 GET http://10.180.1.21/compute/v2.1/servers/e96fe3b3-89d1-41c8-9ee7-66758dcec6f6 0.371s
2025-02-19 11:58:54.965 63711 INFO tempest.lib.common.rest_client [req-66ef8b85-ad95-4315-bf0f-0d42bbb09e6c req-66ef8b85-ad95-4315-bf0f-0d42bbb09e6c ] Request (DeleteServersTestJSON:test_delete_active_server): 200 GET http://10.180.1.21/compute/v2.1/servers/6d24e41c-9f5e-4fb8-958d-dced808d0d96 0.352s
2025-02-19 11:58:54.972 63737 INFO tempest.lib.common.rest_client [req-13f2dbaf-41c7-4406-adb0-649f4f095127 req-13f2dbaf-41c7-4406-adb0-649f4f095127 ] Request (MultipleCreateTestJSON:test_multiple_create_with_reservation_return): 200 GET http://10.180.1.21/compute/v2.1/servers/d0a7bd97-b898-4221-b33e-6e9081391cfd 0.316s
2025-02-19 11:58:55.004 63721 INFO tempest.lib.common.rest_client [req-ee16d17f-ee88-45c1-9cbc-b47bc8e5c159 req-ee16d17f-ee88-45c1-9cbc-b47bc8e5c159 ] Request (FloatingIPDetailsTestJSON:setUpClass): 201 POST http://10.180.1.21:9696/networking/v2.0/subnets 0.238s
2025-02-19 11:58:55.042 63723 INFO tempest.lib.common.rest_client [req-9fd14266-3877-4a83-8ad5-873a4c195f24 req-9fd14266-3877-4a83-8ad5-873a4c195f24 ] Request (ImagesOneServerTestJSON:tearDownClass): 200 GET http://10.180.1.21/compute/v2.1/servers/5494d7ba-c756-4dc0-9e35-f2ebbf61f65b 0.343s
2025-02-19 11:58:55.047 63697 INFO tempest.lib.common.rest_client [req-ef29b1e0-4f58-472e-b26d-12ef02ff62ad req-ef29b1e0-4f58-472e-b26d-12ef02ff62ad ] Request (ServerGroupTestJSON:test_create_server_with_scheduler_hint_group): 200 GET http://10.180.1.21/compute/v2.1/servers/0c44ce17-b9ee-44c0-a36c-87012ec7c10f 0.280s
2025-02-19 11:58:55.061 63747 INFO tempest.lib.common.rest_client [req-06f85f3a-62da-4da1-82b1-1865bff77622 req-06f85f3a-62da-4da1-82b1-1865bff77622 ] Request (SecurityGroupsNegativeTestJSON:tearDownClass): 200 PUT http://10.180.1.21:9696/networking/v2.0/routers/9a87660a-d02f-4e30-9ff0-526eb1398cbd/remove_router_interface 1.144s
2025-02-19 11:58:55.127 63727 INFO tempest.lib.common.rest_client [req-e74b186a-90c7-415e-a3d9-2df1355bf9ec req-e74b186a-90c7-415e-a3d9-2df1355bf9ec ] Request (ServerAddressesTestJSON:setUpClass): 200 GET http://10.180.1.21/compute/v2.1/servers/40e47931-2f45-4086-99da-6209163d7113 0.232s
2025-02-19 11:58:55.133 63715 INFO tempest.lib.common.rest_client [req-59cae967-635d-4568-a19e-e70ec5152c62 req-59cae967-635d-4568-a19e-e70ec5152c62 ] Request (InstanceActionsV221TestJSON:test_get_list_deleted_instance_actions): 200 GET http://10.180.1.21/compute/v2.1/servers/02c68897-0efd-483b-88bb-11f586047a52 0.297s
2025-02-19 11:58:55.211 63703 INFO tempest.lib.common.rest_client [req-adc0c124-2c2e-4ec6-a0d6-31a2d003621e req-adc0c124-2c2e-4ec6-a0d6-31a2d003621e ] Request (ServersTestBootFromVolume:setUpClass): 200 GET http://10.180.1.21/compute/v2.1/servers/8afa705a-cd78-4316-956a-26313220cb4d 0.077s
2025-02-19 11:58:55.287 63707 INFO tempest.lib.common.rest_client [req-5e76f057-0001-44c4-8132-8725938f2000 req-5e76f057-0001-44c4-8132-8725938f2000 ] Request (ServerRescueNegativeTestJSON:test_rescued_vm_detach_volume): 200 GET http://10.180.1.21/compute/v2.1/servers/5310e05d-029e-4c7d-a129-c324d99d2889 0.089s
2025-02-19 11:58:55.333 63725 INFO tempest.lib.common.rest_client [req-103ece3f-2aa6-4ded-bef5-5580b5924150 req-103ece3f-2aa6-4ded-bef5-5580b5924150 ] Request (ServerActionsV293TestJSON:setUpClass): 200 GET http://10.180.1.21/compute/v2.1/servers/c27bd37e-eb20-422f-98e3-1935f75d2ab8 0.261s
2025-02-19 11:58:55.353 63725 INFO tempest.common.waiters [-] State transition "BUILD/spawning" ==> "ACTIVE/None" after 71 second wait
2025-02-19 11:58:55.369 63749 INFO tempest.lib.common.rest_client [req-2f65948a-faf3-43f5-b733-846564930ee5 req-2f65948a-faf3-43f5-b733-846564930ee5 ] Request (FloatingIPsAssociationTestJSON:setUpClass): 200 GET http://10.180.1.21/compute/v2.1/servers/382627f1-55a3-40cb-b8a8-4a092541cbcb 0.106s
2025-02-19 11:58:55.415 63739 INFO tempest.lib.common.rest_client [req-4a2e8e13-9da4-4d41-a52f-307ce6d93e7a req-4a2e8e13-9da4-4d41-a52f-307ce6d93e7a ] Request (ServerMetadataNegativeTestJSON:tearDownClass): 200 GET http://10.180.1.21/compute/v2.1/servers/5b73eae6-9b73-4e85-9c88-90bde97185c7 0.134s
