2025-02-19 11:58:25.396 63737 INFO tempest.lib.common.rest_client [req-38406fb2-89a8-4fe3-8ce8-ee94da384f0b req-38406fb2-89a8-4fe3-8ce8-ee94da384f0b ] Request (MultipleCreateTestJSON:_run_cleanups): 200 GET http://10.180.1.21/compute/v2.1/servers/5e79d61a-5b7a-4793-a6bd-62be6fd39a92 0.110s
2025-02-19 11:58:25.399 63755 INFO tempest.lib.common.rest_client [req-4cb762d3-728f-4d7f-92ed-b3e2821086b8 req-4cb762d3-728f-4d7f-92ed-b3e2821086b8 ] Request (ServersV294TestFqdnHostnames:setUpClass): 201 POST http://10.180.1.21/identity/v3/users 0.078s
2025-02-19 11:58:25.427 63755 INFO tempest.lib.common.rest_client [req-c145bf78-26e1-4444-b29c-8dd2e5387ae9 req-c145bf78-26e1-4444-b29c-8dd2e5387ae9 ] Request (ServersV294TestFqdnHostnames:setUpClass): 200 GET http://10.180.1.21/identity/v3/roles 0.028s
2025-02-19 11:58:25.447 63721 INFO tempest.lib.common.rest_client [req-a0d3f40c-d4ee-477b-852c-f3577e2d9d61 req-a0d3f40c-d4ee-477b-852c-f3577e2d9d61 ] Request (FloatingIPsAssociationNegativeTestJSON:tearDownClass): 200 GET http://10.180.1.21/compute/v2.1/servers/06c063a5-6625-4f14-a958-f5c1f9b9e945 0.093s
2025-02-19 11:58:25.469 63755 INFO tempest.lib.common.rest_client [req-fb9ea52c-46ee-49eb-8fd5-6e6bb4786d2d req-fb9ea52c-46ee-49eb-8fd5-6e6bb4786d2d ] Request (ServersV294TestFqdnHostnames:setUpClass): 204 PUT http://10.180.1.21/identity/v3/projects/7ed3b04ed5c74dc28355c5c40d054032/users/c3c15c0f4edb4343ab1c2d843dc2c0c1/roles/1b068d5751c4468dace01587ebd2bfe1 0.042s
2025-02-19 11:58:25.470 63755 INFO tempest.lib.common.dynamic_creds [-] Dynamic test user c3c15c0f4edb4343ab1c2d843dc2c0c1 is created with scope project and roles: ['member']
2025-02-19 11:58:25.470 63755 INFO tempest.lib.common.dynamic_creds [-] Acquired dynamic creds: credentials: Credentials: {'domain_id': 'default', 'domain_name': 'Default', 'username': 'tempest-ServersV294TestFqdnHostnames-1146678899-project-member', 'project_domain_id': 'default', 'project_domain_name': 'Default', 'project_id': '7ed3b04ed5c74dc28355c5c40d054032', 'project_name': 'tempest-ServersV294TestFqdnHostnames-1146678899', 'tenant_id': '7ed3b04ed5c74dc28355c5c40d054032', 'tenant_name': 'tempest-ServersV294TestFqdnHostnames-1146678899', 'user_domain_id': 'default', 'user_domain_name': 'Default', 'user_id': 'c3c15c0f4edb4343ab1c2d843dc2c0c1', 'system': None}, Network: None, Subnet: None, Router: None
2025-02-19 11:58:25.495 63715 INFO tempest.lib.common.rest_client [req-6f2709bd-8716-4bfc-9681-19ad7d3b62fc req-6f2709bd-8716-4bfc-9681-19ad7d3b62fc ] Request (InstanceActionsV221TestJSON:test_get_list_deleted_instance_actions): 200 GET http://10.180.1.21/compute/v2.1/servers/02c68897-0efd-483b-88bb-11f586047a52 0.087s
2025-02-19 11:58:25.497 63711 INFO tempest.lib.common.rest_client [req-59401655-5764-449f-b5e9-77dfc855393a req-59401655-5764-449f-b5e9-77dfc855393a ] Request (DeleteServersTestJSON:test_delete_active_server): 200 GET http://10.180.1.21/compute/v2.1/servers/6d24e41c-9f5e-4fb8-958d-dced808d0d96 0.113s
2025-02-19 11:58:25.532 63755 INFO tempest.lib.common.rest_client [req-a61d785c-fc26-4c18-8803-ae5202fa5f36 req-a61d785c-fc26-4c18-8803-ae5202fa5f36 ] Request (ServersV294TestFqdnHostnames:setUpClass): 201 POST http://10.180.1.21/identity/v3/auth/tokens 0.061s
2025-02-19 11:58:25.542 63727 INFO tempest.lib.common.rest_client [req-091c83e6-619d-4e94-a278-c438ff68b33f req-091c83e6-619d-4e94-a278-c438ff68b33f ] Request (ServerAddressesTestJSON:setUpClass): 200 GET http://10.180.1.21/compute/v2.1/servers/40e47931-2f45-4086-99da-6209163d7113 0.076s
2025-02-19 11:58:25.565 63735 INFO tempest.lib.common.rest_client [req-b92033f0-ceb1-4822-b5ce-e9dac547c42d req-b92033f0-ceb1-4822-b5ce-e9dac547c42d ] Request (ServersAdminTestJSON:test_create_server_with_scheduling_hint): 200 GET http://10.180.1.21/compute/v2.1/servers/548bd050-c9ac-41ab-9edc-001737f6a54f 0.050s
2025-02-19 11:58:25.788 63749 INFO tempest.lib.common.rest_client [req-d9794633-27ba-40c1-9dfd-1da20d0ccb49 req-d9794633-27ba-40c1-9dfd-1da20d0ccb49 ] Request (FloatingIPsAssociationTestJSON:setUpClass): 200 GET http://10.180.1.21/compute/v2.1/servers/382627f1-55a3-40cb-b8a8-4a092541cbcb 0.069s
2025-02-19 11:58:25.796 63755 INFO tempest.lib.common.rest_client [req-969bdaa4-8fa6-4817-a2b7-5eb7cd06c082 req-969bdaa4-8fa6-4817-a2b7-5eb7cd06c082 ] Request (ServersV294TestFqdnHostnames:setUpClass): 201 POST http://10.180.1.21:9696/networking/v2.0/networks 0.264s
2025-02-19 11:58:25.843 63717 INFO tempest.lib.common.rest_client [req-28645334-00ae-4c5c-bb69-c6d4d1f1e706 req-28645334-00ae-4c5c-bb69-c6d4d1f1e706 ] Request (AttachInterfacesTestJSON:test_create_list_show_delete_interfaces_by_fixed_ip): 200 GET http://10.180.1.21/compute/v2.1/servers/fba8dbd8-4229-45ca-a1dd-073403ada8e2 0.061s
2025-02-19 11:58:25.849 63747 INFO tempest.lib.common.rest_client [req-29b2126a-2003-4d22-89b4-4db65864ffba req-29b2126a-2003-4d22-89b4-4db65864ffba ] Request (ImagesNegativeTestJSON:test_create_image_from_deleted_server): 200 GET http://10.180.1.21/compute/v2.1/servers/416c3bf5-e7a7-4761-b2a3-398c19e274ba 0.095s
2025-02-19 11:58:25.895 63745 INFO tempest.lib.common.rest_client [req-7a0a1b86-46ac-4329-a425-8721366e8df2 req-7a0a1b86-46ac-4329-a425-8721366e8df2 ] Request (TenantUsagesTestJSON:setUpClass): 200 GET http://10.180.1.21/compute/v2.1/servers/94c7cdb5-c9cf-4ba4-813f-1d7bacc14a4b 0.078s
2025-02-19 11:58:25.905 63745 INFO tempest.common.waiters [-] State transition "BUILD/scheduling" ==> "BUILD/None" after 37 second wait
2025-02-19 11:58:25.921 63705 INFO tempest.lib.common.rest_client [req-89eaebb8-a332-4191-aca3-e7e4287aa78f req-89eaebb8-a332-4191-aca3-e7e4287aa78f ] Request (ImagesTestJSON:test_create_image_from_suspended_server): 200 GET http://10.180.1.21/compute/v2.1/servers/e96fe3b3-89d1-41c8-9ee7-66758dcec6f6 0.064s
2025-02-19 11:58:25.967 63751 INFO tempest.lib.common.rest_client [req-97703089-22aa-428c-9e17-a5d37499600f req-97703089-22aa-428c-9e17-a5d37499600f ] Request (ServerMetadataTestJSON:setUpClass): 200 GET http://10.180.1.21/compute/v2.1/servers/7cd4017f-71ba-4dec-a601-7c9e6402940b 0.065s
2025-02-19 11:58:26.035 63723 INFO tempest.lib.common.rest_client [req-16f21760-cb3c-49ff-80cf-482b622ce654 req-16f21760-cb3c-49ff-80cf-482b622ce654 ] Request (ImagesOneServerTestJSON:test_create_image_specify_multibyte_character_image_name): 200 GET http://10.180.1.21/compute/v2.1/images/4c28cd79-b361-4391-84f2-7d11046dd6cc 0.043s
2025-02-19 11:58:26.038 63741 INFO tempest.lib.common.rest_client [req-9f66c626-d63e-4c50-8d04-0308b3232366 req-9f66c626-d63e-4c50-8d04-0308b3232366 ] Request (ServerDiagnosticsV248Test:test_get_server_diagnostics): 200 GET http://10.180.1.21/compute/v2.1/servers/820a927e-8c82-4553-945d-16f4b04993b7 0.076s
2025-02-19 11:58:26.047 63741 INFO tempest.common.waiters [-] State transition "BUILD/spawning" ==> "ACTIVE/None" after 54 second wait
2025-02-19 11:58:26.083 63755 INFO tempest.lib.common.rest_client [req-64c036bb-40d6-49a0-989f-64687670abcc req-64c036bb-40d6-49a0-989f-64687670abcc ] Request (ServersV294TestFqdnHostnames:setUpClass): 201 POST http://10.180.1.21:9696/networking/v2.0/subnets 0.286s
2025-02-19 11:58:26.167 63743 INFO tempest.lib.common.rest_client [req-2150ffb9-bc0f-4c5b-b81c-0faec53f435d req-2150ffb9-bc0f-4c5b-b81c-0faec53f435d ] Request (MigrationsAdminTest:test_list_migrations_in_flavor_resize_situation): 200 GET http://10.180.1.21/compute/v2.1/servers/036679d7-7311-4f0e-8223-e0665f640d9f 0.163s
2025-02-19 11:58:26.229 63699 INFO tempest.lib.common.rest_client [req-44ec0797-a1c4-4cf7-ad29-1a8d02e5e834 req-44ec0797-a1c4-4cf7-ad29-1a8d02e5e834 ] Request (SecurityGroupsTestJSON:test_server_security_groups): 200 GET http://10.180.1.21/compute/v2.1/servers/e7d94c92-1a4c-402e-9fcd-060172fb2aaa 0.171s
2025-02-19 11:58:26.302 63731 INFO tempest.lib.common.rest_client [req-5ab00155-1457-4433-93da-4cd5ef4f392d req-5ab00155-1457-4433-93da-4cd5ef4f392d ] Request (DeleteServersAdminTestJSON:test_delete_server_while_in_error_state): 200 GET http://10.180.1.21/compute/v2.1/servers/54584ebf-4da5-4fa8-b570-94320d92d80f 0.191s
2025-02-19 11:58:26.308 63703 INFO tempest.lib.common.rest_client [req-32e54605-b8af-477d-aed5-bd82a8073fb5 req-32e54605-b8af-477d-aed5-bd82a8073fb5 ] Request (ServersTestBootFromVolume:setUpClass): 200 GET http://10.180.1.21/volume/v3/volumes/d9abd36e-e722-44a7-8471-fe11e722639b 0.037s
2025-02-19 11:58:26.468 63707 INFO tempest.lib.common.rest_client [req-7862933c-ab85-40a6-990a-d36bcb8d6176 req-7862933c-ab85-40a6-990a-d36bcb8d6176 ] Request (ServerRescueNegativeTestJSON:setUpClass): 200 GET http://10.180.1.21/compute/v2.1/servers/cc13c801-3582-4a42-a196-eac1e4d7d53d 0.313s
2025-02-19 11:58:26.538 63719 INFO tempest.lib.common.rest_client [req-0f2aaf31-50a2-41c3-9691-b5eb32ca1078 req-0f2aaf31-50a2-41c3-9691-b5eb32ca1078 ] Request (ListImageFiltersTestJSON:setUpClass): 200 GET http://10.180.1.21/compute/v2.1/servers/238dda65-7415-46b1-b19d-ae667a1bccce 0.334s
2025-02-19 11:58:26.617 63709 INFO tempest.lib.common.rest_client [req-27919a14-ce1b-4a36-a506-5b809d82821f req-27919a14-ce1b-4a36-a506-5b809d82821f ] Request (InstanceActionsNegativeTestJSON:setUpClass): 200 GET http://10.180.1.21/compute/v2.1/servers/9906dad7-ea13-4e22-add6-8c1ced6c1efe 0.360s
2025-02-19 11:58:26.681 63739 INFO tempest.lib.common.rest_client [req-1e04fe52-f68c-4301-a208-331f8a8eda02 req-1e04fe52-f68c-4301-a208-331f8a8eda02 ] Request (ServerMetadataNegativeTestJSON:setUpClass): 200 GET http://10.180.1.21/compute/v2.1/servers/5b73eae6-9b73-4e85-9c88-90bde97185c7 0.403s
2025-02-19 11:58:26.712 63741 INFO tempest.lib.common.rest_client [req-3cff1edb-6b96-484c-8106-d3543f702e6f req-3cff1edb-6b96-484c-8106-d3543f702e6f ] Request (ServerDiagnosticsV248Test:test_get_server_diagnostics): 200 GET http://10.180.1.21/compute/v2.1/servers/820a927e-8c82-4553-945d-16f4b04993b7/diagnostics 0.665s
2025-02-19 11:58:26.760 63725 INFO tempest.lib.common.rest_client [req-7039f1ae-823a-4765-90a0-bc09ba734d41 req-7039f1ae-823a-4765-90a0-bc09ba734d41 ] Request (ServerActionsV293TestJSON:setUpClass): 200 GET http://10.180.1.21/compute/v2.1/servers/c27bd37e-eb20-422f-98e3-1935f75d2ab8 0.437s
2025-02-19 11:58:26.780 63697 INFO tempest.lib.common.rest_client [req-cd96485f-f147-4eab-b166-29ad69593826 req-cd96485f-f147-4eab-b166-29ad69593826 ] Request (ServerGroupTestJSON:test_create_server_with_scheduler_hint_group): 200 GET http://10.180.1.21/compute/v2.1/servers/0c44ce17-b9ee-44c0-a36c-87012ec7c10f 0.435s
2025-02-19 11:58:26.790 63697 INFO tempest.common.waiters [-] State transition "BUILD/scheduling" ==> "BUILD/None" after 35 second wait
2025-02-19 11:58:26.839 63721 INFO tempest.lib.common.rest_client [req-8f2f88d8-aea9-4f8f-8b1c-f0162d225388 req-8f2f88d8-aea9-4f8f-8b1c-f0162d225388 ] Request (FloatingIPsAssociationNegativeTestJSON:tearDownClass): 200 GET http://10.180.1.21/compute/v2.1/servers/06c063a5-6625-4f14-a958-f5c1f9b9e945 0.381s
2025-02-19 11:58:26.851 63737 INFO tempest.lib.common.rest_client [req-3d7a3929-1122-4fd8-87e6-015771b0dcba req-3d7a3929-1122-4fd8-87e6-015771b0dcba ] Request (MultipleCreateTestJSON:_run_cleanups): 200 GET http://10.180.1.21/compute/v2.1/servers/5e79d61a-5b7a-4793-a6bd-62be6fd39a92 0.448s
2025-02-19 11:58:26.892 63715 INFO tempest.lib.common.rest_client [req-50ac5130-4677-49fb-ad90-5f6fdab286ef req-50ac5130-4677-49fb-ad90-5f6fdab286ef ] Request (InstanceActionsV221TestJSON:test_get_list_deleted_instance_actions): 200 GET http://10.180.1.21/compute/v2.1/servers/02c68897-0efd-483b-88bb-11f586047a52 0.386s
2025-02-19 11:58:26.935 63727 INFO tempest.lib.common.rest_client [req-72eb9d45-ee6d-4634-9f43-7f7b96fee508 req-72eb9d45-ee6d-4634-9f43-7f7b96fee508 ] Request (ServerAddressesTestJSON:setUpClass): 200 GET http://10.180.1.21/compute/v2.1/servers/40e47931-2f45-4086-99da-6209163d7113 0.386s
2025-02-19 11:58:27.065 63735 INFO tempest.lib.common.rest_client [req-561dc037-6eae-4959-9e5b-2af457f2659c req-561dc037-6eae-4959-9e5b-2af457f2659c ] Request (ServersAdminTestJSON:test_create_server_with_scheduling_hint): 200 GET http://10.180.1.21/compute/v2.1/servers/548bd050-c9ac-41ab-9edc-001737f6a54f 0.492s
2025-02-19 11:58:27.082 63735 INFO tempest.common.waiters [-] State transition "BUILD/None" ==> "BUILD/block_device_mapping" after 53 second wait
2025-02-19 11:58:27.129 63749 INFO tempest.lib.common.rest_client [req-04d1f351-7218-4715-b0cb-1298ec57502d req-04d1f351-7218-4715-b0cb-1298ec57502d ] Request (FloatingIPsAssociationTestJSON:setUpClass): 200 GET http://10.180.1.21/compute/v2.1/servers/382627f1-55a3-40cb-b8a8-4a092541cbcb 0.330s
2025-02-19 11:58:27.177 63717 INFO tempest.lib.common.rest_client [req-673e697c-dba7-430a-b81d-3c6bfc7e1c30 req-673e697c-dba7-430a-b81d-3c6bfc7e1c30 ] Request (AttachInterfacesTestJSON:test_create_list_show_delete_interfaces_by_fixed_ip): 200 GET http://10.180.1.21/compute/v2.1/servers/fba8dbd8-4229-45ca-a1dd-073403ada8e2 0.325s
2025-02-19 11:58:27.235 63747 INFO tempest.lib.common.rest_client [req-760ff9f7-e1f1-43c5-ad8b-d88b7ce53fee req-760ff9f7-e1f1-43c5-ad8b-d88b7ce53fee ] Request (ImagesNegativeTestJSON:test_create_image_from_deleted_server): 200 GET http://10.180.1.21/compute/v2.1/servers/416c3bf5-e7a7-4761-b2a3-398c19e274ba 0.377s
2025-02-19 11:58:27.266 63713 WARNING tempest.lib.common.ssh [-] Failed to establish authenticated ssh connection to cirros@10.180.180.155 ([Errno None] Unable to connect to port 22 on 10.180.180.155). Number attempts: 6. Retry after 7 seconds.: paramiko.ssh_exception.NoValidConnectionsError: [Errno None] Unable to connect to port 22 on 10.180.180.155
2025-02-19 11:58:27.280 63745 INFO tempest.lib.common.rest_client [req-bf1a22ab-c2f5-4065-833a-ecbc121e055d req-bf1a22ab-c2f5-4065-833a-ecbc121e055d ] Request (TenantUsagesTestJSON:setUpClass): 200 GET http://10.180.1.21/compute/v2.1/servers/94c7cdb5-c9cf-4ba4-813f-1d7bacc14a4b 0.374s
2025-02-19 11:58:27.322 63711 INFO tempest.lib.common.rest_client [req-7d87fe32-0626-4317-9377-fee1c7ba60f3 req-7d87fe32-0626-4317-9377-fee1c7ba60f3 ] Request (DeleteServersTestJSON:test_delete_active_server): 200 GET http://10.180.1.21/compute/v2.1/servers/6d24e41c-9f5e-4fb8-958d-dced808d0d96 0.816s
2025-02-19 11:58:27.331 63705 INFO tempest.lib.common.rest_client [req-7667de17-5d83-4737-8c56-748f03bc423c req-7667de17-5d83-4737-8c56-748f03bc423c ] Request (ImagesTestJSON:test_create_image_from_suspended_server): 200 GET http://10.180.1.21/compute/v2.1/servers/e96fe3b3-89d1-41c8-9ee7-66758dcec6f6 0.400s
2025-02-19 11:58:27.354 63703 INFO tempest.lib.common.rest_client [req-8e019d8a-e4b4-455b-8629-d87ac729868d req-8e019d8a-e4b4-455b-8629-d87ac729868d ] Request (ServersTestBootFromVolume:setUpClass): 200 GET http://10.180.1.21/volume/v3/volumes/d9abd36e-e722-44a7-8471-fe11e722639b 0.036s
2025-02-19 11:58:27.365 63723 INFO tempest.lib.common.rest_client [req-981658db-36e9-40ac-b0be-cca9b83101d3 req-981658db-36e9-40ac-b0be-cca9b83101d3 ] Request (ImagesOneServerTestJSON:test_create_image_specify_multibyte_character_image_name): 200 GET http://10.180.1.21/compute/v2.1/images/4c28cd79-b361-4391-84f2-7d11046dd6cc 0.325s
2025-02-19 11:58:27.394 63751 INFO tempest.lib.common.rest_client [req-25ae3bbb-280d-41a7-950c-67cfd5ecdd46 req-25ae3bbb-280d-41a7-950c-67cfd5ecdd46 ] Request (ServerMetadataTestJSON:setUpClass): 200 GET http://10.180.1.21/compute/v2.1/servers/7cd4017f-71ba-4dec-a601-7c9e6402940b 0.419s
2025-02-19 11:58:27.461 63699 INFO tempest.lib.common.rest_client [req-e1652ae1-4941-4eda-a6d6-11af6d48a64f req-e1652ae1-4941-4eda-a6d6-11af6d48a64f ] Request (SecurityGroupsTestJSON:test_server_security_groups): 200 GET http://10.180.1.21/compute/v2.1/servers/e7d94c92-1a4c-402e-9fcd-060172fb2aaa 0.215s
2025-02-19 11:58:27.481 63743 INFO tempest.lib.common.rest_client [req-1ed0c05f-89f8-44a3-af74-a0c3120492bd req-1ed0c05f-89f8-44a3-af74-a0c3120492bd ] Request (MigrationsAdminTest:test_list_migrations_in_flavor_resize_situation): 200 GET http://10.180.1.21/compute/v2.1/servers/036679d7-7311-4f0e-8223-e0665f640d9f 0.296s
2025-02-19 11:58:27.515 63731 INFO tempest.lib.common.rest_client [req-4a01552c-67f2-4ac0-99ec-e82a8765a771 req-4a01552c-67f2-4ac0-99ec-e82a8765a771 ] Request (DeleteServersAdminTestJSON:test_delete_server_while_in_error_state): 200 GET http://10.180.1.21/compute/v2.1/servers/54584ebf-4da5-4fa8-b570-94320d92d80f 0.200s
2025-02-19 11:58:27.609 63719 INFO tempest.lib.common.rest_client [req-ac7d58c3-4587-4652-b2c7-19117d327c51 req-ac7d58c3-4587-4652-b2c7-19117d327c51 ] Request (ListImageFiltersTestJSON:setUpClass): 200 GET http://10.180.1.21/compute/v2.1/servers/238dda65-7415-46b1-b19d-ae667a1bccce 0.054s
2025-02-19 11:58:27.644 63755 INFO tempest.lib.common.rest_client [req-e4e5e032-46c6-4728-abfd-cc439b41500f req-e4e5e032-46c6-4728-abfd-cc439b41500f ] Request (ServersV294TestFqdnHostnames:setUpClass): 201 POST http://10.180.1.21:9696/networking/v2.0/routers 1.560s
2025-02-19 11:58:27.649 63707 INFO tempest.lib.common.rest_client [req-5e574a35-017b-49a7-92f6-9fd0424bb541 req-5e574a35-017b-49a7-92f6-9fd0424bb541 ] Request (ServerRescueNegativeTestJSON:setUpClass): 200 GET http://10.180.1.21/compute/v2.1/servers/cc13c801-3582-4a42-a196-eac1e4d7d53d 0.172s
2025-02-19 11:58:27.688 63709 INFO tempest.lib.common.rest_client [req-80b5a7c2-0355-4794-8d2f-6ec57084ee5e req-80b5a7c2-0355-4794-8d2f-6ec57084ee5e ] Request (InstanceActionsNegativeTestJSON:setUpClass): 200 GET http://10.180.1.21/compute/v2.1/servers/9906dad7-ea13-4e22-add6-8c1ced6c1efe 0.056s
2025-02-19 11:58:27.789 63739 INFO tempest.lib.common.rest_client [req-fda9b744-23d0-4410-aef8-af271055911c req-fda9b744-23d0-4410-aef8-af271055911c ] Request (ServerMetadataNegativeTestJSON:setUpClass): 200 GET http://10.180.1.21/compute/v2.1/servers/5b73eae6-9b73-4e85-9c88-90bde97185c7 0.093s
2025-02-19 11:58:27.851 63725 INFO tempest.lib.common.rest_client [req-1294741a-ca8f-4836-b9dc-968ac6d456c4 req-1294741a-ca8f-4836-b9dc-968ac6d456c4 ] Request (ServerActionsV293TestJSON:setUpClass): 200 GET http://10.180.1.21/compute/v2.1/servers/c27bd37e-eb20-422f-98e3-1935f75d2ab8 0.077s
2025-02-19 11:58:27.876 63697 INFO tempest.lib.common.rest_client [req-7fdcd157-df3b-47d2-a0de-b86042a00c7b req-7fdcd157-df3b-47d2-a0de-b86042a00c7b ] Request (ServerGroupTestJSON:test_create_server_with_scheduler_hint_group): 200 GET http://10.180.1.21/compute/v2.1/servers/0c44ce17-b9ee-44c0-a36c-87012ec7c10f 0.084s
2025-02-19 11:58:27.921 63721 INFO tempest.lib.common.rest_client [req-8a98996b-5ee9-4667-b150-95868285a400 req-8a98996b-5ee9-4667-b150-95868285a400 ] Request (FloatingIPsAssociationNegativeTestJSON:tearDownClass): 200 GET http://10.180.1.21/compute/v2.1/servers/06c063a5-6625-4f14-a958-f5c1f9b9e945 0.075s
2025-02-19 11:58:27.943 63737 INFO tempest.lib.common.rest_client [req-264329fb-c74f-43fd-a1f7-0592d2d6ece9 req-264329fb-c74f-43fd-a1f7-0592d2d6ece9 ] Request (MultipleCreateTestJSON:_run_cleanups): 200 GET http://10.180.1.21/compute/v2.1/servers/5e79d61a-5b7a-4793-a6bd-62be6fd39a92 0.082s
2025-02-19 11:58:27.972 63715 INFO tempest.lib.common.rest_client [req-15aeac9e-d9ff-4f0e-b206-1960fa456093 req-15aeac9e-d9ff-4f0e-b206-1960fa456093 ] Request (InstanceActionsV221TestJSON:test_get_list_deleted_instance_actions): 200 GET http://10.180.1.21/compute/v2.1/servers/02c68897-0efd-483b-88bb-11f586047a52 0.070s
2025-02-19 11:58:28.005 63727 INFO tempest.lib.common.rest_client [req-5c872cff-9554-43ae-87b3-7d442c1510f6 req-5c872cff-9554-43ae-87b3-7d442c1510f6 ] Request (ServerAddressesTestJSON:setUpClass): 200 GET http://10.180.1.21/compute/v2.1/servers/40e47931-2f45-4086-99da-6209163d7113 0.061s
2025-02-19 11:58:28.201 63749 INFO tempest.lib.common.rest_client [req-2deadca3-7c43-4d2d-9bc9-aefd53193d11 req-2deadca3-7c43-4d2d-9bc9-aefd53193d11 ] Request (FloatingIPsAssociationTestJSON:setUpClass): 200 GET http://10.180.1.21/compute/v2.1/servers/382627f1-55a3-40cb-b8a8-4a092541cbcb 0.062s
2025-02-19 11:58:28.210 63749 INFO tempest.common.waiters [-] State transition "BUILD/scheduling" ==> "BUILD/None" after 33 second wait
2025-02-19 11:58:28.261 63717 INFO tempest.lib.common.rest_client [req-2b6d25ec-c888-4c4f-87f5-751e1d47ec5f req-2b6d25ec-c888-4c4f-87f5-751e1d47ec5f ] Request (AttachInterfacesTestJSON:test_create_list_show_delete_interfaces_by_fixed_ip): 200 GET http://10.180.1.21/compute/v2.1/servers/fba8dbd8-4229-45ca-a1dd-073403ada8e2 0.073s
2025-02-19 11:58:28.344 63747 INFO tempest.lib.common.rest_client [req-0f889e2b-653f-4276-a5a1-0f25864d6094 req-0f889e2b-653f-4276-a5a1-0f25864d6094 ] Request (ImagesNegativeTestJSON:test_create_image_from_deleted_server): 200 GET http://10.180.1.21/compute/v2.1/servers/416c3bf5-e7a7-4761-b2a3-398c19e274ba 0.101s
2025-02-19 11:58:28.397 63703 INFO tempest.lib.common.rest_client [req-ec273924-a71e-443b-9acb-56037241debf req-ec273924-a71e-443b-9acb-56037241debf ] Request (ServersTestBootFromVolume:setUpClass): 200 GET http://10.180.1.21/volume/v3/volumes/d9abd36e-e722-44a7-8471-fe11e722639b 0.032s
2025-02-19 11:58:28.406 63703 INFO tempest.common.waiters [-] volume d9abd36e-e722-44a7-8471-fe11e722639b reached available after waiting for 19.406719 seconds
2025-02-19 11:58:28.409 63745 INFO tempest.lib.common.rest_client [req-1480ae91-85cf-4390-a039-0255ddc9f801 req-1480ae91-85cf-4390-a039-0255ddc9f801 ] Request (TenantUsagesTestJSON:setUpClass): 200 GET http://10.180.1.21/compute/v2.1/servers/94c7cdb5-c9cf-4ba4-813f-1d7bacc14a4b 0.120s
2025-02-19 11:58:28.433 63735 INFO tempest.lib.common.rest_client [req-df3710f7-036b-42c4-9cc8-7a313d049471 req-df3710f7-036b-42c4-9cc8-7a313d049471 ] Request (ServersAdminTestJSON:test_create_server_with_scheduling_hint): 200 GET http://10.180.1.21/compute/v2.1/servers/548bd050-c9ac-41ab-9edc-001737f6a54f 0.349s
2025-02-19 11:58:28.440 63735 INFO tempest.common.waiters [-] State transition "BUILD/block_device_mapping" ==> "BUILD/spawning" after 54 second wait
2025-02-19 11:58:28.465 63711 INFO tempest.lib.common.rest_client [req-1938351b-a029-4a54-b3de-4be7f10c5c6e req-1938351b-a029-4a54-b3de-4be7f10c5c6e ] Request (DeleteServersTestJSON:test_delete_active_server): 200 GET http://10.180.1.21/compute/v2.1/servers/6d24e41c-9f5e-4fb8-958d-dced808d0d96 0.135s
2025-02-19 11:58:28.491 63705 INFO tempest.lib.common.rest_client [req-44710bb0-86b9-4ba2-92f0-3d5abc892e35 req-44710bb0-86b9-4ba2-92f0-3d5abc892e35 ] Request (ImagesTestJSON:test_create_image_from_suspended_server): 200 GET http://10.180.1.21/compute/v2.1/servers/e96fe3b3-89d1-41c8-9ee7-66758dcec6f6 0.149s
2025-02-19 11:58:28.496 63723 INFO tempest.lib.common.rest_client [req-ad401064-85a8-4888-87c6-ba8e466fbdb6 req-ad401064-85a8-4888-87c6-ba8e466fbdb6 ] Request (ImagesOneServerTestJSON:test_create_image_specify_multibyte_character_image_name): 200 GET http://10.180.1.21/compute/v2.1/images/4c28cd79-b361-4391-84f2-7d11046dd6cc 0.128s
2025-02-19 11:58:28.544 63751 INFO tempest.lib.common.rest_client [req-7eb6f97c-1688-4976-b33d-f49b2c2d687d req-7eb6f97c-1688-4976-b33d-f49b2c2d687d ] Request (ServerMetadataTestJSON:setUpClass): 200 GET http://10.180.1.21/compute/v2.1/servers/7cd4017f-71ba-4dec-a601-7c9e6402940b 0.139s
2025-02-19 11:58:28.611 63699 INFO tempest.lib.common.rest_client [req-d09fe9e5-d0e9-41a1-b5be-9cf082e6b310 req-d09fe9e5-d0e9-41a1-b5be-9cf082e6b310 ] Request (SecurityGroupsTestJSON:test_server_security_groups): 200 GET http://10.180.1.21/compute/v2.1/servers/e7d94c92-1a4c-402e-9fcd-060172fb2aaa 0.142s
2025-02-19 11:58:28.735 63743 INFO tempest.lib.common.rest_client [req-f44da69b-c505-4a23-a90e-bb60e100bf6f req-f44da69b-c505-4a23-a90e-bb60e100bf6f ] Request (MigrationsAdminTest:test_list_migrations_in_flavor_resize_situation): 200 GET http://10.180.1.21/compute/v2.1/servers/036679d7-7311-4f0e-8223-e0665f640d9f 0.246s
2025-02-19 11:58:28.805 63731 INFO tempest.lib.common.rest_client [req-08aa465a-bb04-4c4c-b51f-ed2f9741be96 req-08aa465a-bb04-4c4c-b51f-ed2f9741be96 ] Request (DeleteServersAdminTestJSON:test_delete_server_while_in_error_state): 200 GET http://10.180.1.21/compute/v2.1/servers/54584ebf-4da5-4fa8-b570-94320d92d80f 0.279s
2025-02-19 11:58:28.871 63719 INFO tempest.lib.common.rest_client [req-69292a26-5b10-4287-a49f-8cd5caf22759 req-69292a26-5b10-4287-a49f-8cd5caf22759 ] Request (ListImageFiltersTestJSON:setUpClass): 200 GET http://10.180.1.21/compute/v2.1/servers/238dda65-7415-46b1-b19d-ae667a1bccce 0.252s
2025-02-19 11:58:29.021 63707 INFO tempest.lib.common.rest_client [req-681b32e4-52da-4070-8983-c68dd8c0d794 req-681b32e4-52da-4070-8983-c68dd8c0d794 ] Request (ServerRescueNegativeTestJSON:setUpClass): 200 GET http://10.180.1.21/compute/v2.1/servers/cc13c801-3582-4a42-a196-eac1e4d7d53d 0.361s
2025-02-19 11:58:29.107 63709 INFO tempest.lib.common.rest_client [req-9b6be091-817a-419d-a876-8f500b9f8066 req-9b6be091-817a-419d-a876-8f500b9f8066 ] Request (InstanceActionsNegativeTestJSON:setUpClass): 200 GET http://10.180.1.21/compute/v2.1/servers/9906dad7-ea13-4e22-add6-8c1ced6c1efe 0.407s
2025-02-19 11:58:29.114 63703 INFO tempest.lib.common.rest_client [req-43b3d5dd-c654-48b4-b0c6-d205df0711f8 req-43b3d5dd-c654-48b4-b0c6-d205df0711f8 ] Request (ServersTestBootFromVolume:setUpClass): 202 POST http://10.180.1.21/compute/v2.1/servers 0.706s
2025-02-19 11:58:29.128 63755 INFO tempest.lib.common.rest_client [req-69eee3c7-454a-4adf-a6f5-0ad6f40c6ca4 req-69eee3c7-454a-4adf-a6f5-0ad6f40c6ca4 ] Request (ServersV294TestFqdnHostnames:setUpClass): 200 PUT http://10.180.1.21:9696/networking/v2.0/routers/6db6c886-f89a-419b-ab91-cfb592e08d54/add_router_interface 1.484s
2025-02-19 11:58:29.128 63755 INFO tempest.lib.common.dynamic_creds [-] Created isolated network resources for: credentials: Credentials: {'domain_id': 'default', 'domain_name': 'Default', 'username': 'tempest-ServersV294TestFqdnHostnames-1146678899-project-member', 'project_domain_id': 'default', 'project_domain_name': 'Default', 'project_id': '7ed3b04ed5c74dc28355c5c40d054032', 'project_name': 'tempest-ServersV294TestFqdnHostnames-1146678899', 'tenant_id': '7ed3b04ed5c74dc28355c5c40d054032', 'tenant_name': 'tempest-ServersV294TestFqdnHostnames-1146678899', 'user_domain_id': 'default', 'user_domain_name': 'Default', 'user_id': 'c3c15c0f4edb4343ab1c2d843dc2c0c1', 'system': None}, Network: {'id': '7da0e46a-8170-47a9-989e-3004100b0f6a', 'name': 'tempest-ServersV294TestFqdnHostnames-609783338-network', 'tenant_id': '7ed3b04ed5c74dc28355c5c40d054032', 'admin_state_up': True, 'mtu': 8950, 'status': 'ACTIVE', 'subnets': [], 'shared': False, 'project_id': '7ed3b04ed5c74dc28355c5c40d054032', 'port_security_enabled': True, 'router:external': False, 'provider:network_type': 'vlan', 'provider:physical_network': 'default', 'provider:segmentation_id': 971, 'availability_zone_hints': [], 'availability_zones': [], 'ipv4_address_scope': None, 'ipv6_address_scope': None, 'description': '', 'tags': [], 'created_at': '2025-02-19T11:58:25Z', 'updated_at': '2025-02-19T11:58:25Z', 'revision_number': 1}, Subnet: {'id': 'a610c4f4-eefe-4e49-a9b8-a8c82810cee7', 'name': 'tempest-ServersV294TestFqdnHostnames-609783338-subnet', 'tenant_id': '7ed3b04ed5c74dc28355c5c40d054032', 'network_id': '7da0e46a-8170-47a9-989e-3004100b0f6a', 'ip_version': 4, 'subnetpool_id': None, 'enable_dhcp': True, 'ipv6_ra_mode': None, 'ipv6_address_mode': None, 'gateway_ip': '192.168.128.1', 'cidr': '192.168.128.0/28', 'allocation_pools': [{'start': '192.168.128.2', 'end': '192.168.128.14'}], 'host_routes': [], 'dns_nameservers': [], 'description': '', 'router:external': False, 'service_types': [], 'tags': [], 'created_at': '2025-02-19T11:58:25Z', 'updated_at': '2025-02-19T11:58:25Z', 'revision_number': 0, 'project_id': '7ed3b04ed5c74dc28355c5c40d054032'}, Router: {'id': '6db6c886-f89a-419b-ab91-cfb592e08d54', 'name': 'tempest-ServersV294TestFqdnHostnames-609783338-router', 'tenant_id': '7ed3b04ed5c74dc28355c5c40d054032', 'admin_state_up': True, 'status': 'ACTIVE', 'external_gateway_info': {'network_id': '100e945e-7259-415b-a9f4-10801c42a47b', 'external_fixed_ips': [{'subnet_id': 'fb22f90f-4057-432a-ba4e-66e11988432b', 'ip_address': '10.180.180.143'}], 'enable_snat': True}, 'description': '', 'availability_zones': [], 'distributed': False, 'ha': False, 'availability_zone_hints': [], 'routes': [], 'flavor_id': None, 'tags': [], 'created_at': '2025-02-19T11:58:26Z', 'updated_at': '2025-02-19T11:58:26Z', 'revision_number': 2, 'project_id': '7ed3b04ed5c74dc28355c5c40d054032'}
2025-02-19 11:58:29.171 63739 INFO tempest.lib.common.rest_client [req-a8c538cf-1969-4029-8a5c-3c8d4e372ee5 req-a8c538cf-1969-4029-8a5c-3c8d4e372ee5 ] Request (ServerMetadataNegativeTestJSON:setUpClass): 200 GET http://10.180.1.21/compute/v2.1/servers/5b73eae6-9b73-4e85-9c88-90bde97185c7 0.373s
2025-02-19 11:58:29.186 63725 INFO tempest.lib.common.rest_client [req-37c56e6b-303d-4e83-bd44-e480784d1188 req-37c56e6b-303d-4e83-bd44-e480784d1188 ] Request (ServerActionsV293TestJSON:setUpClass): 200 GET http://10.180.1.21/compute/v2.1/servers/c27bd37e-eb20-422f-98e3-1935f75d2ab8 0.323s
2025-02-19 11:58:29.226 63755 INFO tempest.lib.common.rest_client [req-b5e3c027-0226-43f1-a4c7-e98b2dc39990 req-b5e3c027-0226-43f1-a4c7-e98b2dc39990 ] Request (ServersV294TestFqdnHostnames:setUpClass): 201 POST http://10.180.1.21/identity/v3/auth/tokens 0.095s
2025-02-19 11:58:29.244 63697 INFO tempest.lib.common.rest_client [req-cf05e559-6130-4b22-9064-85395f6d4aaa req-cf05e559-6130-4b22-9064-85395f6d4aaa ] Request (ServerGroupTestJSON:test_create_server_with_scheduler_hint_group): 200 GET http://10.180.1.21/compute/v2.1/servers/0c44ce17-b9ee-44c0-a36c-87012ec7c10f 0.358s
2025-02-19 11:58:29.272 63737 INFO tempest.lib.common.rest_client [req-7be3be1e-4dd9-4c61-98a4-ec5688f6bdc9 req-7be3be1e-4dd9-4c61-98a4-ec5688f6bdc9 ] Request (MultipleCreateTestJSON:_run_cleanups): 404 GET http://10.180.1.21/compute/v2.1/servers/5e79d61a-5b7a-4793-a6bd-62be6fd39a92 0.315s
2025-02-19 11:58:29.287 63721 INFO tempest.lib.common.rest_client [req-65ce8ff4-0716-46e6-9c21-bdc722e1463b req-65ce8ff4-0716-46e6-9c21-bdc722e1463b ] Request (FloatingIPsAssociationNegativeTestJSON:tearDownClass): 200 GET http://10.180.1.21/compute/v2.1/servers/06c063a5-6625-4f14-a958-f5c1f9b9e945 0.357s
2025-02-19 11:58:29.343 63715 INFO tempest.lib.common.rest_client [req-ab1ca651-ba12-4b6a-8df4-dbacde791d68 req-ab1ca651-ba12-4b6a-8df4-dbacde791d68 ] Request (InstanceActionsV221TestJSON:test_get_list_deleted_instance_actions): 200 GET http://10.180.1.21/compute/v2.1/servers/02c68897-0efd-483b-88bb-11f586047a52 0.358s
2025-02-19 11:58:29.345 63727 INFO tempest.lib.common.rest_client [req-79a6e0f0-d739-4910-a32c-eb0dd7ccd19a req-79a6e0f0-d739-4910-a32c-eb0dd7ccd19a ] Request (ServerAddressesTestJSON:setUpClass): 200 GET http://10.180.1.21/compute/v2.1/servers/40e47931-2f45-4086-99da-6209163d7113 0.331s
2025-02-19 11:58:29.385 63703 INFO tempest.lib.common.rest_client [req-c0f71a7f-94bc-4b85-b138-281a936d23f6 req-c0f71a7f-94bc-4b85-b138-281a936d23f6 ] Request (ServersTestBootFromVolume:setUpClass): 200 GET http://10.180.1.21/compute/v2.1/servers/8afa705a-cd78-4316-956a-26313220cb4d 0.269s
2025-02-19 11:58:29.397 63749 INFO tempest.lib.common.rest_client [req-026720f0-027d-4855-a271-2d51ccc71e65 req-026720f0-027d-4855-a271-2d51ccc71e65 ] Request (FloatingIPsAssociationTestJSON:setUpClass): 200 GET http://10.180.1.21/compute/v2.1/servers/382627f1-55a3-40cb-b8a8-4a092541cbcb 0.187s
2025-02-19 11:58:29.448 63717 INFO tempest.lib.common.rest_client [req-0c5c54a0-cc80-4d6f-980e-5f2b9410afbb req-0c5c54a0-cc80-4d6f-980e-5f2b9410afbb ] Request (AttachInterfacesTestJSON:test_create_list_show_delete_interfaces_by_fixed_ip): 200 GET http://10.180.1.21/compute/v2.1/servers/fba8dbd8-4229-45ca-a1dd-073403ada8e2 0.176s
2025-02-19 11:58:29.453 63755 INFO tempest.lib.common.rest_client [req-d194115f-721e-483d-828c-0fa952a0e39d req-d194115f-721e-483d-828c-0fa952a0e39d ] Request (ServersV294TestFqdnHostnames:setUpClass): 201 POST http://10.180.1.21/compute/v2.1/os-keypairs 0.225s
2025-02-19 11:58:29.512 63737 INFO tempest.lib.common.rest_client [req-d6dc84db-05a5-45b1-aa65-e9d86275ce98 req-d6dc84db-05a5-45b1-aa65-e9d86275ce98 ] Request (MultipleCreateTestJSON:_run_cleanups): 200 GET http://10.180.1.21/compute/v2.1/servers/55c1ac8c-190b-4b03-9a68-5287e8186862 0.239s
2025-02-19 11:58:29.526 63747 INFO tempest.lib.common.rest_client [req-4830ac47-440e-435d-b173-9df5f5dc2c3c req-4830ac47-440e-435d-b173-9df5f5dc2c3c ] Request (ImagesNegativeTestJSON:test_create_image_from_deleted_server): 200 GET http://10.180.1.21/compute/v2.1/servers/416c3bf5-e7a7-4761-b2a3-398c19e274ba 0.173s
2025-02-19 11:58:29.573 63745 INFO tempest.lib.common.rest_client [req-4a491532-e796-45fe-b23c-ae2115fd700a req-4a491532-e796-45fe-b23c-ae2115fd700a ] Request (TenantUsagesTestJSON:setUpClass): 200 GET http://10.180.1.21/compute/v2.1/servers/94c7cdb5-c9cf-4ba4-813f-1d7bacc14a4b 0.156s
2025-02-19 11:58:29.595 63755 INFO tempest.lib.common.rest_client [req-47b8ff53-b09b-4a09-9c45-6fe2d41d245c req-47b8ff53-b09b-4a09-9c45-6fe2d41d245c ] Request (ServersV294TestFqdnHostnames:setUpClass): 201 POST http://10.180.1.21:9696/networking/v2.0/security-groups 0.140s
2025-02-19 11:58:29.632 63711 INFO tempest.lib.common.rest_client [req-87ee6a04-e35c-4b58-8df9-d817494c0a82 req-87ee6a04-e35c-4b58-8df9-d817494c0a82 ] Request (DeleteServersTestJSON:test_delete_active_server): 200 GET http://10.180.1.21/compute/v2.1/servers/6d24e41c-9f5e-4fb8-958d-dced808d0d96 0.159s
2025-02-19 11:58:29.637 63735 INFO tempest.lib.common.rest_client [req-dc631f29-fca0-4297-8ff3-18bda314be32 req-dc631f29-fca0-4297-8ff3-18bda314be32 ] Request (ServersAdminTestJSON:test_create_server_with_scheduling_hint): 200 GET http://10.180.1.21/compute/v2.1/servers/548bd050-c9ac-41ab-9edc-001737f6a54f 0.195s
2025-02-19 11:58:29.639 63711 INFO tempest.common.waiters [-] State transition "ACTIVE/deleting" ==> "DELETED/None" after 4 second wait
2025-02-19 11:58:29.689 63705 INFO tempest.lib.common.rest_client [req-105676c6-4395-476d-940d-c40b39889ad7 req-105676c6-4395-476d-940d-c40b39889ad7 ] Request (ImagesTestJSON:test_create_image_from_suspended_server): 200 GET http://10.180.1.21/compute/v2.1/servers/e96fe3b3-89d1-41c8-9ee7-66758dcec6f6 0.189s
2025-02-19 11:58:29.689 63723 INFO tempest.lib.common.rest_client [req-732599f3-6b02-457e-8ce1-bca497cd7023 req-732599f3-6b02-457e-8ce1-bca497cd7023 ] Request (ImagesOneServerTestJSON:test_create_image_specify_multibyte_character_image_name): 200 GET http://10.180.1.21/compute/v2.1/images/4c28cd79-b361-4391-84f2-7d11046dd6cc 0.188s
2025-02-19 11:58:29.708 63755 INFO tempest.lib.common.rest_client [req-a526714e-d4f3-4cb2-a954-5e3a923e4671 req-a526714e-d4f3-4cb2-a954-5e3a923e4671 ] Request (ServersV294TestFqdnHostnames:setUpClass): 201 POST http://10.180.1.21:9696/networking/v2.0/security-group-rules 0.112s
2025-02-19 11:58:29.757 63751 INFO tempest.lib.common.rest_client [req-79216e12-f5a7-4d6d-b39b-779d1510e617 req-79216e12-f5a7-4d6d-b39b-779d1510e617 ] Request (ServerMetadataTestJSON:setUpClass): 200 GET http://10.180.1.21/compute/v2.1/servers/7cd4017f-71ba-4dec-a601-7c9e6402940b 0.199s
2025-02-19 11:58:29.773 63699 INFO tempest.lib.common.rest_client [req-978441f2-0916-4a53-a399-5537831db59e req-978441f2-0916-4a53-a399-5537831db59e ] Request (SecurityGroupsTestJSON:test_server_security_groups): 200 GET http://10.180.1.21/compute/v2.1/servers/e7d94c92-1a4c-402e-9fcd-060172fb2aaa 0.151s
2025-02-19 11:58:29.814 63755 INFO tempest.lib.common.rest_client [req-80cd9d84-91a0-4b19-9018-e83474b9e2cc req-80cd9d84-91a0-4b19-9018-e83474b9e2cc ] Request (ServersV294TestFqdnHostnames:setUpClass): 201 POST http://10.180.1.21:9696/networking/v2.0/security-group-rules 0.106s
2025-02-19 11:58:29.861 63743 INFO tempest.lib.common.rest_client [req-29c0ff6f-1afa-42de-b3b4-fce4be45f596 req-29c0ff6f-1afa-42de-b3b4-fce4be45f596 ] Request (MigrationsAdminTest:test_list_migrations_in_flavor_resize_situation): 200 GET http://10.180.1.21/compute/v2.1/servers/036679d7-7311-4f0e-8223-e0665f640d9f 0.115s
2025-02-19 11:58:29.882 63731 INFO tempest.lib.common.rest_client [req-08ccdeab-7532-40cf-84b3-38000070de3d req-08ccdeab-7532-40cf-84b3-38000070de3d ] Request (DeleteServersAdminTestJSON:test_delete_server_while_in_error_state): 200 GET http://10.180.1.21/compute/v2.1/servers/54584ebf-4da5-4fa8-b570-94320d92d80f 0.064s
2025-02-19 11:58:29.938 63719 INFO tempest.lib.common.rest_client [req-663e11b4-0f5a-49d4-b896-5286ad7a080e req-663e11b4-0f5a-49d4-b896-5286ad7a080e ] Request (ListImageFiltersTestJSON:setUpClass): 200 GET http://10.180.1.21/compute/v2.1/servers/238dda65-7415-46b1-b19d-ae667a1bccce 0.057s
2025-02-19 11:58:30.163 63729 WARNING tempest.lib.common.ssh [-] Failed to establish authenticated ssh connection to cirros@10.180.180.172 ([Errno None] Unable to connect to port 22 on 10.180.180.172). Number attempts: 6. Retry after 7 seconds.: paramiko.ssh_exception.NoValidConnectionsError: [Errno None] Unable to connect to port 22 on 10.180.180.172
2025-02-19 11:58:30.173 63709 INFO tempest.lib.common.rest_client [req-b1a245a7-4e32-48b0-b40b-00bd01c3299a req-b1a245a7-4e32-48b0-b40b-00bd01c3299a ] Request (InstanceActionsNegativeTestJSON:setUpClass): 200 GET http://10.180.1.21/compute/v2.1/servers/9906dad7-ea13-4e22-add6-8c1ced6c1efe 0.054s
2025-02-19 11:58:30.234 63739 INFO tempest.lib.common.rest_client [req-762b2f04-4238-46e8-9f8f-5b57b9c55798 req-762b2f04-4238-46e8-9f8f-5b57b9c55798 ] Request (ServerMetadataNegativeTestJSON:setUpClass): 200 GET http://10.180.1.21/compute/v2.1/servers/5b73eae6-9b73-4e85-9c88-90bde97185c7 0.053s
2025-02-19 11:58:30.285 63707 INFO tempest.lib.common.rest_client [req-908814d1-c3b9-4f5f-81cb-1122b2cff4a8 req-908814d1-c3b9-4f5f-81cb-1122b2cff4a8 ] Request (ServerRescueNegativeTestJSON:setUpClass): 200 GET http://10.180.1.21/compute/v2.1/servers/cc13c801-3582-4a42-a196-eac1e4d7d53d 0.255s
2025-02-19 11:58:30.295 63725 INFO tempest.lib.common.rest_client [req-459215e8-a63e-4edb-aa1d-92b48e9bad24 req-459215e8-a63e-4edb-aa1d-92b48e9bad24 ] Request (ServerActionsV293TestJSON:setUpClass): 200 GET http://10.180.1.21/compute/v2.1/servers/c27bd37e-eb20-422f-98e3-1935f75d2ab8 0.098s
2025-02-19 11:58:30.358 63697 INFO tempest.lib.common.rest_client [req-2f03e4a9-032e-4707-9a7e-b65f61a4ca1a req-2f03e4a9-032e-4707-9a7e-b65f61a4ca1a ] Request (ServerGroupTestJSON:test_create_server_with_scheduler_hint_group): 200 GET http://10.180.1.21/compute/v2.1/servers/0c44ce17-b9ee-44c0-a36c-87012ec7c10f 0.103s
2025-02-19 11:58:30.372 63721 INFO tempest.lib.common.rest_client [req-d4a40040-07d1-4866-af18-89d71f0dacd6 req-d4a40040-07d1-4866-af18-89d71f0dacd6 ] Request (FloatingIPsAssociationNegativeTestJSON:tearDownClass): 200 GET http://10.180.1.21/compute/v2.1/servers/06c063a5-6625-4f14-a958-f5c1f9b9e945 0.071s
2025-02-19 11:58:30.416 63727 INFO tempest.lib.common.rest_client [req-566fb2b7-e25b-4819-b832-50d8388e1c90 req-566fb2b7-e25b-4819-b832-50d8388e1c90 ] Request (ServerAddressesTestJSON:setUpClass): 200 GET http://10.180.1.21/compute/v2.1/servers/40e47931-2f45-4086-99da-6209163d7113 0.063s
2025-02-19 11:58:30.430 63715 INFO tempest.lib.common.rest_client [req-860fbaa1-f571-4fde-8724-e0f4f5e6b7d9 req-860fbaa1-f571-4fde-8724-e0f4f5e6b7d9 ] Request (InstanceActionsV221TestJSON:test_get_list_deleted_instance_actions): 200 GET http://10.180.1.21/compute/v2.1/servers/02c68897-0efd-483b-88bb-11f586047a52 0.076s
2025-02-19 11:58:30.441 63755 INFO tempest.lib.common.rest_client [req-699e4b00-9b99-40af-9a69-44ed01c7a9f0 req-699e4b00-9b99-40af-9a69-44ed01c7a9f0 ] Request (ServersV294TestFqdnHostnames:setUpClass): 201 POST http://10.180.1.21:9696/networking/v2.0/floatingips 0.626s
2025-02-19 11:58:30.478 63703 INFO tempest.lib.common.rest_client [req-0457811b-aa86-4b64-bca3-4843ce5e9f41 req-0457811b-aa86-4b64-bca3-4843ce5e9f41 ] Request (ServersTestBootFromVolume:setUpClass): 200 GET http://10.180.1.21/compute/v2.1/servers/8afa705a-cd78-4316-956a-26313220cb4d 0.083s
2025-02-19 11:58:30.482 63755 INFO tempest.lib.common.rest_client [req-57d8f343-0837-412b-99bd-f1c24b3a581e req-57d8f343-0837-412b-99bd-f1c24b3a581e ] Request (ServersV294TestFqdnHostnames:setUpClass): 201 POST http://10.180.1.21/identity/v3/auth/tokens 0.037s
2025-02-19 11:58:30.482 63755 INFO tempest.lib.common.fixed_network [-] (ServersV294TestFqdnHostnames:setUpClass) Found network {'id': '7da0e46a-8170-47a9-989e-3004100b0f6a', 'name': 'tempest-ServersV294TestFqdnHostnames-609783338-network', 'tenant_id': '7ed3b04ed5c74dc28355c5c40d054032', 'admin_state_up': True, 'mtu': 8950, 'status': 'ACTIVE', 'subnets': [], 'shared': False, 'project_id': '7ed3b04ed5c74dc28355c5c40d054032', 'port_security_enabled': True, 'router:external': False, 'provider:network_type': 'vlan', 'provider:physical_network': 'default', 'provider:segmentation_id': 971, 'availability_zone_hints': [], 'availability_zones': [], 'ipv4_address_scope': None, 'ipv6_address_scope': None, 'description': '', 'tags': [], 'created_at': '2025-02-19T11:58:25Z', 'updated_at': '2025-02-19T11:58:25Z', 'revision_number': 1} available for tenant
2025-02-19 11:58:30.488 63749 INFO tempest.lib.common.rest_client [req-d6218491-18da-42a6-b05b-2e18f350c7e2 req-d6218491-18da-42a6-b05b-2e18f350c7e2 ] Request (FloatingIPsAssociationTestJSON:setUpClass): 200 GET http://10.180.1.21/compute/v2.1/servers/382627f1-55a3-40cb-b8a8-4a092541cbcb 0.082s
2025-02-19 11:58:30.531 63717 INFO tempest.lib.common.rest_client [req-5daebbed-38ea-42ed-a7a7-480e140484e5 req-5daebbed-38ea-42ed-a7a7-480e140484e5 ] Request (AttachInterfacesTestJSON:test_create_list_show_delete_interfaces_by_fixed_ip): 200 GET http://10.180.1.21/compute/v2.1/servers/fba8dbd8-4229-45ca-a1dd-073403ada8e2 0.074s
2025-02-19 11:58:30.616 63737 INFO tempest.lib.common.rest_client [req-07b585bd-3d1d-43f8-8017-a8c5bc315ca0 req-07b585bd-3d1d-43f8-8017-a8c5bc315ca0 ] Request (MultipleCreateTestJSON:_run_cleanups): 200 GET http://10.180.1.21/compute/v2.1/servers/55c1ac8c-190b-4b03-9a68-5287e8186862 0.096s
2025-02-19 11:58:30.701 63747 INFO tempest.lib.common.rest_client [req-0a0fd3e5-20d5-4d23-a290-214b30070bca req-0a0fd3e5-20d5-4d23-a290-214b30070bca ] Request (ImagesNegativeTestJSON:test_create_image_from_deleted_server): 200 GET http://10.180.1.21/compute/v2.1/servers/416c3bf5-e7a7-4761-b2a3-398c19e274ba 0.167s
2025-02-19 11:58:30.771 63745 INFO tempest.lib.common.rest_client [req-8f72ccb1-9fda-4138-baa1-67ee85eaeb70 req-8f72ccb1-9fda-4138-baa1-67ee85eaeb70 ] Request (TenantUsagesTestJSON:setUpClass): 200 GET http://10.180.1.21/compute/v2.1/servers/94c7cdb5-c9cf-4ba4-813f-1d7bacc14a4b 0.188s
2025-02-19 11:58:30.845 63711 INFO tempest.lib.common.rest_client [req-d3288f31-e846-4546-9647-a3b64de3abf8 req-d3288f31-e846-4546-9647-a3b64de3abf8 ] Request (DeleteServersTestJSON:test_delete_active_server): 200 GET http://10.180.1.21/compute/v2.1/servers/6d24e41c-9f5e-4fb8-958d-dced808d0d96 0.205s
2025-02-19 11:58:30.883 63755 INFO tempest.lib.common.rest_client [req-939205fc-5312-4e21-a23d-bd16823c5457 req-939205fc-5312-4e21-a23d-bd16823c5457 ] Request (ServersV294TestFqdnHostnames:setUpClass): 202 POST http://10.180.1.21/compute/v2.1/servers 0.399s
2025-02-19 11:58:30.921 63723 INFO tempest.lib.common.rest_client [req-4a935e7b-2d21-4d23-9868-c39d35f5d21f req-4a935e7b-2d21-4d23-9868-c39d35f5d21f ] Request (ImagesOneServerTestJSON:test_create_image_specify_multibyte_character_image_name): 200 GET http://10.180.1.21/compute/v2.1/images/4c28cd79-b361-4391-84f2-7d11046dd6cc 0.226s
2025-02-19 11:58:30.956 63735 INFO tempest.lib.common.rest_client [req-7d68b5e4-26d7-4c5a-8a17-d401eca7c060 req-7d68b5e4-26d7-4c5a-8a17-d401eca7c060 ] Request (ServersAdminTestJSON:test_create_server_with_scheduling_hint): 200 GET http://10.180.1.21/compute/v2.1/servers/548bd050-c9ac-41ab-9edc-001737f6a54f 0.309s
2025-02-19 11:58:30.974 63705 INFO tempest.lib.common.rest_client [req-891c3e72-712c-415b-94ad-9ffdc4f5848e req-891c3e72-712c-415b-94ad-9ffdc4f5848e ] Request (ImagesTestJSON:test_create_image_from_suspended_server): 200 GET http://10.180.1.21/compute/v2.1/servers/e96fe3b3-89d1-41c8-9ee7-66758dcec6f6 0.276s
2025-02-19 11:58:31.010 63751 INFO tempest.lib.common.rest_client [req-66b38d21-8464-4b2a-a888-49207d7cc270 req-66b38d21-8464-4b2a-a888-49207d7cc270 ] Request (ServerMetadataTestJSON:setUpClass): 200 GET http://10.180.1.21/compute/v2.1/servers/7cd4017f-71ba-4dec-a601-7c9e6402940b 0.243s
2025-02-19 11:58:31.029 63699 INFO tempest.lib.common.rest_client [req-6d6caab2-31bf-4d62-aeb7-069b7eb4281f req-6d6caab2-31bf-4d62-aeb7-069b7eb4281f ] Request (SecurityGroupsTestJSON:test_server_security_groups): 200 GET http://10.180.1.21/compute/v2.1/servers/e7d94c92-1a4c-402e-9fcd-060172fb2aaa 0.246s
2025-02-19 11:58:31.078 63755 INFO tempest.lib.common.rest_client [req-6d501188-9567-4e93-8284-3a584b64143f req-6d501188-9567-4e93-8284-3a584b64143f ] Request (ServersV294TestFqdnHostnames:setUpClass): 200 GET http://10.180.1.21/compute/v2.1/servers/c73c204e-dde3-4866-8fa9-77547509eecb 0.193s
2025-02-19 11:58:31.132 63731 INFO tempest.lib.common.rest_client [req-e44174c7-51b0-4802-ae07-34e01288a52c req-e44174c7-51b0-4802-ae07-34e01288a52c ] Request (DeleteServersAdminTestJSON:test_delete_server_while_in_error_state): 200 GET http://10.180.1.21/compute/v2.1/servers/54584ebf-4da5-4fa8-b570-94320d92d80f 0.241s
2025-02-19 11:58:31.164 63723 INFO tempest.lib.common.rest_client [req-c3212bb4-fdc0-4798-b32b-47d7a4a17c77 req-c3212bb4-fdc0-4798-b32b-47d7a4a17c77 ] Request (ImagesOneServerTestJSON:test_create_image_specify_multibyte_character_image_name): 200 GET http://10.180.1.21/compute/v2.1/images/4c28cd79-b361-4391-84f2-7d11046dd6cc 0.240s
2025-02-19 11:58:31.192 63743 INFO tempest.lib.common.rest_client [req-8365f9e3-4d22-4f65-bcd4-264712422db9 req-8365f9e3-4d22-4f65-bcd4-264712422db9 ] Request (MigrationsAdminTest:test_list_migrations_in_flavor_resize_situation): 200 GET http://10.180.1.21/compute/v2.1/servers/036679d7-7311-4f0e-8223-e0665f640d9f 0.322s
2025-02-19 11:58:31.218 63719 INFO tempest.lib.common.rest_client [req-9dcc0614-529a-40df-bcd5-9ef37663186a req-9dcc0614-529a-40df-bcd5-9ef37663186a ] Request (ListImageFiltersTestJSON:setUpClass): 200 GET http://10.180.1.21/compute/v2.1/servers/238dda65-7415-46b1-b19d-ae667a1bccce 0.271s
2025-02-19 11:58:31.267 63709 INFO tempest.lib.common.rest_client [req-64bbf515-0ac3-40c5-9918-8d43fdd1d8c0 req-64bbf515-0ac3-40c5-9918-8d43fdd1d8c0 ] Request (InstanceActionsNegativeTestJSON:setUpClass): 200 GET http://10.180.1.21/compute/v2.1/servers/9906dad7-ea13-4e22-add6-8c1ced6c1efe 0.086s
2025-02-19 11:58:31.334 63739 INFO tempest.lib.common.rest_client [req-88557977-5bfd-4525-8e41-c17801d7737b req-88557977-5bfd-4525-8e41-c17801d7737b ] Request (ServerMetadataNegativeTestJSON:setUpClass): 200 GET http://10.180.1.21/compute/v2.1/servers/5b73eae6-9b73-4e85-9c88-90bde97185c7 0.088s
2025-02-19 11:58:31.344 63739 INFO tempest.common.waiters [-] State transition "BUILD/None" ==> "BUILD/networking" after 56 second wait
2025-02-19 11:58:31.378 63723 INFO tempest.lib.common.rest_client [req-d057a6e1-6283-4473-be60-3cf2f7f69637 req-d057a6e1-6283-4473-be60-3cf2f7f69637 ] Request (ImagesOneServerTestJSON:test_create_image_specify_multibyte_character_image_name): 200 GET http://10.180.1.21/compute/v2.1/servers/5494d7ba-c756-4dc0-9e35-f2ebbf61f65b 0.210s
2025-02-19 11:58:31.430 63707 INFO tempest.lib.common.rest_client [req-087ee922-834b-40c6-83e1-40bf1d27cc4c req-087ee922-834b-40c6-83e1-40bf1d27cc4c ] Request (ServerRescueNegativeTestJSON:setUpClass): 200 GET http://10.180.1.21/compute/v2.1/servers/cc13c801-3582-4a42-a196-eac1e4d7d53d 0.134s
2025-02-19 11:58:31.439 63725 INFO tempest.lib.common.rest_client [req-b28f3738-c991-4da2-a10c-cd31651eafe1 req-b28f3738-c991-4da2-a10c-cd31651eafe1 ] Request (ServerActionsV293TestJSON:setUpClass): 200 GET http://10.180.1.21/compute/v2.1/servers/c27bd37e-eb20-422f-98e3-1935f75d2ab8 0.131s
2025-02-19 11:58:31.483 63697 INFO tempest.lib.common.rest_client [req-be32c3ca-3994-4816-9dcf-0e19f2c25f75 req-be32c3ca-3994-4816-9dcf-0e19f2c25f75 ] Request (ServerGroupTestJSON:test_create_server_with_scheduler_hint_group): 200 GET http://10.180.1.21/compute/v2.1/servers/0c44ce17-b9ee-44c0-a36c-87012ec7c10f 0.118s
2025-02-19 11:58:31.498 63721 INFO tempest.lib.common.rest_client [req-da119623-1f34-4719-abce-af0bf499fe56 req-da119623-1f34-4719-abce-af0bf499fe56 ] Request (FloatingIPsAssociationNegativeTestJSON:tearDownClass): 200 GET http://10.180.1.21/compute/v2.1/servers/06c063a5-6625-4f14-a958-f5c1f9b9e945 0.116s
2025-02-19 11:58:31.535 63727 INFO tempest.lib.common.rest_client [req-e5e5d1de-7f01-46ee-bab7-c28e2a2aec5b req-e5e5d1de-7f01-46ee-bab7-c28e2a2aec5b ] Request (ServerAddressesTestJSON:setUpClass): 200 GET http://10.180.1.21/compute/v2.1/servers/40e47931-2f45-4086-99da-6209163d7113 0.109s
2025-02-19 11:58:31.548 63715 INFO tempest.lib.common.rest_client [req-64b14c71-bc22-4bd3-bf70-e20a0734add5 req-64b14c71-bc22-4bd3-bf70-e20a0734add5 ] Request (InstanceActionsV221TestJSON:test_get_list_deleted_instance_actions): 200 GET http://10.180.1.21/compute/v2.1/servers/02c68897-0efd-483b-88bb-11f586047a52 0.105s
2025-02-19 11:58:31.580 63703 INFO tempest.lib.common.rest_client [req-43599128-918b-46a8-b771-c614e3f896ea req-43599128-918b-46a8-b771-c614e3f896ea ] Request (ServersTestBootFromVolume:setUpClass): 200 GET http://10.180.1.21/compute/v2.1/servers/8afa705a-cd78-4316-956a-26313220cb4d 0.090s
2025-02-19 11:58:31.591 63749 INFO tempest.lib.common.rest_client [req-37011c55-3ad7-4563-aab2-0a6757dcddb1 req-37011c55-3ad7-4563-aab2-0a6757dcddb1 ] Request (FloatingIPsAssociationTestJSON:setUpClass): 200 GET http://10.180.1.21/compute/v2.1/servers/382627f1-55a3-40cb-b8a8-4a092541cbcb 0.093s
