2025-02-19 11:57:23.060 63725 INFO tempest.lib.common.rest_client [req-a6c4edd0-253b-4a2d-9570-7fa8d6168236 req-a6c4edd0-253b-4a2d-9570-7fa8d6168236 ] Request (ServerActionsV293TestJSON:setUpClass): 200 GET http://10.180.1.21/volume/v3/volumes/388c3876-a83f-4042-bf72-4e64301ffb79 0.035s
2025-02-19 11:57:23.085 63707 INFO tempest.lib.common.rest_client [req-9faf3138-bd72-4e70-b06c-b2a68d7d5ab6 req-9faf3138-bd72-4e70-b06c-b2a68d7d5ab6 ] Request (ServerRescueNegativeTestJSON:setUpClass): 202 POST http://10.180.1.21/compute/v2.1/servers 3.011s
2025-02-19 11:57:23.100 63753 INFO tempest.lib.common.rest_client [req-2089a513-2e99-4533-9f8e-d4956cde6d24 req-2089a513-2e99-4533-9f8e-d4956cde6d24 ] Request (QuotasAdminTestV236:setUpClass): 200 GET http://10.180.1.21/identity/v3/roles 0.075s
2025-02-19 11:57:23.122 63753 INFO tempest.lib.common.rest_client [req-20044f73-8990-4e7e-afa2-dfc3f000bde3 req-20044f73-8990-4e7e-afa2-dfc3f000bde3 ] Request (QuotasAdminTestV236:setUpClass): 204 PUT http://10.180.1.21/identity/v3/projects/d9c12d79fff84b3984ce375f0a058e99/users/567025499e4b4aacaa8a4795f5707b46/roles/ca32df9dc1414f759d3e72791bb92375 0.021s
2025-02-19 11:57:23.122 63753 INFO tempest.lib.common.dynamic_creds [-] Dynamic test user 567025499e4b4aacaa8a4795f5707b46 is created with scope project and roles: ['admin']
2025-02-19 11:57:23.123 63753 INFO tempest.lib.common.dynamic_creds [-] Acquired dynamic creds: credentials: Credentials: {'domain_id': 'default', 'domain_name': 'Default', 'username': 'tempest-QuotasAdminTestV236-1676878164-project-admin', 'project_domain_id': 'default', 'project_domain_name': 'Default', 'project_id': 'd9c12d79fff84b3984ce375f0a058e99', 'project_name': 'tempest-QuotasAdminTestV236-1676878164', 'tenant_id': 'd9c12d79fff84b3984ce375f0a058e99', 'tenant_name': 'tempest-QuotasAdminTestV236-1676878164', 'user_domain_id': 'default', 'user_domain_name': 'Default', 'user_id': '567025499e4b4aacaa8a4795f5707b46', 'system': None}, Network: None, Subnet: None, Router: None
2025-02-19 11:57:23.123 63753 INFO tempest.lib.common.dynamic_creds [-] Created isolated network resources for: credentials: Credentials: {'domain_id': 'default', 'domain_name': 'Default', 'username': 'tempest-QuotasAdminTestV236-1676878164-project-admin', 'project_domain_id': 'default', 'project_domain_name': 'Default', 'project_id': 'd9c12d79fff84b3984ce375f0a058e99', 'project_name': 'tempest-QuotasAdminTestV236-1676878164', 'tenant_id': 'd9c12d79fff84b3984ce375f0a058e99', 'tenant_name': 'tempest-QuotasAdminTestV236-1676878164', 'user_domain_id': 'default', 'user_domain_name': 'Default', 'user_id': '567025499e4b4aacaa8a4795f5707b46', 'system': None}, Network: None, Subnet: None, Router: None
2025-02-19 11:57:23.136 63701 INFO tempest.lib.common.rest_client [req-f2788c34-846f-4541-9bd3-0bebb5b6d0ad req-f2788c34-846f-4541-9bd3-0bebb5b6d0ad ] Request (ServerGroup264TestJSON:tearDownClass): 204 DELETE http://10.180.1.21:9696/networking/v2.0/security-groups/26c21003-c32a-4f64-9df2-f8c91933838d 0.190s
2025-02-19 11:57:23.155 63735 INFO tempest.lib.common.rest_client [req-abf5b045-1bcf-46a9-ae2a-df21b3a9b67c req-abf5b045-1bcf-46a9-ae2a-df21b3a9b67c ] Request (ServersAdminTestJSON:setUpClass): 200 GET http://10.180.1.21/compute/v2.1/servers/9add3921-e831-4935-9dda-6fcf15645bef 2.009s
2025-02-19 11:57:23.160 63711 INFO tempest.lib.common.rest_client [req-5ac4faa1-eac8-4e2f-9645-fe0ac73ad0c6 req-5ac4faa1-eac8-4e2f-9645-fe0ac73ad0c6 ] Request (AbsoluteLimitsNegativeTestJSON:tearDownClass): 204 DELETE http://10.180.1.21/identity/v3/projects/9d241dc6cac8475f95971f26f020b9d2 0.120s
2025-02-19 11:57:23.220 63753 INFO tempest.lib.common.rest_client [req-0b46125c-7156-4354-aff7-3a6c206f4b3b req-0b46125c-7156-4354-aff7-3a6c206f4b3b ] Request (QuotasAdminTestV236:setUpClass): 201 POST http://10.180.1.21/identity/v3/auth/tokens 0.095s
2025-02-19 11:57:23.221 63753 WARNING tempest.lib.common.rest_client [-] Deprecated: "tenant_id" property is deprecated for removal, use "project_id" instead
2025-02-19 11:57:23.229 63709 INFO tempest.lib.common.rest_client [req-c9ee3f0c-17db-4240-9e45-f24f384d1b37 req-c9ee3f0c-17db-4240-9e45-f24f384d1b37 ] Request (SecurityGroupRulesNegativeTestJSON:test_create_security_group_rule_with_invalid_ip_protocol): 200 POST http://10.180.1.21/compute/v2.1/os-security-groups 2.075s
2025-02-19 11:57:23.257 63739 INFO tempest.lib.common.rest_client [req-9f672e81-5fac-4c19-9bfd-f4439086c62d req-9f672e81-5fac-4c19-9bfd-f4439086c62d ] Request (ServicesAdminNegativeTestJSON:test_get_service_with_valid_service_and_invalid_host): 200 GET http://10.180.1.21/compute/v2.1/os-services 1.763s
2025-02-19 11:57:23.263 63711 INFO tempest.lib.common.rest_client [req-aee1adf5-86e9-48df-9312-795a903d9986 req-aee1adf5-86e9-48df-9312-795a903d9986 ] Request (DeleteServersTestJSON:setUpClass): 201 POST http://10.180.1.21/identity/v3/auth/tokens 0.099s
2025-02-19 11:57:23.276 63749 INFO tempest.lib.common.rest_client [req-21d5e35f-2c2b-4988-a665-a78199fb6efc req-21d5e35f-2c2b-4988-a665-a78199fb6efc ] Request (FlavorsAdminTestJSON:test_create_server_with_non_public_flavor): 400 POST http://10.180.1.21/compute/v2.1/servers 1.667s
2025-02-19 11:57:23.296 63699 INFO tempest.lib.common.rest_client [req-e2070b7d-5d24-46df-829d-c708f75025f4 req-e2070b7d-5d24-46df-829d-c708f75025f4 ] Request (SecurityGroupsTestJSON:test_list_security_groups_by_server): 200 GET http://10.180.1.21/compute/v2.1/servers/15cf0b96-8d9e-4ef6-8310-1490accb24dd/os-security-groups 1.982s
2025-02-19 11:57:23.309 63701 INFO tempest.lib.common.rest_client [req-6330a4b0-5011-45f7-9026-bdddcc788b1b req-6330a4b0-5011-45f7-9026-bdddcc788b1b ] Request (ServerGroup264TestJSON:tearDownClass): 204 DELETE http://10.180.1.21/identity/v3/projects/2322099d530c447e9257530a29e8a642 0.173s
2025-02-19 11:57:23.352 63711 INFO tempest.lib.common.rest_client [req-026565c9-69ab-48ef-bca1-75cd6e81674e req-026565c9-69ab-48ef-bca1-75cd6e81674e ] Request (DeleteServersTestJSON:setUpClass): 201 POST http://10.180.1.21/identity/v3/auth/tokens 0.083s
2025-02-19 11:57:23.356 63757 INFO tempest.lib.common.rest_client [req-f3a897b0-f044-4ade-9748-76e3ba998baf req-f3a897b0-f044-4ade-9748-76e3ba998baf ] Request (ListImagesTestJSON:test_list_images_with_detail): 200 GET http://10.180.1.21/compute/v2.1/images/detail 1.585s
2025-02-19 11:57:23.393 63711 INFO tempest.lib.common.rest_client [req-49909f90-40cb-45ed-8bd5-371f2200284b req-49909f90-40cb-45ed-8bd5-371f2200284b ] Request (DeleteServersTestJSON:setUpClass): 200 GET http://10.180.1.21/identity/v3/domains?name=Default 0.040s
2025-02-19 11:57:23.396 63701 INFO tempest.lib.common.rest_client [req-09788d9f-1da2-4710-ac82-a3434bea1e98 req-09788d9f-1da2-4710-ac82-a3434bea1e98 ] Request (ServersListShow296Test:setUpClass): 201 POST http://10.180.1.21/identity/v3/auth/tokens 0.085s
2025-02-19 11:57:23.430 63711 INFO tempest.lib.common.rest_client [req-bc450bfd-4bc6-4cd3-91b4-16cfdfe52b78 req-bc450bfd-4bc6-4cd3-91b4-16cfdfe52b78 ] Request (DeleteServersTestJSON:setUpClass): 201 POST http://10.180.1.21/identity/v3/projects 0.036s
2025-02-19 11:57:23.461 63757 INFO tempest.lib.common.rest_client [req-6ed3ae69-6290-4a9a-80b1-6a37ab73fa48 req-6ed3ae69-6290-4a9a-80b1-6a37ab73fa48 ] Request (ListImagesTestJSON:tearDownClass): 204 DELETE http://10.180.1.21/identity/v3/users/a66a44523eb54528a3ca98304c55521b 0.094s
2025-02-19 11:57:23.461 63757 INFO tempest.lib.common.dynamic_creds [-] Deleting project and security group for project: 76dbacc0bf9c45f2b322152a011b2446
2025-02-19 11:57:23.484 63717 INFO tempest.lib.common.rest_client [req-954ef172-bf28-4e16-aaea-b9ac791fc2fd req-954ef172-bf28-4e16-aaea-b9ac791fc2fd ] Request (ServerDiagnosticsTest:tearDownClass): 200 GET http://10.180.1.21/compute/v2.1/servers/aba5657e-4e33-42a8-9730-6a04e0541b06 1.584s
2025-02-19 11:57:23.498 63701 INFO tempest.lib.common.rest_client [req-f27987eb-1bae-47d6-8c61-5a9c0cff7f8f req-f27987eb-1bae-47d6-8c61-5a9c0cff7f8f ] Request (ServersListShow296Test:setUpClass): 201 POST http://10.180.1.21/identity/v3/auth/tokens 0.100s
2025-02-19 11:57:23.545 63727 INFO tempest.lib.common.rest_client [req-d5a5e595-d87d-4603-b970-2bee027d3a6d req-d5a5e595-d87d-4603-b970-2bee027d3a6d ] Request (ServersAaction247Test:test_create_backup): 200 GET http://10.180.1.21/compute/v2.1/servers/31a648e9-2f8c-4a79-ad98-90376e353507 1.388s
2025-02-19 11:57:23.561 63727 INFO tempest.common.waiters [-] State transition "BUILD/spawning" ==> "ACTIVE/None" after 28 second wait
2025-02-19 11:57:23.567 63757 INFO tempest.lib.common.rest_client [req-42929470-c6cf-4270-ad50-e5baa2dc41d3 req-42929470-c6cf-4270-ad50-e5baa2dc41d3 ] Request (ListImagesTestJSON:tearDownClass): 201 POST http://10.180.1.21/identity/v3/auth/tokens 0.105s
2025-02-19 11:57:23.574 63711 INFO tempest.lib.common.rest_client [req-61941a86-0b0d-499a-9be9-d51cf4d83c26 req-61941a86-0b0d-499a-9be9-d51cf4d83c26 ] Request (DeleteServersTestJSON:setUpClass): 201 POST http://10.180.1.21/identity/v3/users 0.144s
2025-02-19 11:57:23.595 63701 INFO tempest.lib.common.rest_client [req-c2cbbb9d-3b96-478d-ba6b-93396f816d02 req-c2cbbb9d-3b96-478d-ba6b-93396f816d02 ] Request (ServersListShow296Test:setUpClass): 200 GET http://10.180.1.21/identity/v3/domains?name=Default 0.096s
2025-02-19 11:57:23.727 63711 INFO tempest.lib.common.rest_client [req-b43ddccb-4fc4-4385-ba68-4305d057761f req-b43ddccb-4fc4-4385-ba68-4305d057761f ] Request (DeleteServersTestJSON:setUpClass): 200 GET http://10.180.1.21/identity/v3/roles 0.152s
2025-02-19 11:57:23.729 63741 INFO tempest.lib.common.rest_client [req-5cf954a0-87ef-4828-bd6a-6978699d3e02 req-5cf954a0-87ef-4828-bd6a-6978699d3e02 ] Request (QuotaClassesAdmin257Test:test_update_default_quotas): 200 GET http://10.180.1.21/compute/v2.1/os-quota-class-sets/default 1.490s
2025-02-19 11:57:23.760 63701 INFO tempest.lib.common.rest_client [req-77b98a2b-c0fc-4f07-99fa-da74090e97b2 req-77b98a2b-c0fc-4f07-99fa-da74090e97b2 ] Request (ServersListShow296Test:setUpClass): 201 POST http://10.180.1.21/identity/v3/projects 0.163s
2025-02-19 11:57:23.840 63711 INFO tempest.lib.common.rest_client [req-ea308a88-c5e3-445b-a476-1bee973cf91c req-ea308a88-c5e3-445b-a476-1bee973cf91c ] Request (DeleteServersTestJSON:setUpClass): 204 PUT http://10.180.1.21/identity/v3/projects/75193f7650ef40ce9f873f31fa327351/users/a21c80084fee481ca39302a9fbbd0ecf/roles/1b068d5751c4468dace01587ebd2bfe1 0.113s
2025-02-19 11:57:23.841 63711 INFO tempest.lib.common.dynamic_creds [-] Dynamic test user a21c80084fee481ca39302a9fbbd0ecf is created with scope project and roles: ['member']
2025-02-19 11:57:23.841 63711 INFO tempest.lib.common.dynamic_creds [-] Acquired dynamic creds: credentials: Credentials: {'domain_id': 'default', 'domain_name': 'Default', 'username': 'tempest-DeleteServersTestJSON-62859200-project-member', 'project_domain_id': 'default', 'project_domain_name': 'Default', 'project_id': '75193f7650ef40ce9f873f31fa327351', 'project_name': 'tempest-DeleteServersTestJSON-62859200', 'tenant_id': '75193f7650ef40ce9f873f31fa327351', 'tenant_name': 'tempest-DeleteServersTestJSON-62859200', 'user_domain_id': 'default', 'user_domain_name': 'Default', 'user_id': 'a21c80084fee481ca39302a9fbbd0ecf', 'system': None}, Network: None, Subnet: None, Router: None
2025-02-19 11:57:23.862 63757 INFO tempest.lib.common.rest_client [req-bc47c831-6945-4278-a840-40b6ad84270d req-bc47c831-6945-4278-a840-40b6ad84270d ] Request (ListImagesTestJSON:tearDownClass): 200 GET http://10.180.1.21:9696/networking/v2.0/security-groups?tenant_id=76dbacc0bf9c45f2b322152a011b2446&name=default 0.295s
2025-02-19 11:57:23.878 63731 INFO tempest.lib.common.rest_client [req-2ccf468c-86b4-472f-b854-bd17ed89d4e6 req-2ccf468c-86b4-472f-b854-bd17ed89d4e6 ] Request (DeleteServersAdminTestJSON:test_admin_delete_servers_of_others): 200 GET http://10.180.1.21/compute/v2.1/servers/0d658d72-9b28-435c-a069-d40b589cccd7 1.482s
2025-02-19 11:57:23.907 63701 INFO tempest.lib.common.rest_client [req-8bea8055-7ca3-4026-b1d0-e1ba605959a3 req-8bea8055-7ca3-4026-b1d0-e1ba605959a3 ] Request (ServersListShow296Test:setUpClass): 201 POST http://10.180.1.21/identity/v3/users 0.147s
2025-02-19 11:57:23.934 63701 INFO tempest.lib.common.rest_client [req-70ac9f98-c77b-4c42-88f7-8f5e2dce1673 req-70ac9f98-c77b-4c42-88f7-8f5e2dce1673 ] Request (ServersListShow296Test:setUpClass): 200 GET http://10.180.1.21/identity/v3/roles 0.026s
2025-02-19 11:57:23.936 63711 INFO tempest.lib.common.rest_client [req-0b68833e-ebf6-4305-a095-11839e4fc21b req-0b68833e-ebf6-4305-a095-11839e4fc21b ] Request (DeleteServersTestJSON:setUpClass): 201 POST http://10.180.1.21/identity/v3/auth/tokens 0.095s
2025-02-19 11:57:23.944 63729 INFO tempest.lib.common.rest_client [req-3694dbe5-7256-4c4a-947d-4eca209e55d5 req-3694dbe5-7256-4c4a-947d-4eca209e55d5 ] Request (VolumesAssistedSnapshotsTest:test_volume_assisted_snapshot_create_delete): 200 GET http://10.180.1.21/compute/v2.1/servers/4bb54750-5656-4048-83a5-d0a4996a88e4 1.471s
2025-02-19 11:57:23.951 63729 INFO tempest.common.waiters [-] State transition "BUILD/scheduling" ==> "BUILD/None" after 13 second wait
2025-02-19 11:57:23.956 63757 INFO tempest.lib.common.rest_client [req-5ab978d5-df7b-4f72-8653-6902e90d6bb4 req-5ab978d5-df7b-4f72-8653-6902e90d6bb4 ] Request (ListImagesTestJSON:tearDownClass): 204 DELETE http://10.180.1.21:9696/networking/v2.0/security-groups/4a935f2d-03f3-49d5-bad4-0acbca6d0114 0.093s
2025-02-19 11:57:23.970 63701 INFO tempest.lib.common.rest_client [req-6cee3334-fdfd-481a-8597-c0e2962b6c68 req-6cee3334-fdfd-481a-8597-c0e2962b6c68 ] Request (ServersListShow296Test:setUpClass): 204 PUT http://10.180.1.21/identity/v3/projects/d45241415b424d4dbb4d7bc84e03c93e/users/0cc993db76af4f5a925e7aab8e26e9bc/roles/1b068d5751c4468dace01587ebd2bfe1 0.036s
2025-02-19 11:57:23.970 63701 INFO tempest.lib.common.dynamic_creds [-] Dynamic test user 0cc993db76af4f5a925e7aab8e26e9bc is created with scope project and roles: ['member']
2025-02-19 11:57:23.970 63701 INFO tempest.lib.common.dynamic_creds [-] Acquired dynamic creds: credentials: Credentials: {'domain_id': 'default', 'domain_name': 'Default', 'username': 'tempest-ServersListShow296Test-1148680955-project-member', 'project_domain_id': 'default', 'project_domain_name': 'Default', 'project_id': 'd45241415b424d4dbb4d7bc84e03c93e', 'project_name': 'tempest-ServersListShow296Test-1148680955', 'tenant_id': 'd45241415b424d4dbb4d7bc84e03c93e', 'tenant_name': 'tempest-ServersListShow296Test-1148680955', 'user_domain_id': 'default', 'user_domain_name': 'Default', 'user_id': '0cc993db76af4f5a925e7aab8e26e9bc', 'system': None}, Network: None, Subnet: None, Router: None
2025-02-19 11:57:23.971 63701 INFO tempest.lib.common.dynamic_creds [-] Created isolated network resources for: credentials: Credentials: {'domain_id': 'default', 'domain_name': 'Default', 'username': 'tempest-ServersListShow296Test-1148680955-project-member', 'project_domain_id': 'default', 'project_domain_name': 'Default', 'project_id': 'd45241415b424d4dbb4d7bc84e03c93e', 'project_name': 'tempest-ServersListShow296Test-1148680955', 'tenant_id': 'd45241415b424d4dbb4d7bc84e03c93e', 'tenant_name': 'tempest-ServersListShow296Test-1148680955', 'user_domain_id': 'default', 'user_domain_name': 'Default', 'user_id': '0cc993db76af4f5a925e7aab8e26e9bc', 'system': None}, Network: None, Subnet: None, Router: None
2025-02-19 11:57:23.979 63745 INFO tempest.lib.common.rest_client [req-da9a84e7-164f-4786-b445-9670c825d5de req-da9a84e7-164f-4786-b445-9670c825d5de ] Request (AggregatesAdminNegativeTestJSON:test_aggregate_get_details_as_user): 200 POST http://10.180.1.21/compute/v2.1/os-aggregates 1.454s
2025-02-19 11:57:24.020 63705 INFO tempest.lib.common.rest_client [req-a8ba81d5-3fd6-4a6f-ad38-37f33096f1c3 req-a8ba81d5-3fd6-4a6f-ad38-37f33096f1c3 ] Request (ImagesTestJSON:test_create_image_from_stopped_server): 202 POST http://10.180.1.21/compute/v2.1/servers/59d7aa65-9a57-4598-963b-c6f5ab5c4f69/action 2.325s
2025-02-19 11:57:24.040 63713 INFO tempest.lib.common.rest_client [req-72e85839-d397-469b-8ca9-9aec1ac73e31 req-72e85839-d397-469b-8ca9-9aec1ac73e31 ] Request (ServersWithSpecificFlavorTestJSON:test_verify_created_server_ephemeral_disk): 200 GET http://10.180.1.21/compute/v2.1/servers/9148c0e1-9c02-491d-aec8-d7b310591203 1.455s
2025-02-19 11:57:24.076 63757 INFO tempest.lib.common.rest_client [req-53ad93b6-c82b-494d-adbf-ad5cefb2d518 req-53ad93b6-c82b-494d-adbf-ad5cefb2d518 ] Request (ListImagesTestJSON:tearDownClass): 204 DELETE http://10.180.1.21/identity/v3/projects/76dbacc0bf9c45f2b322152a011b2446 0.120s
2025-02-19 11:57:24.078 63757 INFO tempest.test [-] raised in AttachVolumeMultiAttachTest.setUpClass. Invoking tearDownClass.
2025-02-19 11:57:24.094 63751 INFO tempest.lib.common.rest_client [req-165df2d1-0d75-4951-8c8d-a65f9841d651 req-165df2d1-0d75-4951-8c8d-a65f9841d651 ] Request (ServerAddressesNegativeTestJSON:setUpClass): 200 GET http://10.180.1.21/compute/v2.1/servers/b5dba955-0b52-47cb-a6d6-85c751f74038 1.383s
2025-02-19 11:57:24.136 63725 INFO tempest.lib.common.rest_client [req-51daeb86-9f22-416f-965d-11fbe1656bfa req-51daeb86-9f22-416f-965d-11fbe1656bfa ] Request (ServerActionsV293TestJSON:setUpClass): 200 GET http://10.180.1.21/volume/v3/volumes/388c3876-a83f-4042-bf72-4e64301ffb79 0.065s
2025-02-19 11:57:24.148 63701 INFO tempest.lib.common.rest_client [req-b6dbfe10-7384-4635-bb08-22987b61b4fe req-b6dbfe10-7384-4635-bb08-22987b61b4fe ] Request (ServersListShow296Test:setUpClass): 201 POST http://10.180.1.21/identity/v3/auth/tokens 0.169s
2025-02-19 11:57:24.164 63743 INFO tempest.lib.common.rest_client [req-26ba5826-d2a4-48e4-8a44-f22c4ea98719 req-26ba5826-d2a4-48e4-8a44-f22c4ea98719 ] Request (MigrationsAdminTest:test_list_migrations_in_flavor_resize_situation): 200 GET http://10.180.1.21/compute/v2.1/servers/036679d7-7311-4f0e-8223-e0665f640d9f 1.365s
2025-02-19 11:57:24.186 63701 INFO tempest.lib.common.rest_client [req-4411a2be-2909-4062-98a2-5a40863a6a1b req-4411a2be-2909-4062-98a2-5a40863a6a1b ] Request (ServersListShow296Test:test_list_show_server_296): 201 POST http://10.180.1.21/identity/v3/auth/tokens 0.033s
2025-02-19 11:57:24.186 63701 INFO tempest.lib.common.fixed_network [-] (ServersListShow296Test:test_list_show_server_296) Found network None available for tenant
2025-02-19 11:57:24.325 63711 INFO tempest.lib.common.rest_client [req-d8da3b51-72f4-4efc-912c-1e3f6c5c0f3b req-d8da3b51-72f4-4efc-912c-1e3f6c5c0f3b ] Request (DeleteServersTestJSON:setUpClass): 201 POST http://10.180.1.21:9696/networking/v2.0/networks 0.388s
2025-02-19 11:57:24.365 63715 INFO tempest.lib.common.rest_client [req-18cd5ebb-fc83-4de7-b560-5e62afc6ea4d req-18cd5ebb-fc83-4de7-b560-5e62afc6ea4d ] Request (KeyPairsV22TestJSON:test_keypairsv22_create_list_show_with_type): 201 POST http://10.180.1.21/compute/v2.1/os-keypairs 1.595s
2025-02-19 11:57:24.399 63759 INFO tempest.lib.common.rest_client [req-76676a17-ea84-4ca8-a01a-788ebb1953e8 req-76676a17-ea84-4ca8-a01a-788ebb1953e8 ] Request (SecurityGroupRulesTestJSON:test_security_group_rules_create): 200 POST http://10.180.1.21/compute/v2.1/os-security-groups 1.420s
2025-02-19 11:57:24.449 63723 INFO tempest.lib.common.rest_client [req-2c612c23-6173-48d1-8478-2823072711ef req-2c612c23-6173-48d1-8478-2823072711ef ] Request (ImagesOneServerTestJSON:setUpClass): 200 GET http://10.180.1.21/compute/v2.1/servers/5494d7ba-c756-4dc0-9e35-f2ebbf61f65b 1.451s
2025-02-19 11:57:24.454 63707 INFO tempest.lib.common.rest_client [req-cbc4e7ba-8c5f-46f5-975e-5eb400f437ab req-cbc4e7ba-8c5f-46f5-975e-5eb400f437ab ] Request (ServerRescueNegativeTestJSON:setUpClass): 200 GET http://10.180.1.21/compute/v2.1/servers/98361a6b-ae46-49da-82c5-612246fafa86 1.367s
2025-02-19 11:57:24.456 63723 INFO tempest.common.waiters [-] State transition "BUILD/scheduling" ==> "BUILD/None" after 13 second wait
2025-02-19 11:57:24.491 63709 INFO tempest.lib.common.rest_client [req-4d360052-eac0-4485-84ae-7c3855723426 req-4d360052-eac0-4485-84ae-7c3855723426 ] Request (SecurityGroupRulesNegativeTestJSON:test_create_security_group_rule_with_invalid_ip_protocol): 400 POST http://10.180.1.21/compute/v2.1/os-security-group-rules 1.258s
2025-02-19 11:57:24.493 63739 INFO tempest.lib.common.rest_client [req-817c6162-f404-4039-8fe4-385832843375 req-817c6162-f404-4039-8fe4-385832843375 ] Request (ServicesAdminNegativeTestJSON:test_get_service_with_valid_service_and_invalid_host): 200 GET http://10.180.1.21/compute/v2.1/os-services?host=xxx&binary=nova-scheduler 1.229s
2025-02-19 11:57:24.514 63749 INFO tempest.lib.common.rest_client [req-563eb340-aadd-4545-9917-5ea402866a9e req-563eb340-aadd-4545-9917-5ea402866a9e ] Request (FlavorsAdminTestJSON:_run_cleanups): 202 DELETE http://10.180.1.21/compute/v2.1/flavors/1739015607 1.237s
2025-02-19 11:57:24.530 63707 INFO tempest.lib.common.rest_client [req-0d785b8a-0a1c-432c-952c-0f2afc7bc878 req-0d785b8a-0a1c-432c-952c-0f2afc7bc878 ] Request (ServerRescueNegativeTestJSON:setUpClass): 201 POST http://10.180.1.21/identity/v3/auth/tokens 0.062s
2025-02-19 11:57:24.530 63707 INFO tempest.lib.common.fixed_network [-] (ServerRescueNegativeTestJSON:setUpClass) Found network {'id': 'c2c5c059-0489-46f4-b9f7-36c4ed17356b', 'name': 'tempest-ServerRescueNegativeTestJSON-2033736935-network', 'tenant_id': 'b87a2889860c490387eef5222d0b86e5', 'admin_state_up': True, 'mtu': 8950, 'status': 'ACTIVE', 'subnets': [], 'shared': False, 'project_id': 'b87a2889860c490387eef5222d0b86e5', 'port_security_enabled': True, 'router:external': False, 'provider:network_type': 'vlan', 'provider:physical_network': 'default', 'provider:segmentation_id': 809, 'availability_zone_hints': [], 'availability_zones': [], 'ipv4_address_scope': None, 'ipv6_address_scope': None, 'description': '', 'tags': [], 'created_at': '2025-02-19T11:57:13Z', 'updated_at': '2025-02-19T11:57:13Z', 'revision_number': 1} available for tenant
2025-02-19 11:57:24.568 63711 INFO tempest.lib.common.rest_client [req-c18453f5-243e-47c0-90ef-18eb4134b035 req-c18453f5-243e-47c0-90ef-18eb4134b035 ] Request (DeleteServersTestJSON:setUpClass): 201 POST http://10.180.1.21:9696/networking/v2.0/subnets 0.243s
2025-02-19 11:57:24.713 63699 INFO tempest.lib.common.rest_client [req-3b1586d2-2fcb-4ed8-a796-192991eec9c4 req-3b1586d2-2fcb-4ed8-a796-192991eec9c4 ] Request (SecurityGroupsTestJSON:test_security_group_create_get_delete): 200 POST http://10.180.1.21/compute/v2.1/os-security-groups 1.404s
2025-02-19 11:57:24.757 63719 INFO tempest.lib.common.rest_client [req-b94133e3-73aa-4a37-94c2-4434d2ac1f5c req-b94133e3-73aa-4a37-94c2-4434d2ac1f5c ] Request (ServerExternalEventsTest:test_create_server_external_events): 200 GET http://10.180.1.21/compute/v2.1/servers/ffc580a7-0d0e-4e73-8e19-ddb026037c5a 1.398s
2025-02-19 11:57:24.768 63719 INFO tempest.common.waiters [-] State transition "BUILD/spawning" ==> "ACTIVE/None" after 29 second wait
2025-02-19 11:57:24.792 63737 INFO tempest.lib.common.rest_client [req-79a76f88-0e85-4699-b00b-d2d495b53041 req-79a76f88-0e85-4699-b00b-d2d495b53041 ] Request (MultipleCreateTestJSON:test_multiple_create): 200 GET http://10.180.1.21/compute/v2.1/servers/55c1ac8c-190b-4b03-9a68-5287e8186862 1.348s
2025-02-19 11:57:24.834 63747 INFO tempest.lib.common.rest_client [req-e06aa413-4db4-4fde-9dd4-259023e2adec req-e06aa413-4db4-4fde-9dd4-259023e2adec ] Request (ImagesNegativeTestJSON:test_create_image_from_deleted_server): 200 GET http://10.180.1.21/compute/v2.1/servers/416c3bf5-e7a7-4761-b2a3-398c19e274ba 1.318s
2025-02-19 11:57:24.944 63741 INFO tempest.lib.common.rest_client [req-2a64d903-28d8-4248-b347-f07d26a0e64d req-2a64d903-28d8-4248-b347-f07d26a0e64d ] Request (QuotaClassesAdmin257Test:test_update_default_quotas): 200 PUT http://10.180.1.21/compute/v2.1/os-quota-class-sets/default 1.214s
2025-02-19 11:57:25.055 63703 INFO tempest.lib.common.rest_client [req-240589a5-1e05-4b09-84bb-e0ea284602c1 req-240589a5-1e05-4b09-84bb-e0ea284602c1 ] Request (ServerDiagnosticsNegativeTest:test_get_server_diagnostics_by_non_admin): 200 GET http://10.180.1.21/compute/v2.1/servers/c8230217-bec8-44c2-bd26-fd6792527ad1 1.292s
2025-02-19 11:57:25.066 63703 INFO tempest.common.waiters [-] State transition "BUILD/spawning" ==> "ACTIVE/None" after 29 second wait
2025-02-19 11:57:25.118 63755 INFO tempest.lib.common.rest_client [req-bd2ac2d4-7120-4dd3-8407-d73fa8dbc28f req-bd2ac2d4-7120-4dd3-8407-d73fa8dbc28f ] Request (ServersAdmin275Test:test_rebuild_update_server_275): 200 GET http://10.180.1.21/compute/v2.1/servers/ce48dbdc-0840-452f-b076-37159a59cd9a 1.241s
2025-02-19 11:57:25.172 63721 INFO tempest.lib.common.rest_client [req-4001f9fd-a435-4a08-8e40-9d0fb18df91c req-4001f9fd-a435-4a08-8e40-9d0fb18df91c ] Request (FloatingIPsAssociationNegativeTestJSON:setUpClass): 200 GET http://10.180.1.21/compute/v2.1/servers/06c063a5-6625-4f14-a958-f5c1f9b9e945 1.214s
2025-02-19 11:57:25.176 63745 INFO tempest.lib.common.rest_client [req-c0c7cc87-3392-417a-a77e-f3f8b10899cd req-c0c7cc87-3392-417a-a77e-f3f8b10899cd ] Request (AggregatesAdminNegativeTestJSON:test_aggregate_get_details_as_user): 403 GET http://10.180.1.21/compute/v2.1/os-aggregates/6 1.194s
2025-02-19 11:57:25.181 63725 INFO tempest.lib.common.rest_client [req-3e76e4dc-4725-4269-8b61-270cdb1f852c req-3e76e4dc-4725-4269-8b61-270cdb1f852c ] Request (ServerActionsV293TestJSON:setUpClass): 200 GET http://10.180.1.21/volume/v3/volumes/388c3876-a83f-4042-bf72-4e64301ffb79 0.035s
2025-02-19 11:57:25.210 63705 INFO tempest.lib.common.rest_client [req-eb6668df-ddb3-4139-8fc9-3edad7081909 req-eb6668df-ddb3-4139-8fc9-3edad7081909 ] Request (ImagesTestJSON:test_create_image_from_stopped_server): 200 GET http://10.180.1.21/compute/v2.1/images/250b37c9-1488-4b26-9abe-cae10cd857ea 1.187s
2025-02-19 11:57:25.337 63727 INFO tempest.lib.common.rest_client [req-aebaee46-2da3-4666-a73b-e7723f0381ae req-aebaee46-2da3-4666-a73b-e7723f0381ae ] Request (ServersAaction247Test:test_create_backup): 202 POST http://10.180.1.21/compute/v2.1/servers/31a648e9-2f8c-4a79-ad98-90376e353507/action 1.776s
2025-02-19 11:57:25.348 63735 INFO tempest.lib.common.rest_client [req-db9cb90f-5d9e-49a8-ba77-500511103abc req-db9cb90f-5d9e-49a8-ba77-500511103abc ] Request (ServersAdminTestJSON:setUpClass): 200 GET http://10.180.1.21/compute/v2.1/servers/9add3921-e831-4935-9dda-6fcf15645bef 1.181s
2025-02-19 11:57:25.355 63715 INFO tempest.lib.common.rest_client [req-2a171923-fdb0-4274-bbd4-50e9cbb9d688 req-2a171923-fdb0-4274-bbd4-50e9cbb9d688 ] Request (KeyPairsV22TestJSON:test_keypairsv22_create_list_show_with_type): 200 GET http://10.180.1.21/compute/v2.1/os-keypairs/tempest-keypair-153963180 0.988s
2025-02-19 11:57:25.478 63759 INFO tempest.lib.common.rest_client [req-d9b6b9ee-7dff-4612-9651-dd6e08602a9c req-d9b6b9ee-7dff-4612-9651-dd6e08602a9c ] Request (SecurityGroupRulesTestJSON:test_security_group_rules_create): 200 POST http://10.180.1.21/compute/v2.1/os-security-group-rules 1.073s
2025-02-19 11:57:25.526 63701 INFO tempest.lib.common.rest_client [req-8e8d0a70-775c-4062-bd20-b4be133d541e req-8e8d0a70-775c-4062-bd20-b4be133d541e ] Request (ServersListShow296Test:test_list_show_server_296): 202 POST http://10.180.1.21/compute/v2.1/servers 1.339s
2025-02-19 11:57:25.553 63717 INFO tempest.lib.common.rest_client [req-f333f9b5-2ac2-46a1-960c-d7c594ce0c9c req-f333f9b5-2ac2-46a1-960c-d7c594ce0c9c ] Request (ServerDiagnosticsTest:tearDownClass): 200 GET http://10.180.1.21/compute/v2.1/servers/aba5657e-4e33-42a8-9730-6a04e0541b06 1.061s
2025-02-19 11:57:25.639 63739 INFO tempest.lib.common.rest_client [req-46803926-f7fb-41ac-9b2a-2daf34849b45 req-46803926-f7fb-41ac-9b2a-2daf34849b45 ] Request (ServicesAdminNegativeTestJSON:test_list_services_with_non_admin_user): 403 GET http://10.180.1.21/compute/v2.1/os-services 1.142s
2025-02-19 11:57:25.673 63749 INFO tempest.lib.common.rest_client [req-6f7cadba-4380-4d5e-9028-7172b263c4ed req-6f7cadba-4380-4d5e-9028-7172b263c4ed ] Request (FlavorsAdminTestJSON:_run_cleanups): 200 GET http://10.180.1.21/compute/v2.1/flavors/detail 1.159s
2025-02-19 11:57:25.752 63709 INFO tempest.lib.common.rest_client [req-472afef6-8e42-41af-b436-1fc23866bee9 req-472afef6-8e42-41af-b436-1fc23866bee9 ] Request (SecurityGroupRulesNegativeTestJSON:test_create_security_group_rule_with_invalid_port_range): 200 POST http://10.180.1.21/compute/v2.1/os-security-groups 1.258s
2025-02-19 11:57:25.809 63699 INFO tempest.lib.common.rest_client [req-fa6a5657-7547-4af0-bef4-513d05306172 req-fa6a5657-7547-4af0-bef4-513d05306172 ] Request (SecurityGroupsTestJSON:test_security_group_create_get_delete): 200 GET http://10.180.1.21/compute/v2.1/os-security-groups/32590bfc-efeb-4140-b67e-80df86379c2c 1.090s
2025-02-19 11:57:25.835 63739 INFO tempest.lib.common.rest_client [req-4c576531-e5e5-4dbd-84ed-91bb8bf1dba4 req-4c576531-e5e5-4dbd-84ed-91bb8bf1dba4 ] Request (ServicesAdminNegativeTestJSON:tearDownClass): 204 DELETE http://10.180.1.21/identity/v3/users/8cb6e50d33bc495f80d4e471909b6e12 0.195s
2025-02-19 11:57:25.856 63711 INFO tempest.lib.common.rest_client [req-6f90a755-bcd5-4e4e-b13d-3fac6b6ec96c req-6f90a755-bcd5-4e4e-b13d-3fac6b6ec96c ] Request (DeleteServersTestJSON:setUpClass): 201 POST http://10.180.1.21:9696/networking/v2.0/routers 1.287s
2025-02-19 11:57:25.947 63739 INFO tempest.lib.common.rest_client [req-1c0f3183-47b5-47a8-a3e9-ee0a74c3d2fc req-1c0f3183-47b5-47a8-a3e9-ee0a74c3d2fc ] Request (ServicesAdminNegativeTestJSON:tearDownClass): 204 DELETE http://10.180.1.21/identity/v3/users/06562faf006c42d0a088fbafe5000bcb 0.112s
2025-02-19 11:57:25.948 63739 INFO tempest.lib.common.dynamic_creds [-] Deleting project and security group for project: 4d5dc69e54d94514a46fc84a4cd7453b
2025-02-19 11:57:25.957 63719 INFO tempest.lib.common.rest_client [req-e9154276-e901-4cb0-b752-0869e93339b0 req-e9154276-e901-4cb0-b752-0869e93339b0 ] Request (ServerExternalEventsTest:test_create_server_external_events): 200 POST http://10.180.1.21/compute/v2.1/os-server-external-events 1.188s
2025-02-19 11:57:26.032 63707 INFO tempest.lib.common.rest_client [req-ed616494-be0e-4e7e-87df-7d43e833a4e3 req-ed616494-be0e-4e7e-87df-7d43e833a4e3 ] Request (ServerRescueNegativeTestJSON:setUpClass): 202 POST http://10.180.1.21/compute/v2.1/servers 1.501s
2025-02-19 11:57:26.033 63739 INFO tempest.lib.common.rest_client [req-472e33d2-d92e-4046-b906-370af8564be8 req-472e33d2-d92e-4046-b906-370af8564be8 ] Request (ServicesAdminNegativeTestJSON:tearDownClass): 201 POST http://10.180.1.21/identity/v3/auth/tokens 0.085s
2025-02-19 11:57:26.071 63741 INFO tempest.lib.common.rest_client [req-d5c06f7e-31aa-442a-8be9-259e0f16f1e8 req-d5c06f7e-31aa-442a-8be9-259e0f16f1e8 ] Request (QuotaClassesAdmin257Test:test_update_default_quotas): 200 GET http://10.180.1.21/compute/v2.1/os-quota-class-sets/default 1.125s
2025-02-19 11:57:26.119 63731 INFO tempest.lib.common.rest_client [req-ce8d120f-7fbb-4af3-a2cf-782afc3c49d3 req-ce8d120f-7fbb-4af3-a2cf-782afc3c49d3 ] Request (DeleteServersAdminTestJSON:test_admin_delete_servers_of_others): 200 GET http://10.180.1.21/compute/v2.1/servers/0d658d72-9b28-435c-a069-d40b589cccd7 1.231s
2025-02-19 11:57:26.139 63729 INFO tempest.lib.common.rest_client [req-b2845626-a555-40e3-a907-320e25a32e9a req-b2845626-a555-40e3-a907-320e25a32e9a ] Request (VolumesAssistedSnapshotsTest:test_volume_assisted_snapshot_create_delete): 200 GET http://10.180.1.21/compute/v2.1/servers/4bb54750-5656-4048-83a5-d0a4996a88e4 1.186s
2025-02-19 11:57:26.174 63703 INFO tempest.lib.common.rest_client [req-e903ba36-6025-4536-af51-0d7cbe8b7929 req-e903ba36-6025-4536-af51-0d7cbe8b7929 ] Request (ServerDiagnosticsNegativeTest:test_get_server_diagnostics_by_non_admin): 403 GET http://10.180.1.21/compute/v2.1/servers/c8230217-bec8-44c2-bd26-fd6792527ad1/diagnostics 1.107s
2025-02-19 11:57:26.219 63713 INFO tempest.lib.common.rest_client [req-ddecd190-adae-439b-84d1-bf4f8d03ea09 req-ddecd190-adae-439b-84d1-bf4f8d03ea09 ] Request (ServersWithSpecificFlavorTestJSON:test_verify_created_server_ephemeral_disk): 200 GET http://10.180.1.21/compute/v2.1/servers/9148c0e1-9c02-491d-aec8-d7b310591203 1.169s
2025-02-19 11:57:26.228 63725 INFO tempest.lib.common.rest_client [req-a1f3c199-3ede-46da-ad15-1c45e5112d4f req-a1f3c199-3ede-46da-ad15-1c45e5112d4f ] Request (ServerActionsV293TestJSON:setUpClass): 200 GET http://10.180.1.21/volume/v3/volumes/388c3876-a83f-4042-bf72-4e64301ffb79 0.037s
2025-02-19 11:57:26.245 63751 INFO tempest.lib.common.rest_client [req-2959a352-1f2a-4d41-8168-c68b4e7c7b89 req-2959a352-1f2a-4d41-8168-c68b4e7c7b89 ] Request (ServerAddressesNegativeTestJSON:setUpClass): 200 GET http://10.180.1.21/compute/v2.1/servers/b5dba955-0b52-47cb-a6d6-85c751f74038 1.136s
2025-02-19 11:57:26.268 63745 INFO tempest.lib.common.rest_client [req-c383eb19-43e2-4b3a-8abd-a2d7de243296 req-c383eb19-43e2-4b3a-8abd-a2d7de243296 ] Request (AggregatesAdminNegativeTestJSON:_run_cleanups): 200 DELETE http://10.180.1.21/compute/v2.1/os-aggregates/6 1.091s
2025-02-19 11:57:26.274 63739 INFO tempest.lib.common.rest_client [req-e74bb6da-58ed-4486-aedf-46a3d2ef8bd7 req-e74bb6da-58ed-4486-aedf-46a3d2ef8bd7 ] Request (ServicesAdminNegativeTestJSON:tearDownClass): 200 GET http://10.180.1.21:9696/networking/v2.0/security-groups?tenant_id=4d5dc69e54d94514a46fc84a4cd7453b&name=default 0.241s
2025-02-19 11:57:26.275 63743 INFO tempest.lib.common.rest_client [req-cad975f2-b616-4cbf-ba38-c3f8ad394983 req-cad975f2-b616-4cbf-ba38-c3f8ad394983 ] Request (MigrationsAdminTest:test_list_migrations_in_flavor_resize_situation): 200 GET http://10.180.1.21/compute/v2.1/servers/036679d7-7311-4f0e-8223-e0665f640d9f 1.100s
2025-02-19 11:57:26.284 63743 INFO tempest.common.waiters [-] State transition "BUILD/scheduling" ==> "BUILD/None" after 13 second wait
2025-02-19 11:57:26.286 63715 INFO tempest.lib.common.rest_client [req-5e39df45-2f1e-4e02-847f-805b9f02c56e req-5e39df45-2f1e-4e02-847f-805b9f02c56e ] Request (KeyPairsV22TestJSON:test_keypairsv22_create_list_show_with_type): 200 GET http://10.180.1.21/compute/v2.1/os-keypairs 0.929s
2025-02-19 11:57:26.341 63727 INFO tempest.lib.common.rest_client [req-6fc5446a-446f-4104-8084-0f1435b34123 req-6fc5446a-446f-4104-8084-0f1435b34123 ] Request (ServersAaction247Test:tearDownClass): 204 DELETE http://10.180.1.21/compute/v2.1/servers/31a648e9-2f8c-4a79-ad98-90376e353507 1.002s
2025-02-19 11:57:26.352 63723 INFO tempest.lib.common.rest_client [req-6dd978e7-556c-4a82-9ff8-9474aedd3f80 req-6dd978e7-556c-4a82-9ff8-9474aedd3f80 ] Request (ImagesOneServerTestJSON:setUpClass): 200 GET http://10.180.1.21/compute/v2.1/servers/5494d7ba-c756-4dc0-9e35-f2ebbf61f65b 0.895s
2025-02-19 11:57:26.383 63739 INFO tempest.lib.common.rest_client [req-c8c22754-b333-479c-88ae-76238188bd74 req-c8c22754-b333-479c-88ae-76238188bd74 ] Request (ServicesAdminNegativeTestJSON:tearDownClass): 204 DELETE http://10.180.1.21:9696/networking/v2.0/security-groups/1bb6bca8-dbeb-4c6d-ac58-46ddf73a3615 0.108s
2025-02-19 11:57:26.456 63759 INFO tempest.lib.common.rest_client [req-b68c28dd-f0fd-49fb-8024-ede41af0da4b req-b68c28dd-f0fd-49fb-8024-ede41af0da4b ] Request (SecurityGroupRulesTestJSON:test_security_group_rules_create_with_optional_cidr): 200 POST http://10.180.1.21/compute/v2.1/os-security-groups 0.968s
2025-02-19 11:57:26.467 63739 INFO tempest.lib.common.rest_client [req-4d6c4b0a-0277-4f28-965f-d5295ac8e258 req-4d6c4b0a-0277-4f28-965f-d5295ac8e258 ] Request (ServicesAdminNegativeTestJSON:tearDownClass): 204 DELETE http://10.180.1.21/identity/v3/projects/4d5dc69e54d94514a46fc84a4cd7453b 0.084s
2025-02-19 11:57:26.468 63739 INFO tempest.lib.common.dynamic_creds [-] Deleting project and security group for project: 2c41b69f2b284040987940e889db6c76
2025-02-19 11:57:26.483 63749 INFO tempest.lib.common.rest_client [req-1d681e53-47bc-4404-a236-8481c7bdbc8d req-1d681e53-47bc-4404-a236-8481c7bdbc8d ] Request (FlavorsAdminTestJSON:test_is_public_string_variations): 200 POST http://10.180.1.21/compute/v2.1/flavors 0.801s
2025-02-19 11:57:26.512 63709 INFO tempest.lib.common.rest_client [req-1d6892a0-444c-4376-9871-258d1aa3f28b req-1d6892a0-444c-4376-9871-258d1aa3f28b ] Request (SecurityGroupRulesNegativeTestJSON:test_create_security_group_rule_with_invalid_port_range): 400 POST http://10.180.1.21/compute/v2.1/os-security-group-rules 0.757s
2025-02-19 11:57:26.542 63701 INFO tempest.lib.common.rest_client [req-8709a140-7b04-41c4-b5f6-9e3d38a8321c req-8709a140-7b04-41c4-b5f6-9e3d38a8321c ] Request (ServersListShow296Test:test_list_show_server_296): 200 GET http://10.180.1.21/compute/v2.1/servers/detail 1.013s
2025-02-19 11:57:26.593 63737 INFO tempest.lib.common.rest_client [req-01fa1b11-b9de-42be-b226-9fa84dda23bd req-01fa1b11-b9de-42be-b226-9fa84dda23bd ] Request (MultipleCreateTestJSON:test_multiple_create): 200 GET http://10.180.1.21/compute/v2.1/servers/55c1ac8c-190b-4b03-9a68-5287e8186862 0.792s
2025-02-19 11:57:26.695 63747 INFO tempest.lib.common.rest_client [req-99e9e70f-2169-496e-bde3-e7acf3b6a504 req-99e9e70f-2169-496e-bde3-e7acf3b6a504 ] Request (ImagesNegativeTestJSON:test_create_image_from_deleted_server): 200 GET http://10.180.1.21/compute/v2.1/servers/416c3bf5-e7a7-4761-b2a3-398c19e274ba 0.850s
2025-02-19 11:57:26.707 63739 INFO tempest.lib.common.rest_client [req-74dbe540-77ab-457f-87a2-77b320723894 req-74dbe540-77ab-457f-87a2-77b320723894 ] Request (ServicesAdminNegativeTestJSON:tearDownClass): 200 GET http://10.180.1.21:9696/networking/v2.0/security-groups?tenant_id=2c41b69f2b284040987940e889db6c76&name=default 0.239s
2025-02-19 11:57:26.784 63719 INFO tempest.lib.common.rest_client [req-3e606dc7-d28f-40b6-81be-e67d6fdafa16 req-3e606dc7-d28f-40b6-81be-e67d6fdafa16 ] Request (ServerExternalEventsTest:tearDownClass): 204 DELETE http://10.180.1.21/compute/v2.1/servers/ffc580a7-0d0e-4e73-8e19-ddb026037c5a 0.819s
2025-02-19 11:57:26.789 63699 INFO tempest.lib.common.rest_client [req-7602510d-fbbf-492c-8fab-cabf478c6758 req-7602510d-fbbf-492c-8fab-cabf478c6758 ] Request (SecurityGroupsTestJSON:test_security_group_create_get_delete): 202 DELETE http://10.180.1.21/compute/v2.1/os-security-groups/32590bfc-efeb-4140-b67e-80df86379c2c 0.978s
2025-02-19 11:57:26.838 63741 INFO tempest.lib.common.rest_client [req-21a1859b-8f52-4b16-ab38-2db2da48875d req-21a1859b-8f52-4b16-ab38-2db2da48875d ] Request (QuotaClassesAdmin257Test:_run_cleanups): 200 PUT http://10.180.1.21/compute/v2.1/os-quota-class-sets/default 0.764s
2025-02-19 11:57:26.874 63707 INFO tempest.lib.common.rest_client [req-4376b03d-f69e-41a2-8c16-881bc04b9e51 req-4376b03d-f69e-41a2-8c16-881bc04b9e51 ] Request (ServerRescueNegativeTestJSON:setUpClass): 200 GET http://10.180.1.21/compute/v2.1/servers/cc13c801-3582-4a42-a196-eac1e4d7d53d 0.840s
2025-02-19 11:57:26.898 63739 INFO tempest.lib.common.rest_client [req-029d3885-77c2-48ce-aa3c-536ca0a3fa32 req-029d3885-77c2-48ce-aa3c-536ca0a3fa32 ] Request (ServicesAdminNegativeTestJSON:tearDownClass): 204 DELETE http://10.180.1.21:9696/networking/v2.0/security-groups/bc58a54a-1b6b-476a-ba0e-c71944aa7525 0.190s
2025-02-19 11:57:26.954 63755 INFO tempest.lib.common.rest_client [req-2f4575d4-4ffa-418e-8c41-ba093676bd0c req-2f4575d4-4ffa-418e-8c41-ba093676bd0c ] Request (ServersAdmin275Test:test_rebuild_update_server_275): 200 GET http://10.180.1.21/compute/v2.1/servers/ce48dbdc-0840-452f-b076-37159a59cd9a 0.817s
2025-02-19 11:57:26.988 63703 INFO tempest.lib.common.rest_client [req-80619e2f-c5c0-479f-8178-274438219ebe req-80619e2f-c5c0-479f-8178-274438219ebe ] Request (ServerDiagnosticsNegativeTest:tearDownClass): 204 DELETE http://10.180.1.21/compute/v2.1/servers/c8230217-bec8-44c2-bd26-fd6792527ad1 0.813s
2025-02-19 11:57:27.044 63721 INFO tempest.lib.common.rest_client [req-e5564735-d880-45cb-b5f9-c5a4d4f28d56 req-e5564735-d880-45cb-b5f9-c5a4d4f28d56 ] Request (FloatingIPsAssociationNegativeTestJSON:setUpClass): 200 GET http://10.180.1.21/compute/v2.1/servers/06c063a5-6625-4f14-a958-f5c1f9b9e945 0.862s
2025-02-19 11:57:27.054 63705 INFO tempest.lib.common.rest_client [req-2f0ff80b-09b7-4e1e-985a-fb0974726b44 req-2f0ff80b-09b7-4e1e-985a-fb0974726b44 ] Request (ImagesTestJSON:test_create_image_from_stopped_server): 200 GET http://10.180.1.21/compute/v2.1/images/250b37c9-1488-4b26-9abe-cae10cd857ea 0.840s
2025-02-19 11:57:27.060 63745 INFO tempest.lib.common.rest_client [req-f06324ae-81da-483f-9d95-dc488e1498fd req-f06324ae-81da-483f-9d95-dc488e1498fd ] Request (AggregatesAdminNegativeTestJSON:test_aggregate_get_details_with_invalid_id): 404 GET http://10.180.1.21/compute/v2.1/os-aggregates/-1 0.791s
2025-02-19 11:57:27.073 63741 INFO tempest.lib.common.rest_client [req-82e7ea95-307b-4b83-bf65-2900432355c7 req-82e7ea95-307b-4b83-bf65-2900432355c7 ] Request (QuotaClassesAdmin257Test:tearDownClass): 204 DELETE http://10.180.1.21/identity/v3/users/b8a0340adb3247189315da38b0f4206f 0.232s
2025-02-19 11:57:27.083 63739 INFO tempest.lib.common.rest_client [req-b19d66d6-461d-4b9b-b17a-e56715a9c2c3 req-b19d66d6-461d-4b9b-b17a-e56715a9c2c3 ] Request (ServicesAdminNegativeTestJSON:tearDownClass): 204 DELETE http://10.180.1.21/identity/v3/projects/2c41b69f2b284040987940e889db6c76 0.184s
2025-02-19 11:57:27.084 63739 INFO tempest.test [-] raised in UpdateMultiattachVolumeNegativeTest.setUpClass. Invoking tearDownClass.
2025-02-19 11:57:27.091 63715 INFO tempest.lib.common.rest_client [req-6f42e398-021f-448d-b89f-5e2b3db33fc9 req-6f42e398-021f-448d-b89f-5e2b3db33fc9 ] Request (KeyPairsV22TestJSON:_run_cleanups): 204 DELETE http://10.180.1.21/compute/v2.1/os-keypairs/tempest-keypair-153963180 0.803s
2025-02-19 11:57:27.145 63727 INFO tempest.lib.common.rest_client [req-5240ed45-f953-40af-b4b9-31bce2379d52 req-5240ed45-f953-40af-b4b9-31bce2379d52 ] Request (ServersAaction247Test:tearDownClass): 200 GET http://10.180.1.21/compute/v2.1/servers/31a648e9-2f8c-4a79-ad98-90376e353507 0.802s
2025-02-19 11:57:27.159 63739 INFO tempest.lib.common.rest_client [req-846d60b1-bf77-4086-87cb-f7dbfe25b149 req-846d60b1-bf77-4086-87cb-f7dbfe25b149 ] Request (ServerMetadataNegativeTestJSON:setUpClass): 201 POST http://10.180.1.21/identity/v3/auth/tokens 0.071s
2025-02-19 11:57:27.210 63711 INFO tempest.lib.common.rest_client [req-9ef851e1-db34-4c72-8b20-355b7dcd8332 req-9ef851e1-db34-4c72-8b20-355b7dcd8332 ] Request (DeleteServersTestJSON:setUpClass): 200 PUT http://10.180.1.21:9696/networking/v2.0/routers/71720033-98e2-483b-a79f-a12f4d981786/add_router_interface 1.353s
2025-02-19 11:57:27.210 63711 INFO tempest.lib.common.dynamic_creds [-] Created isolated network resources for: credentials: Credentials: {'domain_id': 'default', 'domain_name': 'Default', 'username': 'tempest-DeleteServersTestJSON-62859200-project-member', 'project_domain_id': 'default', 'project_domain_name': 'Default', 'project_id': '75193f7650ef40ce9f873f31fa327351', 'project_name': 'tempest-DeleteServersTestJSON-62859200', 'tenant_id': '75193f7650ef40ce9f873f31fa327351', 'tenant_name': 'tempest-DeleteServersTestJSON-62859200', 'user_domain_id': 'default', 'user_domain_name': 'Default', 'user_id': 'a21c80084fee481ca39302a9fbbd0ecf', 'system': None}, Network: {'id': 'c310b202-25d5-4bb8-9ad5-fefd544f724b', 'name': 'tempest-DeleteServersTestJSON-333507990-network', 'tenant_id': '75193f7650ef40ce9f873f31fa327351', 'admin_state_up': True, 'mtu': 8950, 'status': 'ACTIVE', 'subnets': [], 'shared': False, 'project_id': '75193f7650ef40ce9f873f31fa327351', 'port_security_enabled': True, 'router:external': False, 'provider:network_type': 'vlan', 'provider:physical_network': 'default', 'provider:segmentation_id': 759, 'availability_zone_hints': [], 'availability_zones': [], 'ipv4_address_scope': None, 'ipv6_address_scope': None, 'description': '', 'tags': [], 'created_at': '2025-02-19T11:57:24Z', 'updated_at': '2025-02-19T11:57:24Z', 'revision_number': 1}, Subnet: {'id': 'b1e43313-ab0b-4538-b3f9-02332a849117', 'name': 'tempest-DeleteServersTestJSON-333507990-subnet', 'tenant_id': '75193f7650ef40ce9f873f31fa327351', 'network_id': 'c310b202-25d5-4bb8-9ad5-fefd544f724b', 'ip_version': 4, 'subnetpool_id': None, 'enable_dhcp': True, 'ipv6_ra_mode': None, 'ipv6_address_mode': None, 'gateway_ip': '192.168.128.1', 'cidr': '192.168.128.0/28', 'allocation_pools': [{'start': '192.168.128.2', 'end': '192.168.128.14'}], 'host_routes': [], 'dns_nameservers': [], 'description': '', 'router:external': False, 'service_types': [], 'tags': [], 'created_at': '2025-02-19T11:57:24Z', 'updated_at': '2025-02-19T11:57:24Z', 'revision_number': 0, 'project_id': '75193f7650ef40ce9f873f31fa327351'}, Router: {'id': '71720033-98e2-483b-a79f-a12f4d981786', 'name': 'tempest-DeleteServersTestJSON-333507990-router', 'tenant_id': '75193f7650ef40ce9f873f31fa327351', 'admin_state_up': True, 'status': 'ACTIVE', 'external_gateway_info': {'network_id': '100e945e-7259-415b-a9f4-10801c42a47b', 'external_fixed_ips': [{'subnet_id': 'fb22f90f-4057-432a-ba4e-66e11988432b', 'ip_address': '10.180.180.212'}], 'enable_snat': True}, 'description': '', 'availability_zones': [], 'distributed': False, 'ha': False, 'availability_zone_hints': [], 'routes': [], 'flavor_id': None, 'tags': [], 'created_at': '2025-02-19T11:57:24Z', 'updated_at': '2025-02-19T11:57:25Z', 'revision_number': 2, 'project_id': '75193f7650ef40ce9f873f31fa327351'}
2025-02-19 11:57:27.226 63735 INFO tempest.lib.common.rest_client [req-39ec3ae8-d54e-426e-98f7-154df1efa761 req-39ec3ae8-d54e-426e-98f7-154df1efa761 ] Request (ServersAdminTestJSON:setUpClass): 200 GET http://10.180.1.21/compute/v2.1/servers/9add3921-e831-4935-9dda-6fcf15645bef 0.870s
2025-02-19 11:57:27.230 63715 INFO tempest.lib.common.rest_client [req-4ce5f87a-b640-4777-a719-b1969f32b3ea req-4ce5f87a-b640-4777-a719-b1969f32b3ea ] Request (KeyPairsV22TestJSON:tearDownClass): 204 DELETE http://10.180.1.21/identity/v3/users/d4c3083e82b641f7a6c8bfb3a2119699 0.138s
2025-02-19 11:57:27.231 63715 INFO tempest.lib.common.dynamic_creds [-] Deleting project and security group for project: f80247f536cc4c86b534a9fd03af4350
2025-02-19 11:57:27.250 63749 INFO tempest.lib.common.rest_client [req-d9ae7f76-bea5-4497-bde4-fee2d5a2eecb req-d9ae7f76-bea5-4497-bde4-fee2d5a2eecb ] Request (FlavorsAdminTestJSON:test_is_public_string_variations): 200 POST http://10.180.1.21/compute/v2.1/flavors 0.763s
2025-02-19 11:57:27.261 63741 INFO tempest.lib.common.rest_client [req-1c379110-e3d2-4f6b-b38d-6fe446633c79 req-1c379110-e3d2-4f6b-b38d-6fe446633c79 ] Request (QuotaClassesAdmin257Test:tearDownClass): 204 DELETE http://10.180.1.21/identity/v3/users/6de5572d4d0543d08c00f77bfd7e2849 0.188s
2025-02-19 11:57:27.261 63741 INFO tempest.lib.common.dynamic_creds [-] Deleting project and security group for project: 9b69ef1117a644b192beadec9be0b7f6
2025-02-19 11:57:27.276 63725 INFO tempest.lib.common.rest_client [req-0ecd0728-8c2e-4d41-81ea-813b9dfb1723 req-0ecd0728-8c2e-4d41-81ea-813b9dfb1723 ] Request (ServerActionsV293TestJSON:setUpClass): 200 GET http://10.180.1.21/volume/v3/volumes/388c3876-a83f-4042-bf72-4e64301ffb79 0.039s
2025-02-19 11:57:27.293 63739 INFO tempest.lib.common.rest_client [req-174712f8-7fdb-4fc5-897f-426489b9951d req-174712f8-7fdb-4fc5-897f-426489b9951d ] Request (ServerMetadataNegativeTestJSON:setUpClass): 201 POST http://10.180.1.21/identity/v3/auth/tokens 0.129s
2025-02-19 11:57:27.303 63759 INFO tempest.lib.common.rest_client [req-9b7b41ec-3549-4c6c-8afe-b17078bfa711 req-9b7b41ec-3549-4c6c-8afe-b17078bfa711 ] Request (SecurityGroupRulesTestJSON:test_security_group_rules_create_with_optional_cidr): 200 POST http://10.180.1.21/compute/v2.1/os-security-group-rules 0.842s
2025-02-19 11:57:27.357 63711 INFO tempest.lib.common.rest_client [req-a9a62ebe-5a77-4533-aea8-06bb61656c90 req-a9a62ebe-5a77-4533-aea8-06bb61656c90 ] Request (DeleteServersTestJSON:setUpClass): 201 POST http://10.180.1.21/identity/v3/auth/tokens 0.142s
2025-02-19 11:57:27.366 63709 INFO tempest.lib.common.rest_client [req-83242b21-1f56-4461-847b-67d6d3314d5e req-83242b21-1f56-4461-847b-67d6d3314d5e ] Request (SecurityGroupRulesNegativeTestJSON:test_create_security_group_rule_with_invalid_to_port): 200 POST http://10.180.1.21/compute/v2.1/os-security-groups 0.853s
2025-02-19 11:57:27.375 63715 INFO tempest.lib.common.rest_client [req-c8378d03-1287-461b-ae30-81ec74f2df6a req-c8378d03-1287-461b-ae30-81ec74f2df6a ] Request (KeyPairsV22TestJSON:tearDownClass): 201 POST http://10.180.1.21/identity/v3/auth/tokens 0.144s
2025-02-19 11:57:27.382 63701 INFO tempest.lib.common.rest_client [req-74c6dd97-a70b-4235-a17c-0a4184c0ebc1 req-74c6dd97-a70b-4235-a17c-0a4184c0ebc1 ] Request (ServersListShow296Test:test_list_show_server_296): 200 GET http://10.180.1.21/compute/v2.1/servers/e58c92be-42f3-49d8-8ed5-14c3d3311c60 0.830s
2025-02-19 11:57:27.387 63741 INFO tempest.lib.common.rest_client [req-ee8bc983-188e-4973-bbc1-76d4965204a6 req-ee8bc983-188e-4973-bbc1-76d4965204a6 ] Request (QuotaClassesAdmin257Test:tearDownClass): 201 POST http://10.180.1.21/identity/v3/auth/tokens 0.124s
2025-02-19 11:57:27.408 63739 INFO tempest.lib.common.rest_client [req-59bac7ac-b147-4e7f-8a9d-11629155ee73 req-59bac7ac-b147-4e7f-8a9d-11629155ee73 ] Request (ServerMetadataNegativeTestJSON:setUpClass): 200 GET http://10.180.1.21/identity/v3/domains?name=Default 0.115s
2025-02-19 11:57:27.413 63711 INFO tempest.lib.common.rest_client [req-346c42f7-43e0-4111-9379-d5402d72c0a9 req-346c42f7-43e0-4111-9379-d5402d72c0a9 ] Request (DeleteServersTestJSON:test_delete_active_server): 201 POST http://10.180.1.21/identity/v3/auth/tokens 0.051s
