2025-02-19 11:58:31.625 63717 INFO tempest.lib.common.rest_client [req-edde13cb-af0d-4e81-a76b-700a89160f37 req-edde13cb-af0d-4e81-a76b-700a89160f37 ] Request (AttachInterfacesTestJSON:test_create_list_show_delete_interfaces_by_fixed_ip): 200 GET http://10.180.1.21/compute/v2.1/servers/fba8dbd8-4229-45ca-a1dd-073403ada8e2 0.086s
2025-02-19 11:58:31.694 63737 INFO tempest.lib.common.rest_client [req-ea88134a-e5ad-48a6-8fa7-4278f218d732 req-ea88134a-e5ad-48a6-8fa7-4278f218d732 ] Request (MultipleCreateTestJSON:_run_cleanups): 200 GET http://10.180.1.21/compute/v2.1/servers/55c1ac8c-190b-4b03-9a68-5287e8186862 0.068s
2025-02-19 11:58:31.776 63747 INFO tempest.lib.common.rest_client [req-b760d37e-a356-449e-a141-8970d9339328 req-b760d37e-a356-449e-a141-8970d9339328 ] Request (ImagesNegativeTestJSON:test_create_image_from_deleted_server): 200 GET http://10.180.1.21/compute/v2.1/servers/416c3bf5-e7a7-4761-b2a3-398c19e274ba 0.065s
2025-02-19 11:58:31.834 63745 INFO tempest.lib.common.rest_client [req-c38861da-f261-4cc4-97c1-5732f6f9d6ea req-c38861da-f261-4cc4-97c1-5732f6f9d6ea ] Request (TenantUsagesTestJSON:setUpClass): 200 GET http://10.180.1.21/compute/v2.1/servers/94c7cdb5-c9cf-4ba4-813f-1d7bacc14a4b 0.054s
2025-02-19 11:58:31.914 63711 INFO tempest.lib.common.rest_client [req-b01ae7ec-3b23-49ec-8c0c-bd16b781ccce req-b01ae7ec-3b23-49ec-8c0c-bd16b781ccce ] Request (DeleteServersTestJSON:test_delete_active_server): 200 GET http://10.180.1.21/compute/v2.1/servers/6d24e41c-9f5e-4fb8-958d-dced808d0d96 0.060s
2025-02-19 11:58:32.031 63705 INFO tempest.lib.common.rest_client [req-95efc651-c209-444b-89ee-7f7669b124b3 req-95efc651-c209-444b-89ee-7f7669b124b3 ] Request (ImagesTestJSON:test_create_image_from_suspended_server): 200 GET http://10.180.1.21/compute/v2.1/servers/e96fe3b3-89d1-41c8-9ee7-66758dcec6f6 0.049s
2025-02-19 11:58:32.077 63751 INFO tempest.lib.common.rest_client [req-afa95684-eb98-48b5-8860-c419f37e31f6 req-afa95684-eb98-48b5-8860-c419f37e31f6 ] Request (ServerMetadataTestJSON:setUpClass): 200 GET http://10.180.1.21/compute/v2.1/servers/7cd4017f-71ba-4dec-a601-7c9e6402940b 0.058s
2025-02-19 11:58:32.090 63735 INFO tempest.lib.common.rest_client [req-520c924b-7f9d-4154-9024-3cb8c0b1d77b req-520c924b-7f9d-4154-9024-3cb8c0b1d77b ] Request (ServersAdminTestJSON:test_create_server_with_scheduling_hint): 200 GET http://10.180.1.21/compute/v2.1/servers/548bd050-c9ac-41ab-9edc-001737f6a54f 0.126s
2025-02-19 11:58:32.126 63699 INFO tempest.lib.common.rest_client [req-68714fbf-dec4-470d-bd61-257e0950fd45 req-68714fbf-dec4-470d-bd61-257e0950fd45 ] Request (SecurityGroupsTestJSON:test_server_security_groups): 200 GET http://10.180.1.21/compute/v2.1/servers/e7d94c92-1a4c-402e-9fcd-060172fb2aaa 0.086s
2025-02-19 11:58:32.152 63755 INFO tempest.lib.common.rest_client [req-4fa72dc5-9f54-4d09-afbd-e2071b6b3718 req-4fa72dc5-9f54-4d09-afbd-e2071b6b3718 ] Request (ServersV294TestFqdnHostnames:setUpClass): 200 GET http://10.180.1.21/compute/v2.1/servers/c73c204e-dde3-4866-8fa9-77547509eecb 0.052s
2025-02-19 11:58:32.188 63731 INFO tempest.lib.common.rest_client [req-8c0b080c-9d62-4063-aea4-1d59705b0473 req-8c0b080c-9d62-4063-aea4-1d59705b0473 ] Request (DeleteServersAdminTestJSON:test_delete_server_while_in_error_state): 200 GET http://10.180.1.21/compute/v2.1/servers/54584ebf-4da5-4fa8-b570-94320d92d80f 0.047s
2025-02-19 11:58:32.274 63719 INFO tempest.lib.common.rest_client [req-884dca7a-91b2-4d0d-ad7b-e3fcde6c2a73 req-884dca7a-91b2-4d0d-ad7b-e3fcde6c2a73 ] Request (ListImageFiltersTestJSON:setUpClass): 200 GET http://10.180.1.21/compute/v2.1/servers/238dda65-7415-46b1-b19d-ae667a1bccce 0.047s
2025-02-19 11:58:32.286 63743 INFO tempest.lib.common.rest_client [req-ed64ebe5-da43-4ad9-abd7-cbdc633c2998 req-ed64ebe5-da43-4ad9-abd7-cbdc633c2998 ] Request (MigrationsAdminTest:test_list_migrations_in_flavor_resize_situation): 200 GET http://10.180.1.21/compute/v2.1/servers/036679d7-7311-4f0e-8223-e0665f640d9f 0.083s
2025-02-19 11:58:32.324 63709 INFO tempest.lib.common.rest_client [req-629eea6d-2c66-4aeb-846f-63cedffe48ae req-629eea6d-2c66-4aeb-846f-63cedffe48ae ] Request (InstanceActionsNegativeTestJSON:setUpClass): 200 GET http://10.180.1.21/compute/v2.1/servers/9906dad7-ea13-4e22-add6-8c1ced6c1efe 0.047s
2025-02-19 11:58:32.496 63723 INFO tempest.lib.common.rest_client [req-4a719ceb-e88a-435f-b570-ba87eb6966c7 req-4a719ceb-e88a-435f-b570-ba87eb6966c7 ] Request (ImagesOneServerTestJSON:test_create_image_specify_multibyte_character_image_name): 200 GET http://10.180.1.21/compute/v2.1/servers/5494d7ba-c756-4dc0-9e35-f2ebbf61f65b 0.107s
2025-02-19 11:58:32.507 63723 INFO tempest.common.waiters [-] State transition "ACTIVE/image_uploading" ==> "ACTIVE/None" after 1 second wait
2025-02-19 11:58:32.612 63707 INFO tempest.lib.common.rest_client [req-6b322b5c-8952-4022-b55f-697679baceb8 req-6b322b5c-8952-4022-b55f-697679baceb8 ] Request (ServerRescueNegativeTestJSON:setUpClass): 200 GET http://10.180.1.21/compute/v2.1/servers/cc13c801-3582-4a42-a196-eac1e4d7d53d 0.174s
2025-02-19 11:58:32.620 63707 INFO tempest.common.waiters [-] State transition "ACTIVE/rescuing" ==> "RESCUE/None" after 7 second wait
2025-02-19 11:58:32.654 63739 INFO tempest.lib.common.rest_client [req-48230c7b-eb80-4410-8836-e3f4f7cf0dfc req-48230c7b-eb80-4410-8836-e3f4f7cf0dfc ] Request (ServerMetadataNegativeTestJSON:setUpClass): 200 GET http://10.180.1.21/compute/v2.1/servers/5b73eae6-9b73-4e85-9c88-90bde97185c7 0.310s
2025-02-19 11:58:32.661 63739 INFO tempest.common.waiters [-] State transition "BUILD/networking" ==> "BUILD/spawning" after 57 second wait
2025-02-19 11:58:32.670 63725 INFO tempest.lib.common.rest_client [req-d87182a9-fa61-466d-94e6-f4cf361cd748 req-d87182a9-fa61-466d-94e6-f4cf361cd748 ] Request (ServerActionsV293TestJSON:setUpClass): 200 GET http://10.180.1.21/compute/v2.1/servers/c27bd37e-eb20-422f-98e3-1935f75d2ab8 0.218s
2025-02-19 11:58:32.706 63697 INFO tempest.lib.common.rest_client [req-9b4eaf16-4426-404f-b40c-042930e9ad2a req-9b4eaf16-4426-404f-b40c-042930e9ad2a ] Request (ServerGroupTestJSON:test_create_server_with_scheduler_hint_group): 200 GET http://10.180.1.21/compute/v2.1/servers/0c44ce17-b9ee-44c0-a36c-87012ec7c10f 0.213s
2025-02-19 11:58:32.768 63723 INFO tempest.lib.common.rest_client [req-f9545e5f-2a75-4758-ae9d-ef9a6fe58f82 req-f9545e5f-2a75-4758-ae9d-ef9a6fe58f82 ] Request (ImagesOneServerTestJSON:tearDownClass): 204 DELETE http://10.180.1.21/compute/v2.1/images/4c28cd79-b361-4391-84f2-7d11046dd6cc 0.260s
2025-02-19 11:58:32.778 63721 INFO tempest.lib.common.rest_client [req-aed4e518-6d53-49c8-bd2d-85665dc6a61c req-aed4e518-6d53-49c8-bd2d-85665dc6a61c ] Request (FloatingIPsAssociationNegativeTestJSON:tearDownClass): 200 GET http://10.180.1.21/compute/v2.1/servers/06c063a5-6625-4f14-a958-f5c1f9b9e945 0.268s
2025-02-19 11:58:32.828 63727 INFO tempest.lib.common.rest_client [req-d99a0372-4198-46d9-8695-891922cc596f req-d99a0372-4198-46d9-8695-891922cc596f ] Request (ServerAddressesTestJSON:setUpClass): 200 GET http://10.180.1.21/compute/v2.1/servers/40e47931-2f45-4086-99da-6209163d7113 0.284s
2025-02-19 11:58:32.836 63715 INFO tempest.lib.common.rest_client [req-37235d93-94a2-425c-9da7-e3ab0674d529 req-37235d93-94a2-425c-9da7-e3ab0674d529 ] Request (InstanceActionsV221TestJSON:test_get_list_deleted_instance_actions): 200 GET http://10.180.1.21/compute/v2.1/servers/02c68897-0efd-483b-88bb-11f586047a52 0.279s
2025-02-19 11:58:32.881 63703 INFO tempest.lib.common.rest_client [req-d71e80ee-3e65-4893-97b8-7438f375cbdb req-d71e80ee-3e65-4893-97b8-7438f375cbdb ] Request (ServersTestBootFromVolume:setUpClass): 200 GET http://10.180.1.21/compute/v2.1/servers/8afa705a-cd78-4316-956a-26313220cb4d 0.293s
2025-02-19 11:58:32.884 63749 INFO tempest.lib.common.rest_client [req-ce74db2d-2b86-4b25-a820-ada294adc542 req-ce74db2d-2b86-4b25-a820-ada294adc542 ] Request (FloatingIPsAssociationTestJSON:setUpClass): 200 GET http://10.180.1.21/compute/v2.1/servers/382627f1-55a3-40cb-b8a8-4a092541cbcb 0.286s
2025-02-19 11:58:32.945 63717 INFO tempest.lib.common.rest_client [req-67814b50-3a52-46d5-9f0a-063f02e8ebdb req-67814b50-3a52-46d5-9f0a-063f02e8ebdb ] Request (AttachInterfacesTestJSON:test_create_list_show_delete_interfaces_by_fixed_ip): 200 GET http://10.180.1.21/compute/v2.1/servers/fba8dbd8-4229-45ca-a1dd-073403ada8e2 0.308s
2025-02-19 11:58:32.965 63737 INFO tempest.lib.common.rest_client [req-66da0565-38ab-4cc5-b0d2-9eaf67d5a8ef req-66da0565-38ab-4cc5-b0d2-9eaf67d5a8ef ] Request (MultipleCreateTestJSON:_run_cleanups): 404 GET http://10.180.1.21/compute/v2.1/servers/55c1ac8c-190b-4b03-9a68-5287e8186862 0.260s
2025-02-19 11:58:32.984 63723 INFO tempest.lib.common.rest_client [req-81865b0e-9209-4e93-8328-73e47bf3672e req-81865b0e-9209-4e93-8328-73e47bf3672e ] Request (ImagesOneServerTestJSON:tearDownClass): 404 DELETE http://10.180.1.21/compute/v2.1/images/ab76ee79-97b8-4935-9f1f-bac8e91eddcc 0.215s
2025-02-19 11:58:33.029 63707 INFO tempest.lib.common.rest_client [req-2c2fdf13-45ae-4c32-9b8a-0b0adea0b5d3 req-2c2fdf13-45ae-4c32-9b8a-0b0adea0b5d3 ] Request (ServerRescueNegativeTestJSON:setUpClass): 200 GET http://10.180.1.21/compute/v2.1/servers/98361a6b-ae46-49da-82c5-612246fafa86 0.409s
2025-02-19 11:58:33.042 63737 INFO tempest.lib.common.rest_client [req-fdd292b7-dc53-44f0-bd84-9976190743d6 req-fdd292b7-dc53-44f0-bd84-9976190743d6 ] Request (MultipleCreateTestJSON:test_multiple_create_with_reservation_return): 201 POST http://10.180.1.21/identity/v3/auth/tokens 0.071s
2025-02-19 11:58:33.043 63737 INFO tempest.lib.common.fixed_network [-] (MultipleCreateTestJSON:test_multiple_create_with_reservation_return) Found network {'id': 'a30f27b8-6f73-4ecf-9f88-d5e597777e40', 'name': 'tempest-MultipleCreateTestJSON-1378455185-network', 'tenant_id': '8d999f9de986472287f25920cb75a1d5', 'admin_state_up': True, 'mtu': 8950, 'status': 'ACTIVE', 'subnets': [], 'shared': False, 'project_id': '8d999f9de986472287f25920cb75a1d5', 'port_security_enabled': True, 'router:external': False, 'provider:network_type': 'vlan', 'provider:physical_network': 'default', 'provider:segmentation_id': 255, 'availability_zone_hints': [], 'availability_zones': [], 'ipv4_address_scope': None, 'ipv6_address_scope': None, 'description': '', 'tags': [], 'created_at': '2025-02-19T11:56:56Z', 'updated_at': '2025-02-19T11:56:57Z', 'revision_number': 1} available for tenant
2025-02-19 11:58:33.050 63747 INFO tempest.lib.common.rest_client [req-74b970c5-a8e9-49e3-b2d1-e27361620893 req-74b970c5-a8e9-49e3-b2d1-e27361620893 ] Request (ImagesNegativeTestJSON:test_create_image_from_deleted_server): 200 GET http://10.180.1.21/compute/v2.1/servers/416c3bf5-e7a7-4761-b2a3-398c19e274ba 0.264s
2025-02-19 11:58:33.083 63745 INFO tempest.lib.common.rest_client [req-7a72d2ea-88a8-4a29-8d7a-87a11d7be26e req-7a72d2ea-88a8-4a29-8d7a-87a11d7be26e ] Request (TenantUsagesTestJSON:setUpClass): 200 GET http://10.180.1.21/compute/v2.1/servers/94c7cdb5-c9cf-4ba4-813f-1d7bacc14a4b 0.241s
2025-02-19 11:58:33.117 63711 INFO tempest.lib.common.rest_client [req-a4613fed-2876-4d9f-8126-dfc86df18d50 req-a4613fed-2876-4d9f-8126-dfc86df18d50 ] Request (DeleteServersTestJSON:test_delete_active_server): 200 GET http://10.180.1.21/compute/v2.1/servers/6d24e41c-9f5e-4fb8-958d-dced808d0d96 0.194s
2025-02-19 11:58:33.136 63707 INFO tempest.lib.common.rest_client [req-c5da493a-0e2b-4dbc-834b-ab61f6153d26 req-c5da493a-0e2b-4dbc-834b-ab61f6153d26 ] Request (ServerRescueNegativeTestJSON:test_rescue_non_existent_server): 404 POST http://10.180.1.21/compute/v2.1/servers/187caa4d-d3e1-4ce1-9cad-d78dd47e9a1e/action 0.096s
2025-02-19 11:58:33.206 63705 INFO tempest.lib.common.rest_client [req-b8cc843c-c294-4a2f-aeae-cad8e3496a07 req-b8cc843c-c294-4a2f-aeae-cad8e3496a07 ] Request (ImagesTestJSON:test_create_image_from_suspended_server): 200 GET http://10.180.1.21/compute/v2.1/servers/e96fe3b3-89d1-41c8-9ee7-66758dcec6f6 0.164s
2025-02-19 11:58:33.232 63723 INFO tempest.lib.common.rest_client [req-6f892a9d-fa30-469a-bbcc-c25fd222b6ed req-6f892a9d-fa30-469a-bbcc-c25fd222b6ed ] Request (ImagesOneServerTestJSON:tearDownClass): 204 DELETE http://10.180.1.21/compute/v2.1/servers/5494d7ba-c756-4dc0-9e35-f2ebbf61f65b 0.248s
2025-02-19 11:58:33.287 63751 INFO tempest.lib.common.rest_client [req-9e085a05-152e-4cd3-9350-1cdca20da267 req-9e085a05-152e-4cd3-9350-1cdca20da267 ] Request (ServerMetadataTestJSON:setUpClass): 200 GET http://10.180.1.21/compute/v2.1/servers/7cd4017f-71ba-4dec-a601-7c9e6402940b 0.199s
2025-02-19 11:58:33.310 63707 INFO tempest.lib.common.rest_client [req-07edff65-becb-458b-b245-c63862a7a767 req-07edff65-becb-458b-b245-c63862a7a767 ] Request (ServerRescueNegativeTestJSON:test_rescued_vm_attach_volume): 202 POST http://10.180.1.21/volume/v3/volumes 0.172s
2025-02-19 11:58:33.340 63707 INFO tempest.lib.common.rest_client [req-7fdfb4ea-2e60-4c92-9d6d-d3fbb3d7b11c req-7fdfb4ea-2e60-4c92-9d6d-d3fbb3d7b11c ] Request (ServerRescueNegativeTestJSON:test_rescued_vm_attach_volume): 200 GET http://10.180.1.21/volume/v3/volumes/ed2262b8-85bb-4194-ae81-652d8f238269 0.023s
2025-02-19 11:58:33.408 63735 INFO tempest.lib.common.rest_client [req-85669830-1286-4ce1-87e9-37ce94d5469f req-85669830-1286-4ce1-87e9-37ce94d5469f ] Request (ServersAdminTestJSON:test_create_server_with_scheduling_hint): 200 GET http://10.180.1.21/compute/v2.1/servers/548bd050-c9ac-41ab-9edc-001737f6a54f 0.311s
2025-02-19 11:58:33.456 63699 INFO tempest.lib.common.rest_client [req-716b82a1-1ce5-4890-b22d-5cb324505dba req-716b82a1-1ce5-4890-b22d-5cb324505dba ] Request (SecurityGroupsTestJSON:test_server_security_groups): 200 GET http://10.180.1.21/compute/v2.1/servers/e7d94c92-1a4c-402e-9fcd-060172fb2aaa 0.321s
2025-02-19 11:58:33.510 63755 INFO tempest.lib.common.rest_client [req-30f11550-9cff-46cd-9762-c27c27034e4c req-30f11550-9cff-46cd-9762-c27c27034e4c ] Request (ServersV294TestFqdnHostnames:setUpClass): 200 GET http://10.180.1.21/compute/v2.1/servers/c73c204e-dde3-4866-8fa9-77547509eecb 0.348s
2025-02-19 11:58:33.518 63737 INFO tempest.lib.common.rest_client [req-24f1f4b8-5d75-45ba-8ace-caf537d5dacc req-24f1f4b8-5d75-45ba-8ace-caf537d5dacc ] Request (MultipleCreateTestJSON:test_multiple_create_with_reservation_return): 202 POST http://10.180.1.21/compute/v2.1/servers 0.475s
2025-02-19 11:58:33.553 63731 INFO tempest.lib.common.rest_client [req-10c83267-b8d3-4f84-9b41-0b8bab55a937 req-10c83267-b8d3-4f84-9b41-0b8bab55a937 ] Request (DeleteServersAdminTestJSON:test_delete_server_while_in_error_state): 200 GET http://10.180.1.21/compute/v2.1/servers/54584ebf-4da5-4fa8-b570-94320d92d80f 0.357s
2025-02-19 11:58:33.599 63719 INFO tempest.lib.common.rest_client [req-6248e73f-0c55-43dc-8146-87592441e224 req-6248e73f-0c55-43dc-8146-87592441e224 ] Request (ListImageFiltersTestJSON:setUpClass): 200 GET http://10.180.1.21/compute/v2.1/servers/238dda65-7415-46b1-b19d-ae667a1bccce 0.317s
2025-02-19 11:58:33.607 63723 INFO tempest.lib.common.rest_client [req-ce0d36de-36c5-45b4-bcb6-e434ac4a52ef req-ce0d36de-36c5-45b4-bcb6-e434ac4a52ef ] Request (ImagesOneServerTestJSON:tearDownClass): 200 GET http://10.180.1.21/compute/v2.1/servers/5494d7ba-c756-4dc0-9e35-f2ebbf61f65b 0.375s
2025-02-19 11:58:33.668 63709 INFO tempest.lib.common.rest_client [req-3ce2e38b-a2be-44b1-a2a5-407682c0fbe5 req-3ce2e38b-a2be-44b1-a2a5-407682c0fbe5 ] Request (InstanceActionsNegativeTestJSON:setUpClass): 200 GET http://10.180.1.21/compute/v2.1/servers/9906dad7-ea13-4e22-add6-8c1ced6c1efe 0.337s
2025-02-19 11:58:33.696 63743 INFO tempest.lib.common.rest_client [req-56b19588-d951-4326-ade9-b5aa091dd6f0 req-56b19588-d951-4326-ade9-b5aa091dd6f0 ] Request (MigrationsAdminTest:test_list_migrations_in_flavor_resize_situation): 200 GET http://10.180.1.21/compute/v2.1/servers/036679d7-7311-4f0e-8223-e0665f640d9f 0.403s
2025-02-19 11:58:33.710 63737 INFO tempest.lib.common.rest_client [req-13bafa06-b950-4795-82bb-0a9b70d2924e req-13bafa06-b950-4795-82bb-0a9b70d2924e ] Request (MultipleCreateTestJSON:test_multiple_create_with_reservation_return): 200 GET http://10.180.1.21/compute/v2.1/servers 0.190s
2025-02-19 11:58:33.769 63725 INFO tempest.lib.common.rest_client [req-eed74988-92f2-4eea-8545-85c4ca7ba435 req-eed74988-92f2-4eea-8545-85c4ca7ba435 ] Request (ServerActionsV293TestJSON:setUpClass): 200 GET http://10.180.1.21/compute/v2.1/servers/c27bd37e-eb20-422f-98e3-1935f75d2ab8 0.088s
2025-02-19 11:58:33.804 63739 INFO tempest.lib.common.rest_client [req-c384dc43-7fdf-4932-901e-f5a1c0afd13c req-c384dc43-7fdf-4932-901e-f5a1c0afd13c ] Request (ServerMetadataNegativeTestJSON:setUpClass): 200 GET http://10.180.1.21/compute/v2.1/servers/5b73eae6-9b73-4e85-9c88-90bde97185c7 0.141s
2025-02-19 11:58:33.810 63737 INFO tempest.lib.common.rest_client [req-d6b870a7-1e3e-4e2b-a9ef-397396169486 req-d6b870a7-1e3e-4e2b-a9ef-397396169486 ] Request (MultipleCreateTestJSON:test_multiple_create_with_reservation_return): 200 GET http://10.180.1.21/compute/v2.1/servers/d0a7bd97-b898-4221-b33e-6e9081391cfd 0.098s
2025-02-19 11:58:33.848 63697 INFO tempest.lib.common.rest_client [req-d4b47342-51d6-49c5-b9d6-7493eb80dfcc req-d4b47342-51d6-49c5-b9d6-7493eb80dfcc ] Request (ServerGroupTestJSON:test_create_server_with_scheduler_hint_group): 200 GET http://10.180.1.21/compute/v2.1/servers/0c44ce17-b9ee-44c0-a36c-87012ec7c10f 0.132s
2025-02-19 11:58:33.860 63721 INFO tempest.lib.common.rest_client [req-71c32fc0-06d3-454d-8bb6-0e7c6570cb43 req-71c32fc0-06d3-454d-8bb6-0e7c6570cb43 ] Request (FloatingIPsAssociationNegativeTestJSON:tearDownClass): 200 GET http://10.180.1.21/compute/v2.1/servers/06c063a5-6625-4f14-a958-f5c1f9b9e945 0.074s
2025-02-19 11:58:33.891 63727 INFO tempest.lib.common.rest_client [req-54d58094-4f90-4a71-b7c1-bb953521b73b req-54d58094-4f90-4a71-b7c1-bb953521b73b ] Request (ServerAddressesTestJSON:setUpClass): 200 GET http://10.180.1.21/compute/v2.1/servers/40e47931-2f45-4086-99da-6209163d7113 0.053s
2025-02-19 11:58:33.909 63715 INFO tempest.lib.common.rest_client [req-a6323fcf-5791-416c-8a50-06f906dba740 req-a6323fcf-5791-416c-8a50-06f906dba740 ] Request (InstanceActionsV221TestJSON:test_get_list_deleted_instance_actions): 200 GET http://10.180.1.21/compute/v2.1/servers/02c68897-0efd-483b-88bb-11f586047a52 0.061s
2025-02-19 11:58:33.934 63703 INFO tempest.lib.common.rest_client [req-797c656c-ede9-40aa-ae50-7193875f578e req-797c656c-ede9-40aa-ae50-7193875f578e ] Request (ServersTestBootFromVolume:setUpClass): 200 GET http://10.180.1.21/compute/v2.1/servers/8afa705a-cd78-4316-956a-26313220cb4d 0.046s
2025-02-19 11:58:33.953 63749 INFO tempest.lib.common.rest_client [req-7532bd64-4c30-40a7-a162-4e5b9314a832 req-7532bd64-4c30-40a7-a162-4e5b9314a832 ] Request (FloatingIPsAssociationTestJSON:setUpClass): 200 GET http://10.180.1.21/compute/v2.1/servers/382627f1-55a3-40cb-b8a8-4a092541cbcb 0.060s
2025-02-19 11:58:33.999 63717 INFO tempest.lib.common.rest_client [req-2a60e210-683c-4ddf-84e4-44c8410b08ff req-2a60e210-683c-4ddf-84e4-44c8410b08ff ] Request (AttachInterfacesTestJSON:test_create_list_show_delete_interfaces_by_fixed_ip): 200 GET http://10.180.1.21/compute/v2.1/servers/fba8dbd8-4229-45ca-a1dd-073403ada8e2 0.047s
2025-02-19 11:58:34.113 63747 INFO tempest.lib.common.rest_client [req-e5e455af-b712-4a78-9fee-66346c3290d5 req-e5e455af-b712-4a78-9fee-66346c3290d5 ] Request (ImagesNegativeTestJSON:test_create_image_from_deleted_server): 200 GET http://10.180.1.21/compute/v2.1/servers/416c3bf5-e7a7-4761-b2a3-398c19e274ba 0.055s
2025-02-19 11:58:34.145 63745 INFO tempest.lib.common.rest_client [req-35183829-bef2-49cf-b73b-dca989c03ef2 req-35183829-bef2-49cf-b73b-dca989c03ef2 ] Request (TenantUsagesTestJSON:setUpClass): 200 GET http://10.180.1.21/compute/v2.1/servers/94c7cdb5-c9cf-4ba4-813f-1d7bacc14a4b 0.051s
2025-02-19 11:58:34.185 63711 INFO tempest.lib.common.rest_client [req-55342faa-6d3e-49ab-87c6-f46290fecbda req-55342faa-6d3e-49ab-87c6-f46290fecbda ] Request (DeleteServersTestJSON:test_delete_active_server): 200 GET http://10.180.1.21/compute/v2.1/servers/6d24e41c-9f5e-4fb8-958d-dced808d0d96 0.055s
2025-02-19 11:58:34.275 63705 INFO tempest.lib.common.rest_client [req-cf9bc0c6-aff5-4db6-a099-1018959c20d7 req-cf9bc0c6-aff5-4db6-a099-1018959c20d7 ] Request (ImagesTestJSON:test_create_image_from_suspended_server): 200 GET http://10.180.1.21/compute/v2.1/servers/e96fe3b3-89d1-41c8-9ee7-66758dcec6f6 0.059s
2025-02-19 11:58:34.347 63751 INFO tempest.lib.common.rest_client [req-9434693e-9126-4bdc-815a-284993866670 req-9434693e-9126-4bdc-815a-284993866670 ] Request (ServerMetadataTestJSON:setUpClass): 200 GET http://10.180.1.21/compute/v2.1/servers/7cd4017f-71ba-4dec-a601-7c9e6402940b 0.052s
2025-02-19 11:58:34.375 63707 INFO tempest.lib.common.rest_client [req-cff72237-f5a0-4200-8680-0d9fc6af6f1d req-cff72237-f5a0-4200-8680-0d9fc6af6f1d ] Request (ServerRescueNegativeTestJSON:test_rescued_vm_attach_volume): 200 GET http://10.180.1.21/volume/v3/volumes/ed2262b8-85bb-4194-ae81-652d8f238269 0.027s
2025-02-19 11:58:34.382 63707 INFO tempest.common.waiters [-] volume ed2262b8-85bb-4194-ae81-652d8f238269 reached available after waiting for 1.381977 seconds
2025-02-19 11:58:34.466 63707 INFO tempest.lib.common.rest_client [req-e68af731-420a-4670-918f-9bc8ce9586e9 req-e68af731-420a-4670-918f-9bc8ce9586e9 ] Request (ServerRescueNegativeTestJSON:test_rescued_vm_attach_volume): 200 POST http://10.180.1.21/compute/v2.1/servers/98361a6b-ae46-49da-82c5-612246fafa86/action 0.084s
2025-02-19 11:58:34.517 63735 INFO tempest.lib.common.rest_client [req-4a147c0f-a838-46cb-8452-24cbec642c79 req-4a147c0f-a838-46cb-8452-24cbec642c79 ] Request (ServersAdminTestJSON:test_create_server_with_scheduling_hint): 200 GET http://10.180.1.21/compute/v2.1/servers/548bd050-c9ac-41ab-9edc-001737f6a54f 0.102s
2025-02-19 11:58:34.517 63699 INFO tempest.lib.common.rest_client [req-a55f0bff-d06e-4094-a588-df0634980fc9 req-a55f0bff-d06e-4094-a588-df0634980fc9 ] Request (SecurityGroupsTestJSON:test_server_security_groups): 200 GET http://10.180.1.21/compute/v2.1/servers/e7d94c92-1a4c-402e-9fcd-060172fb2aaa 0.054s
2025-02-19 11:58:34.589 63755 INFO tempest.lib.common.rest_client [req-cee3bba3-ae5a-4a08-b7ad-79f2e13c5103 req-cee3bba3-ae5a-4a08-b7ad-79f2e13c5103 ] Request (ServersV294TestFqdnHostnames:setUpClass): 200 GET http://10.180.1.21/compute/v2.1/servers/c73c204e-dde3-4866-8fa9-77547509eecb 0.064s
2025-02-19 11:58:34.626 63707 INFO tempest.lib.common.rest_client [req-d09d5e4c-d887-48dd-81ac-c8f3c6319eae req-d09d5e4c-d887-48dd-81ac-c8f3c6319eae ] Request (ServerRescueNegativeTestJSON:test_rescued_vm_attach_volume): 200 GET http://10.180.1.21/compute/v2.1/servers/98361a6b-ae46-49da-82c5-612246fafa86 0.159s
2025-02-19 11:58:34.631 63731 INFO tempest.lib.common.rest_client [req-6810eb99-2ab4-4eff-a566-eab3eadcae53 req-6810eb99-2ab4-4eff-a566-eab3eadcae53 ] Request (DeleteServersAdminTestJSON:test_delete_server_while_in_error_state): 200 GET http://10.180.1.21/compute/v2.1/servers/54584ebf-4da5-4fa8-b570-94320d92d80f 0.069s
2025-02-19 11:58:34.673 63719 INFO tempest.lib.common.rest_client [req-e1f1f98e-77e7-4db7-83f5-5bdb4dc33b0d req-e1f1f98e-77e7-4db7-83f5-5bdb4dc33b0d ] Request (ListImageFiltersTestJSON:setUpClass): 200 GET http://10.180.1.21/compute/v2.1/servers/238dda65-7415-46b1-b19d-ae667a1bccce 0.066s
2025-02-19 11:58:34.722 63723 INFO tempest.lib.common.rest_client [req-149fabcd-161a-4aec-9d64-cda04f56d6d4 req-149fabcd-161a-4aec-9d64-cda04f56d6d4 ] Request (ImagesOneServerTestJSON:tearDownClass): 200 GET http://10.180.1.21/compute/v2.1/servers/5494d7ba-c756-4dc0-9e35-f2ebbf61f65b 0.107s
2025-02-19 11:58:34.727 63709 INFO tempest.lib.common.rest_client [req-71cf1b93-aab0-4207-8b28-99625c1d9dd1 req-71cf1b93-aab0-4207-8b28-99625c1d9dd1 ] Request (InstanceActionsNegativeTestJSON:setUpClass): 200 GET http://10.180.1.21/compute/v2.1/servers/9906dad7-ea13-4e22-add6-8c1ced6c1efe 0.051s
2025-02-19 11:58:34.775 63713 WARNING tempest.lib.common.ssh [-] Failed to establish authenticated ssh connection to cirros@10.180.180.155 ([Errno None] Unable to connect to port 22 on 10.180.180.155). Number attempts: 7. Retry after 8 seconds.: paramiko.ssh_exception.NoValidConnectionsError: [Errno None] Unable to connect to port 22 on 10.180.180.155
2025-02-19 11:58:34.805 63743 INFO tempest.lib.common.rest_client [req-ed653179-6e84-4fad-be1b-65555686928a req-ed653179-6e84-4fad-be1b-65555686928a ] Request (MigrationsAdminTest:test_list_migrations_in_flavor_resize_situation): 200 GET http://10.180.1.21/compute/v2.1/servers/036679d7-7311-4f0e-8223-e0665f640d9f 0.100s
2025-02-19 11:58:34.834 63725 INFO tempest.lib.common.rest_client [req-1a43d428-eb13-46e8-971f-a26136b710c9 req-1a43d428-eb13-46e8-971f-a26136b710c9 ] Request (ServerActionsV293TestJSON:setUpClass): 200 GET http://10.180.1.21/compute/v2.1/servers/c27bd37e-eb20-422f-98e3-1935f75d2ab8 0.055s
2025-02-19 11:58:34.879 63737 INFO tempest.lib.common.rest_client [req-c5bb78d4-64d0-42e5-b348-17f85217a187 req-c5bb78d4-64d0-42e5-b348-17f85217a187 ] Request (MultipleCreateTestJSON:test_multiple_create_with_reservation_return): 200 GET http://10.180.1.21/compute/v2.1/servers/d0a7bd97-b898-4221-b33e-6e9081391cfd 0.060s
2025-02-19 11:58:34.901 63739 INFO tempest.lib.common.rest_client [req-7f505a1c-bbcc-4d47-b503-48c33e9d1f58 req-7f505a1c-bbcc-4d47-b503-48c33e9d1f58 ] Request (ServerMetadataNegativeTestJSON:setUpClass): 200 GET http://10.180.1.21/compute/v2.1/servers/5b73eae6-9b73-4e85-9c88-90bde97185c7 0.089s
2025-02-19 11:58:34.929 63697 INFO tempest.lib.common.rest_client [req-cb6ddb30-5ab9-418a-89a1-55acfe9d575a req-cb6ddb30-5ab9-418a-89a1-55acfe9d575a ] Request (ServerGroupTestJSON:test_create_server_with_scheduler_hint_group): 200 GET http://10.180.1.21/compute/v2.1/servers/0c44ce17-b9ee-44c0-a36c-87012ec7c10f 0.073s
2025-02-19 11:58:34.956 63721 INFO tempest.lib.common.rest_client [req-148fd723-60a6-496e-b0c9-72bb3e62cadb req-148fd723-60a6-496e-b0c9-72bb3e62cadb ] Request (FloatingIPsAssociationNegativeTestJSON:tearDownClass): 200 GET http://10.180.1.21/compute/v2.1/servers/06c063a5-6625-4f14-a958-f5c1f9b9e945 0.089s
2025-02-19 11:58:34.975 63727 INFO tempest.lib.common.rest_client [req-a78d750f-e666-41eb-a974-ebf28b512427 req-a78d750f-e666-41eb-a974-ebf28b512427 ] Request (ServerAddressesTestJSON:setUpClass): 200 GET http://10.180.1.21/compute/v2.1/servers/40e47931-2f45-4086-99da-6209163d7113 0.076s
2025-02-19 11:58:35.005 63715 INFO tempest.lib.common.rest_client [req-6f6c63b0-b6ef-41ed-b0f5-a9f73cb6d082 req-6f6c63b0-b6ef-41ed-b0f5-a9f73cb6d082 ] Request (InstanceActionsV221TestJSON:test_get_list_deleted_instance_actions): 200 GET http://10.180.1.21/compute/v2.1/servers/02c68897-0efd-483b-88bb-11f586047a52 0.082s
2025-02-19 11:58:35.018 63703 INFO tempest.lib.common.rest_client [req-703da64b-ffe8-4355-bbcd-c5ff5e041878 req-703da64b-ffe8-4355-bbcd-c5ff5e041878 ] Request (ServersTestBootFromVolume:setUpClass): 200 GET http://10.180.1.21/compute/v2.1/servers/8afa705a-cd78-4316-956a-26313220cb4d 0.075s
2025-02-19 11:58:35.049 63749 INFO tempest.lib.common.rest_client [req-047096d2-724e-4230-b7e8-88b2f295ada7 req-047096d2-724e-4230-b7e8-88b2f295ada7 ] Request (FloatingIPsAssociationTestJSON:setUpClass): 200 GET http://10.180.1.21/compute/v2.1/servers/382627f1-55a3-40cb-b8a8-4a092541cbcb 0.089s
2025-02-19 11:58:35.061 63717 INFO tempest.lib.common.rest_client [req-cf8b6469-f162-45d7-811f-2c051d45689e req-cf8b6469-f162-45d7-811f-2c051d45689e ] Request (AttachInterfacesTestJSON:test_create_list_show_delete_interfaces_by_fixed_ip): 200 GET http://10.180.1.21/compute/v2.1/servers/fba8dbd8-4229-45ca-a1dd-073403ada8e2 0.055s
2025-02-19 11:58:35.174 63747 INFO tempest.lib.common.rest_client [req-fc3c984b-b6e4-44a5-8485-74a870b4bd9a req-fc3c984b-b6e4-44a5-8485-74a870b4bd9a ] Request (ImagesNegativeTestJSON:test_create_image_from_deleted_server): 200 GET http://10.180.1.21/compute/v2.1/servers/416c3bf5-e7a7-4761-b2a3-398c19e274ba 0.054s
2025-02-19 11:58:35.200 63745 INFO tempest.lib.common.rest_client [req-3890dfe6-3fa7-4bec-867d-ff062cf9c66c req-3890dfe6-3fa7-4bec-867d-ff062cf9c66c ] Request (TenantUsagesTestJSON:setUpClass): 200 GET http://10.180.1.21/compute/v2.1/servers/94c7cdb5-c9cf-4ba4-813f-1d7bacc14a4b 0.047s
2025-02-19 11:58:35.247 63711 INFO tempest.lib.common.rest_client [req-bcace001-0ce1-4980-9d51-9afec6f2c31e req-bcace001-0ce1-4980-9d51-9afec6f2c31e ] Request (DeleteServersTestJSON:test_delete_active_server): 200 GET http://10.180.1.21/compute/v2.1/servers/6d24e41c-9f5e-4fb8-958d-dced808d0d96 0.052s
2025-02-19 11:58:35.328 63705 INFO tempest.lib.common.rest_client [req-5975b66a-168a-4e41-922a-f32b4fdb0963 req-5975b66a-168a-4e41-922a-f32b4fdb0963 ] Request (ImagesTestJSON:test_create_image_from_suspended_server): 200 GET http://10.180.1.21/compute/v2.1/servers/e96fe3b3-89d1-41c8-9ee7-66758dcec6f6 0.046s
2025-02-19 11:58:35.404 63751 INFO tempest.lib.common.rest_client [req-5435b5a8-ca3d-4378-bdb7-10f80b176891 req-5435b5a8-ca3d-4378-bdb7-10f80b176891 ] Request (ServerMetadataTestJSON:setUpClass): 200 GET http://10.180.1.21/compute/v2.1/servers/7cd4017f-71ba-4dec-a601-7c9e6402940b 0.049s
2025-02-19 11:58:35.588 63699 INFO tempest.lib.common.rest_client [req-da3007b5-2b0c-4e52-9141-22fc797af313 req-da3007b5-2b0c-4e52-9141-22fc797af313 ] Request (SecurityGroupsTestJSON:test_server_security_groups): 200 GET http://10.180.1.21/compute/v2.1/servers/e7d94c92-1a4c-402e-9fcd-060172fb2aaa 0.063s
2025-02-19 11:58:35.667 63755 INFO tempest.lib.common.rest_client [req-800e1f6c-0ff9-4c33-b11d-fb88e317e374 req-800e1f6c-0ff9-4c33-b11d-fb88e317e374 ] Request (ServersV294TestFqdnHostnames:setUpClass): 200 GET http://10.180.1.21/compute/v2.1/servers/c73c204e-dde3-4866-8fa9-77547509eecb 0.063s
2025-02-19 11:58:35.847 63707 INFO tempest.lib.common.rest_client [req-ef779a4a-08ff-468d-b088-742f2d177cb1 req-ef779a4a-08ff-468d-b088-742f2d177cb1 ] Request (ServerRescueNegativeTestJSON:test_rescued_vm_attach_volume): 200 GET http://10.180.1.21/compute/v2.1/servers/98361a6b-ae46-49da-82c5-612246fafa86 0.213s
2025-02-19 11:58:35.878 63735 INFO tempest.lib.common.rest_client [req-cf78bd00-a3f3-4cb8-a4ea-43baf831d7ab req-cf78bd00-a3f3-4cb8-a4ea-43baf831d7ab ] Request (ServersAdminTestJSON:test_create_server_with_scheduling_hint): 200 GET http://10.180.1.21/compute/v2.1/servers/548bd050-c9ac-41ab-9edc-001737f6a54f 0.352s
2025-02-19 11:58:35.927 63731 INFO tempest.lib.common.rest_client [req-71e9965a-7bce-4b77-924d-a625f41d9f24 req-71e9965a-7bce-4b77-924d-a625f41d9f24 ] Request (DeleteServersAdminTestJSON:test_delete_server_while_in_error_state): 200 GET http://10.180.1.21/compute/v2.1/servers/54584ebf-4da5-4fa8-b570-94320d92d80f 0.288s
2025-02-19 11:58:35.945 63719 INFO tempest.lib.common.rest_client [req-21a0655e-e142-45e2-a3db-be76f36abbf9 req-21a0655e-e142-45e2-a3db-be76f36abbf9 ] Request (ListImageFiltersTestJSON:setUpClass): 200 GET http://10.180.1.21/compute/v2.1/servers/238dda65-7415-46b1-b19d-ae667a1bccce 0.264s
2025-02-19 11:58:35.993 63709 INFO tempest.lib.common.rest_client [req-c6b5e800-2f4e-42d2-9de3-328cc9336d81 req-c6b5e800-2f4e-42d2-9de3-328cc9336d81 ] Request (InstanceActionsNegativeTestJSON:setUpClass): 200 GET http://10.180.1.21/compute/v2.1/servers/9906dad7-ea13-4e22-add6-8c1ced6c1efe 0.256s
2025-02-19 11:58:35.998 63723 INFO tempest.lib.common.rest_client [req-680e28a5-6938-42e5-990c-30326a13d3a1 req-680e28a5-6938-42e5-990c-30326a13d3a1 ] Request (ImagesOneServerTestJSON:tearDownClass): 200 GET http://10.180.1.21/compute/v2.1/servers/5494d7ba-c756-4dc0-9e35-f2ebbf61f65b 0.269s
2025-02-19 11:58:36.070 63725 INFO tempest.lib.common.rest_client [req-62e22b08-c620-43b9-b9df-fcdb8b358ac3 req-62e22b08-c620-43b9-b9df-fcdb8b358ac3 ] Request (ServerActionsV293TestJSON:setUpClass): 200 GET http://10.180.1.21/compute/v2.1/servers/c27bd37e-eb20-422f-98e3-1935f75d2ab8 0.226s
2025-02-19 11:58:36.096 63743 INFO tempest.lib.common.rest_client [req-d82cee09-51e1-422a-90e2-a4e7dad8a5f6 req-d82cee09-51e1-422a-90e2-a4e7dad8a5f6 ] Request (MigrationsAdminTest:test_list_migrations_in_flavor_resize_situation): 200 GET http://10.180.1.21/compute/v2.1/servers/036679d7-7311-4f0e-8223-e0665f640d9f 0.282s
2025-02-19 11:58:36.118 63737 INFO tempest.lib.common.rest_client [req-eb86248b-0c35-42d9-a6c7-ffa00212a50c req-eb86248b-0c35-42d9-a6c7-ffa00212a50c ] Request (MultipleCreateTestJSON:test_multiple_create_with_reservation_return): 200 GET http://10.180.1.21/compute/v2.1/servers/d0a7bd97-b898-4221-b33e-6e9081391cfd 0.231s
2025-02-19 11:58:36.177 63697 INFO tempest.lib.common.rest_client [req-7d081193-7b9c-445e-9900-4bb0d2661e76 req-7d081193-7b9c-445e-9900-4bb0d2661e76 ] Request (ServerGroupTestJSON:test_create_server_with_scheduler_hint_group): 200 GET http://10.180.1.21/compute/v2.1/servers/0c44ce17-b9ee-44c0-a36c-87012ec7c10f 0.240s
2025-02-19 11:58:36.192 63739 INFO tempest.lib.common.rest_client [req-62806ae8-41e3-4438-9107-e0c365f6be35 req-62806ae8-41e3-4438-9107-e0c365f6be35 ] Request (ServerMetadataNegativeTestJSON:setUpClass): 200 GET http://10.180.1.21/compute/v2.1/servers/5b73eae6-9b73-4e85-9c88-90bde97185c7 0.283s
2025-02-19 11:58:36.249 63721 INFO tempest.lib.common.rest_client [req-44e2dbb2-11d5-47e9-bc2e-24f980a230e6 req-44e2dbb2-11d5-47e9-bc2e-24f980a230e6 ] Request (FloatingIPsAssociationNegativeTestJSON:tearDownClass): 200 GET http://10.180.1.21/compute/v2.1/servers/06c063a5-6625-4f14-a958-f5c1f9b9e945 0.284s
2025-02-19 11:58:36.253 63727 INFO tempest.lib.common.rest_client [req-cfdf302b-c221-4d2a-8ed7-c958704af0b2 req-cfdf302b-c221-4d2a-8ed7-c958704af0b2 ] Request (ServerAddressesTestJSON:setUpClass): 200 GET http://10.180.1.21/compute/v2.1/servers/40e47931-2f45-4086-99da-6209163d7113 0.270s
2025-02-19 11:58:36.313 63703 INFO tempest.lib.common.rest_client [req-1e5279d3-ea9d-45d9-8d70-ebc7bbe31c29 req-1e5279d3-ea9d-45d9-8d70-ebc7bbe31c29 ] Request (ServersTestBootFromVolume:setUpClass): 200 GET http://10.180.1.21/compute/v2.1/servers/8afa705a-cd78-4316-956a-26313220cb4d 0.288s
2025-02-19 11:58:36.361 63749 INFO tempest.lib.common.rest_client [req-5f736d1c-89bc-43f1-bccc-898a74de4295 req-5f736d1c-89bc-43f1-bccc-898a74de4295 ] Request (FloatingIPsAssociationTestJSON:setUpClass): 200 GET http://10.180.1.21/compute/v2.1/servers/382627f1-55a3-40cb-b8a8-4a092541cbcb 0.304s
2025-02-19 11:58:36.371 63715 INFO tempest.lib.common.rest_client [req-2bf96209-c1a2-4a91-887c-19779c963884 req-2bf96209-c1a2-4a91-887c-19779c963884 ] Request (InstanceActionsV221TestJSON:test_get_list_deleted_instance_actions): 200 GET http://10.180.1.21/compute/v2.1/servers/02c68897-0efd-483b-88bb-11f586047a52 0.355s
2025-02-19 11:58:36.381 63715 INFO tempest.common.waiters [-] State transition "BUILD/None" ==> "BUILD/block_device_mapping" after 61 second wait
2025-02-19 11:58:36.414 63717 INFO tempest.lib.common.rest_client [req-9c2f5709-999f-4213-a6bc-71d8e6a2c4fd req-9c2f5709-999f-4213-a6bc-71d8e6a2c4fd ] Request (AttachInterfacesTestJSON:test_create_list_show_delete_interfaces_by_fixed_ip): 200 GET http://10.180.1.21/compute/v2.1/servers/fba8dbd8-4229-45ca-a1dd-073403ada8e2 0.343s
2025-02-19 11:58:36.420 63747 INFO tempest.lib.common.rest_client [req-b2d2c1f8-b3af-45cd-a8b8-4b302ce0e473 req-b2d2c1f8-b3af-45cd-a8b8-4b302ce0e473 ] Request (ImagesNegativeTestJSON:test_create_image_from_deleted_server): 200 GET http://10.180.1.21/compute/v2.1/servers/416c3bf5-e7a7-4761-b2a3-398c19e274ba 0.239s
2025-02-19 11:58:36.454 63745 INFO tempest.lib.common.rest_client [req-c261d957-0933-45b1-bb3a-c9ba0fb24ea9 req-c261d957-0933-45b1-bb3a-c9ba0fb24ea9 ] Request (TenantUsagesTestJSON:setUpClass): 200 GET http://10.180.1.21/compute/v2.1/servers/94c7cdb5-c9cf-4ba4-813f-1d7bacc14a4b 0.246s
2025-02-19 11:58:36.471 63711 INFO tempest.lib.common.rest_client [req-57dabf22-d556-4701-b20d-e7a973f8fe66 req-57dabf22-d556-4701-b20d-e7a973f8fe66 ] Request (DeleteServersTestJSON:test_delete_active_server): 200 GET http://10.180.1.21/compute/v2.1/servers/6d24e41c-9f5e-4fb8-958d-dced808d0d96 0.216s
2025-02-19 11:58:36.502 63705 INFO tempest.lib.common.rest_client [req-55424f4a-3ec0-4147-a73b-0f7f08f970a5 req-55424f4a-3ec0-4147-a73b-0f7f08f970a5 ] Request (ImagesTestJSON:test_create_image_from_suspended_server): 200 GET http://10.180.1.21/compute/v2.1/servers/e96fe3b3-89d1-41c8-9ee7-66758dcec6f6 0.164s
2025-02-19 11:58:36.515 63751 INFO tempest.lib.common.rest_client [req-97ed9936-bb1a-4bb6-946c-52d99e0da61a req-97ed9936-bb1a-4bb6-946c-52d99e0da61a ] Request (ServerMetadataTestJSON:setUpClass): 200 GET http://10.180.1.21/compute/v2.1/servers/7cd4017f-71ba-4dec-a601-7c9e6402940b 0.104s
2025-02-19 11:58:36.647 63699 INFO tempest.lib.common.rest_client [req-8e3c7364-466c-4b89-aa46-21b9bd617812 req-8e3c7364-466c-4b89-aa46-21b9bd617812 ] Request (SecurityGroupsTestJSON:test_server_security_groups): 200 GET http://10.180.1.21/compute/v2.1/servers/e7d94c92-1a4c-402e-9fcd-060172fb2aaa 0.047s
2025-02-19 11:58:36.737 63755 INFO tempest.lib.common.rest_client [req-a069721c-90e2-419f-8bcc-b046939d49a5 req-a069721c-90e2-419f-8bcc-b046939d49a5 ] Request (ServersV294TestFqdnHostnames:setUpClass): 200 GET http://10.180.1.21/compute/v2.1/servers/c73c204e-dde3-4866-8fa9-77547509eecb 0.055s
2025-02-19 11:58:36.939 63707 INFO tempest.lib.common.rest_client [req-ebf68668-137c-4b64-a5bd-b2fdf0789ab0 req-ebf68668-137c-4b64-a5bd-b2fdf0789ab0 ] Request (ServerRescueNegativeTestJSON:test_rescued_vm_attach_volume): 200 GET http://10.180.1.21/compute/v2.1/servers/98361a6b-ae46-49da-82c5-612246fafa86 0.084s
2025-02-19 11:58:37.019 63735 INFO tempest.lib.common.rest_client [req-1975fffa-6793-452e-a18a-b72a657f2cc6 req-1975fffa-6793-452e-a18a-b72a657f2cc6 ] Request (ServersAdminTestJSON:test_create_server_with_scheduling_hint): 200 GET http://10.180.1.21/compute/v2.1/servers/548bd050-c9ac-41ab-9edc-001737f6a54f 0.133s
2025-02-19 11:58:37.026 63735 INFO tempest.common.waiters [-] State transition "BUILD/spawning" ==> "ACTIVE/None" after 63 second wait
2025-02-19 11:58:37.091 63735 INFO tempest.lib.common.rest_client [req-560a03a7-2e2b-4a0c-b0aa-b8d43a00d4ae req-560a03a7-2e2b-4a0c-b0aa-b8d43a00d4ae ] Request (ServersAdminTestJSON:test_inject_network_info): 201 POST http://10.180.1.21/identity/v3/auth/tokens 0.058s
2025-02-19 11:58:37.092 63735 INFO tempest.lib.common.fixed_network [-] (ServersAdminTestJSON:test_inject_network_info) Found network {'id': 'b1232f3f-e2df-4666-bdc5-6d27f17cf3ae', 'name': 'tempest-ServersAdminTestJSON-735259629-network', 'tenant_id': '17735aa3ceca4d3499e5f5e556d0b635', 'admin_state_up': True, 'mtu': 8950, 'status': 'ACTIVE', 'subnets': [], 'shared': False, 'project_id': '17735aa3ceca4d3499e5f5e556d0b635', 'port_security_enabled': True, 'router:external': False, 'provider:network_type': 'vlan', 'provider:physical_network': 'default', 'provider:segmentation_id': 318, 'availability_zone_hints': [], 'availability_zones': [], 'ipv4_address_scope': None, 'ipv6_address_scope': None, 'description': '', 'tags': [], 'created_at': '2025-02-19T11:56:45Z', 'updated_at': '2025-02-19T11:56:45Z', 'revision_number': 1} available for tenant
2025-02-19 11:58:37.266 63741 INFO tempest.lib.common.rest_client [req-efeaa40f-9ed3-4ae1-ac2e-d4ea822bce49 req-efeaa40f-9ed3-4ae1-ac2e-d4ea822bce49 ] Request (ServerDiagnosticsV248Test:test_get_server_diagnostics): 200 GET http://10.180.1.21/compute/v2.1/servers/820a927e-8c82-4553-945d-16f4b04993b7/diagnostics 0.536s
2025-02-19 11:58:37.280 63731 INFO tempest.lib.common.rest_client [req-469539ca-a6d5-4def-8a7e-75064255d3e6 req-469539ca-a6d5-4def-8a7e-75064255d3e6 ] Request (DeleteServersAdminTestJSON:test_delete_server_while_in_error_state): 200 GET http://10.180.1.21/compute/v2.1/servers/54584ebf-4da5-4fa8-b570-94320d92d80f 0.341s
2025-02-19 11:58:37.321 63719 INFO tempest.lib.common.rest_client [req-046d21ad-8d24-4814-9140-c5f6f91d55c4 req-046d21ad-8d24-4814-9140-c5f6f91d55c4 ] Request (ListImageFiltersTestJSON:setUpClass): 200 GET http://10.180.1.21/compute/v2.1/servers/238dda65-7415-46b1-b19d-ae667a1bccce 0.365s
2025-02-19 11:58:37.325 63709 INFO tempest.lib.common.rest_client [req-7eab5998-879f-45fb-bd60-9250552653a0 req-7eab5998-879f-45fb-bd60-9250552653a0 ] Request (InstanceActionsNegativeTestJSON:setUpClass): 200 GET http://10.180.1.21/compute/v2.1/servers/9906dad7-ea13-4e22-add6-8c1ced6c1efe 0.322s
2025-02-19 11:58:37.373 63725 INFO tempest.lib.common.rest_client [req-63654343-eef4-4535-a951-ed236f634670 req-63654343-eef4-4535-a951-ed236f634670 ] Request (ServerActionsV293TestJSON:setUpClass): 200 GET http://10.180.1.21/compute/v2.1/servers/c27bd37e-eb20-422f-98e3-1935f75d2ab8 0.293s
2025-02-19 11:58:37.377 63723 INFO tempest.lib.common.rest_client [req-eb6a6e2c-c20a-4b88-8f32-3554e870e712 req-eb6a6e2c-c20a-4b88-8f32-3554e870e712 ] Request (ImagesOneServerTestJSON:tearDownClass): 200 GET http://10.180.1.21/compute/v2.1/servers/5494d7ba-c756-4dc0-9e35-f2ebbf61f65b 0.364s
2025-02-19 11:58:37.384 63723 INFO tempest.common.waiters [-] State transition "ACTIVE/deleting" ==> "DELETED/None" after 4 second wait
2025-02-19 11:58:37.486 63743 INFO tempest.lib.common.rest_client [req-7997bcb2-6f25-4583-bae1-d8b05a271a43 req-7997bcb2-6f25-4583-bae1-d8b05a271a43 ] Request (MigrationsAdminTest:test_list_migrations_in_flavor_resize_situation): 200 GET http://10.180.1.21/compute/v2.1/servers/036679d7-7311-4f0e-8223-e0665f640d9f 0.382s
2025-02-19 11:58:37.530 63737 INFO tempest.lib.common.rest_client [req-5331b73b-8c27-4dcb-ba9c-e3151048fb46 req-5331b73b-8c27-4dcb-ba9c-e3151048fb46 ] Request (MultipleCreateTestJSON:test_multiple_create_with_reservation_return): 200 GET http://10.180.1.21/compute/v2.1/servers/d0a7bd97-b898-4221-b33e-6e9081391cfd 0.404s
2025-02-19 11:58:37.572 63697 INFO tempest.lib.common.rest_client [req-3fbcc2d2-6843-4906-a182-3cd4320e6884 req-3fbcc2d2-6843-4906-a182-3cd4320e6884 ] Request (ServerGroupTestJSON:test_create_server_with_scheduler_hint_group): 200 GET http://10.180.1.21/compute/v2.1/servers/0c44ce17-b9ee-44c0-a36c-87012ec7c10f 0.387s
2025-02-19 11:58:37.673 63729 WARNING tempest.lib.common.ssh [-] Failed to establish authenticated ssh connection to cirros@10.180.180.172 ([Errno None] Unable to connect to port 22 on 10.180.180.172). Number attempts: 7. Retry after 8 seconds.: paramiko.ssh_exception.NoValidConnectionsError: [Errno None] Unable to connect to port 22 on 10.180.180.172
2025-02-19 11:58:37.683 63739 INFO tempest.lib.common.rest_client [req-e8cdfec0-a61a-436f-aa38-63a13e465ef9 req-e8cdfec0-a61a-436f-aa38-63a13e465ef9 ] Request (ServerMetadataNegativeTestJSON:setUpClass): 200 GET http://10.180.1.21/compute/v2.1/servers/5b73eae6-9b73-4e85-9c88-90bde97185c7 0.482s
2025-02-19 11:58:37.710 63735 INFO tempest.lib.common.rest_client [req-6fcfa3dc-b82d-4c7d-a69c-94c95a2a9fdd req-6fcfa3dc-b82d-4c7d-a69c-94c95a2a9fdd ] Request (ServersAdminTestJSON:test_inject_network_info): 202 POST http://10.180.1.21/compute/v2.1/servers 0.618s
2025-02-19 11:58:37.745 63721 INFO tempest.lib.common.rest_client [req-f7099c24-2f6a-4beb-bc39-b3bef21101ac req-f7099c24-2f6a-4beb-bc39-b3bef21101ac ] Request (FloatingIPsAssociationNegativeTestJSON:tearDownClass): 200 GET http://10.180.1.21/compute/v2.1/servers/06c063a5-6625-4f14-a958-f5c1f9b9e945 0.486s
2025-02-19 11:58:37.768 63727 INFO tempest.lib.common.rest_client [req-6636ba0c-1c09-4a6d-975f-572457a63630 req-6636ba0c-1c09-4a6d-975f-572457a63630 ] Request (ServerAddressesTestJSON:setUpClass): 200 GET http://10.180.1.21/compute/v2.1/servers/40e47931-2f45-4086-99da-6209163d7113 0.506s
2025-02-19 11:58:37.826 63703 INFO tempest.lib.common.rest_client [req-747fdbae-5c2e-44ef-a77d-687e2dc8a548 req-747fdbae-5c2e-44ef-a77d-687e2dc8a548 ] Request (ServersTestBootFromVolume:setUpClass): 200 GET http://10.180.1.21/compute/v2.1/servers/8afa705a-cd78-4316-956a-26313220cb4d 0.504s
2025-02-19 11:58:37.843 63741 INFO tempest.lib.common.rest_client [req-fac4cec1-dfc5-4281-a73f-5fe46a4f24a7 req-fac4cec1-dfc5-4281-a73f-5fe46a4f24a7 ] Request (ServerDiagnosticsV248Test:tearDownClass): 204 DELETE http://10.180.1.21/compute/v2.1/servers/820a927e-8c82-4553-945d-16f4b04993b7 0.569s
2025-02-19 11:58:37.874 63749 INFO tempest.lib.common.rest_client [req-c77e86b7-66be-4ab5-9740-c1a86c3a5b62 req-c77e86b7-66be-4ab5-9740-c1a86c3a5b62 ] Request (FloatingIPsAssociationTestJSON:setUpClass): 200 GET http://10.180.1.21/compute/v2.1/servers/382627f1-55a3-40cb-b8a8-4a092541cbcb 0.504s
2025-02-19 11:58:37.927 63717 INFO tempest.lib.common.rest_client [req-a0ed421b-85d4-4395-9fed-e38f933ac735 req-a0ed421b-85d4-4395-9fed-e38f933ac735 ] Request (AttachInterfacesTestJSON:test_create_list_show_delete_interfaces_by_fixed_ip): 200 GET http://10.180.1.21/compute/v2.1/servers/fba8dbd8-4229-45ca-a1dd-073403ada8e2 0.505s
2025-02-19 11:58:37.973 63715 INFO tempest.lib.common.rest_client [req-2ce70d03-5221-412b-af28-c6647ed9341b req-2ce70d03-5221-412b-af28-c6647ed9341b ] Request (InstanceActionsV221TestJSON:test_get_list_deleted_instance_actions): 200 GET http://10.180.1.21/compute/v2.1/servers/02c68897-0efd-483b-88bb-11f586047a52 0.590s
2025-02-19 11:58:37.975 63747 INFO tempest.lib.common.rest_client [req-d155219b-32b7-4489-a897-13e7d464eb5f req-d155219b-32b7-4489-a897-13e7d464eb5f ] Request (ImagesNegativeTestJSON:test_create_image_from_deleted_server): 200 GET http://10.180.1.21/compute/v2.1/servers/416c3bf5-e7a7-4761-b2a3-398c19e274ba 0.546s
2025-02-19 11:58:37.981 63715 INFO tempest.common.waiters [-] State transition "BUILD/block_device_mapping" ==> "BUILD/spawning" after 62 second wait
2025-02-19 11:58:38.018 63745 INFO tempest.lib.common.rest_client [req-dc1545b1-5460-48d2-99ef-324d46da13b9 req-dc1545b1-5460-48d2-99ef-324d46da13b9 ] Request (TenantUsagesTestJSON:setUpClass): 200 GET http://10.180.1.21/compute/v2.1/servers/94c7cdb5-c9cf-4ba4-813f-1d7bacc14a4b 0.556s
2025-02-19 11:58:38.025 63711 INFO tempest.lib.common.rest_client [req-227afeb5-3bbf-4696-903c-89284287109c req-227afeb5-3bbf-4696-903c-89284287109c ] Request (DeleteServersTestJSON:test_delete_active_server): 200 GET http://10.180.1.21/compute/v2.1/servers/6d24e41c-9f5e-4fb8-958d-dced808d0d96 0.546s
2025-02-19 11:58:38.070 63705 INFO tempest.lib.common.rest_client [req-31d666fc-0b46-49b8-9fe9-2c14ff843c2f req-31d666fc-0b46-49b8-9fe9-2c14ff843c2f ] Request (ImagesTestJSON:test_create_image_from_suspended_server): 200 GET http://10.180.1.21/compute/v2.1/servers/e96fe3b3-89d1-41c8-9ee7-66758dcec6f6 0.560s
2025-02-19 11:58:38.071 63751 INFO tempest.lib.common.rest_client [req-3d30847c-76af-4cec-be49-52118ab00d90 req-3d30847c-76af-4cec-be49-52118ab00d90 ] Request (ServerMetadataTestJSON:setUpClass): 200 GET http://10.180.1.21/compute/v2.1/servers/7cd4017f-71ba-4dec-a601-7c9e6402940b 0.549s
2025-02-19 11:58:38.122 63735 INFO tempest.lib.common.rest_client [req-9615b852-ede7-45fb-94ea-db0811acb448 req-9615b852-ede7-45fb-94ea-db0811acb448 ] Request (ServersAdminTestJSON:test_inject_network_info): 200 GET http://10.180.1.21/compute/v2.1/servers/bc89c09e-a669-4b1a-a78f-4f391f783036 0.411s
2025-02-19 11:58:38.123 63699 INFO tempest.lib.common.rest_client [req-326763ae-5825-4d45-b6ac-b95b37bea897 req-326763ae-5825-4d45-b6ac-b95b37bea897 ] Request (SecurityGroupsTestJSON:test_server_security_groups): 200 GET http://10.180.1.21/compute/v2.1/servers/e7d94c92-1a4c-402e-9fcd-060172fb2aaa 0.468s
2025-02-19 11:58:38.132 63699 INFO tempest.common.waiters [-] State transition "BUILD/None" ==> "BUILD/networking" after 57 second wait
2025-02-19 11:58:38.175 63755 INFO tempest.lib.common.rest_client [req-e8ea9a19-44e1-4e9a-9068-4d54d0e533f7 req-e8ea9a19-44e1-4e9a-9068-4d54d0e533f7 ] Request (ServersV294TestFqdnHostnames:setUpClass): 200 GET http://10.180.1.21/compute/v2.1/servers/c73c204e-dde3-4866-8fa9-77547509eecb 0.427s
2025-02-19 11:58:38.177 63741 INFO tempest.lib.common.rest_client [req-7b4b2731-c6fa-4f9e-9289-0ad4c48b3fda req-7b4b2731-c6fa-4f9e-9289-0ad4c48b3fda ] Request (ServerDiagnosticsV248Test:tearDownClass): 200 GET http://10.180.1.21/compute/v2.1/servers/820a927e-8c82-4553-945d-16f4b04993b7 0.333s
2025-02-19 11:58:38.336 63707 INFO tempest.lib.common.rest_client [req-5f1f02ad-fc18-42a7-84c7-8fa4d7a29394 req-5f1f02ad-fc18-42a7-84c7-8fa4d7a29394 ] Request (ServerRescueNegativeTestJSON:test_rescued_vm_attach_volume): 200 GET http://10.180.1.21/compute/v2.1/servers/98361a6b-ae46-49da-82c5-612246fafa86 0.389s
2025-02-19 11:58:38.364 63731 INFO tempest.lib.common.rest_client [req-48a3e4e3-b01e-4629-a09c-6f96f416150b req-48a3e4e3-b01e-4629-a09c-6f96f416150b ] Request (DeleteServersAdminTestJSON:test_delete_server_while_in_error_state): 200 GET http://10.180.1.21/compute/v2.1/servers/54584ebf-4da5-4fa8-b570-94320d92d80f 0.075s
2025-02-19 11:58:38.399 63719 INFO tempest.lib.common.rest_client [req-fc8feed1-0496-46ce-89dd-e0720813b476 req-fc8feed1-0496-46ce-89dd-e0720813b476 ] Request (ListImageFiltersTestJSON:setUpClass): 200 GET http://10.180.1.21/compute/v2.1/servers/238dda65-7415-46b1-b19d-ae667a1bccce 0.071s
2025-02-19 11:58:38.420 63709 INFO tempest.lib.common.rest_client [req-00351b86-e2f6-4682-ae9b-8e8ff6619e52 req-00351b86-e2f6-4682-ae9b-8e8ff6619e52 ] Request (InstanceActionsNegativeTestJSON:setUpClass): 200 GET http://10.180.1.21/compute/v2.1/servers/9906dad7-ea13-4e22-add6-8c1ced6c1efe 0.087s
2025-02-19 11:58:38.460 63725 INFO tempest.lib.common.rest_client [req-a498eadf-459c-4c1b-bea2-5105ff2f3b90 req-a498eadf-459c-4c1b-bea2-5105ff2f3b90 ] Request (ServerActionsV293TestJSON:setUpClass): 200 GET http://10.180.1.21/compute/v2.1/servers/c27bd37e-eb20-422f-98e3-1935f75d2ab8 0.077s
2025-02-19 11:58:38.487 63723 INFO tempest.lib.common.rest_client [req-4754825c-b16d-4e18-afb3-0a4668610602 req-4754825c-b16d-4e18-afb3-0a4668610602 ] Request (ImagesOneServerTestJSON:tearDownClass): 200 GET http://10.180.1.21/compute/v2.1/servers/5494d7ba-c756-4dc0-9e35-f2ebbf61f65b 0.101s
