2024-08-28 09:09:46.446 62237 INFO tempest.lib.common.dynamic_creds [-] Created isolated network resources for: credentials: Credentials: {'domain_id': 'default', 'domain_name': 'Default', 'username': 'tempest-ServersTestManualDisk-1369580821-project-member', 'project_domain_id': 'default', 'project_domain_name': 'Default', 'project_id': '149211963ce54befbd06570812de2f16', 'project_name': 'tempest-ServersTestManualDisk-1369580821', 'tenant_id': '149211963ce54befbd06570812de2f16', 'tenant_name': 'tempest-ServersTestManualDisk-1369580821', 'user_domain_id': 'default', 'user_domain_name': 'Default', 'user_id': 'b28a08f9577941bc98f231b3f2cb607b', 'system': None}, Network: {'id': '6215cbc4-48d6-47a2-a8f4-b5f955432604', 'name': 'tempest-ServersTestManualDisk-1799612125-network', 'tenant_id': '149211963ce54befbd06570812de2f16', 'admin_state_up': True, 'mtu': 8950, 'status': 'ACTIVE', 'subnets': [], 'shared': False, 'project_id': '149211963ce54befbd06570812de2f16', 'port_security_enabled': True, 'router:external': False, 'provider:network_type': 'vlan', 'provider:physical_network': 'default', 'provider:segmentation_id': 756, 'is_default': False, 'availability_zone_hints': [], 'availability_zones': [], 'ipv4_address_scope': None, 'ipv6_address_scope': None, 'description': '', 'tags': [], 'created_at': '2024-08-28T09:09:41Z', 'updated_at': '2024-08-28T09:09:41Z', 'revision_number': 1}, Subnet: {'id': 'c9889a4a-fa83-45d0-a6a6-3c58a4d2620f', 'name': 'tempest-ServersTestManualDisk-1799612125-subnet', 'tenant_id': '149211963ce54befbd06570812de2f16', 'network_id': '6215cbc4-48d6-47a2-a8f4-b5f955432604', 'ip_version': 4, 'subnetpool_id': None, 'enable_dhcp': True, 'ipv6_ra_mode': None, 'ipv6_address_mode': None, 'gateway_ip': '192.168.128.1', 'cidr': '192.168.128.0/28', 'allocation_pools': [{'start': '192.168.128.2', 'end': '192.168.128.14'}], 'host_routes': [], 'dns_nameservers': [], 'description': '', 'router:external': False, 'service_types': [], 'tags': [], 'created_at': '2024-08-28T09:09:42Z', 'updated_at': '2024-08-28T09:09:42Z', 'revision_number': 0, 'project_id': '149211963ce54befbd06570812de2f16'}, Router: {'id': 'efbb8829-bb8c-473d-bb95-54688b48004e', 'name': 'tempest-ServersTestManualDisk-1799612125-router', 'tenant_id': '149211963ce54befbd06570812de2f16', 'admin_state_up': True, 'status': 'ACTIVE', 'external_gateway_info': {'network_id': '87c7524b-9a08-4a97-baf8-703ae90105c3', 'external_fixed_ips': [{'subnet_id': 'a60ec500-df77-4a09-88ed-e0170dd00e31', 'ip_address': '10.180.180.145'}], 'enable_snat': True}, 'description': '', 'availability_zones': [], 'distributed': False, 'ha': False, 'availability_zone_hints': [], 'routes': [], 'flavor_id': None, 'tags': [], 'created_at': '2024-08-28T09:09:43Z', 'updated_at': '2024-08-28T09:09:44Z', 'revision_number': 2, 'project_id': '149211963ce54befbd06570812de2f16'}
2024-08-28 09:09:46.456 62199 INFO tempest.lib.common.rest_client [req-54ded95a-1d7f-4c75-9653-80b63c2b8764 req-54ded95a-1d7f-4c75-9653-80b63c2b8764 ] Request (ServerPasswordTestJSON:setUpClass): 200 GET http://10.180.1.21/compute/v2.1/servers/1e7e2f23-4fc9-45a3-9f60-8222fa73cc52 1.143s
2024-08-28 09:09:46.534 62237 INFO tempest.lib.common.rest_client [req-6713865d-cabf-40ee-93ca-e823e36c8de4 req-6713865d-cabf-40ee-93ca-e823e36c8de4 ] Request (ServersTestManualDisk:setUpClass): 201 POST http://10.180.1.21/identity/v3/auth/tokens 0.085s
2024-08-28 09:09:46.610 62249 WARNING tempest.lib.common.ssh [-] Failed to establish authenticated ssh connection to cirros@10.180.180.141 ([Errno None] Unable to connect to port 22 on 10.180.180.141). Number attempts: 4. Retry after 5 seconds.: paramiko.ssh_exception.NoValidConnectionsError: [Errno None] Unable to connect to port 22 on 10.180.180.141
2024-08-28 09:09:46.690 62223 INFO tempest.lib.common.rest_client [req-3124e5b7-a076-4a86-9546-d7aeadd4b849 req-3124e5b7-a076-4a86-9546-d7aeadd4b849 ] Request (ServersWithSpecificFlavorTestJSON:test_verify_created_server_ephemeral_disk): 200 PUT http://10.180.1.21:9696/networking/v2.0/floatingips/ea1a6a87-9bcd-4986-bc62-335d09301049 1.139s
2024-08-28 09:09:46.698 62211 INFO tempest.lib.common.rest_client [req-f3a03b56-9821-4b38-a059-dcec958afa8f req-f3a03b56-9821-4b38-a059-dcec958afa8f ] Request (NetworksTest:tearDownClass): 200 GET http://10.180.1.21:9696/networking/v2.0/security-groups?tenant_id=1d9472269f4341cd957fbc212269dbfe&name=default 0.356s
2024-08-28 09:09:46.743 62244 INFO tempest.lib.common.rest_client [req-7ad4979a-bf70-45f6-9b58-54fd00c0bd93 req-7ad4979a-bf70-45f6-9b58-54fd00c0bd93 ] Request (AttachInterfacesTestJSON:test_create_list_show_delete_interfaces_by_fixed_ip): 200 GET http://10.180.1.21/compute/v2.1/servers/66396ef9-04a2-4c50-9f3a-c1a398aa36de 1.516s
2024-08-28 09:09:46.751 62244 INFO tempest.common.waiters [-] State transition "BUILD/networking" ==> "BUILD/spawning" after 36 second wait
2024-08-28 09:09:46.803 62255 INFO tempest.lib.common.rest_client [req-10dfa448-e326-4d1c-b1b8-b8911a8dd9ae req-10dfa448-e326-4d1c-b1b8-b8911a8dd9ae ] Request (DeleteServersAdminTestJSON:test_delete_server_while_in_error_state): 200 GET http://10.180.1.21/compute/v2.1/servers/fc3b6192-3a1d-40cd-87ef-6bdba8b8292d 1.416s
2024-08-28 09:09:46.859 62227 INFO tempest.lib.common.rest_client [req-eafbdc2e-53b8-4fa6-8bac-4921c0d8c78f req-eafbdc2e-53b8-4fa6-8bac-4921c0d8c78f ] Request (SecurityGroupRulesNegativeTestJSON:tearDownClass): 202 DELETE http://10.180.1.21/compute/v2.1/os-security-groups/8bfccc28-e7bd-4e6a-8b2b-d34884c3a9dc 1.536s
2024-08-28 09:09:46.876 62257 INFO tempest.lib.common.rest_client [req-1dbf7e13-884a-4029-9e05-860b065b8919 req-1dbf7e13-884a-4029-9e05-860b065b8919 ] Request (AttachVolumeTestJSON:test_attach_detach_volume): 200 GET http://10.180.1.21/compute/v2.1/servers/ec50aa6a-44ae-42f3-99a9-6831c832aca3 1.413s
2024-08-28 09:09:46.887 62247 INFO tempest.lib.common.rest_client [req-4fbcf76d-81ce-4df8-a961-cebedbc3204b req-4fbcf76d-81ce-4df8-a961-cebedbc3204b ] Request (ServicesAdminNegativeTestJSON:test_get_service_by_invalid_params): 200 GET http://10.180.1.21/compute/v2.1/os-services?xxx=nova-compute 1.419s
2024-08-28 09:09:46.949 62259 INFO tempest.lib.common.rest_client [req-2fcb8574-fc3d-4f97-847d-09e49e0a1f58 req-2fcb8574-fc3d-4f97-847d-09e49e0a1f58 ] Request (DeleteServersTestJSON:test_delete_active_server): 200 GET http://10.180.1.21/compute/v2.1/servers/46cef7c4-93a2-4751-bddb-39b874016f63 1.445s
2024-08-28 09:09:46.954 62211 INFO tempest.lib.common.rest_client [req-f892d3ed-6616-4c37-9f21-ee5d1113dc79 req-f892d3ed-6616-4c37-9f21-ee5d1113dc79 ] Request (NetworksTest:tearDownClass): 204 DELETE http://10.180.1.21:9696/networking/v2.0/security-groups/e39db9ae-5e79-4013-9159-e50f7a17aa0e 0.255s
2024-08-28 09:09:46.968 62245 INFO tempest.lib.common.rest_client [req-f376cd16-41b4-4e18-acb3-4a6b10a8d541 req-f376cd16-41b4-4e18-acb3-4a6b10a8d541 ] Request (ServerExternalEventsTest:tearDownClass): 200 GET http://10.180.1.21/compute/v2.1/servers/2567109b-5916-478e-a169-da093e2f68a7 1.385s
2024-08-28 09:09:47.057 62211 INFO tempest.lib.common.rest_client [req-de4db93c-4a18-4e09-a74e-180fdcbaaf33 req-de4db93c-4a18-4e09-a74e-180fdcbaaf33 ] Request (NetworksTest:tearDownClass): 204 DELETE http://10.180.1.21/identity/v3/projects/1d9472269f4341cd957fbc212269dbfe 0.102s
2024-08-28 09:09:47.057 62211 INFO tempest.lib.common.dynamic_creds [-] Deleting project and security group for project: b2c4a325f45442e293b70934ae85f218
2024-08-28 09:09:47.065 62203 INFO tempest.lib.common.rest_client [req-681b6da9-5090-4be8-8dd2-dfeb7cf81525 req-681b6da9-5090-4be8-8dd2-dfeb7cf81525 ] Request (ServerActionsV293TestJSON:setUpClass): 200 GET http://10.180.1.21/volume/v3/fa210c336da3492d984c52f7a5b54a95/volumes/5dbe69f9-0315-464c-87fe-223b5d87b019 0.036s
2024-08-28 09:09:47.191 62225 INFO tempest.lib.common.rest_client [req-4b843afc-a7c0-439b-ae31-79b5528a6653 req-4b843afc-a7c0-439b-ae31-79b5528a6653 ] Request (ServersAdminTestJSON:setUpClass): 200 GET http://10.180.1.21/compute/v2.1/servers/7ee63cda-4878-4c4c-bc76-c51c798de3fd 1.304s
2024-08-28 09:09:47.217 62211 INFO tempest.lib.common.rest_client [req-dbbb10c8-8ea5-461d-b6ed-7da48e722e1a req-dbbb10c8-8ea5-461d-b6ed-7da48e722e1a ] Request (NetworksTest:tearDownClass): 200 GET http://10.180.1.21:9696/networking/v2.0/security-groups?tenant_id=b2c4a325f45442e293b70934ae85f218&name=default 0.159s
2024-08-28 09:09:47.237 62213 INFO tempest.lib.common.rest_client [req-1f73b397-a708-4009-8e2c-6ffc7e10a0c2 req-1f73b397-a708-4009-8e2c-6ffc7e10a0c2 ] Request (SecurityGroupRulesTestJSON:test_security_group_rules_create): 200 POST http://10.180.1.21/compute/v2.1/os-security-group-rules 1.116s
2024-08-28 09:09:47.324 62239 INFO tempest.lib.common.rest_client [req-c9003f5e-212d-43a2-8755-ee4c134be6b1 req-c9003f5e-212d-43a2-8755-ee4c134be6b1 ] Request (FloatingIPsAssociationNegativeTestJSON:tearDownClass): 200 GET http://10.180.1.21/compute/v2.1/servers/e238d97c-522e-4c5e-8143-29b71e832871 1.001s
2024-08-28 09:09:47.337 62221 INFO tempest.lib.common.rest_client [req-5e6e6b23-ae23-480d-adae-c96807ccc66a req-5e6e6b23-ae23-480d-adae-c96807ccc66a ] Request (FlavorsAdminTestJSON:test_list_public_flavor_with_other_user): 200 POST http://10.180.1.21/compute/v2.1/flavors 0.961s
2024-08-28 09:09:47.381 62197 INFO tempest.lib.common.rest_client [req-fce3b8fe-f5fa-43e2-820c-422321c8f4df req-fce3b8fe-f5fa-43e2-820c-422321c8f4df ] Request (FloatingIPsAssociationTestJSON:test_associate_already_associated_floating_ip): 200 GET http://10.180.1.21/compute/v2.1/servers/46bf2f3b-9f41-4043-8b2b-e52e765da72b 1.166s
2024-08-28 09:09:47.396 62211 INFO tempest.lib.common.rest_client [req-0acca5ed-47d0-42c0-8591-c5e0746ee415 req-0acca5ed-47d0-42c0-8591-c5e0746ee415 ] Request (NetworksTest:tearDownClass): 204 DELETE http://10.180.1.21:9696/networking/v2.0/security-groups/8e55ac22-2c6c-4ea4-8d98-dcbee4b6c016 0.178s
2024-08-28 09:09:47.441 62215 INFO tempest.lib.common.rest_client [req-da026050-26b6-43c2-80a9-9fedae10d456 req-da026050-26b6-43c2-80a9-9fedae10d456 ] Request (InstanceActionsNegativeTestJSON:setUpClass): 200 GET http://10.180.1.21/compute/v2.1/servers/451a923d-3c88-4b5d-be2c-dfcc248f9e81 1.029s
2024-08-28 09:09:47.500 62219 INFO tempest.lib.common.rest_client [req-6a46f7be-2413-46f7-9de7-2baf386baf16 req-6a46f7be-2413-46f7-9de7-2baf386baf16 ] Request (ServersTestJSON:setUpClass): 200 GET http://10.180.1.21/compute/v2.1/servers/10117be5-70f2-4f62-81dd-3732ba3bb70c 1.028s
2024-08-28 09:09:47.541 62211 INFO tempest.lib.common.rest_client [req-20eb44d2-04e1-42ec-b76f-02daaa7c7a01 req-20eb44d2-04e1-42ec-b76f-02daaa7c7a01 ] Request (NetworksTest:tearDownClass): 204 DELETE http://10.180.1.21/identity/v3/projects/b2c4a325f45442e293b70934ae85f218 0.145s
2024-08-28 09:09:47.554 62229 INFO tempest.lib.common.rest_client [req-c5d8132f-ac29-4a1d-b6c1-eb71f04c4586 req-c5d8132f-ac29-4a1d-b6c1-eb71f04c4586 ] Request (ServerDiagnosticsTest:test_get_server_diagnostics): 200 GET http://10.180.1.21/compute/v2.1/servers/85eb3bcf-83c5-4420-8d66-d5c0b6595964 1.143s
2024-08-28 09:09:47.564 62229 INFO tempest.common.waiters [-] State transition "BUILD/None" ==> "BUILD/block_device_mapping" after 35 second wait
2024-08-28 09:09:47.620 62207 INFO tempest.lib.common.rest_client [req-54ff3e24-51ff-439c-a041-40f92e33fa84 req-54ff3e24-51ff-439c-a041-40f92e33fa84 ] Request (ServersAdmin275Test:test_rebuild_update_server_275): 200 GET http://10.180.1.21/compute/v2.1/servers/43ff8e5b-054c-452a-92c0-21a2a39ea2a2 1.084s
2024-08-28 09:09:47.626 62211 INFO tempest.lib.common.rest_client [req-4a58f73b-5c04-403b-b362-909a0992f27c req-4a58f73b-5c04-403b-b362-909a0992f27c ] Request (QuotaClassesAdminTestJSON:setUpClass): 201 POST http://10.180.1.21/identity/v3/auth/tokens 0.083s
2024-08-28 09:09:47.654 62211 INFO tempest.lib.common.rest_client [req-4bd2e4cf-844d-4659-82ee-cef87356549d req-4bd2e4cf-844d-4659-82ee-cef87356549d ] Request (QuotaClassesAdminTestJSON:setUpClass): 201 POST http://10.180.1.21/identity/v3/auth/tokens 0.026s
2024-08-28 09:09:47.667 62233 INFO tempest.lib.common.rest_client [req-9185fdc4-ff4b-4083-89a4-908ce953482f req-9185fdc4-ff4b-4083-89a4-908ce953482f ] Request (ServersNegativeTestMultiTenantJSON:setUpClass): 200 GET http://10.180.1.21/compute/v2.1/servers/7bb2c3a0-82ae-401e-991e-d3c0b0ab2ec5 1.045s
2024-08-28 09:09:47.682 62211 INFO tempest.lib.common.rest_client [req-9af0ae81-6f81-4e13-810c-c9b2e29998a1 req-9af0ae81-6f81-4e13-810c-c9b2e29998a1 ] Request (QuotaClassesAdminTestJSON:setUpClass): 200 GET http://10.180.1.21/identity/v3/domains?name=Default 0.027s
2024-08-28 09:09:47.683 62237 INFO tempest.lib.common.rest_client [req-df720811-46db-4a1c-b14c-b5492d56611a req-df720811-46db-4a1c-b14c-b5492d56611a ] Request (ServersTestManualDisk:setUpClass): 200 POST http://10.180.1.21/compute/v2.1/os-keypairs 1.147s
2024-08-28 09:09:47.727 62211 INFO tempest.lib.common.rest_client [req-96c47670-12c3-44ec-9a22-1d00bf5842e6 req-96c47670-12c3-44ec-9a22-1d00bf5842e6 ] Request (QuotaClassesAdminTestJSON:setUpClass): 201 POST http://10.180.1.21/identity/v3/projects 0.044s
2024-08-28 09:09:47.740 62231 INFO tempest.lib.common.rest_client [req-72aae22b-1eeb-449f-8fe3-16ab4873f21c req-72aae22b-1eeb-449f-8fe3-16ab4873f21c ] Request (ServerMetadataTestJSON:tearDownClass): 200 GET http://10.180.1.21/compute/v2.1/servers/061597d3-af80-4eb7-8225-63fcdc3a1ab1 1.108s
2024-08-28 09:09:47.795 62211 INFO tempest.lib.common.rest_client [req-ec6e4a97-2900-4397-948d-c4708866eec3 req-ec6e4a97-2900-4397-948d-c4708866eec3 ] Request (QuotaClassesAdminTestJSON:setUpClass): 201 POST http://10.180.1.21/identity/v3/users 0.067s
2024-08-28 09:09:47.810 62223 INFO tempest.lib.common.rest_client [req-a956761f-55f6-46df-a6a5-d0cf24f49858 req-a956761f-55f6-46df-a6a5-d0cf24f49858 ] Request (ServersWithSpecificFlavorTestJSON:test_verify_created_server_ephemeral_disk): 200 GET http://10.180.1.21/compute/v2.1/servers/e9bb2909-0eaa-4bfb-93a3-0b35c493422e 1.119s
2024-08-28 09:09:47.821 62211 INFO tempest.lib.common.rest_client [req-0fb09876-a7aa-41e1-b2eb-01ed60d76385 req-0fb09876-a7aa-41e1-b2eb-01ed60d76385 ] Request (QuotaClassesAdminTestJSON:setUpClass): 200 GET http://10.180.1.21/identity/v3/roles 0.026s
2024-08-28 09:09:47.825 62223 INFO tempest.lib.common.ssh [-] Creating ssh connection to '10.180.180.226:22' as 'cirros' with public key authentication
2024-08-28 09:09:47.845 62247 INFO tempest.lib.common.rest_client [req-e392069b-61bd-4993-8a4e-ecb50402934d req-e392069b-61bd-4993-8a4e-ecb50402934d ] Request (ServicesAdminNegativeTestJSON:test_get_service_by_invalid_service_and_valid_host): 200 GET http://10.180.1.21/compute/v2.1/os-services 0.955s
2024-08-28 09:09:47.847 62211 INFO tempest.lib.common.rest_client [req-6bc0345f-0c36-420d-8589-d37d30cf1790 req-6bc0345f-0c36-420d-8589-d37d30cf1790 ] Request (QuotaClassesAdminTestJSON:setUpClass): 204 PUT http://10.180.1.21/identity/v3/projects/7d83e99f54654284b2f3bb4332d51eb0/users/96dfaf88acae4e25b3feab232b196612/roles/2c7fdb80462342ba9a38258a3fa9cb40 0.026s
2024-08-28 09:09:47.848 62237 INFO tempest.lib.common.rest_client [req-63a1c62a-8f87-4cd9-a128-97c580285ac6 req-63a1c62a-8f87-4cd9-a128-97c580285ac6 ] Request (ServersTestManualDisk:setUpClass): 201 POST http://10.180.1.21:9696/networking/v2.0/security-groups 0.163s
2024-08-28 09:09:47.848 62211 INFO tempest.lib.common.dynamic_creds [-] Dynamic test user 96dfaf88acae4e25b3feab232b196612 is created with scope project and roles: ['member']
2024-08-28 09:09:47.848 62211 INFO tempest.lib.common.dynamic_creds [-] Acquired dynamic creds: credentials: Credentials: {'domain_id': 'default', 'domain_name': 'Default', 'username': 'tempest-QuotaClassesAdminTestJSON-1336846344-project-member', 'project_domain_id': 'default', 'project_domain_name': 'Default', 'project_id': '7d83e99f54654284b2f3bb4332d51eb0', 'project_name': 'tempest-QuotaClassesAdminTestJSON-1336846344', 'tenant_id': '7d83e99f54654284b2f3bb4332d51eb0', 'tenant_name': 'tempest-QuotaClassesAdminTestJSON-1336846344', 'user_domain_id': 'default', 'user_domain_name': 'Default', 'user_id': '96dfaf88acae4e25b3feab232b196612', 'system': None}, Network: None, Subnet: None, Router: None
2024-08-28 09:09:47.848 62211 INFO tempest.lib.common.dynamic_creds [-] Created isolated network resources for: credentials: Credentials: {'domain_id': 'default', 'domain_name': 'Default', 'username': 'tempest-QuotaClassesAdminTestJSON-1336846344-project-member', 'project_domain_id': 'default', 'project_domain_name': 'Default', 'project_id': '7d83e99f54654284b2f3bb4332d51eb0', 'project_name': 'tempest-QuotaClassesAdminTestJSON-1336846344', 'tenant_id': '7d83e99f54654284b2f3bb4332d51eb0', 'tenant_name': 'tempest-QuotaClassesAdminTestJSON-1336846344', 'user_domain_id': 'default', 'user_domain_name': 'Default', 'user_id': '96dfaf88acae4e25b3feab232b196612', 'system': None}, Network: None, Subnet: None, Router: None
2024-08-28 09:09:47.934 62211 INFO tempest.lib.common.rest_client [req-60c50877-427e-4bc7-b072-cda518e4578c req-60c50877-427e-4bc7-b072-cda518e4578c ] Request (QuotaClassesAdminTestJSON:setUpClass): 201 POST http://10.180.1.21/identity/v3/auth/tokens 0.083s
2024-08-28 09:09:47.945 62227 INFO tempest.lib.common.rest_client [req-e197f129-78d1-4d9b-bbbe-882825813bbb req-e197f129-78d1-4d9b-bbbe-882825813bbb ] Request (SecurityGroupRulesNegativeTestJSON:tearDownClass): 202 DELETE http://10.180.1.21/compute/v2.1/os-security-groups/8e3bf23b-2132-49cc-ba5b-abc6801ef00b 1.084s
2024-08-28 09:09:48.006 62201 INFO tempest.lib.common.rest_client [req-45cd1d98-52b3-4227-8d21-830cbac1eaae req-45cd1d98-52b3-4227-8d21-830cbac1eaae ] Request (MigrationsAdminTest:test_list_migrations_in_flavor_resize_situation): 200 GET http://10.180.1.21/compute/v2.1/servers/9d79bbb7-73e3-4af6-8595-b8d3ebd4378c 0.917s
2024-08-28 09:09:48.014 62253 INFO tempest.lib.common.rest_client [req-049dc11c-8ba8-44bc-8c7f-d52afb7f8ad0 req-049dc11c-8ba8-44bc-8c7f-d52afb7f8ad0 ] Request (AttachInterfacesUnderV243Test:test_add_remove_fixed_ip): 200 GET http://10.180.1.21/compute/v2.1/servers/81971040-7836-4cb8-9064-952310391b4a 0.817s
2024-08-28 09:09:48.032 62211 INFO tempest.lib.common.rest_client [req-a9d856b1-8f7b-44a3-819e-3f6841bf23b2 req-a9d856b1-8f7b-44a3-819e-3f6841bf23b2 ] Request (QuotaClassesAdminTestJSON:setUpClass): 201 POST http://10.180.1.21/identity/v3/projects 0.094s
2024-08-28 09:09:48.034 62237 INFO tempest.lib.common.rest_client [req-bb991a6e-f512-4ac9-a653-ddf2f0634a06 req-bb991a6e-f512-4ac9-a653-ddf2f0634a06 ] Request (ServersTestManualDisk:setUpClass): 201 POST http://10.180.1.21:9696/networking/v2.0/security-group-rules 0.186s
2024-08-28 09:09:48.100 62235 INFO tempest.lib.common.rest_client [req-78adfccc-658f-4700-84be-b99bdd97648a req-78adfccc-658f-4700-84be-b99bdd97648a ] Request (AttachInterfacesV270Test:test_create_get_list_interfaces): 200 GET http://10.180.1.21/compute/v2.1/servers/e0348208-2098-4071-97a4-29407a95cd3a 0.885s
2024-08-28 09:09:48.114 62203 INFO tempest.lib.common.rest_client [req-53663b5f-ff63-4423-94a1-e3bf89141720 req-53663b5f-ff63-4423-94a1-e3bf89141720 ] Request (ServerActionsV293TestJSON:setUpClass): 200 GET http://10.180.1.21/volume/v3/fa210c336da3492d984c52f7a5b54a95/volumes/5dbe69f9-0315-464c-87fe-223b5d87b019 0.039s
2024-08-28 09:09:48.130 62211 INFO tempest.lib.common.rest_client [req-040897de-b32c-47ee-a495-1dc525768e3f req-040897de-b32c-47ee-a495-1dc525768e3f ] Request (QuotaClassesAdminTestJSON:setUpClass): 201 POST http://10.180.1.21/identity/v3/users 0.098s
2024-08-28 09:09:48.131 62213 INFO tempest.lib.common.rest_client [req-ceb2ef8e-1006-42b9-8e73-e48d283ce671 req-ceb2ef8e-1006-42b9-8e73-e48d283ce671 ] Request (SecurityGroupRulesTestJSON:test_security_group_rules_create_with_optional_cidr): 200 POST http://10.180.1.21/compute/v2.1/os-security-groups 0.891s
2024-08-28 09:09:48.156 62211 INFO tempest.lib.common.rest_client [req-f282ccc2-69e5-4114-a366-1851e31034ee req-f282ccc2-69e5-4114-a366-1851e31034ee ] Request (QuotaClassesAdminTestJSON:setUpClass): 200 GET http://10.180.1.21/identity/v3/roles 0.024s
2024-08-28 09:09:48.190 62211 INFO tempest.lib.common.rest_client [req-098a9c13-b10f-412d-8d83-0127cfe37a4b req-098a9c13-b10f-412d-8d83-0127cfe37a4b ] Request (QuotaClassesAdminTestJSON:setUpClass): 204 PUT http://10.180.1.21/identity/v3/projects/c48031c8b89644c6b46b30ad0354c2fd/users/d920ff211e1449d1a6481d73c8abde67/roles/e7d49dd2baab4edda9428dabfe0ae09e 0.034s
2024-08-28 09:09:48.205 62241 INFO tempest.lib.common.rest_client [req-7f3e4cb4-0097-4ebe-88aa-910e9c5cb66d req-7f3e4cb4-0097-4ebe-88aa-910e9c5cb66d ] Request (ServersV294TestFqdnHostnames:setUpClass): 200 GET http://10.180.1.21/compute/v2.1/servers/24755d96-be25-477d-8022-bbae4e33ab89 0.937s
2024-08-28 09:09:48.213 62209 INFO tempest.lib.common.rest_client [req-f30611e0-3965-4b6a-8971-1d32614e6c3f req-f30611e0-3965-4b6a-8971-1d32614e6c3f ] Request (ListServersNegativeTestJSON:setUpClass): 200 GET http://10.180.1.21/compute/v2.1/servers/9a8047e7-ce01-4355-bf4e-aef94f6db15e 0.921s
2024-08-28 09:09:48.233 62221 INFO tempest.lib.common.rest_client [req-452aacb1-92b5-4353-9cce-35cce0a6a47d req-452aacb1-92b5-4353-9cce-35cce0a6a47d ] Request (FlavorsAdminTestJSON:test_list_public_flavor_with_other_user): 200 GET http://10.180.1.21/compute/v2.1/flavors/detail 0.891s
2024-08-28 09:09:48.252 62211 INFO tempest.lib.common.rest_client [req-ab398d06-b433-4e74-bba7-77f4b8226c16 req-ab398d06-b433-4e74-bba7-77f4b8226c16 ] Request (QuotaClassesAdminTestJSON:setUpClass): 200 GET http://10.180.1.21/identity/v3/roles 0.060s
2024-08-28 09:09:48.265 62251 INFO tempest.lib.common.rest_client [req-7efc4cf2-238c-4b98-97f3-023b7a30e368 req-7efc4cf2-238c-4b98-97f3-023b7a30e368 ] Request (ImagesTestJSON:test_create_image_from_stopped_server): 200 GET http://10.180.1.21/compute/v2.1/servers/6e1853f6-55d9-4659-b865-191a2e107ba1 0.917s
2024-08-28 09:09:48.281 62237 INFO tempest.lib.common.rest_client [req-65ecad85-6a77-4ba2-8026-11da00bdaa69 req-65ecad85-6a77-4ba2-8026-11da00bdaa69 ] Request (ServersTestManualDisk:setUpClass): 201 POST http://10.180.1.21:9696/networking/v2.0/security-group-rules 0.246s
2024-08-28 09:09:48.284 62211 INFO tempest.lib.common.rest_client [req-b02d802e-de97-48fd-a0b8-a3d4a7d35497 req-b02d802e-de97-48fd-a0b8-a3d4a7d35497 ] Request (QuotaClassesAdminTestJSON:setUpClass): 204 PUT http://10.180.1.21/identity/v3/projects/c48031c8b89644c6b46b30ad0354c2fd/users/d920ff211e1449d1a6481d73c8abde67/roles/e7d49dd2baab4edda9428dabfe0ae09e 0.032s
2024-08-28 09:09:48.285 62211 INFO tempest.lib.common.dynamic_creds [-] Dynamic test user d920ff211e1449d1a6481d73c8abde67 is created with scope project and roles: ['admin']
2024-08-28 09:09:48.285 62211 INFO tempest.lib.common.dynamic_creds [-] Acquired dynamic creds: credentials: Credentials: {'domain_id': 'default', 'domain_name': 'Default', 'username': 'tempest-QuotaClassesAdminTestJSON-451163057-project-admin', 'project_domain_id': 'default', 'project_domain_name': 'Default', 'project_id': 'c48031c8b89644c6b46b30ad0354c2fd', 'project_name': 'tempest-QuotaClassesAdminTestJSON-451163057', 'tenant_id': 'c48031c8b89644c6b46b30ad0354c2fd', 'tenant_name': 'tempest-QuotaClassesAdminTestJSON-451163057', 'user_domain_id': 'default', 'user_domain_name': 'Default', 'user_id': 'd920ff211e1449d1a6481d73c8abde67', 'system': None}, Network: None, Subnet: None, Router: None
2024-08-28 09:09:48.285 62211 INFO tempest.lib.common.dynamic_creds [-] Created isolated network resources for: credentials: Credentials: {'domain_id': 'default', 'domain_name': 'Default', 'username': 'tempest-QuotaClassesAdminTestJSON-451163057-project-admin', 'project_domain_id': 'default', 'project_domain_name': 'Default', 'project_id': 'c48031c8b89644c6b46b30ad0354c2fd', 'project_name': 'tempest-QuotaClassesAdminTestJSON-451163057', 'tenant_id': 'c48031c8b89644c6b46b30ad0354c2fd', 'tenant_name': 'tempest-QuotaClassesAdminTestJSON-451163057', 'user_domain_id': 'default', 'user_domain_name': 'Default', 'user_id': 'd920ff211e1449d1a6481d73c8abde67', 'system': None}, Network: None, Subnet: None, Router: None
2024-08-28 09:09:48.346 62199 INFO tempest.lib.common.rest_client [req-6c0ead4e-5101-4252-99ab-5a8a568f1975 req-6c0ead4e-5101-4252-99ab-5a8a568f1975 ] Request (ServerPasswordTestJSON:setUpClass): 200 GET http://10.180.1.21/compute/v2.1/servers/1e7e2f23-4fc9-45a3-9f60-8222fa73cc52 0.880s
2024-08-28 09:09:48.349 62217 INFO tempest.lib.common.rest_client [req-5aa61449-6c51-4dd3-8993-f303b807fb12 req-5aa61449-6c51-4dd3-8993-f303b807fb12 ] Request (ServerActionsTestJSON:setUpClass): 200 GET http://10.180.1.21/compute/v2.1/servers/bedcdb7c-216f-4248-b5ac-1c71471c4c07 0.990s
2024-08-28 09:09:48.386 62211 INFO tempest.lib.common.rest_client [req-df8373f7-c502-4333-8e73-871557e897b8 req-df8373f7-c502-4333-8e73-871557e897b8 ] Request (QuotaClassesAdminTestJSON:setUpClass): 201 POST http://10.180.1.21/identity/v3/auth/tokens 0.094s
2024-08-28 09:09:48.417 62255 INFO tempest.lib.common.rest_client [req-48fe7cbd-c363-42b0-b5bc-ae8cfe3e8e67 req-48fe7cbd-c363-42b0-b5bc-ae8cfe3e8e67 ] Request (DeleteServersAdminTestJSON:test_delete_server_while_in_error_state): 200 GET http://10.180.1.21/compute/v2.1/servers/fc3b6192-3a1d-40cd-87ef-6bdba8b8292d 0.602s
2024-08-28 09:09:48.423 62255 INFO tempest.common.waiters [-] State transition "BUILD/scheduling" ==> "BUILD/None" after 19 second wait
2024-08-28 09:09:48.437 62247 INFO tempest.lib.common.rest_client [req-796a4c35-0d34-4877-8bef-16adb1f08c3e req-796a4c35-0d34-4877-8bef-16adb1f08c3e ] Request (ServicesAdminNegativeTestJSON:test_get_service_by_invalid_service_and_valid_host): 200 GET http://10.180.1.21/compute/v2.1/os-services?host=devstack&binary=xxx 0.589s
2024-08-28 09:09:48.498 62257 INFO tempest.lib.common.rest_client [req-d1bd3f89-62b5-4d27-b384-567c553d3c7a req-d1bd3f89-62b5-4d27-b384-567c553d3c7a ] Request (AttachVolumeTestJSON:test_attach_detach_volume): 200 GET http://10.180.1.21/compute/v2.1/servers/ec50aa6a-44ae-42f3-99a9-6831c832aca3 0.605s
2024-08-28 09:09:48.586 62244 INFO tempest.lib.common.rest_client [req-2612e6fa-7671-477f-9338-df457029b2e5 req-2612e6fa-7671-477f-9338-df457029b2e5 ] Request (AttachInterfacesTestJSON:test_create_list_show_delete_interfaces_by_fixed_ip): 200 GET http://10.180.1.21/compute/v2.1/servers/66396ef9-04a2-4c50-9f3a-c1a398aa36de 0.833s
2024-08-28 09:09:48.626 62227 INFO tempest.lib.common.rest_client [req-2b66e3fc-e089-428e-bcd4-ccfea964a40f req-2b66e3fc-e089-428e-bcd4-ccfea964a40f ] Request (SecurityGroupRulesNegativeTestJSON:tearDownClass): 202 DELETE http://10.180.1.21/compute/v2.1/os-security-groups/93fa4019-8faf-4a56-a35a-a28413010a8a 0.681s
2024-08-28 09:09:48.664 62259 INFO tempest.lib.common.rest_client [req-b4cf4139-a4a8-4a9f-bec3-97966b188323 req-b4cf4139-a4a8-4a9f-bec3-97966b188323 ] Request (DeleteServersTestJSON:test_delete_active_server): 200 GET http://10.180.1.21/compute/v2.1/servers/46cef7c4-93a2-4751-bddb-39b874016f63 0.704s
2024-08-28 09:09:48.696 62245 INFO tempest.lib.common.rest_client [req-849bdd70-0ca1-4ac8-b191-1d700f68683f req-849bdd70-0ca1-4ac8-b191-1d700f68683f ] Request (ServerExternalEventsTest:tearDownClass): 200 GET http://10.180.1.21/compute/v2.1/servers/2567109b-5916-478e-a169-da093e2f68a7 0.717s
2024-08-28 09:09:48.877 62225 INFO tempest.lib.common.rest_client [req-56d25bc4-5fc0-4f4b-a984-9ab6fe8dfb32 req-56d25bc4-5fc0-4f4b-a984-9ab6fe8dfb32 ] Request (ServersAdminTestJSON:setUpClass): 200 GET http://10.180.1.21/compute/v2.1/servers/7ee63cda-4878-4c4c-bc76-c51c798de3fd 0.675s
2024-08-28 09:09:48.908 62221 INFO tempest.lib.common.rest_client [req-932c2287-3fb4-4a18-ae3e-ffe401e46fb1 req-932c2287-3fb4-4a18-ae3e-ffe401e46fb1 ] Request (FlavorsAdminTestJSON:_run_cleanups): 202 DELETE http://10.180.1.21/compute/v2.1/flavors/1291055901 0.668s
2024-08-28 09:09:48.982 62239 INFO tempest.lib.common.rest_client [req-4044a957-3494-4d98-b4c2-bc2bbc1c2f84 req-4044a957-3494-4d98-b4c2-bc2bbc1c2f84 ] Request (FloatingIPsAssociationNegativeTestJSON:tearDownClass): 200 GET http://10.180.1.21/compute/v2.1/servers/e238d97c-522e-4c5e-8143-29b71e832871 0.650s
2024-08-28 09:09:49.041 62237 INFO tempest.lib.common.rest_client [req-f774f859-cbbc-4c9e-a2b5-9b6d789c1293 req-f774f859-cbbc-4c9e-a2b5-9b6d789c1293 ] Request (ServersTestManualDisk:setUpClass): 201 POST http://10.180.1.21:9696/networking/v2.0/floatingips 0.756s
2024-08-28 09:09:49.051 62213 INFO tempest.lib.common.rest_client [req-72d8ef4f-b0b6-4368-b300-074552c716cd req-72d8ef4f-b0b6-4368-b300-074552c716cd ] Request (SecurityGroupRulesTestJSON:test_security_group_rules_create_with_optional_cidr): 200 POST http://10.180.1.21/compute/v2.1/os-security-group-rules 0.917s
2024-08-28 09:09:49.114 62237 INFO tempest.lib.common.rest_client [req-78652a11-ab9a-486f-b78b-73889ade162e req-78652a11-ab9a-486f-b78b-73889ade162e ] Request (ServersTestManualDisk:setUpClass): 201 POST http://10.180.1.21/identity/v3/auth/tokens 0.069s
2024-08-28 09:09:49.115 62237 INFO tempest.lib.common.fixed_network [-] (ServersTestManualDisk:setUpClass) Found network {'id': '6215cbc4-48d6-47a2-a8f4-b5f955432604', 'name': 'tempest-ServersTestManualDisk-1799612125-network', 'tenant_id': '149211963ce54befbd06570812de2f16', 'admin_state_up': True, 'mtu': 8950, 'status': 'ACTIVE', 'subnets': [], 'shared': False, 'project_id': '149211963ce54befbd06570812de2f16', 'port_security_enabled': True, 'router:external': False, 'provider:network_type': 'vlan', 'provider:physical_network': 'default', 'provider:segmentation_id': 756, 'is_default': False, 'availability_zone_hints': [], 'availability_zones': [], 'ipv4_address_scope': None, 'ipv6_address_scope': None, 'description': '', 'tags': [], 'created_at': '2024-08-28T09:09:41Z', 'updated_at': '2024-08-28T09:09:41Z', 'revision_number': 1} available for tenant
2024-08-28 09:09:49.116 62211 INFO tempest.lib.common.rest_client [req-228ffd86-55fd-4a1d-bfdc-a91bfb117aca req-228ffd86-55fd-4a1d-bfdc-a91bfb117aca ] Request (QuotaClassesAdminTestJSON:test_update_default_quotas): 200 GET http://10.180.1.21/compute/v2.1/os-quota-class-sets/default 0.728s
2024-08-28 09:09:49.165 62203 INFO tempest.lib.common.rest_client [req-02280b3e-0308-4de7-be1a-e8666fdd107d req-02280b3e-0308-4de7-be1a-e8666fdd107d ] Request (ServerActionsV293TestJSON:setUpClass): 200 GET http://10.180.1.21/volume/v3/fa210c336da3492d984c52f7a5b54a95/volumes/5dbe69f9-0315-464c-87fe-223b5d87b019 0.042s
2024-08-28 09:09:49.167 62247 INFO tempest.lib.common.rest_client [req-63d32dac-ef37-4198-a3d1-6977301572d8 req-63d32dac-ef37-4198-a3d1-6977301572d8 ] Request (ServicesAdminNegativeTestJSON:test_get_service_with_valid_service_and_invalid_host): 200 GET http://10.180.1.21/compute/v2.1/os-services 0.727s
2024-08-28 09:09:49.209 62197 INFO tempest.lib.common.rest_client [req-68479e4e-6b2f-4b51-a6d1-eba26369ce5a req-68479e4e-6b2f-4b51-a6d1-eba26369ce5a ] Request (FloatingIPsAssociationTestJSON:test_associate_already_associated_floating_ip): 200 GET http://10.180.1.21/compute/v2.1/servers/46bf2f3b-9f41-4043-8b2b-e52e765da72b 0.816s
2024-08-28 09:09:49.228 62215 INFO tempest.lib.common.rest_client [req-b44dd3bd-55ec-486d-881b-d2ca3d6e9c6c req-b44dd3bd-55ec-486d-881b-d2ca3d6e9c6c ] Request (InstanceActionsNegativeTestJSON:setUpClass): 200 GET http://10.180.1.21/compute/v2.1/servers/451a923d-3c88-4b5d-be2c-dfcc248f9e81 0.774s
2024-08-28 09:09:49.262 62219 INFO tempest.lib.common.rest_client [req-0222c235-f60e-4f07-ae42-cab119124114 req-0222c235-f60e-4f07-ae42-cab119124114 ] Request (ServersTestJSON:setUpClass): 200 GET http://10.180.1.21/compute/v2.1/servers/10117be5-70f2-4f62-81dd-3732ba3bb70c 0.746s
2024-08-28 09:09:49.270 62219 INFO tempest.common.waiters [-] State transition "BUILD/None" ==> "BUILD/networking" after 30 second wait
2024-08-28 09:09:49.379 62227 INFO tempest.lib.common.rest_client [req-61a5499d-97ab-4a3d-a155-2c4e577e670d req-61a5499d-97ab-4a3d-a155-2c4e577e670d ] Request (SecurityGroupRulesNegativeTestJSON:tearDownClass): 202 DELETE http://10.180.1.21/compute/v2.1/os-security-groups/4d71702c-92d8-426d-9416-acebf4b46246 0.753s
2024-08-28 09:09:49.437 62207 INFO tempest.lib.common.rest_client [req-2a7ba325-13d9-44c3-9ca1-330340ca414f req-2a7ba325-13d9-44c3-9ca1-330340ca414f ] Request (ServersAdmin275Test:test_rebuild_update_server_275): 200 GET http://10.180.1.21/compute/v2.1/servers/43ff8e5b-054c-452a-92c0-21a2a39ea2a2 0.805s
2024-08-28 09:09:49.447 62229 INFO tempest.lib.common.rest_client [req-ea1dae92-ca9f-450e-9339-4e62518a26d3 req-ea1dae92-ca9f-450e-9339-4e62518a26d3 ] Request (ServerDiagnosticsTest:test_get_server_diagnostics): 200 GET http://10.180.1.21/compute/v2.1/servers/85eb3bcf-83c5-4420-8d66-d5c0b6595964 0.882s
2024-08-28 09:09:49.455 62229 INFO tempest.common.waiters [-] State transition "BUILD/block_device_mapping" ==> "BUILD/spawning" after 37 second wait
2024-08-28 09:09:49.487 62233 INFO tempest.lib.common.rest_client [req-d030500a-f755-45ac-8615-dcbd77033653 req-d030500a-f755-45ac-8615-dcbd77033653 ] Request (ServersNegativeTestMultiTenantJSON:setUpClass): 200 GET http://10.180.1.21/compute/v2.1/servers/7bb2c3a0-82ae-401e-991e-d3c0b0ab2ec5 0.811s
2024-08-28 09:09:49.501 62221 INFO tempest.lib.common.rest_client [req-f1f3ec88-fe53-4d8f-8ece-cb4589f9d0bf req-f1f3ec88-fe53-4d8f-8ece-cb4589f9d0bf ] Request (FlavorsAdminTestJSON:_run_cleanups): 200 GET http://10.180.1.21/compute/v2.1/flavors/detail 0.592s
2024-08-28 09:09:49.525 62231 INFO tempest.lib.common.rest_client [req-4ad2e020-4f81-4ff8-b3b5-0e5b81703b76 req-4ad2e020-4f81-4ff8-b3b5-0e5b81703b76 ] Request (ServerMetadataTestJSON:tearDownClass): 200 GET http://10.180.1.21/compute/v2.1/servers/061597d3-af80-4eb7-8225-63fcdc3a1ab1 0.776s
2024-08-28 09:09:49.586 62253 INFO tempest.lib.common.rest_client [req-2b092385-3e46-4291-bb16-4956736b34ee req-2b092385-3e46-4291-bb16-4956736b34ee ] Request (AttachInterfacesUnderV243Test:test_add_remove_fixed_ip): 200 GET http://10.180.1.21/compute/v2.1/servers/81971040-7836-4cb8-9064-952310391b4a 0.564s
2024-08-28 09:09:49.620 62201 INFO tempest.lib.common.rest_client [req-571b00e4-ae8e-45a7-a5ee-5cf19ce6ea30 req-571b00e4-ae8e-45a7-a5ee-5cf19ce6ea30 ] Request (MigrationsAdminTest:test_list_migrations_in_flavor_resize_situation): 200 GET http://10.180.1.21/compute/v2.1/servers/9d79bbb7-73e3-4af6-8595-b8d3ebd4378c 0.605s
2024-08-28 09:09:49.650 62221 INFO tempest.lib.common.rest_client [req-caa20e11-43cb-4b5c-97fd-decc63234436 req-caa20e11-43cb-4b5c-97fd-decc63234436 ] Request (FlavorsAdminTestJSON:tearDownClass): 204 DELETE http://10.180.1.21/identity/v3/users/ed4d8734d87540048590cd4e18034142 0.143s
2024-08-28 09:09:49.673 62235 INFO tempest.lib.common.rest_client [req-98f6dd2d-00e7-4833-913a-fc1f99cb5ba2 req-98f6dd2d-00e7-4833-913a-fc1f99cb5ba2 ] Request (AttachInterfacesV270Test:test_create_get_list_interfaces): 200 GET http://10.180.1.21/compute/v2.1/servers/e0348208-2098-4071-97a4-29407a95cd3a 0.560s
2024-08-28 09:09:49.759 62221 INFO tempest.lib.common.rest_client [req-6bfe3f14-43d1-4816-a562-4181ce8c2455 req-6bfe3f14-43d1-4816-a562-4181ce8c2455 ] Request (FlavorsAdminTestJSON:tearDownClass): 204 DELETE http://10.180.1.21/identity/v3/users/6d40bcd90c384df683c2adfefd6a5f43 0.108s
2024-08-28 09:09:49.759 62221 INFO tempest.lib.common.dynamic_creds [-] Deleting project and security group for project: e5a9446846244b85b303c56875c657e9
2024-08-28 09:09:49.829 62221 INFO tempest.lib.common.rest_client [req-6fc4aaad-1c91-41c7-b702-6d4933497db4 req-6fc4aaad-1c91-41c7-b702-6d4933497db4 ] Request (FlavorsAdminTestJSON:tearDownClass): 201 POST http://10.180.1.21/identity/v3/auth/tokens 0.069s
2024-08-28 09:09:49.885 62213 INFO tempest.lib.common.rest_client [req-63a3e848-09ed-4b94-b5e6-2ed16bebfb4b req-63a3e848-09ed-4b94-b5e6-2ed16bebfb4b ] Request (SecurityGroupRulesTestJSON:test_security_group_rules_create_with_optional_group_id): 200 POST http://10.180.1.21/compute/v2.1/os-security-groups 0.827s
2024-08-28 09:09:50.021 62211 INFO tempest.lib.common.rest_client [req-c984d98a-8904-4b4a-9dab-d83135affe09 req-c984d98a-8904-4b4a-9dab-d83135affe09 ] Request (QuotaClassesAdminTestJSON:test_update_default_quotas): 200 PUT http://10.180.1.21/compute/v2.1/os-quota-class-sets/default 0.902s
2024-08-28 09:09:50.043 62247 INFO tempest.lib.common.rest_client [req-0e4e5db5-f3ef-4392-ab37-6113005453d9 req-0e4e5db5-f3ef-4392-ab37-6113005453d9 ] Request (ServicesAdminNegativeTestJSON:test_get_service_with_valid_service_and_invalid_host): 200 GET http://10.180.1.21/compute/v2.1/os-services?host=xxx&binary=nova-scheduler 0.873s
2024-08-28 09:09:50.135 62241 INFO tempest.lib.common.rest_client [req-60a544e1-ee61-436c-9ab5-44fd8d521b59 req-60a544e1-ee61-436c-9ab5-44fd8d521b59 ] Request (ServersV294TestFqdnHostnames:setUpClass): 200 GET http://10.180.1.21/compute/v2.1/servers/24755d96-be25-477d-8022-bbae4e33ab89 0.916s
2024-08-28 09:09:50.162 62221 INFO tempest.lib.common.rest_client [req-87a56e3f-3a63-4a96-a406-ece3064ec878 req-87a56e3f-3a63-4a96-a406-ece3064ec878 ] Request (FlavorsAdminTestJSON:tearDownClass): 200 GET http://10.180.1.21:9696/networking/v2.0/security-groups?tenant_id=e5a9446846244b85b303c56875c657e9&name=default 0.333s
2024-08-28 09:09:50.205 62203 INFO tempest.lib.common.rest_client [req-d91b5f3d-d4a9-4d2f-a933-511e4be0edd9 req-d91b5f3d-d4a9-4d2f-a933-511e4be0edd9 ] Request (ServerActionsV293TestJSON:setUpClass): 200 GET http://10.180.1.21/volume/v3/fa210c336da3492d984c52f7a5b54a95/volumes/5dbe69f9-0315-464c-87fe-223b5d87b019 0.032s
2024-08-28 09:09:50.217 62209 INFO tempest.lib.common.rest_client [req-f10e5192-cf8d-4891-9dd0-8f4a3420b755 req-f10e5192-cf8d-4891-9dd0-8f4a3420b755 ] Request (ListServersNegativeTestJSON:setUpClass): 200 GET http://10.180.1.21/compute/v2.1/servers/9a8047e7-ce01-4355-bf4e-aef94f6db15e 0.992s
2024-08-28 09:09:50.291 62237 INFO tempest.lib.common.rest_client [req-06c378cc-82b8-4731-9aec-cbea5f657750 req-06c378cc-82b8-4731-9aec-cbea5f657750 ] Request (ServersTestManualDisk:setUpClass): 202 POST http://10.180.1.21/compute/v2.1/servers 1.175s
2024-08-28 09:09:50.332 62251 INFO tempest.lib.common.rest_client [req-0e2f56ac-5050-49e9-9ce8-cbd0b562bca5 req-0e2f56ac-5050-49e9-9ce8-cbd0b562bca5 ] Request (ImagesTestJSON:test_create_image_from_stopped_server): 200 GET http://10.180.1.21/compute/v2.1/servers/6e1853f6-55d9-4659-b865-191a2e107ba1 1.061s
2024-08-28 09:09:50.349 62199 INFO tempest.lib.common.rest_client [req-30f69213-49dd-49fd-a5b5-49f249a2e108 req-30f69213-49dd-49fd-a5b5-49f249a2e108 ] Request (ServerPasswordTestJSON:setUpClass): 200 GET http://10.180.1.21/compute/v2.1/servers/1e7e2f23-4fc9-45a3-9f60-8222fa73cc52 0.993s
2024-08-28 09:09:50.404 62217 INFO tempest.lib.common.rest_client [req-2232eebd-cef4-4ada-b64b-0d612c114a17 req-2232eebd-cef4-4ada-b64b-0d612c114a17 ] Request (ServerActionsTestJSON:setUpClass): 200 GET http://10.180.1.21/compute/v2.1/servers/bedcdb7c-216f-4248-b5ac-1c71471c4c07 1.043s
2024-08-28 09:09:50.408 62255 INFO tempest.lib.common.rest_client [req-0152e8ad-048c-4555-ad71-98758a10db99 req-0152e8ad-048c-4555-ad71-98758a10db99 ] Request (DeleteServersAdminTestJSON:test_delete_server_while_in_error_state): 200 GET http://10.180.1.21/compute/v2.1/servers/fc3b6192-3a1d-40cd-87ef-6bdba8b8292d 0.982s
2024-08-28 09:09:50.470 62257 INFO tempest.lib.common.rest_client [req-0cd3b996-dd6f-40eb-bd9e-22e9b887be28 req-0cd3b996-dd6f-40eb-bd9e-22e9b887be28 ] Request (AttachVolumeTestJSON:test_attach_detach_volume): 200 GET http://10.180.1.21/compute/v2.1/servers/ec50aa6a-44ae-42f3-99a9-6831c832aca3 0.964s
2024-08-28 09:09:50.486 62221 INFO tempest.lib.common.rest_client [req-7cd36172-5519-4b85-a123-11afdfa3bedf req-7cd36172-5519-4b85-a123-11afdfa3bedf ] Request (FlavorsAdminTestJSON:tearDownClass): 204 DELETE http://10.180.1.21:9696/networking/v2.0/security-groups/3898f816-2e00-4489-a928-58e0ae1728ba 0.324s
2024-08-28 09:09:50.513 62244 INFO tempest.lib.common.rest_client [req-0891e75d-83f6-49a9-bced-742c2c989bf1 req-0891e75d-83f6-49a9-bced-742c2c989bf1 ] Request (AttachInterfacesTestJSON:test_create_list_show_delete_interfaces_by_fixed_ip): 200 GET http://10.180.1.21/compute/v2.1/servers/66396ef9-04a2-4c50-9f3a-c1a398aa36de 0.917s
2024-08-28 09:09:50.547 62259 INFO tempest.lib.common.rest_client [req-a8e79866-37e3-4cff-a027-b26e4c814239 req-a8e79866-37e3-4cff-a027-b26e4c814239 ] Request (DeleteServersTestJSON:test_delete_active_server): 200 GET http://10.180.1.21/compute/v2.1/servers/46cef7c4-93a2-4751-bddb-39b874016f63 0.875s
2024-08-28 09:09:50.570 62245 INFO tempest.lib.common.rest_client [req-71b7c6ea-2c6f-4348-9f04-c067d74edf44 req-71b7c6ea-2c6f-4348-9f04-c067d74edf44 ] Request (ServerExternalEventsTest:tearDownClass): 200 GET http://10.180.1.21/compute/v2.1/servers/2567109b-5916-478e-a169-da093e2f68a7 0.865s
2024-08-28 09:09:50.581 62221 INFO tempest.lib.common.rest_client [req-9a74dac8-6aee-4330-9895-4ca36c18c4dd req-9a74dac8-6aee-4330-9895-4ca36c18c4dd ] Request (FlavorsAdminTestJSON:tearDownClass): 204 DELETE http://10.180.1.21/identity/v3/projects/e5a9446846244b85b303c56875c657e9 0.094s
2024-08-28 09:09:50.581 62221 INFO tempest.lib.common.dynamic_creds [-] Deleting project and security group for project: 7d715c62d3674eb688dd78aa3334fa6d
2024-08-28 09:09:50.701 62225 INFO tempest.lib.common.rest_client [req-9dc7df7b-46b2-4f6a-8c6c-990c791bcfac req-9dc7df7b-46b2-4f6a-8c6c-990c791bcfac ] Request (ServersAdminTestJSON:setUpClass): 200 GET http://10.180.1.21/compute/v2.1/servers/7ee63cda-4878-4c4c-bc76-c51c798de3fd 0.815s
2024-08-28 09:09:50.714 62225 INFO tempest.common.waiters [-] State transition "BUILD/spawning" ==> "ACTIVE/None" after 42 second wait
2024-08-28 09:09:50.720 62221 INFO tempest.lib.common.rest_client [req-e8a2ef51-280c-40d6-a051-65fffff935bd req-e8a2ef51-280c-40d6-a051-65fffff935bd ] Request (FlavorsAdminTestJSON:tearDownClass): 200 GET http://10.180.1.21:9696/networking/v2.0/security-groups?tenant_id=7d715c62d3674eb688dd78aa3334fa6d&name=default 0.139s
2024-08-28 09:09:50.729 62213 INFO tempest.lib.common.rest_client [req-9eff12d9-d587-47c6-912a-6e055f0e5d84 req-9eff12d9-d587-47c6-912a-6e055f0e5d84 ] Request (SecurityGroupRulesTestJSON:test_security_group_rules_create_with_optional_group_id): 200 POST http://10.180.1.21/compute/v2.1/os-security-groups 0.841s
2024-08-28 09:09:50.746 62211 INFO tempest.lib.common.rest_client [req-6edf2233-5d69-4dfe-b2b9-788576633978 req-6edf2233-5d69-4dfe-b2b9-788576633978 ] Request (QuotaClassesAdminTestJSON:test_update_default_quotas): 200 GET http://10.180.1.21/compute/v2.1/os-quota-class-sets/default 0.722s
2024-08-28 09:09:50.773 62239 INFO tempest.lib.common.rest_client [req-82b8bb36-b8a5-4c67-86de-5e3d25cd0d69 req-82b8bb36-b8a5-4c67-86de-5e3d25cd0d69 ] Request (FloatingIPsAssociationNegativeTestJSON:tearDownClass): 200 GET http://10.180.1.21/compute/v2.1/servers/e238d97c-522e-4c5e-8143-29b71e832871 0.784s
2024-08-28 09:09:50.896 62247 INFO tempest.lib.common.rest_client [req-7f82f855-75ce-4591-84d2-3f3a57890a17 req-7f82f855-75ce-4591-84d2-3f3a57890a17 ] Request (ServicesAdminNegativeTestJSON:test_list_services_with_non_admin_user): 403 GET http://10.180.1.21/compute/v2.1/os-services 0.851s
2024-08-28 09:09:50.902 62223 WARNING tempest.lib.common.ssh [-] Failed to establish authenticated ssh connection to cirros@10.180.180.226 ([Errno None] Unable to connect to port 22 on 10.180.180.226). Number attempts: 1. Retry after 2 seconds.: paramiko.ssh_exception.NoValidConnectionsError: [Errno None] Unable to connect to port 22 on 10.180.180.226
2024-08-28 09:09:50.953 62215 INFO tempest.lib.common.rest_client [req-78adb44e-93ab-432d-ba42-42afebebd253 req-78adb44e-93ab-432d-ba42-42afebebd253 ] Request (InstanceActionsNegativeTestJSON:setUpClass): 200 GET http://10.180.1.21/compute/v2.1/servers/451a923d-3c88-4b5d-be2c-dfcc248f9e81 0.712s
2024-08-28 09:09:50.965 62221 INFO tempest.lib.common.rest_client [req-ebf84afd-8684-4542-a0c3-3fac947065ba req-ebf84afd-8684-4542-a0c3-3fac947065ba ] Request (FlavorsAdminTestJSON:tearDownClass): 204 DELETE http://10.180.1.21:9696/networking/v2.0/security-groups/706b9488-3125-4dc6-90ed-4eb8f674fcc9 0.244s
2024-08-28 09:09:51.025 62247 INFO tempest.lib.common.rest_client [req-eb857104-2130-430a-a04b-fa9034ac9600 req-eb857104-2130-430a-a04b-fa9034ac9600 ] Request (ServicesAdminNegativeTestJSON:tearDownClass): 204 DELETE http://10.180.1.21/identity/v3/users/0c02424ecc80426798516c27335fd5fb 0.127s
2024-08-28 09:09:51.032 62227 INFO tempest.lib.common.rest_client [req-6917bf5c-e860-4ad3-a2ae-5e2929a5188e req-6917bf5c-e860-4ad3-a2ae-5e2929a5188e ] Request (SecurityGroupRulesNegativeTestJSON:tearDownClass): 200 PUT http://10.180.1.21:9696/networking/v2.0/routers/b124caf2-2062-4d3e-8f68-240de6f93599/remove_router_interface 1.652s
2024-08-28 09:09:51.037 62197 INFO tempest.lib.common.rest_client [req-a4bd1070-40aa-4b12-be46-6d861fb53f23 req-a4bd1070-40aa-4b12-be46-6d861fb53f23 ] Request (FloatingIPsAssociationTestJSON:test_associate_already_associated_floating_ip): 200 GET http://10.180.1.21/compute/v2.1/servers/46bf2f3b-9f41-4043-8b2b-e52e765da72b 0.819s
2024-08-28 09:09:51.063 62221 INFO tempest.lib.common.rest_client [req-9c0b489e-57c0-4d52-9604-386e0e97fde4 req-9c0b489e-57c0-4d52-9604-386e0e97fde4 ] Request (FlavorsAdminTestJSON:tearDownClass): 204 DELETE http://10.180.1.21/identity/v3/projects/7d715c62d3674eb688dd78aa3334fa6d 0.097s
2024-08-28 09:09:51.108 62221 INFO tempest.lib.common.rest_client [req-86a8e880-27c9-4f08-97f4-74907fe62e0e req-86a8e880-27c9-4f08-97f4-74907fe62e0e ] Request (FloatingIPsNegativeTestJSON:setUpClass): 201 POST http://10.180.1.21/identity/v3/auth/tokens 0.040s
2024-08-28 09:09:51.116 62237 INFO tempest.lib.common.rest_client [req-53475752-9b28-427c-93f6-ef203b1fa19e req-53475752-9b28-427c-93f6-ef203b1fa19e ] Request (ServersTestManualDisk:setUpClass): 200 GET http://10.180.1.21/compute/v2.1/servers/59ed629c-1516-4e93-95dd-482d8acc71af 0.822s
2024-08-28 09:09:51.175 62247 INFO tempest.lib.common.rest_client [req-f4176ef0-9b49-4dee-a077-c95bb590bc22 req-f4176ef0-9b49-4dee-a077-c95bb590bc22 ] Request (ServicesAdminNegativeTestJSON:tearDownClass): 204 DELETE http://10.180.1.21/identity/v3/users/30a8f768bf7348cba395cb797c13397c 0.149s
2024-08-28 09:09:51.175 62247 INFO tempest.lib.common.dynamic_creds [-] Deleting project and security group for project: 9554b35f91bd414b8a1e586d5e716242
2024-08-28 09:09:51.179 62219 INFO tempest.lib.common.rest_client [req-8424472f-6f84-4b66-99da-06e9be5ad7d0 req-8424472f-6f84-4b66-99da-06e9be5ad7d0 ] Request (ServersTestJSON:setUpClass): 200 GET http://10.180.1.21/compute/v2.1/servers/10117be5-70f2-4f62-81dd-3732ba3bb70c 0.907s
2024-08-28 09:09:51.186 62219 INFO tempest.common.waiters [-] State transition "BUILD/networking" ==> "BUILD/spawning" after 32 second wait
2024-08-28 09:09:51.188 62207 INFO tempest.lib.common.rest_client [req-c45c835f-4632-4631-b51e-6a84cb55f6c7 req-c45c835f-4632-4631-b51e-6a84cb55f6c7 ] Request (ServersAdmin275Test:test_rebuild_update_server_275): 200 GET http://10.180.1.21/compute/v2.1/servers/43ff8e5b-054c-452a-92c0-21a2a39ea2a2 0.740s
2024-08-28 09:09:51.244 62247 INFO tempest.lib.common.rest_client [req-7ab97d9f-7351-4c37-9250-e29a3c664091 req-7ab97d9f-7351-4c37-9250-e29a3c664091 ] Request (ServicesAdminNegativeTestJSON:tearDownClass): 201 POST http://10.180.1.21/identity/v3/auth/tokens 0.068s
2024-08-28 09:09:51.251 62221 INFO tempest.lib.common.rest_client [req-833fd503-adc1-4149-a421-1f803706acd7 req-833fd503-adc1-4149-a421-1f803706acd7 ] Request (FloatingIPsNegativeTestJSON:setUpClass): 201 POST http://10.180.1.21/identity/v3/auth/tokens 0.095s
2024-08-28 09:09:51.259 62203 INFO tempest.lib.common.rest_client [req-c5e02135-c1ef-43b1-baca-363f9c978b56 req-c5e02135-c1ef-43b1-baca-363f9c978b56 ] Request (ServerActionsV293TestJSON:setUpClass): 200 GET http://10.180.1.21/volume/v3/fa210c336da3492d984c52f7a5b54a95/volumes/5dbe69f9-0315-464c-87fe-223b5d87b019 0.044s
2024-08-28 09:09:51.266 62233 INFO tempest.lib.common.rest_client [req-a22e1334-6d94-4925-b6ff-23d747220052 req-a22e1334-6d94-4925-b6ff-23d747220052 ] Request (ServersNegativeTestMultiTenantJSON:setUpClass): 200 GET http://10.180.1.21/compute/v2.1/servers/7bb2c3a0-82ae-401e-991e-d3c0b0ab2ec5 0.771s
2024-08-28 09:09:51.281 62221 INFO tempest.lib.common.rest_client [req-fd5c6021-e9e5-4aba-ad42-8028836d372d req-fd5c6021-e9e5-4aba-ad42-8028836d372d ] Request (FloatingIPsNegativeTestJSON:setUpClass): 200 GET http://10.180.1.21/identity/v3/domains?name=Default 0.030s
2024-08-28 09:09:51.317 62221 INFO tempest.lib.common.rest_client [req-39c59a3f-919d-43d7-8b46-3df104a524f5 req-39c59a3f-919d-43d7-8b46-3df104a524f5 ] Request (FloatingIPsNegativeTestJSON:setUpClass): 201 POST http://10.180.1.21/identity/v3/projects 0.035s
2024-08-28 09:09:51.322 62229 INFO tempest.lib.common.rest_client [req-4508249b-c92e-4a49-8216-78f01976ca2f req-4508249b-c92e-4a49-8216-78f01976ca2f ] Request (ServerDiagnosticsTest:test_get_server_diagnostics): 200 GET http://10.180.1.21/compute/v2.1/servers/85eb3bcf-83c5-4420-8d66-d5c0b6595964 0.867s
2024-08-28 09:09:51.370 62231 INFO tempest.lib.common.rest_client [req-5286357d-587d-4944-a814-49194ded4aa1 req-5286357d-587d-4944-a814-49194ded4aa1 ] Request (ServerMetadataTestJSON:tearDownClass): 200 GET http://10.180.1.21/compute/v2.1/servers/061597d3-af80-4eb7-8225-63fcdc3a1ab1 0.831s
2024-08-28 09:09:51.389 62253 INFO tempest.lib.common.rest_client [req-b66bd3e5-8297-4efa-aa94-920fc10d0bb9 req-b66bd3e5-8297-4efa-aa94-920fc10d0bb9 ] Request (AttachInterfacesUnderV243Test:test_add_remove_fixed_ip): 200 GET http://10.180.1.21/compute/v2.1/servers/81971040-7836-4cb8-9064-952310391b4a 0.794s
2024-08-28 09:09:51.397 62253 INFO tempest.common.waiters [-] State transition "BUILD/None" ==> "BUILD/networking" after 25 second wait
