2024-08-28 09:10:15.416 62231 INFO tempest.lib.common.dynamic_creds [-] Network resources are not created for requested scope: project and credentials: Credentials: {'domain_id': 'default', 'domain_name': 'Default', 'username': 'tempest-ServerShowV263Test-508020234-project-reader', 'project_domain_id': 'default', 'project_domain_name': 'Default', 'project_id': '033fa5b15b124a47b6d2606ffc7dcb3d', 'project_name': 'tempest-ServerShowV263Test-508020234', 'tenant_id': '033fa5b15b124a47b6d2606ffc7dcb3d', 'tenant_name': 'tempest-ServerShowV263Test-508020234', 'user_domain_id': 'default', 'user_domain_name': 'Default', 'user_id': '680237a9158d42ca959a63c8d03c8113', 'system': None}, Network: None, Subnet: None, Router: None
2024-08-28 09:10:15.436 62201 INFO tempest.lib.common.rest_client [req-a30edfc9-5195-48bb-b85f-f1f1c62b1f87 req-a30edfc9-5195-48bb-b85f-f1f1c62b1f87 ] Request (MigrationsAdminTest:test_list_migrations_in_flavor_resize_situation): 200 GET http://10.180.1.21/compute/v2.1/servers/9d79bbb7-73e3-4af6-8595-b8d3ebd4378c 0.147s
2024-08-28 09:10:15.482 62231 INFO tempest.lib.common.rest_client [req-161ff1af-e838-4f28-82d1-c48642de2acd req-161ff1af-e838-4f28-82d1-c48642de2acd ] Request (ServerShowV263Test:setUpClass): 201 POST http://10.180.1.21/identity/v3/auth/tokens 0.063s
2024-08-28 09:10:15.494 62203 INFO tempest.lib.common.rest_client [req-8f1ba3f0-630a-4c28-adf4-bd5f2451be4c req-8f1ba3f0-630a-4c28-adf4-bd5f2451be4c ] Request (ServerActionsV293TestJSON:setUpClass): 200 GET http://10.180.1.21/compute/v2.1/servers/ff9c99c7-43b2-479e-a171-269edf1aa75d 0.189s
2024-08-28 09:10:15.527 62239 INFO tempest.lib.common.rest_client [req-94958fdf-a0e5-4d9b-a9b7-0444d654816e req-94958fdf-a0e5-4d9b-a9b7-0444d654816e ] Request (FloatingIPsAssociationNegativeTestJSON:tearDownClass): 204 DELETE http://10.180.1.21:9696/networking/v2.0/security-groups/a50494c0-7c47-4815-8fb9-c0b2dde350ae 0.154s
2024-08-28 09:10:15.551 62259 INFO tempest.lib.common.rest_client [req-4f379da7-ab72-4e5c-b07f-6a36dc9b4fc1 req-4f379da7-ab72-4e5c-b07f-6a36dc9b4fc1 ] Request (DeleteServersTestJSON:test_delete_server_while_in_attached_volume): 200 GET http://10.180.1.21/compute/v2.1/servers/383cc933-2136-421f-85cc-e12f1743bd67 0.199s
2024-08-28 09:10:15.582 62231 INFO tempest.lib.common.rest_client [req-b8bb2075-cfb5-4041-8346-21107393af89 req-b8bb2075-cfb5-4041-8346-21107393af89 ] Request (ServerShowV263Test:tearDownClass): 204 DELETE http://10.180.1.21/identity/v3/users/0eec53aa8a43467bbcd9f92f01a76b64 0.098s
2024-08-28 09:10:15.589 62239 INFO tempest.lib.common.rest_client [req-1270ce24-3938-4ce2-9f9c-7719b01dd675 req-1270ce24-3938-4ce2-9f9c-7719b01dd675 ] Request (FloatingIPsAssociationNegativeTestJSON:tearDownClass): 204 DELETE http://10.180.1.21/identity/v3/projects/01c68009e098457c9cac9db48b09c7cb 0.061s
2024-08-28 09:10:15.591 62245 INFO tempest.lib.common.rest_client [req-91ea12db-216c-4e07-aa07-144d6d3d1088 req-91ea12db-216c-4e07-aa07-144d6d3d1088 ] Request (ServerTagsTestJSON:setUpClass): 202 POST http://10.180.1.21/compute/v2.1/servers 0.561s
2024-08-28 09:10:15.599 62237 INFO tempest.lib.common.rest_client [req-69ff9675-b835-4308-98bc-a7122011233f req-69ff9675-b835-4308-98bc-a7122011233f ] Request (ServersTestManualDisk:setUpClass): 200 GET http://10.180.1.21/compute/v2.1/servers/59ed629c-1516-4e93-95dd-482d8acc71af 0.245s
2024-08-28 09:10:15.651 62199 INFO tempest.lib.common.rest_client [req-cd3c69c3-b0a2-499f-8924-b4aeded2f158 req-cd3c69c3-b0a2-499f-8924-b4aeded2f158 ] Request (ServerPasswordTestJSON:tearDownClass): 200 GET http://10.180.1.21/compute/v2.1/servers/1e7e2f23-4fc9-45a3-9f60-8222fa73cc52 0.237s
2024-08-28 09:10:15.652 62211 INFO tempest.lib.common.rest_client [req-e62e662a-15cd-4596-beff-73d15e145cee req-e62e662a-15cd-4596-beff-73d15e145cee ] Request (TenantUsagesTestJSON:setUpClass): 200 GET http://10.180.1.21/compute/v2.1/servers/dec63d6c-0b9e-474b-a09a-9420d9d8d366 0.230s
2024-08-28 09:10:15.661 62239 INFO tempest.lib.common.rest_client [req-a5872731-3c14-4fcd-bc04-73f3b900e1bd req-a5872731-3c14-4fcd-bc04-73f3b900e1bd ] Request (FloatingIPDetailsNegativeTestJSON:setUpClass): 201 POST http://10.180.1.21/identity/v3/auth/tokens 0.067s
2024-08-28 09:10:15.680 62231 INFO tempest.lib.common.rest_client [req-582224ee-15e5-408a-b8ca-1c4615c9e7e1 req-582224ee-15e5-408a-b8ca-1c4615c9e7e1 ] Request (ServerShowV263Test:tearDownClass): 204 DELETE http://10.180.1.21/identity/v3/users/680237a9158d42ca959a63c8d03c8113 0.098s
2024-08-28 09:10:15.681 62231 INFO tempest.lib.common.dynamic_creds [-] Deleting project and security group for project: 033fa5b15b124a47b6d2606ffc7dcb3d
2024-08-28 09:10:15.717 62207 INFO tempest.lib.common.rest_client [req-2efd258d-d02e-4478-8bd8-e92592cd44b3 req-2efd258d-d02e-4478-8bd8-e92592cd44b3 ] Request (ServersAdmin275Test:test_rebuild_update_server_275): 200 GET http://10.180.1.21/compute/v2.1/servers/43ff8e5b-054c-452a-92c0-21a2a39ea2a2 0.216s
2024-08-28 09:10:15.722 62209 INFO tempest.lib.common.rest_client [req-53452dd3-0d6f-4a88-8773-e7a5e763f613 req-53452dd3-0d6f-4a88-8773-e7a5e763f613 ] Request (ListServersNegativeTestJSON:tearDownClass): 200 GET http://10.180.1.21/compute/v2.1/servers/9068983c-71dd-44eb-923c-5774ac7d0b60 0.228s
2024-08-28 09:10:15.728 62239 INFO tempest.lib.common.rest_client [req-7e63477c-5e77-458a-9e8a-49e14a6a112e req-7e63477c-5e77-458a-9e8a-49e14a6a112e ] Request (FloatingIPDetailsNegativeTestJSON:setUpClass): 201 POST http://10.180.1.21/identity/v3/auth/tokens 0.064s
2024-08-28 09:10:15.745 62231 INFO tempest.lib.common.rest_client [req-81b8f696-ff9d-4748-8994-8fc23be45860 req-81b8f696-ff9d-4748-8994-8fc23be45860 ] Request (ServerShowV263Test:tearDownClass): 201 POST http://10.180.1.21/identity/v3/auth/tokens 0.065s
2024-08-28 09:10:15.749 62239 INFO tempest.lib.common.rest_client [req-58721d67-91b8-4f8e-9c49-b4f3a4eb5288 req-58721d67-91b8-4f8e-9c49-b4f3a4eb5288 ] Request (FloatingIPDetailsNegativeTestJSON:setUpClass): 200 GET http://10.180.1.21/identity/v3/domains?name=Default 0.021s
2024-08-28 09:10:15.772 62235 INFO tempest.lib.common.rest_client [req-5944c6e2-6c38-43e1-b210-a5ba55c2367f req-5944c6e2-6c38-43e1-b210-a5ba55c2367f ] Request (AttachInterfacesV270Test:test_create_get_list_interfaces): 200 GET http://10.180.1.21/compute/v2.1/servers/e0348208-2098-4071-97a4-29407a95cd3a 0.202s
2024-08-28 09:10:15.777 62229 INFO tempest.lib.common.rest_client [req-ec43f33a-9a70-462e-84c7-774b0fdf0a83 req-ec43f33a-9a70-462e-84c7-774b0fdf0a83 ] Request (ServerDiagnosticsTest:tearDownClass): 200 GET http://10.180.1.21/compute/v2.1/servers/85eb3bcf-83c5-4420-8d66-d5c0b6595964 0.215s
2024-08-28 09:10:15.778 62239 INFO tempest.lib.common.rest_client [req-434a4cc7-3fbf-4be1-80c1-b7b4e36fddd8 req-434a4cc7-3fbf-4be1-80c1-b7b4e36fddd8 ] Request (FloatingIPDetailsNegativeTestJSON:setUpClass): 201 POST http://10.180.1.21/identity/v3/projects 0.028s
2024-08-28 09:10:15.814 62245 INFO tempest.lib.common.rest_client [req-b31fae6c-7e01-4c15-8c9b-d91540ed6040 req-b31fae6c-7e01-4c15-8c9b-d91540ed6040 ] Request (ServerTagsTestJSON:setUpClass): 200 GET http://10.180.1.21/compute/v2.1/servers/8ffa8a2e-f035-483a-86a1-349588495b66 0.221s
2024-08-28 09:10:15.827 62247 INFO tempest.lib.common.rest_client [req-c0531513-0359-4bba-bc8d-b164497cfe30 req-c0531513-0359-4bba-bc8d-b164497cfe30 ] Request (ListServerFiltersTestJSON:setUpClass): 200 GET http://10.180.1.21/compute/v2.1/servers/315c4d67-8e15-47d8-8943-8d10fc746815 0.210s
2024-08-28 09:10:15.836 62239 INFO tempest.lib.common.rest_client [req-fae9f780-76a3-4aa5-9b0d-e8613ca958db req-fae9f780-76a3-4aa5-9b0d-e8613ca958db ] Request (FloatingIPDetailsNegativeTestJSON:setUpClass): 201 POST http://10.180.1.21/identity/v3/users 0.058s
2024-08-28 09:10:15.857 62239 INFO tempest.lib.common.rest_client [req-36e958af-4a4a-45e3-88a0-c49a424297a0 req-36e958af-4a4a-45e3-88a0-c49a424297a0 ] Request (FloatingIPDetailsNegativeTestJSON:setUpClass): 200 GET http://10.180.1.21/identity/v3/roles 0.020s
2024-08-28 09:10:15.870 62233 INFO tempest.lib.common.rest_client [req-052b0c83-8df8-4e03-aad3-a7a313e4367d req-052b0c83-8df8-4e03-aad3-a7a313e4367d ] Request (ServersNegativeTestMultiTenantJSON:setUpClass): 200 GET http://10.180.1.21/compute/v2.1/servers/7bb2c3a0-82ae-401e-991e-d3c0b0ab2ec5 0.239s
2024-08-28 09:10:15.885 62241 INFO tempest.lib.common.rest_client [req-697605c1-eda6-4fab-aad3-052eb9dcea71 req-697605c1-eda6-4fab-aad3-052eb9dcea71 ] Request (ServersV294TestFqdnHostnames:setUpClass): 200 GET http://10.180.1.21/compute/v2.1/servers/24755d96-be25-477d-8022-bbae4e33ab89 0.201s
2024-08-28 09:10:15.901 62239 INFO tempest.lib.common.rest_client [req-4f53e0f2-8abd-4cc5-b64e-c95f2546f310 req-4f53e0f2-8abd-4cc5-b64e-c95f2546f310 ] Request (FloatingIPDetailsNegativeTestJSON:setUpClass): 204 PUT http://10.180.1.21/identity/v3/projects/461b7c3dcdeb45ae8e01e6d13706e1cc/users/74728f14ddca468bb1be62b75b0864f1/roles/2c7fdb80462342ba9a38258a3fa9cb40 0.044s
2024-08-28 09:10:15.902 62239 INFO tempest.lib.common.dynamic_creds [-] Dynamic test user 74728f14ddca468bb1be62b75b0864f1 is created with scope project and roles: ['member']
2024-08-28 09:10:15.902 62239 INFO tempest.lib.common.dynamic_creds [-] Acquired dynamic creds: credentials: Credentials: {'domain_id': 'default', 'domain_name': 'Default', 'username': 'tempest-FloatingIPDetailsNegativeTestJSON-1984868238-project-member', 'project_domain_id': 'default', 'project_domain_name': 'Default', 'project_id': '461b7c3dcdeb45ae8e01e6d13706e1cc', 'project_name': 'tempest-FloatingIPDetailsNegativeTestJSON-1984868238', 'tenant_id': '461b7c3dcdeb45ae8e01e6d13706e1cc', 'tenant_name': 'tempest-FloatingIPDetailsNegativeTestJSON-1984868238', 'user_domain_id': 'default', 'user_domain_name': 'Default', 'user_id': '74728f14ddca468bb1be62b75b0864f1', 'system': None}, Network: None, Subnet: None, Router: None
2024-08-28 09:10:15.933 62251 INFO tempest.lib.common.rest_client [req-6c5f6c01-343e-4bea-830e-dde82fd2e94f req-6c5f6c01-343e-4bea-830e-dde82fd2e94f ] Request (ImagesTestJSON:test_create_image_from_stopped_server): 200 GET http://10.180.1.21/compute/v2.1/servers/6e1853f6-55d9-4659-b865-191a2e107ba1 0.205s
2024-08-28 09:10:15.939 62251 INFO tempest.common.waiters [-] State transition "BUILD/None" ==> "BUILD/networking" after 46 second wait
2024-08-28 09:10:15.948 62217 INFO tempest.lib.common.rest_client [req-bc06fd4e-c301-48f0-adef-6ba28cc78daa req-bc06fd4e-c301-48f0-adef-6ba28cc78daa ] Request (ServerActionsTestJSON:setUpClass): 200 GET http://10.180.1.21/compute/v2.1/servers/bedcdb7c-216f-4248-b5ac-1c71471c4c07 0.161s
2024-08-28 09:10:15.963 62239 INFO tempest.lib.common.rest_client [req-b481804e-4e72-4263-a088-dc32c0c6d436 req-b481804e-4e72-4263-a088-dc32c0c6d436 ] Request (FloatingIPDetailsNegativeTestJSON:setUpClass): 201 POST http://10.180.1.21/identity/v3/auth/tokens 0.060s
2024-08-28 09:10:15.993 62221 INFO tempest.lib.common.rest_client [req-0d110fd9-5af7-4af2-8b64-389784087631 req-0d110fd9-5af7-4af2-8b64-389784087631 ] Request (ServerRescueTestJSON:setUpClass): 200 GET http://10.180.1.21/compute/v2.1/servers/e94b6c33-7bfb-4aae-b619-c7da2201cb92 0.117s
2024-08-28 09:10:16.007 62231 INFO tempest.lib.common.rest_client [req-8aa62ad5-ad37-4596-be1b-7f8cbd77ae00 req-8aa62ad5-ad37-4596-be1b-7f8cbd77ae00 ] Request (ServerShowV263Test:tearDownClass): 200 GET http://10.180.1.21:9696/networking/v2.0/security-groups?tenant_id=033fa5b15b124a47b6d2606ffc7dcb3d&name=default 0.261s
2024-08-28 09:10:16.030 62225 INFO tempest.lib.common.rest_client [req-1a68703d-4aa8-44d6-91e2-0aca3c4c4a1b req-1a68703d-4aa8-44d6-91e2-0aca3c4c4a1b ] Request (ServersAdminTestJSON:test_create_server_with_scheduling_hint): 200 GET http://10.180.1.21/compute/v2.1/servers/d7de483c-5ab7-47e9-995c-c02d5f07f165 0.085s
2024-08-28 09:10:16.078 62255 INFO tempest.lib.common.rest_client [req-cc750701-a967-4d73-9009-fc7c0de2c576 req-cc750701-a967-4d73-9009-fc7c0de2c576 ] Request (DeleteServersAdminTestJSON:test_delete_server_while_in_error_state): 200 GET http://10.180.1.21/compute/v2.1/servers/fc3b6192-3a1d-40cd-87ef-6bdba8b8292d 0.078s
2024-08-28 09:10:16.083 62257 INFO tempest.lib.common.rest_client [req-3cd505cd-e869-4bb2-993c-005fab6a486e req-3cd505cd-e869-4bb2-993c-005fab6a486e ] Request (AttachVolumeTestJSON:test_attach_detach_volume): 200 GET http://10.180.1.21/compute/v2.1/servers/ec50aa6a-44ae-42f3-99a9-6831c832aca3 0.054s
2024-08-28 09:10:16.162 62231 INFO tempest.lib.common.rest_client [req-743ee8cd-56f8-4f65-86b9-91768a644f67 req-743ee8cd-56f8-4f65-86b9-91768a644f67 ] Request (ServerShowV263Test:tearDownClass): 204 DELETE http://10.180.1.21:9696/networking/v2.0/security-groups/3fa2c028-7267-4c0b-bd55-6583f83d6434 0.154s
2024-08-28 09:10:16.197 62197 INFO tempest.lib.common.rest_client [req-7b0eabe7-91e4-4d78-b017-ae9366434e0e req-7b0eabe7-91e4-4d78-b017-ae9366434e0e ] Request (FloatingIPsAssociationTestJSON:tearDownClass): 200 GET http://10.180.1.21/compute/v2.1/servers/46bf2f3b-9f41-4043-8b2b-e52e765da72b 0.104s
2024-08-28 09:10:16.249 62231 INFO tempest.lib.common.rest_client [req-c3181f44-b700-4e29-9f6c-54f711cd8225 req-c3181f44-b700-4e29-9f6c-54f711cd8225 ] Request (ServerShowV263Test:tearDownClass): 204 DELETE http://10.180.1.21/identity/v3/projects/033fa5b15b124a47b6d2606ffc7dcb3d 0.087s
2024-08-28 09:10:16.333 62231 INFO tempest.lib.common.rest_client [req-38fe3e82-4f04-416b-9ffe-ea7ecc1ddabf req-38fe3e82-4f04-416b-9ffe-ea7ecc1ddabf ] Request (VolumesNegativeTest:setUpClass): 201 POST http://10.180.1.21/identity/v3/auth/tokens 0.082s
2024-08-28 09:10:16.371 62231 INFO tempest.lib.common.rest_client [req-592b792b-a773-47c0-83da-55f51dd9cab7 req-592b792b-a773-47c0-83da-55f51dd9cab7 ] Request (VolumesNegativeTest:setUpClass): 201 POST http://10.180.1.21/identity/v3/auth/tokens 0.034s
2024-08-28 09:10:16.392 62239 INFO tempest.lib.common.rest_client [req-788b6085-eb62-4686-b3fd-a2adc6407c16 req-788b6085-eb62-4686-b3fd-a2adc6407c16 ] Request (FloatingIPDetailsNegativeTestJSON:setUpClass): 201 POST http://10.180.1.21:9696/networking/v2.0/networks 0.428s
2024-08-28 09:10:16.398 62231 INFO tempest.lib.common.rest_client [req-7fbeed42-5602-429d-b540-917bf5c03ba6 req-7fbeed42-5602-429d-b540-917bf5c03ba6 ] Request (VolumesNegativeTest:setUpClass): 200 GET http://10.180.1.21/identity/v3/domains?name=Default 0.026s
2024-08-28 09:10:16.436 62231 INFO tempest.lib.common.rest_client [req-416d5c32-d9e4-4734-9f4c-f4362e4fc85d req-416d5c32-d9e4-4734-9f4c-f4362e4fc85d ] Request (VolumesNegativeTest:setUpClass): 201 POST http://10.180.1.21/identity/v3/projects 0.037s
2024-08-28 09:10:16.491 62215 INFO tempest.lib.common.rest_client [req-994ace74-ac19-458b-84ba-e9b027273c3d req-994ace74-ac19-458b-84ba-e9b027273c3d ] Request (InstanceActionsNegativeTestJSON:tearDownClass): 200 GET http://10.180.1.21/compute/v2.1/servers/451a923d-3c88-4b5d-be2c-dfcc248f9e81 0.179s
2024-08-28 09:10:16.498 62231 INFO tempest.lib.common.rest_client [req-4311f3f0-b2d9-4740-9acc-4f5ccf6c81f4 req-4311f3f0-b2d9-4740-9acc-4f5ccf6c81f4 ] Request (VolumesNegativeTest:setUpClass): 201 POST http://10.180.1.21/identity/v3/users 0.062s
2024-08-28 09:10:16.526 62231 INFO tempest.lib.common.rest_client [req-f8d11f1a-569b-47b0-9f46-96f2eb209c04 req-f8d11f1a-569b-47b0-9f46-96f2eb209c04 ] Request (VolumesNegativeTest:setUpClass): 200 GET http://10.180.1.21/identity/v3/roles 0.027s
2024-08-28 09:10:16.556 62231 INFO tempest.lib.common.rest_client [req-da67f1ea-b3ce-4a71-b0fb-5de783044ce0 req-da67f1ea-b3ce-4a71-b0fb-5de783044ce0 ] Request (VolumesNegativeTest:setUpClass): 204 PUT http://10.180.1.21/identity/v3/projects/d1003a294bc641c6bc0e3f7f9b17a156/users/3fc8becf6ffc416fbae26e78673a3f7a/roles/2c7fdb80462342ba9a38258a3fa9cb40 0.029s
2024-08-28 09:10:16.557 62231 INFO tempest.lib.common.dynamic_creds [-] Dynamic test user 3fc8becf6ffc416fbae26e78673a3f7a is created with scope project and roles: ['member']
2024-08-28 09:10:16.557 62231 INFO tempest.lib.common.dynamic_creds [-] Acquired dynamic creds: credentials: Credentials: {'domain_id': 'default', 'domain_name': 'Default', 'username': 'tempest-VolumesNegativeTest-359838749-project-member', 'project_domain_id': 'default', 'project_domain_name': 'Default', 'project_id': 'd1003a294bc641c6bc0e3f7f9b17a156', 'project_name': 'tempest-VolumesNegativeTest-359838749', 'tenant_id': 'd1003a294bc641c6bc0e3f7f9b17a156', 'tenant_name': 'tempest-VolumesNegativeTest-359838749', 'user_domain_id': 'default', 'user_domain_name': 'Default', 'user_id': '3fc8becf6ffc416fbae26e78673a3f7a', 'system': None}, Network: None, Subnet: None, Router: None
2024-08-28 09:10:16.557 62231 INFO tempest.lib.common.dynamic_creds [-] Created isolated network resources for: credentials: Credentials: {'domain_id': 'default', 'domain_name': 'Default', 'username': 'tempest-VolumesNegativeTest-359838749-project-member', 'project_domain_id': 'default', 'project_domain_name': 'Default', 'project_id': 'd1003a294bc641c6bc0e3f7f9b17a156', 'project_name': 'tempest-VolumesNegativeTest-359838749', 'tenant_id': 'd1003a294bc641c6bc0e3f7f9b17a156', 'tenant_name': 'tempest-VolumesNegativeTest-359838749', 'user_domain_id': 'default', 'user_domain_name': 'Default', 'user_id': '3fc8becf6ffc416fbae26e78673a3f7a', 'system': None}, Network: None, Subnet: None, Router: None
2024-08-28 09:10:16.560 62203 INFO tempest.lib.common.rest_client [req-3145f0ff-fe01-4675-bc20-5d04d6633bbd req-3145f0ff-fe01-4675-bc20-5d04d6633bbd ] Request (ServerActionsV293TestJSON:setUpClass): 200 GET http://10.180.1.21/compute/v2.1/servers/ff9c99c7-43b2-479e-a171-269edf1aa75d 0.055s
2024-08-28 09:10:16.618 62259 INFO tempest.lib.common.rest_client [req-20bf2e5b-56ab-449d-b5ba-60f0153c9c35 req-20bf2e5b-56ab-449d-b5ba-60f0153c9c35 ] Request (DeleteServersTestJSON:test_delete_server_while_in_attached_volume): 200 GET http://10.180.1.21/compute/v2.1/servers/383cc933-2136-421f-85cc-e12f1743bd67 0.056s
2024-08-28 09:10:16.668 62231 INFO tempest.lib.common.rest_client [req-06ec6144-1a65-4423-8fe3-17563a3e1440 req-06ec6144-1a65-4423-8fe3-17563a3e1440 ] Request (VolumesNegativeTest:setUpClass): 201 POST http://10.180.1.21/identity/v3/auth/tokens 0.105s
2024-08-28 09:10:16.673 62237 INFO tempest.lib.common.rest_client [req-dbd879ec-2bf8-4cc8-80d7-726fe9ef6cfe req-dbd879ec-2bf8-4cc8-80d7-726fe9ef6cfe ] Request (ServersTestManualDisk:setUpClass): 200 GET http://10.180.1.21/compute/v2.1/servers/59ed629c-1516-4e93-95dd-482d8acc71af 0.057s
2024-08-28 09:10:16.730 62199 INFO tempest.lib.common.rest_client [req-0628aae4-3b1d-4a9d-9aae-a37d253d8289 req-0628aae4-3b1d-4a9d-9aae-a37d253d8289 ] Request (ServerPasswordTestJSON:tearDownClass): 200 GET http://10.180.1.21/compute/v2.1/servers/1e7e2f23-4fc9-45a3-9f60-8222fa73cc52 0.069s
2024-08-28 09:10:16.754 62223 WARNING tempest.lib.common.ssh [-] Failed to establish authenticated ssh connection to cirros@10.180.180.226 ([Errno None] Unable to connect to port 22 on 10.180.180.226). Number attempts: 5. Retry after 6 seconds.: paramiko.ssh_exception.NoValidConnectionsError: [Errno None] Unable to connect to port 22 on 10.180.180.226
2024-08-28 09:10:16.779 62211 INFO tempest.lib.common.rest_client [req-0ccba5cb-86c3-4410-b7d4-24403e734f1a req-0ccba5cb-86c3-4410-b7d4-24403e734f1a ] Request (TenantUsagesTestJSON:setUpClass): 200 GET http://10.180.1.21/compute/v2.1/servers/dec63d6c-0b9e-474b-a09a-9420d9d8d366 0.118s
2024-08-28 09:10:16.779 62201 INFO tempest.lib.common.rest_client [req-6f68ff31-cff8-4039-be8b-3926df0f8fca req-6f68ff31-cff8-4039-be8b-3926df0f8fca ] Request (MigrationsAdminTest:test_list_migrations_in_flavor_resize_situation): 200 GET http://10.180.1.21/compute/v2.1/servers/9d79bbb7-73e3-4af6-8595-b8d3ebd4378c 0.336s
2024-08-28 09:10:16.789 62201 INFO tempest.common.waiters [-] State transition "RESIZE/resize_finish" ==> "VERIFY_RESIZE/None" after 46 second wait
2024-08-28 09:10:16.838 62207 INFO tempest.lib.common.rest_client [req-1dc93e47-bc3a-43c1-a14e-7eed26581469 req-1dc93e47-bc3a-43c1-a14e-7eed26581469 ] Request (ServersAdmin275Test:test_rebuild_update_server_275): 200 GET http://10.180.1.21/compute/v2.1/servers/43ff8e5b-054c-452a-92c0-21a2a39ea2a2 0.103s
2024-08-28 09:10:16.847 62231 INFO tempest.lib.common.rest_client [req-dc152f8e-a15e-458f-b56a-f28d354b7450 req-dc152f8e-a15e-458f-b56a-f28d354b7450 ] Request (VolumesNegativeTest:test_create_volume_with_invalid_size): 400 POST http://10.180.1.21/compute/v2.1/os-volumes 0.178s
2024-08-28 09:10:16.891 62209 INFO tempest.lib.common.rest_client [req-f8fde24b-5881-4453-a8fe-c496544b4d6b req-f8fde24b-5881-4453-a8fe-c496544b4d6b ] Request (ListServersNegativeTestJSON:tearDownClass): 200 GET http://10.180.1.21/compute/v2.1/servers/9068983c-71dd-44eb-923c-5774ac7d0b60 0.155s
2024-08-28 09:10:16.924 62235 INFO tempest.lib.common.rest_client [req-16a4c0a7-9b75-4126-aa8c-08a5d6c9a03f req-16a4c0a7-9b75-4126-aa8c-08a5d6c9a03f ] Request (AttachInterfacesV270Test:test_create_get_list_interfaces): 200 GET http://10.180.1.21/compute/v2.1/servers/e0348208-2098-4071-97a4-29407a95cd3a 0.142s
2024-08-28 09:10:16.939 62239 INFO tempest.lib.common.rest_client [req-d81cc50a-7fec-44d3-accd-55152a1bad79 req-d81cc50a-7fec-44d3-accd-55152a1bad79 ] Request (FloatingIPDetailsNegativeTestJSON:setUpClass): 201 POST http://10.180.1.21:9696/networking/v2.0/subnets 0.546s
2024-08-28 09:10:16.947 62229 INFO tempest.lib.common.rest_client [req-76b5d5d4-e1ae-43ef-b335-e07b92703aac req-76b5d5d4-e1ae-43ef-b335-e07b92703aac ] Request (ServerDiagnosticsTest:tearDownClass): 200 GET http://10.180.1.21/compute/v2.1/servers/85eb3bcf-83c5-4420-8d66-d5c0b6595964 0.163s
2024-08-28 09:10:16.985 62201 INFO tempest.lib.common.rest_client [req-0d7e6646-ed12-403a-829c-c1248b6f984c req-0d7e6646-ed12-403a-829c-c1248b6f984c ] Request (MigrationsAdminTest:test_list_migrations_in_flavor_resize_situation): 204 POST http://10.180.1.21/compute/v2.1/servers/9d79bbb7-73e3-4af6-8595-b8d3ebd4378c/action 0.195s
2024-08-28 09:10:17.010 62245 INFO tempest.lib.common.rest_client [req-f8a91fbc-dcb4-4935-8656-0a17f49820af req-f8a91fbc-dcb4-4935-8656-0a17f49820af ] Request (ServerTagsTestJSON:setUpClass): 200 GET http://10.180.1.21/compute/v2.1/servers/8ffa8a2e-f035-483a-86a1-349588495b66 0.184s
2024-08-28 09:10:17.023 62231 INFO tempest.lib.common.rest_client [req-0032723a-6b3e-4157-ac55-1409482d863f req-0032723a-6b3e-4157-ac55-1409482d863f ] Request (VolumesNegativeTest:test_create_volume_with_size_zero): 400 POST http://10.180.1.21/compute/v2.1/os-volumes 0.174s
2024-08-28 09:10:17.039 62247 INFO tempest.lib.common.rest_client [req-46edf6b1-9565-47e5-8fd2-20839577d04b req-46edf6b1-9565-47e5-8fd2-20839577d04b ] Request (ListServerFiltersTestJSON:setUpClass): 200 GET http://10.180.1.21/compute/v2.1/servers/315c4d67-8e15-47d8-8943-8d10fc746815 0.201s
2024-08-28 09:10:17.080 62233 INFO tempest.lib.common.rest_client [req-c62bf7bb-ca94-4495-9fae-bee0eddf4ca9 req-c62bf7bb-ca94-4495-9fae-bee0eddf4ca9 ] Request (ServersNegativeTestMultiTenantJSON:setUpClass): 200 GET http://10.180.1.21/compute/v2.1/servers/7bb2c3a0-82ae-401e-991e-d3c0b0ab2ec5 0.203s
2024-08-28 09:10:17.094 62241 INFO tempest.lib.common.rest_client [req-6eafd928-2311-4162-be59-e915a22de58d req-6eafd928-2311-4162-be59-e915a22de58d ] Request (ServersV294TestFqdnHostnames:setUpClass): 200 GET http://10.180.1.21/compute/v2.1/servers/24755d96-be25-477d-8022-bbae4e33ab89 0.198s
2024-08-28 09:10:17.140 62217 INFO tempest.lib.common.rest_client [req-46de457f-6669-442d-b417-cfe8faebd8f3 req-46de457f-6669-442d-b417-cfe8faebd8f3 ] Request (ServerActionsTestJSON:setUpClass): 200 GET http://10.180.1.21/compute/v2.1/servers/bedcdb7c-216f-4248-b5ac-1c71471c4c07 0.182s
2024-08-28 09:10:17.241 62201 INFO tempest.lib.common.rest_client [req-85aa2513-5836-4621-8a8d-d963fd46a173 req-85aa2513-5836-4621-8a8d-d963fd46a173 ] Request (MigrationsAdminTest:test_list_migrations_in_flavor_resize_situation): 200 GET http://10.180.1.21/compute/v2.1/servers/9d79bbb7-73e3-4af6-8595-b8d3ebd4378c 0.255s
2024-08-28 09:10:17.277 62251 INFO tempest.lib.common.rest_client [req-ff3164f8-c060-4f0a-8fcc-a10fecf1dd82 req-ff3164f8-c060-4f0a-8fcc-a10fecf1dd82 ] Request (ImagesTestJSON:test_create_image_from_stopped_server): 200 GET http://10.180.1.21/compute/v2.1/servers/6e1853f6-55d9-4659-b865-191a2e107ba1 0.336s
2024-08-28 09:10:17.282 62231 INFO tempest.lib.common.rest_client [req-f9f803c6-b8b6-4920-a35b-360026d50277 req-f9f803c6-b8b6-4920-a35b-360026d50277 ] Request (VolumesNegativeTest:test_create_volume_without_passing_size): 400 POST http://10.180.1.21/compute/v2.1/os-volumes 0.257s
2024-08-28 09:10:17.283 62251 INFO tempest.common.waiters [-] State transition "BUILD/networking" ==> "BUILD/spawning" after 48 second wait
2024-08-28 09:10:17.287 62221 INFO tempest.lib.common.rest_client [req-a5ecc055-3cd0-485d-b5b3-196442208f3b req-a5ecc055-3cd0-485d-b5b3-196442208f3b ] Request (ServerRescueTestJSON:setUpClass): 200 GET http://10.180.1.21/compute/v2.1/servers/e94b6c33-7bfb-4aae-b619-c7da2201cb92 0.286s
2024-08-28 09:10:17.331 62255 INFO tempest.lib.common.rest_client [req-efac70f5-3008-4e00-bf79-92b5a70aff1b req-efac70f5-3008-4e00-bf79-92b5a70aff1b ] Request (DeleteServersAdminTestJSON:test_delete_server_while_in_error_state): 200 GET http://10.180.1.21/compute/v2.1/servers/fc3b6192-3a1d-40cd-87ef-6bdba8b8292d 0.245s
2024-08-28 09:10:17.338 62225 INFO tempest.lib.common.rest_client [req-c529e44d-8d66-4eed-a2d7-149d4ae37563 req-c529e44d-8d66-4eed-a2d7-149d4ae37563 ] Request (ServersAdminTestJSON:test_create_server_with_scheduling_hint): 200 GET http://10.180.1.21/compute/v2.1/servers/d7de483c-5ab7-47e9-995c-c02d5f07f165 0.297s
2024-08-28 09:10:17.347 62225 INFO tempest.common.waiters [-] State transition "BUILD/scheduling" ==> "BUILD/None" after 23 second wait
2024-08-28 09:10:17.384 62257 INFO tempest.lib.common.rest_client [req-be28c195-542f-4b4f-8d7f-e9993a2c1244 req-be28c195-542f-4b4f-8d7f-e9993a2c1244 ] Request (AttachVolumeTestJSON:test_attach_detach_volume): 200 GET http://10.180.1.21/compute/v2.1/servers/ec50aa6a-44ae-42f3-99a9-6831c832aca3 0.294s
2024-08-28 09:10:17.400 62197 INFO tempest.lib.common.rest_client [req-9f4b727d-976a-4279-9b31-fdb2a02668ed req-9f4b727d-976a-4279-9b31-fdb2a02668ed ] Request (FloatingIPsAssociationTestJSON:tearDownClass): 200 GET http://10.180.1.21/compute/v2.1/servers/46bf2f3b-9f41-4043-8b2b-e52e765da72b 0.197s
2024-08-28 09:10:17.423 62231 INFO tempest.lib.common.rest_client [req-5049649b-9d8a-407f-8b98-1889972807d0 req-5049649b-9d8a-407f-8b98-1889972807d0 ] Request (VolumesNegativeTest:test_delete_invalid_volume_id): 404 DELETE http://10.180.1.21/compute/v2.1/os-volumes/tempest-invalid-204558053 0.140s
2024-08-28 09:10:17.430 62231 INFO tempest.lib.common.rest_client [req-55ab116a-1afa-447e-babf-bb4abd63de75 req-55ab116a-1afa-447e-babf-bb4abd63de75 ] Request (VolumesNegativeTest:test_delete_volume_without_passing_volume_id): 404 DELETE http://10.180.1.21/compute/v2.1/os-volumes/ 0.005s
2024-08-28 09:10:17.436 62231 INFO tempest.lib.common.rest_client [req-4871dab5-63b5-46ad-8a94-8e4f90220ed0 req-4871dab5-63b5-46ad-8a94-8e4f90220ed0 ] Request (VolumesNegativeTest:test_get_volume_without_passing_volume_id): 404 GET http://10.180.1.21/compute/v2.1/os-volumes/ 0.005s
2024-08-28 09:10:17.459 62231 INFO tempest.lib.common.rest_client [req-5aaf7bdb-6440-45ee-a809-d970e74e8eac req-5aaf7bdb-6440-45ee-a809-d970e74e8eac ] Request (VolumesNegativeTest:test_volume_delete_nonexistent_volume_id): 404 DELETE http://10.180.1.21/compute/v2.1/os-volumes/e6bf0aa8-adc3-4e73-a870-4269986f87a0 0.022s
2024-08-28 09:10:17.485 62231 INFO tempest.lib.common.rest_client [req-46985df6-cd80-49f5-ac44-56cc2973dcb8 req-46985df6-cd80-49f5-ac44-56cc2973dcb8 ] Request (VolumesNegativeTest:test_volume_get_nonexistent_volume_id): 404 GET http://10.180.1.21/compute/v2.1/os-volumes/e70db4c4-de83-47fc-b32f-1d831ff421d6 0.024s
2024-08-28 09:10:17.611 62231 INFO tempest.lib.common.rest_client [req-cf3385eb-c0db-41a5-8306-9812cc14fce4 req-cf3385eb-c0db-41a5-8306-9812cc14fce4 ] Request (VolumesNegativeTest:tearDownClass): 204 DELETE http://10.180.1.21/identity/v3/users/3fc8becf6ffc416fbae26e78673a3f7a 0.120s
2024-08-28 09:10:17.611 62231 INFO tempest.lib.common.dynamic_creds [-] Deleting project and security group for project: d1003a294bc641c6bc0e3f7f9b17a156
2024-08-28 09:10:17.629 62203 INFO tempest.lib.common.rest_client [req-4a841a96-a03e-4934-980a-cdfbc3a8cae4 req-4a841a96-a03e-4934-980a-cdfbc3a8cae4 ] Request (ServerActionsV293TestJSON:setUpClass): 200 GET http://10.180.1.21/compute/v2.1/servers/ff9c99c7-43b2-479e-a171-269edf1aa75d 0.059s
2024-08-28 09:10:17.643 62215 INFO tempest.lib.common.rest_client [req-e0f5c25c-4ddb-4d2b-8eed-78fda0c64bf4 req-e0f5c25c-4ddb-4d2b-8eed-78fda0c64bf4 ] Request (InstanceActionsNegativeTestJSON:tearDownClass): 200 GET http://10.180.1.21/compute/v2.1/servers/451a923d-3c88-4b5d-be2c-dfcc248f9e81 0.145s
2024-08-28 09:10:17.677 62231 INFO tempest.lib.common.rest_client [req-ee27513e-d933-40b1-a043-cf95dc25a88d req-ee27513e-d933-40b1-a043-cf95dc25a88d ] Request (VolumesNegativeTest:tearDownClass): 201 POST http://10.180.1.21/identity/v3/auth/tokens 0.066s
2024-08-28 09:10:17.708 62259 INFO tempest.lib.common.rest_client [req-18198189-a17f-4ea5-ad4b-8f46d373faa4 req-18198189-a17f-4ea5-ad4b-8f46d373faa4 ] Request (DeleteServersTestJSON:test_delete_server_while_in_attached_volume): 200 GET http://10.180.1.21/compute/v2.1/servers/383cc933-2136-421f-85cc-e12f1743bd67 0.080s
2024-08-28 09:10:17.737 62237 INFO tempest.lib.common.rest_client [req-0bd0202c-2797-44c8-8f29-06bd78ff6445 req-0bd0202c-2797-44c8-8f29-06bd78ff6445 ] Request (ServersTestManualDisk:setUpClass): 200 GET http://10.180.1.21/compute/v2.1/servers/59ed629c-1516-4e93-95dd-482d8acc71af 0.054s
2024-08-28 09:10:17.740 62239 INFO tempest.lib.common.rest_client [req-b51956a9-ad18-47d8-9860-5f1c01da542b req-b51956a9-ad18-47d8-9860-5f1c01da542b ] Request (FloatingIPDetailsNegativeTestJSON:setUpClass): 201 POST http://10.180.1.21:9696/networking/v2.0/routers 0.800s
2024-08-28 09:10:17.799 62199 INFO tempest.lib.common.rest_client [req-9e89c224-c6f8-4a0d-bf60-009085d03b3a req-9e89c224-c6f8-4a0d-bf60-009085d03b3a ] Request (ServerPasswordTestJSON:tearDownClass): 200 GET http://10.180.1.21/compute/v2.1/servers/1e7e2f23-4fc9-45a3-9f60-8222fa73cc52 0.060s
2024-08-28 09:10:17.861 62211 INFO tempest.lib.common.rest_client [req-ae4557de-9f85-4116-8bb1-93ce2d2dc4be req-ae4557de-9f85-4116-8bb1-93ce2d2dc4be ] Request (TenantUsagesTestJSON:setUpClass): 200 GET http://10.180.1.21/compute/v2.1/servers/dec63d6c-0b9e-474b-a09a-9420d9d8d366 0.072s
2024-08-28 09:10:17.898 62231 INFO tempest.lib.common.rest_client [req-305b8316-5622-4a3a-ac3f-0024d9845750 req-305b8316-5622-4a3a-ac3f-0024d9845750 ] Request (VolumesNegativeTest:tearDownClass): 200 GET http://10.180.1.21:9696/networking/v2.0/security-groups?tenant_id=d1003a294bc641c6bc0e3f7f9b17a156&name=default 0.220s
2024-08-28 09:10:17.909 62207 INFO tempest.lib.common.rest_client [req-2170249e-eec8-4593-a7ca-3e78a3131933 req-2170249e-eec8-4593-a7ca-3e78a3131933 ] Request (ServersAdmin275Test:test_rebuild_update_server_275): 200 GET http://10.180.1.21/compute/v2.1/servers/43ff8e5b-054c-452a-92c0-21a2a39ea2a2 0.054s
2024-08-28 09:10:17.965 62209 INFO tempest.lib.common.rest_client [req-dfaa4366-05db-4c81-8f0a-a02ee288ecc8 req-dfaa4366-05db-4c81-8f0a-a02ee288ecc8 ] Request (ListServersNegativeTestJSON:tearDownClass): 200 GET http://10.180.1.21/compute/v2.1/servers/9068983c-71dd-44eb-923c-5774ac7d0b60 0.064s
2024-08-28 09:10:17.993 62235 INFO tempest.lib.common.rest_client [req-93eaa214-ca79-4e1e-abca-6c5f85e18dc2 req-93eaa214-ca79-4e1e-abca-6c5f85e18dc2 ] Request (AttachInterfacesV270Test:test_create_get_list_interfaces): 200 GET http://10.180.1.21/compute/v2.1/servers/e0348208-2098-4071-97a4-29407a95cd3a 0.058s
2024-08-28 09:10:18.044 62231 INFO tempest.lib.common.rest_client [req-cdb677dc-2950-4bf8-b6c3-ac98af85353d req-cdb677dc-2950-4bf8-b6c3-ac98af85353d ] Request (VolumesNegativeTest:tearDownClass): 204 DELETE http://10.180.1.21:9696/networking/v2.0/security-groups/e95edbe5-c119-42d8-8fd6-f310ba547662 0.145s
2024-08-28 09:10:18.081 62229 INFO tempest.lib.common.rest_client [req-8a4a78a5-1f17-42ea-bac5-e7419c817fe2 req-8a4a78a5-1f17-42ea-bac5-e7419c817fe2 ] Request (ServerDiagnosticsTest:tearDownClass): 200 GET http://10.180.1.21/compute/v2.1/servers/85eb3bcf-83c5-4420-8d66-d5c0b6595964 0.125s
2024-08-28 09:10:18.091 62245 INFO tempest.lib.common.rest_client [req-7a4d8ec3-5814-4d93-bd81-a7fcae112e3b req-7a4d8ec3-5814-4d93-bd81-a7fcae112e3b ] Request (ServerTagsTestJSON:setUpClass): 200 GET http://10.180.1.21/compute/v2.1/servers/8ffa8a2e-f035-483a-86a1-349588495b66 0.069s
2024-08-28 09:10:18.133 62231 INFO tempest.lib.common.rest_client [req-2b278faa-b5d4-45aa-a143-6861a399a19c req-2b278faa-b5d4-45aa-a143-6861a399a19c ] Request (VolumesNegativeTest:tearDownClass): 204 DELETE http://10.180.1.21/identity/v3/projects/d1003a294bc641c6bc0e3f7f9b17a156 0.088s
2024-08-28 09:10:18.149 62233 INFO tempest.lib.common.rest_client [req-d52496b6-8f12-4070-b3ce-4a3fc8517cb7 req-d52496b6-8f12-4070-b3ce-4a3fc8517cb7 ] Request (ServersNegativeTestMultiTenantJSON:setUpClass): 200 GET http://10.180.1.21/compute/v2.1/servers/7bb2c3a0-82ae-401e-991e-d3c0b0ab2ec5 0.057s
2024-08-28 09:10:18.157 62247 INFO tempest.lib.common.rest_client [req-8f0e43be-481b-4ed6-b2f3-e5d7c42f1428 req-8f0e43be-481b-4ed6-b2f3-e5d7c42f1428 ] Request (ListServerFiltersTestJSON:setUpClass): 200 GET http://10.180.1.21/compute/v2.1/servers/315c4d67-8e15-47d8-8943-8d10fc746815 0.110s
2024-08-28 09:10:18.214 62241 INFO tempest.lib.common.rest_client [req-c9eb5410-24e9-4128-8026-5a938c40d027 req-c9eb5410-24e9-4128-8026-5a938c40d027 ] Request (ServersV294TestFqdnHostnames:setUpClass): 200 GET http://10.180.1.21/compute/v2.1/servers/24755d96-be25-477d-8022-bbae4e33ab89 0.108s
2024-08-28 09:10:18.224 62217 INFO tempest.lib.common.rest_client [req-a92e9fb0-c0dc-45f6-9220-f7051416c844 req-a92e9fb0-c0dc-45f6-9220-f7051416c844 ] Request (ServerActionsTestJSON:setUpClass): 200 GET http://10.180.1.21/compute/v2.1/servers/bedcdb7c-216f-4248-b5ac-1c71471c4c07 0.077s
2024-08-28 09:10:18.389 62201 INFO tempest.lib.common.rest_client [req-527184f7-ea57-42ce-9325-d11173c31709 req-527184f7-ea57-42ce-9325-d11173c31709 ] Request (MigrationsAdminTest:test_list_migrations_in_flavor_resize_situation): 200 GET http://10.180.1.21/compute/v2.1/servers/9d79bbb7-73e3-4af6-8595-b8d3ebd4378c 0.141s
2024-08-28 09:10:18.436 62221 INFO tempest.lib.common.rest_client [req-443b11e7-6d0c-4f05-ad99-2f573281f70a req-443b11e7-6d0c-4f05-ad99-2f573281f70a ] Request (ServerRescueTestJSON:setUpClass): 200 GET http://10.180.1.21/compute/v2.1/servers/e94b6c33-7bfb-4aae-b619-c7da2201cb92 0.138s
2024-08-28 09:10:18.481 62255 INFO tempest.lib.common.rest_client [req-58f25dfd-df9a-4b0a-918a-ef5c16843f25 req-58f25dfd-df9a-4b0a-918a-ef5c16843f25 ] Request (DeleteServersAdminTestJSON:test_delete_server_while_in_error_state): 200 GET http://10.180.1.21/compute/v2.1/servers/fc3b6192-3a1d-40cd-87ef-6bdba8b8292d 0.142s
2024-08-28 09:10:18.488 62255 INFO tempest.common.waiters [-] State transition "BUILD/None" ==> "BUILD/networking" after 49 second wait
2024-08-28 09:10:18.532 62225 INFO tempest.lib.common.rest_client [req-5897f2e9-2bac-4128-ae44-9ece9c0b561f req-5897f2e9-2bac-4128-ae44-9ece9c0b561f ] Request (ServersAdminTestJSON:test_create_server_with_scheduling_hint): 200 GET http://10.180.1.21/compute/v2.1/servers/d7de483c-5ab7-47e9-995c-c02d5f07f165 0.182s
2024-08-28 09:10:18.577 62257 INFO tempest.lib.common.rest_client [req-8d13bb15-a155-4638-b13e-5f998eaa1e79 req-8d13bb15-a155-4638-b13e-5f998eaa1e79 ] Request (AttachVolumeTestJSON:test_attach_detach_volume): 200 GET http://10.180.1.21/compute/v2.1/servers/ec50aa6a-44ae-42f3-99a9-6831c832aca3 0.184s
2024-08-28 09:10:18.588 62251 INFO tempest.lib.common.rest_client [req-f67fc8ed-f762-42e2-8c00-01bd7a97b09f req-f67fc8ed-f762-42e2-8c00-01bd7a97b09f ] Request (ImagesTestJSON:test_create_image_from_stopped_server): 200 GET http://10.180.1.21/compute/v2.1/servers/6e1853f6-55d9-4659-b865-191a2e107ba1 0.303s
2024-08-28 09:10:18.610 62219 WARNING tempest.lib.common.ssh [-] Failed to establish authenticated ssh connection to cirros@10.180.180.137 ([Errno None] Unable to connect to port 22 on 10.180.180.137). Number attempts: 3. Retry after 4 seconds.: paramiko.ssh_exception.NoValidConnectionsError: [Errno None] Unable to connect to port 22 on 10.180.180.137
2024-08-28 09:10:18.641 62197 INFO tempest.lib.common.rest_client [req-e75af162-0543-4388-8959-702ce0033acf req-e75af162-0543-4388-8959-702ce0033acf ] Request (FloatingIPsAssociationTestJSON:tearDownClass): 200 GET http://10.180.1.21/compute/v2.1/servers/46bf2f3b-9f41-4043-8b2b-e52e765da72b 0.232s
2024-08-28 09:10:18.710 62215 INFO tempest.lib.common.rest_client [req-a235cc02-f201-481c-af0b-995ea4eb5b9a req-a235cc02-f201-481c-af0b-995ea4eb5b9a ] Request (InstanceActionsNegativeTestJSON:tearDownClass): 200 GET http://10.180.1.21/compute/v2.1/servers/451a923d-3c88-4b5d-be2c-dfcc248f9e81 0.056s
2024-08-28 09:10:18.718 62215 INFO tempest.common.waiters [-] State transition "ACTIVE/deleting" ==> "DELETED/None" after 3 second wait
2024-08-28 09:10:18.719 62203 INFO tempest.lib.common.rest_client [req-e2f02ab3-853b-4f48-b7a9-2277711848d0 req-e2f02ab3-853b-4f48-b7a9-2277711848d0 ] Request (ServerActionsV293TestJSON:setUpClass): 200 GET http://10.180.1.21/compute/v2.1/servers/ff9c99c7-43b2-479e-a171-269edf1aa75d 0.077s
2024-08-28 09:10:18.775 62259 INFO tempest.lib.common.rest_client [req-05b47c33-1282-47cb-b1df-e46e45e70236 req-05b47c33-1282-47cb-b1df-e46e45e70236 ] Request (DeleteServersTestJSON:test_delete_server_while_in_attached_volume): 200 GET http://10.180.1.21/compute/v2.1/servers/383cc933-2136-421f-85cc-e12f1743bd67 0.061s
2024-08-28 09:10:18.814 62237 INFO tempest.lib.common.rest_client [req-d65f078d-deb3-4e2a-86d1-a52eb75d2112 req-d65f078d-deb3-4e2a-86d1-a52eb75d2112 ] Request (ServersTestManualDisk:setUpClass): 200 GET http://10.180.1.21/compute/v2.1/servers/59ed629c-1516-4e93-95dd-482d8acc71af 0.069s
2024-08-28 09:10:18.874 62199 INFO tempest.lib.common.rest_client [req-0cbd8e27-d01c-4e20-b34a-a327be260e95 req-0cbd8e27-d01c-4e20-b34a-a327be260e95 ] Request (ServerPasswordTestJSON:tearDownClass): 200 GET http://10.180.1.21/compute/v2.1/servers/1e7e2f23-4fc9-45a3-9f60-8222fa73cc52 0.068s
2024-08-28 09:10:18.942 62211 INFO tempest.lib.common.rest_client [req-39318ed1-68a6-4619-9779-427b1c978504 req-39318ed1-68a6-4619-9779-427b1c978504 ] Request (TenantUsagesTestJSON:setUpClass): 200 GET http://10.180.1.21/compute/v2.1/servers/dec63d6c-0b9e-474b-a09a-9420d9d8d366 0.075s
2024-08-28 09:10:18.973 62207 INFO tempest.lib.common.rest_client [req-e2764ea7-f094-45f4-b227-5ae835819dfe req-e2764ea7-f094-45f4-b227-5ae835819dfe ] Request (ServersAdmin275Test:test_rebuild_update_server_275): 200 GET http://10.180.1.21/compute/v2.1/servers/43ff8e5b-054c-452a-92c0-21a2a39ea2a2 0.055s
2024-08-28 09:10:19.038 62209 INFO tempest.lib.common.rest_client [req-c59ba795-7124-46b2-8f2a-466a5336e529 req-c59ba795-7124-46b2-8f2a-466a5336e529 ] Request (ListServersNegativeTestJSON:tearDownClass): 200 GET http://10.180.1.21/compute/v2.1/servers/9068983c-71dd-44eb-923c-5774ac7d0b60 0.065s
2024-08-28 09:10:19.084 62235 INFO tempest.lib.common.rest_client [req-7e47af72-1a6c-4638-8109-dae6bffa16ef req-7e47af72-1a6c-4638-8109-dae6bffa16ef ] Request (AttachInterfacesV270Test:test_create_get_list_interfaces): 200 GET http://10.180.1.21/compute/v2.1/servers/e0348208-2098-4071-97a4-29407a95cd3a 0.075s
2024-08-28 09:10:19.166 62245 INFO tempest.lib.common.rest_client [req-aac31142-4275-4865-9ee1-311d3de5c47d req-aac31142-4275-4865-9ee1-311d3de5c47d ] Request (ServerTagsTestJSON:setUpClass): 200 GET http://10.180.1.21/compute/v2.1/servers/8ffa8a2e-f035-483a-86a1-349588495b66 0.065s
2024-08-28 09:10:19.207 62229 INFO tempest.lib.common.rest_client [req-dd02b116-66e2-4d3a-92eb-73510b49c151 req-dd02b116-66e2-4d3a-92eb-73510b49c151 ] Request (ServerDiagnosticsTest:tearDownClass): 200 GET http://10.180.1.21/compute/v2.1/servers/85eb3bcf-83c5-4420-8d66-d5c0b6595964 0.115s
2024-08-28 09:10:19.221 62233 INFO tempest.lib.common.rest_client [req-683978fe-cdeb-4a95-8897-bac0e8e0b61e req-683978fe-cdeb-4a95-8897-bac0e8e0b61e ] Request (ServersNegativeTestMultiTenantJSON:setUpClass): 200 GET http://10.180.1.21/compute/v2.1/servers/7bb2c3a0-82ae-401e-991e-d3c0b0ab2ec5 0.060s
2024-08-28 09:10:19.282 62247 INFO tempest.lib.common.rest_client [req-dab527a2-4f90-473e-a8fb-c36530aaf288 req-dab527a2-4f90-473e-a8fb-c36530aaf288 ] Request (ListServerFiltersTestJSON:setUpClass): 200 GET http://10.180.1.21/compute/v2.1/servers/315c4d67-8e15-47d8-8943-8d10fc746815 0.117s
2024-08-28 09:10:19.298 62241 INFO tempest.lib.common.rest_client [req-d3f91c53-908a-4dec-9252-d46ed9f4c56a req-d3f91c53-908a-4dec-9252-d46ed9f4c56a ] Request (ServersV294TestFqdnHostnames:setUpClass): 200 GET http://10.180.1.21/compute/v2.1/servers/24755d96-be25-477d-8022-bbae4e33ab89 0.074s
2024-08-28 09:10:19.320 62239 INFO tempest.lib.common.rest_client [req-56d920ad-27d2-4e73-989e-0ffcc228f585 req-56d920ad-27d2-4e73-989e-0ffcc228f585 ] Request (FloatingIPDetailsNegativeTestJSON:setUpClass): 200 PUT http://10.180.1.21:9696/networking/v2.0/routers/95790bf6-6c80-448a-88ca-53a3bec31435/add_router_interface 1.579s
2024-08-28 09:10:19.320 62239 INFO tempest.lib.common.dynamic_creds [-] Created isolated network resources for: credentials: Credentials: {'domain_id': 'default', 'domain_name': 'Default', 'username': 'tempest-FloatingIPDetailsNegativeTestJSON-1984868238-project-member', 'project_domain_id': 'default', 'project_domain_name': 'Default', 'project_id': '461b7c3dcdeb45ae8e01e6d13706e1cc', 'project_name': 'tempest-FloatingIPDetailsNegativeTestJSON-1984868238', 'tenant_id': '461b7c3dcdeb45ae8e01e6d13706e1cc', 'tenant_name': 'tempest-FloatingIPDetailsNegativeTestJSON-1984868238', 'user_domain_id': 'default', 'user_domain_name': 'Default', 'user_id': '74728f14ddca468bb1be62b75b0864f1', 'system': None}, Network: {'id': '7440fcd2-7c31-4947-a2a7-6ade60c5008c', 'name': 'tempest-FloatingIPDetailsNegativeTestJSON-168851150-network', 'tenant_id': '461b7c3dcdeb45ae8e01e6d13706e1cc', 'admin_state_up': True, 'mtu': 8950, 'status': 'ACTIVE', 'subnets': [], 'shared': False, 'project_id': '461b7c3dcdeb45ae8e01e6d13706e1cc', 'port_security_enabled': True, 'router:external': False, 'provider:network_type': 'vlan', 'provider:physical_network': 'default', 'provider:segmentation_id': 242, 'is_default': False, 'availability_zone_hints': [], 'availability_zones': [], 'ipv4_address_scope': None, 'ipv6_address_scope': None, 'description': '', 'tags': [], 'created_at': '2024-08-28T09:10:16Z', 'updated_at': '2024-08-28T09:10:16Z', 'revision_number': 1}, Subnet: {'id': '7f2eb158-2c3d-4516-95f9-9eb63ab48997', 'name': 'tempest-FloatingIPDetailsNegativeTestJSON-168851150-subnet', 'tenant_id': '461b7c3dcdeb45ae8e01e6d13706e1cc', 'network_id': '7440fcd2-7c31-4947-a2a7-6ade60c5008c', 'ip_version': 4, 'subnetpool_id': None, 'enable_dhcp': True, 'ipv6_ra_mode': None, 'ipv6_address_mode': None, 'gateway_ip': '192.168.128.1', 'cidr': '192.168.128.0/28', 'allocation_pools': [{'start': '192.168.128.2', 'end': '192.168.128.14'}], 'host_routes': [], 'dns_nameservers': [], 'description': '', 'router:external': False, 'service_types': [], 'tags': [], 'created_at': '2024-08-28T09:10:16Z', 'updated_at': '2024-08-28T09:10:16Z', 'revision_number': 0, 'project_id': '461b7c3dcdeb45ae8e01e6d13706e1cc'}, Router: {'id': '95790bf6-6c80-448a-88ca-53a3bec31435', 'name': 'tempest-FloatingIPDetailsNegativeTestJSON-168851150-router', 'tenant_id': '461b7c3dcdeb45ae8e01e6d13706e1cc', 'admin_state_up': True, 'status': 'ACTIVE', 'external_gateway_info': {'network_id': '87c7524b-9a08-4a97-baf8-703ae90105c3', 'external_fixed_ips': [{'subnet_id': 'a60ec500-df77-4a09-88ed-e0170dd00e31', 'ip_address': '10.180.180.250'}], 'enable_snat': True}, 'description': '', 'availability_zones': [], 'distributed': False, 'ha': False, 'availability_zone_hints': [], 'routes': [], 'flavor_id': None, 'tags': [], 'created_at': '2024-08-28T09:10:16Z', 'updated_at': '2024-08-28T09:10:17Z', 'revision_number': 2, 'project_id': '461b7c3dcdeb45ae8e01e6d13706e1cc'}
2024-08-28 09:10:19.354 62217 INFO tempest.lib.common.rest_client [req-70450e4d-6279-4e23-8f2c-8e057fe784f3 req-70450e4d-6279-4e23-8f2c-8e057fe784f3 ] Request (ServerActionsTestJSON:setUpClass): 200 GET http://10.180.1.21/compute/v2.1/servers/bedcdb7c-216f-4248-b5ac-1c71471c4c07 0.122s
2024-08-28 09:10:19.432 62239 INFO tempest.lib.common.rest_client [req-00937993-beb1-4ee9-b9f5-1cdae4fa565d req-00937993-beb1-4ee9-b9f5-1cdae4fa565d ] Request (FloatingIPDetailsNegativeTestJSON:setUpClass): 201 POST http://10.180.1.21/identity/v3/auth/tokens 0.109s
2024-08-28 09:10:19.532 62201 INFO tempest.lib.common.rest_client [req-49f11bde-5adc-49ad-9b10-487ff9f168db req-49f11bde-5adc-49ad-9b10-487ff9f168db ] Request (MigrationsAdminTest:test_list_migrations_in_flavor_resize_situation): 200 GET http://10.180.1.21/compute/v2.1/servers/9d79bbb7-73e3-4af6-8595-b8d3ebd4378c 0.133s
2024-08-28 09:10:19.555 62239 INFO tempest.lib.common.rest_client [req-a31c6568-b53c-4dbd-a7fb-8f7c4b3c4808 req-a31c6568-b53c-4dbd-a7fb-8f7c4b3c4808 ] Request (FloatingIPDetailsNegativeTestJSON:test_get_nonexistent_floating_ip_details): 404 GET http://10.180.1.21/compute/v2.1/os-floating-ips/fea7034a-df60-4001-8062-19cb91d81d86 0.121s
2024-08-28 09:10:19.610 62221 INFO tempest.lib.common.rest_client [req-b17fc929-adc1-4af8-ae0d-7fe11bad583f req-b17fc929-adc1-4af8-ae0d-7fe11bad583f ] Request (ServerRescueTestJSON:setUpClass): 200 GET http://10.180.1.21/compute/v2.1/servers/e94b6c33-7bfb-4aae-b619-c7da2201cb92 0.163s
2024-08-28 09:10:19.690 62225 INFO tempest.lib.common.rest_client [req-912a1eb9-c03f-4f1d-92e0-02b1de6cb4fb req-912a1eb9-c03f-4f1d-92e0-02b1de6cb4fb ] Request (ServersAdminTestJSON:test_create_server_with_scheduling_hint): 200 GET http://10.180.1.21/compute/v2.1/servers/d7de483c-5ab7-47e9-995c-c02d5f07f165 0.149s
2024-08-28 09:10:19.743 62257 INFO tempest.lib.common.rest_client [req-94a295d5-caf1-400c-b5d5-f23db885219b req-94a295d5-caf1-400c-b5d5-f23db885219b ] Request (AttachVolumeTestJSON:test_attach_detach_volume): 200 GET http://10.180.1.21/compute/v2.1/servers/ec50aa6a-44ae-42f3-99a9-6831c832aca3 0.150s
2024-08-28 09:10:19.800 62255 INFO tempest.lib.common.rest_client [req-23bddc3f-69c5-4c89-86cb-5696a8d4f7e7 req-23bddc3f-69c5-4c89-86cb-5696a8d4f7e7 ] Request (DeleteServersAdminTestJSON:test_delete_server_while_in_error_state): 200 GET http://10.180.1.21/compute/v2.1/servers/fc3b6192-3a1d-40cd-87ef-6bdba8b8292d 0.312s
2024-08-28 09:10:19.806 62255 INFO tempest.common.waiters [-] State transition "BUILD/networking" ==> "BUILD/spawning" after 50 second wait
2024-08-28 09:10:19.855 62197 INFO tempest.lib.common.rest_client [req-8c0a9e20-6572-499e-bf0c-7c9b89b75d2c req-8c0a9e20-6572-499e-bf0c-7c9b89b75d2c ] Request (FloatingIPsAssociationTestJSON:tearDownClass): 200 GET http://10.180.1.21/compute/v2.1/servers/46bf2f3b-9f41-4043-8b2b-e52e765da72b 0.204s
2024-08-28 09:10:19.871 62251 INFO tempest.lib.common.rest_client [req-7216a441-9906-4d6e-b3d2-cb01fb2cc23f req-7216a441-9906-4d6e-b3d2-cb01fb2cc23f ] Request (ImagesTestJSON:test_create_image_from_stopped_server): 200 GET http://10.180.1.21/compute/v2.1/servers/6e1853f6-55d9-4659-b865-191a2e107ba1 0.272s
2024-08-28 09:10:19.926 62203 INFO tempest.lib.common.rest_client [req-5ccdaf7b-34eb-4091-8e68-a37d1cbc4a60 req-5ccdaf7b-34eb-4091-8e68-a37d1cbc4a60 ] Request (ServerActionsV293TestJSON:setUpClass): 200 GET http://10.180.1.21/compute/v2.1/servers/ff9c99c7-43b2-479e-a171-269edf1aa75d 0.197s
2024-08-28 09:10:19.928 62215 INFO tempest.lib.common.rest_client [req-a02fa968-4d78-4229-8637-5d6b1cc5ca2a req-a02fa968-4d78-4229-8637-5d6b1cc5ca2a ] Request (InstanceActionsNegativeTestJSON:tearDownClass): 200 GET http://10.180.1.21/compute/v2.1/servers/451a923d-3c88-4b5d-be2c-dfcc248f9e81 0.208s
2024-08-28 09:10:19.985 62259 INFO tempest.lib.common.rest_client [req-ae1ed421-902b-4c4a-9d81-9a348bd32e82 req-ae1ed421-902b-4c4a-9d81-9a348bd32e82 ] Request (DeleteServersTestJSON:test_delete_server_while_in_attached_volume): 200 GET http://10.180.1.21/compute/v2.1/servers/383cc933-2136-421f-85cc-e12f1743bd67 0.202s
2024-08-28 09:10:19.986 62237 INFO tempest.lib.common.rest_client [req-36f1f32c-d88f-46af-8ab9-b0f7f1a2d430 req-36f1f32c-d88f-46af-8ab9-b0f7f1a2d430 ] Request (ServersTestManualDisk:setUpClass): 200 GET http://10.180.1.21/compute/v2.1/servers/59ed629c-1516-4e93-95dd-482d8acc71af 0.165s
2024-08-28 09:10:20.037 62211 INFO tempest.lib.common.rest_client [req-b31ed537-979e-407d-834a-1d1b0409db96 req-b31ed537-979e-407d-834a-1d1b0409db96 ] Request (TenantUsagesTestJSON:setUpClass): 200 GET http://10.180.1.21/compute/v2.1/servers/dec63d6c-0b9e-474b-a09a-9420d9d8d366 0.087s
2024-08-28 09:10:20.041 62199 INFO tempest.lib.common.rest_client [req-f155ba87-5e1e-407a-91bb-196994dacddc req-f155ba87-5e1e-407a-91bb-196994dacddc ] Request (ServerPasswordTestJSON:tearDownClass): 200 GET http://10.180.1.21/compute/v2.1/servers/1e7e2f23-4fc9-45a3-9f60-8222fa73cc52 0.160s
2024-08-28 09:10:20.092 62207 INFO tempest.lib.common.rest_client [req-5788daba-d0b8-4af7-be94-00690560d0c5 req-5788daba-d0b8-4af7-be94-00690560d0c5 ] Request (ServersAdmin275Test:test_rebuild_update_server_275): 200 GET http://10.180.1.21/compute/v2.1/servers/43ff8e5b-054c-452a-92c0-21a2a39ea2a2 0.108s
2024-08-28 09:10:20.114 62209 INFO tempest.lib.common.rest_client [req-d26f836f-1c40-4aa2-9075-c6a7137320ae req-d26f836f-1c40-4aa2-9075-c6a7137320ae ] Request (ListServersNegativeTestJSON:tearDownClass): 200 GET http://10.180.1.21/compute/v2.1/servers/9068983c-71dd-44eb-923c-5774ac7d0b60 0.066s
