2024-08-28 09:09:38.337 62235 INFO tempest.lib.common.rest_client [req-ac84b09c-4e93-4a4a-bdb6-e59d04efde2f req-ac84b09c-4e93-4a4a-bdb6-e59d04efde2f ] Request (AttachInterfacesV270Test:setUpClass): 200 GET http://10.180.1.21/identity/v3/domains?name=Default 0.023s
2024-08-28 09:09:38.370 62239 INFO tempest.lib.common.rest_client [req-678417b1-045e-47df-b271-119d38c44465 req-678417b1-045e-47df-b271-119d38c44465 ] Request (FloatingIPsAssociationNegativeTestJSON:_run_cleanups): 202 DELETE http://10.180.1.21/compute/v2.1/os-floating-ips/e25fd96e-e31b-4fdd-ad57-5e4758942d7b 1.294s
2024-08-28 09:09:38.377 62211 INFO tempest.lib.common.rest_client [req-e29d1020-8003-4270-86d9-74d4f98f665e req-e29d1020-8003-4270-86d9-74d4f98f665e ] Request (AggregatesAdminNegativeTestJSON:tearDownClass): 204 DELETE http://10.180.1.21/identity/v3/projects/d78bf2d8ef9e489aa0697b6081baa6c8 0.075s
2024-08-28 09:09:38.392 62237 INFO tempest.lib.common.rest_client [req-e3e5b400-4926-41d4-ae24-2d4acaa5df0b req-e3e5b400-4926-41d4-ae24-2d4acaa5df0b ] Request (ServicesAdminTestJSON:test_get_service_by_host_name): 200 GET http://10.180.1.21/compute/v2.1/os-services?host=devstack 0.247s
2024-08-28 09:09:38.409 62211 INFO tempest.lib.common.rest_client [req-8398e54f-fd3c-4e46-a6ed-9af591825194 req-8398e54f-fd3c-4e46-a6ed-9af591825194 ] Request (AZAdminNegativeTestJSON:setUpClass): 201 POST http://10.180.1.21/identity/v3/auth/tokens 0.030s
2024-08-28 09:09:38.421 62235 INFO tempest.lib.common.rest_client [req-6bff80b9-cccf-435a-81f8-9c4bcc512677 req-6bff80b9-cccf-435a-81f8-9c4bcc512677 ] Request (AttachInterfacesV270Test:setUpClass): 201 POST http://10.180.1.21/identity/v3/projects 0.083s
2024-08-28 09:09:38.441 62233 INFO tempest.lib.common.rest_client [req-a32ae3ba-ec70-44de-a88a-23dddc932199 req-a32ae3ba-ec70-44de-a88a-23dddc932199 ] Request (ServersNegativeTestMultiTenantJSON:setUpClass): 200 GET http://10.180.1.21/compute/v2.1/servers/7bb2c3a0-82ae-401e-991e-d3c0b0ab2ec5 0.283s
2024-08-28 09:09:38.472 62211 INFO tempest.lib.common.rest_client [req-ab0036d0-4953-4ef3-8503-b23a3e837683 req-ab0036d0-4953-4ef3-8503-b23a3e837683 ] Request (AZAdminNegativeTestJSON:setUpClass): 201 POST http://10.180.1.21/identity/v3/auth/tokens 0.059s
2024-08-28 09:09:38.481 62223 INFO tempest.lib.common.rest_client [req-4744f8eb-161e-499d-887d-18d8dfc3fc86 req-4744f8eb-161e-499d-887d-18d8dfc3fc86 ] Request (ServersWithSpecificFlavorTestJSON:test_verify_created_server_ephemeral_disk): 200 GET http://10.180.1.21/compute/v2.1/servers/e9bb2909-0eaa-4bfb-93a3-0b35c493422e 0.394s
2024-08-28 09:09:38.487 62235 INFO tempest.lib.common.rest_client [req-f1aa94b0-7c95-43fa-b19f-f44650dc091b req-f1aa94b0-7c95-43fa-b19f-f44650dc091b ] Request (AttachInterfacesV270Test:setUpClass): 201 POST http://10.180.1.21/identity/v3/users 0.065s
2024-08-28 09:09:38.487 62253 INFO tempest.lib.common.rest_client [req-1b25d155-3d85-49b7-b786-fbf9a2834d90 req-1b25d155-3d85-49b7-b786-fbf9a2834d90 ] Request (AttachInterfacesUnderV243Test:test_add_remove_fixed_ip): 200 GET http://10.180.1.21/compute/v2.1/servers/81971040-7836-4cb8-9064-952310391b4a 0.324s
2024-08-28 09:09:38.499 62211 INFO tempest.lib.common.rest_client [req-3fc3bc8e-4181-4dc9-b233-6e877f8abab6 req-3fc3bc8e-4181-4dc9-b233-6e877f8abab6 ] Request (AZAdminNegativeTestJSON:setUpClass): 200 GET http://10.180.1.21/identity/v3/domains?name=Default 0.027s
2024-08-28 09:09:38.507 62235 INFO tempest.lib.common.rest_client [req-3fdd4954-0b23-4ade-9dd0-ccaf7ae5688b req-3fdd4954-0b23-4ade-9dd0-ccaf7ae5688b ] Request (AttachInterfacesV270Test:setUpClass): 200 GET http://10.180.1.21/identity/v3/roles 0.018s
2024-08-28 09:09:38.512 62231 INFO tempest.lib.common.rest_client [req-6bf60cf9-6451-449e-b53f-882a9875dae3 req-6bf60cf9-6451-449e-b53f-882a9875dae3 ] Request (ServerMetadataTestJSON:test_update_server_metadata): 200 GET http://10.180.1.21/compute/v2.1/servers/061597d3-af80-4eb7-8225-63fcdc3a1ab1/metadata 0.283s
2024-08-28 09:09:38.528 62211 INFO tempest.lib.common.rest_client [req-ae306319-23b3-46ba-8288-03c82a3f80bd req-ae306319-23b3-46ba-8288-03c82a3f80bd ] Request (AZAdminNegativeTestJSON:setUpClass): 201 POST http://10.180.1.21/identity/v3/projects 0.029s
2024-08-28 09:09:38.535 62235 INFO tempest.lib.common.rest_client [req-eb825fa0-d080-4eab-9ef7-d71f0994fb14 req-eb825fa0-d080-4eab-9ef7-d71f0994fb14 ] Request (AttachInterfacesV270Test:setUpClass): 204 PUT http://10.180.1.21/identity/v3/projects/711d944aff5e4f0c9c11954c3c702a09/users/1833036c3f174ad7961f7dcc16335e8f/roles/2c7fdb80462342ba9a38258a3fa9cb40 0.028s
2024-08-28 09:09:38.535 62235 INFO tempest.lib.common.dynamic_creds [-] Dynamic test user 1833036c3f174ad7961f7dcc16335e8f is created with scope project and roles: ['member']
2024-08-28 09:09:38.536 62235 INFO tempest.lib.common.dynamic_creds [-] Acquired dynamic creds: credentials: Credentials: {'domain_id': 'default', 'domain_name': 'Default', 'username': 'tempest-AttachInterfacesV270Test-1616594606-project-member', 'project_domain_id': 'default', 'project_domain_name': 'Default', 'project_id': '711d944aff5e4f0c9c11954c3c702a09', 'project_name': 'tempest-AttachInterfacesV270Test-1616594606', 'tenant_id': '711d944aff5e4f0c9c11954c3c702a09', 'tenant_name': 'tempest-AttachInterfacesV270Test-1616594606', 'user_domain_id': 'default', 'user_domain_name': 'Default', 'user_id': '1833036c3f174ad7961f7dcc16335e8f', 'system': None}, Network: None, Subnet: None, Router: None
2024-08-28 09:09:38.551 62241 INFO tempest.lib.common.rest_client [req-b447319b-8be9-449f-ba57-3343b08098a1 req-b447319b-8be9-449f-ba57-3343b08098a1 ] Request (ServersV294TestFqdnHostnames:setUpClass): 200 GET http://10.180.1.21/compute/v2.1/servers/24755d96-be25-477d-8022-bbae4e33ab89 0.317s
2024-08-28 09:09:38.568 62221 INFO tempest.lib.common.rest_client [req-aacac50f-0360-42ed-ae48-7f1f309e274a req-aacac50f-0360-42ed-ae48-7f1f309e274a ] Request (FlavorsAdminTestJSON:test_is_public_string_variations): 200 GET http://10.180.1.21/compute/v2.1/flavors/detail?is_public=yes 0.313s
2024-08-28 09:09:38.575 62209 INFO tempest.lib.common.rest_client [req-e78d39ef-fc43-4b86-af1d-d984fc8e25ac req-e78d39ef-fc43-4b86-af1d-d984fc8e25ac ] Request (ListServersNegativeTestJSON:setUpClass): 200 GET http://10.180.1.21/compute/v2.1/servers/9a8047e7-ce01-4355-bf4e-aef94f6db15e 0.327s
2024-08-28 09:09:38.593 62213 INFO tempest.lib.common.rest_client [req-f3502e2e-bedf-48e6-814a-62cbbdf91684 req-f3502e2e-bedf-48e6-814a-62cbbdf91684 ] Request (KeyPairsV22TestJSON:_run_cleanups): 204 DELETE http://10.180.1.21/compute/v2.1/os-keypairs/tempest-keypair-1180545104 0.312s
2024-08-28 09:09:38.602 62235 INFO tempest.lib.common.rest_client [req-0c5155c3-a701-4944-a1f2-d7bbda942134 req-0c5155c3-a701-4944-a1f2-d7bbda942134 ] Request (AttachInterfacesV270Test:setUpClass): 201 POST http://10.180.1.21/identity/v3/auth/tokens 0.066s
2024-08-28 09:09:38.617 62211 INFO tempest.lib.common.rest_client [req-d564083f-e523-47ec-8501-6a454d46dd6f req-d564083f-e523-47ec-8501-6a454d46dd6f ] Request (AZAdminNegativeTestJSON:setUpClass): 201 POST http://10.180.1.21/identity/v3/users 0.088s
2024-08-28 09:09:38.636 62211 INFO tempest.lib.common.rest_client [req-c4c668ea-809e-4271-b41b-6690d870928d req-c4c668ea-809e-4271-b41b-6690d870928d ] Request (AZAdminNegativeTestJSON:setUpClass): 200 GET http://10.180.1.21/identity/v3/roles 0.018s
2024-08-28 09:09:38.652 62203 INFO tempest.lib.common.rest_client [req-075ec371-9b87-4415-9c9f-1fb8c524bcb8 req-075ec371-9b87-4415-9c9f-1fb8c524bcb8 ] Request (ServerActionsV293TestJSON:setUpClass): 200 GET http://10.180.1.21/volume/v3/fa210c336da3492d984c52f7a5b54a95/volumes/5dbe69f9-0315-464c-87fe-223b5d87b019 0.036s
2024-08-28 09:09:38.657 62251 INFO tempest.lib.common.rest_client [req-b05ea355-cbf0-47be-a29f-85dbccac548f req-b05ea355-cbf0-47be-a29f-85dbccac548f ] Request (ImagesTestJSON:test_create_image_from_stopped_server): 200 GET http://10.180.1.21/compute/v2.1/servers/6e1853f6-55d9-4659-b865-191a2e107ba1 0.373s
2024-08-28 09:09:38.682 62213 INFO tempest.lib.common.rest_client [req-d7e83fb1-51c9-48be-8cf5-0b3e87040813 req-d7e83fb1-51c9-48be-8cf5-0b3e87040813 ] Request (KeyPairsV22TestJSON:tearDownClass): 204 DELETE http://10.180.1.21/identity/v3/users/58301ab4e74343338b1c5601c6d1c821 0.087s
2024-08-28 09:09:38.682 62213 INFO tempest.lib.common.dynamic_creds [-] Deleting project and security group for project: ebf70fdd1bc44a188113795e385ab1d7
2024-08-28 09:09:38.725 62217 INFO tempest.lib.common.rest_client [req-583e6ea9-a67d-4052-b9c1-4928710aded2 req-583e6ea9-a67d-4052-b9c1-4928710aded2 ] Request (ServerActionsTestJSON:setUpClass): 200 GET http://10.180.1.21/compute/v2.1/servers/bedcdb7c-216f-4248-b5ac-1c71471c4c07 0.407s
2024-08-28 09:09:38.747 62213 INFO tempest.lib.common.rest_client [req-04623582-4775-47d1-8622-3072ae16be97 req-04623582-4775-47d1-8622-3072ae16be97 ] Request (KeyPairsV22TestJSON:tearDownClass): 201 POST http://10.180.1.21/identity/v3/auth/tokens 0.065s
2024-08-28 09:09:38.750 62211 INFO tempest.lib.common.rest_client [req-65779e9a-a5de-4b75-bd26-b30ae521b2a8 req-65779e9a-a5de-4b75-bd26-b30ae521b2a8 ] Request (AZAdminNegativeTestJSON:setUpClass): 204 PUT http://10.180.1.21/identity/v3/projects/08cfd5a9f1bc49b5a03c7d071c2a1c52/users/223f6a27b8974460aa9f758578873136/roles/2c7fdb80462342ba9a38258a3fa9cb40 0.114s
2024-08-28 09:09:38.751 62211 INFO tempest.lib.common.dynamic_creds [-] Dynamic test user 223f6a27b8974460aa9f758578873136 is created with scope project and roles: ['member']
2024-08-28 09:09:38.751 62211 INFO tempest.lib.common.dynamic_creds [-] Acquired dynamic creds: credentials: Credentials: {'domain_id': 'default', 'domain_name': 'Default', 'username': 'tempest-AZAdminNegativeTestJSON-912812851-project-member', 'project_domain_id': 'default', 'project_domain_name': 'Default', 'project_id': '08cfd5a9f1bc49b5a03c7d071c2a1c52', 'project_name': 'tempest-AZAdminNegativeTestJSON-912812851', 'tenant_id': '08cfd5a9f1bc49b5a03c7d071c2a1c52', 'tenant_name': 'tempest-AZAdminNegativeTestJSON-912812851', 'user_domain_id': 'default', 'user_domain_name': 'Default', 'user_id': '223f6a27b8974460aa9f758578873136', 'system': None}, Network: None, Subnet: None, Router: None
2024-08-28 09:09:38.751 62211 INFO tempest.lib.common.dynamic_creds [-] Created isolated network resources for: credentials: Credentials: {'domain_id': 'default', 'domain_name': 'Default', 'username': 'tempest-AZAdminNegativeTestJSON-912812851-project-member', 'project_domain_id': 'default', 'project_domain_name': 'Default', 'project_id': '08cfd5a9f1bc49b5a03c7d071c2a1c52', 'project_name': 'tempest-AZAdminNegativeTestJSON-912812851', 'tenant_id': '08cfd5a9f1bc49b5a03c7d071c2a1c52', 'tenant_name': 'tempest-AZAdminNegativeTestJSON-912812851', 'user_domain_id': 'default', 'user_domain_name': 'Default', 'user_id': '223f6a27b8974460aa9f758578873136', 'system': None}, Network: None, Subnet: None, Router: None
2024-08-28 09:09:38.763 62227 INFO tempest.lib.common.rest_client [req-f2826bc5-1bce-412b-86c1-268dcd7902e7 req-f2826bc5-1bce-412b-86c1-268dcd7902e7 ] Request (SecurityGroupRulesNegativeTestJSON:test_create_security_group_rule_with_invalid_ip_protocol): 200 POST http://10.180.1.21/compute/v2.1/os-security-groups 0.505s
2024-08-28 09:09:38.781 62255 INFO tempest.lib.common.rest_client [req-b08818b7-5a76-4da0-a46a-13ab2cf280a7 req-b08818b7-5a76-4da0-a46a-13ab2cf280a7 ] Request (DeleteServersAdminTestJSON:test_delete_server_while_in_error_state): 200 GET http://10.180.1.21/compute/v2.1/servers/fc3b6192-3a1d-40cd-87ef-6bdba8b8292d 0.442s
2024-08-28 09:09:38.787 62239 INFO tempest.lib.common.rest_client [req-78905810-f51e-4396-827f-ff8d1d750efa req-78905810-f51e-4396-827f-ff8d1d750efa ] Request (FloatingIPsAssociationNegativeTestJSON:test_associate_ip_to_server_without_passing_floating_ip): 400 POST http://10.180.1.21/compute/v2.1/servers/e238d97c-522e-4c5e-8143-29b71e832871/action 0.416s
2024-08-28 09:09:38.807 62237 INFO tempest.lib.common.rest_client [req-fa43644d-5abe-48e3-8e2f-37fbd4f183e4 req-fa43644d-5abe-48e3-8e2f-37fbd4f183e4 ] Request (ServicesAdminTestJSON:test_get_service_by_service_binary_name): 200 GET http://10.180.1.21/compute/v2.1/os-services?binary=nova-compute 0.412s
2024-08-28 09:09:38.828 62211 INFO tempest.lib.common.rest_client [req-9165fedb-0501-4bbe-9c01-2aecbae13a32 req-9165fedb-0501-4bbe-9c01-2aecbae13a32 ] Request (AZAdminNegativeTestJSON:setUpClass): 201 POST http://10.180.1.21/identity/v3/auth/tokens 0.073s
2024-08-28 09:09:38.855 62199 INFO tempest.lib.common.rest_client [req-3d314c44-fe66-47cc-9074-e3c50a9a9735 req-3d314c44-fe66-47cc-9074-e3c50a9a9735 ] Request (ServerPasswordTestJSON:setUpClass): 200 GET http://10.180.1.21/compute/v2.1/servers/1e7e2f23-4fc9-45a3-9f60-8222fa73cc52 0.487s
2024-08-28 09:09:38.856 62244 INFO tempest.lib.common.rest_client [req-9fbc056e-903b-43dd-a03e-ae147409ad67 req-9fbc056e-903b-43dd-a03e-ae147409ad67 ] Request (AttachInterfacesTestJSON:test_create_list_show_delete_interfaces_by_fixed_ip): 200 GET http://10.180.1.21/compute/v2.1/servers/66396ef9-04a2-4c50-9f3a-c1a398aa36de 0.440s
2024-08-28 09:09:38.893 62211 INFO tempest.lib.common.rest_client [req-5680b64b-1465-4b27-b8b4-24b071e74473 req-5680b64b-1465-4b27-b8b4-24b071e74473 ] Request (AZAdminNegativeTestJSON:setUpClass): 201 POST http://10.180.1.21/identity/v3/projects 0.064s
2024-08-28 09:09:38.916 62257 INFO tempest.lib.common.rest_client [req-a7488e58-addc-4bd6-8556-ed08e8458421 req-a7488e58-addc-4bd6-8556-ed08e8458421 ] Request (AttachVolumeTestJSON:test_attach_detach_volume): 200 GET http://10.180.1.21/compute/v2.1/servers/ec50aa6a-44ae-42f3-99a9-6831c832aca3 0.397s
2024-08-28 09:09:38.940 62231 INFO tempest.lib.common.rest_client [req-af00a06f-18ec-414b-8196-6f6cb2015ea0 req-af00a06f-18ec-414b-8196-6f6cb2015ea0 ] Request (ServerMetadataTestJSON:tearDownClass): 204 DELETE http://10.180.1.21/compute/v2.1/servers/061597d3-af80-4eb7-8225-63fcdc3a1ab1 0.427s
2024-08-28 09:09:38.958 62221 INFO tempest.lib.common.rest_client [req-d88df78b-ef4a-4f20-a001-fdd798dc4465 req-d88df78b-ef4a-4f20-a001-fdd798dc4465 ] Request (FlavorsAdminTestJSON:test_is_public_string_variations): 200 GET http://10.180.1.21/compute/v2.1/flavors/detail?is_public=1 0.384s
2024-08-28 09:09:38.959 62211 INFO tempest.lib.common.rest_client [req-e33cc92b-2640-4d86-b86e-a56834624c8b req-e33cc92b-2640-4d86-b86e-a56834624c8b ] Request (AZAdminNegativeTestJSON:setUpClass): 201 POST http://10.180.1.21/identity/v3/users 0.066s
2024-08-28 09:09:38.988 62235 INFO tempest.lib.common.rest_client [req-e3ca161b-2942-475a-bcfc-3198577c9286 req-e3ca161b-2942-475a-bcfc-3198577c9286 ] Request (AttachInterfacesV270Test:setUpClass): 201 POST http://10.180.1.21:9696/networking/v2.0/networks 0.385s
2024-08-28 09:09:38.993 62211 INFO tempest.lib.common.rest_client [req-09a0ced1-8f0f-43bb-90b3-7078220cdfc2 req-09a0ced1-8f0f-43bb-90b3-7078220cdfc2 ] Request (AZAdminNegativeTestJSON:setUpClass): 200 GET http://10.180.1.21/identity/v3/roles 0.033s
2024-08-28 09:09:38.994 62249 WARNING tempest.lib.common.ssh [-] Failed to establish authenticated ssh connection to cirros@10.180.180.141 ([Errno None] Unable to connect to port 22 on 10.180.180.141). Number attempts: 3. Retry after 4 seconds.: paramiko.ssh_exception.NoValidConnectionsError: [Errno None] Unable to connect to port 22 on 10.180.180.141
2024-08-28 09:09:39.020 62259 INFO tempest.lib.common.rest_client [req-51f53de6-1365-4985-8262-0d68e820c21a req-51f53de6-1365-4985-8262-0d68e820c21a ] Request (DeleteServersTestJSON:test_delete_active_server): 200 GET http://10.180.1.21/compute/v2.1/servers/46cef7c4-93a2-4751-bddb-39b874016f63 0.476s
2024-08-28 09:09:39.044 62211 INFO tempest.lib.common.rest_client [req-8d5778a3-636a-4f7d-8666-2c735ab3f7c2 req-8d5778a3-636a-4f7d-8666-2c735ab3f7c2 ] Request (AZAdminNegativeTestJSON:setUpClass): 204 PUT http://10.180.1.21/identity/v3/projects/9deab07f3cf04bf0aba381e261138b54/users/db178fdc27e24bcda4ebcc34766bd139/roles/e7d49dd2baab4edda9428dabfe0ae09e 0.050s
2024-08-28 09:09:39.065 62213 INFO tempest.lib.common.rest_client [req-04899af3-725c-4c20-9262-f4283c792030 req-04899af3-725c-4c20-9262-f4283c792030 ] Request (KeyPairsV22TestJSON:tearDownClass): 200 GET http://10.180.1.21:9696/networking/v2.0/security-groups?tenant_id=ebf70fdd1bc44a188113795e385ab1d7&name=default 0.318s
2024-08-28 09:09:39.129 62197 INFO tempest.lib.common.rest_client [req-7ab2b835-0461-441a-9091-688b6b8852bf req-7ab2b835-0461-441a-9091-688b6b8852bf ] Request (FloatingIPsAssociationTestJSON:test_associate_already_associated_floating_ip): 200 GET http://10.180.1.21/compute/v2.1/servers/46bf2f3b-9f41-4043-8b2b-e52e765da72b 0.427s
2024-08-28 09:09:39.131 62211 INFO tempest.lib.common.rest_client [req-4417dd82-4811-49a7-bd20-590844bb7b4d req-4417dd82-4811-49a7-bd20-590844bb7b4d ] Request (AZAdminNegativeTestJSON:setUpClass): 200 GET http://10.180.1.21/identity/v3/roles 0.086s
2024-08-28 09:09:39.156 62211 INFO tempest.lib.common.rest_client [req-d04074b1-650d-4600-a551-11c0ede87566 req-d04074b1-650d-4600-a551-11c0ede87566 ] Request (AZAdminNegativeTestJSON:setUpClass): 204 PUT http://10.180.1.21/identity/v3/projects/9deab07f3cf04bf0aba381e261138b54/users/db178fdc27e24bcda4ebcc34766bd139/roles/e7d49dd2baab4edda9428dabfe0ae09e 0.024s
2024-08-28 09:09:39.156 62211 INFO tempest.lib.common.dynamic_creds [-] Dynamic test user db178fdc27e24bcda4ebcc34766bd139 is created with scope project and roles: ['admin']
2024-08-28 09:09:39.156 62211 INFO tempest.lib.common.dynamic_creds [-] Acquired dynamic creds: credentials: Credentials: {'domain_id': 'default', 'domain_name': 'Default', 'username': 'tempest-AZAdminNegativeTestJSON-1373633909-project-admin', 'project_domain_id': 'default', 'project_domain_name': 'Default', 'project_id': '9deab07f3cf04bf0aba381e261138b54', 'project_name': 'tempest-AZAdminNegativeTestJSON-1373633909', 'tenant_id': '9deab07f3cf04bf0aba381e261138b54', 'tenant_name': 'tempest-AZAdminNegativeTestJSON-1373633909', 'user_domain_id': 'default', 'user_domain_name': 'Default', 'user_id': 'db178fdc27e24bcda4ebcc34766bd139', 'system': None}, Network: None, Subnet: None, Router: None
2024-08-28 09:09:39.156 62211 INFO tempest.lib.common.dynamic_creds [-] Created isolated network resources for: credentials: Credentials: {'domain_id': 'default', 'domain_name': 'Default', 'username': 'tempest-AZAdminNegativeTestJSON-1373633909-project-admin', 'project_domain_id': 'default', 'project_domain_name': 'Default', 'project_id': '9deab07f3cf04bf0aba381e261138b54', 'project_name': 'tempest-AZAdminNegativeTestJSON-1373633909', 'tenant_id': '9deab07f3cf04bf0aba381e261138b54', 'tenant_name': 'tempest-AZAdminNegativeTestJSON-1373633909', 'user_domain_id': 'default', 'user_domain_name': 'Default', 'user_id': 'db178fdc27e24bcda4ebcc34766bd139', 'system': None}, Network: None, Subnet: None, Router: None
2024-08-28 09:09:39.190 62225 INFO tempest.lib.common.rest_client [req-536be5ec-8e06-4f0f-94be-3afef3aaf361 req-536be5ec-8e06-4f0f-94be-3afef3aaf361 ] Request (ServersAdminTestJSON:setUpClass): 200 GET http://10.180.1.21/compute/v2.1/servers/7ee63cda-4878-4c4c-bc76-c51c798de3fd 0.542s
2024-08-28 09:09:39.200 62225 INFO tempest.common.waiters [-] State transition "BUILD/None" ==> "BUILD/block_device_mapping" after 31 second wait
2024-08-28 09:09:39.202 62245 INFO tempest.lib.common.rest_client [req-85946699-783a-4e60-99fe-33ecb60676bd req-85946699-783a-4e60-99fe-33ecb60676bd ] Request (ServerExternalEventsTest:tearDownClass): 200 GET http://10.180.1.21/compute/v2.1/servers/2567109b-5916-478e-a169-da093e2f68a7 0.482s
2024-08-28 09:09:39.209 62245 INFO tempest.common.waiters [-] State transition "ACTIVE/deleting" ==> "DELETED/None" after 2 second wait
2024-08-28 09:09:39.268 62211 INFO tempest.lib.common.rest_client [req-de1cb4fa-b073-4824-83d6-c3d4023d5fee req-de1cb4fa-b073-4824-83d6-c3d4023d5fee ] Request (AZAdminNegativeTestJSON:setUpClass): 201 POST http://10.180.1.21/identity/v3/auth/tokens 0.107s
2024-08-28 09:09:39.272 62227 INFO tempest.lib.common.rest_client [req-77bf9b97-1002-4adf-84d5-be08b4df1439 req-77bf9b97-1002-4adf-84d5-be08b4df1439 ] Request (SecurityGroupRulesNegativeTestJSON:test_create_security_group_rule_with_invalid_ip_protocol): 400 POST http://10.180.1.21/compute/v2.1/os-security-group-rules 0.506s
2024-08-28 09:09:39.303 62213 INFO tempest.lib.common.rest_client [req-f9f78bc9-cbbb-4871-bc74-83639eeaa51d req-f9f78bc9-cbbb-4871-bc74-83639eeaa51d ] Request (KeyPairsV22TestJSON:tearDownClass): 204 DELETE http://10.180.1.21:9696/networking/v2.0/security-groups/0fc9c19a-47c1-4f37-a056-519e7ad722d8 0.237s
2024-08-28 09:09:39.311 62235 INFO tempest.lib.common.rest_client [req-3585b12c-4204-4213-8f5d-985aed3881cd req-3585b12c-4204-4213-8f5d-985aed3881cd ] Request (AttachInterfacesV270Test:setUpClass): 201 POST http://10.180.1.21:9696/networking/v2.0/subnets 0.323s
2024-08-28 09:09:39.332 62239 INFO tempest.lib.common.rest_client [req-1472998a-9cf3-4fd1-a186-1c8844d6ad6a req-1472998a-9cf3-4fd1-a186-1c8844d6ad6a ] Request (FloatingIPsAssociationNegativeTestJSON:test_associate_nonexistent_floating_ip): 404 POST http://10.180.1.21/compute/v2.1/servers/e238d97c-522e-4c5e-8143-29b71e832871/action 0.541s
2024-08-28 09:09:39.356 62237 INFO tempest.lib.common.rest_client [req-469aa869-ea40-49f5-871b-3ca4769c8d02 req-469aa869-ea40-49f5-871b-3ca4769c8d02 ] Request (ServicesAdminTestJSON:test_list_services): 200 GET http://10.180.1.21/compute/v2.1/os-services 0.543s
2024-08-28 09:09:39.363 62247 INFO tempest.lib.common.rest_client [req-885b4ce4-b41b-4c00-b4fc-45fc002fd213 req-885b4ce4-b41b-4c00-b4fc-45fc002fd213 ] Request (ServerDiagnosticsV248Test:tearDownClass): 200 GET http://10.180.1.21/compute/v2.1/servers/1a02e309-1403-4d0e-8fb5-65e90274f3a7 0.563s
2024-08-28 09:09:39.430 62229 INFO tempest.lib.common.rest_client [req-977a9706-f214-42d1-bd3a-4d58fa071027 req-977a9706-f214-42d1-bd3a-4d58fa071027 ] Request (ServerDiagnosticsTest:test_get_server_diagnostics): 200 GET http://10.180.1.21/compute/v2.1/servers/85eb3bcf-83c5-4420-8d66-d5c0b6595964 0.549s
2024-08-28 09:09:39.435 62213 INFO tempest.lib.common.rest_client [req-b9bd44b8-0f3b-41a7-94f5-3c61a7a92bd4 req-b9bd44b8-0f3b-41a7-94f5-3c61a7a92bd4 ] Request (KeyPairsV22TestJSON:tearDownClass): 204 DELETE http://10.180.1.21/identity/v3/projects/ebf70fdd1bc44a188113795e385ab1d7 0.131s
2024-08-28 09:09:39.456 62237 INFO tempest.lib.common.rest_client [req-8b6e4ab8-158c-448a-99e2-1f1163238a20 req-8b6e4ab8-158c-448a-99e2-1f1163238a20 ] Request (ServicesAdminTestJSON:tearDownClass): 204 DELETE http://10.180.1.21/identity/v3/users/c57f641a0cd84daea0d0ea911cbbbb8a 0.088s
2024-08-28 09:09:39.496 62201 INFO tempest.lib.common.rest_client [req-7fd091ac-3fe0-478f-85b5-3f4dc9b4f675 req-7fd091ac-3fe0-478f-85b5-3f4dc9b4f675 ] Request (MigrationsAdminTest:test_list_migrations_in_flavor_resize_situation): 200 GET http://10.180.1.21/compute/v2.1/servers/9d79bbb7-73e3-4af6-8595-b8d3ebd4378c 0.666s
2024-08-28 09:09:39.498 62215 INFO tempest.lib.common.rest_client [req-eb9fa182-c033-4dba-90ba-2b9ce4520483 req-eb9fa182-c033-4dba-90ba-2b9ce4520483 ] Request (InstanceActionsNegativeTestJSON:setUpClass): 200 GET http://10.180.1.21/compute/v2.1/servers/451a923d-3c88-4b5d-be2c-dfcc248f9e81 0.599s
2024-08-28 09:09:39.509 62213 INFO tempest.lib.common.rest_client [req-3869f083-9a73-41cb-b757-7514968c5a09 req-3869f083-9a73-41cb-b757-7514968c5a09 ] Request (SecurityGroupRulesTestJSON:setUpClass): 201 POST http://10.180.1.21/identity/v3/auth/tokens 0.069s
2024-08-28 09:09:39.550 62219 INFO tempest.lib.common.rest_client [req-e373694b-669f-4905-a9f4-9ea520d698ef req-e373694b-669f-4905-a9f4-9ea520d698ef ] Request (ServersTestJSON:setUpClass): 200 GET http://10.180.1.21/compute/v2.1/servers/10117be5-70f2-4f62-81dd-3732ba3bb70c 0.612s
2024-08-28 09:09:39.558 62237 INFO tempest.lib.common.rest_client [req-86e84320-5ede-4bdc-b631-3570ef816080 req-86e84320-5ede-4bdc-b631-3570ef816080 ] Request (ServicesAdminTestJSON:tearDownClass): 204 DELETE http://10.180.1.21/identity/v3/users/5efcf3b443bb41a3aac70d54cc7deb4b 0.102s
2024-08-28 09:09:39.559 62237 INFO tempest.lib.common.dynamic_creds [-] Deleting project and security group for project: 94bf6f46f4ce44adb270fda6131c7ad6
2024-08-28 09:09:39.567 62221 INFO tempest.lib.common.rest_client [req-967c0b6f-f595-45a0-a1ec-154b3b207683 req-967c0b6f-f595-45a0-a1ec-154b3b207683 ] Request (FlavorsAdminTestJSON:_run_cleanups): 202 DELETE http://10.180.1.21/compute/v2.1/flavors/1981770798 0.601s
2024-08-28 09:09:39.581 62213 INFO tempest.lib.common.rest_client [req-64db9f06-23e2-405c-83fe-56918b7d979e req-64db9f06-23e2-405c-83fe-56918b7d979e ] Request (SecurityGroupRulesTestJSON:setUpClass): 201 POST http://10.180.1.21/identity/v3/auth/tokens 0.070s
2024-08-28 09:09:39.624 62207 INFO tempest.lib.common.rest_client [req-d37795a8-12e3-4c74-ae51-3a279898c6bb req-d37795a8-12e3-4c74-ae51-3a279898c6bb ] Request (ServersAdmin275Test:test_rebuild_update_server_275): 200 GET http://10.180.1.21/compute/v2.1/servers/43ff8e5b-054c-452a-92c0-21a2a39ea2a2 0.644s
2024-08-28 09:09:39.624 62237 INFO tempest.lib.common.rest_client [req-14c46295-552e-4fc8-8a20-8523fc158f22 req-14c46295-552e-4fc8-8a20-8523fc158f22 ] Request (ServicesAdminTestJSON:tearDownClass): 201 POST http://10.180.1.21/identity/v3/auth/tokens 0.065s
2024-08-28 09:09:39.635 62213 INFO tempest.lib.common.rest_client [req-f4ba51ef-c869-4d4c-8764-923f900f6b48 req-f4ba51ef-c869-4d4c-8764-923f900f6b48 ] Request (SecurityGroupRulesTestJSON:setUpClass): 200 GET http://10.180.1.21/identity/v3/domains?name=Default 0.053s
2024-08-28 09:09:39.686 62203 INFO tempest.lib.common.rest_client [req-080c7b3c-11f6-4583-8a26-4c19ec22f55c req-080c7b3c-11f6-4583-8a26-4c19ec22f55c ] Request (ServerActionsV293TestJSON:setUpClass): 200 GET http://10.180.1.21/volume/v3/fa210c336da3492d984c52f7a5b54a95/volumes/5dbe69f9-0315-464c-87fe-223b5d87b019 0.026s
2024-08-28 09:09:39.710 62213 INFO tempest.lib.common.rest_client [req-92714a25-fe9d-4642-a0ae-f8c30bdb6ba8 req-92714a25-fe9d-4642-a0ae-f8c30bdb6ba8 ] Request (SecurityGroupRulesTestJSON:setUpClass): 201 POST http://10.180.1.21/identity/v3/projects 0.074s
2024-08-28 09:09:39.727 62231 INFO tempest.lib.common.rest_client [req-258daf75-04e9-4698-add2-c88c01d45a58 req-258daf75-04e9-4698-add2-c88c01d45a58 ] Request (ServerMetadataTestJSON:tearDownClass): 200 GET http://10.180.1.21/compute/v2.1/servers/061597d3-af80-4eb7-8225-63fcdc3a1ab1 0.786s
2024-08-28 09:09:39.730 62211 INFO tempest.lib.common.rest_client [req-ceb8c402-af20-4beb-a47d-c95625389018 req-ceb8c402-af20-4beb-a47d-c95625389018 ] Request (AZAdminNegativeTestJSON:test_get_availability_zone_list_detail_with_non_admin_user): 403 GET http://10.180.1.21/compute/v2.1/os-availability-zone/detail 0.460s
2024-08-28 09:09:39.756 62239 INFO tempest.lib.common.rest_client [req-9c1cc213-ea7f-4d8b-8c72-30a2bad16e1e req-9c1cc213-ea7f-4d8b-8c72-30a2bad16e1e ] Request (FloatingIPsAssociationNegativeTestJSON:test_dissociate_nonexistent_floating_ip): 404 POST http://10.180.1.21/compute/v2.1/servers/e238d97c-522e-4c5e-8143-29b71e832871/action 0.423s
2024-08-28 09:09:39.767 62213 INFO tempest.lib.common.rest_client [req-88007036-9ac6-40a1-92ee-1cd434fe9a15 req-88007036-9ac6-40a1-92ee-1cd434fe9a15 ] Request (SecurityGroupRulesTestJSON:setUpClass): 201 POST http://10.180.1.21/identity/v3/users 0.056s
2024-08-28 09:09:39.782 62213 INFO tempest.lib.common.rest_client [req-e146e2e0-7050-4a33-bdc5-0ba3218903eb req-e146e2e0-7050-4a33-bdc5-0ba3218903eb ] Request (SecurityGroupRulesTestJSON:setUpClass): 200 GET http://10.180.1.21/identity/v3/roles 0.015s
2024-08-28 09:09:39.810 62213 INFO tempest.lib.common.rest_client [req-85fc163f-f8cd-46db-924f-b39c9194f398 req-85fc163f-f8cd-46db-924f-b39c9194f398 ] Request (SecurityGroupRulesTestJSON:setUpClass): 204 PUT http://10.180.1.21/identity/v3/projects/ebea19d1d535454b9d4694f89fa8bfd3/users/c91a31f4036c45e29879749253bef02d/roles/2c7fdb80462342ba9a38258a3fa9cb40 0.027s
2024-08-28 09:09:39.810 62213 INFO tempest.lib.common.dynamic_creds [-] Dynamic test user c91a31f4036c45e29879749253bef02d is created with scope project and roles: ['member']
2024-08-28 09:09:39.811 62213 INFO tempest.lib.common.dynamic_creds [-] Acquired dynamic creds: credentials: Credentials: {'domain_id': 'default', 'domain_name': 'Default', 'username': 'tempest-SecurityGroupRulesTestJSON-143490058-project-member', 'project_domain_id': 'default', 'project_domain_name': 'Default', 'project_id': 'ebea19d1d535454b9d4694f89fa8bfd3', 'project_name': 'tempest-SecurityGroupRulesTestJSON-143490058', 'tenant_id': 'ebea19d1d535454b9d4694f89fa8bfd3', 'tenant_name': 'tempest-SecurityGroupRulesTestJSON-143490058', 'user_domain_id': 'default', 'user_domain_name': 'Default', 'user_id': 'c91a31f4036c45e29879749253bef02d', 'system': None}, Network: None, Subnet: None, Router: None
2024-08-28 09:09:39.827 62211 INFO tempest.lib.common.rest_client [req-1a2778e2-03f2-4265-b561-6b119ea6775b req-1a2778e2-03f2-4265-b561-6b119ea6775b ] Request (AZAdminNegativeTestJSON:tearDownClass): 204 DELETE http://10.180.1.21/identity/v3/users/223f6a27b8974460aa9f758578873136 0.095s
2024-08-28 09:09:39.865 62213 INFO tempest.lib.common.rest_client [req-68ada3da-2893-4247-8461-848c21bf45d4 req-68ada3da-2893-4247-8461-848c21bf45d4 ] Request (SecurityGroupRulesTestJSON:setUpClass): 201 POST http://10.180.1.21/identity/v3/auth/tokens 0.054s
2024-08-28 09:09:39.911 62211 INFO tempest.lib.common.rest_client [req-03f20fc0-8242-4dee-8bf3-fe395b10e8f5 req-03f20fc0-8242-4dee-8bf3-fe395b10e8f5 ] Request (AZAdminNegativeTestJSON:tearDownClass): 204 DELETE http://10.180.1.21/identity/v3/users/db178fdc27e24bcda4ebcc34766bd139 0.084s
2024-08-28 09:09:39.911 62211 INFO tempest.lib.common.dynamic_creds [-] Deleting project and security group for project: 9deab07f3cf04bf0aba381e261138b54
2024-08-28 09:09:39.960 62227 INFO tempest.lib.common.rest_client [req-394b4d40-5a26-46e2-8406-80789ee6cf6a req-394b4d40-5a26-46e2-8406-80789ee6cf6a ] Request (SecurityGroupRulesNegativeTestJSON:test_create_security_group_rule_with_invalid_port_range): 200 POST http://10.180.1.21/compute/v2.1/os-security-groups 0.686s
2024-08-28 09:09:39.973 62233 INFO tempest.lib.common.rest_client [req-914663a4-323a-4876-953a-092c5371c636 req-914663a4-323a-4876-953a-092c5371c636 ] Request (ServersNegativeTestMultiTenantJSON:setUpClass): 200 GET http://10.180.1.21/compute/v2.1/servers/7bb2c3a0-82ae-401e-991e-d3c0b0ab2ec5 0.520s
2024-08-28 09:09:39.980 62211 INFO tempest.lib.common.rest_client [req-7150e89f-3c6e-401e-985c-fb7d1968a1c2 req-7150e89f-3c6e-401e-985c-fb7d1968a1c2 ] Request (AZAdminNegativeTestJSON:tearDownClass): 201 POST http://10.180.1.21/identity/v3/auth/tokens 0.068s
2024-08-28 09:09:39.992 62237 INFO tempest.lib.common.rest_client [req-509f8654-96bb-4eef-9db5-7ea015aedd8a req-509f8654-96bb-4eef-9db5-7ea015aedd8a ] Request (ServicesAdminTestJSON:tearDownClass): 200 GET http://10.180.1.21:9696/networking/v2.0/security-groups?tenant_id=94bf6f46f4ce44adb270fda6131c7ad6&name=default 0.367s
2024-08-28 09:09:40.048 62253 INFO tempest.lib.common.rest_client [req-4aab506d-bc26-40cc-bab8-0a9acea1280a req-4aab506d-bc26-40cc-bab8-0a9acea1280a ] Request (AttachInterfacesUnderV243Test:test_add_remove_fixed_ip): 200 GET http://10.180.1.21/compute/v2.1/servers/81971040-7836-4cb8-9064-952310391b4a 0.552s
2024-08-28 09:09:40.121 62237 INFO tempest.lib.common.rest_client [req-169bb9f6-41f5-40bd-ae25-f8414a2482d3 req-169bb9f6-41f5-40bd-ae25-f8414a2482d3 ] Request (ServicesAdminTestJSON:tearDownClass): 204 DELETE http://10.180.1.21:9696/networking/v2.0/security-groups/5e209086-63c3-4604-97c1-e92ecc756b99 0.129s
2024-08-28 09:09:40.159 62241 INFO tempest.lib.common.rest_client [req-78e1c4d3-7f2b-45fa-b318-243af9298427 req-78e1c4d3-7f2b-45fa-b318-243af9298427 ] Request (ServersV294TestFqdnHostnames:setUpClass): 200 GET http://10.180.1.21/compute/v2.1/servers/24755d96-be25-477d-8022-bbae4e33ab89 0.597s
2024-08-28 09:09:40.173 62221 INFO tempest.lib.common.rest_client [req-5c3639c8-ba90-43cd-97f0-35d547d2b22a req-5c3639c8-ba90-43cd-97f0-35d547d2b22a ] Request (FlavorsAdminTestJSON:_run_cleanups): 200 GET http://10.180.1.21/compute/v2.1/flavors/detail 0.605s
2024-08-28 09:09:40.201 62237 INFO tempest.lib.common.rest_client [req-5d0deb03-7030-47d5-bac3-84e1eba93037 req-5d0deb03-7030-47d5-bac3-84e1eba93037 ] Request (ServicesAdminTestJSON:tearDownClass): 204 DELETE http://10.180.1.21/identity/v3/projects/94bf6f46f4ce44adb270fda6131c7ad6 0.079s
2024-08-28 09:09:40.202 62237 INFO tempest.lib.common.dynamic_creds [-] Deleting project and security group for project: 9b307c9867884650ae7e8b07d6a1a021
2024-08-28 09:09:40.238 62209 INFO tempest.lib.common.rest_client [req-d63533db-4ca8-429d-af38-af54797583e3 req-d63533db-4ca8-429d-af38-af54797583e3 ] Request (ListServersNegativeTestJSON:setUpClass): 200 GET http://10.180.1.21/compute/v2.1/servers/9a8047e7-ce01-4355-bf4e-aef94f6db15e 0.655s
2024-08-28 09:09:40.240 62223 INFO tempest.lib.common.rest_client [req-27015c88-7db6-41e6-a7ab-2983a9ba0c3e req-27015c88-7db6-41e6-a7ab-2983a9ba0c3e ] Request (ServersWithSpecificFlavorTestJSON:test_verify_created_server_ephemeral_disk): 200 GET http://10.180.1.21/compute/v2.1/servers/e9bb2909-0eaa-4bfb-93a3-0b35c493422e 0.748s
2024-08-28 09:09:40.301 62251 INFO tempest.lib.common.rest_client [req-0b5992b7-36da-4328-baac-c78cd4a5380d req-0b5992b7-36da-4328-baac-c78cd4a5380d ] Request (ImagesTestJSON:test_create_image_from_stopped_server): 200 GET http://10.180.1.21/compute/v2.1/servers/6e1853f6-55d9-4659-b865-191a2e107ba1 0.634s
2024-08-28 09:09:40.326 62237 INFO tempest.lib.common.rest_client [req-3935a998-cd92-45b2-b243-ed6de3ee5190 req-3935a998-cd92-45b2-b243-ed6de3ee5190 ] Request (ServicesAdminTestJSON:tearDownClass): 200 GET http://10.180.1.21:9696/networking/v2.0/security-groups?tenant_id=9b307c9867884650ae7e8b07d6a1a021&name=default 0.124s
2024-08-28 09:09:40.354 62217 INFO tempest.lib.common.rest_client [req-d30041e8-a493-4eef-8450-245ca955ae94 req-d30041e8-a493-4eef-8450-245ca955ae94 ] Request (ServerActionsTestJSON:setUpClass): 200 GET http://10.180.1.21/compute/v2.1/servers/bedcdb7c-216f-4248-b5ac-1c71471c4c07 0.622s
2024-08-28 09:09:40.359 62211 INFO tempest.lib.common.rest_client [req-3b6598c0-98bb-4a19-ab41-b7e7ab2d973b req-3b6598c0-98bb-4a19-ab41-b7e7ab2d973b ] Request (AZAdminNegativeTestJSON:tearDownClass): 200 GET http://10.180.1.21:9696/networking/v2.0/security-groups?tenant_id=9deab07f3cf04bf0aba381e261138b54&name=default 0.377s
2024-08-28 09:09:40.390 62239 INFO tempest.lib.common.rest_client [req-08b526e4-c82a-4faf-af28-ea109de25ede req-08b526e4-c82a-4faf-af28-ea109de25ede ] Request (FloatingIPsAssociationNegativeTestJSON:tearDownClass): 204 DELETE http://10.180.1.21/compute/v2.1/servers/e238d97c-522e-4c5e-8143-29b71e832871 0.632s
2024-08-28 09:09:40.451 62244 INFO tempest.lib.common.rest_client [req-a0c463cc-1fdd-4e2f-8baf-566f8f8fe5ef req-a0c463cc-1fdd-4e2f-8baf-566f8f8fe5ef ] Request (AttachInterfacesTestJSON:test_create_list_show_delete_interfaces_by_fixed_ip): 200 GET http://10.180.1.21/compute/v2.1/servers/66396ef9-04a2-4c50-9f3a-c1a398aa36de 0.588s
2024-08-28 09:09:40.463 62237 INFO tempest.lib.common.rest_client [req-c175d6c7-643b-4a49-9adb-463fb7266b9d req-c175d6c7-643b-4a49-9adb-463fb7266b9d ] Request (ServicesAdminTestJSON:tearDownClass): 204 DELETE http://10.180.1.21:9696/networking/v2.0/security-groups/81018647-891a-4e59-9ce1-902a83e9a1c0 0.136s
2024-08-28 09:09:40.494 62255 INFO tempest.lib.common.rest_client [req-15b88008-f17b-44d1-a2ea-4c0bbc460e05 req-15b88008-f17b-44d1-a2ea-4c0bbc460e05 ] Request (DeleteServersAdminTestJSON:test_delete_server_while_in_error_state): 200 GET http://10.180.1.21/compute/v2.1/servers/fc3b6192-3a1d-40cd-87ef-6bdba8b8292d 0.700s
2024-08-28 09:09:40.516 62199 INFO tempest.lib.common.rest_client [req-92f5e515-8fab-46a5-b81e-950d56c423cd req-92f5e515-8fab-46a5-b81e-950d56c423cd ] Request (ServerPasswordTestJSON:setUpClass): 200 GET http://10.180.1.21/compute/v2.1/servers/1e7e2f23-4fc9-45a3-9f60-8222fa73cc52 0.649s
2024-08-28 09:09:40.582 62237 INFO tempest.lib.common.rest_client [req-c03bbc64-863e-492f-aece-00801fb2fa57 req-c03bbc64-863e-492f-aece-00801fb2fa57 ] Request (ServicesAdminTestJSON:tearDownClass): 204 DELETE http://10.180.1.21/identity/v3/projects/9b307c9867884650ae7e8b07d6a1a021 0.118s
2024-08-28 09:09:40.586 62227 INFO tempest.lib.common.rest_client [req-d2e67a19-fbaf-4be4-afd8-382ad568934a req-d2e67a19-fbaf-4be4-afd8-382ad568934a ] Request (SecurityGroupRulesNegativeTestJSON:test_create_security_group_rule_with_invalid_port_range): 400 POST http://10.180.1.21/compute/v2.1/os-security-group-rules 0.623s
2024-08-28 09:09:40.600 62257 INFO tempest.lib.common.rest_client [req-bb40b835-5207-408b-b2d7-31fbe3e586d8 req-bb40b835-5207-408b-b2d7-31fbe3e586d8 ] Request (AttachVolumeTestJSON:test_attach_detach_volume): 200 GET http://10.180.1.21/compute/v2.1/servers/ec50aa6a-44ae-42f3-99a9-6831c832aca3 0.673s
2024-08-28 09:09:40.664 62237 INFO tempest.lib.common.rest_client [req-bafc787c-e2a5-44c3-a88b-b7ecf4284d93 req-bafc787c-e2a5-44c3-a88b-b7ecf4284d93 ] Request (ServersTestManualDisk:setUpClass): 201 POST http://10.180.1.21/identity/v3/auth/tokens 0.080s
2024-08-28 09:09:40.673 62197 INFO tempest.lib.common.rest_client [req-13ca3af8-31aa-4b84-a06c-60310cc2b883 req-13ca3af8-31aa-4b84-a06c-60310cc2b883 ] Request (FloatingIPsAssociationTestJSON:test_associate_already_associated_floating_ip): 200 GET http://10.180.1.21/compute/v2.1/servers/46bf2f3b-9f41-4043-8b2b-e52e765da72b 0.533s
2024-08-28 09:09:40.685 62197 INFO tempest.common.waiters [-] State transition "BUILD/None" ==> "BUILD/networking" after 31 second wait
2024-08-28 09:09:40.685 62213 INFO tempest.lib.common.rest_client [req-b148a81f-0701-4352-b8d0-1a0cfca3a559 req-b148a81f-0701-4352-b8d0-1a0cfca3a559 ] Request (SecurityGroupRulesTestJSON:setUpClass): 201 POST http://10.180.1.21:9696/networking/v2.0/networks 0.820s
2024-08-28 09:09:40.695 62221 INFO tempest.lib.common.rest_client [req-c4313b04-1ef7-4a7f-8489-808246c71a1b req-c4313b04-1ef7-4a7f-8489-808246c71a1b ] Request (FlavorsAdminTestJSON:_run_cleanups): 202 DELETE http://10.180.1.21/compute/v2.1/flavors/962068262 0.516s
2024-08-28 09:09:40.700 62237 INFO tempest.lib.common.rest_client [req-4ea53504-b264-4020-83c2-b681c46e8e4f req-4ea53504-b264-4020-83c2-b681c46e8e4f ] Request (ServersTestManualDisk:setUpClass): 201 POST http://10.180.1.21/identity/v3/auth/tokens 0.034s
2024-08-28 09:09:40.729 62237 INFO tempest.lib.common.rest_client [req-b30b88c3-0caa-40e4-a8eb-a6a8e006b7b5 req-b30b88c3-0caa-40e4-a8eb-a6a8e006b7b5 ] Request (ServersTestManualDisk:setUpClass): 200 GET http://10.180.1.21/identity/v3/domains?name=Default 0.029s
2024-08-28 09:09:40.744 62203 INFO tempest.lib.common.rest_client [req-714efb0a-1ea2-4858-831c-dae3bdd204ea req-714efb0a-1ea2-4858-831c-dae3bdd204ea ] Request (ServerActionsV293TestJSON:setUpClass): 200 GET http://10.180.1.21/volume/v3/fa210c336da3492d984c52f7a5b54a95/volumes/5dbe69f9-0315-464c-87fe-223b5d87b019 0.050s
2024-08-28 09:09:40.754 62259 INFO tempest.lib.common.rest_client [req-db8de5e6-7018-46fc-9cff-3b40ceaaa349 req-db8de5e6-7018-46fc-9cff-3b40ceaaa349 ] Request (DeleteServersTestJSON:test_delete_active_server): 200 GET http://10.180.1.21/compute/v2.1/servers/46cef7c4-93a2-4751-bddb-39b874016f63 0.726s
2024-08-28 09:09:40.768 62237 INFO tempest.lib.common.rest_client [req-3b667bd5-630c-46cf-8523-bb35e388f798 req-3b667bd5-630c-46cf-8523-bb35e388f798 ] Request (ServersTestManualDisk:setUpClass): 201 POST http://10.180.1.21/identity/v3/projects 0.038s
2024-08-28 09:09:40.796 62211 INFO tempest.lib.common.rest_client [req-39b246a5-eb3c-4cb7-bfac-301c5779aa44 req-39b246a5-eb3c-4cb7-bfac-301c5779aa44 ] Request (AZAdminNegativeTestJSON:tearDownClass): 204 DELETE http://10.180.1.21:9696/networking/v2.0/security-groups/d55db4d7-36a5-4849-9b57-99eb2d9e1dd6 0.437s
2024-08-28 09:09:40.832 62245 INFO tempest.lib.common.rest_client [req-9079602d-d792-42fd-9bea-6c5b1821e820 req-9079602d-d792-42fd-9bea-6c5b1821e820 ] Request (ServerExternalEventsTest:tearDownClass): 200 GET http://10.180.1.21/compute/v2.1/servers/2567109b-5916-478e-a169-da093e2f68a7 0.623s
2024-08-28 09:09:40.849 62237 INFO tempest.lib.common.rest_client [req-d537d781-4e7f-46b6-9e59-a75c0d293f3d req-d537d781-4e7f-46b6-9e59-a75c0d293f3d ] Request (ServersTestManualDisk:setUpClass): 201 POST http://10.180.1.21/identity/v3/users 0.081s
2024-08-28 09:09:40.863 62247 INFO tempest.lib.common.rest_client [req-20e3c9da-7e36-4eec-b47c-ff1c83885620 req-20e3c9da-7e36-4eec-b47c-ff1c83885620 ] Request (ServerDiagnosticsV248Test:tearDownClass): 404 GET http://10.180.1.21/compute/v2.1/servers/1a02e309-1403-4d0e-8fb5-65e90274f3a7 0.488s
2024-08-28 09:09:40.872 62237 INFO tempest.lib.common.rest_client [req-331f2d43-346a-46de-9416-9c3f6b0286f5 req-331f2d43-346a-46de-9416-9c3f6b0286f5 ] Request (ServersTestManualDisk:setUpClass): 200 GET http://10.180.1.21/identity/v3/roles 0.021s
2024-08-28 09:09:40.923 62211 INFO tempest.lib.common.rest_client [req-a3360cb4-ae29-4a93-8724-d30ca1e2eaba req-a3360cb4-ae29-4a93-8724-d30ca1e2eaba ] Request (AZAdminNegativeTestJSON:tearDownClass): 204 DELETE http://10.180.1.21/identity/v3/projects/9deab07f3cf04bf0aba381e261138b54 0.126s
2024-08-28 09:09:40.923 62211 INFO tempest.lib.common.dynamic_creds [-] Deleting project and security group for project: 08cfd5a9f1bc49b5a03c7d071c2a1c52
2024-08-28 09:09:40.950 62247 INFO tempest.lib.common.rest_client [req-588636b6-f44a-465e-ba2b-b44980ada75a req-588636b6-f44a-465e-ba2b-b44980ada75a ] Request (ServerDiagnosticsV248Test:tearDownClass): 204 DELETE http://10.180.1.21/identity/v3/users/cb24ef50914945afbbbb9c18ce1f2f44 0.087s
2024-08-28 09:09:41.044 62235 INFO tempest.lib.common.rest_client [req-81456451-d8ef-4bef-872d-da776b919844 req-81456451-d8ef-4bef-872d-da776b919844 ] Request (AttachInterfacesV270Test:setUpClass): 201 POST http://10.180.1.21:9696/networking/v2.0/routers 1.732s
2024-08-28 09:09:41.044 62237 INFO tempest.lib.common.rest_client [req-f90be8d0-b5be-4617-b517-63755d0bfb50 req-f90be8d0-b5be-4617-b517-63755d0bfb50 ] Request (ServersTestManualDisk:setUpClass): 204 PUT http://10.180.1.21/identity/v3/projects/149211963ce54befbd06570812de2f16/users/b28a08f9577941bc98f231b3f2cb607b/roles/2c7fdb80462342ba9a38258a3fa9cb40 0.172s
2024-08-28 09:09:41.045 62237 INFO tempest.lib.common.dynamic_creds [-] Dynamic test user b28a08f9577941bc98f231b3f2cb607b is created with scope project and roles: ['member']
2024-08-28 09:09:41.045 62237 INFO tempest.lib.common.dynamic_creds [-] Acquired dynamic creds: credentials: Credentials: {'domain_id': 'default', 'domain_name': 'Default', 'username': 'tempest-ServersTestManualDisk-1369580821-project-member', 'project_domain_id': 'default', 'project_domain_name': 'Default', 'project_id': '149211963ce54befbd06570812de2f16', 'project_name': 'tempest-ServersTestManualDisk-1369580821', 'tenant_id': '149211963ce54befbd06570812de2f16', 'tenant_name': 'tempest-ServersTestManualDisk-1369580821', 'user_domain_id': 'default', 'user_domain_name': 'Default', 'user_id': 'b28a08f9577941bc98f231b3f2cb607b', 'system': None}, Network: None, Subnet: None, Router: None
2024-08-28 09:09:41.081 62247 INFO tempest.lib.common.rest_client [req-969270e7-084b-4647-aa15-732bf56b3359 req-969270e7-084b-4647-aa15-732bf56b3359 ] Request (ServerDiagnosticsV248Test:tearDownClass): 204 DELETE http://10.180.1.21/identity/v3/users/414d16e77a934b2bb76c1555ee1b07b8 0.130s
2024-08-28 09:09:41.083 62247 INFO tempest.lib.common.dynamic_creds [-] Deleting project and security group for project: 02f3c048637f424080d967931a67a15e
2024-08-28 09:09:41.128 62237 INFO tempest.lib.common.rest_client [req-98cf607c-a9fb-4434-a063-b11be3df42b3 req-98cf607c-a9fb-4434-a063-b11be3df42b3 ] Request (ServersTestManualDisk:setUpClass): 201 POST http://10.180.1.21/identity/v3/auth/tokens 0.083s
2024-08-28 09:09:41.136 62225 INFO tempest.lib.common.rest_client [req-9442acab-0cc3-4311-a346-c62717a730a7 req-9442acab-0cc3-4311-a346-c62717a730a7 ] Request (ServersAdminTestJSON:setUpClass): 200 GET http://10.180.1.21/compute/v2.1/servers/7ee63cda-4878-4c4c-bc76-c51c798de3fd 0.934s
2024-08-28 09:09:41.144 62225 INFO tempest.common.waiters [-] State transition "BUILD/block_device_mapping" ==> "BUILD/spawning" after 33 second wait
2024-08-28 09:09:41.166 62247 INFO tempest.lib.common.rest_client [req-25ffe6a2-6806-4c40-9a3d-cf337bcbe775 req-25ffe6a2-6806-4c40-9a3d-cf337bcbe775 ] Request (ServerDiagnosticsV248Test:tearDownClass): 201 POST http://10.180.1.21/identity/v3/auth/tokens 0.082s
2024-08-28 09:09:41.214 62239 INFO tempest.lib.common.rest_client [req-fbcdb2fa-fd39-4546-9643-f5616656c31d req-fbcdb2fa-fd39-4546-9643-f5616656c31d ] Request (FloatingIPsAssociationNegativeTestJSON:tearDownClass): 200 GET http://10.180.1.21/compute/v2.1/servers/e238d97c-522e-4c5e-8143-29b71e832871 0.823s
2024-08-28 09:09:41.248 62229 INFO tempest.lib.common.rest_client [req-ba1b866f-bbcc-4e56-95f1-a24ff04b389a req-ba1b866f-bbcc-4e56-95f1-a24ff04b389a ] Request (ServerDiagnosticsTest:test_get_server_diagnostics): 200 GET http://10.180.1.21/compute/v2.1/servers/85eb3bcf-83c5-4420-8d66-d5c0b6595964 0.800s
2024-08-28 09:09:41.317 62213 INFO tempest.lib.common.rest_client [req-79b068c4-bd16-4068-b2f2-6fddc698ce27 req-79b068c4-bd16-4068-b2f2-6fddc698ce27 ] Request (SecurityGroupRulesTestJSON:setUpClass): 201 POST http://10.180.1.21:9696/networking/v2.0/subnets 0.631s
2024-08-28 09:09:41.381 62215 INFO tempest.lib.common.rest_client [req-7c297e57-3e31-411b-844d-785e5c5b83c0 req-7c297e57-3e31-411b-844d-785e5c5b83c0 ] Request (InstanceActionsNegativeTestJSON:setUpClass): 200 GET http://10.180.1.21/compute/v2.1/servers/451a923d-3c88-4b5d-be2c-dfcc248f9e81 0.874s
2024-08-28 09:09:41.386 62211 INFO tempest.lib.common.rest_client [req-d91ee1a5-5f1a-48f7-b871-c5b195738de5 req-d91ee1a5-5f1a-48f7-b871-c5b195738de5 ] Request (AZAdminNegativeTestJSON:tearDownClass): 200 GET http://10.180.1.21:9696/networking/v2.0/security-groups?tenant_id=08cfd5a9f1bc49b5a03c7d071c2a1c52&name=default 0.463s
2024-08-28 09:09:41.460 62219 INFO tempest.lib.common.rest_client [req-b125c01b-f33f-4878-a1c5-0772cafe4d70 req-b125c01b-f33f-4878-a1c5-0772cafe4d70 ] Request (ServersTestJSON:setUpClass): 200 GET http://10.180.1.21/compute/v2.1/servers/10117be5-70f2-4f62-81dd-3732ba3bb70c 0.900s
2024-08-28 09:09:41.696 62227 INFO tempest.lib.common.rest_client [req-566f1779-3d97-40bd-a525-927b5db74195 req-566f1779-3d97-40bd-a525-927b5db74195 ] Request (SecurityGroupRulesNegativeTestJSON:test_create_security_group_rule_with_invalid_to_port): 200 POST http://10.180.1.21/compute/v2.1/os-security-groups 1.109s
2024-08-28 09:09:41.774 62207 INFO tempest.lib.common.rest_client [req-02c6e2bf-5f3a-4eed-a3dc-e13e1315fcf7 req-02c6e2bf-5f3a-4eed-a3dc-e13e1315fcf7 ] Request (ServersAdmin275Test:test_rebuild_update_server_275): 200 GET http://10.180.1.21/compute/v2.1/servers/43ff8e5b-054c-452a-92c0-21a2a39ea2a2 1.137s
2024-08-28 09:09:41.793 62203 INFO tempest.lib.common.rest_client [req-d63edb5b-56dd-4120-aab3-34d4f935c8f0 req-d63edb5b-56dd-4120-aab3-34d4f935c8f0 ] Request (ServerActionsV293TestJSON:setUpClass): 200 GET http://10.180.1.21/volume/v3/fa210c336da3492d984c52f7a5b54a95/volumes/5dbe69f9-0315-464c-87fe-223b5d87b019 0.042s
2024-08-28 09:09:41.801 62221 INFO tempest.lib.common.rest_client [req-883a3c71-0cb6-4025-81c3-151a594a16c7 req-883a3c71-0cb6-4025-81c3-151a594a16c7 ] Request (FlavorsAdminTestJSON:_run_cleanups): 200 GET http://10.180.1.21/compute/v2.1/flavors/detail 1.106s
2024-08-28 09:09:41.860 62231 INFO tempest.lib.common.rest_client [req-afda43c0-886d-42f5-b2f5-2b8e3c28bbec req-afda43c0-886d-42f5-b2f5-2b8e3c28bbec ] Request (ServerMetadataTestJSON:tearDownClass): 200 GET http://10.180.1.21/compute/v2.1/servers/061597d3-af80-4eb7-8225-63fcdc3a1ab1 1.121s
2024-08-28 09:09:41.865 62247 INFO tempest.lib.common.rest_client [req-9262862e-c73b-4c5d-8b3a-92e787bdc0da req-9262862e-c73b-4c5d-8b3a-92e787bdc0da ] Request (ServerDiagnosticsV248Test:tearDownClass): 200 GET http://10.180.1.21:9696/networking/v2.0/security-groups?tenant_id=02f3c048637f424080d967931a67a15e&name=default 0.698s
2024-08-28 09:09:41.925 62233 INFO tempest.lib.common.rest_client [req-f2dcf449-fb91-4716-bb1c-3ac9031fb2f5 req-f2dcf449-fb91-4716-bb1c-3ac9031fb2f5 ] Request (ServersNegativeTestMultiTenantJSON:setUpClass): 200 GET http://10.180.1.21/compute/v2.1/servers/7bb2c3a0-82ae-401e-991e-d3c0b0ab2ec5 0.940s
2024-08-28 09:09:41.926 62201 INFO tempest.lib.common.rest_client [req-d472901c-8020-4090-9ae4-d0ba90ef4dc7 req-d472901c-8020-4090-9ae4-d0ba90ef4dc7 ] Request (MigrationsAdminTest:test_list_migrations_in_flavor_resize_situation): 200 GET http://10.180.1.21/compute/v2.1/servers/9d79bbb7-73e3-4af6-8595-b8d3ebd4378c 1.420s
2024-08-28 09:09:41.993 62253 INFO tempest.lib.common.rest_client [req-33c75836-a828-4181-997e-b32b0afb92bb req-33c75836-a828-4181-997e-b32b0afb92bb ] Request (AttachInterfacesUnderV243Test:test_add_remove_fixed_ip): 200 GET http://10.180.1.21/compute/v2.1/servers/81971040-7836-4cb8-9064-952310391b4a 0.933s
2024-08-28 09:09:42.049 62241 INFO tempest.lib.common.rest_client [req-ce05b87e-8f26-4c40-996f-dc7249d3a660 req-ce05b87e-8f26-4c40-996f-dc7249d3a660 ] Request (ServersV294TestFqdnHostnames:setUpClass): 200 GET http://10.180.1.21/compute/v2.1/servers/24755d96-be25-477d-8022-bbae4e33ab89 0.876s
2024-08-28 09:09:42.085 62237 INFO tempest.lib.common.rest_client [req-763f4c38-0371-4e9f-9bec-5066258ebe30 req-763f4c38-0371-4e9f-9bec-5066258ebe30 ] Request (ServersTestManualDisk:setUpClass): 201 POST http://10.180.1.21:9696/networking/v2.0/networks 0.956s
