2024-08-28 09:10:39.542 62197 INFO tempest.lib.common.rest_client [req-860cbe84-689f-4d4e-afef-6cf4a0104d21 req-860cbe84-689f-4d4e-afef-6cf4a0104d21 ] Request (FloatingIPsAssociationTestJSON:tearDownClass): 204 DELETE http://10.180.1.21/compute/v2.1/servers/ea093293-99fb-4412-ac10-68d63bfc0229 0.190s
2024-08-28 09:10:39.549 62207 INFO tempest.lib.common.rest_client [req-52e02a6a-2b79-4074-b64d-4d1a8086286e req-52e02a6a-2b79-4074-b64d-4d1a8086286e ] Request (ServersAdmin275Test:test_rebuild_update_server_275): 200 GET http://10.180.1.21/compute/v2.1/servers/43ff8e5b-054c-452a-92c0-21a2a39ea2a2 0.149s
2024-08-28 09:10:39.624 62245 INFO tempest.lib.common.rest_client [req-a8278468-6626-4272-b915-1b4ec99c12d2 req-a8278468-6626-4272-b915-1b4ec99c12d2 ] Request (ServerTagsTestJSON:setUpClass): 200 GET http://10.180.1.21/compute/v2.1/servers/8ffa8a2e-f035-483a-86a1-349588495b66 0.159s
2024-08-28 09:10:39.631 62209 INFO tempest.lib.common.rest_client [req-097cb8a5-0c37-4f02-ae02-57596c13a497 req-097cb8a5-0c37-4f02-ae02-57596c13a497 ] Request (ListServersNegativeTestJSON:tearDownClass): 200 GET http://10.180.1.21/compute/v2.1/servers/9068983c-71dd-44eb-923c-5774ac7d0b60 0.222s
2024-08-28 09:10:39.708 62255 INFO tempest.lib.common.rest_client [req-212435c9-9d70-495c-932c-740a1dbc782b req-212435c9-9d70-495c-932c-740a1dbc782b ] Request (DeleteServersAdminTestJSON:test_delete_server_while_in_error_state): 200 GET http://10.180.1.21/compute/v2.1/servers/fc3b6192-3a1d-40cd-87ef-6bdba8b8292d 0.192s
2024-08-28 09:10:39.862 62201 INFO tempest.lib.common.rest_client [req-f921c0ba-451e-4905-ac6b-50b4fff001ee req-f921c0ba-451e-4905-ac6b-50b4fff001ee ] Request (MigrationsAdminTest:test_list_migrations_in_flavor_resize_situation): 200 GET http://10.180.1.21/compute/v2.1/servers/9d79bbb7-73e3-4af6-8595-b8d3ebd4378c 0.218s
2024-08-28 09:10:39.869 62197 INFO tempest.lib.common.rest_client [req-d3e2ff00-3b71-4078-904b-70bb2ba3292b req-d3e2ff00-3b71-4078-904b-70bb2ba3292b ] Request (FloatingIPsAssociationTestJSON:tearDownClass): 200 GET http://10.180.1.21/compute/v2.1/servers/ea093293-99fb-4412-ac10-68d63bfc0229 0.327s
2024-08-28 09:10:39.924 62247 INFO tempest.lib.common.rest_client [req-c3de59b7-2f73-4a10-b386-d1a3d1e1b1d7 req-c3de59b7-2f73-4a10-b386-d1a3d1e1b1d7 ] Request (ListServerFiltersTestJSON:setUpClass): 200 GET http://10.180.1.21/compute/v2.1/servers/315c4d67-8e15-47d8-8943-8d10fc746815 0.238s
2024-08-28 09:10:39.979 62221 INFO tempest.lib.common.rest_client [req-12959100-7f25-40c5-890a-356f469b993c req-12959100-7f25-40c5-890a-356f469b993c ] Request (ServerRescueTestJSON:setUpClass): 200 GET http://10.180.1.21/compute/v2.1/servers/e94b6c33-7bfb-4aae-b619-c7da2201cb92 0.085s
2024-08-28 09:10:39.986 62235 INFO tempest.lib.common.rest_client [req-44d89bba-1676-4d71-821e-f22221590bcb req-44d89bba-1676-4d71-821e-f22221590bcb ] Request (AttachInterfacesV270Test:test_create_get_list_interfaces): 200 GET http://10.180.1.21/compute/v2.1/servers/e0348208-2098-4071-97a4-29407a95cd3a 0.157s
2024-08-28 09:10:40.027 62225 INFO tempest.lib.common.rest_client [req-754adb03-21d3-4dbb-855a-ea595e4f0bad req-754adb03-21d3-4dbb-855a-ea595e4f0bad ] Request (ServersAdminTestJSON:test_create_server_with_scheduling_hint): 200 GET http://10.180.1.21/compute/v2.1/servers/d7de483c-5ab7-47e9-995c-c02d5f07f165 0.074s
2024-08-28 09:10:40.055 62229 INFO tempest.lib.common.rest_client [req-7e676619-cc8f-4802-8cee-e3becc9091a2 req-7e676619-cc8f-4802-8cee-e3becc9091a2 ] Request (ServerRescueNegativeTestJSON:setUpClass): 200 GET http://10.180.1.21/compute/v2.1/servers/848b35ff-62f5-4e83-a5de-aab6fbbdd00a 0.052s
2024-08-28 09:10:40.243 62215 INFO tempest.lib.common.rest_client [req-b7c4cbad-b5a3-4c20-bbd8-dfc7a82fccbb req-b7c4cbad-b5a3-4c20-bbd8-dfc7a82fccbb ] Request (InstanceActionsNegativeTestJSON:tearDownClass): 200 GET http://10.180.1.21/compute/v2.1/servers/451a923d-3c88-4b5d-be2c-dfcc248f9e81 0.068s
2024-08-28 09:10:40.287 62251 INFO tempest.lib.common.rest_client [req-1ded8d29-6867-4c8e-9a2f-18d9176980ee req-1ded8d29-6867-4c8e-9a2f-18d9176980ee ] Request (ImagesTestJSON:test_create_image_from_stopped_server): 200 GET http://10.180.1.21/compute/v2.1/images/e5f8c9ab-1229-4e6a-b252-58db28b36cec 0.053s
2024-08-28 09:10:40.314 62233 INFO tempest.lib.common.rest_client [req-b2cbafb8-29bf-4234-b8d7-5d9d2eb06fce req-b2cbafb8-29bf-4234-b8d7-5d9d2eb06fce ] Request (ServersNegativeTestMultiTenantJSON:setUpClass): 200 GET http://10.180.1.21/compute/v2.1/servers/7bb2c3a0-82ae-401e-991e-d3c0b0ab2ec5 0.232s
2024-08-28 09:10:40.351 62239 INFO tempest.lib.common.rest_client [req-7663ce76-97be-4fea-b8c8-118bb9a27545 req-7663ce76-97be-4fea-b8c8-118bb9a27545 ] Request (ImagesOneServerNegativeTestJSON:setUpClass): 200 GET http://10.180.1.21/compute/v2.1/servers/51fff2cd-efe8-48c6-8fc7-12ca2d0a6c88 0.054s
2024-08-28 09:10:40.409 62211 INFO tempest.lib.common.rest_client [req-c0d72650-f26c-445a-9381-0c9aedca2612 req-c0d72650-f26c-445a-9381-0c9aedca2612 ] Request (TenantUsagesTestJSON:setUpClass): 200 GET http://10.180.1.21/compute/v2.1/servers/dec63d6c-0b9e-474b-a09a-9420d9d8d366 0.064s
2024-08-28 09:10:40.471 62203 INFO tempest.lib.common.rest_client [req-0670c7f2-61cd-4db5-859c-5b225dd80020 req-0670c7f2-61cd-4db5-859c-5b225dd80020 ] Request (ServerActionsV293TestJSON:setUpClass): 200 GET http://10.180.1.21/compute/v2.1/servers/ff9c99c7-43b2-479e-a171-269edf1aa75d 0.065s
2024-08-28 09:10:40.474 62237 INFO tempest.lib.common.rest_client [req-698cdd80-e01b-460a-997e-4179bcc4fac7 req-698cdd80-e01b-460a-997e-4179bcc4fac7 ] Request (ServersTestManualDisk:setUpClass): 200 GET http://10.180.1.21/compute/v2.1/servers/59ed629c-1516-4e93-95dd-482d8acc71af 0.059s
2024-08-28 09:10:40.522 62259 INFO tempest.lib.common.rest_client [req-77d8f85c-c8af-43ed-89d6-83390175c3e1 req-77d8f85c-c8af-43ed-89d6-83390175c3e1 ] Request (DeleteServersTestJSON:test_delete_server_while_in_attached_volume): 200 GET http://10.180.1.21/compute/v2.1/servers/383cc933-2136-421f-85cc-e12f1743bd67 0.060s
2024-08-28 09:10:40.543 62199 INFO tempest.lib.common.rest_client [req-b104941d-d903-48a8-ae6e-9e2e915e9491 req-b104941d-d903-48a8-ae6e-9e2e915e9491 ] Request (ServerPasswordTestJSON:tearDownClass): 200 GET http://10.180.1.21/compute/v2.1/servers/1e7e2f23-4fc9-45a3-9f60-8222fa73cc52 0.056s
2024-08-28 09:10:40.619 62207 INFO tempest.lib.common.rest_client [req-17e3f29e-d4e1-445a-95fe-159eb90140ee req-17e3f29e-d4e1-445a-95fe-159eb90140ee ] Request (ServersAdmin275Test:test_rebuild_update_server_275): 200 GET http://10.180.1.21/compute/v2.1/servers/43ff8e5b-054c-452a-92c0-21a2a39ea2a2 0.056s
2024-08-28 09:10:40.628 62207 INFO tempest.common.waiters [-] State transition "BUILD/spawning" ==> "ACTIVE/None" after 63 second wait
2024-08-28 09:10:40.687 62245 INFO tempest.lib.common.rest_client [req-947146d2-6147-43c2-a0b5-228193a46677 req-947146d2-6147-43c2-a0b5-228193a46677 ] Request (ServerTagsTestJSON:setUpClass): 200 GET http://10.180.1.21/compute/v2.1/servers/8ffa8a2e-f035-483a-86a1-349588495b66 0.053s
2024-08-28 09:10:40.820 62207 INFO tempest.lib.common.rest_client [req-c0c2f39e-7024-4de5-bfbf-566323e15944 req-c0c2f39e-7024-4de5-bfbf-566323e15944 ] Request (ServersAdmin275Test:test_rebuild_update_server_275): 202 POST http://10.180.1.21/compute/v2.1/servers/43ff8e5b-054c-452a-92c0-21a2a39ea2a2/action 0.191s
2024-08-28 09:10:40.892 62255 INFO tempest.lib.common.rest_client [req-4670e9a9-2551-4dd1-99d4-53c85f51c727 req-4670e9a9-2551-4dd1-99d4-53c85f51c727 ] Request (DeleteServersAdminTestJSON:test_delete_server_while_in_error_state): 200 GET http://10.180.1.21/compute/v2.1/servers/fc3b6192-3a1d-40cd-87ef-6bdba8b8292d 0.173s
2024-08-28 09:10:40.950 62207 INFO tempest.lib.common.rest_client [req-bdb5c1ca-ca4c-4557-867b-949dae2cdb70 req-bdb5c1ca-ca4c-4557-867b-949dae2cdb70 ] Request (ServersAdmin275Test:test_rebuild_update_server_275): 200 GET http://10.180.1.21/compute/v2.1/servers/43ff8e5b-054c-452a-92c0-21a2a39ea2a2 0.121s
2024-08-28 09:10:40.977 62209 INFO tempest.lib.common.rest_client [req-2ba1e96e-d798-4ba7-b691-8eaa17cc0f56 req-2ba1e96e-d798-4ba7-b691-8eaa17cc0f56 ] Request (ListServersNegativeTestJSON:tearDownClass): 200 GET http://10.180.1.21/compute/v2.1/servers/9068983c-71dd-44eb-923c-5774ac7d0b60 0.338s
2024-08-28 09:10:41.072 62201 INFO tempest.lib.common.rest_client [req-14e1fffe-8b87-4f24-8472-d4a3ee4c3326 req-14e1fffe-8b87-4f24-8472-d4a3ee4c3326 ] Request (MigrationsAdminTest:test_list_migrations_in_flavor_resize_situation): 200 GET http://10.180.1.21/compute/v2.1/servers/9d79bbb7-73e3-4af6-8595-b8d3ebd4378c 0.202s
2024-08-28 09:10:41.094 62197 INFO tempest.lib.common.rest_client [req-ff71aca1-6fc5-4f87-8a77-9f5519571fea req-ff71aca1-6fc5-4f87-8a77-9f5519571fea ] Request (FloatingIPsAssociationTestJSON:tearDownClass): 200 GET http://10.180.1.21/compute/v2.1/servers/ea093293-99fb-4412-ac10-68d63bfc0229 0.210s
2024-08-28 09:10:41.131 62247 INFO tempest.lib.common.rest_client [req-ddfe2268-4a7a-41b6-a873-4146c768de8e req-ddfe2268-4a7a-41b6-a873-4146c768de8e ] Request (ListServerFiltersTestJSON:setUpClass): 200 GET http://10.180.1.21/compute/v2.1/servers/315c4d67-8e15-47d8-8943-8d10fc746815 0.200s
2024-08-28 09:10:41.142 62221 INFO tempest.lib.common.rest_client [req-f4ab1633-1f95-4eb0-bbf4-aa6082a1779e req-f4ab1633-1f95-4eb0-bbf4-aa6082a1779e ] Request (ServerRescueTestJSON:setUpClass): 200 GET http://10.180.1.21/compute/v2.1/servers/e94b6c33-7bfb-4aae-b619-c7da2201cb92 0.156s
2024-08-28 09:10:41.193 62225 INFO tempest.lib.common.rest_client [req-60a8b225-fa18-4243-9607-0be693a4203d req-60a8b225-fa18-4243-9607-0be693a4203d ] Request (ServersAdminTestJSON:test_create_server_with_scheduling_hint): 200 GET http://10.180.1.21/compute/v2.1/servers/d7de483c-5ab7-47e9-995c-c02d5f07f165 0.157s
2024-08-28 09:10:41.259 62229 INFO tempest.lib.common.rest_client [req-51952331-ea8e-4382-9652-d8acdea4c303 req-51952331-ea8e-4382-9652-d8acdea4c303 ] Request (ServerRescueNegativeTestJSON:setUpClass): 200 GET http://10.180.1.21/compute/v2.1/servers/848b35ff-62f5-4e83-a5de-aab6fbbdd00a 0.197s
2024-08-28 09:10:41.266 62217 WARNING tempest.lib.common.ssh [-] Failed to establish authenticated ssh connection to cirros@10.180.180.204 ([Errno None] Unable to connect to port 22 on 10.180.180.204). Number attempts: 2. Retry after 3 seconds.: paramiko.ssh_exception.NoValidConnectionsError: [Errno None] Unable to connect to port 22 on 10.180.180.204
2024-08-28 09:10:41.292 62223 WARNING tempest.lib.common.ssh [-] Failed to establish authenticated ssh connection to cirros@10.180.180.226 ([Errno None] Unable to connect to port 22 on 10.180.180.226). Number attempts: 8. Retry after 9 seconds.: paramiko.ssh_exception.NoValidConnectionsError: [Errno None] Unable to connect to port 22 on 10.180.180.226
2024-08-28 09:10:41.340 62215 INFO tempest.lib.common.rest_client [req-0f8ab2ca-8c77-4342-810f-e347eb05fe32 req-0f8ab2ca-8c77-4342-810f-e347eb05fe32 ] Request (InstanceActionsNegativeTestJSON:tearDownClass): 200 GET http://10.180.1.21/compute/v2.1/servers/451a923d-3c88-4b5d-be2c-dfcc248f9e81 0.090s
2024-08-28 09:10:41.384 62251 INFO tempest.lib.common.rest_client [req-0a287ddd-9029-4f05-8a11-d7257d587404 req-0a287ddd-9029-4f05-8a11-d7257d587404 ] Request (ImagesTestJSON:test_create_image_from_stopped_server): 200 GET http://10.180.1.21/compute/v2.1/images/e5f8c9ab-1229-4e6a-b252-58db28b36cec 0.093s
2024-08-28 09:10:41.494 62233 INFO tempest.lib.common.rest_client [req-7d769e19-aba3-456f-bd7d-782f68c585b4 req-7d769e19-aba3-456f-bd7d-782f68c585b4 ] Request (ServersNegativeTestMultiTenantJSON:setUpClass): 200 GET http://10.180.1.21/compute/v2.1/servers/7bb2c3a0-82ae-401e-991e-d3c0b0ab2ec5 0.172s
2024-08-28 09:10:41.501 62233 INFO tempest.common.waiters [-] State transition "BUILD/spawning" ==> "ACTIVE/None" after 67 second wait
2024-08-28 09:10:41.520 62235 INFO tempest.lib.common.rest_client [req-d19cf378-a438-4e0c-8352-267fae871997 req-d19cf378-a438-4e0c-8352-267fae871997 ] Request (AttachInterfacesV270Test:test_create_get_list_interfaces): 200 GET http://10.180.1.21/compute/v2.1/servers/e0348208-2098-4071-97a4-29407a95cd3a 0.524s
2024-08-28 09:10:41.540 62239 INFO tempest.lib.common.rest_client [req-633ff5aa-4065-453e-8945-07987d6cced6 req-633ff5aa-4065-453e-8945-07987d6cced6 ] Request (ImagesOneServerNegativeTestJSON:setUpClass): 200 GET http://10.180.1.21/compute/v2.1/servers/51fff2cd-efe8-48c6-8fc7-12ca2d0a6c88 0.182s
2024-08-28 09:10:41.560 62211 INFO tempest.lib.common.rest_client [req-894552bc-2f6f-4d35-8fff-74d47d2c4e89 req-894552bc-2f6f-4d35-8fff-74d47d2c4e89 ] Request (TenantUsagesTestJSON:setUpClass): 200 GET http://10.180.1.21/compute/v2.1/servers/dec63d6c-0b9e-474b-a09a-9420d9d8d366 0.143s
2024-08-28 09:10:41.583 62237 INFO tempest.lib.common.rest_client [req-6ca530f3-e27c-4719-a11d-bf5eadef037d req-6ca530f3-e27c-4719-a11d-bf5eadef037d ] Request (ServersTestManualDisk:setUpClass): 200 GET http://10.180.1.21/compute/v2.1/servers/59ed629c-1516-4e93-95dd-482d8acc71af 0.100s
2024-08-28 09:10:41.609 62203 INFO tempest.lib.common.rest_client [req-c2a1ed12-981a-487e-b358-2c78f3e5c663 req-c2a1ed12-981a-487e-b358-2c78f3e5c663 ] Request (ServerActionsV293TestJSON:setUpClass): 200 GET http://10.180.1.21/compute/v2.1/servers/ff9c99c7-43b2-479e-a171-269edf1aa75d 0.126s
2024-08-28 09:10:41.657 62259 INFO tempest.lib.common.rest_client [req-cfbe7478-0589-45f7-aa90-aa03d760bca6 req-cfbe7478-0589-45f7-aa90-aa03d760bca6 ] Request (DeleteServersTestJSON:test_delete_server_while_in_attached_volume): 200 GET http://10.180.1.21/compute/v2.1/servers/383cc933-2136-421f-85cc-e12f1743bd67 0.128s
2024-08-28 09:10:41.663 62259 INFO tempest.common.waiters [-] State transition "BUILD/scheduling" ==> "BUILD/None" after 32 second wait
2024-08-28 09:10:41.708 62199 INFO tempest.lib.common.rest_client [req-9c1fe43a-14a4-4b14-ab21-3bd60e33bf60 req-9c1fe43a-14a4-4b14-ab21-3bd60e33bf60 ] Request (ServerPasswordTestJSON:tearDownClass): 200 GET http://10.180.1.21/compute/v2.1/servers/1e7e2f23-4fc9-45a3-9f60-8222fa73cc52 0.156s
2024-08-28 09:10:41.710 62233 INFO tempest.lib.common.rest_client [req-2144a630-493f-4bfa-a77c-bc10724841a3 req-2144a630-493f-4bfa-a77c-bc10724841a3 ] Request (ServersNegativeTestMultiTenantJSON:setUp): 200 GET http://10.180.1.21/compute/v2.1/servers/7bb2c3a0-82ae-401e-991e-d3c0b0ab2ec5 0.208s
2024-08-28 09:10:41.756 62245 INFO tempest.lib.common.rest_client [req-e2dcb215-b7ad-4c23-adda-9015a309855a req-e2dcb215-b7ad-4c23-adda-9015a309855a ] Request (ServerTagsTestJSON:setUpClass): 200 GET http://10.180.1.21/compute/v2.1/servers/8ffa8a2e-f035-483a-86a1-349588495b66 0.061s
2024-08-28 09:10:41.813 62233 INFO tempest.lib.common.rest_client [req-9606bb31-d996-4d6b-bf71-dc6a49e931f9 req-9606bb31-d996-4d6b-bf71-dc6a49e931f9 ] Request (ServersNegativeTestMultiTenantJSON:test_delete_a_server_of_another_tenant): 404 DELETE http://10.180.1.21/compute/v2.1/servers/7bb2c3a0-82ae-401e-991e-d3c0b0ab2ec5 0.096s
2024-08-28 09:10:41.962 62255 INFO tempest.lib.common.rest_client [req-060c879a-f896-48fa-8133-faa47caaba37 req-060c879a-f896-48fa-8133-faa47caaba37 ] Request (DeleteServersAdminTestJSON:test_delete_server_while_in_error_state): 200 GET http://10.180.1.21/compute/v2.1/servers/fc3b6192-3a1d-40cd-87ef-6bdba8b8292d 0.061s
2024-08-28 09:10:41.980 62233 INFO tempest.lib.common.rest_client [req-cc78149c-ed2d-4b79-9746-79959f2ea8d9 req-cc78149c-ed2d-4b79-9746-79959f2ea8d9 ] Request (ServersNegativeTestMultiTenantJSON:setUp): 200 GET http://10.180.1.21/compute/v2.1/servers/7bb2c3a0-82ae-401e-991e-d3c0b0ab2ec5 0.165s
2024-08-28 09:10:42.013 62209 INFO tempest.lib.common.rest_client [req-6686a692-2c7f-4f66-8d97-b2983a479fe9 req-6686a692-2c7f-4f66-8d97-b2983a479fe9 ] Request (ListServersNegativeTestJSON:tearDownClass): 404 GET http://10.180.1.21/compute/v2.1/servers/9068983c-71dd-44eb-923c-5774ac7d0b60 0.027s
2024-08-28 09:10:42.037 62207 INFO tempest.lib.common.rest_client [req-ac46210e-6356-459c-9816-d6da69a43c9e req-ac46210e-6356-459c-9816-d6da69a43c9e ] Request (ServersAdmin275Test:test_rebuild_update_server_275): 200 GET http://10.180.1.21/compute/v2.1/servers/43ff8e5b-054c-452a-92c0-21a2a39ea2a2 0.071s
2024-08-28 09:10:42.040 62233 INFO tempest.lib.common.rest_client [req-f99dc16f-21ff-4e18-bb25-531bb8234101 req-f99dc16f-21ff-4e18-bb25-531bb8234101 ] Request (ServersNegativeTestMultiTenantJSON:test_update_server_of_another_tenant): 404 PUT http://10.180.1.21/compute/v2.1/servers/7bb2c3a0-82ae-401e-991e-d3c0b0ab2ec5 0.054s
2024-08-28 09:10:42.106 62209 INFO tempest.lib.common.rest_client [req-fe70dad6-f4d5-4c1c-862f-a68c79663014 req-fe70dad6-f4d5-4c1c-862f-a68c79663014 ] Request (ListServersNegativeTestJSON:tearDownClass): 200 GET http://10.180.1.21/compute/v2.1/servers/7c9c967b-a4f8-4eeb-a637-c2cdb967508b 0.092s
2024-08-28 09:10:42.131 62233 INFO tempest.lib.common.rest_client [req-e958aef7-328b-433b-81d1-b5da42ea9a07 req-e958aef7-328b-433b-81d1-b5da42ea9a07 ] Request (ServersNegativeTestMultiTenantJSON:tearDownClass): 204 DELETE http://10.180.1.21/compute/v2.1/servers/7bb2c3a0-82ae-401e-991e-d3c0b0ab2ec5 0.084s
2024-08-28 09:10:42.280 62201 INFO tempest.lib.common.rest_client [req-099ea39c-6325-4329-9afd-3e57d529decc req-099ea39c-6325-4329-9afd-3e57d529decc ] Request (MigrationsAdminTest:test_list_migrations_in_flavor_resize_situation): 200 GET http://10.180.1.21/compute/v2.1/servers/9d79bbb7-73e3-4af6-8595-b8d3ebd4378c 0.200s
2024-08-28 09:10:42.287 62197 INFO tempest.lib.common.rest_client [req-9718290f-8694-4bce-9f3d-bb3d7c20bbe0 req-9718290f-8694-4bce-9f3d-bb3d7c20bbe0 ] Request (FloatingIPsAssociationTestJSON:tearDownClass): 200 GET http://10.180.1.21/compute/v2.1/servers/ea093293-99fb-4412-ac10-68d63bfc0229 0.184s
2024-08-28 09:10:42.335 62247 INFO tempest.lib.common.rest_client [req-cc8c9dd7-12de-441c-905d-7e0a760e37ae req-cc8c9dd7-12de-441c-905d-7e0a760e37ae ] Request (ListServerFiltersTestJSON:setUpClass): 200 GET http://10.180.1.21/compute/v2.1/servers/315c4d67-8e15-47d8-8943-8d10fc746815 0.197s
2024-08-28 09:10:42.382 62221 INFO tempest.lib.common.rest_client [req-748da791-b45a-4721-88e6-6d24ff4fec9b req-748da791-b45a-4721-88e6-6d24ff4fec9b ] Request (ServerRescueTestJSON:setUpClass): 200 GET http://10.180.1.21/compute/v2.1/servers/e94b6c33-7bfb-4aae-b619-c7da2201cb92 0.229s
2024-08-28 09:10:42.383 62233 INFO tempest.lib.common.rest_client [req-c5f94089-ee14-4e3e-82fb-d3b45d14392c req-c5f94089-ee14-4e3e-82fb-d3b45d14392c ] Request (ServersNegativeTestMultiTenantJSON:tearDownClass): 200 GET http://10.180.1.21/compute/v2.1/servers/7bb2c3a0-82ae-401e-991e-d3c0b0ab2ec5 0.251s
2024-08-28 09:10:42.389 62221 INFO tempest.common.waiters [-] State transition "BUILD/scheduling" ==> "BUILD/None" after 32 second wait
2024-08-28 09:10:42.429 62229 INFO tempest.lib.common.rest_client [req-4fd8366e-15dd-4a7b-9ec3-48b0471f8a8f req-4fd8366e-15dd-4a7b-9ec3-48b0471f8a8f ] Request (ServerRescueNegativeTestJSON:setUpClass): 200 GET http://10.180.1.21/compute/v2.1/servers/848b35ff-62f5-4e83-a5de-aab6fbbdd00a 0.162s
2024-08-28 09:10:42.433 62225 INFO tempest.lib.common.rest_client [req-dfe0310a-f55f-441e-be31-302adf3b2415 req-dfe0310a-f55f-441e-be31-302adf3b2415 ] Request (ServersAdminTestJSON:test_create_server_with_scheduling_hint): 200 GET http://10.180.1.21/compute/v2.1/servers/d7de483c-5ab7-47e9-995c-c02d5f07f165 0.233s
2024-08-28 09:10:42.468 62251 INFO tempest.lib.common.rest_client [req-76317212-7c48-41e1-865b-d42c8ba44416 req-76317212-7c48-41e1-865b-d42c8ba44416 ] Request (ImagesTestJSON:test_create_image_from_stopped_server): 200 GET http://10.180.1.21/compute/v2.1/images/e5f8c9ab-1229-4e6a-b252-58db28b36cec 0.079s
2024-08-28 09:10:42.486 62215 INFO tempest.lib.common.rest_client [req-7077b87a-42f0-49e5-b11a-e23728822575 req-7077b87a-42f0-49e5-b11a-e23728822575 ] Request (InstanceActionsNegativeTestJSON:tearDownClass): 200 GET http://10.180.1.21/compute/v2.1/servers/451a923d-3c88-4b5d-be2c-dfcc248f9e81 0.131s
2024-08-28 09:10:42.600 62239 INFO tempest.lib.common.rest_client [req-0068f851-44fc-4426-adb4-f8109673f9af req-0068f851-44fc-4426-adb4-f8109673f9af ] Request (ImagesOneServerNegativeTestJSON:setUpClass): 200 GET http://10.180.1.21/compute/v2.1/servers/51fff2cd-efe8-48c6-8fc7-12ca2d0a6c88 0.053s
2024-08-28 09:10:42.652 62211 INFO tempest.lib.common.rest_client [req-8cd9fc68-302e-4e33-80d2-0e111bc313fb req-8cd9fc68-302e-4e33-80d2-0e111bc313fb ] Request (TenantUsagesTestJSON:setUpClass): 200 GET http://10.180.1.21/compute/v2.1/servers/dec63d6c-0b9e-474b-a09a-9420d9d8d366 0.083s
2024-08-28 09:10:42.711 62237 INFO tempest.lib.common.rest_client [req-e7eccb8e-887b-40f5-a707-15bca52f943f req-e7eccb8e-887b-40f5-a707-15bca52f943f ] Request (ServersTestManualDisk:setUpClass): 200 GET http://10.180.1.21/compute/v2.1/servers/59ed629c-1516-4e93-95dd-482d8acc71af 0.121s
2024-08-28 09:10:42.789 62203 INFO tempest.lib.common.rest_client [req-b3e6f0a9-9a17-42d8-9547-690199ccb544 req-b3e6f0a9-9a17-42d8-9547-690199ccb544 ] Request (ServerActionsV293TestJSON:setUpClass): 200 GET http://10.180.1.21/compute/v2.1/servers/ff9c99c7-43b2-479e-a171-269edf1aa75d 0.172s
2024-08-28 09:10:42.841 62259 INFO tempest.lib.common.rest_client [req-ed499ca2-b127-42c6-bf95-f2c56c523f5a req-ed499ca2-b127-42c6-bf95-f2c56c523f5a ] Request (DeleteServersTestJSON:test_delete_server_while_in_attached_volume): 200 GET http://10.180.1.21/compute/v2.1/servers/383cc933-2136-421f-85cc-e12f1743bd67 0.175s
2024-08-28 09:10:42.898 62199 INFO tempest.lib.common.rest_client [req-28c6890c-e3ba-42b8-83b3-c1e549167617 req-28c6890c-e3ba-42b8-83b3-c1e549167617 ] Request (ServerPasswordTestJSON:tearDownClass): 200 GET http://10.180.1.21/compute/v2.1/servers/1e7e2f23-4fc9-45a3-9f60-8222fa73cc52 0.182s
2024-08-28 09:10:42.915 62235 INFO tempest.lib.common.rest_client [req-f82d0da1-fe44-4937-8a50-c9ceae91511c req-f82d0da1-fe44-4937-8a50-c9ceae91511c ] Request (AttachInterfacesV270Test:test_create_get_list_interfaces): 200 GET http://10.180.1.21/compute/v2.1/servers/e0348208-2098-4071-97a4-29407a95cd3a 0.386s
2024-08-28 09:10:42.941 62245 INFO tempest.lib.common.rest_client [req-76c2280d-037d-44b8-8aff-e3b4f9e27726 req-76c2280d-037d-44b8-8aff-e3b4f9e27726 ] Request (ServerTagsTestJSON:setUpClass): 200 GET http://10.180.1.21/compute/v2.1/servers/8ffa8a2e-f035-483a-86a1-349588495b66 0.177s
2024-08-28 09:10:43.029 62255 INFO tempest.lib.common.rest_client [req-193ac025-18dc-406e-87a0-df318243b58d req-193ac025-18dc-406e-87a0-df318243b58d ] Request (DeleteServersAdminTestJSON:test_delete_server_while_in_error_state): 200 GET http://10.180.1.21/compute/v2.1/servers/fc3b6192-3a1d-40cd-87ef-6bdba8b8292d 0.058s
2024-08-28 09:10:43.059 62257 WARNING tempest.lib.common.ssh [-] Failed to establish authenticated ssh connection to cirros@10.180.180.241 ([Errno None] Unable to connect to port 22 on 10.180.180.241). Number attempts: 1. Retry after 2 seconds.: paramiko.ssh_exception.NoValidConnectionsError: [Errno None] Unable to connect to port 22 on 10.180.180.241
2024-08-28 09:10:43.119 62207 INFO tempest.lib.common.rest_client [req-4d40044b-a368-438f-8e47-3ae79d3b581f req-4d40044b-a368-438f-8e47-3ae79d3b581f ] Request (ServersAdmin275Test:test_rebuild_update_server_275): 200 GET http://10.180.1.21/compute/v2.1/servers/43ff8e5b-054c-452a-92c0-21a2a39ea2a2 0.072s
2024-08-28 09:10:43.128 62207 INFO tempest.common.waiters [-] State transition "REBUILD/rebuilding" ==> "REBUILD/rebuild_block_device_mapping" after 3 second wait
2024-08-28 09:10:43.177 62209 INFO tempest.lib.common.rest_client [req-536238b3-cb9d-4d82-a054-4bf7139bbe6a req-536238b3-cb9d-4d82-a054-4bf7139bbe6a ] Request (ListServersNegativeTestJSON:tearDownClass): 200 GET http://10.180.1.21/compute/v2.1/servers/7c9c967b-a4f8-4eeb-a637-c2cdb967508b 0.062s
2024-08-28 09:10:43.351 62197 INFO tempest.lib.common.rest_client [req-22a53b5e-0fb5-4ce0-beec-aad95ac805cd req-22a53b5e-0fb5-4ce0-beec-aad95ac805cd ] Request (FloatingIPsAssociationTestJSON:tearDownClass): 200 GET http://10.180.1.21/compute/v2.1/servers/ea093293-99fb-4412-ac10-68d63bfc0229 0.055s
2024-08-28 09:10:43.401 62247 INFO tempest.lib.common.rest_client [req-07b9dd77-babb-4b3a-9f04-c13570534434 req-07b9dd77-babb-4b3a-9f04-c13570534434 ] Request (ListServerFiltersTestJSON:setUpClass): 200 GET http://10.180.1.21/compute/v2.1/servers/315c4d67-8e15-47d8-8943-8d10fc746815 0.059s
2024-08-28 09:10:43.405 62201 INFO tempest.lib.common.rest_client [req-a7c55af5-e4a8-4e70-9cbb-83830f69547b req-a7c55af5-e4a8-4e70-9cbb-83830f69547b ] Request (MigrationsAdminTest:test_list_migrations_in_flavor_resize_situation): 200 GET http://10.180.1.21/compute/v2.1/servers/9d79bbb7-73e3-4af6-8595-b8d3ebd4378c 0.118s
2024-08-28 09:10:43.447 62221 INFO tempest.lib.common.rest_client [req-8d062916-8b6c-46cc-9e6c-765106b878d3 req-8d062916-8b6c-46cc-9e6c-765106b878d3 ] Request (ServerRescueTestJSON:setUpClass): 200 GET http://10.180.1.21/compute/v2.1/servers/e94b6c33-7bfb-4aae-b619-c7da2201cb92 0.057s
2024-08-28 09:10:43.497 62229 INFO tempest.lib.common.rest_client [req-fb46a08d-0968-476a-b88a-8af7dfec2efc req-fb46a08d-0968-476a-b88a-8af7dfec2efc ] Request (ServerRescueNegativeTestJSON:setUpClass): 200 GET http://10.180.1.21/compute/v2.1/servers/848b35ff-62f5-4e83-a5de-aab6fbbdd00a 0.062s
2024-08-28 09:10:43.507 62233 INFO tempest.lib.common.rest_client [req-caf29e89-b3f2-46e2-ac6b-a851f29b1e90 req-caf29e89-b3f2-46e2-ac6b-a851f29b1e90 ] Request (ServersNegativeTestMultiTenantJSON:tearDownClass): 200 GET http://10.180.1.21/compute/v2.1/servers/7bb2c3a0-82ae-401e-991e-d3c0b0ab2ec5 0.116s
2024-08-28 09:10:43.543 62251 INFO tempest.lib.common.rest_client [req-787884e2-7d59-4ca8-a48f-dc9224073f1b req-787884e2-7d59-4ca8-a48f-dc9224073f1b ] Request (ImagesTestJSON:test_create_image_from_stopped_server): 200 GET http://10.180.1.21/compute/v2.1/images/e5f8c9ab-1229-4e6a-b252-58db28b36cec 0.072s
2024-08-28 09:10:43.550 62225 INFO tempest.lib.common.rest_client [req-6974c09a-0546-4c23-97c3-3324af5a7d5f req-6974c09a-0546-4c23-97c3-3324af5a7d5f ] Request (ServersAdminTestJSON:test_create_server_with_scheduling_hint): 200 GET http://10.180.1.21/compute/v2.1/servers/d7de483c-5ab7-47e9-995c-c02d5f07f165 0.108s
2024-08-28 09:10:43.599 62215 INFO tempest.lib.common.rest_client [req-b8de0215-ef9f-4efb-aea5-5ae863aea49c req-b8de0215-ef9f-4efb-aea5-5ae863aea49c ] Request (InstanceActionsNegativeTestJSON:tearDownClass): 200 GET http://10.180.1.21/compute/v2.1/servers/451a923d-3c88-4b5d-be2c-dfcc248f9e81 0.104s
2024-08-28 09:10:43.665 62239 INFO tempest.lib.common.rest_client [req-0fa40ecc-16af-4f06-b69e-d899617bb39c req-0fa40ecc-16af-4f06-b69e-d899617bb39c ] Request (ImagesOneServerNegativeTestJSON:setUpClass): 200 GET http://10.180.1.21/compute/v2.1/servers/51fff2cd-efe8-48c6-8fc7-12ca2d0a6c88 0.058s
2024-08-28 09:10:43.716 62211 INFO tempest.lib.common.rest_client [req-03638f44-89cd-46be-8372-717051407046 req-03638f44-89cd-46be-8372-717051407046 ] Request (TenantUsagesTestJSON:setUpClass): 200 GET http://10.180.1.21/compute/v2.1/servers/dec63d6c-0b9e-474b-a09a-9420d9d8d366 0.056s
2024-08-28 09:10:43.787 62237 INFO tempest.lib.common.rest_client [req-28204adf-d30c-4c5d-a5ac-0800171cab85 req-28204adf-d30c-4c5d-a5ac-0800171cab85 ] Request (ServersTestManualDisk:setUpClass): 200 GET http://10.180.1.21/compute/v2.1/servers/59ed629c-1516-4e93-95dd-482d8acc71af 0.067s
2024-08-28 09:10:43.857 62203 INFO tempest.lib.common.rest_client [req-c6ed07aa-5794-4ca3-a60e-b1d5cc43bb2d req-c6ed07aa-5794-4ca3-a60e-b1d5cc43bb2d ] Request (ServerActionsV293TestJSON:setUpClass): 200 GET http://10.180.1.21/compute/v2.1/servers/ff9c99c7-43b2-479e-a171-269edf1aa75d 0.058s
2024-08-28 09:10:43.901 62259 INFO tempest.lib.common.rest_client [req-a2bb68a2-7c03-4b34-86f5-d52f40bd97e7 req-a2bb68a2-7c03-4b34-86f5-d52f40bd97e7 ] Request (DeleteServersTestJSON:test_delete_server_while_in_attached_volume): 200 GET http://10.180.1.21/compute/v2.1/servers/383cc933-2136-421f-85cc-e12f1743bd67 0.053s
2024-08-28 09:10:43.965 62199 INFO tempest.lib.common.rest_client [req-04ede99f-473a-4f08-be52-3507cdac3885 req-04ede99f-473a-4f08-be52-3507cdac3885 ] Request (ServerPasswordTestJSON:tearDownClass): 200 GET http://10.180.1.21/compute/v2.1/servers/1e7e2f23-4fc9-45a3-9f60-8222fa73cc52 0.056s
2024-08-28 09:10:44.016 62245 INFO tempest.lib.common.rest_client [req-515d5635-80d7-4890-9cd3-5eedf474c059 req-515d5635-80d7-4890-9cd3-5eedf474c059 ] Request (ServerTagsTestJSON:setUpClass): 200 GET http://10.180.1.21/compute/v2.1/servers/8ffa8a2e-f035-483a-86a1-349588495b66 0.067s
2024-08-28 09:10:44.044 62235 INFO tempest.lib.common.rest_client [req-72580e7f-df5f-481c-ad79-a78c373ad5db req-72580e7f-df5f-481c-ad79-a78c373ad5db ] Request (AttachInterfacesV270Test:test_create_get_list_interfaces): 200 GET http://10.180.1.21/compute/v2.1/servers/e0348208-2098-4071-97a4-29407a95cd3a 0.120s
2024-08-28 09:10:44.101 62255 INFO tempest.lib.common.rest_client [req-dfae504d-cde1-4ad8-b191-ac66eeda0e2c req-dfae504d-cde1-4ad8-b191-ac66eeda0e2c ] Request (DeleteServersAdminTestJSON:test_delete_server_while_in_error_state): 200 GET http://10.180.1.21/compute/v2.1/servers/fc3b6192-3a1d-40cd-87ef-6bdba8b8292d 0.062s
2024-08-28 09:10:44.187 62207 INFO tempest.lib.common.rest_client [req-7dd58405-dad5-416e-8bcf-84dc9c70d5d1 req-7dd58405-dad5-416e-8bcf-84dc9c70d5d1 ] Request (ServersAdmin275Test:test_rebuild_update_server_275): 200 GET http://10.180.1.21/compute/v2.1/servers/43ff8e5b-054c-452a-92c0-21a2a39ea2a2 0.058s
2024-08-28 09:10:44.196 62207 INFO tempest.common.waiters [-] State transition "REBUILD/rebuild_block_device_mapping" ==> "REBUILD/rebuild_spawning" after 4 second wait
2024-08-28 09:10:44.246 62209 INFO tempest.lib.common.rest_client [req-a5cab39e-0a18-45dd-8f6b-ef6e2dce3312 req-a5cab39e-0a18-45dd-8f6b-ef6e2dce3312 ] Request (ListServersNegativeTestJSON:tearDownClass): 200 GET http://10.180.1.21/compute/v2.1/servers/7c9c967b-a4f8-4eeb-a637-c2cdb967508b 0.062s
2024-08-28 09:10:44.403 62219 WARNING tempest.lib.common.ssh [-] Failed to establish authenticated ssh connection to cirros@10.180.180.137 ([Errno None] Unable to connect to port 22 on 10.180.180.137). Number attempts: 6. Retry after 7 seconds.: paramiko.ssh_exception.NoValidConnectionsError: [Errno None] Unable to connect to port 22 on 10.180.180.137
2024-08-28 09:10:44.420 62197 INFO tempest.lib.common.rest_client [req-7e1466af-0655-4184-966c-dd5f5173fa8d req-7e1466af-0655-4184-966c-dd5f5173fa8d ] Request (FloatingIPsAssociationTestJSON:tearDownClass): 200 GET http://10.180.1.21/compute/v2.1/servers/ea093293-99fb-4412-ac10-68d63bfc0229 0.062s
2024-08-28 09:10:44.427 62197 INFO tempest.common.waiters [-] State transition "ACTIVE/deleting" ==> "DELETED/None" after 5 second wait
2024-08-28 09:10:44.462 62247 INFO tempest.lib.common.rest_client [req-90133700-1938-44ca-a2a6-97b80daffcb3 req-90133700-1938-44ca-a2a6-97b80daffcb3 ] Request (ListServerFiltersTestJSON:setUpClass): 200 GET http://10.180.1.21/compute/v2.1/servers/315c4d67-8e15-47d8-8943-8d10fc746815 0.052s
2024-08-28 09:10:44.508 62221 INFO tempest.lib.common.rest_client [req-e287dc94-90b5-48ba-a6f1-9123bc511ac7 req-e287dc94-90b5-48ba-a6f1-9123bc511ac7 ] Request (ServerRescueTestJSON:setUpClass): 200 GET http://10.180.1.21/compute/v2.1/servers/e94b6c33-7bfb-4aae-b619-c7da2201cb92 0.053s
2024-08-28 09:10:44.556 62229 INFO tempest.lib.common.rest_client [req-497c2ca5-96b7-4f2e-84eb-b1cfad185dde req-497c2ca5-96b7-4f2e-84eb-b1cfad185dde ] Request (ServerRescueNegativeTestJSON:setUpClass): 200 GET http://10.180.1.21/compute/v2.1/servers/848b35ff-62f5-4e83-a5de-aab6fbbdd00a 0.051s
2024-08-28 09:10:44.599 62201 INFO tempest.lib.common.rest_client [req-83b4ab5f-0cc6-4493-8961-eb350102b7dc req-83b4ab5f-0cc6-4493-8961-eb350102b7dc ] Request (MigrationsAdminTest:test_list_migrations_in_flavor_resize_situation): 200 GET http://10.180.1.21/compute/v2.1/servers/9d79bbb7-73e3-4af6-8595-b8d3ebd4378c 0.188s
2024-08-28 09:10:44.601 62233 INFO tempest.lib.common.rest_client [req-565e4db7-f1dd-48f3-ab76-7a3ffc3cf89f req-565e4db7-f1dd-48f3-ab76-7a3ffc3cf89f ] Request (ServersNegativeTestMultiTenantJSON:tearDownClass): 200 GET http://10.180.1.21/compute/v2.1/servers/7bb2c3a0-82ae-401e-991e-d3c0b0ab2ec5 0.087s
2024-08-28 09:10:44.636 62251 INFO tempest.lib.common.rest_client [req-514aac2b-64c4-46d5-90f7-b8b940424835 req-514aac2b-64c4-46d5-90f7-b8b940424835 ] Request (ImagesTestJSON:test_create_image_from_stopped_server): 200 GET http://10.180.1.21/compute/v2.1/images/e5f8c9ab-1229-4e6a-b252-58db28b36cec 0.089s
2024-08-28 09:10:44.649 62225 INFO tempest.lib.common.rest_client [req-b7b57cec-9929-4870-990f-387c0fba99d5 req-b7b57cec-9929-4870-990f-387c0fba99d5 ] Request (ServersAdminTestJSON:test_create_server_with_scheduling_hint): 200 GET http://10.180.1.21/compute/v2.1/servers/d7de483c-5ab7-47e9-995c-c02d5f07f165 0.091s
2024-08-28 09:10:44.690 62215 INFO tempest.lib.common.rest_client [req-e9b41930-5586-48d4-87ae-0afdb169d6f4 req-e9b41930-5586-48d4-87ae-0afdb169d6f4 ] Request (InstanceActionsNegativeTestJSON:tearDownClass): 200 GET http://10.180.1.21/compute/v2.1/servers/451a923d-3c88-4b5d-be2c-dfcc248f9e81 0.083s
2024-08-28 09:10:44.719 62239 INFO tempest.lib.common.rest_client [req-a8d0ca46-ba9a-4151-9e7c-dd129aa53133 req-a8d0ca46-ba9a-4151-9e7c-dd129aa53133 ] Request (ImagesOneServerNegativeTestJSON:setUpClass): 200 GET http://10.180.1.21/compute/v2.1/servers/51fff2cd-efe8-48c6-8fc7-12ca2d0a6c88 0.047s
2024-08-28 09:10:44.772 62211 INFO tempest.lib.common.rest_client [req-c8c71313-a299-4beb-ba39-1024b6f30d3a req-c8c71313-a299-4beb-ba39-1024b6f30d3a ] Request (TenantUsagesTestJSON:setUpClass): 200 GET http://10.180.1.21/compute/v2.1/servers/dec63d6c-0b9e-474b-a09a-9420d9d8d366 0.049s
2024-08-28 09:10:44.848 62237 INFO tempest.lib.common.rest_client [req-e1ec54c9-705c-47a9-870b-4c8d295ba676 req-e1ec54c9-705c-47a9-870b-4c8d295ba676 ] Request (ServersTestManualDisk:setUpClass): 200 GET http://10.180.1.21/compute/v2.1/servers/59ed629c-1516-4e93-95dd-482d8acc71af 0.053s
2024-08-28 09:10:44.854 62237 INFO tempest.common.waiters [-] State transition "BUILD/None" ==> "BUILD/networking" after 53 second wait
2024-08-28 09:10:44.923 62203 INFO tempest.lib.common.rest_client [req-4e572d66-38ea-4f88-9507-16a8ae8fc7f7 req-4e572d66-38ea-4f88-9507-16a8ae8fc7f7 ] Request (ServerActionsV293TestJSON:setUpClass): 200 GET http://10.180.1.21/compute/v2.1/servers/ff9c99c7-43b2-479e-a171-269edf1aa75d 0.054s
2024-08-28 09:10:44.925 62253 WARNING tempest.lib.common.ssh [-] Failed to establish authenticated ssh connection to cirros@10.180.180.227 ([Errno None] Unable to connect to port 22 on 10.180.180.227). Number attempts: 6. Retry after 7 seconds.: paramiko.ssh_exception.NoValidConnectionsError: [Errno None] Unable to connect to port 22 on 10.180.180.227
2024-08-28 09:10:44.959 62259 INFO tempest.lib.common.rest_client [req-f3feb383-ed40-4463-9fc2-1f15478281be req-f3feb383-ed40-4463-9fc2-1f15478281be ] Request (DeleteServersTestJSON:test_delete_server_while_in_attached_volume): 200 GET http://10.180.1.21/compute/v2.1/servers/383cc933-2136-421f-85cc-e12f1743bd67 0.051s
2024-08-28 09:10:45.031 62199 INFO tempest.lib.common.rest_client [req-11e71af9-3cef-425c-a208-de02175e4313 req-11e71af9-3cef-425c-a208-de02175e4313 ] Request (ServerPasswordTestJSON:tearDownClass): 200 GET http://10.180.1.21/compute/v2.1/servers/1e7e2f23-4fc9-45a3-9f60-8222fa73cc52 0.059s
2024-08-28 09:10:45.079 62245 INFO tempest.lib.common.rest_client [req-664c42e6-e8fe-4db3-9e4b-22d7525f07bf req-664c42e6-e8fe-4db3-9e4b-22d7525f07bf ] Request (ServerTagsTestJSON:setUpClass): 200 GET http://10.180.1.21/compute/v2.1/servers/8ffa8a2e-f035-483a-86a1-349588495b66 0.055s
2024-08-28 09:10:45.181 62235 INFO tempest.lib.common.rest_client [req-ef20eed6-106c-4beb-bb52-a89160db5c7b req-ef20eed6-106c-4beb-bb52-a89160db5c7b ] Request (AttachInterfacesV270Test:test_create_get_list_interfaces): 200 GET http://10.180.1.21/compute/v2.1/servers/e0348208-2098-4071-97a4-29407a95cd3a 0.128s
2024-08-28 09:10:45.192 62255 INFO tempest.lib.common.rest_client [req-a315e2af-64b5-422e-91c1-db99686ab379 req-a315e2af-64b5-422e-91c1-db99686ab379 ] Request (DeleteServersAdminTestJSON:test_delete_server_while_in_error_state): 200 GET http://10.180.1.21/compute/v2.1/servers/fc3b6192-3a1d-40cd-87ef-6bdba8b8292d 0.083s
2024-08-28 09:10:45.257 62207 INFO tempest.lib.common.rest_client [req-85f08ca2-f34f-4cb4-9e65-8a4acfe648aa req-85f08ca2-f34f-4cb4-9e65-8a4acfe648aa ] Request (ServersAdmin275Test:test_rebuild_update_server_275): 200 GET http://10.180.1.21/compute/v2.1/servers/43ff8e5b-054c-452a-92c0-21a2a39ea2a2 0.060s
2024-08-28 09:10:45.315 62209 INFO tempest.lib.common.rest_client [req-d78085dd-3ef8-4898-b31e-36a81334845c req-d78085dd-3ef8-4898-b31e-36a81334845c ] Request (ListServersNegativeTestJSON:tearDownClass): 200 GET http://10.180.1.21/compute/v2.1/servers/7c9c967b-a4f8-4eeb-a637-c2cdb967508b 0.063s
2024-08-28 09:10:45.426 62205 WARNING tempest.lib.common.ssh [-] Failed to establish authenticated ssh connection to cirros@10.180.180.214 ([Errno None] Unable to connect to port 22 on 10.180.180.214). Number attempts: 9. Retry after 10 seconds.: paramiko.ssh_exception.NoValidConnectionsError: [Errno None] Unable to connect to port 22 on 10.180.180.214
2024-08-28 09:10:45.495 62197 INFO tempest.lib.common.rest_client [req-dbefa8a1-e9cd-47bc-91fa-748b64106efa req-dbefa8a1-e9cd-47bc-91fa-748b64106efa ] Request (FloatingIPsAssociationTestJSON:tearDownClass): 200 GET http://10.180.1.21/compute/v2.1/servers/ea093293-99fb-4412-ac10-68d63bfc0229 0.066s
2024-08-28 09:10:45.527 62247 INFO tempest.lib.common.rest_client [req-8ff1b33d-fc6f-46f0-b609-87725b30ebae req-8ff1b33d-fc6f-46f0-b609-87725b30ebae ] Request (ListServerFiltersTestJSON:setUpClass): 200 GET http://10.180.1.21/compute/v2.1/servers/315c4d67-8e15-47d8-8943-8d10fc746815 0.058s
2024-08-28 09:10:45.573 62221 INFO tempest.lib.common.rest_client [req-019d748a-25b6-4942-b6d7-2019dff62bc1 req-019d748a-25b6-4942-b6d7-2019dff62bc1 ] Request (ServerRescueTestJSON:setUpClass): 200 GET http://10.180.1.21/compute/v2.1/servers/e94b6c33-7bfb-4aae-b619-c7da2201cb92 0.057s
2024-08-28 09:10:45.611 62229 INFO tempest.lib.common.rest_client [req-8345d6d5-0fbb-4318-bfe3-fd43734c6a66 req-8345d6d5-0fbb-4318-bfe3-fd43734c6a66 ] Request (ServerRescueNegativeTestJSON:setUpClass): 200 GET http://10.180.1.21/compute/v2.1/servers/848b35ff-62f5-4e83-a5de-aab6fbbdd00a 0.048s
2024-08-28 09:10:45.664 62233 INFO tempest.lib.common.rest_client [req-09919834-539e-4149-ae7e-86ca1141844a req-09919834-539e-4149-ae7e-86ca1141844a ] Request (ServersNegativeTestMultiTenantJSON:tearDownClass): 200 GET http://10.180.1.21/compute/v2.1/servers/7bb2c3a0-82ae-401e-991e-d3c0b0ab2ec5 0.056s
2024-08-28 09:10:45.673 62233 INFO tempest.common.waiters [-] State transition "ACTIVE/deleting" ==> "DELETED/None" after 3 second wait
2024-08-28 09:10:45.703 62251 INFO tempest.lib.common.rest_client [req-1800082d-5207-4271-b11b-a1ca40fc01eb req-1800082d-5207-4271-b11b-a1ca40fc01eb ] Request (ImagesTestJSON:test_create_image_from_stopped_server): 200 GET http://10.180.1.21/compute/v2.1/images/e5f8c9ab-1229-4e6a-b252-58db28b36cec 0.063s
2024-08-28 09:10:45.753 62225 INFO tempest.lib.common.rest_client [req-96cbb6b3-33ff-49a7-9c0b-7f89ad1586a9 req-96cbb6b3-33ff-49a7-9c0b-7f89ad1586a9 ] Request (ServersAdminTestJSON:test_create_server_with_scheduling_hint): 200 GET http://10.180.1.21/compute/v2.1/servers/d7de483c-5ab7-47e9-995c-c02d5f07f165 0.096s
2024-08-28 09:10:45.779 62201 INFO tempest.lib.common.rest_client [req-04903398-1766-4dc0-bfea-d290d044aa3b req-04903398-1766-4dc0-bfea-d290d044aa3b ] Request (MigrationsAdminTest:test_list_migrations_in_flavor_resize_situation): 200 GET http://10.180.1.21/compute/v2.1/servers/9d79bbb7-73e3-4af6-8595-b8d3ebd4378c 0.172s
2024-08-28 09:10:45.812 62215 INFO tempest.lib.common.rest_client [req-60e0a00e-0713-4aa0-94e5-85efa7b1c9df req-60e0a00e-0713-4aa0-94e5-85efa7b1c9df ] Request (InstanceActionsNegativeTestJSON:tearDownClass): 200 GET http://10.180.1.21/compute/v2.1/servers/451a923d-3c88-4b5d-be2c-dfcc248f9e81 0.114s
2024-08-28 09:10:45.853 62239 INFO tempest.lib.common.rest_client [req-0f857ee2-0259-4079-8116-b3d129e4e972 req-0f857ee2-0259-4079-8116-b3d129e4e972 ] Request (ImagesOneServerNegativeTestJSON:setUpClass): 200 GET http://10.180.1.21/compute/v2.1/servers/51fff2cd-efe8-48c6-8fc7-12ca2d0a6c88 0.126s
2024-08-28 09:10:45.875 62241 WARNING tempest.lib.common.ssh [-] Failed to establish authenticated ssh connection to cirros@10.180.180.185 ([Errno None] Unable to connect to port 22 on 10.180.180.185). Number attempts: 3. Retry after 4 seconds.: paramiko.ssh_exception.NoValidConnectionsError: [Errno None] Unable to connect to port 22 on 10.180.180.185
2024-08-28 09:10:45.878 62211 INFO tempest.lib.common.rest_client [req-08170611-ed82-42bb-bba3-f08c49588046 req-08170611-ed82-42bb-bba3-f08c49588046 ] Request (TenantUsagesTestJSON:setUpClass): 200 GET http://10.180.1.21/compute/v2.1/servers/dec63d6c-0b9e-474b-a09a-9420d9d8d366 0.097s
2024-08-28 09:10:45.998 62203 INFO tempest.lib.common.rest_client [req-e9e3c1e5-e676-465c-b1e8-58f36e53b0b0 req-e9e3c1e5-e676-465c-b1e8-58f36e53b0b0 ] Request (ServerActionsV293TestJSON:setUpClass): 200 GET http://10.180.1.21/compute/v2.1/servers/ff9c99c7-43b2-479e-a171-269edf1aa75d 0.062s
2024-08-28 09:10:46.052 62259 INFO tempest.lib.common.rest_client [req-cce86a65-4432-4629-88b8-0c3d6ee981bc req-cce86a65-4432-4629-88b8-0c3d6ee981bc ] Request (DeleteServersTestJSON:test_delete_server_while_in_attached_volume): 200 GET http://10.180.1.21/compute/v2.1/servers/383cc933-2136-421f-85cc-e12f1743bd67 0.086s
2024-08-28 09:10:46.081 62237 INFO tempest.lib.common.rest_client [req-63542d65-d449-4fd4-b3a7-ac6738075ba2 req-63542d65-d449-4fd4-b3a7-ac6738075ba2 ] Request (ServersTestManualDisk:setUpClass): 200 GET http://10.180.1.21/compute/v2.1/servers/59ed629c-1516-4e93-95dd-482d8acc71af 0.226s
2024-08-28 09:10:46.088 62237 INFO tempest.common.waiters [-] State transition "BUILD/networking" ==> "BUILD/block_device_mapping" after 55 second wait
2024-08-28 09:10:46.130 62257 WARNING tempest.lib.common.ssh [-] Failed to establish authenticated ssh connection to cirros@10.180.180.241 ([Errno None] Unable to connect to port 22 on 10.180.180.241). Number attempts: 2. Retry after 3 seconds.: paramiko.ssh_exception.NoValidConnectionsError: [Errno None] Unable to connect to port 22 on 10.180.180.241
2024-08-28 09:10:46.132 62199 INFO tempest.lib.common.rest_client [req-5a96971a-df6b-4aba-a00d-70dfdfa4dbbe req-5a96971a-df6b-4aba-a00d-70dfdfa4dbbe ] Request (ServerPasswordTestJSON:tearDownClass): 200 GET http://10.180.1.21/compute/v2.1/servers/1e7e2f23-4fc9-45a3-9f60-8222fa73cc52 0.094s
2024-08-28 09:10:46.148 62245 INFO tempest.lib.common.rest_client [req-1e9fcc6c-bd50-4723-a3dc-95a26408cb2c req-1e9fcc6c-bd50-4723-a3dc-95a26408cb2c ] Request (ServerTagsTestJSON:setUpClass): 200 GET http://10.180.1.21/compute/v2.1/servers/8ffa8a2e-f035-483a-86a1-349588495b66 0.060s
2024-08-28 09:10:46.220 62244 WARNING tempest.lib.common.ssh [-] Failed to establish authenticated ssh connection to cirros@10.180.180.194 ([Errno None] Unable to connect to port 22 on 10.180.180.194). Number attempts: 7. Retry after 8 seconds.: paramiko.ssh_exception.NoValidConnectionsError: [Errno None] Unable to connect to port 22 on 10.180.180.194
2024-08-28 09:10:46.263 62255 INFO tempest.lib.common.rest_client [req-1902a118-52dd-4f0f-b5d8-62b7611e0147 req-1902a118-52dd-4f0f-b5d8-62b7611e0147 ] Request (DeleteServersAdminTestJSON:test_delete_server_while_in_error_state): 200 GET http://10.180.1.21/compute/v2.1/servers/fc3b6192-3a1d-40cd-87ef-6bdba8b8292d 0.064s
2024-08-28 09:10:46.330 62207 INFO tempest.lib.common.rest_client [req-fd0b4c0d-68cb-471a-9a40-75c0552f3a68 req-fd0b4c0d-68cb-471a-9a40-75c0552f3a68 ] Request (ServersAdmin275Test:test_rebuild_update_server_275): 200 GET http://10.180.1.21/compute/v2.1/servers/43ff8e5b-054c-452a-92c0-21a2a39ea2a2 0.058s
2024-08-28 09:10:46.370 62235 INFO tempest.lib.common.rest_client [req-cda0b8ef-aa14-40f5-b6d9-ad1579c5b5fb req-cda0b8ef-aa14-40f5-b6d9-ad1579c5b5fb ] Request (AttachInterfacesV270Test:test_create_get_list_interfaces): 200 GET http://10.180.1.21/compute/v2.1/servers/e0348208-2098-4071-97a4-29407a95cd3a 0.180s
2024-08-28 09:10:46.389 62209 INFO tempest.lib.common.rest_client [req-7a3866e7-ed56-4291-b9ad-51003da47274 req-7a3866e7-ed56-4291-b9ad-51003da47274 ] Request (ListServersNegativeTestJSON:tearDownClass): 200 GET http://10.180.1.21/compute/v2.1/servers/7c9c967b-a4f8-4eeb-a637-c2cdb967508b 0.067s
2024-08-28 09:10:46.565 62197 INFO tempest.lib.common.rest_client [req-f4495234-0ba6-4c8d-8109-43f88dc51144 req-f4495234-0ba6-4c8d-8109-43f88dc51144 ] Request (FloatingIPsAssociationTestJSON:tearDownClass): 200 GET http://10.180.1.21/compute/v2.1/servers/ea093293-99fb-4412-ac10-68d63bfc0229 0.063s
2024-08-28 09:10:46.581 62247 INFO tempest.lib.common.rest_client [req-95217105-44e9-4c79-9c25-8aff8d7dfff8 req-95217105-44e9-4c79-9c25-8aff8d7dfff8 ] Request (ListServerFiltersTestJSON:setUpClass): 200 GET http://10.180.1.21/compute/v2.1/servers/315c4d67-8e15-47d8-8943-8d10fc746815 0.047s
2024-08-28 09:10:46.633 62221 INFO tempest.lib.common.rest_client [req-a7b3a5ea-4e92-4c99-920e-bed05b71703e req-a7b3a5ea-4e92-4c99-920e-bed05b71703e ] Request (ServerRescueTestJSON:setUpClass): 200 GET http://10.180.1.21/compute/v2.1/servers/e94b6c33-7bfb-4aae-b619-c7da2201cb92 0.052s
2024-08-28 09:10:46.666 62229 INFO tempest.lib.common.rest_client [req-62a79715-03e7-465e-952d-1bc1b2b82a6a req-62a79715-03e7-465e-952d-1bc1b2b82a6a ] Request (ServerRescueNegativeTestJSON:setUpClass): 200 GET http://10.180.1.21/compute/v2.1/servers/848b35ff-62f5-4e83-a5de-aab6fbbdd00a 0.049s
2024-08-28 09:10:46.732 62233 INFO tempest.lib.common.rest_client [req-3551a9bb-2bff-4a20-bba5-9fe99f49316c req-3551a9bb-2bff-4a20-bba5-9fe99f49316c ] Request (ServersNegativeTestMultiTenantJSON:tearDownClass): 200 GET http://10.180.1.21/compute/v2.1/servers/7bb2c3a0-82ae-401e-991e-d3c0b0ab2ec5 0.057s
2024-08-28 09:10:46.745 62251 INFO tempest.lib.common.rest_client [req-c8d194d1-a5df-4884-968a-1f571983da3b req-c8d194d1-a5df-4884-968a-1f571983da3b ] Request (ImagesTestJSON:test_create_image_from_stopped_server): 200 GET http://10.180.1.21/compute/v2.1/images/e5f8c9ab-1229-4e6a-b252-58db28b36cec 0.037s
2024-08-28 09:10:46.813 62225 INFO tempest.lib.common.rest_client [req-6d11c0e6-f7ff-43d0-b1c4-7c58a2430f9c req-6d11c0e6-f7ff-43d0-b1c4-7c58a2430f9c ] Request (ServersAdminTestJSON:test_create_server_with_scheduling_hint): 200 GET http://10.180.1.21/compute/v2.1/servers/d7de483c-5ab7-47e9-995c-c02d5f07f165 0.053s
2024-08-28 09:10:46.872 62215 INFO tempest.lib.common.rest_client [req-957af252-58bf-44c7-b6eb-d626ab9439c7 req-957af252-58bf-44c7-b6eb-d626ab9439c7 ] Request (InstanceActionsNegativeTestJSON:tearDownClass): 200 GET http://10.180.1.21/compute/v2.1/servers/451a923d-3c88-4b5d-be2c-dfcc248f9e81 0.053s
2024-08-28 09:10:46.893 62201 INFO tempest.lib.common.rest_client [req-4c83a086-bf08-4231-a89e-56f4cea288e1 req-4c83a086-bf08-4231-a89e-56f4cea288e1 ] Request (MigrationsAdminTest:test_list_migrations_in_flavor_resize_situation): 200 GET http://10.180.1.21/compute/v2.1/servers/9d79bbb7-73e3-4af6-8595-b8d3ebd4378c 0.106s
2024-08-28 09:10:46.915 62239 INFO tempest.lib.common.rest_client [req-df5679d3-b205-4c1c-a8c9-be8a8128b377 req-df5679d3-b205-4c1c-a8c9-be8a8128b377 ] Request (ImagesOneServerNegativeTestJSON:setUpClass): 200 GET http://10.180.1.21/compute/v2.1/servers/51fff2cd-efe8-48c6-8fc7-12ca2d0a6c88 0.053s
2024-08-28 09:10:46.940 62211 INFO tempest.lib.common.rest_client [req-d4f24766-83f5-4be6-8b2c-576bf79993c3 req-d4f24766-83f5-4be6-8b2c-576bf79993c3 ] Request (TenantUsagesTestJSON:setUpClass): 200 GET http://10.180.1.21/compute/v2.1/servers/dec63d6c-0b9e-474b-a09a-9420d9d8d366 0.054s
2024-08-28 09:10:46.959 62249 WARNING tempest.lib.common.ssh [-] Failed to establish authenticated ssh connection to cirros@10.180.180.141 ([Errno None] Unable to connect to port 22 on 10.180.180.141). Number attempts: 10. Retry after 11 seconds.: paramiko.ssh_exception.NoValidConnectionsError: [Errno None] Unable to connect to port 22 on 10.180.180.141
2024-08-28 09:10:47.061 62203 INFO tempest.lib.common.rest_client [req-8875e14c-9a96-4d8a-aaf1-68de95a9d6fa req-8875e14c-9a96-4d8a-aaf1-68de95a9d6fa ] Request (ServerActionsV293TestJSON:setUpClass): 200 GET http://10.180.1.21/compute/v2.1/servers/ff9c99c7-43b2-479e-a171-269edf1aa75d 0.054s
2024-08-28 09:10:47.127 62259 INFO tempest.lib.common.rest_client [req-9b899778-ad50-48a3-bcb5-bec77ad78bdb req-9b899778-ad50-48a3-bcb5-bec77ad78bdb ] Request (DeleteServersTestJSON:test_delete_server_while_in_attached_volume): 200 GET http://10.180.1.21/compute/v2.1/servers/383cc933-2136-421f-85cc-e12f1743bd67 0.063s
2024-08-28 09:10:47.213 62199 INFO tempest.lib.common.rest_client [req-f50fff04-2078-4c3f-9262-d8cad33efc5d req-f50fff04-2078-4c3f-9262-d8cad33efc5d ] Request (ServerPasswordTestJSON:tearDownClass): 200 GET http://10.180.1.21/compute/v2.1/servers/1e7e2f23-4fc9-45a3-9f60-8222fa73cc52 0.071s
2024-08-28 09:10:47.227 62237 INFO tempest.lib.common.rest_client [req-cb628cd8-6038-4b3a-8ab4-d1925af65b3c req-cb628cd8-6038-4b3a-8ab4-d1925af65b3c ] Request (ServersTestManualDisk:setUpClass): 200 GET http://10.180.1.21/compute/v2.1/servers/59ed629c-1516-4e93-95dd-482d8acc71af 0.137s
2024-08-28 09:10:47.233 62237 INFO tempest.common.waiters [-] State transition "BUILD/block_device_mapping" ==> "BUILD/spawning" after 56 second wait
2024-08-28 09:10:47.271 62245 INFO tempest.lib.common.rest_client [req-cf113415-0204-4607-864b-8b504cd90c22 req-cf113415-0204-4607-864b-8b504cd90c22 ] Request (ServerTagsTestJSON:setUpClass): 200 GET http://10.180.1.21/compute/v2.1/servers/8ffa8a2e-f035-483a-86a1-349588495b66 0.113s
