2024-08-28 09:09:06.639 62229 INFO tempest.lib.common.rest_client [req-76c260a6-d1fe-44e8-90b0-998c555b8154 req-76c260a6-d1fe-44e8-90b0-998c555b8154 ] Request (HostsAdminNegativeTestJSON:tearDownClass): 204 DELETE http://10.180.1.21/identity/v3/users/ba1b11b1eeec42b59249631af0b656d5 0.123s
2024-08-28 09:09:06.695 62235 INFO tempest.lib.common.rest_client [req-0915864e-c5dc-4e18-acfe-20d24e90750c req-0915864e-c5dc-4e18-acfe-20d24e90750c ] Request (SecurityGroupsTestAdminJSON:setUpClass): 204 PUT http://10.180.1.21/identity/v3/projects/c5a114c63839445e916e7336b9df2fe2/users/c535d2d9b46d4a6a9acb1afe53710041/roles/e7d49dd2baab4edda9428dabfe0ae09e 0.142s
2024-08-28 09:09:06.695 62235 INFO tempest.lib.common.dynamic_creds [-] Dynamic test user c535d2d9b46d4a6a9acb1afe53710041 is created with scope project and roles: ['admin']
2024-08-28 09:09:06.695 62235 INFO tempest.lib.common.dynamic_creds [-] Acquired dynamic creds: credentials: Credentials: {'domain_id': 'default', 'domain_name': 'Default', 'username': 'tempest-SecurityGroupsTestAdminJSON-322973716-project-admin', 'project_domain_id': 'default', 'project_domain_name': 'Default', 'project_id': 'c5a114c63839445e916e7336b9df2fe2', 'project_name': 'tempest-SecurityGroupsTestAdminJSON-322973716', 'tenant_id': 'c5a114c63839445e916e7336b9df2fe2', 'tenant_name': 'tempest-SecurityGroupsTestAdminJSON-322973716', 'user_domain_id': 'default', 'user_domain_name': 'Default', 'user_id': 'c535d2d9b46d4a6a9acb1afe53710041', 'system': None}, Network: None, Subnet: None, Router: None
2024-08-28 09:09:06.696 62235 INFO tempest.lib.common.dynamic_creds [-] Created isolated network resources for: credentials: Credentials: {'domain_id': 'default', 'domain_name': 'Default', 'username': 'tempest-SecurityGroupsTestAdminJSON-322973716-project-admin', 'project_domain_id': 'default', 'project_domain_name': 'Default', 'project_id': 'c5a114c63839445e916e7336b9df2fe2', 'project_name': 'tempest-SecurityGroupsTestAdminJSON-322973716', 'tenant_id': 'c5a114c63839445e916e7336b9df2fe2', 'tenant_name': 'tempest-SecurityGroupsTestAdminJSON-322973716', 'user_domain_id': 'default', 'user_domain_name': 'Default', 'user_id': 'c535d2d9b46d4a6a9acb1afe53710041', 'system': None}, Network: None, Subnet: None, Router: None
2024-08-28 09:09:06.698 62244 INFO tempest.lib.common.rest_client [req-f7e8c132-ccf9-48b8-aa62-a74282c0c990 req-f7e8c132-ccf9-48b8-aa62-a74282c0c990 ] Request (ValidationResourcesFixture:setUp): 201 POST http://10.180.1.21:9696/networking/v2.0/floatingips 0.970s
2024-08-28 09:09:06.743 62229 INFO tempest.lib.common.rest_client [req-3d39d777-fbf5-4a9a-bb1c-ad5ea1fba83f req-3d39d777-fbf5-4a9a-bb1c-ad5ea1fba83f ] Request (HostsAdminNegativeTestJSON:tearDownClass): 204 DELETE http://10.180.1.21/identity/v3/users/daee5baf10a04ffe8d85c10edf0d8cdc 0.104s
2024-08-28 09:09:06.743 62229 INFO tempest.lib.common.dynamic_creds [-] Deleting project and security group for project: 691529af71ba411dab10e74dcde7364e
2024-08-28 09:09:06.756 62209 INFO tempest.lib.common.rest_client [req-e0bab9a4-e4a2-4761-930f-2b967cc0d312 req-e0bab9a4-e4a2-4761-930f-2b967cc0d312 ] Request (ListServersNegativeTestJSON:setUpClass): 200 GET http://10.180.1.21/compute/v2.1/servers/7c9c967b-a4f8-4eeb-a637-c2cdb967508b 1.624s
2024-08-28 09:09:06.784 62203 INFO tempest.lib.common.rest_client [req-26402896-9827-4031-bf33-2971feb45746 req-26402896-9827-4031-bf33-2971feb45746 ] Request (FlavorsAccessNegativeTestJSON:test_flavor_non_admin_remove): 200 POST http://10.180.1.21/compute/v2.1/flavors 1.616s
2024-08-28 09:09:06.793 62235 INFO tempest.lib.common.rest_client [req-6d927aaa-f4a7-45c4-8ece-f3449176a80d req-6d927aaa-f4a7-45c4-8ece-f3449176a80d ] Request (SecurityGroupsTestAdminJSON:setUpClass): 201 POST http://10.180.1.21/identity/v3/auth/tokens 0.095s
2024-08-28 09:09:06.828 62244 INFO tempest.lib.common.rest_client [req-24605b38-6287-41b5-92ef-5b27f6be65e3 req-24605b38-6287-41b5-92ef-5b27f6be65e3 ] Request (AttachInterfacesTestJSON:test_create_list_show_delete_interfaces_by_fixed_ip): 201 POST http://10.180.1.21/identity/v3/auth/tokens 0.126s
2024-08-28 09:09:06.829 62244 INFO tempest.lib.common.fixed_network [-] (AttachInterfacesTestJSON:test_create_list_show_delete_interfaces_by_fixed_ip) Found network {'id': '85fe4994-4777-4536-b8f8-d435a0de99d6', 'name': 'tempest-AttachInterfacesTestJSON-908641274-network', 'tenant_id': 'c79deffd23674a5f89784dc83e6ae866', 'admin_state_up': True, 'mtu': 8950, 'status': 'ACTIVE', 'subnets': [], 'shared': False, 'project_id': 'c79deffd23674a5f89784dc83e6ae866', 'port_security_enabled': True, 'router:external': False, 'provider:network_type': 'vlan', 'provider:physical_network': 'default', 'provider:segmentation_id': 285, 'is_default': False, 'availability_zone_hints': [], 'availability_zones': [], 'ipv4_address_scope': None, 'ipv6_address_scope': None, 'description': '', 'tags': [], 'created_at': '2024-08-28T09:08:57Z', 'updated_at': '2024-08-28T09:08:57Z', 'revision_number': 1} available for tenant
2024-08-28 09:09:06.863 62229 INFO tempest.lib.common.rest_client [req-6b5bac91-1730-47f6-b817-1964528bd8db req-6b5bac91-1730-47f6-b817-1964528bd8db ] Request (HostsAdminNegativeTestJSON:tearDownClass): 201 POST http://10.180.1.21/identity/v3/auth/tokens 0.119s
2024-08-28 09:09:06.896 62245 INFO tempest.lib.common.rest_client [req-ae503342-f82c-40b2-aa71-908d828f37a8 req-ae503342-f82c-40b2-aa71-908d828f37a8 ] Request (ServerExternalEventsTest:test_create_server_external_events): 200 GET http://10.180.1.21/compute/v2.1/servers/2567109b-5916-478e-a169-da093e2f68a7 1.687s
2024-08-28 09:09:06.905 62245 INFO tempest.common.waiters [-] State transition "BUILD/scheduling" ==> "BUILD/None" after 2 second wait
2024-08-28 09:09:06.913 62221 INFO tempest.lib.common.rest_client [req-bfa00d00-e2b5-44ac-9331-167a1d788eae req-bfa00d00-e2b5-44ac-9331-167a1d788eae ] Request (FlavorsAdminTestJSON:_run_cleanups): 200 GET http://10.180.1.21/compute/v2.1/flavors/detail 1.702s
2024-08-28 09:09:06.922 62253 INFO tempest.lib.common.rest_client [req-5fd3e1bd-801f-4600-b85a-7e03042209c3 req-5fd3e1bd-801f-4600-b85a-7e03042209c3 ] Request (QuotasAdminNegativeTest:tearDownClass): 200 GET http://10.180.1.21:9696/networking/v2.0/security-groups?tenant_id=9a01da11bebc4e6392125646f9be60fc&name=default 0.308s
2024-08-28 09:09:06.985 62225 INFO tempest.lib.common.rest_client [req-3cf92af2-7982-410f-b617-f5120e65f923 req-3cf92af2-7982-410f-b617-f5120e65f923 ] Request (ServersAdminTestJSON:setUpClass): 202 POST http://10.180.1.21/compute/v2.1/servers 1.825s
2024-08-28 09:09:07.081 62259 INFO tempest.lib.common.rest_client [req-36ff78fb-8d32-4673-9304-859b0a2f9031 req-36ff78fb-8d32-4673-9304-859b0a2f9031 ] Request (DeleteServersTestJSON:test_delete_active_server): 200 GET http://10.180.1.21/compute/v2.1/servers/46cef7c4-93a2-4751-bddb-39b874016f63 1.808s
2024-08-28 09:09:07.104 62199 INFO tempest.lib.common.rest_client [req-4a22f195-7d26-4d78-a1b1-888bf3f273fe req-4a22f195-7d26-4d78-a1b1-888bf3f273fe ] Request (QuotasAdminTestV236:test_get_updated_quotas): 200 GET http://10.180.1.21/compute/v2.1/os-quota-sets/dd9a646fef274cbb89331939c15c42ef/detail 1.858s
2024-08-28 09:09:07.135 62199 INFO tempest.lib.common.rest_client [req-bba1c00b-5ba5-4ff9-a80f-0bafda209ef5 req-bba1c00b-5ba5-4ff9-a80f-0bafda209ef5 ] Request (QuotasAdminTestV236:test_get_updated_quotas): 200 GET http://10.180.1.21/identity/v3/domains?name=Default 0.027s
2024-08-28 09:09:07.166 62251 INFO tempest.lib.common.rest_client [req-e9dbf531-3ccf-4e31-86c8-fadfef59a4d3 req-e9dbf531-3ccf-4e31-86c8-fadfef59a4d3 ] Request (HypervisorAdminNegativeUnderV252Test:test_search_hypervisor_with_non_admin_user): 403 GET http://10.180.1.21/compute/v2.1/os-hypervisors/domain-c8.fc996f14-c53b-4953-92e3-bdfa48f5cc28/search 1.810s
2024-08-28 09:09:07.167 62199 INFO tempest.lib.common.rest_client [req-b2079c93-58df-44db-afea-b68595ead4c5 req-b2079c93-58df-44db-afea-b68595ead4c5 ] Request (QuotasAdminTestV236:test_get_updated_quotas): 201 POST http://10.180.1.21/identity/v3/users 0.032s
2024-08-28 09:09:07.175 62223 INFO tempest.lib.common.rest_client [req-e203a882-d44f-4991-a814-359f103bb322 req-e203a882-d44f-4991-a814-359f103bb322 ] Request (ServersWithSpecificFlavorTestJSON:test_verify_created_server_ephemeral_disk): 200 GET http://10.180.1.21/compute/v2.1/servers/e9bb2909-0eaa-4bfb-93a3-0b35c493422e 1.511s
2024-08-28 09:09:07.186 62223 INFO tempest.common.waiters [-] State transition "BUILD/scheduling" ==> "BUILD/None" after 3 second wait
2024-08-28 09:09:07.191 62199 INFO tempest.lib.common.rest_client [req-585ee30f-2aab-44c8-9f5f-e51a288f0bc7 req-585ee30f-2aab-44c8-9f5f-e51a288f0bc7 ] Request (QuotasAdminTestV236:test_get_updated_quotas): 200 GET http://10.180.1.21/identity/v3/domains?name=Default 0.023s
2024-08-28 09:09:07.198 62253 INFO tempest.lib.common.rest_client [req-224e8020-c9e4-4610-b707-b81e311f957c req-224e8020-c9e4-4610-b707-b81e311f957c ] Request (QuotasAdminNegativeTest:tearDownClass): 204 DELETE http://10.180.1.21:9696/networking/v2.0/security-groups/79835948-c434-4914-b4ab-32307f8b94a9 0.275s
2024-08-28 09:09:07.210 62229 INFO tempest.lib.common.rest_client [req-51044ece-61f2-4ff1-90b5-50d9ff44de29 req-51044ece-61f2-4ff1-90b5-50d9ff44de29 ] Request (HostsAdminNegativeTestJSON:tearDownClass): 200 GET http://10.180.1.21:9696/networking/v2.0/security-groups?tenant_id=691529af71ba411dab10e74dcde7364e&name=default 0.347s
2024-08-28 09:09:07.211 62213 INFO tempest.lib.common.rest_client [req-f9233cd7-be81-4076-bbe6-ead6f1556d81 req-f9233cd7-be81-4076-bbe6-ead6f1556d81 ] Request (KeyPairsV22TestJSON:test_keypair_create_delete): 201 POST http://10.180.1.21/compute/v2.1/os-keypairs 1.504s
2024-08-28 09:09:07.253 62231 INFO tempest.lib.common.rest_client [req-03c0a5a3-f9bb-49c8-97b9-67ac675111e3 req-03c0a5a3-f9bb-49c8-97b9-67ac675111e3 ] Request (ServerMetadataTestJSON:test_delete_server_metadata_item): 204 DELETE http://10.180.1.21/compute/v2.1/servers/061597d3-af80-4eb7-8225-63fcdc3a1ab1/metadata/key1 1.387s
2024-08-28 09:09:07.287 62253 INFO tempest.lib.common.rest_client [req-e660a42d-5018-4e5a-95a0-d80b88d33f1e req-e660a42d-5018-4e5a-95a0-d80b88d33f1e ] Request (QuotasAdminNegativeTest:tearDownClass): 204 DELETE http://10.180.1.21/identity/v3/projects/9a01da11bebc4e6392125646f9be60fc 0.087s
2024-08-28 09:09:07.288 62217 INFO tempest.lib.common.rest_client [req-4439f179-a777-42f2-86f9-438877e0da0e req-4439f179-a777-42f2-86f9-438877e0da0e ] Request (KeyPairsV210TestJSON:test_admin_manage_keypairs_for_other_users): 200 GET http://10.180.1.21/compute/v2.1/os-keypairs?user_id=5448e6ccb0e64f4aa91960ffcaea8894 1.384s
2024-08-28 09:09:07.357 62229 INFO tempest.lib.common.rest_client [req-04080882-1753-41de-a22e-14848c44f41e req-04080882-1753-41de-a22e-14848c44f41e ] Request (HostsAdminNegativeTestJSON:tearDownClass): 204 DELETE http://10.180.1.21:9696/networking/v2.0/security-groups/02c5f16d-20b0-4f0e-bca8-797348523fdd 0.147s
2024-08-28 09:09:07.364 62253 INFO tempest.lib.common.rest_client [req-ca755a99-681b-49f4-905b-8440c3dbf69e req-ca755a99-681b-49f4-905b-8440c3dbf69e ] Request (AttachInterfacesUnderV243Test:setUpClass): 201 POST http://10.180.1.21/identity/v3/auth/tokens 0.076s
2024-08-28 09:09:07.400 62253 INFO tempest.lib.common.rest_client [req-133d04bb-4e79-49d6-bfee-dd8f7aa8cea9 req-133d04bb-4e79-49d6-bfee-dd8f7aa8cea9 ] Request (AttachInterfacesUnderV243Test:setUpClass): 201 POST http://10.180.1.21/identity/v3/auth/tokens 0.031s
2024-08-28 09:09:07.410 62219 INFO tempest.lib.common.rest_client [req-cdb27df3-2088-4365-94b6-1cfd83a37b20 req-cdb27df3-2088-4365-94b6-1cfd83a37b20 ] Request (ServersTestJSON:setUpClass): 201 POST http://10.180.1.21:9696/networking/v2.0/routers 1.304s
2024-08-28 09:09:07.427 62257 INFO tempest.lib.common.rest_client [req-b40268e1-43f2-4184-a46f-3f536533c809 req-b40268e1-43f2-4184-a46f-3f536533c809 ] Request (ImagesMetadataTestJSON:test_set_image_metadata_item): 200 PUT http://10.180.1.21/compute/v2.1/images/c82c0da8-df0f-4ccb-85de-55ccb20d96b0/metadata/os_version 1.746s
2024-08-28 09:09:07.442 62229 INFO tempest.lib.common.rest_client [req-330d2918-b207-409b-8847-c6aebe0f6e60 req-330d2918-b207-409b-8847-c6aebe0f6e60 ] Request (HostsAdminNegativeTestJSON:tearDownClass): 204 DELETE http://10.180.1.21/identity/v3/projects/691529af71ba411dab10e74dcde7364e 0.084s
2024-08-28 09:09:07.442 62229 INFO tempest.lib.common.dynamic_creds [-] Deleting project and security group for project: f03d653bce174eb4837043a3a362409c
2024-08-28 09:09:07.448 62241 INFO tempest.lib.common.rest_client [req-da64bf91-69d0-48e8-a2bb-8235dd1c224e req-da64bf91-69d0-48e8-a2bb-8235dd1c224e ] Request (ImagesDeleteNegativeTestJSON:test_delete_image_negative_image_id): 404 DELETE http://10.180.1.21/compute/v2.1/images/-1 1.396s
2024-08-28 09:09:07.451 62253 INFO tempest.lib.common.rest_client [req-a2754b4e-8b15-4282-ac4a-ff8fee7c567a req-a2754b4e-8b15-4282-ac4a-ff8fee7c567a ] Request (AttachInterfacesUnderV243Test:setUpClass): 200 GET http://10.180.1.21/identity/v3/domains?name=Default 0.050s
2024-08-28 09:09:07.472 62215 INFO tempest.lib.common.rest_client [req-54c76d0d-907d-4f5d-acc2-a4739f672ef8 req-54c76d0d-907d-4f5d-acc2-a4739f672ef8 ] Request (ServicesAdminNegativeV253TestJSON:test_get_service_with_valid_service_and_invalid_host): 200 GET http://10.180.1.21/compute/v2.1/os-services 1.391s
2024-08-28 09:09:07.486 62253 INFO tempest.lib.common.rest_client [req-46ef2614-bbd2-445b-9adc-9f74cae2d37d req-46ef2614-bbd2-445b-9adc-9f74cae2d37d ] Request (AttachInterfacesUnderV243Test:setUpClass): 201 POST http://10.180.1.21/identity/v3/projects 0.035s
2024-08-28 09:09:07.553 62253 INFO tempest.lib.common.rest_client [req-156c37fa-3c30-482e-b368-c4d798f50bb8 req-156c37fa-3c30-482e-b368-c4d798f50bb8 ] Request (AttachInterfacesUnderV243Test:setUpClass): 201 POST http://10.180.1.21/identity/v3/users 0.066s
2024-08-28 09:09:07.570 62253 INFO tempest.lib.common.rest_client [req-b9f35d2e-270f-4bce-addd-404160fd27e7 req-b9f35d2e-270f-4bce-addd-404160fd27e7 ] Request (AttachInterfacesUnderV243Test:setUpClass): 200 GET http://10.180.1.21/identity/v3/roles 0.016s
2024-08-28 09:09:07.600 62253 INFO tempest.lib.common.rest_client [req-771e3ccd-2dec-4279-8110-f0d6cb4968ed req-771e3ccd-2dec-4279-8110-f0d6cb4968ed ] Request (AttachInterfacesUnderV243Test:setUpClass): 204 PUT http://10.180.1.21/identity/v3/projects/be6a7be350b242d6ae545eb187ba2dd0/users/e7e482cbd4f74507ace3210913d41aa8/roles/2c7fdb80462342ba9a38258a3fa9cb40 0.030s
2024-08-28 09:09:07.601 62253 INFO tempest.lib.common.dynamic_creds [-] Dynamic test user e7e482cbd4f74507ace3210913d41aa8 is created with scope project and roles: ['member']
2024-08-28 09:09:07.601 62253 INFO tempest.lib.common.dynamic_creds [-] Acquired dynamic creds: credentials: Credentials: {'domain_id': 'default', 'domain_name': 'Default', 'username': 'tempest-AttachInterfacesUnderV243Test-957283185-project-member', 'project_domain_id': 'default', 'project_domain_name': 'Default', 'project_id': 'be6a7be350b242d6ae545eb187ba2dd0', 'project_name': 'tempest-AttachInterfacesUnderV243Test-957283185', 'tenant_id': 'be6a7be350b242d6ae545eb187ba2dd0', 'tenant_name': 'tempest-AttachInterfacesUnderV243Test-957283185', 'user_domain_id': 'default', 'user_domain_name': 'Default', 'user_id': 'e7e482cbd4f74507ace3210913d41aa8', 'system': None}, Network: None, Subnet: None, Router: None
2024-08-28 09:09:07.644 62229 INFO tempest.lib.common.rest_client [req-e862f9bf-9f25-4ec1-b823-9fc6a3ec24bb req-e862f9bf-9f25-4ec1-b823-9fc6a3ec24bb ] Request (HostsAdminNegativeTestJSON:tearDownClass): 200 GET http://10.180.1.21:9696/networking/v2.0/security-groups?tenant_id=f03d653bce174eb4837043a3a362409c&name=default 0.201s
2024-08-28 09:09:07.667 62253 INFO tempest.lib.common.rest_client [req-c432415e-82eb-46de-8ac0-01afff1f5d3a req-c432415e-82eb-46de-8ac0-01afff1f5d3a ] Request (AttachInterfacesUnderV243Test:setUpClass): 201 POST http://10.180.1.21/identity/v3/auth/tokens 0.066s
2024-08-28 09:09:07.672 62197 INFO tempest.lib.common.rest_client [req-bb7d5a85-20b0-4310-a568-6675411a5e9b req-bb7d5a85-20b0-4310-a568-6675411a5e9b ] Request (FloatingIPsAssociationTestJSON:test_associate_already_associated_floating_ip): 202 POST http://10.180.1.21/compute/v2.1/servers 1.624s
2024-08-28 09:09:07.692 62233 INFO tempest.lib.common.rest_client [req-3242d587-a8f9-4a19-a28d-3be480e877dd req-3242d587-a8f9-4a19-a28d-3be480e877dd ] Request (HypervisorAdminTestJSON:test_get_hypervisor_show_details): 200 GET http://10.180.1.21/compute/v2.1/os-hypervisors/1 1.282s
2024-08-28 09:09:07.726 62237 INFO tempest.lib.common.rest_client [req-bb1c5cec-367e-490e-9589-9b5ca9dcda34 req-bb1c5cec-367e-490e-9589-9b5ca9dcda34 ] Request (ServerDiagnosticsNegativeTest:tearDownClass): 200 GET http://10.180.1.21/compute/v2.1/servers/74361d69-2cb1-4cfc-b5e1-ba99804f931a 1.529s
2024-08-28 09:09:07.751 62211 INFO tempest.lib.common.rest_client [req-169adde7-03c6-4ba2-bbe7-f1c5ccd98b70 req-169adde7-03c6-4ba2-bbe7-f1c5ccd98b70 ] Request (AggregatesAdminNegativeTestJSON:_run_cleanups): 200 DELETE http://10.180.1.21/compute/v2.1/os-aggregates/5 1.248s
2024-08-28 09:09:07.771 62201 INFO tempest.lib.common.rest_client [req-7a036296-ad9f-49ad-b061-443c3343aaa3 req-7a036296-ad9f-49ad-b061-443c3343aaa3 ] Request (MigrationsAdminTest:test_list_migrations_in_flavor_resize_situation): 200 GET http://10.180.1.21/compute/v2.1/servers/9d79bbb7-73e3-4af6-8595-b8d3ebd4378c 1.337s
2024-08-28 09:09:07.803 62229 INFO tempest.lib.common.rest_client [req-cf6d2305-6fdf-4f35-a24f-9038eda853a6 req-cf6d2305-6fdf-4f35-a24f-9038eda853a6 ] Request (HostsAdminNegativeTestJSON:tearDownClass): 204 DELETE http://10.180.1.21:9696/networking/v2.0/security-groups/3dde9206-be15-43e3-84a6-2bea0b985994 0.159s
2024-08-28 09:09:07.892 62229 INFO tempest.lib.common.rest_client [req-7f65ce0c-ea60-4e2d-bcc5-a0dced615090 req-7f65ce0c-ea60-4e2d-bcc5-a0dced615090 ] Request (HostsAdminNegativeTestJSON:tearDownClass): 204 DELETE http://10.180.1.21/identity/v3/projects/f03d653bce174eb4837043a3a362409c 0.088s
2024-08-28 09:09:07.941 62203 INFO tempest.lib.common.rest_client [req-270ab511-9d32-4d22-b3f4-1927b2f0b70b req-270ab511-9d32-4d22-b3f4-1927b2f0b70b ] Request (FlavorsAccessNegativeTestJSON:test_flavor_non_admin_remove): 200 POST http://10.180.1.21/compute/v2.1/flavors/1784474968/action 1.154s
2024-08-28 09:09:07.963 62229 INFO tempest.lib.common.rest_client [req-21b4905f-d4bb-475b-b37a-d9b4d098a6a8 req-21b4905f-d4bb-475b-b37a-d9b4d098a6a8 ] Request (ServerDiagnosticsTest:setUpClass): 201 POST http://10.180.1.21/identity/v3/auth/tokens 0.070s
2024-08-28 09:09:08.017 62253 INFO tempest.lib.common.rest_client [req-8e9b7c0b-a421-420b-b6fa-490373684995 req-8e9b7c0b-a421-420b-b6fa-490373684995 ] Request (AttachInterfacesUnderV243Test:setUpClass): 201 POST http://10.180.1.21:9696/networking/v2.0/networks 0.349s
2024-08-28 09:09:08.052 62229 INFO tempest.lib.common.rest_client [req-a52dd78d-9abb-446f-b763-19bd3b4e3acf req-a52dd78d-9abb-446f-b763-19bd3b4e3acf ] Request (ServerDiagnosticsTest:setUpClass): 201 POST http://10.180.1.21/identity/v3/auth/tokens 0.037s
2024-08-28 09:09:08.064 62249 INFO tempest.lib.common.rest_client [req-b9ef9f5d-387f-4c18-a21c-e30e19e67fb8 req-b9ef9f5d-387f-4c18-a21c-e30e19e67fb8 ] Request (VolumesAdminNegativeTest:test_update_attached_volume_with_nonexistent_volume_in_body): 200 GET http://10.180.1.21/compute/v2.1/servers/d0816f49-cd5c-40d4-b49a-8d5b76321153 1.277s
2024-08-28 09:09:08.070 62249 INFO tempest.common.waiters [-] State transition "BUILD/None" ==> "BUILD/spawning" after 18 second wait
2024-08-28 09:09:08.080 62229 INFO tempest.lib.common.rest_client [req-5aa78ed1-44ad-4ef5-8a7f-4118414cbe45 req-5aa78ed1-44ad-4ef5-8a7f-4118414cbe45 ] Request (ServerDiagnosticsTest:setUpClass): 200 GET http://10.180.1.21/identity/v3/domains?name=Default 0.027s
2024-08-28 09:09:08.122 62229 INFO tempest.lib.common.rest_client [req-a3dd92f9-6149-4afc-9fa4-4b803e99d87d req-a3dd92f9-6149-4afc-9fa4-4b803e99d87d ] Request (ServerDiagnosticsTest:setUpClass): 201 POST http://10.180.1.21/identity/v3/projects 0.042s
2024-08-28 09:09:08.226 62229 INFO tempest.lib.common.rest_client [req-a0d91b9d-4671-4c6c-9019-36333986c9c5 req-a0d91b9d-4671-4c6c-9019-36333986c9c5 ] Request (ServerDiagnosticsTest:setUpClass): 201 POST http://10.180.1.21/identity/v3/users 0.104s
2024-08-28 09:09:08.253 62229 INFO tempest.lib.common.rest_client [req-76b74176-3806-4fce-8fd2-d82080f3785f req-76b74176-3806-4fce-8fd2-d82080f3785f ] Request (ServerDiagnosticsTest:setUpClass): 200 GET http://10.180.1.21/identity/v3/roles 0.027s
2024-08-28 09:09:08.287 62229 INFO tempest.lib.common.rest_client [req-4393bf64-fbb2-4a7b-8586-90c93120cc3b req-4393bf64-fbb2-4a7b-8586-90c93120cc3b ] Request (ServerDiagnosticsTest:setUpClass): 204 PUT http://10.180.1.21/identity/v3/projects/538aa8c442fd47c5ad75de04080f17af/users/5e22014c2b0e405f81a1b751a72dc2dc/roles/2c7fdb80462342ba9a38258a3fa9cb40 0.032s
2024-08-28 09:09:08.287 62229 INFO tempest.lib.common.dynamic_creds [-] Dynamic test user 5e22014c2b0e405f81a1b751a72dc2dc is created with scope project and roles: ['member']
2024-08-28 09:09:08.287 62229 INFO tempest.lib.common.dynamic_creds [-] Acquired dynamic creds: credentials: Credentials: {'domain_id': 'default', 'domain_name': 'Default', 'username': 'tempest-ServerDiagnosticsTest-935885706-project-member', 'project_domain_id': 'default', 'project_domain_name': 'Default', 'project_id': '538aa8c442fd47c5ad75de04080f17af', 'project_name': 'tempest-ServerDiagnosticsTest-935885706', 'tenant_id': '538aa8c442fd47c5ad75de04080f17af', 'tenant_name': 'tempest-ServerDiagnosticsTest-935885706', 'user_domain_id': 'default', 'user_domain_name': 'Default', 'user_id': '5e22014c2b0e405f81a1b751a72dc2dc', 'system': None}, Network: None, Subnet: None, Router: None
2024-08-28 09:09:08.288 62229 INFO tempest.lib.common.dynamic_creds [-] Created isolated network resources for: credentials: Credentials: {'domain_id': 'default', 'domain_name': 'Default', 'username': 'tempest-ServerDiagnosticsTest-935885706-project-member', 'project_domain_id': 'default', 'project_domain_name': 'Default', 'project_id': '538aa8c442fd47c5ad75de04080f17af', 'project_name': 'tempest-ServerDiagnosticsTest-935885706', 'tenant_id': '538aa8c442fd47c5ad75de04080f17af', 'tenant_name': 'tempest-ServerDiagnosticsTest-935885706', 'user_domain_id': 'default', 'user_domain_name': 'Default', 'user_id': '5e22014c2b0e405f81a1b751a72dc2dc', 'system': None}, Network: None, Subnet: None, Router: None
2024-08-28 09:09:08.379 62229 INFO tempest.lib.common.rest_client [req-bb8f8b72-bee3-4206-92e1-01c7e8e0f2ed req-bb8f8b72-bee3-4206-92e1-01c7e8e0f2ed ] Request (ServerDiagnosticsTest:setUpClass): 201 POST http://10.180.1.21/identity/v3/auth/tokens 0.089s
2024-08-28 09:09:08.430 62235 INFO tempest.lib.common.rest_client [req-b176d02b-901e-4b2e-86e4-fee0b46ad974 req-b176d02b-901e-4b2e-86e4-fee0b46ad974 ] Request (SecurityGroupsTestAdminJSON:test_list_security_groups_list_all_tenants_filter): 200 POST http://10.180.1.21/compute/v2.1/os-security-groups 1.634s
2024-08-28 09:09:08.458 62221 INFO tempest.lib.common.rest_client [req-18a78677-c2f3-4166-9a43-5387252de0bb req-18a78677-c2f3-4166-9a43-5387252de0bb ] Request (FlavorsAdminTestJSON:test_create_list_flavor_without_extra_data): 200 POST http://10.180.1.21/compute/v2.1/flavors 1.537s
2024-08-28 09:09:08.458 62229 INFO tempest.lib.common.rest_client [req-771a92e0-3669-4afa-af1e-e62767d440d3 req-771a92e0-3669-4afa-af1e-e62767d440d3 ] Request (ServerDiagnosticsTest:setUpClass): 201 POST http://10.180.1.21/identity/v3/projects 0.078s
2024-08-28 09:09:08.460 62253 INFO tempest.lib.common.rest_client [req-23a8b269-ed44-4f58-911d-5a65db2bf986 req-23a8b269-ed44-4f58-911d-5a65db2bf986 ] Request (AttachInterfacesUnderV243Test:setUpClass): 201 POST http://10.180.1.21:9696/networking/v2.0/subnets 0.442s
2024-08-28 09:09:08.533 62225 INFO tempest.lib.common.rest_client [req-88c0436f-db1a-47d1-a791-f7b098007a20 req-88c0436f-db1a-47d1-a791-f7b098007a20 ] Request (ServersAdminTestJSON:setUpClass): 200 GET http://10.180.1.21/compute/v2.1/servers/7ee63cda-4878-4c4c-bc76-c51c798de3fd 1.546s
2024-08-28 09:09:08.539 62229 INFO tempest.lib.common.rest_client [req-9d1bf8ac-6504-4d69-a4a9-06f6bfb6bea0 req-9d1bf8ac-6504-4d69-a4a9-06f6bfb6bea0 ] Request (ServerDiagnosticsTest:setUpClass): 201 POST http://10.180.1.21/identity/v3/users 0.080s
2024-08-28 09:09:08.560 62251 INFO tempest.lib.common.rest_client [req-144868bd-a294-4b50-b283-ba56858bda30 req-144868bd-a294-4b50-b283-ba56858bda30 ] Request (HypervisorAdminNegativeUnderV252Test:test_search_nonexistent_hypervisor): 404 GET http://10.180.1.21/compute/v2.1/os-hypervisors/nonexistent_hypervisor_name/search 1.393s
2024-08-28 09:09:08.567 62229 INFO tempest.lib.common.rest_client [req-91256718-0a76-43ae-9222-f5692522eba1 req-91256718-0a76-43ae-9222-f5692522eba1 ] Request (ServerDiagnosticsTest:setUpClass): 200 GET http://10.180.1.21/identity/v3/roles 0.026s
2024-08-28 09:09:08.612 62229 INFO tempest.lib.common.rest_client [req-45b9d48e-b0e5-4826-91eb-5081d43a3d69 req-45b9d48e-b0e5-4826-91eb-5081d43a3d69 ] Request (ServerDiagnosticsTest:setUpClass): 204 PUT http://10.180.1.21/identity/v3/projects/294829874597459e84c9139681ec2b75/users/c551e378fbd545a28108a766b81aa525/roles/e7d49dd2baab4edda9428dabfe0ae09e 0.045s
2024-08-28 09:09:08.702 62229 INFO tempest.lib.common.rest_client [req-762d70e4-3c2b-4605-b2c0-60dbdf796a65 req-762d70e4-3c2b-4605-b2c0-60dbdf796a65 ] Request (ServerDiagnosticsTest:setUpClass): 200 GET http://10.180.1.21/identity/v3/roles 0.090s
2024-08-28 09:09:08.728 62229 INFO tempest.lib.common.rest_client [req-c7ac55bc-9e28-4a6f-a627-6c0408d86c86 req-c7ac55bc-9e28-4a6f-a627-6c0408d86c86 ] Request (ServerDiagnosticsTest:setUpClass): 204 PUT http://10.180.1.21/identity/v3/projects/294829874597459e84c9139681ec2b75/users/c551e378fbd545a28108a766b81aa525/roles/e7d49dd2baab4edda9428dabfe0ae09e 0.025s
2024-08-28 09:09:08.729 62229 INFO tempest.lib.common.dynamic_creds [-] Dynamic test user c551e378fbd545a28108a766b81aa525 is created with scope project and roles: ['admin']
2024-08-28 09:09:08.729 62229 INFO tempest.lib.common.dynamic_creds [-] Acquired dynamic creds: credentials: Credentials: {'domain_id': 'default', 'domain_name': 'Default', 'username': 'tempest-ServerDiagnosticsTest-35262270-project-admin', 'project_domain_id': 'default', 'project_domain_name': 'Default', 'project_id': '294829874597459e84c9139681ec2b75', 'project_name': 'tempest-ServerDiagnosticsTest-35262270', 'tenant_id': '294829874597459e84c9139681ec2b75', 'tenant_name': 'tempest-ServerDiagnosticsTest-35262270', 'user_domain_id': 'default', 'user_domain_name': 'Default', 'user_id': 'c551e378fbd545a28108a766b81aa525', 'system': None}, Network: None, Subnet: None, Router: None
2024-08-28 09:09:08.729 62229 INFO tempest.lib.common.dynamic_creds [-] Created isolated network resources for: credentials: Credentials: {'domain_id': 'default', 'domain_name': 'Default', 'username': 'tempest-ServerDiagnosticsTest-35262270-project-admin', 'project_domain_id': 'default', 'project_domain_name': 'Default', 'project_id': '294829874597459e84c9139681ec2b75', 'project_name': 'tempest-ServerDiagnosticsTest-35262270', 'tenant_id': '294829874597459e84c9139681ec2b75', 'tenant_name': 'tempest-ServerDiagnosticsTest-35262270', 'user_domain_id': 'default', 'user_domain_name': 'Default', 'user_id': 'c551e378fbd545a28108a766b81aa525', 'system': None}, Network: None, Subnet: None, Router: None
2024-08-28 09:09:08.825 62229 INFO tempest.lib.common.rest_client [req-73389294-e832-41b0-86a4-ee12f9573cc8 req-73389294-e832-41b0-86a4-ee12f9573cc8 ] Request (ServerDiagnosticsTest:setUpClass): 201 POST http://10.180.1.21/identity/v3/auth/tokens 0.085s
2024-08-28 09:09:08.859 62199 INFO tempest.lib.common.rest_client [req-f9f9abea-5f90-4390-9a66-e129be3f1116 req-f9f9abea-5f90-4390-9a66-e129be3f1116 ] Request (QuotasAdminTestV236:test_get_updated_quotas): 200 PUT http://10.180.1.21/compute/v2.1/os-quota-sets/dd9a646fef274cbb89331939c15c42ef?user_id=b5406a7b08ff442181d19fe0c46a5f76 1.668s
2024-08-28 09:09:08.899 62213 INFO tempest.lib.common.rest_client [req-428a29ae-8eaa-4c2a-8838-cdf9191b55d4 req-428a29ae-8eaa-4c2a-8838-cdf9191b55d4 ] Request (KeyPairsV22TestJSON:_run_cleanups): 204 DELETE http://10.180.1.21/compute/v2.1/os-keypairs/tempest-keypair-459110474 1.686s
2024-08-28 09:09:08.902 62229 INFO tempest.lib.common.rest_client [req-edde8d09-1819-46d6-92fa-824a3b2f0cf9 req-edde8d09-1819-46d6-92fa-824a3b2f0cf9 ] Request (ServerDiagnosticsTest:test_get_server_diagnostics): 201 POST http://10.180.1.21/identity/v3/auth/tokens 0.073s
2024-08-28 09:09:08.904 62229 INFO tempest.lib.common.fixed_network [-] (ServerDiagnosticsTest:test_get_server_diagnostics) Found network None available for tenant
2024-08-28 09:09:08.937 62231 INFO tempest.lib.common.rest_client [req-1177c307-934b-47bb-a930-34d843253c66 req-1177c307-934b-47bb-a930-34d843253c66 ] Request (ServerMetadataTestJSON:test_delete_server_metadata_item): 200 GET http://10.180.1.21/compute/v2.1/servers/061597d3-af80-4eb7-8225-63fcdc3a1ab1/metadata 1.683s
2024-08-28 09:09:08.965 62217 INFO tempest.lib.common.rest_client [req-0fc9e282-f269-45ac-bbe4-6f57cf7528a9 req-0fc9e282-f269-45ac-bbe4-6f57cf7528a9 ] Request (KeyPairsV210TestJSON:_run_cleanups): 204 DELETE http://10.180.1.21/compute/v2.1/os-keypairs/tempest-KeyPairsV210TestJSON-keypair-1038160173 1.675s
2024-08-28 09:09:09.063 62244 INFO tempest.lib.common.rest_client [req-c48e04ad-57fb-47dd-8688-b9d6e6e7565d req-c48e04ad-57fb-47dd-8688-b9d6e6e7565d ] Request (AttachInterfacesTestJSON:test_create_list_show_delete_interfaces_by_fixed_ip): 202 POST http://10.180.1.21/compute/v2.1/servers 2.233s
2024-08-28 09:09:09.075 62255 INFO tempest.lib.common.rest_client [req-520d1f3e-be75-4f98-bf6c-fea9bdd4dc4e req-520d1f3e-be75-4f98-bf6c-fea9bdd4dc4e ] Request (DeleteServersAdminTestJSON:test_admin_delete_servers_of_others): 200 GET http://10.180.1.21/compute/v2.1/servers/68958700-08a7-4ca2-8a35-7fde68591a74 1.756s
2024-08-28 09:09:09.117 62257 INFO tempest.lib.common.rest_client [req-de25f223-2ba2-493a-ae19-caf9ede1de37 req-de25f223-2ba2-493a-ae19-caf9ede1de37 ] Request (ImagesMetadataTestJSON:test_set_image_metadata_item): 200 GET http://10.180.1.21/compute/v2.1/images/c82c0da8-df0f-4ccb-85de-55ccb20d96b0/metadata 1.689s
2024-08-28 09:09:09.140 62241 INFO tempest.lib.common.rest_client [req-5e948a9e-dd50-4171-a73f-3ada9304dce1 req-5e948a9e-dd50-4171-a73f-3ada9304dce1 ] Request (ImagesDeleteNegativeTestJSON:test_delete_image_non_hex_string_id): 404 DELETE http://10.180.1.21/compute/v2.1/images/5f66c0c5-f3f4-4842-9dd7-848a320b4f2j 1.690s
2024-08-28 09:09:09.150 62205 INFO tempest.lib.common.rest_client [req-30595099-f508-47ff-b928-3333b486890a req-30595099-f508-47ff-b928-3333b486890a ] Request (VolumesAssistedSnapshotsTest:test_volume_assisted_snapshot_create_delete): 200 GET http://10.180.1.21/compute/v2.1/servers/66b0d824-035d-44df-a7c1-af0f4d23e4b9 1.751s
2024-08-28 09:09:09.158 62205 INFO tempest.common.waiters [-] State transition "BUILD/None" ==> "BUILD/networking" after 14 second wait
2024-08-28 09:09:09.180 62215 INFO tempest.lib.common.rest_client [req-65bca4cc-2baf-4b3f-b4e4-8ceb46851204 req-65bca4cc-2baf-4b3f-b4e4-8ceb46851204 ] Request (ServicesAdminNegativeV253TestJSON:test_get_service_with_valid_service_and_invalid_host): 200 GET http://10.180.1.21/compute/v2.1/os-services?host=xxx&binary=nova-scheduler 1.705s
2024-08-28 09:09:09.286 62219 INFO tempest.lib.common.rest_client [req-c7edcaf9-fcd6-40c2-9095-781c8a2366e7 req-c7edcaf9-fcd6-40c2-9095-781c8a2366e7 ] Request (ServersTestJSON:setUpClass): 200 PUT http://10.180.1.21:9696/networking/v2.0/routers/179839ad-ed60-41b6-bc21-f450fa48a9da/add_router_interface 1.875s
2024-08-28 09:09:09.287 62219 INFO tempest.lib.common.dynamic_creds [-] Created isolated network resources for: credentials: Credentials: {'domain_id': 'default', 'domain_name': 'Default', 'username': 'tempest-ServersTestJSON-1789015198-project-member', 'project_domain_id': 'default', 'project_domain_name': 'Default', 'project_id': 'e02a6e7b4c4f40919702de4244f0eab3', 'project_name': 'tempest-ServersTestJSON-1789015198', 'tenant_id': 'e02a6e7b4c4f40919702de4244f0eab3', 'tenant_name': 'tempest-ServersTestJSON-1789015198', 'user_domain_id': 'default', 'user_domain_name': 'Default', 'user_id': 'def1d81b9e8e4b078120763b326f4ffc', 'system': None}, Network: {'id': 'd00d3f06-193c-4549-9dea-ee6991ca4421', 'name': 'tempest-ServersTestJSON-900578603-network', 'tenant_id': 'e02a6e7b4c4f40919702de4244f0eab3', 'admin_state_up': True, 'mtu': 8950, 'status': 'ACTIVE', 'subnets': [], 'shared': False, 'project_id': 'e02a6e7b4c4f40919702de4244f0eab3', 'port_security_enabled': True, 'router:external': False, 'provider:network_type': 'vlan', 'provider:physical_network': 'default', 'provider:segmentation_id': 49, 'is_default': False, 'availability_zone_hints': [], 'availability_zones': [], 'ipv4_address_scope': None, 'ipv6_address_scope': None, 'description': '', 'tags': [], 'created_at': '2024-08-28T09:09:05Z', 'updated_at': '2024-08-28T09:09:05Z', 'revision_number': 1}, Subnet: {'id': '1c048ad4-e610-4ca7-94eb-e475641d001c', 'name': 'tempest-ServersTestJSON-900578603-subnet', 'tenant_id': 'e02a6e7b4c4f40919702de4244f0eab3', 'network_id': 'd00d3f06-193c-4549-9dea-ee6991ca4421', 'ip_version': 4, 'subnetpool_id': None, 'enable_dhcp': True, 'ipv6_ra_mode': None, 'ipv6_address_mode': None, 'gateway_ip': '192.168.128.1', 'cidr': '192.168.128.0/28', 'allocation_pools': [{'start': '192.168.128.2', 'end': '192.168.128.14'}], 'host_routes': [], 'dns_nameservers': [], 'description': '', 'router:external': False, 'service_types': [], 'tags': [], 'created_at': '2024-08-28T09:09:05Z', 'updated_at': '2024-08-28T09:09:05Z', 'revision_number': 0, 'project_id': 'e02a6e7b4c4f40919702de4244f0eab3'}, Router: {'id': '179839ad-ed60-41b6-bc21-f450fa48a9da', 'name': 'tempest-ServersTestJSON-900578603-router', 'tenant_id': 'e02a6e7b4c4f40919702de4244f0eab3', 'admin_state_up': True, 'status': 'ACTIVE', 'external_gateway_info': {'network_id': '87c7524b-9a08-4a97-baf8-703ae90105c3', 'external_fixed_ips': [{'subnet_id': 'a60ec500-df77-4a09-88ed-e0170dd00e31', 'ip_address': '10.180.180.169'}], 'enable_snat': True}, 'description': '', 'availability_zones': [], 'distributed': False, 'ha': False, 'availability_zone_hints': [], 'routes': [], 'flavor_id': None, 'tags': [], 'created_at': '2024-08-28T09:09:06Z', 'updated_at': '2024-08-28T09:09:06Z', 'revision_number': 2, 'project_id': 'e02a6e7b4c4f40919702de4244f0eab3'}
2024-08-28 09:09:09.310 62197 INFO tempest.lib.common.rest_client [req-9f3cc80c-a632-4c3d-ac49-d8173263be42 req-9f3cc80c-a632-4c3d-ac49-d8173263be42 ] Request (FloatingIPsAssociationTestJSON:test_associate_already_associated_floating_ip): 200 GET http://10.180.1.21/compute/v2.1/servers/46bf2f3b-9f41-4043-8b2b-e52e765da72b 1.636s
2024-08-28 09:09:09.330 62233 INFO tempest.lib.common.rest_client [req-cc19b287-d1ff-4ad7-98f9-cc5e3bb6bcc3 req-cc19b287-d1ff-4ad7-98f9-cc5e3bb6bcc3 ] Request (HypervisorAdminTestJSON:test_get_hypervisor_stats): 200 GET http://10.180.1.21/compute/v2.1/os-hypervisors/statistics 1.634s
2024-08-28 09:09:09.347 62211 INFO tempest.lib.common.rest_client [req-6549beb0-373d-401b-a102-4e01c3a2b198 req-6549beb0-373d-401b-a102-4e01c3a2b198 ] Request (AggregatesAdminNegativeTestJSON:test_aggregate_delete_with_invalid_id): 404 DELETE http://10.180.1.21/compute/v2.1/os-aggregates/-1 1.595s
2024-08-28 09:09:09.355 62239 INFO tempest.lib.common.rest_client [req-92de2163-68ed-4624-bbf1-09edc1768222 req-92de2163-68ed-4624-bbf1-09edc1768222 ] Request (FloatingIPsAssociationNegativeTestJSON:setUpClass): 200 GET http://10.180.1.21/compute/v2.1/servers/e238d97c-522e-4c5e-8143-29b71e832871 1.850s
2024-08-28 09:09:09.424 62245 INFO tempest.lib.common.rest_client [req-af9f342e-171f-40d2-be1e-a4c69e6de7d0 req-af9f342e-171f-40d2-be1e-a4c69e6de7d0 ] Request (ServerExternalEventsTest:test_create_server_external_events): 200 GET http://10.180.1.21/compute/v2.1/servers/2567109b-5916-478e-a169-da093e2f68a7 1.518s
2024-08-28 09:09:09.428 62203 INFO tempest.lib.common.rest_client [req-7dc64551-612f-4013-b7e8-2668a8dbb5ec req-7dc64551-612f-4013-b7e8-2668a8dbb5ec ] Request (FlavorsAccessNegativeTestJSON:test_flavor_non_admin_remove): 403 POST http://10.180.1.21/compute/v2.1/flavors/1784474968/action 1.486s
2024-08-28 09:09:09.447 62219 INFO tempest.lib.common.rest_client [req-5d45ea8f-b9a6-4799-b9ce-a55a13d7c6a5 req-5d45ea8f-b9a6-4799-b9ce-a55a13d7c6a5 ] Request (ServersTestJSON:setUpClass): 201 POST http://10.180.1.21/identity/v3/auth/tokens 0.104s
2024-08-28 09:09:09.476 62233 INFO tempest.lib.common.rest_client [req-eb08b213-b469-4cbf-8aaf-b49c7dd064d8 req-eb08b213-b469-4cbf-8aaf-b49c7dd064d8 ] Request (HypervisorAdminTestJSON:tearDownClass): 204 DELETE http://10.180.1.21/identity/v3/users/2d43771b769a47008025030f8f625371 0.142s
2024-08-28 09:09:09.485 62259 INFO tempest.lib.common.rest_client [req-37ab0afd-0a5a-47f1-b1cc-84ddbfa92e5c req-37ab0afd-0a5a-47f1-b1cc-84ddbfa92e5c ] Request (DeleteServersTestJSON:test_delete_active_server): 200 GET http://10.180.1.21/compute/v2.1/servers/46cef7c4-93a2-4751-bddb-39b874016f63 1.392s
2024-08-28 09:09:09.541 62223 INFO tempest.lib.common.rest_client [req-17d50452-62e9-4a43-93e2-b8a3ba9adf31 req-17d50452-62e9-4a43-93e2-b8a3ba9adf31 ] Request (ServersWithSpecificFlavorTestJSON:test_verify_created_server_ephemeral_disk): 200 GET http://10.180.1.21/compute/v2.1/servers/e9bb2909-0eaa-4bfb-93a3-0b35c493422e 1.354s
2024-08-28 09:09:09.577 62233 INFO tempest.lib.common.rest_client [req-12a8f716-14df-430a-9ffc-9ab217c86102 req-12a8f716-14df-430a-9ffc-9ab217c86102 ] Request (HypervisorAdminTestJSON:tearDownClass): 204 DELETE http://10.180.1.21/identity/v3/users/755e90ba43064acd982bbb88a9c5b39b 0.100s
2024-08-28 09:09:09.577 62233 INFO tempest.lib.common.dynamic_creds [-] Deleting project and security group for project: 10e30beb61c44e9e80d18394e72fe2b5
2024-08-28 09:09:09.634 62209 INFO tempest.lib.common.rest_client [req-12166df3-de8b-421c-adc5-bbd2bb46f8ac req-12166df3-de8b-421c-adc5-bbd2bb46f8ac ] Request (ListServersNegativeTestJSON:setUpClass): 200 GET http://10.180.1.21/compute/v2.1/servers/7c9c967b-a4f8-4eeb-a637-c2cdb967508b 1.864s
2024-08-28 09:09:09.641 62235 INFO tempest.lib.common.rest_client [req-cf2ab8d8-1b54-4287-ab9a-a589c96e11a6 req-cf2ab8d8-1b54-4287-ab9a-a589c96e11a6 ] Request (SecurityGroupsTestAdminJSON:test_list_security_groups_list_all_tenants_filter): 200 POST http://10.180.1.21/compute/v2.1/os-security-groups 1.207s
2024-08-28 09:09:09.645 62233 INFO tempest.lib.common.rest_client [req-e1f655af-1e48-4203-b802-44cd57a85823 req-e1f655af-1e48-4203-b802-44cd57a85823 ] Request (HypervisorAdminTestJSON:tearDownClass): 201 POST http://10.180.1.21/identity/v3/auth/tokens 0.067s
2024-08-28 09:09:09.656 62221 INFO tempest.lib.common.rest_client [req-f4b69571-974e-4f79-81f4-6123d89fadee req-f4b69571-974e-4f79-81f4-6123d89fadee ] Request (FlavorsAdminTestJSON:test_create_list_flavor_without_extra_data): 200 GET http://10.180.1.21/compute/v2.1/flavors/331542075 1.196s
2024-08-28 09:09:09.665 62251 INFO tempest.lib.common.rest_client [req-9fb58d52-3fc1-4e60-9392-b09f7e3ad25d req-9fb58d52-3fc1-4e60-9392-b09f7e3ad25d ] Request (HypervisorAdminNegativeUnderV252Test:test_show_servers_with_non_admin_user): 200 GET http://10.180.1.21/compute/v2.1/os-hypervisors 1.101s
2024-08-28 09:09:09.720 62201 INFO tempest.lib.common.rest_client [req-55523acc-6246-4d96-ab9e-c7c9eab74783 req-55523acc-6246-4d96-ab9e-c7c9eab74783 ] Request (MigrationsAdminTest:test_list_migrations_in_flavor_resize_situation): 200 GET http://10.180.1.21/compute/v2.1/servers/9d79bbb7-73e3-4af6-8595-b8d3ebd4378c 0.939s
2024-08-28 09:09:09.841 62199 INFO tempest.lib.common.rest_client [req-9efff8a4-c5b3-405d-956a-16cde963e96e req-9efff8a4-c5b3-405d-956a-16cde963e96e ] Request (QuotasAdminTestV236:test_get_updated_quotas): 200 GET http://10.180.1.21/compute/v2.1/os-quota-sets/dd9a646fef274cbb89331939c15c42ef?user_id=b5406a7b08ff442181d19fe0c46a5f76 0.980s
2024-08-28 09:09:09.869 62237 INFO tempest.lib.common.rest_client [req-41ccbf83-f18f-4ba9-8efe-7cf7e18bf3f3 req-41ccbf83-f18f-4ba9-8efe-7cf7e18bf3f3 ] Request (ServerDiagnosticsNegativeTest:tearDownClass): 200 GET http://10.180.1.21/compute/v2.1/servers/74361d69-2cb1-4cfc-b5e1-ba99804f931a 1.134s
2024-08-28 09:09:09.885 62213 INFO tempest.lib.common.rest_client [req-d5d9a12f-ddac-42be-8285-1a65a44b1f35 req-d5d9a12f-ddac-42be-8285-1a65a44b1f35 ] Request (KeyPairsV22TestJSON:test_keypair_create_with_pub_key): 201 POST http://10.180.1.21/compute/v2.1/os-keypairs 0.984s
2024-08-28 09:09:09.939 62199 INFO tempest.lib.common.rest_client [req-ca8a89f8-194f-494d-8f88-38259adeacee req-ca8a89f8-194f-494d-8f88-38259adeacee ] Request (QuotasAdminTestV236:_run_cleanups): 204 DELETE http://10.180.1.21/identity/v3/users/b5406a7b08ff442181d19fe0c46a5f76 0.096s
2024-08-28 09:09:10.057 62199 INFO tempest.lib.common.rest_client [req-001e0812-41dd-4f72-9043-9130e83f68e8 req-001e0812-41dd-4f72-9043-9130e83f68e8 ] Request (QuotasAdminTestV236:_run_cleanups): 204 DELETE http://10.180.1.21/identity/v3/projects/dd9a646fef274cbb89331939c15c42ef 0.117s
2024-08-28 09:09:10.170 62227 INFO tempest.lib.common.rest_client [req-6821e375-170f-4500-bb04-7af82f8af05d req-6821e375-170f-4500-bb04-7af82f8af05d ] Request (QuotasAdminTestV257:test_get_updated_quotas): 200 GET http://10.180.1.21/identity/v3/domains?name=Default 0.070s
2024-08-28 09:09:10.204 62227 INFO tempest.lib.common.rest_client [req-8d586d01-63e2-4d03-8170-bab1dbf96c61 req-8d586d01-63e2-4d03-8170-bab1dbf96c61 ] Request (QuotasAdminTestV257:test_get_updated_quotas): 201 POST http://10.180.1.21/identity/v3/projects 0.034s
2024-08-28 09:09:10.212 62199 INFO tempest.lib.common.rest_client [req-1aebce81-5f36-473f-a53c-c091084102ce req-1aebce81-5f36-473f-a53c-c091084102ce ] Request (QuotasAdminTestV236:tearDownClass): 204 DELETE http://10.180.1.21/identity/v3/users/3437db61a4e04a74becb332242f54c52 0.154s
2024-08-28 09:09:10.244 62233 INFO tempest.lib.common.rest_client [req-0e611a8e-27d3-48d1-b6a0-7b44fd9722fd req-0e611a8e-27d3-48d1-b6a0-7b44fd9722fd ] Request (HypervisorAdminTestJSON:tearDownClass): 200 GET http://10.180.1.21:9696/networking/v2.0/security-groups?tenant_id=10e30beb61c44e9e80d18394e72fe2b5&name=default 0.598s
2024-08-28 09:09:10.301 62227 INFO tempest.lib.common.rest_client [req-2b28f07e-a2fb-401f-becb-eacb090025bb req-2b28f07e-a2fb-401f-becb-eacb090025bb ] Request (QuotasAdminTestV257:test_get_updated_quotas): 200 GET http://10.180.1.21/identity/v3/domains?name=Default 0.096s
2024-08-28 09:09:10.311 62199 INFO tempest.lib.common.rest_client [req-5dc95f5e-2266-43b8-b9e3-735ee5d71981 req-5dc95f5e-2266-43b8-b9e3-735ee5d71981 ] Request (QuotasAdminTestV236:tearDownClass): 204 DELETE http://10.180.1.21/identity/v3/users/484b32f18b644e609fc193458e8d9599 0.098s
2024-08-28 09:09:10.312 62199 INFO tempest.lib.common.dynamic_creds [-] Deleting project and security group for project: 2cc68d343edf4840aa8a56ee101f6a18
2024-08-28 09:09:10.375 62199 INFO tempest.lib.common.rest_client [req-db4906a4-3849-4fa5-8692-6b441d6ae2b0 req-db4906a4-3849-4fa5-8692-6b441d6ae2b0 ] Request (QuotasAdminTestV236:tearDownClass): 201 POST http://10.180.1.21/identity/v3/auth/tokens 0.062s
2024-08-28 09:09:10.419 62229 INFO tempest.lib.common.rest_client [req-08dd9fcb-ddef-420c-a3ed-4f298598725e req-08dd9fcb-ddef-420c-a3ed-4f298598725e ] Request (ServerDiagnosticsTest:test_get_server_diagnostics): 202 POST http://10.180.1.21/compute/v2.1/servers 1.514s
2024-08-28 09:09:10.425 62247 INFO tempest.lib.common.rest_client [req-2aad3947-2bd7-4b64-b9b6-4aa2143328ca req-2aad3947-2bd7-4b64-b9b6-4aa2143328ca ] Request (ServerDiagnosticsV248Test:test_get_server_diagnostics): 200 GET http://10.180.1.21/compute/v2.1/servers/1a02e309-1403-4d0e-8fb5-65e90274f3a7/diagnostics 1.500s
2024-08-28 09:09:10.427 62253 INFO tempest.lib.common.rest_client [req-313c9cd3-cc1d-43f0-b621-83799ace4355 req-313c9cd3-cc1d-43f0-b621-83799ace4355 ] Request (AttachInterfacesUnderV243Test:setUpClass): 201 POST http://10.180.1.21:9696/networking/v2.0/routers 1.966s
2024-08-28 09:09:10.448 62217 INFO tempest.lib.common.rest_client [req-3c6b2365-cf6e-4895-abde-cf6c172e9e0f req-3c6b2365-cf6e-4895-abde-cf6c172e9e0f ] Request (KeyPairsV210TestJSON:_run_cleanups): 204 DELETE http://10.180.1.21/compute/v2.1/os-keypairs/tempest-keypair-2015549015?user_id=5448e6ccb0e64f4aa91960ffcaea8894 1.481s
2024-08-28 09:09:10.503 62233 INFO tempest.lib.common.rest_client [req-af48c666-fa6f-4ea8-a246-02e025f8009b req-af48c666-fa6f-4ea8-a246-02e025f8009b ] Request (HypervisorAdminTestJSON:tearDownClass): 204 DELETE http://10.180.1.21:9696/networking/v2.0/security-groups/473a8d40-b49e-467c-bdfb-b8051b4d8bf4 0.258s
2024-08-28 09:09:10.510 62231 INFO tempest.lib.common.rest_client [req-1c2f9f91-3cb8-4c9f-a6fc-415cff715b49 req-1c2f9f91-3cb8-4c9f-a6fc-415cff715b49 ] Request (ServerMetadataTestJSON:setUp): 200 PUT http://10.180.1.21/compute/v2.1/servers/061597d3-af80-4eb7-8225-63fcdc3a1ab1/metadata 1.571s
2024-08-28 09:09:10.535 62244 INFO tempest.lib.common.rest_client [req-2ae11b9c-09da-4b82-a96b-2b629cec255e req-2ae11b9c-09da-4b82-a96b-2b629cec255e ] Request (AttachInterfacesTestJSON:test_create_list_show_delete_interfaces_by_fixed_ip): 200 GET http://10.180.1.21/compute/v2.1/servers/66396ef9-04a2-4c50-9f3a-c1a398aa36de 1.470s
2024-08-28 09:09:10.607 62233 INFO tempest.lib.common.rest_client [req-e077520a-87ce-4027-a3f1-d4addc637c0a req-e077520a-87ce-4027-a3f1-d4addc637c0a ] Request (HypervisorAdminTestJSON:tearDownClass): 204 DELETE http://10.180.1.21/identity/v3/projects/10e30beb61c44e9e80d18394e72fe2b5 0.103s
2024-08-28 09:09:10.607 62233 INFO tempest.lib.common.dynamic_creds [-] Deleting project and security group for project: 32352be729b94e52bd14d1fe688a0b84
2024-08-28 09:09:10.724 62199 INFO tempest.lib.common.rest_client [req-baeafdbd-af98-4044-bd20-bb4770da01cc req-baeafdbd-af98-4044-bd20-bb4770da01cc ] Request (QuotasAdminTestV236:tearDownClass): 200 GET http://10.180.1.21:9696/networking/v2.0/security-groups?tenant_id=2cc68d343edf4840aa8a56ee101f6a18&name=default 0.348s
2024-08-28 09:09:10.783 62249 INFO tempest.lib.common.rest_client [req-06b66079-dfec-4f73-bad1-c2ad7e5209dc req-06b66079-dfec-4f73-bad1-c2ad7e5209dc ] Request (VolumesAdminNegativeTest:test_update_attached_volume_with_nonexistent_volume_in_body): 200 GET http://10.180.1.21/compute/v2.1/servers/d0816f49-cd5c-40d4-b49a-8d5b76321153 1.708s
2024-08-28 09:09:10.802 62233 INFO tempest.lib.common.rest_client [req-b486cf1a-48ca-4e96-9cc0-0ef30ea2bdde req-b486cf1a-48ca-4e96-9cc0-0ef30ea2bdde ] Request (HypervisorAdminTestJSON:tearDownClass): 200 GET http://10.180.1.21:9696/networking/v2.0/security-groups?tenant_id=32352be729b94e52bd14d1fe688a0b84&name=default 0.195s
2024-08-28 09:09:10.805 62241 INFO tempest.lib.common.rest_client [req-7d61c9dd-a3f1-4b9c-bc24-d02d981d2033 req-7d61c9dd-a3f1-4b9c-bc24-d02d981d2033 ] Request (ImagesDeleteNegativeTestJSON:test_delete_image_with_id_over_character_limit): 404 DELETE http://10.180.1.21/compute/v2.1/images/5bd9c75e-93f7-42a7-beca-68127e83245e1 1.664s
2024-08-28 09:09:10.807 62257 INFO tempest.lib.common.rest_client [req-c2e0d0e2-bccd-42ca-978a-5bd905efdb4f req-c2e0d0e2-bccd-42ca-978a-5bd905efdb4f ] Request (ImagesMetadataTestJSON:setUp): 200 PUT http://10.180.1.21/compute/v2.1/images/c82c0da8-df0f-4ccb-85de-55ccb20d96b0/metadata 1.687s
2024-08-28 09:09:10.871 62211 INFO tempest.lib.common.rest_client [req-c31ad7c8-bb80-496c-82e3-f25ca7b3dbd2 req-c31ad7c8-bb80-496c-82e3-f25ca7b3dbd2 ] Request (AggregatesAdminNegativeTestJSON:test_aggregate_get_details_as_user): 200 POST http://10.180.1.21/compute/v2.1/os-aggregates 1.523s
2024-08-28 09:09:10.928 62233 INFO tempest.lib.common.rest_client [req-6c14b939-6d8a-46bd-951c-c46ab94efc36 req-6c14b939-6d8a-46bd-951c-c46ab94efc36 ] Request (HypervisorAdminTestJSON:tearDownClass): 204 DELETE http://10.180.1.21:9696/networking/v2.0/security-groups/507dbd35-2b6e-4802-a3e2-2a5a7ac699e8 0.125s
2024-08-28 09:09:10.960 62199 INFO tempest.lib.common.rest_client [req-f3fef870-42c2-42dd-afd5-841243281f0f req-f3fef870-42c2-42dd-afd5-841243281f0f ] Request (QuotasAdminTestV236:tearDownClass): 204 DELETE http://10.180.1.21:9696/networking/v2.0/security-groups/9fa9b8b3-692b-491f-8ed9-c6fb72f6dbd7 0.236s
2024-08-28 09:09:10.985 62215 INFO tempest.lib.common.rest_client [req-9c76c865-a27a-4614-86ec-0e8a5276c56b req-9c76c865-a27a-4614-86ec-0e8a5276c56b ] Request (ServicesAdminNegativeV253TestJSON:test_list_services_with_non_admin_user): 403 GET http://10.180.1.21/compute/v2.1/os-services 1.801s
2024-08-28 09:09:11.021 62203 INFO tempest.lib.common.rest_client [req-16450870-ae9d-4b40-a713-fb09f5f3cd16 req-16450870-ae9d-4b40-a713-fb09f5f3cd16 ] Request (FlavorsAccessNegativeTestJSON:_run_cleanups): 200 POST http://10.180.1.21/compute/v2.1/flavors/1784474968/action 1.592s
2024-08-28 09:09:11.097 62225 INFO tempest.lib.common.rest_client [req-999d15ad-d77e-472a-bdc7-e27640568c97 req-999d15ad-d77e-472a-bdc7-e27640568c97 ] Request (ServersAdminTestJSON:setUpClass): 200 GET http://10.180.1.21/compute/v2.1/servers/7ee63cda-4878-4c4c-bc76-c51c798de3fd 1.543s
2024-08-28 09:09:11.114 62233 INFO tempest.lib.common.rest_client [req-87ebd8ae-9129-458a-86b6-133388154d48 req-87ebd8ae-9129-458a-86b6-133388154d48 ] Request (HypervisorAdminTestJSON:tearDownClass): 204 DELETE http://10.180.1.21/identity/v3/projects/32352be729b94e52bd14d1fe688a0b84 0.185s
