2024-08-28 09:11:13.402 62223 INFO tempest.lib.common.rest_client [req-84ca0b95-4ae7-48f1-b9c2-200b34f110e3 req-84ca0b95-4ae7-48f1-b9c2-200b34f110e3 ] Request (ServersWithSpecificFlavorTestJSON:test_verify_created_server_ephemeral_disk): 200 GET http://10.180.1.21/compute/v2.1/servers/ddbb6a66-587a-4c5f-8268-bcffdab6c9b5 0.448s
2024-08-28 09:11:13.445 62215 INFO tempest.lib.common.rest_client [req-30f1c061-db8f-43af-84a9-6ec1d8f734f4 req-30f1c061-db8f-43af-84a9-6ec1d8f734f4 ] Request (MultipleCreateTestJSON:test_multiple_create): 200 GET http://10.180.1.21/compute/v2.1/servers/170857f7-9f06-4c46-b09a-804adc3da02d 0.438s
2024-08-28 09:11:13.472 62253 INFO tempest.lib.common.rest_client [req-a5614682-f7e3-4a42-851e-47af6bed5a22 req-a5614682-f7e3-4a42-851e-47af6bed5a22 ] Request (AttachInterfacesUnderV243Test:test_add_remove_fixed_ip): 202 POST http://10.180.1.21/compute/v2.1/servers/81971040-7836-4cb8-9064-952310391b4a/action 0.419s
2024-08-28 09:11:13.506 62217 INFO tempest.lib.common.rest_client [req-2285b9a7-b7bc-4bef-8cc5-ce64d0962b26 req-2285b9a7-b7bc-4bef-8cc5-ce64d0962b26 ] Request (ServerActionsTestJSON:setUp): 200 GET http://10.180.1.21/compute/v2.1/servers/bedcdb7c-216f-4248-b5ac-1c71471c4c07 0.473s
2024-08-28 09:11:13.543 62233 INFO tempest.lib.common.rest_client [req-9685ab3a-0889-468d-a162-65b588d8b604 req-9685ab3a-0889-468d-a162-65b588d8b604 ] Request (ServersNegativeTestMultiTenantJSON:tearDownClass): 200 GET http://10.180.1.21/compute/v2.1/servers/7bb2c3a0-82ae-401e-991e-d3c0b0ab2ec5 0.485s
2024-08-28 09:11:13.597 62239 INFO tempest.lib.common.rest_client [req-32d3dc44-db17-4b99-a912-86a9edb77344 req-32d3dc44-db17-4b99-a912-86a9edb77344 ] Request (ImagesOneServerNegativeTestJSON:setUpClass): 200 GET http://10.180.1.21/compute/v2.1/servers/51fff2cd-efe8-48c6-8fc7-12ca2d0a6c88 0.312s
2024-08-28 09:11:13.634 62219 INFO tempest.lib.common.rest_client [req-5c63bef7-5c89-4c2b-ab9f-1ca9edf21d32 req-5c63bef7-5c89-4c2b-ab9f-1ca9edf21d32 ] Request (ServersTestJSON:tearDownClass): 200 GET http://10.180.1.21/compute/v2.1/servers/10117be5-70f2-4f62-81dd-3732ba3bb70c 0.387s
2024-08-28 09:11:13.650 62205 WARNING tempest.lib.common.ssh [-] Failed to establish authenticated ssh connection to cirros@10.180.180.214 ([Errno None] Unable to connect to port 22 on 10.180.180.214). Number attempts: 11. Retry after 12 seconds.: paramiko.ssh_exception.NoValidConnectionsError: [Errno None] Unable to connect to port 22 on 10.180.180.214
2024-08-28 09:11:13.682 62201 INFO tempest.lib.common.rest_client [req-d49aec06-8eb0-4a3d-ab54-31a0aa0c9a09 req-d49aec06-8eb0-4a3d-ab54-31a0aa0c9a09 ] Request (MigrationsAdminTest:test_resize_server_revert_deleted_flavor): 200 GET http://10.180.1.21/compute/v2.1/servers/95bfb4ce-98ae-456d-8c7c-3bc6edfdd475 0.322s
2024-08-28 09:11:13.706 62253 INFO tempest.lib.common.rest_client [req-8e136ec1-fc45-4df6-91f3-0132a26a5be4 req-8e136ec1-fc45-4df6-91f3-0132a26a5be4 ] Request (AttachInterfacesUnderV243Test:test_add_remove_fixed_ip): 200 GET http://10.180.1.21/compute/v2.1/servers/81971040-7836-4cb8-9064-952310391b4a/ips 0.234s
2024-08-28 09:11:13.745 62244 INFO tempest.lib.common.rest_client [req-0fb47fc0-273c-4a8d-850d-cd9a26c3bb46 req-0fb47fc0-273c-4a8d-850d-cd9a26c3bb46 ] Request (AttachInterfacesTestJSON:test_create_list_show_delete_interfaces_by_fixed_ip): 200 GET http://10.180.1.21/compute/v2.1/servers/66396ef9-04a2-4c50-9f3a-c1a398aa36de/os-interface 0.390s
2024-08-28 09:11:13.820 62217 INFO tempest.lib.common.rest_client [req-07559d1e-cd00-45f9-a6dd-54d67e518bd9 req-07559d1e-cd00-45f9-a6dd-54d67e518bd9 ] Request (ServerActionsTestJSON:setUp): 200 GET http://10.180.1.21/compute/v2.1/servers/bedcdb7c-216f-4248-b5ac-1c71471c4c07 0.306s
2024-08-28 09:11:13.857 62249 INFO tempest.lib.common.rest_client [req-d63fbc7b-cd57-4061-8a1a-2385b912e0d1 req-d63fbc7b-cd57-4061-8a1a-2385b912e0d1 ] Request (VolumesAdminNegativeTest:_run_cleanups): 200 GET http://10.180.1.21/compute/v2.1/servers/d0816f49-cd5c-40d4-b49a-8d5b76321153/os-volume_attachments 0.314s
2024-08-28 09:11:13.887 62203 INFO tempest.lib.common.rest_client [req-6850449e-bdb4-4891-9d52-312293ed9d8c req-6850449e-bdb4-4891-9d52-312293ed9d8c ] Request (ServerActionsV293TestJSON:setUpClass): 200 GET http://10.180.1.21/compute/v2.1/servers/ff9c99c7-43b2-479e-a171-269edf1aa75d 0.372s
2024-08-28 09:11:13.896 62203 INFO tempest.common.waiters [-] State transition "BUILD/block_device_mapping" ==> "BUILD/spawning" after 73 second wait
2024-08-28 09:11:13.904 62244 INFO tempest.lib.common.rest_client [req-4a75b3b6-38f1-4eec-a388-9e99bf4a795f req-4a75b3b6-38f1-4eec-a388-9e99bf4a795f ] Request (AttachInterfacesTestJSON:test_create_list_show_delete_interfaces_by_fixed_ip): 200 GET http://10.180.1.21/compute/v2.1/servers/66396ef9-04a2-4c50-9f3a-c1a398aa36de/os-interface/279a4e7a-be50-4feb-85fe-b1d1bdae341e 0.156s
2024-08-28 09:11:13.969 62217 INFO tempest.lib.common.rest_client [req-af1c7a48-af4e-462d-8581-3d85647c10bd req-af1c7a48-af4e-462d-8581-3d85647c10bd ] Request (ServerActionsTestJSON:test_lock_unlock_server): 202 POST http://10.180.1.21/compute/v2.1/servers/bedcdb7c-216f-4248-b5ac-1c71471c4c07/action 0.141s
2024-08-28 09:11:14.018 62244 INFO tempest.lib.common.rest_client [req-eea3d3ed-73be-478c-a885-8b59b82b553d req-eea3d3ed-73be-478c-a885-8b59b82b553d ] Request (AttachInterfacesTestJSON:test_create_list_show_delete_interfaces_by_fixed_ip): 202 DELETE http://10.180.1.21/compute/v2.1/servers/66396ef9-04a2-4c50-9f3a-c1a398aa36de/os-interface/87ed2706-9471-4d71-8604-296b5f217565 0.111s
2024-08-28 09:11:14.227 62241 INFO tempest.lib.common.rest_client [req-2790b2ec-c163-4df7-84ef-1cdded61e8cd req-2790b2ec-c163-4df7-84ef-1cdded61e8cd ] Request (ServersV294TestFqdnHostnames:tearDownClass): 200 GET http://10.180.1.21/compute/v2.1/servers/24755d96-be25-477d-8022-bbae4e33ab89 0.462s
2024-08-28 09:11:14.305 62251 INFO tempest.lib.common.rest_client [req-6f20f86a-e5b0-453b-a531-b5b2d22f0f5f req-6f20f86a-e5b0-453b-a531-b5b2d22f0f5f ] Request (ImagesTestJSON:test_create_image_from_suspended_server): 200 GET http://10.180.1.21/compute/v2.1/servers/a6e2330c-ba68-4df4-9e16-b536efe54c94 0.336s
2024-08-28 09:11:14.472 62217 INFO tempest.lib.common.rest_client [req-46a341e8-ef0c-4aa1-aa56-6a7f81991991 req-46a341e8-ef0c-4aa1-aa56-6a7f81991991 ] Request (ServerActionsTestJSON:test_lock_unlock_server): 200 GET http://10.180.1.21/compute/v2.1/servers/bedcdb7c-216f-4248-b5ac-1c71471c4c07 0.503s
2024-08-28 09:11:14.491 62211 INFO tempest.lib.common.rest_client [req-d1a3beca-e11c-48cd-93fa-a9afb2c58a85 req-d1a3beca-e11c-48cd-93fa-a9afb2c58a85 ] Request (TenantUsagesTestJSON:setUpClass): 200 GET http://10.180.1.21/compute/v2.1/servers/dec63d6c-0b9e-474b-a09a-9420d9d8d366 0.581s
2024-08-28 09:11:14.505 62211 INFO tempest.common.waiters [-] State transition "BUILD/spawning" ==> "ACTIVE/None" after 77 second wait
2024-08-28 09:11:14.548 62244 INFO tempest.lib.common.rest_client [req-f3d65ddc-a7fd-4e84-b297-3875c64278e2 req-f3d65ddc-a7fd-4e84-b297-3875c64278e2 ] Request (AttachInterfacesTestJSON:test_create_list_show_delete_interfaces_by_fixed_ip): 200 GET http://10.180.1.21/compute/v2.1/servers/66396ef9-04a2-4c50-9f3a-c1a398aa36de/os-interface 0.529s
2024-08-28 09:11:14.575 62235 INFO tempest.lib.common.rest_client [req-e2ded8d2-12fc-4610-a392-91d8af926e00 req-e2ded8d2-12fc-4610-a392-91d8af926e00 ] Request (AttachInterfacesV270Test:tearDownClass): 200 GET http://10.180.1.21/compute/v2.1/servers/e0348208-2098-4071-97a4-29407a95cd3a 0.535s
2024-08-28 09:11:14.605 62259 INFO tempest.lib.common.rest_client [req-19586fad-9f85-437d-8a93-c2a8a33b3fda req-19586fad-9f85-437d-8a93-c2a8a33b3fda ] Request (DeleteServersTestJSON:test_delete_server_while_in_attached_volume): 200 GET http://10.180.1.21/compute/v2.1/servers/383cc933-2136-421f-85cc-e12f1743bd67 0.512s
2024-08-28 09:11:14.664 62245 INFO tempest.lib.common.rest_client [req-6f9018d0-b366-44f4-950a-f6ac7255abb0 req-6f9018d0-b366-44f4-950a-f6ac7255abb0 ] Request (ServerTagsTestJSON:setUpClass): 200 GET http://10.180.1.21/compute/v2.1/servers/8ffa8a2e-f035-483a-86a1-349588495b66 0.540s
2024-08-28 09:11:14.686 62207 INFO tempest.lib.common.rest_client [req-93084d13-0929-42b2-a8dc-c0415489516b req-93084d13-0929-42b2-a8dc-c0415489516b ] Request (ServersAdmin275Test:tearDownClass): 200 GET http://10.180.1.21/compute/v2.1/servers/43ff8e5b-054c-452a-92c0-21a2a39ea2a2 0.504s
2024-08-28 09:11:14.780 62197 INFO tempest.lib.common.rest_client [req-685d9fc9-d4c8-40b6-8489-3f32dd72cb5a req-685d9fc9-d4c8-40b6-8489-3f32dd72cb5a ] Request (FloatingIPsAssociationTestJSON:tearDownClass): 200 GET http://10.180.1.21/compute/v2.1/servers/ea093293-99fb-4412-ac10-68d63bfc0229 0.468s
2024-08-28 09:11:14.805 62247 INFO tempest.lib.common.rest_client [req-84dc8b2e-7fb3-4b9a-abee-4ba6f9d45067 req-84dc8b2e-7fb3-4b9a-abee-4ba6f9d45067 ] Request (ListServerFiltersTestJSON:setUpClass): 200 GET http://10.180.1.21/compute/v2.1/servers/315c4d67-8e15-47d8-8943-8d10fc746815 0.534s
2024-08-28 09:11:14.811 62247 INFO tempest.common.waiters [-] State transition "BUILD/block_device_mapping" ==> "BUILD/spawning" after 74 second wait
2024-08-28 09:11:14.860 62229 INFO tempest.lib.common.rest_client [req-c8b71a39-3d8d-4d62-975c-62874b68826a req-c8b71a39-3d8d-4d62-975c-62874b68826a ] Request (ServerRescueNegativeTestJSON:setUpClass): 200 GET http://10.180.1.21/compute/v2.1/servers/848b35ff-62f5-4e83-a5de-aab6fbbdd00a 0.545s
2024-08-28 09:11:14.865 62221 INFO tempest.lib.common.rest_client [req-f692b76c-f3cc-493b-b5ce-96782123aa67 req-f692b76c-f3cc-493b-b5ce-96782123aa67 ] Request (ServerRescueTestJSON:setUpClass): 200 GET http://10.180.1.21/compute/v2.1/servers/e94b6c33-7bfb-4aae-b619-c7da2201cb92 0.509s
2024-08-28 09:11:14.923 62225 INFO tempest.lib.common.rest_client [req-506fa04e-6079-456b-a765-52e33a79a4f7 req-506fa04e-6079-456b-a765-52e33a79a4f7 ] Request (ServersAdminTestJSON:test_inject_network_info): 200 GET http://10.180.1.21/compute/v2.1/servers/23113c8f-b140-44c0-a14d-cce598fa237d 0.513s
2024-08-28 09:11:14.960 62223 INFO tempest.lib.common.rest_client [req-23ac407e-a96f-4b02-937b-ce2cd21f7ff6 req-23ac407e-a96f-4b02-937b-ce2cd21f7ff6 ] Request (ServersWithSpecificFlavorTestJSON:test_verify_created_server_ephemeral_disk): 200 GET http://10.180.1.21/compute/v2.1/servers/ddbb6a66-587a-4c5f-8268-bcffdab6c9b5 0.551s
2024-08-28 09:11:14.977 62215 INFO tempest.lib.common.rest_client [req-26ca9ffd-af28-4d84-ae1b-d746f1aee2ea req-26ca9ffd-af28-4d84-ae1b-d746f1aee2ea ] Request (MultipleCreateTestJSON:test_multiple_create): 200 GET http://10.180.1.21/compute/v2.1/servers/170857f7-9f06-4c46-b09a-804adc3da02d 0.524s
2024-08-28 09:11:15.011 62217 INFO tempest.lib.common.rest_client [req-ff2ff687-3a8e-429f-9270-81fbab5be0e7 req-ff2ff687-3a8e-429f-9270-81fbab5be0e7 ] Request (ServerActionsTestJSON:test_lock_unlock_server): 409 POST http://10.180.1.21/compute/v2.1/servers/bedcdb7c-216f-4248-b5ac-1c71471c4c07/action 0.532s
2024-08-28 09:11:15.078 62233 INFO tempest.lib.common.rest_client [req-37234677-20f3-44c6-b990-0bccb5d5dfd4 req-37234677-20f3-44c6-b990-0bccb5d5dfd4 ] Request (ServersNegativeTestMultiTenantJSON:tearDownClass): 200 GET http://10.180.1.21/compute/v2.1/servers/7bb2c3a0-82ae-401e-991e-d3c0b0ab2ec5 0.523s
2024-08-28 09:11:15.133 62239 INFO tempest.lib.common.rest_client [req-da05d30a-22ad-4f6b-9154-2c4b3435f2e6 req-da05d30a-22ad-4f6b-9154-2c4b3435f2e6 ] Request (ImagesOneServerNegativeTestJSON:setUpClass): 200 GET http://10.180.1.21/compute/v2.1/servers/51fff2cd-efe8-48c6-8fc7-12ca2d0a6c88 0.528s
2024-08-28 09:11:15.199 62211 INFO tempest.lib.common.rest_client [req-23a16f2b-6b70-4d4c-ad8d-9ad5756512ea req-23a16f2b-6b70-4d4c-ad8d-9ad5756512ea ] Request (TenantUsagesTestJSON:test_get_usage_tenant): 200 GET http://10.180.1.21/compute/v2.1/os-simple-tenant-usage/b693ed37401a4be9a4a8008db43e5a79?start=2024-08-27T09%3A11%3A14.506190&end=2024-08-29T09%3A11%3A14.506190 0.693s
2024-08-28 09:11:15.248 62201 INFO tempest.lib.common.rest_client [req-54cc5673-887b-4c22-8a29-1f5bb147e1c5 req-54cc5673-887b-4c22-8a29-1f5bb147e1c5 ] Request (MigrationsAdminTest:test_resize_server_revert_deleted_flavor): 200 GET http://10.180.1.21/compute/v2.1/servers/95bfb4ce-98ae-456d-8c7c-3bc6edfdd475 0.560s
2024-08-28 09:11:15.272 62253 INFO tempest.lib.common.rest_client [req-34d4656f-d307-464a-bd2e-ac9a696433c1 req-34d4656f-d307-464a-bd2e-ac9a696433c1 ] Request (AttachInterfacesUnderV243Test:test_add_remove_fixed_ip): 200 GET http://10.180.1.21/compute/v2.1/servers/81971040-7836-4cb8-9064-952310391b4a/ips 0.564s
2024-08-28 09:11:15.316 62219 INFO tempest.lib.common.rest_client [req-ad49135c-ed20-456d-84ea-2b542f4cd71b req-ad49135c-ed20-456d-84ea-2b542f4cd71b ] Request (ServersTestJSON:tearDownClass): 200 GET http://10.180.1.21/compute/v2.1/servers/10117be5-70f2-4f62-81dd-3732ba3bb70c 0.673s
2024-08-28 09:11:15.319 62249 INFO tempest.lib.common.rest_client [req-6016aad4-765d-4b6b-91c6-f24345c96bd7 req-6016aad4-765d-4b6b-91c6-f24345c96bd7 ] Request (VolumesAdminNegativeTest:_run_cleanups): 200 GET http://10.180.1.21/compute/v2.1/servers/d0816f49-cd5c-40d4-b49a-8d5b76321153/os-volume_attachments 0.461s
2024-08-28 09:11:15.356 62249 INFO tempest.lib.common.rest_client [req-7fd27acc-c93d-4508-b83c-2ff60f9116a8 req-7fd27acc-c93d-4508-b83c-2ff60f9116a8 ] Request (VolumesAdminNegativeTest:_run_cleanups): 200 GET http://10.180.1.21/volume/v3/6c91d2dd5dfb42c9aa0d6980680c129a/volumes/3ec1c961-a81d-4cb2-a318-27afd1b7c92f 0.036s
2024-08-28 09:11:15.362 62249 INFO tempest.common.waiters [-] volume 3ec1c961-a81d-4cb2-a318-27afd1b7c92f reached available after waiting for 0.362451 seconds
2024-08-28 09:11:15.388 62217 INFO tempest.lib.common.rest_client [req-2369946c-79ca-4991-bb56-33d912dce833 req-2369946c-79ca-4991-bb56-33d912dce833 ] Request (ServerActionsTestJSON:test_lock_unlock_server): 202 POST http://10.180.1.21/compute/v2.1/servers/bedcdb7c-216f-4248-b5ac-1c71471c4c07/action 0.377s
2024-08-28 09:11:15.408 62211 INFO tempest.lib.common.rest_client [req-04df7aa9-7b3a-4c2c-ad6a-425f039bfc7a req-04df7aa9-7b3a-4c2c-ad6a-425f039bfc7a ] Request (TenantUsagesTestJSON:test_get_usage_tenant_with_non_admin_user): 200 GET http://10.180.1.21/compute/v2.1/os-simple-tenant-usage/b693ed37401a4be9a4a8008db43e5a79?start=2024-08-27T09%3A11%3A14.506190&end=2024-08-29T09%3A11%3A14.506190 0.205s
2024-08-28 09:11:15.446 62249 INFO tempest.lib.common.rest_client [req-b215f546-6a9e-40b5-9c6a-da9d5e4cb23d req-b215f546-6a9e-40b5-9c6a-da9d5e4cb23d ] Request (VolumesAdminNegativeTest:test_update_attached_volume_with_nonexistent_volume_in_uri): 201 POST http://10.180.1.21/identity/v3/auth/tokens 0.076s
2024-08-28 09:11:15.447 62249 INFO tempest.lib.common.fixed_network [-] (VolumesAdminNegativeTest:test_update_attached_volume_with_nonexistent_volume_in_uri) Found network {'id': 'e57ed75d-43c9-4ffb-89cc-c799527765f5', 'name': 'tempest-VolumesAdminNegativeTest-699466692-network', 'tenant_id': '6c91d2dd5dfb42c9aa0d6980680c129a', 'admin_state_up': True, 'mtu': 8950, 'status': 'ACTIVE', 'subnets': [], 'shared': False, 'project_id': '6c91d2dd5dfb42c9aa0d6980680c129a', 'port_security_enabled': True, 'router:external': False, 'provider:network_type': 'vlan', 'provider:physical_network': 'default', 'provider:segmentation_id': 991, 'is_default': False, 'availability_zone_hints': [], 'availability_zones': [], 'ipv4_address_scope': None, 'ipv6_address_scope': None, 'description': '', 'tags': [], 'created_at': '2024-08-28T09:08:33Z', 'updated_at': '2024-08-28T09:08:33Z', 'revision_number': 1} available for tenant
2024-08-28 09:11:15.483 62241 INFO tempest.lib.common.rest_client [req-02a2208c-10a6-4bd9-b85a-21f3366360ba req-02a2208c-10a6-4bd9-b85a-21f3366360ba ] Request (ServersV294TestFqdnHostnames:tearDownClass): 200 GET http://10.180.1.21/compute/v2.1/servers/24755d96-be25-477d-8022-bbae4e33ab89 0.241s
2024-08-28 09:11:15.542 62251 INFO tempest.lib.common.rest_client [req-0fab8c35-bcdb-4f27-a5c6-d010d116bdd6 req-0fab8c35-bcdb-4f27-a5c6-d010d116bdd6 ] Request (ImagesTestJSON:test_create_image_from_suspended_server): 200 GET http://10.180.1.21/compute/v2.1/servers/a6e2330c-ba68-4df4-9e16-b536efe54c94 0.224s
2024-08-28 09:11:15.553 62251 INFO tempest.common.waiters [-] State transition "BUILD/scheduling" ==> "BUILD/None" after 25 second wait
2024-08-28 09:11:15.583 62217 INFO tempest.lib.common.rest_client [req-57410a6b-8037-4322-9d41-0202471c7a55 req-57410a6b-8037-4322-9d41-0202471c7a55 ] Request (ServerActionsTestJSON:test_lock_unlock_server): 202 POST http://10.180.1.21/compute/v2.1/servers/bedcdb7c-216f-4248-b5ac-1c71471c4c07/action 0.195s
2024-08-28 09:11:15.594 62203 INFO tempest.lib.common.rest_client [req-43fc6bbe-43d5-4c3b-a8c3-1cc250e3f595 req-43fc6bbe-43d5-4c3b-a8c3-1cc250e3f595 ] Request (ServerActionsV293TestJSON:setUpClass): 200 GET http://10.180.1.21/compute/v2.1/servers/ff9c99c7-43b2-479e-a171-269edf1aa75d 0.696s
2024-08-28 09:11:15.646 62257 INFO paramiko.transport [-] Connected (version 2.0, client dropbear_2020.81)
2024-08-28 09:11:15.647 62211 INFO tempest.lib.common.rest_client [req-54ddd10b-e06d-4446-a289-5e29650a9351 req-54ddd10b-e06d-4446-a289-5e29650a9351 ] Request (TenantUsagesTestJSON:test_list_usage_all_tenants): 200 GET http://10.180.1.21/compute/v2.1/os-simple-tenant-usage?start=2024-08-27T09%3A11%3A14.506190&end=2024-08-29T09%3A11%3A14.506190&detailed=1 0.229s
2024-08-28 09:11:15.719 62237 WARNING tempest.lib.common.ssh [-] Failed to establish authenticated ssh connection to cirros@10.180.180.178 ([Errno None] Unable to connect to port 22 on 10.180.180.178). Number attempts: 4. Retry after 5 seconds.: paramiko.ssh_exception.NoValidConnectionsError: [Errno None] Unable to connect to port 22 on 10.180.180.178
2024-08-28 09:11:15.739 62244 INFO tempest.lib.common.rest_client [req-c0329e5c-78c2-47f2-aa9b-a46ba24d8441 req-c0329e5c-78c2-47f2-aa9b-a46ba24d8441 ] Request (AttachInterfacesTestJSON:test_create_list_show_delete_interfaces_by_fixed_ip): 200 GET http://10.180.1.21/compute/v2.1/servers/66396ef9-04a2-4c50-9f3a-c1a398aa36de/os-interface 0.186s
2024-08-28 09:11:15.747 62257 INFO paramiko.transport [-] Authentication (publickey) successful!
2024-08-28 09:11:15.747 62257 INFO tempest.lib.common.ssh [-] ssh connection to cirros@10.180.180.241 successfully created
2024-08-28 09:11:15.838 62217 INFO tempest.lib.common.rest_client [req-b14ecb76-5c3c-4ca7-8045-8e5448f1925f req-b14ecb76-5c3c-4ca7-8045-8e5448f1925f ] Request (ServerActionsTestJSON:test_lock_unlock_server): 200 GET http://10.180.1.21/compute/v2.1/servers/bedcdb7c-216f-4248-b5ac-1c71471c4c07 0.255s
2024-08-28 09:11:15.898 62235 INFO tempest.lib.common.rest_client [req-6ed2a20b-8bfa-48e0-95e1-143dbbae545d req-6ed2a20b-8bfa-48e0-95e1-143dbbae545d ] Request (AttachInterfacesV270Test:tearDownClass): 200 GET http://10.180.1.21/compute/v2.1/servers/e0348208-2098-4071-97a4-29407a95cd3a 0.312s
2024-08-28 09:11:15.912 62249 INFO tempest.lib.common.rest_client [req-1f092988-48b3-4d57-836d-8ab5bfe93185 req-1f092988-48b3-4d57-836d-8ab5bfe93185 ] Request (VolumesAdminNegativeTest:test_update_attached_volume_with_nonexistent_volume_in_uri): 202 POST http://10.180.1.21/compute/v2.1/servers 0.465s
2024-08-28 09:11:15.944 62259 INFO tempest.lib.common.rest_client [req-7e1f58e7-e826-4c15-92df-7013537a7d1b req-7e1f58e7-e826-4c15-92df-7013537a7d1b ] Request (DeleteServersTestJSON:test_delete_server_while_in_attached_volume): 200 GET http://10.180.1.21/compute/v2.1/servers/383cc933-2136-421f-85cc-e12f1743bd67 0.328s
2024-08-28 09:11:15.984 62211 INFO tempest.lib.common.rest_client [req-59f40be1-eae8-4316-95d0-2e36ca3cecb9 req-59f40be1-eae8-4316-95d0-2e36ca3cecb9 ] Request (TenantUsagesTestJSON:tearDownClass): 204 DELETE http://10.180.1.21/compute/v2.1/servers/dec63d6c-0b9e-474b-a09a-9420d9d8d366 0.318s
2024-08-28 09:11:15.994 62245 INFO tempest.lib.common.rest_client [req-0be39fde-4bc0-43b0-b548-ba6035353c9f req-0be39fde-4bc0-43b0-b548-ba6035353c9f ] Request (ServerTagsTestJSON:setUpClass): 200 GET http://10.180.1.21/compute/v2.1/servers/8ffa8a2e-f035-483a-86a1-349588495b66 0.320s
2024-08-28 09:11:16.015 62257 INFO tempest.lib.common.rest_client [req-8cea95a5-6254-49d5-8535-269fee7fd843 req-8cea95a5-6254-49d5-8535-269fee7fd843 ] Request (AttachVolumeTestJSON:test_attach_detach_volume): 200 GET http://10.180.1.21/compute/v2.1/servers/ec50aa6a-44ae-42f3-99a9-6831c832aca3/ips 0.267s
2024-08-28 09:11:16.017 62257 INFO tempest.lib.common.ssh [-] Creating ssh connection to '10.180.180.241:22' as 'cirros' with public key authentication
2024-08-28 09:11:16.020 62257 INFO paramiko.transport [-] Connected (version 2.0, client dropbear_2020.81)
2024-08-28 09:11:16.044 62207 INFO tempest.lib.common.rest_client [req-8b820b5b-4c62-4bb3-bf7d-baa403843bc8 req-8b820b5b-4c62-4bb3-bf7d-baa403843bc8 ] Request (ServersAdmin275Test:tearDownClass): 200 GET http://10.180.1.21/compute/v2.1/servers/43ff8e5b-054c-452a-92c0-21a2a39ea2a2 0.342s
2024-08-28 09:11:16.080 62197 INFO tempest.lib.common.rest_client [req-b9b60603-6981-47b1-8c78-2dedc2ae7d47 req-b9b60603-6981-47b1-8c78-2dedc2ae7d47 ] Request (FloatingIPsAssociationTestJSON:tearDownClass): 200 GET http://10.180.1.21/compute/v2.1/servers/ea093293-99fb-4412-ac10-68d63bfc0229 0.290s
2024-08-28 09:11:16.119 62257 INFO paramiko.transport [-] Authentication (publickey) successful!
2024-08-28 09:11:16.120 62257 INFO tempest.lib.common.ssh [-] ssh connection to cirros@10.180.180.241 successfully created
2024-08-28 09:11:16.120 62257 INFO tempest.lib.common.ssh [-] Creating ssh connection to '10.180.180.241:22' as 'cirros' with public key authentication
2024-08-28 09:11:16.123 62257 INFO paramiko.transport [-] Connected (version 2.0, client dropbear_2020.81)
2024-08-28 09:11:16.143 62229 INFO tempest.lib.common.rest_client [req-e28404fd-6fd0-42a8-aee3-c81087cc46ef req-e28404fd-6fd0-42a8-aee3-c81087cc46ef ] Request (ServerRescueNegativeTestJSON:setUpClass): 200 GET http://10.180.1.21/compute/v2.1/servers/848b35ff-62f5-4e83-a5de-aab6fbbdd00a 0.275s
2024-08-28 09:11:16.178 62257 INFO paramiko.transport [-] Authentication (publickey) successful!
2024-08-28 09:11:16.179 62257 INFO tempest.lib.common.ssh [-] ssh connection to cirros@10.180.180.241 successfully created
2024-08-28 09:11:16.213 62221 INFO tempest.lib.common.rest_client [req-f4a84362-9176-4bac-9992-4547a2c0535c req-f4a84362-9176-4bac-9992-4547a2c0535c ] Request (ServerRescueTestJSON:setUpClass): 200 GET http://10.180.1.21/compute/v2.1/servers/e94b6c33-7bfb-4aae-b619-c7da2201cb92 0.332s
2024-08-28 09:11:16.220 62247 INFO tempest.lib.common.rest_client [req-45530f9a-9709-4e56-9601-0a060983987b req-45530f9a-9709-4e56-9601-0a060983987b ] Request (ListServerFiltersTestJSON:setUpClass): 200 GET http://10.180.1.21/compute/v2.1/servers/315c4d67-8e15-47d8-8943-8d10fc746815 0.407s
2024-08-28 09:11:16.277 62249 INFO tempest.lib.common.rest_client [req-bac36bd6-cd54-4819-909f-a635bbc97a34 req-bac36bd6-cd54-4819-909f-a635bbc97a34 ] Request (VolumesAdminNegativeTest:test_update_attached_volume_with_nonexistent_volume_in_uri): 200 GET http://10.180.1.21/compute/v2.1/servers/75f20950-215e-4694-9cd3-ac93bcbf6bb3 0.363s
2024-08-28 09:11:16.298 62225 INFO tempest.lib.common.rest_client [req-024ba59d-ccd9-4f87-bcfc-60e135e043c8 req-024ba59d-ccd9-4f87-bcfc-60e135e043c8 ] Request (ServersAdminTestJSON:test_inject_network_info): 200 GET http://10.180.1.21/compute/v2.1/servers/23113c8f-b140-44c0-a14d-cce598fa237d 0.366s
2024-08-28 09:11:16.332 62223 INFO tempest.lib.common.rest_client [req-1da1e73a-cc68-4945-be7a-ef8db1032ebd req-1da1e73a-cc68-4945-be7a-ef8db1032ebd ] Request (ServersWithSpecificFlavorTestJSON:test_verify_created_server_ephemeral_disk): 200 GET http://10.180.1.21/compute/v2.1/servers/ddbb6a66-587a-4c5f-8268-bcffdab6c9b5 0.362s
2024-08-28 09:11:16.338 62223 INFO tempest.common.waiters [-] State transition "BUILD/scheduling" ==> "BUILD/None" after 25 second wait
2024-08-28 09:11:16.368 62257 INFO tempest.lib.common.rest_client [req-94c525ba-3191-45a8-86a7-61bcb442e1c4 req-94c525ba-3191-45a8-86a7-61bcb442e1c4 ] Request (AttachVolumeTestJSON:test_attach_detach_volume): 202 POST http://10.180.1.21/volume/v3/11db1f5ce1704bd3b416ab2d17b42043/volumes 0.182s
2024-08-28 09:11:16.385 62215 INFO tempest.lib.common.rest_client [req-82c80e3e-3908-4849-8a3e-dfc09e9b132f req-82c80e3e-3908-4849-8a3e-dfc09e9b132f ] Request (MultipleCreateTestJSON:test_multiple_create): 200 GET http://10.180.1.21/compute/v2.1/servers/170857f7-9f06-4c46-b09a-804adc3da02d 0.397s
2024-08-28 09:11:16.400 62257 INFO tempest.lib.common.rest_client [req-4d15d894-3d0c-41d3-b0b8-98af1a6c79e5 req-4d15d894-3d0c-41d3-b0b8-98af1a6c79e5 ] Request (AttachVolumeTestJSON:test_attach_detach_volume): 200 GET http://10.180.1.21/volume/v3/11db1f5ce1704bd3b416ab2d17b42043/volumes/10057e2b-c85d-4b47-ba1b-c1dbea5c44c7 0.025s
2024-08-28 09:11:16.422 62211 INFO tempest.lib.common.rest_client [req-6f8bcccb-b342-4e39-9a13-af33a583efef req-6f8bcccb-b342-4e39-9a13-af33a583efef ] Request (TenantUsagesTestJSON:tearDownClass): 200 GET http://10.180.1.21/compute/v2.1/servers/dec63d6c-0b9e-474b-a09a-9420d9d8d366 0.438s
2024-08-28 09:11:16.445 62233 INFO tempest.lib.common.rest_client [req-028c83e4-6155-47e9-8a65-a76cde94da8b req-028c83e4-6155-47e9-8a65-a76cde94da8b ] Request (ServersNegativeTestMultiTenantJSON:tearDownClass): 200 GET http://10.180.1.21/compute/v2.1/servers/7bb2c3a0-82ae-401e-991e-d3c0b0ab2ec5 0.355s
2024-08-28 09:11:16.478 62239 INFO tempest.lib.common.rest_client [req-3b1e9dd8-8487-4f5b-b4a7-6da4e459ea3a req-3b1e9dd8-8487-4f5b-b4a7-6da4e459ea3a ] Request (ImagesOneServerNegativeTestJSON:setUpClass): 200 GET http://10.180.1.21/compute/v2.1/servers/51fff2cd-efe8-48c6-8fc7-12ca2d0a6c88 0.335s
2024-08-28 09:11:16.505 62201 INFO tempest.lib.common.rest_client [req-7a0dca99-87a6-4acf-8232-d4a38754ca25 req-7a0dca99-87a6-4acf-8232-d4a38754ca25 ] Request (MigrationsAdminTest:test_resize_server_revert_deleted_flavor): 200 GET http://10.180.1.21/compute/v2.1/servers/95bfb4ce-98ae-456d-8c7c-3bc6edfdd475 0.248s
2024-08-28 09:11:16.511 62253 INFO tempest.lib.common.rest_client [req-b74dabe5-8caa-45e8-a92b-116507722c1e req-b74dabe5-8caa-45e8-a92b-116507722c1e ] Request (AttachInterfacesUnderV243Test:test_add_remove_fixed_ip): 200 GET http://10.180.1.21/compute/v2.1/servers/81971040-7836-4cb8-9064-952310391b4a/ips 0.237s
2024-08-28 09:11:16.564 62219 INFO tempest.lib.common.rest_client [req-f8930c8b-2350-4240-b802-3083ad2f58e5 req-f8930c8b-2350-4240-b802-3083ad2f58e5 ] Request (ServersTestJSON:tearDownClass): 200 GET http://10.180.1.21/compute/v2.1/servers/10117be5-70f2-4f62-81dd-3732ba3bb70c 0.241s
2024-08-28 09:11:16.574 62241 INFO tempest.lib.common.rest_client [req-7e0d9861-5b96-48f9-bb80-5fa47cd43c3f req-7e0d9861-5b96-48f9-bb80-5fa47cd43c3f ] Request (ServersV294TestFqdnHostnames:tearDownClass): 200 GET http://10.180.1.21/compute/v2.1/servers/24755d96-be25-477d-8022-bbae4e33ab89 0.067s
2024-08-28 09:11:16.583 62241 INFO tempest.common.waiters [-] State transition "ACTIVE/deleting" ==> "DELETED/None" after 4 second wait
2024-08-28 09:11:16.626 62251 INFO tempest.lib.common.rest_client [req-61a1120b-376d-4596-88af-fa1f60a61f0e req-61a1120b-376d-4596-88af-fa1f60a61f0e ] Request (ImagesTestJSON:test_create_image_from_suspended_server): 200 GET http://10.180.1.21/compute/v2.1/servers/a6e2330c-ba68-4df4-9e16-b536efe54c94 0.071s
2024-08-28 09:11:16.739 62203 INFO tempest.lib.common.rest_client [req-fc31c492-dcde-4e5c-b003-a077fb26a30b req-fc31c492-dcde-4e5c-b003-a077fb26a30b ] Request (ServerActionsV293TestJSON:setUpClass): 200 GET http://10.180.1.21/compute/v2.1/servers/ff9c99c7-43b2-479e-a171-269edf1aa75d 0.137s
2024-08-28 09:11:16.790 62253 INFO tempest.lib.common.rest_client [req-4a7277fc-f607-43eb-9c0a-32d62169f9ef req-4a7277fc-f607-43eb-9c0a-32d62169f9ef ] Request (AttachInterfacesUnderV243Test:test_add_remove_fixed_ip): 200 GET http://10.180.1.21/compute/v2.1/servers/81971040-7836-4cb8-9064-952310391b4a 0.277s
2024-08-28 09:11:16.839 62253 INFO tempest.lib.common.rest_client [req-8e027a25-8da6-4ca2-ab65-f36e349ba011 req-8e027a25-8da6-4ca2-ab65-f36e349ba011 ] Request (AttachInterfacesUnderV243Test:test_add_remove_fixed_ip): 202 POST http://10.180.1.21/compute/v2.1/servers/81971040-7836-4cb8-9064-952310391b4a/action 0.041s
2024-08-28 09:11:16.848 62244 INFO tempest.lib.common.rest_client [req-3bdeff4c-6aa0-4add-b1cc-d4b2e9414daa req-3bdeff4c-6aa0-4add-b1cc-d4b2e9414daa ] Request (AttachInterfacesTestJSON:test_create_list_show_delete_interfaces_by_fixed_ip): 200 GET http://10.180.1.21/compute/v2.1/servers/66396ef9-04a2-4c50-9f3a-c1a398aa36de/os-interface 0.107s
2024-08-28 09:11:16.879 62253 INFO tempest.lib.common.rest_client [req-363193af-b0bc-4d01-94de-c335dc412846 req-363193af-b0bc-4d01-94de-c335dc412846 ] Request (AttachInterfacesUnderV243Test:test_add_remove_fixed_ip): 200 GET http://10.180.1.21/compute/v2.1/servers/81971040-7836-4cb8-9064-952310391b4a/ips 0.040s
2024-08-28 09:11:16.985 62217 INFO tempest.lib.common.rest_client [req-bfedb492-5262-42f8-8500-082d6a8af84b req-bfedb492-5262-42f8-8500-082d6a8af84b ] Request (ServerActionsTestJSON:test_lock_unlock_server): 200 GET http://10.180.1.21/compute/v2.1/servers/bedcdb7c-216f-4248-b5ac-1c71471c4c07 0.138s
2024-08-28 09:11:16.992 62235 INFO tempest.lib.common.rest_client [req-bf6bc874-495c-4de5-977f-8c9998a3b883 req-bf6bc874-495c-4de5-977f-8c9998a3b883 ] Request (AttachInterfacesV270Test:tearDownClass): 200 GET http://10.180.1.21/compute/v2.1/servers/e0348208-2098-4071-97a4-29407a95cd3a 0.079s
2024-08-28 09:11:17.067 62245 INFO tempest.lib.common.rest_client [req-5228830a-283f-4c39-9412-8500f86387b1 req-5228830a-283f-4c39-9412-8500f86387b1 ] Request (ServerTagsTestJSON:setUpClass): 200 GET http://10.180.1.21/compute/v2.1/servers/8ffa8a2e-f035-483a-86a1-349588495b66 0.064s
2024-08-28 09:11:17.143 62259 INFO tempest.lib.common.rest_client [req-c3982101-1eaf-47bf-938b-d2f60d7a03a0 req-c3982101-1eaf-47bf-938b-d2f60d7a03a0 ] Request (DeleteServersTestJSON:test_delete_server_while_in_attached_volume): 200 GET http://10.180.1.21/compute/v2.1/servers/383cc933-2136-421f-85cc-e12f1743bd67 0.193s
2024-08-28 09:11:17.153 62207 INFO tempest.lib.common.rest_client [req-a9750a89-5490-48ed-8841-881522ca52d9 req-a9750a89-5490-48ed-8841-881522ca52d9 ] Request (ServersAdmin275Test:tearDownClass): 200 GET http://10.180.1.21/compute/v2.1/servers/43ff8e5b-054c-452a-92c0-21a2a39ea2a2 0.100s
2024-08-28 09:11:17.157 62259 INFO tempest.common.waiters [-] State transition "BUILD/None" ==> "BUILD/block_device_mapping" after 68 second wait
2024-08-28 09:11:17.213 62229 INFO tempest.lib.common.rest_client [req-5388c1b8-d33a-4800-a3c7-68e1af5cc85b req-5388c1b8-d33a-4800-a3c7-68e1af5cc85b ] Request (ServerRescueNegativeTestJSON:setUpClass): 200 GET http://10.180.1.21/compute/v2.1/servers/848b35ff-62f5-4e83-a5de-aab6fbbdd00a 0.062s
2024-08-28 09:11:17.231 62197 INFO tempest.lib.common.rest_client [req-4147b376-0bea-49bd-819a-012f82a04971 req-4147b376-0bea-49bd-819a-012f82a04971 ] Request (FloatingIPsAssociationTestJSON:tearDownClass): 200 GET http://10.180.1.21/compute/v2.1/servers/ea093293-99fb-4412-ac10-68d63bfc0229 0.143s
2024-08-28 09:11:17.277 62221 INFO tempest.lib.common.rest_client [req-641e5060-af8d-4888-9a5d-3f9853f8381e req-641e5060-af8d-4888-9a5d-3f9853f8381e ] Request (ServerRescueTestJSON:setUpClass): 200 GET http://10.180.1.21/compute/v2.1/servers/e94b6c33-7bfb-4aae-b619-c7da2201cb92 0.054s
2024-08-28 09:11:17.339 62249 INFO tempest.lib.common.rest_client [req-2a64c436-2f60-455f-8b45-42bf63fa4983 req-2a64c436-2f60-455f-8b45-42bf63fa4983 ] Request (VolumesAdminNegativeTest:test_update_attached_volume_with_nonexistent_volume_in_uri): 200 GET http://10.180.1.21/compute/v2.1/servers/75f20950-215e-4694-9cd3-ac93bcbf6bb3 0.051s
2024-08-28 09:11:17.342 62247 INFO tempest.lib.common.rest_client [req-457eb9ff-49d4-40b3-ac01-e46c98be26d6 req-457eb9ff-49d4-40b3-ac01-e46c98be26d6 ] Request (ListServerFiltersTestJSON:setUpClass): 200 GET http://10.180.1.21/compute/v2.1/servers/315c4d67-8e15-47d8-8943-8d10fc746815 0.114s
2024-08-28 09:11:17.413 62225 INFO tempest.lib.common.rest_client [req-3cad5bb7-af22-4cf5-bd81-1784fd6f9a55 req-3cad5bb7-af22-4cf5-bd81-1784fd6f9a55 ] Request (ServersAdminTestJSON:test_inject_network_info): 200 GET http://10.180.1.21/compute/v2.1/servers/23113c8f-b140-44c0-a14d-cce598fa237d 0.105s
2024-08-28 09:11:17.414 62223 INFO tempest.lib.common.rest_client [req-b1753d8f-1524-4bc1-8b0c-c9d75ee47120 req-b1753d8f-1524-4bc1-8b0c-c9d75ee47120 ] Request (ServersWithSpecificFlavorTestJSON:test_verify_created_server_ephemeral_disk): 200 GET http://10.180.1.21/compute/v2.1/servers/ddbb6a66-587a-4c5f-8268-bcffdab6c9b5 0.075s
2024-08-28 09:11:17.439 62257 INFO tempest.lib.common.rest_client [req-49c3355c-3bd0-44fb-9f2e-248c8fe72ea1 req-49c3355c-3bd0-44fb-9f2e-248c8fe72ea1 ] Request (AttachVolumeTestJSON:test_attach_detach_volume): 200 GET http://10.180.1.21/volume/v3/11db1f5ce1704bd3b416ab2d17b42043/volumes/10057e2b-c85d-4b47-ba1b-c1dbea5c44c7 0.031s
2024-08-28 09:11:17.445 62257 INFO tempest.common.waiters [-] volume 10057e2b-c85d-4b47-ba1b-c1dbea5c44c7 reached available after waiting for 1.445098 seconds
2024-08-28 09:11:17.473 62215 INFO tempest.lib.common.rest_client [req-5e05f69c-5106-43cf-a936-c759e063cd31 req-5e05f69c-5106-43cf-a936-c759e063cd31 ] Request (MultipleCreateTestJSON:test_multiple_create): 200 GET http://10.180.1.21/compute/v2.1/servers/170857f7-9f06-4c46-b09a-804adc3da02d 0.080s
2024-08-28 09:11:17.580 62211 INFO tempest.lib.common.rest_client [req-58767f95-ea79-4c52-9c8e-f88c048cf7ee req-58767f95-ea79-4c52-9c8e-f88c048cf7ee ] Request (TenantUsagesTestJSON:tearDownClass): 200 GET http://10.180.1.21/compute/v2.1/servers/dec63d6c-0b9e-474b-a09a-9420d9d8d366 0.151s
2024-08-28 09:11:17.645 62233 INFO tempest.lib.common.rest_client [req-3980bf5c-4b1a-4e5d-ba1d-7a9ecc92964d req-3980bf5c-4b1a-4e5d-ba1d-7a9ecc92964d ] Request (ServersNegativeTestMultiTenantJSON:tearDownClass): 200 GET http://10.180.1.21/compute/v2.1/servers/7bb2c3a0-82ae-401e-991e-d3c0b0ab2ec5 0.191s
2024-08-28 09:11:17.691 62239 INFO tempest.lib.common.rest_client [req-0ba8a8d7-879a-4d4e-890b-32a6b9568c13 req-0ba8a8d7-879a-4d4e-890b-32a6b9568c13 ] Request (ImagesOneServerNegativeTestJSON:setUpClass): 200 GET http://10.180.1.21/compute/v2.1/servers/51fff2cd-efe8-48c6-8fc7-12ca2d0a6c88 0.204s
2024-08-28 09:11:17.740 62201 INFO tempest.lib.common.rest_client [req-ba6343ce-f0dd-4dd5-9fce-8aa6c86f0efc req-ba6343ce-f0dd-4dd5-9fce-8aa6c86f0efc ] Request (MigrationsAdminTest:test_resize_server_revert_deleted_flavor): 200 GET http://10.180.1.21/compute/v2.1/servers/95bfb4ce-98ae-456d-8c7c-3bc6edfdd475 0.224s
2024-08-28 09:11:17.798 62219 INFO tempest.lib.common.rest_client [req-adad0307-dfcd-419f-9bf9-a146af440f8b req-adad0307-dfcd-419f-9bf9-a146af440f8b ] Request (ServersTestJSON:tearDownClass): 200 GET http://10.180.1.21/compute/v2.1/servers/10117be5-70f2-4f62-81dd-3732ba3bb70c 0.226s
2024-08-28 09:11:17.806 62219 INFO tempest.common.waiters [-] State transition "ACTIVE/deleting" ==> "DELETED/None" after 4 second wait
2024-08-28 09:11:17.859 62241 INFO tempest.lib.common.rest_client [req-d5c93254-042f-4720-8f63-092433409e51 req-d5c93254-042f-4720-8f63-092433409e51 ] Request (ServersV294TestFqdnHostnames:tearDownClass): 200 GET http://10.180.1.21/compute/v2.1/servers/24755d96-be25-477d-8022-bbae4e33ab89 0.276s
2024-08-28 09:11:17.903 62251 INFO tempest.lib.common.rest_client [req-22fdfe04-bdd9-437b-8b50-d7b66557ebec req-22fdfe04-bdd9-437b-8b50-d7b66557ebec ] Request (ImagesTestJSON:test_create_image_from_suspended_server): 200 GET http://10.180.1.21/compute/v2.1/servers/a6e2330c-ba68-4df4-9e16-b536efe54c94 0.270s
2024-08-28 09:11:18.329 62203 INFO tempest.lib.common.rest_client [req-24624255-731c-48af-a0ce-6b9f9b26cc8f req-24624255-731c-48af-a0ce-6b9f9b26cc8f ] Request (ServerActionsV293TestJSON:setUpClass): 200 GET http://10.180.1.21/compute/v2.1/servers/ff9c99c7-43b2-479e-a171-269edf1aa75d 0.580s
2024-08-28 09:11:18.340 62203 INFO tempest.common.waiters [-] State transition "BUILD/spawning" ==> "ACTIVE/None" after 78 second wait
2024-08-28 09:11:18.406 62244 INFO tempest.lib.common.rest_client [req-f14d4f50-7939-4772-ba22-e2af4e317ca6 req-f14d4f50-7939-4772-ba22-e2af4e317ca6 ] Request (AttachInterfacesTestJSON:test_create_list_show_delete_interfaces_by_fixed_ip): 200 GET http://10.180.1.21/compute/v2.1/servers/66396ef9-04a2-4c50-9f3a-c1a398aa36de/os-interface 0.555s
2024-08-28 09:11:18.431 62253 INFO tempest.lib.common.rest_client [req-079550c0-5397-4d43-99d7-d5a261f5b089 req-079550c0-5397-4d43-99d7-d5a261f5b089 ] Request (AttachInterfacesUnderV243Test:test_add_remove_fixed_ip): 200 GET http://10.180.1.21/compute/v2.1/servers/81971040-7836-4cb8-9064-952310391b4a/ips 0.549s
2024-08-28 09:11:18.550 62217 INFO tempest.lib.common.rest_client [req-fb4bf68f-255c-4100-8c13-bc14e190be3f req-fb4bf68f-255c-4100-8c13-bc14e190be3f ] Request (ServerActionsTestJSON:test_lock_unlock_server): 200 GET http://10.180.1.21/compute/v2.1/servers/bedcdb7c-216f-4248-b5ac-1c71471c4c07 0.557s
2024-08-28 09:11:18.557 62217 INFO tempest.common.waiters [-] State transition "ACTIVE/powering-off" ==> "SHUTOFF/None" after 3 second wait
2024-08-28 09:11:18.602 62235 INFO tempest.lib.common.rest_client [req-2ac63d37-c0a5-4420-949b-8dc10693d0a8 req-2ac63d37-c0a5-4420-949b-8dc10693d0a8 ] Request (AttachInterfacesV270Test:tearDownClass): 200 GET http://10.180.1.21/compute/v2.1/servers/e0348208-2098-4071-97a4-29407a95cd3a 0.601s
2024-08-28 09:11:18.646 62245 INFO tempest.lib.common.rest_client [req-8b050d98-3d73-4be4-9b3a-1a1997710f7e req-8b050d98-3d73-4be4-9b3a-1a1997710f7e ] Request (ServerTagsTestJSON:setUpClass): 200 GET http://10.180.1.21/compute/v2.1/servers/8ffa8a2e-f035-483a-86a1-349588495b66 0.567s
2024-08-28 09:11:18.767 62259 INFO tempest.lib.common.rest_client [req-588cccb5-745e-4409-8066-56e49cc7258e req-588cccb5-745e-4409-8066-56e49cc7258e ] Request (DeleteServersTestJSON:test_delete_server_while_in_attached_volume): 200 GET http://10.180.1.21/compute/v2.1/servers/383cc933-2136-421f-85cc-e12f1743bd67 0.608s
2024-08-28 09:11:18.773 62259 INFO tempest.common.waiters [-] State transition "BUILD/block_device_mapping" ==> "BUILD/spawning" after 69 second wait
2024-08-28 09:11:18.825 62207 INFO tempest.lib.common.rest_client [req-6e01d325-5cde-4609-8a3b-3bad79540d5f req-6e01d325-5cde-4609-8a3b-3bad79540d5f ] Request (ServersAdmin275Test:tearDownClass): 200 GET http://10.180.1.21/compute/v2.1/servers/43ff8e5b-054c-452a-92c0-21a2a39ea2a2 0.659s
2024-08-28 09:11:18.867 62229 INFO tempest.lib.common.rest_client [req-be6d2139-f148-4524-a4e9-3935764d7053 req-be6d2139-f148-4524-a4e9-3935764d7053 ] Request (ServerRescueNegativeTestJSON:setUpClass): 200 GET http://10.180.1.21/compute/v2.1/servers/848b35ff-62f5-4e83-a5de-aab6fbbdd00a 0.646s
2024-08-28 09:11:18.921 62197 INFO tempest.lib.common.rest_client [req-5b158d8e-ff64-4915-9b28-f693fa2f284e req-5b158d8e-ff64-4915-9b28-f693fa2f284e ] Request (FloatingIPsAssociationTestJSON:tearDownClass): 200 GET http://10.180.1.21/compute/v2.1/servers/ea093293-99fb-4412-ac10-68d63bfc0229 0.683s
2024-08-28 09:11:18.971 62221 INFO tempest.lib.common.rest_client [req-13c92e46-7da7-4e86-a2a5-9dda40fde38a req-13c92e46-7da7-4e86-a2a5-9dda40fde38a ] Request (ServerRescueTestJSON:setUpClass): 200 GET http://10.180.1.21/compute/v2.1/servers/e94b6c33-7bfb-4aae-b619-c7da2201cb92 0.686s
2024-08-28 09:11:18.976 62221 INFO tempest.common.waiters [-] State transition "BUILD/None" ==> "BUILD/networking" after 68 second wait
2024-08-28 09:11:19.024 62203 INFO tempest.lib.common.rest_client [req-67820909-4465-4a1f-93f2-4850e9853edc req-67820909-4465-4a1f-93f2-4850e9853edc ] Request (ServerActionsV293TestJSON:setUpClass): 200 GET http://10.180.1.21/compute/v2.1/servers/ff9c99c7-43b2-479e-a171-269edf1aa75d/os-interface 0.683s
2024-08-28 09:11:19.088 62249 INFO tempest.lib.common.rest_client [req-3827f808-2765-4291-8eda-76913159ab0a req-3827f808-2765-4291-8eda-76913159ab0a ] Request (VolumesAdminNegativeTest:test_update_attached_volume_with_nonexistent_volume_in_uri): 200 GET http://10.180.1.21/compute/v2.1/servers/75f20950-215e-4694-9cd3-ac93bcbf6bb3 0.740s
2024-08-28 09:11:19.137 62257 INFO tempest.lib.common.rest_client [req-56649da9-3b94-486c-baa1-3e6184d9cf2b req-56649da9-3b94-486c-baa1-3e6184d9cf2b ] Request (AttachVolumeTestJSON:test_attach_detach_volume): 200 POST http://10.180.1.21/compute/v2.1/servers/ec50aa6a-44ae-42f3-99a9-6831c832aca3/os-volume_attachments 1.692s
2024-08-28 09:11:19.191 62257 INFO tempest.lib.common.rest_client [req-17f0858a-7143-4838-8272-8de40a6932d1 req-17f0858a-7143-4838-8272-8de40a6932d1 ] Request (AttachVolumeTestJSON:test_attach_detach_volume): 200 GET http://10.180.1.21/volume/v3/11db1f5ce1704bd3b416ab2d17b42043/volumes/10057e2b-c85d-4b47-ba1b-c1dbea5c44c7 0.053s
2024-08-28 09:11:19.201 62223 INFO tempest.lib.common.rest_client [req-56d67db3-851c-4839-962b-50be2a332560 req-56d67db3-851c-4839-962b-50be2a332560 ] Request (ServersWithSpecificFlavorTestJSON:test_verify_created_server_ephemeral_disk): 200 GET http://10.180.1.21/compute/v2.1/servers/ddbb6a66-587a-4c5f-8268-bcffdab6c9b5 0.779s
2024-08-28 09:11:19.279 62225 INFO tempest.lib.common.rest_client [req-25a5abca-fa59-4ff8-ab30-461502980dd9 req-25a5abca-fa59-4ff8-ab30-461502980dd9 ] Request (ServersAdminTestJSON:test_inject_network_info): 200 GET http://10.180.1.21/compute/v2.1/servers/23113c8f-b140-44c0-a14d-cce598fa237d 0.855s
2024-08-28 09:11:19.345 62215 INFO tempest.lib.common.rest_client [req-a6e8685d-3f54-4288-a0ef-20fc09d94f61 req-a6e8685d-3f54-4288-a0ef-20fc09d94f61 ] Request (MultipleCreateTestJSON:test_multiple_create): 200 GET http://10.180.1.21/compute/v2.1/servers/170857f7-9f06-4c46-b09a-804adc3da02d 0.864s
2024-08-28 09:11:19.416 62217 INFO tempest.lib.common.rest_client [req-601c923f-8bec-4db7-a624-89b898303bd5 req-601c923f-8bec-4db7-a624-89b898303bd5 ] Request (ServerActionsTestJSON:test_lock_unlock_server): 202 POST http://10.180.1.21/compute/v2.1/servers/bedcdb7c-216f-4248-b5ac-1c71471c4c07/action 0.859s
2024-08-28 09:11:19.418 62247 INFO tempest.lib.common.rest_client [req-a473b47d-1876-430b-a4e5-d8002760cb20 req-a473b47d-1876-430b-a4e5-d8002760cb20 ] Request (ListServerFiltersTestJSON:setUpClass): 200 GET http://10.180.1.21/compute/v2.1/servers/315c4d67-8e15-47d8-8943-8d10fc746815 1.069s
2024-08-28 09:11:19.482 62211 INFO tempest.lib.common.rest_client [req-7537ba99-882d-4da0-8516-e219810861d4 req-7537ba99-882d-4da0-8516-e219810861d4 ] Request (TenantUsagesTestJSON:tearDownClass): 200 GET http://10.180.1.21/compute/v2.1/servers/dec63d6c-0b9e-474b-a09a-9420d9d8d366 0.889s
2024-08-28 09:11:19.493 62211 INFO tempest.common.waiters [-] State transition "ACTIVE/deleting" ==> "DELETED/None" after 3 second wait
2024-08-28 09:11:19.499 62233 INFO tempest.lib.common.rest_client [req-c3fe43c1-2d7b-42f4-b0b8-c0c134fc636f req-c3fe43c1-2d7b-42f4-b0b8-c0c134fc636f ] Request (ServersNegativeTestMultiTenantJSON:tearDownClass): 200 GET http://10.180.1.21/compute/v2.1/servers/7bb2c3a0-82ae-401e-991e-d3c0b0ab2ec5 0.845s
2024-08-28 09:11:19.543 62239 INFO tempest.lib.common.rest_client [req-7db39bb0-61b2-4a7c-b45e-f171a3ba12b0 req-7db39bb0-61b2-4a7c-b45e-f171a3ba12b0 ] Request (ImagesOneServerNegativeTestJSON:setUpClass): 200 GET http://10.180.1.21/compute/v2.1/servers/51fff2cd-efe8-48c6-8fc7-12ca2d0a6c88 0.845s
2024-08-28 09:11:19.562 62201 INFO tempest.lib.common.rest_client [req-944b4145-7c73-451e-9c03-e92b3373eab6 req-944b4145-7c73-451e-9c03-e92b3373eab6 ] Request (MigrationsAdminTest:test_resize_server_revert_deleted_flavor): 200 GET http://10.180.1.21/compute/v2.1/servers/95bfb4ce-98ae-456d-8c7c-3bc6edfdd475 0.815s
2024-08-28 09:11:19.571 62201 INFO tempest.common.waiters [-] State transition "BUILD/scheduling" ==> "BUILD/None" after 21 second wait
2024-08-28 09:11:19.636 62241 INFO tempest.lib.common.rest_client [req-7e0797cd-45e2-446a-a5f3-800bff3175cc req-7e0797cd-45e2-446a-a5f3-800bff3175cc ] Request (ServersV294TestFqdnHostnames:tearDownClass): 200 GET http://10.180.1.21/compute/v2.1/servers/24755d96-be25-477d-8022-bbae4e33ab89 0.768s
2024-08-28 09:11:19.650 62219 INFO tempest.lib.common.rest_client [req-aca7e143-8275-4d91-9b2b-a4c6623f6d33 req-aca7e143-8275-4d91-9b2b-a4c6623f6d33 ] Request (ServersTestJSON:tearDownClass): 200 GET http://10.180.1.21/compute/v2.1/servers/10117be5-70f2-4f62-81dd-3732ba3bb70c 0.842s
2024-08-28 09:11:19.703 62251 INFO tempest.lib.common.rest_client [req-6ed69162-eec2-48b2-b3e7-0d90932043f5 req-6ed69162-eec2-48b2-b3e7-0d90932043f5 ] Request (ImagesTestJSON:test_create_image_from_suspended_server): 200 GET http://10.180.1.21/compute/v2.1/servers/a6e2330c-ba68-4df4-9e16-b536efe54c94 0.793s
2024-08-28 09:11:19.854 62217 INFO tempest.lib.common.rest_client [req-af068691-05b9-40c3-8969-12ce70db70f3 req-af068691-05b9-40c3-8969-12ce70db70f3 ] Request (ServerActionsTestJSON:test_lock_unlock_server): 200 GET http://10.180.1.21/compute/v2.1/servers/bedcdb7c-216f-4248-b5ac-1c71471c4c07 0.437s
2024-08-28 09:11:19.869 62244 INFO tempest.lib.common.rest_client [req-17295bd1-98ff-4e2a-b549-1869e997c541 req-17295bd1-98ff-4e2a-b549-1869e997c541 ] Request (AttachInterfacesTestJSON:test_create_list_show_delete_interfaces_by_fixed_ip): 200 GET http://10.180.1.21/compute/v2.1/servers/66396ef9-04a2-4c50-9f3a-c1a398aa36de/os-interface 0.459s
2024-08-28 09:11:19.888 62253 INFO tempest.lib.common.rest_client [req-bf17b1ac-b51c-4f6d-b4e2-b76a980cd92b req-bf17b1ac-b51c-4f6d-b4e2-b76a980cd92b ] Request (AttachInterfacesUnderV243Test:test_add_remove_fixed_ip): 200 GET http://10.180.1.21/compute/v2.1/servers/81971040-7836-4cb8-9064-952310391b4a/ips 0.453s
2024-08-28 09:11:19.952 62245 INFO tempest.lib.common.rest_client [req-69d86337-a61a-4037-a10c-96f5c4475c54 req-69d86337-a61a-4037-a10c-96f5c4475c54 ] Request (ServerTagsTestJSON:setUpClass): 200 GET http://10.180.1.21/compute/v2.1/servers/8ffa8a2e-f035-483a-86a1-349588495b66 0.299s
2024-08-28 09:11:19.962 62203 INFO tempest.lib.common.rest_client [req-67916aab-520c-44fd-b5d7-57b6353e5e09 req-67916aab-520c-44fd-b5d7-57b6353e5e09 ] Request (ServerActionsV293TestJSON:setUpClass): 200 PUT http://10.180.1.21:9696/networking/v2.0/floatingips/c3589e05-00fe-4f9c-abf9-37c6e8298614 0.936s
2024-08-28 09:11:19.968 62235 INFO tempest.lib.common.rest_client [req-88cfa0d7-a3a5-46f8-8090-d7257c20248b req-88cfa0d7-a3a5-46f8-8090-d7257c20248b ] Request (AttachInterfacesV270Test:tearDownClass): 200 GET http://10.180.1.21/compute/v2.1/servers/e0348208-2098-4071-97a4-29407a95cd3a 0.358s
2024-08-28 09:11:20.043 62207 INFO tempest.lib.common.rest_client [req-b226fb76-cf1e-40ca-8964-f8fc4ae79b93 req-b226fb76-cf1e-40ca-8964-f8fc4ae79b93 ] Request (ServersAdmin275Test:tearDownClass): 200 GET http://10.180.1.21/compute/v2.1/servers/43ff8e5b-054c-452a-92c0-21a2a39ea2a2 0.207s
2024-08-28 09:11:20.079 62259 INFO tempest.lib.common.rest_client [req-2ef60ed9-695d-4083-bb20-4a5a94c7be2e req-2ef60ed9-695d-4083-bb20-4a5a94c7be2e ] Request (DeleteServersTestJSON:test_delete_server_while_in_attached_volume): 200 GET http://10.180.1.21/compute/v2.1/servers/383cc933-2136-421f-85cc-e12f1743bd67 0.305s
2024-08-28 09:11:20.100 62229 INFO tempest.lib.common.rest_client [req-49acc4c8-8bb1-45ce-b6e5-bf3a9eff8291 req-49acc4c8-8bb1-45ce-b6e5-bf3a9eff8291 ] Request (ServerRescueNegativeTestJSON:setUpClass): 200 GET http://10.180.1.21/compute/v2.1/servers/848b35ff-62f5-4e83-a5de-aab6fbbdd00a 0.227s
2024-08-28 09:11:20.185 62253 INFO tempest.lib.common.rest_client [req-9d67a60f-c762-4c91-8604-1c1490912923 req-9d67a60f-c762-4c91-8604-1c1490912923 ] Request (AttachInterfacesUnderV243Test:_run_cleanups): 204 DELETE http://10.180.1.21/compute/v2.1/servers/81971040-7836-4cb8-9064-952310391b4a 0.295s
2024-08-28 09:11:20.196 62197 INFO tempest.lib.common.rest_client [req-533f983f-b52f-452e-9bd0-99395328c00f req-533f983f-b52f-452e-9bd0-99395328c00f ] Request (FloatingIPsAssociationTestJSON:tearDownClass): 200 GET http://10.180.1.21/compute/v2.1/servers/ea093293-99fb-4412-ac10-68d63bfc0229 0.264s
2024-08-28 09:11:20.241 62257 INFO tempest.lib.common.rest_client [req-828c4a91-96ae-485f-96f3-13cd2dadbc1a req-828c4a91-96ae-485f-96f3-13cd2dadbc1a ] Request (AttachVolumeTestJSON:test_attach_detach_volume): 200 GET http://10.180.1.21/volume/v3/11db1f5ce1704bd3b416ab2d17b42043/volumes/10057e2b-c85d-4b47-ba1b-c1dbea5c44c7 0.034s
2024-08-28 09:11:20.328 62203 INFO tempest.lib.common.rest_client [req-74668b8d-efe3-4a24-add2-a1e5170eca79 req-74668b8d-efe3-4a24-add2-a1e5170eca79 ] Request (ServerActionsV293TestJSON:test_rebuild_volume_backed_server): 200 GET http://10.180.1.21/compute/v2.1/servers/ff9c99c7-43b2-479e-a171-269edf1aa75d 0.365s
2024-08-28 09:11:20.373 62221 INFO tempest.lib.common.rest_client [req-177d24f2-feff-4474-8c38-254a516d0264 req-177d24f2-feff-4474-8c38-254a516d0264 ] Request (ServerRescueTestJSON:setUpClass): 200 GET http://10.180.1.21/compute/v2.1/servers/e94b6c33-7bfb-4aae-b619-c7da2201cb92 0.396s
2024-08-28 09:11:20.373 62203 INFO tempest.lib.common.rest_client [req-66e648d3-146f-4eda-bb10-d1e45a7af9f3 req-66e648d3-146f-4eda-bb10-d1e45a7af9f3 ] Request (ServerActionsV293TestJSON:test_rebuild_volume_backed_server): 200 GET http://10.180.1.21/volume/v3/fa210c336da3492d984c52f7a5b54a95/volumes/5dbe69f9-0315-464c-87fe-223b5d87b019 0.033s
2024-08-28 09:11:20.381 62221 INFO tempest.common.waiters [-] State transition "BUILD/networking" ==> "BUILD/spawning" after 70 second wait
2024-08-28 09:11:20.382 62203 INFO tempest.lib.common.ssh [-] Creating ssh connection to '10.180.180.128:22' as 'cirros' with public key authentication
