2024-08-28 09:10:59.684 62215 INFO tempest.lib.common.rest_client [req-1d905022-4f5f-4597-98d3-de5831343584 req-1d905022-4f5f-4597-98d3-de5831343584 ] Request (MultipleCreateTestJSON:test_multiple_create): 200 GET http://10.180.1.21/compute/v2.1/servers/170857f7-9f06-4c46-b09a-804adc3da02d 0.181s
2024-08-28 09:10:59.712 62233 INFO tempest.lib.common.rest_client [req-af8924fb-f2dc-437a-9fac-c02c83e293ae req-af8924fb-f2dc-437a-9fac-c02c83e293ae ] Request (ServersNegativeTestMultiTenantJSON:tearDownClass): 200 GET http://10.180.1.21/compute/v2.1/servers/7bb2c3a0-82ae-401e-991e-d3c0b0ab2ec5 0.198s
2024-08-28 09:10:59.739 62239 INFO tempest.lib.common.rest_client [req-2557a66f-71a5-47c5-8841-2f568c709c03 req-2557a66f-71a5-47c5-8841-2f568c709c03 ] Request (ImagesOneServerNegativeTestJSON:setUpClass): 200 GET http://10.180.1.21/compute/v2.1/servers/51fff2cd-efe8-48c6-8fc7-12ca2d0a6c88 0.161s
2024-08-28 09:10:59.776 62249 INFO tempest.lib.common.rest_client [req-87e531d4-d010-44b2-914b-6c5359801563 req-87e531d4-d010-44b2-914b-6c5359801563 ] Request (VolumesAdminNegativeTest:test_update_attached_volume_with_nonexistent_volume_in_body): 200 GET http://10.180.1.21/volume/v3/6c91d2dd5dfb42c9aa0d6980680c129a/volumes/3ec1c961-a81d-4cb2-a318-27afd1b7c92f 0.025s
2024-08-28 09:10:59.782 62249 INFO tempest.common.waiters [-] volume 3ec1c961-a81d-4cb2-a318-27afd1b7c92f reached available after waiting for 1.782243 seconds
2024-08-28 09:10:59.997 62201 INFO tempest.lib.common.rest_client [req-f0eef6a4-05fe-421a-a203-31b0d41140e6 req-f0eef6a4-05fe-421a-a203-31b0d41140e6 ] Request (MigrationsAdminTest:test_resize_server_revert_deleted_flavor): 200 GET http://10.180.1.21/compute/v2.1/servers/95bfb4ce-98ae-456d-8c7c-3bc6edfdd475 0.061s
2024-08-28 09:11:00.155 62203 INFO tempest.lib.common.rest_client [req-122a00eb-b685-4fd8-b2f8-d3b79feed55a req-122a00eb-b685-4fd8-b2f8-d3b79feed55a ] Request (ServerActionsV293TestJSON:setUpClass): 200 GET http://10.180.1.21/compute/v2.1/servers/ff9c99c7-43b2-479e-a171-269edf1aa75d 0.078s
2024-08-28 09:11:00.366 62225 INFO tempest.lib.common.rest_client [req-b9cbb482-3194-4d5b-bb05-967a405f2951 req-b9cbb482-3194-4d5b-bb05-967a405f2951 ] Request (ServersAdminTestJSON:test_create_server_with_scheduling_hint): 200 GET http://10.180.1.21/compute/v2.1/servers/d7de483c-5ab7-47e9-995c-c02d5f07f165 0.113s
2024-08-28 09:11:00.410 62211 INFO tempest.lib.common.rest_client [req-d40e3116-9dd3-4723-b77c-188f01409dfa req-d40e3116-9dd3-4723-b77c-188f01409dfa ] Request (TenantUsagesTestJSON:setUpClass): 200 GET http://10.180.1.21/compute/v2.1/servers/dec63d6c-0b9e-474b-a09a-9420d9d8d366 0.097s
2024-08-28 09:11:00.425 62219 WARNING tempest.lib.common.ssh [-] Failed to establish authenticated ssh connection to cirros@10.180.180.137 ([Errno None] Unable to connect to port 22 on 10.180.180.137). Number attempts: 8. Retry after 9 seconds.: paramiko.ssh_exception.NoValidConnectionsError: [Errno None] Unable to connect to port 22 on 10.180.180.137
2024-08-28 09:11:00.464 62251 INFO tempest.lib.common.rest_client [req-1e3aa73e-bc8a-4a36-9a76-7dcc9fced003 req-1e3aa73e-bc8a-4a36-9a76-7dcc9fced003 ] Request (ImagesTestJSON:test_create_image_from_suspended_server): 200 GET http://10.180.1.21/compute/v2.1/servers/a6e2330c-ba68-4df4-9e16-b536efe54c94 0.095s
2024-08-28 09:11:00.526 62235 INFO tempest.lib.common.rest_client [req-6aac9167-57e8-4e5e-8bb7-30acde34b515 req-6aac9167-57e8-4e5e-8bb7-30acde34b515 ] Request (AttachInterfacesV270Test:tearDownClass): 200 GET http://10.180.1.21/compute/v2.1/servers/e0348208-2098-4071-97a4-29407a95cd3a 0.137s
2024-08-28 09:11:00.571 62259 INFO tempest.lib.common.rest_client [req-051d7eaa-fbca-4312-bc34-991678367616 req-051d7eaa-fbca-4312-bc34-991678367616 ] Request (DeleteServersTestJSON:test_delete_server_while_in_attached_volume): 200 GET http://10.180.1.21/compute/v2.1/servers/383cc933-2136-421f-85cc-e12f1743bd67 0.144s
2024-08-28 09:11:00.629 62207 INFO tempest.lib.common.rest_client [req-c372e03d-b3b4-42fa-b0a1-f9c9007d018d req-c372e03d-b3b4-42fa-b0a1-f9c9007d018d ] Request (ServersAdmin275Test:_run_cleanups): 200 GET http://10.180.1.21/compute/v2.1/servers/43ff8e5b-054c-452a-92c0-21a2a39ea2a2 0.180s
2024-08-28 09:11:00.677 62245 INFO tempest.lib.common.rest_client [req-cd3f1773-1d1d-4138-9175-14267a152405 req-cd3f1773-1d1d-4138-9175-14267a152405 ] Request (ServerTagsTestJSON:setUpClass): 200 GET http://10.180.1.21/compute/v2.1/servers/8ffa8a2e-f035-483a-86a1-349588495b66 0.197s
2024-08-28 09:11:00.732 62255 INFO tempest.lib.common.rest_client [req-bd8dac15-25f8-4d0f-99e9-a80d85e37501 req-bd8dac15-25f8-4d0f-99e9-a80d85e37501 ] Request (DeleteServersAdminTestJSON:test_delete_server_while_in_error_state): 200 GET http://10.180.1.21/compute/v2.1/servers/fc3b6192-3a1d-40cd-87ef-6bdba8b8292d 0.208s
2024-08-28 09:11:00.780 62247 INFO tempest.lib.common.rest_client [req-33245165-8241-4ffb-8108-3f0a883ce69f req-33245165-8241-4ffb-8108-3f0a883ce69f ] Request (ListServerFiltersTestJSON:setUpClass): 200 GET http://10.180.1.21/compute/v2.1/servers/315c4d67-8e15-47d8-8943-8d10fc746815 0.220s
2024-08-28 09:11:00.839 62197 INFO tempest.lib.common.rest_client [req-cb1919f2-658f-415f-a9da-e3d0a457bb8c req-cb1919f2-658f-415f-a9da-e3d0a457bb8c ] Request (FloatingIPsAssociationTestJSON:tearDownClass): 200 GET http://10.180.1.21/compute/v2.1/servers/ea093293-99fb-4412-ac10-68d63bfc0229 0.244s
2024-08-28 09:11:00.887 62229 INFO tempest.lib.common.rest_client [req-8d603805-1082-4267-816a-7782b901ccce req-8d603805-1082-4267-816a-7782b901ccce ] Request (ServerRescueNegativeTestJSON:setUpClass): 200 GET http://10.180.1.21/compute/v2.1/servers/848b35ff-62f5-4e83-a5de-aab6fbbdd00a 0.271s
2024-08-28 09:11:00.914 62237 WARNING tempest.lib.common.ssh [-] Failed to establish authenticated ssh connection to cirros@10.180.180.178 ([Errno None] Unable to connect to port 22 on 10.180.180.178). Number attempts: 1. Retry after 2 seconds.: paramiko.ssh_exception.NoValidConnectionsError: [Errno None] Unable to connect to port 22 on 10.180.180.178
2024-08-28 09:11:00.929 62221 INFO tempest.lib.common.rest_client [req-eb614387-c888-4a7a-a5bf-1c29697af7c4 req-eb614387-c888-4a7a-a5bf-1c29697af7c4 ] Request (ServerRescueTestJSON:setUpClass): 200 GET http://10.180.1.21/compute/v2.1/servers/e94b6c33-7bfb-4aae-b619-c7da2201cb92 0.276s
2024-08-28 09:11:00.943 62253 WARNING tempest.lib.common.ssh [-] Failed to establish authenticated ssh connection to cirros@10.180.180.227 ([Errno None] Unable to connect to port 22 on 10.180.180.227). Number attempts: 8. Retry after 9 seconds.: paramiko.ssh_exception.NoValidConnectionsError: [Errno None] Unable to connect to port 22 on 10.180.180.227
2024-08-28 09:11:00.975 62223 INFO tempest.lib.common.rest_client [req-83924eff-5668-42b7-9c3f-680866e30bb7 req-83924eff-5668-42b7-9c3f-680866e30bb7 ] Request (ServersWithSpecificFlavorTestJSON:test_verify_created_server_ephemeral_disk): 200 GET http://10.180.1.21/compute/v2.1/servers/ddbb6a66-587a-4c5f-8268-bcffdab6c9b5 0.316s
2024-08-28 09:11:01.024 62215 INFO tempest.lib.common.rest_client [req-149b0010-02cd-44ce-b737-1a0545c218c5 req-149b0010-02cd-44ce-b737-1a0545c218c5 ] Request (MultipleCreateTestJSON:test_multiple_create): 200 GET http://10.180.1.21/compute/v2.1/servers/170857f7-9f06-4c46-b09a-804adc3da02d 0.328s
2024-08-28 09:11:01.081 62233 INFO tempest.lib.common.rest_client [req-c635597d-d4e7-4230-85bb-7aec2d57c4bf req-c635597d-d4e7-4230-85bb-7aec2d57c4bf ] Request (ServersNegativeTestMultiTenantJSON:tearDownClass): 200 GET http://10.180.1.21/compute/v2.1/servers/7bb2c3a0-82ae-401e-991e-d3c0b0ab2ec5 0.358s
2024-08-28 09:11:01.135 62239 INFO tempest.lib.common.rest_client [req-74d9b7c7-196d-404a-b737-da666dba0ee5 req-74d9b7c7-196d-404a-b737-da666dba0ee5 ] Request (ImagesOneServerNegativeTestJSON:setUpClass): 200 GET http://10.180.1.21/compute/v2.1/servers/51fff2cd-efe8-48c6-8fc7-12ca2d0a6c88 0.385s
2024-08-28 09:11:01.198 62201 INFO tempest.lib.common.rest_client [req-98629ec4-b5f4-4dda-9ce8-604c98e4236f req-98629ec4-b5f4-4dda-9ce8-604c98e4236f ] Request (MigrationsAdminTest:test_resize_server_revert_deleted_flavor): 200 GET http://10.180.1.21/compute/v2.1/servers/95bfb4ce-98ae-456d-8c7c-3bc6edfdd475 0.193s
2024-08-28 09:11:01.270 62203 INFO tempest.lib.common.rest_client [req-7dd9885f-fab3-4e6e-86ea-7396e57ff608 req-7dd9885f-fab3-4e6e-86ea-7396e57ff608 ] Request (ServerActionsV293TestJSON:setUpClass): 200 GET http://10.180.1.21/compute/v2.1/servers/ff9c99c7-43b2-479e-a171-269edf1aa75d 0.106s
2024-08-28 09:11:01.457 62249 INFO tempest.lib.common.rest_client [req-b2fbfa65-8b2d-43a9-864a-3aaa95a7d08f req-b2fbfa65-8b2d-43a9-864a-3aaa95a7d08f ] Request (VolumesAdminNegativeTest:test_update_attached_volume_with_nonexistent_volume_in_body): 200 POST http://10.180.1.21/compute/v2.1/servers/d0816f49-cd5c-40d4-b49a-8d5b76321153/os-volume_attachments 1.675s
2024-08-28 09:11:01.497 62249 INFO tempest.lib.common.rest_client [req-f78dbc0e-0d5b-47db-bc1e-34920e1317fb req-f78dbc0e-0d5b-47db-bc1e-34920e1317fb ] Request (VolumesAdminNegativeTest:test_update_attached_volume_with_nonexistent_volume_in_body): 200 GET http://10.180.1.21/volume/v3/6c91d2dd5dfb42c9aa0d6980680c129a/volumes/3ec1c961-a81d-4cb2-a318-27afd1b7c92f 0.038s
2024-08-28 09:11:01.515 62225 INFO tempest.lib.common.rest_client [req-cf0dffcf-6f67-4ece-9453-35a51bcb5668 req-cf0dffcf-6f67-4ece-9453-35a51bcb5668 ] Request (ServersAdminTestJSON:test_create_server_with_scheduling_hint): 200 GET http://10.180.1.21/compute/v2.1/servers/d7de483c-5ab7-47e9-995c-c02d5f07f165 0.141s
2024-08-28 09:11:01.524 62211 INFO tempest.lib.common.rest_client [req-a70cca8f-5fe0-46d7-a78e-61631f56eceb req-a70cca8f-5fe0-46d7-a78e-61631f56eceb ] Request (TenantUsagesTestJSON:setUpClass): 200 GET http://10.180.1.21/compute/v2.1/servers/dec63d6c-0b9e-474b-a09a-9420d9d8d366 0.107s
2024-08-28 09:11:01.565 62251 INFO tempest.lib.common.rest_client [req-9ceb2da2-6a87-4b81-91b4-5d7bbba96928 req-9ceb2da2-6a87-4b81-91b4-5d7bbba96928 ] Request (ImagesTestJSON:test_create_image_from_suspended_server): 200 GET http://10.180.1.21/compute/v2.1/servers/a6e2330c-ba68-4df4-9e16-b536efe54c94 0.089s
2024-08-28 09:11:01.612 62235 INFO tempest.lib.common.rest_client [req-34f51339-0c62-4e87-a45c-4a019cd1e4b4 req-34f51339-0c62-4e87-a45c-4a019cd1e4b4 ] Request (AttachInterfacesV270Test:tearDownClass): 200 GET http://10.180.1.21/compute/v2.1/servers/e0348208-2098-4071-97a4-29407a95cd3a 0.073s
2024-08-28 09:11:01.622 62257 WARNING tempest.lib.common.ssh [-] Failed to establish authenticated ssh connection to cirros@10.180.180.241 ([Errno None] Unable to connect to port 22 on 10.180.180.241). Number attempts: 5. Retry after 6 seconds.: paramiko.ssh_exception.NoValidConnectionsError: [Errno None] Unable to connect to port 22 on 10.180.180.241
2024-08-28 09:11:01.636 62259 INFO tempest.lib.common.rest_client [req-82f39742-238f-4e05-a56e-b604b34063c1 req-82f39742-238f-4e05-a56e-b604b34063c1 ] Request (DeleteServersTestJSON:test_delete_server_while_in_attached_volume): 200 GET http://10.180.1.21/compute/v2.1/servers/383cc933-2136-421f-85cc-e12f1743bd67 0.053s
2024-08-28 09:11:01.700 62207 INFO tempest.lib.common.rest_client [req-0ea9ec74-9246-4385-ad39-a11e5b205356 req-0ea9ec74-9246-4385-ad39-a11e5b205356 ] Request (ServersAdmin275Test:_run_cleanups): 200 GET http://10.180.1.21/compute/v2.1/servers/43ff8e5b-054c-452a-92c0-21a2a39ea2a2 0.055s
2024-08-28 09:11:01.708 62207 INFO tempest.common.waiters [-] State transition "REBUILD/rebuild_spawning" ==> "ACTIVE/None" after 9 second wait
2024-08-28 09:11:01.738 62245 INFO tempest.lib.common.rest_client [req-bd7f6130-8e39-43f9-93cf-3f55ff33937d req-bd7f6130-8e39-43f9-93cf-3f55ff33937d ] Request (ServerTagsTestJSON:setUpClass): 200 GET http://10.180.1.21/compute/v2.1/servers/8ffa8a2e-f035-483a-86a1-349588495b66 0.052s
2024-08-28 09:11:01.773 62207 INFO tempest.lib.common.rest_client [req-028a40a4-c316-4a8c-9da5-578f126e7196 req-028a40a4-c316-4a8c-9da5-578f126e7196 ] Request (ServersAdmin275Test:tearDownClass): 204 DELETE http://10.180.1.21/compute/v2.1/servers/43ff8e5b-054c-452a-92c0-21a2a39ea2a2 0.064s
2024-08-28 09:11:01.791 62255 INFO tempest.lib.common.rest_client [req-70d228a3-8ddb-429c-a627-f01f7622b369 req-70d228a3-8ddb-429c-a627-f01f7622b369 ] Request (DeleteServersAdminTestJSON:test_delete_server_while_in_error_state): 200 GET http://10.180.1.21/compute/v2.1/servers/fc3b6192-3a1d-40cd-87ef-6bdba8b8292d 0.051s
2024-08-28 09:11:01.823 62207 INFO tempest.lib.common.rest_client [req-1be92a8b-1406-4549-b604-f10d440c9b97 req-1be92a8b-1406-4549-b604-f10d440c9b97 ] Request (ServersAdmin275Test:tearDownClass): 200 GET http://10.180.1.21/compute/v2.1/servers/43ff8e5b-054c-452a-92c0-21a2a39ea2a2 0.049s
2024-08-28 09:11:01.835 62247 INFO tempest.lib.common.rest_client [req-12a44c3e-9f8f-445b-9b49-4e8bfe3af0ac req-12a44c3e-9f8f-445b-9b49-4e8bfe3af0ac ] Request (ListServerFiltersTestJSON:setUpClass): 200 GET http://10.180.1.21/compute/v2.1/servers/315c4d67-8e15-47d8-8943-8d10fc746815 0.047s
2024-08-28 09:11:01.903 62197 INFO tempest.lib.common.rest_client [req-ca41c94b-cbb5-48fb-a429-5f30b99f0602 req-ca41c94b-cbb5-48fb-a429-5f30b99f0602 ] Request (FloatingIPsAssociationTestJSON:tearDownClass): 200 GET http://10.180.1.21/compute/v2.1/servers/ea093293-99fb-4412-ac10-68d63bfc0229 0.057s
2024-08-28 09:11:01.943 62229 INFO tempest.lib.common.rest_client [req-7a2459e4-0c60-4958-a9e5-0efaa2863059 req-7a2459e4-0c60-4958-a9e5-0efaa2863059 ] Request (ServerRescueNegativeTestJSON:setUpClass): 200 GET http://10.180.1.21/compute/v2.1/servers/848b35ff-62f5-4e83-a5de-aab6fbbdd00a 0.049s
2024-08-28 09:11:01.985 62221 INFO tempest.lib.common.rest_client [req-04fcf631-2477-4b74-8c84-f90d6b9e8311 req-04fcf631-2477-4b74-8c84-f90d6b9e8311 ] Request (ServerRescueTestJSON:setUpClass): 200 GET http://10.180.1.21/compute/v2.1/servers/e94b6c33-7bfb-4aae-b619-c7da2201cb92 0.049s
2024-08-28 09:11:02.027 62223 INFO tempest.lib.common.rest_client [req-576fda88-d707-4796-b421-ad71c439f3f4 req-576fda88-d707-4796-b421-ad71c439f3f4 ] Request (ServersWithSpecificFlavorTestJSON:test_verify_created_server_ephemeral_disk): 200 GET http://10.180.1.21/compute/v2.1/servers/ddbb6a66-587a-4c5f-8268-bcffdab6c9b5 0.046s
2024-08-28 09:11:02.083 62215 INFO tempest.lib.common.rest_client [req-7b958351-31bc-4c82-b23e-d7860bfe13bd req-7b958351-31bc-4c82-b23e-d7860bfe13bd ] Request (MultipleCreateTestJSON:test_multiple_create): 200 GET http://10.180.1.21/compute/v2.1/servers/170857f7-9f06-4c46-b09a-804adc3da02d 0.052s
2024-08-28 09:11:02.162 62233 INFO tempest.lib.common.rest_client [req-28e1bc0d-7652-4902-98bb-0493c8acd9fb req-28e1bc0d-7652-4902-98bb-0493c8acd9fb ] Request (ServersNegativeTestMultiTenantJSON:tearDownClass): 200 GET http://10.180.1.21/compute/v2.1/servers/7bb2c3a0-82ae-401e-991e-d3c0b0ab2ec5 0.074s
2024-08-28 09:11:02.201 62239 INFO tempest.lib.common.rest_client [req-057e1215-93ff-4cf3-b163-526d3dcd71d0 req-057e1215-93ff-4cf3-b163-526d3dcd71d0 ] Request (ImagesOneServerNegativeTestJSON:setUpClass): 200 GET http://10.180.1.21/compute/v2.1/servers/51fff2cd-efe8-48c6-8fc7-12ca2d0a6c88 0.060s
2024-08-28 09:11:02.265 62201 INFO tempest.lib.common.rest_client [req-40fcf37a-f351-42fc-9c94-d015ad8c391f req-40fcf37a-f351-42fc-9c94-d015ad8c391f ] Request (MigrationsAdminTest:test_resize_server_revert_deleted_flavor): 200 GET http://10.180.1.21/compute/v2.1/servers/95bfb4ce-98ae-456d-8c7c-3bc6edfdd475 0.060s
2024-08-28 09:11:02.345 62203 INFO tempest.lib.common.rest_client [req-3e2d4980-bc87-4e12-ab82-46899f6f5b4d req-3e2d4980-bc87-4e12-ab82-46899f6f5b4d ] Request (ServerActionsV293TestJSON:setUpClass): 200 GET http://10.180.1.21/compute/v2.1/servers/ff9c99c7-43b2-479e-a171-269edf1aa75d 0.065s
2024-08-28 09:11:02.396 62241 WARNING tempest.lib.common.ssh [-] Failed to establish authenticated ssh connection to cirros@10.180.180.185 ([Errno None] Unable to connect to port 22 on 10.180.180.185). Number attempts: 6. Retry after 7 seconds.: paramiko.ssh_exception.NoValidConnectionsError: [Errno None] Unable to connect to port 22 on 10.180.180.185
2024-08-28 09:11:02.532 62249 INFO tempest.lib.common.rest_client [req-da070514-1919-4e41-8327-023da9f92463 req-da070514-1919-4e41-8327-023da9f92463 ] Request (VolumesAdminNegativeTest:test_update_attached_volume_with_nonexistent_volume_in_body): 200 GET http://10.180.1.21/volume/v3/6c91d2dd5dfb42c9aa0d6980680c129a/volumes/3ec1c961-a81d-4cb2-a318-27afd1b7c92f 0.027s
2024-08-28 09:11:02.705 62211 INFO tempest.lib.common.rest_client [req-31ee98fd-a726-4417-9ee0-512a980d7ae8 req-31ee98fd-a726-4417-9ee0-512a980d7ae8 ] Request (TenantUsagesTestJSON:setUpClass): 200 GET http://10.180.1.21/compute/v2.1/servers/dec63d6c-0b9e-474b-a09a-9420d9d8d366 0.169s
2024-08-28 09:11:02.709 62225 INFO tempest.lib.common.rest_client [req-05f11ff7-9708-4f40-82a7-79398d805721 req-05f11ff7-9708-4f40-82a7-79398d805721 ] Request (ServersAdminTestJSON:test_create_server_with_scheduling_hint): 200 GET http://10.180.1.21/compute/v2.1/servers/d7de483c-5ab7-47e9-995c-c02d5f07f165 0.187s
2024-08-28 09:11:02.714 62211 INFO tempest.common.waiters [-] State transition "BUILD/None" ==> "BUILD/networking" after 65 second wait
2024-08-28 09:11:02.759 62251 INFO tempest.lib.common.rest_client [req-3b0a8ed7-ec8a-40c0-a951-917b40404a01 req-3b0a8ed7-ec8a-40c0-a951-917b40404a01 ] Request (ImagesTestJSON:test_create_image_from_suspended_server): 200 GET http://10.180.1.21/compute/v2.1/servers/a6e2330c-ba68-4df4-9e16-b536efe54c94 0.185s
2024-08-28 09:11:02.777 62235 INFO tempest.lib.common.rest_client [req-61ceab8c-9b60-4849-a452-d37ef9bac5b3 req-61ceab8c-9b60-4849-a452-d37ef9bac5b3 ] Request (AttachInterfacesV270Test:tearDownClass): 200 GET http://10.180.1.21/compute/v2.1/servers/e0348208-2098-4071-97a4-29407a95cd3a 0.156s
2024-08-28 09:11:02.823 62259 INFO tempest.lib.common.rest_client [req-12ff8a77-e0e0-4a57-b909-75607794cbad req-12ff8a77-e0e0-4a57-b909-75607794cbad ] Request (DeleteServersTestJSON:test_delete_server_while_in_attached_volume): 200 GET http://10.180.1.21/compute/v2.1/servers/383cc933-2136-421f-85cc-e12f1743bd67 0.181s
2024-08-28 09:11:02.837 62245 INFO tempest.lib.common.rest_client [req-3f7b2853-e0e0-4fdf-8f13-66554e084164 req-3f7b2853-e0e0-4fdf-8f13-66554e084164 ] Request (ServerTagsTestJSON:setUpClass): 200 GET http://10.180.1.21/compute/v2.1/servers/8ffa8a2e-f035-483a-86a1-349588495b66 0.092s
2024-08-28 09:11:02.882 62255 INFO tempest.lib.common.rest_client [req-f9c548c3-6087-4f95-bd55-3fd0a4d4f179 req-f9c548c3-6087-4f95-bd55-3fd0a4d4f179 ] Request (DeleteServersAdminTestJSON:test_delete_server_while_in_error_state): 200 GET http://10.180.1.21/compute/v2.1/servers/fc3b6192-3a1d-40cd-87ef-6bdba8b8292d 0.083s
2024-08-28 09:11:02.890 62207 INFO tempest.lib.common.rest_client [req-74ad6fd8-a66e-4c20-85e2-ddfb049854b4 req-74ad6fd8-a66e-4c20-85e2-ddfb049854b4 ] Request (ServersAdmin275Test:tearDownClass): 200 GET http://10.180.1.21/compute/v2.1/servers/43ff8e5b-054c-452a-92c0-21a2a39ea2a2 0.058s
2024-08-28 09:11:02.926 62247 INFO tempest.lib.common.rest_client [req-e271b71a-2a90-4c07-9946-2d3457607608 req-e271b71a-2a90-4c07-9946-2d3457607608 ] Request (ListServerFiltersTestJSON:setUpClass): 200 GET http://10.180.1.21/compute/v2.1/servers/315c4d67-8e15-47d8-8943-8d10fc746815 0.082s
2024-08-28 09:11:02.970 62197 INFO tempest.lib.common.rest_client [req-397f1571-aa53-4d93-9d29-8d23e1d6923b req-397f1571-aa53-4d93-9d29-8d23e1d6923b ] Request (FloatingIPsAssociationTestJSON:tearDownClass): 200 GET http://10.180.1.21/compute/v2.1/servers/ea093293-99fb-4412-ac10-68d63bfc0229 0.061s
2024-08-28 09:11:02.995 62229 INFO tempest.lib.common.rest_client [req-20dc9f54-1993-4e71-be2d-defc67f65f91 req-20dc9f54-1993-4e71-be2d-defc67f65f91 ] Request (ServerRescueNegativeTestJSON:setUpClass): 200 GET http://10.180.1.21/compute/v2.1/servers/848b35ff-62f5-4e83-a5de-aab6fbbdd00a 0.046s
2024-08-28 09:11:03.052 62221 INFO tempest.lib.common.rest_client [req-bcdfc913-a979-4b4b-965e-3dd31884b74b req-bcdfc913-a979-4b4b-965e-3dd31884b74b ] Request (ServerRescueTestJSON:setUpClass): 200 GET http://10.180.1.21/compute/v2.1/servers/e94b6c33-7bfb-4aae-b619-c7da2201cb92 0.060s
2024-08-28 09:11:03.089 62223 INFO tempest.lib.common.rest_client [req-be114012-e6ee-4bec-863e-4b1d37134943 req-be114012-e6ee-4bec-863e-4b1d37134943 ] Request (ServersWithSpecificFlavorTestJSON:test_verify_created_server_ephemeral_disk): 200 GET http://10.180.1.21/compute/v2.1/servers/ddbb6a66-587a-4c5f-8268-bcffdab6c9b5 0.055s
2024-08-28 09:11:03.142 62215 INFO tempest.lib.common.rest_client [req-c4682c23-2be7-4cf5-a779-7d10ab7b020d req-c4682c23-2be7-4cf5-a779-7d10ab7b020d ] Request (MultipleCreateTestJSON:test_multiple_create): 200 GET http://10.180.1.21/compute/v2.1/servers/170857f7-9f06-4c46-b09a-804adc3da02d 0.051s
2024-08-28 09:11:03.223 62233 INFO tempest.lib.common.rest_client [req-ecace0d3-26b9-41b0-b103-75d76f70bf3d req-ecace0d3-26b9-41b0-b103-75d76f70bf3d ] Request (ServersNegativeTestMultiTenantJSON:tearDownClass): 200 GET http://10.180.1.21/compute/v2.1/servers/7bb2c3a0-82ae-401e-991e-d3c0b0ab2ec5 0.054s
2024-08-28 09:11:03.253 62239 INFO tempest.lib.common.rest_client [req-97cf380e-945f-4d12-b44f-ce9b93b4641a req-97cf380e-945f-4d12-b44f-ce9b93b4641a ] Request (ImagesOneServerNegativeTestJSON:setUpClass): 200 GET http://10.180.1.21/compute/v2.1/servers/51fff2cd-efe8-48c6-8fc7-12ca2d0a6c88 0.046s
2024-08-28 09:11:03.329 62201 INFO tempest.lib.common.rest_client [req-0f937ce2-ae9c-47dc-b8d2-39fb1dd19b99 req-0f937ce2-ae9c-47dc-b8d2-39fb1dd19b99 ] Request (MigrationsAdminTest:test_resize_server_revert_deleted_flavor): 200 GET http://10.180.1.21/compute/v2.1/servers/95bfb4ce-98ae-456d-8c7c-3bc6edfdd475 0.057s
2024-08-28 09:11:03.421 62203 INFO tempest.lib.common.rest_client [req-7ae5b1ed-7f06-4996-a2d2-51eef9cd0012 req-7ae5b1ed-7f06-4996-a2d2-51eef9cd0012 ] Request (ServerActionsV293TestJSON:setUpClass): 200 GET http://10.180.1.21/compute/v2.1/servers/ff9c99c7-43b2-479e-a171-269edf1aa75d 0.065s
2024-08-28 09:11:03.569 62249 INFO tempest.lib.common.rest_client [req-a4395710-97d4-4bc2-bc80-c0e3158c1800 req-a4395710-97d4-4bc2-bc80-c0e3158c1800 ] Request (VolumesAdminNegativeTest:test_update_attached_volume_with_nonexistent_volume_in_body): 200 GET http://10.180.1.21/volume/v3/6c91d2dd5dfb42c9aa0d6980680c129a/volumes/3ec1c961-a81d-4cb2-a318-27afd1b7c92f 0.028s
2024-08-28 09:11:03.864 62225 INFO tempest.lib.common.rest_client [req-b2aff3ab-9565-40aa-bd02-64ada97a2e06 req-b2aff3ab-9565-40aa-bd02-64ada97a2e06 ] Request (ServersAdminTestJSON:test_create_server_with_scheduling_hint): 200 GET http://10.180.1.21/compute/v2.1/servers/d7de483c-5ab7-47e9-995c-c02d5f07f165 0.149s
2024-08-28 09:11:03.875 62211 INFO tempest.lib.common.rest_client [req-7c5db595-c865-4e4d-a995-cf495db989df req-7c5db595-c865-4e4d-a995-cf495db989df ] Request (TenantUsagesTestJSON:setUpClass): 200 GET http://10.180.1.21/compute/v2.1/servers/dec63d6c-0b9e-474b-a09a-9420d9d8d366 0.161s
2024-08-28 09:11:03.881 62211 INFO tempest.common.waiters [-] State transition "BUILD/networking" ==> "BUILD/spawning" after 66 second wait
2024-08-28 09:11:03.927 62251 INFO tempest.lib.common.rest_client [req-7ba0fdfe-4bef-412b-9c4b-265a95d520bb req-7ba0fdfe-4bef-412b-9c4b-265a95d520bb ] Request (ImagesTestJSON:test_create_image_from_suspended_server): 200 GET http://10.180.1.21/compute/v2.1/servers/a6e2330c-ba68-4df4-9e16-b536efe54c94 0.161s
2024-08-28 09:11:03.944 62235 INFO tempest.lib.common.rest_client [req-40142211-37b1-4758-875c-1af8ca30e849 req-40142211-37b1-4758-875c-1af8ca30e849 ] Request (AttachInterfacesV270Test:tearDownClass): 200 GET http://10.180.1.21/compute/v2.1/servers/e0348208-2098-4071-97a4-29407a95cd3a 0.157s
2024-08-28 09:11:03.984 62259 INFO tempest.lib.common.rest_client [req-0ebabe76-d4bd-4716-81b9-26a622afe380 req-0ebabe76-d4bd-4716-81b9-26a622afe380 ] Request (DeleteServersTestJSON:test_delete_server_while_in_attached_volume): 200 GET http://10.180.1.21/compute/v2.1/servers/383cc933-2136-421f-85cc-e12f1743bd67 0.153s
2024-08-28 09:11:03.987 62237 WARNING tempest.lib.common.ssh [-] Failed to establish authenticated ssh connection to cirros@10.180.180.178 ([Errno None] Unable to connect to port 22 on 10.180.180.178). Number attempts: 2. Retry after 3 seconds.: paramiko.ssh_exception.NoValidConnectionsError: [Errno None] Unable to connect to port 22 on 10.180.180.178
2024-08-28 09:11:04.002 62245 INFO tempest.lib.common.rest_client [req-d8c4c525-5707-4cc8-8621-0a894608275a req-d8c4c525-5707-4cc8-8621-0a894608275a ] Request (ServerTagsTestJSON:setUpClass): 200 GET http://10.180.1.21/compute/v2.1/servers/8ffa8a2e-f035-483a-86a1-349588495b66 0.153s
2024-08-28 09:11:04.054 62255 INFO tempest.lib.common.rest_client [req-a4e1aeab-3f03-43a4-a17a-656ae9307287 req-a4e1aeab-3f03-43a4-a17a-656ae9307287 ] Request (DeleteServersAdminTestJSON:test_delete_server_while_in_error_state): 200 GET http://10.180.1.21/compute/v2.1/servers/fc3b6192-3a1d-40cd-87ef-6bdba8b8292d 0.165s
2024-08-28 09:11:04.061 62207 INFO tempest.lib.common.rest_client [req-56f9db78-840d-46eb-9969-ec5c9ed9b405 req-56f9db78-840d-46eb-9969-ec5c9ed9b405 ] Request (ServersAdmin275Test:tearDownClass): 200 GET http://10.180.1.21/compute/v2.1/servers/43ff8e5b-054c-452a-92c0-21a2a39ea2a2 0.157s
2024-08-28 09:11:04.113 62247 INFO tempest.lib.common.rest_client [req-3d9e1eba-e9ec-43b8-850d-be516064aaa2 req-3d9e1eba-e9ec-43b8-850d-be516064aaa2 ] Request (ListServerFiltersTestJSON:setUpClass): 200 GET http://10.180.1.21/compute/v2.1/servers/315c4d67-8e15-47d8-8943-8d10fc746815 0.181s
2024-08-28 09:11:04.141 62197 INFO tempest.lib.common.rest_client [req-a7461e9b-b505-4db3-bf67-1aec07ba7aa5 req-a7461e9b-b505-4db3-bf67-1aec07ba7aa5 ] Request (FloatingIPsAssociationTestJSON:tearDownClass): 200 GET http://10.180.1.21/compute/v2.1/servers/ea093293-99fb-4412-ac10-68d63bfc0229 0.163s
2024-08-28 09:11:04.194 62229 INFO tempest.lib.common.rest_client [req-67470f3d-edc8-4d6b-8c8f-061436e6d8ca req-67470f3d-edc8-4d6b-8c8f-061436e6d8ca ] Request (ServerRescueNegativeTestJSON:setUpClass): 200 GET http://10.180.1.21/compute/v2.1/servers/848b35ff-62f5-4e83-a5de-aab6fbbdd00a 0.191s
2024-08-28 09:11:04.215 62221 INFO tempest.lib.common.rest_client [req-bd9178d1-8b8b-4492-8c7b-6969cb0516c2 req-bd9178d1-8b8b-4492-8c7b-6969cb0516c2 ] Request (ServerRescueTestJSON:setUpClass): 200 GET http://10.180.1.21/compute/v2.1/servers/e94b6c33-7bfb-4aae-b619-c7da2201cb92 0.156s
2024-08-28 09:11:04.248 62223 INFO tempest.lib.common.rest_client [req-6b0cd905-946f-41a0-8434-f6cdc6e53835 req-6b0cd905-946f-41a0-8434-f6cdc6e53835 ] Request (ServersWithSpecificFlavorTestJSON:test_verify_created_server_ephemeral_disk): 200 GET http://10.180.1.21/compute/v2.1/servers/ddbb6a66-587a-4c5f-8268-bcffdab6c9b5 0.149s
2024-08-28 09:11:04.264 62244 INFO paramiko.transport [-] Connected (version 2.0, client dropbear_2020.81)
2024-08-28 09:11:04.266 62215 INFO tempest.lib.common.rest_client [req-53b8769c-b888-486f-ad3a-8973ca8431ff req-53b8769c-b888-486f-ad3a-8973ca8431ff ] Request (MultipleCreateTestJSON:test_multiple_create): 200 GET http://10.180.1.21/compute/v2.1/servers/170857f7-9f06-4c46-b09a-804adc3da02d 0.117s
2024-08-28 09:11:04.306 62233 INFO tempest.lib.common.rest_client [req-02c6d65e-4995-4062-90aa-27c281750ba8 req-02c6d65e-4995-4062-90aa-27c281750ba8 ] Request (ServersNegativeTestMultiTenantJSON:tearDownClass): 200 GET http://10.180.1.21/compute/v2.1/servers/7bb2c3a0-82ae-401e-991e-d3c0b0ab2ec5 0.074s
2024-08-28 09:11:04.311 62239 INFO tempest.lib.common.rest_client [req-d0a69468-baa1-46ad-9827-d5589136f1cc req-d0a69468-baa1-46ad-9827-d5589136f1cc ] Request (ImagesOneServerNegativeTestJSON:setUpClass): 200 GET http://10.180.1.21/compute/v2.1/servers/51fff2cd-efe8-48c6-8fc7-12ca2d0a6c88 0.051s
2024-08-28 09:11:04.372 62244 INFO paramiko.transport [-] Authentication (publickey) successful!
2024-08-28 09:11:04.373 62244 INFO tempest.lib.common.ssh [-] ssh connection to cirros@10.180.180.194 successfully created
2024-08-28 09:11:04.382 62201 INFO tempest.lib.common.rest_client [req-b40d28d4-dc66-4d70-aee4-b0a583557fec req-b40d28d4-dc66-4d70-aee4-b0a583557fec ] Request (MigrationsAdminTest:test_resize_server_revert_deleted_flavor): 200 GET http://10.180.1.21/compute/v2.1/servers/95bfb4ce-98ae-456d-8c7c-3bc6edfdd475 0.046s
2024-08-28 09:11:04.385 62217 WARNING tempest.lib.common.ssh [-] Failed to establish authenticated ssh connection to cirros@10.180.180.204 ([Errno None] Unable to connect to port 22 on 10.180.180.204). Number attempts: 6. Retry after 7 seconds.: paramiko.ssh_exception.NoValidConnectionsError: [Errno None] Unable to connect to port 22 on 10.180.180.204
2024-08-28 09:11:04.460 62244 INFO tempest.lib.common.rest_client [req-d0495c0a-dfcc-4560-8f05-620fa96f96e4 req-d0495c0a-dfcc-4560-8f05-620fa96f96e4 ] Request (AttachInterfacesTestJSON:test_create_list_show_delete_interfaces_by_fixed_ip): 200 GET http://10.180.1.21/compute/v2.1/servers/66396ef9-04a2-4c50-9f3a-c1a398aa36de/os-interface 0.087s
2024-08-28 09:11:04.485 62203 INFO tempest.lib.common.rest_client [req-d99b2814-fd52-4169-ae26-0670a534050d req-d99b2814-fd52-4169-ae26-0670a534050d ] Request (ServerActionsV293TestJSON:setUpClass): 200 GET http://10.180.1.21/compute/v2.1/servers/ff9c99c7-43b2-479e-a171-269edf1aa75d 0.055s
2024-08-28 09:11:04.517 62244 INFO tempest.lib.common.rest_client [req-205aab29-1c9d-42da-a44c-e03e2cd2c17f req-205aab29-1c9d-42da-a44c-e03e2cd2c17f ] Request (AttachInterfacesTestJSON:test_create_list_show_delete_interfaces_by_fixed_ip): 200 GET http://10.180.1.21/compute/v2.1/servers/66396ef9-04a2-4c50-9f3a-c1a398aa36de/os-interface/279a4e7a-be50-4feb-85fe-b1d1bdae341e 0.055s
2024-08-28 09:11:04.572 62244 INFO tempest.lib.common.rest_client [req-4a1b3572-59d9-4f64-80fb-f50f2b903e4b req-4a1b3572-59d9-4f64-80fb-f50f2b903e4b ] Request (AttachInterfacesTestJSON:test_create_list_show_delete_interfaces_by_fixed_ip): 200 GET http://10.180.1.21:9696/networking/v2.0/ports?network_id=85fe4994-4777-4536-b8f8-d435a0de99d6 0.053s
2024-08-28 09:11:04.594 62244 INFO tempest.lib.common.rest_client [req-f4c8153b-4cb6-449d-a62b-5cad1a7563b3 req-f4c8153b-4cb6-449d-a62b-5cad1a7563b3 ] Request (AttachInterfacesTestJSON:test_create_list_show_delete_interfaces_by_fixed_ip): 200 GET http://10.180.1.21:9696/networking/v2.0/subnets/1979cc46-c6b8-4056-9e02-ccfc30b9ce1b 0.022s
2024-08-28 09:11:04.606 62249 INFO tempest.lib.common.rest_client [req-51b4ae95-dbed-41bc-8d93-28b999ed62af req-51b4ae95-dbed-41bc-8d93-28b999ed62af ] Request (VolumesAdminNegativeTest:test_update_attached_volume_with_nonexistent_volume_in_body): 200 GET http://10.180.1.21/volume/v3/6c91d2dd5dfb42c9aa0d6980680c129a/volumes/3ec1c961-a81d-4cb2-a318-27afd1b7c92f 0.031s
2024-08-28 09:11:05.101 62225 INFO tempest.lib.common.rest_client [req-9d17a74d-dad5-48cf-b97b-aa53e29c687e req-9d17a74d-dad5-48cf-b97b-aa53e29c687e ] Request (ServersAdminTestJSON:test_create_server_with_scheduling_hint): 200 GET http://10.180.1.21/compute/v2.1/servers/d7de483c-5ab7-47e9-995c-c02d5f07f165 0.230s
2024-08-28 09:11:05.233 62211 INFO tempest.lib.common.rest_client [req-93d3cd54-9e0e-485e-bdd7-3b847511fbaa req-93d3cd54-9e0e-485e-bdd7-3b847511fbaa ] Request (TenantUsagesTestJSON:setUpClass): 200 GET http://10.180.1.21/compute/v2.1/servers/dec63d6c-0b9e-474b-a09a-9420d9d8d366 0.348s
2024-08-28 09:11:05.289 62251 INFO tempest.lib.common.rest_client [req-5559c8de-d1e4-4426-89b8-e5d5143efe9c req-5559c8de-d1e4-4426-89b8-e5d5143efe9c ] Request (ImagesTestJSON:test_create_image_from_suspended_server): 200 GET http://10.180.1.21/compute/v2.1/servers/a6e2330c-ba68-4df4-9e16-b536efe54c94 0.354s
2024-08-28 09:11:05.352 62235 INFO tempest.lib.common.rest_client [req-d7ba119a-46b9-4bf1-b541-a3fcd19ea553 req-d7ba119a-46b9-4bf1-b541-a3fcd19ea553 ] Request (AttachInterfacesV270Test:tearDownClass): 200 GET http://10.180.1.21/compute/v2.1/servers/e0348208-2098-4071-97a4-29407a95cd3a 0.397s
2024-08-28 09:11:05.402 62259 INFO tempest.lib.common.rest_client [req-e98a332a-6dbc-4ad8-8ed3-c1d2f12eb64f req-e98a332a-6dbc-4ad8-8ed3-c1d2f12eb64f ] Request (DeleteServersTestJSON:test_delete_server_while_in_attached_volume): 200 GET http://10.180.1.21/compute/v2.1/servers/383cc933-2136-421f-85cc-e12f1743bd67 0.410s
2024-08-28 09:11:05.457 62245 INFO tempest.lib.common.rest_client [req-2b0fe33d-796f-4855-8df7-4b9c993b1830 req-2b0fe33d-796f-4855-8df7-4b9c993b1830 ] Request (ServerTagsTestJSON:setUpClass): 200 GET http://10.180.1.21/compute/v2.1/servers/8ffa8a2e-f035-483a-86a1-349588495b66 0.447s
2024-08-28 09:11:05.518 62255 INFO tempest.lib.common.rest_client [req-1a8749a6-98da-4925-bfb2-c5e1e76d7c48 req-1a8749a6-98da-4925-bfb2-c5e1e76d7c48 ] Request (DeleteServersAdminTestJSON:test_delete_server_while_in_error_state): 200 GET http://10.180.1.21/compute/v2.1/servers/fc3b6192-3a1d-40cd-87ef-6bdba8b8292d 0.449s
2024-08-28 09:11:05.583 62207 INFO tempest.lib.common.rest_client [req-a7a28cc6-3ec3-4a9c-9761-583b99c3dcab req-a7a28cc6-3ec3-4a9c-9761-583b99c3dcab ] Request (ServersAdmin275Test:tearDownClass): 200 GET http://10.180.1.21/compute/v2.1/servers/43ff8e5b-054c-452a-92c0-21a2a39ea2a2 0.505s
2024-08-28 09:11:05.593 62207 INFO tempest.common.waiters [-] State transition "ACTIVE/deleting" ==> "DELETED/None" after 4 second wait
2024-08-28 09:11:05.646 62247 INFO tempest.lib.common.rest_client [req-426a2dde-f434-467b-a48f-0ceb9950ae79 req-426a2dde-f434-467b-a48f-0ceb9950ae79 ] Request (ListServerFiltersTestJSON:setUpClass): 200 GET http://10.180.1.21/compute/v2.1/servers/315c4d67-8e15-47d8-8943-8d10fc746815 0.524s
2024-08-28 09:11:05.657 62249 INFO tempest.lib.common.rest_client [req-44380bbd-aa16-423d-abd8-8b6686c3bcf8 req-44380bbd-aa16-423d-abd8-8b6686c3bcf8 ] Request (VolumesAdminNegativeTest:test_update_attached_volume_with_nonexistent_volume_in_body): 200 GET http://10.180.1.21/volume/v3/6c91d2dd5dfb42c9aa0d6980680c129a/volumes/3ec1c961-a81d-4cb2-a318-27afd1b7c92f 0.043s
2024-08-28 09:11:05.713 62197 INFO tempest.lib.common.rest_client [req-4d33a2f0-0a4d-41f1-af12-858927387cb2 req-4d33a2f0-0a4d-41f1-af12-858927387cb2 ] Request (FloatingIPsAssociationTestJSON:tearDownClass): 200 GET http://10.180.1.21/compute/v2.1/servers/ea093293-99fb-4412-ac10-68d63bfc0229 0.563s
2024-08-28 09:11:05.764 62229 INFO tempest.lib.common.rest_client [req-1c8c6718-834d-4c4b-b730-174c91d80388 req-1c8c6718-834d-4c4b-b730-174c91d80388 ] Request (ServerRescueNegativeTestJSON:setUpClass): 200 GET http://10.180.1.21/compute/v2.1/servers/848b35ff-62f5-4e83-a5de-aab6fbbdd00a 0.562s
2024-08-28 09:11:05.820 62221 INFO tempest.lib.common.rest_client [req-3c7ad33f-5940-437c-8be0-341a03899511 req-3c7ad33f-5940-437c-8be0-341a03899511 ] Request (ServerRescueTestJSON:setUpClass): 200 GET http://10.180.1.21/compute/v2.1/servers/e94b6c33-7bfb-4aae-b619-c7da2201cb92 0.598s
2024-08-28 09:11:05.869 62223 INFO tempest.lib.common.rest_client [req-a29cf80a-94bd-466c-a7ad-7c4dba564f5b req-a29cf80a-94bd-466c-a7ad-7c4dba564f5b ] Request (ServersWithSpecificFlavorTestJSON:test_verify_created_server_ephemeral_disk): 200 GET http://10.180.1.21/compute/v2.1/servers/ddbb6a66-587a-4c5f-8268-bcffdab6c9b5 0.611s
2024-08-28 09:11:05.919 62215 INFO tempest.lib.common.rest_client [req-943902e5-fbff-4267-999f-131212d176da req-943902e5-fbff-4267-999f-131212d176da ] Request (MultipleCreateTestJSON:test_multiple_create): 200 GET http://10.180.1.21/compute/v2.1/servers/170857f7-9f06-4c46-b09a-804adc3da02d 0.646s
2024-08-28 09:11:05.973 62233 INFO tempest.lib.common.rest_client [req-ef12a613-bc6d-4b58-9865-a46dc9d250c3 req-ef12a613-bc6d-4b58-9865-a46dc9d250c3 ] Request (ServersNegativeTestMultiTenantJSON:tearDownClass): 200 GET http://10.180.1.21/compute/v2.1/servers/7bb2c3a0-82ae-401e-991e-d3c0b0ab2ec5 0.659s
2024-08-28 09:11:06.018 62239 INFO tempest.lib.common.rest_client [req-bf826050-0d22-472c-a444-dfff0bc09836 req-bf826050-0d22-472c-a444-dfff0bc09836 ] Request (ImagesOneServerNegativeTestJSON:setUpClass): 200 GET http://10.180.1.21/compute/v2.1/servers/51fff2cd-efe8-48c6-8fc7-12ca2d0a6c88 0.700s
2024-08-28 09:11:06.084 62201 INFO tempest.lib.common.rest_client [req-10155446-3afe-48e6-a406-ce8d0c01bea0 req-10155446-3afe-48e6-a406-ce8d0c01bea0 ] Request (MigrationsAdminTest:test_resize_server_revert_deleted_flavor): 200 GET http://10.180.1.21/compute/v2.1/servers/95bfb4ce-98ae-456d-8c7c-3bc6edfdd475 0.694s
2024-08-28 09:11:06.141 62203 INFO tempest.lib.common.rest_client [req-2a0003bc-8545-4301-bc3e-dbfbc7d6a217 req-2a0003bc-8545-4301-bc3e-dbfbc7d6a217 ] Request (ServerActionsV293TestJSON:setUpClass): 200 GET http://10.180.1.21/compute/v2.1/servers/ff9c99c7-43b2-479e-a171-269edf1aa75d 0.645s
2024-08-28 09:11:06.251 62225 INFO tempest.lib.common.rest_client [req-12e6fcc8-079f-4118-bd70-8c4e782d4271 req-12e6fcc8-079f-4118-bd70-8c4e782d4271 ] Request (ServersAdminTestJSON:test_create_server_with_scheduling_hint): 200 GET http://10.180.1.21/compute/v2.1/servers/d7de483c-5ab7-47e9-995c-c02d5f07f165 0.140s
2024-08-28 09:11:06.361 62211 INFO tempest.lib.common.rest_client [req-26e6a7df-188c-41bf-bc6a-4ff07f8d40c6 req-26e6a7df-188c-41bf-bc6a-4ff07f8d40c6 ] Request (TenantUsagesTestJSON:setUpClass): 200 GET http://10.180.1.21/compute/v2.1/servers/dec63d6c-0b9e-474b-a09a-9420d9d8d366 0.119s
2024-08-28 09:11:06.409 62251 INFO tempest.lib.common.rest_client [req-d675db43-5060-4266-a631-24bd512665c7 req-d675db43-5060-4266-a631-24bd512665c7 ] Request (ImagesTestJSON:test_create_image_from_suspended_server): 200 GET http://10.180.1.21/compute/v2.1/servers/a6e2330c-ba68-4df4-9e16-b536efe54c94 0.111s
2024-08-28 09:11:06.464 62235 INFO tempest.lib.common.rest_client [req-8c3080e4-33ae-487a-b66b-244e7bcc210b req-8c3080e4-33ae-487a-b66b-244e7bcc210b ] Request (AttachInterfacesV270Test:tearDownClass): 200 GET http://10.180.1.21/compute/v2.1/servers/e0348208-2098-4071-97a4-29407a95cd3a 0.103s
2024-08-28 09:11:06.515 62259 INFO tempest.lib.common.rest_client [req-77054118-fdb1-42d5-b9a8-a512168166db req-77054118-fdb1-42d5-b9a8-a512168166db ] Request (DeleteServersTestJSON:test_delete_server_while_in_attached_volume): 200 GET http://10.180.1.21/compute/v2.1/servers/383cc933-2136-421f-85cc-e12f1743bd67 0.105s
2024-08-28 09:11:06.559 62245 INFO tempest.lib.common.rest_client [req-cc958926-2296-4174-8db6-05b344007e01 req-cc958926-2296-4174-8db6-05b344007e01 ] Request (ServerTagsTestJSON:setUpClass): 200 GET http://10.180.1.21/compute/v2.1/servers/8ffa8a2e-f035-483a-86a1-349588495b66 0.092s
2024-08-28 09:11:06.580 62255 INFO tempest.lib.common.rest_client [req-afeb92f9-be0d-45e9-b9f6-485450a96fe7 req-afeb92f9-be0d-45e9-b9f6-485450a96fe7 ] Request (DeleteServersAdminTestJSON:test_delete_server_while_in_error_state): 404 GET http://10.180.1.21/compute/v2.1/servers/fc3b6192-3a1d-40cd-87ef-6bdba8b8292d 0.055s
2024-08-28 09:11:06.601 62255 INFO tempest.lib.common.rest_client [req-625c6558-4fd3-45e6-87aa-52b32de20ac3 req-625c6558-4fd3-45e6-87aa-52b32de20ac3 ] Request (DeleteServersAdminTestJSON:tearDownClass): 404 DELETE http://10.180.1.21/compute/v2.1/servers/fc3b6192-3a1d-40cd-87ef-6bdba8b8292d 0.019s
2024-08-28 09:11:06.660 62207 INFO tempest.lib.common.rest_client [req-820252a1-bae8-44ac-a8eb-b1ca3ae82c3e req-820252a1-bae8-44ac-a8eb-b1ca3ae82c3e ] Request (ServersAdmin275Test:tearDownClass): 200 GET http://10.180.1.21/compute/v2.1/servers/43ff8e5b-054c-452a-92c0-21a2a39ea2a2 0.066s
2024-08-28 09:11:06.681 62255 INFO tempest.lib.common.rest_client [req-a8ad079f-9845-45da-a50f-472cfe0f4258 req-a8ad079f-9845-45da-a50f-472cfe0f4258 ] Request (DeleteServersAdminTestJSON:tearDownClass): 404 GET http://10.180.1.21/compute/v2.1/servers/fc3b6192-3a1d-40cd-87ef-6bdba8b8292d 0.080s
2024-08-28 09:11:06.706 62249 INFO tempest.lib.common.rest_client [req-8949e865-9366-4c56-b427-af2e1362cf96 req-8949e865-9366-4c56-b427-af2e1362cf96 ] Request (VolumesAdminNegativeTest:test_update_attached_volume_with_nonexistent_volume_in_body): 200 GET http://10.180.1.21/volume/v3/6c91d2dd5dfb42c9aa0d6980680c129a/volumes/3ec1c961-a81d-4cb2-a318-27afd1b7c92f 0.037s
2024-08-28 09:11:06.730 62247 INFO tempest.lib.common.rest_client [req-9e2c19b3-3fdd-473c-8075-2bfffb94742c req-9e2c19b3-3fdd-473c-8075-2bfffb94742c ] Request (ListServerFiltersTestJSON:setUpClass): 200 GET http://10.180.1.21/compute/v2.1/servers/315c4d67-8e15-47d8-8943-8d10fc746815 0.072s
2024-08-28 09:11:06.746 62255 INFO tempest.lib.common.rest_client [req-2e73862a-ad28-4841-8f31-ed867c83f641 req-2e73862a-ad28-4841-8f31-ed867c83f641 ] Request (DeleteServersAdminTestJSON:tearDownClass): 404 DELETE http://10.180.1.21/compute/v2.1/servers/68958700-08a7-4ca2-8a35-7fde68591a74 0.064s
2024-08-28 09:11:06.815 62197 INFO tempest.lib.common.rest_client [req-bf5be11e-be9e-4b7c-b20b-c30532e13fab req-bf5be11e-be9e-4b7c-b20b-c30532e13fab ] Request (FloatingIPsAssociationTestJSON:tearDownClass): 200 GET http://10.180.1.21/compute/v2.1/servers/ea093293-99fb-4412-ac10-68d63bfc0229 0.092s
2024-08-28 09:11:06.833 62255 INFO tempest.lib.common.rest_client [req-679f99ea-a0ec-4be7-a592-4123e905b63f req-679f99ea-a0ec-4be7-a592-4123e905b63f ] Request (DeleteServersAdminTestJSON:tearDownClass): 404 GET http://10.180.1.21/compute/v2.1/servers/68958700-08a7-4ca2-8a35-7fde68591a74 0.087s
2024-08-28 09:11:06.884 62229 INFO tempest.lib.common.rest_client [req-dce7e0c9-7cfe-4301-8f7c-e4cc73b87f61 req-dce7e0c9-7cfe-4301-8f7c-e4cc73b87f61 ] Request (ServerRescueNegativeTestJSON:setUpClass): 200 GET http://10.180.1.21/compute/v2.1/servers/848b35ff-62f5-4e83-a5de-aab6fbbdd00a 0.112s
2024-08-28 09:11:06.931 62221 INFO tempest.lib.common.rest_client [req-c8e0f93c-ac80-4c1b-94bf-426916b24f21 req-c8e0f93c-ac80-4c1b-94bf-426916b24f21 ] Request (ServerRescueTestJSON:setUpClass): 200 GET http://10.180.1.21/compute/v2.1/servers/e94b6c33-7bfb-4aae-b619-c7da2201cb92 0.104s
2024-08-28 09:11:06.938 62255 INFO tempest.lib.common.rest_client [req-9a423678-f8ae-4530-92ce-4673f0536d20 req-9a423678-f8ae-4530-92ce-4673f0536d20 ] Request (DeleteServersAdminTestJSON:tearDownClass): 204 DELETE http://10.180.1.21/identity/v3/users/f800aec1426c4e94a9298a0820945404 0.105s
2024-08-28 09:11:07.004 62223 INFO tempest.lib.common.rest_client [req-20baf2e1-c5a8-4d67-b248-4217f293103e req-20baf2e1-c5a8-4d67-b248-4217f293103e ] Request (ServersWithSpecificFlavorTestJSON:test_verify_created_server_ephemeral_disk): 200 GET http://10.180.1.21/compute/v2.1/servers/ddbb6a66-587a-4c5f-8268-bcffdab6c9b5 0.128s
2024-08-28 09:11:07.046 62255 INFO tempest.lib.common.rest_client [req-eaec3836-2684-458e-9d5d-99d24925219b req-eaec3836-2684-458e-9d5d-99d24925219b ] Request (DeleteServersAdminTestJSON:tearDownClass): 204 DELETE http://10.180.1.21/identity/v3/users/35fc1cecad0e4ba99eb8d2426903ef65 0.106s
2024-08-28 09:11:07.046 62255 INFO tempest.lib.common.dynamic_creds [-] Deleting project and security group for project: bc683e45fca3431ca1b714c00f423861
2024-08-28 09:11:07.057 62215 INFO tempest.lib.common.rest_client [req-bc44519a-c3de-4192-b91e-ee7493f1dcb8 req-bc44519a-c3de-4192-b91e-ee7493f1dcb8 ] Request (MultipleCreateTestJSON:test_multiple_create): 200 GET http://10.180.1.21/compute/v2.1/servers/170857f7-9f06-4c46-b09a-804adc3da02d 0.131s
2024-08-28 09:11:07.113 62255 INFO tempest.lib.common.rest_client [req-19a70535-fa99-4083-8aa0-b283968fa185 req-19a70535-fa99-4083-8aa0-b283968fa185 ] Request (DeleteServersAdminTestJSON:tearDownClass): 201 POST http://10.180.1.21/identity/v3/auth/tokens 0.067s
2024-08-28 09:11:07.132 62233 INFO tempest.lib.common.rest_client [req-566672b3-14ff-421c-8056-11e093450c38 req-566672b3-14ff-421c-8056-11e093450c38 ] Request (ServersNegativeTestMultiTenantJSON:tearDownClass): 200 GET http://10.180.1.21/compute/v2.1/servers/7bb2c3a0-82ae-401e-991e-d3c0b0ab2ec5 0.152s
2024-08-28 09:11:07.180 62239 INFO tempest.lib.common.rest_client [req-66a58f61-9d5c-4599-9ca2-56c1e374cdc7 req-66a58f61-9d5c-4599-9ca2-56c1e374cdc7 ] Request (ImagesOneServerNegativeTestJSON:setUpClass): 200 GET http://10.180.1.21/compute/v2.1/servers/51fff2cd-efe8-48c6-8fc7-12ca2d0a6c88 0.155s
2024-08-28 09:11:07.226 62255 INFO tempest.lib.common.rest_client [req-926428e0-fcd8-4c42-9aef-84d36879f9d1 req-926428e0-fcd8-4c42-9aef-84d36879f9d1 ] Request (DeleteServersAdminTestJSON:tearDownClass): 200 GET http://10.180.1.21:9696/networking/v2.0/security-groups?tenant_id=bc683e45fca3431ca1b714c00f423861&name=default 0.112s
2024-08-28 09:11:07.234 62201 INFO tempest.lib.common.rest_client [req-7c68fac9-3951-43f1-a7df-1bf68c0b1900 req-7c68fac9-3951-43f1-a7df-1bf68c0b1900 ] Request (MigrationsAdminTest:test_resize_server_revert_deleted_flavor): 200 GET http://10.180.1.21/compute/v2.1/servers/95bfb4ce-98ae-456d-8c7c-3bc6edfdd475 0.143s
2024-08-28 09:11:07.289 62203 INFO tempest.lib.common.rest_client [req-e094a610-7f86-48ac-ab0b-4ca4be4aa47e req-e094a610-7f86-48ac-ab0b-4ca4be4aa47e ] Request (ServerActionsV293TestJSON:setUpClass): 200 GET http://10.180.1.21/compute/v2.1/servers/ff9c99c7-43b2-479e-a171-269edf1aa75d 0.139s
2024-08-28 09:11:07.369 62255 INFO tempest.lib.common.rest_client [req-d707b1ee-00b9-43e6-b29b-73471dd28a28 req-d707b1ee-00b9-43e6-b29b-73471dd28a28 ] Request (DeleteServersAdminTestJSON:tearDownClass): 204 DELETE http://10.180.1.21:9696/networking/v2.0/security-groups/2a6c8924-3fb8-4cbd-9d3c-eab01642df7b 0.143s
2024-08-28 09:11:07.412 62225 INFO tempest.lib.common.rest_client [req-df6c214c-15d3-4a00-984c-e4661f343ce2 req-df6c214c-15d3-4a00-984c-e4661f343ce2 ] Request (ServersAdminTestJSON:test_create_server_with_scheduling_hint): 200 GET http://10.180.1.21/compute/v2.1/servers/d7de483c-5ab7-47e9-995c-c02d5f07f165 0.154s
2024-08-28 09:11:07.418 62225 INFO tempest.common.waiters [-] State transition "BUILD/spawning" ==> "ACTIVE/None" after 73 second wait
2024-08-28 09:11:07.435 62255 INFO tempest.lib.common.rest_client [req-f7a99b03-486d-4d39-b054-7b0af69bf729 req-f7a99b03-486d-4d39-b054-7b0af69bf729 ] Request (DeleteServersAdminTestJSON:tearDownClass): 204 DELETE http://10.180.1.21/identity/v3/projects/bc683e45fca3431ca1b714c00f423861 0.065s
2024-08-28 09:11:07.435 62255 INFO tempest.lib.common.dynamic_creds [-] Deleting project and security group for project: 2f70149cc2a14aaf8d5198f8bb91b9f7
2024-08-28 09:11:07.475 62225 INFO tempest.lib.common.rest_client [req-b6a64fa0-b1ca-4d8c-b3bc-a3c2047b9a71 req-b6a64fa0-b1ca-4d8c-b3bc-a3c2047b9a71 ] Request (ServersAdminTestJSON:test_inject_network_info): 201 POST http://10.180.1.21/identity/v3/auth/tokens 0.052s
2024-08-28 09:11:07.476 62225 INFO tempest.lib.common.fixed_network [-] (ServersAdminTestJSON:test_inject_network_info) Found network {'id': '5e3a56ae-603f-4ff2-b663-6907f89c584e', 'name': 'tempest-ServersAdminTestJSON-1959624710-network', 'tenant_id': '31c02e032ae04c3bac8dbdeca3c3f5a5', 'admin_state_up': True, 'mtu': 8950, 'status': 'ACTIVE', 'subnets': [], 'shared': False, 'project_id': '31c02e032ae04c3bac8dbdeca3c3f5a5', 'port_security_enabled': True, 'router:external': False, 'provider:network_type': 'vlan', 'provider:physical_network': 'default', 'provider:segmentation_id': 793, 'is_default': False, 'availability_zone_hints': [], 'availability_zones': [], 'ipv4_address_scope': None, 'ipv6_address_scope': None, 'description': '', 'tags': [], 'created_at': '2024-08-28T09:08:49Z', 'updated_at': '2024-08-28T09:08:49Z', 'revision_number': 1} available for tenant
2024-08-28 09:11:07.558 62211 INFO tempest.lib.common.rest_client [req-633b9f99-4739-46ee-8bae-73886975b435 req-633b9f99-4739-46ee-8bae-73886975b435 ] Request (TenantUsagesTestJSON:setUpClass): 200 GET http://10.180.1.21/compute/v2.1/servers/dec63d6c-0b9e-474b-a09a-9420d9d8d366 0.187s
2024-08-28 09:11:07.603 62255 INFO tempest.lib.common.rest_client [req-a3a1697d-4699-4e75-8c89-d898ae1df110 req-a3a1697d-4699-4e75-8c89-d898ae1df110 ] Request (DeleteServersAdminTestJSON:tearDownClass): 200 GET http://10.180.1.21:9696/networking/v2.0/security-groups?tenant_id=2f70149cc2a14aaf8d5198f8bb91b9f7&name=default 0.168s
2024-08-28 09:11:07.626 62251 INFO tempest.lib.common.rest_client [req-380ec2aa-1d75-473c-a525-a244acaa891a req-380ec2aa-1d75-473c-a525-a244acaa891a ] Request (ImagesTestJSON:test_create_image_from_suspended_server): 200 GET http://10.180.1.21/compute/v2.1/servers/a6e2330c-ba68-4df4-9e16-b536efe54c94 0.210s
2024-08-28 09:11:07.680 62235 INFO tempest.lib.common.rest_client [req-3f0d0818-8b90-4fec-b639-29d4f48b8e78 req-3f0d0818-8b90-4fec-b639-29d4f48b8e78 ] Request (AttachInterfacesV270Test:tearDownClass): 200 GET http://10.180.1.21/compute/v2.1/servers/e0348208-2098-4071-97a4-29407a95cd3a 0.205s
2024-08-28 09:11:07.717 62255 INFO tempest.lib.common.rest_client [req-bd6a2580-b87f-4086-b2da-a90df03bebb5 req-bd6a2580-b87f-4086-b2da-a90df03bebb5 ] Request (DeleteServersAdminTestJSON:tearDownClass): 204 DELETE http://10.180.1.21:9696/networking/v2.0/security-groups/1a268599-4727-47f6-8fae-bb073078b9c5 0.114s
2024-08-28 09:11:07.750 62249 INFO tempest.lib.common.rest_client [req-000826b7-04ce-4917-9f3d-2f790d689323 req-000826b7-04ce-4917-9f3d-2f790d689323 ] Request (VolumesAdminNegativeTest:test_update_attached_volume_with_nonexistent_volume_in_body): 200 GET http://10.180.1.21/volume/v3/6c91d2dd5dfb42c9aa0d6980680c129a/volumes/3ec1c961-a81d-4cb2-a318-27afd1b7c92f 0.034s
2024-08-28 09:11:07.823 62255 INFO tempest.lib.common.rest_client [req-88915f4d-e66d-44c3-8752-13e412d8cd59 req-88915f4d-e66d-44c3-8752-13e412d8cd59 ] Request (DeleteServersAdminTestJSON:tearDownClass): 204 DELETE http://10.180.1.21/identity/v3/projects/2f70149cc2a14aaf8d5198f8bb91b9f7 0.105s
2024-08-28 09:11:07.881 62255 INFO tempest.lib.common.rest_client [req-44be584f-e292-4910-bfa5-6a40f4244d35 req-44be584f-e292-4910-bfa5-6a40f4244d35 ] Request (InstanceUsageAuditLogTestJSON:setUpClass): 201 POST http://10.180.1.21/identity/v3/auth/tokens 0.056s
