2024-08-28 09:09:14.983 62217 INFO tempest.lib.common.rest_client [req-f0e41729-0cad-4894-be94-fb5bec35f611 req-f0e41729-0cad-4894-be94-fb5bec35f611 ] Request (ServerActionsTestJSON:setUpClass): 200 GET http://10.180.1.21/identity/v3/domains?name=Default 0.025s
2024-08-28 09:09:15.016 62217 INFO tempest.lib.common.rest_client [req-c0cc2722-d912-44ea-9f0c-c8796185424d req-c0cc2722-d912-44ea-9f0c-c8796185424d ] Request (ServerActionsTestJSON:setUpClass): 201 POST http://10.180.1.21/identity/v3/projects 0.033s
2024-08-28 09:09:15.050 62223 INFO tempest.lib.common.rest_client [req-87cc492a-5900-4a41-9fd2-45c72ed5b8cb req-87cc492a-5900-4a41-9fd2-45c72ed5b8cb ] Request (ServersWithSpecificFlavorTestJSON:test_verify_created_server_ephemeral_disk): 200 GET http://10.180.1.21/compute/v2.1/servers/e9bb2909-0eaa-4bfb-93a3-0b35c493422e 1.338s
2024-08-28 09:09:15.071 62199 INFO tempest.lib.common.rest_client [req-5df9c76e-3777-4f69-bbe5-2df2ed4f89d2 req-5df9c76e-3777-4f69-bbe5-2df2ed4f89d2 ] Request (ServerPasswordTestJSON:setUpClass): 201 POST http://10.180.1.21:9696/networking/v2.0/routers 1.804s
2024-08-28 09:09:15.089 62217 INFO tempest.lib.common.rest_client [req-4e1bfdcc-c5b4-4e4a-9e68-f3d55ca03d7d req-4e1bfdcc-c5b4-4e4a-9e68-f3d55ca03d7d ] Request (ServerActionsTestJSON:setUpClass): 201 POST http://10.180.1.21/identity/v3/users 0.073s
2024-08-28 09:09:15.107 62217 INFO tempest.lib.common.rest_client [req-5d493674-8174-4790-b171-c18cb197ad36 req-5d493674-8174-4790-b171-c18cb197ad36 ] Request (ServerActionsTestJSON:setUpClass): 200 GET http://10.180.1.21/identity/v3/roles 0.017s
2024-08-28 09:09:15.138 62217 INFO tempest.lib.common.rest_client [req-75bbd404-ee93-47d7-baa4-dfe2c52cdb2d req-75bbd404-ee93-47d7-baa4-dfe2c52cdb2d ] Request (ServerActionsTestJSON:setUpClass): 204 PUT http://10.180.1.21/identity/v3/projects/dd5e3e891410455abd448117aabf8d8b/users/a5f3c06c82c44a7092d0e0b6f055c908/roles/2c7fdb80462342ba9a38258a3fa9cb40 0.030s
2024-08-28 09:09:15.138 62217 INFO tempest.lib.common.dynamic_creds [-] Dynamic test user a5f3c06c82c44a7092d0e0b6f055c908 is created with scope project and roles: ['member']
2024-08-28 09:09:15.138 62217 INFO tempest.lib.common.dynamic_creds [-] Acquired dynamic creds: credentials: Credentials: {'domain_id': 'default', 'domain_name': 'Default', 'username': 'tempest-ServerActionsTestJSON-358659703-project-member', 'project_domain_id': 'default', 'project_domain_name': 'Default', 'project_id': 'dd5e3e891410455abd448117aabf8d8b', 'project_name': 'tempest-ServerActionsTestJSON-358659703', 'tenant_id': 'dd5e3e891410455abd448117aabf8d8b', 'tenant_name': 'tempest-ServerActionsTestJSON-358659703', 'user_domain_id': 'default', 'user_domain_name': 'Default', 'user_id': 'a5f3c06c82c44a7092d0e0b6f055c908', 'system': None}, Network: None, Subnet: None, Router: None
2024-08-28 09:09:15.173 62253 INFO tempest.lib.common.rest_client [req-5dd70f4d-0637-425c-834e-cba0db7ca593 req-5dd70f4d-0637-425c-834e-cba0db7ca593 ] Request (ValidationResourcesFixture:setUp): 201 POST http://10.180.1.21:9696/networking/v2.0/security-group-rules 0.395s
2024-08-28 09:09:15.197 62217 INFO tempest.lib.common.rest_client [req-7d66b9f3-acc4-4bf6-b1cd-1d1bf4ca3322 req-7d66b9f3-acc4-4bf6-b1cd-1d1bf4ca3322 ] Request (ServerActionsTestJSON:setUpClass): 201 POST http://10.180.1.21/identity/v3/auth/tokens 0.059s
2024-08-28 09:09:15.236 62241 INFO tempest.lib.common.rest_client [req-0e4f5bbb-ed75-4806-91ef-dafc6e539316 req-0e4f5bbb-ed75-4806-91ef-dafc6e539316 ] Request (ImagesDeleteNegativeTestJSON:tearDownClass): 204 DELETE http://10.180.1.21:9696/networking/v2.0/security-groups/db3ff742-5c29-4999-b0d3-72a09197afef 0.403s
2024-08-28 09:09:15.299 62215 INFO tempest.lib.common.rest_client [req-3abd349d-bab5-41de-9c58-bc0404cf3616 req-3abd349d-bab5-41de-9c58-bc0404cf3616 ] Request (InstanceActionsNegativeTestJSON:setUpClass): 201 POST http://10.180.1.21:9696/networking/v2.0/subnets 0.766s
2024-08-28 09:09:15.299 62257 INFO tempest.lib.common.rest_client [req-6e04457e-caaa-4b25-bd36-53d8ac087a6b req-6e04457e-caaa-4b25-bd36-53d8ac087a6b ] Request (ImagesMetadataTestJSON:tearDownClass): 200 GET http://10.180.1.21:9696/networking/v2.0/security-groups?tenant_id=3c0d90e0d4f5401c8ef6d8173eaae760&name=default 0.515s
2024-08-28 09:09:15.306 62227 INFO tempest.lib.common.rest_client [req-7844939b-148d-47df-858b-9fb3cca7a690 req-7844939b-148d-47df-858b-9fb3cca7a690 ] Request (QuotasAdminTestV257:test_get_updated_quotas): 200 PUT http://10.180.1.21/compute/v2.1/os-quota-sets/ad9e5a6b63534d4fb9753bacd60054aa?user_id=67ae4d103d0c4f2c9209b6e98bf5054f 1.496s
2024-08-28 09:09:15.312 62233 INFO tempest.lib.common.rest_client [req-b10c3c08-eb1c-4c78-9c79-870f85af1d7a req-b10c3c08-eb1c-4c78-9c79-870f85af1d7a ] Request (TenantUsagesNegativeTestJSON:test_get_usage_tenant_with_invalid_date): 400 GET http://10.180.1.21/compute/v2.1/os-simple-tenant-usage/0340cad6baab4981b51b2ab792a7e70c?start=2024-08-29T09%3A09%3A12.405136&end=2024-08-27T09%3A09%3A12.405136 1.480s
2024-08-28 09:09:15.315 62241 INFO tempest.lib.common.rest_client [req-ad52830b-2dd9-4f1c-9438-3eaf3b6c39a8 req-ad52830b-2dd9-4f1c-9438-3eaf3b6c39a8 ] Request (ImagesDeleteNegativeTestJSON:tearDownClass): 204 DELETE http://10.180.1.21/identity/v3/projects/66761f16ccb241c1a6b208d53cd47b04 0.079s
2024-08-28 09:09:15.362 62251 INFO tempest.lib.common.rest_client [req-b5cdeb6a-5408-4030-a781-b8fd68f60137 req-b5cdeb6a-5408-4030-a781-b8fd68f60137 ] Request (HypervisorAdminNegativeUnderV252Test:tearDownClass): 204 DELETE http://10.180.1.21:9696/networking/v2.0/security-groups/28e0a32e-9906-42b1-a6ff-b59ce0e117e4 0.406s
2024-08-28 09:09:15.385 62241 INFO tempest.lib.common.rest_client [req-5e56a5e1-ca0e-4bc9-906b-28548984e02c req-5e56a5e1-ca0e-4bc9-906b-28548984e02c ] Request (ServersV294TestFqdnHostnames:setUpClass): 201 POST http://10.180.1.21/identity/v3/auth/tokens 0.067s
2024-08-28 09:09:15.422 62241 INFO tempest.lib.common.rest_client [req-51fede85-b4c6-45ad-a331-3ad9ca320d30 req-51fede85-b4c6-45ad-a331-3ad9ca320d30 ] Request (ServersV294TestFqdnHostnames:setUpClass): 201 POST http://10.180.1.21/identity/v3/auth/tokens 0.035s
2024-08-28 09:09:15.451 62241 INFO tempest.lib.common.rest_client [req-8e7c2200-4c9f-407f-b5cf-62605950b446 req-8e7c2200-4c9f-407f-b5cf-62605950b446 ] Request (ServersV294TestFqdnHostnames:setUpClass): 200 GET http://10.180.1.21/identity/v3/domains?name=Default 0.028s
2024-08-28 09:09:15.469 62251 INFO tempest.lib.common.rest_client [req-ef919ecb-3174-4db8-94ff-851e8ceac7a4 req-ef919ecb-3174-4db8-94ff-851e8ceac7a4 ] Request (HypervisorAdminNegativeUnderV252Test:tearDownClass): 204 DELETE http://10.180.1.21/identity/v3/projects/afb2b5f8d72d4bdab89837fe35865f23 0.107s
2024-08-28 09:09:15.470 62251 INFO tempest.test [-] raised in LiveAutoBlockMigrationV225Test.setUpClass. Invoking tearDownClass.
2024-08-28 09:09:15.528 62241 INFO tempest.lib.common.rest_client [req-7a13473b-60be-473b-ae36-6f6e01fffc8c req-7a13473b-60be-473b-ae36-6f6e01fffc8c ] Request (ServersV294TestFqdnHostnames:setUpClass): 201 POST http://10.180.1.21/identity/v3/projects 0.077s
2024-08-28 09:09:15.529 62253 INFO tempest.lib.common.rest_client [req-8d6be1c1-539a-4663-8ccd-937cdb193924 req-8d6be1c1-539a-4663-8ccd-937cdb193924 ] Request (ValidationResourcesFixture:setUp): 201 POST http://10.180.1.21:9696/networking/v2.0/security-group-rules 0.355s
2024-08-28 09:09:15.532 62251 INFO tempest.lib.common.rest_client [req-f260ff04-2758-46d9-a961-05b394d16480 req-f260ff04-2758-46d9-a961-05b394d16480 ] Request (ImagesTestJSON:setUpClass): 201 POST http://10.180.1.21/identity/v3/auth/tokens 0.059s
2024-08-28 09:09:15.595 62241 INFO tempest.lib.common.rest_client [req-cdc8f7c9-7e5d-4de3-ab96-ccd1b73a43ec req-cdc8f7c9-7e5d-4de3-ab96-ccd1b73a43ec ] Request (ServersV294TestFqdnHostnames:setUpClass): 201 POST http://10.180.1.21/identity/v3/users 0.066s
2024-08-28 09:09:15.597 62251 INFO tempest.lib.common.rest_client [req-05e05f6e-0b67-45d2-af68-b3f5cd0c6f9c req-05e05f6e-0b67-45d2-af68-b3f5cd0c6f9c ] Request (ImagesTestJSON:setUpClass): 201 POST http://10.180.1.21/identity/v3/auth/tokens 0.061s
2024-08-28 09:09:15.611 62241 INFO tempest.lib.common.rest_client [req-035eb9e9-ceaa-419d-8e9e-ec040f2af93f req-035eb9e9-ceaa-419d-8e9e-ec040f2af93f ] Request (ServersV294TestFqdnHostnames:setUpClass): 200 GET http://10.180.1.21/identity/v3/roles 0.016s
2024-08-28 09:09:15.622 62251 INFO tempest.lib.common.rest_client [req-fb9dd757-a168-4fe2-9115-c70095bf5ab7 req-fb9dd757-a168-4fe2-9115-c70095bf5ab7 ] Request (ImagesTestJSON:setUpClass): 200 GET http://10.180.1.21/identity/v3/domains?name=Default 0.024s
2024-08-28 09:09:15.638 62241 INFO tempest.lib.common.rest_client [req-ea455636-8530-4fe4-8b46-d156472a4a4e req-ea455636-8530-4fe4-8b46-d156472a4a4e ] Request (ServersV294TestFqdnHostnames:setUpClass): 204 PUT http://10.180.1.21/identity/v3/projects/6f6b7e909e134c1e9fa03641abe59726/users/e5c1a870eed14d44adf86f157b8f869a/roles/2c7fdb80462342ba9a38258a3fa9cb40 0.026s
2024-08-28 09:09:15.638 62241 INFO tempest.lib.common.dynamic_creds [-] Dynamic test user e5c1a870eed14d44adf86f157b8f869a is created with scope project and roles: ['member']
2024-08-28 09:09:15.639 62241 INFO tempest.lib.common.dynamic_creds [-] Acquired dynamic creds: credentials: Credentials: {'domain_id': 'default', 'domain_name': 'Default', 'username': 'tempest-ServersV294TestFqdnHostnames-1751620032-project-member', 'project_domain_id': 'default', 'project_domain_name': 'Default', 'project_id': '6f6b7e909e134c1e9fa03641abe59726', 'project_name': 'tempest-ServersV294TestFqdnHostnames-1751620032', 'tenant_id': '6f6b7e909e134c1e9fa03641abe59726', 'tenant_name': 'tempest-ServersV294TestFqdnHostnames-1751620032', 'user_domain_id': 'default', 'user_domain_name': 'Default', 'user_id': 'e5c1a870eed14d44adf86f157b8f869a', 'system': None}, Network: None, Subnet: None, Router: None
2024-08-28 09:09:15.654 62251 INFO tempest.lib.common.rest_client [req-709853bd-60f5-4e4d-a994-57dcab77512d req-709853bd-60f5-4e4d-a994-57dcab77512d ] Request (ImagesTestJSON:setUpClass): 201 POST http://10.180.1.21/identity/v3/projects 0.031s
2024-08-28 09:09:15.713 62241 INFO tempest.lib.common.rest_client [req-8123e10f-5e18-4e1f-a726-0fe3d952e18f req-8123e10f-5e18-4e1f-a726-0fe3d952e18f ] Request (ServersV294TestFqdnHostnames:setUpClass): 201 POST http://10.180.1.21/identity/v3/auth/tokens 0.074s
2024-08-28 09:09:15.725 62251 INFO tempest.lib.common.rest_client [req-59f91d09-421c-43e1-85ea-f4f36a83c15f req-59f91d09-421c-43e1-85ea-f4f36a83c15f ] Request (ImagesTestJSON:setUpClass): 201 POST http://10.180.1.21/identity/v3/users 0.071s
2024-08-28 09:09:15.748 62251 INFO tempest.lib.common.rest_client [req-4542e410-0610-47b6-b404-a1a1a62ac2a8 req-4542e410-0610-47b6-b404-a1a1a62ac2a8 ] Request (ImagesTestJSON:setUpClass): 200 GET http://10.180.1.21/identity/v3/roles 0.023s
2024-08-28 09:09:15.791 62251 INFO tempest.lib.common.rest_client [req-362a4de4-65d2-4d6b-aba3-dd0c9f092a4d req-362a4de4-65d2-4d6b-aba3-dd0c9f092a4d ] Request (ImagesTestJSON:setUpClass): 204 PUT http://10.180.1.21/identity/v3/projects/4afdda0bfda54f4dba3833c4e6a27ea1/users/022e7152f23e408ebe025b6c1c170d36/roles/2c7fdb80462342ba9a38258a3fa9cb40 0.042s
2024-08-28 09:09:15.791 62251 INFO tempest.lib.common.dynamic_creds [-] Dynamic test user 022e7152f23e408ebe025b6c1c170d36 is created with scope project and roles: ['member']
2024-08-28 09:09:15.792 62251 INFO tempest.lib.common.dynamic_creds [-] Acquired dynamic creds: credentials: Credentials: {'domain_id': 'default', 'domain_name': 'Default', 'username': 'tempest-ImagesTestJSON-1967956607-project-member', 'project_domain_id': 'default', 'project_domain_name': 'Default', 'project_id': '4afdda0bfda54f4dba3833c4e6a27ea1', 'project_name': 'tempest-ImagesTestJSON-1967956607', 'tenant_id': '4afdda0bfda54f4dba3833c4e6a27ea1', 'tenant_name': 'tempest-ImagesTestJSON-1967956607', 'user_domain_id': 'default', 'user_domain_name': 'Default', 'user_id': '022e7152f23e408ebe025b6c1c170d36', 'system': None}, Network: None, Subnet: None, Router: None
2024-08-28 09:09:15.800 62219 INFO tempest.lib.common.rest_client [req-2ee54318-22be-4e44-8c53-1a4815fd7dce req-2ee54318-22be-4e44-8c53-1a4815fd7dce ] Request (ServersTestJSON:setUpClass): 202 POST http://10.180.1.21/compute/v2.1/servers 2.241s
2024-08-28 09:09:15.844 62231 INFO tempest.lib.common.rest_client [req-c377130b-fd08-4098-aca6-d0f4adae2eac req-c377130b-fd08-4098-aca6-d0f4adae2eac ] Request (ServerMetadataTestJSON:test_list_server_metadata): 200 GET http://10.180.1.21/compute/v2.1/servers/061597d3-af80-4eb7-8225-63fcdc3a1ab1/metadata 1.825s
2024-08-28 09:09:15.864 62251 INFO tempest.lib.common.rest_client [req-d3adfa2e-6318-4d0a-9247-57a800203d56 req-d3adfa2e-6318-4d0a-9247-57a800203d56 ] Request (ImagesTestJSON:setUpClass): 201 POST http://10.180.1.21/identity/v3/auth/tokens 0.071s
2024-08-28 09:09:16.021 62257 INFO tempest.lib.common.rest_client [req-cc196601-c079-449a-a2ae-cc9f023a8745 req-cc196601-c079-449a-a2ae-cc9f023a8745 ] Request (ImagesMetadataTestJSON:tearDownClass): 204 DELETE http://10.180.1.21:9696/networking/v2.0/security-groups/7f954c56-24ab-4a52-80ba-f9ccaf8555ab 0.722s
2024-08-28 09:09:16.107 62257 INFO tempest.lib.common.rest_client [req-df901647-2bbb-4ec7-8e51-d9168841350c req-df901647-2bbb-4ec7-8e51-d9168841350c ] Request (ImagesMetadataTestJSON:tearDownClass): 204 DELETE http://10.180.1.21/identity/v3/projects/3c0d90e0d4f5401c8ef6d8173eaae760 0.085s
2024-08-28 09:09:16.113 62217 INFO tempest.lib.common.rest_client [req-a343c298-fa0d-4f51-ac63-531b1ba1edd3 req-a343c298-fa0d-4f51-ac63-531b1ba1edd3 ] Request (ServerActionsTestJSON:setUpClass): 201 POST http://10.180.1.21:9696/networking/v2.0/networks 0.915s
2024-08-28 09:09:16.192 62257 INFO tempest.lib.common.rest_client [req-74d85732-f134-43fe-abdc-dfb46e6934de req-74d85732-f134-43fe-abdc-dfb46e6934de ] Request (AttachVolumeTestJSON:setUpClass): 201 POST http://10.180.1.21/identity/v3/auth/tokens 0.083s
2024-08-28 09:09:16.195 62201 INFO tempest.lib.common.rest_client [req-9e5e69ce-9fcf-43fe-a2fd-b473483767dd req-9e5e69ce-9fcf-43fe-a2fd-b473483767dd ] Request (MigrationsAdminTest:test_list_migrations_in_flavor_resize_situation): 200 GET http://10.180.1.21/compute/v2.1/servers/9d79bbb7-73e3-4af6-8595-b8d3ebd4378c 2.145s
2024-08-28 09:09:16.236 62257 INFO tempest.lib.common.rest_client [req-bc7dd082-d40f-4cac-872e-4096b1fa19de req-bc7dd082-d40f-4cac-872e-4096b1fa19de ] Request (AttachVolumeTestJSON:setUpClass): 201 POST http://10.180.1.21/identity/v3/auth/tokens 0.042s
2024-08-28 09:09:16.262 62257 INFO tempest.lib.common.rest_client [req-fc87e1f7-02c6-4d1a-b209-691b0860d70a req-fc87e1f7-02c6-4d1a-b209-691b0860d70a ] Request (AttachVolumeTestJSON:setUpClass): 200 GET http://10.180.1.21/identity/v3/domains?name=Default 0.024s
2024-08-28 09:09:16.289 62257 INFO tempest.lib.common.rest_client [req-785375ea-49ee-4625-b45f-bd23f4009008 req-785375ea-49ee-4625-b45f-bd23f4009008 ] Request (AttachVolumeTestJSON:setUpClass): 201 POST http://10.180.1.21/identity/v3/projects 0.027s
2024-08-28 09:09:16.354 62237 INFO tempest.lib.common.rest_client [req-b059d42b-8bd3-43f8-99ad-abb5e0263da5 req-b059d42b-8bd3-43f8-99ad-abb5e0263da5 ] Request (ServerDiagnosticsNegativeTest:tearDownClass): 200 GET http://10.180.1.21/compute/v2.1/servers/74361d69-2cb1-4cfc-b5e1-ba99804f931a 2.190s
2024-08-28 09:09:16.365 62211 INFO tempest.lib.common.rest_client [req-9cc591db-51e0-493b-b2b7-891a325e444d req-9cc591db-51e0-493b-b2b7-891a325e444d ] Request (AggregatesAdminNegativeTestJSON:test_aggregate_get_details_with_invalid_id): 404 GET http://10.180.1.21/compute/v2.1/os-aggregates/-1 2.017s
2024-08-28 09:09:16.378 62257 INFO tempest.lib.common.rest_client [req-9f9a9969-765d-47c7-8252-f72ed4788782 req-9f9a9969-765d-47c7-8252-f72ed4788782 ] Request (AttachVolumeTestJSON:setUpClass): 201 POST http://10.180.1.21/identity/v3/users 0.088s
2024-08-28 09:09:16.400 62257 INFO tempest.lib.common.rest_client [req-9d1bf745-69e2-4194-9c35-db445af37b76 req-9d1bf745-69e2-4194-9c35-db445af37b76 ] Request (AttachVolumeTestJSON:setUpClass): 200 GET http://10.180.1.21/identity/v3/roles 0.022s
2024-08-28 09:09:16.444 62257 INFO tempest.lib.common.rest_client [req-b43abd07-c8c1-4014-84fd-29987cfb2d10 req-b43abd07-c8c1-4014-84fd-29987cfb2d10 ] Request (AttachVolumeTestJSON:setUpClass): 204 PUT http://10.180.1.21/identity/v3/projects/11db1f5ce1704bd3b416ab2d17b42043/users/625436488d8d46a08456ef3342e1889c/roles/2c7fdb80462342ba9a38258a3fa9cb40 0.043s
2024-08-28 09:09:16.444 62257 INFO tempest.lib.common.dynamic_creds [-] Dynamic test user 625436488d8d46a08456ef3342e1889c is created with scope project and roles: ['member']
2024-08-28 09:09:16.445 62257 INFO tempest.lib.common.dynamic_creds [-] Acquired dynamic creds: credentials: Credentials: {'domain_id': 'default', 'domain_name': 'Default', 'username': 'tempest-AttachVolumeTestJSON-1259389552-project-member', 'project_domain_id': 'default', 'project_domain_name': 'Default', 'project_id': '11db1f5ce1704bd3b416ab2d17b42043', 'project_name': 'tempest-AttachVolumeTestJSON-1259389552', 'tenant_id': '11db1f5ce1704bd3b416ab2d17b42043', 'tenant_name': 'tempest-AttachVolumeTestJSON-1259389552', 'user_domain_id': 'default', 'user_domain_name': 'Default', 'user_id': '625436488d8d46a08456ef3342e1889c', 'system': None}, Network: None, Subnet: None, Router: None
2024-08-28 09:09:16.518 62257 INFO tempest.lib.common.rest_client [req-c5cfaef0-9db0-49e3-8eee-e0888f79a9cc req-c5cfaef0-9db0-49e3-8eee-e0888f79a9cc ] Request (AttachVolumeTestJSON:setUpClass): 201 POST http://10.180.1.21/identity/v3/auth/tokens 0.073s
2024-08-28 09:09:16.625 62241 INFO tempest.lib.common.rest_client [req-e17c4c8f-2854-47e1-b995-0ddc7c08159d req-e17c4c8f-2854-47e1-b995-0ddc7c08159d ] Request (ServersV294TestFqdnHostnames:setUpClass): 201 POST http://10.180.1.21:9696/networking/v2.0/networks 0.912s
2024-08-28 09:09:16.672 62244 INFO tempest.lib.common.rest_client [req-e8ae6b90-8f78-4566-93ab-b80b7d5350c6 req-e8ae6b90-8f78-4566-93ab-b80b7d5350c6 ] Request (AttachInterfacesTestJSON:test_create_list_show_delete_interfaces_by_fixed_ip): 200 GET http://10.180.1.21/compute/v2.1/servers/66396ef9-04a2-4c50-9f3a-c1a398aa36de 2.290s
2024-08-28 09:09:16.693 62203 INFO tempest.lib.common.rest_client [req-d32239ad-6399-4fa3-b36f-dd8ab479dd06 req-d32239ad-6399-4fa3-b36f-dd8ab479dd06 ] Request (FlavorsAccessNegativeTestJSON:test_remove_flavor_access_not_found): 200 POST http://10.180.1.21/compute/v2.1/flavors 2.256s
2024-08-28 09:09:16.712 62221 INFO tempest.lib.common.rest_client [req-04306b86-2803-4295-977b-bbb34fbfe6b0 req-04306b86-2803-4295-977b-bbb34fbfe6b0 ] Request (FlavorsAdminTestJSON:test_create_server_with_non_public_flavor): 200 POST http://10.180.1.21/compute/v2.1/flavors 2.255s
2024-08-28 09:09:16.732 62217 INFO tempest.lib.common.rest_client [req-fe0ffb6b-6993-4169-ab1f-9fd2b7eef288 req-fe0ffb6b-6993-4169-ab1f-9fd2b7eef288 ] Request (ServerActionsTestJSON:setUpClass): 201 POST http://10.180.1.21:9696/networking/v2.0/subnets 0.618s
2024-08-28 09:09:16.740 62213 INFO tempest.lib.common.rest_client [req-dc4ef6c5-9855-4661-93b5-b28b37a29ab2 req-dc4ef6c5-9855-4661-93b5-b28b37a29ab2 ] Request (KeyPairsV22TestJSON:test_keypairs_create_list_delete): 201 POST http://10.180.1.21/compute/v2.1/os-keypairs 2.254s
2024-08-28 09:09:16.793 62251 INFO tempest.lib.common.rest_client [req-1c6a3c08-f594-4b9d-9c8f-acade2a8f947 req-1c6a3c08-f594-4b9d-9c8f-acade2a8f947 ] Request (ImagesTestJSON:setUpClass): 201 POST http://10.180.1.21:9696/networking/v2.0/networks 0.928s
2024-08-28 09:09:17.084 62253 INFO tempest.lib.common.rest_client [req-d21521dc-774f-4807-8520-e267744a54af req-d21521dc-774f-4807-8520-e267744a54af ] Request (ValidationResourcesFixture:setUp): 201 POST http://10.180.1.21:9696/networking/v2.0/floatingips 1.554s
2024-08-28 09:09:17.155 62253 INFO tempest.lib.common.rest_client [req-6b380819-21c2-46c4-a5aa-e37d5836dcbc req-6b380819-21c2-46c4-a5aa-e37d5836dcbc ] Request (AttachInterfacesUnderV243Test:test_add_remove_fixed_ip): 201 POST http://10.180.1.21/identity/v3/auth/tokens 0.066s
2024-08-28 09:09:17.155 62253 INFO tempest.lib.common.fixed_network [-] (AttachInterfacesUnderV243Test:test_add_remove_fixed_ip) Found network {'id': '448a8a48-102d-4577-9505-1c793c4ad73e', 'name': 'tempest-AttachInterfacesUnderV243Test-222713243-network', 'tenant_id': 'be6a7be350b242d6ae545eb187ba2dd0', 'admin_state_up': True, 'mtu': 8950, 'status': 'ACTIVE', 'subnets': [], 'shared': False, 'project_id': 'be6a7be350b242d6ae545eb187ba2dd0', 'port_security_enabled': True, 'router:external': False, 'provider:network_type': 'vlan', 'provider:physical_network': 'default', 'provider:segmentation_id': 691, 'is_default': False, 'availability_zone_hints': [], 'availability_zones': [], 'ipv4_address_scope': None, 'ipv6_address_scope': None, 'description': '', 'tags': [], 'created_at': '2024-08-28T09:09:07Z', 'updated_at': '2024-08-28T09:09:07Z', 'revision_number': 1} available for tenant
2024-08-28 09:09:17.167 62249 INFO tempest.lib.common.rest_client [req-762dd37f-2b5b-4744-b212-1c65cc248046 req-762dd37f-2b5b-4744-b212-1c65cc248046 ] Request (VolumesAdminNegativeTest:test_update_attached_volume_with_nonexistent_volume_in_body): 200 GET http://10.180.1.21/compute/v2.1/servers/d0816f49-cd5c-40d4-b49a-8d5b76321153 2.647s
2024-08-28 09:09:17.173 62249 INFO tempest.common.waiters [-] State transition "BUILD/spawning" ==> "ACTIVE/None" after 27 second wait
2024-08-28 09:09:17.232 62225 INFO tempest.lib.common.rest_client [req-03325194-742d-4c23-993f-44d4be2890e5 req-03325194-742d-4c23-993f-44d4be2890e5 ] Request (ServersAdminTestJSON:setUpClass): 200 GET http://10.180.1.21/compute/v2.1/servers/7ee63cda-4878-4c4c-bc76-c51c798de3fd 2.648s
2024-08-28 09:09:17.269 62257 INFO tempest.lib.common.rest_client [req-40810759-b812-4d5d-941d-6877af439ce5 req-40810759-b812-4d5d-941d-6877af439ce5 ] Request (AttachVolumeTestJSON:setUpClass): 201 POST http://10.180.1.21:9696/networking/v2.0/networks 0.750s
2024-08-28 09:09:17.395 62241 INFO tempest.lib.common.rest_client [req-045057a1-cc34-45a0-b3b9-25cc9d6002d2 req-045057a1-cc34-45a0-b3b9-25cc9d6002d2 ] Request (ServersV294TestFqdnHostnames:setUpClass): 201 POST http://10.180.1.21:9696/networking/v2.0/subnets 0.770s
2024-08-28 09:09:17.632 62209 INFO tempest.lib.common.rest_client [req-2e722dfe-b41d-47e3-9327-458b9ad11fbc req-2e722dfe-b41d-47e3-9327-458b9ad11fbc ] Request (ListServersNegativeTestJSON:setUpClass): 200 GET http://10.180.1.21/compute/v2.1/servers/9a8047e7-ce01-4355-bf4e-aef94f6db15e 2.857s
2024-08-28 09:09:17.667 62251 INFO tempest.lib.common.rest_client [req-a8c1cfb3-1cb7-4ee4-bf56-3f894d6ab8b4 req-a8c1cfb3-1cb7-4ee4-bf56-3f894d6ab8b4 ] Request (ImagesTestJSON:setUpClass): 201 POST http://10.180.1.21:9696/networking/v2.0/subnets 0.873s
2024-08-28 09:09:17.886 62257 INFO tempest.lib.common.rest_client [req-c8fca434-9ac1-49c1-b187-2250393943b5 req-c8fca434-9ac1-49c1-b187-2250393943b5 ] Request (AttachVolumeTestJSON:setUpClass): 201 POST http://10.180.1.21:9696/networking/v2.0/subnets 0.616s
2024-08-28 09:09:17.921 62247 INFO tempest.lib.common.rest_client [req-1a95ae4a-9058-417c-bb92-a08f4e3402e2 req-1a95ae4a-9058-417c-bb92-a08f4e3402e2 ] Request (ServerDiagnosticsV248Test:tearDownClass): 200 GET http://10.180.1.21/compute/v2.1/servers/1a02e309-1403-4d0e-8fb5-65e90274f3a7 2.987s
2024-08-28 09:09:17.932 62247 INFO tempest.common.waiters [-] State transition "ACTIVE/deleting" ==> "DELETED/None" after 4 second wait
2024-08-28 09:09:17.995 62199 INFO tempest.lib.common.rest_client [req-ecd51ff6-dee7-4438-bcfd-4ef2c32e8db9 req-ecd51ff6-dee7-4438-bcfd-4ef2c32e8db9 ] Request (ServerPasswordTestJSON:setUpClass): 200 PUT http://10.180.1.21:9696/networking/v2.0/routers/be6fbd20-9f2b-4b9d-82a5-954cf546fa83/add_router_interface 2.923s
2024-08-28 09:09:17.995 62199 INFO tempest.lib.common.dynamic_creds [-] Created isolated network resources for: credentials: Credentials: {'domain_id': 'default', 'domain_name': 'Default', 'username': 'tempest-ServerPasswordTestJSON-1566564583-project-member', 'project_domain_id': 'default', 'project_domain_name': 'Default', 'project_id': '28c90a67d185469b88db38fe59c93520', 'project_name': 'tempest-ServerPasswordTestJSON-1566564583', 'tenant_id': '28c90a67d185469b88db38fe59c93520', 'tenant_name': 'tempest-ServerPasswordTestJSON-1566564583', 'user_domain_id': 'default', 'user_domain_name': 'Default', 'user_id': '146b96a7e8b54f6c8af2437207833412', 'system': None}, Network: {'id': 'ca81e6a8-84d6-4c66-beb0-503a78cc2713', 'name': 'tempest-ServerPasswordTestJSON-1504179891-network', 'tenant_id': '28c90a67d185469b88db38fe59c93520', 'admin_state_up': True, 'mtu': 8950, 'status': 'ACTIVE', 'subnets': [], 'shared': False, 'project_id': '28c90a67d185469b88db38fe59c93520', 'port_security_enabled': True, 'router:external': False, 'provider:network_type': 'vlan', 'provider:physical_network': 'default', 'provider:segmentation_id': 907, 'is_default': False, 'availability_zone_hints': [], 'availability_zones': [], 'ipv4_address_scope': None, 'ipv6_address_scope': None, 'description': '', 'tags': [], 'created_at': '2024-08-28T09:09:12Z', 'updated_at': '2024-08-28T09:09:12Z', 'revision_number': 1}, Subnet: {'id': '6b91f8a3-3fd5-4dab-8b51-7567df965023', 'name': 'tempest-ServerPasswordTestJSON-1504179891-subnet', 'tenant_id': '28c90a67d185469b88db38fe59c93520', 'network_id': 'ca81e6a8-84d6-4c66-beb0-503a78cc2713', 'ip_version': 4, 'subnetpool_id': None, 'enable_dhcp': True, 'ipv6_ra_mode': None, 'ipv6_address_mode': None, 'gateway_ip': '192.168.128.1', 'cidr': '192.168.128.0/28', 'allocation_pools': [{'start': '192.168.128.2', 'end': '192.168.128.14'}], 'host_routes': [], 'dns_nameservers': [], 'description': '', 'router:external': False, 'service_types': [], 'tags': [], 'created_at': '2024-08-28T09:09:12Z', 'updated_at': '2024-08-28T09:09:12Z', 'revision_number': 0, 'project_id': '28c90a67d185469b88db38fe59c93520'}, Router: {'id': 'be6fbd20-9f2b-4b9d-82a5-954cf546fa83', 'name': 'tempest-ServerPasswordTestJSON-1504179891-router', 'tenant_id': '28c90a67d185469b88db38fe59c93520', 'admin_state_up': True, 'status': 'ACTIVE', 'external_gateway_info': {'network_id': '87c7524b-9a08-4a97-baf8-703ae90105c3', 'external_fixed_ips': [{'subnet_id': 'a60ec500-df77-4a09-88ed-e0170dd00e31', 'ip_address': '10.180.180.240'}], 'enable_snat': True}, 'description': '', 'availability_zones': [], 'distributed': False, 'ha': False, 'availability_zone_hints': [], 'routes': [], 'flavor_id': None, 'tags': [], 'created_at': '2024-08-28T09:09:13Z', 'updated_at': '2024-08-28T09:09:14Z', 'revision_number': 2, 'project_id': '28c90a67d185469b88db38fe59c93520'}
2024-08-28 09:09:18.000 62255 INFO tempest.lib.common.rest_client [req-f0ae825d-9466-4a11-ac28-240110629a49 req-f0ae825d-9466-4a11-ac28-240110629a49 ] Request (DeleteServersAdminTestJSON:test_admin_delete_servers_of_others): 200 GET http://10.180.1.21/compute/v2.1/servers/68958700-08a7-4ca2-8a35-7fde68591a74 2.958s
2024-08-28 09:09:18.099 62199 INFO tempest.lib.common.rest_client [req-982526f2-4d71-4baf-bd44-ba9974086120 req-982526f2-4d71-4baf-bd44-ba9974086120 ] Request (ServerPasswordTestJSON:setUpClass): 201 POST http://10.180.1.21/identity/v3/auth/tokens 0.100s
2024-08-28 09:09:18.148 62199 INFO tempest.lib.common.rest_client [req-a846d95c-570b-47c1-96f2-f8968e47580b req-a846d95c-570b-47c1-96f2-f8968e47580b ] Request (ServerPasswordTestJSON:setUpClass): 201 POST http://10.180.1.21/identity/v3/auth/tokens 0.046s
2024-08-28 09:09:18.148 62199 INFO tempest.lib.common.fixed_network [-] (ServerPasswordTestJSON:setUpClass) Found network {'id': 'ca81e6a8-84d6-4c66-beb0-503a78cc2713', 'name': 'tempest-ServerPasswordTestJSON-1504179891-network', 'tenant_id': '28c90a67d185469b88db38fe59c93520', 'admin_state_up': True, 'mtu': 8950, 'status': 'ACTIVE', 'subnets': [], 'shared': False, 'project_id': '28c90a67d185469b88db38fe59c93520', 'port_security_enabled': True, 'router:external': False, 'provider:network_type': 'vlan', 'provider:physical_network': 'default', 'provider:segmentation_id': 907, 'is_default': False, 'availability_zone_hints': [], 'availability_zones': [], 'ipv4_address_scope': None, 'ipv6_address_scope': None, 'description': '', 'tags': [], 'created_at': '2024-08-28T09:09:12Z', 'updated_at': '2024-08-28T09:09:12Z', 'revision_number': 1} available for tenant
2024-08-28 09:09:18.156 62215 INFO tempest.lib.common.rest_client [req-59a3a175-feca-4cf8-b9c1-7a06ba2fda57 req-59a3a175-feca-4cf8-b9c1-7a06ba2fda57 ] Request (InstanceActionsNegativeTestJSON:setUpClass): 201 POST http://10.180.1.21:9696/networking/v2.0/routers 2.856s
2024-08-28 09:09:18.512 62205 INFO tempest.lib.common.rest_client [req-a004b359-986f-48d2-9bd5-7e6e28b59358 req-a004b359-986f-48d2-9bd5-7e6e28b59358 ] Request (VolumesAssistedSnapshotsTest:test_volume_assisted_snapshot_create_delete): 200 GET http://10.180.1.21/compute/v2.1/servers/66b0d824-035d-44df-a7c1-af0f4d23e4b9 3.215s
2024-08-28 09:09:18.699 62227 INFO tempest.lib.common.rest_client [req-9481b1be-46d7-4bbd-8865-0f2ae906bcdc req-9481b1be-46d7-4bbd-8865-0f2ae906bcdc ] Request (QuotasAdminTestV257:test_get_updated_quotas): 200 GET http://10.180.1.21/compute/v2.1/os-quota-sets/ad9e5a6b63534d4fb9753bacd60054aa?user_id=67ae4d103d0c4f2c9209b6e98bf5054f 3.390s
2024-08-28 09:09:18.739 62217 INFO tempest.lib.common.rest_client [req-85b37333-ea7b-4b2c-8f93-d05f1a93b2b6 req-85b37333-ea7b-4b2c-8f93-d05f1a93b2b6 ] Request (ServerActionsTestJSON:setUpClass): 201 POST http://10.180.1.21:9696/networking/v2.0/routers 2.005s
2024-08-28 09:09:18.778 62233 INFO tempest.lib.common.rest_client [req-da971778-5661-4060-a926-7c30f4fc546f req-da971778-5661-4060-a926-7c30f4fc546f ] Request (TenantUsagesNegativeTestJSON:test_list_usage_all_tenants_with_non_admin_user): 403 GET http://10.180.1.21/compute/v2.1/os-simple-tenant-usage?start=2024-08-27T09%3A09%3A12.405136&end=2024-08-29T09%3A09%3A12.405136&detailed=1 3.464s
2024-08-28 09:09:18.801 62227 INFO tempest.lib.common.rest_client [req-86f56a85-ed13-404f-8dd4-d44db3f41d3f req-86f56a85-ed13-404f-8dd4-d44db3f41d3f ] Request (QuotasAdminTestV257:_run_cleanups): 204 DELETE http://10.180.1.21/identity/v3/users/67ae4d103d0c4f2c9209b6e98bf5054f 0.101s
2024-08-28 09:09:18.877 62197 INFO tempest.lib.common.rest_client [req-0e4fa48a-cc6f-4eb8-92d4-3db7b69a425f req-0e4fa48a-cc6f-4eb8-92d4-3db7b69a425f ] Request (FloatingIPsAssociationTestJSON:test_associate_already_associated_floating_ip): 200 GET http://10.180.1.21/compute/v2.1/servers/46bf2f3b-9f41-4043-8b2b-e52e765da72b 3.455s
2024-08-28 09:09:18.902 62233 INFO tempest.lib.common.rest_client [req-eebdbdee-d1e7-4f9f-b6ab-1b3ab84c1dc3 req-eebdbdee-d1e7-4f9f-b6ab-1b3ab84c1dc3 ] Request (TenantUsagesNegativeTestJSON:tearDownClass): 204 DELETE http://10.180.1.21/identity/v3/users/b14d2da991ea4474a1799508f0a99b1f 0.121s
2024-08-28 09:09:18.941 62227 INFO tempest.lib.common.rest_client [req-33709912-a5a8-4f94-9eac-1e751baf3c99 req-33709912-a5a8-4f94-9eac-1e751baf3c99 ] Request (QuotasAdminTestV257:_run_cleanups): 204 DELETE http://10.180.1.21/identity/v3/projects/ad9e5a6b63534d4fb9753bacd60054aa 0.138s
2024-08-28 09:09:18.994 62229 INFO tempest.lib.common.rest_client [req-ef83b542-869e-4780-b280-15fdb2e50aba req-ef83b542-869e-4780-b280-15fdb2e50aba ] Request (ServerDiagnosticsTest:test_get_server_diagnostics): 200 GET http://10.180.1.21/compute/v2.1/servers/85eb3bcf-83c5-4420-8d66-d5c0b6595964 3.389s
2024-08-28 09:09:19.003 62229 INFO tempest.common.waiters [-] State transition "BUILD/scheduling" ==> "BUILD/None" after 7 second wait
2024-08-28 09:09:19.079 62233 INFO tempest.lib.common.rest_client [req-d9d6e70e-e6ac-45e2-8995-e1cf67946223 req-d9d6e70e-e6ac-45e2-8995-e1cf67946223 ] Request (TenantUsagesNegativeTestJSON:tearDownClass): 204 DELETE http://10.180.1.21/identity/v3/users/77e4cfd4ee794ebcb3e6224b7722a06f 0.176s
2024-08-28 09:09:19.079 62233 INFO tempest.lib.common.dynamic_creds [-] Deleting project and security group for project: 0340cad6baab4981b51b2ab792a7e70c
2024-08-28 09:09:19.084 62227 INFO tempest.lib.common.rest_client [req-81b46287-e0fa-47b9-9a29-d19a6176f8af req-81b46287-e0fa-47b9-9a29-d19a6176f8af ] Request (QuotasAdminTestV257:tearDownClass): 204 DELETE http://10.180.1.21/identity/v3/users/5549ce966a0a47ae873c74e9dac1069c 0.142s
2024-08-28 09:09:19.113 62219 INFO tempest.lib.common.rest_client [req-79339ac2-90f3-4a8d-a257-4ff56abf68b0 req-79339ac2-90f3-4a8d-a257-4ff56abf68b0 ] Request (ServersTestJSON:setUpClass): 200 GET http://10.180.1.21/compute/v2.1/servers/10117be5-70f2-4f62-81dd-3732ba3bb70c 3.307s
2024-08-28 09:09:19.154 62233 INFO tempest.lib.common.rest_client [req-aa14f6ff-d949-422c-aaf2-aaffd5850d4f req-aa14f6ff-d949-422c-aaf2-aaffd5850d4f ] Request (TenantUsagesNegativeTestJSON:tearDownClass): 201 POST http://10.180.1.21/identity/v3/auth/tokens 0.074s
2024-08-28 09:09:19.194 62231 INFO tempest.lib.common.rest_client [req-6730ebd3-1d36-40f3-86bd-d202f5094701 req-6730ebd3-1d36-40f3-86bd-d202f5094701 ] Request (ServerMetadataTestJSON:setUp): 200 PUT http://10.180.1.21/compute/v2.1/servers/061597d3-af80-4eb7-8225-63fcdc3a1ab1/metadata 3.348s
2024-08-28 09:09:19.210 62227 INFO tempest.lib.common.rest_client [req-2f44941e-f77c-4966-af06-1734d309da37 req-2f44941e-f77c-4966-af06-1734d309da37 ] Request (QuotasAdminTestV257:tearDownClass): 204 DELETE http://10.180.1.21/identity/v3/users/71f27b5212544a6abde430859f8872da 0.125s
2024-08-28 09:09:19.210 62227 INFO tempest.lib.common.dynamic_creds [-] Deleting project and security group for project: 05ad2a039ab242ad91616eaf42d9fbfe
2024-08-28 09:09:19.265 62227 INFO tempest.lib.common.rest_client [req-01839e92-4cd8-4a1b-9a2f-fa9c25848bf5 req-01839e92-4cd8-4a1b-9a2f-fa9c25848bf5 ] Request (QuotasAdminTestV257:tearDownClass): 201 POST http://10.180.1.21/identity/v3/auth/tokens 0.055s
2024-08-28 09:09:19.383 62241 INFO tempest.lib.common.rest_client [req-dff3c64c-6a05-4a99-90d5-8176daa40612 req-dff3c64c-6a05-4a99-90d5-8176daa40612 ] Request (ServersV294TestFqdnHostnames:setUpClass): 201 POST http://10.180.1.21:9696/networking/v2.0/routers 1.987s
2024-08-28 09:09:19.685 62239 INFO tempest.lib.common.rest_client [req-df9bd759-3d68-41c9-9054-3569a3cf51b8 req-df9bd759-3d68-41c9-9054-3569a3cf51b8 ] Request (FloatingIPsAssociationNegativeTestJSON:setUpClass): 200 GET http://10.180.1.21/compute/v2.1/servers/e238d97c-522e-4c5e-8143-29b71e832871 3.823s
2024-08-28 09:09:19.694 62239 INFO tempest.common.waiters [-] State transition "BUILD/spawning" ==> "ACTIVE/None" after 29 second wait
2024-08-28 09:09:19.769 62233 INFO tempest.lib.common.rest_client [req-c9dfff3b-8c56-47e8-923b-749986844ba9 req-c9dfff3b-8c56-47e8-923b-749986844ba9 ] Request (TenantUsagesNegativeTestJSON:tearDownClass): 200 GET http://10.180.1.21:9696/networking/v2.0/security-groups?tenant_id=0340cad6baab4981b51b2ab792a7e70c&name=default 0.615s
2024-08-28 09:09:19.802 62227 INFO tempest.lib.common.rest_client [req-9e379260-f611-4282-ac6d-2cc47c3ebe2c req-9e379260-f611-4282-ac6d-2cc47c3ebe2c ] Request (QuotasAdminTestV257:tearDownClass): 200 GET http://10.180.1.21:9696/networking/v2.0/security-groups?tenant_id=05ad2a039ab242ad91616eaf42d9fbfe&name=default 0.536s
2024-08-28 09:09:20.368 62251 INFO tempest.lib.common.rest_client [req-51ae938a-be05-4b8d-b8e4-ce8e4a10c1be req-51ae938a-be05-4b8d-b8e4-ce8e4a10c1be ] Request (ImagesTestJSON:setUpClass): 201 POST http://10.180.1.21:9696/networking/v2.0/routers 2.700s
2024-08-28 09:09:20.494 62245 INFO tempest.lib.common.rest_client [req-d0d90838-d1f4-4d31-8acf-c3a7bec6a893 req-d0d90838-d1f4-4d31-8acf-c3a7bec6a893 ] Request (ServerExternalEventsTest:test_create_server_external_events): 200 GET http://10.180.1.21/compute/v2.1/servers/2567109b-5916-478e-a169-da093e2f68a7 4.617s
2024-08-28 09:09:20.502 62245 INFO tempest.common.waiters [-] State transition "BUILD/None" ==> "BUILD/spawning" after 16 second wait
2024-08-28 09:09:20.524 62233 INFO tempest.lib.common.rest_client [req-bd8ce267-dc1f-46e1-ace7-5b2da7a19eb9 req-bd8ce267-dc1f-46e1-ace7-5b2da7a19eb9 ] Request (TenantUsagesNegativeTestJSON:tearDownClass): 204 DELETE http://10.180.1.21:9696/networking/v2.0/security-groups/f9dbb9ee-e3e7-4a46-b928-f2236074d687 0.755s
2024-08-28 09:09:20.581 62257 INFO tempest.lib.common.rest_client [req-c6590a81-d690-44b7-a511-da99edcbb931 req-c6590a81-d690-44b7-a511-da99edcbb931 ] Request (AttachVolumeTestJSON:setUpClass): 201 POST http://10.180.1.21:9696/networking/v2.0/routers 2.694s
2024-08-28 09:09:20.597 62227 INFO tempest.lib.common.rest_client [req-7678daec-1dea-4554-8666-973d6d584a04 req-7678daec-1dea-4554-8666-973d6d584a04 ] Request (QuotasAdminTestV257:tearDownClass): 204 DELETE http://10.180.1.21:9696/networking/v2.0/security-groups/b22bbab7-8f44-497d-b94b-ff2dd7a1af01 0.794s
2024-08-28 09:09:20.644 62233 INFO tempest.lib.common.rest_client [req-3caad959-462f-4a89-ac6b-73a23f3ac78e req-3caad959-462f-4a89-ac6b-73a23f3ac78e ] Request (TenantUsagesNegativeTestJSON:tearDownClass): 204 DELETE http://10.180.1.21/identity/v3/projects/0340cad6baab4981b51b2ab792a7e70c 0.119s
2024-08-28 09:09:20.645 62233 INFO tempest.lib.common.dynamic_creds [-] Deleting project and security group for project: 3c9f85890add4dad9df5099bf0642f18
2024-08-28 09:09:20.724 62227 INFO tempest.lib.common.rest_client [req-52c847bc-20b2-4a3e-9f9f-cc67852e4043 req-52c847bc-20b2-4a3e-9f9f-cc67852e4043 ] Request (QuotasAdminTestV257:tearDownClass): 204 DELETE http://10.180.1.21/identity/v3/projects/05ad2a039ab242ad91616eaf42d9fbfe 0.126s
2024-08-28 09:09:20.724 62227 INFO tempest.lib.common.dynamic_creds [-] Deleting project and security group for project: e851309c266b4755bc54eb41e0a4adb6
2024-08-28 09:09:21.088 62227 INFO tempest.lib.common.rest_client [req-6bb1222f-08f5-4196-9f41-03fe3d4bcbae req-6bb1222f-08f5-4196-9f41-03fe3d4bcbae ] Request (QuotasAdminTestV257:tearDownClass): 200 GET http://10.180.1.21:9696/networking/v2.0/security-groups?tenant_id=e851309c266b4755bc54eb41e0a4adb6&name=default 0.363s
2024-08-28 09:09:21.163 62233 INFO tempest.lib.common.rest_client [req-dddcf34a-ca28-4e8f-b324-220783643c39 req-dddcf34a-ca28-4e8f-b324-220783643c39 ] Request (TenantUsagesNegativeTestJSON:tearDownClass): 200 GET http://10.180.1.21:9696/networking/v2.0/security-groups?tenant_id=3c9f85890add4dad9df5099bf0642f18&name=default 0.518s
2024-08-28 09:09:21.188 62259 INFO tempest.lib.common.rest_client [req-5671eb3a-7c90-4b30-9895-7ffdbb969989 req-5671eb3a-7c90-4b30-9895-7ffdbb969989 ] Request (DeleteServersTestJSON:test_delete_active_server): 200 GET http://10.180.1.21/compute/v2.1/servers/46cef7c4-93a2-4751-bddb-39b874016f63 5.239s
2024-08-28 09:09:21.271 62223 INFO tempest.lib.common.rest_client [req-268cbd22-b76c-4398-8a26-616b47dbc882 req-268cbd22-b76c-4398-8a26-616b47dbc882 ] Request (ServersWithSpecificFlavorTestJSON:test_verify_created_server_ephemeral_disk): 200 GET http://10.180.1.21/compute/v2.1/servers/e9bb2909-0eaa-4bfb-93a3-0b35c493422e 5.213s
2024-08-28 09:09:21.274 62211 INFO tempest.lib.common.rest_client [req-095c3226-c15f-447a-b948-a9e0f2eee632 req-095c3226-c15f-447a-b948-a9e0f2eee632 ] Request (AggregatesAdminNegativeTestJSON:test_aggregate_list_as_user): 403 GET http://10.180.1.21/compute/v2.1/os-aggregates 4.907s
2024-08-28 09:09:21.422 62203 INFO tempest.lib.common.rest_client [req-0474656b-48c5-4c16-8c8b-1524e7d9f286 req-0474656b-48c5-4c16-8c8b-1524e7d9f286 ] Request (FlavorsAccessNegativeTestJSON:test_remove_flavor_access_not_found): 404 POST http://10.180.1.21/compute/v2.1/flavors/1287425907/action 4.725s
2024-08-28 09:09:21.435 62221 INFO tempest.lib.common.rest_client [req-f52a46c9-da55-407b-a1eb-4e40c809ca9a req-f52a46c9-da55-407b-a1eb-4e40c809ca9a ] Request (FlavorsAdminTestJSON:test_create_server_with_non_public_flavor): 400 POST http://10.180.1.21/compute/v2.1/servers 4.719s
2024-08-28 09:09:21.446 62213 INFO tempest.lib.common.rest_client [req-cb9fdb06-4ddc-491b-820c-11cfebd811a5 req-cb9fdb06-4ddc-491b-820c-11cfebd811a5 ] Request (KeyPairsV22TestJSON:test_keypairs_create_list_delete): 200 GET http://10.180.1.21/compute/v2.1/os-keypairs 4.705s
2024-08-28 09:09:21.543 62215 INFO tempest.lib.common.rest_client [req-c3810d33-5c7e-4a71-8d59-5911430134c9 req-c3810d33-5c7e-4a71-8d59-5911430134c9 ] Request (InstanceActionsNegativeTestJSON:setUpClass): 200 PUT http://10.180.1.21:9696/networking/v2.0/routers/cc5d8610-f1b5-4ded-a691-6fdcfa73adc3/add_router_interface 3.386s
2024-08-28 09:09:21.543 62215 INFO tempest.lib.common.dynamic_creds [-] Created isolated network resources for: credentials: Credentials: {'domain_id': 'default', 'domain_name': 'Default', 'username': 'tempest-InstanceActionsNegativeTestJSON-174849776-project-member', 'project_domain_id': 'default', 'project_domain_name': 'Default', 'project_id': 'a183cfc227f249ebab6a6e536cafbf2f', 'project_name': 'tempest-InstanceActionsNegativeTestJSON-174849776', 'tenant_id': 'a183cfc227f249ebab6a6e536cafbf2f', 'tenant_name': 'tempest-InstanceActionsNegativeTestJSON-174849776', 'user_domain_id': 'default', 'user_domain_name': 'Default', 'user_id': 'b0a46193dae3462a89d585587f25ebac', 'system': None}, Network: {'id': 'daa14bc0-2436-48d0-82f1-8a1ead30f471', 'name': 'tempest-InstanceActionsNegativeTestJSON-1343954725-network', 'tenant_id': 'a183cfc227f249ebab6a6e536cafbf2f', 'admin_state_up': True, 'mtu': 8950, 'status': 'ACTIVE', 'subnets': [], 'shared': False, 'project_id': 'a183cfc227f249ebab6a6e536cafbf2f', 'port_security_enabled': True, 'router:external': False, 'provider:network_type': 'vlan', 'provider:physical_network': 'default', 'provider:segmentation_id': 509, 'is_default': False, 'availability_zone_hints': [], 'availability_zones': [], 'ipv4_address_scope': None, 'ipv6_address_scope': None, 'description': '', 'tags': [], 'created_at': '2024-08-28T09:09:14Z', 'updated_at': '2024-08-28T09:09:14Z', 'revision_number': 1}, Subnet: {'id': 'ab66575e-c170-41ae-9855-eb2bfb2d21bb', 'name': 'tempest-InstanceActionsNegativeTestJSON-1343954725-subnet', 'tenant_id': 'a183cfc227f249ebab6a6e536cafbf2f', 'network_id': 'daa14bc0-2436-48d0-82f1-8a1ead30f471', 'ip_version': 4, 'subnetpool_id': None, 'enable_dhcp': True, 'ipv6_ra_mode': None, 'ipv6_address_mode': None, 'gateway_ip': '192.168.128.1', 'cidr': '192.168.128.0/28', 'allocation_pools': [{'start': '192.168.128.2', 'end': '192.168.128.14'}], 'host_routes': [], 'dns_nameservers': [], 'description': '', 'router:external': False, 'service_types': [], 'tags': [], 'created_at': '2024-08-28T09:09:14Z', 'updated_at': '2024-08-28T09:09:14Z', 'revision_number': 0, 'project_id': 'a183cfc227f249ebab6a6e536cafbf2f'}, Router: {'id': 'cc5d8610-f1b5-4ded-a691-6fdcfa73adc3', 'name': 'tempest-InstanceActionsNegativeTestJSON-1343954725-router', 'tenant_id': 'a183cfc227f249ebab6a6e536cafbf2f', 'admin_state_up': True, 'status': 'ACTIVE', 'external_gateway_info': {'network_id': '87c7524b-9a08-4a97-baf8-703ae90105c3', 'external_fixed_ips': [{'subnet_id': 'a60ec500-df77-4a09-88ed-e0170dd00e31', 'ip_address': '10.180.180.244'}], 'enable_snat': True}, 'description': '', 'availability_zones': [], 'distributed': False, 'ha': False, 'availability_zone_hints': [], 'routes': [], 'flavor_id': None, 'tags': [], 'created_at': '2024-08-28T09:09:15Z', 'updated_at': '2024-08-28T09:09:16Z', 'revision_number': 2, 'project_id': 'a183cfc227f249ebab6a6e536cafbf2f'}
2024-08-28 09:09:21.548 62227 INFO tempest.lib.common.rest_client [req-9540983f-38b5-4355-958b-bde1a754027c req-9540983f-38b5-4355-958b-bde1a754027c ] Request (QuotasAdminTestV257:tearDownClass): 204 DELETE http://10.180.1.21:9696/networking/v2.0/security-groups/67323103-3597-4277-b98c-f9b3b8dd46a0 0.459s
2024-08-28 09:09:21.635 62233 INFO tempest.lib.common.rest_client [req-beef2e79-9904-4326-bc27-f7ccae387eb8 req-beef2e79-9904-4326-bc27-f7ccae387eb8 ] Request (TenantUsagesNegativeTestJSON:tearDownClass): 204 DELETE http://10.180.1.21:9696/networking/v2.0/security-groups/94be408f-5769-4a66-872b-202020bf3c61 0.471s
2024-08-28 09:09:21.653 62215 INFO tempest.lib.common.rest_client [req-4d92674f-2784-47a7-b2b8-03dcbfcf8c82 req-4d92674f-2784-47a7-b2b8-03dcbfcf8c82 ] Request (InstanceActionsNegativeTestJSON:setUpClass): 201 POST http://10.180.1.21/identity/v3/auth/tokens 0.107s
2024-08-28 09:09:21.677 62227 INFO tempest.lib.common.rest_client [req-bb3c0b23-8095-417e-8c69-f64edbe7bfff req-bb3c0b23-8095-417e-8c69-f64edbe7bfff ] Request (QuotasAdminTestV257:tearDownClass): 204 DELETE http://10.180.1.21/identity/v3/projects/e851309c266b4755bc54eb41e0a4adb6 0.128s
2024-08-28 09:09:21.678 62227 INFO tempest.test [-] raised in TestVolumeSwap.setUpClass. Invoking tearDownClass.
2024-08-28 09:09:21.745 62215 INFO tempest.lib.common.rest_client [req-8a5ea4d0-a1f3-4bd4-a9f6-5b0a48e45d4d req-8a5ea4d0-a1f3-4bd4-a9f6-5b0a48e45d4d ] Request (InstanceActionsNegativeTestJSON:setUpClass): 201 POST http://10.180.1.21/identity/v3/auth/tokens 0.086s
2024-08-28 09:09:21.746 62215 INFO tempest.lib.common.fixed_network [-] (InstanceActionsNegativeTestJSON:setUpClass) Found network {'id': 'daa14bc0-2436-48d0-82f1-8a1ead30f471', 'name': 'tempest-InstanceActionsNegativeTestJSON-1343954725-network', 'tenant_id': 'a183cfc227f249ebab6a6e536cafbf2f', 'admin_state_up': True, 'mtu': 8950, 'status': 'ACTIVE', 'subnets': [], 'shared': False, 'project_id': 'a183cfc227f249ebab6a6e536cafbf2f', 'port_security_enabled': True, 'router:external': False, 'provider:network_type': 'vlan', 'provider:physical_network': 'default', 'provider:segmentation_id': 509, 'is_default': False, 'availability_zone_hints': [], 'availability_zones': [], 'ipv4_address_scope': None, 'ipv6_address_scope': None, 'description': '', 'tags': [], 'created_at': '2024-08-28T09:09:14Z', 'updated_at': '2024-08-28T09:09:14Z', 'revision_number': 1} available for tenant
2024-08-28 09:09:21.765 62233 INFO tempest.lib.common.rest_client [req-c6b89e56-d82b-4a22-9c09-8d7755fa1bc4 req-c6b89e56-d82b-4a22-9c09-8d7755fa1bc4 ] Request (TenantUsagesNegativeTestJSON:tearDownClass): 204 DELETE http://10.180.1.21/identity/v3/projects/3c9f85890add4dad9df5099bf0642f18 0.129s
2024-08-28 09:09:21.829 62227 INFO tempest.lib.common.rest_client [req-92026f81-ce8b-4bfd-90c4-2d75bc7ba03f req-92026f81-ce8b-4bfd-90c4-2d75bc7ba03f ] Request (SecurityGroupRulesNegativeTestJSON:setUpClass): 201 POST http://10.180.1.21/identity/v3/auth/tokens 0.146s
2024-08-28 09:09:21.853 62233 INFO tempest.lib.common.rest_client [req-8f1a5e05-004c-4384-bbf0-ee900582b203 req-8f1a5e05-004c-4384-bbf0-ee900582b203 ] Request (ServersNegativeTestMultiTenantJSON:setUpClass): 201 POST http://10.180.1.21/identity/v3/auth/tokens 0.086s
2024-08-28 09:09:21.863 62227 INFO tempest.lib.common.rest_client [req-76248bcc-5fc8-4609-85b1-10817d4c9f03 req-76248bcc-5fc8-4609-85b1-10817d4c9f03 ] Request (SecurityGroupRulesNegativeTestJSON:setUpClass): 201 POST http://10.180.1.21/identity/v3/auth/tokens 0.032s
2024-08-28 09:09:21.887 62227 INFO tempest.lib.common.rest_client [req-e6af1801-d79b-41be-a6ba-0f1ec521b872 req-e6af1801-d79b-41be-a6ba-0f1ec521b872 ] Request (SecurityGroupRulesNegativeTestJSON:setUpClass): 200 GET http://10.180.1.21/identity/v3/domains?name=Default 0.023s
2024-08-28 09:09:21.889 62233 INFO tempest.lib.common.rest_client [req-deb5351a-a959-45a8-bb77-520cc6c66500 req-deb5351a-a959-45a8-bb77-520cc6c66500 ] Request (ServersNegativeTestMultiTenantJSON:setUpClass): 201 POST http://10.180.1.21/identity/v3/auth/tokens 0.034s
2024-08-28 09:09:21.911 62233 INFO tempest.lib.common.rest_client [req-942aa884-eabb-42ff-92e4-2fefefb4da35 req-942aa884-eabb-42ff-92e4-2fefefb4da35 ] Request (ServersNegativeTestMultiTenantJSON:setUpClass): 200 GET http://10.180.1.21/identity/v3/domains?name=Default 0.021s
2024-08-28 09:09:21.916 62227 INFO tempest.lib.common.rest_client [req-e66740d8-2398-47e5-b89f-87f6879f779e req-e66740d8-2398-47e5-b89f-87f6879f779e ] Request (SecurityGroupRulesNegativeTestJSON:setUpClass): 201 POST http://10.180.1.21/identity/v3/projects 0.029s
2024-08-28 09:09:21.983 62233 INFO tempest.lib.common.rest_client [req-3bf7a2db-c5f3-455c-84a4-647814fc9039 req-3bf7a2db-c5f3-455c-84a4-647814fc9039 ] Request (ServersNegativeTestMultiTenantJSON:setUpClass): 201 POST http://10.180.1.21/identity/v3/projects 0.071s
2024-08-28 09:09:22.008 62227 INFO tempest.lib.common.rest_client [req-0cccba9f-ce72-4fae-bb93-3e77d0c06d5e req-0cccba9f-ce72-4fae-bb93-3e77d0c06d5e ] Request (SecurityGroupRulesNegativeTestJSON:setUpClass): 201 POST http://10.180.1.21/identity/v3/users 0.091s
2024-08-28 09:09:22.064 62227 INFO tempest.lib.common.rest_client [req-2129bcca-e701-4fc2-924e-f363d680dd73 req-2129bcca-e701-4fc2-924e-f363d680dd73 ] Request (SecurityGroupRulesNegativeTestJSON:setUpClass): 200 GET http://10.180.1.21/identity/v3/roles 0.056s
2024-08-28 09:09:22.068 62233 INFO tempest.lib.common.rest_client [req-9bf8f884-51ef-45ec-ad49-08ebf1d6e705 req-9bf8f884-51ef-45ec-ad49-08ebf1d6e705 ] Request (ServersNegativeTestMultiTenantJSON:setUpClass): 201 POST http://10.180.1.21/identity/v3/users 0.085s
2024-08-28 09:09:22.095 62233 INFO tempest.lib.common.rest_client [req-6d7e3514-6fb4-4e85-a324-b689e5ea08e0 req-6d7e3514-6fb4-4e85-a324-b689e5ea08e0 ] Request (ServersNegativeTestMultiTenantJSON:setUpClass): 200 GET http://10.180.1.21/identity/v3/roles 0.026s
2024-08-28 09:09:22.102 62227 INFO tempest.lib.common.rest_client [req-2b5e4263-01bd-4599-b82b-81d0b5a81bdd req-2b5e4263-01bd-4599-b82b-81d0b5a81bdd ] Request (SecurityGroupRulesNegativeTestJSON:setUpClass): 204 PUT http://10.180.1.21/identity/v3/projects/7c293f61010b4550bdda6d997e1e0841/users/4cf83a15f7314442ab98914208d50d37/roles/2c7fdb80462342ba9a38258a3fa9cb40 0.038s
2024-08-28 09:09:22.103 62227 INFO tempest.lib.common.dynamic_creds [-] Dynamic test user 4cf83a15f7314442ab98914208d50d37 is created with scope project and roles: ['member']
