2024-08-28 09:11:26.711 62257 INFO tempest.lib.common.rest_client [req-f9941374-2c1c-444c-92be-5f16df134419 req-f9941374-2c1c-444c-92be-5f16df134419 ] Request (AttachVolumeTestJSON:test_attach_detach_volume): 202 POST http://10.180.1.21/compute/v2.1/servers/ec50aa6a-44ae-42f3-99a9-6831c832aca3/action 0.132s
2024-08-28 09:11:26.744 62197 INFO tempest.lib.common.rest_client [req-210dce03-8db2-4b35-ada0-2f70e862cf14 req-210dce03-8db2-4b35-ada0-2f70e862cf14 ] Request (ImagesMetadataNegativeTestJSON:tearDownClass): 204 DELETE http://10.180.1.21/identity/v3/users/29908a5b1b974c96b5819d052a074e89 0.099s
2024-08-28 09:11:26.745 62197 INFO tempest.lib.common.dynamic_creds [-] Deleting project and security group for project: b87b1afed7894aee8f07a55f5369aa0d
2024-08-28 09:11:26.745 62223 INFO tempest.lib.common.rest_client [req-6de27345-0c04-489f-98a6-191bedc4bb0f req-6de27345-0c04-489f-98a6-191bedc4bb0f ] Request (ServersWithSpecificFlavorTestJSON:test_verify_created_server_ephemeral_disk): 200 GET http://10.180.1.21/compute/v2.1/servers/ddbb6a66-587a-4c5f-8268-bcffdab6c9b5 0.155s
2024-08-28 09:11:26.813 62197 INFO tempest.lib.common.rest_client [req-19a81f01-196f-418a-be86-650f2387854b req-19a81f01-196f-418a-be86-650f2387854b ] Request (ImagesMetadataNegativeTestJSON:tearDownClass): 201 POST http://10.180.1.21/identity/v3/auth/tokens 0.068s
2024-08-28 09:11:27.014 62244 INFO tempest.lib.common.rest_client [req-0dac2d85-6cf2-4886-836f-874c4e183cb2 req-0dac2d85-6cf2-4886-836f-874c4e183cb2 ] Request (AttachInterfacesTestJSON:_run_cleanups): 200 GET http://10.180.1.21/compute/v2.1/servers/66396ef9-04a2-4c50-9f3a-c1a398aa36de 0.332s
2024-08-28 09:11:27.021 62244 INFO tempest.common.waiters [-] State transition "ACTIVE/deleting" ==> "DELETED/None" after 5 second wait
2024-08-28 09:11:27.055 62247 INFO tempest.lib.common.rest_client [req-834b4195-8e1f-4805-8e38-2456ddbd6260 req-834b4195-8e1f-4805-8e38-2456ddbd6260 ] Request (ListServerFiltersTestJSON:test_list_servers_filter_by_limit): 200 GET http://10.180.1.21/compute/v2.1/servers?limit=1 0.359s
2024-08-28 09:11:27.057 62221 INFO tempest.lib.common.rest_client [req-386c6ee6-e19c-4fcd-b5f1-c4a1b778c8b4 req-386c6ee6-e19c-4fcd-b5f1-c4a1b778c8b4 ] Request (ServerRescueTestJSON:setUpClass): 200 GET http://10.180.1.21/compute/v2.1/servers/e94b6c33-7bfb-4aae-b619-c7da2201cb92 0.370s
2024-08-28 09:11:27.148 62215 INFO tempest.lib.common.rest_client [req-e7d774aa-aa52-46ba-b2f2-4e349d49f91f req-e7d774aa-aa52-46ba-b2f2-4e349d49f91f ] Request (MultipleCreateTestJSON:test_multiple_create): 200 GET http://10.180.1.21/compute/v2.1/servers/170857f7-9f06-4c46-b09a-804adc3da02d 0.396s
2024-08-28 09:11:27.177 62197 INFO tempest.lib.common.rest_client [req-6bfe1066-6dab-4c7f-9858-2059dd55eb83 req-6bfe1066-6dab-4c7f-9858-2059dd55eb83 ] Request (ImagesMetadataNegativeTestJSON:tearDownClass): 200 GET http://10.180.1.21:9696/networking/v2.0/security-groups?tenant_id=b87b1afed7894aee8f07a55f5369aa0d&name=default 0.364s
2024-08-28 09:11:27.222 62257 INFO tempest.lib.common.rest_client [req-c2ebc3ec-99b2-4be6-ac1d-91987ea5010b req-c2ebc3ec-99b2-4be6-ac1d-91987ea5010b ] Request (AttachVolumeTestJSON:test_attach_detach_volume): 200 GET http://10.180.1.21/compute/v2.1/servers/ec50aa6a-44ae-42f3-99a9-6831c832aca3 0.511s
2024-08-28 09:11:27.234 62253 INFO tempest.lib.common.rest_client [req-9705de7a-5596-4a34-a5f7-4aff2b6506bc req-9705de7a-5596-4a34-a5f7-4aff2b6506bc ] Request (AttachInterfacesUnderV243Test:_run_cleanups): 200 GET http://10.180.1.21/compute/v2.1/servers/81971040-7836-4cb8-9064-952310391b4a 0.475s
2024-08-28 09:11:27.282 62211 INFO tempest.lib.common.rest_client [req-0060ed10-2fff-40b5-b6f9-b5eba8149a04 req-0060ed10-2fff-40b5-b6f9-b5eba8149a04 ] Request (TenantUsagesTestJSON:tearDownClass): 200 GET http://10.180.1.21/compute/v2.1/servers/dec63d6c-0b9e-474b-a09a-9420d9d8d366 0.464s
2024-08-28 09:11:27.291 62225 INFO tempest.lib.common.rest_client [req-754e4aa1-e484-460f-b3de-783512886602 req-754e4aa1-e484-460f-b3de-783512886602 ] Request (ServersAdminTestJSON:test_inject_network_info): 200 GET http://10.180.1.21/compute/v2.1/servers/23113c8f-b140-44c0-a14d-cce598fa237d 0.471s
2024-08-28 09:11:27.330 62201 INFO tempest.lib.common.rest_client [req-3391e279-ee69-41ee-bbca-86cd5454bfe7 req-3391e279-ee69-41ee-bbca-86cd5454bfe7 ] Request (MigrationsAdminTest:test_resize_server_revert_deleted_flavor): 200 GET http://10.180.1.21/compute/v2.1/servers/95bfb4ce-98ae-456d-8c7c-3bc6edfdd475 0.448s
2024-08-28 09:11:27.342 62239 INFO tempest.lib.common.rest_client [req-b9507156-a88b-40ea-8ed9-ad39706197d8 req-b9507156-a88b-40ea-8ed9-ad39706197d8 ] Request (ImagesOneServerNegativeTestJSON:setUpClass): 200 GET http://10.180.1.21/compute/v2.1/servers/51fff2cd-efe8-48c6-8fc7-12ca2d0a6c88 0.409s
2024-08-28 09:11:27.373 62197 INFO tempest.lib.common.rest_client [req-b0d59e59-38d5-4b78-ba4b-788f11ef20fd req-b0d59e59-38d5-4b78-ba4b-788f11ef20fd ] Request (ImagesMetadataNegativeTestJSON:tearDownClass): 204 DELETE http://10.180.1.21:9696/networking/v2.0/security-groups/575df99d-df0a-4ec0-9ee8-e8716854ce5f 0.195s
2024-08-28 09:11:27.411 62241 INFO tempest.lib.common.rest_client [req-7e45d838-427e-46f3-9b35-2dff6b150273 req-7e45d838-427e-46f3-9b35-2dff6b150273 ] Request (ServersV294TestFqdnHostnames:tearDownClass): 200 GET http://10.180.1.21/compute/v2.1/servers/24755d96-be25-477d-8022-bbae4e33ab89 0.410s
2024-08-28 09:11:27.419 62247 INFO tempest.lib.common.rest_client [req-d7a2a354-0858-48e7-b5e5-0ed017be4686 req-d7a2a354-0858-48e7-b5e5-0ed017be4686 ] Request (ListServerFiltersTestJSON:test_list_servers_filter_by_server_name): 200 GET http://10.180.1.21/compute/v2.1/servers?name=tempest-ListServerFiltersTestJSON-instance-869905654 0.360s
2024-08-28 09:11:27.451 62197 INFO tempest.lib.common.rest_client [req-3ba8304e-4905-426b-b3f2-d525f3273daa req-3ba8304e-4905-426b-b3f2-d525f3273daa ] Request (ImagesMetadataNegativeTestJSON:tearDownClass): 204 DELETE http://10.180.1.21/identity/v3/projects/b87b1afed7894aee8f07a55f5369aa0d 0.077s
2024-08-28 09:11:27.453 62197 INFO tempest.test [-] raised in NoVNCConsoleTestJSON.setUpClass. Invoking tearDownClass.
2024-08-28 09:11:27.465 62233 INFO tempest.lib.common.rest_client [req-97157cad-c348-47df-815b-50b722dc4d16 req-97157cad-c348-47df-815b-50b722dc4d16 ] Request (ServersNegativeTestMultiTenantJSON:tearDownClass): 200 PUT http://10.180.1.21:9696/networking/v2.0/routers/9d4fcf8e-1b53-4bd6-814c-8eb01d3fa086/remove_router_interface 1.062s
2024-08-28 09:11:27.476 62245 INFO tempest.lib.common.rest_client [req-09c53e86-0c16-4626-bfcd-66697d6f3d5a req-09c53e86-0c16-4626-bfcd-66697d6f3d5a ] Request (ServerTagsTestJSON:setUpClass): 200 GET http://10.180.1.21/compute/v2.1/servers/8ffa8a2e-f035-483a-86a1-349588495b66 0.334s
2024-08-28 09:11:27.484 62245 INFO tempest.common.waiters [-] State transition "BUILD/None" ==> "BUILD/networking" after 72 second wait
2024-08-28 09:11:27.486 62219 INFO tempest.lib.common.rest_client [req-9e2637b2-f41e-4a9a-a927-6b1e451c2e0a req-9e2637b2-f41e-4a9a-a927-6b1e451c2e0a ] Request (ServersTestJSON:tearDownClass): 200 GET http://10.180.1.21/compute/v2.1/servers/10117be5-70f2-4f62-81dd-3732ba3bb70c 0.402s
2024-08-28 09:11:27.531 62251 INFO tempest.lib.common.rest_client [req-64a4c825-6d1d-4df5-beb5-a3461c4ca921 req-64a4c825-6d1d-4df5-beb5-a3461c4ca921 ] Request (ImagesTestJSON:test_create_image_from_suspended_server): 200 GET http://10.180.1.21/compute/v2.1/servers/a6e2330c-ba68-4df4-9e16-b536efe54c94 0.234s
2024-08-28 09:11:27.537 62197 INFO tempest.lib.common.rest_client [req-6e325e08-a361-4652-9e37-919cc7ebf319 req-6e325e08-a361-4652-9e37-919cc7ebf319 ] Request (ServersAaction247Test:setUpClass): 201 POST http://10.180.1.21/identity/v3/auth/tokens 0.082s
2024-08-28 09:11:27.538 62203 WARNING tempest.lib.common.ssh [-] Failed to establish authenticated ssh connection to cirros@10.180.180.128 ([Errno None] Unable to connect to port 22 on 10.180.180.128). Number attempts: 2. Retry after 3 seconds.: paramiko.ssh_exception.NoValidConnectionsError: [Errno None] Unable to connect to port 22 on 10.180.180.128
2024-08-28 09:11:27.539 62235 INFO tempest.lib.common.rest_client [req-d8115b14-57dd-4878-9a37-4e45d246f603 req-d8115b14-57dd-4878-9a37-4e45d246f603 ] Request (AttachInterfacesV270Test:tearDownClass): 200 GET http://10.180.1.21/compute/v2.1/servers/e0348208-2098-4071-97a4-29407a95cd3a 0.275s
2024-08-28 09:11:27.577 62197 INFO tempest.lib.common.rest_client [req-29fed44a-1eae-4dc0-8fe3-0e982e31eaec req-29fed44a-1eae-4dc0-8fe3-0e982e31eaec ] Request (ServersAaction247Test:setUpClass): 201 POST http://10.180.1.21/identity/v3/auth/tokens 0.036s
2024-08-28 09:11:27.592 62229 INFO tempest.lib.common.rest_client [req-1328339f-9396-4d0c-a266-15b98cbc5b5f req-1328339f-9396-4d0c-a266-15b98cbc5b5f ] Request (ServerRescueNegativeTestJSON:setUpClass): 200 GET http://10.180.1.21/compute/v2.1/servers/848b35ff-62f5-4e83-a5de-aab6fbbdd00a 0.239s
2024-08-28 09:11:27.597 62197 INFO tempest.lib.common.rest_client [req-8fac754c-ae9c-4779-ad09-42c0b15b08aa req-8fac754c-ae9c-4779-ad09-42c0b15b08aa ] Request (ServersAaction247Test:setUpClass): 200 GET http://10.180.1.21/identity/v3/domains?name=Default 0.020s
2024-08-28 09:11:27.599 62207 INFO tempest.lib.common.rest_client [req-901a8d36-ecb5-4260-aa54-2bbc66bf3254 req-901a8d36-ecb5-4260-aa54-2bbc66bf3254 ] Request (ServersAdmin275Test:tearDownClass): 200 GET http://10.180.1.21/compute/v2.1/servers/43ff8e5b-054c-452a-92c0-21a2a39ea2a2 0.177s
2024-08-28 09:11:27.636 62197 INFO tempest.lib.common.rest_client [req-9a6b26ca-e6ac-4112-9dd1-7e6cb06e596e req-9a6b26ca-e6ac-4112-9dd1-7e6cb06e596e ] Request (ServersAaction247Test:setUpClass): 201 POST http://10.180.1.21/identity/v3/projects 0.035s
2024-08-28 09:11:27.648 62247 INFO tempest.lib.common.rest_client [req-ac72d674-114b-44e3-920b-6855603cf587 req-ac72d674-114b-44e3-920b-6855603cf587 ] Request (ListServerFiltersTestJSON:test_list_servers_filter_by_shutoff_status): 202 POST http://10.180.1.21/compute/v2.1/servers/ae66b7c6-c12f-4034-84b8-ab6923fad5f4/action 0.227s
2024-08-28 09:11:27.703 62249 INFO tempest.lib.common.rest_client [req-dcb81ecf-a8cc-42a5-8524-2440f51579c5 req-dcb81ecf-a8cc-42a5-8524-2440f51579c5 ] Request (VolumesAdminNegativeTest:test_update_attached_volume_with_nonexistent_volume_in_uri): 200 GET http://10.180.1.21/compute/v2.1/servers/75f20950-215e-4694-9cd3-ac93bcbf6bb3 0.074s
2024-08-28 09:11:27.705 62197 INFO tempest.lib.common.rest_client [req-9becdb2b-5ce4-41c2-b1d0-a70bbfea3a1b req-9becdb2b-5ce4-41c2-b1d0-a70bbfea3a1b ] Request (ServersAaction247Test:setUpClass): 201 POST http://10.180.1.21/identity/v3/users 0.068s
2024-08-28 09:11:27.730 62197 INFO tempest.lib.common.rest_client [req-e813b5d5-1d91-4943-98aa-2675112cd8dc req-e813b5d5-1d91-4943-98aa-2675112cd8dc ] Request (ServersAaction247Test:setUpClass): 200 GET http://10.180.1.21/identity/v3/roles 0.025s
2024-08-28 09:11:27.736 62237 WARNING tempest.lib.common.ssh [-] Failed to establish authenticated ssh connection to cirros@10.180.180.178 ([Errno None] Unable to connect to port 22 on 10.180.180.178). Number attempts: 6. Retry after 7 seconds.: paramiko.ssh_exception.NoValidConnectionsError: [Errno None] Unable to connect to port 22 on 10.180.180.178
2024-08-28 09:11:27.757 62197 INFO tempest.lib.common.rest_client [req-eb0caf6e-4f95-4bb4-93d6-43722a731cfd req-eb0caf6e-4f95-4bb4-93d6-43722a731cfd ] Request (ServersAaction247Test:setUpClass): 204 PUT http://10.180.1.21/identity/v3/projects/1dcebfb1e262458c9cb22f4b4d368e57/users/47cc9731a4514cdaaf3ce00e3db626f1/roles/2c7fdb80462342ba9a38258a3fa9cb40 0.026s
2024-08-28 09:11:27.757 62197 INFO tempest.lib.common.dynamic_creds [-] Dynamic test user 47cc9731a4514cdaaf3ce00e3db626f1 is created with scope project and roles: ['member']
2024-08-28 09:11:27.757 62197 INFO tempest.lib.common.dynamic_creds [-] Acquired dynamic creds: credentials: Credentials: {'domain_id': 'default', 'domain_name': 'Default', 'username': 'tempest-ServersAaction247Test-1717115461-project-member', 'project_domain_id': 'default', 'project_domain_name': 'Default', 'project_id': '1dcebfb1e262458c9cb22f4b4d368e57', 'project_name': 'tempest-ServersAaction247Test-1717115461', 'tenant_id': '1dcebfb1e262458c9cb22f4b4d368e57', 'tenant_name': 'tempest-ServersAaction247Test-1717115461', 'user_domain_id': 'default', 'user_domain_name': 'Default', 'user_id': '47cc9731a4514cdaaf3ce00e3db626f1', 'system': None}, Network: None, Subnet: None, Router: None
2024-08-28 09:11:27.757 62197 INFO tempest.lib.common.dynamic_creds [-] Created isolated network resources for: credentials: Credentials: {'domain_id': 'default', 'domain_name': 'Default', 'username': 'tempest-ServersAaction247Test-1717115461-project-member', 'project_domain_id': 'default', 'project_domain_name': 'Default', 'project_id': '1dcebfb1e262458c9cb22f4b4d368e57', 'project_name': 'tempest-ServersAaction247Test-1717115461', 'tenant_id': '1dcebfb1e262458c9cb22f4b4d368e57', 'tenant_name': 'tempest-ServersAaction247Test-1717115461', 'user_domain_id': 'default', 'user_domain_name': 'Default', 'user_id': '47cc9731a4514cdaaf3ce00e3db626f1', 'system': None}, Network: None, Subnet: None, Router: None
2024-08-28 09:11:27.792 62259 INFO tempest.lib.common.rest_client [req-5a0a7131-ffa8-4c42-a373-74b28afc9dfe req-5a0a7131-ffa8-4c42-a373-74b28afc9dfe ] Request (DeleteServersTestJSON:test_delete_server_while_in_attached_volume): 200 GET http://10.180.1.21/compute/v2.1/servers/383cc933-2136-421f-85cc-e12f1743bd67 0.186s
2024-08-28 09:11:27.834 62197 INFO tempest.lib.common.rest_client [req-04cd27a6-f186-4977-a2b1-835a80f19988 req-04cd27a6-f186-4977-a2b1-835a80f19988 ] Request (ServersAaction247Test:setUpClass): 201 POST http://10.180.1.21/identity/v3/auth/tokens 0.073s
2024-08-28 09:11:27.860 62223 INFO tempest.lib.common.rest_client [req-04801e04-fd4f-4180-b9c9-b7ac56c17a0a req-04801e04-fd4f-4180-b9c9-b7ac56c17a0a ] Request (ServersWithSpecificFlavorTestJSON:test_verify_created_server_ephemeral_disk): 200 GET http://10.180.1.21/compute/v2.1/servers/ddbb6a66-587a-4c5f-8268-bcffdab6c9b5 0.106s
2024-08-28 09:11:27.864 62247 INFO tempest.lib.common.rest_client [req-e26ef5bd-0e07-49cc-b603-8b8c9d2eaa64 req-e26ef5bd-0e07-49cc-b603-8b8c9d2eaa64 ] Request (ListServerFiltersTestJSON:test_list_servers_filter_by_shutoff_status): 200 GET http://10.180.1.21/compute/v2.1/servers/ae66b7c6-c12f-4034-84b8-ab6923fad5f4 0.215s
2024-08-28 09:11:27.873 62197 INFO tempest.lib.common.rest_client [req-f7b80529-cc08-4732-9973-0a3242d8a2be req-f7b80529-cc08-4732-9973-0a3242d8a2be ] Request (ServersAaction247Test:test_create_backup): 201 POST http://10.180.1.21/identity/v3/auth/tokens 0.034s
2024-08-28 09:11:27.874 62197 INFO tempest.lib.common.fixed_network [-] (ServersAaction247Test:test_create_backup) Found network None available for tenant
2024-08-28 09:11:27.910 62233 INFO tempest.lib.common.rest_client [req-44e7c2dc-9b1c-4368-b1ce-70c4658823b7 req-44e7c2dc-9b1c-4368-b1ce-70c4658823b7 ] Request (ServersNegativeTestMultiTenantJSON:tearDownClass): 204 DELETE http://10.180.1.21:9696/networking/v2.0/routers/9d4fcf8e-1b53-4bd6-814c-8eb01d3fa086 0.444s
2024-08-28 09:11:28.046 62233 INFO tempest.lib.common.rest_client [req-101830db-35ee-4da5-bd07-b37f1b0c1de6 req-101830db-35ee-4da5-bd07-b37f1b0c1de6 ] Request (ServersNegativeTestMultiTenantJSON:tearDownClass): 204 DELETE http://10.180.1.21:9696/networking/v2.0/subnets/de1270f2-653e-4c9b-bdd9-7b32c1beda16 0.135s
2024-08-28 09:11:28.116 62197 INFO tempest.lib.common.rest_client [req-5dbdeb7f-fc62-4ab3-961e-d2bdb95dd52c req-5dbdeb7f-fc62-4ab3-961e-d2bdb95dd52c ] Request (ServersAaction247Test:test_create_backup): 202 POST http://10.180.1.21/compute/v2.1/servers 0.241s
2024-08-28 09:11:28.126 62244 INFO tempest.lib.common.rest_client [req-f62292ef-1e97-4d42-af28-6d3464d2b8c2 req-f62292ef-1e97-4d42-af28-6d3464d2b8c2 ] Request (AttachInterfacesTestJSON:_run_cleanups): 200 GET http://10.180.1.21/compute/v2.1/servers/66396ef9-04a2-4c50-9f3a-c1a398aa36de 0.104s
2024-08-28 09:11:28.188 62197 INFO tempest.lib.common.rest_client [req-4f8dca40-7cd3-42ab-8974-3aaa92af950b req-4f8dca40-7cd3-42ab-8974-3aaa92af950b ] Request (ServersAaction247Test:test_create_backup): 200 GET http://10.180.1.21/compute/v2.1/servers/923e0640-977c-4920-a04c-f870bb04ec91 0.070s
2024-08-28 09:11:28.253 62215 INFO tempest.lib.common.rest_client [req-1aa54a2e-dbe7-4896-a176-de5ec46871bd req-1aa54a2e-dbe7-4896-a176-de5ec46871bd ] Request (MultipleCreateTestJSON:test_multiple_create): 200 GET http://10.180.1.21/compute/v2.1/servers/170857f7-9f06-4c46-b09a-804adc3da02d 0.097s
2024-08-28 09:11:28.290 62221 INFO tempest.lib.common.rest_client [req-d995ab15-fabf-4694-8f00-f72ec5b8fcd0 req-d995ab15-fabf-4694-8f00-f72ec5b8fcd0 ] Request (ServerRescueTestJSON:setUpClass): 200 GET http://10.180.1.21/compute/v2.1/servers/e94b6c33-7bfb-4aae-b619-c7da2201cb92 0.223s
2024-08-28 09:11:28.357 62253 INFO tempest.lib.common.rest_client [req-8ca4a774-7273-4211-aeaf-ff0dd72ff6d9 req-8ca4a774-7273-4211-aeaf-ff0dd72ff6d9 ] Request (AttachInterfacesUnderV243Test:_run_cleanups): 200 GET http://10.180.1.21/compute/v2.1/servers/81971040-7836-4cb8-9064-952310391b4a 0.112s
2024-08-28 09:11:28.360 62257 INFO tempest.lib.common.rest_client [req-792245ce-dc75-4b2d-aece-e91b9d1c8a68 req-792245ce-dc75-4b2d-aece-e91b9d1c8a68 ] Request (AttachVolumeTestJSON:test_attach_detach_volume): 200 GET http://10.180.1.21/compute/v2.1/servers/ec50aa6a-44ae-42f3-99a9-6831c832aca3 0.126s
2024-08-28 09:11:28.365 62233 INFO tempest.lib.common.rest_client [req-94324e53-2b7b-4e7c-b25b-2ed3eedf55f2 req-94324e53-2b7b-4e7c-b25b-2ed3eedf55f2 ] Request (ServersNegativeTestMultiTenantJSON:tearDownClass): 204 DELETE http://10.180.1.21:9696/networking/v2.0/networks/b4760028-881d-4a7e-b7ab-fa735885e921 0.319s
2024-08-28 09:11:28.416 62225 INFO tempest.lib.common.rest_client [req-53f34817-5ed9-407d-88be-7e98ab8105b9 req-53f34817-5ed9-407d-88be-7e98ab8105b9 ] Request (ServersAdminTestJSON:test_inject_network_info): 200 GET http://10.180.1.21/compute/v2.1/servers/23113c8f-b140-44c0-a14d-cce598fa237d 0.118s
2024-08-28 09:11:28.438 62211 INFO tempest.lib.common.rest_client [req-d7e80d77-5828-47d2-9c66-a99d2ee5a351 req-d7e80d77-5828-47d2-9c66-a99d2ee5a351 ] Request (TenantUsagesTestJSON:tearDownClass): 200 GET http://10.180.1.21/compute/v2.1/servers/dec63d6c-0b9e-474b-a09a-9420d9d8d366 0.147s
2024-08-28 09:11:28.464 62201 INFO tempest.lib.common.rest_client [req-180a6b47-a916-4c3e-b62c-d7594ee7f322 req-180a6b47-a916-4c3e-b62c-d7594ee7f322 ] Request (MigrationsAdminTest:test_resize_server_revert_deleted_flavor): 200 GET http://10.180.1.21/compute/v2.1/servers/95bfb4ce-98ae-456d-8c7c-3bc6edfdd475 0.126s
2024-08-28 09:11:28.484 62233 INFO tempest.lib.common.rest_client [req-d24d7fe7-2554-4cd1-be15-473a95021496 req-d24d7fe7-2554-4cd1-be15-473a95021496 ] Request (ServersNegativeTestMultiTenantJSON:tearDownClass): 204 DELETE http://10.180.1.21/identity/v3/users/de3627ef48224984aa034bf3dbf40e0b 0.118s
2024-08-28 09:11:28.497 62239 INFO tempest.lib.common.rest_client [req-00d9d684-d391-4d55-bdb1-6d777ea68e11 req-00d9d684-d391-4d55-bdb1-6d777ea68e11 ] Request (ImagesOneServerNegativeTestJSON:setUpClass): 200 GET http://10.180.1.21/compute/v2.1/servers/51fff2cd-efe8-48c6-8fc7-12ca2d0a6c88 0.145s
2024-08-28 09:11:28.524 62241 INFO tempest.lib.common.rest_client [req-fe15482b-ccdc-4d94-b00f-622671c732c3 req-fe15482b-ccdc-4d94-b00f-622671c732c3 ] Request (ServersV294TestFqdnHostnames:tearDownClass): 200 GET http://10.180.1.21/compute/v2.1/servers/24755d96-be25-477d-8022-bbae4e33ab89 0.099s
2024-08-28 09:11:28.572 62233 INFO tempest.lib.common.rest_client [req-e18bb1c8-d451-482b-9453-ef59be6ddbf5 req-e18bb1c8-d451-482b-9453-ef59be6ddbf5 ] Request (ServersNegativeTestMultiTenantJSON:tearDownClass): 204 DELETE http://10.180.1.21/identity/v3/users/b75c7d382c2f486ba4d152c578881248 0.088s
2024-08-28 09:11:28.573 62233 INFO tempest.lib.common.dynamic_creds [-] Deleting project and security group for project: cf7387c89bd54785ab9b49948dd78c9b
2024-08-28 09:11:28.575 62219 INFO tempest.lib.common.rest_client [req-70a351e5-fe8f-4972-88bf-8f612770c995 req-70a351e5-fe8f-4972-88bf-8f612770c995 ] Request (ServersTestJSON:tearDownClass): 200 GET http://10.180.1.21/compute/v2.1/servers/10117be5-70f2-4f62-81dd-3732ba3bb70c 0.080s
2024-08-28 09:11:28.632 62251 INFO tempest.lib.common.rest_client [req-f7680051-3784-4e7a-a6d3-12e3334a2ffd req-f7680051-3784-4e7a-a6d3-12e3334a2ffd ] Request (ImagesTestJSON:test_create_image_from_suspended_server): 200 GET http://10.180.1.21/compute/v2.1/servers/a6e2330c-ba68-4df4-9e16-b536efe54c94 0.093s
2024-08-28 09:11:28.634 62233 INFO tempest.lib.common.rest_client [req-e2f3439d-d031-4e42-aa32-97072a6581ea req-e2f3439d-d031-4e42-aa32-97072a6581ea ] Request (ServersNegativeTestMultiTenantJSON:tearDownClass): 200 GET http://10.180.1.21:9696/networking/v2.0/security-groups?tenant_id=cf7387c89bd54785ab9b49948dd78c9b&name=default 0.061s
2024-08-28 09:11:28.646 62245 INFO tempest.lib.common.rest_client [req-649fe2b3-a975-4208-b809-7b2650b47c07 req-649fe2b3-a975-4208-b809-7b2650b47c07 ] Request (ServerTagsTestJSON:setUpClass): 200 GET http://10.180.1.21/compute/v2.1/servers/8ffa8a2e-f035-483a-86a1-349588495b66 0.161s
2024-08-28 09:11:28.654 62245 INFO tempest.common.waiters [-] State transition "BUILD/networking" ==> "BUILD/spawning" after 73 second wait
2024-08-28 09:11:28.697 62229 INFO tempest.lib.common.rest_client [req-cdd310c4-eae6-4c39-b5eb-b2b7f7c2c415 req-cdd310c4-eae6-4c39-b5eb-b2b7f7c2c415 ] Request (ServerRescueNegativeTestJSON:setUpClass): 200 GET http://10.180.1.21/compute/v2.1/servers/848b35ff-62f5-4e83-a5de-aab6fbbdd00a 0.093s
2024-08-28 09:11:28.701 62235 INFO tempest.lib.common.rest_client [req-54a26bac-6384-485c-b4b9-cf85d55bf597 req-54a26bac-6384-485c-b4b9-cf85d55bf597 ] Request (AttachInterfacesV270Test:tearDownClass): 200 GET http://10.180.1.21/compute/v2.1/servers/e0348208-2098-4071-97a4-29407a95cd3a 0.152s
2024-08-28 09:11:28.762 62207 INFO tempest.lib.common.rest_client [req-84a94a94-d9ed-4e42-a72f-c174a7901b00 req-84a94a94-d9ed-4e42-a72f-c174a7901b00 ] Request (ServersAdmin275Test:tearDownClass): 200 GET http://10.180.1.21/compute/v2.1/servers/43ff8e5b-054c-452a-92c0-21a2a39ea2a2 0.153s
2024-08-28 09:11:28.766 62249 INFO tempest.lib.common.rest_client [req-c48ec356-7eb3-49c7-9549-808d3efe555e req-c48ec356-7eb3-49c7-9549-808d3efe555e ] Request (VolumesAdminNegativeTest:test_update_attached_volume_with_nonexistent_volume_in_uri): 200 GET http://10.180.1.21/compute/v2.1/servers/75f20950-215e-4694-9cd3-ac93bcbf6bb3 0.050s
2024-08-28 09:11:28.769 62233 INFO tempest.lib.common.rest_client [req-ad0789a8-1e07-4705-9331-335b3896c4ab req-ad0789a8-1e07-4705-9331-335b3896c4ab ] Request (ServersNegativeTestMultiTenantJSON:tearDownClass): 204 DELETE http://10.180.1.21:9696/networking/v2.0/security-groups/9bed62b0-c68e-4d17-85fb-c1f49e82a948 0.134s
2024-08-28 09:11:28.858 62233 INFO tempest.lib.common.rest_client [req-4b83cbc1-566c-4b00-81da-3771b1a959d4 req-4b83cbc1-566c-4b00-81da-3771b1a959d4 ] Request (ServersNegativeTestMultiTenantJSON:tearDownClass): 204 DELETE http://10.180.1.21/identity/v3/projects/cf7387c89bd54785ab9b49948dd78c9b 0.089s
2024-08-28 09:11:28.858 62233 INFO tempest.lib.common.dynamic_creds [-] Deleting project and security group for project: 5837c7c0a897431ba2d256b136493dad
2024-08-28 09:11:28.904 62233 INFO tempest.lib.common.rest_client [req-025ebbc9-06b7-4ba7-ae42-1ca618aa8189 req-025ebbc9-06b7-4ba7-ae42-1ca618aa8189 ] Request (ServersNegativeTestMultiTenantJSON:tearDownClass): 200 GET http://10.180.1.21:9696/networking/v2.0/security-groups?tenant_id=5837c7c0a897431ba2d256b136493dad&name=default 0.046s
2024-08-28 09:11:28.911 62259 INFO tempest.lib.common.rest_client [req-2511c397-5400-4168-876a-dcb62cd3b174 req-2511c397-5400-4168-876a-dcb62cd3b174 ] Request (DeleteServersTestJSON:test_delete_server_while_in_attached_volume): 200 GET http://10.180.1.21/compute/v2.1/servers/383cc933-2136-421f-85cc-e12f1743bd67 0.111s
2024-08-28 09:11:28.917 62259 INFO tempest.common.waiters [-] State transition "BUILD/spawning" ==> "ACTIVE/None" after 79 second wait
2024-08-28 09:11:28.925 62223 INFO tempest.lib.common.rest_client [req-601ee6bb-5643-4754-90d2-91f2a9728292 req-601ee6bb-5643-4754-90d2-91f2a9728292 ] Request (ServersWithSpecificFlavorTestJSON:test_verify_created_server_ephemeral_disk): 200 GET http://10.180.1.21/compute/v2.1/servers/ddbb6a66-587a-4c5f-8268-bcffdab6c9b5 0.055s
2024-08-28 09:11:29.071 62233 INFO tempest.lib.common.rest_client [req-5adc010c-fd54-4ae9-baa2-06666813631a req-5adc010c-fd54-4ae9-baa2-06666813631a ] Request (ServersNegativeTestMultiTenantJSON:tearDownClass): 204 DELETE http://10.180.1.21:9696/networking/v2.0/security-groups/3d4e8bbf-b5c2-4b8d-9bce-5eb92045e9a6 0.166s
2024-08-28 09:11:29.106 62259 INFO tempest.lib.common.rest_client [req-dfcb02cc-4bf9-43cf-97bc-aac349537bba req-dfcb02cc-4bf9-43cf-97bc-aac349537bba ] Request (DeleteServersTestJSON:test_delete_server_while_in_attached_volume): 202 POST http://10.180.1.21/volume/v3/23cc9dbac5d741909302929f52abd0bc/volumes 0.188s
2024-08-28 09:11:29.128 62247 INFO tempest.lib.common.rest_client [req-5896aad0-8dd5-443e-9d86-16cd86408055 req-5896aad0-8dd5-443e-9d86-16cd86408055 ] Request (ListServerFiltersTestJSON:test_list_servers_filter_by_shutoff_status): 200 GET http://10.180.1.21/compute/v2.1/servers/ae66b7c6-c12f-4034-84b8-ab6923fad5f4 0.256s
2024-08-28 09:11:29.164 62259 INFO tempest.lib.common.rest_client [req-50a08107-20d8-4791-a318-0b47b4c29bb9 req-50a08107-20d8-4791-a318-0b47b4c29bb9 ] Request (DeleteServersTestJSON:test_delete_server_while_in_attached_volume): 200 GET http://10.180.1.21/volume/v3/23cc9dbac5d741909302929f52abd0bc/volumes/0708fd47-0dad-4ebc-8567-87624c788359 0.047s
2024-08-28 09:11:29.233 62244 INFO tempest.lib.common.rest_client [req-87adb7cc-5f43-4ec8-b3ce-9e145b2ae779 req-87adb7cc-5f43-4ec8-b3ce-9e145b2ae779 ] Request (AttachInterfacesTestJSON:_run_cleanups): 200 GET http://10.180.1.21/compute/v2.1/servers/66396ef9-04a2-4c50-9f3a-c1a398aa36de 0.095s
2024-08-28 09:11:29.239 62233 INFO tempest.lib.common.rest_client [req-c0d7127c-72e9-445f-b2f2-d82c44a60482 req-c0d7127c-72e9-445f-b2f2-d82c44a60482 ] Request (ServersNegativeTestMultiTenantJSON:tearDownClass): 204 DELETE http://10.180.1.21/identity/v3/projects/5837c7c0a897431ba2d256b136493dad 0.167s
2024-08-28 09:11:29.266 62205 WARNING tempest.lib.common.ssh [-] Failed to establish authenticated ssh connection to cirros@10.180.180.214 ([Errno None] Unable to connect to port 22 on 10.180.180.214). Number attempts: 12. Retry after 13 seconds.: paramiko.ssh_exception.NoValidConnectionsError: [Errno None] Unable to connect to port 22 on 10.180.180.214
2024-08-28 09:11:29.274 62197 INFO tempest.lib.common.rest_client [req-2d1cc394-8ffb-405e-aaad-17f75e0e6fd7 req-2d1cc394-8ffb-405e-aaad-17f75e0e6fd7 ] Request (ServersAaction247Test:test_create_backup): 200 GET http://10.180.1.21/compute/v2.1/servers/923e0640-977c-4920-a04c-f870bb04ec91 0.076s
2024-08-28 09:11:29.339 62215 INFO tempest.lib.common.rest_client [req-5b93b8ce-e017-4a19-9bc6-0782d31dff7f req-5b93b8ce-e017-4a19-9bc6-0782d31dff7f ] Request (MultipleCreateTestJSON:test_multiple_create): 200 GET http://10.180.1.21/compute/v2.1/servers/170857f7-9f06-4c46-b09a-804adc3da02d 0.077s
2024-08-28 09:11:29.346 62215 INFO tempest.common.waiters [-] State transition "BUILD/scheduling" ==> "BUILD/None" after 30 second wait
2024-08-28 09:11:29.433 62221 INFO tempest.lib.common.rest_client [req-123daa51-49e1-435e-b8bb-95b5b1be54ab req-123daa51-49e1-435e-b8bb-95b5b1be54ab ] Request (ServerRescueTestJSON:setUpClass): 200 GET http://10.180.1.21/compute/v2.1/servers/e94b6c33-7bfb-4aae-b619-c7da2201cb92 0.136s
2024-08-28 09:11:29.434 62253 INFO tempest.lib.common.rest_client [req-3562ac92-b0e4-4bd6-bd0f-6b3313590532 req-3562ac92-b0e4-4bd6-bd0f-6b3313590532 ] Request (AttachInterfacesUnderV243Test:_run_cleanups): 200 GET http://10.180.1.21/compute/v2.1/servers/81971040-7836-4cb8-9064-952310391b4a 0.069s
2024-08-28 09:11:29.509 62225 INFO tempest.lib.common.rest_client [req-b3d41529-9d7b-404a-86a8-6308a8b850c8 req-b3d41529-9d7b-404a-86a8-6308a8b850c8 ] Request (ServersAdminTestJSON:test_inject_network_info): 200 GET http://10.180.1.21/compute/v2.1/servers/23113c8f-b140-44c0-a14d-cce598fa237d 0.085s
2024-08-28 09:11:29.568 62211 INFO tempest.lib.common.rest_client [req-15a6eac9-be28-47a8-8f88-d50084bd9f08 req-15a6eac9-be28-47a8-8f88-d50084bd9f08 ] Request (TenantUsagesTestJSON:tearDownClass): 200 GET http://10.180.1.21/compute/v2.1/servers/dec63d6c-0b9e-474b-a09a-9420d9d8d366 0.123s
2024-08-28 09:11:29.572 62257 INFO tempest.lib.common.rest_client [req-8c84501b-3e93-4cb4-a375-04374a89d39a req-8c84501b-3e93-4cb4-a375-04374a89d39a ] Request (AttachVolumeTestJSON:test_attach_detach_volume): 200 GET http://10.180.1.21/compute/v2.1/servers/ec50aa6a-44ae-42f3-99a9-6831c832aca3 0.204s
2024-08-28 09:11:29.578 62257 INFO tempest.common.waiters [-] State transition "ACTIVE/powering-off" ==> "SHUTOFF/None" after 2 second wait
2024-08-28 09:11:29.610 62201 INFO tempest.lib.common.rest_client [req-b7784a3b-2cad-4270-a0a3-d475110fbed0 req-b7784a3b-2cad-4270-a0a3-d475110fbed0 ] Request (MigrationsAdminTest:test_resize_server_revert_deleted_flavor): 200 GET http://10.180.1.21/compute/v2.1/servers/95bfb4ce-98ae-456d-8c7c-3bc6edfdd475 0.137s
2024-08-28 09:11:29.615 62239 INFO tempest.lib.common.rest_client [req-00de6358-5a83-468b-86e4-a8db398912bc req-00de6358-5a83-468b-86e4-a8db398912bc ] Request (ImagesOneServerNegativeTestJSON:setUpClass): 200 GET http://10.180.1.21/compute/v2.1/servers/51fff2cd-efe8-48c6-8fc7-12ca2d0a6c88 0.112s
2024-08-28 09:11:29.661 62257 INFO tempest.lib.common.rest_client [req-94de38b4-6e5b-4b27-bb94-e351faa55d00 req-94de38b4-6e5b-4b27-bb94-e351faa55d00 ] Request (AttachVolumeTestJSON:test_attach_detach_volume): 202 POST http://10.180.1.21/compute/v2.1/servers/ec50aa6a-44ae-42f3-99a9-6831c832aca3/action 0.082s
2024-08-28 09:11:29.668 62241 INFO tempest.lib.common.rest_client [req-799f4b91-b933-42d4-9d77-f16a8eb5da96 req-799f4b91-b933-42d4-9d77-f16a8eb5da96 ] Request (ServersV294TestFqdnHostnames:tearDownClass): 200 GET http://10.180.1.21/compute/v2.1/servers/24755d96-be25-477d-8022-bbae4e33ab89 0.134s
2024-08-28 09:11:29.714 62251 INFO tempest.lib.common.rest_client [req-73192196-3849-49cf-b9a1-3eb0847352a4 req-73192196-3849-49cf-b9a1-3eb0847352a4 ] Request (ImagesTestJSON:test_create_image_from_suspended_server): 200 GET http://10.180.1.21/compute/v2.1/servers/a6e2330c-ba68-4df4-9e16-b536efe54c94 0.075s
2024-08-28 09:11:29.718 62219 INFO tempest.lib.common.rest_client [req-2ace3abe-f8ee-41da-9a40-521f0a46676b req-2ace3abe-f8ee-41da-9a40-521f0a46676b ] Request (ServersTestJSON:tearDownClass): 200 GET http://10.180.1.21/compute/v2.1/servers/10117be5-70f2-4f62-81dd-3732ba3bb70c 0.134s
2024-08-28 09:11:29.820 62257 INFO tempest.lib.common.rest_client [req-cd341070-a0d9-490e-97fb-3384280a11a0 req-cd341070-a0d9-490e-97fb-3384280a11a0 ] Request (AttachVolumeTestJSON:test_attach_detach_volume): 200 GET http://10.180.1.21/compute/v2.1/servers/ec50aa6a-44ae-42f3-99a9-6831c832aca3 0.159s
2024-08-28 09:11:29.842 62245 INFO tempest.lib.common.rest_client [req-07a1caae-84ed-4465-b4de-af73cdd5d114 req-07a1caae-84ed-4465-b4de-af73cdd5d114 ] Request (ServerTagsTestJSON:setUpClass): 200 GET http://10.180.1.21/compute/v2.1/servers/8ffa8a2e-f035-483a-86a1-349588495b66 0.188s
2024-08-28 09:11:29.868 62229 INFO tempest.lib.common.rest_client [req-fe8f3a65-1921-430d-9855-21f80c1747cc req-fe8f3a65-1921-430d-9855-21f80c1747cc ] Request (ServerRescueNegativeTestJSON:setUpClass): 200 GET http://10.180.1.21/compute/v2.1/servers/848b35ff-62f5-4e83-a5de-aab6fbbdd00a 0.162s
2024-08-28 09:11:29.899 62235 INFO tempest.lib.common.rest_client [req-8bcc88dc-28c6-4547-afab-502cb5e90527 req-8bcc88dc-28c6-4547-afab-502cb5e90527 ] Request (AttachInterfacesV270Test:tearDownClass): 200 GET http://10.180.1.21/compute/v2.1/servers/e0348208-2098-4071-97a4-29407a95cd3a 0.186s
2024-08-28 09:11:29.927 62207 INFO tempest.lib.common.rest_client [req-de2dc3b7-37f6-4a6a-b5fe-c59aa4a43d8d req-de2dc3b7-37f6-4a6a-b5fe-c59aa4a43d8d ] Request (ServersAdmin275Test:tearDownClass): 200 GET http://10.180.1.21/compute/v2.1/servers/43ff8e5b-054c-452a-92c0-21a2a39ea2a2 0.156s
2024-08-28 09:11:29.944 62249 INFO tempest.lib.common.rest_client [req-be5d74fe-da80-401c-8a8e-f647fd2ff5e6 req-be5d74fe-da80-401c-8a8e-f647fd2ff5e6 ] Request (VolumesAdminNegativeTest:test_update_attached_volume_with_nonexistent_volume_in_uri): 200 GET http://10.180.1.21/compute/v2.1/servers/75f20950-215e-4694-9cd3-ac93bcbf6bb3 0.169s
2024-08-28 09:11:29.981 62223 INFO tempest.lib.common.rest_client [req-e7c696e7-ac29-4651-973a-c571a67eacad req-e7c696e7-ac29-4651-973a-c571a67eacad ] Request (ServersWithSpecificFlavorTestJSON:test_verify_created_server_ephemeral_disk): 200 GET http://10.180.1.21/compute/v2.1/servers/ddbb6a66-587a-4c5f-8268-bcffdab6c9b5 0.048s
2024-08-28 09:11:30.199 62259 INFO tempest.lib.common.rest_client [req-9937e457-46c4-43d4-9bf2-84c5632be02e req-9937e457-46c4-43d4-9bf2-84c5632be02e ] Request (DeleteServersTestJSON:test_delete_server_while_in_attached_volume): 200 GET http://10.180.1.21/volume/v3/23cc9dbac5d741909302929f52abd0bc/volumes/0708fd47-0dad-4ebc-8567-87624c788359 0.026s
2024-08-28 09:11:30.204 62259 INFO tempest.common.waiters [-] volume 0708fd47-0dad-4ebc-8567-87624c788359 reached available after waiting for 1.204487 seconds
2024-08-28 09:11:30.255 62247 INFO tempest.lib.common.rest_client [req-3bd9b811-a30c-4715-82a3-eadb07c4bc87 req-3bd9b811-a30c-4715-82a3-eadb07c4bc87 ] Request (ListServerFiltersTestJSON:test_list_servers_filter_by_shutoff_status): 200 GET http://10.180.1.21/compute/v2.1/servers/ae66b7c6-c12f-4034-84b8-ab6923fad5f4 0.120s
2024-08-28 09:11:30.261 62247 INFO tempest.common.waiters [-] State transition "ACTIVE/powering-off" ==> "SHUTOFF/None" after 3 second wait
2024-08-28 09:11:30.307 62244 INFO tempest.lib.common.rest_client [req-0ee222ac-ef81-462e-8078-e9431812d333 req-0ee222ac-ef81-462e-8078-e9431812d333 ] Request (AttachInterfacesTestJSON:_run_cleanups): 200 GET http://10.180.1.21/compute/v2.1/servers/66396ef9-04a2-4c50-9f3a-c1a398aa36de 0.066s
2024-08-28 09:11:30.384 62247 INFO tempest.lib.common.rest_client [req-9ad111fe-1aa5-42a4-9efb-960cda5ce06a req-9ad111fe-1aa5-42a4-9efb-960cda5ce06a ] Request (ListServerFiltersTestJSON:test_list_servers_filter_by_shutoff_status): 200 GET http://10.180.1.21/compute/v2.1/servers?status=shutoff 0.122s
2024-08-28 09:11:30.437 62197 INFO tempest.lib.common.rest_client [req-dd61acbd-08ea-4090-bfe4-99235866e219 req-dd61acbd-08ea-4090-bfe4-99235866e219 ] Request (ServersAaction247Test:test_create_backup): 200 GET http://10.180.1.21/compute/v2.1/servers/923e0640-977c-4920-a04c-f870bb04ec91 0.150s
2024-08-28 09:11:30.484 62215 INFO tempest.lib.common.rest_client [req-eba4a71d-1311-49fa-b728-ab793a44d67b req-eba4a71d-1311-49fa-b728-ab793a44d67b ] Request (MultipleCreateTestJSON:test_multiple_create): 200 GET http://10.180.1.21/compute/v2.1/servers/170857f7-9f06-4c46-b09a-804adc3da02d 0.136s
2024-08-28 09:11:30.524 62247 INFO tempest.lib.common.rest_client [req-56c50b83-c3ab-43ea-a7fe-1743222053c7 req-56c50b83-c3ab-43ea-a7fe-1743222053c7 ] Request (ListServerFiltersTestJSON:test_list_servers_filter_by_shutoff_status): 202 POST http://10.180.1.21/compute/v2.1/servers/ae66b7c6-c12f-4034-84b8-ab6923fad5f4/action 0.138s
2024-08-28 09:11:30.655 62221 INFO tempest.lib.common.rest_client [req-ed2bb726-6869-4e66-b927-9699a6099720 req-ed2bb726-6869-4e66-b927-9699a6099720 ] Request (ServerRescueTestJSON:setUpClass): 200 GET http://10.180.1.21/compute/v2.1/servers/e94b6c33-7bfb-4aae-b619-c7da2201cb92 0.214s
2024-08-28 09:11:30.662 62221 INFO tempest.common.waiters [-] State transition "BUILD/spawning" ==> "ACTIVE/None" after 80 second wait
2024-08-28 09:11:30.719 62253 INFO tempest.lib.common.rest_client [req-37119015-1174-46fc-94ec-43bacf1fffb2 req-37119015-1174-46fc-94ec-43bacf1fffb2 ] Request (AttachInterfacesUnderV243Test:_run_cleanups): 200 GET http://10.180.1.21/compute/v2.1/servers/81971040-7836-4cb8-9064-952310391b4a 0.278s
2024-08-28 09:11:30.777 62225 INFO tempest.lib.common.rest_client [req-ca40ca55-a300-40b3-b66a-e0453f92202f req-ca40ca55-a300-40b3-b66a-e0453f92202f ] Request (ServersAdminTestJSON:test_inject_network_info): 200 GET http://10.180.1.21/compute/v2.1/servers/23113c8f-b140-44c0-a14d-cce598fa237d 0.255s
2024-08-28 09:11:30.874 62247 INFO tempest.lib.common.rest_client [req-9bfc277d-c17b-412a-8932-76c272310a1e req-9bfc277d-c17b-412a-8932-76c272310a1e ] Request (ListServerFiltersTestJSON:test_list_servers_filter_by_shutoff_status): 200 GET http://10.180.1.21/compute/v2.1/servers/ae66b7c6-c12f-4034-84b8-ab6923fad5f4 0.350s
2024-08-28 09:11:30.925 62211 INFO tempest.lib.common.rest_client [req-39488926-50b8-4d7e-a0ed-711f14a5c4a4 req-39488926-50b8-4d7e-a0ed-711f14a5c4a4 ] Request (TenantUsagesTestJSON:tearDownClass): 200 GET http://10.180.1.21/compute/v2.1/servers/dec63d6c-0b9e-474b-a09a-9420d9d8d366 0.351s
2024-08-28 09:11:30.968 62201 INFO tempest.lib.common.rest_client [req-bce6136e-6d29-4028-9efb-fe54700c62b3 req-bce6136e-6d29-4028-9efb-fe54700c62b3 ] Request (MigrationsAdminTest:test_resize_server_revert_deleted_flavor): 200 GET http://10.180.1.21/compute/v2.1/servers/95bfb4ce-98ae-456d-8c7c-3bc6edfdd475 0.351s
2024-08-28 09:11:31.010 62239 INFO tempest.lib.common.rest_client [req-7dd31059-5cfa-444b-ad70-efdf5658c8e3 req-7dd31059-5cfa-444b-ad70-efdf5658c8e3 ] Request (ImagesOneServerNegativeTestJSON:setUpClass): 200 GET http://10.180.1.21/compute/v2.1/servers/51fff2cd-efe8-48c6-8fc7-12ca2d0a6c88 0.387s
2024-08-28 09:11:31.091 62221 INFO tempest.lib.common.rest_client [req-ab89c546-48a8-43b5-8295-fb7394415273 req-ab89c546-48a8-43b5-8295-fb7394415273 ] Request (ServerRescueTestJSON:setUpClass): 200 POST http://10.180.1.21/compute/v2.1/servers/e94b6c33-7bfb-4aae-b619-c7da2201cb92/action 0.429s
2024-08-28 09:11:31.168 62241 INFO tempest.lib.common.rest_client [req-a23eb5c7-09ce-48af-b168-a9413de03cc8 req-a23eb5c7-09ce-48af-b168-a9413de03cc8 ] Request (ServersV294TestFqdnHostnames:tearDownClass): 200 GET http://10.180.1.21/compute/v2.1/servers/24755d96-be25-477d-8022-bbae4e33ab89 0.491s
2024-08-28 09:11:31.224 62251 INFO tempest.lib.common.rest_client [req-f6f667ef-d75a-4d6e-aeea-34caaa049bac req-f6f667ef-d75a-4d6e-aeea-34caaa049bac ] Request (ImagesTestJSON:test_create_image_from_suspended_server): 200 GET http://10.180.1.21/compute/v2.1/servers/a6e2330c-ba68-4df4-9e16-b536efe54c94 0.502s
2024-08-28 09:11:31.286 62219 INFO tempest.lib.common.rest_client [req-12ed8b5b-cac4-4e4a-9770-57df1e18e65f req-12ed8b5b-cac4-4e4a-9770-57df1e18e65f ] Request (ServersTestJSON:tearDownClass): 200 GET http://10.180.1.21/compute/v2.1/servers/10117be5-70f2-4f62-81dd-3732ba3bb70c 0.561s
2024-08-28 09:11:31.398 62257 INFO tempest.lib.common.rest_client [req-ba02438b-ed00-4b0a-b6a7-2610fc5cc68f req-ba02438b-ed00-4b0a-b6a7-2610fc5cc68f ] Request (AttachVolumeTestJSON:test_attach_detach_volume): 200 GET http://10.180.1.21/compute/v2.1/servers/ec50aa6a-44ae-42f3-99a9-6831c832aca3 0.571s
2024-08-28 09:11:31.503 62245 INFO tempest.lib.common.rest_client [req-6a11adab-09fe-40af-9353-46bfdce1eb89 req-6a11adab-09fe-40af-9353-46bfdce1eb89 ] Request (ServerTagsTestJSON:setUpClass): 200 GET http://10.180.1.21/compute/v2.1/servers/8ffa8a2e-f035-483a-86a1-349588495b66 0.652s
2024-08-28 09:11:31.552 62229 INFO tempest.lib.common.rest_client [req-e133a07b-2330-483b-b14a-426148418e08 req-e133a07b-2330-483b-b14a-426148418e08 ] Request (ServerRescueNegativeTestJSON:setUpClass): 200 GET http://10.180.1.21/compute/v2.1/servers/848b35ff-62f5-4e83-a5de-aab6fbbdd00a 0.675s
2024-08-28 09:11:31.603 62235 INFO tempest.lib.common.rest_client [req-a20c3467-14ba-4ece-b5c9-e69d5265070d req-a20c3467-14ba-4ece-b5c9-e69d5265070d ] Request (AttachInterfacesV270Test:tearDownClass): 200 GET http://10.180.1.21/compute/v2.1/servers/e0348208-2098-4071-97a4-29407a95cd3a 0.695s
2024-08-28 09:11:31.652 62207 INFO tempest.lib.common.rest_client [req-e1c3032b-1379-46b8-9c51-9cb5045e101a req-e1c3032b-1379-46b8-9c51-9cb5045e101a ] Request (ServersAdmin275Test:tearDownClass): 200 GET http://10.180.1.21/compute/v2.1/servers/43ff8e5b-054c-452a-92c0-21a2a39ea2a2 0.716s
2024-08-28 09:11:31.702 62249 INFO tempest.lib.common.rest_client [req-a5b74e02-76fe-44b5-9376-1396954b6097 req-a5b74e02-76fe-44b5-9376-1396954b6097 ] Request (VolumesAdminNegativeTest:test_update_attached_volume_with_nonexistent_volume_in_uri): 200 GET http://10.180.1.21/compute/v2.1/servers/75f20950-215e-4694-9cd3-ac93bcbf6bb3 0.750s
2024-08-28 09:11:31.750 62223 INFO tempest.lib.common.rest_client [req-1b7e4890-43b1-4b19-8a60-5d48756be54e req-1b7e4890-43b1-4b19-8a60-5d48756be54e ] Request (ServersWithSpecificFlavorTestJSON:test_verify_created_server_ephemeral_disk): 200 GET http://10.180.1.21/compute/v2.1/servers/ddbb6a66-587a-4c5f-8268-bcffdab6c9b5 0.761s
2024-08-28 09:11:31.842 62259 INFO tempest.lib.common.rest_client [req-f47e234b-c0ad-4262-9531-bc54dbaf240f req-f47e234b-c0ad-4262-9531-bc54dbaf240f ] Request (DeleteServersTestJSON:test_delete_server_while_in_attached_volume): 200 POST http://10.180.1.21/compute/v2.1/servers/383cc933-2136-421f-85cc-e12f1743bd67/os-volume_attachments 1.637s
2024-08-28 09:11:31.869 62259 INFO tempest.lib.common.rest_client [req-e4fea476-8b24-43f3-b7dd-24ad61b3a4d8 req-e4fea476-8b24-43f3-b7dd-24ad61b3a4d8 ] Request (DeleteServersTestJSON:test_delete_server_while_in_attached_volume): 200 GET http://10.180.1.21/volume/v3/23cc9dbac5d741909302929f52abd0bc/volumes/0708fd47-0dad-4ebc-8567-87624c788359 0.026s
2024-08-28 09:11:31.901 62244 INFO tempest.lib.common.rest_client [req-a775581a-c208-44f8-aaa1-c2addec8af19 req-a775581a-c208-44f8-aaa1-c2addec8af19 ] Request (AttachInterfacesTestJSON:_run_cleanups): 200 GET http://10.180.1.21/compute/v2.1/servers/66396ef9-04a2-4c50-9f3a-c1a398aa36de 0.587s
2024-08-28 09:11:31.940 62221 INFO tempest.lib.common.rest_client [req-46e55baa-27f2-483c-a2f2-330a4cc59b76 req-46e55baa-27f2-483c-a2f2-330a4cc59b76 ] Request (ServerRescueTestJSON:setUpClass): 200 GET http://10.180.1.21/compute/v2.1/servers/e94b6c33-7bfb-4aae-b619-c7da2201cb92 0.847s
2024-08-28 09:11:31.954 62197 INFO tempest.lib.common.rest_client [req-b24643f3-ad9a-4c43-a988-43cb0af9ca1f req-b24643f3-ad9a-4c43-a988-43cb0af9ca1f ] Request (ServersAaction247Test:test_create_backup): 200 GET http://10.180.1.21/compute/v2.1/servers/923e0640-977c-4920-a04c-f870bb04ec91 0.509s
2024-08-28 09:11:31.996 62215 INFO tempest.lib.common.rest_client [req-030fe427-5208-4af1-bc53-a83952e4b2d6 req-030fe427-5208-4af1-bc53-a83952e4b2d6 ] Request (MultipleCreateTestJSON:test_multiple_create): 200 GET http://10.180.1.21/compute/v2.1/servers/170857f7-9f06-4c46-b09a-804adc3da02d 0.506s
2024-08-28 09:11:32.016 62253 INFO tempest.lib.common.rest_client [req-ce361aa0-90bd-481e-8603-2a4f602d0ad5 req-ce361aa0-90bd-481e-8603-2a4f602d0ad5 ] Request (AttachInterfacesUnderV243Test:_run_cleanups): 200 GET http://10.180.1.21/compute/v2.1/servers/81971040-7836-4cb8-9064-952310391b4a 0.288s
2024-08-28 09:11:32.042 62225 INFO tempest.lib.common.rest_client [req-818819d0-a97d-4f4d-891d-f94b9811b480 req-818819d0-a97d-4f4d-891d-f94b9811b480 ] Request (ServersAdminTestJSON:test_inject_network_info): 200 GET http://10.180.1.21/compute/v2.1/servers/23113c8f-b140-44c0-a14d-cce598fa237d 0.257s
2024-08-28 09:11:32.047 62225 INFO tempest.common.waiters [-] State transition "BUILD/scheduling" ==> "BUILD/None" after 24 second wait
2024-08-28 09:11:32.102 62211 INFO tempest.lib.common.rest_client [req-750c65f9-bb12-41ed-b7af-d5edabaf32d2 req-750c65f9-bb12-41ed-b7af-d5edabaf32d2 ] Request (TenantUsagesTestJSON:tearDownClass): 200 GET http://10.180.1.21/compute/v2.1/servers/dec63d6c-0b9e-474b-a09a-9420d9d8d366 0.171s
2024-08-28 09:11:32.150 62201 INFO tempest.lib.common.rest_client [req-07d2e54a-cdae-41e7-af9b-cfe58550685d req-07d2e54a-cdae-41e7-af9b-cfe58550685d ] Request (MigrationsAdminTest:test_resize_server_revert_deleted_flavor): 200 GET http://10.180.1.21/compute/v2.1/servers/95bfb4ce-98ae-456d-8c7c-3bc6edfdd475 0.175s
2024-08-28 09:11:32.182 62247 INFO tempest.lib.common.rest_client [req-03a2ee56-c727-4a64-ae1f-370285dcd844 req-03a2ee56-c727-4a64-ae1f-370285dcd844 ] Request (ListServerFiltersTestJSON:test_list_servers_filter_by_shutoff_status): 200 GET http://10.180.1.21/compute/v2.1/servers/ae66b7c6-c12f-4034-84b8-ab6923fad5f4 0.301s
2024-08-28 09:11:32.203 62239 INFO tempest.lib.common.rest_client [req-e3ae5926-e86e-4279-b4af-c581722269df req-e3ae5926-e86e-4279-b4af-c581722269df ] Request (ImagesOneServerNegativeTestJSON:setUpClass): 200 GET http://10.180.1.21/compute/v2.1/servers/51fff2cd-efe8-48c6-8fc7-12ca2d0a6c88 0.187s
2024-08-28 09:11:32.249 62241 INFO tempest.lib.common.rest_client [req-e7375673-5c57-46dc-a1ab-43fc5fdaaebb req-e7375673-5c57-46dc-a1ab-43fc5fdaaebb ] Request (ServersV294TestFqdnHostnames:tearDownClass): 200 GET http://10.180.1.21/compute/v2.1/servers/24755d96-be25-477d-8022-bbae4e33ab89 0.073s
2024-08-28 09:11:32.280 62251 INFO tempest.lib.common.rest_client [req-684ff228-b9f4-4cb2-aaba-ff76f2af5693 req-684ff228-b9f4-4cb2-aaba-ff76f2af5693 ] Request (ImagesTestJSON:test_create_image_from_suspended_server): 200 GET http://10.180.1.21/compute/v2.1/servers/a6e2330c-ba68-4df4-9e16-b536efe54c94 0.049s
2024-08-28 09:11:32.354 62219 INFO tempest.lib.common.rest_client [req-4a786233-a4da-4b00-acf6-f72b872d899d req-4a786233-a4da-4b00-acf6-f72b872d899d ] Request (ServersTestJSON:tearDownClass): 200 GET http://10.180.1.21/compute/v2.1/servers/10117be5-70f2-4f62-81dd-3732ba3bb70c 0.062s
2024-08-28 09:11:32.544 62257 INFO tempest.lib.common.rest_client [req-c363ee50-1b98-48d7-954c-b50dd0ae8836 req-c363ee50-1b98-48d7-954c-b50dd0ae8836 ] Request (AttachVolumeTestJSON:test_attach_detach_volume): 200 GET http://10.180.1.21/compute/v2.1/servers/ec50aa6a-44ae-42f3-99a9-6831c832aca3 0.136s
2024-08-28 09:11:32.634 62229 INFO tempest.lib.common.rest_client [req-d695cf93-7f5f-4bdb-a129-1acf1aa4e9fb req-d695cf93-7f5f-4bdb-a129-1acf1aa4e9fb ] Request (ServerRescueNegativeTestJSON:setUpClass): 200 GET http://10.180.1.21/compute/v2.1/servers/848b35ff-62f5-4e83-a5de-aab6fbbdd00a 0.074s
2024-08-28 09:11:32.654 62235 INFO tempest.lib.common.rest_client [req-37830ed1-af91-4cd3-9efb-50b6b049557d req-37830ed1-af91-4cd3-9efb-50b6b049557d ] Request (AttachInterfacesV270Test:tearDownClass): 404 GET http://10.180.1.21/compute/v2.1/servers/e0348208-2098-4071-97a4-29407a95cd3a 0.042s
2024-08-28 09:11:32.673 62245 INFO tempest.lib.common.rest_client [req-eb1e4aad-9526-43f4-a1ce-b553216eae33 req-eb1e4aad-9526-43f4-a1ce-b553216eae33 ] Request (ServerTagsTestJSON:setUpClass): 200 GET http://10.180.1.21/compute/v2.1/servers/8ffa8a2e-f035-483a-86a1-349588495b66 0.162s
2024-08-28 09:11:32.731 62207 INFO tempest.lib.common.rest_client [req-2a7825f4-af19-40e0-bdf9-fdd3495bd39e req-2a7825f4-af19-40e0-bdf9-fdd3495bd39e ] Request (ServersAdmin275Test:tearDownClass): 200 GET http://10.180.1.21/compute/v2.1/servers/43ff8e5b-054c-452a-92c0-21a2a39ea2a2 0.069s
2024-08-28 09:11:32.774 62249 INFO tempest.lib.common.rest_client [req-53c83cd2-90c4-4034-ae16-8163fa5e2706 req-53c83cd2-90c4-4034-ae16-8163fa5e2706 ] Request (VolumesAdminNegativeTest:test_update_attached_volume_with_nonexistent_volume_in_uri): 200 GET http://10.180.1.21/compute/v2.1/servers/75f20950-215e-4694-9cd3-ac93bcbf6bb3 0.064s
2024-08-28 09:11:32.819 62223 INFO tempest.lib.common.rest_client [req-465c633e-5fa1-45dc-84c4-e926917f30a2 req-465c633e-5fa1-45dc-84c4-e926917f30a2 ] Request (ServersWithSpecificFlavorTestJSON:test_verify_created_server_ephemeral_disk): 200 GET http://10.180.1.21/compute/v2.1/servers/ddbb6a66-587a-4c5f-8268-bcffdab6c9b5 0.062s
2024-08-28 09:11:32.908 62259 INFO tempest.lib.common.rest_client [req-1c2987dc-4b12-4271-a16c-935cc786e392 req-1c2987dc-4b12-4271-a16c-935cc786e392 ] Request (DeleteServersTestJSON:test_delete_server_while_in_attached_volume): 200 GET http://10.180.1.21/volume/v3/23cc9dbac5d741909302929f52abd0bc/volumes/0708fd47-0dad-4ebc-8567-87624c788359 0.032s
2024-08-28 09:11:32.969 62244 INFO tempest.lib.common.rest_client [req-1471cba5-1533-449b-8c93-f40fa30ea9cf req-1471cba5-1533-449b-8c93-f40fa30ea9cf ] Request (AttachInterfacesTestJSON:_run_cleanups): 200 GET http://10.180.1.21/compute/v2.1/servers/66396ef9-04a2-4c50-9f3a-c1a398aa36de 0.060s
2024-08-28 09:11:33.022 62197 INFO tempest.lib.common.rest_client [req-a9a5846e-6215-4261-92e9-48b03978f598 req-a9a5846e-6215-4261-92e9-48b03978f598 ] Request (ServersAaction247Test:test_create_backup): 200 GET http://10.180.1.21/compute/v2.1/servers/923e0640-977c-4920-a04c-f870bb04ec91 0.058s
2024-08-28 09:11:33.071 62215 INFO tempest.lib.common.rest_client [req-463c42d0-1acc-4128-94c1-d2d261d573d6 req-463c42d0-1acc-4128-94c1-d2d261d573d6 ] Request (MultipleCreateTestJSON:test_multiple_create): 200 GET http://10.180.1.21/compute/v2.1/servers/170857f7-9f06-4c46-b09a-804adc3da02d 0.067s
2024-08-28 09:11:33.137 62253 INFO tempest.lib.common.rest_client [req-cd77bfd7-e919-4744-9dea-a6bed03d0b17 req-cd77bfd7-e919-4744-9dea-a6bed03d0b17 ] Request (AttachInterfacesUnderV243Test:_run_cleanups): 200 GET http://10.180.1.21/compute/v2.1/servers/81971040-7836-4cb8-9064-952310391b4a 0.111s
2024-08-28 09:11:33.140 62221 INFO tempest.lib.common.rest_client [req-a041b75c-c250-47d0-814f-2805f2960fec req-a041b75c-c250-47d0-814f-2805f2960fec ] Request (ServerRescueTestJSON:setUpClass): 200 GET http://10.180.1.21/compute/v2.1/servers/e94b6c33-7bfb-4aae-b619-c7da2201cb92 0.194s
