2024-12-12 07:31:11.226 67434 INFO tempest.lib.common.rest_client [req-bd38c099-a754-47ff-b73e-18e6b7a4da54 req-bd38c099-a754-47ff-b73e-18e6b7a4da54 ] Request (ServersTestMultiNic:test_verify_duplicate_network_nics): 200 GET http://10.180.1.21/compute/v2.1/servers/f6015c28-7a38-464a-a0b9-b39c376d921e 0.153s
2024-12-12 07:31:11.243 67422 INFO tempest.lib.common.rest_client [req-791a9b76-bd4e-4661-a9f4-a986c4e25541 req-791a9b76-bd4e-4661-a9f4-a986c4e25541 ] Request (ServerDiskConfigTestJSON:test_rebuild_server_with_manual_disk_config): 200 GET http://10.180.1.21/compute/v2.1/servers/daec3bb1-5ba1-4ea2-89c1-2d8225463dff 0.144s
2024-12-12 07:31:11.249 67422 INFO tempest.common.waiters [-] State transition "BUILD/block_device_mapping" ==> "BUILD/spawning" after 33 second wait
2024-12-12 07:31:11.274 67418 INFO tempest.lib.common.rest_client [req-7758c9dc-1195-43f0-8968-059a935e2308 req-7758c9dc-1195-43f0-8968-059a935e2308 ] Request (ImagesTestJSON:test_create_server_from_snapshot): 200 GET http://10.180.1.21/compute/v2.1/servers/ecba535e-bc9f-40cd-adff-49a226f38b8c 0.146s
2024-12-12 07:31:11.292 67468 INFO tempest.lib.common.rest_client [req-62f0d2a5-f280-479b-9958-3b5df1661520 req-62f0d2a5-f280-479b-9958-3b5df1661520 ] Request (DeleteServersAdminTestJSON:test_delete_server_while_in_error_state): 200 GET http://10.180.1.21/compute/v2.1/servers/612483be-a02b-478d-8758-fb0420930cab 0.142s
2024-12-12 07:31:11.334 67472 INFO tempest.lib.common.rest_client [req-98629528-dc52-461e-b1a0-4d79fb9091af req-98629528-dc52-461e-b1a0-4d79fb9091af ] Request (ServersAdminTestJSON:test_inject_network_info): 200 GET http://10.180.1.21/compute/v2.1/servers/417a3664-2b58-4bef-96fb-3b3a017790da 0.123s
2024-12-12 07:31:11.391 67470 INFO tempest.lib.common.rest_client [req-14b41050-41d0-43d7-ae53-622adeeb3af7 req-14b41050-41d0-43d7-ae53-622adeeb3af7 ] Request (MigrationsAdminTest:test_resize_server_revert_deleted_flavor): 200 GET http://10.180.1.21/compute/v2.1/servers/d235314d-7080-409b-9be1-3fcb6c0884b4 0.111s
2024-12-12 07:31:11.411 67432 INFO tempest.lib.common.rest_client [req-22fcd753-1e6c-4e51-b455-f2c82061c39b req-22fcd753-1e6c-4e51-b455-f2c82061c39b ] Request (ListServerFiltersTestJSON:tearDownClass): 200 GET http://10.180.1.21/compute/v2.1/servers/a901b7d2-55d4-4ace-906e-40734377c899 0.129s
2024-12-12 07:31:11.441 67462 INFO tempest.lib.common.rest_client [req-018388ac-8fa9-4ae3-a908-f2a8fd8b1e8a req-018388ac-8fa9-4ae3-a908-f2a8fd8b1e8a ] Request (ServerShowV257Test:test_rebuild_server): 200 GET http://10.180.1.21/compute/v2.1/servers/1098fca5-bc94-4a9c-9012-30a75cee1b0f 0.088s
2024-12-12 07:31:11.462 67426 INFO tempest.lib.common.rest_client [req-e672fac3-17b8-47ca-b609-6858dcb8ec2d req-e672fac3-17b8-47ca-b609-6858dcb8ec2d ] Request (ListImageFiltersTestJSON:setUpClass): 200 GET http://10.180.1.21/compute/v2.1/servers/b97d2539-bee1-47c9-a0db-1aef7f767bc6 0.058s
2024-12-12 07:31:11.499 67438 INFO tempest.lib.common.rest_client [req-bae9d1b9-03b3-4254-b77a-2abff657058e req-bae9d1b9-03b3-4254-b77a-2abff657058e ] Request (DeleteServersTestJSON:test_delete_server_while_in_attached_volume): 200 GET http://10.180.1.21/compute/v2.1/servers/0ad7de92-79e2-4519-a1cc-dfeea6a3b2be 0.048s
2024-12-12 07:31:11.549 67448 INFO tempest.lib.common.rest_client [req-f3e7618d-bb1c-41cd-ba34-d9f9f95984b3 req-f3e7618d-bb1c-41cd-ba34-d9f9f95984b3 ] Request (AttachVolumeNegativeTest:test_attach_attached_volume_to_different_server): 200 GET http://10.180.1.21/compute/v2.1/servers/e305b5ec-8988-4adf-9c48-772f6b904ff1 0.093s
2024-12-12 07:31:11.564 67478 INFO tempest.lib.common.rest_client [req-f764f9f3-0e3a-4062-afe1-fd1e78d3aebb req-f764f9f3-0e3a-4062-afe1-fd1e78d3aebb ] Request (TenantUsagesTestJSON:tearDownClass): 200 GET http://10.180.1.21/compute/v2.1/servers/1fa6471f-fda6-448d-8d06-cb0c46e3175a 0.054s
2024-12-12 07:31:11.597 67474 INFO tempest.lib.common.rest_client [req-14faf208-7c0b-4d26-8179-247cfb332308 req-14faf208-7c0b-4d26-8179-247cfb332308 ] Request (ServerShowV254Test:test_rebuild_server): 200 GET http://10.180.1.21/compute/v2.1/servers/d6a075f8-ffcb-4ac0-98fd-bec5c5f1dd19 0.084s
2024-12-12 07:31:11.611 67450 INFO tempest.lib.common.rest_client [req-89806f07-7c7b-4e1c-84fb-24c08c0833c6 req-89806f07-7c7b-4e1c-84fb-24c08c0833c6 ] Request (ServersAdminNegativeTestJSON:test_migrate_server_invalid_state): 200 GET http://10.180.1.21/compute/v2.1/servers/a6930c24-8d83-44fc-b3d4-515d422d6179 0.051s
2024-12-12 07:31:11.649 67442 INFO tempest.lib.common.rest_client [req-8c897bcb-69d6-4534-95e0-ecabbd82a628 req-8c897bcb-69d6-4534-95e0-ecabbd82a628 ] Request (SecurityGroupsTestJSON:test_server_security_groups): 200 GET http://10.180.1.21/compute/v2.1/servers/eb7e5b56-ace3-4ef9-8c54-4a1359dda0cd 0.085s
2024-12-12 07:31:11.659 67436 INFO tempest.lib.common.rest_client [req-10d429bd-b43f-4ffa-8056-f92d73876e90 req-10d429bd-b43f-4ffa-8056-f92d73876e90 ] Request (ServersWithSpecificFlavorTestJSON:test_verify_created_server_ephemeral_disk): 200 GET http://10.180.1.21/compute/v2.1/servers/51b4be73-7e46-453d-a325-7b7c6c0c25bd 0.053s
2024-12-12 07:31:11.700 67424 INFO tempest.lib.common.rest_client [req-0b30aa82-55b5-433a-80c5-9d3c99fd7241 req-0b30aa82-55b5-433a-80c5-9d3c99fd7241 ] Request (ServerMetadataNegativeTestJSON:tearDownClass): 200 GET http://10.180.1.21/compute/v2.1/servers/21637db2-110e-4fba-92a5-9318b9c56ea1 0.085s
2024-12-12 07:31:12.061 67446 INFO tempest.lib.common.rest_client [req-de9bc729-10bc-4d78-84b9-296b350db102 req-de9bc729-10bc-4d78-84b9-296b350db102 ] Request (VolumesAssistedSnapshotsTest:tearDownClass): 200 GET http://10.180.1.21/compute/v2.1/servers/c3889b72-5d3a-4a80-a43e-405ae07e75f5 0.080s
2024-12-12 07:31:12.122 67452 INFO tempest.lib.common.rest_client [req-66cd9583-5680-4d29-bafb-d7e4be499827 req-66cd9583-5680-4d29-bafb-d7e4be499827 ] Request (InstanceActionsTestJSON:setUpClass): 200 GET http://10.180.1.21/compute/v2.1/servers/cf0774df-f295-460a-87a5-f12e812e781d 0.128s
2024-12-12 07:31:12.126 67454 INFO tempest.lib.common.rest_client [req-a2f6db41-9d4c-4c1b-bd1d-bdd7fd521d8f req-a2f6db41-9d4c-4c1b-bd1d-bdd7fd521d8f ] Request (ServersAdmin275Test:_run_cleanups): 200 GET http://10.180.1.21/compute/v2.1/servers/ac46edb1-fa05-4310-8a93-7e38e85b6ea2 0.085s
2024-12-12 07:31:12.128 67452 INFO tempest.common.waiters [-] State transition "BUILD/spawning" ==> "ACTIVE/None" after 54 second wait
2024-12-12 07:31:12.159 67452 INFO tempest.lib.common.rest_client [req-9b56cd8e-37c2-4c4f-a7b5-7f0a07bbccc1 req-9b56cd8e-37c2-4c4f-a7b5-7f0a07bbccc1 ] Request (InstanceActionsTestJSON:test_get_instance_action): 200 GET http://10.180.1.21/compute/v2.1/servers/cf0774df-f295-460a-87a5-f12e812e781d/os-instance-actions/req-b4f95a34-5ead-4c48-b624-929e94955f67 0.030s
2024-12-12 07:31:12.222 67452 INFO tempest.lib.common.rest_client [req-1e36370d-360b-4fc0-9845-139ef733055b req-1e36370d-360b-4fc0-9845-139ef733055b ] Request (InstanceActionsTestJSON:test_list_instance_actions): 202 POST http://10.180.1.21/compute/v2.1/servers/cf0774df-f295-460a-87a5-f12e812e781d/action 0.060s
2024-12-12 07:31:12.360 67452 INFO tempest.lib.common.rest_client [req-9c0e66c8-7852-4f14-8c43-ad081d538a4e req-9c0e66c8-7852-4f14-8c43-ad081d538a4e ] Request (InstanceActionsTestJSON:test_list_instance_actions): 200 GET http://10.180.1.21/compute/v2.1/servers/cf0774df-f295-460a-87a5-f12e812e781d 0.137s
2024-12-12 07:31:12.429 67434 INFO tempest.lib.common.rest_client [req-d21e07e4-1b33-4f00-9b1d-560c9a5a5018 req-d21e07e4-1b33-4f00-9b1d-560c9a5a5018 ] Request (ServersTestMultiNic:test_verify_duplicate_network_nics): 200 GET http://10.180.1.21/compute/v2.1/servers/f6015c28-7a38-464a-a0b9-b39c376d921e 0.195s
2024-12-12 07:31:12.470 67422 INFO tempest.lib.common.rest_client [req-7b3d2009-4f30-4692-a471-4575d12ba45d req-7b3d2009-4f30-4692-a471-4575d12ba45d ] Request (ServerDiskConfigTestJSON:test_rebuild_server_with_manual_disk_config): 200 GET http://10.180.1.21/compute/v2.1/servers/daec3bb1-5ba1-4ea2-89c1-2d8225463dff 0.220s
2024-12-12 07:31:12.476 67418 INFO tempest.lib.common.rest_client [req-b830a12e-f023-4321-aba5-e1a75e372157 req-b830a12e-f023-4321-aba5-e1a75e372157 ] Request (ImagesTestJSON:test_create_server_from_snapshot): 200 GET http://10.180.1.21/compute/v2.1/servers/ecba535e-bc9f-40cd-adff-49a226f38b8c 0.190s
2024-12-12 07:31:12.525 67472 INFO tempest.lib.common.rest_client [req-28a13a67-f597-4364-a8e5-b57eba4b0164 req-28a13a67-f597-4364-a8e5-b57eba4b0164 ] Request (ServersAdminTestJSON:test_inject_network_info): 200 GET http://10.180.1.21/compute/v2.1/servers/417a3664-2b58-4bef-96fb-3b3a017790da 0.182s
2024-12-12 07:31:12.526 67468 INFO tempest.lib.common.rest_client [req-60934b1b-7af6-484b-af40-0a29afce3d79 req-60934b1b-7af6-484b-af40-0a29afce3d79 ] Request (DeleteServersAdminTestJSON:test_delete_server_while_in_error_state): 200 GET http://10.180.1.21/compute/v2.1/servers/612483be-a02b-478d-8758-fb0420930cab 0.226s
2024-12-12 07:31:12.591 67432 INFO tempest.lib.common.rest_client [req-f9c3451a-a557-405b-a151-69b99356388f req-f9c3451a-a557-405b-a151-69b99356388f ] Request (ListServerFiltersTestJSON:tearDownClass): 200 GET http://10.180.1.21/compute/v2.1/servers/a901b7d2-55d4-4ace-906e-40734377c899 0.173s
2024-12-12 07:31:12.649 67462 INFO tempest.lib.common.rest_client [req-e837b8b2-a736-4360-8fee-2c5c3b13f105 req-e837b8b2-a736-4360-8fee-2c5c3b13f105 ] Request (ServerShowV257Test:test_rebuild_server): 200 GET http://10.180.1.21/compute/v2.1/servers/1098fca5-bc94-4a9c-9012-30a75cee1b0f 0.198s
2024-12-12 07:31:12.685 67470 INFO tempest.lib.common.rest_client [req-90e8707d-52e5-4216-acde-afbf8d2bc638 req-90e8707d-52e5-4216-acde-afbf8d2bc638 ] Request (MigrationsAdminTest:test_resize_server_revert_deleted_flavor): 200 GET http://10.180.1.21/compute/v2.1/servers/d235314d-7080-409b-9be1-3fcb6c0884b4 0.286s
2024-12-12 07:31:12.700 67426 INFO tempest.lib.common.rest_client [req-0b5b6523-dc80-4eee-93c9-15759150b12b req-0b5b6523-dc80-4eee-93c9-15759150b12b ] Request (ListImageFiltersTestJSON:setUpClass): 200 GET http://10.180.1.21/compute/v2.1/servers/b97d2539-bee1-47c9-a0db-1aef7f767bc6 0.231s
2024-12-12 07:31:12.735 67438 INFO tempest.lib.common.rest_client [req-d5dc6817-2f75-46c4-bd11-3265fa8cd2d0 req-d5dc6817-2f75-46c4-bd11-3265fa8cd2d0 ] Request (DeleteServersTestJSON:test_delete_server_while_in_attached_volume): 200 GET http://10.180.1.21/compute/v2.1/servers/0ad7de92-79e2-4519-a1cc-dfeea6a3b2be 0.229s
2024-12-12 07:31:12.796 67478 INFO tempest.lib.common.rest_client [req-ccc78e39-ceba-466f-b1bc-514463ee199e req-ccc78e39-ceba-466f-b1bc-514463ee199e ] Request (TenantUsagesTestJSON:tearDownClass): 200 GET http://10.180.1.21/compute/v2.1/servers/1fa6471f-fda6-448d-8d06-cb0c46e3175a 0.225s
2024-12-12 07:31:12.820 67448 INFO tempest.lib.common.rest_client [req-3f5f4946-1e65-449d-98b8-f4e236453e19 req-3f5f4946-1e65-449d-98b8-f4e236453e19 ] Request (AttachVolumeNegativeTest:test_attach_attached_volume_to_different_server): 200 GET http://10.180.1.21/compute/v2.1/servers/e305b5ec-8988-4adf-9c48-772f6b904ff1 0.264s
2024-12-12 07:31:12.848 67474 INFO tempest.lib.common.rest_client [req-477685f4-c078-4102-91e1-536d7e37524b req-477685f4-c078-4102-91e1-536d7e37524b ] Request (ServerShowV254Test:test_rebuild_server): 200 GET http://10.180.1.21/compute/v2.1/servers/d6a075f8-ffcb-4ac0-98fd-bec5c5f1dd19 0.242s
2024-12-12 07:31:12.871 67450 INFO tempest.lib.common.rest_client [req-be201ccc-e819-440b-8d6e-b204e4268feb req-be201ccc-e819-440b-8d6e-b204e4268feb ] Request (ServersAdminNegativeTestJSON:test_migrate_server_invalid_state): 200 GET http://10.180.1.21/compute/v2.1/servers/a6930c24-8d83-44fc-b3d4-515d422d6179 0.252s
2024-12-12 07:31:12.877 67450 INFO tempest.common.waiters [-] State transition "BUILD/scheduling" ==> "BUILD/None" after 16 second wait
2024-12-12 07:31:12.926 67436 INFO tempest.lib.common.rest_client [req-c534f288-5d35-4590-bf35-26a07550637f req-c534f288-5d35-4590-bf35-26a07550637f ] Request (ServersWithSpecificFlavorTestJSON:test_verify_created_server_ephemeral_disk): 200 GET http://10.180.1.21/compute/v2.1/servers/51b4be73-7e46-453d-a325-7b7c6c0c25bd 0.260s
2024-12-12 07:31:12.926 67442 INFO tempest.lib.common.rest_client [req-5be45b0d-f3b3-4e7b-b6e6-08f9f8845ee3 req-5be45b0d-f3b3-4e7b-b6e6-08f9f8845ee3 ] Request (SecurityGroupsTestJSON:test_server_security_groups): 200 GET http://10.180.1.21/compute/v2.1/servers/eb7e5b56-ace3-4ef9-8c54-4a1359dda0cd 0.271s
2024-12-12 07:31:12.985 67424 INFO tempest.lib.common.rest_client [req-42d5d473-e950-4cdb-a434-943a675d0837 req-42d5d473-e950-4cdb-a434-943a675d0837 ] Request (ServerMetadataNegativeTestJSON:tearDownClass): 200 GET http://10.180.1.21/compute/v2.1/servers/21637db2-110e-4fba-92a5-9318b9c56ea1 0.277s
2024-12-12 07:31:13.131 67446 INFO tempest.lib.common.rest_client [req-fedcff48-5b10-417b-9cc6-1e5d33b91efa req-fedcff48-5b10-417b-9cc6-1e5d33b91efa ] Request (VolumesAssistedSnapshotsTest:tearDownClass): 200 GET http://10.180.1.21/compute/v2.1/servers/c3889b72-5d3a-4a80-a43e-405ae07e75f5 0.063s
2024-12-12 07:31:13.215 67454 INFO tempest.lib.common.rest_client [req-b8a8a3ee-6631-40a8-97bb-12ce380c274a req-b8a8a3ee-6631-40a8-97bb-12ce380c274a ] Request (ServersAdmin275Test:_run_cleanups): 200 GET http://10.180.1.21/compute/v2.1/servers/ac46edb1-fa05-4310-8a93-7e38e85b6ea2 0.079s
2024-12-12 07:31:13.223 67454 INFO tempest.common.waiters [-] State transition "REBUILD/rebuilding" ==> "REBUILD/rebuild_spawning" after 4 second wait
2024-12-12 07:31:13.535 67452 INFO tempest.lib.common.rest_client [req-26eab9ac-20e0-40de-8fc1-56b8e5222ab4 req-26eab9ac-20e0-40de-8fc1-56b8e5222ab4 ] Request (InstanceActionsTestJSON:test_list_instance_actions): 200 GET http://10.180.1.21/compute/v2.1/servers/cf0774df-f295-460a-87a5-f12e812e781d 0.168s
2024-12-12 07:31:13.565 67434 INFO tempest.lib.common.rest_client [req-d425c277-37f2-41f6-a9b1-645617fbebf0 req-d425c277-37f2-41f6-a9b1-645617fbebf0 ] Request (ServersTestMultiNic:test_verify_duplicate_network_nics): 200 GET http://10.180.1.21/compute/v2.1/servers/f6015c28-7a38-464a-a0b9-b39c376d921e 0.129s
2024-12-12 07:31:13.628 67418 INFO tempest.lib.common.rest_client [req-d10f3eab-e75c-40c5-a96c-e46c926ecef6 req-d10f3eab-e75c-40c5-a96c-e46c926ecef6 ] Request (ImagesTestJSON:test_create_server_from_snapshot): 200 GET http://10.180.1.21/compute/v2.1/servers/ecba535e-bc9f-40cd-adff-49a226f38b8c 0.144s
2024-12-12 07:31:13.649 67422 INFO tempest.lib.common.rest_client [req-59488d5d-2911-41fd-b615-809356728660 req-59488d5d-2911-41fd-b615-809356728660 ] Request (ServerDiskConfigTestJSON:test_rebuild_server_with_manual_disk_config): 200 GET http://10.180.1.21/compute/v2.1/servers/daec3bb1-5ba1-4ea2-89c1-2d8225463dff 0.171s
2024-12-12 07:31:13.677 67472 INFO tempest.lib.common.rest_client [req-96803983-1bc4-4be5-a928-972c50881d12 req-96803983-1bc4-4be5-a928-972c50881d12 ] Request (ServersAdminTestJSON:test_inject_network_info): 200 GET http://10.180.1.21/compute/v2.1/servers/417a3664-2b58-4bef-96fb-3b3a017790da 0.146s
2024-12-12 07:31:13.693 67468 INFO tempest.lib.common.rest_client [req-cb9a107e-dea6-4b61-a00c-4df3fc60a9df req-cb9a107e-dea6-4b61-a00c-4df3fc60a9df ] Request (DeleteServersAdminTestJSON:test_delete_server_while_in_error_state): 200 GET http://10.180.1.21/compute/v2.1/servers/612483be-a02b-478d-8758-fb0420930cab 0.159s
2024-12-12 07:31:13.750 67462 INFO tempest.lib.common.rest_client [req-586f6fad-4ef9-47ae-827b-af113f1749b4 req-586f6fad-4ef9-47ae-827b-af113f1749b4 ] Request (ServerShowV257Test:test_rebuild_server): 200 GET http://10.180.1.21/compute/v2.1/servers/1098fca5-bc94-4a9c-9012-30a75cee1b0f 0.091s
2024-12-12 07:31:13.752 67432 INFO tempest.lib.common.rest_client [req-8c17bbbd-b61f-4fb1-b7d6-9889dab8ebf0 req-8c17bbbd-b61f-4fb1-b7d6-9889dab8ebf0 ] Request (ListServerFiltersTestJSON:tearDownClass): 200 GET http://10.180.1.21/compute/v2.1/servers/a901b7d2-55d4-4ace-906e-40734377c899 0.154s
2024-12-12 07:31:13.815 67426 INFO tempest.lib.common.rest_client [req-54d1d242-1946-4d83-a1ac-8ac4a61051ad req-54d1d242-1946-4d83-a1ac-8ac4a61051ad ] Request (ListImageFiltersTestJSON:setUpClass): 200 GET http://10.180.1.21/compute/v2.1/servers/b97d2539-bee1-47c9-a0db-1aef7f767bc6 0.108s
2024-12-12 07:31:13.868 67438 INFO tempest.lib.common.rest_client [req-3663d8e3-aba3-4859-ba22-a248f1cada48 req-3663d8e3-aba3-4859-ba22-a248f1cada48 ] Request (DeleteServersTestJSON:test_delete_server_while_in_attached_volume): 200 GET http://10.180.1.21/compute/v2.1/servers/0ad7de92-79e2-4519-a1cc-dfeea6a3b2be 0.125s
2024-12-12 07:31:13.874 67470 INFO tempest.lib.common.rest_client [req-9e21ea2a-0dee-4fc9-bdc0-2b61abc9dbd2 req-9e21ea2a-0dee-4fc9-bdc0-2b61abc9dbd2 ] Request (MigrationsAdminTest:test_resize_server_revert_deleted_flavor): 200 GET http://10.180.1.21/compute/v2.1/servers/d235314d-7080-409b-9be1-3fcb6c0884b4 0.181s
2024-12-12 07:31:13.936 67478 INFO tempest.lib.common.rest_client [req-39a678de-f678-479e-8103-34ddfb6cbe12 req-39a678de-f678-479e-8103-34ddfb6cbe12 ] Request (TenantUsagesTestJSON:tearDownClass): 200 GET http://10.180.1.21/compute/v2.1/servers/1fa6471f-fda6-448d-8d06-cb0c46e3175a 0.131s
2024-12-12 07:31:13.992 67448 INFO tempest.lib.common.rest_client [req-34253a81-cfc2-4ab4-b774-74bb186b1857 req-34253a81-cfc2-4ab4-b774-74bb186b1857 ] Request (AttachVolumeNegativeTest:test_attach_attached_volume_to_different_server): 200 GET http://10.180.1.21/compute/v2.1/servers/e305b5ec-8988-4adf-9c48-772f6b904ff1 0.165s
2024-12-12 07:31:13.993 67474 INFO tempest.lib.common.rest_client [req-17a925e1-cb46-4dd3-b4d6-b2e733d2b7f9 req-17a925e1-cb46-4dd3-b4d6-b2e733d2b7f9 ] Request (ServerShowV254Test:test_rebuild_server): 200 GET http://10.180.1.21/compute/v2.1/servers/d6a075f8-ffcb-4ac0-98fd-bec5c5f1dd19 0.135s
2024-12-12 07:31:14.052 67436 INFO tempest.lib.common.rest_client [req-a2742c74-b260-4729-8862-b107dc48ee51 req-a2742c74-b260-4729-8862-b107dc48ee51 ] Request (ServersWithSpecificFlavorTestJSON:test_verify_created_server_ephemeral_disk): 200 GET http://10.180.1.21/compute/v2.1/servers/51b4be73-7e46-453d-a325-7b7c6c0c25bd 0.119s
2024-12-12 07:31:14.069 67450 INFO tempest.lib.common.rest_client [req-bd7586da-93b4-4326-bbba-3f47084d7cdc req-bd7586da-93b4-4326-bbba-3f47084d7cdc ] Request (ServersAdminNegativeTestJSON:test_migrate_server_invalid_state): 200 GET http://10.180.1.21/compute/v2.1/servers/a6930c24-8d83-44fc-b3d4-515d422d6179 0.191s
2024-12-12 07:31:14.125 67442 INFO tempest.lib.common.rest_client [req-36a8f723-d7c2-4d4e-9012-7e603a54b434 req-36a8f723-d7c2-4d4e-9012-7e603a54b434 ] Request (SecurityGroupsTestJSON:test_server_security_groups): 200 GET http://10.180.1.21/compute/v2.1/servers/eb7e5b56-ace3-4ef9-8c54-4a1359dda0cd 0.192s
2024-12-12 07:31:14.133 67424 INFO tempest.lib.common.rest_client [req-32d28915-ea02-41a0-a706-91911bb3f549 req-32d28915-ea02-41a0-a706-91911bb3f549 ] Request (ServerMetadataNegativeTestJSON:tearDownClass): 200 GET http://10.180.1.21/compute/v2.1/servers/21637db2-110e-4fba-92a5-9318b9c56ea1 0.142s
2024-12-12 07:31:14.203 67446 INFO tempest.lib.common.rest_client [req-cc28ae86-bf5e-4698-9f32-f5381027cc7a req-cc28ae86-bf5e-4698-9f32-f5381027cc7a ] Request (VolumesAssistedSnapshotsTest:tearDownClass): 200 GET http://10.180.1.21/compute/v2.1/servers/c3889b72-5d3a-4a80-a43e-405ae07e75f5 0.064s
2024-12-12 07:31:14.290 67454 INFO tempest.lib.common.rest_client [req-015ceefb-b397-4ec0-8514-98f347bbe22b req-015ceefb-b397-4ec0-8514-98f347bbe22b ] Request (ServersAdmin275Test:_run_cleanups): 200 GET http://10.180.1.21/compute/v2.1/servers/ac46edb1-fa05-4310-8a93-7e38e85b6ea2 0.065s
2024-12-12 07:31:14.706 67452 INFO tempest.lib.common.rest_client [req-c2ec3d09-e60d-44f8-abdc-d1fd92aaed18 req-c2ec3d09-e60d-44f8-abdc-d1fd92aaed18 ] Request (InstanceActionsTestJSON:test_list_instance_actions): 200 GET http://10.180.1.21/compute/v2.1/servers/cf0774df-f295-460a-87a5-f12e812e781d 0.165s
2024-12-12 07:31:14.713 67452 INFO tempest.common.waiters [-] State transition "HARD_REBOOT/rebooting_hard" ==> "HARD_REBOOT/reboot_pending_hard" after 2 second wait
2024-12-12 07:31:14.776 67418 INFO tempest.lib.common.rest_client [req-1c46153f-fe7c-4b73-9599-05d5337ff47c req-1c46153f-fe7c-4b73-9599-05d5337ff47c ] Request (ImagesTestJSON:test_create_server_from_snapshot): 200 GET http://10.180.1.21/compute/v2.1/servers/ecba535e-bc9f-40cd-adff-49a226f38b8c 0.139s
2024-12-12 07:31:14.790 67434 INFO tempest.lib.common.rest_client [req-0d53066a-71ed-4bf0-a58d-d512267d3c01 req-0d53066a-71ed-4bf0-a58d-d512267d3c01 ] Request (ServersTestMultiNic:test_verify_duplicate_network_nics): 200 GET http://10.180.1.21/compute/v2.1/servers/f6015c28-7a38-464a-a0b9-b39c376d921e 0.215s
2024-12-12 07:31:14.850 67472 INFO tempest.lib.common.rest_client [req-0ec8729d-922f-4352-8f5a-564a67438078 req-0ec8729d-922f-4352-8f5a-564a67438078 ] Request (ServersAdminTestJSON:test_inject_network_info): 200 GET http://10.180.1.21/compute/v2.1/servers/417a3664-2b58-4bef-96fb-3b3a017790da 0.164s
2024-12-12 07:31:14.899 67468 INFO tempest.lib.common.rest_client [req-4ba45530-2e2b-4961-8ab5-c112bfcff7a8 req-4ba45530-2e2b-4961-8ab5-c112bfcff7a8 ] Request (DeleteServersAdminTestJSON:test_delete_server_while_in_error_state): 200 GET http://10.180.1.21/compute/v2.1/servers/612483be-a02b-478d-8758-fb0420930cab 0.199s
2024-12-12 07:31:14.909 67422 INFO tempest.lib.common.rest_client [req-047a08c1-3076-4d83-8c92-925d3b3c34ae req-047a08c1-3076-4d83-8c92-925d3b3c34ae ] Request (ServerDiskConfigTestJSON:test_rebuild_server_with_manual_disk_config): 200 GET http://10.180.1.21/compute/v2.1/servers/daec3bb1-5ba1-4ea2-89c1-2d8225463dff 0.250s
2024-12-12 07:31:14.951 67462 INFO tempest.lib.common.rest_client [req-142c7762-0627-493c-aa97-5f1418e3fca9 req-142c7762-0627-493c-aa97-5f1418e3fca9 ] Request (ServerShowV257Test:test_rebuild_server): 200 GET http://10.180.1.21/compute/v2.1/servers/1098fca5-bc94-4a9c-9012-30a75cee1b0f 0.192s
2024-12-12 07:31:14.967 67432 INFO tempest.lib.common.rest_client [req-d950b4a9-6086-4f59-a0b6-4b755a037911 req-d950b4a9-6086-4f59-a0b6-4b755a037911 ] Request (ListServerFiltersTestJSON:tearDownClass): 200 GET http://10.180.1.21/compute/v2.1/servers/a901b7d2-55d4-4ace-906e-40734377c899 0.207s
2024-12-12 07:31:15.010 67426 INFO tempest.lib.common.rest_client [req-46e8c94e-0fa2-4ef7-822f-a5f1347e3910 req-46e8c94e-0fa2-4ef7-822f-a5f1347e3910 ] Request (ListImageFiltersTestJSON:setUpClass): 200 GET http://10.180.1.21/compute/v2.1/servers/b97d2539-bee1-47c9-a0db-1aef7f767bc6 0.187s
2024-12-12 07:31:15.018 67438 INFO tempest.lib.common.rest_client [req-511f4e2e-3276-43d8-830c-009de6e8d2c9 req-511f4e2e-3276-43d8-830c-009de6e8d2c9 ] Request (DeleteServersTestJSON:test_delete_server_while_in_attached_volume): 200 GET http://10.180.1.21/compute/v2.1/servers/0ad7de92-79e2-4519-a1cc-dfeea6a3b2be 0.143s
2024-12-12 07:31:15.076 67478 INFO tempest.lib.common.rest_client [req-f279c374-b407-4185-bdd4-a811621e6f6a req-f279c374-b407-4185-bdd4-a811621e6f6a ] Request (TenantUsagesTestJSON:tearDownClass): 200 GET http://10.180.1.21/compute/v2.1/servers/1fa6471f-fda6-448d-8d06-cb0c46e3175a 0.133s
2024-12-12 07:31:15.112 67470 INFO tempest.lib.common.rest_client [req-753844fd-7ce5-48c8-9793-7234fb29564a req-753844fd-7ce5-48c8-9793-7234fb29564a ] Request (MigrationsAdminTest:test_resize_server_revert_deleted_flavor): 200 GET http://10.180.1.21/compute/v2.1/servers/d235314d-7080-409b-9be1-3fcb6c0884b4 0.230s
2024-12-12 07:31:15.363 67474 INFO tempest.lib.common.rest_client [req-b0a4f265-2601-4dda-896b-ccfeac4a2476 req-b0a4f265-2601-4dda-896b-ccfeac4a2476 ] Request (ServerShowV254Test:test_rebuild_server): 200 GET http://10.180.1.21/compute/v2.1/servers/d6a075f8-ffcb-4ac0-98fd-bec5c5f1dd19 0.361s
2024-12-12 07:31:15.375 67448 INFO tempest.lib.common.rest_client [req-630d5df0-597d-46b0-8215-308329d0810e req-630d5df0-597d-46b0-8215-308329d0810e ] Request (AttachVolumeNegativeTest:test_attach_attached_volume_to_different_server): 200 GET http://10.180.1.21/compute/v2.1/servers/e305b5ec-8988-4adf-9c48-772f6b904ff1 0.374s
2024-12-12 07:31:15.381 67448 INFO tempest.common.waiters [-] State transition "BUILD/spawning" ==> "ACTIVE/None" after 57 second wait
2024-12-12 07:31:15.412 67436 INFO tempest.lib.common.rest_client [req-3c4fd37e-f280-401a-9436-2c4997caca2d req-3c4fd37e-f280-401a-9436-2c4997caca2d ] Request (ServersWithSpecificFlavorTestJSON:test_verify_created_server_ephemeral_disk): 200 GET http://10.180.1.21/compute/v2.1/servers/51b4be73-7e46-453d-a325-7b7c6c0c25bd 0.351s
2024-12-12 07:31:15.422 67450 INFO tempest.lib.common.rest_client [req-ee6c3378-961b-497c-8edc-a462378c546c req-ee6c3378-961b-497c-8edc-a462378c546c ] Request (ServersAdminNegativeTestJSON:test_migrate_server_invalid_state): 200 GET http://10.180.1.21/compute/v2.1/servers/a6930c24-8d83-44fc-b3d4-515d422d6179 0.345s
2024-12-12 07:31:15.462 67442 INFO tempest.lib.common.rest_client [req-ce0b9ef9-3300-47b8-b3d6-192cf054d787 req-ce0b9ef9-3300-47b8-b3d6-192cf054d787 ] Request (SecurityGroupsTestJSON:test_server_security_groups): 200 GET http://10.180.1.21/compute/v2.1/servers/eb7e5b56-ace3-4ef9-8c54-4a1359dda0cd 0.326s
2024-12-12 07:31:15.473 67424 INFO tempest.lib.common.rest_client [req-5595b7a9-25f6-4606-88f8-765c23970678 req-5595b7a9-25f6-4606-88f8-765c23970678 ] Request (ServerMetadataNegativeTestJSON:tearDownClass): 200 GET http://10.180.1.21/compute/v2.1/servers/21637db2-110e-4fba-92a5-9318b9c56ea1 0.332s
2024-12-12 07:31:15.518 67446 INFO tempest.lib.common.rest_client [req-6ad4472d-b91c-4d97-8692-9ef074503a0a req-6ad4472d-b91c-4d97-8692-9ef074503a0a ] Request (VolumesAssistedSnapshotsTest:tearDownClass): 200 GET http://10.180.1.21/compute/v2.1/servers/c3889b72-5d3a-4a80-a43e-405ae07e75f5 0.309s
2024-12-12 07:31:15.528 67454 INFO tempest.lib.common.rest_client [req-e5e003d1-c356-4a9e-a9a9-1262653b294e req-e5e003d1-c356-4a9e-a9a9-1262653b294e ] Request (ServersAdmin275Test:_run_cleanups): 200 GET http://10.180.1.21/compute/v2.1/servers/ac46edb1-fa05-4310-8a93-7e38e85b6ea2 0.228s
2024-12-12 07:31:15.554 67466 WARNING tempest.lib.common.ssh [-] Failed to establish authenticated ssh connection to cirros@10.180.180.252 ([Errno None] Unable to connect to port 22 on 10.180.180.252). Number attempts: 8. Retry after 9 seconds.: paramiko.ssh_exception.NoValidConnectionsError: [Errno None] Unable to connect to port 22 on 10.180.180.252
2024-12-12 07:31:15.598 67448 INFO tempest.lib.common.rest_client [req-99310f1e-d03a-4370-a998-003bf9113e68 req-99310f1e-d03a-4370-a998-003bf9113e68 ] Request (AttachVolumeNegativeTest:test_attach_attached_volume_to_different_server): 200 GET http://10.180.1.21/compute/v2.1/servers/e305b5ec-8988-4adf-9c48-772f6b904ff1/os-interface 0.216s
2024-12-12 07:31:15.862 67418 INFO tempest.lib.common.rest_client [req-5720de44-3e6d-4235-9137-bc90023f8c8c req-5720de44-3e6d-4235-9137-bc90023f8c8c ] Request (ImagesTestJSON:test_create_server_from_snapshot): 200 GET http://10.180.1.21/compute/v2.1/servers/ecba535e-bc9f-40cd-adff-49a226f38b8c 0.074s
2024-12-12 07:31:15.900 67452 INFO tempest.lib.common.rest_client [req-d0108497-285e-4f7c-a7ae-49e397e3b63b req-d0108497-285e-4f7c-a7ae-49e397e3b63b ] Request (InstanceActionsTestJSON:test_list_instance_actions): 200 GET http://10.180.1.21/compute/v2.1/servers/cf0774df-f295-460a-87a5-f12e812e781d 0.186s
2024-12-12 07:31:15.907 67452 INFO tempest.common.waiters [-] State transition "HARD_REBOOT/reboot_pending_hard" ==> "ACTIVE/None" after 3 second wait
2024-12-12 07:31:15.976 67472 INFO tempest.lib.common.rest_client [req-a572270e-5c80-4623-bcdf-b2f59d57a785 req-a572270e-5c80-4623-bcdf-b2f59d57a785 ] Request (ServersAdminTestJSON:test_inject_network_info): 200 GET http://10.180.1.21/compute/v2.1/servers/417a3664-2b58-4bef-96fb-3b3a017790da 0.119s
2024-12-12 07:31:16.023 67434 INFO tempest.lib.common.rest_client [req-34248839-cf52-4484-8682-01537a9d2eba req-34248839-cf52-4484-8682-01537a9d2eba ] Request (ServersTestMultiNic:test_verify_duplicate_network_nics): 200 GET http://10.180.1.21/compute/v2.1/servers/f6015c28-7a38-464a-a0b9-b39c376d921e 0.225s
2024-12-12 07:31:16.035 67434 INFO tempest.common.waiters [-] State transition "BUILD/spawning" ==> "ACTIVE/None" after 59 second wait
2024-12-12 07:31:16.039 67468 INFO tempest.lib.common.rest_client [req-98f8d95e-9649-47f4-9668-7e4c79837ba8 req-98f8d95e-9649-47f4-9668-7e4c79837ba8 ] Request (DeleteServersAdminTestJSON:test_delete_server_while_in_error_state): 200 GET http://10.180.1.21/compute/v2.1/servers/612483be-a02b-478d-8758-fb0420930cab 0.133s
2024-12-12 07:31:16.055 67452 INFO tempest.lib.common.rest_client [req-c66f144e-2681-46e8-b3c2-60d27c59d1c1 req-c66f144e-2681-46e8-b3c2-60d27c59d1c1 ] Request (InstanceActionsTestJSON:test_list_instance_actions): 200 GET http://10.180.1.21/compute/v2.1/servers/cf0774df-f295-460a-87a5-f12e812e781d/os-instance-actions 0.147s
2024-12-12 07:31:16.122 67462 INFO tempest.lib.common.rest_client [req-ecf0f968-067e-4f23-8115-2eef52f6cb59 req-ecf0f968-067e-4f23-8115-2eef52f6cb59 ] Request (ServerShowV257Test:test_rebuild_server): 200 GET http://10.180.1.21/compute/v2.1/servers/1098fca5-bc94-4a9c-9012-30a75cee1b0f 0.159s
2024-12-12 07:31:16.195 67432 INFO tempest.lib.common.rest_client [req-5e215c9c-c7c2-4c9d-b1b5-c72e1d9b2f98 req-5e215c9c-c7c2-4c9d-b1b5-c72e1d9b2f98 ] Request (ListServerFiltersTestJSON:tearDownClass): 200 GET http://10.180.1.21/compute/v2.1/servers/a901b7d2-55d4-4ace-906e-40734377c899 0.221s
2024-12-12 07:31:16.246 67426 INFO tempest.lib.common.rest_client [req-03c5716c-4374-4a02-ae3f-5b9766c71aa4 req-03c5716c-4374-4a02-ae3f-5b9766c71aa4 ] Request (ListImageFiltersTestJSON:setUpClass): 200 GET http://10.180.1.21/compute/v2.1/servers/b97d2539-bee1-47c9-a0db-1aef7f767bc6 0.229s
2024-12-12 07:31:16.283 67422 INFO tempest.lib.common.rest_client [req-ff5efe4a-28a4-4647-9820-79cf1d2f7e6d req-ff5efe4a-28a4-4647-9820-79cf1d2f7e6d ] Request (ServerDiskConfigTestJSON:test_rebuild_server_with_manual_disk_config): 200 GET http://10.180.1.21/compute/v2.1/servers/daec3bb1-5ba1-4ea2-89c1-2d8225463dff 0.365s
2024-12-12 07:31:16.306 67438 INFO tempest.lib.common.rest_client [req-503d949a-72ee-4358-95de-c7ab1f573c1c req-503d949a-72ee-4358-95de-c7ab1f573c1c ] Request (DeleteServersTestJSON:test_delete_server_while_in_attached_volume): 200 GET http://10.180.1.21/compute/v2.1/servers/0ad7de92-79e2-4519-a1cc-dfeea6a3b2be 0.280s
2024-12-12 07:31:16.316 67434 INFO tempest.lib.common.rest_client [req-ceca98aa-3e27-4b11-a1f4-d3b86e02d595 req-ceca98aa-3e27-4b11-a1f4-d3b86e02d595 ] Request (ServersTestMultiNic:test_verify_duplicate_network_nics): 200 GET http://10.180.1.21/compute/v2.1/servers/f6015c28-7a38-464a-a0b9-b39c376d921e/ips 0.280s
2024-12-12 07:31:16.341 67448 INFO tempest.lib.common.rest_client [req-42d265a4-8c20-43f3-bf73-df1365c518e3 req-42d265a4-8c20-43f3-bf73-df1365c518e3 ] Request (AttachVolumeNegativeTest:test_attach_attached_volume_to_different_server): 200 PUT http://10.180.1.21:9696/networking/v2.0/floatingips/d661e97b-31aa-4622-a5b3-85d39bfbea3b 0.741s
2024-12-12 07:31:16.342 67478 INFO tempest.lib.common.rest_client [req-ef197d89-e1a5-4674-9684-716d9c8f9ecd req-ef197d89-e1a5-4674-9684-716d9c8f9ecd ] Request (TenantUsagesTestJSON:tearDownClass): 404 GET http://10.180.1.21/compute/v2.1/servers/1fa6471f-fda6-448d-8d06-cb0c46e3175a 0.259s
2024-12-12 07:31:16.344 67448 INFO tempest.lib.common.ssh [-] Creating ssh connection to '10.180.180.177:22' as 'cirros' with public key authentication
2024-12-12 07:31:16.397 67452 INFO tempest.lib.common.rest_client [req-7134f145-97f9-4719-ba54-732db5b7a5d8 req-7134f145-97f9-4719-ba54-732db5b7a5d8 ] Request (InstanceActionsTestJSON:tearDownClass): 204 DELETE http://10.180.1.21/compute/v2.1/servers/cf0774df-f295-460a-87a5-f12e812e781d 0.338s
2024-12-12 07:31:16.451 67470 INFO tempest.lib.common.rest_client [req-6741a8b8-777d-4267-ba11-f927fea965b1 req-6741a8b8-777d-4267-ba11-f927fea965b1 ] Request (MigrationsAdminTest:test_resize_server_revert_deleted_flavor): 200 GET http://10.180.1.21/compute/v2.1/servers/d235314d-7080-409b-9be1-3fcb6c0884b4 0.329s
2024-12-12 07:31:16.457 67470 INFO tempest.common.waiters [-] State transition "BUILD/spawning" ==> "ACTIVE/None" after 43 second wait
2024-12-12 07:31:16.502 67478 INFO tempest.lib.common.rest_client [req-621bc502-049a-444f-995f-6b7bb5990373 req-621bc502-049a-444f-995f-6b7bb5990373 ] Request (TenantUsagesTestJSON:tearDownClass): 204 DELETE http://10.180.1.21/identity/v3/users/433e9ce1e0cc4193961e66f01a0ae925 0.160s
2024-12-12 07:31:16.510 67434 INFO tempest.lib.common.rest_client [req-3dc6a909-6149-420c-af44-0bb82c0ee14f req-3dc6a909-6149-420c-af44-0bb82c0ee14f ] Request (ServersTestMultiNic:_run_cleanups): 204 DELETE http://10.180.1.21/compute/v2.1/servers/f6015c28-7a38-464a-a0b9-b39c376d921e 0.192s
2024-12-12 07:31:16.535 67474 INFO tempest.lib.common.rest_client [req-34b98ca6-7df4-4f61-8356-3c7dfc33a2d1 req-34b98ca6-7df4-4f61-8356-3c7dfc33a2d1 ] Request (ServerShowV254Test:test_rebuild_server): 200 GET http://10.180.1.21/compute/v2.1/servers/d6a075f8-ffcb-4ac0-98fd-bec5c5f1dd19 0.162s
2024-12-12 07:31:16.543 67474 INFO tempest.common.waiters [-] State transition "BUILD/scheduling" ==> "BUILD/None" after 15 second wait
2024-12-12 07:31:16.597 67478 INFO tempest.lib.common.rest_client [req-159f7e4e-0304-4d62-9a84-eff66ec100e9 req-159f7e4e-0304-4d62-9a84-eff66ec100e9 ] Request (TenantUsagesTestJSON:tearDownClass): 204 DELETE http://10.180.1.21/identity/v3/users/153365c3fdcf49348257b76619371469 0.094s
2024-12-12 07:31:16.597 67478 INFO tempest.lib.common.dynamic_creds [-] Deleting project and security group for project: 6a89c6d899384dd2a6b50499da867ee6
2024-12-12 07:31:16.600 67436 INFO tempest.lib.common.rest_client [req-d6fc2d65-6aba-4bea-8a36-29e257f552c5 req-d6fc2d65-6aba-4bea-8a36-29e257f552c5 ] Request (ServersWithSpecificFlavorTestJSON:test_verify_created_server_ephemeral_disk): 200 GET http://10.180.1.21/compute/v2.1/servers/51b4be73-7e46-453d-a325-7b7c6c0c25bd 0.181s
2024-12-12 07:31:16.621 67452 INFO tempest.lib.common.rest_client [req-290d6740-7e8b-45e3-8fec-6727a8b1d810 req-290d6740-7e8b-45e3-8fec-6727a8b1d810 ] Request (InstanceActionsTestJSON:tearDownClass): 200 GET http://10.180.1.21/compute/v2.1/servers/cf0774df-f295-460a-87a5-f12e812e781d 0.224s
2024-12-12 07:31:16.661 67450 INFO tempest.lib.common.rest_client [req-d45b3aa2-2c58-4ad7-b631-a5b4cf9672cc req-d45b3aa2-2c58-4ad7-b631-a5b4cf9672cc ] Request (ServersAdminNegativeTestJSON:test_migrate_server_invalid_state): 200 GET http://10.180.1.21/compute/v2.1/servers/a6930c24-8d83-44fc-b3d4-515d422d6179 0.232s
2024-12-12 07:31:16.675 67478 INFO tempest.lib.common.rest_client [req-9650fdcb-99d4-4c59-9273-ac77f11e8c1e req-9650fdcb-99d4-4c59-9273-ac77f11e8c1e ] Request (TenantUsagesTestJSON:tearDownClass): 201 POST http://10.180.1.21/identity/v3/auth/tokens 0.077s
2024-12-12 07:31:16.747 67442 INFO tempest.lib.common.rest_client [req-cc6aab59-62e8-48f8-babc-ca7af3e315b6 req-cc6aab59-62e8-48f8-babc-ca7af3e315b6 ] Request (SecurityGroupsTestJSON:test_server_security_groups): 200 GET http://10.180.1.21/compute/v2.1/servers/eb7e5b56-ace3-4ef9-8c54-4a1359dda0cd 0.277s
2024-12-12 07:31:16.748 67470 INFO tempest.lib.common.rest_client [req-7b04c18b-bc00-4e35-8a6e-d0493b481691 req-7b04c18b-bc00-4e35-8a6e-d0493b481691 ] Request (MigrationsAdminTest:test_resize_server_revert_deleted_flavor): 200 GET http://10.180.1.21/compute/v2.1/servers/d235314d-7080-409b-9be1-3fcb6c0884b4 0.290s
2024-12-12 07:31:16.833 67424 INFO tempest.lib.common.rest_client [req-b5dc392d-601c-41ae-b0f3-90150ac5925f req-b5dc392d-601c-41ae-b0f3-90150ac5925f ] Request (ServerMetadataNegativeTestJSON:tearDownClass): 200 GET http://10.180.1.21/compute/v2.1/servers/21637db2-110e-4fba-92a5-9318b9c56ea1 0.353s
2024-12-12 07:31:16.906 67446 INFO tempest.lib.common.rest_client [req-10641ecc-2bdb-441a-a9e0-5f77c0016ab9 req-10641ecc-2bdb-441a-a9e0-5f77c0016ab9 ] Request (VolumesAssistedSnapshotsTest:tearDownClass): 200 GET http://10.180.1.21/compute/v2.1/servers/c3889b72-5d3a-4a80-a43e-405ae07e75f5 0.380s
2024-12-12 07:31:16.927 67434 INFO tempest.lib.common.rest_client [req-18b1d88f-8398-4e7e-a6a7-b354c81f4875 req-18b1d88f-8398-4e7e-a6a7-b354c81f4875 ] Request (ServersTestMultiNic:_run_cleanups): 200 GET http://10.180.1.21/compute/v2.1/servers/f6015c28-7a38-464a-a0b9-b39c376d921e 0.416s
2024-12-12 07:31:16.953 67470 INFO tempest.lib.common.rest_client [req-c02a6b38-e57c-4296-aeae-83b64132335d req-c02a6b38-e57c-4296-aeae-83b64132335d ] Request (MigrationsAdminTest:test_resize_server_revert_deleted_flavor): 202 DELETE http://10.180.1.21/compute/v2.1/flavors/671e71f4-9dc7-4740-95b7-e23e629757fc 0.198s
2024-12-12 07:31:16.974 67478 INFO tempest.lib.common.rest_client [req-4115fbcc-69b9-4ea4-b555-9287627b595a req-4115fbcc-69b9-4ea4-b555-9287627b595a ] Request (TenantUsagesTestJSON:tearDownClass): 200 GET http://10.180.1.21:9696/networking/v2.0/security-groups?tenant_id=6a89c6d899384dd2a6b50499da867ee6&name=default 0.297s
2024-12-12 07:31:16.988 67454 INFO tempest.lib.common.rest_client [req-5f1bb35c-85ca-46fc-91db-ff3abf2ee1e5 req-5f1bb35c-85ca-46fc-91db-ff3abf2ee1e5 ] Request (ServersAdmin275Test:_run_cleanups): 200 GET http://10.180.1.21/compute/v2.1/servers/ac46edb1-fa05-4310-8a93-7e38e85b6ea2 0.450s
2024-12-12 07:31:17.003 67470 INFO tempest.lib.common.rest_client [req-15561e64-db36-446b-845a-b8db0d483ea8 req-15561e64-db36-446b-845a-b8db0d483ea8 ] Request (MigrationsAdminTest:test_resize_server_revert_deleted_flavor): 200 GET http://10.180.1.21/compute/v2.1/flavors/detail 0.049s
2024-12-12 07:31:17.018 67418 INFO tempest.lib.common.rest_client [req-237d4c41-bf37-4150-9aec-5e4931cbc574 req-237d4c41-bf37-4150-9aec-5e4931cbc574 ] Request (ImagesTestJSON:test_create_server_from_snapshot): 200 GET http://10.180.1.21/compute/v2.1/servers/ecba535e-bc9f-40cd-adff-49a226f38b8c 0.148s
2024-12-12 07:31:17.057 67472 INFO tempest.lib.common.rest_client [req-b4668341-c858-41c3-ad9a-e9af139270ab req-b4668341-c858-41c3-ad9a-e9af139270ab ] Request (ServersAdminTestJSON:test_inject_network_info): 200 GET http://10.180.1.21/compute/v2.1/servers/417a3664-2b58-4bef-96fb-3b3a017790da 0.071s
2024-12-12 07:31:17.098 67478 INFO tempest.lib.common.rest_client [req-913ce963-5c3c-4910-bc32-b68ffbaf5dd5 req-913ce963-5c3c-4910-bc32-b68ffbaf5dd5 ] Request (TenantUsagesTestJSON:tearDownClass): 204 DELETE http://10.180.1.21:9696/networking/v2.0/security-groups/8d3bcf4f-9462-4c94-bbbe-9516cb50d0ee 0.124s
2024-12-12 07:31:17.115 67468 INFO tempest.lib.common.rest_client [req-b19f1646-b9b5-4829-bd2c-663d351ddb3a req-b19f1646-b9b5-4829-bd2c-663d351ddb3a ] Request (DeleteServersAdminTestJSON:test_delete_server_while_in_error_state): 200 GET http://10.180.1.21/compute/v2.1/servers/612483be-a02b-478d-8758-fb0420930cab 0.067s
2024-12-12 07:31:17.139 67470 INFO tempest.lib.common.rest_client [req-36924302-8510-4ecd-b6f4-5d51fd4289b3 req-36924302-8510-4ecd-b6f4-5d51fd4289b3 ] Request (MigrationsAdminTest:test_resize_server_revert_deleted_flavor): 202 POST http://10.180.1.21/compute/v2.1/servers/d235314d-7080-409b-9be1-3fcb6c0884b4/action 0.132s
2024-12-12 07:31:17.181 67478 INFO tempest.lib.common.rest_client [req-47db5ddc-5281-4ca9-98fc-66d87e654edc req-47db5ddc-5281-4ca9-98fc-66d87e654edc ] Request (TenantUsagesTestJSON:tearDownClass): 204 DELETE http://10.180.1.21/identity/v3/projects/6a89c6d899384dd2a6b50499da867ee6 0.083s
2024-12-12 07:31:17.182 67478 INFO tempest.lib.common.dynamic_creds [-] Deleting project and security group for project: 4e3308ba628f4d06981dd09b14137a0a
2024-12-12 07:31:17.204 67462 INFO tempest.lib.common.rest_client [req-abe152de-0ea6-4307-815e-48d044e61b78 req-abe152de-0ea6-4307-815e-48d044e61b78 ] Request (ServerShowV257Test:test_rebuild_server): 200 GET http://10.180.1.21/compute/v2.1/servers/1098fca5-bc94-4a9c-9012-30a75cee1b0f 0.072s
2024-12-12 07:31:17.213 67462 INFO tempest.common.waiters [-] State transition "BUILD/scheduling" ==> "BUILD/None" after 16 second wait
2024-12-12 07:31:17.236 67478 INFO tempest.lib.common.rest_client [req-666d421c-465a-462c-aac6-82f562957035 req-666d421c-465a-462c-aac6-82f562957035 ] Request (TenantUsagesTestJSON:tearDownClass): 200 GET http://10.180.1.21:9696/networking/v2.0/security-groups?tenant_id=4e3308ba628f4d06981dd09b14137a0a&name=default 0.053s
2024-12-12 07:31:17.246 67470 INFO tempest.lib.common.rest_client [req-e491936b-6160-40d9-9b47-5f94f79f26a7 req-e491936b-6160-40d9-9b47-5f94f79f26a7 ] Request (MigrationsAdminTest:test_resize_server_revert_deleted_flavor): 200 GET http://10.180.1.21/compute/v2.1/servers/d235314d-7080-409b-9be1-3fcb6c0884b4 0.107s
2024-12-12 07:31:17.268 67432 INFO tempest.lib.common.rest_client [req-747f3f69-358d-42d8-9a02-024316958d32 req-747f3f69-358d-42d8-9a02-024316958d32 ] Request (ListServerFiltersTestJSON:tearDownClass): 200 GET http://10.180.1.21/compute/v2.1/servers/a901b7d2-55d4-4ace-906e-40734377c899 0.064s
2024-12-12 07:31:17.314 67426 INFO tempest.lib.common.rest_client [req-ccb227b8-d2dd-4c27-afc1-376bfc3dc18f req-ccb227b8-d2dd-4c27-afc1-376bfc3dc18f ] Request (ListImageFiltersTestJSON:setUpClass): 200 GET http://10.180.1.21/compute/v2.1/servers/b97d2539-bee1-47c9-a0db-1aef7f767bc6 0.052s
2024-12-12 07:31:17.381 67438 INFO tempest.lib.common.rest_client [req-4253ddec-4b9d-4d0e-9ef5-ae4ce90b3b11 req-4253ddec-4b9d-4d0e-9ef5-ae4ce90b3b11 ] Request (DeleteServersTestJSON:test_delete_server_while_in_attached_volume): 200 GET http://10.180.1.21/compute/v2.1/servers/0ad7de92-79e2-4519-a1cc-dfeea6a3b2be 0.056s
2024-12-12 07:31:17.383 67478 INFO tempest.lib.common.rest_client [req-f9aae4f9-7c88-4b45-a853-3b78fbccd380 req-f9aae4f9-7c88-4b45-a853-3b78fbccd380 ] Request (TenantUsagesTestJSON:tearDownClass): 204 DELETE http://10.180.1.21:9696/networking/v2.0/security-groups/404e56ac-74d3-4c83-b6f4-a13a9070f2e9 0.146s
2024-12-12 07:31:17.420 67422 INFO tempest.lib.common.rest_client [req-e9a86b51-3cc7-495d-ab09-d774a033d9c6 req-e9a86b51-3cc7-495d-ab09-d774a033d9c6 ] Request (ServerDiskConfigTestJSON:test_rebuild_server_with_manual_disk_config): 200 GET http://10.180.1.21/compute/v2.1/servers/daec3bb1-5ba1-4ea2-89c1-2d8225463dff 0.128s
2024-12-12 07:31:17.497 67478 INFO tempest.lib.common.rest_client [req-1a7c3602-06b0-4533-a987-60f9b3443196 req-1a7c3602-06b0-4533-a987-60f9b3443196 ] Request (TenantUsagesTestJSON:tearDownClass): 204 DELETE http://10.180.1.21/identity/v3/projects/4e3308ba628f4d06981dd09b14137a0a 0.114s
2024-12-12 07:31:17.624 67474 INFO tempest.lib.common.rest_client [req-2dc4b838-d1d7-49e5-bbbb-6d59b50d01f8 req-2dc4b838-d1d7-49e5-bbbb-6d59b50d01f8 ] Request (ServerShowV254Test:test_rebuild_server): 200 GET http://10.180.1.21/compute/v2.1/servers/d6a075f8-ffcb-4ac0-98fd-bec5c5f1dd19 0.079s
2024-12-12 07:31:17.671 67436 INFO tempest.lib.common.rest_client [req-f6aa25b7-a11b-48dd-ae17-a9201b46820d req-f6aa25b7-a11b-48dd-ae17-a9201b46820d ] Request (ServersWithSpecificFlavorTestJSON:test_verify_created_server_ephemeral_disk): 200 GET http://10.180.1.21/compute/v2.1/servers/51b4be73-7e46-453d-a325-7b7c6c0c25bd 0.063s
2024-12-12 07:31:17.738 67450 INFO tempest.lib.common.rest_client [req-5a4dbcb9-12fb-4209-a47d-d7153517ddcc req-5a4dbcb9-12fb-4209-a47d-d7153517ddcc ] Request (ServersAdminNegativeTestJSON:test_migrate_server_invalid_state): 200 GET http://10.180.1.21/compute/v2.1/servers/a6930c24-8d83-44fc-b3d4-515d422d6179 0.066s
2024-12-12 07:31:17.773 67452 INFO tempest.lib.common.rest_client [req-97dec9e4-2109-447b-a1b5-d03024799909 req-97dec9e4-2109-447b-a1b5-d03024799909 ] Request (InstanceActionsTestJSON:tearDownClass): 200 GET http://10.180.1.21/compute/v2.1/servers/cf0774df-f295-460a-87a5-f12e812e781d 0.145s
2024-12-12 07:31:17.830 67442 INFO tempest.lib.common.rest_client [req-861237f4-ab13-43e7-98b4-508967f2dc43 req-861237f4-ab13-43e7-98b4-508967f2dc43 ] Request (SecurityGroupsTestJSON:test_server_security_groups): 200 GET http://10.180.1.21/compute/v2.1/servers/eb7e5b56-ace3-4ef9-8c54-4a1359dda0cd 0.074s
2024-12-12 07:31:17.913 67424 INFO tempest.lib.common.rest_client [req-83ca4031-2ca0-4ca8-a813-f76e08e635b3 req-83ca4031-2ca0-4ca8-a813-f76e08e635b3 ] Request (ServerMetadataNegativeTestJSON:tearDownClass): 200 GET http://10.180.1.21/compute/v2.1/servers/21637db2-110e-4fba-92a5-9318b9c56ea1 0.070s
2024-12-12 07:31:17.980 67446 INFO tempest.lib.common.rest_client [req-1d7ce224-731b-4c3c-945a-11c73716f2d7 req-1d7ce224-731b-4c3c-945a-11c73716f2d7 ] Request (VolumesAssistedSnapshotsTest:tearDownClass): 200 GET http://10.180.1.21/compute/v2.1/servers/c3889b72-5d3a-4a80-a43e-405ae07e75f5 0.060s
2024-12-12 07:31:18.063 67454 INFO tempest.lib.common.rest_client [req-e9fd281b-863e-416e-be8b-7ba3eca47f3f req-e9fd281b-863e-416e-be8b-7ba3eca47f3f ] Request (ServersAdmin275Test:_run_cleanups): 200 GET http://10.180.1.21/compute/v2.1/servers/ac46edb1-fa05-4310-8a93-7e38e85b6ea2 0.062s
2024-12-12 07:31:18.115 67418 INFO tempest.lib.common.rest_client [req-2837f886-aa34-4f2f-8dd5-b7a3a04aa454 req-2837f886-aa34-4f2f-8dd5-b7a3a04aa454 ] Request (ImagesTestJSON:test_create_server_from_snapshot): 200 GET http://10.180.1.21/compute/v2.1/servers/ecba535e-bc9f-40cd-adff-49a226f38b8c 0.088s
2024-12-12 07:31:18.125 67434 INFO tempest.lib.common.rest_client [req-668e10b9-ebe7-42dc-a3cd-17ee17ff5346 req-668e10b9-ebe7-42dc-a3cd-17ee17ff5346 ] Request (ServersTestMultiNic:_run_cleanups): 200 GET http://10.180.1.21/compute/v2.1/servers/f6015c28-7a38-464a-a0b9-b39c376d921e 0.186s
2024-12-12 07:31:18.171 67472 INFO tempest.lib.common.rest_client [req-8e3902ef-4767-48b2-b8a1-f057db317a8f req-8e3902ef-4767-48b2-b8a1-f057db317a8f ] Request (ServersAdminTestJSON:test_inject_network_info): 200 GET http://10.180.1.21/compute/v2.1/servers/417a3664-2b58-4bef-96fb-3b3a017790da 0.105s
2024-12-12 07:31:18.181 67468 INFO tempest.lib.common.rest_client [req-65b42317-b1d7-4880-ae11-a561c8cd4317 req-65b42317-b1d7-4880-ae11-a561c8cd4317 ] Request (DeleteServersAdminTestJSON:test_delete_server_while_in_error_state): 200 GET http://10.180.1.21/compute/v2.1/servers/612483be-a02b-478d-8758-fb0420930cab 0.057s
2024-12-12 07:31:18.188 67468 INFO tempest.common.waiters [-] State transition "BUILD/scheduling" ==> "BUILD/None" after 14 second wait
2024-12-12 07:31:18.270 67462 INFO tempest.lib.common.rest_client [req-a7aab752-75d1-4cfb-8f7e-1ab7e0bf7624 req-a7aab752-75d1-4cfb-8f7e-1ab7e0bf7624 ] Request (ServerShowV257Test:test_rebuild_server): 200 GET http://10.180.1.21/compute/v2.1/servers/1098fca5-bc94-4a9c-9012-30a75cee1b0f 0.056s
2024-12-12 07:31:18.336 67432 INFO tempest.lib.common.rest_client [req-18a417db-b3f6-412e-a41a-0f70e8263a87 req-18a417db-b3f6-412e-a41a-0f70e8263a87 ] Request (ListServerFiltersTestJSON:tearDownClass): 200 GET http://10.180.1.21/compute/v2.1/servers/a901b7d2-55d4-4ace-906e-40734377c899 0.061s
2024-12-12 07:31:18.387 67426 INFO tempest.lib.common.rest_client [req-d269b312-d948-4ef5-a5a4-f2bf0d2af25a req-d269b312-d948-4ef5-a5a4-f2bf0d2af25a ] Request (ListImageFiltersTestJSON:setUpClass): 200 GET http://10.180.1.21/compute/v2.1/servers/b97d2539-bee1-47c9-a0db-1aef7f767bc6 0.066s
2024-12-12 07:31:18.411 67470 INFO tempest.lib.common.rest_client [req-a0b1f246-b7d3-443c-9c0c-2b59534db082 req-a0b1f246-b7d3-443c-9c0c-2b59534db082 ] Request (MigrationsAdminTest:test_resize_server_revert_deleted_flavor): 200 GET http://10.180.1.21/compute/v2.1/servers/d235314d-7080-409b-9be1-3fcb6c0884b4 0.156s
2024-12-12 07:31:18.444 67438 INFO tempest.lib.common.rest_client [req-cbd31636-6963-422f-8fe2-6aad06fcc694 req-cbd31636-6963-422f-8fe2-6aad06fcc694 ] Request (DeleteServersTestJSON:test_delete_server_while_in_attached_volume): 200 GET http://10.180.1.21/compute/v2.1/servers/0ad7de92-79e2-4519-a1cc-dfeea6a3b2be 0.055s
2024-12-12 07:31:18.540 67422 INFO tempest.lib.common.rest_client [req-e872197e-b8a5-477e-bd07-39105783df13 req-e872197e-b8a5-477e-bd07-39105783df13 ] Request (ServerDiskConfigTestJSON:test_rebuild_server_with_manual_disk_config): 200 GET http://10.180.1.21/compute/v2.1/servers/daec3bb1-5ba1-4ea2-89c1-2d8225463dff 0.112s
2024-12-12 07:31:18.547 67422 INFO tempest.common.waiters [-] State transition "BUILD/spawning" ==> "ACTIVE/None" after 40 second wait
2024-12-12 07:31:18.643 67422 INFO tempest.lib.common.rest_client [req-2c453c14-df51-4252-8cfe-ba046d3a6e20 req-2c453c14-df51-4252-8cfe-ba046d3a6e20 ] Request (ServerDiskConfigTestJSON:test_rebuild_server_with_manual_disk_config): 200 GET http://10.180.1.21/compute/v2.1/servers/daec3bb1-5ba1-4ea2-89c1-2d8225463dff 0.095s
2024-12-12 07:31:18.686 67474 INFO tempest.lib.common.rest_client [req-425b98e2-9d79-4ece-bcab-eca72db9f470 req-425b98e2-9d79-4ece-bcab-eca72db9f470 ] Request (ServerShowV254Test:test_rebuild_server): 200 GET http://10.180.1.21/compute/v2.1/servers/d6a075f8-ffcb-4ac0-98fd-bec5c5f1dd19 0.050s
2024-12-12 07:31:18.696 67422 INFO tempest.lib.common.rest_client [req-e2275bdc-7bef-4289-8cdc-529c8be1742d req-e2275bdc-7bef-4289-8cdc-529c8be1742d ] Request (ServerDiskConfigTestJSON:test_rebuild_server_with_manual_disk_config): 200 PUT http://10.180.1.21/compute/v2.1/servers/daec3bb1-5ba1-4ea2-89c1-2d8225463dff 0.047s
2024-12-12 07:31:18.738 67436 INFO tempest.lib.common.rest_client [req-9d230e68-72ec-4f70-8e8e-5a65c326f2ae req-9d230e68-72ec-4f70-8e8e-5a65c326f2ae ] Request (ServersWithSpecificFlavorTestJSON:test_verify_created_server_ephemeral_disk): 200 GET http://10.180.1.21/compute/v2.1/servers/51b4be73-7e46-453d-a325-7b7c6c0c25bd 0.060s
2024-12-12 07:31:18.802 67450 INFO tempest.lib.common.rest_client [req-2a15edd1-25db-403a-a41c-a3713a071773 req-2a15edd1-25db-403a-a41c-a3713a071773 ] Request (ServersAdminNegativeTestJSON:test_migrate_server_invalid_state): 200 GET http://10.180.1.21/compute/v2.1/servers/a6930c24-8d83-44fc-b3d4-515d422d6179 0.057s
