2024-12-12 07:29:03.558 67466 INFO tempest.lib.common.rest_client [req-685dff7b-9dc3-4cc0-a7d9-0f4b0e7a1ac5 req-685dff7b-9dc3-4cc0-a7d9-0f4b0e7a1ac5 ] Request (FlavorsAccessNegativeTestJSON:tearDownClass): 204 DELETE http://10.180.1.21:9696/networking/v2.0/security-groups/e06234fb-ee36-4a37-9370-7a50e8d133ce 0.153s
2024-12-12 07:29:03.561 67432 INFO tempest.lib.common.rest_client [req-814dc05c-ab05-4860-b6f5-d23664cd4b27 req-814dc05c-ab05-4860-b6f5-d23664cd4b27 ] Request (ListServerFiltersTestJSON:setUpClass): 200 GET http://10.180.1.21/compute/v2.1/servers/a901b7d2-55d4-4ace-906e-40734377c899 1.311s
2024-12-12 07:29:03.588 67430 INFO tempest.lib.common.rest_client [req-9ee9fe3a-248a-46fa-90d9-5b40cc1d7b8a req-9ee9fe3a-248a-46fa-90d9-5b40cc1d7b8a ] Request (QuotaClassesAdmin257Test:tearDownClass): 200 GET http://10.180.1.21:9696/networking/v2.0/security-groups?tenant_id=a9879e61850d49df910a34576406c288&name=default 0.151s
2024-12-12 07:29:03.636 67460 INFO tempest.lib.common.rest_client [req-e87f059c-641a-4d82-a601-927d61b5cd7d req-e87f059c-641a-4d82-a601-927d61b5cd7d ] Request (VolumesTestJSON:tearDownClass): 404 GET http://10.180.1.21/volume/v3/volumes/9a3c17d8-fcef-49e8-be6a-9be90513cfa7 0.018s
2024-12-12 07:29:03.684 67460 INFO tempest.lib.common.rest_client [req-df23929a-46f0-4b81-a5e9-f688835e3427 req-df23929a-46f0-4b81-a5e9-f688835e3427 ] Request (VolumesTestJSON:tearDownClass): 202 DELETE http://10.180.1.21/volume/v3/volumes/81499119-b028-4a80-9921-613d663e6d46 0.047s
2024-12-12 07:29:03.726 67460 INFO tempest.lib.common.rest_client [req-aa6cf26f-0f70-45c2-94fd-829047e2c3f7 req-aa6cf26f-0f70-45c2-94fd-829047e2c3f7 ] Request (VolumesTestJSON:tearDownClass): 200 GET http://10.180.1.21/volume/v3/volumes/81499119-b028-4a80-9921-613d663e6d46 0.042s
2024-12-12 07:29:03.734 67466 INFO tempest.lib.common.rest_client [req-601c46df-64a0-4cfc-82c4-237839baa3a4 req-601c46df-64a0-4cfc-82c4-237839baa3a4 ] Request (FlavorsAccessNegativeTestJSON:tearDownClass): 204 DELETE http://10.180.1.21/identity/v3/projects/fff7176e16d04252bcdb61a8bb4d3a4e 0.175s
2024-12-12 07:29:03.735 67466 INFO tempest.lib.common.dynamic_creds [-] Deleting project and security group for project: 3280dc052f364bce8f57ff77e4081d98
2024-12-12 07:29:03.858 67422 INFO tempest.lib.common.rest_client [req-37764feb-8d5e-4f52-b15e-2e8492a2723d req-37764feb-8d5e-4f52-b15e-2e8492a2723d ] Request (FloatingIPDetailsTestJSON:_run_cleanups): 202 DELETE http://10.180.1.21/compute/v2.1/os-floating-ips/7e181fd9-9fbe-49c3-ab08-ed02a6bf2392 1.936s
2024-12-12 07:29:03.932 67466 INFO tempest.lib.common.rest_client [req-2735048d-3ff1-416d-9ebc-29659c0b872d req-2735048d-3ff1-416d-9ebc-29659c0b872d ] Request (FlavorsAccessNegativeTestJSON:tearDownClass): 200 GET http://10.180.1.21:9696/networking/v2.0/security-groups?tenant_id=3280dc052f364bce8f57ff77e4081d98&name=default 0.197s
2024-12-12 07:29:03.960 67480 INFO tempest.lib.common.rest_client [req-f39ed96f-b64f-4905-b353-08d2f0c1f54d req-f39ed96f-b64f-4905-b353-08d2f0c1f54d ] Request (ServersTestBootFromVolume:setUpClass): 200 GET http://10.180.1.21/volume/v3/volumes/6abf72d1-a707-4ec5-871e-aaa27406099c 0.032s
2024-12-12 07:29:04.045 67466 INFO tempest.lib.common.rest_client [req-5e4a9219-dd13-4186-9681-27ca85656f44 req-5e4a9219-dd13-4186-9681-27ca85656f44 ] Request (FlavorsAccessNegativeTestJSON:tearDownClass): 204 DELETE http://10.180.1.21:9696/networking/v2.0/security-groups/67985115-a94c-40e0-b06d-295448e4d949 0.112s
2024-12-12 07:29:04.171 67466 INFO tempest.lib.common.rest_client [req-c7662895-54e4-4339-b274-44703c530fd9 req-c7662895-54e4-4339-b274-44703c530fd9 ] Request (FlavorsAccessNegativeTestJSON:tearDownClass): 204 DELETE http://10.180.1.21/identity/v3/projects/3280dc052f364bce8f57ff77e4081d98 0.125s
2024-12-12 07:29:04.171 67466 INFO tempest.lib.common.dynamic_creds [-] Deleting project and security group for project: 06c87b05afe4468c92c576a9b85fc85a
2024-12-12 07:29:04.279 67430 INFO tempest.lib.common.rest_client [req-ec0a148f-df60-42f8-9dde-8208fb443347 req-ec0a148f-df60-42f8-9dde-8208fb443347 ] Request (QuotaClassesAdmin257Test:tearDownClass): 204 DELETE http://10.180.1.21:9696/networking/v2.0/security-groups/7195a741-f215-4098-92af-60117cffd219 0.690s
2024-12-12 07:29:04.293 67466 INFO tempest.lib.common.rest_client [req-10061223-4e0d-4410-b855-8a47a1983da5 req-10061223-4e0d-4410-b855-8a47a1983da5 ] Request (FlavorsAccessNegativeTestJSON:tearDownClass): 200 GET http://10.180.1.21:9696/networking/v2.0/security-groups?tenant_id=06c87b05afe4468c92c576a9b85fc85a&name=default 0.122s
2024-12-12 07:29:04.312 67470 INFO tempest.lib.common.rest_client [req-9c957983-758f-41dd-b7a3-4f8022ba74f3 req-9c957983-758f-41dd-b7a3-4f8022ba74f3 ] Request (MigrationsAdminTest:test_list_migrations_in_flavor_resize_situation): 200 GET http://10.180.1.21/compute/v2.1/servers/ee50b60c-62d7-48cf-b568-769e6c0dcd64 1.975s
2024-12-12 07:29:04.327 67468 INFO tempest.lib.common.rest_client [req-d0867a5c-2c56-403e-8897-bd08e0ff5c28 req-d0867a5c-2c56-403e-8897-bd08e0ff5c28 ] Request (AggregatesAdminNegativeTestJSON:test_aggregate_get_details_with_invalid_id): 404 GET http://10.180.1.21/compute/v2.1/os-aggregates/-1 1.958s
2024-12-12 07:29:04.346 67454 INFO tempest.lib.common.rest_client [req-440b3c77-1189-4fe5-8520-39fc281e2742 req-440b3c77-1189-4fe5-8520-39fc281e2742 ] Request (FlavorsAdminTestJSON:test_is_public_string_variations): 200 POST http://10.180.1.21/compute/v2.1/flavors 1.911s
2024-12-12 07:29:04.373 67442 INFO tempest.lib.common.rest_client [req-1f358512-3a6f-42c5-9006-2993de6e00c9 req-1f358512-3a6f-42c5-9006-2993de6e00c9 ] Request (SecurityGroupsTestJSON:test_security_group_create_get_delete): 202 DELETE http://10.180.1.21/compute/v2.1/os-security-groups/8ec9f69b-5150-4d0f-a1b4-7d063ce9a864 2.029s
2024-12-12 07:29:04.386 67466 INFO tempest.lib.common.rest_client [req-8a10466e-f559-4c9f-a999-8917dee6f73d req-8a10466e-f559-4c9f-a999-8917dee6f73d ] Request (FlavorsAccessNegativeTestJSON:tearDownClass): 204 DELETE http://10.180.1.21:9696/networking/v2.0/security-groups/7f335b73-0726-4120-8245-8c37970670b2 0.092s
2024-12-12 07:29:04.401 67430 INFO tempest.lib.common.rest_client [req-211fface-299f-4fa5-9f6f-b9ddf2421141 req-211fface-299f-4fa5-9f6f-b9ddf2421141 ] Request (QuotaClassesAdmin257Test:tearDownClass): 204 DELETE http://10.180.1.21/identity/v3/projects/a9879e61850d49df910a34576406c288 0.121s
2024-12-12 07:29:04.471 67426 INFO tempest.lib.common.rest_client [req-2f6fe83b-1593-491f-b510-df5f03c048e4 req-2f6fe83b-1593-491f-b510-df5f03c048e4 ] Request (FloatingIPsAssociationTestJSON:test_associate_already_associated_floating_ip): 200 GET http://10.180.1.21/compute/v2.1/servers/5a521eae-f2d3-4750-b293-0b4de3a74a3c 1.787s
2024-12-12 07:29:04.494 67466 INFO tempest.lib.common.rest_client [req-6eacd612-0ca6-48ba-9d3b-bdde1c949318 req-6eacd612-0ca6-48ba-9d3b-bdde1c949318 ] Request (FlavorsAccessNegativeTestJSON:tearDownClass): 204 DELETE http://10.180.1.21/identity/v3/projects/06c87b05afe4468c92c576a9b85fc85a 0.108s
2024-12-12 07:29:04.495 67466 INFO tempest.test [-] raised in LiveMigrationNegativeTest.setUpClass. Invoking tearDownClass.
2024-12-12 07:29:04.551 67430 INFO tempest.lib.common.rest_client [req-304b2aad-858e-4b30-8413-df8a8eac84b1 req-304b2aad-858e-4b30-8413-df8a8eac84b1 ] Request (QuotasAdminNegativeTest:setUpClass): 201 POST http://10.180.1.21/identity/v3/auth/tokens 0.149s
2024-12-12 07:29:04.557 67466 INFO tempest.lib.common.rest_client [req-7b236bb9-bfcb-4c27-ab49-2734302b6168 req-7b236bb9-bfcb-4c27-ab49-2734302b6168 ] Request (AbsoluteLimitsTestJSON:setUpClass): 201 POST http://10.180.1.21/identity/v3/auth/tokens 0.055s
2024-12-12 07:29:04.580 67430 INFO tempest.lib.common.rest_client [req-20d8355e-d2f6-4b6d-9c63-1e7f88fec70c req-20d8355e-d2f6-4b6d-9c63-1e7f88fec70c ] Request (QuotasAdminNegativeTest:setUpClass): 201 POST http://10.180.1.21/identity/v3/auth/tokens 0.026s
2024-12-12 07:29:04.606 67466 INFO tempest.lib.common.rest_client [req-6e9fa0b1-608a-453c-98d6-d1347394dcb2 req-6e9fa0b1-608a-453c-98d6-d1347394dcb2 ] Request (AbsoluteLimitsTestJSON:setUpClass): 201 POST http://10.180.1.21/identity/v3/auth/tokens 0.047s
2024-12-12 07:29:04.632 67430 INFO tempest.lib.common.rest_client [req-cb83e0bb-789a-41b4-a9e0-38913ab04e1c req-cb83e0bb-789a-41b4-a9e0-38913ab04e1c ] Request (QuotasAdminNegativeTest:setUpClass): 200 GET http://10.180.1.21/identity/v3/domains?name=Default 0.051s
2024-12-12 07:29:04.654 67466 INFO tempest.lib.common.rest_client [req-31b6011e-4a4f-4102-bfc5-123048c850e8 req-31b6011e-4a4f-4102-bfc5-123048c850e8 ] Request (AbsoluteLimitsTestJSON:setUpClass): 200 GET http://10.180.1.21/identity/v3/domains?name=Default 0.048s
2024-12-12 07:29:04.692 67430 INFO tempest.lib.common.rest_client [req-8e60bb18-3e62-4d72-bc7a-16bbfa130805 req-8e60bb18-3e62-4d72-bc7a-16bbfa130805 ] Request (QuotasAdminNegativeTest:setUpClass): 201 POST http://10.180.1.21/identity/v3/projects 0.059s
2024-12-12 07:29:04.709 67466 INFO tempest.lib.common.rest_client [req-f070b3d6-9b10-4deb-9557-087693f4ec01 req-f070b3d6-9b10-4deb-9557-087693f4ec01 ] Request (AbsoluteLimitsTestJSON:setUpClass): 201 POST http://10.180.1.21/identity/v3/projects 0.054s
2024-12-12 07:29:04.730 67478 INFO tempest.lib.common.rest_client [req-d6d6e605-cfab-404b-a2f1-02a957f4cb0d req-d6d6e605-cfab-404b-a2f1-02a957f4cb0d ] Request (QuotasAdminTestV257:test_get_updated_quotas): 200 PUT http://10.180.1.21/compute/v2.1/os-quota-sets/e4a24a6707da4a9ebc37f88a169ee421 2.165s
2024-12-12 07:29:04.750 67436 INFO tempest.lib.common.rest_client [req-d7f44119-c77c-43a7-ba8f-a0ed96c6a069 req-d7f44119-c77c-43a7-ba8f-a0ed96c6a069 ] Request (ServersWithSpecificFlavorTestJSON:test_verify_created_server_ephemeral_disk): 200 GET http://10.180.1.21/compute/v2.1/servers/a4433417-ae64-4629-9f2e-5b02fbb5e9a6 2.043s
2024-12-12 07:29:04.752 67460 INFO tempest.lib.common.rest_client [req-aa70507d-8277-4e8c-b108-afd56fb59937 req-aa70507d-8277-4e8c-b108-afd56fb59937 ] Request (VolumesTestJSON:tearDownClass): 404 GET http://10.180.1.21/volume/v3/volumes/81499119-b028-4a80-9921-613d663e6d46 0.017s
2024-12-12 07:29:04.802 67466 INFO tempest.lib.common.rest_client [req-41b43494-3c17-4e16-b577-932098e5e87a req-41b43494-3c17-4e16-b577-932098e5e87a ] Request (AbsoluteLimitsTestJSON:setUpClass): 201 POST http://10.180.1.21/identity/v3/users 0.092s
2024-12-12 07:29:04.814 67460 INFO tempest.lib.common.rest_client [req-5ece59cc-4d9f-4e1b-bf50-3c5254e51578 req-5ece59cc-4d9f-4e1b-bf50-3c5254e51578 ] Request (VolumesTestJSON:tearDownClass): 202 DELETE http://10.180.1.21/volume/v3/volumes/dee3013c-6200-48e2-a473-96bf563b727d 0.061s
2024-12-12 07:29:04.818 67430 INFO tempest.lib.common.rest_client [req-d2797e98-e4f9-4bf2-aa47-f30e02a6ecb0 req-d2797e98-e4f9-4bf2-aa47-f30e02a6ecb0 ] Request (QuotasAdminNegativeTest:setUpClass): 201 POST http://10.180.1.21/identity/v3/users 0.125s
2024-12-12 07:29:04.829 67466 INFO tempest.lib.common.rest_client [req-7565d8c9-59ae-4597-936a-aac44684cadd req-7565d8c9-59ae-4597-936a-aac44684cadd ] Request (AbsoluteLimitsTestJSON:setUpClass): 200 GET http://10.180.1.21/identity/v3/roles 0.026s
2024-12-12 07:29:04.840 67430 INFO tempest.lib.common.rest_client [req-f6ce8298-ec90-41d4-8139-7937d709be31 req-f6ce8298-ec90-41d4-8139-7937d709be31 ] Request (QuotasAdminNegativeTest:setUpClass): 200 GET http://10.180.1.21/identity/v3/roles 0.022s
2024-12-12 07:29:04.846 67460 INFO tempest.lib.common.rest_client [req-a3e3dcc3-6887-4e9e-b0b3-472a666762dc req-a3e3dcc3-6887-4e9e-b0b3-472a666762dc ] Request (VolumesTestJSON:tearDownClass): 200 GET http://10.180.1.21/volume/v3/volumes/dee3013c-6200-48e2-a473-96bf563b727d 0.031s
2024-12-12 07:29:04.870 67466 INFO tempest.lib.common.rest_client [req-7333533f-0c9a-4343-96f5-1743214fe913 req-7333533f-0c9a-4343-96f5-1743214fe913 ] Request (AbsoluteLimitsTestJSON:setUpClass): 204 PUT http://10.180.1.21/identity/v3/projects/8fd9c2a226ae4acdb5b4e5a190208a37/users/be4b758b2d5f41758a61f12c31b449ea/roles/9edbd9109c104fbb93a73a6732debbdb 0.040s
2024-12-12 07:29:04.870 67466 INFO tempest.lib.common.dynamic_creds [-] Dynamic test user be4b758b2d5f41758a61f12c31b449ea is created with scope project and roles: ['member']
2024-12-12 07:29:04.870 67466 INFO tempest.lib.common.dynamic_creds [-] Acquired dynamic creds: credentials: Credentials: {'domain_id': 'default', 'domain_name': 'Default', 'username': 'tempest-AbsoluteLimitsTestJSON-1461774886-project-member', 'project_domain_id': 'default', 'project_domain_name': 'Default', 'project_id': '8fd9c2a226ae4acdb5b4e5a190208a37', 'project_name': 'tempest-AbsoluteLimitsTestJSON-1461774886', 'tenant_id': '8fd9c2a226ae4acdb5b4e5a190208a37', 'tenant_name': 'tempest-AbsoluteLimitsTestJSON-1461774886', 'user_domain_id': 'default', 'user_domain_name': 'Default', 'user_id': 'be4b758b2d5f41758a61f12c31b449ea', 'system': None}, Network: None, Subnet: None, Router: None
2024-12-12 07:29:04.870 67466 INFO tempest.lib.common.dynamic_creds [-] Created isolated network resources for: credentials: Credentials: {'domain_id': 'default', 'domain_name': 'Default', 'username': 'tempest-AbsoluteLimitsTestJSON-1461774886-project-member', 'project_domain_id': 'default', 'project_domain_name': 'Default', 'project_id': '8fd9c2a226ae4acdb5b4e5a190208a37', 'project_name': 'tempest-AbsoluteLimitsTestJSON-1461774886', 'tenant_id': '8fd9c2a226ae4acdb5b4e5a190208a37', 'tenant_name': 'tempest-AbsoluteLimitsTestJSON-1461774886', 'user_domain_id': 'default', 'user_domain_name': 'Default', 'user_id': 'be4b758b2d5f41758a61f12c31b449ea', 'system': None}, Network: None, Subnet: None, Router: None
2024-12-12 07:29:04.875 67448 INFO tempest.lib.common.rest_client [req-4cb5ca1d-79dd-4faa-9106-eaa2f752ffe1 req-4cb5ca1d-79dd-4faa-9106-eaa2f752ffe1 ] Request (ServerDiagnosticsTest:test_get_server_diagnostics): 200 GET http://10.180.1.21/compute/v2.1/servers/efe2315a-1411-4927-ab0a-4e07fc8f4074 2.087s
2024-12-12 07:29:04.883 67430 INFO tempest.lib.common.rest_client [req-a494fa94-36cb-4940-9066-3af2cee7fbc7 req-a494fa94-36cb-4940-9066-3af2cee7fbc7 ] Request (QuotasAdminNegativeTest:setUpClass): 204 PUT http://10.180.1.21/identity/v3/projects/6c20753e143a4628913b9db1384582e9/users/b24d45880da44e299ed26c6c35abb3c0/roles/9edbd9109c104fbb93a73a6732debbdb 0.042s
2024-12-12 07:29:04.884 67430 INFO tempest.lib.common.dynamic_creds [-] Dynamic test user b24d45880da44e299ed26c6c35abb3c0 is created with scope project and roles: ['member']
2024-12-12 07:29:04.884 67430 INFO tempest.lib.common.dynamic_creds [-] Acquired dynamic creds: credentials: Credentials: {'domain_id': 'default', 'domain_name': 'Default', 'username': 'tempest-QuotasAdminNegativeTest-102690494-project-member', 'project_domain_id': 'default', 'project_domain_name': 'Default', 'project_id': '6c20753e143a4628913b9db1384582e9', 'project_name': 'tempest-QuotasAdminNegativeTest-102690494', 'tenant_id': '6c20753e143a4628913b9db1384582e9', 'tenant_name': 'tempest-QuotasAdminNegativeTest-102690494', 'user_domain_id': 'default', 'user_domain_name': 'Default', 'user_id': 'b24d45880da44e299ed26c6c35abb3c0', 'system': None}, Network: None, Subnet: None, Router: None
2024-12-12 07:29:04.884 67430 INFO tempest.lib.common.dynamic_creds [-] Created isolated network resources for: credentials: Credentials: {'domain_id': 'default', 'domain_name': 'Default', 'username': 'tempest-QuotasAdminNegativeTest-102690494-project-member', 'project_domain_id': 'default', 'project_domain_name': 'Default', 'project_id': '6c20753e143a4628913b9db1384582e9', 'project_name': 'tempest-QuotasAdminNegativeTest-102690494', 'tenant_id': '6c20753e143a4628913b9db1384582e9', 'tenant_name': 'tempest-QuotasAdminNegativeTest-102690494', 'user_domain_id': 'default', 'user_domain_name': 'Default', 'user_id': 'b24d45880da44e299ed26c6c35abb3c0', 'system': None}, Network: None, Subnet: None, Router: None
2024-12-12 07:29:04.909 67424 INFO tempest.lib.common.rest_client [req-ce962a93-fb5b-471e-844d-e834f3df6203 req-ce962a93-fb5b-471e-844d-e834f3df6203 ] Request (ServerDiagnosticsNegativeTest:tearDownClass): 200 GET http://10.180.1.21/compute/v2.1/servers/f371493e-8d5c-41ac-a4a5-bde83cbbca3a 2.127s
2024-12-12 07:29:04.924 67440 INFO tempest.lib.common.rest_client [req-4a8a0596-c307-4b17-8fc4-453311767341 req-4a8a0596-c307-4b17-8fc4-453311767341 ] Request (KeyPairsNegativeTestJSON:test_create_keypair_with_long_keynames): 400 POST http://10.180.1.21/compute/v2.1/os-keypairs 1.893s
2024-12-12 07:29:04.973 67456 INFO tempest.lib.common.rest_client [req-bb55e1a4-fbe3-4d74-a148-d76735762b85 req-bb55e1a4-fbe3-4d74-a148-d76735762b85 ] Request (ServerMetadataTestJSON:setUpClass): 200 GET http://10.180.1.21/compute/v2.1/servers/c273fc1a-0af1-4cfe-9c3c-81352cb46f8c 2.090s
2024-12-12 07:29:04.980 67430 INFO tempest.lib.common.rest_client [req-471c9cfb-f6ed-497c-866d-a7aea9aef88a req-471c9cfb-f6ed-497c-866d-a7aea9aef88a ] Request (QuotasAdminNegativeTest:setUpClass): 201 POST http://10.180.1.21/identity/v3/auth/tokens 0.093s
2024-12-12 07:29:04.981 67456 INFO tempest.common.waiters [-] State transition "BUILD/scheduling" ==> "BUILD/None" after 9 second wait
2024-12-12 07:29:05.000 67466 INFO tempest.lib.common.rest_client [req-8b337b56-dfa8-4732-9c03-d811eeee6990 req-8b337b56-dfa8-4732-9c03-d811eeee6990 ] Request (AbsoluteLimitsTestJSON:setUpClass): 201 POST http://10.180.1.21/identity/v3/auth/tokens 0.124s
2024-12-12 07:29:05.003 67450 INFO tempest.lib.common.rest_client [req-0cf7664e-32a0-471f-9004-a7045f58091a req-0cf7664e-32a0-471f-9004-a7045f58091a ] Request (ServerDiagnosticsV248Test:tearDownClass): 200 GET http://10.180.1.21/compute/v2.1/servers/440afce9-d205-40ee-9101-82d751e72a1a 1.864s
2024-12-12 07:29:05.011 67480 INFO tempest.lib.common.rest_client [req-a1cd4110-cb51-4fc6-ac6d-73439ae79959 req-a1cd4110-cb51-4fc6-ac6d-73439ae79959 ] Request (ServersTestBootFromVolume:setUpClass): 200 GET http://10.180.1.21/volume/v3/volumes/6abf72d1-a707-4ec5-871e-aaa27406099c 0.036s
2024-12-12 07:29:05.018 67480 INFO tempest.common.waiters [-] volume 6abf72d1-a707-4ec5-871e-aaa27406099c reached available after waiting for 21.018010 seconds
2024-12-12 07:29:05.043 67452 INFO tempest.lib.common.rest_client [req-76c772bf-3775-4921-8b7e-bc4de1e6088d req-76c772bf-3775-4921-8b7e-bc4de1e6088d ] Request (ImagesOneServerTestJSON:test_create_delete_image): 200 GET http://10.180.1.21/compute/v2.1/images/309c6e9c-3486-4add-9845-ab7b7e8f88e8 1.796s
2024-12-12 07:29:05.065 67430 INFO tempest.lib.common.rest_client [req-9ce325d7-0b68-4698-9b5c-0707cb0082bf req-9ce325d7-0b68-4698-9b5c-0707cb0082bf ] Request (QuotasAdminNegativeTest:setUpClass): 201 POST http://10.180.1.21/identity/v3/projects 0.084s
2024-12-12 07:29:05.074 67428 INFO tempest.lib.common.rest_client [req-60cc112a-0202-42cf-9e76-bcb86d8c1c4d req-60cc112a-0202-42cf-9e76-bcb86d8c1c4d ] Request (ServerTagsTestJSON:setUpClass): 200 GET http://10.180.1.21/compute/v2.1/servers/7e80239f-6b97-487b-a70c-e6056fc99019 1.850s
2024-12-12 07:29:05.121 67474 INFO tempest.lib.common.rest_client [req-4e4554d8-5808-49b5-b1ca-f89c2afb4456 req-4e4554d8-5808-49b5-b1ca-f89c2afb4456 ] Request (ListServersNegativeTestJSON:setUpClass): 200 GET http://10.180.1.21/compute/v2.1/servers/91452349-7338-4adb-abbc-fb2a256e6e78 1.810s
2024-12-12 07:29:05.125 67430 INFO tempest.lib.common.rest_client [req-25bc0fb8-06e7-44a7-b367-fb8cf5d617b1 req-25bc0fb8-06e7-44a7-b367-fb8cf5d617b1 ] Request (QuotasAdminNegativeTest:setUpClass): 201 POST http://10.180.1.21/identity/v3/users 0.060s
2024-12-12 07:29:05.129 67474 INFO tempest.common.waiters [-] State transition "BUILD/scheduling" ==> "BUILD/None" after 5 second wait
2024-12-12 07:29:05.148 67458 INFO tempest.lib.common.rest_client [req-f0d2183c-0e69-4db4-b319-dd175cf8098d req-f0d2183c-0e69-4db4-b319-dd175cf8098d ] Request (ServerExternalEventsTest:tearDownClass): 200 GET http://10.180.1.21/compute/v2.1/servers/b4cfef43-d840-40dc-bad4-303750e486e9 1.817s
2024-12-12 07:29:05.153 67430 INFO tempest.lib.common.rest_client [req-433e3b03-159c-4f4c-940f-a65e3e518ce7 req-433e3b03-159c-4f4c-940f-a65e3e518ce7 ] Request (QuotasAdminNegativeTest:setUpClass): 200 GET http://10.180.1.21/identity/v3/roles 0.027s
2024-12-12 07:29:05.176 67430 INFO tempest.lib.common.rest_client [req-761281b0-bd86-4bcf-8941-e551db353ef8 req-761281b0-bd86-4bcf-8941-e551db353ef8 ] Request (QuotasAdminNegativeTest:setUpClass): 204 PUT http://10.180.1.21/identity/v3/projects/b1709014c9bb4e3abccec913be39fad9/users/7eaa0fba645a4ea58fe3a068cc8406ca/roles/0fbb00ca184c436dae003ad6d21b8e52 0.023s
2024-12-12 07:29:05.192 67444 INFO tempest.lib.common.rest_client [req-b7a179ac-02ee-4a18-b7f9-7c2a144570b5 req-b7a179ac-02ee-4a18-b7f9-7c2a144570b5 ] Request (ServerActionsTestOtherB:setUpClass): 200 GET http://10.180.1.21/compute/v2.1/servers/8e040787-5b5e-4d2f-b23d-270b198a9642 1.775s
2024-12-12 07:29:05.222 67430 INFO tempest.lib.common.rest_client [req-57fb9458-19e7-42b7-9856-9073b52f959a req-57fb9458-19e7-42b7-9856-9073b52f959a ] Request (QuotasAdminNegativeTest:setUpClass): 200 GET http://10.180.1.21/identity/v3/roles 0.045s
2024-12-12 07:29:05.239 67430 INFO tempest.lib.common.rest_client [req-a769e7a5-3914-40a5-8aaf-afa285a7fceb req-a769e7a5-3914-40a5-8aaf-afa285a7fceb ] Request (QuotasAdminNegativeTest:setUpClass): 204 PUT http://10.180.1.21/identity/v3/projects/b1709014c9bb4e3abccec913be39fad9/users/7eaa0fba645a4ea58fe3a068cc8406ca/roles/0fbb00ca184c436dae003ad6d21b8e52 0.016s
2024-12-12 07:29:05.239 67430 INFO tempest.lib.common.dynamic_creds [-] Dynamic test user 7eaa0fba645a4ea58fe3a068cc8406ca is created with scope project and roles: ['admin']
2024-12-12 07:29:05.239 67430 INFO tempest.lib.common.dynamic_creds [-] Acquired dynamic creds: credentials: Credentials: {'domain_id': 'default', 'domain_name': 'Default', 'username': 'tempest-QuotasAdminNegativeTest-1497120545-project-admin', 'project_domain_id': 'default', 'project_domain_name': 'Default', 'project_id': 'b1709014c9bb4e3abccec913be39fad9', 'project_name': 'tempest-QuotasAdminNegativeTest-1497120545', 'tenant_id': 'b1709014c9bb4e3abccec913be39fad9', 'tenant_name': 'tempest-QuotasAdminNegativeTest-1497120545', 'user_domain_id': 'default', 'user_domain_name': 'Default', 'user_id': '7eaa0fba645a4ea58fe3a068cc8406ca', 'system': None}, Network: None, Subnet: None, Router: None
2024-12-12 07:29:05.239 67430 INFO tempest.lib.common.dynamic_creds [-] Created isolated network resources for: credentials: Credentials: {'domain_id': 'default', 'domain_name': 'Default', 'username': 'tempest-QuotasAdminNegativeTest-1497120545-project-admin', 'project_domain_id': 'default', 'project_domain_name': 'Default', 'project_id': 'b1709014c9bb4e3abccec913be39fad9', 'project_name': 'tempest-QuotasAdminNegativeTest-1497120545', 'tenant_id': 'b1709014c9bb4e3abccec913be39fad9', 'tenant_name': 'tempest-QuotasAdminNegativeTest-1497120545', 'user_domain_id': 'default', 'user_domain_name': 'Default', 'user_id': '7eaa0fba645a4ea58fe3a068cc8406ca', 'system': None}, Network: None, Subnet: None, Router: None
2024-12-12 07:29:05.310 67430 INFO tempest.lib.common.rest_client [req-1573850c-bf77-49f2-aa24-4c430e9e4d6b req-1573850c-bf77-49f2-aa24-4c430e9e4d6b ] Request (QuotasAdminNegativeTest:setUpClass): 201 POST http://10.180.1.21/identity/v3/auth/tokens 0.067s
2024-12-12 07:29:05.311 67430 WARNING tempest.lib.common.rest_client [-] Deprecated: "tenant_id" property is deprecated for removal, use "project_id" instead
2024-12-12 07:29:05.621 67438 INFO tempest.lib.common.rest_client [req-dd835a07-d7c7-40a1-9393-51346e9507ef req-dd835a07-d7c7-40a1-9393-51346e9507ef ] Request (DeleteServersTestJSON:setUpClass): 201 POST http://10.180.1.21:9696/networking/v2.0/routers 3.406s
2024-12-12 07:29:05.747 67432 INFO tempest.lib.common.rest_client [req-2170e238-9cfd-4f52-a787-2a9002562eb3 req-2170e238-9cfd-4f52-a787-2a9002562eb3 ] Request (ListServerFiltersTestJSON:setUpClass): 200 GET http://10.180.1.21/compute/v2.1/servers/ded818f2-5099-4e85-98fc-3c91b46b5630 2.170s
2024-12-12 07:29:05.870 67460 INFO tempest.lib.common.rest_client [req-0d36bea3-7aff-40d3-ad51-0ce56d708c9c req-0d36bea3-7aff-40d3-ad51-0ce56d708c9c ] Request (VolumesTestJSON:tearDownClass): 404 GET http://10.180.1.21/volume/v3/volumes/dee3013c-6200-48e2-a473-96bf563b727d 0.017s
2024-12-12 07:29:05.935 67446 WARNING tempest.lib.common.ssh [-] Failed to establish authenticated ssh connection to cirros@10.180.180.203 ([Errno None] Unable to connect to port 22 on 10.180.180.203). Number attempts: 1. Retry after 2 seconds.: paramiko.ssh_exception.NoValidConnectionsError: [Errno None] Unable to connect to port 22 on 10.180.180.203
2024-12-12 07:29:05.998 67460 INFO tempest.lib.common.rest_client [req-555e97c4-79e5-4a44-9e89-d1052acad3c6 req-555e97c4-79e5-4a44-9e89-d1052acad3c6 ] Request (VolumesTestJSON:tearDownClass): 204 DELETE http://10.180.1.21/identity/v3/users/3a6d9aa5fcef404c94dfd78eaf4d0b1e 0.128s
2024-12-12 07:29:05.999 67460 INFO tempest.lib.common.dynamic_creds [-] Deleting project and security group for project: 26471255f3a247a1ad065af87072c615
2024-12-12 07:29:06.075 67460 INFO tempest.lib.common.rest_client [req-2850b89d-b893-4ab0-983c-c03919e3264b req-2850b89d-b893-4ab0-983c-c03919e3264b ] Request (VolumesTestJSON:tearDownClass): 201 POST http://10.180.1.21/identity/v3/auth/tokens 0.076s
2024-12-12 07:29:06.120 67434 INFO tempest.lib.common.rest_client [req-354e7e4c-177d-450f-b50b-5f6a41a9ee45 req-354e7e4c-177d-450f-b50b-5f6a41a9ee45 ] Request (ImagesNegativeTestJSON:test_create_image_from_deleted_server): 200 GET http://10.180.1.21/compute/v2.1/servers/5385c079-fd1d-4c36-ad4c-f6970241de65 2.528s
2024-12-12 07:29:06.127 67434 INFO tempest.common.waiters [-] State transition "BUILD/None" ==> "BUILD/spawning" after 19 second wait
2024-12-12 07:29:06.197 67476 INFO tempest.lib.common.rest_client [req-588e841c-023c-47ad-94a2-1b63b84f71e3 req-588e841c-023c-47ad-94a2-1b63b84f71e3 ] Request (ServersTestManualDisk:setUpClass): 200 GET http://10.180.1.21/compute/v2.1/servers/71318012-4221-4eae-a437-14d5b093363d 2.481s
2024-12-12 07:29:06.226 67462 INFO tempest.lib.common.rest_client [req-9f91386d-712b-45d1-8764-6245315287c7 req-9f91386d-712b-45d1-8764-6245315287c7 ] Request (InstanceActionsNegativeTestJSON:setUpClass): 201 POST http://10.180.1.21:9696/networking/v2.0/routers 3.150s
2024-12-12 07:29:06.277 67472 INFO tempest.lib.common.rest_client [req-7f2dbd91-ef74-4059-941f-16316f4c3db7 req-7f2dbd91-ef74-4059-941f-16316f4c3db7 ] Request (ServersAdminTestJSON:setUpClass): 202 POST http://10.180.1.21/compute/v2.1/servers 2.850s
2024-12-12 07:29:06.341 67460 INFO tempest.lib.common.rest_client [req-665f8021-8ac0-4e6e-9426-fce467e55c80 req-665f8021-8ac0-4e6e-9426-fce467e55c80 ] Request (VolumesTestJSON:tearDownClass): 200 GET http://10.180.1.21:9696/networking/v2.0/security-groups?tenant_id=26471255f3a247a1ad065af87072c615&name=default 0.265s
2024-12-12 07:29:06.364 67472 INFO tempest.lib.common.rest_client [req-1701b01b-13ff-4e16-9dab-04a250b4d09a req-1701b01b-13ff-4e16-9dab-04a250b4d09a ] Request (ServersAdminTestJSON:setUpClass): 201 POST http://10.180.1.21/identity/v3/auth/tokens 0.082s
2024-12-12 07:29:06.364 67472 INFO tempest.lib.common.fixed_network [-] (ServersAdminTestJSON:setUpClass) Found network {'id': '7538edbb-ddd2-4ab0-9ae1-016ad7ec4d71', 'name': 'tempest-ServersAdminTestJSON-1833360993-network', 'tenant_id': '0fd7ee0cb37f481080e8337bbf4e6a68', 'admin_state_up': True, 'mtu': 8950, 'status': 'ACTIVE', 'subnets': [], 'shared': False, 'project_id': '0fd7ee0cb37f481080e8337bbf4e6a68', 'port_security_enabled': True, 'router:external': False, 'provider:network_type': 'vlan', 'provider:physical_network': 'default', 'provider:segmentation_id': 496, 'availability_zone_hints': [], 'availability_zones': [], 'ipv4_address_scope': None, 'ipv6_address_scope': None, 'description': '', 'tags': [], 'created_at': '2024-12-12T07:28:55Z', 'updated_at': '2024-12-12T07:28:55Z', 'revision_number': 1} available for tenant
2024-12-12 07:29:06.373 67422 INFO tempest.lib.common.rest_client [req-3ac449fe-4d61-4c77-a2be-78925f985a3c req-3ac449fe-4d61-4c77-a2be-78925f985a3c ] Request (FloatingIPDetailsTestJSON:test_list_floating_ips): 200 GET http://10.180.1.21/compute/v2.1/os-floating-ips 2.514s
2024-12-12 07:29:06.438 67420 INFO tempest.lib.common.rest_client [req-f29bc501-280b-4361-8a81-5c50def31691 req-f29bc501-280b-4361-8a81-5c50def31691 ] Request (FloatingIPsAssociationNegativeTestJSON:setUpClass): 200 GET http://10.180.1.21/compute/v2.1/servers/65396595-bc14-4aea-b40d-906997b8bb6c 2.236s
2024-12-12 07:29:06.449 67468 INFO tempest.lib.common.rest_client [req-5eca8811-f53c-4b32-851d-7d38133bf77e req-5eca8811-f53c-4b32-851d-7d38133bf77e ] Request (AggregatesAdminNegativeTestJSON:test_aggregate_list_as_user): 403 GET http://10.180.1.21/compute/v2.1/os-aggregates 2.120s
2024-12-12 07:29:06.468 67454 INFO tempest.lib.common.rest_client [req-c15f5a8f-72db-46d0-afe3-e6ecb6c4e7f1 req-c15f5a8f-72db-46d0-afe3-e6ecb6c4e7f1 ] Request (FlavorsAdminTestJSON:test_is_public_string_variations): 200 GET http://10.180.1.21/compute/v2.1/flavors/detail?is_public=f 2.120s
2024-12-12 07:29:06.505 67442 INFO tempest.lib.common.rest_client [req-bd364b57-9609-4acf-8102-47f5c4bdbc3d req-bd364b57-9609-4acf-8102-47f5c4bdbc3d ] Request (SecurityGroupsTestJSON:test_security_group_create_get_delete): 404 GET http://10.180.1.21/compute/v2.1/os-security-groups/8ec9f69b-5150-4d0f-a1b4-7d063ce9a864 2.132s
2024-12-12 07:29:06.536 67418 INFO tempest.lib.common.rest_client [req-b708cebf-802e-4e9e-ae9a-fa6b54435dea req-b708cebf-802e-4e9e-ae9a-fa6b54435dea ] Request (ImagesTestJSON:test_create_image_from_stopped_server): 200 GET http://10.180.1.21/compute/v2.1/servers/6366c103-ff17-4c0c-a8a2-f785c8547811 2.538s
2024-12-12 07:29:06.544 67418 INFO tempest.common.waiters [-] State transition "ACTIVE/powering-off" ==> "SHUTOFF/None" after 4 second wait
2024-12-12 07:29:06.558 67460 INFO tempest.lib.common.rest_client [req-243e0e22-87be-4a37-9b10-70c06a9eca62 req-243e0e22-87be-4a37-9b10-70c06a9eca62 ] Request (VolumesTestJSON:tearDownClass): 204 DELETE http://10.180.1.21:9696/networking/v2.0/security-groups/0fb0d0ec-c83c-4ec6-9c03-7d5618da26f7 0.217s
2024-12-12 07:29:06.575 67440 INFO tempest.lib.common.rest_client [req-5e6e9ae5-ed0d-46bb-a142-b77da010de17 req-5e6e9ae5-ed0d-46bb-a142-b77da010de17 ] Request (KeyPairsNegativeTestJSON:test_keypair_create_with_invalid_pub_key): 400 POST http://10.180.1.21/compute/v2.1/os-keypairs 1.650s
2024-12-12 07:29:06.670 67460 INFO tempest.lib.common.rest_client [req-0a33b903-21c5-47ec-b887-05be1404f18f req-0a33b903-21c5-47ec-b887-05be1404f18f ] Request (VolumesTestJSON:tearDownClass): 204 DELETE http://10.180.1.21/identity/v3/projects/26471255f3a247a1ad065af87072c615 0.111s
2024-12-12 07:29:06.771 67478 INFO tempest.lib.common.rest_client [req-5bbef4cb-c8c4-4a05-8218-0af7cc662ca6 req-5bbef4cb-c8c4-4a05-8218-0af7cc662ca6 ] Request (QuotasAdminTestV257:test_get_updated_quotas): 200 GET http://10.180.1.21/compute/v2.1/os-quota-sets/e4a24a6707da4a9ebc37f88a169ee421/detail 2.040s
2024-12-12 07:29:06.823 67478 INFO tempest.lib.common.rest_client [req-4ae5eae6-4095-4448-bea3-0b7d4404393a req-4ae5eae6-4095-4448-bea3-0b7d4404393a ] Request (QuotasAdminTestV257:test_get_updated_quotas): 200 GET http://10.180.1.21/identity/v3/domains?name=Default 0.048s
2024-12-12 07:29:06.843 67466 INFO tempest.lib.common.rest_client [req-33535b73-2511-457a-9384-f410178a7afa req-33535b73-2511-457a-9384-f410178a7afa ] Request (AbsoluteLimitsTestJSON:test_absLimits_get): 200 GET http://10.180.1.21/compute/v2.1/limits 1.840s
2024-12-12 07:29:06.878 67478 INFO tempest.lib.common.rest_client [req-4477d1d5-6b51-417a-ae20-1cca3e671fab req-4477d1d5-6b51-417a-ae20-1cca3e671fab ] Request (QuotasAdminTestV257:test_get_updated_quotas): 201 POST http://10.180.1.21/identity/v3/users 0.055s
2024-12-12 07:29:06.902 67478 INFO tempest.lib.common.rest_client [req-8bd906b1-afed-438f-a639-5535ed9ba70e req-8bd906b1-afed-438f-a639-5535ed9ba70e ] Request (QuotasAdminTestV257:test_get_updated_quotas): 200 GET http://10.180.1.21/identity/v3/domains?name=Default 0.023s
2024-12-12 07:29:06.912 67438 INFO tempest.lib.common.rest_client [req-d3ae741c-2ad3-4d2a-a4b8-b83a8e720ecc req-d3ae741c-2ad3-4d2a-a4b8-b83a8e720ecc ] Request (DeleteServersTestJSON:setUpClass): 200 PUT http://10.180.1.21:9696/networking/v2.0/routers/e05d1e0a-4c3b-4c7a-82e0-8a1b7257c4e4/add_router_interface 1.290s
2024-12-12 07:29:06.912 67438 INFO tempest.lib.common.dynamic_creds [-] Created isolated network resources for: credentials: Credentials: {'domain_id': 'default', 'domain_name': 'Default', 'username': 'tempest-DeleteServersTestJSON-927717228-project-member', 'project_domain_id': 'default', 'project_domain_name': 'Default', 'project_id': '92fbb845eb614c12a2ab3032d9a39f84', 'project_name': 'tempest-DeleteServersTestJSON-927717228', 'tenant_id': '92fbb845eb614c12a2ab3032d9a39f84', 'tenant_name': 'tempest-DeleteServersTestJSON-927717228', 'user_domain_id': 'default', 'user_domain_name': 'Default', 'user_id': '6ffef12d33954a74b82ea7366686fa55', 'system': None}, Network: {'id': 'b2041729-dd6f-42ba-8a97-5edd56338616', 'name': 'tempest-DeleteServersTestJSON-1903851442-network', 'tenant_id': '92fbb845eb614c12a2ab3032d9a39f84', 'admin_state_up': True, 'mtu': 8950, 'status': 'ACTIVE', 'subnets': [], 'shared': False, 'project_id': '92fbb845eb614c12a2ab3032d9a39f84', 'port_security_enabled': True, 'router:external': False, 'provider:network_type': 'vlan', 'provider:physical_network': 'default', 'provider:segmentation_id': 62, 'availability_zone_hints': [], 'availability_zones': [], 'ipv4_address_scope': None, 'ipv6_address_scope': None, 'description': '', 'tags': [], 'created_at': '2024-12-12T07:29:01Z', 'updated_at': '2024-12-12T07:29:01Z', 'revision_number': 1}, Subnet: {'id': 'f1cc43cd-2b64-4b5f-aa93-87018357b90c', 'name': 'tempest-DeleteServersTestJSON-1903851442-subnet', 'tenant_id': '92fbb845eb614c12a2ab3032d9a39f84', 'network_id': 'b2041729-dd6f-42ba-8a97-5edd56338616', 'ip_version': 4, 'subnetpool_id': None, 'enable_dhcp': True, 'ipv6_ra_mode': None, 'ipv6_address_mode': None, 'gateway_ip': '192.168.128.1', 'cidr': '192.168.128.0/28', 'allocation_pools': [{'start': '192.168.128.2', 'end': '192.168.128.14'}], 'host_routes': [], 'dns_nameservers': [], 'description': '', 'router:external': False, 'service_types': [], 'tags': [], 'created_at': '2024-12-12T07:29:01Z', 'updated_at': '2024-12-12T07:29:01Z', 'revision_number': 0, 'project_id': '92fbb845eb614c12a2ab3032d9a39f84'}, Router: {'id': 'e05d1e0a-4c3b-4c7a-82e0-8a1b7257c4e4', 'name': 'tempest-DeleteServersTestJSON-1903851442-router', 'tenant_id': '92fbb845eb614c12a2ab3032d9a39f84', 'admin_state_up': True, 'status': 'ACTIVE', 'external_gateway_info': {'network_id': 'cd8d8ae1-f89c-46a7-adcd-d52b3ca901d5', 'external_fixed_ips': [{'subnet_id': '259c0b64-6a14-4f60-83c5-8324d4c764f3', 'ip_address': '10.180.180.137'}], 'enable_snat': True}, 'description': '', 'availability_zones': [], 'distributed': False, 'ha': False, 'availability_zone_hints': [], 'routes': [], 'flavor_id': None, 'tags': [], 'created_at': '2024-12-12T07:29:02Z', 'updated_at': '2024-12-12T07:29:04Z', 'revision_number': 2, 'project_id': '92fbb845eb614c12a2ab3032d9a39f84'}
2024-12-12 07:29:07.000 67466 INFO tempest.lib.common.rest_client [req-e34204d9-cfda-4231-b9bb-04e04389ff49 req-e34204d9-cfda-4231-b9bb-04e04389ff49 ] Request (AbsoluteLimitsTestJSON:tearDownClass): 204 DELETE http://10.180.1.21/identity/v3/users/be4b758b2d5f41758a61f12c31b449ea 0.143s
2024-12-12 07:29:07.001 67466 INFO tempest.lib.common.dynamic_creds [-] Deleting project and security group for project: 8fd9c2a226ae4acdb5b4e5a190208a37
2024-12-12 07:29:07.003 67438 INFO tempest.lib.common.rest_client [req-c700f335-704d-4c3f-8b3d-c7144cecdb67 req-c700f335-704d-4c3f-8b3d-c7144cecdb67 ] Request (DeleteServersTestJSON:setUpClass): 201 POST http://10.180.1.21/identity/v3/auth/tokens 0.087s
2024-12-12 07:29:07.070 67466 INFO tempest.lib.common.rest_client [req-871389d3-710a-4703-a8ef-444b6fa17613 req-871389d3-710a-4703-a8ef-444b6fa17613 ] Request (AbsoluteLimitsTestJSON:tearDownClass): 201 POST http://10.180.1.21/identity/v3/auth/tokens 0.069s
2024-12-12 07:29:07.082 67438 INFO tempest.lib.common.rest_client [req-5c0d4d78-a021-4c90-a53a-7c925f2156e1 req-5c0d4d78-a021-4c90-a53a-7c925f2156e1 ] Request (DeleteServersTestJSON:test_delete_active_server): 201 POST http://10.180.1.21/identity/v3/auth/tokens 0.071s
2024-12-12 07:29:07.084 67438 INFO tempest.lib.common.fixed_network [-] (DeleteServersTestJSON:test_delete_active_server) Found network {'id': 'b2041729-dd6f-42ba-8a97-5edd56338616', 'name': 'tempest-DeleteServersTestJSON-1903851442-network', 'tenant_id': '92fbb845eb614c12a2ab3032d9a39f84', 'admin_state_up': True, 'mtu': 8950, 'status': 'ACTIVE', 'subnets': [], 'shared': False, 'project_id': '92fbb845eb614c12a2ab3032d9a39f84', 'port_security_enabled': True, 'router:external': False, 'provider:network_type': 'vlan', 'provider:physical_network': 'default', 'provider:segmentation_id': 62, 'availability_zone_hints': [], 'availability_zones': [], 'ipv4_address_scope': None, 'ipv6_address_scope': None, 'description': '', 'tags': [], 'created_at': '2024-12-12T07:29:01Z', 'updated_at': '2024-12-12T07:29:01Z', 'revision_number': 1} available for tenant
2024-12-12 07:29:07.118 67452 INFO tempest.lib.common.rest_client [req-5282213b-e8cb-4770-aeff-ad9206e6208d req-5282213b-e8cb-4770-aeff-ad9206e6208d ] Request (ImagesOneServerTestJSON:test_create_delete_image): 200 GET http://10.180.1.21/compute/v2.1/servers/20881a6c-47ee-49e4-a3c3-250e8c91c8c2 2.070s
2024-12-12 07:29:07.262 67430 INFO tempest.lib.common.rest_client [req-f11793f9-cc08-4784-91d6-cff9c4372f1b req-f11793f9-cc08-4784-91d6-cff9c4372f1b ] Request (QuotasAdminNegativeTest:test_create_server_when_cpu_quota_is_full): 200 GET http://10.180.1.21/compute/v2.1/os-quota-sets/6c20753e143a4628913b9db1384582e9 1.950s
2024-12-12 07:29:07.282 67466 INFO tempest.lib.common.rest_client [req-b6e985a5-e01f-46b2-9fdf-affe31e8fc94 req-b6e985a5-e01f-46b2-9fdf-affe31e8fc94 ] Request (AbsoluteLimitsTestJSON:tearDownClass): 200 GET http://10.180.1.21:9696/networking/v2.0/security-groups?tenant_id=8fd9c2a226ae4acdb5b4e5a190208a37&name=default 0.211s
2024-12-12 07:29:07.416 67470 INFO tempest.lib.common.rest_client [req-d47b9a51-971c-4aab-b338-de1839a468b9 req-d47b9a51-971c-4aab-b338-de1839a468b9 ] Request (MigrationsAdminTest:test_list_migrations_in_flavor_resize_situation): 200 GET http://10.180.1.21/compute/v2.1/servers/ee50b60c-62d7-48cf-b568-769e6c0dcd64 2.097s
2024-12-12 07:29:07.428 67470 INFO tempest.common.waiters [-] State transition "BUILD/spawning" ==> "ACTIVE/None" after 32 second wait
2024-12-12 07:29:07.430 67466 INFO tempest.lib.common.rest_client [req-5f811d6b-9c3c-420a-bbec-496f45eb7fff req-5f811d6b-9c3c-420a-bbec-496f45eb7fff ] Request (AbsoluteLimitsTestJSON:tearDownClass): 204 DELETE http://10.180.1.21:9696/networking/v2.0/security-groups/6e38118a-75f3-4c6a-999f-126c92c01aad 0.148s
2024-12-12 07:29:07.512 67466 INFO tempest.lib.common.rest_client [req-8bb09618-864a-4732-a821-ef807b22f55e req-8bb09618-864a-4732-a821-ef807b22f55e ] Request (AbsoluteLimitsTestJSON:tearDownClass): 204 DELETE http://10.180.1.21/identity/v3/projects/8fd9c2a226ae4acdb5b4e5a190208a37 0.081s
2024-12-12 07:29:07.512 67480 INFO tempest.lib.common.rest_client [req-6a48c7b4-d253-42c9-9efe-ea1944e3b596 req-6a48c7b4-d253-42c9-9efe-ea1944e3b596 ] Request (ServersTestBootFromVolume:setUpClass): 202 POST http://10.180.1.21/compute/v2.1/servers 2.494s
2024-12-12 07:29:07.584 67462 INFO tempest.lib.common.rest_client [req-0bb995d1-1cbc-420d-8dae-3c8d5cd55d50 req-0bb995d1-1cbc-420d-8dae-3c8d5cd55d50 ] Request (InstanceActionsNegativeTestJSON:setUpClass): 200 PUT http://10.180.1.21:9696/networking/v2.0/routers/c8b1fb9d-0628-4ec4-9baa-290428186167/add_router_interface 1.358s
2024-12-12 07:29:07.585 67462 INFO tempest.lib.common.dynamic_creds [-] Created isolated network resources for: credentials: Credentials: {'domain_id': 'default', 'domain_name': 'Default', 'username': 'tempest-InstanceActionsNegativeTestJSON-1888642312-project-member', 'project_domain_id': 'default', 'project_domain_name': 'Default', 'project_id': '5d4b23aa2d89409f8c22ee44db2dfbe8', 'project_name': 'tempest-InstanceActionsNegativeTestJSON-1888642312', 'tenant_id': '5d4b23aa2d89409f8c22ee44db2dfbe8', 'tenant_name': 'tempest-InstanceActionsNegativeTestJSON-1888642312', 'user_domain_id': 'default', 'user_domain_name': 'Default', 'user_id': 'efe55d05302b43118a2d958a945aa2d1', 'system': None}, Network: {'id': '98bb9301-3e54-41dc-8916-033411d46ed1', 'name': 'tempest-InstanceActionsNegativeTestJSON-1826002027-network', 'tenant_id': '5d4b23aa2d89409f8c22ee44db2dfbe8', 'admin_state_up': True, 'mtu': 8950, 'status': 'ACTIVE', 'subnets': [], 'shared': False, 'project_id': '5d4b23aa2d89409f8c22ee44db2dfbe8', 'port_security_enabled': True, 'router:external': False, 'provider:network_type': 'vlan', 'provider:physical_network': 'default', 'provider:segmentation_id': 44, 'availability_zone_hints': [], 'availability_zones': [], 'ipv4_address_scope': None, 'ipv6_address_scope': None, 'description': '', 'tags': [], 'created_at': '2024-12-12T07:29:02Z', 'updated_at': '2024-12-12T07:29:02Z', 'revision_number': 1}, Subnet: {'id': 'fd35cb60-1e3c-4f81-b773-d6176d5c0a4c', 'name': 'tempest-InstanceActionsNegativeTestJSON-1826002027-subnet', 'tenant_id': '5d4b23aa2d89409f8c22ee44db2dfbe8', 'network_id': '98bb9301-3e54-41dc-8916-033411d46ed1', 'ip_version': 4, 'subnetpool_id': None, 'enable_dhcp': True, 'ipv6_ra_mode': None, 'ipv6_address_mode': None, 'gateway_ip': '192.168.128.1', 'cidr': '192.168.128.0/28', 'allocation_pools': [{'start': '192.168.128.2', 'end': '192.168.128.14'}], 'host_routes': [], 'dns_nameservers': [], 'description': '', 'router:external': False, 'service_types': [], 'tags': [], 'created_at': '2024-12-12T07:29:02Z', 'updated_at': '2024-12-12T07:29:02Z', 'revision_number': 0, 'project_id': '5d4b23aa2d89409f8c22ee44db2dfbe8'}, Router: {'id': 'c8b1fb9d-0628-4ec4-9baa-290428186167', 'name': 'tempest-InstanceActionsNegativeTestJSON-1826002027-router', 'tenant_id': '5d4b23aa2d89409f8c22ee44db2dfbe8', 'admin_state_up': True, 'status': 'ACTIVE', 'external_gateway_info': {'network_id': 'cd8d8ae1-f89c-46a7-adcd-d52b3ca901d5', 'external_fixed_ips': [{'subnet_id': '259c0b64-6a14-4f60-83c5-8324d4c764f3', 'ip_address': '10.180.180.205'}], 'enable_snat': True}, 'description': '', 'availability_zones': [], 'distributed': False, 'ha': False, 'availability_zone_hints': [], 'routes': [], 'flavor_id': None, 'tags': [], 'created_at': '2024-12-12T07:29:03Z', 'updated_at': '2024-12-12T07:29:04Z', 'revision_number': 2, 'project_id': '5d4b23aa2d89409f8c22ee44db2dfbe8'}
2024-12-12 07:29:07.596 67466 INFO tempest.lib.common.rest_client [req-6a042f05-3b54-4611-a866-106e9aacdd60 req-6a042f05-3b54-4611-a866-106e9aacdd60 ] Request (AttachVolumeShelveTestJSON:setUpClass): 201 POST http://10.180.1.21/identity/v3/auth/tokens 0.083s
2024-12-12 07:29:07.624 67426 INFO tempest.lib.common.rest_client [req-20c51c3a-1cd5-4310-9505-9d22d3c9022e req-20c51c3a-1cd5-4310-9505-9d22d3c9022e ] Request (FloatingIPsAssociationTestJSON:test_associate_already_associated_floating_ip): 200 GET http://10.180.1.21/compute/v2.1/servers/5a521eae-f2d3-4750-b293-0b4de3a74a3c 2.143s
2024-12-12 07:29:07.633 67466 INFO tempest.lib.common.rest_client [req-620fce25-15ca-4294-aa55-7d63edde4946 req-620fce25-15ca-4294-aa55-7d63edde4946 ] Request (AttachVolumeShelveTestJSON:setUpClass): 201 POST http://10.180.1.21/identity/v3/auth/tokens 0.034s
2024-12-12 07:29:07.636 67426 INFO tempest.common.waiters [-] State transition "BUILD/None" ==> "BUILD/spawning" after 19 second wait
2024-12-12 07:29:07.662 67466 INFO tempest.lib.common.rest_client [req-b5133c1a-0750-4c9d-b3d4-db8477145cdc req-b5133c1a-0750-4c9d-b3d4-db8477145cdc ] Request (AttachVolumeShelveTestJSON:setUpClass): 200 GET http://10.180.1.21/identity/v3/domains?name=Default 0.029s
2024-12-12 07:29:07.696 67462 INFO tempest.lib.common.rest_client [req-29bc4745-9c59-42a1-ae7c-594dfd767534 req-29bc4745-9c59-42a1-ae7c-594dfd767534 ] Request (InstanceActionsNegativeTestJSON:setUpClass): 201 POST http://10.180.1.21/identity/v3/auth/tokens 0.106s
2024-12-12 07:29:07.724 67466 INFO tempest.lib.common.rest_client [req-a682814d-4a22-4ba9-b7c8-17a2e1af22ad req-a682814d-4a22-4ba9-b7c8-17a2e1af22ad ] Request (AttachVolumeShelveTestJSON:setUpClass): 201 POST http://10.180.1.21/identity/v3/projects 0.060s
2024-12-12 07:29:07.732 67436 INFO tempest.lib.common.rest_client [req-837f4c0d-d2fe-413b-ad22-bada9c14e512 req-837f4c0d-d2fe-413b-ad22-bada9c14e512 ] Request (ServersWithSpecificFlavorTestJSON:test_verify_created_server_ephemeral_disk): 200 GET http://10.180.1.21/compute/v2.1/servers/a4433417-ae64-4629-9f2e-5b02fbb5e9a6 1.975s
2024-12-12 07:29:07.741 67436 INFO tempest.common.waiters [-] State transition "BUILD/spawning" ==> "ACTIVE/None" after 24 second wait
2024-12-12 07:29:07.768 67462 INFO tempest.lib.common.rest_client [req-df3eef9d-2ca2-4e2f-a439-1db6ec37c87b req-df3eef9d-2ca2-4e2f-a439-1db6ec37c87b ] Request (InstanceActionsNegativeTestJSON:setUpClass): 201 POST http://10.180.1.21/identity/v3/auth/tokens 0.066s
2024-12-12 07:29:07.770 67462 INFO tempest.lib.common.fixed_network [-] (InstanceActionsNegativeTestJSON:setUpClass) Found network {'id': '98bb9301-3e54-41dc-8916-033411d46ed1', 'name': 'tempest-InstanceActionsNegativeTestJSON-1826002027-network', 'tenant_id': '5d4b23aa2d89409f8c22ee44db2dfbe8', 'admin_state_up': True, 'mtu': 8950, 'status': 'ACTIVE', 'subnets': [], 'shared': False, 'project_id': '5d4b23aa2d89409f8c22ee44db2dfbe8', 'port_security_enabled': True, 'router:external': False, 'provider:network_type': 'vlan', 'provider:physical_network': 'default', 'provider:segmentation_id': 44, 'availability_zone_hints': [], 'availability_zones': [], 'ipv4_address_scope': None, 'ipv6_address_scope': None, 'description': '', 'tags': [], 'created_at': '2024-12-12T07:29:02Z', 'updated_at': '2024-12-12T07:29:02Z', 'revision_number': 1} available for tenant
2024-12-12 07:29:07.791 67466 INFO tempest.lib.common.rest_client [req-41424f8e-a64f-40e3-8194-a10753ca95ef req-41424f8e-a64f-40e3-8194-a10753ca95ef ] Request (AttachVolumeShelveTestJSON:setUpClass): 201 POST http://10.180.1.21/identity/v3/users 0.067s
2024-12-12 07:29:07.803 67448 INFO tempest.lib.common.rest_client [req-5999120e-2023-4b65-8e9b-8b6aed5acd9e req-5999120e-2023-4b65-8e9b-8b6aed5acd9e ] Request (ServerDiagnosticsTest:test_get_server_diagnostics): 200 GET http://10.180.1.21/compute/v2.1/servers/efe2315a-1411-4927-ab0a-4e07fc8f4074 1.920s
2024-12-12 07:29:07.822 67466 INFO tempest.lib.common.rest_client [req-b9b5a3a0-9af5-4393-be8e-738357c16c8c req-b9b5a3a0-9af5-4393-be8e-738357c16c8c ] Request (AttachVolumeShelveTestJSON:setUpClass): 200 GET http://10.180.1.21/identity/v3/roles 0.030s
2024-12-12 07:29:07.853 67466 INFO tempest.lib.common.rest_client [req-540bda80-3a03-4792-9662-e5b8a21f7148 req-540bda80-3a03-4792-9662-e5b8a21f7148 ] Request (AttachVolumeShelveTestJSON:setUpClass): 204 PUT http://10.180.1.21/identity/v3/projects/a3ea98e9ae164c4686f80fc475d85e0c/users/b7063a83e8664962971a281612e86ee8/roles/9edbd9109c104fbb93a73a6732debbdb 0.031s
2024-12-12 07:29:07.853 67466 INFO tempest.lib.common.dynamic_creds [-] Dynamic test user b7063a83e8664962971a281612e86ee8 is created with scope project and roles: ['member']
2024-12-12 07:29:07.853 67466 INFO tempest.lib.common.dynamic_creds [-] Acquired dynamic creds: credentials: Credentials: {'domain_id': 'default', 'domain_name': 'Default', 'username': 'tempest-AttachVolumeShelveTestJSON-1956293072-project-member', 'project_domain_id': 'default', 'project_domain_name': 'Default', 'project_id': 'a3ea98e9ae164c4686f80fc475d85e0c', 'project_name': 'tempest-AttachVolumeShelveTestJSON-1956293072', 'tenant_id': 'a3ea98e9ae164c4686f80fc475d85e0c', 'tenant_name': 'tempest-AttachVolumeShelveTestJSON-1956293072', 'user_domain_id': 'default', 'user_domain_name': 'Default', 'user_id': 'b7063a83e8664962971a281612e86ee8', 'system': None}, Network: None, Subnet: None, Router: None
2024-12-12 07:29:07.861 67432 INFO tempest.lib.common.rest_client [req-610f9914-075a-4366-a749-5a535b571f2e req-610f9914-075a-4366-a749-5a535b571f2e ] Request (ListServerFiltersTestJSON:test_list_servers_detailed_filter_by_flavor): 200 GET http://10.180.1.21/compute/v2.1/servers/detail?flavor=84 2.101s
2024-12-12 07:29:07.877 67424 INFO tempest.lib.common.rest_client [req-26513da9-934d-478a-b090-5d89fb7fcc6d req-26513da9-934d-478a-b090-5d89fb7fcc6d ] Request (ServerDiagnosticsNegativeTest:tearDownClass): 200 GET http://10.180.1.21/compute/v2.1/servers/f371493e-8d5c-41ac-a4a5-bde83cbbca3a 1.959s
2024-12-12 07:29:07.924 67456 INFO tempest.lib.common.rest_client [req-1f822069-de44-480a-9b52-6d817d03c95b req-1f822069-de44-480a-9b52-6d817d03c95b ] Request (ServerMetadataTestJSON:setUpClass): 200 GET http://10.180.1.21/compute/v2.1/servers/c273fc1a-0af1-4cfe-9c3c-81352cb46f8c 1.941s
2024-12-12 07:29:07.935 67466 INFO tempest.lib.common.rest_client [req-1c185a00-2985-44d3-af32-1cab31e21835 req-1c185a00-2985-44d3-af32-1cab31e21835 ] Request (AttachVolumeShelveTestJSON:setUpClass): 201 POST http://10.180.1.21/identity/v3/auth/tokens 0.081s
2024-12-12 07:29:07.940 67450 INFO tempest.lib.common.rest_client [req-e55d65ce-5c96-47e4-94da-692500de0b5a req-e55d65ce-5c96-47e4-94da-692500de0b5a ] Request (ServerDiagnosticsV248Test:tearDownClass): 200 GET http://10.180.1.21/compute/v2.1/servers/440afce9-d205-40ee-9101-82d751e72a1a 1.926s
2024-12-12 07:29:07.950 67450 INFO tempest.common.waiters [-] State transition "ACTIVE/deleting" ==> "DELETED/None" after 5 second wait
