2024-12-12 07:28:23.329 67462 INFO tempest.lib.common.rest_client [req-db1bb26c-86ce-4c05-a8b7-7d84f727a0f0 req-db1bb26c-86ce-4c05-a8b7-7d84f727a0f0 ] Request (InstanceUsageAuditLogNegativeTestJSON:tearDownClass): 204 DELETE http://10.180.1.21/identity/v3/users/368965029de34be3a3ae117528fa52fe 0.229s
2024-12-12 07:28:23.329 67462 INFO tempest.lib.common.dynamic_creds [-] Deleting project and security group for project: 6b88c339a4104441bde0239025d05ca6
2024-12-12 07:28:23.351 67430 INFO tempest.lib.common.rest_client [req-62b706e6-45ac-4549-acc6-ed253349716c req-62b706e6-45ac-4549-acc6-ed253349716c ] Request (HypervisorAdminV228Test:tearDownClass): 204 DELETE http://10.180.1.21:9696/networking/v2.0/security-groups/41eef0bd-3100-40b4-a21d-ad71484589cd 0.168s
2024-12-12 07:28:23.457 67438 INFO tempest.lib.common.rest_client [req-134ca2ed-f240-4e9d-bac7-16b40f9dac63 req-134ca2ed-f240-4e9d-bac7-16b40f9dac63 ] Request (FlavorsV255TestJSON:setUpClass): 204 PUT http://10.180.1.21/identity/v3/projects/dfe5972482194a6686534c3f615d5f6e/users/32d891a5c7244d88ab239e48b6dd91fd/roles/0fbb00ca184c436dae003ad6d21b8e52 0.253s
2024-12-12 07:28:23.471 67432 INFO tempest.lib.common.rest_client [req-979e7d70-562a-4405-9bb1-3d461c30146a req-979e7d70-562a-4405-9bb1-3d461c30146a ] Request (QuotasAdminTestV236:test_get_updated_quotas): 200 GET http://10.180.1.21/compute/v2.1/os-quota-sets/10bb56f02f304789a4781735a3b24d2c/detail 1.570s
2024-12-12 07:28:23.480 67442 INFO tempest.lib.common.rest_client [req-0ffbbabd-ed3a-4b9c-81a4-38e8891709ef req-0ffbbabd-ed3a-4b9c-81a4-38e8891709ef ] Request (SecurityGroupsTestJSON:setUpClass): 201 POST http://10.180.1.21:9696/networking/v2.0/routers 1.322s
2024-12-12 07:28:23.496 67428 INFO tempest.lib.common.rest_client [req-e4598a9c-13ad-4f96-b12d-f197f2d7697e req-e4598a9c-13ad-4f96-b12d-f197f2d7697e ] Request (ImagesDeleteNegativeTestJSON:tearDownClass): 201 POST http://10.180.1.21/identity/v3/auth/tokens 0.269s
2024-12-12 07:28:23.509 67480 INFO tempest.lib.common.rest_client [req-0ffa2ce3-c5ae-43b6-877d-8915e75937a2 req-0ffa2ce3-c5ae-43b6-877d-8915e75937a2 ] Request (FlavorsV261TestJSON:test_crud_flavor): 200 PUT http://10.180.1.21/compute/v2.1/flavors/1490582831 1.436s
2024-12-12 07:28:23.526 67456 INFO tempest.lib.common.rest_client [req-837ac5cc-ee93-470d-ad0d-2e2a60938475 req-837ac5cc-ee93-470d-ad0d-2e2a60938475 ] Request (InstanceUsageAuditLogTestJSON:tearDownClass): 201 POST http://10.180.1.21/identity/v3/auth/tokens 0.212s
2024-12-12 07:28:23.529 67418 INFO tempest.lib.common.rest_client [req-7bff2018-601e-413c-86df-3cc8ffc644c4 req-7bff2018-601e-413c-86df-3cc8ffc644c4 ] Request (FlavorMetadataValidation:tearDownClass): 204 DELETE http://10.180.1.21:9696/networking/v2.0/security-groups/b014e473-a356-41d2-9ef2-76c484ff41a0 0.207s
2024-12-12 07:28:23.535 67474 INFO tempest.lib.common.rest_client [req-fda02687-73f1-4f88-8c3a-67ac16a26ee2 req-fda02687-73f1-4f88-8c3a-67ac16a26ee2 ] Request (AZAdminV2TestJSON:tearDownClass): 200 GET http://10.180.1.21:9696/networking/v2.0/security-groups?tenant_id=69451e70b8ef4890846834d307ad327e&name=default 0.408s
2024-12-12 07:28:23.557 67462 INFO tempest.lib.common.rest_client [req-31766d95-7844-4ffd-bff8-816c95155c1a req-31766d95-7844-4ffd-bff8-816c95155c1a ] Request (InstanceUsageAuditLogNegativeTestJSON:tearDownClass): 201 POST http://10.180.1.21/identity/v3/auth/tokens 0.227s
2024-12-12 07:28:23.620 67466 INFO tempest.lib.common.rest_client [req-28f62299-dab7-427b-9a62-785bbc70fe5c req-28f62299-dab7-427b-9a62-785bbc70fe5c ] Request (FlavorsAccessNegativeTestJSON:test_add_flavor_access_duplicate): 200 POST http://10.180.1.21/compute/v2.1/flavors/822991675/action 1.568s
2024-12-12 07:28:23.623 67430 INFO tempest.lib.common.rest_client [req-07e29555-bbc3-40e1-964e-2c0521ffdc64 req-07e29555-bbc3-40e1-964e-2c0521ffdc64 ] Request (HypervisorAdminV228Test:tearDownClass): 204 DELETE http://10.180.1.21/identity/v3/projects/a6a7180e366843a3b0f5473396f6d993 0.272s
2024-12-12 07:28:23.640 67474 INFO tempest.lib.common.rest_client [req-5736b41e-19c7-4abc-9535-0b48437f90a5 req-5736b41e-19c7-4abc-9535-0b48437f90a5 ] Request (AZAdminV2TestJSON:tearDownClass): 204 DELETE http://10.180.1.21:9696/networking/v2.0/security-groups/cf590418-4bd2-462c-bd58-313432044a51 0.104s
2024-12-12 07:28:23.646 67454 INFO tempest.lib.common.rest_client [req-dc969007-2624-4ca2-b494-244e09ba9dc7 req-dc969007-2624-4ca2-b494-244e09ba9dc7 ] Request (FlavorsAdminTestJSON:_run_cleanups): 200 GET http://10.180.1.21/compute/v2.1/flavors/detail 1.501s
2024-12-12 07:28:23.660 67446 INFO tempest.lib.common.rest_client [req-db58fa51-cb8f-4431-a252-6a05b5b4dd9a req-db58fa51-cb8f-4431-a252-6a05b5b4dd9a ] Request (VolumesAssistedSnapshotsTest:setUpClass): 201 POST http://10.180.1.21:9696/networking/v2.0/routers 1.276s
2024-12-12 07:28:23.662 67438 INFO tempest.lib.common.rest_client [req-e44e85e0-905a-4454-9a8f-c01fd42aec39 req-e44e85e0-905a-4454-9a8f-c01fd42aec39 ] Request (FlavorsV255TestJSON:setUpClass): 200 GET http://10.180.1.21/identity/v3/roles 0.205s
2024-12-12 07:28:23.684 67432 INFO tempest.lib.common.rest_client [req-4a3e6e90-1820-49b9-bd1d-992f29fba573 req-4a3e6e90-1820-49b9-bd1d-992f29fba573 ] Request (QuotasAdminTestV236:test_get_updated_quotas): 200 GET http://10.180.1.21/identity/v3/domains?name=Default 0.208s
2024-12-12 07:28:23.761 67418 INFO tempest.lib.common.rest_client [req-163c6dca-84e6-41bf-8635-f98544eca96b req-163c6dca-84e6-41bf-8635-f98544eca96b ] Request (FlavorMetadataValidation:tearDownClass): 204 DELETE http://10.180.1.21/identity/v3/projects/582766c4d1414380bcc29dea944b4d96 0.232s
2024-12-12 07:28:23.762 67418 INFO tempest.lib.common.dynamic_creds [-] Deleting project and security group for project: 11076775a9c44297aaef7e73dab6bd62
2024-12-12 07:28:23.767 67440 INFO tempest.lib.common.rest_client [req-80fac2fd-c82a-4d56-acfa-0b60465f3c88 req-80fac2fd-c82a-4d56-acfa-0b60465f3c88 ] Request (ImagesMetadataTestJSON:setUp): 200 PUT http://10.180.1.21/compute/v2.1/images/fc5fdbd2-2e95-426c-9b05-0030889f9106/metadata 1.643s
2024-12-12 07:28:23.816 67434 INFO tempest.lib.common.rest_client [req-7a82558d-b451-4413-9cc5-896b87d3669b req-7a82558d-b451-4413-9cc5-896b87d3669b ] Request (KeyPairsV210TestJSON:test_admin_manage_keypairs_for_other_users): 201 POST http://10.180.1.21/compute/v2.1/os-keypairs 1.560s
2024-12-12 07:28:23.828 67430 INFO tempest.lib.common.rest_client [req-7f7ac636-0401-4daf-acb1-d89f41cdcd79 req-7f7ac636-0401-4daf-acb1-d89f41cdcd79 ] Request (HypervisorAdminNegativeUnderV252Test:setUpClass): 201 POST http://10.180.1.21/identity/v3/auth/tokens 0.203s
2024-12-12 07:28:23.854 67438 INFO tempest.lib.common.rest_client [req-0d8e0c1e-1d6d-4bc9-bc57-3e9a140e5119 req-0d8e0c1e-1d6d-4bc9-bc57-3e9a140e5119 ] Request (FlavorsV255TestJSON:setUpClass): 204 PUT http://10.180.1.21/identity/v3/projects/dfe5972482194a6686534c3f615d5f6e/users/32d891a5c7244d88ab239e48b6dd91fd/roles/0fbb00ca184c436dae003ad6d21b8e52 0.192s
2024-12-12 07:28:23.854 67438 INFO tempest.lib.common.dynamic_creds [-] Dynamic test user 32d891a5c7244d88ab239e48b6dd91fd is created with scope project and roles: ['admin']
2024-12-12 07:28:23.854 67438 INFO tempest.lib.common.dynamic_creds [-] Acquired dynamic creds: credentials: Credentials: {'domain_id': 'default', 'domain_name': 'Default', 'username': 'tempest-FlavorsV255TestJSON-1254312186-project-admin', 'project_domain_id': 'default', 'project_domain_name': 'Default', 'project_id': 'dfe5972482194a6686534c3f615d5f6e', 'project_name': 'tempest-FlavorsV255TestJSON-1254312186', 'tenant_id': 'dfe5972482194a6686534c3f615d5f6e', 'tenant_name': 'tempest-FlavorsV255TestJSON-1254312186', 'user_domain_id': 'default', 'user_domain_name': 'Default', 'user_id': '32d891a5c7244d88ab239e48b6dd91fd', 'system': None}, Network: None, Subnet: None, Router: None
2024-12-12 07:28:23.855 67438 INFO tempest.lib.common.dynamic_creds [-] Created isolated network resources for: credentials: Credentials: {'domain_id': 'default', 'domain_name': 'Default', 'username': 'tempest-FlavorsV255TestJSON-1254312186-project-admin', 'project_domain_id': 'default', 'project_domain_name': 'Default', 'project_id': 'dfe5972482194a6686534c3f615d5f6e', 'project_name': 'tempest-FlavorsV255TestJSON-1254312186', 'tenant_id': 'dfe5972482194a6686534c3f615d5f6e', 'tenant_name': 'tempest-FlavorsV255TestJSON-1254312186', 'user_domain_id': 'default', 'user_domain_name': 'Default', 'user_id': '32d891a5c7244d88ab239e48b6dd91fd', 'system': None}, Network: None, Subnet: None, Router: None
2024-12-12 07:28:23.889 67474 INFO tempest.lib.common.rest_client [req-7bbc56d7-fab1-4bda-aafb-eee55094261b req-7bbc56d7-fab1-4bda-aafb-eee55094261b ] Request (AZAdminV2TestJSON:tearDownClass): 204 DELETE http://10.180.1.21/identity/v3/projects/69451e70b8ef4890846834d307ad327e 0.248s
2024-12-12 07:28:23.889 67474 INFO tempest.lib.common.dynamic_creds [-] Deleting project and security group for project: 2744d1244b39496096f2a69c00bcf63d
2024-12-12 07:28:23.944 67430 INFO tempest.lib.common.rest_client [req-6c59ecba-e3e1-4bc0-b4be-2b1fe21365e6 req-6c59ecba-e3e1-4bc0-b4be-2b1fe21365e6 ] Request (HypervisorAdminNegativeUnderV252Test:setUpClass): 201 POST http://10.180.1.21/identity/v3/auth/tokens 0.114s
2024-12-12 07:28:23.959 67432 INFO tempest.lib.common.rest_client [req-14fb1b1f-b0b9-4d7a-b147-6e5784cf509a req-14fb1b1f-b0b9-4d7a-b147-6e5784cf509a ] Request (QuotasAdminTestV236:test_get_updated_quotas): 201 POST http://10.180.1.21/identity/v3/users 0.275s
2024-12-12 07:28:24.015 67438 INFO tempest.lib.common.rest_client [req-d98cfea9-a429-4975-afcc-cc6a2ec834e1 req-d98cfea9-a429-4975-afcc-cc6a2ec834e1 ] Request (FlavorsV255TestJSON:setUpClass): 201 POST http://10.180.1.21/identity/v3/auth/tokens 0.156s
2024-12-12 07:28:24.045 67432 INFO tempest.lib.common.rest_client [req-20c1738d-ded8-461c-9272-6c7c69ae93bc req-20c1738d-ded8-461c-9272-6c7c69ae93bc ] Request (QuotasAdminTestV236:test_get_updated_quotas): 200 GET http://10.180.1.21/identity/v3/domains?name=Default 0.085s
2024-12-12 07:28:24.047 67430 INFO tempest.lib.common.rest_client [req-42b3fc4c-fafa-4672-869a-f5c6afb00e0a req-42b3fc4c-fafa-4672-869a-f5c6afb00e0a ] Request (HypervisorAdminNegativeUnderV252Test:setUpClass): 200 GET http://10.180.1.21/identity/v3/domains?name=Default 0.102s
2024-12-12 07:28:24.078 67418 INFO tempest.lib.common.rest_client [req-19ce69ad-445f-4f32-aca2-ce854a20cb84 req-19ce69ad-445f-4f32-aca2-ce854a20cb84 ] Request (FlavorMetadataValidation:tearDownClass): 200 GET http://10.180.1.21:9696/networking/v2.0/security-groups?tenant_id=11076775a9c44297aaef7e73dab6bd62&name=default 0.316s
2024-12-12 07:28:24.100 67430 INFO tempest.lib.common.rest_client [req-5a56331c-b840-4d67-8270-346286d979f1 req-5a56331c-b840-4d67-8270-346286d979f1 ] Request (HypervisorAdminNegativeUnderV252Test:setUpClass): 201 POST http://10.180.1.21/identity/v3/projects 0.053s
2024-12-12 07:28:24.128 67462 INFO tempest.lib.common.rest_client [req-0d856d66-e9a6-47f4-9b2a-35c5c5fc2d81 req-0d856d66-e9a6-47f4-9b2a-35c5c5fc2d81 ] Request (InstanceUsageAuditLogNegativeTestJSON:tearDownClass): 200 GET http://10.180.1.21:9696/networking/v2.0/security-groups?tenant_id=6b88c339a4104441bde0239025d05ca6&name=default 0.571s
2024-12-12 07:28:24.144 67428 INFO tempest.lib.common.rest_client [req-2788e3c5-3ad3-48b9-be34-cc816a4e6078 req-2788e3c5-3ad3-48b9-be34-cc816a4e6078 ] Request (ImagesDeleteNegativeTestJSON:tearDownClass): 200 GET http://10.180.1.21:9696/networking/v2.0/security-groups?tenant_id=6946f6a5688b4ec8804ce3b4e916059a&name=default 0.647s
2024-12-12 07:28:24.159 67430 INFO tempest.lib.common.rest_client [req-adecfea9-c2e9-4751-8519-8e1376599da0 req-adecfea9-c2e9-4751-8519-8e1376599da0 ] Request (HypervisorAdminNegativeUnderV252Test:setUpClass): 201 POST http://10.180.1.21/identity/v3/users 0.059s
2024-12-12 07:28:24.178 67430 INFO tempest.lib.common.rest_client [req-f597c99e-f08c-4f71-9c38-cf864b0b8e0b req-f597c99e-f08c-4f71-9c38-cf864b0b8e0b ] Request (HypervisorAdminNegativeUnderV252Test:setUpClass): 200 GET http://10.180.1.21/identity/v3/roles 0.018s
2024-12-12 07:28:24.207 67430 INFO tempest.lib.common.rest_client [req-774968fa-74a3-49e8-85ab-b1e29e41823d req-774968fa-74a3-49e8-85ab-b1e29e41823d ] Request (HypervisorAdminNegativeUnderV252Test:setUpClass): 204 PUT http://10.180.1.21/identity/v3/projects/0f2e806fe9ae4b7da1ceed1e8371417e/users/8acea324da0845318af0afeeff103398/roles/9edbd9109c104fbb93a73a6732debbdb 0.028s
2024-12-12 07:28:24.207 67430 INFO tempest.lib.common.dynamic_creds [-] Dynamic test user 8acea324da0845318af0afeeff103398 is created with scope project and roles: ['member']
2024-12-12 07:28:24.207 67430 INFO tempest.lib.common.dynamic_creds [-] Acquired dynamic creds: credentials: Credentials: {'domain_id': 'default', 'domain_name': 'Default', 'username': 'tempest-HypervisorAdminNegativeUnderV252Test-771589076-project-member', 'project_domain_id': 'default', 'project_domain_name': 'Default', 'project_id': '0f2e806fe9ae4b7da1ceed1e8371417e', 'project_name': 'tempest-HypervisorAdminNegativeUnderV252Test-771589076', 'tenant_id': '0f2e806fe9ae4b7da1ceed1e8371417e', 'tenant_name': 'tempest-HypervisorAdminNegativeUnderV252Test-771589076', 'user_domain_id': 'default', 'user_domain_name': 'Default', 'user_id': '8acea324da0845318af0afeeff103398', 'system': None}, Network: None, Subnet: None, Router: None
2024-12-12 07:28:24.207 67430 INFO tempest.lib.common.dynamic_creds [-] Created isolated network resources for: credentials: Credentials: {'domain_id': 'default', 'domain_name': 'Default', 'username': 'tempest-HypervisorAdminNegativeUnderV252Test-771589076-project-member', 'project_domain_id': 'default', 'project_domain_name': 'Default', 'project_id': '0f2e806fe9ae4b7da1ceed1e8371417e', 'project_name': 'tempest-HypervisorAdminNegativeUnderV252Test-771589076', 'tenant_id': '0f2e806fe9ae4b7da1ceed1e8371417e', 'tenant_name': 'tempest-HypervisorAdminNegativeUnderV252Test-771589076', 'user_domain_id': 'default', 'user_domain_name': 'Default', 'user_id': '8acea324da0845318af0afeeff103398', 'system': None}, Network: None, Subnet: None, Router: None
2024-12-12 07:28:24.227 67474 INFO tempest.lib.common.rest_client [req-07560fd8-326b-4c4d-a4e5-afa604077231 req-07560fd8-326b-4c4d-a4e5-afa604077231 ] Request (AZAdminV2TestJSON:tearDownClass): 200 GET http://10.180.1.21:9696/networking/v2.0/security-groups?tenant_id=2744d1244b39496096f2a69c00bcf63d&name=default 0.337s
2024-12-12 07:28:24.255 67468 INFO tempest.lib.common.rest_client [req-4b0fb707-2463-41a4-b81e-41df9ed89e5d req-4b0fb707-2463-41a4-b81e-41df9ed89e5d ] Request (AggregatesAdminNegativeTestJSON:test_aggregate_add_existent_host): 200 POST http://10.180.1.21/compute/v2.1/os-aggregates/1/action 1.956s
2024-12-12 07:28:24.282 67456 INFO tempest.lib.common.rest_client [req-4776af04-671b-45b1-8d18-d2b3b75d210b req-4776af04-671b-45b1-8d18-d2b3b75d210b ] Request (InstanceUsageAuditLogTestJSON:tearDownClass): 200 GET http://10.180.1.21:9696/networking/v2.0/security-groups?tenant_id=10f83e27c93a4b78af4b516d8d2e1b98&name=default 0.755s
2024-12-12 07:28:24.295 67430 INFO tempest.lib.common.rest_client [req-f4818440-0bba-4725-85d5-627e819afb43 req-f4818440-0bba-4725-85d5-627e819afb43 ] Request (HypervisorAdminNegativeUnderV252Test:setUpClass): 201 POST http://10.180.1.21/identity/v3/auth/tokens 0.085s
2024-12-12 07:28:24.381 67430 INFO tempest.lib.common.rest_client [req-0bca5857-7172-4cbc-91bf-7b287f87dcef req-0bca5857-7172-4cbc-91bf-7b287f87dcef ] Request (HypervisorAdminNegativeUnderV252Test:setUpClass): 201 POST http://10.180.1.21/identity/v3/projects 0.084s
2024-12-12 07:28:24.414 67426 INFO tempest.lib.common.rest_client [req-cb9222e2-839a-4980-b73c-04dbbda4341e req-cb9222e2-839a-4980-b73c-04dbbda4341e ] Request (FloatingIPsAssociationTestJSON:setUpClass): 200 GET http://10.180.1.21/compute/v2.1/servers/c4d7bc46-0b9a-4f6e-b3e9-3f512ef7e03f 2.017s
2024-12-12 07:28:24.429 67426 INFO tempest.common.waiters [-] State transition "BUILD/None" ==> "BUILD/block_device_mapping" after 3 second wait
2024-12-12 07:28:24.460 67470 INFO tempest.lib.common.rest_client [req-97cadd61-8cc3-48ec-803e-d8a4681720a5 req-97cadd61-8cc3-48ec-803e-d8a4681720a5 ] Request (HypervisorAdminUnderV252Test:test_search_hypervisor): 200 GET http://10.180.1.21/compute/v2.1/os-hypervisors 2.044s
2024-12-12 07:28:24.464 67430 INFO tempest.lib.common.rest_client [req-c563bce8-eef2-4d93-bc2a-ca7638fc6fe6 req-c563bce8-eef2-4d93-bc2a-ca7638fc6fe6 ] Request (HypervisorAdminNegativeUnderV252Test:setUpClass): 201 POST http://10.180.1.21/identity/v3/users 0.083s
2024-12-12 07:28:24.465 67478 INFO tempest.lib.common.rest_client [req-07e3535a-b23e-4fbf-86ab-73ad16b8a3bd req-07e3535a-b23e-4fbf-86ab-73ad16b8a3bd ] Request (FlavorsExtraSpecsNegativeTestJSON:test_flavor_non_admin_set_keys): 403 POST http://10.180.1.21/compute/v2.1/flavors/1777637191/os-extra_specs 1.854s
2024-12-12 07:28:24.491 67428 INFO tempest.lib.common.rest_client [req-90c0251b-698a-4616-b2e1-a639625c6ad1 req-90c0251b-698a-4616-b2e1-a639625c6ad1 ] Request (ImagesDeleteNegativeTestJSON:tearDownClass): 204 DELETE http://10.180.1.21:9696/networking/v2.0/security-groups/766fa8a0-a6e0-4f22-9ab5-18650f7a9efe 0.346s
2024-12-12 07:28:24.497 67430 INFO tempest.lib.common.rest_client [req-b6ff287f-ec1c-42ba-9247-d3f2ecc19589 req-b6ff287f-ec1c-42ba-9247-d3f2ecc19589 ] Request (HypervisorAdminNegativeUnderV252Test:setUpClass): 200 GET http://10.180.1.21/identity/v3/roles 0.032s
2024-12-12 07:28:24.530 67430 INFO tempest.lib.common.rest_client [req-9f555192-b4e7-434c-9f68-ccdca8035dfc req-9f555192-b4e7-434c-9f68-ccdca8035dfc ] Request (HypervisorAdminNegativeUnderV252Test:setUpClass): 204 PUT http://10.180.1.21/identity/v3/projects/5de540da2269480b8864a68f55d0ea1f/users/46cef22ed0034783bce0aa001ddbc392/roles/0fbb00ca184c436dae003ad6d21b8e52 0.032s
2024-12-12 07:28:24.544 67462 INFO tempest.lib.common.rest_client [req-71d36bae-1010-499e-81b5-ac31b538e3b3 req-71d36bae-1010-499e-81b5-ac31b538e3b3 ] Request (InstanceUsageAuditLogNegativeTestJSON:tearDownClass): 204 DELETE http://10.180.1.21:9696/networking/v2.0/security-groups/be818564-043a-498a-8d04-9718d33cd094 0.415s
2024-12-12 07:28:24.552 67458 INFO tempest.lib.common.rest_client [req-cfe5c197-7dd4-422d-a313-b21c1362fd3d req-cfe5c197-7dd4-422d-a313-b21c1362fd3d ] Request (ServerExternalEventsTest:test_create_server_external_events): 200 GET http://10.180.1.21/compute/v2.1/servers/b4cfef43-d840-40dc-bad4-303750e486e9 1.844s
2024-12-12 07:28:24.554 67418 INFO tempest.lib.common.rest_client [req-dfe85361-6ac9-40cb-a0fd-0452dd3060a7 req-dfe85361-6ac9-40cb-a0fd-0452dd3060a7 ] Request (FlavorMetadataValidation:tearDownClass): 204 DELETE http://10.180.1.21:9696/networking/v2.0/security-groups/b39a7851-a0c9-4f40-9a70-4bb9984add6a 0.474s
2024-12-12 07:28:24.584 67428 INFO tempest.lib.common.rest_client [req-48ebbf8e-66c4-4a2a-a0c9-28178676b967 req-48ebbf8e-66c4-4a2a-a0c9-28178676b967 ] Request (ImagesDeleteNegativeTestJSON:tearDownClass): 204 DELETE http://10.180.1.21/identity/v3/projects/6946f6a5688b4ec8804ce3b4e916059a 0.093s
2024-12-12 07:28:24.602 67474 INFO tempest.lib.common.rest_client [req-1d56e3ba-456c-41fe-8f81-328eadc545b7 req-1d56e3ba-456c-41fe-8f81-328eadc545b7 ] Request (AZAdminV2TestJSON:tearDownClass): 204 DELETE http://10.180.1.21:9696/networking/v2.0/security-groups/55cd9709-5bdd-41c0-adb7-2ead9e593866 0.375s
2024-12-12 07:28:24.627 67456 INFO tempest.lib.common.rest_client [req-e3aa922d-a190-493d-a314-2dd7866886b8 req-e3aa922d-a190-493d-a314-2dd7866886b8 ] Request (InstanceUsageAuditLogTestJSON:tearDownClass): 204 DELETE http://10.180.1.21:9696/networking/v2.0/security-groups/ec8acfc2-5315-497f-9739-aa5127f6122b 0.345s
2024-12-12 07:28:24.636 67430 INFO tempest.lib.common.rest_client [req-554d1079-abe4-4289-9d8c-75d8e5a997b4 req-554d1079-abe4-4289-9d8c-75d8e5a997b4 ] Request (HypervisorAdminNegativeUnderV252Test:setUpClass): 200 GET http://10.180.1.21/identity/v3/roles 0.105s
2024-12-12 07:28:24.689 67462 INFO tempest.lib.common.rest_client [req-c174ff4b-fbe0-4cb7-854b-3a54e7e2cbb2 req-c174ff4b-fbe0-4cb7-854b-3a54e7e2cbb2 ] Request (InstanceUsageAuditLogNegativeTestJSON:tearDownClass): 204 DELETE http://10.180.1.21/identity/v3/projects/6b88c339a4104441bde0239025d05ca6 0.143s
2024-12-12 07:28:24.689 67462 INFO tempest.lib.common.dynamic_creds [-] Deleting project and security group for project: 414626fd0783487eb5244a63b4665126
2024-12-12 07:28:24.694 67418 INFO tempest.lib.common.rest_client [req-99bfb9bf-7b85-405a-931e-be8ae78b3832 req-99bfb9bf-7b85-405a-931e-be8ae78b3832 ] Request (FlavorMetadataValidation:tearDownClass): 204 DELETE http://10.180.1.21/identity/v3/projects/11076775a9c44297aaef7e73dab6bd62 0.138s
2024-12-12 07:28:24.753 67428 INFO tempest.lib.common.rest_client [req-ee757e42-3c11-4877-90b7-1d752b5bb173 req-ee757e42-3c11-4877-90b7-1d752b5bb173 ] Request (KeyPairsV2TestJSON:setUpClass): 201 POST http://10.180.1.21/identity/v3/auth/tokens 0.167s
2024-12-12 07:28:24.824 67474 INFO tempest.lib.common.rest_client [req-00f903f0-e421-4786-b025-997349ea262a req-00f903f0-e421-4786-b025-997349ea262a ] Request (AZAdminV2TestJSON:tearDownClass): 204 DELETE http://10.180.1.21/identity/v3/projects/2744d1244b39496096f2a69c00bcf63d 0.221s
2024-12-12 07:28:24.851 67476 INFO tempest.lib.common.rest_client [req-1e65ded5-58a4-4714-9b64-d7b1743f2ee2 req-1e65ded5-58a4-4714-9b64-d7b1743f2ee2 ] Request (FlavorsExtraSpecsTestJSON:test_flavor_non_admin_get_all_keys): 200 GET http://10.180.1.21/compute/v2.1/flavors/1775333522/os-extra_specs 2.083s
2024-12-12 07:28:24.887 67430 INFO tempest.lib.common.rest_client [req-5c3313b8-3b9d-4d8e-a24a-f94052f2fc06 req-5c3313b8-3b9d-4d8e-a24a-f94052f2fc06 ] Request (HypervisorAdminNegativeUnderV252Test:setUpClass): 204 PUT http://10.180.1.21/identity/v3/projects/5de540da2269480b8864a68f55d0ea1f/users/46cef22ed0034783bce0aa001ddbc392/roles/0fbb00ca184c436dae003ad6d21b8e52 0.250s
2024-12-12 07:28:24.887 67430 INFO tempest.lib.common.dynamic_creds [-] Dynamic test user 46cef22ed0034783bce0aa001ddbc392 is created with scope project and roles: ['admin']
2024-12-12 07:28:24.887 67430 INFO tempest.lib.common.dynamic_creds [-] Acquired dynamic creds: credentials: Credentials: {'domain_id': 'default', 'domain_name': 'Default', 'username': 'tempest-HypervisorAdminNegativeUnderV252Test-1823569071-project-admin', 'project_domain_id': 'default', 'project_domain_name': 'Default', 'project_id': '5de540da2269480b8864a68f55d0ea1f', 'project_name': 'tempest-HypervisorAdminNegativeUnderV252Test-1823569071', 'tenant_id': '5de540da2269480b8864a68f55d0ea1f', 'tenant_name': 'tempest-HypervisorAdminNegativeUnderV252Test-1823569071', 'user_domain_id': 'default', 'user_domain_name': 'Default', 'user_id': '46cef22ed0034783bce0aa001ddbc392', 'system': None}, Network: None, Subnet: None, Router: None
2024-12-12 07:28:24.887 67430 INFO tempest.lib.common.dynamic_creds [-] Created isolated network resources for: credentials: Credentials: {'domain_id': 'default', 'domain_name': 'Default', 'username': 'tempest-HypervisorAdminNegativeUnderV252Test-1823569071-project-admin', 'project_domain_id': 'default', 'project_domain_name': 'Default', 'project_id': '5de540da2269480b8864a68f55d0ea1f', 'project_name': 'tempest-HypervisorAdminNegativeUnderV252Test-1823569071', 'tenant_id': '5de540da2269480b8864a68f55d0ea1f', 'tenant_name': 'tempest-HypervisorAdminNegativeUnderV252Test-1823569071', 'user_domain_id': 'default', 'user_domain_name': 'Default', 'user_id': '46cef22ed0034783bce0aa001ddbc392', 'system': None}, Network: None, Subnet: None, Router: None
2024-12-12 07:28:24.912 67462 INFO tempest.lib.common.rest_client [req-054fc73a-abc5-4b5a-8b4a-23a360b4038e req-054fc73a-abc5-4b5a-8b4a-23a360b4038e ] Request (InstanceUsageAuditLogNegativeTestJSON:tearDownClass): 200 GET http://10.180.1.21:9696/networking/v2.0/security-groups?tenant_id=414626fd0783487eb5244a63b4665126&name=default 0.222s
2024-12-12 07:28:24.939 67418 INFO tempest.lib.common.rest_client [req-b1c8a4cf-ec8e-40f4-991e-377d875dcf24 req-b1c8a4cf-ec8e-40f4-991e-377d875dcf24 ] Request (ImagesTestJSON:setUpClass): 201 POST http://10.180.1.21/identity/v3/auth/tokens 0.243s
2024-12-12 07:28:24.982 67456 INFO tempest.lib.common.rest_client [req-5fda2c00-e2f4-4cff-9e61-f9a344abddbc req-5fda2c00-e2f4-4cff-9e61-f9a344abddbc ] Request (InstanceUsageAuditLogTestJSON:tearDownClass): 204 DELETE http://10.180.1.21/identity/v3/projects/10f83e27c93a4b78af4b516d8d2e1b98 0.352s
2024-12-12 07:28:24.982 67456 INFO tempest.lib.common.dynamic_creds [-] Deleting project and security group for project: 6b7bc92ee521466aabcc2bfcc60f98b1
2024-12-12 07:28:25.001 67428 INFO tempest.lib.common.rest_client [req-0b73f15e-9a29-4ec4-ba49-4e7b83ded3d7 req-0b73f15e-9a29-4ec4-ba49-4e7b83ded3d7 ] Request (KeyPairsV2TestJSON:setUpClass): 201 POST http://10.180.1.21/identity/v3/auth/tokens 0.190s
2024-12-12 07:28:25.010 67474 INFO tempest.lib.common.rest_client [req-e10fa045-4d72-4af3-b4a5-f15b7ad8695e req-e10fa045-4d72-4af3-b4a5-f15b7ad8695e ] Request (FlavorsAccessTestJSON:setUpClass): 201 POST http://10.180.1.21/identity/v3/auth/tokens 0.183s
2024-12-12 07:28:25.062 67420 INFO tempest.lib.common.rest_client [req-97b7cd85-8119-45f3-a962-4c18b3e18e3a req-97b7cd85-8119-45f3-a962-4c18b3e18e3a ] Request (SecurityGroupsTestAdminJSON:test_list_security_groups_list_all_tenants_filter): 200 GET http://10.180.1.21/compute/v2.1/os-security-groups?all_tenants=true 2.817s
2024-12-12 07:28:25.090 67444 INFO tempest.lib.common.rest_client [req-63aa7c81-9708-4438-bc60-b95e8e408065 req-63aa7c81-9708-4438-bc60-b95e8e408065 ] Request (HypervisorAdminTestJSON:test_get_hypervisor_show_details): 200 GET http://10.180.1.21/compute/v2.1/os-hypervisors/1 2.187s
2024-12-12 07:28:25.093 67430 INFO tempest.lib.common.rest_client [req-0f706bb2-3354-44c8-a1c8-40a3471d9a6c req-0f706bb2-3354-44c8-a1c8-40a3471d9a6c ] Request (HypervisorAdminNegativeUnderV252Test:setUpClass): 201 POST http://10.180.1.21/identity/v3/auth/tokens 0.199s
2024-12-12 07:28:25.124 67418 INFO tempest.lib.common.rest_client [req-71a0a7fb-3d21-44ef-888d-bf49980d0f53 req-71a0a7fb-3d21-44ef-888d-bf49980d0f53 ] Request (ImagesTestJSON:setUpClass): 201 POST http://10.180.1.21/identity/v3/auth/tokens 0.182s
2024-12-12 07:28:25.138 67456 INFO tempest.lib.common.rest_client [req-fca33798-cad7-4a54-92a8-411e5de68abe req-fca33798-cad7-4a54-92a8-411e5de68abe ] Request (InstanceUsageAuditLogTestJSON:tearDownClass): 200 GET http://10.180.1.21:9696/networking/v2.0/security-groups?tenant_id=6b7bc92ee521466aabcc2bfcc60f98b1&name=default 0.156s
2024-12-12 07:28:25.144 67428 INFO tempest.lib.common.rest_client [req-afc953d4-808c-4dcd-975c-626203744f78 req-afc953d4-808c-4dcd-975c-626203744f78 ] Request (KeyPairsV2TestJSON:setUpClass): 200 GET http://10.180.1.21/identity/v3/domains?name=Default 0.142s
2024-12-12 07:28:25.146 67474 INFO tempest.lib.common.rest_client [req-554284e0-8347-41ec-b30b-97fb22125c2b req-554284e0-8347-41ec-b30b-97fb22125c2b ] Request (FlavorsAccessTestJSON:setUpClass): 201 POST http://10.180.1.21/identity/v3/auth/tokens 0.132s
2024-12-12 07:28:25.156 67436 INFO tempest.lib.common.rest_client [req-55a460e6-a162-48f0-b9e6-0510fbde9fd7 req-55a460e6-a162-48f0-b9e6-0510fbde9fd7 ] Request (ServersWithSpecificFlavorTestJSON:test_verify_created_server_ephemeral_disk): 200 GET http://10.180.1.21/compute/v2.1/flavors/42 2.285s
2024-12-12 07:28:25.173 67418 INFO tempest.lib.common.rest_client [req-53b9dbe6-0f49-4443-9e05-be0ad15d621b req-53b9dbe6-0f49-4443-9e05-be0ad15d621b ] Request (ImagesTestJSON:setUpClass): 200 GET http://10.180.1.21/identity/v3/domains?name=Default 0.049s
2024-12-12 07:28:25.180 67462 INFO tempest.lib.common.rest_client [req-a15544d1-5f22-4164-a990-e0c5a5c1b85d req-a15544d1-5f22-4164-a990-e0c5a5c1b85d ] Request (InstanceUsageAuditLogNegativeTestJSON:tearDownClass): 204 DELETE http://10.180.1.21:9696/networking/v2.0/security-groups/62cd0f10-41be-407f-b9ae-dada4f0a8901 0.268s
2024-12-12 07:28:25.188 67448 INFO tempest.lib.common.rest_client [req-4423db08-4716-446c-83c1-c964c6b6adb3 req-4423db08-4716-446c-83c1-c964c6b6adb3 ] Request (HostsAdminNegativeTestJSON:test_show_host_detail_with_non_admin_user): 403 GET http://10.180.1.21/compute/v2.1/os-hosts/devstack 2.245s
2024-12-12 07:28:25.194 67474 INFO tempest.lib.common.rest_client [req-ed9d9286-cf68-4647-9929-794bed94a061 req-ed9d9286-cf68-4647-9929-794bed94a061 ] Request (FlavorsAccessTestJSON:setUpClass): 200 GET http://10.180.1.21/identity/v3/domains?name=Default 0.048s
2024-12-12 07:28:25.204 67460 INFO tempest.lib.common.rest_client [req-75c3992c-213c-4093-a2de-a01229647d1a req-75c3992c-213c-4093-a2de-a01229647d1a ] Request (ServicesAdminTestJSON:test_list_services): 200 GET http://10.180.1.21/compute/v2.1/os-services 2.190s
2024-12-12 07:28:25.213 67450 INFO tempest.lib.common.rest_client [req-c31a323c-ec85-410b-8ec6-4a6a17d9811e req-c31a323c-ec85-410b-8ec6-4a6a17d9811e ] Request (ServerDiagnosticsV248Test:test_get_server_diagnostics): 200 GET http://10.180.1.21/compute/v2.1/servers/440afce9-d205-40ee-9101-82d751e72a1a 2.310s
2024-12-12 07:28:25.220 67428 INFO tempest.lib.common.rest_client [req-03c95705-f829-4ace-9c8d-d57f49f844ed req-03c95705-f829-4ace-9c8d-d57f49f844ed ] Request (KeyPairsV2TestJSON:setUpClass): 201 POST http://10.180.1.21/identity/v3/projects 0.075s
2024-12-12 07:28:25.226 67418 INFO tempest.lib.common.rest_client [req-29590dff-ef6e-4caa-b7b0-f5fe7b3e558f req-29590dff-ef6e-4caa-b7b0-f5fe7b3e558f ] Request (ImagesTestJSON:setUpClass): 201 POST http://10.180.1.21/identity/v3/projects 0.053s
2024-12-12 07:28:25.229 67480 INFO tempest.lib.common.rest_client [req-25f2af74-d92c-429b-b3b2-6a782da4180c req-25f2af74-d92c-429b-b3b2-6a782da4180c ] Request (FlavorsV261TestJSON:test_crud_flavor): 200 GET http://10.180.1.21/compute/v2.1/flavors/detail 1.717s
2024-12-12 07:28:25.257 67454 INFO tempest.lib.common.rest_client [req-0a943606-66cd-47be-a0b9-a0449b9571d2 req-0a943606-66cd-47be-a0b9-a0449b9571d2 ] Request (FlavorsAdminTestJSON:test_create_flavor_verify_entry_in_list_details): 200 POST http://10.180.1.21/compute/v2.1/flavors 1.546s
2024-12-12 07:28:25.278 67474 INFO tempest.lib.common.rest_client [req-06e075ae-17a6-4a3c-89d3-9a581ed3291d req-06e075ae-17a6-4a3c-89d3-9a581ed3291d ] Request (FlavorsAccessTestJSON:setUpClass): 201 POST http://10.180.1.21/identity/v3/projects 0.083s
2024-12-12 07:28:25.283 67456 INFO tempest.lib.common.rest_client [req-ca6a57fa-a003-4829-882b-e160912b52a6 req-ca6a57fa-a003-4829-882b-e160912b52a6 ] Request (InstanceUsageAuditLogTestJSON:tearDownClass): 204 DELETE http://10.180.1.21:9696/networking/v2.0/security-groups/12f7479a-485b-4152-a8bd-19449009fb58 0.145s
2024-12-12 07:28:25.367 67462 INFO tempest.lib.common.rest_client [req-527e8fe4-e4d4-43a2-ba96-2a2a9f8c0d6a req-527e8fe4-e4d4-43a2-ba96-2a2a9f8c0d6a ] Request (InstanceUsageAuditLogNegativeTestJSON:tearDownClass): 204 DELETE http://10.180.1.21/identity/v3/projects/414626fd0783487eb5244a63b4665126 0.186s
2024-12-12 07:28:25.369 67460 INFO tempest.lib.common.rest_client [req-c27fc7b1-9093-4e28-9b79-615d2b6342ea req-c27fc7b1-9093-4e28-9b79-615d2b6342ea ] Request (ServicesAdminTestJSON:tearDownClass): 204 DELETE http://10.180.1.21/identity/v3/users/df743c620103495f8b7ae0b7f9ff4a66 0.162s
2024-12-12 07:28:25.435 67418 INFO tempest.lib.common.rest_client [req-5ae7901a-daff-451a-a03b-5ea17d7874d7 req-5ae7901a-daff-451a-a03b-5ea17d7874d7 ] Request (ImagesTestJSON:setUpClass): 201 POST http://10.180.1.21/identity/v3/users 0.208s
2024-12-12 07:28:25.449 67428 INFO tempest.lib.common.rest_client [req-26849645-cae5-4217-bfe3-db223711886e req-26849645-cae5-4217-bfe3-db223711886e ] Request (KeyPairsV2TestJSON:setUpClass): 201 POST http://10.180.1.21/identity/v3/users 0.228s
2024-12-12 07:28:25.464 67440 INFO tempest.lib.common.rest_client [req-74b77dc0-c878-41fd-9e79-96433b125734 req-74b77dc0-c878-41fd-9e79-96433b125734 ] Request (ImagesMetadataTestJSON:test_delete_image_metadata_item): 204 DELETE http://10.180.1.21/compute/v2.1/images/fc5fdbd2-2e95-426c-9b05-0030889f9106/metadata/os_version 1.695s
2024-12-12 07:28:25.465 67474 INFO tempest.lib.common.rest_client [req-7ed58d1f-6663-4872-91b4-fe26723daa11 req-7ed58d1f-6663-4872-91b4-fe26723daa11 ] Request (FlavorsAccessTestJSON:setUpClass): 201 POST http://10.180.1.21/identity/v3/users 0.187s
2024-12-12 07:28:25.476 67434 INFO tempest.lib.common.rest_client [req-e79ca55b-c94f-45fe-b856-159f81901fd6 req-e79ca55b-c94f-45fe-b856-159f81901fd6 ] Request (KeyPairsV210TestJSON:test_admin_manage_keypairs_for_other_users): 200 GET http://10.180.1.21/compute/v2.1/os-keypairs?user_id=3e44b11e77494846ac447d4a853d6d54 1.658s
2024-12-12 07:28:25.507 67456 INFO tempest.lib.common.rest_client [req-f1dbf1dd-d3c0-4392-bee8-2173f044ffb0 req-f1dbf1dd-d3c0-4392-bee8-2173f044ffb0 ] Request (InstanceUsageAuditLogTestJSON:tearDownClass): 204 DELETE http://10.180.1.21/identity/v3/projects/6b7bc92ee521466aabcc2bfcc60f98b1 0.223s
2024-12-12 07:28:25.533 67452 INFO tempest.lib.common.rest_client [req-3a8ae6bb-670c-4b9e-acb0-367035073301 req-3a8ae6bb-670c-4b9e-acb0-367035073301 ] Request (ImagesOneServerTestJSON:setUpClass): 200 GET http://10.180.1.21/compute/v2.1/servers/20881a6c-47ee-49e4-a3c3-250e8c91c8c2 1.669s
2024-12-12 07:28:25.564 67462 INFO tempest.lib.common.rest_client [req-2df5a343-0334-4941-8297-e6ea113d44fa req-2df5a343-0334-4941-8297-e6ea113d44fa ] Request (FlavorsV2TestJSON:setUpClass): 201 POST http://10.180.1.21/identity/v3/auth/tokens 0.194s
2024-12-12 07:28:25.579 67442 INFO tempest.lib.common.rest_client [req-43a6ee7f-6145-4f50-8b53-606d09b3a22f req-43a6ee7f-6145-4f50-8b53-606d09b3a22f ] Request (SecurityGroupsTestJSON:setUpClass): 200 PUT http://10.180.1.21:9696/networking/v2.0/routers/bbb7a651-cde4-4008-8a80-4e173d464698/add_router_interface 2.098s
2024-12-12 07:28:25.579 67442 INFO tempest.lib.common.dynamic_creds [-] Created isolated network resources for: credentials: Credentials: {'domain_id': 'default', 'domain_name': 'Default', 'username': 'tempest-SecurityGroupsTestJSON-363764289-project-member', 'project_domain_id': 'default', 'project_domain_name': 'Default', 'project_id': '93f60da69baf40969264e09fbb327825', 'project_name': 'tempest-SecurityGroupsTestJSON-363764289', 'tenant_id': '93f60da69baf40969264e09fbb327825', 'tenant_name': 'tempest-SecurityGroupsTestJSON-363764289', 'user_domain_id': 'default', 'user_domain_name': 'Default', 'user_id': '086ae568ea94473fafcd6444dbeead63', 'system': None}, Network: {'id': '9dab6259-662e-46dd-87a2-f5c42ac4d07d', 'name': 'tempest-SecurityGroupsTestJSON-1145556615-network', 'tenant_id': '93f60da69baf40969264e09fbb327825', 'admin_state_up': True, 'mtu': 8950, 'status': 'ACTIVE', 'subnets': [], 'shared': False, 'project_id': '93f60da69baf40969264e09fbb327825', 'port_security_enabled': True, 'router:external': False, 'provider:network_type': 'vlan', 'provider:physical_network': 'default', 'provider:segmentation_id': 751, 'availability_zone_hints': [], 'availability_zones': [], 'ipv4_address_scope': None, 'ipv6_address_scope': None, 'description': '', 'tags': [], 'created_at': '2024-12-12T07:28:21Z', 'updated_at': '2024-12-12T07:28:21Z', 'revision_number': 1}, Subnet: {'id': '7bf687cc-361a-4bcf-8e17-d6bcd414517c', 'name': 'tempest-SecurityGroupsTestJSON-1145556615-subnet', 'tenant_id': '93f60da69baf40969264e09fbb327825', 'network_id': '9dab6259-662e-46dd-87a2-f5c42ac4d07d', 'ip_version': 4, 'subnetpool_id': None, 'enable_dhcp': True, 'ipv6_ra_mode': None, 'ipv6_address_mode': None, 'gateway_ip': '192.168.128.1', 'cidr': '192.168.128.0/28', 'allocation_pools': [{'start': '192.168.128.2', 'end': '192.168.128.14'}], 'host_routes': [], 'dns_nameservers': [], 'description': '', 'router:external': False, 'service_types': [], 'tags': [], 'created_at': '2024-12-12T07:28:21Z', 'updated_at': '2024-12-12T07:28:21Z', 'revision_number': 0, 'project_id': '93f60da69baf40969264e09fbb327825'}, Router: {'id': 'bbb7a651-cde4-4008-8a80-4e173d464698', 'name': 'tempest-SecurityGroupsTestJSON-1145556615-router', 'tenant_id': '93f60da69baf40969264e09fbb327825', 'admin_state_up': True, 'status': 'ACTIVE', 'external_gateway_info': {'network_id': 'cd8d8ae1-f89c-46a7-adcd-d52b3ca901d5', 'external_fixed_ips': [{'subnet_id': '259c0b64-6a14-4f60-83c5-8324d4c764f3', 'ip_address': '10.180.180.234'}], 'enable_snat': True}, 'description': '', 'availability_zones': [], 'distributed': False, 'ha': False, 'availability_zone_hints': [], 'routes': [], 'flavor_id': None, 'tags': [], 'created_at': '2024-12-12T07:28:22Z', 'updated_at': '2024-12-12T07:28:22Z', 'revision_number': 2, 'project_id': '93f60da69baf40969264e09fbb327825'}
2024-12-12 07:28:25.585 67418 INFO tempest.lib.common.rest_client [req-faf50312-b537-4196-a6c3-9723f6eb46f3 req-faf50312-b537-4196-a6c3-9723f6eb46f3 ] Request (ImagesTestJSON:setUpClass): 200 GET http://10.180.1.21/identity/v3/roles 0.147s
2024-12-12 07:28:25.600 67424 INFO tempest.lib.common.rest_client [req-01f92275-b807-4829-8ce5-0ea4b07d3570 req-01f92275-b807-4829-8ce5-0ea4b07d3570 ] Request (ServerDiagnosticsNegativeTest:test_get_server_diagnostics_by_non_admin): 200 GET http://10.180.1.21/compute/v2.1/servers/f371493e-8d5c-41ac-a4a5-bde83cbbca3a 1.638s
2024-12-12 07:28:25.621 67460 INFO tempest.lib.common.rest_client [req-b15695fc-4cd4-4226-9e92-ffd0dc3a7a5a req-b15695fc-4cd4-4226-9e92-ffd0dc3a7a5a ] Request (ServicesAdminTestJSON:tearDownClass): 204 DELETE http://10.180.1.21/identity/v3/users/0e070156dbaf4e21b71206df05643434 0.251s
2024-12-12 07:28:25.622 67460 INFO tempest.lib.common.dynamic_creds [-] Deleting project and security group for project: 142c44fa955245a8ae3a980c09b880d3
2024-12-12 07:28:25.677 67428 INFO tempest.lib.common.rest_client [req-a4e11a2d-f83d-45e2-b1ef-bfd3e6e9d532 req-a4e11a2d-f83d-45e2-b1ef-bfd3e6e9d532 ] Request (KeyPairsV2TestJSON:setUpClass): 200 GET http://10.180.1.21/identity/v3/roles 0.227s
2024-12-12 07:28:25.696 67474 INFO tempest.lib.common.rest_client [req-a0d982c9-de17-40cf-b2df-e086f2480cc3 req-a0d982c9-de17-40cf-b2df-e086f2480cc3 ] Request (FlavorsAccessTestJSON:setUpClass): 200 GET http://10.180.1.21/identity/v3/roles 0.229s
2024-12-12 07:28:25.705 67466 INFO tempest.lib.common.rest_client [req-89fd9feb-69e7-4d2c-8a6e-f3b3f4dec867 req-89fd9feb-69e7-4d2c-8a6e-f3b3f4dec867 ] Request (FlavorsAccessNegativeTestJSON:test_add_flavor_access_duplicate): 409 POST http://10.180.1.21/compute/v2.1/flavors/822991675/action 2.083s
2024-12-12 07:28:25.715 67456 INFO tempest.lib.common.rest_client [req-f32705a2-2b19-4fd8-b560-9b6f71a3e9aa req-f32705a2-2b19-4fd8-b560-9b6f71a3e9aa ] Request (FloatingIPDetailsNegativeTestJSON:setUpClass): 201 POST http://10.180.1.21/identity/v3/auth/tokens 0.205s
2024-12-12 07:28:25.737 67462 INFO tempest.lib.common.rest_client [req-f7e5ab16-b912-4c23-8d75-5dbe20815f23 req-f7e5ab16-b912-4c23-8d75-5dbe20815f23 ] Request (FlavorsV2TestJSON:setUpClass): 201 POST http://10.180.1.21/identity/v3/auth/tokens 0.169s
2024-12-12 07:28:25.785 67446 INFO tempest.lib.common.rest_client [req-c36c46e4-0116-44a8-b3fb-96065caa47f3 req-c36c46e4-0116-44a8-b3fb-96065caa47f3 ] Request (VolumesAssistedSnapshotsTest:setUpClass): 200 PUT http://10.180.1.21:9696/networking/v2.0/routers/2d5548f6-99e0-4b7c-b284-6f564853bef2/add_router_interface 2.124s
2024-12-12 07:28:25.785 67446 INFO tempest.lib.common.dynamic_creds [-] Created isolated network resources for: credentials: Credentials: {'domain_id': 'default', 'domain_name': 'Default', 'username': 'tempest-VolumesAssistedSnapshotsTest-2055485021-project', 'project_domain_id': 'default', 'project_domain_name': 'Default', 'project_id': '94aa4c3021dd4e00aa3b341a3b118e2a', 'project_name': 'tempest-VolumesAssistedSnapshotsTest-2055485021', 'tenant_id': '94aa4c3021dd4e00aa3b341a3b118e2a', 'tenant_name': 'tempest-VolumesAssistedSnapshotsTest-2055485021', 'user_domain_id': 'default', 'user_domain_name': 'Default', 'user_id': '1203ea880f6d45f7a977a273b62b705e', 'system': None}, Network: {'id': '94d15bf3-d505-434c-ad08-b2a791c0c13a', 'name': 'tempest-VolumesAssistedSnapshotsTest-282522321-network', 'tenant_id': '94aa4c3021dd4e00aa3b341a3b118e2a', 'admin_state_up': True, 'mtu': 8950, 'status': 'ACTIVE', 'subnets': [], 'shared': False, 'project_id': '94aa4c3021dd4e00aa3b341a3b118e2a', 'port_security_enabled': True, 'router:external': False, 'provider:network_type': 'vlan', 'provider:physical_network': 'default', 'provider:segmentation_id': 713, 'availability_zone_hints': [], 'availability_zones': [], 'ipv4_address_scope': None, 'ipv6_address_scope': None, 'description': '', 'tags': [], 'created_at': '2024-12-12T07:28:21Z', 'updated_at': '2024-12-12T07:28:21Z', 'revision_number': 1}, Subnet: {'id': '66e04a94-a314-48cc-b74d-6f2224be7817', 'name': 'tempest-VolumesAssistedSnapshotsTest-282522321-subnet', 'tenant_id': '94aa4c3021dd4e00aa3b341a3b118e2a', 'network_id': '94d15bf3-d505-434c-ad08-b2a791c0c13a', 'ip_version': 4, 'subnetpool_id': None, 'enable_dhcp': True, 'ipv6_ra_mode': None, 'ipv6_address_mode': None, 'gateway_ip': '192.168.128.1', 'cidr': '192.168.128.0/28', 'allocation_pools': [{'start': '192.168.128.2', 'end': '192.168.128.14'}], 'host_routes': [], 'dns_nameservers': [], 'description': '', 'router:external': False, 'service_types': [], 'tags': [], 'created_at': '2024-12-12T07:28:22Z', 'updated_at': '2024-12-12T07:28:22Z', 'revision_number': 0, 'project_id': '94aa4c3021dd4e00aa3b341a3b118e2a'}, Router: {'id': '2d5548f6-99e0-4b7c-b284-6f564853bef2', 'name': 'tempest-VolumesAssistedSnapshotsTest-282522321-router', 'tenant_id': '94aa4c3021dd4e00aa3b341a3b118e2a', 'admin_state_up': True, 'status': 'ACTIVE', 'external_gateway_info': {'network_id': 'cd8d8ae1-f89c-46a7-adcd-d52b3ca901d5', 'external_fixed_ips': [{'subnet_id': '259c0b64-6a14-4f60-83c5-8324d4c764f3', 'ip_address': '10.180.180.150'}], 'enable_snat': True}, 'description': '', 'availability_zones': [], 'distributed': False, 'ha': False, 'availability_zone_hints': [], 'routes': [], 'flavor_id': None, 'tags': [], 'created_at': '2024-12-12T07:28:22Z', 'updated_at': '2024-12-12T07:28:23Z', 'revision_number': 2, 'project_id': '94aa4c3021dd4e00aa3b341a3b118e2a'}
2024-12-12 07:28:25.806 67442 INFO tempest.lib.common.rest_client [req-dc02cf8a-553b-4f92-8ae9-90a4474a4d81 req-dc02cf8a-553b-4f92-8ae9-90a4474a4d81 ] Request (SecurityGroupsTestJSON:setUpClass): 201 POST http://10.180.1.21/identity/v3/auth/tokens 0.221s
2024-12-12 07:28:25.823 67418 INFO tempest.lib.common.rest_client [req-2e5bd55e-25dc-477b-b5ab-98280535dfb9 req-2e5bd55e-25dc-477b-b5ab-98280535dfb9 ] Request (ImagesTestJSON:setUpClass): 204 PUT http://10.180.1.21/identity/v3/projects/ae8e28dbc19e486f93084cad4879104a/users/751a2321e2cc49aea877a3af2f6682b9/roles/9edbd9109c104fbb93a73a6732debbdb 0.237s
2024-12-12 07:28:25.823 67418 INFO tempest.lib.common.dynamic_creds [-] Dynamic test user 751a2321e2cc49aea877a3af2f6682b9 is created with scope project and roles: ['member']
2024-12-12 07:28:25.823 67418 INFO tempest.lib.common.dynamic_creds [-] Acquired dynamic creds: credentials: Credentials: {'domain_id': 'default', 'domain_name': 'Default', 'username': 'tempest-ImagesTestJSON-1512615702-project-member', 'project_domain_id': 'default', 'project_domain_name': 'Default', 'project_id': 'ae8e28dbc19e486f93084cad4879104a', 'project_name': 'tempest-ImagesTestJSON-1512615702', 'tenant_id': 'ae8e28dbc19e486f93084cad4879104a', 'tenant_name': 'tempest-ImagesTestJSON-1512615702', 'user_domain_id': 'default', 'user_domain_name': 'Default', 'user_id': '751a2321e2cc49aea877a3af2f6682b9', 'system': None}, Network: None, Subnet: None, Router: None
2024-12-12 07:28:25.878 67438 INFO tempest.lib.common.rest_client [req-91727a6a-d508-4f2f-a260-43e6389354aa req-91727a6a-d508-4f2f-a260-43e6389354aa ] Request (FlavorsV255TestJSON:test_crud_flavor): 200 POST http://10.180.1.21/compute/v2.1/flavors 1.861s
2024-12-12 07:28:25.890 67460 INFO tempest.lib.common.rest_client [req-6c10744b-7b18-480f-94fe-1885efa35373 req-6c10744b-7b18-480f-94fe-1885efa35373 ] Request (ServicesAdminTestJSON:tearDownClass): 201 POST http://10.180.1.21/identity/v3/auth/tokens 0.268s
2024-12-12 07:28:25.913 67428 INFO tempest.lib.common.rest_client [req-fda4c161-bb82-4289-b3f2-f65b949f738d req-fda4c161-bb82-4289-b3f2-f65b949f738d ] Request (KeyPairsV2TestJSON:setUpClass): 204 PUT http://10.180.1.21/identity/v3/projects/5f9d140682694dcf9fb352882de51faa/users/fcf9f17db6134ae39e1a7af0648e398d/roles/9edbd9109c104fbb93a73a6732debbdb 0.235s
2024-12-12 07:28:25.913 67428 INFO tempest.lib.common.dynamic_creds [-] Dynamic test user fcf9f17db6134ae39e1a7af0648e398d is created with scope project and roles: ['member']
2024-12-12 07:28:25.913 67428 INFO tempest.lib.common.dynamic_creds [-] Acquired dynamic creds: credentials: Credentials: {'domain_id': 'default', 'domain_name': 'Default', 'username': 'tempest-KeyPairsV2TestJSON-541429901-project-member', 'project_domain_id': 'default', 'project_domain_name': 'Default', 'project_id': '5f9d140682694dcf9fb352882de51faa', 'project_name': 'tempest-KeyPairsV2TestJSON-541429901', 'tenant_id': '5f9d140682694dcf9fb352882de51faa', 'tenant_name': 'tempest-KeyPairsV2TestJSON-541429901', 'user_domain_id': 'default', 'user_domain_name': 'Default', 'user_id': 'fcf9f17db6134ae39e1a7af0648e398d', 'system': None}, Network: None, Subnet: None, Router: None
2024-12-12 07:28:25.913 67428 INFO tempest.lib.common.dynamic_creds [-] Created isolated network resources for: credentials: Credentials: {'domain_id': 'default', 'domain_name': 'Default', 'username': 'tempest-KeyPairsV2TestJSON-541429901-project-member', 'project_domain_id': 'default', 'project_domain_name': 'Default', 'project_id': '5f9d140682694dcf9fb352882de51faa', 'project_name': 'tempest-KeyPairsV2TestJSON-541429901', 'tenant_id': '5f9d140682694dcf9fb352882de51faa', 'tenant_name': 'tempest-KeyPairsV2TestJSON-541429901', 'user_domain_id': 'default', 'user_domain_name': 'Default', 'user_id': 'fcf9f17db6134ae39e1a7af0648e398d', 'system': None}, Network: None, Subnet: None, Router: None
2024-12-12 07:28:25.918 67474 INFO tempest.lib.common.rest_client [req-7f876583-22c4-465d-80c2-280e01513644 req-7f876583-22c4-465d-80c2-280e01513644 ] Request (FlavorsAccessTestJSON:setUpClass): 204 PUT http://10.180.1.21/identity/v3/projects/0ad97cf9fbac4522972baa55747a1337/users/2cf58cc76b43492c9297eae66a3fe196/roles/9edbd9109c104fbb93a73a6732debbdb 0.222s
2024-12-12 07:28:25.918 67474 INFO tempest.lib.common.dynamic_creds [-] Dynamic test user 2cf58cc76b43492c9297eae66a3fe196 is created with scope project and roles: ['member']
2024-12-12 07:28:25.918 67474 INFO tempest.lib.common.dynamic_creds [-] Acquired dynamic creds: credentials: Credentials: {'domain_id': 'default', 'domain_name': 'Default', 'username': 'tempest-FlavorsAccessTestJSON-1731021070-project-member', 'project_domain_id': 'default', 'project_domain_name': 'Default', 'project_id': '0ad97cf9fbac4522972baa55747a1337', 'project_name': 'tempest-FlavorsAccessTestJSON-1731021070', 'tenant_id': '0ad97cf9fbac4522972baa55747a1337', 'tenant_name': 'tempest-FlavorsAccessTestJSON-1731021070', 'user_domain_id': 'default', 'user_domain_name': 'Default', 'user_id': '2cf58cc76b43492c9297eae66a3fe196', 'system': None}, Network: None, Subnet: None, Router: None
2024-12-12 07:28:25.918 67474 INFO tempest.lib.common.dynamic_creds [-] Created isolated network resources for: credentials: Credentials: {'domain_id': 'default', 'domain_name': 'Default', 'username': 'tempest-FlavorsAccessTestJSON-1731021070-project-member', 'project_domain_id': 'default', 'project_domain_name': 'Default', 'project_id': '0ad97cf9fbac4522972baa55747a1337', 'project_name': 'tempest-FlavorsAccessTestJSON-1731021070', 'tenant_id': '0ad97cf9fbac4522972baa55747a1337', 'tenant_name': 'tempest-FlavorsAccessTestJSON-1731021070', 'user_domain_id': 'default', 'user_domain_name': 'Default', 'user_id': '2cf58cc76b43492c9297eae66a3fe196', 'system': None}, Network: None, Subnet: None, Router: None
2024-12-12 07:28:25.925 67468 INFO tempest.lib.common.rest_client [req-534942be-a742-4ede-a0be-cbcc85bf4297 req-534942be-a742-4ede-a0be-cbcc85bf4297 ] Request (AggregatesAdminNegativeTestJSON:test_aggregate_add_existent_host): 409 POST http://10.180.1.21/compute/v2.1/os-aggregates/1/action 1.668s
2024-12-12 07:28:25.945 67470 INFO tempest.lib.common.rest_client [req-bb206318-b75b-4705-a81b-ee17007ee392 req-bb206318-b75b-4705-a81b-ee17007ee392 ] Request (HypervisorAdminUnderV252Test:test_search_hypervisor): 200 GET http://10.180.1.21/compute/v2.1/os-hypervisors/domain-c8.fc996f14-c53b-4953-92e3-bdfa48f5cc28/search 1.483s
2024-12-12 07:28:25.970 67478 INFO tempest.lib.common.rest_client [req-2f84f544-cc81-464d-bfc7-8ae5f184416b req-2f84f544-cc81-464d-bfc7-8ae5f184416b ] Request (FlavorsExtraSpecsNegativeTestJSON:test_flavor_non_admin_unset_keys): 200 POST http://10.180.1.21/compute/v2.1/flavors/1777637191/os-extra_specs 1.504s
2024-12-12 07:28:25.979 67462 INFO tempest.lib.common.rest_client [req-3b6d1a34-a2a5-4e2a-9a2c-703252d6dc0d req-3b6d1a34-a2a5-4e2a-9a2c-703252d6dc0d ] Request (FlavorsV2TestJSON:setUpClass): 200 GET http://10.180.1.21/identity/v3/domains?name=Default 0.241s
2024-12-12 07:28:25.984 67456 INFO tempest.lib.common.rest_client [req-21571e61-3b4a-43f8-89f0-d34a26219cf7 req-21571e61-3b4a-43f8-89f0-d34a26219cf7 ] Request (FloatingIPDetailsNegativeTestJSON:setUpClass): 201 POST http://10.180.1.21/identity/v3/auth/tokens 0.267s
2024-12-12 07:28:25.986 67476 INFO tempest.lib.common.rest_client [req-67295861-8426-43f2-95b5-c2ae6e768814 req-67295861-8426-43f2-95b5-c2ae6e768814 ] Request (FlavorsExtraSpecsTestJSON:test_flavor_non_admin_get_specific_key): 200 POST http://10.180.1.21/compute/v2.1/flavors/1775333522/os-extra_specs 1.084s
