2024-12-12 07:28:29.136 67444 INFO tempest.lib.common.rest_client [req-3f4e4fd9-acd4-445a-aeaa-1dfd1d187309 req-3f4e4fd9-acd4-445a-aeaa-1dfd1d187309 ] Request (ListImageFiltersNegativeTestJSON:setUpClass): 204 PUT http://10.180.1.21/identity/v3/projects/280992c0a6154e73a69e1245fcdcf5c4/users/d85b929716be4d25873965a885b4853e/roles/9edbd9109c104fbb93a73a6732debbdb 0.088s
2024-12-12 07:28:29.137 67444 INFO tempest.lib.common.dynamic_creds [-] Dynamic test user d85b929716be4d25873965a885b4853e is created with scope project and roles: ['member']
2024-12-12 07:28:29.139 67444 INFO tempest.lib.common.dynamic_creds [-] Acquired dynamic creds: credentials: Credentials: {'domain_id': 'default', 'domain_name': 'Default', 'username': 'tempest-ListImageFiltersNegativeTestJSON-733802153-project-member', 'project_domain_id': 'default', 'project_domain_name': 'Default', 'project_id': '280992c0a6154e73a69e1245fcdcf5c4', 'project_name': 'tempest-ListImageFiltersNegativeTestJSON-733802153', 'tenant_id': '280992c0a6154e73a69e1245fcdcf5c4', 'tenant_name': 'tempest-ListImageFiltersNegativeTestJSON-733802153', 'user_domain_id': 'default', 'user_domain_name': 'Default', 'user_id': 'd85b929716be4d25873965a885b4853e', 'system': None}, Network: None, Subnet: None, Router: None
2024-12-12 07:28:29.140 67444 INFO tempest.lib.common.dynamic_creds [-] Created isolated network resources for: credentials: Credentials: {'domain_id': 'default', 'domain_name': 'Default', 'username': 'tempest-ListImageFiltersNegativeTestJSON-733802153-project-member', 'project_domain_id': 'default', 'project_domain_name': 'Default', 'project_id': '280992c0a6154e73a69e1245fcdcf5c4', 'project_name': 'tempest-ListImageFiltersNegativeTestJSON-733802153', 'tenant_id': '280992c0a6154e73a69e1245fcdcf5c4', 'tenant_name': 'tempest-ListImageFiltersNegativeTestJSON-733802153', 'user_domain_id': 'default', 'user_domain_name': 'Default', 'user_id': 'd85b929716be4d25873965a885b4853e', 'system': None}, Network: None, Subnet: None, Router: None
2024-12-12 07:28:29.196 67460 INFO tempest.lib.common.rest_client [req-33640384-d4c3-4183-af07-49a506b73e4e req-33640384-d4c3-4183-af07-49a506b73e4e ] Request (TenantUsagesNegativeTestJSON:setUpClass): 201 POST http://10.180.1.21/identity/v3/auth/tokens 0.127s
2024-12-12 07:28:29.226 67426 INFO tempest.lib.common.rest_client [req-c5c68fbd-aaf3-4d42-a9f6-e878c7b31441 req-c5c68fbd-aaf3-4d42-a9f6-e878c7b31441 ] Request (FloatingIPsAssociationTestJSON:setUpClass): 200 GET http://10.180.1.21/compute/v2.1/servers/c4d7bc46-0b9a-4f6e-b3e9-3f512ef7e03f 1.319s
2024-12-12 07:28:29.249 67470 INFO tempest.lib.common.rest_client [req-4ab18ca2-9076-4219-abf8-f702c0b2b75c req-4ab18ca2-9076-4219-abf8-f702c0b2b75c ] Request (MigrationsAdminTest:setUpClass): 201 POST http://10.180.1.21/identity/v3/users 0.126s
2024-12-12 07:28:29.264 67446 INFO tempest.lib.common.rest_client [req-bdfba457-ec68-4657-b13a-16095f2f411d req-bdfba457-ec68-4657-b13a-16095f2f411d ] Request (VolumesAssistedSnapshotsTest:test_volume_assisted_snapshot_create_delete): 200 POST http://10.180.1.21/compute/v2.1/os-keypairs 1.294s
2024-12-12 07:28:29.269 67470 INFO tempest.lib.common.rest_client [req-427943dd-9985-45da-8ad9-6e33e7f3d7c1 req-427943dd-9985-45da-8ad9-6e33e7f3d7c1 ] Request (MigrationsAdminTest:setUpClass): 200 GET http://10.180.1.21/identity/v3/roles 0.019s
2024-12-12 07:28:29.274 67432 INFO tempest.lib.common.rest_client [req-242e2965-305f-4557-a2e7-2fbde7e2e77c req-242e2965-305f-4557-a2e7-2fbde7e2e77c ] Request (QuotasAdminTestV236:tearDownClass): 200 GET http://10.180.1.21:9696/networking/v2.0/security-groups?tenant_id=cbaf4b1beae046a19fce0c4908b2a006&name=default 0.372s
2024-12-12 07:28:29.280 67430 INFO tempest.lib.common.rest_client [req-7f3af624-1571-4604-bc84-984e79649eca req-7f3af624-1571-4604-bc84-984e79649eca ] Request (HypervisorAdminNegativeUnderV252Test:test_search_nonexistent_hypervisor): 404 GET http://10.180.1.21/compute/v2.1/os-hypervisors/nonexistent_hypervisor_name/search 1.056s
2024-12-12 07:28:29.290 67444 INFO tempest.lib.common.rest_client [req-ad4cdfc1-b5b7-4d62-9c99-880d837e4583 req-ad4cdfc1-b5b7-4d62-9c99-880d837e4583 ] Request (ListImageFiltersNegativeTestJSON:setUpClass): 201 POST http://10.180.1.21/identity/v3/auth/tokens 0.147s
2024-12-12 07:28:29.301 67480 INFO tempest.lib.common.rest_client [req-9f85e8e4-7f93-4bd8-9f3a-2f821095e6d8 req-9f85e8e4-7f93-4bd8-9f3a-2f821095e6d8 ] Request (FlavorsV261TestJSON:_run_cleanups): 200 GET http://10.180.1.21/compute/v2.1/flavors/detail 1.060s
2024-12-12 07:28:29.301 67470 INFO tempest.lib.common.rest_client [req-5edf4d72-57cf-4e22-a4e8-efa5b94febc4 req-5edf4d72-57cf-4e22-a4e8-efa5b94febc4 ] Request (MigrationsAdminTest:setUpClass): 204 PUT http://10.180.1.21/identity/v3/projects/632d086e6afb4e52b9dee0aa108a16a6/users/c9c0553ecf7246b19eb21739f8b62889/roles/0fbb00ca184c436dae003ad6d21b8e52 0.032s
2024-12-12 07:28:29.318 67454 INFO tempest.lib.common.rest_client [req-c09c4a65-cfd4-4e69-b59a-34ed50c53b7f req-c09c4a65-cfd4-4e69-b59a-34ed50c53b7f ] Request (FlavorsAdminTestJSON:_run_cleanups): 200 GET http://10.180.1.21/compute/v2.1/flavors/detail 1.055s
2024-12-12 07:28:29.335 67436 INFO tempest.lib.common.rest_client [req-e623eb30-ac1e-43f1-bb9d-e6be7a83e50a req-e623eb30-ac1e-43f1-bb9d-e6be7a83e50a ] Request (ServersWithSpecificFlavorTestJSON:test_verify_created_server_ephemeral_disk): 200 POST http://10.180.1.21/compute/v2.1/flavors/1792204934/os-extra_specs 1.054s
2024-12-12 07:28:29.354 67434 INFO tempest.lib.common.rest_client [req-f918b8ea-5d54-44a3-aadf-1216a2d7017b req-f918b8ea-5d54-44a3-aadf-1216a2d7017b ] Request (KeyPairsV210TestJSON:_run_cleanups): 204 DELETE http://10.180.1.21/compute/v2.1/os-keypairs/tempest-keypair-1144651058?user_id=3e44b11e77494846ac447d4a853d6d54 1.006s
2024-12-12 07:28:29.360 67470 INFO tempest.lib.common.rest_client [req-ed2950f2-a229-4530-986a-57d4e6f0b703 req-ed2950f2-a229-4530-986a-57d4e6f0b703 ] Request (MigrationsAdminTest:setUpClass): 200 GET http://10.180.1.21/identity/v3/roles 0.058s
2024-12-12 07:28:29.369 67466 INFO tempest.lib.common.rest_client [req-c488fc37-71b4-4a84-a9f0-41ae1723a8d1 req-c488fc37-71b4-4a84-a9f0-41ae1723a8d1 ] Request (FlavorsAccessNegativeTestJSON:_run_cleanups): 200 GET http://10.180.1.21/compute/v2.1/flavors/detail 1.004s
2024-12-12 07:28:29.382 67470 INFO tempest.lib.common.rest_client [req-ea278549-1a17-4b5f-a216-bce0b5d5309b req-ea278549-1a17-4b5f-a216-bce0b5d5309b ] Request (MigrationsAdminTest:setUpClass): 204 PUT http://10.180.1.21/identity/v3/projects/632d086e6afb4e52b9dee0aa108a16a6/users/c9c0553ecf7246b19eb21739f8b62889/roles/0fbb00ca184c436dae003ad6d21b8e52 0.021s
2024-12-12 07:28:29.382 67470 INFO tempest.lib.common.dynamic_creds [-] Dynamic test user c9c0553ecf7246b19eb21739f8b62889 is created with scope project and roles: ['admin']
2024-12-12 07:28:29.383 67470 INFO tempest.lib.common.dynamic_creds [-] Acquired dynamic creds: credentials: Credentials: {'domain_id': 'default', 'domain_name': 'Default', 'username': 'tempest-MigrationsAdminTest-2068163366-project-admin', 'project_domain_id': 'default', 'project_domain_name': 'Default', 'project_id': '632d086e6afb4e52b9dee0aa108a16a6', 'project_name': 'tempest-MigrationsAdminTest-2068163366', 'tenant_id': '632d086e6afb4e52b9dee0aa108a16a6', 'tenant_name': 'tempest-MigrationsAdminTest-2068163366', 'user_domain_id': 'default', 'user_domain_name': 'Default', 'user_id': 'c9c0553ecf7246b19eb21739f8b62889', 'system': None}, Network: None, Subnet: None, Router: None
2024-12-12 07:28:29.383 67470 INFO tempest.lib.common.dynamic_creds [-] Created isolated network resources for: credentials: Credentials: {'domain_id': 'default', 'domain_name': 'Default', 'username': 'tempest-MigrationsAdminTest-2068163366-project-admin', 'project_domain_id': 'default', 'project_domain_name': 'Default', 'project_id': '632d086e6afb4e52b9dee0aa108a16a6', 'project_name': 'tempest-MigrationsAdminTest-2068163366', 'tenant_id': '632d086e6afb4e52b9dee0aa108a16a6', 'tenant_name': 'tempest-MigrationsAdminTest-2068163366', 'user_domain_id': 'default', 'user_domain_name': 'Default', 'user_id': 'c9c0553ecf7246b19eb21739f8b62889', 'system': None}, Network: None, Subnet: None, Router: None
2024-12-12 07:28:29.410 67440 INFO tempest.lib.common.rest_client [req-31d9fa68-4e8e-4bd8-ad6c-e1ed387463c9 req-31d9fa68-4e8e-4bd8-ad6c-e1ed387463c9 ] Request (ImagesMetadataTestJSON:test_get_image_metadata_item): 200 GET http://10.180.1.21/compute/v2.1/images/fc5fdbd2-2e95-426c-9b05-0030889f9106/metadata/os_distro 0.908s
2024-12-12 07:28:29.435 67438 INFO tempest.lib.common.rest_client [req-d064609c-273a-4705-8c7b-1d97ba2a56ff req-d064609c-273a-4705-8c7b-1d97ba2a56ff ] Request (FlavorsV255TestJSON:test_crud_flavor): 200 GET http://10.180.1.21/compute/v2.1/flavors/detail 0.899s
2024-12-12 07:28:29.456 67462 INFO tempest.lib.common.rest_client [req-990242b7-53bf-4923-81cb-e4f8b50244b2 req-990242b7-53bf-4923-81cb-e4f8b50244b2 ] Request (FlavorsV2TestJSON:test_list_flavors): 200 GET http://10.180.1.21/compute/v2.1/flavors 0.913s
2024-12-12 07:28:29.460 67478 INFO tempest.lib.common.rest_client [req-c66fd782-24f8-42dc-83b4-ba2f2b8a1c42 req-c66fd782-24f8-42dc-83b4-ba2f2b8a1c42 ] Request (FlavorsExtraSpecsNegativeTestJSON:test_flavor_non_admin_update_specific_key): 403 PUT http://10.180.1.21/compute/v2.1/flavors/1777637191/os-extra_specs/hw:numa_nodes 0.903s
2024-12-12 07:28:29.466 67480 INFO tempest.lib.common.rest_client [req-9aee2400-14bf-4de6-af68-520f7ce23ad3 req-9aee2400-14bf-4de6-af68-520f7ce23ad3 ] Request (FlavorsV261TestJSON:tearDownClass): 204 DELETE http://10.180.1.21/identity/v3/users/cc9728a983ed4d57baf7ef8879229981 0.111s
2024-12-12 07:28:29.475 67476 INFO tempest.lib.common.rest_client [req-6741ff74-1783-4f4f-a8c2-b64382b63357 req-6741ff74-1783-4f4f-a8c2-b64382b63357 ] Request (FlavorsExtraSpecsTestJSON:test_flavor_set_get_update_show_unset_keys): 200 GET http://10.180.1.21/compute/v2.1/flavors/1775333522/os-extra_specs 0.892s
2024-12-12 07:28:29.477 67470 INFO tempest.lib.common.rest_client [req-ba3a82d4-f4ff-4897-bbf6-afe686fc55f1 req-ba3a82d4-f4ff-4897-bbf6-afe686fc55f1 ] Request (MigrationsAdminTest:setUpClass): 201 POST http://10.180.1.21/identity/v3/auth/tokens 0.091s
2024-12-12 07:28:29.515 67446 INFO tempest.lib.common.rest_client [req-00c0feb5-efc5-42ef-be56-bb576c51072f req-00c0feb5-efc5-42ef-be56-bb576c51072f ] Request (VolumesAssistedSnapshotsTest:test_volume_assisted_snapshot_create_delete): 201 POST http://10.180.1.21:9696/networking/v2.0/security-groups 0.249s
2024-12-12 07:28:29.543 67450 INFO tempest.lib.common.rest_client [req-7e5ceaac-4f65-4449-a44a-57e125454edc req-7e5ceaac-4f65-4449-a44a-57e125454edc ] Request (ServerDiagnosticsV248Test:test_get_server_diagnostics): 200 GET http://10.180.1.21/compute/v2.1/servers/440afce9-d205-40ee-9101-82d751e72a1a 0.804s
2024-12-12 07:28:29.573 67434 INFO tempest.lib.common.rest_client [req-0a2cba8b-7412-421b-8a01-a11585479b5d req-0a2cba8b-7412-421b-8a01-a11585479b5d ] Request (KeyPairsV210TestJSON:tearDownClass): 204 DELETE http://10.180.1.21/identity/v3/users/3e44b11e77494846ac447d4a853d6d54 0.174s
2024-12-12 07:28:29.600 67480 INFO tempest.lib.common.rest_client [req-bd2dd6bb-00fb-4895-9ecc-600b8a5c23dc req-bd2dd6bb-00fb-4895-9ecc-600b8a5c23dc ] Request (FlavorsV261TestJSON:tearDownClass): 204 DELETE http://10.180.1.21/identity/v3/users/aec0c76e81cf481eb4963d26513b2767 0.132s
2024-12-12 07:28:29.600 67480 INFO tempest.lib.common.dynamic_creds [-] Deleting project and security group for project: 87e51eae8197477da18113258f3a2cb1
2024-12-12 07:28:29.653 67432 INFO tempest.lib.common.rest_client [req-e75e5fcc-3619-4dde-8dc8-29341b9daa0a req-e75e5fcc-3619-4dde-8dc8-29341b9daa0a ] Request (QuotasAdminTestV236:tearDownClass): 204 DELETE http://10.180.1.21:9696/networking/v2.0/security-groups/615b397c-8de9-480e-8d90-af622c1825bd 0.378s
2024-12-12 07:28:29.660 67420 INFO tempest.lib.common.rest_client [req-e1783c0f-f3fe-4903-ac55-adb3f54bd970 req-e1783c0f-f3fe-4903-ac55-adb3f54bd970 ] Request (SecurityGroupsTestAdminJSON:_run_cleanups): 202 DELETE http://10.180.1.21/compute/v2.1/os-security-groups/f75a3412-3d8b-47b9-99b8-3d0889cd79b0 1.576s
2024-12-12 07:28:29.674 67456 INFO tempest.lib.common.rest_client [req-008f2f7c-f205-4e8f-a68e-5a249756079d req-008f2f7c-f205-4e8f-a68e-5a249756079d ] Request (FloatingIPDetailsNegativeTestJSON:setUpClass): 201 POST http://10.180.1.21:9696/networking/v2.0/routers 1.473s
2024-12-12 07:28:29.677 67428 INFO tempest.lib.common.rest_client [req-8f79db88-fc8d-4967-a283-95453a45b459 req-8f79db88-fc8d-4967-a283-95453a45b459 ] Request (KeyPairsV2TestJSON:_run_cleanups): 202 DELETE http://10.180.1.21/compute/v2.1/os-keypairs/tempest-keypair-1308324966 0.888s
2024-12-12 07:28:29.709 67446 INFO tempest.lib.common.rest_client [req-21c03c6b-05d4-46d7-abc2-330b966a5f75 req-21c03c6b-05d4-46d7-abc2-330b966a5f75 ] Request (VolumesAssistedSnapshotsTest:test_volume_assisted_snapshot_create_delete): 201 POST http://10.180.1.21:9696/networking/v2.0/security-group-rules 0.194s
2024-12-12 07:28:29.739 67434 INFO tempest.lib.common.rest_client [req-c5dcad4f-f508-482c-869b-1325cf4d3cff req-c5dcad4f-f508-482c-869b-1325cf4d3cff ] Request (KeyPairsV210TestJSON:tearDownClass): 204 DELETE http://10.180.1.21/identity/v3/users/2b9b09068515413db05ade4d0cc7b9f2 0.165s
2024-12-12 07:28:29.739 67434 INFO tempest.lib.common.dynamic_creds [-] Deleting project and security group for project: e289dd114cdf4bd49f6425a7b42ed0cc
2024-12-12 07:28:29.778 67474 INFO tempest.lib.common.rest_client [req-b12d19d8-8499-45a7-9cf1-8584f685bff9 req-b12d19d8-8499-45a7-9cf1-8584f685bff9 ] Request (FlavorsAccessTestJSON:test_flavor_access_add_remove): 200 POST http://10.180.1.21/compute/v2.1/flavors/206899973/action 1.004s
2024-12-12 07:28:29.782 67448 INFO tempest.lib.common.rest_client [req-4c49b340-021b-4f34-bf79-1a4ce4eba99d req-4c49b340-021b-4f34-bf79-1a4ce4eba99d ] Request (HostsAdminNegativeTestJSON:test_startup_host_with_non_admin_user): 403 GET http://10.180.1.21/compute/v2.1/os-hosts/devstack/startup 0.784s
2024-12-12 07:28:29.796 67480 INFO tempest.lib.common.rest_client [req-0ed858d2-45a3-467d-86ad-2a6ebc674223 req-0ed858d2-45a3-467d-86ad-2a6ebc674223 ] Request (FlavorsV261TestJSON:tearDownClass): 201 POST http://10.180.1.21/identity/v3/auth/tokens 0.195s
2024-12-12 07:28:29.810 67468 INFO tempest.lib.common.rest_client [req-e8449603-113c-419e-aec2-732cf87aaa93 req-e8449603-113c-419e-aec2-732cf87aaa93 ] Request (AggregatesAdminNegativeTestJSON:test_aggregate_add_host_as_user): 200 POST http://10.180.1.21/compute/v2.1/os-aggregates 0.772s
2024-12-12 07:28:29.838 67422 INFO tempest.lib.common.rest_client [req-bbea9651-28ef-4234-be3c-7613b3c59428 req-bbea9651-28ef-4234-be3c-7613b3c59428 ] Request (HostsAdminTestJSON:test_list_hosts_with_zone): 200 GET http://10.180.1.21/compute/v2.1/os-hosts 0.758s
2024-12-12 07:28:29.853 67446 INFO tempest.lib.common.rest_client [req-ab843e2c-83ee-40b5-88df-920ead258611 req-ab843e2c-83ee-40b5-88df-920ead258611 ] Request (VolumesAssistedSnapshotsTest:test_volume_assisted_snapshot_create_delete): 201 POST http://10.180.1.21:9696/networking/v2.0/security-group-rules 0.144s
2024-12-12 07:28:29.865 67432 INFO tempest.lib.common.rest_client [req-2aa1774b-a85b-4141-9a22-4972ef573bad req-2aa1774b-a85b-4141-9a22-4972ef573bad ] Request (QuotasAdminTestV236:tearDownClass): 204 DELETE http://10.180.1.21/identity/v3/projects/cbaf4b1beae046a19fce0c4908b2a006 0.211s
2024-12-12 07:28:29.865 67432 INFO tempest.lib.common.dynamic_creds [-] Deleting project and security group for project: 64ae75a0c73b43f5b23b50298668b076
2024-12-12 07:28:29.921 67434 INFO tempest.lib.common.rest_client [req-c4c2e49d-ec21-42ba-9130-4269ebc622a6 req-c4c2e49d-ec21-42ba-9130-4269ebc622a6 ] Request (KeyPairsV210TestJSON:tearDownClass): 201 POST http://10.180.1.21/identity/v3/auth/tokens 0.181s
2024-12-12 07:28:30.042 67472 INFO tempest.lib.common.rest_client [req-750a48e3-475f-49c7-a597-c7cb5116f32c req-750a48e3-475f-49c7-a597-c7cb5116f32c ] Request (QuotasAdminTestJSON:test_delete_quota): 200 GET http://10.180.1.21/compute/v2.1/os-quota-sets/67493768887446d6b5a88696f928b44b 1.060s
2024-12-12 07:28:30.087 67432 INFO tempest.lib.common.rest_client [req-0c97bf2c-a453-4446-a7e3-d430971fb8f6 req-0c97bf2c-a453-4446-a7e3-d430971fb8f6 ] Request (QuotasAdminTestV236:tearDownClass): 200 GET http://10.180.1.21:9696/networking/v2.0/security-groups?tenant_id=64ae75a0c73b43f5b23b50298668b076&name=default 0.221s
2024-12-12 07:28:30.088 67418 INFO tempest.lib.common.rest_client [req-ad3e82f0-e73b-4e43-856b-d44e5bb4653b req-ad3e82f0-e73b-4e43-856b-d44e5bb4653b ] Request (ImagesTestJSON:setUpClass): 200 PUT http://10.180.1.21:9696/networking/v2.0/routers/8f788942-45d0-4460-94fa-31f26913167f/add_router_interface 1.662s
2024-12-12 07:28:30.088 67418 INFO tempest.lib.common.dynamic_creds [-] Created isolated network resources for: credentials: Credentials: {'domain_id': 'default', 'domain_name': 'Default', 'username': 'tempest-ImagesTestJSON-1512615702-project-member', 'project_domain_id': 'default', 'project_domain_name': 'Default', 'project_id': 'ae8e28dbc19e486f93084cad4879104a', 'project_name': 'tempest-ImagesTestJSON-1512615702', 'tenant_id': 'ae8e28dbc19e486f93084cad4879104a', 'tenant_name': 'tempest-ImagesTestJSON-1512615702', 'user_domain_id': 'default', 'user_domain_name': 'Default', 'user_id': '751a2321e2cc49aea877a3af2f6682b9', 'system': None}, Network: {'id': '49e9a8dd-8322-4a12-924f-b705209b1b85', 'name': 'tempest-ImagesTestJSON-1983382143-network', 'tenant_id': 'ae8e28dbc19e486f93084cad4879104a', 'admin_state_up': True, 'mtu': 8950, 'status': 'ACTIVE', 'subnets': [], 'shared': False, 'project_id': 'ae8e28dbc19e486f93084cad4879104a', 'port_security_enabled': True, 'router:external': False, 'provider:network_type': 'vlan', 'provider:physical_network': 'default', 'provider:segmentation_id': 72, 'availability_zone_hints': [], 'availability_zones': [], 'ipv4_address_scope': None, 'ipv6_address_scope': None, 'description': '', 'tags': [], 'created_at': '2024-12-12T07:28:26Z', 'updated_at': '2024-12-12T07:28:26Z', 'revision_number': 1}, Subnet: {'id': 'af8e3f5d-6c38-4a5c-8dca-db9a60aa7cf4', 'name': 'tempest-ImagesTestJSON-1983382143-subnet', 'tenant_id': 'ae8e28dbc19e486f93084cad4879104a', 'network_id': '49e9a8dd-8322-4a12-924f-b705209b1b85', 'ip_version': 4, 'subnetpool_id': None, 'enable_dhcp': True, 'ipv6_ra_mode': None, 'ipv6_address_mode': None, 'gateway_ip': '192.168.128.1', 'cidr': '192.168.128.0/28', 'allocation_pools': [{'start': '192.168.128.2', 'end': '192.168.128.14'}], 'host_routes': [], 'dns_nameservers': [], 'description': '', 'router:external': False, 'service_types': [], 'tags': [], 'created_at': '2024-12-12T07:28:26Z', 'updated_at': '2024-12-12T07:28:26Z', 'revision_number': 0, 'project_id': 'ae8e28dbc19e486f93084cad4879104a'}, Router: {'id': '8f788942-45d0-4460-94fa-31f26913167f', 'name': 'tempest-ImagesTestJSON-1983382143-router', 'tenant_id': 'ae8e28dbc19e486f93084cad4879104a', 'admin_state_up': True, 'status': 'ACTIVE', 'external_gateway_info': {'network_id': 'cd8d8ae1-f89c-46a7-adcd-d52b3ca901d5', 'external_fixed_ips': [{'subnet_id': '259c0b64-6a14-4f60-83c5-8324d4c764f3', 'ip_address': '10.180.180.253'}], 'enable_snat': True}, 'description': '', 'availability_zones': [], 'distributed': False, 'ha': False, 'availability_zone_hints': [], 'routes': [], 'flavor_id': None, 'tags': [], 'created_at': '2024-12-12T07:28:27Z', 'updated_at': '2024-12-12T07:28:28Z', 'revision_number': 2, 'project_id': 'ae8e28dbc19e486f93084cad4879104a'}
2024-12-12 07:28:30.175 67418 INFO tempest.lib.common.rest_client [req-27aa271b-4e7f-4d0a-8c44-1693574bb3d4 req-27aa271b-4e7f-4d0a-8c44-1693574bb3d4 ] Request (ImagesTestJSON:setUpClass): 201 POST http://10.180.1.21/identity/v3/auth/tokens 0.084s
2024-12-12 07:28:30.211 67480 INFO tempest.lib.common.rest_client [req-42c06617-fa63-4c03-b543-9832a399419b req-42c06617-fa63-4c03-b543-9832a399419b ] Request (FlavorsV261TestJSON:tearDownClass): 200 GET http://10.180.1.21:9696/networking/v2.0/security-groups?tenant_id=87e51eae8197477da18113258f3a2cb1&name=default 0.415s
2024-12-12 07:28:30.212 67418 INFO tempest.lib.common.rest_client [req-69293d45-d45f-4476-b6e7-4874e245afe9 req-69293d45-d45f-4476-b6e7-4874e245afe9 ] Request (ImagesTestJSON:test_create_image_from_stopped_server): 201 POST http://10.180.1.21/identity/v3/auth/tokens 0.029s
2024-12-12 07:28:30.212 67418 INFO tempest.lib.common.fixed_network [-] (ImagesTestJSON:test_create_image_from_stopped_server) Found network {'id': '49e9a8dd-8322-4a12-924f-b705209b1b85', 'name': 'tempest-ImagesTestJSON-1983382143-network', 'tenant_id': 'ae8e28dbc19e486f93084cad4879104a', 'admin_state_up': True, 'mtu': 8950, 'status': 'ACTIVE', 'subnets': [], 'shared': False, 'project_id': 'ae8e28dbc19e486f93084cad4879104a', 'port_security_enabled': True, 'router:external': False, 'provider:network_type': 'vlan', 'provider:physical_network': 'default', 'provider:segmentation_id': 72, 'availability_zone_hints': [], 'availability_zones': [], 'ipv4_address_scope': None, 'ipv6_address_scope': None, 'description': '', 'tags': [], 'created_at': '2024-12-12T07:28:26Z', 'updated_at': '2024-12-12T07:28:26Z', 'revision_number': 1} available for tenant
2024-12-12 07:28:30.215 67434 INFO tempest.lib.common.rest_client [req-45b89314-584e-4c53-b90d-6382a9aac33a req-45b89314-584e-4c53-b90d-6382a9aac33a ] Request (KeyPairsV210TestJSON:tearDownClass): 200 GET http://10.180.1.21:9696/networking/v2.0/security-groups?tenant_id=e289dd114cdf4bd49f6425a7b42ed0cc&name=default 0.294s
2024-12-12 07:28:30.218 67460 INFO tempest.lib.common.rest_client [req-04af083c-c4fd-46d6-a0a9-5a84280bbe88 req-04af083c-c4fd-46d6-a0a9-5a84280bbe88 ] Request (TenantUsagesNegativeTestJSON:test_get_usage_tenant_with_empty_tenant_id): 404 GET http://10.180.1.21/compute/v2.1/os-simple-tenant-usage/?start=2024-12-11T07%3A28%3A29.197764&end=2024-12-13T07%3A28%3A29.197764 1.020s
2024-12-12 07:28:30.220 67460 WARNING tempest.lib.common.rest_client [-] Deprecated: "tenant_id" property is deprecated for removal, use "project_id" instead
2024-12-12 07:28:30.243 67430 INFO tempest.lib.common.rest_client [req-1f1f5795-328a-4ad3-b1e3-2dcdd16ae41a req-1f1f5795-328a-4ad3-b1e3-2dcdd16ae41a ] Request (HypervisorAdminNegativeUnderV252Test:test_show_servers_with_non_admin_user): 200 GET http://10.180.1.21/compute/v2.1/os-hypervisors 0.961s
2024-12-12 07:28:30.291 67432 INFO tempest.lib.common.rest_client [req-84076fab-9cf8-40fb-aae5-93d91ea218b2 req-84076fab-9cf8-40fb-aae5-93d91ea218b2 ] Request (QuotasAdminTestV236:tearDownClass): 204 DELETE http://10.180.1.21:9696/networking/v2.0/security-groups/65f72298-920f-4691-b441-4b411a026961 0.204s
2024-12-12 07:28:30.353 67432 INFO tempest.lib.common.rest_client [req-36d27bb7-89f2-43ca-8702-36689648dd60 req-36d27bb7-89f2-43ca-8702-36689648dd60 ] Request (QuotasAdminTestV236:tearDownClass): 204 DELETE http://10.180.1.21/identity/v3/projects/64ae75a0c73b43f5b23b50298668b076 0.061s
2024-12-12 07:28:30.384 67434 INFO tempest.lib.common.rest_client [req-7a6ad3c4-5c91-41ae-88ed-1294051ed18d req-7a6ad3c4-5c91-41ae-88ed-1294051ed18d ] Request (KeyPairsV210TestJSON:tearDownClass): 204 DELETE http://10.180.1.21:9696/networking/v2.0/security-groups/0c143e61-2d8d-4d32-867a-6fa4dc6a3333 0.168s
2024-12-12 07:28:30.418 67432 INFO tempest.lib.common.rest_client [req-985bd097-6c92-4ad4-8869-78564cb53f58 req-985bd097-6c92-4ad4-8869-78564cb53f58 ] Request (ListServerFiltersTestJSON:setUpClass): 201 POST http://10.180.1.21/identity/v3/auth/tokens 0.062s
2024-12-12 07:28:30.449 67432 INFO tempest.lib.common.rest_client [req-fbc2bf07-585b-4f7c-aeee-b020499818b1 req-fbc2bf07-585b-4f7c-aeee-b020499818b1 ] Request (ListServerFiltersTestJSON:setUpClass): 201 POST http://10.180.1.21/identity/v3/auth/tokens 0.029s
2024-12-12 07:28:30.478 67432 INFO tempest.lib.common.rest_client [req-2e05d69c-ec72-42c6-bcab-6331619a8321 req-2e05d69c-ec72-42c6-bcab-6331619a8321 ] Request (ListServerFiltersTestJSON:setUpClass): 200 GET http://10.180.1.21/identity/v3/domains?name=Default 0.029s
2024-12-12 07:28:30.486 67434 INFO tempest.lib.common.rest_client [req-a917c95c-f351-4749-8642-d642a3ad3e9c req-a917c95c-f351-4749-8642-d642a3ad3e9c ] Request (KeyPairsV210TestJSON:tearDownClass): 204 DELETE http://10.180.1.21/identity/v3/projects/e289dd114cdf4bd49f6425a7b42ed0cc 0.101s
2024-12-12 07:28:30.486 67434 INFO tempest.lib.common.dynamic_creds [-] Deleting project and security group for project: fb2ad51e13dc434fbca5b20b6e6d42e3
2024-12-12 07:28:30.488 67452 INFO tempest.lib.common.rest_client [req-726ac45c-715c-44c4-aa62-5aea89e86238 req-726ac45c-715c-44c4-aa62-5aea89e86238 ] Request (ImagesOneServerTestJSON:setUpClass): 200 GET http://10.180.1.21/compute/v2.1/servers/20881a6c-47ee-49e4-a3c3-250e8c91c8c2 1.206s
2024-12-12 07:28:30.542 67432 INFO tempest.lib.common.rest_client [req-34b90184-0209-4b0a-86ea-f5a5060e4710 req-34b90184-0209-4b0a-86ea-f5a5060e4710 ] Request (ListServerFiltersTestJSON:setUpClass): 201 POST http://10.180.1.21/identity/v3/projects 0.062s
2024-12-12 07:28:30.603 67444 INFO tempest.lib.common.rest_client [req-2cfdb7db-80fd-45d6-8c1b-3d15d5868caa req-2cfdb7db-80fd-45d6-8c1b-3d15d5868caa ] Request (ListImageFiltersNegativeTestJSON:test_get_nonexistent_image): 404 GET http://10.180.1.21/compute/v2.1/images/5ee42543-9f2a-481f-8899-7dce53e0eb5d 1.311s
2024-12-12 07:28:30.617 67446 INFO tempest.lib.common.rest_client [req-d03a559b-4a9b-4df1-9136-1587f7a5288b req-d03a559b-4a9b-4df1-9136-1587f7a5288b ] Request (VolumesAssistedSnapshotsTest:test_volume_assisted_snapshot_create_delete): 201 POST http://10.180.1.21:9696/networking/v2.0/floatingips 0.763s
2024-12-12 07:28:30.617 67480 INFO tempest.lib.common.rest_client [req-befc02c5-4b06-4339-a323-6c9da8375d0b req-befc02c5-4b06-4339-a323-6c9da8375d0b ] Request (FlavorsV261TestJSON:tearDownClass): 204 DELETE http://10.180.1.21:9696/networking/v2.0/security-groups/fa01df0d-1d87-44c0-946d-5948d1794362 0.405s
2024-12-12 07:28:30.630 67432 INFO tempest.lib.common.rest_client [req-ce7b0201-000d-4ed0-94a4-e841d74397a9 req-ce7b0201-000d-4ed0-94a4-e841d74397a9 ] Request (ListServerFiltersTestJSON:setUpClass): 201 POST http://10.180.1.21/identity/v3/users 0.087s
2024-12-12 07:28:30.631 67454 INFO tempest.lib.common.rest_client [req-978923d4-48b5-446b-9aa5-0c94aeaf9a43 req-978923d4-48b5-446b-9aa5-0c94aeaf9a43 ] Request (FlavorsAdminTestJSON:test_create_flavor_with_int_id): 200 POST http://10.180.1.21/compute/v2.1/flavors 1.307s
2024-12-12 07:28:30.655 67436 INFO tempest.lib.common.rest_client [req-04c3983e-d868-4f08-9f8b-b3c8bee786c5 req-04c3983e-d868-4f08-9f8b-b3c8bee786c5 ] Request (ServersWithSpecificFlavorTestJSON:test_verify_created_server_ephemeral_disk): 200 POST http://10.180.1.21/compute/v2.1/flavors 1.318s
2024-12-12 07:28:30.707 67442 INFO tempest.lib.common.rest_client [req-22b96f8c-8f99-46f9-94db-c62b358903d8 req-22b96f8c-8f99-46f9-94db-c62b358903d8 ] Request (SecurityGroupsTestJSON:test_list_security_groups_by_server): 202 POST http://10.180.1.21/compute/v2.1/servers 1.593s
2024-12-12 07:28:30.715 67480 INFO tempest.lib.common.rest_client [req-dad861fc-1af3-4e6b-b1bf-6692c7bb7f65 req-dad861fc-1af3-4e6b-b1bf-6692c7bb7f65 ] Request (FlavorsV261TestJSON:tearDownClass): 204 DELETE http://10.180.1.21/identity/v3/projects/87e51eae8197477da18113258f3a2cb1 0.097s
2024-12-12 07:28:30.716 67480 INFO tempest.lib.common.dynamic_creds [-] Deleting project and security group for project: d6f96b145bf54691992196dfdf52ae34
2024-12-12 07:28:30.724 67466 INFO tempest.lib.common.rest_client [req-e6a4641f-a835-40dd-b949-1f0d1b0f4c00 req-e6a4641f-a835-40dd-b949-1f0d1b0f4c00 ] Request (FlavorsAccessNegativeTestJSON:test_flavor_access_list_with_public_flavor): 200 POST http://10.180.1.21/compute/v2.1/flavors 1.343s
2024-12-12 07:28:30.731 67444 INFO tempest.lib.common.rest_client [req-8566e360-ba05-40ee-8a52-05aca9ef6d54 req-8566e360-ba05-40ee-8a52-05aca9ef6d54 ] Request (ListImageFiltersNegativeTestJSON:tearDownClass): 204 DELETE http://10.180.1.21/identity/v3/users/d85b929716be4d25873965a885b4853e 0.126s
2024-12-12 07:28:30.731 67444 INFO tempest.lib.common.dynamic_creds [-] Deleting project and security group for project: 280992c0a6154e73a69e1245fcdcf5c4
2024-12-12 07:28:30.788 67446 INFO tempest.lib.common.rest_client [req-5be8fec7-ba23-4bf0-adda-7e1d7444b69a req-5be8fec7-ba23-4bf0-adda-7e1d7444b69a ] Request (VolumesAssistedSnapshotsTest:test_volume_assisted_snapshot_create_delete): 201 POST http://10.180.1.21/identity/v3/auth/tokens 0.165s
2024-12-12 07:28:30.790 67446 INFO tempest.lib.common.fixed_network [-] (VolumesAssistedSnapshotsTest:test_volume_assisted_snapshot_create_delete) Found network {'id': '146e30ea-865a-4bb3-9c2b-9f1fb4322fb6', 'name': 'tempest-VolumesAssistedSnapshotsTest-726923250-network', 'tenant_id': '4409a397ed8145c684fd73bf19f9a6ba', 'admin_state_up': True, 'mtu': 8950, 'status': 'ACTIVE', 'subnets': [], 'shared': False, 'project_id': '4409a397ed8145c684fd73bf19f9a6ba', 'port_security_enabled': True, 'router:external': False, 'provider:network_type': 'vlan', 'provider:physical_network': 'default', 'provider:segmentation_id': 900, 'availability_zone_hints': [], 'availability_zones': [], 'ipv4_address_scope': None, 'ipv6_address_scope': None, 'description': '', 'tags': [], 'created_at': '2024-12-12T07:28:13Z', 'updated_at': '2024-12-12T07:28:13Z', 'revision_number': 1} available for tenant
2024-12-12 07:28:30.813 67432 INFO tempest.lib.common.rest_client [req-49c419b1-3ca1-4b54-a216-f7c9c2f12449 req-49c419b1-3ca1-4b54-a216-f7c9c2f12449 ] Request (ListServerFiltersTestJSON:setUpClass): 200 GET http://10.180.1.21/identity/v3/roles 0.182s
2024-12-12 07:28:30.816 67444 INFO tempest.lib.common.rest_client [req-80ae80bd-2a21-4f14-8d3b-ce456a95e389 req-80ae80bd-2a21-4f14-8d3b-ce456a95e389 ] Request (ListImageFiltersNegativeTestJSON:tearDownClass): 201 POST http://10.180.1.21/identity/v3/auth/tokens 0.084s
2024-12-12 07:28:30.856 67432 INFO tempest.lib.common.rest_client [req-84b0e2de-4557-476e-b412-d4dd20a72f2b req-84b0e2de-4557-476e-b412-d4dd20a72f2b ] Request (ListServerFiltersTestJSON:setUpClass): 204 PUT http://10.180.1.21/identity/v3/projects/8fb8409a21154020b16c7f718608b27d/users/b22a71a103a4403187d5715ae8f56b52/roles/9edbd9109c104fbb93a73a6732debbdb 0.042s
2024-12-12 07:28:30.856 67432 INFO tempest.lib.common.dynamic_creds [-] Dynamic test user b22a71a103a4403187d5715ae8f56b52 is created with scope project and roles: ['member']
2024-12-12 07:28:30.857 67432 INFO tempest.lib.common.dynamic_creds [-] Acquired dynamic creds: credentials: Credentials: {'domain_id': 'default', 'domain_name': 'Default', 'username': 'tempest-ListServerFiltersTestJSON-599774425-project-member', 'project_domain_id': 'default', 'project_domain_name': 'Default', 'project_id': '8fb8409a21154020b16c7f718608b27d', 'project_name': 'tempest-ListServerFiltersTestJSON-599774425', 'tenant_id': '8fb8409a21154020b16c7f718608b27d', 'tenant_name': 'tempest-ListServerFiltersTestJSON-599774425', 'user_domain_id': 'default', 'user_domain_name': 'Default', 'user_id': 'b22a71a103a4403187d5715ae8f56b52', 'system': None}, Network: None, Subnet: None, Router: None
2024-12-12 07:28:30.907 67440 INFO tempest.lib.common.rest_client [req-c7106ad1-95dc-43a9-aedd-3f45f9b20be5 req-c7106ad1-95dc-43a9-aedd-3f45f9b20be5 ] Request (ImagesMetadataTestJSON:setUp): 200 PUT http://10.180.1.21/compute/v2.1/images/fc5fdbd2-2e95-426c-9b05-0030889f9106/metadata 1.495s
2024-12-12 07:28:30.911 67434 INFO tempest.lib.common.rest_client [req-aa50208b-9501-40e7-a28f-85980c445115 req-aa50208b-9501-40e7-a28f-85980c445115 ] Request (KeyPairsV210TestJSON:tearDownClass): 200 GET http://10.180.1.21:9696/networking/v2.0/security-groups?tenant_id=fb2ad51e13dc434fbca5b20b6e6d42e3&name=default 0.425s
2024-12-12 07:28:30.921 67432 INFO tempest.lib.common.rest_client [req-62dcad52-99d0-4908-85a1-80a365ea6c93 req-62dcad52-99d0-4908-85a1-80a365ea6c93 ] Request (ListServerFiltersTestJSON:setUpClass): 201 POST http://10.180.1.21/identity/v3/auth/tokens 0.063s
2024-12-12 07:28:30.932 67438 INFO tempest.lib.common.rest_client [req-04c387aa-656c-4313-b142-bd2e34fef1a0 req-04c387aa-656c-4313-b142-bd2e34fef1a0 ] Request (FlavorsV255TestJSON:test_crud_flavor): 200 GET http://10.180.1.21/compute/v2.1/flavors 1.485s
2024-12-12 07:28:30.942 67462 INFO tempest.lib.common.rest_client [req-4405a276-5754-48fc-a4d1-7b21e71163ae req-4405a276-5754-48fc-a4d1-7b21e71163ae ] Request (FlavorsV2TestJSON:test_list_flavors): 200 GET http://10.180.1.21/compute/v2.1/flavors/42 1.478s
2024-12-12 07:28:30.951 67478 INFO tempest.lib.common.rest_client [req-78973e46-3799-48a3-8c0a-e71894251a90 req-78973e46-3799-48a3-8c0a-e71894251a90 ] Request (FlavorsExtraSpecsNegativeTestJSON:test_flavor_unset_nonexistent_key): 404 DELETE http://10.180.1.21/compute/v2.1/flavors/1777637191/os-extra_specs/hw:cpu_thread_policy 1.487s
2024-12-12 07:28:30.974 67476 INFO tempest.lib.common.rest_client [req-41104e52-a4a6-4aed-aa3e-fd5ba05cfad6 req-41104e52-a4a6-4aed-aa3e-fd5ba05cfad6 ] Request (FlavorsExtraSpecsTestJSON:test_flavor_set_get_update_show_unset_keys): 200 PUT http://10.180.1.21/compute/v2.1/flavors/1775333522/os-extra_specs/hw:numa_nodes 1.498s
2024-12-12 07:28:31.062 67480 INFO tempest.lib.common.rest_client [req-4fb9871c-fd43-499b-bbd7-d3615ec8e05b req-4fb9871c-fd43-499b-bbd7-d3615ec8e05b ] Request (FlavorsV261TestJSON:tearDownClass): 200 GET http://10.180.1.21:9696/networking/v2.0/security-groups?tenant_id=d6f96b145bf54691992196dfdf52ae34&name=default 0.346s
2024-12-12 07:28:31.118 67470 INFO tempest.lib.common.rest_client [req-0d73df15-b477-466f-b80c-8b377fc4de2e req-0d73df15-b477-466f-b80c-8b377fc4de2e ] Request (MigrationsAdminTest:test_list_migrations): 200 GET http://10.180.1.21/compute/v2.1/os-migrations 1.638s
2024-12-12 07:28:31.122 67424 INFO tempest.lib.common.rest_client [req-05831eec-e1c1-4ad7-b528-06852bcbcb1c req-05831eec-e1c1-4ad7-b528-06852bcbcb1c ] Request (ServerDiagnosticsNegativeTest:test_get_server_diagnostics_by_non_admin): 200 GET http://10.180.1.21/compute/v2.1/servers/f371493e-8d5c-41ac-a4a5-bde83cbbca3a 1.780s
2024-12-12 07:28:31.132 67424 INFO tempest.common.waiters [-] State transition "BUILD/networking" ==> "BUILD/spawning" after 9 second wait
2024-12-12 07:28:31.174 67428 INFO tempest.lib.common.rest_client [req-244d90e1-ff78-480e-89fb-53346a8645c6 req-244d90e1-ff78-480e-89fb-53346a8645c6 ] Request (KeyPairsV2TestJSON:test_keypair_create_delete): 200 POST http://10.180.1.21/compute/v2.1/os-keypairs 1.495s
2024-12-12 07:28:31.192 67470 INFO tempest.lib.common.rest_client [req-bb820309-e6bf-43d2-8796-987d23aa36ea req-bb820309-e6bf-43d2-8796-987d23aa36ea ] Request (MigrationsAdminTest:test_list_migrations_in_flavor_resize_situation): 201 POST http://10.180.1.21/identity/v3/auth/tokens 0.069s
2024-12-12 07:28:31.193 67470 INFO tempest.lib.common.fixed_network [-] (MigrationsAdminTest:test_list_migrations_in_flavor_resize_situation) Found network None available for tenant
2024-12-12 07:28:31.268 67444 INFO tempest.lib.common.rest_client [req-9f0f7335-ea4e-49f9-b11f-8a21d3511e72 req-9f0f7335-ea4e-49f9-b11f-8a21d3511e72 ] Request (ListImageFiltersNegativeTestJSON:tearDownClass): 200 GET http://10.180.1.21:9696/networking/v2.0/security-groups?tenant_id=280992c0a6154e73a69e1245fcdcf5c4&name=default 0.452s
2024-12-12 07:28:31.272 67434 INFO tempest.lib.common.rest_client [req-6ceba830-571c-4ec0-ada9-3cd0462782a7 req-6ceba830-571c-4ec0-ada9-3cd0462782a7 ] Request (KeyPairsV210TestJSON:tearDownClass): 204 DELETE http://10.180.1.21:9696/networking/v2.0/security-groups/0590b727-62a4-49b8-9ed5-7ebe9f0618ad 0.360s
2024-12-12 07:28:31.305 67474 INFO tempest.lib.common.rest_client [req-7b4c8451-2763-41b0-b597-f1e34a83a756 req-7b4c8451-2763-41b0-b597-f1e34a83a756 ] Request (FlavorsAccessTestJSON:test_flavor_access_add_remove): 200 GET http://10.180.1.21/compute/v2.1/flavors/detail 1.526s
2024-12-12 07:28:31.326 67448 INFO tempest.lib.common.rest_client [req-0e70495c-63e4-423a-a7b6-363066411fd5 req-0e70495c-63e4-423a-a7b6-363066411fd5 ] Request (HostsAdminNegativeTestJSON:test_startup_nonexistent_host): 404 GET http://10.180.1.21/compute/v2.1/os-hosts/nonexistent_hostname/startup 1.543s
2024-12-12 07:28:31.393 67480 INFO tempest.lib.common.rest_client [req-e6e0078b-e842-4701-acfd-61228024fd39 req-e6e0078b-e842-4701-acfd-61228024fd39 ] Request (FlavorsV261TestJSON:tearDownClass): 204 DELETE http://10.180.1.21:9696/networking/v2.0/security-groups/4afbb7b8-02e9-49d7-a6f9-4b4a5b2ff8fa 0.330s
2024-12-12 07:28:31.397 67434 INFO tempest.lib.common.rest_client [req-c9650692-7c3d-4fb1-8223-2233b1356ef7 req-c9650692-7c3d-4fb1-8223-2233b1356ef7 ] Request (KeyPairsV210TestJSON:tearDownClass): 204 DELETE http://10.180.1.21/identity/v3/projects/fb2ad51e13dc434fbca5b20b6e6d42e3 0.124s
2024-12-12 07:28:31.451 67420 INFO tempest.lib.common.rest_client [req-bbcdd669-b2cc-40b5-9a1e-e513e8994249 req-bbcdd669-b2cc-40b5-9a1e-e513e8994249 ] Request (SecurityGroupsTestAdminJSON:_run_cleanups): 202 DELETE http://10.180.1.21/compute/v2.1/os-security-groups/bbe9ecba-1837-43e3-9e35-377caf7ce231 1.791s
2024-12-12 07:28:31.455 67468 INFO tempest.lib.common.rest_client [req-8b9d0cc1-5b39-4f9d-bde3-ece9f0790e37 req-8b9d0cc1-5b39-4f9d-bde3-ece9f0790e37 ] Request (AggregatesAdminNegativeTestJSON:test_aggregate_add_host_as_user): 403 POST http://10.180.1.21/compute/v2.1/os-aggregates/2/action 1.643s
2024-12-12 07:28:31.473 67434 INFO tempest.lib.common.rest_client [req-1e533099-ed7b-42f9-b06e-4d29814bb698 req-1e533099-ed7b-42f9-b06e-4d29814bb698 ] Request (ImagesNegativeTestJSON:setUpClass): 201 POST http://10.180.1.21/identity/v3/auth/tokens 0.073s
2024-12-12 07:28:31.491 67422 INFO tempest.lib.common.rest_client [req-75bb93b5-10d3-4ea1-9e9d-40f55b63a636 req-75bb93b5-10d3-4ea1-9e9d-40f55b63a636 ] Request (HostsAdminTestJSON:test_list_hosts_with_zone): 200 GET http://10.180.1.21/compute/v2.1/os-hosts?zone=internal 1.652s
2024-12-12 07:28:31.527 67480 INFO tempest.lib.common.rest_client [req-1fef9a2b-dbce-4bdc-8fdb-6dd252f23b08 req-1fef9a2b-dbce-4bdc-8fdb-6dd252f23b08 ] Request (FlavorsV261TestJSON:tearDownClass): 204 DELETE http://10.180.1.21/identity/v3/projects/d6f96b145bf54691992196dfdf52ae34 0.134s
2024-12-12 07:28:31.534 67444 INFO tempest.lib.common.rest_client [req-0d78bf3e-1bea-4920-adc0-cd2d59550f49 req-0d78bf3e-1bea-4920-adc0-cd2d59550f49 ] Request (ListImageFiltersNegativeTestJSON:tearDownClass): 204 DELETE http://10.180.1.21:9696/networking/v2.0/security-groups/43ff4299-4eb4-476d-99a0-de89a10ce2bb 0.264s
2024-12-12 07:28:31.556 67432 INFO tempest.lib.common.rest_client [req-273290bb-4bf2-44cd-9f49-6a610ba3e859 req-273290bb-4bf2-44cd-9f49-6a610ba3e859 ] Request (ListServerFiltersTestJSON:setUpClass): 201 POST http://10.180.1.21:9696/networking/v2.0/networks 0.635s
2024-12-12 07:28:31.576 67458 INFO tempest.lib.common.rest_client [req-bacd3fe7-dd28-484e-bda7-44d05e3007fe req-bacd3fe7-dd28-484e-bda7-44d05e3007fe ] Request (ServerExternalEventsTest:test_create_server_external_events): 200 GET http://10.180.1.21/compute/v2.1/servers/b4cfef43-d840-40dc-bad4-303750e486e9 1.687s
2024-12-12 07:28:31.586 67458 INFO tempest.common.waiters [-] State transition "BUILD/None" ==> "BUILD/block_device_mapping" after 7 second wait
2024-12-12 07:28:31.605 67480 INFO tempest.lib.common.rest_client [req-c9574225-4b54-468a-903e-fb9a63a30914 req-c9574225-4b54-468a-903e-fb9a63a30914 ] Request (ServersTestBootFromVolume:setUpClass): 201 POST http://10.180.1.21/identity/v3/auth/tokens 0.076s
2024-12-12 07:28:31.618 67434 INFO tempest.lib.common.rest_client [req-39763367-464f-468b-8a2e-db7b3f11ad23 req-39763367-464f-468b-8a2e-db7b3f11ad23 ] Request (ImagesNegativeTestJSON:setUpClass): 201 POST http://10.180.1.21/identity/v3/auth/tokens 0.142s
2024-12-12 07:28:31.763 67444 INFO tempest.lib.common.rest_client [req-bea7651a-6b6a-4f8e-9aac-2e6d3954afe9 req-bea7651a-6b6a-4f8e-9aac-2e6d3954afe9 ] Request (ListImageFiltersNegativeTestJSON:tearDownClass): 204 DELETE http://10.180.1.21/identity/v3/projects/280992c0a6154e73a69e1245fcdcf5c4 0.228s
2024-12-12 07:28:31.783 67432 INFO tempest.lib.common.rest_client [req-2e1ddbd1-21c4-43d6-a030-45151b2ef95c req-2e1ddbd1-21c4-43d6-a030-45151b2ef95c ] Request (ListServerFiltersTestJSON:setUpClass): 201 POST http://10.180.1.21:9696/networking/v2.0/subnets 0.226s
2024-12-12 07:28:31.783 67432 INFO tempest.lib.common.dynamic_creds [-] Created isolated network resources for: credentials: Credentials: {'domain_id': 'default', 'domain_name': 'Default', 'username': 'tempest-ListServerFiltersTestJSON-599774425-project-member', 'project_domain_id': 'default', 'project_domain_name': 'Default', 'project_id': '8fb8409a21154020b16c7f718608b27d', 'project_name': 'tempest-ListServerFiltersTestJSON-599774425', 'tenant_id': '8fb8409a21154020b16c7f718608b27d', 'tenant_name': 'tempest-ListServerFiltersTestJSON-599774425', 'user_domain_id': 'default', 'user_domain_name': 'Default', 'user_id': 'b22a71a103a4403187d5715ae8f56b52', 'system': None}, Network: {'id': '1e9ca274-46ff-465f-bb73-551166e1ca7c', 'name': 'tempest-ListServerFiltersTestJSON-578050233-network', 'tenant_id': '8fb8409a21154020b16c7f718608b27d', 'admin_state_up': True, 'mtu': 8950, 'status': 'ACTIVE', 'subnets': [], 'shared': False, 'project_id': '8fb8409a21154020b16c7f718608b27d', 'port_security_enabled': True, 'router:external': False, 'provider:network_type': 'vlan', 'provider:physical_network': 'default', 'provider:segmentation_id': 434, 'availability_zone_hints': [], 'availability_zones': [], 'ipv4_address_scope': None, 'ipv6_address_scope': None, 'description': '', 'tags': [], 'created_at': '2024-12-12T07:28:31Z', 'updated_at': '2024-12-12T07:28:31Z', 'revision_number': 1}, Subnet: {'id': 'cd57cce1-0b9e-497b-b9fc-a3c7ff33d04b', 'name': 'tempest-ListServerFiltersTestJSON-578050233-subnet', 'tenant_id': '8fb8409a21154020b16c7f718608b27d', 'network_id': '1e9ca274-46ff-465f-bb73-551166e1ca7c', 'ip_version': 4, 'subnetpool_id': None, 'enable_dhcp': True, 'ipv6_ra_mode': None, 'ipv6_address_mode': None, 'gateway_ip': '192.168.128.1', 'cidr': '192.168.128.0/28', 'allocation_pools': [{'start': '192.168.128.2', 'end': '192.168.128.14'}], 'host_routes': [], 'dns_nameservers': [], 'description': '', 'router:external': False, 'service_types': [], 'tags': [], 'created_at': '2024-12-12T07:28:31Z', 'updated_at': '2024-12-12T07:28:31Z', 'revision_number': 0, 'project_id': '8fb8409a21154020b16c7f718608b27d'}, Router: None
2024-12-12 07:28:31.829 67472 INFO tempest.lib.common.rest_client [req-34f06dab-7963-40dd-99bf-52a6244e1650 req-34f06dab-7963-40dd-99bf-52a6244e1650 ] Request (QuotasAdminTestJSON:test_delete_quota): 200 PUT http://10.180.1.21/compute/v2.1/os-quota-sets/67493768887446d6b5a88696f928b44b 1.785s
2024-12-12 07:28:31.837 67460 INFO tempest.lib.common.rest_client [req-caac38e8-5bd5-4b19-8dbe-a5c5fa6c57fa req-caac38e8-5bd5-4b19-8dbe-a5c5fa6c57fa ] Request (TenantUsagesNegativeTestJSON:test_get_usage_tenant_with_invalid_date): 400 GET http://10.180.1.21/compute/v2.1/os-simple-tenant-usage/312eceed738d4d36a002e06ec0929f81?start=2024-12-13T07%3A28%3A29.197764&end=2024-12-11T07%3A28%3A29.197764 1.616s
2024-12-12 07:28:31.864 67480 INFO tempest.lib.common.rest_client [req-d1b8b3fe-70a2-4225-a329-fd370156aeb9 req-d1b8b3fe-70a2-4225-a329-fd370156aeb9 ] Request (ServersTestBootFromVolume:setUpClass): 201 POST http://10.180.1.21/identity/v3/auth/tokens 0.252s
2024-12-12 07:28:31.894 67444 INFO tempest.lib.common.rest_client [req-bdc96474-f694-4ce6-9e00-e349f881baaa req-bdc96474-f694-4ce6-9e00-e349f881baaa ] Request (ServerActionsTestOtherB:setUpClass): 201 POST http://10.180.1.21/identity/v3/auth/tokens 0.127s
2024-12-12 07:28:31.897 67434 INFO tempest.lib.common.rest_client [req-9fff3e4a-46ec-4f12-bfff-3e4afbda80c7 req-9fff3e4a-46ec-4f12-bfff-3e4afbda80c7 ] Request (ImagesNegativeTestJSON:setUpClass): 200 GET http://10.180.1.21/identity/v3/domains?name=Default 0.279s
2024-12-12 07:28:31.937 67480 INFO tempest.lib.common.rest_client [req-26c6c821-c43b-4206-930b-d60e402204cb req-26c6c821-c43b-4206-930b-d60e402204cb ] Request (ServersTestBootFromVolume:setUpClass): 200 GET http://10.180.1.21/identity/v3/domains?name=Default 0.073s
2024-12-12 07:28:31.984 67434 INFO tempest.lib.common.rest_client [req-faf200f6-c8bd-42e8-bfa5-5110fcf5b566 req-faf200f6-c8bd-42e8-bfa5-5110fcf5b566 ] Request (ImagesNegativeTestJSON:setUpClass): 201 POST http://10.180.1.21/identity/v3/projects 0.086s
2024-12-12 07:28:31.984 67432 INFO tempest.lib.common.rest_client [req-7aca22a7-abf6-4ae0-bdef-e38e3f9a8dd2 req-7aca22a7-abf6-4ae0-bdef-e38e3f9a8dd2 ] Request (ListServerFiltersTestJSON:setUpClass): 201 POST http://10.180.1.21/identity/v3/auth/tokens 0.197s
2024-12-12 07:28:32.049 67444 INFO tempest.lib.common.rest_client [req-4c125f5d-91ec-4425-b717-c995ee66cffb req-4c125f5d-91ec-4425-b717-c995ee66cffb ] Request (ServerActionsTestOtherB:setUpClass): 201 POST http://10.180.1.21/identity/v3/auth/tokens 0.148s
2024-12-12 07:28:32.061 67480 INFO tempest.lib.common.rest_client [req-1e65ac3e-1ba4-461a-bea5-d1f28004a2d4 req-1e65ac3e-1ba4-461a-bea5-d1f28004a2d4 ] Request (ServersTestBootFromVolume:setUpClass): 201 POST http://10.180.1.21/identity/v3/projects 0.123s
2024-12-12 07:28:32.076 67434 INFO tempest.lib.common.rest_client [req-0f9fee6c-0ead-4509-9f64-db1ea5330ac9 req-0f9fee6c-0ead-4509-9f64-db1ea5330ac9 ] Request (ImagesNegativeTestJSON:setUpClass): 201 POST http://10.180.1.21/identity/v3/users 0.091s
2024-12-12 07:28:32.094 67456 INFO tempest.lib.common.rest_client [req-a8df188b-4d36-4d48-8834-5c224144d207 req-a8df188b-4d36-4d48-8834-5c224144d207 ] Request (FloatingIPDetailsNegativeTestJSON:setUpClass): 200 PUT http://10.180.1.21:9696/networking/v2.0/routers/2094445e-a8e8-4731-bda6-6139ec4da718/add_router_interface 2.419s
2024-12-12 07:28:32.094 67456 INFO tempest.lib.common.dynamic_creds [-] Created isolated network resources for: credentials: Credentials: {'domain_id': 'default', 'domain_name': 'Default', 'username': 'tempest-FloatingIPDetailsNegativeTestJSON-61066327-project-member', 'project_domain_id': 'default', 'project_domain_name': 'Default', 'project_id': 'd280b0e1390f445fbbeb4ab94b2df8ba', 'project_name': 'tempest-FloatingIPDetailsNegativeTestJSON-61066327', 'tenant_id': 'd280b0e1390f445fbbeb4ab94b2df8ba', 'tenant_name': 'tempest-FloatingIPDetailsNegativeTestJSON-61066327', 'user_domain_id': 'default', 'user_domain_name': 'Default', 'user_id': '9d866758941a4dabb668ffc1bc8634ed', 'system': None}, Network: {'id': '1b120c21-7bb4-4c31-aa7f-945de0664323', 'name': 'tempest-FloatingIPDetailsNegativeTestJSON-567175017-network', 'tenant_id': 'd280b0e1390f445fbbeb4ab94b2df8ba', 'admin_state_up': True, 'mtu': 8950, 'status': 'ACTIVE', 'subnets': [], 'shared': False, 'project_id': 'd280b0e1390f445fbbeb4ab94b2df8ba', 'port_security_enabled': True, 'router:external': False, 'provider:network_type': 'vlan', 'provider:physical_network': 'default', 'provider:segmentation_id': 175, 'availability_zone_hints': [], 'availability_zones': [], 'ipv4_address_scope': None, 'ipv6_address_scope': None, 'description': '', 'tags': [], 'created_at': '2024-12-12T07:28:27Z', 'updated_at': '2024-12-12T07:28:27Z', 'revision_number': 1}, Subnet: {'id': '9ae76b8e-ba6d-4d86-82f7-b2844e435a50', 'name': 'tempest-FloatingIPDetailsNegativeTestJSON-567175017-subnet', 'tenant_id': 'd280b0e1390f445fbbeb4ab94b2df8ba', 'network_id': '1b120c21-7bb4-4c31-aa7f-945de0664323', 'ip_version': 4, 'subnetpool_id': None, 'enable_dhcp': True, 'ipv6_ra_mode': None, 'ipv6_address_mode': None, 'gateway_ip': '192.168.128.1', 'cidr': '192.168.128.0/28', 'allocation_pools': [{'start': '192.168.128.2', 'end': '192.168.128.14'}], 'host_routes': [], 'dns_nameservers': [], 'description': '', 'router:external': False, 'service_types': [], 'tags': [], 'created_at': '2024-12-12T07:28:28Z', 'updated_at': '2024-12-12T07:28:28Z', 'revision_number': 0, 'project_id': 'd280b0e1390f445fbbeb4ab94b2df8ba'}, Router: {'id': '2094445e-a8e8-4731-bda6-6139ec4da718', 'name': 'tempest-FloatingIPDetailsNegativeTestJSON-567175017-router', 'tenant_id': 'd280b0e1390f445fbbeb4ab94b2df8ba', 'admin_state_up': True, 'status': 'ACTIVE', 'external_gateway_info': {'network_id': 'cd8d8ae1-f89c-46a7-adcd-d52b3ca901d5', 'external_fixed_ips': [{'subnet_id': '259c0b64-6a14-4f60-83c5-8324d4c764f3', 'ip_address': '10.180.180.172'}], 'enable_snat': True}, 'description': '', 'availability_zones': [], 'distributed': False, 'ha': False, 'availability_zone_hints': [], 'routes': [], 'flavor_id': None, 'tags': [], 'created_at': '2024-12-12T07:28:28Z', 'updated_at': '2024-12-12T07:28:28Z', 'revision_number': 2, 'project_id': 'd280b0e1390f445fbbeb4ab94b2df8ba'}
2024-12-12 07:28:32.117 67432 INFO tempest.lib.common.rest_client [req-7bf0412a-0c3c-472c-9cc8-7f9f7b4f9339 req-7bf0412a-0c3c-472c-9cc8-7f9f7b4f9339 ] Request (ListServerFiltersTestJSON:setUpClass): 201 POST http://10.180.1.21/identity/v3/auth/tokens 0.126s
2024-12-12 07:28:32.117 67432 INFO tempest.lib.common.fixed_network [-] (ListServerFiltersTestJSON:setUpClass) Found network {'id': '1e9ca274-46ff-465f-bb73-551166e1ca7c', 'name': 'tempest-ListServerFiltersTestJSON-578050233-network', 'tenant_id': '8fb8409a21154020b16c7f718608b27d', 'admin_state_up': True, 'mtu': 8950, 'status': 'ACTIVE', 'subnets': [], 'shared': False, 'project_id': '8fb8409a21154020b16c7f718608b27d', 'port_security_enabled': True, 'router:external': False, 'provider:network_type': 'vlan', 'provider:physical_network': 'default', 'provider:segmentation_id': 434, 'availability_zone_hints': [], 'availability_zones': [], 'ipv4_address_scope': None, 'ipv6_address_scope': None, 'description': '', 'tags': [], 'created_at': '2024-12-12T07:28:31Z', 'updated_at': '2024-12-12T07:28:31Z', 'revision_number': 1} available for tenant
