2024-09-30 23:09:40.660 62281 INFO tempest.lib.common.rest_client [req-599b950d-f02b-4133-a8e0-03cf80fc1bb5 req-599b950d-f02b-4133-a8e0-03cf80fc1bb5 ] Request (ServerAddressesNegativeTestJSON:setUpClass): 200 GET http://10.180.1.21/compute/v2.1/servers/388b62aa-6647-4aca-acb2-8d7d7d424c8c 0.065s
2024-09-30 23:09:40.708 62233 INFO tempest.lib.common.rest_client [req-e561c641-3597-4a2c-b082-84712aa7be1f req-e561c641-3597-4a2c-b082-84712aa7be1f ] Request (ServersTestManualDisk:setUpClass): 200 GET http://10.180.1.21/compute/v2.1/servers/466a5f5a-f48a-4921-8bcb-44a1840c8141 0.093s
2024-09-30 23:09:40.725 62265 INFO tempest.lib.common.rest_client [req-694be8f3-d015-4df9-86f9-31f887ee5152 req-694be8f3-d015-4df9-86f9-31f887ee5152 ] Request (TenantUsagesTestJSON:setUpClass): 200 GET http://10.180.1.21/compute/v2.1/servers/6c0bc598-eae5-4e5b-a3b2-b4bb90bc8d59 0.159s
2024-09-30 23:09:40.732 62265 INFO tempest.common.waiters [-] State transition "BUILD/spawning" ==> "ACTIVE/None" after 89 second wait
2024-09-30 23:09:40.753 62253 INFO tempest.lib.common.rest_client [req-0de81276-75ab-4105-a0b2-5c46e2ed7d58 req-0de81276-75ab-4105-a0b2-5c46e2ed7d58 ] Request (FloatingIPsAssociationNegativeTestJSON:setUpClass): 200 GET http://10.180.1.21/compute/v2.1/servers/8ff4ebb9-57ea-49d2-8d3c-5876da61e77b 0.115s
2024-09-30 23:09:40.771 62269 INFO tempest.lib.common.rest_client [req-658816c0-83f7-4ffe-b5bd-e5b47086e3c0 req-658816c0-83f7-4ffe-b5bd-e5b47086e3c0 ] Request (ImagesOneServerNegativeTestJSON:setUpClass): 200 GET http://10.180.1.21/compute/v2.1/servers/ea6c2120-a69a-42c7-bc92-3e74539c008d 0.112s
2024-09-30 23:09:40.795 62235 INFO tempest.lib.common.rest_client [req-1ee7742d-e9c0-4104-87ef-542f09f546c0 req-1ee7742d-e9c0-4104-87ef-542f09f546c0 ] Request (ServersNegativeTestJSON:setUpClass): 200 GET http://10.180.1.21/compute/v2.1/servers/51a36102-795e-47b7-b96a-857e54dc703e 0.114s
2024-09-30 23:09:40.817 62267 INFO tempest.lib.common.rest_client [req-99582cbf-322f-4977-9bfe-7c4805a726e9 req-99582cbf-322f-4977-9bfe-7c4805a726e9 ] Request (ServerTagsTestJSON:setUpClass): 200 GET http://10.180.1.21/compute/v2.1/servers/d55395cc-0b92-4e99-9b80-913c19f6c7f4 0.111s
2024-09-30 23:09:40.861 62239 INFO tempest.lib.common.rest_client [req-f7734cc4-019e-45f7-95fe-895acd5f4c4b req-f7734cc4-019e-45f7-95fe-895acd5f4c4b ] Request (FloatingIPsAssociationTestJSON:setUpClass): 200 GET http://10.180.1.21/compute/v2.1/servers/4edd0159-6db1-41bd-a616-31a34e984059 0.127s
2024-09-30 23:09:40.901 62241 INFO tempest.lib.common.rest_client [req-fbaca970-bd83-45ca-942f-6d961ef20615 req-fbaca970-bd83-45ca-942f-6d961ef20615 ] Request (MigrationsAdminTest:test_resize_server_revert_deleted_flavor): 200 GET http://10.180.1.21/compute/v2.1/servers/80f13fca-2df1-4aa0-96f1-b61a60c4fdc6 0.130s
2024-09-30 23:09:40.923 62265 INFO tempest.lib.common.rest_client [req-8d5ad8ef-bbaf-4cec-ae30-c2f570c496e7 req-8d5ad8ef-bbaf-4cec-ae30-c2f570c496e7 ] Request (TenantUsagesTestJSON:test_get_usage_tenant): 200 GET http://10.180.1.21/compute/v2.1/os-simple-tenant-usage/a082e4efc2ed4c7abfe86b1336fa6b2d?start=2024-09-29T23%3A09%3A40.732580&end=2024-10-01T23%3A09%3A40.732580 0.190s
2024-09-30 23:09:40.942 62277 INFO tempest.lib.common.rest_client [req-0e4187da-86ab-48ec-8d3c-75ad7134c7d7 req-0e4187da-86ab-48ec-8d3c-75ad7134c7d7 ] Request (ServerAddressesTestJSON:setUpClass): 200 GET http://10.180.1.21/compute/v2.1/servers/e9f0b620-b0af-4fe2-ac5d-e3f6c8c998b1 0.161s
2024-09-30 23:09:40.966 62247 INFO tempest.lib.common.rest_client [req-db8259d8-361d-4b98-bce3-d08b70622cf4 req-db8259d8-361d-4b98-bce3-d08b70622cf4 ] Request (ServersTestFqdnHostnames:test_create_server_with_fqdn_name): 200 GET http://10.180.1.21/compute/v2.1/servers/96bbc732-cb58-4de2-80d3-c527228adaea 0.144s
2024-09-30 23:09:40.996 62285 INFO tempest.lib.common.rest_client [req-5f095478-d8e8-4d13-bc68-cc9015cac3ce req-5f095478-d8e8-4d13-bc68-cc9015cac3ce ] Request (ServerPasswordTestJSON:setUpClass): 200 GET http://10.180.1.21/compute/v2.1/servers/ab2edc70-b4c6-4db3-b0d6-53148764efdd 0.163s
2024-09-30 23:09:41.013 62255 INFO tempest.lib.common.rest_client [req-0d838eac-13e7-43f8-b46d-da69bcffd576 req-0d838eac-13e7-43f8-b46d-da69bcffd576 ] Request (ServersTestMultiNic:test_verify_multiple_nics_order): 200 GET http://10.180.1.21/compute/v2.1/servers/93174a10-f8b1-4789-ab3c-dda07bdddaa8 0.137s
2024-09-30 23:09:41.026 62265 INFO tempest.lib.common.rest_client [req-928685e8-ab67-4a52-a254-2ceaf7a723ab req-928685e8-ab67-4a52-a254-2ceaf7a723ab ] Request (TenantUsagesTestJSON:test_get_usage_tenant_with_non_admin_user): 200 GET http://10.180.1.21/compute/v2.1/os-simple-tenant-usage/a082e4efc2ed4c7abfe86b1336fa6b2d?start=2024-09-29T23%3A09%3A40.732580&end=2024-10-01T23%3A09%3A40.732580 0.099s
2024-09-30 23:09:41.064 62265 INFO tempest.lib.common.rest_client [req-3dbee845-9214-442b-9871-d6442934806e req-3dbee845-9214-442b-9871-d6442934806e ] Request (TenantUsagesTestJSON:test_list_usage_all_tenants): 200 GET http://10.180.1.21/compute/v2.1/os-simple-tenant-usage?start=2024-09-29T23%3A09%3A40.732580&end=2024-10-01T23%3A09%3A40.732580&detailed=1 0.034s
2024-09-30 23:09:41.107 62227 INFO tempest.lib.common.rest_client [req-550981c0-4cc3-4022-ac15-60202431dcea req-550981c0-4cc3-4022-ac15-60202431dcea ] Request (ServerGroupTestJSON:test_create_server_with_scheduler_hint_group): 200 GET http://10.180.1.21/compute/v2.1/servers/49e0d752-6f88-45c4-bd6a-d9fe4f526a2f 0.049s
2024-09-30 23:09:41.139 62265 INFO tempest.lib.common.rest_client [req-be823ad2-bcfb-406b-afcd-f2012f1df25d req-be823ad2-bcfb-406b-afcd-f2012f1df25d ] Request (TenantUsagesTestJSON:tearDownClass): 204 DELETE http://10.180.1.21/compute/v2.1/servers/6c0bc598-eae5-4e5b-a3b2-b4bb90bc8d59 0.066s
2024-09-30 23:09:41.174 62225 INFO tempest.lib.common.rest_client [req-bc0885e5-a5d1-4754-9509-f8bf31616489 req-bc0885e5-a5d1-4754-9509-f8bf31616489 ] Request (MultipleCreateTestJSON:test_multiple_create): 200 GET http://10.180.1.21/compute/v2.1/servers/65ddff8e-971c-4485-b658-4611aea1176c 0.046s
2024-09-30 23:09:41.225 62249 INFO tempest.lib.common.rest_client [req-f4a6f025-725f-43a2-8305-5ce4938cac82 req-f4a6f025-725f-43a2-8305-5ce4938cac82 ] Request (ImagesTestJSON:test_create_image_from_suspended_server): 200 GET http://10.180.1.21/compute/v2.1/servers/02fe490b-75c8-406b-98e0-aa200f249673 0.050s
2024-09-30 23:09:41.256 62265 INFO tempest.lib.common.rest_client [req-827e5c2d-9376-4468-b2a4-198403c67a9b req-827e5c2d-9376-4468-b2a4-198403c67a9b ] Request (TenantUsagesTestJSON:tearDownClass): 200 GET http://10.180.1.21/compute/v2.1/servers/6c0bc598-eae5-4e5b-a3b2-b4bb90bc8d59 0.116s
2024-09-30 23:09:41.271 62223 INFO tempest.lib.common.rest_client [req-34109e36-95ef-4742-b49c-134f935c90ac req-34109e36-95ef-4742-b49c-134f935c90ac ] Request (ServerDiagnosticsTest:test_get_server_diagnostics): 200 GET http://10.180.1.21/compute/v2.1/servers/fa943137-caf1-4b41-b644-c9146f72f956 0.056s
2024-09-30 23:09:41.304 62237 INFO tempest.lib.common.rest_client [req-6543d2fe-9467-4e5d-976d-fa812adf5462 req-6543d2fe-9467-4e5d-976d-fa812adf5462 ] Request (ListImageFiltersTestJSON:setUpClass): 200 GET http://10.180.1.21/compute/v2.1/servers/89a97f81-bcd9-49e5-bbd3-9140f6638a20 0.047s
2024-09-30 23:09:41.363 62271 INFO tempest.lib.common.rest_client [req-6b5afcf1-6296-4b6d-8c1a-af0e41483f62 req-6b5afcf1-6296-4b6d-8c1a-af0e41483f62 ] Request (ImagesOneServerTestJSON:setUpClass): 200 GET http://10.180.1.21/compute/v2.1/servers/630e0959-6d7f-401d-b84c-1c098f54bf60 0.048s
2024-09-30 23:09:41.369 62271 INFO tempest.common.waiters [-] State transition "BUILD/scheduling" ==> "BUILD/None" after 85 second wait
2024-09-30 23:09:41.431 62283 INFO tempest.lib.common.rest_client [req-83a7312e-43b7-4d13-b7ed-6413bb2b4dbd req-83a7312e-43b7-4d13-b7ed-6413bb2b4dbd ] Request (DeleteServersTestJSON:test_delete_server_while_in_attached_volume): 200 GET http://10.180.1.21/compute/v2.1/servers/325183b9-e35b-4f9c-a271-d0fdb05288bb 0.047s
2024-09-30 23:09:41.470 62279 INFO tempest.lib.common.rest_client [req-36edfe09-db96-4148-8bec-4c47d7e3e9b6 req-36edfe09-db96-4148-8bec-4c47d7e3e9b6 ] Request (ServerMetadataTestJSON:setUpClass): 200 GET http://10.180.1.21/compute/v2.1/servers/0b4b3bdb-7393-47ab-abc1-44c47496cb3a 0.043s
2024-09-30 23:09:41.521 62243 INFO tempest.lib.common.rest_client [req-6815f7ec-6b5a-44af-9ff6-560a83e874f1 req-6815f7ec-6b5a-44af-9ff6-560a83e874f1 ] Request (ServerActionsV293TestJSON:setUpClass): 200 GET http://10.180.1.21/compute/v2.1/servers/95641d0b-970c-4b94-8568-5c46d0808345 0.047s
2024-09-30 23:09:41.558 62231 INFO tempest.lib.common.rest_client [req-1cd6d647-5fdc-452e-b200-c0ec88550d4d req-1cd6d647-5fdc-452e-b200-c0ec88550d4d ] Request (ServerDiskConfigTestJSON:test_resize_server_from_auto_to_manual): 200 GET http://10.180.1.21/compute/v2.1/servers/8cb6f7b4-611d-4f10-8ee0-b2c044aec5c2 0.043s
2024-09-30 23:09:41.570 62273 INFO tempest.lib.common.rest_client [req-224f7078-4302-4cd4-87fe-4ee25f40be2d req-224f7078-4302-4cd4-87fe-4ee25f40be2d ] Request (AttachVolumeTestJSON:test_attach_detach_volume): 200 GET http://10.180.1.21/compute/v2.1/servers/ad40937f-d5a9-4708-8b81-06087d38d765 0.041s
2024-09-30 23:09:41.598 62275 INFO tempest.lib.common.rest_client [req-a6d13214-7af7-48c7-8842-e223e753441e req-a6d13214-7af7-48c7-8842-e223e753441e ] Request (DeleteServersAdminTestJSON:test_delete_server_while_in_error_state): 200 GET http://10.180.1.21/compute/v2.1/servers/967bc997-543f-4b35-968b-c530b82d9db0 0.039s
2024-09-30 23:09:41.604 62275 INFO tempest.common.waiters [-] State transition "BUILD/spawning" ==> "BUILD/scheduling" after 99 second wait
2024-09-30 23:09:41.626 62251 INFO tempest.lib.common.rest_client [req-4af43ee7-8d2f-4df8-924e-c074c6a89ad1 req-4af43ee7-8d2f-4df8-924e-c074c6a89ad1 ] Request (ServersAdmin275Test:test_rebuild_update_server_275): 200 GET http://10.180.1.21/compute/v2.1/servers/1afcffda-0bd2-4cbe-8cfb-12a91bb50975 0.049s
2024-09-30 23:09:41.640 62245 INFO tempest.lib.common.rest_client [req-80b099f4-4cfd-49f2-ae60-7af1f6fa4649 req-80b099f4-4cfd-49f2-ae60-7af1f6fa4649 ] Request (VolumesAdminNegativeTest:test_update_attached_volume_with_nonexistent_volume_in_uri): 200 GET http://10.180.1.21/compute/v2.1/servers/bb7243dc-a950-4d3e-9b17-944e57cdd56f 0.050s
2024-09-30 23:09:41.667 62229 INFO tempest.lib.common.rest_client [req-85fefd8e-35a9-4211-bac7-e46c3c5d6ace req-85fefd8e-35a9-4211-bac7-e46c3c5d6ace ] Request (ServersWithSpecificFlavorTestJSON:test_verify_created_server_ephemeral_disk): 200 GET http://10.180.1.21/compute/v2.1/servers/d038391c-2b32-455c-85d5-68221e7bd065 0.048s
2024-09-30 23:09:41.717 62281 INFO tempest.lib.common.rest_client [req-03f87fb4-0b2f-4e67-a4c0-646342309bcf req-03f87fb4-0b2f-4e67-a4c0-646342309bcf ] Request (ServerAddressesNegativeTestJSON:setUpClass): 200 GET http://10.180.1.21/compute/v2.1/servers/388b62aa-6647-4aca-acb2-8d7d7d424c8c 0.049s
2024-09-30 23:09:41.762 62233 INFO tempest.lib.common.rest_client [req-27fcc448-2006-4f17-a8f6-c1fdf3e0eece req-27fcc448-2006-4f17-a8f6-c1fdf3e0eece ] Request (ServersTestManualDisk:setUpClass): 200 GET http://10.180.1.21/compute/v2.1/servers/466a5f5a-f48a-4921-8bcb-44a1840c8141 0.047s
2024-09-30 23:09:41.768 62233 INFO tempest.common.waiters [-] State transition "BUILD/scheduling" ==> "BUILD/None" after 85 second wait
2024-09-30 23:09:41.803 62253 INFO tempest.lib.common.rest_client [req-87ff3af0-defd-4da3-a5d0-1dc0cba3e161 req-87ff3af0-defd-4da3-a5d0-1dc0cba3e161 ] Request (FloatingIPsAssociationNegativeTestJSON:setUpClass): 200 GET http://10.180.1.21/compute/v2.1/servers/8ff4ebb9-57ea-49d2-8d3c-5876da61e77b 0.043s
2024-09-30 23:09:41.823 62269 INFO tempest.lib.common.rest_client [req-dbca65a3-fe42-4c1a-9211-a3052520d190 req-dbca65a3-fe42-4c1a-9211-a3052520d190 ] Request (ImagesOneServerNegativeTestJSON:setUpClass): 200 GET http://10.180.1.21/compute/v2.1/servers/ea6c2120-a69a-42c7-bc92-3e74539c008d 0.045s
2024-09-30 23:09:41.850 62235 INFO tempest.lib.common.rest_client [req-429026ee-50e8-4c76-a8b9-0ad4ac28327a req-429026ee-50e8-4c76-a8b9-0ad4ac28327a ] Request (ServersNegativeTestJSON:setUpClass): 200 GET http://10.180.1.21/compute/v2.1/servers/51a36102-795e-47b7-b96a-857e54dc703e 0.046s
2024-09-30 23:09:41.870 62267 INFO tempest.lib.common.rest_client [req-a8c6e735-78cf-4501-9f91-d0420e9a6697 req-a8c6e735-78cf-4501-9f91-d0420e9a6697 ] Request (ServerTagsTestJSON:setUpClass): 200 GET http://10.180.1.21/compute/v2.1/servers/d55395cc-0b92-4e99-9b80-913c19f6c7f4 0.046s
2024-09-30 23:09:41.910 62239 INFO tempest.lib.common.rest_client [req-55d5a05e-34d6-40c0-9e75-67c0f3ee9143 req-55d5a05e-34d6-40c0-9e75-67c0f3ee9143 ] Request (FloatingIPsAssociationTestJSON:setUpClass): 200 GET http://10.180.1.21/compute/v2.1/servers/4edd0159-6db1-41bd-a616-31a34e984059 0.043s
2024-09-30 23:09:41.956 62241 INFO tempest.lib.common.rest_client [req-beb94afe-a8a1-4822-aed4-49dab47c978c req-beb94afe-a8a1-4822-aed4-49dab47c978c ] Request (MigrationsAdminTest:test_resize_server_revert_deleted_flavor): 200 GET http://10.180.1.21/compute/v2.1/servers/80f13fca-2df1-4aa0-96f1-b61a60c4fdc6 0.048s
2024-09-30 23:09:41.994 62277 INFO tempest.lib.common.rest_client [req-e3e33453-d067-40bf-bb79-4137148a0817 req-e3e33453-d067-40bf-bb79-4137148a0817 ] Request (ServerAddressesTestJSON:setUpClass): 200 GET http://10.180.1.21/compute/v2.1/servers/e9f0b620-b0af-4fe2-ac5d-e3f6c8c998b1 0.045s
2024-09-30 23:09:42.021 62247 INFO tempest.lib.common.rest_client [req-91503e4d-5a37-4d7f-9de6-dd9ac6059860 req-91503e4d-5a37-4d7f-9de6-dd9ac6059860 ] Request (ServersTestFqdnHostnames:test_create_server_with_fqdn_name): 200 GET http://10.180.1.21/compute/v2.1/servers/96bbc732-cb58-4de2-80d3-c527228adaea 0.047s
2024-09-30 23:09:42.047 62285 INFO tempest.lib.common.rest_client [req-2536d009-563a-4e7a-8a89-328c7d09b0b7 req-2536d009-563a-4e7a-8a89-328c7d09b0b7 ] Request (ServerPasswordTestJSON:setUpClass): 200 GET http://10.180.1.21/compute/v2.1/servers/ab2edc70-b4c6-4db3-b0d6-53148764efdd 0.043s
2024-09-30 23:09:42.063 62255 INFO tempest.lib.common.rest_client [req-5d5e25a1-0731-4ea7-a2bf-8abcdf73b3f5 req-5d5e25a1-0731-4ea7-a2bf-8abcdf73b3f5 ] Request (ServersTestMultiNic:test_verify_multiple_nics_order): 200 GET http://10.180.1.21/compute/v2.1/servers/93174a10-f8b1-4789-ab3c-dda07bdddaa8 0.042s
2024-09-30 23:09:42.159 62227 INFO tempest.lib.common.rest_client [req-b3876c96-cbb5-493e-a45f-45ded8cb720e req-b3876c96-cbb5-493e-a45f-45ded8cb720e ] Request (ServerGroupTestJSON:test_create_server_with_scheduler_hint_group): 200 GET http://10.180.1.21/compute/v2.1/servers/49e0d752-6f88-45c4-bd6a-d9fe4f526a2f 0.045s
2024-09-30 23:09:42.228 62225 INFO tempest.lib.common.rest_client [req-d0d6ecf6-a86b-4689-9936-da24717ee198 req-d0d6ecf6-a86b-4689-9936-da24717ee198 ] Request (MultipleCreateTestJSON:test_multiple_create): 200 GET http://10.180.1.21/compute/v2.1/servers/65ddff8e-971c-4485-b658-4611aea1176c 0.047s
2024-09-30 23:09:42.279 62249 INFO tempest.lib.common.rest_client [req-2c6b827b-880b-44df-a72d-d0ca9d4fca04 req-2c6b827b-880b-44df-a72d-d0ca9d4fca04 ] Request (ImagesTestJSON:test_create_image_from_suspended_server): 200 GET http://10.180.1.21/compute/v2.1/servers/02fe490b-75c8-406b-98e0-aa200f249673 0.046s
2024-09-30 23:09:42.323 62223 INFO tempest.lib.common.rest_client [req-bb9c0560-7538-4c9b-a056-d6bfda2de231 req-bb9c0560-7538-4c9b-a056-d6bfda2de231 ] Request (ServerDiagnosticsTest:test_get_server_diagnostics): 200 GET http://10.180.1.21/compute/v2.1/servers/fa943137-caf1-4b41-b644-c9146f72f956 0.045s
2024-09-30 23:09:42.367 62237 INFO tempest.lib.common.rest_client [req-5bc45b1d-aefd-4ae6-b2e0-bf6659ad5433 req-5bc45b1d-aefd-4ae6-b2e0-bf6659ad5433 ] Request (ListImageFiltersTestJSON:setUpClass): 200 GET http://10.180.1.21/compute/v2.1/servers/89a97f81-bcd9-49e5-bbd3-9140f6638a20 0.055s
2024-09-30 23:09:42.415 62265 INFO tempest.lib.common.rest_client [req-1befc00d-05e4-40ea-b8bb-29be17029815 req-1befc00d-05e4-40ea-b8bb-29be17029815 ] Request (TenantUsagesTestJSON:tearDownClass): 200 GET http://10.180.1.21/compute/v2.1/servers/6c0bc598-eae5-4e5b-a3b2-b4bb90bc8d59 0.152s
2024-09-30 23:09:42.418 62271 INFO tempest.lib.common.rest_client [req-be3ecc3e-1456-4018-a824-4a0813af33b3 req-be3ecc3e-1456-4018-a824-4a0813af33b3 ] Request (ImagesOneServerTestJSON:setUpClass): 200 GET http://10.180.1.21/compute/v2.1/servers/630e0959-6d7f-401d-b84c-1c098f54bf60 0.047s
2024-09-30 23:09:42.483 62283 INFO tempest.lib.common.rest_client [req-2cb577d3-1c61-4a49-971d-25e8a71938cc req-2cb577d3-1c61-4a49-971d-25e8a71938cc ] Request (DeleteServersTestJSON:test_delete_server_while_in_attached_volume): 200 GET http://10.180.1.21/compute/v2.1/servers/325183b9-e35b-4f9c-a271-d0fdb05288bb 0.046s
2024-09-30 23:09:42.521 62279 INFO tempest.lib.common.rest_client [req-d1088aad-8ece-4dc3-af7f-3582a20222d4 req-d1088aad-8ece-4dc3-af7f-3582a20222d4 ] Request (ServerMetadataTestJSON:setUpClass): 200 GET http://10.180.1.21/compute/v2.1/servers/0b4b3bdb-7393-47ab-abc1-44c47496cb3a 0.045s
2024-09-30 23:09:42.579 62243 INFO tempest.lib.common.rest_client [req-bf366603-0aeb-4c5b-8485-9eb77d77c58a req-bf366603-0aeb-4c5b-8485-9eb77d77c58a ] Request (ServerActionsV293TestJSON:setUpClass): 200 GET http://10.180.1.21/compute/v2.1/servers/95641d0b-970c-4b94-8568-5c46d0808345 0.050s
2024-09-30 23:09:42.611 62231 INFO tempest.lib.common.rest_client [req-2801fc52-0b68-41bb-ae1c-e35f4327fc86 req-2801fc52-0b68-41bb-ae1c-e35f4327fc86 ] Request (ServerDiskConfigTestJSON:test_resize_server_from_auto_to_manual): 200 GET http://10.180.1.21/compute/v2.1/servers/8cb6f7b4-611d-4f10-8ee0-b2c044aec5c2 0.045s
2024-09-30 23:09:42.623 62273 INFO tempest.lib.common.rest_client [req-98d8e034-1798-4c0a-95b6-e10e21d7619a req-98d8e034-1798-4c0a-95b6-e10e21d7619a ] Request (AttachVolumeTestJSON:test_attach_detach_volume): 200 GET http://10.180.1.21/compute/v2.1/servers/ad40937f-d5a9-4708-8b81-06087d38d765 0.046s
2024-09-30 23:09:42.657 62275 INFO tempest.lib.common.rest_client [req-6b1a8828-e0bd-4fea-9f0e-b1bcec2c92b5 req-6b1a8828-e0bd-4fea-9f0e-b1bcec2c92b5 ] Request (DeleteServersAdminTestJSON:test_delete_server_while_in_error_state): 200 GET http://10.180.1.21/compute/v2.1/servers/967bc997-543f-4b35-968b-c530b82d9db0 0.052s
2024-09-30 23:09:42.663 62275 INFO tempest.common.waiters [-] State transition "BUILD/scheduling" ==> "ERROR/None" after 100 second wait
2024-09-30 23:09:42.686 62251 INFO tempest.lib.common.rest_client [req-4b9a45c3-e6a0-4ca7-bb96-3bf7e07c96a1 req-4b9a45c3-e6a0-4ca7-bb96-3bf7e07c96a1 ] Request (ServersAdmin275Test:test_rebuild_update_server_275): 200 GET http://10.180.1.21/compute/v2.1/servers/1afcffda-0bd2-4cbe-8cfb-12a91bb50975 0.052s
2024-09-30 23:09:42.705 62245 INFO tempest.lib.common.rest_client [req-a82f8a92-95ae-4da2-a9a5-9299f54ee8d8 req-a82f8a92-95ae-4da2-a9a5-9299f54ee8d8 ] Request (VolumesAdminNegativeTest:test_update_attached_volume_with_nonexistent_volume_in_uri): 200 GET http://10.180.1.21/compute/v2.1/servers/bb7243dc-a950-4d3e-9b17-944e57cdd56f 0.058s
2024-09-30 23:09:42.754 62229 INFO tempest.lib.common.rest_client [req-1f6c775e-5e5c-4805-8ee5-991d82e6b2f9 req-1f6c775e-5e5c-4805-8ee5-991d82e6b2f9 ] Request (ServersWithSpecificFlavorTestJSON:test_verify_created_server_ephemeral_disk): 200 GET http://10.180.1.21/compute/v2.1/servers/d038391c-2b32-455c-85d5-68221e7bd065 0.078s
2024-09-30 23:09:42.801 62281 INFO tempest.lib.common.rest_client [req-022c1c6c-6f5e-42d2-aa9c-924aaca1f563 req-022c1c6c-6f5e-42d2-aa9c-924aaca1f563 ] Request (ServerAddressesNegativeTestJSON:setUpClass): 200 GET http://10.180.1.21/compute/v2.1/servers/388b62aa-6647-4aca-acb2-8d7d7d424c8c 0.078s
2024-09-30 23:09:42.845 62233 INFO tempest.lib.common.rest_client [req-55632039-1c8c-476a-b054-63f02b44bffd req-55632039-1c8c-476a-b054-63f02b44bffd ] Request (ServersTestManualDisk:setUpClass): 200 GET http://10.180.1.21/compute/v2.1/servers/466a5f5a-f48a-4921-8bcb-44a1840c8141 0.076s
2024-09-30 23:09:42.865 62275 INFO tempest.lib.common.rest_client [req-1959e171-4490-447e-96ac-f497f2c4fdb0 req-1959e171-4490-447e-96ac-f497f2c4fdb0 ] Request (DeleteServersAdminTestJSON:test_delete_server_while_in_error_state): 204 DELETE http://10.180.1.21/compute/v2.1/servers/967bc997-543f-4b35-968b-c530b82d9db0 0.201s
2024-09-30 23:09:42.889 62253 INFO tempest.lib.common.rest_client [req-fc551f83-9ed8-49d4-90f1-b715f4f0c33a req-fc551f83-9ed8-49d4-90f1-b715f4f0c33a ] Request (FloatingIPsAssociationNegativeTestJSON:setUpClass): 200 GET http://10.180.1.21/compute/v2.1/servers/8ff4ebb9-57ea-49d2-8d3c-5876da61e77b 0.078s
2024-09-30 23:09:42.908 62269 INFO tempest.lib.common.rest_client [req-2e9252b4-2e26-4f5a-bf56-9947dce579c9 req-2e9252b4-2e26-4f5a-bf56-9947dce579c9 ] Request (ImagesOneServerNegativeTestJSON:setUpClass): 200 GET http://10.180.1.21/compute/v2.1/servers/ea6c2120-a69a-42c7-bc92-3e74539c008d 0.077s
2024-09-30 23:09:42.913 62269 INFO tempest.common.waiters [-] State transition "BUILD/scheduling" ==> "BUILD/None" after 83 second wait
2024-09-30 23:09:42.926 62275 INFO tempest.lib.common.rest_client [req-49e8dc21-49cd-479b-acd5-594f9d4d2a08 req-49e8dc21-49cd-479b-acd5-594f9d4d2a08 ] Request (DeleteServersAdminTestJSON:test_delete_server_while_in_error_state): 404 GET http://10.180.1.21/compute/v2.1/servers/967bc997-543f-4b35-968b-c530b82d9db0 0.060s
2024-09-30 23:09:42.932 62235 INFO tempest.lib.common.rest_client [req-9db71cb5-0bcf-4415-adc4-08259ff7914e req-9db71cb5-0bcf-4415-adc4-08259ff7914e ] Request (ServersNegativeTestJSON:setUpClass): 200 GET http://10.180.1.21/compute/v2.1/servers/51a36102-795e-47b7-b96a-857e54dc703e 0.073s
2024-09-30 23:09:42.974 62267 INFO tempest.lib.common.rest_client [req-b1fd8791-6d8f-44e4-a1b8-f852056e9973 req-b1fd8791-6d8f-44e4-a1b8-f852056e9973 ] Request (ServerTagsTestJSON:setUpClass): 200 GET http://10.180.1.21/compute/v2.1/servers/d55395cc-0b92-4e99-9b80-913c19f6c7f4 0.094s
2024-09-30 23:09:42.983 62239 INFO tempest.lib.common.rest_client [req-d8bf5cd2-948b-4797-ad92-d98733be7abb req-d8bf5cd2-948b-4797-ad92-d98733be7abb ] Request (FloatingIPsAssociationTestJSON:setUpClass): 200 GET http://10.180.1.21/compute/v2.1/servers/4edd0159-6db1-41bd-a616-31a34e984059 0.065s
2024-09-30 23:09:43.028 62241 INFO tempest.lib.common.rest_client [req-9f26c47c-7454-4a84-890a-42a26d7bd0c6 req-9f26c47c-7454-4a84-890a-42a26d7bd0c6 ] Request (MigrationsAdminTest:test_resize_server_revert_deleted_flavor): 200 GET http://10.180.1.21/compute/v2.1/servers/80f13fca-2df1-4aa0-96f1-b61a60c4fdc6 0.065s
2024-09-30 23:09:43.054 62277 INFO tempest.lib.common.rest_client [req-06309bb2-1192-4142-b39c-ae76b45cca69 req-06309bb2-1192-4142-b39c-ae76b45cca69 ] Request (ServerAddressesTestJSON:setUpClass): 200 GET http://10.180.1.21/compute/v2.1/servers/e9f0b620-b0af-4fe2-ac5d-e3f6c8c998b1 0.053s
2024-09-30 23:09:43.060 62275 INFO tempest.lib.common.rest_client [req-dbf27da0-5b86-498f-a7f3-dbda08689477 req-dbf27da0-5b86-498f-a7f3-dbda08689477 ] Request (DeleteServersAdminTestJSON:tearDownClass): 204 DELETE http://10.180.1.21/identity/v3/users/87a8bf3961ce4d0c8e6afec8d26e8c04 0.131s
2024-09-30 23:09:43.074 62247 INFO tempest.lib.common.rest_client [req-13aac752-d443-4ffb-92e8-c0e72cad8aee req-13aac752-d443-4ffb-92e8-c0e72cad8aee ] Request (ServersTestFqdnHostnames:test_create_server_with_fqdn_name): 200 GET http://10.180.1.21/compute/v2.1/servers/96bbc732-cb58-4de2-80d3-c527228adaea 0.047s
2024-09-30 23:09:43.105 62285 INFO tempest.lib.common.rest_client [req-cfddc360-c6cf-4d07-ae3d-c3d39737b0b0 req-cfddc360-c6cf-4d07-ae3d-c3d39737b0b0 ] Request (ServerPasswordTestJSON:setUpClass): 200 GET http://10.180.1.21/compute/v2.1/servers/ab2edc70-b4c6-4db3-b0d6-53148764efdd 0.051s
2024-09-30 23:09:43.120 62255 INFO tempest.lib.common.rest_client [req-3157fbcf-e1bc-4e58-898b-799ae6a401c7 req-3157fbcf-e1bc-4e58-898b-799ae6a401c7 ] Request (ServersTestMultiNic:test_verify_multiple_nics_order): 200 GET http://10.180.1.21/compute/v2.1/servers/93174a10-f8b1-4789-ab3c-dda07bdddaa8 0.051s
2024-09-30 23:09:43.148 62275 INFO tempest.lib.common.rest_client [req-d2adfa1c-9a48-4229-9f8e-13540e2d321e req-d2adfa1c-9a48-4229-9f8e-13540e2d321e ] Request (DeleteServersAdminTestJSON:tearDownClass): 204 DELETE http://10.180.1.21/identity/v3/users/d33b0c7ae08449fbac2cb82fdf992b21 0.088s
2024-09-30 23:09:43.148 62275 INFO tempest.lib.common.dynamic_creds [-] Deleting project and security group for project: 0c96fac1b17c4a9e8b6a25f5526dd3ee
2024-09-30 23:09:43.198 62275 INFO tempest.lib.common.rest_client [req-9dd401d1-dc5f-47b6-b1d1-1e4769e7efad req-9dd401d1-dc5f-47b6-b1d1-1e4769e7efad ] Request (DeleteServersAdminTestJSON:tearDownClass): 201 POST http://10.180.1.21/identity/v3/auth/tokens 0.050s
2024-09-30 23:09:43.211 62227 INFO tempest.lib.common.rest_client [req-e4eb589e-7fe3-4874-932d-f73d330bf5e3 req-e4eb589e-7fe3-4874-932d-f73d330bf5e3 ] Request (ServerGroupTestJSON:test_create_server_with_scheduler_hint_group): 200 GET http://10.180.1.21/compute/v2.1/servers/49e0d752-6f88-45c4-bd6a-d9fe4f526a2f 0.046s
2024-09-30 23:09:43.284 62225 INFO tempest.lib.common.rest_client [req-8595ba02-5c3b-4c0c-85b1-2dd662516e6b req-8595ba02-5c3b-4c0c-85b1-2dd662516e6b ] Request (MultipleCreateTestJSON:test_multiple_create): 200 GET http://10.180.1.21/compute/v2.1/servers/65ddff8e-971c-4485-b658-4611aea1176c 0.050s
2024-09-30 23:09:43.333 62249 INFO tempest.lib.common.rest_client [req-c9ea0b6a-7938-40b1-b595-bfe53a57bdbf req-c9ea0b6a-7938-40b1-b595-bfe53a57bdbf ] Request (ImagesTestJSON:test_create_image_from_suspended_server): 200 GET http://10.180.1.21/compute/v2.1/servers/02fe490b-75c8-406b-98e0-aa200f249673 0.048s
2024-09-30 23:09:43.357 62275 INFO tempest.lib.common.rest_client [req-1d990e7e-8dc6-4647-bbd8-204dc68b7145 req-1d990e7e-8dc6-4647-bbd8-204dc68b7145 ] Request (DeleteServersAdminTestJSON:tearDownClass): 200 GET http://10.180.1.21:9696/networking/v2.0/security-groups?tenant_id=0c96fac1b17c4a9e8b6a25f5526dd3ee&name=default 0.158s
2024-09-30 23:09:43.376 62223 INFO tempest.lib.common.rest_client [req-17f6d6fd-c212-4daf-a3cd-09d88400f0e9 req-17f6d6fd-c212-4daf-a3cd-09d88400f0e9 ] Request (ServerDiagnosticsTest:test_get_server_diagnostics): 200 GET http://10.180.1.21/compute/v2.1/servers/fa943137-caf1-4b41-b644-c9146f72f956 0.047s
2024-09-30 23:09:43.432 62237 INFO tempest.lib.common.rest_client [req-daedc60a-415b-4c13-abaf-96752a705cc3 req-daedc60a-415b-4c13-abaf-96752a705cc3 ] Request (ListImageFiltersTestJSON:setUpClass): 200 GET http://10.180.1.21/compute/v2.1/servers/89a97f81-bcd9-49e5-bbd3-9140f6638a20 0.058s
2024-09-30 23:09:43.515 62271 INFO tempest.lib.common.rest_client [req-238e6340-343f-4a19-b165-3e5e837e17d2 req-238e6340-343f-4a19-b165-3e5e837e17d2 ] Request (ImagesOneServerTestJSON:setUpClass): 200 GET http://10.180.1.21/compute/v2.1/servers/630e0959-6d7f-401d-b84c-1c098f54bf60 0.090s
2024-09-30 23:09:43.551 62265 INFO tempest.lib.common.rest_client [req-554b3915-9379-42ef-b38d-21d5a8b3c25c req-554b3915-9379-42ef-b38d-21d5a8b3c25c ] Request (TenantUsagesTestJSON:tearDownClass): 200 GET http://10.180.1.21/compute/v2.1/servers/6c0bc598-eae5-4e5b-a3b2-b4bb90bc8d59 0.128s
2024-09-30 23:09:43.565 62283 INFO tempest.lib.common.rest_client [req-493cfb9c-de2a-4788-aeeb-22eae93cda5e req-493cfb9c-de2a-4788-aeeb-22eae93cda5e ] Request (DeleteServersTestJSON:test_delete_server_while_in_attached_volume): 200 GET http://10.180.1.21/compute/v2.1/servers/325183b9-e35b-4f9c-a271-d0fdb05288bb 0.074s
2024-09-30 23:09:43.569 62275 INFO tempest.lib.common.rest_client [req-37ad747c-f99c-4814-965a-12a8c76e7668 req-37ad747c-f99c-4814-965a-12a8c76e7668 ] Request (DeleteServersAdminTestJSON:tearDownClass): 204 DELETE http://10.180.1.21:9696/networking/v2.0/security-groups/f2b7d9d0-ad3a-4ca3-9cbf-185e37c7ebab 0.211s
2024-09-30 23:09:43.602 62279 INFO tempest.lib.common.rest_client [req-24c00a04-167e-47fe-9fd8-a99427293ab5 req-24c00a04-167e-47fe-9fd8-a99427293ab5 ] Request (ServerMetadataTestJSON:setUpClass): 200 GET http://10.180.1.21/compute/v2.1/servers/0b4b3bdb-7393-47ab-abc1-44c47496cb3a 0.073s
2024-09-30 23:09:43.656 62243 INFO tempest.lib.common.rest_client [req-0f75708d-56fc-4c4b-8ef5-ba503585d870 req-0f75708d-56fc-4c4b-8ef5-ba503585d870 ] Request (ServerActionsV293TestJSON:setUpClass): 200 GET http://10.180.1.21/compute/v2.1/servers/95641d0b-970c-4b94-8568-5c46d0808345 0.064s
2024-09-30 23:09:43.659 62275 INFO tempest.lib.common.rest_client [req-5b5ebe3b-9e1f-428f-8a6d-e5773fa6b60c req-5b5ebe3b-9e1f-428f-8a6d-e5773fa6b60c ] Request (DeleteServersAdminTestJSON:tearDownClass): 204 DELETE http://10.180.1.21/identity/v3/projects/0c96fac1b17c4a9e8b6a25f5526dd3ee 0.090s
2024-09-30 23:09:43.659 62275 INFO tempest.lib.common.dynamic_creds [-] Deleting project and security group for project: 7d8c827ae5be4898a21417c0084d66dd
2024-09-30 23:09:43.688 62231 INFO tempest.lib.common.rest_client [req-2fdccda5-5ff7-4128-9977-ff4244884446 req-2fdccda5-5ff7-4128-9977-ff4244884446 ] Request (ServerDiskConfigTestJSON:test_resize_server_from_auto_to_manual): 200 GET http://10.180.1.21/compute/v2.1/servers/8cb6f7b4-611d-4f10-8ee0-b2c044aec5c2 0.069s
2024-09-30 23:09:43.722 62275 INFO tempest.lib.common.rest_client [req-23971ce6-a91b-4f8a-a6e6-5e599dcfa768 req-23971ce6-a91b-4f8a-a6e6-5e599dcfa768 ] Request (DeleteServersAdminTestJSON:tearDownClass): 200 GET http://10.180.1.21:9696/networking/v2.0/security-groups?tenant_id=7d8c827ae5be4898a21417c0084d66dd&name=default 0.062s
2024-09-30 23:09:43.737 62273 INFO tempest.lib.common.rest_client [req-e718bbef-f1e8-43d6-92b6-6ecd03962f61 req-e718bbef-f1e8-43d6-92b6-6ecd03962f61 ] Request (AttachVolumeTestJSON:test_attach_detach_volume): 200 GET http://10.180.1.21/compute/v2.1/servers/ad40937f-d5a9-4708-8b81-06087d38d765 0.106s
2024-09-30 23:09:43.782 62251 INFO tempest.lib.common.rest_client [req-69a9bde4-5747-4572-931e-0e382d710ee7 req-69a9bde4-5747-4572-931e-0e382d710ee7 ] Request (ServersAdmin275Test:test_rebuild_update_server_275): 200 GET http://10.180.1.21/compute/v2.1/servers/1afcffda-0bd2-4cbe-8cfb-12a91bb50975 0.086s
2024-09-30 23:09:43.782 62245 INFO tempest.lib.common.rest_client [req-7dec874e-d592-4a96-ab6f-772e2b70d21f req-7dec874e-d592-4a96-ab6f-772e2b70d21f ] Request (VolumesAdminNegativeTest:test_update_attached_volume_with_nonexistent_volume_in_uri): 200 GET http://10.180.1.21/compute/v2.1/servers/bb7243dc-a950-4d3e-9b17-944e57cdd56f 0.070s
2024-09-30 23:09:43.828 62229 INFO tempest.lib.common.rest_client [req-a19e42de-3104-4066-9407-2042325c2306 req-a19e42de-3104-4066-9407-2042325c2306 ] Request (ServersWithSpecificFlavorTestJSON:test_verify_created_server_ephemeral_disk): 200 GET http://10.180.1.21/compute/v2.1/servers/d038391c-2b32-455c-85d5-68221e7bd065 0.066s
2024-09-30 23:09:43.856 62275 INFO tempest.lib.common.rest_client [req-b57dd6ba-d1f7-4db8-93c9-c11b4741037a req-b57dd6ba-d1f7-4db8-93c9-c11b4741037a ] Request (DeleteServersAdminTestJSON:tearDownClass): 204 DELETE http://10.180.1.21:9696/networking/v2.0/security-groups/9bb09808-a953-4534-bad7-52190dfa1221 0.134s
2024-09-30 23:09:43.866 62281 INFO tempest.lib.common.rest_client [req-1a96c00c-47b3-4431-b04b-397f5fcf0918 req-1a96c00c-47b3-4431-b04b-397f5fcf0918 ] Request (ServerAddressesNegativeTestJSON:setUpClass): 200 GET http://10.180.1.21/compute/v2.1/servers/388b62aa-6647-4aca-acb2-8d7d7d424c8c 0.057s
2024-09-30 23:09:43.898 62233 INFO tempest.lib.common.rest_client [req-495135ff-742b-4ae1-a973-e7f8eb5b4b34 req-495135ff-742b-4ae1-a973-e7f8eb5b4b34 ] Request (ServersTestManualDisk:setUpClass): 200 GET http://10.180.1.21/compute/v2.1/servers/466a5f5a-f48a-4921-8bcb-44a1840c8141 0.046s
2024-09-30 23:09:43.941 62253 INFO tempest.lib.common.rest_client [req-afd50c89-97ce-412a-8877-65d0e7cc52b7 req-afd50c89-97ce-412a-8877-65d0e7cc52b7 ] Request (FloatingIPsAssociationNegativeTestJSON:setUpClass): 200 GET http://10.180.1.21/compute/v2.1/servers/8ff4ebb9-57ea-49d2-8d3c-5876da61e77b 0.045s
2024-09-30 23:09:43.945 62275 INFO tempest.lib.common.rest_client [req-a2eabfc6-b2e8-4e28-b0eb-9f3ade5e8840 req-a2eabfc6-b2e8-4e28-b0eb-9f3ade5e8840 ] Request (DeleteServersAdminTestJSON:tearDownClass): 204 DELETE http://10.180.1.21/identity/v3/projects/7d8c827ae5be4898a21417c0084d66dd 0.088s
2024-09-30 23:09:43.961 62269 INFO tempest.lib.common.rest_client [req-32fb79fd-66b7-4800-81a8-cf5fb3b4135f req-32fb79fd-66b7-4800-81a8-cf5fb3b4135f ] Request (ImagesOneServerNegativeTestJSON:setUpClass): 200 GET http://10.180.1.21/compute/v2.1/servers/ea6c2120-a69a-42c7-bc92-3e74539c008d 0.046s
2024-09-30 23:09:43.983 62235 INFO tempest.lib.common.rest_client [req-ff1b8e59-e5f9-4633-9edd-42431e7e766f req-ff1b8e59-e5f9-4633-9edd-42431e7e766f ] Request (ServersNegativeTestJSON:setUpClass): 200 GET http://10.180.1.21/compute/v2.1/servers/51a36102-795e-47b7-b96a-857e54dc703e 0.044s
2024-09-30 23:09:44.002 62275 INFO tempest.lib.common.rest_client [req-824e65b8-6a89-481c-a73b-9287b134a4c3 req-824e65b8-6a89-481c-a73b-9287b134a4c3 ] Request (FloatingIPDetailsTestJSON:setUpClass): 201 POST http://10.180.1.21/identity/v3/auth/tokens 0.055s
2024-09-30 23:09:44.028 62275 INFO tempest.lib.common.rest_client [req-a3358d4e-856e-445a-bdda-d2832947c916 req-a3358d4e-856e-445a-bdda-d2832947c916 ] Request (FloatingIPDetailsTestJSON:setUpClass): 201 POST http://10.180.1.21/identity/v3/auth/tokens 0.023s
2024-09-30 23:09:44.031 62267 INFO tempest.lib.common.rest_client [req-80baf834-f052-414e-b729-04cb080eb623 req-80baf834-f052-414e-b729-04cb080eb623 ] Request (ServerTagsTestJSON:setUpClass): 200 GET http://10.180.1.21/compute/v2.1/servers/d55395cc-0b92-4e99-9b80-913c19f6c7f4 0.046s
2024-09-30 23:09:44.034 62239 INFO tempest.lib.common.rest_client [req-6183bdb0-66a2-4b14-9918-fa497c617978 req-6183bdb0-66a2-4b14-9918-fa497c617978 ] Request (FloatingIPsAssociationTestJSON:setUpClass): 200 GET http://10.180.1.21/compute/v2.1/servers/4edd0159-6db1-41bd-a616-31a34e984059 0.044s
2024-09-30 23:09:44.046 62275 INFO tempest.lib.common.rest_client [req-d2d88fc9-9198-42c4-b2d6-077bcde02b2c req-d2d88fc9-9198-42c4-b2d6-077bcde02b2c ] Request (FloatingIPDetailsTestJSON:setUpClass): 200 GET http://10.180.1.21/identity/v3/domains?name=Default 0.018s
2024-09-30 23:09:44.069 62275 INFO tempest.lib.common.rest_client [req-c2dd9a55-9b5c-43b9-87a3-75d193bf259a req-c2dd9a55-9b5c-43b9-87a3-75d193bf259a ] Request (FloatingIPDetailsTestJSON:setUpClass): 201 POST http://10.180.1.21/identity/v3/projects 0.022s
2024-09-30 23:09:44.077 62241 INFO tempest.lib.common.rest_client [req-a690f59a-10ad-4818-8a70-abb03b9c5606 req-a690f59a-10ad-4818-8a70-abb03b9c5606 ] Request (MigrationsAdminTest:test_resize_server_revert_deleted_flavor): 200 GET http://10.180.1.21/compute/v2.1/servers/80f13fca-2df1-4aa0-96f1-b61a60c4fdc6 0.043s
2024-09-30 23:09:44.108 62277 INFO tempest.lib.common.rest_client [req-02d1a1ac-73a1-4d82-9cb6-14e42d0da5f5 req-02d1a1ac-73a1-4d82-9cb6-14e42d0da5f5 ] Request (ServerAddressesTestJSON:setUpClass): 200 GET http://10.180.1.21/compute/v2.1/servers/e9f0b620-b0af-4fe2-ac5d-e3f6c8c998b1 0.044s
2024-09-30 23:09:44.119 62275 INFO tempest.lib.common.rest_client [req-66ddc085-653f-468d-a59d-0c37708b2183 req-66ddc085-653f-468d-a59d-0c37708b2183 ] Request (FloatingIPDetailsTestJSON:setUpClass): 201 POST http://10.180.1.21/identity/v3/users 0.050s
2024-09-30 23:09:44.135 62275 INFO tempest.lib.common.rest_client [req-7849fad9-df9b-4247-8e00-71a64f613117 req-7849fad9-df9b-4247-8e00-71a64f613117 ] Request (FloatingIPDetailsTestJSON:setUpClass): 200 GET http://10.180.1.21/identity/v3/roles 0.016s
2024-09-30 23:09:44.169 62285 INFO tempest.lib.common.rest_client [req-1d4c7770-9d86-4cfd-b504-8d91af12ae68 req-1d4c7770-9d86-4cfd-b504-8d91af12ae68 ] Request (ServerPasswordTestJSON:setUpClass): 200 GET http://10.180.1.21/compute/v2.1/servers/ab2edc70-b4c6-4db3-b0d6-53148764efdd 0.057s
2024-09-30 23:09:44.177 62275 INFO tempest.lib.common.rest_client [req-a19667f2-bcf0-49b7-8103-76daed39af33 req-a19667f2-bcf0-49b7-8103-76daed39af33 ] Request (FloatingIPDetailsTestJSON:setUpClass): 204 PUT http://10.180.1.21/identity/v3/projects/29a7430b16c4424a951d562d368ebaac/users/32fdee993eca49d280c6bf61d83f51c6/roles/552ec15d7e20472882afc5f8ac9a5f15 0.041s
2024-09-30 23:09:44.177 62275 INFO tempest.lib.common.dynamic_creds [-] Dynamic test user 32fdee993eca49d280c6bf61d83f51c6 is created with scope project and roles: ['member']
2024-09-30 23:09:44.177 62275 INFO tempest.lib.common.dynamic_creds [-] Acquired dynamic creds: credentials: Credentials: {'domain_id': 'default', 'domain_name': 'Default', 'username': 'tempest-FloatingIPDetailsTestJSON-347255623-project-member', 'project_domain_id': 'default', 'project_domain_name': 'Default', 'project_id': '29a7430b16c4424a951d562d368ebaac', 'project_name': 'tempest-FloatingIPDetailsTestJSON-347255623', 'tenant_id': '29a7430b16c4424a951d562d368ebaac', 'tenant_name': 'tempest-FloatingIPDetailsTestJSON-347255623', 'user_domain_id': 'default', 'user_domain_name': 'Default', 'user_id': '32fdee993eca49d280c6bf61d83f51c6', 'system': None}, Network: None, Subnet: None, Router: None
2024-09-30 23:09:44.178 62285 INFO tempest.common.waiters [-] State transition "BUILD/spawning" ==> "ERROR/None" after 102 second wait
2024-09-30 23:09:44.218 62255 INFO tempest.lib.common.rest_client [req-47e7a6cb-07d3-4083-8a77-67b8b941d9f1 req-47e7a6cb-07d3-4083-8a77-67b8b941d9f1 ] Request (ServersTestMultiNic:test_verify_multiple_nics_order): 200 GET http://10.180.1.21/compute/v2.1/servers/93174a10-f8b1-4789-ab3c-dda07bdddaa8 0.090s
2024-09-30 23:09:44.231 62275 INFO tempest.lib.common.rest_client [req-4ea10cdf-8cdb-4f25-9f64-53714995142d req-4ea10cdf-8cdb-4f25-9f64-53714995142d ] Request (FloatingIPDetailsTestJSON:setUpClass): 201 POST http://10.180.1.21/identity/v3/auth/tokens 0.053s
2024-09-30 23:09:44.325 62247 INFO tempest.lib.common.rest_client [req-4120a019-1a9b-4ea9-8258-5c1b4aaa5359 req-4120a019-1a9b-4ea9-8258-5c1b4aaa5359 ] Request (ServersTestFqdnHostnames:test_create_server_with_fqdn_name): 200 GET http://10.180.1.21/compute/v2.1/servers/96bbc732-cb58-4de2-80d3-c527228adaea 0.243s
2024-09-30 23:09:44.368 62227 INFO tempest.lib.common.rest_client [req-52f474d9-4661-485c-812e-ee792492cdbf req-52f474d9-4661-485c-812e-ee792492cdbf ] Request (ServerGroupTestJSON:test_create_server_with_scheduler_hint_group): 200 GET http://10.180.1.21/compute/v2.1/servers/49e0d752-6f88-45c4-bd6a-d9fe4f526a2f 0.149s
2024-09-30 23:09:44.410 62285 INFO tempest.lib.common.rest_client [req-53be10bc-bb29-42ec-a1c9-eee61746ed41 req-53be10bc-bb29-42ec-a1c9-eee61746ed41 ] Request (ServerPasswordTestJSON:setUpClass): 204 DELETE http://10.180.1.21/compute/v2.1/servers/ab2edc70-b4c6-4db3-b0d6-53148764efdd 0.231s
2024-09-30 23:09:44.421 62225 INFO tempest.lib.common.rest_client [req-a4195b26-12dd-4f1c-a3ae-9a5c99ed39c8 req-a4195b26-12dd-4f1c-a3ae-9a5c99ed39c8 ] Request (MultipleCreateTestJSON:test_multiple_create): 200 GET http://10.180.1.21/compute/v2.1/servers/65ddff8e-971c-4485-b658-4611aea1176c 0.130s
2024-09-30 23:09:44.460 62249 INFO tempest.lib.common.rest_client [req-f9a101f8-1b82-4a90-8286-67848cadba97 req-f9a101f8-1b82-4a90-8286-67848cadba97 ] Request (ImagesTestJSON:test_create_image_from_suspended_server): 200 GET http://10.180.1.21/compute/v2.1/servers/02fe490b-75c8-406b-98e0-aa200f249673 0.121s
2024-09-30 23:09:44.462 62223 INFO tempest.lib.common.rest_client [req-996ba539-2d07-4a26-9642-d1024a5a1a9f req-996ba539-2d07-4a26-9642-d1024a5a1a9f ] Request (ServerDiagnosticsTest:test_get_server_diagnostics): 200 GET http://10.180.1.21/compute/v2.1/servers/fa943137-caf1-4b41-b644-c9146f72f956 0.078s
2024-09-30 23:09:44.477 62275 INFO tempest.lib.common.rest_client [req-ea8b7cbe-5a73-4eee-9bcc-4146290f7615 req-ea8b7cbe-5a73-4eee-9bcc-4146290f7615 ] Request (FloatingIPDetailsTestJSON:setUpClass): 201 POST http://10.180.1.21:9696/networking/v2.0/networks 0.245s
2024-09-30 23:09:44.479 62285 INFO tempest.lib.common.rest_client [req-f36181f9-ac63-4918-82c6-5989bd8eaa79 req-f36181f9-ac63-4918-82c6-5989bd8eaa79 ] Request (ServerPasswordTestJSON:setUpClass): 404 GET http://10.180.1.21/compute/v2.1/servers/ab2edc70-b4c6-4db3-b0d6-53148764efdd 0.068s
2024-09-30 23:09:44.480 62285 INFO tempest.test [-] raised in ServerPasswordTestJSON.setUpClass. Invoking tearDownClass.
2024-09-30 23:09:44.508 62237 INFO tempest.lib.common.rest_client [req-ee43d399-8d8a-4202-b199-a16f7db7f607 req-ee43d399-8d8a-4202-b199-a16f7db7f607 ] Request (ListImageFiltersTestJSON:setUpClass): 200 GET http://10.180.1.21/compute/v2.1/servers/89a97f81-bcd9-49e5-bbd3-9140f6638a20 0.067s
2024-09-30 23:09:44.579 62271 INFO tempest.lib.common.rest_client [req-4867f23a-6fa3-459d-8d6d-b29cf70bb1c4 req-4867f23a-6fa3-459d-8d6d-b29cf70bb1c4 ] Request (ImagesOneServerTestJSON:setUpClass): 200 GET http://10.180.1.21/compute/v2.1/servers/630e0959-6d7f-401d-b84c-1c098f54bf60 0.052s
2024-09-30 23:09:44.609 62265 INFO tempest.lib.common.rest_client [req-e98d688f-200f-4576-9835-7433ec4018b9 req-e98d688f-200f-4576-9835-7433ec4018b9 ] Request (TenantUsagesTestJSON:tearDownClass): 200 GET http://10.180.1.21/compute/v2.1/servers/6c0bc598-eae5-4e5b-a3b2-b4bb90bc8d59 0.049s
2024-09-30 23:09:44.627 62283 INFO tempest.lib.common.rest_client [req-965f669f-3a20-46e3-8d2b-14fa4362b646 req-965f669f-3a20-46e3-8d2b-14fa4362b646 ] Request (DeleteServersTestJSON:test_delete_server_while_in_attached_volume): 200 GET http://10.180.1.21/compute/v2.1/servers/325183b9-e35b-4f9c-a271-d0fdb05288bb 0.054s
2024-09-30 23:09:44.636 62275 INFO tempest.lib.common.rest_client [req-f7f2c6d1-22c3-4ed1-be42-2ea5a4bcf6da req-f7f2c6d1-22c3-4ed1-be42-2ea5a4bcf6da ] Request (FloatingIPDetailsTestJSON:setUpClass): 201 POST http://10.180.1.21:9696/networking/v2.0/subnets 0.159s
2024-09-30 23:09:44.659 62279 INFO tempest.lib.common.rest_client [req-df1194ff-f167-496d-9b86-ce73f6c2021a req-df1194ff-f167-496d-9b86-ce73f6c2021a ] Request (ServerMetadataTestJSON:setUpClass): 200 GET http://10.180.1.21/compute/v2.1/servers/0b4b3bdb-7393-47ab-abc1-44c47496cb3a 0.049s
2024-09-30 23:09:44.745 62243 INFO tempest.lib.common.rest_client [req-2482e2f2-26ad-442e-953d-4b9bbae47688 req-2482e2f2-26ad-442e-953d-4b9bbae47688 ] Request (ServerActionsV293TestJSON:setUpClass): 200 GET http://10.180.1.21/compute/v2.1/servers/95641d0b-970c-4b94-8568-5c46d0808345 0.077s
2024-09-30 23:09:44.763 62231 INFO tempest.lib.common.rest_client [req-b1937096-6f31-4537-ac86-8961ddd725e3 req-b1937096-6f31-4537-ac86-8961ddd725e3 ] Request (ServerDiskConfigTestJSON:test_resize_server_from_auto_to_manual): 200 GET http://10.180.1.21/compute/v2.1/servers/8cb6f7b4-611d-4f10-8ee0-b2c044aec5c2 0.062s
2024-09-30 23:09:44.813 62273 INFO tempest.lib.common.rest_client [req-943d8664-d0af-4532-af34-dad05584843e req-943d8664-d0af-4532-af34-dad05584843e ] Request (AttachVolumeTestJSON:test_attach_detach_volume): 200 GET http://10.180.1.21/compute/v2.1/servers/ad40937f-d5a9-4708-8b81-06087d38d765 0.063s
2024-09-30 23:09:44.846 62245 INFO tempest.lib.common.rest_client [req-bc77b4fd-e937-4d71-9065-81955748cf20 req-bc77b4fd-e937-4d71-9065-81955748cf20 ] Request (VolumesAdminNegativeTest:test_update_attached_volume_with_nonexistent_volume_in_uri): 200 GET http://10.180.1.21/compute/v2.1/servers/bb7243dc-a950-4d3e-9b17-944e57cdd56f 0.056s
2024-09-30 23:09:44.883 62251 INFO tempest.lib.common.rest_client [req-6695c3cd-a3d0-48fd-ab66-8940038324c1 req-6695c3cd-a3d0-48fd-ab66-8940038324c1 ] Request (ServersAdmin275Test:test_rebuild_update_server_275): 200 GET http://10.180.1.21/compute/v2.1/servers/1afcffda-0bd2-4cbe-8cfb-12a91bb50975 0.087s
2024-09-30 23:09:44.896 62229 INFO tempest.lib.common.rest_client [req-ffc38ea2-d23e-4b85-a6d8-1b9013c1f26f req-ffc38ea2-d23e-4b85-a6d8-1b9013c1f26f ] Request (ServersWithSpecificFlavorTestJSON:test_verify_created_server_ephemeral_disk): 200 GET http://10.180.1.21/compute/v2.1/servers/d038391c-2b32-455c-85d5-68221e7bd065 0.059s
2024-09-30 23:09:44.951 62281 INFO tempest.lib.common.rest_client [req-288f8075-f267-429e-8d85-37c2795d87e5 req-288f8075-f267-429e-8d85-37c2795d87e5 ] Request (ServerAddressesNegativeTestJSON:setUpClass): 200 GET http://10.180.1.21/compute/v2.1/servers/388b62aa-6647-4aca-acb2-8d7d7d424c8c 0.078s
2024-09-30 23:09:44.964 62233 INFO tempest.lib.common.rest_client [req-1d31425d-18b9-4e1a-96f2-47cdf7c0eefb req-1d31425d-18b9-4e1a-96f2-47cdf7c0eefb ] Request (ServersTestManualDisk:setUpClass): 200 GET http://10.180.1.21/compute/v2.1/servers/466a5f5a-f48a-4921-8bcb-44a1840c8141 0.060s
2024-09-30 23:09:45.024 62269 INFO tempest.lib.common.rest_client [req-522e2ca1-9d5b-4954-80be-cad24e63d571 req-522e2ca1-9d5b-4954-80be-cad24e63d571 ] Request (ImagesOneServerNegativeTestJSON:setUpClass): 200 GET http://10.180.1.21/compute/v2.1/servers/ea6c2120-a69a-42c7-bc92-3e74539c008d 0.055s
2024-09-30 23:09:45.031 62253 INFO tempest.lib.common.rest_client [req-e92a9fd4-459f-4ea9-ac40-f7fd51ce736f req-e92a9fd4-459f-4ea9-ac40-f7fd51ce736f ] Request (FloatingIPsAssociationNegativeTestJSON:setUpClass): 200 GET http://10.180.1.21/compute/v2.1/servers/8ff4ebb9-57ea-49d2-8d3c-5876da61e77b 0.083s
2024-09-30 23:09:45.071 62235 INFO tempest.lib.common.rest_client [req-d930d7cd-f932-4b8a-a397-a7eaa9efac72 req-d930d7cd-f932-4b8a-a397-a7eaa9efac72 ] Request (ServersNegativeTestJSON:setUpClass): 200 GET http://10.180.1.21/compute/v2.1/servers/51a36102-795e-47b7-b96a-857e54dc703e 0.081s
2024-09-30 23:09:45.107 62267 INFO tempest.lib.common.rest_client [req-069d631f-3434-4e41-855b-472866af57c0 req-069d631f-3434-4e41-855b-472866af57c0 ] Request (ServerTagsTestJSON:setUpClass): 200 GET http://10.180.1.21/compute/v2.1/servers/d55395cc-0b92-4e99-9b80-913c19f6c7f4 0.069s
2024-09-30 23:09:45.130 62239 INFO tempest.lib.common.rest_client [req-9a26f073-5e3b-4090-a9b3-ecdc812982bc req-9a26f073-5e3b-4090-a9b3-ecdc812982bc ] Request (FloatingIPsAssociationTestJSON:setUpClass): 200 GET http://10.180.1.21/compute/v2.1/servers/4edd0159-6db1-41bd-a616-31a34e984059 0.089s
2024-09-30 23:09:45.161 62241 INFO tempest.lib.common.rest_client [req-318736bb-7bd6-49ee-a63c-1b533c152dcc req-318736bb-7bd6-49ee-a63c-1b533c152dcc ] Request (MigrationsAdminTest:test_resize_server_revert_deleted_flavor): 200 GET http://10.180.1.21/compute/v2.1/servers/80f13fca-2df1-4aa0-96f1-b61a60c4fdc6 0.077s
2024-09-30 23:09:45.182 62277 INFO tempest.lib.common.rest_client [req-0737aa05-7264-4d98-a1d0-b215597c9245 req-0737aa05-7264-4d98-a1d0-b215597c9245 ] Request (ServerAddressesTestJSON:setUpClass): 200 GET http://10.180.1.21/compute/v2.1/servers/e9f0b620-b0af-4fe2-ac5d-e3f6c8c998b1 0.067s
2024-09-30 23:09:45.287 62255 INFO tempest.lib.common.rest_client [req-cb3af776-6525-465d-8047-a777860dbb74 req-cb3af776-6525-465d-8047-a777860dbb74 ] Request (ServersTestMultiNic:test_verify_multiple_nics_order): 200 GET http://10.180.1.21/compute/v2.1/servers/93174a10-f8b1-4789-ab3c-dda07bdddaa8 0.062s
2024-09-30 23:09:45.384 62247 INFO tempest.lib.common.rest_client [req-4ffe3222-33f4-4fb2-96d2-c3010e5c47cc req-4ffe3222-33f4-4fb2-96d2-c3010e5c47cc ] Request (ServersTestFqdnHostnames:test_create_server_with_fqdn_name): 200 GET http://10.180.1.21/compute/v2.1/servers/96bbc732-cb58-4de2-80d3-c527228adaea 0.053s
2024-09-30 23:09:45.452 62227 INFO tempest.lib.common.rest_client [req-ce3119a5-e154-4484-bbc1-b64b7337f450 req-ce3119a5-e154-4484-bbc1-b64b7337f450 ] Request (ServerGroupTestJSON:test_create_server_with_scheduler_hint_group): 200 GET http://10.180.1.21/compute/v2.1/servers/49e0d752-6f88-45c4-bd6a-d9fe4f526a2f 0.076s
2024-09-30 23:09:45.489 62225 INFO tempest.lib.common.rest_client [req-91d277bc-ca9e-44fc-88c9-89796cb82abf req-91d277bc-ca9e-44fc-88c9-89796cb82abf ] Request (MultipleCreateTestJSON:test_multiple_create): 200 GET http://10.180.1.21/compute/v2.1/servers/65ddff8e-971c-4485-b658-4611aea1176c 0.059s
2024-09-30 23:09:45.543 62223 INFO tempest.lib.common.rest_client [req-a729043a-7eb2-46dd-ad31-d639f304b17a req-a729043a-7eb2-46dd-ad31-d639f304b17a ] Request (ServerDiagnosticsTest:test_get_server_diagnostics): 200 GET http://10.180.1.21/compute/v2.1/servers/fa943137-caf1-4b41-b644-c9146f72f956 0.069s
2024-09-30 23:09:45.588 62237 INFO tempest.lib.common.rest_client [req-e3fa4f35-8d3f-4d93-8472-6ab738c58baa req-e3fa4f35-8d3f-4d93-8472-6ab738c58baa ] Request (ListImageFiltersTestJSON:setUpClass): 200 GET http://10.180.1.21/compute/v2.1/servers/89a97f81-bcd9-49e5-bbd3-9140f6638a20 0.073s
2024-09-30 23:09:45.634 62271 INFO tempest.lib.common.rest_client [req-26244e42-e2d9-433e-8e1c-9d068139b382 req-26244e42-e2d9-433e-8e1c-9d068139b382 ] Request (ImagesOneServerTestJSON:setUpClass): 200 GET http://10.180.1.21/compute/v2.1/servers/630e0959-6d7f-401d-b84c-1c098f54bf60 0.049s
2024-09-30 23:09:45.691 62265 INFO tempest.lib.common.rest_client [req-053dd0b8-35da-40d6-b50e-c5083ded1db6 req-053dd0b8-35da-40d6-b50e-c5083ded1db6 ] Request (TenantUsagesTestJSON:tearDownClass): 200 GET http://10.180.1.21/compute/v2.1/servers/6c0bc598-eae5-4e5b-a3b2-b4bb90bc8d59 0.069s
2024-09-30 23:09:45.700 62265 INFO tempest.common.waiters [-] State transition "ACTIVE/deleting" ==> "DELETED/None" after 4 second wait
2024-09-30 23:09:45.704 62249 INFO tempest.lib.common.rest_client [req-4394d74a-9b5e-4a4a-b2e0-2ea9d5a48018 req-4394d74a-9b5e-4a4a-b2e0-2ea9d5a48018 ] Request (ImagesTestJSON:test_create_image_from_suspended_server): 200 GET http://10.180.1.21/compute/v2.1/servers/02fe490b-75c8-406b-98e0-aa200f249673 0.236s
2024-09-30 23:09:45.711 62249 INFO tempest.common.waiters [-] State transition "BUILD/scheduling" ==> "BUILD/None" after 86 second wait
2024-09-30 23:09:45.747 62283 INFO tempest.lib.common.rest_client [req-caca9413-4376-42ad-8db6-d2a98f6230a3 req-caca9413-4376-42ad-8db6-d2a98f6230a3 ] Request (DeleteServersTestJSON:test_delete_server_while_in_attached_volume): 200 GET http://10.180.1.21/compute/v2.1/servers/325183b9-e35b-4f9c-a271-d0fdb05288bb 0.109s
