2024-09-30 23:08:10.212 62281 INFO tempest.lib.common.rest_client [req-7dd89790-35ef-4a78-b355-e4c4c15e86a8 req-7dd89790-35ef-4a78-b355-e4c4c15e86a8 ] Request (ServerAddressesNegativeTestJSON:setUpClass): 200 GET http://10.180.1.21/compute/v2.1/servers/388b62aa-6647-4aca-acb2-8d7d7d424c8c 0.715s
2024-09-30 23:08:10.257 62271 INFO tempest.lib.common.rest_client [req-b562337d-aaf7-4786-b473-d789b966688f req-b562337d-aaf7-4786-b473-d789b966688f ] Request (ImagesOneServerTestJSON:setUpClass): 201 POST http://10.180.1.21/identity/v3/auth/tokens 0.058s
2024-09-30 23:08:10.259 62245 INFO tempest.lib.common.rest_client [req-2b72f342-e518-49ae-b51a-afa49deb8aae req-2b72f342-e518-49ae-b51a-afa49deb8aae ] Request (VolumesAdminNegativeTest:test_update_attached_volume_with_nonexistent_volume_in_body): 200 GET http://10.180.1.21/compute/v2.1/servers/c8e5d6c1-44a0-465f-a0dd-03e519f3d5ec 0.708s
2024-09-30 23:08:10.307 62249 INFO tempest.lib.common.rest_client [req-cad6a689-5854-49ef-aba1-5ebd9149ecf0 req-cad6a689-5854-49ef-aba1-5ebd9149ecf0 ] Request (ImagesTestJSON:test_create_image_from_stopped_server): 200 GET http://10.180.1.21/compute/v2.1/servers/9eed7cf7-5911-4e21-b8c8-f5d90b0c5bc3 0.734s
2024-09-30 23:08:10.391 62265 INFO tempest.lib.common.rest_client [req-8e6d5f05-e6f2-4b4b-a5dd-1086eb543fd5 req-8e6d5f05-e6f2-4b4b-a5dd-1086eb543fd5 ] Request (TenantUsagesTestJSON:setUpClass): 202 POST http://10.180.1.21/compute/v2.1/servers 0.992s
2024-09-30 23:08:10.457 62285 INFO tempest.lib.common.rest_client [req-7b2ab63f-9b6f-4b8d-b094-962a257cd5fd req-7b2ab63f-9b6f-4b8d-b094-962a257cd5fd ] Request (ServerPasswordTestJSON:setUpClass): 200 GET http://10.180.1.21/compute/v2.1/servers/ab2edc70-b4c6-4db3-b0d6-53148764efdd 0.840s
2024-09-30 23:08:10.460 62233 INFO tempest.lib.common.rest_client [req-bb54c473-70d7-460e-876b-fb72b2b62b92 req-bb54c473-70d7-460e-876b-fb72b2b62b92 ] Request (ServersTestManualDisk:setUpClass): 201 POST http://10.180.1.21:9696/networking/v2.0/routers 0.926s
2024-09-30 23:08:10.532 62251 INFO tempest.lib.common.rest_client [req-f34240cd-8492-4ff6-bd08-048e31362511 req-f34240cd-8492-4ff6-bd08-048e31362511 ] Request (ServerDiagnosticsV248Test:test_get_server_diagnostics): 200 GET http://10.180.1.21/compute/v2.1/servers/6bf0d1f1-d079-4956-bc9a-86ba66885f3a 0.886s
2024-09-30 23:08:10.595 62273 INFO tempest.lib.common.rest_client [req-a0fe4db3-e70f-4702-b219-b6c47f29dcbc req-a0fe4db3-e70f-4702-b219-b6c47f29dcbc ] Request (ServersAdminTestJSON:setUpClass): 200 GET http://10.180.1.21/compute/v2.1/servers/c7bfab3b-bfb1-416f-a302-9956c4fb0748 0.899s
2024-09-30 23:08:10.632 62271 INFO tempest.lib.common.rest_client [req-6689bff0-1f4a-4e2a-8f7d-a011fae94ae4 req-6689bff0-1f4a-4e2a-8f7d-a011fae94ae4 ] Request (ImagesOneServerTestJSON:setUpClass): 201 POST http://10.180.1.21:9696/networking/v2.0/networks 0.375s
2024-09-30 23:08:10.665 62239 INFO tempest.lib.common.rest_client [req-22074b51-6fac-4710-be33-f83c6854747e req-22074b51-6fac-4710-be33-f83c6854747e ] Request (ServerExternalEventsTest:test_create_server_external_events): 200 GET http://10.180.1.21/compute/v2.1/servers/938dab0c-9b30-404b-bca2-a1280a252584 0.906s
2024-09-30 23:08:10.838 62279 INFO tempest.lib.common.rest_client [req-32116eb6-bf29-41c8-8190-9151b9c23e96 req-32116eb6-bf29-41c8-8190-9151b9c23e96 ] Request (FloatingIPsTestJSON:test_delete_floating_ip): 202 DELETE http://10.180.1.21/compute/v2.1/os-floating-ips/c5498738-79f3-4315-9f03-6059b88bfa68 1.223s
2024-09-30 23:08:10.886 62271 INFO tempest.lib.common.rest_client [req-b89dd8ca-1384-4a7b-bb5d-df230e7cf805 req-b89dd8ca-1384-4a7b-bb5d-df230e7cf805 ] Request (ImagesOneServerTestJSON:setUpClass): 201 POST http://10.180.1.21:9696/networking/v2.0/subnets 0.253s
2024-09-30 23:08:10.921 62283 INFO tempest.lib.common.rest_client [req-41073243-e187-4280-b3a5-129512f5b0b7 req-41073243-e187-4280-b3a5-129512f5b0b7 ] Request (DeleteServersTestJSON:test_delete_active_server): 200 GET http://10.180.1.21/compute/v2.1/servers/1915d6b8-2798-4e35-9a35-4191659c2cb6 1.099s
2024-09-30 23:08:11.161 62237 INFO tempest.lib.common.rest_client [req-47a46587-c34c-46e5-9cfd-a3a6b3fa18ff req-47a46587-c34c-46e5-9cfd-a3a6b3fa18ff ] Request (ListImageFiltersTestJSON:setUpClass): 202 POST http://10.180.1.21/compute/v2.1/servers 1.264s
2024-09-30 23:08:11.210 62225 INFO tempest.lib.common.rest_client [req-9b1e4f87-c169-41b8-9574-a7b61785bbe5 req-9b1e4f87-c169-41b8-9574-a7b61785bbe5 ] Request (MultipleCreateTestJSON:test_multiple_create): 200 GET http://10.180.1.21/compute/v2.1/servers/65ddff8e-971c-4485-b658-4611aea1176c 1.254s
2024-09-30 23:08:11.220 62235 INFO tempest.lib.common.rest_client [req-765d233d-adaa-4b86-9348-5f8dc19afc3f req-765d233d-adaa-4b86-9348-5f8dc19afc3f ] Request (KeyPairsV22TestJSON:test_keypairsv22_create_list_show): 200 GET http://10.180.1.21/compute/v2.1/os-keypairs 1.207s
2024-09-30 23:08:11.447 62227 INFO tempest.lib.common.rest_client [req-799c2fd9-bcf1-40c2-9ad9-f70c9f133ff3 req-799c2fd9-bcf1-40c2-9ad9-f70c9f133ff3 ] Request (SecurityGroupRulesTestJSON:tearDownClass): 202 DELETE http://10.180.1.21/compute/v2.1/os-security-groups/2aafcc55-8033-482f-bbe3-9e44a605ffeb 1.432s
2024-09-30 23:08:11.561 62269 INFO tempest.lib.common.rest_client [req-3ca33217-4c12-48e9-ae49-e78a59b2a550 req-3ca33217-4c12-48e9-ae49-e78a59b2a550 ] Request (ServicesAdminNegativeTestJSON:test_list_services_with_non_admin_user): 403 GET http://10.180.1.21/compute/v2.1/os-services 1.522s
2024-09-30 23:08:11.581 62253 INFO tempest.lib.common.rest_client [req-bc81c4fd-e10a-451a-9f61-b951cbc7cd92 req-bc81c4fd-e10a-451a-9f61-b951cbc7cd92 ] Request (FlavorsAdminTestJSON:test_list_public_flavor_with_other_user): 200 GET http://10.180.1.21/compute/v2.1/flavors/detail 1.502s
2024-09-30 23:08:11.650 62247 INFO tempest.lib.common.rest_client [req-2ede5c52-fc52-4794-81d1-a03c3f38c514 req-2ede5c52-fc52-4794-81d1-a03c3f38c514 ] Request (ServersTestFqdnHostnames:test_create_server_with_fqdn_name): 200 GET http://10.180.1.21/compute/v2.1/servers/96bbc732-cb58-4de2-80d3-c527228adaea 1.459s
2024-09-30 23:08:11.709 62271 INFO tempest.lib.common.rest_client [req-c7e3ad5b-5b07-4d46-b2bf-ed996674f277 req-c7e3ad5b-5b07-4d46-b2bf-ed996674f277 ] Request (ImagesOneServerTestJSON:setUpClass): 201 POST http://10.180.1.21:9696/networking/v2.0/routers 0.822s
2024-09-30 23:08:11.714 62241 INFO tempest.lib.common.rest_client [req-adc8c8ed-36a8-4e4f-8ae2-da62a3eb9e59 req-adc8c8ed-36a8-4e4f-8ae2-da62a3eb9e59 ] Request (MigrationsAdminTest:test_list_migrations_in_flavor_resize_situation): 200 GET http://10.180.1.21/compute/v2.1/servers/3182ca24-c989-4c29-8e47-d913d0607240 1.476s
2024-09-30 23:08:11.732 62269 INFO tempest.lib.common.rest_client [req-44459c7d-a843-4e9e-b61c-571ea4258cce req-44459c7d-a843-4e9e-b61c-571ea4258cce ] Request (ServicesAdminNegativeTestJSON:tearDownClass): 204 DELETE http://10.180.1.21/identity/v3/users/167fa63e0d9e4ba481e1e22c84354ad5 0.170s
2024-09-30 23:08:11.776 62267 INFO tempest.lib.common.rest_client [req-6c466078-b625-4e74-9537-07ea5bc84117 req-6c466078-b625-4e74-9537-07ea5bc84117 ] Request (InstanceActionsTestJSON:setUpClass): 200 GET http://10.180.1.21/compute/v2.1/servers/7a94f776-579d-41e8-94aa-6095b3fd69c6 1.456s
2024-09-30 23:08:11.836 62269 INFO tempest.lib.common.rest_client [req-e226eb60-82ea-4452-b3bb-0e1a49c6232e req-e226eb60-82ea-4452-b3bb-0e1a49c6232e ] Request (ServicesAdminNegativeTestJSON:tearDownClass): 204 DELETE http://10.180.1.21/identity/v3/users/ac8d9097bfe14666b2f2ac98eca1f51e 0.104s
2024-09-30 23:08:11.836 62269 INFO tempest.lib.common.dynamic_creds [-] Deleting project and security group for project: f0911254575d498696406ecef0da2cc8
2024-09-30 23:08:11.895 62269 INFO tempest.lib.common.rest_client [req-04bb962e-dd6f-4ec4-9d39-d182096f8260 req-04bb962e-dd6f-4ec4-9d39-d182096f8260 ] Request (ServicesAdminNegativeTestJSON:tearDownClass): 201 POST http://10.180.1.21/identity/v3/auth/tokens 0.058s
2024-09-30 23:08:11.987 62265 INFO tempest.lib.common.rest_client [req-4159e18c-0107-4f59-ba4c-4f1b07720215 req-4159e18c-0107-4f59-ba4c-4f1b07720215 ] Request (TenantUsagesTestJSON:setUpClass): 200 GET http://10.180.1.21/compute/v2.1/servers/6c0bc598-eae5-4e5b-a3b2-b4bb90bc8d59 1.594s
2024-09-30 23:08:12.045 62261 INFO tempest.lib.common.rest_client [req-4ec95643-163e-4ac3-bdbc-a0f5f00609d4 req-4ec95643-163e-4ac3-bdbc-a0f5f00609d4 ] Request (ServersAaction247Test:test_create_backup): 200 GET http://10.180.1.21/compute/v2.1/servers/e6c56d86-e428-49fb-9944-293ad5e5948c 1.650s
2024-09-30 23:08:12.096 62275 INFO tempest.lib.common.rest_client [req-b3a8b74e-457b-4bc4-85a1-6415a3cdb61e req-b3a8b74e-457b-4bc4-85a1-6415a3cdb61e ] Request (DeleteServersAdminTestJSON:test_delete_server_while_in_error_state): 200 GET http://10.180.1.21/compute/v2.1/servers/967bc997-543f-4b35-968b-c530b82d9db0 1.635s
2024-09-30 23:08:12.154 62229 INFO tempest.lib.common.rest_client [req-3d4a91e9-f950-4bfc-9fa1-7a13b357b61b req-3d4a91e9-f950-4bfc-9fa1-7a13b357b61b ] Request (VolumesAssistedSnapshotsTest:test_volume_assisted_snapshot_create_delete): 200 GET http://10.180.1.21/compute/v2.1/servers/7961bd0d-de24-4e13-94a3-79c48c593813 1.643s
2024-09-30 23:08:12.187 62279 INFO tempest.lib.common.rest_client [req-b261f741-6d7e-4426-a705-2a43ef63cfbe req-b261f741-6d7e-4426-a705-2a43ef63cfbe ] Request (FloatingIPsTestJSON:test_delete_floating_ip): 404 GET http://10.180.1.21/compute/v2.1/os-floating-ips/c5498738-79f3-4315-9f03-6059b88bfa68 1.349s
2024-09-30 23:08:12.199 62269 INFO tempest.lib.common.rest_client [req-f265753a-761d-4954-8026-0127765303d7 req-f265753a-761d-4954-8026-0127765303d7 ] Request (ServicesAdminNegativeTestJSON:tearDownClass): 200 GET http://10.180.1.21:9696/networking/v2.0/security-groups?tenant_id=f0911254575d498696406ecef0da2cc8&name=default 0.304s
2024-09-30 23:08:12.214 62233 INFO tempest.lib.common.rest_client [req-3b7682c7-d26e-44c9-9ae4-73e60e25dbcf req-3b7682c7-d26e-44c9-9ae4-73e60e25dbcf ] Request (ServersTestManualDisk:setUpClass): 200 PUT http://10.180.1.21:9696/networking/v2.0/routers/81645d60-d7cf-498a-ae6d-3708501a8a3a/add_router_interface 1.753s
2024-09-30 23:08:12.214 62233 INFO tempest.lib.common.dynamic_creds [-] Created isolated network resources for: credentials: Credentials: {'domain_id': 'default', 'domain_name': 'Default', 'username': 'tempest-ServersTestManualDisk-1090104942-project-member', 'project_domain_id': 'default', 'project_domain_name': 'Default', 'project_id': 'd3adce5cde814bf0bb57b8e941dba79f', 'project_name': 'tempest-ServersTestManualDisk-1090104942', 'tenant_id': 'd3adce5cde814bf0bb57b8e941dba79f', 'tenant_name': 'tempest-ServersTestManualDisk-1090104942', 'user_domain_id': 'default', 'user_domain_name': 'Default', 'user_id': '4d582141d7f4468d9f4f073f0090726f', 'system': None}, Network: {'id': '020556c5-6e13-45fa-a715-bf097bdf0f73', 'name': 'tempest-ServersTestManualDisk-367382123-network', 'tenant_id': 'd3adce5cde814bf0bb57b8e941dba79f', 'admin_state_up': True, 'mtu': 8950, 'status': 'ACTIVE', 'subnets': [], 'shared': False, 'project_id': 'd3adce5cde814bf0bb57b8e941dba79f', 'port_security_enabled': True, 'router:external': False, 'provider:network_type': 'vlan', 'provider:physical_network': 'default', 'provider:segmentation_id': 949, 'is_default': False, 'availability_zone_hints': [], 'availability_zones': [], 'ipv4_address_scope': None, 'ipv6_address_scope': None, 'description': '', 'tags': [], 'created_at': '2024-09-30T23:08:09Z', 'updated_at': '2024-09-30T23:08:09Z', 'revision_number': 1}, Subnet: {'id': '0754d296-8783-4e94-af3e-28cec6113c7c', 'name': 'tempest-ServersTestManualDisk-367382123-subnet', 'tenant_id': 'd3adce5cde814bf0bb57b8e941dba79f', 'network_id': '020556c5-6e13-45fa-a715-bf097bdf0f73', 'ip_version': 4, 'subnetpool_id': None, 'enable_dhcp': True, 'ipv6_ra_mode': None, 'ipv6_address_mode': None, 'gateway_ip': '192.168.128.1', 'cidr': '192.168.128.0/28', 'allocation_pools': [{'start': '192.168.128.2', 'end': '192.168.128.14'}], 'host_routes': [], 'dns_nameservers': [], 'description': '', 'router:external': False, 'service_types': [], 'tags': [], 'created_at': '2024-09-30T23:08:09Z', 'updated_at': '2024-09-30T23:08:09Z', 'revision_number': 0, 'project_id': 'd3adce5cde814bf0bb57b8e941dba79f'}, Router: {'id': '81645d60-d7cf-498a-ae6d-3708501a8a3a', 'name': 'tempest-ServersTestManualDisk-367382123-router', 'tenant_id': 'd3adce5cde814bf0bb57b8e941dba79f', 'admin_state_up': True, 'status': 'ACTIVE', 'external_gateway_info': {'network_id': '3db006cf-99d3-49ea-9c24-e6990962716a', 'external_fixed_ips': [{'subnet_id': '51fbcc78-70f4-4514-a8da-734842112f5b', 'ip_address': '10.180.180.222'}], 'enable_snat': True}, 'description': '', 'availability_zones': [], 'distributed': False, 'ha': False, 'availability_zone_hints': [], 'routes': [], 'flavor_id': None, 'tags': [], 'created_at': '2024-09-30T23:08:09Z', 'updated_at': '2024-09-30T23:08:10Z', 'revision_number': 2, 'project_id': 'd3adce5cde814bf0bb57b8e941dba79f'}
2024-09-30 23:08:12.255 62277 INFO tempest.lib.common.rest_client [req-e6f9d54c-1f34-4160-b437-074af693a567 req-e6f9d54c-1f34-4160-b437-074af693a567 ] Request (ListServersNegativeTestJSON:setUpClass): 200 GET http://10.180.1.21/compute/v2.1/servers/1a9030ce-3a35-4760-96f4-4288c1d2f9d1 1.245s
2024-09-30 23:08:12.306 62233 INFO tempest.lib.common.rest_client [req-448916e4-f385-466f-97cc-a8663cfce14f req-448916e4-f385-466f-97cc-a8663cfce14f ] Request (ServersTestManualDisk:setUpClass): 201 POST http://10.180.1.21/identity/v3/auth/tokens 0.087s
2024-09-30 23:08:12.316 62255 INFO tempest.lib.common.rest_client [req-ed971991-73d6-4fab-81e6-8a4655aff4b2 req-ed971991-73d6-4fab-81e6-8a4655aff4b2 ] Request (ServersTestMultiNic:test_verify_duplicate_network_nics): 200 GET http://10.180.1.21/compute/v2.1/servers/7a8c0f03-0bb9-4759-b8fb-97e82e7a69b7 1.245s
2024-09-30 23:08:12.364 62243 INFO tempest.lib.common.rest_client [req-a1f42d95-59be-492d-94a2-01428bcd762e req-a1f42d95-59be-492d-94a2-01428bcd762e ] Request (ServerActionsTestOtherB:setUpClass): 200 GET http://10.180.1.21/compute/v2.1/servers/bac5a3bc-5a58-4c1d-abb8-1aaf6151358a 1.233s
2024-09-30 23:08:12.377 62269 INFO tempest.lib.common.rest_client [req-6edc0679-4932-4883-97f4-a7f8d43b61a7 req-6edc0679-4932-4883-97f4-a7f8d43b61a7 ] Request (ServicesAdminNegativeTestJSON:tearDownClass): 204 DELETE http://10.180.1.21:9696/networking/v2.0/security-groups/36774d13-af82-4feb-ae2b-aaec19bcef2a 0.177s
2024-09-30 23:08:12.418 62237 INFO tempest.lib.common.rest_client [req-ae59efa0-94dd-4e9a-9862-de2255433e75 req-ae59efa0-94dd-4e9a-9862-de2255433e75 ] Request (ListImageFiltersTestJSON:setUpClass): 200 GET http://10.180.1.21/compute/v2.1/servers/89a97f81-bcd9-49e5-bbd3-9140f6638a20 1.256s
2024-09-30 23:08:12.445 62269 INFO tempest.lib.common.rest_client [req-08577696-e6bc-4659-99f4-56e6be5ef078 req-08577696-e6bc-4659-99f4-56e6be5ef078 ] Request (ServicesAdminNegativeTestJSON:tearDownClass): 204 DELETE http://10.180.1.21/identity/v3/projects/f0911254575d498696406ecef0da2cc8 0.068s
2024-09-30 23:08:12.445 62269 INFO tempest.lib.common.dynamic_creds [-] Deleting project and security group for project: a53e88718bd0439fb512cd05c1dfa88d
2024-09-30 23:08:12.470 62231 INFO tempest.lib.common.rest_client [req-1a05426a-cd73-4d87-8b0f-12944e258432 req-1a05426a-cd73-4d87-8b0f-12944e258432 ] Request (ServerDiskConfigTestJSON:test_rebuild_server_with_manual_disk_config): 200 GET http://10.180.1.21/compute/v2.1/servers/40fefd68-3d6f-4451-997f-e8fa49847dea 1.296s
2024-09-30 23:08:12.525 62281 INFO tempest.lib.common.rest_client [req-73e5fa65-b402-4a23-be80-5bdd5f7b34ca req-73e5fa65-b402-4a23-be80-5bdd5f7b34ca ] Request (ServerAddressesNegativeTestJSON:setUpClass): 200 GET http://10.180.1.21/compute/v2.1/servers/388b62aa-6647-4aca-acb2-8d7d7d424c8c 1.305s
2024-09-30 23:08:12.546 62235 INFO tempest.lib.common.rest_client [req-f88e95c0-1be0-4d4a-9007-2c05ad85add2 req-f88e95c0-1be0-4d4a-9007-2c05ad85add2 ] Request (KeyPairsV22TestJSON:_run_cleanups): 204 DELETE http://10.180.1.21/compute/v2.1/os-keypairs/tempest-keypair-121020612 1.324s
2024-09-30 23:08:12.592 62245 INFO tempest.lib.common.rest_client [req-30a1977c-cfc3-415a-9bf8-8d67be6d43ae req-30a1977c-cfc3-415a-9bf8-8d67be6d43ae ] Request (VolumesAdminNegativeTest:test_update_attached_volume_with_nonexistent_volume_in_body): 200 GET http://10.180.1.21/compute/v2.1/servers/c8e5d6c1-44a0-465f-a0dd-03e519f3d5ec 1.320s
2024-09-30 23:08:12.646 62249 INFO tempest.lib.common.rest_client [req-b739905c-57b0-4fc2-bb01-fa63e73eb36a req-b739905c-57b0-4fc2-bb01-fa63e73eb36a ] Request (ImagesTestJSON:test_create_image_from_stopped_server): 200 GET http://10.180.1.21/compute/v2.1/servers/9eed7cf7-5911-4e21-b8c8-f5d90b0c5bc3 1.327s
2024-09-30 23:08:12.691 62269 INFO tempest.lib.common.rest_client [req-090dccc4-ee0a-471c-8102-1bcdc3cc033b req-090dccc4-ee0a-471c-8102-1bcdc3cc033b ] Request (ServicesAdminNegativeTestJSON:tearDownClass): 200 GET http://10.180.1.21:9696/networking/v2.0/security-groups?tenant_id=a53e88718bd0439fb512cd05c1dfa88d&name=default 0.246s
2024-09-30 23:08:12.841 62227 INFO tempest.lib.common.rest_client [req-ee4e67a9-14b0-4e6e-86ad-fb77c7f29f90 req-ee4e67a9-14b0-4e6e-86ad-fb77c7f29f90 ] Request (SecurityGroupRulesTestJSON:tearDownClass): 202 DELETE http://10.180.1.21/compute/v2.1/os-security-groups/f4445fcc-225c-49df-9b63-30f75e8cdd7c 1.393s
2024-09-30 23:08:12.851 62269 INFO tempest.lib.common.rest_client [req-3516a520-9e19-4d7b-9560-9505bc4cb472 req-3516a520-9e19-4d7b-9560-9505bc4cb472 ] Request (ServicesAdminNegativeTestJSON:tearDownClass): 204 DELETE http://10.180.1.21:9696/networking/v2.0/security-groups/0a240ff0-d2bc-41f1-8727-f7bd529fc1e4 0.159s
2024-09-30 23:08:12.917 62285 INFO tempest.lib.common.rest_client [req-e29a1028-c93a-4da5-9cae-76e2cf189820 req-e29a1028-c93a-4da5-9cae-76e2cf189820 ] Request (ServerPasswordTestJSON:setUpClass): 200 GET http://10.180.1.21/compute/v2.1/servers/ab2edc70-b4c6-4db3-b0d6-53148764efdd 1.451s
2024-09-30 23:08:12.950 62271 INFO tempest.lib.common.rest_client [req-e7982c75-63be-41ce-a2bb-0d7804b7efb0 req-e7982c75-63be-41ce-a2bb-0d7804b7efb0 ] Request (ImagesOneServerTestJSON:setUpClass): 200 PUT http://10.180.1.21:9696/networking/v2.0/routers/a603eab3-a60c-4cf0-a812-5a3746444340/add_router_interface 1.240s
2024-09-30 23:08:12.950 62271 INFO tempest.lib.common.dynamic_creds [-] Created isolated network resources for: credentials: Credentials: {'domain_id': 'default', 'domain_name': 'Default', 'username': 'tempest-ImagesOneServerTestJSON-1683633474-project-member', 'project_domain_id': 'default', 'project_domain_name': 'Default', 'project_id': '04f95c6e34db49c58e3827d7a72cab54', 'project_name': 'tempest-ImagesOneServerTestJSON-1683633474', 'tenant_id': '04f95c6e34db49c58e3827d7a72cab54', 'tenant_name': 'tempest-ImagesOneServerTestJSON-1683633474', 'user_domain_id': 'default', 'user_domain_name': 'Default', 'user_id': 'c33abbbe46e94874a4a5cc0cb4ee1cf0', 'system': None}, Network: {'id': 'c3010fca-d3b0-4624-b84b-b0920f0a0e05', 'name': 'tempest-ImagesOneServerTestJSON-1462858397-network', 'tenant_id': '04f95c6e34db49c58e3827d7a72cab54', 'admin_state_up': True, 'mtu': 8950, 'status': 'ACTIVE', 'subnets': [], 'shared': False, 'project_id': '04f95c6e34db49c58e3827d7a72cab54', 'port_security_enabled': True, 'router:external': False, 'provider:network_type': 'vlan', 'provider:physical_network': 'default', 'provider:segmentation_id': 843, 'is_default': False, 'availability_zone_hints': [], 'availability_zones': [], 'ipv4_address_scope': None, 'ipv6_address_scope': None, 'description': '', 'tags': [], 'created_at': '2024-09-30T23:08:10Z', 'updated_at': '2024-09-30T23:08:10Z', 'revision_number': 1}, Subnet: {'id': '7f91b894-128c-4554-aa9a-cd69f7af5ecf', 'name': 'tempest-ImagesOneServerTestJSON-1462858397-subnet', 'tenant_id': '04f95c6e34db49c58e3827d7a72cab54', 'network_id': 'c3010fca-d3b0-4624-b84b-b0920f0a0e05', 'ip_version': 4, 'subnetpool_id': None, 'enable_dhcp': True, 'ipv6_ra_mode': None, 'ipv6_address_mode': None, 'gateway_ip': '192.168.128.1', 'cidr': '192.168.128.0/28', 'allocation_pools': [{'start': '192.168.128.2', 'end': '192.168.128.14'}], 'host_routes': [], 'dns_nameservers': [], 'description': '', 'router:external': False, 'service_types': [], 'tags': [], 'created_at': '2024-09-30T23:08:10Z', 'updated_at': '2024-09-30T23:08:10Z', 'revision_number': 0, 'project_id': '04f95c6e34db49c58e3827d7a72cab54'}, Router: {'id': 'a603eab3-a60c-4cf0-a812-5a3746444340', 'name': 'tempest-ImagesOneServerTestJSON-1462858397-router', 'tenant_id': '04f95c6e34db49c58e3827d7a72cab54', 'admin_state_up': True, 'status': 'ACTIVE', 'external_gateway_info': {'network_id': '3db006cf-99d3-49ea-9c24-e6990962716a', 'external_fixed_ips': [{'subnet_id': '51fbcc78-70f4-4514-a8da-734842112f5b', 'ip_address': '10.180.180.202'}], 'enable_snat': True}, 'description': '', 'availability_zones': [], 'distributed': False, 'ha': False, 'availability_zone_hints': [], 'routes': [], 'flavor_id': None, 'tags': [], 'created_at': '2024-09-30T23:08:10Z', 'updated_at': '2024-09-30T23:08:11Z', 'revision_number': 2, 'project_id': '04f95c6e34db49c58e3827d7a72cab54'}
2024-09-30 23:08:12.964 62269 INFO tempest.lib.common.rest_client [req-b53fa645-26d8-4ca2-890c-45245df52b09 req-b53fa645-26d8-4ca2-890c-45245df52b09 ] Request (ServicesAdminNegativeTestJSON:tearDownClass): 204 DELETE http://10.180.1.21/identity/v3/projects/a53e88718bd0439fb512cd05c1dfa88d 0.112s
2024-09-30 23:08:12.976 62251 INFO tempest.lib.common.rest_client [req-4a56ef16-67f8-4f09-8310-9cc2a7e12e00 req-4a56ef16-67f8-4f09-8310-9cc2a7e12e00 ] Request (ServerDiagnosticsV248Test:test_get_server_diagnostics): 200 GET http://10.180.1.21/compute/v2.1/servers/6bf0d1f1-d079-4956-bc9a-86ba66885f3a 1.431s
2024-09-30 23:08:12.999 62253 INFO tempest.lib.common.rest_client [req-45ca0275-dc10-47df-8c7d-4aaed40d4f67 req-45ca0275-dc10-47df-8c7d-4aaed40d4f67 ] Request (FlavorsAdminTestJSON:_run_cleanups): 202 DELETE http://10.180.1.21/compute/v2.1/flavors/1761980257 1.412s
2024-09-30 23:08:13.036 62271 INFO tempest.lib.common.rest_client [req-ce88c5e6-fcb5-4cbb-b2b8-7a59f222f238 req-ce88c5e6-fcb5-4cbb-b2b8-7a59f222f238 ] Request (ImagesOneServerTestJSON:setUpClass): 201 POST http://10.180.1.21/identity/v3/auth/tokens 0.082s
2024-09-30 23:08:13.041 62269 INFO tempest.lib.common.rest_client [req-a93b48bf-23d0-4dfe-9f41-db62d1100d63 req-a93b48bf-23d0-4dfe-9f41-db62d1100d63 ] Request (ImagesOneServerNegativeTestJSON:setUpClass): 201 POST http://10.180.1.21/identity/v3/auth/tokens 0.076s
2024-09-30 23:08:13.046 62273 INFO tempest.lib.common.rest_client [req-82ffac41-bcfe-4ac3-bb04-18e7b94db6fd req-82ffac41-bcfe-4ac3-bb04-18e7b94db6fd ] Request (ServersAdminTestJSON:setUpClass): 200 GET http://10.180.1.21/compute/v2.1/servers/c7bfab3b-bfb1-416f-a302-9956c4fb0748 1.439s
2024-09-30 23:08:13.070 62271 INFO tempest.lib.common.rest_client [req-64566b3f-d794-4782-9b69-3e7a3ea85d76 req-64566b3f-d794-4782-9b69-3e7a3ea85d76 ] Request (ImagesOneServerTestJSON:setUpClass): 201 POST http://10.180.1.21/identity/v3/auth/tokens 0.026s
2024-09-30 23:08:13.071 62271 INFO tempest.lib.common.fixed_network [-] (ImagesOneServerTestJSON:setUpClass) Found network {'id': 'c3010fca-d3b0-4624-b84b-b0920f0a0e05', 'name': 'tempest-ImagesOneServerTestJSON-1462858397-network', 'tenant_id': '04f95c6e34db49c58e3827d7a72cab54', 'admin_state_up': True, 'mtu': 8950, 'status': 'ACTIVE', 'subnets': [], 'shared': False, 'project_id': '04f95c6e34db49c58e3827d7a72cab54', 'port_security_enabled': True, 'router:external': False, 'provider:network_type': 'vlan', 'provider:physical_network': 'default', 'provider:segmentation_id': 843, 'is_default': False, 'availability_zone_hints': [], 'availability_zones': [], 'ipv4_address_scope': None, 'ipv6_address_scope': None, 'description': '', 'tags': [], 'created_at': '2024-09-30T23:08:10Z', 'updated_at': '2024-09-30T23:08:10Z', 'revision_number': 1} available for tenant
2024-09-30 23:08:13.077 62269 INFO tempest.lib.common.rest_client [req-0a80ed0e-2bf9-4eac-a05a-24ba730f7ba7 req-0a80ed0e-2bf9-4eac-a05a-24ba730f7ba7 ] Request (ImagesOneServerNegativeTestJSON:setUpClass): 201 POST http://10.180.1.21/identity/v3/auth/tokens 0.033s
2024-09-30 23:08:13.095 62239 INFO tempest.lib.common.rest_client [req-7452d2ea-a653-4157-890a-18a62cde9c23 req-7452d2ea-a653-4157-890a-18a62cde9c23 ] Request (ServerExternalEventsTest:test_create_server_external_events): 200 GET http://10.180.1.21/compute/v2.1/servers/938dab0c-9b30-404b-bca2-a1280a252584 1.422s
2024-09-30 23:08:13.095 62269 INFO tempest.lib.common.rest_client [req-fabb0230-a988-4df4-a3d8-addf5bac2c9d req-fabb0230-a988-4df4-a3d8-addf5bac2c9d ] Request (ImagesOneServerNegativeTestJSON:setUpClass): 200 GET http://10.180.1.21/identity/v3/domains?name=Default 0.018s
2024-09-30 23:08:13.119 62269 INFO tempest.lib.common.rest_client [req-f9d93b8d-6291-427a-b83e-762bb5126447 req-f9d93b8d-6291-427a-b83e-762bb5126447 ] Request (ImagesOneServerNegativeTestJSON:setUpClass): 201 POST http://10.180.1.21/identity/v3/projects 0.023s
2024-09-30 23:08:13.138 62283 INFO tempest.lib.common.rest_client [req-e03e4fc5-5c48-47a5-8fd0-0dd3c6dc1808 req-e03e4fc5-5c48-47a5-8fd0-0dd3c6dc1808 ] Request (DeleteServersTestJSON:test_delete_active_server): 200 GET http://10.180.1.21/compute/v2.1/servers/1915d6b8-2798-4e35-9a35-4191659c2cb6 1.206s
2024-09-30 23:08:13.158 62279 INFO tempest.lib.common.rest_client [req-e9feda91-1dce-4d03-8b93-4b8f1f1e85e2 req-e9feda91-1dce-4d03-8b93-4b8f1f1e85e2 ] Request (FloatingIPsTestJSON:_run_cleanups): 404 DELETE http://10.180.1.21/compute/v2.1/os-floating-ips/c5498738-79f3-4315-9f03-6059b88bfa68 0.970s
2024-09-30 23:08:13.185 62269 INFO tempest.lib.common.rest_client [req-9636d5f7-3fe8-473f-a2e9-c669e569c0ee req-9636d5f7-3fe8-473f-a2e9-c669e569c0ee ] Request (ImagesOneServerNegativeTestJSON:setUpClass): 201 POST http://10.180.1.21/identity/v3/users 0.066s
2024-09-30 23:08:13.204 62269 INFO tempest.lib.common.rest_client [req-ec695fcc-33e6-4c84-a262-6d53a7588b31 req-ec695fcc-33e6-4c84-a262-6d53a7588b31 ] Request (ImagesOneServerNegativeTestJSON:setUpClass): 200 GET http://10.180.1.21/identity/v3/roles 0.018s
2024-09-30 23:08:13.213 62225 INFO tempest.lib.common.rest_client [req-c9670017-9885-44fe-b732-6a7542b24350 req-c9670017-9885-44fe-b732-6a7542b24350 ] Request (MultipleCreateTestJSON:test_multiple_create): 200 GET http://10.180.1.21/compute/v2.1/servers/65ddff8e-971c-4485-b658-4611aea1176c 0.995s
2024-09-30 23:08:13.245 62269 INFO tempest.lib.common.rest_client [req-3fa8be15-0f5a-4ed4-8d80-c5a60693da99 req-3fa8be15-0f5a-4ed4-8d80-c5a60693da99 ] Request (ImagesOneServerNegativeTestJSON:setUpClass): 204 PUT http://10.180.1.21/identity/v3/projects/0c3d31c138df453486a2b1a6b70a84d4/users/a3425a6d5e36481bb702ddf789ea9eed/roles/552ec15d7e20472882afc5f8ac9a5f15 0.041s
2024-09-30 23:08:13.246 62269 INFO tempest.lib.common.dynamic_creds [-] Dynamic test user a3425a6d5e36481bb702ddf789ea9eed is created with scope project and roles: ['member']
2024-09-30 23:08:13.246 62269 INFO tempest.lib.common.dynamic_creds [-] Acquired dynamic creds: credentials: Credentials: {'domain_id': 'default', 'domain_name': 'Default', 'username': 'tempest-ImagesOneServerNegativeTestJSON-874382516-project-member', 'project_domain_id': 'default', 'project_domain_name': 'Default', 'project_id': '0c3d31c138df453486a2b1a6b70a84d4', 'project_name': 'tempest-ImagesOneServerNegativeTestJSON-874382516', 'tenant_id': '0c3d31c138df453486a2b1a6b70a84d4', 'tenant_name': 'tempest-ImagesOneServerNegativeTestJSON-874382516', 'user_domain_id': 'default', 'user_domain_name': 'Default', 'user_id': 'a3425a6d5e36481bb702ddf789ea9eed', 'system': None}, Network: None, Subnet: None, Router: None
2024-09-30 23:08:13.316 62269 INFO tempest.lib.common.rest_client [req-5da49a9b-d1fe-4815-86aa-446169c75431 req-5da49a9b-d1fe-4815-86aa-446169c75431 ] Request (ImagesOneServerNegativeTestJSON:setUpClass): 201 POST http://10.180.1.21/identity/v3/auth/tokens 0.070s
2024-09-30 23:08:13.431 62233 INFO tempest.lib.common.rest_client [req-6993a1ec-93d0-4cf7-b073-475bd242d8c5 req-6993a1ec-93d0-4cf7-b073-475bd242d8c5 ] Request (ServersTestManualDisk:setUpClass): 200 POST http://10.180.1.21/compute/v2.1/os-keypairs 1.123s
2024-09-30 23:08:13.647 62233 INFO tempest.lib.common.rest_client [req-bafa80c6-c1e6-4b2d-a6ca-b451a668e89f req-bafa80c6-c1e6-4b2d-a6ca-b451a668e89f ] Request (ServersTestManualDisk:setUpClass): 201 POST http://10.180.1.21:9696/networking/v2.0/security-groups 0.215s
2024-09-30 23:08:13.714 62235 INFO tempest.lib.common.rest_client [req-913c6fc1-0b97-4889-816c-d0eea4c88add req-913c6fc1-0b97-4889-816c-d0eea4c88add ] Request (KeyPairsV22TestJSON:test_keypairsv22_create_list_show_with_type): 201 POST http://10.180.1.21/compute/v2.1/os-keypairs 1.166s
2024-09-30 23:08:13.789 62247 INFO tempest.lib.common.rest_client [req-c8d7488d-47a4-4ccd-b677-68e2f0c4af3f req-c8d7488d-47a4-4ccd-b677-68e2f0c4af3f ] Request (ServersTestFqdnHostnames:test_create_server_with_fqdn_name): 200 GET http://10.180.1.21/compute/v2.1/servers/96bbc732-cb58-4de2-80d3-c527228adaea 1.128s
2024-09-30 23:08:13.793 62269 INFO tempest.lib.common.rest_client [req-3966737f-fbf5-4145-a4b7-9823168a2d12 req-3966737f-fbf5-4145-a4b7-9823168a2d12 ] Request (ImagesOneServerNegativeTestJSON:setUpClass): 201 POST http://10.180.1.21:9696/networking/v2.0/networks 0.477s
2024-09-30 23:08:13.859 62241 INFO tempest.lib.common.rest_client [req-014e0792-8be0-4476-bcda-62819f9d7980 req-014e0792-8be0-4476-bcda-62819f9d7980 ] Request (MigrationsAdminTest:test_list_migrations_in_flavor_resize_situation): 200 GET http://10.180.1.21/compute/v2.1/servers/3182ca24-c989-4c29-8e47-d913d0607240 1.137s
2024-09-30 23:08:13.867 62233 INFO tempest.lib.common.rest_client [req-651b6ed5-aa8f-4801-a053-5bff692fd190 req-651b6ed5-aa8f-4801-a053-5bff692fd190 ] Request (ServersTestManualDisk:setUpClass): 201 POST http://10.180.1.21:9696/networking/v2.0/security-group-rules 0.219s
2024-09-30 23:08:13.921 62267 INFO tempest.lib.common.rest_client [req-0047b288-acf6-4db0-a6b5-07289612a868 req-0047b288-acf6-4db0-a6b5-07289612a868 ] Request (InstanceActionsTestJSON:setUpClass): 200 GET http://10.180.1.21/compute/v2.1/servers/7a94f776-579d-41e8-94aa-6095b3fd69c6 1.137s
2024-09-30 23:08:14.015 62233 INFO tempest.lib.common.rest_client [req-8b455682-b8fd-4c70-b767-cc0372f6ff08 req-8b455682-b8fd-4c70-b767-cc0372f6ff08 ] Request (ServersTestManualDisk:setUpClass): 201 POST http://10.180.1.21:9696/networking/v2.0/security-group-rules 0.148s
2024-09-30 23:08:14.113 62279 INFO tempest.lib.common.rest_client [req-90ae3f03-10bd-426a-a6da-1a00d5166854 req-90ae3f03-10bd-426a-a6da-1a00d5166854 ] Request (FloatingIPsTestJSON:tearDownClass): 200 PUT http://10.180.1.21:9696/networking/v2.0/routers/98908406-3d54-4950-bd38-4433b9faf7d6/remove_router_interface 0.952s
2024-09-30 23:08:14.195 62227 INFO tempest.lib.common.rest_client [req-22818646-7512-4848-b4a7-6dddb525a184 req-22818646-7512-4848-b4a7-6dddb525a184 ] Request (SecurityGroupRulesTestJSON:tearDownClass): 202 DELETE http://10.180.1.21/compute/v2.1/os-security-groups/cdbe8966-cb62-471d-81c2-6463dd5a78c3 1.353s
2024-09-30 23:08:14.202 62269 INFO tempest.lib.common.rest_client [req-46ddae93-d77e-418d-8969-57b1a04ade03 req-46ddae93-d77e-418d-8969-57b1a04ade03 ] Request (ImagesOneServerNegativeTestJSON:setUpClass): 201 POST http://10.180.1.21:9696/networking/v2.0/subnets 0.408s
2024-09-30 23:08:14.220 62253 INFO tempest.lib.common.rest_client [req-f5ec3550-20e0-437c-9e77-70a104eaf237 req-f5ec3550-20e0-437c-9e77-70a104eaf237 ] Request (FlavorsAdminTestJSON:_run_cleanups): 200 GET http://10.180.1.21/compute/v2.1/flavors/detail 1.220s
2024-09-30 23:08:14.289 62265 INFO tempest.lib.common.rest_client [req-28a23046-f8c8-4a45-ace4-8ac9ae61efcf req-28a23046-f8c8-4a45-ace4-8ac9ae61efcf ] Request (TenantUsagesTestJSON:setUpClass): 200 GET http://10.180.1.21/compute/v2.1/servers/6c0bc598-eae5-4e5b-a3b2-b4bb90bc8d59 1.289s
2024-09-30 23:08:14.336 62253 INFO tempest.lib.common.rest_client [req-ee7922b2-2f96-4eca-8bab-5fbf277dccd4 req-ee7922b2-2f96-4eca-8bab-5fbf277dccd4 ] Request (FlavorsAdminTestJSON:tearDownClass): 204 DELETE http://10.180.1.21/identity/v3/users/b40b4a76467d42c39a35a24d39416d71 0.107s
2024-09-30 23:08:14.382 62261 INFO tempest.lib.common.rest_client [req-5eba16ff-4604-4c0b-bcf0-37d3bbd4b824 req-5eba16ff-4604-4c0b-bcf0-37d3bbd4b824 ] Request (ServersAaction247Test:test_create_backup): 200 GET http://10.180.1.21/compute/v2.1/servers/e6c56d86-e428-49fb-9944-293ad5e5948c 1.325s
2024-09-30 23:08:14.429 62253 INFO tempest.lib.common.rest_client [req-f6e2be3c-1838-46df-a167-3fddc941d275 req-f6e2be3c-1838-46df-a167-3fddc941d275 ] Request (FlavorsAdminTestJSON:tearDownClass): 204 DELETE http://10.180.1.21/identity/v3/users/ad0b797c7461423db026f95d2925ff81 0.092s
2024-09-30 23:08:14.429 62253 INFO tempest.lib.common.dynamic_creds [-] Deleting project and security group for project: 09a016affc1b4f2b89fb695fbcd268f2
2024-09-30 23:08:14.492 62253 INFO tempest.lib.common.rest_client [req-adc31a00-0e16-4ac1-9295-13677f2bfebb req-adc31a00-0e16-4ac1-9295-13677f2bfebb ] Request (FlavorsAdminTestJSON:tearDownClass): 201 POST http://10.180.1.21/identity/v3/auth/tokens 0.063s
2024-09-30 23:08:14.726 62233 INFO tempest.lib.common.rest_client [req-45ac7c24-b7af-4b7d-a7fc-dd2119a68c71 req-45ac7c24-b7af-4b7d-a7fc-dd2119a68c71 ] Request (ServersTestManualDisk:setUpClass): 201 POST http://10.180.1.21:9696/networking/v2.0/floatingips 0.710s
2024-09-30 23:08:14.806 62233 INFO tempest.lib.common.rest_client [req-e744e35c-f2ec-4932-aec2-bec025b4b612 req-e744e35c-f2ec-4932-aec2-bec025b4b612 ] Request (ServersTestManualDisk:setUpClass): 201 POST http://10.180.1.21/identity/v3/auth/tokens 0.076s
2024-09-30 23:08:14.807 62233 INFO tempest.lib.common.fixed_network [-] (ServersTestManualDisk:setUpClass) Found network {'id': '020556c5-6e13-45fa-a715-bf097bdf0f73', 'name': 'tempest-ServersTestManualDisk-367382123-network', 'tenant_id': 'd3adce5cde814bf0bb57b8e941dba79f', 'admin_state_up': True, 'mtu': 8950, 'status': 'ACTIVE', 'subnets': [], 'shared': False, 'project_id': 'd3adce5cde814bf0bb57b8e941dba79f', 'port_security_enabled': True, 'router:external': False, 'provider:network_type': 'vlan', 'provider:physical_network': 'default', 'provider:segmentation_id': 949, 'is_default': False, 'availability_zone_hints': [], 'availability_zones': [], 'ipv4_address_scope': None, 'ipv6_address_scope': None, 'description': '', 'tags': [], 'created_at': '2024-09-30T23:08:09Z', 'updated_at': '2024-09-30T23:08:09Z', 'revision_number': 1} available for tenant
2024-09-30 23:08:14.879 62279 INFO tempest.lib.common.rest_client [req-0e9c7865-cac8-440e-aed0-15de4cfe803c req-0e9c7865-cac8-440e-aed0-15de4cfe803c ] Request (FloatingIPsTestJSON:tearDownClass): 204 DELETE http://10.180.1.21:9696/networking/v2.0/routers/98908406-3d54-4950-bd38-4433b9faf7d6 0.765s
2024-09-30 23:08:14.882 62253 INFO tempest.lib.common.rest_client [req-b0bb764b-55b7-4166-8616-bc250d8d2377 req-b0bb764b-55b7-4166-8616-bc250d8d2377 ] Request (FlavorsAdminTestJSON:tearDownClass): 200 GET http://10.180.1.21:9696/networking/v2.0/security-groups?tenant_id=09a016affc1b4f2b89fb695fbcd268f2&name=default 0.390s
2024-09-30 23:08:15.002 62223 INFO tempest.lib.common.rest_client [req-7642d513-29cd-4c19-86fa-8abb7fe35993 req-7642d513-29cd-4c19-86fa-8abb7fe35993 ] Request (SecurityGroupsTestAdminJSON:test_list_security_groups_list_all_tenants_filter): 200 GET http://10.180.1.21/compute/v2.1/os-security-groups?all_tenants=true 5.198s
2024-09-30 23:08:15.020 62279 INFO tempest.lib.common.rest_client [req-b73bc90d-3156-4a00-b77c-30911202d1ae req-b73bc90d-3156-4a00-b77c-30911202d1ae ] Request (FloatingIPsTestJSON:tearDownClass): 204 DELETE http://10.180.1.21:9696/networking/v2.0/subnets/594587c6-b895-42a3-af16-bcf95b6a888f 0.140s
2024-09-30 23:08:15.068 62275 INFO tempest.lib.common.rest_client [req-47e8aaf2-5ad6-4a1c-a2b6-f3cc9fb659e1 req-47e8aaf2-5ad6-4a1c-a2b6-f3cc9fb659e1 ] Request (DeleteServersAdminTestJSON:test_delete_server_while_in_error_state): 200 GET http://10.180.1.21/compute/v2.1/servers/967bc997-543f-4b35-968b-c530b82d9db0 1.961s
2024-09-30 23:08:15.125 62229 INFO tempest.lib.common.rest_client [req-45091472-71cd-4494-9b98-50d044d87bd8 req-45091472-71cd-4494-9b98-50d044d87bd8 ] Request (VolumesAssistedSnapshotsTest:test_volume_assisted_snapshot_create_delete): 200 GET http://10.180.1.21/compute/v2.1/servers/7961bd0d-de24-4e13-94a3-79c48c593813 1.958s
2024-09-30 23:08:15.189 62279 INFO tempest.lib.common.rest_client [req-2cbe4b7c-85f2-4083-9a9d-30699a2243a7 req-2cbe4b7c-85f2-4083-9a9d-30699a2243a7 ] Request (FloatingIPsTestJSON:tearDownClass): 204 DELETE http://10.180.1.21:9696/networking/v2.0/networks/f22d1c50-30c3-4169-8bb5-5a244adda7ae 0.166s
2024-09-30 23:08:15.191 62277 INFO tempest.lib.common.rest_client [req-02b177c4-04aa-4c6a-a720-7a88129554a2 req-02b177c4-04aa-4c6a-a720-7a88129554a2 ] Request (ListServersNegativeTestJSON:setUpClass): 200 GET http://10.180.1.21/compute/v2.1/servers/1a9030ce-3a35-4760-96f4-4288c1d2f9d1 1.921s
2024-09-30 23:08:15.199 62277 INFO tempest.common.waiters [-] State transition "BUILD/spawning" ==> "ERROR/None" after 46 second wait
2024-09-30 23:08:15.259 62255 INFO tempest.lib.common.rest_client [req-4132a667-411d-4c98-b341-55d04148dece req-4132a667-411d-4c98-b341-55d04148dece ] Request (ServersTestMultiNic:test_verify_duplicate_network_nics): 200 GET http://10.180.1.21/compute/v2.1/servers/7a8c0f03-0bb9-4759-b8fb-97e82e7a69b7 1.933s
2024-09-30 23:08:15.271 62253 INFO tempest.lib.common.rest_client [req-bfe3c32e-1247-4ad4-8417-9ac7d2be6acc req-bfe3c32e-1247-4ad4-8417-9ac7d2be6acc ] Request (FlavorsAdminTestJSON:tearDownClass): 204 DELETE http://10.180.1.21:9696/networking/v2.0/security-groups/57efeb73-b7b6-4448-ab73-9aa0fa8bcdb0 0.388s
2024-09-30 23:08:15.286 62271 INFO tempest.lib.common.rest_client [req-007453be-9a2b-481f-b950-3bb4aac64cff req-007453be-9a2b-481f-b950-3bb4aac64cff ] Request (ImagesOneServerTestJSON:setUpClass): 202 POST http://10.180.1.21/compute/v2.1/servers 2.214s
2024-09-30 23:08:15.301 62279 INFO tempest.lib.common.rest_client [req-4b912f1a-3425-4fd3-bef0-53f3a67dfac0 req-4b912f1a-3425-4fd3-bef0-53f3a67dfac0 ] Request (FloatingIPsTestJSON:tearDownClass): 204 DELETE http://10.180.1.21/identity/v3/users/eee946000f124071b2295869bf35f9bd 0.110s
2024-09-30 23:08:15.301 62279 INFO tempest.lib.common.dynamic_creds [-] Deleting project and security group for project: 9c3080d4b3d64222a08134657873d563
2024-09-30 23:08:15.354 62237 INFO tempest.lib.common.rest_client [req-d2bdd16c-f3a9-4ce2-97b3-a849368dd757 req-d2bdd16c-f3a9-4ce2-97b3-a849368dd757 ] Request (ListImageFiltersTestJSON:setUpClass): 200 GET http://10.180.1.21/compute/v2.1/servers/89a97f81-bcd9-49e5-bbd3-9140f6638a20 1.926s
2024-09-30 23:08:15.357 62243 INFO tempest.lib.common.rest_client [req-01a774d3-2e2c-4213-b844-660e3ab2870d req-01a774d3-2e2c-4213-b844-660e3ab2870d ] Request (ServerActionsTestOtherB:setUpClass): 200 GET http://10.180.1.21/compute/v2.1/servers/bac5a3bc-5a58-4c1d-abb8-1aaf6151358a 1.986s
2024-09-30 23:08:15.359 62279 INFO tempest.lib.common.rest_client [req-51463796-bef4-4d9b-b07c-713232c44cab req-51463796-bef4-4d9b-b07c-713232c44cab ] Request (FloatingIPsTestJSON:tearDownClass): 200 GET http://10.180.1.21:9696/networking/v2.0/security-groups?tenant_id=9c3080d4b3d64222a08134657873d563&name=default 0.057s
2024-09-30 23:08:15.367 62243 INFO tempest.common.waiters [-] State transition "BUILD/scheduling" ==> "BUILD/None" after 26 second wait
2024-09-30 23:08:15.392 62253 INFO tempest.lib.common.rest_client [req-344eca57-53d7-4cd4-b642-813fbb0fdb2c req-344eca57-53d7-4cd4-b642-813fbb0fdb2c ] Request (FlavorsAdminTestJSON:tearDownClass): 204 DELETE http://10.180.1.21/identity/v3/projects/09a016affc1b4f2b89fb695fbcd268f2 0.120s
2024-09-30 23:08:15.392 62253 INFO tempest.lib.common.dynamic_creds [-] Deleting project and security group for project: c39f3bd3cbb942a6a05dfddb7db828d0
2024-09-30 23:08:15.418 62281 INFO tempest.lib.common.rest_client [req-f4ce533f-7a15-440e-9fbd-ca6719d46203 req-f4ce533f-7a15-440e-9fbd-ca6719d46203 ] Request (ServerAddressesNegativeTestJSON:setUpClass): 200 GET http://10.180.1.21/compute/v2.1/servers/388b62aa-6647-4aca-acb2-8d7d7d424c8c 1.880s
2024-09-30 23:08:15.428 62231 INFO tempest.lib.common.rest_client [req-37ca993c-120c-487c-ae95-e1504b003070 req-37ca993c-120c-487c-ae95-e1504b003070 ] Request (ServerDiskConfigTestJSON:test_rebuild_server_with_manual_disk_config): 200 GET http://10.180.1.21/compute/v2.1/servers/40fefd68-3d6f-4451-997f-e8fa49847dea 1.950s
2024-09-30 23:08:15.473 62245 INFO tempest.lib.common.rest_client [req-e213df23-fd04-465b-b015-cf6607d80d27 req-e213df23-fd04-465b-b015-cf6607d80d27 ] Request (VolumesAdminNegativeTest:test_update_attached_volume_with_nonexistent_volume_in_body): 200 GET http://10.180.1.21/compute/v2.1/servers/c8e5d6c1-44a0-465f-a0dd-03e519f3d5ec 1.869s
2024-09-30 23:08:15.482 62235 INFO tempest.lib.common.rest_client [req-bdc99ed5-5feb-4b8b-a7ff-6de20e94b47d req-bdc99ed5-5feb-4b8b-a7ff-6de20e94b47d ] Request (KeyPairsV22TestJSON:test_keypairsv22_create_list_show_with_type): 200 GET http://10.180.1.21/compute/v2.1/os-keypairs/tempest-keypair-600657691 1.766s
2024-09-30 23:08:15.492 62279 INFO tempest.lib.common.rest_client [req-33ae4bdf-3697-4dc8-a0b7-f87e00b15e1c req-33ae4bdf-3697-4dc8-a0b7-f87e00b15e1c ] Request (FloatingIPsTestJSON:tearDownClass): 204 DELETE http://10.180.1.21:9696/networking/v2.0/security-groups/fb3e0f29-daaf-4823-97c4-d9023f9246ee 0.132s
2024-09-30 23:08:15.500 62249 INFO tempest.lib.common.rest_client [req-4515f1b0-b6e5-404a-ab77-239f7d0a4e18 req-4515f1b0-b6e5-404a-ab77-239f7d0a4e18 ] Request (ImagesTestJSON:test_create_image_from_stopped_server): 200 GET http://10.180.1.21/compute/v2.1/servers/9eed7cf7-5911-4e21-b8c8-f5d90b0c5bc3 1.844s
2024-09-30 23:08:15.506 62249 INFO tempest.common.waiters [-] State transition "BUILD/spawning" ==> "ERROR/None" after 48 second wait
2024-09-30 23:08:15.526 62285 INFO tempest.lib.common.rest_client [req-2ada8fe3-00dd-4c15-b7de-1e5e83528546 req-2ada8fe3-00dd-4c15-b7de-1e5e83528546 ] Request (ServerPasswordTestJSON:setUpClass): 200 GET http://10.180.1.21/compute/v2.1/servers/ab2edc70-b4c6-4db3-b0d6-53148764efdd 1.602s
2024-09-30 23:08:15.562 62251 INFO tempest.lib.common.rest_client [req-0761daaa-a03c-4fcc-9fb9-0ed6ac604f97 req-0761daaa-a03c-4fcc-9fb9-0ed6ac604f97 ] Request (ServerDiagnosticsV248Test:test_get_server_diagnostics): 200 GET http://10.180.1.21/compute/v2.1/servers/6bf0d1f1-d079-4956-bc9a-86ba66885f3a 1.577s
2024-09-30 23:08:15.569 62273 INFO tempest.lib.common.rest_client [req-d5dac67f-d321-4346-8371-7135098f55cc req-d5dac67f-d321-4346-8371-7135098f55cc ] Request (ServersAdminTestJSON:setUpClass): 200 GET http://10.180.1.21/compute/v2.1/servers/c7bfab3b-bfb1-416f-a302-9956c4fb0748 1.512s
2024-09-30 23:08:15.620 62253 INFO tempest.lib.common.rest_client [req-06da3ae7-bc74-4829-b048-f974088886d5 req-06da3ae7-bc74-4829-b048-f974088886d5 ] Request (FlavorsAdminTestJSON:tearDownClass): 200 GET http://10.180.1.21:9696/networking/v2.0/security-groups?tenant_id=c39f3bd3cbb942a6a05dfddb7db828d0&name=default 0.227s
2024-09-30 23:08:15.623 62283 INFO tempest.lib.common.rest_client [req-b645fc78-dd29-43b8-8a2b-c2a0405f7f01 req-b645fc78-dd29-43b8-8a2b-c2a0405f7f01 ] Request (DeleteServersTestJSON:test_delete_active_server): 200 GET http://10.180.1.21/compute/v2.1/servers/1915d6b8-2798-4e35-9a35-4191659c2cb6 1.475s
2024-09-30 23:08:15.631 62239 INFO tempest.lib.common.rest_client [req-760efc6e-50ee-4aa9-ab98-3194955dcfa2 req-760efc6e-50ee-4aa9-ab98-3194955dcfa2 ] Request (ServerExternalEventsTest:test_create_server_external_events): 200 GET http://10.180.1.21/compute/v2.1/servers/938dab0c-9b30-404b-bca2-a1280a252584 1.528s
2024-09-30 23:08:15.642 62279 INFO tempest.lib.common.rest_client [req-23a8c790-3f88-44b1-bd5b-827156c35944 req-23a8c790-3f88-44b1-bd5b-827156c35944 ] Request (FloatingIPsTestJSON:tearDownClass): 204 DELETE http://10.180.1.21/identity/v3/projects/9c3080d4b3d64222a08134657873d563 0.149s
2024-09-30 23:08:15.649 62269 INFO tempest.lib.common.rest_client [req-07c7e36c-7b0b-4441-bb06-5473586f052a req-07c7e36c-7b0b-4441-bb06-5473586f052a ] Request (ImagesOneServerNegativeTestJSON:setUpClass): 201 POST http://10.180.1.21:9696/networking/v2.0/routers 1.446s
2024-09-30 23:08:15.690 62225 INFO tempest.lib.common.rest_client [req-3a73e9ca-9680-46b0-8322-7d4af90f3f17 req-3a73e9ca-9680-46b0-8322-7d4af90f3f17 ] Request (MultipleCreateTestJSON:test_multiple_create): 200 GET http://10.180.1.21/compute/v2.1/servers/65ddff8e-971c-4485-b658-4611aea1176c 1.464s
2024-09-30 23:08:15.707 62279 INFO tempest.lib.common.rest_client [req-aa59044b-2f9a-462e-9576-fa387281133f req-aa59044b-2f9a-462e-9576-fa387281133f ] Request (ServerMetadataTestJSON:setUpClass): 201 POST http://10.180.1.21/identity/v3/auth/tokens 0.063s
2024-09-30 23:08:15.739 62279 INFO tempest.lib.common.rest_client [req-9c553deb-9169-4b98-a902-5e9779c9b579 req-9c553deb-9169-4b98-a902-5e9779c9b579 ] Request (ServerMetadataTestJSON:setUpClass): 201 POST http://10.180.1.21/identity/v3/auth/tokens 0.030s
2024-09-30 23:08:15.750 62247 INFO tempest.lib.common.rest_client [req-0b77a14b-c416-49d0-b6a5-6984a3541665 req-0b77a14b-c416-49d0-b6a5-6984a3541665 ] Request (ServersTestFqdnHostnames:test_create_server_with_fqdn_name): 200 GET http://10.180.1.21/compute/v2.1/servers/96bbc732-cb58-4de2-80d3-c527228adaea 0.953s
2024-09-30 23:08:15.778 62279 INFO tempest.lib.common.rest_client [req-38a4264b-4f0e-49fa-be56-d8cffac7cc7b req-38a4264b-4f0e-49fa-be56-d8cffac7cc7b ] Request (ServerMetadataTestJSON:setUpClass): 200 GET http://10.180.1.21/identity/v3/domains?name=Default 0.039s
2024-09-30 23:08:15.800 62253 INFO tempest.lib.common.rest_client [req-df8a170e-ce38-4da6-8bd9-851e354da646 req-df8a170e-ce38-4da6-8bd9-851e354da646 ] Request (FlavorsAdminTestJSON:tearDownClass): 204 DELETE http://10.180.1.21:9696/networking/v2.0/security-groups/84df834f-05da-485d-93b7-15f4439f6324 0.179s
2024-09-30 23:08:15.807 62279 INFO tempest.lib.common.rest_client [req-8423e8c2-a2f2-404c-bc18-6ec5b125f8b2 req-8423e8c2-a2f2-404c-bc18-6ec5b125f8b2 ] Request (ServerMetadataTestJSON:setUpClass): 201 POST http://10.180.1.21/identity/v3/projects 0.029s
2024-09-30 23:08:15.828 62227 INFO tempest.lib.common.rest_client [req-8a7bdef8-2938-4eef-a51b-869667b03688 req-8a7bdef8-2938-4eef-a51b-869667b03688 ] Request (SecurityGroupRulesTestJSON:tearDownClass): 202 DELETE http://10.180.1.21/compute/v2.1/os-security-groups/273a06a1-7ad9-45db-a059-b0f47f6f7f54 1.633s
2024-09-30 23:08:15.877 62279 INFO tempest.lib.common.rest_client [req-cd2c5150-0394-41a4-95c2-6112bdf13c86 req-cd2c5150-0394-41a4-95c2-6112bdf13c86 ] Request (ServerMetadataTestJSON:setUpClass): 201 POST http://10.180.1.21/identity/v3/users 0.069s
2024-09-30 23:08:15.898 62241 INFO tempest.lib.common.rest_client [req-9cde7290-a962-4dda-a8ea-8617eb953105 req-9cde7290-a962-4dda-a8ea-8617eb953105 ] Request (MigrationsAdminTest:test_list_migrations_in_flavor_resize_situation): 200 GET http://10.180.1.21/compute/v2.1/servers/3182ca24-c989-4c29-8e47-d913d0607240 1.022s
2024-09-30 23:08:15.902 62279 INFO tempest.lib.common.rest_client [req-34754251-7ff7-46b2-8b51-1a3bfcd9925c req-34754251-7ff7-46b2-8b51-1a3bfcd9925c ] Request (ServerMetadataTestJSON:setUpClass): 200 GET http://10.180.1.21/identity/v3/roles 0.024s
2024-09-30 23:08:15.924 62253 INFO tempest.lib.common.rest_client [req-3978291d-a731-493e-bb70-ad50f32b9712 req-3978291d-a731-493e-bb70-ad50f32b9712 ] Request (FlavorsAdminTestJSON:tearDownClass): 204 DELETE http://10.180.1.21/identity/v3/projects/c39f3bd3cbb942a6a05dfddb7db828d0 0.124s
2024-09-30 23:08:15.969 62279 INFO tempest.lib.common.rest_client [req-81166ced-6a02-4eab-90bf-6e9e261eac55 req-81166ced-6a02-4eab-90bf-6e9e261eac55 ] Request (ServerMetadataTestJSON:setUpClass): 204 PUT http://10.180.1.21/identity/v3/projects/c062bbfea30a42bbb2dbec5a84358d95/users/f8261038f3a446e688eac1804d4975fe/roles/552ec15d7e20472882afc5f8ac9a5f15 0.066s
2024-09-30 23:08:15.969 62279 INFO tempest.lib.common.dynamic_creds [-] Dynamic test user f8261038f3a446e688eac1804d4975fe is created with scope project and roles: ['member']
2024-09-30 23:08:15.969 62279 INFO tempest.lib.common.dynamic_creds [-] Acquired dynamic creds: credentials: Credentials: {'domain_id': 'default', 'domain_name': 'Default', 'username': 'tempest-ServerMetadataTestJSON-2039050955-project-member', 'project_domain_id': 'default', 'project_domain_name': 'Default', 'project_id': 'c062bbfea30a42bbb2dbec5a84358d95', 'project_name': 'tempest-ServerMetadataTestJSON-2039050955', 'tenant_id': 'c062bbfea30a42bbb2dbec5a84358d95', 'tenant_name': 'tempest-ServerMetadataTestJSON-2039050955', 'user_domain_id': 'default', 'user_domain_name': 'Default', 'user_id': 'f8261038f3a446e688eac1804d4975fe', 'system': None}, Network: None, Subnet: None, Router: None
2024-09-30 23:08:15.985 62267 INFO tempest.lib.common.rest_client [req-7e92f2d6-4904-4d2d-9e3c-3ec22e42d8b5 req-7e92f2d6-4904-4d2d-9e3c-3ec22e42d8b5 ] Request (InstanceActionsTestJSON:setUpClass): 200 GET http://10.180.1.21/compute/v2.1/servers/7a94f776-579d-41e8-94aa-6095b3fd69c6 1.054s
2024-09-30 23:08:16.006 62253 INFO tempest.lib.common.rest_client [req-06330246-3481-4893-8c66-a2347d5565cf req-06330246-3481-4893-8c66-a2347d5565cf ] Request (QuotasAdminTestV236:setUpClass): 201 POST http://10.180.1.21/identity/v3/auth/tokens 0.080s
2024-09-30 23:08:16.027 62279 INFO tempest.lib.common.rest_client [req-e224cc33-2a9f-45f8-b475-7b30089af779 req-e224cc33-2a9f-45f8-b475-7b30089af779 ] Request (ServerMetadataTestJSON:setUpClass): 201 POST http://10.180.1.21/identity/v3/auth/tokens 0.057s
