2024-09-30 23:08:28.381 62243 INFO tempest.lib.common.rest_client [req-b61f355e-6905-462f-a2dc-11786672cc59 req-b61f355e-6905-462f-a2dc-11786672cc59 ] Request (ServerActionsTestOtherB:setUpClass): 200 GET http://10.180.1.21/compute/v2.1/servers/bac5a3bc-5a58-4c1d-abb8-1aaf6151358a 0.089s
2024-09-30 23:08:28.440 62279 INFO tempest.lib.common.rest_client [req-feb48dc6-12d5-4f4b-a72d-a3accb9239b8 req-feb48dc6-12d5-4f4b-a72d-a3accb9239b8 ] Request (ServerMetadataTestJSON:setUpClass): 200 GET http://10.180.1.21/compute/v2.1/servers/0b4b3bdb-7393-47ab-abc1-44c47496cb3a 0.087s
2024-09-30 23:08:28.452 62231 INFO tempest.lib.common.rest_client [req-10506b01-652a-4e4b-a8f9-c0062e39873a req-10506b01-652a-4e4b-a8f9-c0062e39873a ] Request (ServerDiskConfigTestJSON:test_rebuild_server_with_manual_disk_config): 200 GET http://10.180.1.21/compute/v2.1/servers/40fefd68-3d6f-4451-997f-e8fa49847dea 0.092s
2024-09-30 23:08:28.490 62269 INFO tempest.lib.common.rest_client [req-0c0cccc3-ae4b-42d5-9c8f-377583ba76de req-0c0cccc3-ae4b-42d5-9c8f-377583ba76de ] Request (ImagesOneServerNegativeTestJSON:setUpClass): 200 GET http://10.180.1.21/compute/v2.1/servers/ea6c2120-a69a-42c7-bc92-3e74539c008d 0.074s
2024-09-30 23:08:28.508 62245 INFO tempest.lib.common.rest_client [req-46383661-9174-4847-89a4-49c63cbbf0ff req-46383661-9174-4847-89a4-49c63cbbf0ff ] Request (VolumesAdminNegativeTest:test_update_attached_volume_with_nonexistent_volume_in_body): 200 GET http://10.180.1.21/compute/v2.1/servers/c8e5d6c1-44a0-465f-a0dd-03e519f3d5ec 0.088s
2024-09-30 23:08:28.513 62277 INFO tempest.lib.common.rest_client [req-7341ab76-bd62-4de3-9b11-fa12c1013b19 req-7341ab76-bd62-4de3-9b11-fa12c1013b19 ] Request (ServerAddressesTestJSON:setUpClass): 201 POST http://10.180.1.21:9696/networking/v2.0/networks 0.294s
2024-09-30 23:08:28.548 62253 INFO tempest.lib.common.rest_client [req-9d72c920-6b98-476e-82aa-1ae959fdcf32 req-9d72c920-6b98-476e-82aa-1ae959fdcf32 ] Request (FloatingIPsAssociationNegativeTestJSON:setUpClass): 200 GET http://10.180.1.21/compute/v2.1/servers/8ff4ebb9-57ea-49d2-8d3c-5876da61e77b 0.091s
2024-09-30 23:08:28.555 62285 INFO tempest.lib.common.rest_client [req-cec0a13a-d0f3-4333-ad17-efebaa261508 req-cec0a13a-d0f3-4333-ad17-efebaa261508 ] Request (ServerPasswordTestJSON:setUpClass): 200 GET http://10.180.1.21/compute/v2.1/servers/ab2edc70-b4c6-4db3-b0d6-53148764efdd 0.086s
2024-09-30 23:08:28.602 62273 INFO tempest.lib.common.rest_client [req-9d439ff1-ce0b-46ec-9492-e8cf762548e3 req-9d439ff1-ce0b-46ec-9492-e8cf762548e3 ] Request (ServersAdminTestJSON:setUpClass): 200 GET http://10.180.1.21/compute/v2.1/servers/c7bfab3b-bfb1-416f-a302-9956c4fb0748 0.097s
2024-09-30 23:08:28.612 62251 INFO tempest.lib.common.rest_client [req-b992e6f2-db57-4756-b016-02c28a7829ad req-b992e6f2-db57-4756-b016-02c28a7829ad ] Request (ServerDiagnosticsV248Test:test_get_server_diagnostics): 200 GET http://10.180.1.21/compute/v2.1/servers/6bf0d1f1-d079-4956-bc9a-86ba66885f3a 0.076s
2024-09-30 23:08:28.667 62235 INFO tempest.lib.common.rest_client [req-468ea0f8-a16b-494b-ac6c-e4ecff5e5c9a req-468ea0f8-a16b-494b-ac6c-e4ecff5e5c9a ] Request (ServersNegativeTestJSON:setUpClass): 200 GET http://10.180.1.21/compute/v2.1/servers/51a36102-795e-47b7-b96a-857e54dc703e 0.068s
2024-09-30 23:08:28.696 62277 INFO tempest.lib.common.rest_client [req-d3f28053-e657-46f7-aa4f-bec69f882491 req-d3f28053-e657-46f7-aa4f-bec69f882491 ] Request (ServerAddressesTestJSON:setUpClass): 201 POST http://10.180.1.21:9696/networking/v2.0/subnets 0.182s
2024-09-30 23:08:28.790 62283 INFO tempest.lib.common.rest_client [req-d4f544a5-0ba8-41f8-adda-254263257114 req-d4f544a5-0ba8-41f8-adda-254263257114 ] Request (DeleteServersTestJSON:test_delete_active_server): 200 GET http://10.180.1.21/compute/v2.1/servers/1915d6b8-2798-4e35-9a35-4191659c2cb6 0.068s
2024-09-30 23:08:28.876 62255 INFO tempest.lib.common.rest_client [req-d74b7e2f-ca54-44b5-ada8-2265c842e21a req-d74b7e2f-ca54-44b5-ada8-2265c842e21a ] Request (ServersTestMultiNic:test_verify_duplicate_network_nics): 200 GET http://10.180.1.21/compute/v2.1/servers/7a8c0f03-0bb9-4759-b8fb-97e82e7a69b7 0.215s
2024-09-30 23:08:28.938 62239 INFO tempest.lib.common.rest_client [req-e65dbe6c-bc52-43ca-8e58-a190135ab885 req-e65dbe6c-bc52-43ca-8e58-a190135ab885 ] Request (ServerExternalEventsTest:test_create_server_external_events): 200 GET http://10.180.1.21/compute/v2.1/servers/938dab0c-9b30-404b-bca2-a1280a252584 0.208s
2024-09-30 23:08:28.944 62247 INFO tempest.lib.common.rest_client [req-0c275c60-c567-4514-a70f-245ee1558970 req-0c275c60-c567-4514-a70f-245ee1558970 ] Request (ServersTestFqdnHostnames:test_create_server_with_fqdn_name): 200 GET http://10.180.1.21/compute/v2.1/servers/96bbc732-cb58-4de2-80d3-c527228adaea 0.151s
2024-09-30 23:08:28.947 62239 INFO tempest.common.waiters [-] State transition "BUILD/block_device_mapping" ==> "BUILD/spawning" after 52 second wait
2024-09-30 23:08:28.987 62249 INFO tempest.lib.common.rest_client [req-51c4be2d-fe3d-45ec-8ce8-9ab08e64ac9b req-51c4be2d-fe3d-45ec-8ce8-9ab08e64ac9b ] Request (ImagesTestJSON:test_create_image_from_suspended_server): 200 GET http://10.180.1.21/compute/v2.1/servers/02fe490b-75c8-406b-98e0-aa200f249673 0.132s
2024-09-30 23:08:28.999 62225 INFO tempest.lib.common.rest_client [req-b42f67fe-58b5-465d-85f0-9c57415e4cf2 req-b42f67fe-58b5-465d-85f0-9c57415e4cf2 ] Request (MultipleCreateTestJSON:test_multiple_create): 200 GET http://10.180.1.21/compute/v2.1/servers/65ddff8e-971c-4485-b658-4611aea1176c 0.184s
2024-09-30 23:08:29.046 62267 INFO tempest.lib.common.rest_client [req-3984e331-8ba7-4b8c-998f-1064541a3618 req-3984e331-8ba7-4b8c-998f-1064541a3618 ] Request (InstanceActionsTestJSON:setUpClass): 200 GET http://10.180.1.21/compute/v2.1/servers/7a94f776-579d-41e8-94aa-6095b3fd69c6 0.142s
2024-09-30 23:08:29.056 62227 INFO tempest.lib.common.rest_client [req-4cd65388-ca6e-4452-b4d4-73151f8b30ea req-4cd65388-ca6e-4452-b4d4-73151f8b30ea ] Request (ServerGroupTestJSON:test_create_server_with_scheduler_hint_group): 200 GET http://10.180.1.21/compute/v2.1/servers/49e0d752-6f88-45c4-bd6a-d9fe4f526a2f 0.102s
2024-09-30 23:08:29.102 62271 INFO tempest.lib.common.rest_client [req-35337305-2073-4320-9cdc-041e1a5441c3 req-35337305-2073-4320-9cdc-041e1a5441c3 ] Request (ImagesOneServerTestJSON:setUpClass): 200 GET http://10.180.1.21/compute/v2.1/servers/630e0959-6d7f-401d-b84c-1c098f54bf60 0.107s
2024-09-30 23:08:29.109 62241 INFO tempest.lib.common.rest_client [req-65258e10-00a4-4f2c-84c8-1895ec2ff512 req-65258e10-00a4-4f2c-84c8-1895ec2ff512 ] Request (MigrationsAdminTest:test_list_migrations_in_flavor_resize_situation): 200 GET http://10.180.1.21/compute/v2.1/servers/3182ca24-c989-4c29-8e47-d913d0607240 0.116s
2024-09-30 23:08:29.147 62223 INFO tempest.lib.common.rest_client [req-440a51ff-c617-474a-85ec-d594c71a63fb req-440a51ff-c617-474a-85ec-d594c71a63fb ] Request (ServerDiagnosticsTest:test_get_server_diagnostics): 200 GET http://10.180.1.21/compute/v2.1/servers/fa943137-caf1-4b41-b644-c9146f72f956 0.100s
2024-09-30 23:08:29.159 62265 INFO tempest.lib.common.rest_client [req-5631ee47-cce1-482c-ad8c-416dc9a4012d req-5631ee47-cce1-482c-ad8c-416dc9a4012d ] Request (TenantUsagesTestJSON:setUpClass): 200 GET http://10.180.1.21/compute/v2.1/servers/6c0bc598-eae5-4e5b-a3b2-b4bb90bc8d59 0.098s
2024-09-30 23:08:29.193 62261 INFO tempest.lib.common.rest_client [req-a26e046a-2b5d-45e6-9865-546c4b72bff2 req-a26e046a-2b5d-45e6-9865-546c4b72bff2 ] Request (ServersAaction247Test:test_create_backup): 200 GET http://10.180.1.21/compute/v2.1/servers/e6c56d86-e428-49fb-9944-293ad5e5948c 0.054s
2024-09-30 23:08:29.265 62275 INFO tempest.lib.common.rest_client [req-341e5e77-aed4-42ff-b6c8-64dca79ad4f9 req-341e5e77-aed4-42ff-b6c8-64dca79ad4f9 ] Request (DeleteServersAdminTestJSON:test_delete_server_while_in_error_state): 200 GET http://10.180.1.21/compute/v2.1/servers/967bc997-543f-4b35-968b-c530b82d9db0 0.050s
2024-09-30 23:08:29.295 62229 INFO tempest.lib.common.rest_client [req-40685745-cc1d-4ccc-a810-495daa9fb48e req-40685745-cc1d-4ccc-a810-495daa9fb48e ] Request (VolumesAssistedSnapshotsTest:test_volume_assisted_snapshot_create_delete): 200 GET http://10.180.1.21/compute/v2.1/servers/7961bd0d-de24-4e13-94a3-79c48c593813 0.047s
2024-09-30 23:08:29.349 62233 INFO tempest.lib.common.rest_client [req-62243184-8730-446c-8a6b-d5485196bd9f req-62243184-8730-446c-8a6b-d5485196bd9f ] Request (ServersTestManualDisk:setUpClass): 200 GET http://10.180.1.21/compute/v2.1/servers/466a5f5a-f48a-4921-8bcb-44a1840c8141 0.055s
2024-09-30 23:08:29.371 62237 INFO tempest.lib.common.rest_client [req-86bb635f-96a3-4d8c-a6d8-bc92ea39b11c req-86bb635f-96a3-4d8c-a6d8-bc92ea39b11c ] Request (ListImageFiltersTestJSON:setUpClass): 200 GET http://10.180.1.21/compute/v2.1/servers/89a97f81-bcd9-49e5-bbd3-9140f6638a20 0.048s
2024-09-30 23:08:29.424 62281 INFO tempest.lib.common.rest_client [req-2ddf981e-907d-412a-a637-e76f760aaf50 req-2ddf981e-907d-412a-a637-e76f760aaf50 ] Request (ServerAddressesNegativeTestJSON:setUpClass): 200 GET http://10.180.1.21/compute/v2.1/servers/388b62aa-6647-4aca-acb2-8d7d7d424c8c 0.057s
2024-09-30 23:08:29.443 62243 INFO tempest.lib.common.rest_client [req-d241c993-7e47-40d2-bcee-30751f569c5e req-d241c993-7e47-40d2-bcee-30751f569c5e ] Request (ServerActionsTestOtherB:setUpClass): 200 GET http://10.180.1.21/compute/v2.1/servers/bac5a3bc-5a58-4c1d-abb8-1aaf6151358a 0.052s
2024-09-30 23:08:29.508 62279 INFO tempest.lib.common.rest_client [req-92e9f277-a3bb-4daf-91ba-5f28c3a2d9e8 req-92e9f277-a3bb-4daf-91ba-5f28c3a2d9e8 ] Request (ServerMetadataTestJSON:setUpClass): 200 GET http://10.180.1.21/compute/v2.1/servers/0b4b3bdb-7393-47ab-abc1-44c47496cb3a 0.057s
2024-09-30 23:08:29.509 62231 INFO tempest.lib.common.rest_client [req-5fe0e33a-d666-42e3-907f-29bb10bf503d req-5fe0e33a-d666-42e3-907f-29bb10bf503d ] Request (ServerDiskConfigTestJSON:test_rebuild_server_with_manual_disk_config): 200 GET http://10.180.1.21/compute/v2.1/servers/40fefd68-3d6f-4451-997f-e8fa49847dea 0.048s
2024-09-30 23:08:29.538 62277 INFO tempest.lib.common.rest_client [req-8515a30f-1a2f-4473-955c-e1ec9ebd70ca req-8515a30f-1a2f-4473-955c-e1ec9ebd70ca ] Request (ServerAddressesTestJSON:setUpClass): 201 POST http://10.180.1.21:9696/networking/v2.0/routers 0.842s
2024-09-30 23:08:29.554 62269 INFO tempest.lib.common.rest_client [req-7e3a365f-4e8e-44eb-9304-386e5cf62891 req-7e3a365f-4e8e-44eb-9304-386e5cf62891 ] Request (ImagesOneServerNegativeTestJSON:setUpClass): 200 GET http://10.180.1.21/compute/v2.1/servers/ea6c2120-a69a-42c7-bc92-3e74539c008d 0.057s
2024-09-30 23:08:29.577 62245 INFO tempest.lib.common.rest_client [req-850fb23e-8dc6-4b41-ac0a-86cd01a62f7b req-850fb23e-8dc6-4b41-ac0a-86cd01a62f7b ] Request (VolumesAdminNegativeTest:test_update_attached_volume_with_nonexistent_volume_in_body): 200 GET http://10.180.1.21/compute/v2.1/servers/c8e5d6c1-44a0-465f-a0dd-03e519f3d5ec 0.059s
2024-09-30 23:08:29.603 62253 INFO tempest.lib.common.rest_client [req-c6fb2323-d543-460b-9238-2fd1e8101483 req-c6fb2323-d543-460b-9238-2fd1e8101483 ] Request (FloatingIPsAssociationNegativeTestJSON:setUpClass): 200 GET http://10.180.1.21/compute/v2.1/servers/8ff4ebb9-57ea-49d2-8d3c-5876da61e77b 0.045s
2024-09-30 23:08:29.634 62285 INFO tempest.lib.common.rest_client [req-c333a8ca-693b-4d04-a47e-d351eedc3fb4 req-c333a8ca-693b-4d04-a47e-d351eedc3fb4 ] Request (ServerPasswordTestJSON:setUpClass): 200 GET http://10.180.1.21/compute/v2.1/servers/ab2edc70-b4c6-4db3-b0d6-53148764efdd 0.069s
2024-09-30 23:08:29.670 62273 INFO tempest.lib.common.rest_client [req-d75b3791-fff4-4e88-84cb-f16758fe06e5 req-d75b3791-fff4-4e88-84cb-f16758fe06e5 ] Request (ServersAdminTestJSON:setUpClass): 200 GET http://10.180.1.21/compute/v2.1/servers/c7bfab3b-bfb1-416f-a302-9956c4fb0748 0.055s
2024-09-30 23:08:29.700 62251 INFO tempest.lib.common.rest_client [req-c91c65ec-40cd-4a1e-b6f4-7023b5f9a969 req-c91c65ec-40cd-4a1e-b6f4-7023b5f9a969 ] Request (ServerDiagnosticsV248Test:test_get_server_diagnostics): 200 GET http://10.180.1.21/compute/v2.1/servers/6bf0d1f1-d079-4956-bc9a-86ba66885f3a 0.077s
2024-09-30 23:08:29.708 62251 INFO tempest.common.waiters [-] State transition "BUILD/None" ==> "BUILD/networking" after 52 second wait
2024-09-30 23:08:29.721 62235 INFO tempest.lib.common.rest_client [req-b7c62ee6-9b95-44b2-b7cc-44b1615965a7 req-b7c62ee6-9b95-44b2-b7cc-44b1615965a7 ] Request (ServersNegativeTestJSON:setUpClass): 200 GET http://10.180.1.21/compute/v2.1/servers/51a36102-795e-47b7-b96a-857e54dc703e 0.048s
2024-09-30 23:08:29.855 62283 INFO tempest.lib.common.rest_client [req-416c008e-0797-4878-ac88-d5e3e071d4ae req-416c008e-0797-4878-ac88-d5e3e071d4ae ] Request (DeleteServersTestJSON:test_delete_active_server): 200 GET http://10.180.1.21/compute/v2.1/servers/1915d6b8-2798-4e35-9a35-4191659c2cb6 0.058s
2024-09-30 23:08:29.940 62255 INFO tempest.lib.common.rest_client [req-a30c23b6-365e-45ce-9c92-07cf1d31fe58 req-a30c23b6-365e-45ce-9c92-07cf1d31fe58 ] Request (ServersTestMultiNic:test_verify_duplicate_network_nics): 200 GET http://10.180.1.21/compute/v2.1/servers/7a8c0f03-0bb9-4759-b8fb-97e82e7a69b7 0.056s
2024-09-30 23:08:30.018 62247 INFO tempest.lib.common.rest_client [req-6a779892-041f-4620-969c-3f72ecdf005e req-6a779892-041f-4620-969c-3f72ecdf005e ] Request (ServersTestFqdnHostnames:test_create_server_with_fqdn_name): 200 GET http://10.180.1.21/compute/v2.1/servers/96bbc732-cb58-4de2-80d3-c527228adaea 0.066s
2024-09-30 23:08:30.021 62239 INFO tempest.lib.common.rest_client [req-61d02403-81ef-4632-b7fd-9826d79d36fb req-61d02403-81ef-4632-b7fd-9826d79d36fb ] Request (ServerExternalEventsTest:test_create_server_external_events): 200 GET http://10.180.1.21/compute/v2.1/servers/938dab0c-9b30-404b-bca2-a1280a252584 0.073s
2024-09-30 23:08:30.074 62225 INFO tempest.lib.common.rest_client [req-9241489d-8f25-403b-abda-73031ca38921 req-9241489d-8f25-403b-abda-73031ca38921 ] Request (MultipleCreateTestJSON:test_multiple_create): 200 GET http://10.180.1.21/compute/v2.1/servers/65ddff8e-971c-4485-b658-4611aea1176c 0.062s
2024-09-30 23:08:30.077 62249 INFO tempest.lib.common.rest_client [req-7b8fe4e9-a9aa-43bc-ae2f-0e273cf4614e req-7b8fe4e9-a9aa-43bc-ae2f-0e273cf4614e ] Request (ImagesTestJSON:test_create_image_from_suspended_server): 200 GET http://10.180.1.21/compute/v2.1/servers/02fe490b-75c8-406b-98e0-aa200f249673 0.079s
2024-09-30 23:08:30.134 62227 INFO tempest.lib.common.rest_client [req-65a139fa-7017-4b71-94d5-307f9f410f6d req-65a139fa-7017-4b71-94d5-307f9f410f6d ] Request (ServerGroupTestJSON:test_create_server_with_scheduler_hint_group): 200 GET http://10.180.1.21/compute/v2.1/servers/49e0d752-6f88-45c4-bd6a-d9fe4f526a2f 0.071s
2024-09-30 23:08:30.139 62267 INFO tempest.lib.common.rest_client [req-8758a4bd-1b9f-4f9f-89b8-6e157adc06c7 req-8758a4bd-1b9f-4f9f-89b8-6e157adc06c7 ] Request (InstanceActionsTestJSON:setUpClass): 200 GET http://10.180.1.21/compute/v2.1/servers/7a94f776-579d-41e8-94aa-6095b3fd69c6 0.084s
2024-09-30 23:08:30.188 62271 INFO tempest.lib.common.rest_client [req-3b2c4938-ccb2-43c8-9f71-514f53412521 req-3b2c4938-ccb2-43c8-9f71-514f53412521 ] Request (ImagesOneServerTestJSON:setUpClass): 200 GET http://10.180.1.21/compute/v2.1/servers/630e0959-6d7f-401d-b84c-1c098f54bf60 0.077s
2024-09-30 23:08:30.211 62241 INFO tempest.lib.common.rest_client [req-fa9992ed-4507-4f04-97af-357ceed63016 req-fa9992ed-4507-4f04-97af-357ceed63016 ] Request (MigrationsAdminTest:test_list_migrations_in_flavor_resize_situation): 200 GET http://10.180.1.21/compute/v2.1/servers/3182ca24-c989-4c29-8e47-d913d0607240 0.095s
2024-09-30 23:08:30.248 62223 INFO tempest.lib.common.rest_client [req-98516327-9c2d-4dbc-a659-aa07e9aed9ae req-98516327-9c2d-4dbc-a659-aa07e9aed9ae ] Request (ServerDiagnosticsTest:test_get_server_diagnostics): 200 GET http://10.180.1.21/compute/v2.1/servers/fa943137-caf1-4b41-b644-c9146f72f956 0.094s
2024-09-30 23:08:30.270 62265 INFO tempest.lib.common.rest_client [req-598fa804-8de3-4412-adf7-3498f5fe1fd4 req-598fa804-8de3-4412-adf7-3498f5fe1fd4 ] Request (TenantUsagesTestJSON:setUpClass): 200 GET http://10.180.1.21/compute/v2.1/servers/6c0bc598-eae5-4e5b-a3b2-b4bb90bc8d59 0.104s
2024-09-30 23:08:30.312 62261 INFO tempest.lib.common.rest_client [req-8619b065-bf97-4565-8eb6-82069d21f451 req-8619b065-bf97-4565-8eb6-82069d21f451 ] Request (ServersAaction247Test:test_create_backup): 200 GET http://10.180.1.21/compute/v2.1/servers/e6c56d86-e428-49fb-9944-293ad5e5948c 0.106s
2024-09-30 23:08:30.336 62275 INFO tempest.lib.common.rest_client [req-ae4c2855-8b2a-46ad-8a05-e67e84060511 req-ae4c2855-8b2a-46ad-8a05-e67e84060511 ] Request (DeleteServersAdminTestJSON:test_delete_server_while_in_error_state): 200 GET http://10.180.1.21/compute/v2.1/servers/967bc997-543f-4b35-968b-c530b82d9db0 0.063s
2024-09-30 23:08:30.375 62229 INFO tempest.lib.common.rest_client [req-7673a796-1249-461d-8a13-f3daa4b720ef req-7673a796-1249-461d-8a13-f3daa4b720ef ] Request (VolumesAssistedSnapshotsTest:test_volume_assisted_snapshot_create_delete): 200 GET http://10.180.1.21/compute/v2.1/servers/7961bd0d-de24-4e13-94a3-79c48c593813 0.068s
2024-09-30 23:08:30.413 62233 INFO tempest.lib.common.rest_client [req-83aedc7b-624f-4f59-a227-89a6f9167213 req-83aedc7b-624f-4f59-a227-89a6f9167213 ] Request (ServersTestManualDisk:setUpClass): 200 GET http://10.180.1.21/compute/v2.1/servers/466a5f5a-f48a-4921-8bcb-44a1840c8141 0.057s
2024-09-30 23:08:30.430 62237 INFO tempest.lib.common.rest_client [req-2bb25903-587c-454d-a8dc-31ee5659909d req-2bb25903-587c-454d-a8dc-31ee5659909d ] Request (ListImageFiltersTestJSON:setUpClass): 200 GET http://10.180.1.21/compute/v2.1/servers/89a97f81-bcd9-49e5-bbd3-9140f6638a20 0.052s
2024-09-30 23:08:30.461 62277 INFO tempest.lib.common.rest_client [req-1fb79d1e-128b-4ec9-a620-a44c31684f51 req-1fb79d1e-128b-4ec9-a620-a44c31684f51 ] Request (ServerAddressesTestJSON:setUpClass): 200 PUT http://10.180.1.21:9696/networking/v2.0/routers/f030edd5-1805-4adf-9e02-36fa80a39d55/add_router_interface 0.922s
2024-09-30 23:08:30.461 62277 INFO tempest.lib.common.dynamic_creds [-] Created isolated network resources for: credentials: Credentials: {'domain_id': 'default', 'domain_name': 'Default', 'username': 'tempest-ServerAddressesTestJSON-1923041393-project-member', 'project_domain_id': 'default', 'project_domain_name': 'Default', 'project_id': '8c3057c923f84bc1a2b00e9526736e1d', 'project_name': 'tempest-ServerAddressesTestJSON-1923041393', 'tenant_id': '8c3057c923f84bc1a2b00e9526736e1d', 'tenant_name': 'tempest-ServerAddressesTestJSON-1923041393', 'user_domain_id': 'default', 'user_domain_name': 'Default', 'user_id': 'd12c31d96c9846b496606690b4f55ff7', 'system': None}, Network: {'id': '6a94bfbb-d0bc-4a6c-9761-901890b34483', 'name': 'tempest-ServerAddressesTestJSON-1620466850-network', 'tenant_id': '8c3057c923f84bc1a2b00e9526736e1d', 'admin_state_up': True, 'mtu': 8950, 'status': 'ACTIVE', 'subnets': [], 'shared': False, 'project_id': '8c3057c923f84bc1a2b00e9526736e1d', 'port_security_enabled': True, 'router:external': False, 'provider:network_type': 'vlan', 'provider:physical_network': 'default', 'provider:segmentation_id': 94, 'is_default': False, 'availability_zone_hints': [], 'availability_zones': [], 'ipv4_address_scope': None, 'ipv6_address_scope': None, 'description': '', 'tags': [], 'created_at': '2024-09-30T23:08:28Z', 'updated_at': '2024-09-30T23:08:28Z', 'revision_number': 1}, Subnet: {'id': 'd17e1830-3f7e-448b-a0c8-d4ccefc00fa3', 'name': 'tempest-ServerAddressesTestJSON-1620466850-subnet', 'tenant_id': '8c3057c923f84bc1a2b00e9526736e1d', 'network_id': '6a94bfbb-d0bc-4a6c-9761-901890b34483', 'ip_version': 4, 'subnetpool_id': None, 'enable_dhcp': True, 'ipv6_ra_mode': None, 'ipv6_address_mode': None, 'gateway_ip': '192.168.128.1', 'cidr': '192.168.128.0/28', 'allocation_pools': [{'start': '192.168.128.2', 'end': '192.168.128.14'}], 'host_routes': [], 'dns_nameservers': [], 'description': '', 'router:external': False, 'service_types': [], 'tags': [], 'created_at': '2024-09-30T23:08:28Z', 'updated_at': '2024-09-30T23:08:28Z', 'revision_number': 0, 'project_id': '8c3057c923f84bc1a2b00e9526736e1d'}, Router: {'id': 'f030edd5-1805-4adf-9e02-36fa80a39d55', 'name': 'tempest-ServerAddressesTestJSON-1620466850-router', 'tenant_id': '8c3057c923f84bc1a2b00e9526736e1d', 'admin_state_up': True, 'status': 'ACTIVE', 'external_gateway_info': {'network_id': '3db006cf-99d3-49ea-9c24-e6990962716a', 'external_fixed_ips': [{'subnet_id': '51fbcc78-70f4-4514-a8da-734842112f5b', 'ip_address': '10.180.180.188'}], 'enable_snat': True}, 'description': '', 'availability_zones': [], 'distributed': False, 'ha': False, 'availability_zone_hints': [], 'routes': [], 'flavor_id': None, 'tags': [], 'created_at': '2024-09-30T23:08:28Z', 'updated_at': '2024-09-30T23:08:29Z', 'revision_number': 2, 'project_id': '8c3057c923f84bc1a2b00e9526736e1d'}
2024-09-30 23:08:30.493 62281 INFO tempest.lib.common.rest_client [req-01ef96e7-e746-412b-82d8-400de847d25c req-01ef96e7-e746-412b-82d8-400de847d25c ] Request (ServerAddressesNegativeTestJSON:setUpClass): 200 GET http://10.180.1.21/compute/v2.1/servers/388b62aa-6647-4aca-acb2-8d7d7d424c8c 0.057s
2024-09-30 23:08:30.500 62243 INFO tempest.lib.common.rest_client [req-48d619bf-32e8-4246-8f36-f49c11a3f236 req-48d619bf-32e8-4246-8f36-f49c11a3f236 ] Request (ServerActionsTestOtherB:setUpClass): 200 GET http://10.180.1.21/compute/v2.1/servers/bac5a3bc-5a58-4c1d-abb8-1aaf6151358a 0.050s
2024-09-30 23:08:30.547 62277 INFO tempest.lib.common.rest_client [req-d839c3a0-fa28-40bd-a712-ba387f6d529a req-d839c3a0-fa28-40bd-a712-ba387f6d529a ] Request (ServerAddressesTestJSON:setUpClass): 201 POST http://10.180.1.21/identity/v3/auth/tokens 0.082s
2024-09-30 23:08:30.569 62231 INFO tempest.lib.common.rest_client [req-cfa9dd87-b23a-46c7-a6ea-b86321dd3be2 req-cfa9dd87-b23a-46c7-a6ea-b86321dd3be2 ] Request (ServerDiskConfigTestJSON:test_rebuild_server_with_manual_disk_config): 200 GET http://10.180.1.21/compute/v2.1/servers/40fefd68-3d6f-4451-997f-e8fa49847dea 0.052s
2024-09-30 23:08:30.577 62279 INFO tempest.lib.common.rest_client [req-e15fd5d1-b242-49f6-a689-5b45a62aa23b req-e15fd5d1-b242-49f6-a689-5b45a62aa23b ] Request (ServerMetadataTestJSON:setUpClass): 200 GET http://10.180.1.21/compute/v2.1/servers/0b4b3bdb-7393-47ab-abc1-44c47496cb3a 0.061s
2024-09-30 23:08:30.580 62277 INFO tempest.lib.common.rest_client [req-54d7416b-7a3c-4726-9e95-379ee1a41c1c req-54d7416b-7a3c-4726-9e95-379ee1a41c1c ] Request (ServerAddressesTestJSON:setUpClass): 201 POST http://10.180.1.21/identity/v3/auth/tokens 0.028s
2024-09-30 23:08:30.580 62277 INFO tempest.lib.common.fixed_network [-] (ServerAddressesTestJSON:setUpClass) Found network {'id': '6a94bfbb-d0bc-4a6c-9761-901890b34483', 'name': 'tempest-ServerAddressesTestJSON-1620466850-network', 'tenant_id': '8c3057c923f84bc1a2b00e9526736e1d', 'admin_state_up': True, 'mtu': 8950, 'status': 'ACTIVE', 'subnets': [], 'shared': False, 'project_id': '8c3057c923f84bc1a2b00e9526736e1d', 'port_security_enabled': True, 'router:external': False, 'provider:network_type': 'vlan', 'provider:physical_network': 'default', 'provider:segmentation_id': 94, 'is_default': False, 'availability_zone_hints': [], 'availability_zones': [], 'ipv4_address_scope': None, 'ipv6_address_scope': None, 'description': '', 'tags': [], 'created_at': '2024-09-30T23:08:28Z', 'updated_at': '2024-09-30T23:08:28Z', 'revision_number': 1} available for tenant
2024-09-30 23:08:30.617 62269 INFO tempest.lib.common.rest_client [req-29b76f8b-9fdf-46fd-8e43-68802f9d2fdd req-29b76f8b-9fdf-46fd-8e43-68802f9d2fdd ] Request (ImagesOneServerNegativeTestJSON:setUpClass): 200 GET http://10.180.1.21/compute/v2.1/servers/ea6c2120-a69a-42c7-bc92-3e74539c008d 0.056s
2024-09-30 23:08:30.677 62245 INFO tempest.lib.common.rest_client [req-121115c4-6d7d-4ed3-b9f0-8a052d67b5d0 req-121115c4-6d7d-4ed3-b9f0-8a052d67b5d0 ] Request (VolumesAdminNegativeTest:test_update_attached_volume_with_nonexistent_volume_in_body): 200 GET http://10.180.1.21/compute/v2.1/servers/c8e5d6c1-44a0-465f-a0dd-03e519f3d5ec 0.094s
2024-09-30 23:08:30.742 62253 INFO tempest.lib.common.rest_client [req-2a27969c-df89-448f-9f0b-8b1d24f1dc01 req-2a27969c-df89-448f-9f0b-8b1d24f1dc01 ] Request (FloatingIPsAssociationNegativeTestJSON:setUpClass): 200 GET http://10.180.1.21/compute/v2.1/servers/8ff4ebb9-57ea-49d2-8d3c-5876da61e77b 0.131s
2024-09-30 23:08:30.798 62285 INFO tempest.lib.common.rest_client [req-d851aaa2-b16e-46a7-a9bf-db43d3d85f0a req-d851aaa2-b16e-46a7-a9bf-db43d3d85f0a ] Request (ServerPasswordTestJSON:setUpClass): 200 GET http://10.180.1.21/compute/v2.1/servers/ab2edc70-b4c6-4db3-b0d6-53148764efdd 0.155s
2024-09-30 23:08:30.851 62273 INFO tempest.lib.common.rest_client [req-75beec3e-21e4-4cf6-91b9-5bfafdd5b030 req-75beec3e-21e4-4cf6-91b9-5bfafdd5b030 ] Request (ServersAdminTestJSON:setUpClass): 200 GET http://10.180.1.21/compute/v2.1/servers/c7bfab3b-bfb1-416f-a302-9956c4fb0748 0.173s
2024-09-30 23:08:30.926 62251 INFO tempest.lib.common.rest_client [req-91ff9a6c-adf5-4f30-b203-9e3c84d34f7a req-91ff9a6c-adf5-4f30-b203-9e3c84d34f7a ] Request (ServerDiagnosticsV248Test:test_get_server_diagnostics): 200 GET http://10.180.1.21/compute/v2.1/servers/6bf0d1f1-d079-4956-bc9a-86ba66885f3a 0.218s
2024-09-30 23:08:30.934 62251 INFO tempest.common.waiters [-] State transition "BUILD/networking" ==> "BUILD/spawning" after 53 second wait
2024-09-30 23:08:30.972 62235 INFO tempest.lib.common.rest_client [req-eab932d0-6ddb-4fa6-a9ad-3a6236ba1ece req-eab932d0-6ddb-4fa6-a9ad-3a6236ba1ece ] Request (ServersNegativeTestJSON:setUpClass): 200 GET http://10.180.1.21/compute/v2.1/servers/51a36102-795e-47b7-b96a-857e54dc703e 0.243s
2024-09-30 23:08:31.018 62283 INFO tempest.lib.common.rest_client [req-7765c802-b86e-46ce-9eab-66990aaddfb8 req-7765c802-b86e-46ce-9eab-66990aaddfb8 ] Request (DeleteServersTestJSON:test_delete_active_server): 200 GET http://10.180.1.21/compute/v2.1/servers/1915d6b8-2798-4e35-9a35-4191659c2cb6 0.155s
2024-09-30 23:08:31.057 62277 INFO tempest.lib.common.rest_client [req-e3892774-7a31-4f80-a018-9a77bb157e22 req-e3892774-7a31-4f80-a018-9a77bb157e22 ] Request (ServerAddressesTestJSON:setUpClass): 202 POST http://10.180.1.21/compute/v2.1/servers 0.476s
2024-09-30 23:08:31.074 62255 INFO tempest.lib.common.rest_client [req-1db34a28-fa32-48a3-8cd2-80c92e7b7e5a req-1db34a28-fa32-48a3-8cd2-80c92e7b7e5a ] Request (ServersTestMultiNic:test_verify_duplicate_network_nics): 200 GET http://10.180.1.21/compute/v2.1/servers/7a8c0f03-0bb9-4759-b8fb-97e82e7a69b7 0.127s
2024-09-30 23:08:31.110 62247 INFO tempest.lib.common.rest_client [req-2d0b6cfc-794a-4140-8752-caaa25cccaa0 req-2d0b6cfc-794a-4140-8752-caaa25cccaa0 ] Request (ServersTestFqdnHostnames:test_create_server_with_fqdn_name): 200 GET http://10.180.1.21/compute/v2.1/servers/96bbc732-cb58-4de2-80d3-c527228adaea 0.081s
2024-09-30 23:08:31.130 62239 INFO tempest.lib.common.rest_client [req-2c954799-1e8b-45e7-b22b-a3cad1c045da req-2c954799-1e8b-45e7-b22b-a3cad1c045da ] Request (ServerExternalEventsTest:test_create_server_external_events): 200 GET http://10.180.1.21/compute/v2.1/servers/938dab0c-9b30-404b-bca2-a1280a252584 0.097s
2024-09-30 23:08:31.152 62277 INFO tempest.lib.common.rest_client [req-d6b3c3b2-f059-4aec-a27c-81bcf3677e28 req-d6b3c3b2-f059-4aec-a27c-81bcf3677e28 ] Request (ServerAddressesTestJSON:setUpClass): 200 GET http://10.180.1.21/compute/v2.1/servers/e9f0b620-b0af-4fe2-ac5d-e3f6c8c998b1 0.093s
2024-09-30 23:08:31.188 62225 INFO tempest.lib.common.rest_client [req-289ed771-2c1b-49fd-a99e-16cbf72d35db req-289ed771-2c1b-49fd-a99e-16cbf72d35db ] Request (MultipleCreateTestJSON:test_multiple_create): 200 GET http://10.180.1.21/compute/v2.1/servers/65ddff8e-971c-4485-b658-4611aea1176c 0.105s
2024-09-30 23:08:31.218 62249 INFO tempest.lib.common.rest_client [req-54f2cae5-70f6-4c19-8f37-eb26db3e814a req-54f2cae5-70f6-4c19-8f37-eb26db3e814a ] Request (ImagesTestJSON:test_create_image_from_suspended_server): 200 GET http://10.180.1.21/compute/v2.1/servers/02fe490b-75c8-406b-98e0-aa200f249673 0.129s
2024-09-30 23:08:31.244 62227 INFO tempest.lib.common.rest_client [req-0a1508ad-97a7-42b7-b3cb-24395eefc149 req-0a1508ad-97a7-42b7-b3cb-24395eefc149 ] Request (ServerGroupTestJSON:test_create_server_with_scheduler_hint_group): 200 GET http://10.180.1.21/compute/v2.1/servers/49e0d752-6f88-45c4-bd6a-d9fe4f526a2f 0.101s
2024-09-30 23:08:31.265 62267 INFO tempest.lib.common.rest_client [req-5a0d272e-b5d7-45f0-92d1-e36fd24331a6 req-5a0d272e-b5d7-45f0-92d1-e36fd24331a6 ] Request (InstanceActionsTestJSON:setUpClass): 200 GET http://10.180.1.21/compute/v2.1/servers/7a94f776-579d-41e8-94aa-6095b3fd69c6 0.118s
2024-09-30 23:08:31.302 62271 INFO tempest.lib.common.rest_client [req-8abd5ca8-63aa-4f80-8fe9-5b08d66c246e req-8abd5ca8-63aa-4f80-8fe9-5b08d66c246e ] Request (ImagesOneServerTestJSON:setUpClass): 200 GET http://10.180.1.21/compute/v2.1/servers/630e0959-6d7f-401d-b84c-1c098f54bf60 0.103s
2024-09-30 23:08:31.320 62241 INFO tempest.lib.common.rest_client [req-b014955a-e280-40e6-a393-67391d4e5b6c req-b014955a-e280-40e6-a393-67391d4e5b6c ] Request (MigrationsAdminTest:test_list_migrations_in_flavor_resize_situation): 200 GET http://10.180.1.21/compute/v2.1/servers/3182ca24-c989-4c29-8e47-d913d0607240 0.098s
2024-09-30 23:08:31.359 62223 INFO tempest.lib.common.rest_client [req-167a7e45-e1de-46d8-b0cd-9eee8fe9e252 req-167a7e45-e1de-46d8-b0cd-9eee8fe9e252 ] Request (ServerDiagnosticsTest:test_get_server_diagnostics): 200 GET http://10.180.1.21/compute/v2.1/servers/fa943137-caf1-4b41-b644-c9146f72f956 0.103s
2024-09-30 23:08:31.371 62265 INFO tempest.lib.common.rest_client [req-2b4e547d-c600-4457-9182-cce3d52a3ee7 req-2b4e547d-c600-4457-9182-cce3d52a3ee7 ] Request (TenantUsagesTestJSON:setUpClass): 200 GET http://10.180.1.21/compute/v2.1/servers/6c0bc598-eae5-4e5b-a3b2-b4bb90bc8d59 0.090s
2024-09-30 23:08:31.407 62261 INFO tempest.lib.common.rest_client [req-55cc556f-6825-48a4-b167-461d76490e1b req-55cc556f-6825-48a4-b167-461d76490e1b ] Request (ServersAaction247Test:test_create_backup): 200 GET http://10.180.1.21/compute/v2.1/servers/e6c56d86-e428-49fb-9944-293ad5e5948c 0.084s
2024-09-30 23:08:31.415 62275 INFO tempest.lib.common.rest_client [req-00c4ee52-2196-4a2c-96f4-73e3915bdfa7 req-00c4ee52-2196-4a2c-96f4-73e3915bdfa7 ] Request (DeleteServersAdminTestJSON:test_delete_server_while_in_error_state): 200 GET http://10.180.1.21/compute/v2.1/servers/967bc997-543f-4b35-968b-c530b82d9db0 0.070s
2024-09-30 23:08:31.450 62229 INFO tempest.lib.common.rest_client [req-0e6e631d-9009-408c-9901-ff355ea3a17e req-0e6e631d-9009-408c-9901-ff355ea3a17e ] Request (VolumesAssistedSnapshotsTest:test_volume_assisted_snapshot_create_delete): 200 GET http://10.180.1.21/compute/v2.1/servers/7961bd0d-de24-4e13-94a3-79c48c593813 0.064s
2024-09-30 23:08:31.474 62233 INFO tempest.lib.common.rest_client [req-45ef79ee-88fb-427f-9e02-cd51543007e2 req-45ef79ee-88fb-427f-9e02-cd51543007e2 ] Request (ServersTestManualDisk:setUpClass): 200 GET http://10.180.1.21/compute/v2.1/servers/466a5f5a-f48a-4921-8bcb-44a1840c8141 0.051s
2024-09-30 23:08:31.495 62237 INFO tempest.lib.common.rest_client [req-454b59d2-b341-45d3-bb12-7c869da1093b req-454b59d2-b341-45d3-bb12-7c869da1093b ] Request (ListImageFiltersTestJSON:setUpClass): 200 GET http://10.180.1.21/compute/v2.1/servers/89a97f81-bcd9-49e5-bbd3-9140f6638a20 0.058s
2024-09-30 23:08:31.557 62281 INFO tempest.lib.common.rest_client [req-fa09b733-3561-41bb-8a9e-c9670d768c3c req-fa09b733-3561-41bb-8a9e-c9670d768c3c ] Request (ServerAddressesNegativeTestJSON:setUpClass): 200 GET http://10.180.1.21/compute/v2.1/servers/388b62aa-6647-4aca-acb2-8d7d7d424c8c 0.051s
2024-09-30 23:08:31.557 62243 INFO tempest.lib.common.rest_client [req-c01dde39-5c6e-4b9b-b3c1-dd777d042209 req-c01dde39-5c6e-4b9b-b3c1-dd777d042209 ] Request (ServerActionsTestOtherB:setUpClass): 200 GET http://10.180.1.21/compute/v2.1/servers/bac5a3bc-5a58-4c1d-abb8-1aaf6151358a 0.050s
2024-09-30 23:08:31.634 62231 INFO tempest.lib.common.rest_client [req-17891f65-37cd-4a79-a7d5-80049807d5be req-17891f65-37cd-4a79-a7d5-80049807d5be ] Request (ServerDiskConfigTestJSON:test_rebuild_server_with_manual_disk_config): 200 GET http://10.180.1.21/compute/v2.1/servers/40fefd68-3d6f-4451-997f-e8fa49847dea 0.058s
2024-09-30 23:08:31.638 62279 INFO tempest.lib.common.rest_client [req-f9b91535-1247-43fd-80ef-2b297f75164a req-f9b91535-1247-43fd-80ef-2b297f75164a ] Request (ServerMetadataTestJSON:setUpClass): 200 GET http://10.180.1.21/compute/v2.1/servers/0b4b3bdb-7393-47ab-abc1-44c47496cb3a 0.054s
2024-09-30 23:08:31.693 62269 INFO tempest.lib.common.rest_client [req-ac9c4b61-19af-4c8c-a18d-05ca65866c2c req-ac9c4b61-19af-4c8c-a18d-05ca65866c2c ] Request (ImagesOneServerNegativeTestJSON:setUpClass): 200 GET http://10.180.1.21/compute/v2.1/servers/ea6c2120-a69a-42c7-bc92-3e74539c008d 0.064s
2024-09-30 23:08:31.733 62245 INFO tempest.lib.common.rest_client [req-644cc688-a294-4495-9199-0bd5ff41d757 req-644cc688-a294-4495-9199-0bd5ff41d757 ] Request (VolumesAdminNegativeTest:test_update_attached_volume_with_nonexistent_volume_in_body): 200 GET http://10.180.1.21/compute/v2.1/servers/c8e5d6c1-44a0-465f-a0dd-03e519f3d5ec 0.049s
2024-09-30 23:08:31.799 62253 INFO tempest.lib.common.rest_client [req-019d9d10-915a-4c5b-83c4-c1faaa272273 req-019d9d10-915a-4c5b-83c4-c1faaa272273 ] Request (FloatingIPsAssociationNegativeTestJSON:setUpClass): 200 GET http://10.180.1.21/compute/v2.1/servers/8ff4ebb9-57ea-49d2-8d3c-5876da61e77b 0.047s
2024-09-30 23:08:31.851 62285 INFO tempest.lib.common.rest_client [req-642c2c4c-6724-469a-a988-f01923c4224e req-642c2c4c-6724-469a-a988-f01923c4224e ] Request (ServerPasswordTestJSON:setUpClass): 200 GET http://10.180.1.21/compute/v2.1/servers/ab2edc70-b4c6-4db3-b0d6-53148764efdd 0.045s
2024-09-30 23:08:31.903 62273 INFO tempest.lib.common.rest_client [req-a6534d67-7f96-4b90-8e85-d2fc24bb5c38 req-a6534d67-7f96-4b90-8e85-d2fc24bb5c38 ] Request (ServersAdminTestJSON:setUpClass): 200 GET http://10.180.1.21/compute/v2.1/servers/c7bfab3b-bfb1-416f-a302-9956c4fb0748 0.046s
2024-09-30 23:08:31.986 62251 INFO tempest.lib.common.rest_client [req-bc1fd753-4076-451e-bec4-fb69af2cecf7 req-bc1fd753-4076-451e-bec4-fb69af2cecf7 ] Request (ServerDiagnosticsV248Test:test_get_server_diagnostics): 200 GET http://10.180.1.21/compute/v2.1/servers/6bf0d1f1-d079-4956-bc9a-86ba66885f3a 0.051s
2024-09-30 23:08:32.027 62235 INFO tempest.lib.common.rest_client [req-742ce74b-ed02-4dd9-b736-6cb684cac8cd req-742ce74b-ed02-4dd9-b736-6cb684cac8cd ] Request (ServersNegativeTestJSON:setUpClass): 200 GET http://10.180.1.21/compute/v2.1/servers/51a36102-795e-47b7-b96a-857e54dc703e 0.046s
2024-09-30 23:08:32.075 62283 INFO tempest.lib.common.rest_client [req-802d306e-5b3e-4ce5-a1c8-cc91e31a5848 req-802d306e-5b3e-4ce5-a1c8-cc91e31a5848 ] Request (DeleteServersTestJSON:test_delete_active_server): 200 GET http://10.180.1.21/compute/v2.1/servers/1915d6b8-2798-4e35-9a35-4191659c2cb6 0.051s
2024-09-30 23:08:32.127 62255 INFO tempest.lib.common.rest_client [req-0e9180c2-a91a-4cba-9f8c-e8aaec2b5eb7 req-0e9180c2-a91a-4cba-9f8c-e8aaec2b5eb7 ] Request (ServersTestMultiNic:test_verify_duplicate_network_nics): 200 GET http://10.180.1.21/compute/v2.1/servers/7a8c0f03-0bb9-4759-b8fb-97e82e7a69b7 0.047s
2024-09-30 23:08:32.174 62247 INFO tempest.lib.common.rest_client [req-2e8991dc-b007-41ed-8bd4-4ead9a76d5a7 req-2e8991dc-b007-41ed-8bd4-4ead9a76d5a7 ] Request (ServersTestFqdnHostnames:test_create_server_with_fqdn_name): 200 GET http://10.180.1.21/compute/v2.1/servers/96bbc732-cb58-4de2-80d3-c527228adaea 0.051s
2024-09-30 23:08:32.192 62239 INFO tempest.lib.common.rest_client [req-b12ae4a4-9ed7-41b6-9b1b-4287ea85ef02 req-b12ae4a4-9ed7-41b6-9b1b-4287ea85ef02 ] Request (ServerExternalEventsTest:test_create_server_external_events): 200 GET http://10.180.1.21/compute/v2.1/servers/938dab0c-9b30-404b-bca2-a1280a252584 0.051s
2024-09-30 23:08:32.224 62277 INFO tempest.lib.common.rest_client [req-b494b630-f582-4ac8-aff5-c7e154bbc92c req-b494b630-f582-4ac8-aff5-c7e154bbc92c ] Request (ServerAddressesTestJSON:setUpClass): 200 GET http://10.180.1.21/compute/v2.1/servers/e9f0b620-b0af-4fe2-ac5d-e3f6c8c998b1 0.064s
2024-09-30 23:08:32.258 62225 INFO tempest.lib.common.rest_client [req-8e17fad7-5aa7-4785-8f3c-ae25dae89af2 req-8e17fad7-5aa7-4785-8f3c-ae25dae89af2 ] Request (MultipleCreateTestJSON:test_multiple_create): 200 GET http://10.180.1.21/compute/v2.1/servers/65ddff8e-971c-4485-b658-4611aea1176c 0.060s
2024-09-30 23:08:32.276 62249 INFO tempest.lib.common.rest_client [req-fa71fab1-7edd-40ec-b380-3a5befa45cd7 req-fa71fab1-7edd-40ec-b380-3a5befa45cd7 ] Request (ImagesTestJSON:test_create_image_from_suspended_server): 200 GET http://10.180.1.21/compute/v2.1/servers/02fe490b-75c8-406b-98e0-aa200f249673 0.051s
2024-09-30 23:08:32.317 62227 INFO tempest.lib.common.rest_client [req-911f2be0-e6bb-4b6f-aa17-7ae7e5850af5 req-911f2be0-e6bb-4b6f-aa17-7ae7e5850af5 ] Request (ServerGroupTestJSON:test_create_server_with_scheduler_hint_group): 200 GET http://10.180.1.21/compute/v2.1/servers/49e0d752-6f88-45c4-bd6a-d9fe4f526a2f 0.065s
2024-09-30 23:08:32.329 62267 INFO tempest.lib.common.rest_client [req-7f0532fd-c684-49e5-a952-2831c7ac8b6f req-7f0532fd-c684-49e5-a952-2831c7ac8b6f ] Request (InstanceActionsTestJSON:setUpClass): 200 GET http://10.180.1.21/compute/v2.1/servers/7a94f776-579d-41e8-94aa-6095b3fd69c6 0.057s
2024-09-30 23:08:32.369 62271 INFO tempest.lib.common.rest_client [req-d4cbb40f-9e73-4eda-814e-f48c1c9f50e0 req-d4cbb40f-9e73-4eda-814e-f48c1c9f50e0 ] Request (ImagesOneServerTestJSON:setUpClass): 200 GET http://10.180.1.21/compute/v2.1/servers/630e0959-6d7f-401d-b84c-1c098f54bf60 0.060s
2024-09-30 23:08:32.385 62241 INFO tempest.lib.common.rest_client [req-db8a8ecd-da5c-4902-908b-dabcd3edd7bc req-db8a8ecd-da5c-4902-908b-dabcd3edd7bc ] Request (MigrationsAdminTest:test_list_migrations_in_flavor_resize_situation): 200 GET http://10.180.1.21/compute/v2.1/servers/3182ca24-c989-4c29-8e47-d913d0607240 0.054s
2024-09-30 23:08:32.423 62223 INFO tempest.lib.common.rest_client [req-415d34b0-9d15-4e59-aadd-f7f2ef2b66fd req-415d34b0-9d15-4e59-aadd-f7f2ef2b66fd ] Request (ServerDiagnosticsTest:test_get_server_diagnostics): 200 GET http://10.180.1.21/compute/v2.1/servers/fa943137-caf1-4b41-b644-c9146f72f956 0.054s
2024-09-30 23:08:32.435 62265 INFO tempest.lib.common.rest_client [req-f56df3b7-abe8-4d7d-baa8-34d4b1d7ef39 req-f56df3b7-abe8-4d7d-baa8-34d4b1d7ef39 ] Request (TenantUsagesTestJSON:setUpClass): 200 GET http://10.180.1.21/compute/v2.1/servers/6c0bc598-eae5-4e5b-a3b2-b4bb90bc8d59 0.058s
2024-09-30 23:08:32.479 62261 INFO tempest.lib.common.rest_client [req-324093c2-aa58-4a76-b798-bf925d043605 req-324093c2-aa58-4a76-b798-bf925d043605 ] Request (ServersAaction247Test:test_create_backup): 200 GET http://10.180.1.21/compute/v2.1/servers/e6c56d86-e428-49fb-9944-293ad5e5948c 0.064s
2024-09-30 23:08:32.499 62275 INFO tempest.lib.common.rest_client [req-a42ca3d0-0257-4486-9c39-be9e7c29cebf req-a42ca3d0-0257-4486-9c39-be9e7c29cebf ] Request (DeleteServersAdminTestJSON:test_delete_server_while_in_error_state): 200 GET http://10.180.1.21/compute/v2.1/servers/967bc997-543f-4b35-968b-c530b82d9db0 0.077s
2024-09-30 23:08:32.571 62233 INFO tempest.lib.common.rest_client [req-a33bd261-c994-4265-a271-2787134b0680 req-a33bd261-c994-4265-a271-2787134b0680 ] Request (ServersTestManualDisk:setUpClass): 200 GET http://10.180.1.21/compute/v2.1/servers/466a5f5a-f48a-4921-8bcb-44a1840c8141 0.088s
2024-09-30 23:08:32.630 62229 INFO tempest.lib.common.rest_client [req-a5b39348-cede-49dd-9799-92292e970340 req-a5b39348-cede-49dd-9799-92292e970340 ] Request (VolumesAssistedSnapshotsTest:test_volume_assisted_snapshot_create_delete): 200 GET http://10.180.1.21/compute/v2.1/servers/7961bd0d-de24-4e13-94a3-79c48c593813 0.169s
2024-09-30 23:08:32.639 62229 INFO tempest.common.waiters [-] State transition "BUILD/None" ==> "BUILD/networking" after 51 second wait
2024-09-30 23:08:32.642 62237 INFO tempest.lib.common.rest_client [req-df1ee5ef-4c28-4039-8784-13bc0df30b32 req-df1ee5ef-4c28-4039-8784-13bc0df30b32 ] Request (ListImageFiltersTestJSON:setUpClass): 200 GET http://10.180.1.21/compute/v2.1/servers/89a97f81-bcd9-49e5-bbd3-9140f6638a20 0.139s
2024-09-30 23:08:32.687 62281 INFO tempest.lib.common.rest_client [req-27edf6cb-c700-4373-a867-964d2e06b2e3 req-27edf6cb-c700-4373-a867-964d2e06b2e3 ] Request (ServerAddressesNegativeTestJSON:setUpClass): 200 GET http://10.180.1.21/compute/v2.1/servers/388b62aa-6647-4aca-acb2-8d7d7d424c8c 0.124s
2024-09-30 23:08:32.697 62243 INFO tempest.lib.common.rest_client [req-aa75d229-f7d4-4533-b693-d8c33bd0a21b req-aa75d229-f7d4-4533-b693-d8c33bd0a21b ] Request (ServerActionsTestOtherB:setUpClass): 200 GET http://10.180.1.21/compute/v2.1/servers/bac5a3bc-5a58-4c1d-abb8-1aaf6151358a 0.129s
2024-09-30 23:08:32.744 62231 INFO tempest.lib.common.rest_client [req-7355bfd4-4cd4-4a2b-9f9c-68defa7079c0 req-7355bfd4-4cd4-4a2b-9f9c-68defa7079c0 ] Request (ServerDiskConfigTestJSON:test_rebuild_server_with_manual_disk_config): 200 GET http://10.180.1.21/compute/v2.1/servers/40fefd68-3d6f-4451-997f-e8fa49847dea 0.100s
2024-09-30 23:08:32.750 62279 INFO tempest.lib.common.rest_client [req-1b9068c6-e6e2-45c7-a8e9-fbf60bfb4a08 req-1b9068c6-e6e2-45c7-a8e9-fbf60bfb4a08 ] Request (ServerMetadataTestJSON:setUpClass): 200 GET http://10.180.1.21/compute/v2.1/servers/0b4b3bdb-7393-47ab-abc1-44c47496cb3a 0.104s
2024-09-30 23:08:32.796 62269 INFO tempest.lib.common.rest_client [req-b858f210-c1ca-4aeb-afec-4fe323c4697d req-b858f210-c1ca-4aeb-afec-4fe323c4697d ] Request (ImagesOneServerNegativeTestJSON:setUpClass): 200 GET http://10.180.1.21/compute/v2.1/servers/ea6c2120-a69a-42c7-bc92-3e74539c008d 0.093s
2024-09-30 23:08:32.799 62245 INFO tempest.lib.common.rest_client [req-9b066f0c-6efa-4771-aa40-1f9d4e240063 req-9b066f0c-6efa-4771-aa40-1f9d4e240063 ] Request (VolumesAdminNegativeTest:test_update_attached_volume_with_nonexistent_volume_in_body): 200 GET http://10.180.1.21/compute/v2.1/servers/c8e5d6c1-44a0-465f-a0dd-03e519f3d5ec 0.059s
2024-09-30 23:08:32.864 62253 INFO tempest.lib.common.rest_client [req-f226d697-95fe-4313-bfc0-9c82303814c6 req-f226d697-95fe-4313-bfc0-9c82303814c6 ] Request (FloatingIPsAssociationNegativeTestJSON:setUpClass): 200 GET http://10.180.1.21/compute/v2.1/servers/8ff4ebb9-57ea-49d2-8d3c-5876da61e77b 0.057s
2024-09-30 23:08:32.930 62285 INFO tempest.lib.common.rest_client [req-41b5b4ab-bfe5-4809-831a-349e48ebca47 req-41b5b4ab-bfe5-4809-831a-349e48ebca47 ] Request (ServerPasswordTestJSON:setUpClass): 200 GET http://10.180.1.21/compute/v2.1/servers/ab2edc70-b4c6-4db3-b0d6-53148764efdd 0.071s
2024-09-30 23:08:32.973 62273 INFO tempest.lib.common.rest_client [req-e11d0b88-fbb9-435d-9f9f-22d796dbd442 req-e11d0b88-fbb9-435d-9f9f-22d796dbd442 ] Request (ServersAdminTestJSON:setUpClass): 200 GET http://10.180.1.21/compute/v2.1/servers/c7bfab3b-bfb1-416f-a302-9956c4fb0748 0.064s
2024-09-30 23:08:33.055 62251 INFO tempest.lib.common.rest_client [req-ec6ce7ab-81ef-4590-872f-dd0035314c7a req-ec6ce7ab-81ef-4590-872f-dd0035314c7a ] Request (ServerDiagnosticsV248Test:test_get_server_diagnostics): 200 GET http://10.180.1.21/compute/v2.1/servers/6bf0d1f1-d079-4956-bc9a-86ba66885f3a 0.061s
2024-09-30 23:08:33.095 62235 INFO tempest.lib.common.rest_client [req-0216ebf9-206c-4853-a84f-3bc59d81a3ee req-0216ebf9-206c-4853-a84f-3bc59d81a3ee ] Request (ServersNegativeTestJSON:setUpClass): 200 GET http://10.180.1.21/compute/v2.1/servers/51a36102-795e-47b7-b96a-857e54dc703e 0.061s
2024-09-30 23:08:33.139 62283 INFO tempest.lib.common.rest_client [req-bad34cd8-0ce1-47d4-9288-b315c4261f36 req-bad34cd8-0ce1-47d4-9288-b315c4261f36 ] Request (DeleteServersTestJSON:test_delete_active_server): 200 GET http://10.180.1.21/compute/v2.1/servers/1915d6b8-2798-4e35-9a35-4191659c2cb6 0.057s
2024-09-30 23:08:33.187 62255 INFO tempest.lib.common.rest_client [req-cf34b459-96bc-478c-8b4e-80f7a7f8f18e req-cf34b459-96bc-478c-8b4e-80f7a7f8f18e ] Request (ServersTestMultiNic:test_verify_duplicate_network_nics): 200 GET http://10.180.1.21/compute/v2.1/servers/7a8c0f03-0bb9-4759-b8fb-97e82e7a69b7 0.053s
2024-09-30 23:08:33.245 62247 INFO tempest.lib.common.rest_client [req-2eb7e63c-6f56-4d2e-a4e7-449eed4a5e47 req-2eb7e63c-6f56-4d2e-a4e7-449eed4a5e47 ] Request (ServersTestFqdnHostnames:test_create_server_with_fqdn_name): 200 GET http://10.180.1.21/compute/v2.1/servers/96bbc732-cb58-4de2-80d3-c527228adaea 0.065s
2024-09-30 23:08:33.258 62239 INFO tempest.lib.common.rest_client [req-5c47ee9d-8246-4756-b1da-6c53cc252070 req-5c47ee9d-8246-4756-b1da-6c53cc252070 ] Request (ServerExternalEventsTest:test_create_server_external_events): 200 GET http://10.180.1.21/compute/v2.1/servers/938dab0c-9b30-404b-bca2-a1280a252584 0.060s
2024-09-30 23:08:33.308 62277 INFO tempest.lib.common.rest_client [req-34858cd9-8957-4d4e-ab61-0fdeb6363a22 req-34858cd9-8957-4d4e-ab61-0fdeb6363a22 ] Request (ServerAddressesTestJSON:setUpClass): 200 GET http://10.180.1.21/compute/v2.1/servers/e9f0b620-b0af-4fe2-ac5d-e3f6c8c998b1 0.077s
2024-09-30 23:08:33.318 62225 INFO tempest.lib.common.rest_client [req-f02eb677-7566-4914-b3ec-44a37151acbc req-f02eb677-7566-4914-b3ec-44a37151acbc ] Request (MultipleCreateTestJSON:test_multiple_create): 200 GET http://10.180.1.21/compute/v2.1/servers/65ddff8e-971c-4485-b658-4611aea1176c 0.053s
2024-09-30 23:08:33.360 62249 INFO tempest.lib.common.rest_client [req-bb38153b-8184-4c76-b16b-69a3daf3fe6e req-bb38153b-8184-4c76-b16b-69a3daf3fe6e ] Request (ImagesTestJSON:test_create_image_from_suspended_server): 200 GET http://10.180.1.21/compute/v2.1/servers/02fe490b-75c8-406b-98e0-aa200f249673 0.077s
2024-09-30 23:08:33.394 62227 INFO tempest.lib.common.rest_client [req-45195dd2-69b4-4847-b0b1-774425a9b008 req-45195dd2-69b4-4847-b0b1-774425a9b008 ] Request (ServerGroupTestJSON:test_create_server_with_scheduler_hint_group): 200 GET http://10.180.1.21/compute/v2.1/servers/49e0d752-6f88-45c4-bd6a-d9fe4f526a2f 0.070s
2024-09-30 23:08:33.417 62267 INFO tempest.lib.common.rest_client [req-d393b30e-877a-47da-9a23-a6bfb4e0af4b req-d393b30e-877a-47da-9a23-a6bfb4e0af4b ] Request (InstanceActionsTestJSON:setUpClass): 200 GET http://10.180.1.21/compute/v2.1/servers/7a94f776-579d-41e8-94aa-6095b3fd69c6 0.080s
2024-09-30 23:08:33.440 62271 INFO tempest.lib.common.rest_client [req-bc26f56f-b04a-49e8-8806-29a32dc5ff7c req-bc26f56f-b04a-49e8-8806-29a32dc5ff7c ] Request (ImagesOneServerTestJSON:setUpClass): 200 GET http://10.180.1.21/compute/v2.1/servers/630e0959-6d7f-401d-b84c-1c098f54bf60 0.063s
2024-09-30 23:08:33.473 62241 INFO tempest.lib.common.rest_client [req-d33c6c81-d25f-44a3-9056-2e93ae43626c req-d33c6c81-d25f-44a3-9056-2e93ae43626c ] Request (MigrationsAdminTest:test_list_migrations_in_flavor_resize_situation): 200 GET http://10.180.1.21/compute/v2.1/servers/3182ca24-c989-4c29-8e47-d913d0607240 0.080s
2024-09-30 23:08:33.500 62223 INFO tempest.lib.common.rest_client [req-6fbcbff4-5ea8-444a-9390-2c7ef30e19b5 req-6fbcbff4-5ea8-444a-9390-2c7ef30e19b5 ] Request (ServerDiagnosticsTest:test_get_server_diagnostics): 200 GET http://10.180.1.21/compute/v2.1/servers/fa943137-caf1-4b41-b644-c9146f72f956 0.070s
2024-09-30 23:08:33.529 62265 INFO tempest.lib.common.rest_client [req-dba0cb96-b1c8-4be2-8998-f5cbe207aad2 req-dba0cb96-b1c8-4be2-8998-f5cbe207aad2 ] Request (TenantUsagesTestJSON:setUpClass): 200 GET http://10.180.1.21/compute/v2.1/servers/6c0bc598-eae5-4e5b-a3b2-b4bb90bc8d59 0.083s
2024-09-30 23:08:33.551 62261 INFO tempest.lib.common.rest_client [req-b676810e-6539-4a87-a8a3-d350f91ba6b6 req-b676810e-6539-4a87-a8a3-d350f91ba6b6 ] Request (ServersAaction247Test:test_create_backup): 200 GET http://10.180.1.21/compute/v2.1/servers/e6c56d86-e428-49fb-9944-293ad5e5948c 0.061s
2024-09-30 23:08:33.577 62275 INFO tempest.lib.common.rest_client [req-3fb30958-3645-4023-8b5b-db717701f974 req-3fb30958-3645-4023-8b5b-db717701f974 ] Request (DeleteServersAdminTestJSON:test_delete_server_while_in_error_state): 200 GET http://10.180.1.21/compute/v2.1/servers/967bc997-543f-4b35-968b-c530b82d9db0 0.065s
2024-09-30 23:08:33.641 62233 INFO tempest.lib.common.rest_client [req-1857e458-4f8c-4628-be9c-b327639d394a req-1857e458-4f8c-4628-be9c-b327639d394a ] Request (ServersTestManualDisk:setUpClass): 200 GET http://10.180.1.21/compute/v2.1/servers/466a5f5a-f48a-4921-8bcb-44a1840c8141 0.060s
2024-09-30 23:08:33.714 62229 INFO tempest.lib.common.rest_client [req-473254b6-3a27-4ed9-a2c9-42911f3e1023 req-473254b6-3a27-4ed9-a2c9-42911f3e1023 ] Request (VolumesAssistedSnapshotsTest:test_volume_assisted_snapshot_create_delete): 200 GET http://10.180.1.21/compute/v2.1/servers/7961bd0d-de24-4e13-94a3-79c48c593813 0.070s
2024-09-30 23:08:33.717 62237 INFO tempest.lib.common.rest_client [req-74224a29-39bc-4190-badd-2013ef06da74 req-74224a29-39bc-4190-badd-2013ef06da74 ] Request (ListImageFiltersTestJSON:setUpClass): 200 GET http://10.180.1.21/compute/v2.1/servers/89a97f81-bcd9-49e5-bbd3-9140f6638a20 0.067s
2024-09-30 23:08:33.721 62229 INFO tempest.common.waiters [-] State transition "BUILD/networking" ==> "BUILD/spawning" after 52 second wait
2024-09-30 23:08:33.762 62281 INFO tempest.lib.common.rest_client [req-b06cc0a2-b8fd-49ca-8eb4-8306aeaa55c9 req-b06cc0a2-b8fd-49ca-8eb4-8306aeaa55c9 ] Request (ServerAddressesNegativeTestJSON:setUpClass): 200 GET http://10.180.1.21/compute/v2.1/servers/388b62aa-6647-4aca-acb2-8d7d7d424c8c 0.066s
2024-09-30 23:08:33.769 62243 INFO tempest.lib.common.rest_client [req-cfab1cfe-c418-4673-b2ca-eee27dff7cff req-cfab1cfe-c418-4673-b2ca-eee27dff7cff ] Request (ServerActionsTestOtherB:setUpClass): 200 GET http://10.180.1.21/compute/v2.1/servers/bac5a3bc-5a58-4c1d-abb8-1aaf6151358a 0.062s
