2024-09-30 23:08:55.798 62267 INFO tempest.lib.common.rest_client [req-750e524e-6165-4d78-b3ab-1e3e232880a7 req-750e524e-6165-4d78-b3ab-1e3e232880a7 ] Request (ServerTagsTestJSON:setUpClass): 201 POST http://10.180.1.21:9696/networking/v2.0/routers 0.746s
2024-09-30 23:08:55.820 62241 INFO tempest.lib.common.rest_client [req-b7fd978f-c0c3-45d0-8dea-7de121fc81bf req-b7fd978f-c0c3-45d0-8dea-7de121fc81bf ] Request (MigrationsAdminTest:test_resize_server_revert_deleted_flavor): 200 GET http://10.180.1.21/compute/v2.1/servers/80f13fca-2df1-4aa0-96f1-b61a60c4fdc6 0.063s
2024-09-30 23:08:55.888 62283 INFO tempest.lib.common.rest_client [req-3358d051-73b7-47cc-a36d-7408b96b5853 req-3358d051-73b7-47cc-a36d-7408b96b5853 ] Request (DeleteServersTestJSON:test_delete_active_server): 200 GET http://10.180.1.21/compute/v2.1/servers/1915d6b8-2798-4e35-9a35-4191659c2cb6 0.059s
2024-09-30 23:08:55.888 62277 INFO tempest.lib.common.rest_client [req-5bdabac1-bf21-4c62-9a99-620a7305f802 req-5bdabac1-bf21-4c62-9a99-620a7305f802 ] Request (ServerAddressesTestJSON:setUpClass): 200 GET http://10.180.1.21/compute/v2.1/servers/e9f0b620-b0af-4fe2-ac5d-e3f6c8c998b1 0.052s
2024-09-30 23:08:55.943 62225 INFO tempest.lib.common.rest_client [req-32776f5b-acb8-4d72-b371-bd682d737618 req-32776f5b-acb8-4d72-b371-bd682d737618 ] Request (MultipleCreateTestJSON:test_multiple_create): 200 GET http://10.180.1.21/compute/v2.1/servers/65ddff8e-971c-4485-b658-4611aea1176c 0.048s
2024-09-30 23:08:55.982 62249 INFO tempest.lib.common.rest_client [req-e5647045-8526-421f-bbda-7cb79c9f3cd2 req-e5647045-8526-421f-bbda-7cb79c9f3cd2 ] Request (ImagesTestJSON:test_create_image_from_suspended_server): 200 GET http://10.180.1.21/compute/v2.1/servers/02fe490b-75c8-406b-98e0-aa200f249673 0.069s
2024-09-30 23:08:56.020 62227 INFO tempest.lib.common.rest_client [req-e4e36370-f528-4536-9c50-64347c5a5387 req-e4e36370-f528-4536-9c50-64347c5a5387 ] Request (ServerGroupTestJSON:test_create_server_with_scheduler_hint_group): 200 GET http://10.180.1.21/compute/v2.1/servers/49e0d752-6f88-45c4-bd6a-d9fe4f526a2f 0.059s
2024-09-30 23:08:56.065 62271 INFO tempest.lib.common.rest_client [req-afb23608-1371-4e41-9827-46dfbe9415b6 req-afb23608-1371-4e41-9827-46dfbe9415b6 ] Request (ImagesOneServerTestJSON:setUpClass): 200 GET http://10.180.1.21/compute/v2.1/servers/630e0959-6d7f-401d-b84c-1c098f54bf60 0.070s
2024-09-30 23:08:56.113 62223 INFO tempest.lib.common.rest_client [req-fd88e6a6-91e9-4add-8116-dafba04e815a req-fd88e6a6-91e9-4add-8116-dafba04e815a ] Request (ServerDiagnosticsTest:test_get_server_diagnostics): 200 GET http://10.180.1.21/compute/v2.1/servers/fa943137-caf1-4b41-b644-c9146f72f956 0.052s
2024-09-30 23:08:56.113 62239 INFO tempest.lib.common.rest_client [req-a0886cad-dda3-4dc0-9e6b-8a34a616662a req-a0886cad-dda3-4dc0-9e6b-8a34a616662a ] Request (FloatingIPsAssociationTestJSON:setUpClass): 201 POST http://10.180.1.21:9696/networking/v2.0/networks 0.393s
2024-09-30 23:08:56.177 62265 INFO tempest.lib.common.rest_client [req-29f1043b-0ad0-40ea-87f4-4d397fe7ded7 req-29f1043b-0ad0-40ea-87f4-4d397fe7ded7 ] Request (TenantUsagesTestJSON:setUpClass): 200 GET http://10.180.1.21/compute/v2.1/servers/6c0bc598-eae5-4e5b-a3b2-b4bb90bc8d59 0.074s
2024-09-30 23:08:56.210 62275 INFO tempest.lib.common.rest_client [req-5f77a1cd-819c-4417-b963-93be46c84879 req-5f77a1cd-819c-4417-b963-93be46c84879 ] Request (DeleteServersAdminTestJSON:test_delete_server_while_in_error_state): 200 GET http://10.180.1.21/compute/v2.1/servers/967bc997-543f-4b35-968b-c530b82d9db0 0.055s
2024-09-30 23:08:56.277 62237 INFO tempest.lib.common.rest_client [req-492e779b-b5fa-4cb0-9032-068f2d09787d req-492e779b-b5fa-4cb0-9032-068f2d09787d ] Request (ListImageFiltersTestJSON:setUpClass): 200 GET http://10.180.1.21/compute/v2.1/servers/89a97f81-bcd9-49e5-bbd3-9140f6638a20 0.072s
2024-09-30 23:08:56.363 62229 INFO tempest.lib.common.rest_client [req-7557983a-aae1-44f7-96ff-fcd74c750eaf req-7557983a-aae1-44f7-96ff-fcd74c750eaf ] Request (VolumesAssistedSnapshotsTest:test_volume_assisted_snapshot_create_delete): 200 GET http://10.180.1.21/compute/v2.1/servers/7961bd0d-de24-4e13-94a3-79c48c593813 0.105s
2024-09-30 23:08:56.369 62229 INFO tempest.common.waiters [-] State transition "BUILD/scheduling" ==> "ERROR/None" after 75 second wait
2024-09-30 23:08:56.422 62239 INFO tempest.lib.common.rest_client [req-831cbbf8-1c08-475e-b483-cc98f4119e82 req-831cbbf8-1c08-475e-b483-cc98f4119e82 ] Request (FloatingIPsAssociationTestJSON:setUpClass): 201 POST http://10.180.1.21:9696/networking/v2.0/subnets 0.308s
2024-09-30 23:08:56.425 62281 INFO tempest.lib.common.rest_client [req-b0f445eb-7970-4375-9987-1ae42fdb3396 req-b0f445eb-7970-4375-9987-1ae42fdb3396 ] Request (ServerAddressesNegativeTestJSON:setUpClass): 200 GET http://10.180.1.21/compute/v2.1/servers/388b62aa-6647-4aca-acb2-8d7d7d424c8c 0.158s
2024-09-30 23:08:56.434 62281 INFO tempest.common.waiters [-] State transition "BUILD/scheduling" ==> "BUILD/None" after 52 second wait
2024-09-30 23:08:56.455 62261 INFO tempest.lib.common.rest_client [req-3da92a1d-0c0b-42b9-88cb-74080fdc2b31 req-3da92a1d-0c0b-42b9-88cb-74080fdc2b31 ] Request (ServersAaction247Test:test_create_backup): 200 GET http://10.180.1.21/compute/v2.1/servers/e6c56d86-e428-49fb-9944-293ad5e5948c 0.284s
2024-09-30 23:08:56.503 62231 INFO tempest.lib.common.rest_client [req-15efd547-aff8-485b-b9db-6390aa829e4a req-15efd547-aff8-485b-b9db-6390aa829e4a ] Request (ServerDiskConfigTestJSON:test_rebuild_server_with_manual_disk_config): 200 GET http://10.180.1.21/compute/v2.1/servers/40fefd68-3d6f-4451-997f-e8fa49847dea 0.163s
2024-09-30 23:08:56.510 62251 INFO tempest.lib.common.rest_client [req-2142d67b-2b3d-4d74-9aaf-c7bf6da63ceb req-2142d67b-2b3d-4d74-9aaf-c7bf6da63ceb ] Request (ServerDiagnosticsV248Test:tearDownClass): 200 GET http://10.180.1.21/compute/v2.1/servers/6bf0d1f1-d079-4956-bc9a-86ba66885f3a 0.173s
2024-09-30 23:08:56.570 62279 INFO tempest.lib.common.rest_client [req-4424cd51-0ace-4005-922b-b0a53d234b84 req-4424cd51-0ace-4005-922b-b0a53d234b84 ] Request (ServerMetadataTestJSON:setUpClass): 200 GET http://10.180.1.21/compute/v2.1/servers/0b4b3bdb-7393-47ab-abc1-44c47496cb3a 0.174s
2024-09-30 23:08:56.634 62233 INFO tempest.lib.common.rest_client [req-7ad17ff3-ab09-4ae5-a7a2-14fbfd738866 req-7ad17ff3-ab09-4ae5-a7a2-14fbfd738866 ] Request (ServersTestManualDisk:setUpClass): 200 GET http://10.180.1.21/compute/v2.1/servers/466a5f5a-f48a-4921-8bcb-44a1840c8141 0.237s
2024-09-30 23:08:56.699 62229 INFO tempest.lib.common.rest_client [req-a0d11e9e-123c-40d7-9009-d8bb4e17d10b req-a0d11e9e-123c-40d7-9009-d8bb4e17d10b ] Request (VolumesAssistedSnapshotsTest:test_volume_assisted_snapshot_create_delete): 204 DELETE http://10.180.1.21/compute/v2.1/servers/7961bd0d-de24-4e13-94a3-79c48c593813 0.329s
2024-09-30 23:08:56.714 62269 INFO tempest.lib.common.rest_client [req-e2ce9409-fdeb-44d5-bb39-26f09a3fea5c req-e2ce9409-fdeb-44d5-bb39-26f09a3fea5c ] Request (ImagesOneServerNegativeTestJSON:setUpClass): 200 GET http://10.180.1.21/compute/v2.1/servers/ea6c2120-a69a-42c7-bc92-3e74539c008d 0.268s
2024-09-30 23:08:56.746 62243 INFO tempest.lib.common.rest_client [req-e7da04b8-c13f-44f9-a409-8cb5b46fca85 req-e7da04b8-c13f-44f9-a409-8cb5b46fca85 ] Request (ServerActionsTestOtherB:setUpClass): 200 GET http://10.180.1.21/compute/v2.1/servers/bac5a3bc-5a58-4c1d-abb8-1aaf6151358a 0.252s
2024-09-30 23:08:56.764 62253 INFO tempest.lib.common.rest_client [req-f696067d-6eea-43e0-b055-f62276418772 req-f696067d-6eea-43e0-b055-f62276418772 ] Request (FloatingIPsAssociationNegativeTestJSON:setUpClass): 200 GET http://10.180.1.21/compute/v2.1/servers/8ff4ebb9-57ea-49d2-8d3c-5876da61e77b 0.262s
2024-09-30 23:08:56.795 62285 INFO tempest.lib.common.rest_client [req-84ab1ad9-e919-4814-a696-4e47b635751b req-84ab1ad9-e919-4814-a696-4e47b635751b ] Request (ServerPasswordTestJSON:setUpClass): 200 GET http://10.180.1.21/compute/v2.1/servers/ab2edc70-b4c6-4db3-b0d6-53148764efdd 0.257s
2024-09-30 23:08:56.841 62273 INFO tempest.lib.common.rest_client [req-d54d0e13-5d1b-400c-ac28-273f983fcd37 req-d54d0e13-5d1b-400c-ac28-273f983fcd37 ] Request (ServersAdminTestJSON:setUpClass): 200 GET http://10.180.1.21/compute/v2.1/servers/c7bfab3b-bfb1-416f-a302-9956c4fb0748 0.249s
2024-09-30 23:08:56.853 62235 INFO tempest.lib.common.rest_client [req-a1e01444-8485-44ae-b6d7-a8282c123ebb req-a1e01444-8485-44ae-b6d7-a8282c123ebb ] Request (ServersNegativeTestJSON:setUpClass): 200 GET http://10.180.1.21/compute/v2.1/servers/51a36102-795e-47b7-b96a-857e54dc703e 0.201s
2024-09-30 23:08:56.862 62229 INFO tempest.lib.common.rest_client [req-560172ae-7331-43d9-aeff-9b6b541b1490 req-560172ae-7331-43d9-aeff-9b6b541b1490 ] Request (VolumesAssistedSnapshotsTest:test_volume_assisted_snapshot_create_delete): 404 GET http://10.180.1.21/compute/v2.1/servers/7961bd0d-de24-4e13-94a3-79c48c593813 0.162s
2024-09-30 23:08:56.923 62245 INFO tempest.lib.common.rest_client [req-85a6c5cc-1161-42eb-be5e-9b2fa8a07350 req-85a6c5cc-1161-42eb-be5e-9b2fa8a07350 ] Request (VolumesAdminNegativeTest:test_update_attached_volume_with_nonexistent_volume_in_body): 200 GET http://10.180.1.21/compute/v2.1/servers/c8e5d6c1-44a0-465f-a0dd-03e519f3d5ec 0.210s
2024-09-30 23:08:56.931 62255 INFO tempest.lib.common.rest_client [req-82bc07d1-1f7b-4c21-bf2c-340aae76a79e req-82bc07d1-1f7b-4c21-bf2c-340aae76a79e ] Request (ServersTestMultiNic:test_verify_multiple_nics_order): 200 GET http://10.180.1.21/compute/v2.1/servers/93174a10-f8b1-4789-ab3c-dda07bdddaa8 0.217s
2024-09-30 23:08:56.958 62229 INFO tempest.lib.common.rest_client [req-a86c2d43-214e-47f6-84f9-851f13397aaa req-a86c2d43-214e-47f6-84f9-851f13397aaa ] Request (VolumesAssistedSnapshotsTest:_run_cleanups): 202 DELETE http://10.180.1.21/volume/v3/62bf645e384142f49f363025386aca82/volumes/09eb2226-e2e5-41da-a5ef-f718dfd068c4 0.094s
2024-09-30 23:08:56.967 62247 INFO tempest.lib.common.rest_client [req-cfafd83b-e46b-4b1d-868c-bfcfcf27d828 req-cfafd83b-e46b-4b1d-868c-bfcfcf27d828 ] Request (ServersTestFqdnHostnames:test_create_server_with_fqdn_name): 200 GET http://10.180.1.21/compute/v2.1/servers/96bbc732-cb58-4de2-80d3-c527228adaea 0.200s
2024-09-30 23:08:56.984 62241 INFO tempest.lib.common.rest_client [req-ccb38c11-de40-456d-934e-cec5a98c7d3a req-ccb38c11-de40-456d-934e-cec5a98c7d3a ] Request (MigrationsAdminTest:test_resize_server_revert_deleted_flavor): 200 GET http://10.180.1.21/compute/v2.1/servers/80f13fca-2df1-4aa0-96f1-b61a60c4fdc6 0.157s
2024-09-30 23:08:56.988 62229 INFO tempest.lib.common.rest_client [req-e630b761-1086-41c0-b5bd-0bd08ceebd73 req-e630b761-1086-41c0-b5bd-0bd08ceebd73 ] Request (VolumesAssistedSnapshotsTest:_run_cleanups): 200 GET http://10.180.1.21/volume/v3/62bf645e384142f49f363025386aca82/volumes/09eb2226-e2e5-41da-a5ef-f718dfd068c4 0.029s
2024-09-30 23:08:57.025 62283 INFO tempest.lib.common.rest_client [req-4ec45628-90ea-443e-9e1e-10fc571e362a req-4ec45628-90ea-443e-9e1e-10fc571e362a ] Request (DeleteServersTestJSON:test_delete_active_server): 200 GET http://10.180.1.21/compute/v2.1/servers/1915d6b8-2798-4e35-9a35-4191659c2cb6 0.128s
2024-09-30 23:08:57.025 62267 INFO tempest.lib.common.rest_client [req-ad178cf2-85a9-45ce-8b11-d4b1b1dbb7dd req-ad178cf2-85a9-45ce-8b11-d4b1b1dbb7dd ] Request (ServerTagsTestJSON:setUpClass): 200 PUT http://10.180.1.21:9696/networking/v2.0/routers/6fc25eea-6b30-4c45-9de3-9f322d04cc69/add_router_interface 1.226s
2024-09-30 23:08:57.025 62267 INFO tempest.lib.common.dynamic_creds [-] Created isolated network resources for: credentials: Credentials: {'domain_id': 'default', 'domain_name': 'Default', 'username': 'tempest-ServerTagsTestJSON-437829592-project-member', 'project_domain_id': 'default', 'project_domain_name': 'Default', 'project_id': '8a22d437ed0e42089681884b0d28c182', 'project_name': 'tempest-ServerTagsTestJSON-437829592', 'tenant_id': '8a22d437ed0e42089681884b0d28c182', 'tenant_name': 'tempest-ServerTagsTestJSON-437829592', 'user_domain_id': 'default', 'user_domain_name': 'Default', 'user_id': '7017f711a0164de5aea988eb5ba1ea65', 'system': None}, Network: {'id': 'f17b381d-4a1c-4a71-b92b-ddd5a5bc2809', 'name': 'tempest-ServerTagsTestJSON-312450176-network', 'tenant_id': '8a22d437ed0e42089681884b0d28c182', 'admin_state_up': True, 'mtu': 8950, 'status': 'ACTIVE', 'subnets': [], 'shared': False, 'project_id': '8a22d437ed0e42089681884b0d28c182', 'port_security_enabled': True, 'router:external': False, 'provider:network_type': 'vlan', 'provider:physical_network': 'default', 'provider:segmentation_id': 612, 'is_default': False, 'availability_zone_hints': [], 'availability_zones': [], 'ipv4_address_scope': None, 'ipv6_address_scope': None, 'description': '', 'tags': [], 'created_at': '2024-09-30T23:08:54Z', 'updated_at': '2024-09-30T23:08:54Z', 'revision_number': 1}, Subnet: {'id': '7dd4923d-33c8-4651-a2bd-6feaa3f356ef', 'name': 'tempest-ServerTagsTestJSON-312450176-subnet', 'tenant_id': '8a22d437ed0e42089681884b0d28c182', 'network_id': 'f17b381d-4a1c-4a71-b92b-ddd5a5bc2809', 'ip_version': 4, 'subnetpool_id': None, 'enable_dhcp': True, 'ipv6_ra_mode': None, 'ipv6_address_mode': None, 'gateway_ip': '192.168.128.1', 'cidr': '192.168.128.0/28', 'allocation_pools': [{'start': '192.168.128.2', 'end': '192.168.128.14'}], 'host_routes': [], 'dns_nameservers': [], 'description': '', 'router:external': False, 'service_types': [], 'tags': [], 'created_at': '2024-09-30T23:08:54Z', 'updated_at': '2024-09-30T23:08:54Z', 'revision_number': 0, 'project_id': '8a22d437ed0e42089681884b0d28c182'}, Router: {'id': '6fc25eea-6b30-4c45-9de3-9f322d04cc69', 'name': 'tempest-ServerTagsTestJSON-312450176-router', 'tenant_id': '8a22d437ed0e42089681884b0d28c182', 'admin_state_up': True, 'status': 'ACTIVE', 'external_gateway_info': {'network_id': '3db006cf-99d3-49ea-9c24-e6990962716a', 'external_fixed_ips': [{'subnet_id': '51fbcc78-70f4-4514-a8da-734842112f5b', 'ip_address': '10.180.180.249'}], 'enable_snat': True}, 'description': '', 'availability_zones': [], 'distributed': False, 'ha': False, 'availability_zone_hints': [], 'routes': [], 'flavor_id': None, 'tags': [], 'created_at': '2024-09-30T23:08:55Z', 'updated_at': '2024-09-30T23:08:55Z', 'revision_number': 2, 'project_id': '8a22d437ed0e42089681884b0d28c182'}
2024-09-30 23:08:57.040 62277 INFO tempest.lib.common.rest_client [req-e0a6e189-80a4-40fb-8a6b-ba5784268a60 req-e0a6e189-80a4-40fb-8a6b-ba5784268a60 ] Request (ServerAddressesTestJSON:setUpClass): 200 GET http://10.180.1.21/compute/v2.1/servers/e9f0b620-b0af-4fe2-ac5d-e3f6c8c998b1 0.143s
2024-09-30 23:08:57.080 62225 INFO tempest.lib.common.rest_client [req-8a6f2471-cf40-4c23-bec7-19c979084800 req-8a6f2471-cf40-4c23-bec7-19c979084800 ] Request (MultipleCreateTestJSON:test_multiple_create): 200 GET http://10.180.1.21/compute/v2.1/servers/65ddff8e-971c-4485-b658-4611aea1176c 0.127s
2024-09-30 23:08:57.103 62249 INFO tempest.lib.common.rest_client [req-30b03f5c-8514-4e91-b416-4069a3363730 req-30b03f5c-8514-4e91-b416-4069a3363730 ] Request (ImagesTestJSON:test_create_image_from_suspended_server): 200 GET http://10.180.1.21/compute/v2.1/servers/02fe490b-75c8-406b-98e0-aa200f249673 0.114s
2024-09-30 23:08:57.119 62267 INFO tempest.lib.common.rest_client [req-67950d8c-7e17-48d4-a54c-b81afc247709 req-67950d8c-7e17-48d4-a54c-b81afc247709 ] Request (ServerTagsTestJSON:setUpClass): 201 POST http://10.180.1.21/identity/v3/auth/tokens 0.089s
2024-09-30 23:08:57.130 62227 INFO tempest.lib.common.rest_client [req-e2717a7e-b612-4106-9c52-f958db800c9e req-e2717a7e-b612-4106-9c52-f958db800c9e ] Request (ServerGroupTestJSON:test_create_server_with_scheduler_hint_group): 200 GET http://10.180.1.21/compute/v2.1/servers/49e0d752-6f88-45c4-bd6a-d9fe4f526a2f 0.103s
2024-09-30 23:08:57.158 62267 INFO tempest.lib.common.rest_client [req-30a4329a-daa4-470c-91a5-7e4b3a469bee req-30a4329a-daa4-470c-91a5-7e4b3a469bee ] Request (ServerTagsTestJSON:setUpClass): 201 POST http://10.180.1.21/identity/v3/auth/tokens 0.034s
2024-09-30 23:08:57.159 62267 INFO tempest.lib.common.fixed_network [-] (ServerTagsTestJSON:setUpClass) Found network {'id': 'f17b381d-4a1c-4a71-b92b-ddd5a5bc2809', 'name': 'tempest-ServerTagsTestJSON-312450176-network', 'tenant_id': '8a22d437ed0e42089681884b0d28c182', 'admin_state_up': True, 'mtu': 8950, 'status': 'ACTIVE', 'subnets': [], 'shared': False, 'project_id': '8a22d437ed0e42089681884b0d28c182', 'port_security_enabled': True, 'router:external': False, 'provider:network_type': 'vlan', 'provider:physical_network': 'default', 'provider:segmentation_id': 612, 'is_default': False, 'availability_zone_hints': [], 'availability_zones': [], 'ipv4_address_scope': None, 'ipv6_address_scope': None, 'description': '', 'tags': [], 'created_at': '2024-09-30T23:08:54Z', 'updated_at': '2024-09-30T23:08:54Z', 'revision_number': 1} available for tenant
2024-09-30 23:08:57.165 62271 INFO tempest.lib.common.rest_client [req-4d2a3481-004e-4350-8217-927488e0d5c4 req-4d2a3481-004e-4350-8217-927488e0d5c4 ] Request (ImagesOneServerTestJSON:setUpClass): 200 GET http://10.180.1.21/compute/v2.1/servers/630e0959-6d7f-401d-b84c-1c098f54bf60 0.090s
2024-09-30 23:08:57.182 62223 INFO tempest.lib.common.rest_client [req-6af5acd0-1cb3-49a2-871f-808dd33f1aba req-6af5acd0-1cb3-49a2-871f-808dd33f1aba ] Request (ServerDiagnosticsTest:test_get_server_diagnostics): 200 GET http://10.180.1.21/compute/v2.1/servers/fa943137-caf1-4b41-b644-c9146f72f956 0.061s
2024-09-30 23:08:57.235 62265 INFO tempest.lib.common.rest_client [req-577f7f17-dd32-4b8b-b5b5-3c4b42e362d9 req-577f7f17-dd32-4b8b-b5b5-3c4b42e362d9 ] Request (TenantUsagesTestJSON:setUpClass): 200 GET http://10.180.1.21/compute/v2.1/servers/6c0bc598-eae5-4e5b-a3b2-b4bb90bc8d59 0.050s
2024-09-30 23:08:57.280 62275 INFO tempest.lib.common.rest_client [req-76c51fb1-da19-43a2-8d14-51f61933bf16 req-76c51fb1-da19-43a2-8d14-51f61933bf16 ] Request (DeleteServersAdminTestJSON:test_delete_server_while_in_error_state): 200 GET http://10.180.1.21/compute/v2.1/servers/967bc997-543f-4b35-968b-c530b82d9db0 0.061s
2024-09-30 23:08:57.326 62239 INFO tempest.lib.common.rest_client [req-44e9bee0-128c-4b68-ae4e-be1cc5cbbf11 req-44e9bee0-128c-4b68-ae4e-be1cc5cbbf11 ] Request (FloatingIPsAssociationTestJSON:setUpClass): 201 POST http://10.180.1.21:9696/networking/v2.0/routers 0.904s
2024-09-30 23:08:57.337 62237 INFO tempest.lib.common.rest_client [req-467aa21a-f67f-4662-9565-615b00825391 req-467aa21a-f67f-4662-9565-615b00825391 ] Request (ListImageFiltersTestJSON:setUpClass): 200 GET http://10.180.1.21/compute/v2.1/servers/89a97f81-bcd9-49e5-bbd3-9140f6638a20 0.051s
2024-09-30 23:08:57.501 62281 INFO tempest.lib.common.rest_client [req-64df5350-7926-493a-9d38-10aeb6832ce4 req-64df5350-7926-493a-9d38-10aeb6832ce4 ] Request (ServerAddressesNegativeTestJSON:setUpClass): 200 GET http://10.180.1.21/compute/v2.1/servers/388b62aa-6647-4aca-acb2-8d7d7d424c8c 0.064s
2024-09-30 23:08:57.552 62261 INFO tempest.lib.common.rest_client [req-e9eebfb1-5214-4b2d-b443-4cc49da19b19 req-e9eebfb1-5214-4b2d-b443-4cc49da19b19 ] Request (ServersAaction247Test:test_create_backup): 200 GET http://10.180.1.21/compute/v2.1/servers/e6c56d86-e428-49fb-9944-293ad5e5948c 0.089s
2024-09-30 23:08:57.611 62231 INFO tempest.lib.common.rest_client [req-c9fa7c9e-cf44-4088-b8d6-49c135c54a07 req-c9fa7c9e-cf44-4088-b8d6-49c135c54a07 ] Request (ServerDiskConfigTestJSON:test_rebuild_server_with_manual_disk_config): 200 GET http://10.180.1.21/compute/v2.1/servers/40fefd68-3d6f-4451-997f-e8fa49847dea 0.101s
2024-09-30 23:08:57.676 62251 INFO tempest.lib.common.rest_client [req-db194649-d64a-410c-a546-29a710a1e2bb req-db194649-d64a-410c-a546-29a710a1e2bb ] Request (ServerDiagnosticsV248Test:tearDownClass): 200 GET http://10.180.1.21/compute/v2.1/servers/6bf0d1f1-d079-4956-bc9a-86ba66885f3a 0.157s
2024-09-30 23:08:57.683 62251 INFO tempest.common.waiters [-] State transition "ACTIVE/deleting" ==> "DELETED/None" after 4 second wait
2024-09-30 23:08:57.732 62279 INFO tempest.lib.common.rest_client [req-2a4f3179-b414-4a01-bf3e-67baf7587481 req-2a4f3179-b414-4a01-bf3e-67baf7587481 ] Request (ServerMetadataTestJSON:setUpClass): 200 GET http://10.180.1.21/compute/v2.1/servers/0b4b3bdb-7393-47ab-abc1-44c47496cb3a 0.155s
2024-09-30 23:08:57.786 62233 INFO tempest.lib.common.rest_client [req-e3adc14b-ed44-45d7-97a2-c8e9d6880555 req-e3adc14b-ed44-45d7-97a2-c8e9d6880555 ] Request (ServersTestManualDisk:setUpClass): 200 GET http://10.180.1.21/compute/v2.1/servers/466a5f5a-f48a-4921-8bcb-44a1840c8141 0.138s
2024-09-30 23:08:57.827 62267 INFO tempest.lib.common.rest_client [req-b0f417c2-10ad-4101-a404-b55e20b1bbcc req-b0f417c2-10ad-4101-a404-b55e20b1bbcc ] Request (ServerTagsTestJSON:setUpClass): 202 POST http://10.180.1.21/compute/v2.1/servers 0.667s
2024-09-30 23:08:57.839 62269 INFO tempest.lib.common.rest_client [req-bd689fcd-f5b7-476a-ac57-487f0ef17614 req-bd689fcd-f5b7-476a-ac57-487f0ef17614 ] Request (ImagesOneServerNegativeTestJSON:setUpClass): 200 GET http://10.180.1.21/compute/v2.1/servers/ea6c2120-a69a-42c7-bc92-3e74539c008d 0.112s
2024-09-30 23:08:57.891 62253 INFO tempest.lib.common.rest_client [req-643f7c12-a6a3-4bc9-8dd8-f04bcec6ad7a req-643f7c12-a6a3-4bc9-8dd8-f04bcec6ad7a ] Request (FloatingIPsAssociationNegativeTestJSON:setUpClass): 200 GET http://10.180.1.21/compute/v2.1/servers/8ff4ebb9-57ea-49d2-8d3c-5876da61e77b 0.113s
2024-09-30 23:08:57.906 62243 INFO tempest.lib.common.rest_client [req-d850a5c0-f306-49b0-b044-27497751bb79 req-d850a5c0-f306-49b0-b044-27497751bb79 ] Request (ServerActionsTestOtherB:setUpClass): 200 GET http://10.180.1.21/compute/v2.1/servers/bac5a3bc-5a58-4c1d-abb8-1aaf6151358a 0.153s
2024-09-30 23:08:57.915 62243 INFO tempest.common.waiters [-] State transition "BUILD/spawning" ==> "ERROR/None" after 68 second wait
2024-09-30 23:08:57.945 62267 INFO tempest.lib.common.rest_client [req-23d3123b-b332-478d-987d-b3e281732730 req-23d3123b-b332-478d-987d-b3e281732730 ] Request (ServerTagsTestJSON:setUpClass): 200 GET http://10.180.1.21/compute/v2.1/servers/d55395cc-0b92-4e99-9b80-913c19f6c7f4 0.117s
2024-09-30 23:08:57.962 62285 INFO tempest.lib.common.rest_client [req-a1dddcee-5923-4587-b93d-c1007d0e5662 req-a1dddcee-5923-4587-b93d-c1007d0e5662 ] Request (ServerPasswordTestJSON:setUpClass): 200 GET http://10.180.1.21/compute/v2.1/servers/ab2edc70-b4c6-4db3-b0d6-53148764efdd 0.158s
2024-09-30 23:08:58.005 62273 INFO tempest.lib.common.rest_client [req-04a300e9-1e72-4701-9cc2-059581c59c60 req-04a300e9-1e72-4701-9cc2-059581c59c60 ] Request (ServersAdminTestJSON:setUpClass): 200 GET http://10.180.1.21/compute/v2.1/servers/c7bfab3b-bfb1-416f-a302-9956c4fb0748 0.156s
2024-09-30 23:08:58.023 62235 INFO tempest.lib.common.rest_client [req-600232c9-51d8-4baa-9465-067ca8315ed9 req-600232c9-51d8-4baa-9465-067ca8315ed9 ] Request (ServersNegativeTestJSON:setUpClass): 200 GET http://10.180.1.21/compute/v2.1/servers/51a36102-795e-47b7-b96a-857e54dc703e 0.158s
2024-09-30 23:08:58.081 62245 INFO tempest.lib.common.rest_client [req-ef321c6f-0e7e-4d99-b906-adf95acb46ce req-ef321c6f-0e7e-4d99-b906-adf95acb46ce ] Request (VolumesAdminNegativeTest:test_update_attached_volume_with_nonexistent_volume_in_body): 200 GET http://10.180.1.21/compute/v2.1/servers/c8e5d6c1-44a0-465f-a0dd-03e519f3d5ec 0.150s
2024-09-30 23:08:58.139 62255 INFO tempest.lib.common.rest_client [req-15611a8c-cb6f-4885-9256-24459b871891 req-15611a8c-cb6f-4885-9256-24459b871891 ] Request (ServersTestMultiNic:test_verify_multiple_nics_order): 200 GET http://10.180.1.21/compute/v2.1/servers/93174a10-f8b1-4789-ab3c-dda07bdddaa8 0.198s
2024-09-30 23:08:58.143 62229 INFO tempest.lib.common.rest_client [req-1dd79d7b-b9c8-4e9b-96af-adaed3831b65 req-1dd79d7b-b9c8-4e9b-96af-adaed3831b65 ] Request (VolumesAssistedSnapshotsTest:_run_cleanups): 404 GET http://10.180.1.21/volume/v3/62bf645e384142f49f363025386aca82/volumes/09eb2226-e2e5-41da-a5ef-f718dfd068c4 0.142s
2024-09-30 23:08:58.190 62247 INFO tempest.lib.common.rest_client [req-51dabfc6-4e55-44ff-a1c7-4bb72896ee82 req-51dabfc6-4e55-44ff-a1c7-4bb72896ee82 ] Request (ServersTestFqdnHostnames:test_create_server_with_fqdn_name): 200 GET http://10.180.1.21/compute/v2.1/servers/96bbc732-cb58-4de2-80d3-c527228adaea 0.215s
2024-09-30 23:08:58.201 62243 INFO tempest.lib.common.rest_client [req-6cc7326a-4d20-4992-9583-d350239168f6 req-6cc7326a-4d20-4992-9583-d350239168f6 ] Request (ServerActionsTestOtherB:setUpClass): 204 DELETE http://10.180.1.21/compute/v2.1/servers/bac5a3bc-5a58-4c1d-abb8-1aaf6151358a 0.285s
2024-09-30 23:08:58.237 62241 INFO tempest.lib.common.rest_client [req-ef782928-6e21-4216-b033-ff2bbe26a94e req-ef782928-6e21-4216-b033-ff2bbe26a94e ] Request (MigrationsAdminTest:test_resize_server_revert_deleted_flavor): 200 GET http://10.180.1.21/compute/v2.1/servers/80f13fca-2df1-4aa0-96f1-b61a60c4fdc6 0.243s
2024-09-30 23:08:58.258 62283 INFO tempest.lib.common.rest_client [req-0f0ace68-4529-49eb-bffd-859a6c6e945d req-0f0ace68-4529-49eb-bffd-859a6c6e945d ] Request (DeleteServersTestJSON:test_delete_active_server): 200 GET http://10.180.1.21/compute/v2.1/servers/1915d6b8-2798-4e35-9a35-4191659c2cb6 0.222s
2024-09-30 23:08:58.302 62277 INFO tempest.lib.common.rest_client [req-a7bd1f06-9d12-4e5c-8974-d47dec19eec1 req-a7bd1f06-9d12-4e5c-8974-d47dec19eec1 ] Request (ServerAddressesTestJSON:setUpClass): 200 GET http://10.180.1.21/compute/v2.1/servers/e9f0b620-b0af-4fe2-ac5d-e3f6c8c998b1 0.254s
2024-09-30 23:08:58.319 62225 INFO tempest.lib.common.rest_client [req-bfb0c405-880d-4580-b80e-b26350c09705 req-bfb0c405-880d-4580-b80e-b26350c09705 ] Request (MultipleCreateTestJSON:test_multiple_create): 200 GET http://10.180.1.21/compute/v2.1/servers/65ddff8e-971c-4485-b658-4611aea1176c 0.233s
2024-09-30 23:08:58.365 62249 INFO tempest.lib.common.rest_client [req-1a8c6c42-fa99-4e87-a6e2-0d22a4588d44 req-1a8c6c42-fa99-4e87-a6e2-0d22a4588d44 ] Request (ImagesTestJSON:test_create_image_from_suspended_server): 200 GET http://10.180.1.21/compute/v2.1/servers/02fe490b-75c8-406b-98e0-aa200f249673 0.256s
2024-09-30 23:08:58.376 62227 INFO tempest.lib.common.rest_client [req-c9708210-19aa-4502-a794-9dea02c0d548 req-c9708210-19aa-4502-a794-9dea02c0d548 ] Request (ServerGroupTestJSON:test_create_server_with_scheduler_hint_group): 200 GET http://10.180.1.21/compute/v2.1/servers/49e0d752-6f88-45c4-bd6a-d9fe4f526a2f 0.232s
2024-09-30 23:08:58.382 62229 INFO tempest.lib.common.rest_client [req-f4fef7c2-ceea-45ba-81ae-aa7e15e10e11 req-f4fef7c2-ceea-45ba-81ae-aa7e15e10e11 ] Request (VolumesAssistedSnapshotsTest:tearDownClass): 202 DELETE http://10.180.1.21/compute/v2.1/os-keypairs/tempest-keypair-1967129595 0.230s
2024-09-30 23:08:58.444 62223 INFO tempest.lib.common.rest_client [req-766ddf00-bff5-423b-85ef-977faeccce91 req-766ddf00-bff5-423b-85ef-977faeccce91 ] Request (ServerDiagnosticsTest:test_get_server_diagnostics): 200 GET http://10.180.1.21/compute/v2.1/servers/fa943137-caf1-4b41-b644-c9146f72f956 0.253s
2024-09-30 23:08:58.444 62271 INFO tempest.lib.common.rest_client [req-7a5e9d90-e306-4112-aa41-da064702f1a0 req-7a5e9d90-e306-4112-aa41-da064702f1a0 ] Request (ImagesOneServerTestJSON:setUpClass): 200 GET http://10.180.1.21/compute/v2.1/servers/630e0959-6d7f-401d-b84c-1c098f54bf60 0.272s
2024-09-30 23:08:58.468 62243 INFO tempest.lib.common.rest_client [req-141062a7-970d-475b-ae70-ae8fb5176618 req-141062a7-970d-475b-ae70-ae8fb5176618 ] Request (ServerActionsTestOtherB:setUpClass): 404 GET http://10.180.1.21/compute/v2.1/servers/bac5a3bc-5a58-4c1d-abb8-1aaf6151358a 0.267s
2024-09-30 23:08:58.469 62243 INFO tempest.test [-] raised in ServerActionsTestOtherB.setUpClass. Invoking tearDownClass.
2024-09-30 23:08:58.504 62265 INFO tempest.lib.common.rest_client [req-3bf2bde3-d0e9-492c-8fa9-63a217836ab3 req-3bf2bde3-d0e9-492c-8fa9-63a217836ab3 ] Request (TenantUsagesTestJSON:setUpClass): 200 GET http://10.180.1.21/compute/v2.1/servers/6c0bc598-eae5-4e5b-a3b2-b4bb90bc8d59 0.260s
2024-09-30 23:08:58.516 62275 INFO tempest.lib.common.rest_client [req-77de5f3e-9758-4a33-a11c-9ff5a7b3a781 req-77de5f3e-9758-4a33-a11c-9ff5a7b3a781 ] Request (DeleteServersAdminTestJSON:test_delete_server_while_in_error_state): 200 GET http://10.180.1.21/compute/v2.1/servers/967bc997-543f-4b35-968b-c530b82d9db0 0.230s
2024-09-30 23:08:58.532 62229 INFO tempest.lib.common.rest_client [req-c0aba480-fd0d-4464-8239-fded184b9eb0 req-c0aba480-fd0d-4464-8239-fded184b9eb0 ] Request (VolumesAssistedSnapshotsTest:tearDownClass): 204 DELETE http://10.180.1.21:9696/networking/v2.0/security-groups/99b5ebda-8e16-4eb4-9bd3-97a45fb929fe 0.149s
2024-09-30 23:08:58.533 62239 INFO tempest.lib.common.rest_client [req-74b0f5b7-21b0-4437-8716-7c5ab267c863 req-74b0f5b7-21b0-4437-8716-7c5ab267c863 ] Request (FloatingIPsAssociationTestJSON:setUpClass): 200 PUT http://10.180.1.21:9696/networking/v2.0/routers/c942c4df-15da-4d56-8274-35b392068e92/add_router_interface 1.205s
2024-09-30 23:08:58.533 62239 INFO tempest.lib.common.dynamic_creds [-] Created isolated network resources for: credentials: Credentials: {'domain_id': 'default', 'domain_name': 'Default', 'username': 'tempest-FloatingIPsAssociationTestJSON-1326714254-project-member', 'project_domain_id': 'default', 'project_domain_name': 'Default', 'project_id': '8d8a522ba9bf422db98ca69c8d92b373', 'project_name': 'tempest-FloatingIPsAssociationTestJSON-1326714254', 'tenant_id': '8d8a522ba9bf422db98ca69c8d92b373', 'tenant_name': 'tempest-FloatingIPsAssociationTestJSON-1326714254', 'user_domain_id': 'default', 'user_domain_name': 'Default', 'user_id': '7d15929a29cb498485c2b3bf77da9457', 'system': None}, Network: {'id': '90535a3b-74ac-4bdc-a5ea-78272b01cab6', 'name': 'tempest-FloatingIPsAssociationTestJSON-1880668508-network', 'tenant_id': '8d8a522ba9bf422db98ca69c8d92b373', 'admin_state_up': True, 'mtu': 8950, 'status': 'ACTIVE', 'subnets': [], 'shared': False, 'project_id': '8d8a522ba9bf422db98ca69c8d92b373', 'port_security_enabled': True, 'router:external': False, 'provider:network_type': 'vlan', 'provider:physical_network': 'default', 'provider:segmentation_id': 28, 'is_default': False, 'availability_zone_hints': [], 'availability_zones': [], 'ipv4_address_scope': None, 'ipv6_address_scope': None, 'description': '', 'tags': [], 'created_at': '2024-09-30T23:08:55Z', 'updated_at': '2024-09-30T23:08:56Z', 'revision_number': 1}, Subnet: {'id': 'c5fc3fb9-8cb9-4e6d-9394-64269d271a4b', 'name': 'tempest-FloatingIPsAssociationTestJSON-1880668508-subnet', 'tenant_id': '8d8a522ba9bf422db98ca69c8d92b373', 'network_id': '90535a3b-74ac-4bdc-a5ea-78272b01cab6', 'ip_version': 4, 'subnetpool_id': None, 'enable_dhcp': True, 'ipv6_ra_mode': None, 'ipv6_address_mode': None, 'gateway_ip': '192.168.128.1', 'cidr': '192.168.128.0/28', 'allocation_pools': [{'start': '192.168.128.2', 'end': '192.168.128.14'}], 'host_routes': [], 'dns_nameservers': [], 'description': '', 'router:external': False, 'service_types': [], 'tags': [], 'created_at': '2024-09-30T23:08:56Z', 'updated_at': '2024-09-30T23:08:56Z', 'revision_number': 0, 'project_id': '8d8a522ba9bf422db98ca69c8d92b373'}, Router: {'id': 'c942c4df-15da-4d56-8274-35b392068e92', 'name': 'tempest-FloatingIPsAssociationTestJSON-1880668508-router', 'tenant_id': '8d8a522ba9bf422db98ca69c8d92b373', 'admin_state_up': True, 'status': 'ACTIVE', 'external_gateway_info': {'network_id': '3db006cf-99d3-49ea-9c24-e6990962716a', 'external_fixed_ips': [{'subnet_id': '51fbcc78-70f4-4514-a8da-734842112f5b', 'ip_address': '10.180.180.177'}], 'enable_snat': True}, 'description': '', 'availability_zones': [], 'distributed': False, 'ha': False, 'availability_zone_hints': [], 'routes': [], 'flavor_id': None, 'tags': [], 'created_at': '2024-09-30T23:08:56Z', 'updated_at': '2024-09-30T23:08:56Z', 'revision_number': 2, 'project_id': '8d8a522ba9bf422db98ca69c8d92b373'}
2024-09-30 23:08:58.537 62243 INFO tempest.lib.common.rest_client [req-e821551e-a48d-4529-9360-af812400075e req-e821551e-a48d-4529-9360-af812400075e ] Request (ServerActionsTestOtherB:tearDownClass): 202 DELETE http://10.180.1.21/compute/v2.1/os-keypairs/tempest-keypair-1028319296 0.067s
2024-09-30 23:08:58.545 62229 INFO tempest.lib.common.rest_client [req-aa57213b-95cd-4906-b795-57984904e7d2 req-aa57213b-95cd-4906-b795-57984904e7d2 ] Request (VolumesAssistedSnapshotsTest:tearDownClass): 404 GET http://10.180.1.21:9696/networking/v2.0/security-groups/99b5ebda-8e16-4eb4-9bd3-97a45fb929fe 0.012s
2024-09-30 23:08:58.590 62237 INFO tempest.lib.common.rest_client [req-81aad7c4-9946-49da-b2b5-44cb72eb4d7f req-81aad7c4-9946-49da-b2b5-44cb72eb4d7f ] Request (ListImageFiltersTestJSON:setUpClass): 200 GET http://10.180.1.21/compute/v2.1/servers/89a97f81-bcd9-49e5-bbd3-9140f6638a20 0.247s
2024-09-30 23:08:58.612 62281 INFO tempest.lib.common.rest_client [req-ee0c64b5-3789-471a-a765-bcea63e8afd0 req-ee0c64b5-3789-471a-a765-bcea63e8afd0 ] Request (ServerAddressesNegativeTestJSON:setUpClass): 200 GET http://10.180.1.21/compute/v2.1/servers/388b62aa-6647-4aca-acb2-8d7d7d424c8c 0.103s
2024-09-30 23:08:58.658 62239 INFO tempest.lib.common.rest_client [req-c44341a9-dd0c-456e-8744-c2e6eced93b0 req-c44341a9-dd0c-456e-8744-c2e6eced93b0 ] Request (FloatingIPsAssociationTestJSON:setUpClass): 201 POST http://10.180.1.21/identity/v3/auth/tokens 0.118s
2024-09-30 23:08:58.667 62261 INFO tempest.lib.common.rest_client [req-0e522817-1b8d-4404-af0b-dbff15f26a8f req-0e522817-1b8d-4404-af0b-dbff15f26a8f ] Request (ServersAaction247Test:test_create_backup): 200 GET http://10.180.1.21/compute/v2.1/servers/e6c56d86-e428-49fb-9944-293ad5e5948c 0.105s
2024-09-30 23:08:58.667 62243 INFO tempest.lib.common.rest_client [req-8387a763-8fd8-4492-ab0f-cc0575cc2ba9 req-8387a763-8fd8-4492-ab0f-cc0575cc2ba9 ] Request (ServerActionsTestOtherB:tearDownClass): 204 DELETE http://10.180.1.21:9696/networking/v2.0/security-groups/f944d019-afee-4bbe-9330-c0e850d72901 0.129s
2024-09-30 23:08:58.676 62231 INFO tempest.lib.common.rest_client [req-961572cf-ea61-4867-a6a5-db81a5d63142 req-961572cf-ea61-4867-a6a5-db81a5d63142 ] Request (ServerDiskConfigTestJSON:test_rebuild_server_with_manual_disk_config): 200 GET http://10.180.1.21/compute/v2.1/servers/40fefd68-3d6f-4451-997f-e8fa49847dea 0.055s
2024-09-30 23:08:58.676 62243 INFO tempest.lib.common.rest_client [req-dc495a05-3103-4cea-aa09-3032c9bae2b6 req-dc495a05-3103-4cea-aa09-3032c9bae2b6 ] Request (ServerActionsTestOtherB:tearDownClass): 404 GET http://10.180.1.21:9696/networking/v2.0/security-groups/f944d019-afee-4bbe-9330-c0e850d72901 0.009s
2024-09-30 23:08:58.719 62239 INFO tempest.lib.common.rest_client [req-de01c158-5974-4f1a-9788-3fc31d669047 req-de01c158-5974-4f1a-9788-3fc31d669047 ] Request (FloatingIPsAssociationTestJSON:setUpClass): 201 POST http://10.180.1.21/identity/v3/auth/tokens 0.055s
2024-09-30 23:08:58.719 62239 INFO tempest.lib.common.fixed_network [-] (FloatingIPsAssociationTestJSON:setUpClass) Found network {'id': '90535a3b-74ac-4bdc-a5ea-78272b01cab6', 'name': 'tempest-FloatingIPsAssociationTestJSON-1880668508-network', 'tenant_id': '8d8a522ba9bf422db98ca69c8d92b373', 'admin_state_up': True, 'mtu': 8950, 'status': 'ACTIVE', 'subnets': [], 'shared': False, 'project_id': '8d8a522ba9bf422db98ca69c8d92b373', 'port_security_enabled': True, 'router:external': False, 'provider:network_type': 'vlan', 'provider:physical_network': 'default', 'provider:segmentation_id': 28, 'is_default': False, 'availability_zone_hints': [], 'availability_zones': [], 'ipv4_address_scope': None, 'ipv6_address_scope': None, 'description': '', 'tags': [], 'created_at': '2024-09-30T23:08:55Z', 'updated_at': '2024-09-30T23:08:56Z', 'revision_number': 1} available for tenant
2024-09-30 23:08:58.765 62251 INFO tempest.lib.common.rest_client [req-dfec9ebd-0b2e-43fd-bf87-7c87bd3f2cd2 req-dfec9ebd-0b2e-43fd-bf87-7c87bd3f2cd2 ] Request (ServerDiagnosticsV248Test:tearDownClass): 200 GET http://10.180.1.21/compute/v2.1/servers/6bf0d1f1-d079-4956-bc9a-86ba66885f3a 0.079s
2024-09-30 23:08:58.806 62229 INFO tempest.lib.common.rest_client [req-3e98af7a-8dc6-4f9d-bdb6-9ad7a3b12048 req-3e98af7a-8dc6-4f9d-bdb6-9ad7a3b12048 ] Request (VolumesAssistedSnapshotsTest:tearDownClass): 204 DELETE http://10.180.1.21:9696/networking/v2.0/floatingips/479cc3cb-c61c-447a-8876-8c5a6b587d2c 0.260s
2024-09-30 23:08:58.820 62279 INFO tempest.lib.common.rest_client [req-3c211f10-af6f-4e34-bbcb-65f4f24e6fb6 req-3c211f10-af6f-4e34-bbcb-65f4f24e6fb6 ] Request (ServerMetadataTestJSON:setUpClass): 200 GET http://10.180.1.21/compute/v2.1/servers/0b4b3bdb-7393-47ab-abc1-44c47496cb3a 0.080s
2024-09-30 23:08:58.828 62229 INFO tempest.lib.common.rest_client [req-3c2af93f-58f3-4d62-ab58-78a88faf6d84 req-3c2af93f-58f3-4d62-ab58-78a88faf6d84 ] Request (VolumesAssistedSnapshotsTest:tearDownClass): 404 DELETE http://10.180.1.21/volume/v3/62bf645e384142f49f363025386aca82/volumes/09eb2226-e2e5-41da-a5ef-f718dfd068c4 0.022s
2024-09-30 23:08:58.844 62229 INFO tempest.lib.common.rest_client [req-f32c6094-5025-4f69-99d5-5ec14fe525c2 req-f32c6094-5025-4f69-99d5-5ec14fe525c2 ] Request (VolumesAssistedSnapshotsTest:tearDownClass): 404 GET http://10.180.1.21/volume/v3/62bf645e384142f49f363025386aca82/volumes/09eb2226-e2e5-41da-a5ef-f718dfd068c4 0.015s
2024-09-30 23:08:58.895 62233 INFO tempest.lib.common.rest_client [req-20e99acd-56df-4411-acb6-a2610115e8d3 req-20e99acd-56df-4411-acb6-a2610115e8d3 ] Request (ServersTestManualDisk:setUpClass): 200 GET http://10.180.1.21/compute/v2.1/servers/466a5f5a-f48a-4921-8bcb-44a1840c8141 0.098s
2024-09-30 23:08:58.956 62269 INFO tempest.lib.common.rest_client [req-70324e69-a395-4e98-9648-39ed54aa069b req-70324e69-a395-4e98-9648-39ed54aa069b ] Request (ImagesOneServerNegativeTestJSON:setUpClass): 200 GET http://10.180.1.21/compute/v2.1/servers/ea6c2120-a69a-42c7-bc92-3e74539c008d 0.107s
2024-09-30 23:08:59.022 62253 INFO tempest.lib.common.rest_client [req-8e88dd8c-12bd-4cb6-a983-fbf0d0fff800 req-8e88dd8c-12bd-4cb6-a983-fbf0d0fff800 ] Request (FloatingIPsAssociationNegativeTestJSON:setUpClass): 200 GET http://10.180.1.21/compute/v2.1/servers/8ff4ebb9-57ea-49d2-8d3c-5876da61e77b 0.119s
2024-09-30 23:08:59.034 62243 INFO tempest.lib.common.rest_client [req-3adc98ef-8867-48f9-8a35-652b6d0dc8e7 req-3adc98ef-8867-48f9-8a35-652b6d0dc8e7 ] Request (ServerActionsTestOtherB:tearDownClass): 204 DELETE http://10.180.1.21:9696/networking/v2.0/floatingips/d52e4bee-8cbf-4c67-b002-43393f80ed91 0.358s
2024-09-30 23:08:59.089 62267 INFO tempest.lib.common.rest_client [req-cee5c3dc-8092-445c-bf4a-3ba81e64b160 req-cee5c3dc-8092-445c-bf4a-3ba81e64b160 ] Request (ServerTagsTestJSON:setUpClass): 200 GET http://10.180.1.21/compute/v2.1/servers/d55395cc-0b92-4e99-9b80-913c19f6c7f4 0.130s
2024-09-30 23:08:59.115 62239 INFO tempest.lib.common.rest_client [req-4a0d9afa-da47-43bc-bf5f-fca4fa31d438 req-4a0d9afa-da47-43bc-bf5f-fca4fa31d438 ] Request (FloatingIPsAssociationTestJSON:setUpClass): 202 POST http://10.180.1.21/compute/v2.1/servers 0.395s
2024-09-30 23:08:59.149 62285 INFO tempest.lib.common.rest_client [req-e1dd8aae-2bbd-4bba-9eaa-362f963173f1 req-e1dd8aae-2bbd-4bba-9eaa-362f963173f1 ] Request (ServerPasswordTestJSON:setUpClass): 200 GET http://10.180.1.21/compute/v2.1/servers/ab2edc70-b4c6-4db3-b0d6-53148764efdd 0.179s
2024-09-30 23:08:59.177 62273 INFO tempest.lib.common.rest_client [req-4e1c7ef3-3907-4852-a461-ccf4e595fe5f req-4e1c7ef3-3907-4852-a461-ccf4e595fe5f ] Request (ServersAdminTestJSON:setUpClass): 200 GET http://10.180.1.21/compute/v2.1/servers/c7bfab3b-bfb1-416f-a302-9956c4fb0748 0.164s
2024-09-30 23:08:59.203 62235 INFO tempest.lib.common.rest_client [req-11fa1c05-4359-4fbd-8db1-0a1998119cfc req-11fa1c05-4359-4fbd-8db1-0a1998119cfc ] Request (ServersNegativeTestJSON:setUpClass): 200 GET http://10.180.1.21/compute/v2.1/servers/51a36102-795e-47b7-b96a-857e54dc703e 0.173s
2024-09-30 23:08:59.234 62245 INFO tempest.lib.common.rest_client [req-b4f67563-a5e4-47af-b4dc-dc986fa68052 req-b4f67563-a5e4-47af-b4dc-dc986fa68052 ] Request (VolumesAdminNegativeTest:test_update_attached_volume_with_nonexistent_volume_in_body): 200 GET http://10.180.1.21/compute/v2.1/servers/c8e5d6c1-44a0-465f-a0dd-03e519f3d5ec 0.144s
2024-09-30 23:08:59.250 62239 INFO tempest.lib.common.rest_client [req-2d3e6b1e-c6a7-4258-b6b4-8bda973f27fc req-2d3e6b1e-c6a7-4258-b6b4-8bda973f27fc ] Request (FloatingIPsAssociationTestJSON:setUpClass): 200 GET http://10.180.1.21/compute/v2.1/servers/4edd0159-6db1-41bd-a616-31a34e984059 0.133s
2024-09-30 23:08:59.297 62255 INFO tempest.lib.common.rest_client [req-971c36f7-bd06-49dd-8e1c-b95eb7fd4e93 req-971c36f7-bd06-49dd-8e1c-b95eb7fd4e93 ] Request (ServersTestMultiNic:test_verify_multiple_nics_order): 200 GET http://10.180.1.21/compute/v2.1/servers/93174a10-f8b1-4789-ab3c-dda07bdddaa8 0.149s
2024-09-30 23:08:59.305 62247 INFO tempest.lib.common.rest_client [req-4f9b0ed0-b392-468c-aa68-2318ffa4b9b3 req-4f9b0ed0-b392-468c-aa68-2318ffa4b9b3 ] Request (ServersTestFqdnHostnames:test_create_server_with_fqdn_name): 200 GET http://10.180.1.21/compute/v2.1/servers/96bbc732-cb58-4de2-80d3-c527228adaea 0.106s
2024-09-30 23:08:59.315 62247 INFO tempest.common.waiters [-] State transition "BUILD/scheduling" ==> "BUILD/None" after 50 second wait
2024-09-30 23:08:59.357 62241 INFO tempest.lib.common.rest_client [req-8952e573-9941-4256-8bac-03c1f5b04423 req-8952e573-9941-4256-8bac-03c1f5b04423 ] Request (MigrationsAdminTest:test_resize_server_revert_deleted_flavor): 200 GET http://10.180.1.21/compute/v2.1/servers/80f13fca-2df1-4aa0-96f1-b61a60c4fdc6 0.110s
2024-09-30 23:08:59.362 62283 INFO tempest.lib.common.rest_client [req-b3f8ee4d-eb2f-41e9-ab43-d1e86cc8d0be req-b3f8ee4d-eb2f-41e9-ab43-d1e86cc8d0be ] Request (DeleteServersTestJSON:test_delete_active_server): 200 GET http://10.180.1.21/compute/v2.1/servers/1915d6b8-2798-4e35-9a35-4191659c2cb6 0.097s
2024-09-30 23:08:59.417 62225 INFO tempest.lib.common.rest_client [req-3f90f9c2-42ed-4f77-8f4f-a8700895cbbc req-3f90f9c2-42ed-4f77-8f4f-a8700895cbbc ] Request (MultipleCreateTestJSON:test_multiple_create): 200 GET http://10.180.1.21/compute/v2.1/servers/65ddff8e-971c-4485-b658-4611aea1176c 0.087s
2024-09-30 23:08:59.415 62277 INFO tempest.lib.common.rest_client [req-edd0e4b3-9cba-4bcd-bddb-11a8acc24ee0 req-edd0e4b3-9cba-4bcd-bddb-11a8acc24ee0 ] Request (ServerAddressesTestJSON:setUpClass): 200 GET http://10.180.1.21/compute/v2.1/servers/e9f0b620-b0af-4fe2-ac5d-e3f6c8c998b1 0.102s
2024-09-30 23:08:59.477 62227 INFO tempest.lib.common.rest_client [req-01ad3be8-f668-4b35-9f12-6b27c2b979bf req-01ad3be8-f668-4b35-9f12-6b27c2b979bf ] Request (ServerGroupTestJSON:test_create_server_with_scheduler_hint_group): 200 GET http://10.180.1.21/compute/v2.1/servers/49e0d752-6f88-45c4-bd6a-d9fe4f526a2f 0.092s
2024-09-30 23:08:59.482 62249 INFO tempest.lib.common.rest_client [req-2a845d60-13e4-4679-9903-4a32b1d7f3a9 req-2a845d60-13e4-4679-9903-4a32b1d7f3a9 ] Request (ImagesTestJSON:test_create_image_from_suspended_server): 200 GET http://10.180.1.21/compute/v2.1/servers/02fe490b-75c8-406b-98e0-aa200f249673 0.108s
2024-09-30 23:08:59.536 62271 INFO tempest.lib.common.rest_client [req-99d4b2ba-f0e1-4c6e-adfb-62b61529c4af req-99d4b2ba-f0e1-4c6e-adfb-62b61529c4af ] Request (ImagesOneServerTestJSON:setUpClass): 200 GET http://10.180.1.21/compute/v2.1/servers/630e0959-6d7f-401d-b84c-1c098f54bf60 0.080s
2024-09-30 23:08:59.540 62223 INFO tempest.lib.common.rest_client [req-5f0331a8-0c30-4fbb-b4af-b0f8ce1c7ddc req-5f0331a8-0c30-4fbb-b4af-b0f8ce1c7ddc ] Request (ServerDiagnosticsTest:test_get_server_diagnostics): 200 GET http://10.180.1.21/compute/v2.1/servers/fa943137-caf1-4b41-b644-c9146f72f956 0.086s
2024-09-30 23:08:59.593 62265 INFO tempest.lib.common.rest_client [req-7b5bb7b9-97bd-4a6c-8b8b-349b7b30841f req-7b5bb7b9-97bd-4a6c-8b8b-349b7b30841f ] Request (TenantUsagesTestJSON:setUpClass): 200 GET http://10.180.1.21/compute/v2.1/servers/6c0bc598-eae5-4e5b-a3b2-b4bb90bc8d59 0.081s
2024-09-30 23:08:59.596 62275 INFO tempest.lib.common.rest_client [req-de4ec87d-068d-479f-918d-18caf34b4d29 req-de4ec87d-068d-479f-918d-18caf34b4d29 ] Request (DeleteServersAdminTestJSON:test_delete_server_while_in_error_state): 200 GET http://10.180.1.21/compute/v2.1/servers/967bc997-543f-4b35-968b-c530b82d9db0 0.069s
2024-09-30 23:08:59.654 62237 INFO tempest.lib.common.rest_client [req-1c34a201-1c68-4569-bfb0-cd3e9b670201 req-1c34a201-1c68-4569-bfb0-cd3e9b670201 ] Request (ListImageFiltersTestJSON:setUpClass): 200 GET http://10.180.1.21/compute/v2.1/servers/89a97f81-bcd9-49e5-bbd3-9140f6638a20 0.055s
2024-09-30 23:08:59.748 62261 INFO tempest.lib.common.rest_client [req-726ce3db-d6ef-482b-b605-95ecd1af8fe4 req-726ce3db-d6ef-482b-b605-95ecd1af8fe4 ] Request (ServersAaction247Test:test_create_backup): 200 GET http://10.180.1.21/compute/v2.1/servers/e6c56d86-e428-49fb-9944-293ad5e5948c 0.069s
2024-09-30 23:08:59.760 62261 INFO tempest.common.waiters [-] State transition "BUILD/None" ==> "BUILD/networking" after 61 second wait
2024-09-30 23:08:59.808 62231 INFO tempest.lib.common.rest_client [req-7f93d4c1-3a47-42d3-984a-7b9def55dca5 req-7f93d4c1-3a47-42d3-984a-7b9def55dca5 ] Request (ServerDiskConfigTestJSON:test_rebuild_server_with_manual_disk_config): 200 GET http://10.180.1.21/compute/v2.1/servers/40fefd68-3d6f-4451-997f-e8fa49847dea 0.119s
2024-09-30 23:08:59.850 62281 INFO tempest.lib.common.rest_client [req-aec8b51f-6e86-4455-ba4a-acb028db3b38 req-aec8b51f-6e86-4455-ba4a-acb028db3b38 ] Request (ServerAddressesNegativeTestJSON:setUpClass): 200 GET http://10.180.1.21/compute/v2.1/servers/388b62aa-6647-4aca-acb2-8d7d7d424c8c 0.228s
2024-09-30 23:08:59.873 62251 INFO tempest.lib.common.rest_client [req-1a800848-547c-4317-a323-cdc937e56d88 req-1a800848-547c-4317-a323-cdc937e56d88 ] Request (ServerDiagnosticsV248Test:tearDownClass): 200 GET http://10.180.1.21/compute/v2.1/servers/6bf0d1f1-d079-4956-bc9a-86ba66885f3a 0.099s
2024-09-30 23:08:59.892 62243 INFO tempest.lib.common.rest_client [req-a38332a5-5bce-4ed1-8f71-aeed62168a70 req-a38332a5-5bce-4ed1-8f71-aeed62168a70 ] Request (ServerActionsTestOtherB:tearDownClass): 200 PUT http://10.180.1.21:9696/networking/v2.0/routers/2d63d32b-d0b9-40b0-a202-65084b63354c/remove_router_interface 0.857s
2024-09-30 23:08:59.908 62279 INFO tempest.lib.common.rest_client [req-cceb3ee6-ae47-4fac-a265-e47c110b36c8 req-cceb3ee6-ae47-4fac-a265-e47c110b36c8 ] Request (ServerMetadataTestJSON:setUpClass): 200 GET http://10.180.1.21/compute/v2.1/servers/0b4b3bdb-7393-47ab-abc1-44c47496cb3a 0.079s
2024-09-30 23:08:59.926 62229 INFO tempest.lib.common.rest_client [req-43bcf687-8a84-465a-986d-f9a9c82127ca req-43bcf687-8a84-465a-986d-f9a9c82127ca ] Request (VolumesAssistedSnapshotsTest:tearDownClass): 200 PUT http://10.180.1.21:9696/networking/v2.0/routers/6a99c348-b5f4-430a-a22d-09a7b46b8fbe/remove_router_interface 1.082s
2024-09-30 23:08:59.961 62233 INFO tempest.lib.common.rest_client [req-3a40d417-bac9-4c9e-b70b-c78348c8c100 req-3a40d417-bac9-4c9e-b70b-c78348c8c100 ] Request (ServersTestManualDisk:setUpClass): 200 GET http://10.180.1.21/compute/v2.1/servers/466a5f5a-f48a-4921-8bcb-44a1840c8141 0.059s
2024-09-30 23:09:00.026 62269 INFO tempest.lib.common.rest_client [req-121e765f-6fd9-4811-a72b-60ff5d9e31f4 req-121e765f-6fd9-4811-a72b-60ff5d9e31f4 ] Request (ImagesOneServerNegativeTestJSON:setUpClass): 200 GET http://10.180.1.21/compute/v2.1/servers/ea6c2120-a69a-42c7-bc92-3e74539c008d 0.061s
2024-09-30 23:09:00.085 62253 INFO tempest.lib.common.rest_client [req-a9dbc36d-34ec-4b54-8051-984362e44f22 req-a9dbc36d-34ec-4b54-8051-984362e44f22 ] Request (FloatingIPsAssociationNegativeTestJSON:setUpClass): 200 GET http://10.180.1.21/compute/v2.1/servers/8ff4ebb9-57ea-49d2-8d3c-5876da61e77b 0.054s
2024-09-30 23:09:00.150 62267 INFO tempest.lib.common.rest_client [req-fefb00c9-82ef-4ded-bef0-9d576e9c9d4e req-fefb00c9-82ef-4ded-bef0-9d576e9c9d4e ] Request (ServerTagsTestJSON:setUpClass): 200 GET http://10.180.1.21/compute/v2.1/servers/d55395cc-0b92-4e99-9b80-913c19f6c7f4 0.050s
2024-09-30 23:09:00.208 62285 INFO tempest.lib.common.rest_client [req-4f11cbc9-f374-41ca-a07b-df0dc8e3ef5d req-4f11cbc9-f374-41ca-a07b-df0dc8e3ef5d ] Request (ServerPasswordTestJSON:setUpClass): 200 GET http://10.180.1.21/compute/v2.1/servers/ab2edc70-b4c6-4db3-b0d6-53148764efdd 0.051s
2024-09-30 23:09:00.244 62273 INFO tempest.lib.common.rest_client [req-2673309f-0730-4a2d-8fe0-d55558de776e req-2673309f-0730-4a2d-8fe0-d55558de776e ] Request (ServersAdminTestJSON:setUpClass): 200 GET http://10.180.1.21/compute/v2.1/servers/c7bfab3b-bfb1-416f-a302-9956c4fb0748 0.059s
2024-09-30 23:09:00.266 62243 INFO tempest.lib.common.rest_client [req-058aa2eb-e03b-4b0e-ab7b-449b2283b558 req-058aa2eb-e03b-4b0e-ab7b-449b2283b558 ] Request (ServerActionsTestOtherB:tearDownClass): 204 DELETE http://10.180.1.21:9696/networking/v2.0/routers/2d63d32b-d0b9-40b0-a202-65084b63354c 0.373s
2024-09-30 23:09:00.269 62235 INFO tempest.lib.common.rest_client [req-bcc8fc60-acda-4bf4-a122-076debb061d6 req-bcc8fc60-acda-4bf4-a122-076debb061d6 ] Request (ServersNegativeTestJSON:setUpClass): 200 GET http://10.180.1.21/compute/v2.1/servers/51a36102-795e-47b7-b96a-857e54dc703e 0.058s
2024-09-30 23:09:00.303 62245 INFO tempest.lib.common.rest_client [req-cc3a2011-1a75-4973-8082-81739a4403fe req-cc3a2011-1a75-4973-8082-81739a4403fe ] Request (VolumesAdminNegativeTest:test_update_attached_volume_with_nonexistent_volume_in_body): 200 GET http://10.180.1.21/compute/v2.1/servers/c8e5d6c1-44a0-465f-a0dd-03e519f3d5ec 0.058s
2024-09-30 23:09:00.317 62229 INFO tempest.lib.common.rest_client [req-68459040-3b0f-41b2-8b5d-1bcfc3be353d req-68459040-3b0f-41b2-8b5d-1bcfc3be353d ] Request (VolumesAssistedSnapshotsTest:tearDownClass): 204 DELETE http://10.180.1.21:9696/networking/v2.0/routers/6a99c348-b5f4-430a-a22d-09a7b46b8fbe 0.390s
