2024-09-30 23:07:34.638 62233 INFO tempest.lib.common.dynamic_creds [-] Deleting project and security group for project: 1c09b9b75b3e4b5cad0e16745fbd628a
2024-09-30 23:07:34.663 62283 INFO tempest.lib.common.rest_client [req-39c69a1c-3426-48fb-a2b7-f0e4ca6e9782 req-39c69a1c-3426-48fb-a2b7-f0e4ca6e9782 ] Request (KeyPairsV210TestJSON:test_admin_manage_keypairs_for_other_users): 201 POST http://10.180.1.21/compute/v2.1/os-keypairs 0.300s
2024-09-30 23:07:34.676 62285 INFO tempest.lib.common.rest_client [req-e403f014-9b14-4210-a402-8b5bf870c8cd req-e403f014-9b14-4210-a402-8b5bf870c8cd ] Request (QuotasAdminNegativeTest:setUpClass): 201 POST http://10.180.1.21/identity/v3/users 0.170s
2024-09-30 23:07:34.686 62223 INFO tempest.lib.common.rest_client [req-ddc8fb43-7c1d-450b-bd6f-a010a67b2211 req-ddc8fb43-7c1d-450b-bd6f-a010a67b2211 ] Request (AggregatesAdminNegativeTestJSON:test_aggregate_add_non_exist_host): 404 POST http://10.180.1.21/compute/v2.1/os-aggregates/3/action 0.318s
2024-09-30 23:07:34.742 62261 INFO tempest.lib.common.rest_client [req-1f2e75a9-bd49-4a07-bc21-bf895388cc1c req-1f2e75a9-bd49-4a07-bc21-bf895388cc1c ] Request (HostsAdminTestJSON:setUpClass): 201 POST http://10.180.1.21/identity/v3/projects 0.183s
2024-09-30 23:07:34.749 62251 INFO tempest.lib.common.rest_client [req-28fc546f-56fd-45d1-9ea1-e9b10353fee3 req-28fc546f-56fd-45d1-9ea1-e9b10353fee3 ] Request (ServerDiagnosticsV248Test:setUpClass): 201 POST http://10.180.1.21/identity/v3/users 0.160s
2024-09-30 23:07:34.793 62233 INFO tempest.lib.common.rest_client [req-f31fbe14-9100-4fa2-be1b-f50f057cc06b req-f31fbe14-9100-4fa2-be1b-f50f057cc06b ] Request (HypervisorAdminNegativeTestJSON:tearDownClass): 201 POST http://10.180.1.21/identity/v3/auth/tokens 0.155s
2024-09-30 23:07:34.809 62285 INFO tempest.lib.common.rest_client [req-40e11f24-4a2a-46d4-8a8d-3a17564734d7 req-40e11f24-4a2a-46d4-8a8d-3a17564734d7 ] Request (QuotasAdminNegativeTest:setUpClass): 200 GET http://10.180.1.21/identity/v3/roles 0.133s
2024-09-30 23:07:34.820 62261 INFO tempest.lib.common.rest_client [req-b4681415-9508-4577-b869-fda403732de9 req-b4681415-9508-4577-b869-fda403732de9 ] Request (HostsAdminTestJSON:setUpClass): 201 POST http://10.180.1.21/identity/v3/users 0.076s
2024-09-30 23:07:34.823 62251 INFO tempest.lib.common.rest_client [req-9b4a8a47-b796-47b8-9f88-dfefe5c693a5 req-9b4a8a47-b796-47b8-9f88-dfefe5c693a5 ] Request (ServerDiagnosticsV248Test:setUpClass): 200 GET http://10.180.1.21/identity/v3/roles 0.072s
2024-09-30 23:07:34.849 62285 INFO tempest.lib.common.rest_client [req-9912872e-b8b2-4f32-8df4-f1f61912c188 req-9912872e-b8b2-4f32-8df4-f1f61912c188 ] Request (QuotasAdminNegativeTest:setUpClass): 204 PUT http://10.180.1.21/identity/v3/projects/61e806e1460e4a019d58fd1aabbb750c/users/97d9b6d5280f4e5d95ab7440a8b04f20/roles/d03afdc27af146cdb450aea1db633131 0.039s
2024-09-30 23:07:34.894 62261 INFO tempest.lib.common.rest_client [req-25282018-b956-47c4-867f-7c1e3f3e7be0 req-25282018-b956-47c4-867f-7c1e3f3e7be0 ] Request (HostsAdminTestJSON:setUpClass): 200 GET http://10.180.1.21/identity/v3/roles 0.073s
2024-09-30 23:07:34.925 62243 INFO tempest.lib.common.rest_client [req-a18dd35a-4306-4bb1-862d-41c81762b2c8 req-a18dd35a-4306-4bb1-862d-41c81762b2c8 ] Request (ServerActionsTestOtherB:setUpClass): 201 POST http://10.180.1.21:9696/networking/v2.0/routers 2.337s
2024-09-30 23:07:34.928 62251 INFO tempest.lib.common.rest_client [req-09120773-5887-4f7c-8708-0cff6b5b647a req-09120773-5887-4f7c-8708-0cff6b5b647a ] Request (ServerDiagnosticsV248Test:setUpClass): 204 PUT http://10.180.1.21/identity/v3/projects/47e493e468d44bdabf77d61f12418c0f/users/603214dce37b4306b1c8b44dfc104fe4/roles/552ec15d7e20472882afc5f8ac9a5f15 0.104s
2024-09-30 23:07:34.928 62251 INFO tempest.lib.common.dynamic_creds [-] Dynamic test user 603214dce37b4306b1c8b44dfc104fe4 is created with scope project and roles: ['member']
2024-09-30 23:07:34.928 62251 INFO tempest.lib.common.dynamic_creds [-] Acquired dynamic creds: credentials: Credentials: {'domain_id': 'default', 'domain_name': 'Default', 'username': 'tempest-ServerDiagnosticsV248Test-33428269-project-member', 'project_domain_id': 'default', 'project_domain_name': 'Default', 'project_id': '47e493e468d44bdabf77d61f12418c0f', 'project_name': 'tempest-ServerDiagnosticsV248Test-33428269', 'tenant_id': '47e493e468d44bdabf77d61f12418c0f', 'tenant_name': 'tempest-ServerDiagnosticsV248Test-33428269', 'user_domain_id': 'default', 'user_domain_name': 'Default', 'user_id': '603214dce37b4306b1c8b44dfc104fe4', 'system': None}, Network: None, Subnet: None, Router: None
2024-09-30 23:07:34.929 62251 INFO tempest.lib.common.dynamic_creds [-] Created isolated network resources for: credentials: Credentials: {'domain_id': 'default', 'domain_name': 'Default', 'username': 'tempest-ServerDiagnosticsV248Test-33428269-project-member', 'project_domain_id': 'default', 'project_domain_name': 'Default', 'project_id': '47e493e468d44bdabf77d61f12418c0f', 'project_name': 'tempest-ServerDiagnosticsV248Test-33428269', 'tenant_id': '47e493e468d44bdabf77d61f12418c0f', 'tenant_name': 'tempest-ServerDiagnosticsV248Test-33428269', 'user_domain_id': 'default', 'user_domain_name': 'Default', 'user_id': '603214dce37b4306b1c8b44dfc104fe4', 'system': None}, Network: None, Subnet: None, Router: None
2024-09-30 23:07:34.946 62237 INFO tempest.lib.common.rest_client [req-6b257581-956f-40f1-b003-0b33cca40f26 req-6b257581-956f-40f1-b003-0b33cca40f26 ] Request (QuotasSecurityGroupAdminNegativeTest:tearDownClass): 204 DELETE http://10.180.1.21:9696/networking/v2.0/security-groups/212aae65-25af-4162-8a92-a1bae4e449e3 0.401s
2024-09-30 23:07:34.975 62285 INFO tempest.lib.common.rest_client [req-6ad693d7-9ac5-4f61-b1bd-baffd55a4888 req-6ad693d7-9ac5-4f61-b1bd-baffd55a4888 ] Request (QuotasAdminNegativeTest:setUpClass): 200 GET http://10.180.1.21/identity/v3/roles 0.126s
2024-09-30 23:07:35.006 62261 INFO tempest.lib.common.rest_client [req-afe43e12-23c3-404c-99a6-dae312afa54e req-afe43e12-23c3-404c-99a6-dae312afa54e ] Request (HostsAdminTestJSON:setUpClass): 204 PUT http://10.180.1.21/identity/v3/projects/0cccca45e9c24ba0aa493042fb0b284e/users/7473771da0c64d9a8c4ab3eb575a928c/roles/552ec15d7e20472882afc5f8ac9a5f15 0.112s
2024-09-30 23:07:35.007 62261 INFO tempest.lib.common.dynamic_creds [-] Dynamic test user 7473771da0c64d9a8c4ab3eb575a928c is created with scope project and roles: ['member']
2024-09-30 23:07:35.008 62261 INFO tempest.lib.common.dynamic_creds [-] Acquired dynamic creds: credentials: Credentials: {'domain_id': 'default', 'domain_name': 'Default', 'username': 'tempest-HostsAdminTestJSON-1200997099-project-member', 'project_domain_id': 'default', 'project_domain_name': 'Default', 'project_id': '0cccca45e9c24ba0aa493042fb0b284e', 'project_name': 'tempest-HostsAdminTestJSON-1200997099', 'tenant_id': '0cccca45e9c24ba0aa493042fb0b284e', 'tenant_name': 'tempest-HostsAdminTestJSON-1200997099', 'user_domain_id': 'default', 'user_domain_name': 'Default', 'user_id': '7473771da0c64d9a8c4ab3eb575a928c', 'system': None}, Network: None, Subnet: None, Router: None
2024-09-30 23:07:35.008 62261 INFO tempest.lib.common.dynamic_creds [-] Created isolated network resources for: credentials: Credentials: {'domain_id': 'default', 'domain_name': 'Default', 'username': 'tempest-HostsAdminTestJSON-1200997099-project-member', 'project_domain_id': 'default', 'project_domain_name': 'Default', 'project_id': '0cccca45e9c24ba0aa493042fb0b284e', 'project_name': 'tempest-HostsAdminTestJSON-1200997099', 'tenant_id': '0cccca45e9c24ba0aa493042fb0b284e', 'tenant_name': 'tempest-HostsAdminTestJSON-1200997099', 'user_domain_id': 'default', 'user_domain_name': 'Default', 'user_id': '7473771da0c64d9a8c4ab3eb575a928c', 'system': None}, Network: None, Subnet: None, Router: None
2024-09-30 23:07:35.014 62235 INFO tempest.lib.common.rest_client [req-719bd188-63e3-4297-9930-c1bb6d633112 req-719bd188-63e3-4297-9930-c1bb6d633112 ] Request (QuotaClassesAdminTestJSON:tearDownClass): 200 GET http://10.180.1.21:9696/networking/v2.0/security-groups?tenant_id=d5e5b7fec2a045a394b2502f9c0c3011&name=default 0.749s
2024-09-30 23:07:35.017 62281 INFO tempest.lib.common.rest_client [req-2937a3c7-c848-453a-b96b-18f4b0e71b5c req-2937a3c7-c848-453a-b96b-18f4b0e71b5c ] Request (SecurityGroupRulesNegativeTestJSON:test_create_security_group_rule_with_invalid_ip_protocol): 200 POST http://10.180.1.21/compute/v2.1/os-security-groups 0.543s
2024-09-30 23:07:35.052 62251 INFO tempest.lib.common.rest_client [req-d00f8bcd-4571-4d6a-b4ba-a9b6fb2a885c req-d00f8bcd-4571-4d6a-b4ba-a9b6fb2a885c ] Request (ServerDiagnosticsV248Test:setUpClass): 201 POST http://10.180.1.21/identity/v3/auth/tokens 0.120s
2024-09-30 23:07:35.061 62247 INFO tempest.lib.common.rest_client [req-e0dfbea9-cca1-4e7e-a975-bd60c062f719 req-e0dfbea9-cca1-4e7e-a975-bd60c062f719 ] Request (KeyPairsNegativeTestJSON:test_keypair_create_with_invalid_pub_key): 400 POST http://10.180.1.21/compute/v2.1/os-keypairs 0.582s
2024-09-30 23:07:35.070 62285 INFO tempest.lib.common.rest_client [req-c3587e86-4958-4f7c-ab56-14c22c76f8b7 req-c3587e86-4958-4f7c-ab56-14c22c76f8b7 ] Request (QuotasAdminNegativeTest:setUpClass): 204 PUT http://10.180.1.21/identity/v3/projects/61e806e1460e4a019d58fd1aabbb750c/users/97d9b6d5280f4e5d95ab7440a8b04f20/roles/d03afdc27af146cdb450aea1db633131 0.095s
2024-09-30 23:07:35.070 62285 INFO tempest.lib.common.dynamic_creds [-] Dynamic test user 97d9b6d5280f4e5d95ab7440a8b04f20 is created with scope project and roles: ['admin']
2024-09-30 23:07:35.071 62285 INFO tempest.lib.common.dynamic_creds [-] Acquired dynamic creds: credentials: Credentials: {'domain_id': 'default', 'domain_name': 'Default', 'username': 'tempest-QuotasAdminNegativeTest-1474370622-project-admin', 'project_domain_id': 'default', 'project_domain_name': 'Default', 'project_id': '61e806e1460e4a019d58fd1aabbb750c', 'project_name': 'tempest-QuotasAdminNegativeTest-1474370622', 'tenant_id': '61e806e1460e4a019d58fd1aabbb750c', 'tenant_name': 'tempest-QuotasAdminNegativeTest-1474370622', 'user_domain_id': 'default', 'user_domain_name': 'Default', 'user_id': '97d9b6d5280f4e5d95ab7440a8b04f20', 'system': None}, Network: None, Subnet: None, Router: None
2024-09-30 23:07:35.071 62285 INFO tempest.lib.common.dynamic_creds [-] Created isolated network resources for: credentials: Credentials: {'domain_id': 'default', 'domain_name': 'Default', 'username': 'tempest-QuotasAdminNegativeTest-1474370622-project-admin', 'project_domain_id': 'default', 'project_domain_name': 'Default', 'project_id': '61e806e1460e4a019d58fd1aabbb750c', 'project_name': 'tempest-QuotasAdminNegativeTest-1474370622', 'tenant_id': '61e806e1460e4a019d58fd1aabbb750c', 'tenant_name': 'tempest-QuotasAdminNegativeTest-1474370622', 'user_domain_id': 'default', 'user_domain_name': 'Default', 'user_id': '97d9b6d5280f4e5d95ab7440a8b04f20', 'system': None}, Network: None, Subnet: None, Router: None
2024-09-30 23:07:35.085 62229 INFO tempest.lib.common.rest_client [req-4bd060a3-f425-4b1a-931d-56a6af85c30d req-4bd060a3-f425-4b1a-931d-56a6af85c30d ] Request (VolumesAssistedSnapshotsTest:test_volume_assisted_snapshot_create_delete): 201 POST http://10.180.1.21:9696/networking/v2.0/security-groups 0.476s
2024-09-30 23:07:35.099 62237 INFO tempest.lib.common.rest_client [req-951de1ae-f4ce-430c-9609-9734274f9124 req-951de1ae-f4ce-430c-9609-9734274f9124 ] Request (QuotasSecurityGroupAdminNegativeTest:tearDownClass): 204 DELETE http://10.180.1.21/identity/v3/projects/8cec3317bb8e4228931657e3e5af71f1 0.153s
2024-09-30 23:07:35.100 62237 INFO tempest.lib.common.dynamic_creds [-] Deleting project and security group for project: 30be00d769f0466f8fc59049514801f7
2024-09-30 23:07:35.142 62261 INFO tempest.lib.common.rest_client [req-4d94e6ee-66ce-458e-b744-5d47362902ae req-4d94e6ee-66ce-458e-b744-5d47362902ae ] Request (HostsAdminTestJSON:setUpClass): 201 POST http://10.180.1.21/identity/v3/auth/tokens 0.129s
2024-09-30 23:07:35.157 62251 INFO tempest.lib.common.rest_client [req-77097fc5-062d-439e-8a97-2cb11f299985 req-77097fc5-062d-439e-8a97-2cb11f299985 ] Request (ServerDiagnosticsV248Test:setUpClass): 201 POST http://10.180.1.21/identity/v3/projects 0.103s
2024-09-30 23:07:35.178 62277 INFO tempest.lib.common.rest_client [req-aa0393fb-e7ab-44d0-8857-ffa35d421c01 req-aa0393fb-e7ab-44d0-8857-ffa35d421c01 ] Request (ListServersNegativeTestJSON:setUpClass): 200 GET http://10.180.1.21/compute/v2.1/servers/1a9030ce-3a35-4760-96f4-4288c1d2f9d1 0.687s
2024-09-30 23:07:35.201 62253 INFO tempest.lib.common.rest_client [req-11e454bd-a1c1-4aea-a024-52fc24830990 req-11e454bd-a1c1-4aea-a024-52fc24830990 ] Request (FlavorsAdminTestJSON:_run_cleanups): 202 DELETE http://10.180.1.21/compute/v2.1/flavors/226da9ed-df14-4b92-a6fb-22a272f1180b 0.705s
2024-09-30 23:07:35.207 62225 INFO tempest.lib.common.rest_client [req-1a3065c0-9158-47a1-b815-5ef03d566a78 req-1a3065c0-9158-47a1-b815-5ef03d566a78 ] Request (HostsAdminNegativeTestJSON:test_update_host_with_invalid_status): 400 PUT http://10.180.1.21/compute/v2.1/os-hosts/devstack 0.693s
2024-09-30 23:07:35.219 62261 INFO tempest.lib.common.rest_client [req-e1ac6f85-a249-4f87-8294-ce3bbe71130b req-e1ac6f85-a249-4f87-8294-ce3bbe71130b ] Request (HostsAdminTestJSON:setUpClass): 201 POST http://10.180.1.21/identity/v3/projects 0.076s
2024-09-30 23:07:35.225 62265 INFO tempest.lib.common.rest_client [req-8b9e6c30-e0d9-4e87-a182-aa4f48adcf75 req-8b9e6c30-e0d9-4e87-a182-aa4f48adcf75 ] Request (FlavorsAccessNegativeTestJSON:test_flavor_non_admin_add): 200 POST http://10.180.1.21/compute/v2.1/flavors 0.708s
2024-09-30 23:07:35.241 62259 INFO tempest.lib.common.rest_client [req-c5593a53-6656-468d-9667-708e7b979abb req-c5593a53-6656-468d-9667-708e7b979abb ] Request (FlavorsExtraSpecsNegativeTestJSON:tearDownClass): 200 GET http://10.180.1.21/compute/v2.1/flavors/detail 0.704s
2024-09-30 23:07:35.244 62285 INFO tempest.lib.common.rest_client [req-67e569f3-3a30-47d3-9531-8e59bbdbdfd1 req-67e569f3-3a30-47d3-9531-8e59bbdbdfd1 ] Request (QuotasAdminNegativeTest:setUpClass): 201 POST http://10.180.1.21/identity/v3/auth/tokens 0.169s
2024-09-30 23:07:35.245 62285 WARNING tempest.lib.common.rest_client [-] Deprecated: "tenant_id" property is deprecated for removal, use "project_id" instead
2024-09-30 23:07:35.257 62257 INFO tempest.lib.common.rest_client [req-17384ba9-9a38-48ba-8757-8a62feadb0b8 req-17384ba9-9a38-48ba-8757-8a62feadb0b8 ] Request (FlavorsAccessTestJSON:test_flavor_access_list_with_private_flavor): 200 GET http://10.180.1.21/compute/v2.1/flavors/919950990/os-flavor-access 0.705s
2024-09-30 23:07:35.261 62239 INFO tempest.lib.common.rest_client [req-1ac0d393-b462-4d2a-9d9c-502a34e5fb32 req-1ac0d393-b462-4d2a-9d9c-502a34e5fb32 ] Request (ServerExternalEventsTest:test_create_server_external_events): 202 POST http://10.180.1.21/compute/v2.1/servers 0.994s
2024-09-30 23:07:35.277 62261 INFO tempest.lib.common.rest_client [req-5408c887-895e-491d-ae60-e9d3347759e4 req-5408c887-895e-491d-ae60-e9d3347759e4 ] Request (HostsAdminTestJSON:setUpClass): 201 POST http://10.180.1.21/identity/v3/users 0.057s
2024-09-30 23:07:35.279 62245 INFO tempest.lib.common.rest_client [req-c835ad0c-6943-4e7e-85bf-a8331ae08e44 req-c835ad0c-6943-4e7e-85bf-a8331ae08e44 ] Request (ServicesAdminNegativeV253TestJSON:test_get_service_with_valid_service_and_invalid_host): 200 GET http://10.180.1.21/compute/v2.1/os-services?host=xxx&binary=nova-scheduler 0.649s
2024-09-30 23:07:35.289 62251 INFO tempest.lib.common.rest_client [req-b8942d9c-a097-4f98-b89c-ca81615878cc req-b8942d9c-a097-4f98-b89c-ca81615878cc ] Request (ServerDiagnosticsV248Test:setUpClass): 201 POST http://10.180.1.21/identity/v3/users 0.131s
2024-09-30 23:07:35.293 62283 INFO tempest.lib.common.rest_client [req-dc15cb33-9d3a-4edd-a4ba-bb697842c32b req-dc15cb33-9d3a-4edd-a4ba-bb697842c32b ] Request (KeyPairsV210TestJSON:test_admin_manage_keypairs_for_other_users): 200 GET http://10.180.1.21/compute/v2.1/os-keypairs?user_id=00d732e549ea42c1a6dd28a2ccdb44bc 0.627s
2024-09-30 23:07:35.308 62261 INFO tempest.lib.common.rest_client [req-261bf4c2-0124-433c-9756-88cfafbd05fa req-261bf4c2-0124-433c-9756-88cfafbd05fa ] Request (HostsAdminTestJSON:setUpClass): 200 GET http://10.180.1.21/identity/v3/roles 0.030s
2024-09-30 23:07:35.324 62223 INFO tempest.lib.common.rest_client [req-a020fcbd-5378-498b-8208-af81f5ead1b6 req-a020fcbd-5378-498b-8208-af81f5ead1b6 ] Request (AggregatesAdminNegativeTestJSON:_run_cleanups): 200 DELETE http://10.180.1.21/compute/v2.1/os-aggregates/3 0.638s
2024-09-30 23:07:35.328 62227 INFO tempest.lib.common.rest_client [req-81909dde-a1b5-491d-b5ee-4031d68bfa45 req-81909dde-a1b5-491d-b5ee-4031d68bfa45 ] Request (SecurityGroupRulesTestJSON:setUpClass): 201 POST http://10.180.1.21:9696/networking/v2.0/subnets 0.922s
2024-09-30 23:07:35.334 62251 INFO tempest.lib.common.rest_client [req-473b0a9c-48c2-4896-bb89-1fec175dfcf0 req-473b0a9c-48c2-4896-bb89-1fec175dfcf0 ] Request (ServerDiagnosticsV248Test:setUpClass): 200 GET http://10.180.1.21/identity/v3/roles 0.045s
2024-09-30 23:07:35.367 62261 INFO tempest.lib.common.rest_client [req-56e7f4fc-f0fa-489e-a35e-ba0884b2a4cb req-56e7f4fc-f0fa-489e-a35e-ba0884b2a4cb ] Request (HostsAdminTestJSON:setUpClass): 204 PUT http://10.180.1.21/identity/v3/projects/b90e13704c0f435793bbecb0b2ad61dd/users/5743e41b53604895b8489416ac3d81b7/roles/d03afdc27af146cdb450aea1db633131 0.058s
2024-09-30 23:07:35.376 62259 INFO tempest.lib.common.rest_client [req-a0fac6c0-8aec-4863-9c97-c975aa236ebf req-a0fac6c0-8aec-4863-9c97-c975aa236ebf ] Request (FlavorsExtraSpecsNegativeTestJSON:tearDownClass): 204 DELETE http://10.180.1.21/identity/v3/users/9ec21f99be124a8a9f6039702d4cb741 0.130s
2024-09-30 23:07:35.381 62231 INFO tempest.lib.common.rest_client [req-5ccc7773-0903-440c-8d20-ce14389d3fd0 req-5ccc7773-0903-440c-8d20-ce14389d3fd0 ] Request (ServerDiskConfigTestJSON:test_rebuild_server_with_auto_disk_config): 200 GET http://10.180.1.21/compute/v2.1/servers/31c175f9-20a5-4e38-ba90-972b847ab65e 0.758s
2024-09-30 23:07:35.462 62271 INFO tempest.lib.common.rest_client [req-7ff6b6ad-3e5c-481d-a32b-52813203ba4b req-7ff6b6ad-3e5c-481d-a32b-52813203ba4b ] Request (ImagesNegativeTestJSON:test_create_image_from_deleted_server): 200 GET http://10.180.1.21/compute/v2.1/servers/a0a004c3-6254-4f47-a080-2b9cc85a2a1d 0.650s
2024-09-30 23:07:35.485 62261 INFO tempest.lib.common.rest_client [req-b880eff2-b63e-41ab-a275-dc26c893e8a3 req-b880eff2-b63e-41ab-a275-dc26c893e8a3 ] Request (HostsAdminTestJSON:setUpClass): 200 GET http://10.180.1.21/identity/v3/roles 0.118s
2024-09-30 23:07:35.510 62233 INFO tempest.lib.common.rest_client [req-fa4fc0f6-e705-4246-8f66-a4dbee87af79 req-fa4fc0f6-e705-4246-8f66-a4dbee87af79 ] Request (HypervisorAdminNegativeTestJSON:tearDownClass): 200 GET http://10.180.1.21:9696/networking/v2.0/security-groups?tenant_id=1c09b9b75b3e4b5cad0e16745fbd628a&name=default 0.716s
2024-09-30 23:07:35.516 62251 INFO tempest.lib.common.rest_client [req-1f330337-e458-43d8-90c2-b1a7576f986f req-1f330337-e458-43d8-90c2-b1a7576f986f ] Request (ServerDiagnosticsV248Test:setUpClass): 204 PUT http://10.180.1.21/identity/v3/projects/0b82516b52da45a89c4dc70043b27dc4/users/0114180742eb44a79da1f34e2acb7380/roles/d03afdc27af146cdb450aea1db633131 0.181s
2024-09-30 23:07:35.535 62279 INFO tempest.lib.common.rest_client [req-e7ac4f9f-355b-4185-bfc9-cf1ef4dc2fa4 req-e7ac4f9f-355b-4185-bfc9-cf1ef4dc2fa4 ] Request (ServerDiagnosticsNegativeTest:test_get_server_diagnostics_by_non_admin): 200 GET http://10.180.1.21/compute/v2.1/servers/25f011ba-eb0b-4295-be8a-d223584ada63 0.638s
2024-09-30 23:07:35.572 62235 INFO tempest.lib.common.rest_client [req-9504b0db-ebca-4c0e-b222-b6779b95d321 req-9504b0db-ebca-4c0e-b222-b6779b95d321 ] Request (QuotaClassesAdminTestJSON:tearDownClass): 204 DELETE http://10.180.1.21:9696/networking/v2.0/security-groups/0d3796aa-cc16-4f1c-bad9-c22a8fe64599 0.557s
2024-09-30 23:07:35.588 62229 INFO tempest.lib.common.rest_client [req-e64c4196-c27a-4fe9-976d-2ec2fb6a7e42 req-e64c4196-c27a-4fe9-976d-2ec2fb6a7e42 ] Request (VolumesAssistedSnapshotsTest:test_volume_assisted_snapshot_create_delete): 201 POST http://10.180.1.21:9696/networking/v2.0/security-group-rules 0.503s
2024-09-30 23:07:35.603 62259 INFO tempest.lib.common.rest_client [req-b190438d-01c3-4d7e-b433-69cf0a3f15bc req-b190438d-01c3-4d7e-b433-69cf0a3f15bc ] Request (FlavorsExtraSpecsNegativeTestJSON:tearDownClass): 204 DELETE http://10.180.1.21/identity/v3/users/726cacc7b4ba46e9bfb8dec326b66d69 0.225s
2024-09-30 23:07:35.603 62259 INFO tempest.lib.common.dynamic_creds [-] Deleting project and security group for project: b71c6d70949a4e3ab179bffd2e16610f
2024-09-30 23:07:35.617 62261 INFO tempest.lib.common.rest_client [req-d2d4f227-0ac9-43e1-bb39-b9541452050a req-d2d4f227-0ac9-43e1-bb39-b9541452050a ] Request (HostsAdminTestJSON:setUpClass): 204 PUT http://10.180.1.21/identity/v3/projects/b90e13704c0f435793bbecb0b2ad61dd/users/5743e41b53604895b8489416ac3d81b7/roles/d03afdc27af146cdb450aea1db633131 0.131s
2024-09-30 23:07:35.618 62261 INFO tempest.lib.common.dynamic_creds [-] Dynamic test user 5743e41b53604895b8489416ac3d81b7 is created with scope project and roles: ['admin']
2024-09-30 23:07:35.618 62261 INFO tempest.lib.common.dynamic_creds [-] Acquired dynamic creds: credentials: Credentials: {'domain_id': 'default', 'domain_name': 'Default', 'username': 'tempest-HostsAdminTestJSON-1576140138-project-admin', 'project_domain_id': 'default', 'project_domain_name': 'Default', 'project_id': 'b90e13704c0f435793bbecb0b2ad61dd', 'project_name': 'tempest-HostsAdminTestJSON-1576140138', 'tenant_id': 'b90e13704c0f435793bbecb0b2ad61dd', 'tenant_name': 'tempest-HostsAdminTestJSON-1576140138', 'user_domain_id': 'default', 'user_domain_name': 'Default', 'user_id': '5743e41b53604895b8489416ac3d81b7', 'system': None}, Network: None, Subnet: None, Router: None
2024-09-30 23:07:35.618 62261 INFO tempest.lib.common.dynamic_creds [-] Created isolated network resources for: credentials: Credentials: {'domain_id': 'default', 'domain_name': 'Default', 'username': 'tempest-HostsAdminTestJSON-1576140138-project-admin', 'project_domain_id': 'default', 'project_domain_name': 'Default', 'project_id': 'b90e13704c0f435793bbecb0b2ad61dd', 'project_name': 'tempest-HostsAdminTestJSON-1576140138', 'tenant_id': 'b90e13704c0f435793bbecb0b2ad61dd', 'tenant_name': 'tempest-HostsAdminTestJSON-1576140138', 'user_domain_id': 'default', 'user_domain_name': 'Default', 'user_id': '5743e41b53604895b8489416ac3d81b7', 'system': None}, Network: None, Subnet: None, Router: None
2024-09-30 23:07:35.639 62249 INFO tempest.lib.common.rest_client [req-54b6e9b1-08de-4bd6-a59d-0b77be2a6639 req-54b6e9b1-08de-4bd6-a59d-0b77be2a6639 ] Request (ImagesTestJSON:test_create_image_from_stopped_server): 200 GET http://10.180.1.21/compute/v2.1/servers/9eed7cf7-5911-4e21-b8c8-f5d90b0c5bc3 0.732s
2024-09-30 23:07:35.651 62281 INFO tempest.lib.common.rest_client [req-6117c489-5970-474c-a24b-4260002cb304 req-6117c489-5970-474c-a24b-4260002cb304 ] Request (SecurityGroupRulesNegativeTestJSON:test_create_security_group_rule_with_invalid_ip_protocol): 400 POST http://10.180.1.21/compute/v2.1/os-security-group-rules 0.627s
2024-09-30 23:07:35.661 62247 INFO tempest.lib.common.rest_client [req-e96626a9-aaec-4e16-bbc3-bed1321470d5 req-e96626a9-aaec-4e16-bbc3-bed1321470d5 ] Request (KeyPairsNegativeTestJSON:test_keypair_delete_nonexistent_key): 404 DELETE http://10.180.1.21/compute/v2.1/os-keypairs/tempest-keypair-non-existent-1773483359 0.599s
2024-09-30 23:07:35.738 62235 INFO tempest.lib.common.rest_client [req-20dd9aca-3363-4629-bd95-32e8bffdb143 req-20dd9aca-3363-4629-bd95-32e8bffdb143 ] Request (QuotaClassesAdminTestJSON:tearDownClass): 204 DELETE http://10.180.1.21/identity/v3/projects/d5e5b7fec2a045a394b2502f9c0c3011 0.165s
2024-09-30 23:07:35.741 62235 INFO tempest.lib.common.dynamic_creds [-] Deleting project and security group for project: 36745ee8e6114a11aabc07ba3a15ec1d
2024-09-30 23:07:35.757 62251 INFO tempest.lib.common.rest_client [req-2875425e-5d20-4c93-8f14-6a62139f054d req-2875425e-5d20-4c93-8f14-6a62139f054d ] Request (ServerDiagnosticsV248Test:setUpClass): 200 GET http://10.180.1.21/identity/v3/roles 0.241s
2024-09-30 23:07:35.771 62259 INFO tempest.lib.common.rest_client [req-39f72893-b549-4378-a9ca-8b33883846df req-39f72893-b549-4378-a9ca-8b33883846df ] Request (FlavorsExtraSpecsNegativeTestJSON:tearDownClass): 201 POST http://10.180.1.21/identity/v3/auth/tokens 0.167s
2024-09-30 23:07:35.809 62237 INFO tempest.lib.common.rest_client [req-4c98d0dc-a9a9-479a-bd37-b0471560cd55 req-4c98d0dc-a9a9-479a-bd37-b0471560cd55 ] Request (QuotasSecurityGroupAdminNegativeTest:tearDownClass): 200 GET http://10.180.1.21:9696/networking/v2.0/security-groups?tenant_id=30be00d769f0466f8fc59049514801f7&name=default 0.709s
2024-09-30 23:07:35.846 62261 INFO tempest.lib.common.rest_client [req-42238c05-eff9-47ac-bfd1-2b642d8753cf req-42238c05-eff9-47ac-bfd1-2b642d8753cf ] Request (HostsAdminTestJSON:setUpClass): 201 POST http://10.180.1.21/identity/v3/auth/tokens 0.222s
2024-09-30 23:07:35.860 62255 INFO tempest.lib.common.rest_client [req-0e112714-f984-4b66-bdb3-43b42055625f req-0e112714-f984-4b66-bdb3-43b42055625f ] Request (ServersTestMultiNic:test_verify_duplicate_network_nics): 200 GET http://10.180.1.21/compute/v2.1/servers/7a8c0f03-0bb9-4759-b8fb-97e82e7a69b7 0.661s
2024-09-30 23:07:35.883 62247 INFO tempest.lib.common.rest_client [req-3030f390-66fe-4f66-b1d0-c2bf13ca4b1a req-3030f390-66fe-4f66-b1d0-c2bf13ca4b1a ] Request (KeyPairsNegativeTestJSON:tearDownClass): 204 DELETE http://10.180.1.21/identity/v3/users/b4dadf2ad4154b53b6aeac84db6f30a8 0.221s
2024-09-30 23:07:35.884 62247 INFO tempest.lib.common.dynamic_creds [-] Deleting project and security group for project: 90493472a7544e6c8ec3b67ec209d0dd
2024-09-30 23:07:35.927 62251 INFO tempest.lib.common.rest_client [req-24ecb4cc-df72-4c9c-973e-3cd4d7790631 req-24ecb4cc-df72-4c9c-973e-3cd4d7790631 ] Request (ServerDiagnosticsV248Test:setUpClass): 204 PUT http://10.180.1.21/identity/v3/projects/0b82516b52da45a89c4dc70043b27dc4/users/0114180742eb44a79da1f34e2acb7380/roles/d03afdc27af146cdb450aea1db633131 0.169s
2024-09-30 23:07:35.927 62251 INFO tempest.lib.common.dynamic_creds [-] Dynamic test user 0114180742eb44a79da1f34e2acb7380 is created with scope project and roles: ['admin']
2024-09-30 23:07:35.927 62251 INFO tempest.lib.common.dynamic_creds [-] Acquired dynamic creds: credentials: Credentials: {'domain_id': 'default', 'domain_name': 'Default', 'username': 'tempest-ServerDiagnosticsV248Test-203423251-project-admin', 'project_domain_id': 'default', 'project_domain_name': 'Default', 'project_id': '0b82516b52da45a89c4dc70043b27dc4', 'project_name': 'tempest-ServerDiagnosticsV248Test-203423251', 'tenant_id': '0b82516b52da45a89c4dc70043b27dc4', 'tenant_name': 'tempest-ServerDiagnosticsV248Test-203423251', 'user_domain_id': 'default', 'user_domain_name': 'Default', 'user_id': '0114180742eb44a79da1f34e2acb7380', 'system': None}, Network: None, Subnet: None, Router: None
2024-09-30 23:07:35.927 62251 INFO tempest.lib.common.dynamic_creds [-] Created isolated network resources for: credentials: Credentials: {'domain_id': 'default', 'domain_name': 'Default', 'username': 'tempest-ServerDiagnosticsV248Test-203423251-project-admin', 'project_domain_id': 'default', 'project_domain_name': 'Default', 'project_id': '0b82516b52da45a89c4dc70043b27dc4', 'project_name': 'tempest-ServerDiagnosticsV248Test-203423251', 'tenant_id': '0b82516b52da45a89c4dc70043b27dc4', 'tenant_name': 'tempest-ServerDiagnosticsV248Test-203423251', 'user_domain_id': 'default', 'user_domain_name': 'Default', 'user_id': '0114180742eb44a79da1f34e2acb7380', 'system': None}, Network: None, Subnet: None, Router: None
2024-09-30 23:07:35.993 62247 INFO tempest.lib.common.rest_client [req-a5f8ac6a-bcd0-4e29-b0c4-360eeb2b85a4 req-a5f8ac6a-bcd0-4e29-b0c4-360eeb2b85a4 ] Request (KeyPairsNegativeTestJSON:tearDownClass): 201 POST http://10.180.1.21/identity/v3/auth/tokens 0.109s
2024-09-30 23:07:36.031 62263 INFO tempest.lib.common.rest_client [req-b5823494-6922-44f6-8e9d-8ff9095dfe2d req-b5823494-6922-44f6-8e9d-8ff9095dfe2d ] Request (ServerMetadataNegativeTestJSON:setUpClass): 200 GET http://10.180.1.21/compute/v2.1/servers/ed4e609d-e6ef-42d4-b5d5-89bdf99e36c6 0.917s
2024-09-30 23:07:36.055 62253 INFO tempest.lib.common.rest_client [req-83064bb5-4623-4f0a-933a-f057bc1c7f62 req-83064bb5-4623-4f0a-933a-f057bc1c7f62 ] Request (FlavorsAdminTestJSON:_run_cleanups): 200 GET http://10.180.1.21/compute/v2.1/flavors/detail 0.854s
2024-09-30 23:07:36.062 62225 INFO tempest.lib.common.rest_client [req-aebe11f8-5324-4175-b5a4-89394d4ab142 req-aebe11f8-5324-4175-b5a4-89394d4ab142 ] Request (HostsAdminNegativeTestJSON:test_update_host_with_non_admin_user): 403 PUT http://10.180.1.21/compute/v2.1/os-hosts/devstack 0.853s
2024-09-30 23:07:36.098 62251 INFO tempest.lib.common.rest_client [req-afff6390-e649-4d6d-ae42-8551703b6ec3 req-afff6390-e649-4d6d-ae42-8551703b6ec3 ] Request (ServerDiagnosticsV248Test:setUpClass): 201 POST http://10.180.1.21/identity/v3/auth/tokens 0.167s
2024-09-30 23:07:36.114 62275 INFO tempest.lib.common.rest_client [req-9606eb85-2d4c-46ec-8b53-af18fc4152ac req-9606eb85-2d4c-46ec-8b53-af18fc4152ac ] Request (DeleteServersAdminTestJSON:test_admin_delete_servers_of_others): 200 GET http://10.180.1.21/compute/v2.1/servers/7d9aa694-f9b3-4d2b-9d3c-de59b8b5a6ac 0.914s
2024-09-30 23:07:36.143 62229 INFO tempest.lib.common.rest_client [req-9183c3b7-ad17-4263-a4a9-957bf7ee3177 req-9183c3b7-ad17-4263-a4a9-957bf7ee3177 ] Request (VolumesAssistedSnapshotsTest:test_volume_assisted_snapshot_create_delete): 201 POST http://10.180.1.21:9696/networking/v2.0/security-group-rules 0.554s
2024-09-30 23:07:36.166 62251 INFO tempest.lib.common.rest_client [req-b67c7af4-b255-46b5-955f-db18983f738b req-b67c7af4-b255-46b5-955f-db18983f738b ] Request (ServerDiagnosticsV248Test:test_get_server_diagnostics): 201 POST http://10.180.1.21/identity/v3/auth/tokens 0.063s
2024-09-30 23:07:36.166 62251 INFO tempest.lib.common.fixed_network [-] (ServerDiagnosticsV248Test:test_get_server_diagnostics) Found network None available for tenant
2024-09-30 23:07:36.193 62265 INFO tempest.lib.common.rest_client [req-e39acf97-6780-48e4-9c76-e79955b78134 req-e39acf97-6780-48e4-9c76-e79955b78134 ] Request (FlavorsAccessNegativeTestJSON:test_flavor_non_admin_add): 403 POST http://10.180.1.21/compute/v2.1/flavors/1919079659/action 0.965s
2024-09-30 23:07:36.211 62257 INFO tempest.lib.common.rest_client [req-0b95df0f-284b-4ed7-8110-4854848459e4 req-0b95df0f-284b-4ed7-8110-4854848459e4 ] Request (FlavorsAccessTestJSON:_run_cleanups): 202 DELETE http://10.180.1.21/compute/v2.1/flavors/919950990 0.948s
2024-09-30 23:07:36.279 62285 INFO tempest.lib.common.rest_client [req-82c74cfc-4761-4498-ad4d-62c8f2c76df2 req-82c74cfc-4761-4498-ad4d-62c8f2c76df2 ] Request (QuotasAdminNegativeTest:test_create_server_when_cpu_quota_is_full): 200 GET http://10.180.1.21/compute/v2.1/os-quota-sets/6b93cbde3c9f44a2a4cc2c0cde7257ac 1.033s
2024-09-30 23:07:36.327 62239 INFO tempest.lib.common.rest_client [req-d6ece417-7a91-4317-87eb-8604fe75988a req-d6ece417-7a91-4317-87eb-8604fe75988a ] Request (ServerExternalEventsTest:test_create_server_external_events): 200 GET http://10.180.1.21/compute/v2.1/servers/938dab0c-9b30-404b-bca2-a1280a252584 1.062s
2024-09-30 23:07:36.346 62283 INFO tempest.lib.common.rest_client [req-9bbff999-6603-4484-ad3f-76f481b07b9e req-9bbff999-6603-4484-ad3f-76f481b07b9e ] Request (KeyPairsV210TestJSON:_run_cleanups): 204 DELETE http://10.180.1.21/compute/v2.1/os-keypairs/tempest-KeyPairsV210TestJSON-keypair-30408691 1.047s
2024-09-30 23:07:36.350 62233 INFO tempest.lib.common.rest_client [req-dd86d1c8-a796-4042-8f15-81442471e4cc req-dd86d1c8-a796-4042-8f15-81442471e4cc ] Request (HypervisorAdminNegativeTestJSON:tearDownClass): 204 DELETE http://10.180.1.21:9696/networking/v2.0/security-groups/d8143781-09f0-4d8b-89ec-cb99f50565ea 0.839s
2024-09-30 23:07:36.352 62245 INFO tempest.lib.common.rest_client [req-62aa6299-5db9-41c0-a098-ed9536e84297 req-62aa6299-5db9-41c0-a098-ed9536e84297 ] Request (ServicesAdminNegativeV253TestJSON:test_list_services_with_non_admin_user): 403 GET http://10.180.1.21/compute/v2.1/os-services 1.070s
2024-09-30 23:07:36.353 62223 INFO tempest.lib.common.rest_client [req-b61a370a-abce-4328-ab63-606f5b4c77cc req-b61a370a-abce-4328-ab63-606f5b4c77cc ] Request (AggregatesAdminNegativeTestJSON:test_aggregate_create_aggregate_name_length_exceeds_255): 400 POST http://10.180.1.21/compute/v2.1/os-aggregates 1.027s
2024-09-30 23:07:36.365 62235 INFO tempest.lib.common.rest_client [req-28d23e29-f4fa-4722-bbe0-219edeba7ebc req-28d23e29-f4fa-4722-bbe0-219edeba7ebc ] Request (QuotaClassesAdminTestJSON:tearDownClass): 200 GET http://10.180.1.21:9696/networking/v2.0/security-groups?tenant_id=36745ee8e6114a11aabc07ba3a15ec1d&name=default 0.624s
2024-09-30 23:07:36.428 62233 INFO tempest.lib.common.rest_client [req-6ef521cb-4195-4ce5-9f93-613fc298f36c req-6ef521cb-4195-4ce5-9f93-613fc298f36c ] Request (HypervisorAdminNegativeTestJSON:tearDownClass): 204 DELETE http://10.180.1.21/identity/v3/projects/1c09b9b75b3e4b5cad0e16745fbd628a 0.077s
2024-09-30 23:07:36.428 62233 INFO tempest.lib.common.dynamic_creds [-] Deleting project and security group for project: fdd364c00fe742299d87f176468ac28d
2024-09-30 23:07:36.441 62267 INFO tempest.lib.common.rest_client [req-957618c6-fecf-47b5-9cf1-956e2cd29d84 req-957618c6-fecf-47b5-9cf1-956e2cd29d84 ] Request (InstanceActionsTestJSON:setUpClass): 200 GET http://10.180.1.21/compute/v2.1/servers/7a94f776-579d-41e8-94aa-6095b3fd69c6 1.106s
2024-09-30 23:07:36.441 62245 INFO tempest.lib.common.rest_client [req-d7d54c15-b62c-4144-9a5f-13840a1a5b30 req-d7d54c15-b62c-4144-9a5f-13840a1a5b30 ] Request (ServicesAdminNegativeV253TestJSON:tearDownClass): 204 DELETE http://10.180.1.21/identity/v3/users/975eec124bdc40bca4abbdb1a19ee21d 0.088s
2024-09-30 23:07:36.459 62241 INFO tempest.lib.common.rest_client [req-df7c5e2e-d7af-4320-875a-d86b70c91462 req-df7c5e2e-d7af-4320-875a-d86b70c91462 ] Request (MigrationsAdminTest:test_list_migrations_in_flavor_resize_situation): 200 GET http://10.180.1.21/compute/v2.1/servers/3182ca24-c989-4c29-8e47-d913d0607240 1.105s
2024-09-30 23:07:36.501 62259 INFO tempest.lib.common.rest_client [req-4789b09c-6f17-4031-8de2-5f1b742b4088 req-4789b09c-6f17-4031-8de2-5f1b742b4088 ] Request (FlavorsExtraSpecsNegativeTestJSON:tearDownClass): 200 GET http://10.180.1.21:9696/networking/v2.0/security-groups?tenant_id=b71c6d70949a4e3ab179bffd2e16610f&name=default 0.729s
2024-09-30 23:07:36.536 62237 INFO tempest.lib.common.rest_client [req-e277a754-ad12-4866-ab84-a320cf171018 req-e277a754-ad12-4866-ab84-a320cf171018 ] Request (QuotasSecurityGroupAdminNegativeTest:tearDownClass): 204 DELETE http://10.180.1.21:9696/networking/v2.0/security-groups/5bc07df3-25a7-4bb3-a2a0-1f93d3d1ac0f 0.726s
2024-09-30 23:07:36.550 62269 INFO tempest.lib.common.rest_client [req-69b1697b-1088-44cd-9b15-4a03a1b5db92 req-69b1697b-1088-44cd-9b15-4a03a1b5db92 ] Request (ServersAdminNegativeTestJSON:setUpClass): 200 GET http://10.180.1.21/compute/v2.1/servers/71316e2e-cda6-461c-8004-ff80fc2da90c 1.070s
2024-09-30 23:07:36.558 62269 INFO tempest.common.waiters [-] State transition "BUILD/None" ==> "BUILD/spawning" after 10 second wait
2024-09-30 23:07:36.575 62247 INFO tempest.lib.common.rest_client [req-05fc4ace-5ba6-4399-b3fc-4fffb3559e15 req-05fc4ace-5ba6-4399-b3fc-4fffb3559e15 ] Request (KeyPairsNegativeTestJSON:tearDownClass): 200 GET http://10.180.1.21:9696/networking/v2.0/security-groups?tenant_id=90493472a7544e6c8ec3b67ec209d0dd&name=default 0.581s
2024-09-30 23:07:36.579 62245 INFO tempest.lib.common.rest_client [req-979a1bb3-62b8-4b56-bc00-d40858403d4b req-979a1bb3-62b8-4b56-bc00-d40858403d4b ] Request (ServicesAdminNegativeV253TestJSON:tearDownClass): 204 DELETE http://10.180.1.21/identity/v3/users/c9f84559c21d4a23ae1f4d93ec9e6a42 0.137s
2024-09-30 23:07:36.579 62245 INFO tempest.lib.common.dynamic_creds [-] Deleting project and security group for project: 21e27cad2c9d4ce39ce3b94feb7778be
2024-09-30 23:07:36.628 62237 INFO tempest.lib.common.rest_client [req-48f6e90a-d904-435b-a876-cb454bdb733a req-48f6e90a-d904-435b-a876-cb454bdb733a ] Request (QuotasSecurityGroupAdminNegativeTest:tearDownClass): 204 DELETE http://10.180.1.21/identity/v3/projects/30be00d769f0466f8fc59049514801f7 0.092s
2024-09-30 23:07:36.645 62245 INFO tempest.lib.common.rest_client [req-be667c4f-8782-4657-8432-f14b7b569642 req-be667c4f-8782-4657-8432-f14b7b569642 ] Request (ServicesAdminNegativeV253TestJSON:tearDownClass): 201 POST http://10.180.1.21/identity/v3/auth/tokens 0.065s
2024-09-30 23:07:36.668 62237 INFO tempest.lib.common.rest_client [req-9633fb15-507c-43a0-8807-1fc0646235fb req-9633fb15-507c-43a0-8807-1fc0646235fb ] Request (FloatingIPsNegativeTestJSON:setUpClass): 201 POST http://10.180.1.21/identity/v3/auth/tokens 0.037s
2024-09-30 23:07:36.746 62237 INFO tempest.lib.common.rest_client [req-b7fa028f-2b66-4786-b6b1-a097e502f753 req-b7fa028f-2b66-4786-b6b1-a097e502f753 ] Request (FloatingIPsNegativeTestJSON:setUpClass): 201 POST http://10.180.1.21/identity/v3/auth/tokens 0.076s
2024-09-30 23:07:36.752 62261 INFO tempest.lib.common.rest_client [req-a0439f01-2f00-4097-9bc9-793b5f4ef0be req-a0439f01-2f00-4097-9bc9-793b5f4ef0be ] Request (HostsAdminTestJSON:test_list_hosts): 200 GET http://10.180.1.21/compute/v2.1/os-hosts 0.905s
2024-09-30 23:07:36.769 62253 INFO tempest.lib.common.rest_client [req-937fe209-f2a4-4f55-8c5a-13318597e4d3 req-937fe209-f2a4-4f55-8c5a-13318597e4d3 ] Request (FlavorsAdminTestJSON:test_create_flavor_with_uuid_id): 200 POST http://10.180.1.21/compute/v2.1/flavors 0.705s
2024-09-30 23:07:36.775 62237 INFO tempest.lib.common.rest_client [req-9b528316-6e51-4fa4-9c75-32cfea132f4b req-9b528316-6e51-4fa4-9c75-32cfea132f4b ] Request (FloatingIPsNegativeTestJSON:setUpClass): 200 GET http://10.180.1.21/identity/v3/domains?name=Default 0.028s
2024-09-30 23:07:36.777 62225 INFO tempest.lib.common.rest_client [req-abb0091f-2c39-48b0-a946-d38843fb03ac req-abb0091f-2c39-48b0-a946-d38843fb03ac ] Request (HostsAdminNegativeTestJSON:test_update_host_without_param): 400 PUT http://10.180.1.21/compute/v2.1/os-hosts/devstack 0.712s
2024-09-30 23:07:36.803 62237 INFO tempest.lib.common.rest_client [req-fd9ccbec-8f14-405c-a8e7-9803ad4c5477 req-fd9ccbec-8f14-405c-a8e7-9803ad4c5477 ] Request (FloatingIPsNegativeTestJSON:setUpClass): 201 POST http://10.180.1.21/identity/v3/projects 0.028s
2024-09-30 23:07:36.859 62237 INFO tempest.lib.common.rest_client [req-091d4a6a-96fc-4ffd-8f11-9501916bd957 req-091d4a6a-96fc-4ffd-8f11-9501916bd957 ] Request (FloatingIPsNegativeTestJSON:setUpClass): 201 POST http://10.180.1.21/identity/v3/users 0.054s
2024-09-30 23:07:36.879 62237 INFO tempest.lib.common.rest_client [req-f24d888f-ca13-4441-9650-59e88f830e2e req-f24d888f-ca13-4441-9650-59e88f830e2e ] Request (FloatingIPsNegativeTestJSON:setUpClass): 200 GET http://10.180.1.21/identity/v3/roles 0.019s
2024-09-30 23:07:36.880 62235 INFO tempest.lib.common.rest_client [req-1e5b8482-5980-42f1-bfd5-65b2ab222610 req-1e5b8482-5980-42f1-bfd5-65b2ab222610 ] Request (QuotaClassesAdminTestJSON:tearDownClass): 204 DELETE http://10.180.1.21:9696/networking/v2.0/security-groups/78393bf9-3112-4303-ab22-86a5c362354d 0.515s
2024-09-30 23:07:36.901 62281 INFO tempest.lib.common.rest_client [req-6a68fc72-bf74-46e4-8691-5eeb9c811752 req-6a68fc72-bf74-46e4-8691-5eeb9c811752 ] Request (SecurityGroupRulesNegativeTestJSON:test_create_security_group_rule_with_invalid_port_range): 200 POST http://10.180.1.21/compute/v2.1/os-security-groups 1.249s
2024-09-30 23:07:36.913 62237 INFO tempest.lib.common.rest_client [req-99be375b-29ed-4cdd-8df5-95a83e5b38a8 req-99be375b-29ed-4cdd-8df5-95a83e5b38a8 ] Request (FloatingIPsNegativeTestJSON:setUpClass): 204 PUT http://10.180.1.21/identity/v3/projects/33577f00e8e144d7921ea9bf822b86f8/users/e0a65cb374d247c7bde610ad4781faf2/roles/552ec15d7e20472882afc5f8ac9a5f15 0.033s
2024-09-30 23:07:36.913 62237 INFO tempest.lib.common.dynamic_creds [-] Dynamic test user e0a65cb374d247c7bde610ad4781faf2 is created with scope project and roles: ['member']
2024-09-30 23:07:36.913 62237 INFO tempest.lib.common.dynamic_creds [-] Acquired dynamic creds: credentials: Credentials: {'domain_id': 'default', 'domain_name': 'Default', 'username': 'tempest-FloatingIPsNegativeTestJSON-553978819-project-member', 'project_domain_id': 'default', 'project_domain_name': 'Default', 'project_id': '33577f00e8e144d7921ea9bf822b86f8', 'project_name': 'tempest-FloatingIPsNegativeTestJSON-553978819', 'tenant_id': '33577f00e8e144d7921ea9bf822b86f8', 'tenant_name': 'tempest-FloatingIPsNegativeTestJSON-553978819', 'user_domain_id': 'default', 'user_domain_name': 'Default', 'user_id': 'e0a65cb374d247c7bde610ad4781faf2', 'system': None}, Network: None, Subnet: None, Router: None
2024-09-30 23:07:36.940 62233 INFO tempest.lib.common.rest_client [req-4e3c2ae6-8386-4c62-bb71-c2f73410644b req-4e3c2ae6-8386-4c62-bb71-c2f73410644b ] Request (HypervisorAdminNegativeTestJSON:tearDownClass): 200 GET http://10.180.1.21:9696/networking/v2.0/security-groups?tenant_id=fdd364c00fe742299d87f176468ac28d&name=default 0.511s
2024-09-30 23:07:36.942 62259 INFO tempest.lib.common.rest_client [req-5cb3069e-5793-40d5-9145-129995c3bb14 req-5cb3069e-5793-40d5-9145-129995c3bb14 ] Request (FlavorsExtraSpecsNegativeTestJSON:tearDownClass): 204 DELETE http://10.180.1.21:9696/networking/v2.0/security-groups/5b2edcf1-bffc-4d7f-a38d-f66d8f7b1c7d 0.441s
2024-09-30 23:07:36.964 62235 INFO tempest.lib.common.rest_client [req-4883653b-8336-478a-8273-2d08ebc05645 req-4883653b-8336-478a-8273-2d08ebc05645 ] Request (QuotaClassesAdminTestJSON:tearDownClass): 204 DELETE http://10.180.1.21/identity/v3/projects/36745ee8e6114a11aabc07ba3a15ec1d 0.084s
2024-09-30 23:07:36.982 62237 INFO tempest.lib.common.rest_client [req-a316d143-d691-4815-bf1a-f192a42a96bd req-a316d143-d691-4815-bf1a-f192a42a96bd ] Request (FloatingIPsNegativeTestJSON:setUpClass): 201 POST http://10.180.1.21/identity/v3/auth/tokens 0.069s
2024-09-30 23:07:36.985 62277 INFO tempest.lib.common.rest_client [req-a29647f2-f515-497a-92ec-357a1f957e6f req-a29647f2-f515-497a-92ec-357a1f957e6f ] Request (ListServersNegativeTestJSON:setUpClass): 200 GET http://10.180.1.21/compute/v2.1/servers/1a9030ce-3a35-4760-96f4-4288c1d2f9d1 0.793s
2024-09-30 23:07:36.989 62251 INFO tempest.lib.common.rest_client [req-151f26e0-add1-49a9-a6d2-c030632c37ab req-151f26e0-add1-49a9-a6d2-c030632c37ab ] Request (ServerDiagnosticsV248Test:test_get_server_diagnostics): 202 POST http://10.180.1.21/compute/v2.1/servers 0.822s
2024-09-30 23:07:37.002 62257 INFO tempest.lib.common.rest_client [req-c6f0032f-3e3e-4a37-b65f-35bff543ffb3 req-c6f0032f-3e3e-4a37-b65f-35bff543ffb3 ] Request (FlavorsAccessTestJSON:_run_cleanups): 200 GET http://10.180.1.21/compute/v2.1/flavors/detail 0.790s
2024-09-30 23:07:37.005 62265 INFO tempest.lib.common.rest_client [req-0e298e5a-4084-42ee-93be-4b2128ccb5dd req-0e298e5a-4084-42ee-93be-4b2128ccb5dd ] Request (FlavorsAccessNegativeTestJSON:_run_cleanups): 202 DELETE http://10.180.1.21/compute/v2.1/flavors/1919079659 0.812s
2024-09-30 23:07:37.016 62235 INFO tempest.lib.common.rest_client [req-10b17496-8b3d-482b-acc7-b6a59dac8c95 req-10b17496-8b3d-482b-acc7-b6a59dac8c95 ] Request (FloatingIPDetailsNegativeTestJSON:setUpClass): 201 POST http://10.180.1.21/identity/v3/auth/tokens 0.049s
2024-09-30 23:07:37.036 62283 INFO tempest.lib.common.rest_client [req-cd61760b-d6be-455e-ab81-97cbf66fd04f req-cd61760b-d6be-455e-ab81-97cbf66fd04f ] Request (KeyPairsV210TestJSON:_run_cleanups): 204 DELETE http://10.180.1.21/compute/v2.1/os-keypairs/tempest-keypair-272820524?user_id=00d732e549ea42c1a6dd28a2ccdb44bc 0.689s
2024-09-30 23:07:37.040 62223 INFO tempest.lib.common.rest_client [req-a147bf6a-720a-4ddb-abb5-ab76833315ef req-a147bf6a-720a-4ddb-abb5-ab76833315ef ] Request (AggregatesAdminNegativeTestJSON:test_aggregate_create_aggregate_name_length_less_than_1): 400 POST http://10.180.1.21/compute/v2.1/os-aggregates 0.685s
2024-09-30 23:07:37.065 62247 INFO tempest.lib.common.rest_client [req-0d3e0385-1ffb-402e-97fd-79125a4da513 req-0d3e0385-1ffb-402e-97fd-79125a4da513 ] Request (KeyPairsNegativeTestJSON:tearDownClass): 204 DELETE http://10.180.1.21:9696/networking/v2.0/security-groups/bb8ec10d-5c9b-4e6c-99bb-523213a1f5e0 0.489s
2024-09-30 23:07:37.094 62259 INFO tempest.lib.common.rest_client [req-af268451-39cf-40cd-8a20-89e08aa67d26 req-af268451-39cf-40cd-8a20-89e08aa67d26 ] Request (FlavorsExtraSpecsNegativeTestJSON:tearDownClass): 204 DELETE http://10.180.1.21/identity/v3/projects/b71c6d70949a4e3ab179bffd2e16610f 0.150s
2024-09-30 23:07:37.094 62259 INFO tempest.lib.common.dynamic_creds [-] Deleting project and security group for project: 435cf66b0674420197c8cbf02961b5d3
2024-09-30 23:07:37.120 62235 INFO tempest.lib.common.rest_client [req-07493586-1d1f-45f7-99c7-5529c9bbf27e req-07493586-1d1f-45f7-99c7-5529c9bbf27e ] Request (FloatingIPDetailsNegativeTestJSON:setUpClass): 201 POST http://10.180.1.21/identity/v3/auth/tokens 0.102s
2024-09-30 23:07:37.159 62257 INFO tempest.lib.common.rest_client [req-58e1ec90-0f98-4240-893f-f35eb3b02c4d req-58e1ec90-0f98-4240-893f-f35eb3b02c4d ] Request (FlavorsAccessTestJSON:tearDownClass): 204 DELETE http://10.180.1.21/identity/v3/users/61d6e488a6084ccf83b0fad4f8fa88b3 0.144s
2024-09-30 23:07:37.172 62231 INFO tempest.lib.common.rest_client [req-ba4148f8-6404-4d0e-a5da-b53bd5157c3b req-ba4148f8-6404-4d0e-a5da-b53bd5157c3b ] Request (ServerDiskConfigTestJSON:test_rebuild_server_with_auto_disk_config): 200 GET http://10.180.1.21/compute/v2.1/servers/31c175f9-20a5-4e38-ba90-972b847ab65e 0.782s
2024-09-30 23:07:37.182 62247 INFO tempest.lib.common.rest_client [req-8f2ae5d8-4111-486e-96fe-22147fe1cd1b req-8f2ae5d8-4111-486e-96fe-22147fe1cd1b ] Request (KeyPairsNegativeTestJSON:tearDownClass): 204 DELETE http://10.180.1.21/identity/v3/projects/90493472a7544e6c8ec3b67ec209d0dd 0.116s
2024-09-30 23:07:37.255 62235 INFO tempest.lib.common.rest_client [req-39ea5f99-6258-413c-b692-a57de787901b req-39ea5f99-6258-413c-b692-a57de787901b ] Request (FloatingIPDetailsNegativeTestJSON:setUpClass): 200 GET http://10.180.1.21/identity/v3/domains?name=Default 0.134s
2024-09-30 23:07:37.276 62247 INFO tempest.lib.common.rest_client [req-875018de-4543-491b-be33-ec80fcc400bf req-875018de-4543-491b-be33-ec80fcc400bf ] Request (SecurityGroupsNegativeTestJSON:setUpClass): 201 POST http://10.180.1.21/identity/v3/auth/tokens 0.092s
2024-09-30 23:07:37.278 62285 INFO tempest.lib.common.rest_client [req-4b2e2408-41dd-43d2-adf0-a8f1e0b7bc36 req-4b2e2408-41dd-43d2-adf0-a8f1e0b7bc36 ] Request (QuotasAdminNegativeTest:test_create_server_when_cpu_quota_is_full): 200 PUT http://10.180.1.21/compute/v2.1/os-quota-sets/6b93cbde3c9f44a2a4cc2c0cde7257ac 0.997s
2024-09-30 23:07:37.292 62271 INFO tempest.lib.common.rest_client [req-cc39a8fe-47ba-4b2a-881a-2a781b5c1c9e req-cc39a8fe-47ba-4b2a-881a-2a781b5c1c9e ] Request (ImagesNegativeTestJSON:test_create_image_from_deleted_server): 200 GET http://10.180.1.21/compute/v2.1/servers/a0a004c3-6254-4f47-a080-2b9cc85a2a1d 0.820s
2024-09-30 23:07:37.299 62245 INFO tempest.lib.common.rest_client [req-9550c467-67df-4e00-9e25-a883da158ee1 req-9550c467-67df-4e00-9e25-a883da158ee1 ] Request (ServicesAdminNegativeV253TestJSON:tearDownClass): 200 GET http://10.180.1.21:9696/networking/v2.0/security-groups?tenant_id=21e27cad2c9d4ce39ce3b94feb7778be&name=default 0.654s
2024-09-30 23:07:37.302 62271 INFO tempest.common.waiters [-] State transition "BUILD/None" ==> "BUILD/networking" after 10 second wait
2024-09-30 23:07:37.302 62235 INFO tempest.lib.common.rest_client [req-011242f3-861e-4a85-86db-296dae0bad38 req-011242f3-861e-4a85-86db-296dae0bad38 ] Request (FloatingIPDetailsNegativeTestJSON:setUpClass): 201 POST http://10.180.1.21/identity/v3/projects 0.046s
2024-09-30 23:07:37.328 62257 INFO tempest.lib.common.rest_client [req-a47dfd13-6239-4762-98bf-c7952c64759a req-a47dfd13-6239-4762-98bf-c7952c64759a ] Request (FlavorsAccessTestJSON:tearDownClass): 204 DELETE http://10.180.1.21/identity/v3/users/0fd2b9420ab1402eabc4f86b6c9a394c 0.168s
2024-09-30 23:07:37.328 62257 INFO tempest.lib.common.dynamic_creds [-] Deleting project and security group for project: 4a28e5c2eb28406eb39a59a53d5e46b9
2024-09-30 23:07:37.359 62247 INFO tempest.lib.common.rest_client [req-b568b6d5-95d2-45b7-9c0c-100b268d9326 req-b568b6d5-95d2-45b7-9c0c-100b268d9326 ] Request (SecurityGroupsNegativeTestJSON:setUpClass): 201 POST http://10.180.1.21/identity/v3/auth/tokens 0.078s
2024-09-30 23:07:37.373 62279 INFO tempest.lib.common.rest_client [req-1f4e1580-abf3-4294-85f4-ea576764e31f req-1f4e1580-abf3-4294-85f4-ea576764e31f ] Request (ServerDiagnosticsNegativeTest:test_get_server_diagnostics_by_non_admin): 200 GET http://10.180.1.21/compute/v2.1/servers/25f011ba-eb0b-4295-be8a-d223584ada63 0.828s
2024-09-30 23:07:37.378 62285 INFO tempest.lib.common.rest_client [req-af84ca10-34c7-4b79-a411-59f0ff40e78c req-af84ca10-34c7-4b79-a411-59f0ff40e78c ] Request (QuotasAdminNegativeTest:test_create_server_when_cpu_quota_is_full): 201 POST http://10.180.1.21/identity/v3/auth/tokens 0.094s
2024-09-30 23:07:37.378 62285 INFO tempest.lib.common.fixed_network [-] (QuotasAdminNegativeTest:test_create_server_when_cpu_quota_is_full) Found network None available for tenant
2024-09-30 23:07:37.403 62261 INFO tempest.lib.common.rest_client [req-3acade72-15d2-44f0-918d-732554e8fbb8 req-3acade72-15d2-44f0-918d-732554e8fbb8 ] Request (HostsAdminTestJSON:test_list_hosts_with_a_blank_zone): 200 GET http://10.180.1.21/compute/v2.1/os-hosts?zone= 0.648s
