2024-09-30 23:07:39.912 62257 INFO tempest.lib.common.rest_client [req-97c5ed96-3138-4e9d-a187-c57f36ef12c8 req-97c5ed96-3138-4e9d-a187-c57f36ef12c8 ] Request (ServicesAdminTestJSON:setUpClass): 201 POST http://10.180.1.21/identity/v3/projects 0.028s
2024-09-30 23:07:39.962 62283 INFO tempest.lib.common.rest_client [req-d19f6666-5b8d-4d20-a4d9-969dfa9848eb req-d19f6666-5b8d-4d20-a4d9-969dfa9848eb ] Request (KeyPairsV210TestJSON:tearDownClass): 204 DELETE http://10.180.1.21:9696/networking/v2.0/security-groups/a547fd97-52d0-4e76-9535-f9f7749a0248 0.761s
2024-09-30 23:07:39.971 62257 INFO tempest.lib.common.rest_client [req-4829da10-8361-45a0-90c0-79eb3193214f req-4829da10-8361-45a0-90c0-79eb3193214f ] Request (ServicesAdminTestJSON:setUpClass): 201 POST http://10.180.1.21/identity/v3/users 0.059s
2024-09-30 23:07:39.990 62257 INFO tempest.lib.common.rest_client [req-2d26005d-7c2b-477d-92ca-b493f233bc04 req-2d26005d-7c2b-477d-92ca-b493f233bc04 ] Request (ServicesAdminTestJSON:setUpClass): 200 GET http://10.180.1.21/identity/v3/roles 0.018s
2024-09-30 23:07:40.010 62279 INFO tempest.lib.common.rest_client [req-fb093ba2-3a36-416a-9330-55cddf52ab06 req-fb093ba2-3a36-416a-9330-55cddf52ab06 ] Request (ServerDiagnosticsNegativeTest:test_get_server_diagnostics_by_non_admin): 200 GET http://10.180.1.21/compute/v2.1/servers/25f011ba-eb0b-4295-be8a-d223584ada63 1.623s
2024-09-30 23:07:40.024 62257 INFO tempest.lib.common.rest_client [req-1ed8f368-b66f-4fbe-ad86-9d4f201ce878 req-1ed8f368-b66f-4fbe-ad86-9d4f201ce878 ] Request (ServicesAdminTestJSON:setUpClass): 204 PUT http://10.180.1.21/identity/v3/projects/2c4ac789e9db4711a049afd82cc6f880/users/83393ccf49cf473d8d7f425e2bf893de/roles/552ec15d7e20472882afc5f8ac9a5f15 0.034s
2024-09-30 23:07:40.026 62257 INFO tempest.lib.common.dynamic_creds [-] Dynamic test user 83393ccf49cf473d8d7f425e2bf893de is created with scope project and roles: ['member']
2024-09-30 23:07:40.026 62257 INFO tempest.lib.common.dynamic_creds [-] Acquired dynamic creds: credentials: Credentials: {'domain_id': 'default', 'domain_name': 'Default', 'username': 'tempest-ServicesAdminTestJSON-754766556-project-member', 'project_domain_id': 'default', 'project_domain_name': 'Default', 'project_id': '2c4ac789e9db4711a049afd82cc6f880', 'project_name': 'tempest-ServicesAdminTestJSON-754766556', 'tenant_id': '2c4ac789e9db4711a049afd82cc6f880', 'tenant_name': 'tempest-ServicesAdminTestJSON-754766556', 'user_domain_id': 'default', 'user_domain_name': 'Default', 'user_id': '83393ccf49cf473d8d7f425e2bf893de', 'system': None}, Network: None, Subnet: None, Router: None
2024-09-30 23:07:40.026 62257 INFO tempest.lib.common.dynamic_creds [-] Created isolated network resources for: credentials: Credentials: {'domain_id': 'default', 'domain_name': 'Default', 'username': 'tempest-ServicesAdminTestJSON-754766556-project-member', 'project_domain_id': 'default', 'project_domain_name': 'Default', 'project_id': '2c4ac789e9db4711a049afd82cc6f880', 'project_name': 'tempest-ServicesAdminTestJSON-754766556', 'tenant_id': '2c4ac789e9db4711a049afd82cc6f880', 'tenant_name': 'tempest-ServicesAdminTestJSON-754766556', 'user_domain_id': 'default', 'user_domain_name': 'Default', 'user_id': '83393ccf49cf473d8d7f425e2bf893de', 'system': None}, Network: None, Subnet: None, Router: None
2024-09-30 23:07:40.040 62283 INFO tempest.lib.common.rest_client [req-a0c5abc0-1555-40ec-8580-bdc507ad7dc9 req-a0c5abc0-1555-40ec-8580-bdc507ad7dc9 ] Request (KeyPairsV210TestJSON:tearDownClass): 204 DELETE http://10.180.1.21/identity/v3/projects/a35410a562e44c77a0c353b8441743eb 0.077s
2024-09-30 23:07:40.040 62283 INFO tempest.lib.common.dynamic_creds [-] Deleting project and security group for project: a402e18e91a64600bc8f945f0477f51d
2024-09-30 23:07:40.105 62257 INFO tempest.lib.common.rest_client [req-76de3916-0074-4ed6-8de8-43e260791edc req-76de3916-0074-4ed6-8de8-43e260791edc ] Request (ServicesAdminTestJSON:setUpClass): 201 POST http://10.180.1.21/identity/v3/auth/tokens 0.072s
2024-09-30 23:07:40.119 62249 INFO tempest.lib.common.rest_client [req-b7660271-d986-4d11-ac9b-3225b219a470 req-b7660271-d986-4d11-ac9b-3225b219a470 ] Request (ImagesTestJSON:test_create_image_from_stopped_server): 200 GET http://10.180.1.21/compute/v2.1/servers/9eed7cf7-5911-4e21-b8c8-f5d90b0c5bc3 1.683s
2024-09-30 23:07:40.128 62249 INFO tempest.common.waiters [-] State transition "BUILD/None" ==> "BUILD/networking" after 13 second wait
2024-09-30 23:07:40.164 62225 INFO tempest.lib.common.rest_client [req-3a1fba3a-7fc1-4d11-912e-1bf6fecb3f02 req-3a1fba3a-7fc1-4d11-912e-1bf6fecb3f02 ] Request (HostsAdminNegativeTestJSON:tearDownClass): 200 GET http://10.180.1.21:9696/networking/v2.0/security-groups?tenant_id=7451c12ad88546d78c80b95841e61814&name=default 0.554s
2024-09-30 23:07:40.203 62255 INFO tempest.lib.common.rest_client [req-a57e252c-ab5a-4c57-ab25-446924e1463e req-a57e252c-ab5a-4c57-ab25-446924e1463e ] Request (ServersTestMultiNic:test_verify_duplicate_network_nics): 200 GET http://10.180.1.21/compute/v2.1/servers/7a8c0f03-0bb9-4759-b8fb-97e82e7a69b7 1.622s
2024-09-30 23:07:40.224 62257 INFO tempest.lib.common.rest_client [req-ccd536df-9f6c-4b29-9b90-a74a3272f930 req-ccd536df-9f6c-4b29-9b90-a74a3272f930 ] Request (ServicesAdminTestJSON:setUpClass): 201 POST http://10.180.1.21/identity/v3/projects 0.118s
2024-09-30 23:07:40.312 62257 INFO tempest.lib.common.rest_client [req-cfcf42c3-6e3c-49b3-9e62-9c30b4ad3067 req-cfcf42c3-6e3c-49b3-9e62-9c30b4ad3067 ] Request (ServicesAdminTestJSON:setUpClass): 201 POST http://10.180.1.21/identity/v3/users 0.087s
2024-09-30 23:07:40.325 62251 INFO tempest.lib.common.rest_client [req-d4de3619-2430-441d-a4bc-e6c4a5342aeb req-d4de3619-2430-441d-a4bc-e6c4a5342aeb ] Request (ServerDiagnosticsV248Test:test_get_server_diagnostics): 200 GET http://10.180.1.21/compute/v2.1/servers/6bf0d1f1-d079-4956-bc9a-86ba66885f3a 1.624s
2024-09-30 23:07:40.342 62245 INFO tempest.lib.common.rest_client [req-0eee4133-295e-40cb-b8cb-dfa503c9436e req-0eee4133-295e-40cb-b8cb-dfa503c9436e ] Request (VolumesAdminNegativeTest:setUpClass): 201 POST http://10.180.1.21:9696/networking/v2.0/networks 0.800s
2024-09-30 23:07:40.352 62257 INFO tempest.lib.common.rest_client [req-2a15fd4e-9053-4334-90a0-0a3f66aa1111 req-2a15fd4e-9053-4334-90a0-0a3f66aa1111 ] Request (ServicesAdminTestJSON:setUpClass): 200 GET http://10.180.1.21/identity/v3/roles 0.040s
2024-09-30 23:07:40.385 62247 INFO tempest.lib.common.rest_client [req-ed1cf855-9400-4d00-a606-c33bb5442cb2 req-ed1cf855-9400-4d00-a606-c33bb5442cb2 ] Request (SecurityGroupsNegativeTestJSON:setUpClass): 201 POST http://10.180.1.21:9696/networking/v2.0/subnets 0.863s
2024-09-30 23:07:40.390 62257 INFO tempest.lib.common.rest_client [req-8fbe986a-b0e5-48af-8454-daaa1a21a6b7 req-8fbe986a-b0e5-48af-8454-daaa1a21a6b7 ] Request (ServicesAdminTestJSON:setUpClass): 204 PUT http://10.180.1.21/identity/v3/projects/38b11af147af498ea2d6a6ce40e3ddd3/users/b368970405a746afa52f6e351a4fe796/roles/d03afdc27af146cdb450aea1db633131 0.037s
2024-09-30 23:07:40.397 62273 INFO tempest.lib.common.rest_client [req-fefa0e65-38c5-4677-b776-7a4581ced305 req-fefa0e65-38c5-4677-b776-7a4581ced305 ] Request (ServersAdminTestJSON:setUpClass): 201 POST http://10.180.1.21:9696/networking/v2.0/subnets 0.885s
2024-09-30 23:07:40.458 62257 INFO tempest.lib.common.rest_client [req-551ca4ab-1347-4459-be10-efca7799ab56 req-551ca4ab-1347-4459-be10-efca7799ab56 ] Request (ServicesAdminTestJSON:setUpClass): 200 GET http://10.180.1.21/identity/v3/roles 0.067s
2024-09-30 23:07:40.478 62257 INFO tempest.lib.common.rest_client [req-0be13a84-563d-4c9b-8527-e7a90ed85cce req-0be13a84-563d-4c9b-8527-e7a90ed85cce ] Request (ServicesAdminTestJSON:setUpClass): 204 PUT http://10.180.1.21/identity/v3/projects/38b11af147af498ea2d6a6ce40e3ddd3/users/b368970405a746afa52f6e351a4fe796/roles/d03afdc27af146cdb450aea1db633131 0.019s
2024-09-30 23:07:40.478 62257 INFO tempest.lib.common.dynamic_creds [-] Dynamic test user b368970405a746afa52f6e351a4fe796 is created with scope project and roles: ['admin']
2024-09-30 23:07:40.478 62257 INFO tempest.lib.common.dynamic_creds [-] Acquired dynamic creds: credentials: Credentials: {'domain_id': 'default', 'domain_name': 'Default', 'username': 'tempest-ServicesAdminTestJSON-1658521672-project-admin', 'project_domain_id': 'default', 'project_domain_name': 'Default', 'project_id': '38b11af147af498ea2d6a6ce40e3ddd3', 'project_name': 'tempest-ServicesAdminTestJSON-1658521672', 'tenant_id': '38b11af147af498ea2d6a6ce40e3ddd3', 'tenant_name': 'tempest-ServicesAdminTestJSON-1658521672', 'user_domain_id': 'default', 'user_domain_name': 'Default', 'user_id': 'b368970405a746afa52f6e351a4fe796', 'system': None}, Network: None, Subnet: None, Router: None
2024-09-30 23:07:40.478 62257 INFO tempest.lib.common.dynamic_creds [-] Created isolated network resources for: credentials: Credentials: {'domain_id': 'default', 'domain_name': 'Default', 'username': 'tempest-ServicesAdminTestJSON-1658521672-project-admin', 'project_domain_id': 'default', 'project_domain_name': 'Default', 'project_id': '38b11af147af498ea2d6a6ce40e3ddd3', 'project_name': 'tempest-ServicesAdminTestJSON-1658521672', 'tenant_id': '38b11af147af498ea2d6a6ce40e3ddd3', 'tenant_name': 'tempest-ServicesAdminTestJSON-1658521672', 'user_domain_id': 'default', 'user_domain_name': 'Default', 'user_id': 'b368970405a746afa52f6e351a4fe796', 'system': None}, Network: None, Subnet: None, Router: None
2024-09-30 23:07:40.526 62285 INFO tempest.lib.common.rest_client [req-e174be49-2e13-4309-9112-ba3b31c64e29 req-e174be49-2e13-4309-9112-ba3b31c64e29 ] Request (QuotasAdminNegativeTest:_run_cleanups): 200 PUT http://10.180.1.21/compute/v2.1/os-quota-sets/6b93cbde3c9f44a2a4cc2c0cde7257ac 1.759s
2024-09-30 23:07:40.556 62257 INFO tempest.lib.common.rest_client [req-56fe2daf-a401-4b8c-b9f3-402632fc3a0a req-56fe2daf-a401-4b8c-b9f3-402632fc3a0a ] Request (ServicesAdminTestJSON:setUpClass): 201 POST http://10.180.1.21/identity/v3/auth/tokens 0.071s
2024-09-30 23:07:40.634 62275 INFO tempest.lib.common.rest_client [req-38f09250-506e-4f7a-af07-71b79fb0aaa6 req-38f09250-506e-4f7a-af07-71b79fb0aaa6 ] Request (DeleteServersAdminTestJSON:test_admin_delete_servers_of_others): 200 GET http://10.180.1.21/compute/v2.1/servers/7d9aa694-f9b3-4d2b-9d3c-de59b8b5a6ac 1.845s
2024-09-30 23:07:40.663 62235 INFO tempest.lib.common.rest_client [req-f193774c-3fff-479b-9d67-6474ffc86b10 req-f193774c-3fff-479b-9d67-6474ffc86b10 ] Request (FloatingIPDetailsNegativeTestJSON:setUpClass): 201 POST http://10.180.1.21:9696/networking/v2.0/subnets 1.283s
2024-09-30 23:07:40.704 62283 INFO tempest.lib.common.rest_client [req-452e4f31-d5af-4d5d-9905-bddc7b20e197 req-452e4f31-d5af-4d5d-9905-bddc7b20e197 ] Request (KeyPairsV210TestJSON:tearDownClass): 200 GET http://10.180.1.21:9696/networking/v2.0/security-groups?tenant_id=a402e18e91a64600bc8f945f0477f51d&name=default 0.663s
2024-09-30 23:07:40.757 62243 INFO tempest.lib.common.rest_client [req-c4dbd4b1-2547-4a4a-a39b-5cfb84241c15 req-c4dbd4b1-2547-4a4a-a39b-5cfb84241c15 ] Request (ServerActionsTestOtherB:setUpClass): 200 POST http://10.180.1.21/compute/v2.1/os-keypairs 1.893s
2024-09-30 23:07:40.862 62225 INFO tempest.lib.common.rest_client [req-025576ac-1e59-4887-ab2f-ae9784e8f9b4 req-025576ac-1e59-4887-ab2f-ae9784e8f9b4 ] Request (HostsAdminNegativeTestJSON:tearDownClass): 204 DELETE http://10.180.1.21:9696/networking/v2.0/security-groups/6363c56b-dd25-47cc-bc1a-1c865d6f6031 0.697s
2024-09-30 23:07:40.862 62229 INFO tempest.lib.common.rest_client [req-0cc4503a-43e5-426e-8476-f7e165d3154d req-0cc4503a-43e5-426e-8476-f7e165d3154d ] Request (VolumesAssistedSnapshotsTest:test_volume_assisted_snapshot_create_delete): 202 POST http://10.180.1.21/compute/v2.1/servers 2.633s
2024-09-30 23:07:40.891 62239 INFO tempest.lib.common.rest_client [req-88533efe-e8ae-45ff-ae0e-8212d5208b84 req-88533efe-e8ae-45ff-ae0e-8212d5208b84 ] Request (ServerExternalEventsTest:test_create_server_external_events): 200 GET http://10.180.1.21/compute/v2.1/servers/938dab0c-9b30-404b-bca2-a1280a252584 1.994s
2024-09-30 23:07:40.954 62265 INFO tempest.lib.common.rest_client [req-11564083-357d-40f6-bfaa-79acc78f8853 req-11564083-357d-40f6-bfaa-79acc78f8853 ] Request (FlavorsAccessNegativeTestJSON:test_flavor_non_admin_remove): 200 POST http://10.180.1.21/compute/v2.1/flavors/2092073982/action 1.898s
2024-09-30 23:07:40.965 62225 INFO tempest.lib.common.rest_client [req-974487f8-da9c-46c7-81b1-88890db5277b req-974487f8-da9c-46c7-81b1-88890db5277b ] Request (HostsAdminNegativeTestJSON:tearDownClass): 204 DELETE http://10.180.1.21/identity/v3/projects/7451c12ad88546d78c80b95841e61814 0.102s
2024-09-30 23:07:40.966 62223 INFO tempest.lib.common.rest_client [req-63e8ac6f-74be-4d7c-b1d2-fc79fa54ee9c req-63e8ac6f-74be-4d7c-b1d2-fc79fa54ee9c ] Request (AggregatesAdminNegativeTestJSON:test_aggregate_create_with_existent_aggregate_name): 409 POST http://10.180.1.21/compute/v2.1/os-aggregates 1.885s
2024-09-30 23:07:40.968 62225 INFO tempest.test [-] raised in LiveMigrationRemoteConsolesV26Test.setUpClass. Invoking tearDownClass.
2024-09-30 23:07:41.031 62259 INFO tempest.lib.common.rest_client [req-305ca951-c1c4-4862-a335-a64808a83639 req-305ca951-c1c4-4862-a335-a64808a83639 ] Request (MultipleCreateNegativeTestJSON:test_max_count_less_than_min_count): 400 POST http://10.180.1.21/compute/v2.1/servers 1.971s
2024-09-30 23:07:41.067 62283 INFO tempest.lib.common.rest_client [req-2614ea35-4d81-4219-a8f7-41f4093806d0 req-2614ea35-4d81-4219-a8f7-41f4093806d0 ] Request (KeyPairsV210TestJSON:tearDownClass): 204 DELETE http://10.180.1.21:9696/networking/v2.0/security-groups/51132c83-bd33-46e7-a815-bf45b56010a7 0.362s
2024-09-30 23:07:41.074 62245 INFO tempest.lib.common.rest_client [req-c816add6-8c90-471e-8e73-2266c4d3c28c req-c816add6-8c90-471e-8e73-2266c4d3c28c ] Request (VolumesAdminNegativeTest:setUpClass): 201 POST http://10.180.1.21:9696/networking/v2.0/subnets 0.731s
2024-09-30 23:07:41.083 62225 INFO tempest.lib.common.rest_client [req-5a2a4021-5afc-42cd-8092-e6cfba369cab req-5a2a4021-5afc-42cd-8092-e6cfba369cab ] Request (QuotasAdminTestJSON:setUpClass): 201 POST http://10.180.1.21/identity/v3/auth/tokens 0.111s
2024-09-30 23:07:41.088 62233 INFO tempest.lib.common.rest_client [req-4f986207-e231-4e3c-afbc-43bc7d05c6bd req-4f986207-e231-4e3c-afbc-43bc7d05c6bd ] Request (QuotaClassesAdmin257Test:test_update_default_quotas): 200 GET http://10.180.1.21/compute/v2.1/os-quota-class-sets/default 1.878s
2024-09-30 23:07:41.105 62259 INFO tempest.lib.common.rest_client [req-db0e3e98-fe53-44b6-b5e1-93a2c9517980 req-db0e3e98-fe53-44b6-b5e1-93a2c9517980 ] Request (MultipleCreateNegativeTestJSON:test_max_count_less_than_one): 201 POST http://10.180.1.21/identity/v3/auth/tokens 0.066s
2024-09-30 23:07:41.105 62259 INFO tempest.lib.common.fixed_network [-] (MultipleCreateNegativeTestJSON:test_max_count_less_than_one) Found network None available for tenant
2024-09-30 23:07:41.137 62283 INFO tempest.lib.common.rest_client [req-e754f8ba-9734-450e-a278-877cbc76ab5a req-e754f8ba-9734-450e-a278-877cbc76ab5a ] Request (KeyPairsV210TestJSON:tearDownClass): 204 DELETE http://10.180.1.21/identity/v3/projects/a402e18e91a64600bc8f945f0477f51d 0.070s
2024-09-30 23:07:41.149 62263 INFO tempest.lib.common.rest_client [req-d257c5b6-caaa-43d0-a2e5-5ef80341a960 req-d257c5b6-caaa-43d0-a2e5-5ef80341a960 ] Request (ServerMetadataNegativeTestJSON:setUpClass): 200 GET http://10.180.1.21/compute/v2.1/servers/ed4e609d-e6ef-42d4-b5d5-89bdf99e36c6 1.844s
2024-09-30 23:07:41.172 62225 INFO tempest.lib.common.rest_client [req-32e27599-b63f-4cee-bc3b-2fb23bc43c73 req-32e27599-b63f-4cee-bc3b-2fb23bc43c73 ] Request (QuotasAdminTestJSON:setUpClass): 201 POST http://10.180.1.21/identity/v3/auth/tokens 0.087s
2024-09-30 23:07:41.195 62283 INFO tempest.lib.common.rest_client [req-ff4eabcf-d13a-440a-82e1-8641169fca87 req-ff4eabcf-d13a-440a-82e1-8641169fca87 ] Request (NetworksTest:setUpClass): 201 POST http://10.180.1.21/identity/v3/auth/tokens 0.056s
2024-09-30 23:07:41.196 62225 INFO tempest.lib.common.rest_client [req-7f3b84cd-ac9f-4b33-b854-5d8d98f0cfab req-7f3b84cd-ac9f-4b33-b854-5d8d98f0cfab ] Request (QuotasAdminTestJSON:setUpClass): 200 GET http://10.180.1.21/identity/v3/domains?name=Default 0.023s
2024-09-30 23:07:41.207 62267 INFO tempest.lib.common.rest_client [req-57be18c4-288e-44f2-bf23-688717218cec req-57be18c4-288e-44f2-bf23-688717218cec ] Request (InstanceActionsTestJSON:setUpClass): 200 GET http://10.180.1.21/compute/v2.1/servers/7a94f776-579d-41e8-94aa-6095b3fd69c6 1.764s
2024-09-30 23:07:41.227 62283 INFO tempest.lib.common.rest_client [req-d687030f-e57f-48e7-a7a1-e5702dd33db4 req-d687030f-e57f-48e7-a7a1-e5702dd33db4 ] Request (NetworksTest:setUpClass): 201 POST http://10.180.1.21/identity/v3/auth/tokens 0.029s
2024-09-30 23:07:41.236 62225 INFO tempest.lib.common.rest_client [req-00f64efa-14c4-4266-9c0e-7533f1d470ea req-00f64efa-14c4-4266-9c0e-7533f1d470ea ] Request (QuotasAdminTestJSON:setUpClass): 201 POST http://10.180.1.21/identity/v3/projects 0.038s
2024-09-30 23:07:41.282 62243 INFO tempest.lib.common.rest_client [req-54894ff0-8af4-4eb0-9d26-fc341e17db30 req-54894ff0-8af4-4eb0-9d26-fc341e17db30 ] Request (ServerActionsTestOtherB:setUpClass): 201 POST http://10.180.1.21:9696/networking/v2.0/security-groups 0.522s
2024-09-30 23:07:41.284 62283 INFO tempest.lib.common.rest_client [req-8450957f-1882-47e3-89a2-b2fee343ce3f req-8450957f-1882-47e3-89a2-b2fee343ce3f ] Request (NetworksTest:setUpClass): 200 GET http://10.180.1.21/identity/v3/domains?name=Default 0.056s
2024-09-30 23:07:41.287 62241 INFO tempest.lib.common.rest_client [req-5c1c4900-a5c7-4984-a2ba-290f36956276 req-5c1c4900-a5c7-4984-a2ba-290f36956276 ] Request (MigrationsAdminTest:test_list_migrations_in_flavor_resize_situation): 200 GET http://10.180.1.21/compute/v2.1/servers/3182ca24-c989-4c29-8e47-d913d0607240 1.767s
2024-09-30 23:07:41.294 62281 INFO tempest.lib.common.rest_client [req-a98ebb70-3535-452a-81f8-785569e8d336 req-a98ebb70-3535-452a-81f8-785569e8d336 ] Request (SecurityGroupRulesNegativeTestJSON:test_create_security_group_rule_with_invalid_to_port): 400 POST http://10.180.1.21/compute/v2.1/os-security-group-rules 1.968s
2024-09-30 23:07:41.302 62225 INFO tempest.lib.common.rest_client [req-35c0f65e-4057-42ca-a0bb-381527f68ab3 req-35c0f65e-4057-42ca-a0bb-381527f68ab3 ] Request (QuotasAdminTestJSON:setUpClass): 201 POST http://10.180.1.21/identity/v3/users 0.066s
2024-09-30 23:07:41.307 62253 INFO tempest.lib.common.rest_client [req-f67ec2cc-e5db-48c2-b5ca-aff9c0b4c245 req-f67ec2cc-e5db-48c2-b5ca-aff9c0b4c245 ] Request (FlavorsAdminTestJSON:test_create_list_flavor_without_extra_data): 200 GET http://10.180.1.21/compute/v2.1/flavors/89645763 1.513s
2024-09-30 23:07:41.315 62261 INFO tempest.lib.common.rest_client [req-e58a7d9f-cf00-475d-a86b-2b4a242dc09c req-e58a7d9f-cf00-475d-a86b-2b4a242dc09c ] Request (HostsAdminTestJSON:test_list_hosts_with_zone): 200 GET http://10.180.1.21/compute/v2.1/os-hosts?zone=internal 1.541s
2024-09-30 23:07:41.318 62283 INFO tempest.lib.common.rest_client [req-5f13d9ca-7b41-4dcf-b630-4e4329620416 req-5f13d9ca-7b41-4dcf-b630-4e4329620416 ] Request (NetworksTest:setUpClass): 201 POST http://10.180.1.21/identity/v3/projects 0.033s
2024-09-30 23:07:41.319 62225 INFO tempest.lib.common.rest_client [req-eee90237-e6b6-4f19-b7f6-26cd0ce5ec7e req-eee90237-e6b6-4f19-b7f6-26cd0ce5ec7e ] Request (QuotasAdminTestJSON:setUpClass): 200 GET http://10.180.1.21/identity/v3/roles 0.016s
2024-09-30 23:07:41.371 62283 INFO tempest.lib.common.rest_client [req-11e4ef33-215d-4707-83ec-80296d35d252 req-11e4ef33-215d-4707-83ec-80296d35d252 ] Request (NetworksTest:setUpClass): 201 POST http://10.180.1.21/identity/v3/users 0.053s
2024-09-30 23:07:41.374 62225 INFO tempest.lib.common.rest_client [req-874b88ec-0bad-4a50-8405-b9992c84b055 req-874b88ec-0bad-4a50-8405-b9992c84b055 ] Request (QuotasAdminTestJSON:setUpClass): 204 PUT http://10.180.1.21/identity/v3/projects/5e9496b16dff41cba7a7126e1cee3871/users/db7770f764fc4b7184e9384e8dce1ea9/roles/552ec15d7e20472882afc5f8ac9a5f15 0.054s
2024-09-30 23:07:41.374 62225 INFO tempest.lib.common.dynamic_creds [-] Dynamic test user db7770f764fc4b7184e9384e8dce1ea9 is created with scope project and roles: ['member']
2024-09-30 23:07:41.374 62225 INFO tempest.lib.common.dynamic_creds [-] Acquired dynamic creds: credentials: Credentials: {'domain_id': 'default', 'domain_name': 'Default', 'username': 'tempest-QuotasAdminTestJSON-657311339-project-member', 'project_domain_id': 'default', 'project_domain_name': 'Default', 'project_id': '5e9496b16dff41cba7a7126e1cee3871', 'project_name': 'tempest-QuotasAdminTestJSON-657311339', 'tenant_id': '5e9496b16dff41cba7a7126e1cee3871', 'tenant_name': 'tempest-QuotasAdminTestJSON-657311339', 'user_domain_id': 'default', 'user_domain_name': 'Default', 'user_id': 'db7770f764fc4b7184e9384e8dce1ea9', 'system': None}, Network: None, Subnet: None, Router: None
2024-09-30 23:07:41.375 62225 INFO tempest.lib.common.dynamic_creds [-] Created isolated network resources for: credentials: Credentials: {'domain_id': 'default', 'domain_name': 'Default', 'username': 'tempest-QuotasAdminTestJSON-657311339-project-member', 'project_domain_id': 'default', 'project_domain_name': 'Default', 'project_id': '5e9496b16dff41cba7a7126e1cee3871', 'project_name': 'tempest-QuotasAdminTestJSON-657311339', 'tenant_id': '5e9496b16dff41cba7a7126e1cee3871', 'tenant_name': 'tempest-QuotasAdminTestJSON-657311339', 'user_domain_id': 'default', 'user_domain_name': 'Default', 'user_id': 'db7770f764fc4b7184e9384e8dce1ea9', 'system': None}, Network: None, Subnet: None, Router: None
2024-09-30 23:07:41.409 62277 INFO tempest.lib.common.rest_client [req-a3b42e57-c4bb-4115-8e53-0d53268cddf2 req-a3b42e57-c4bb-4115-8e53-0d53268cddf2 ] Request (ListServersNegativeTestJSON:setUpClass): 200 GET http://10.180.1.21/compute/v2.1/servers/1a9030ce-3a35-4760-96f4-4288c1d2f9d1 1.186s
2024-09-30 23:07:41.435 62283 INFO tempest.lib.common.rest_client [req-b25871f5-f6d6-45a0-9c57-f2b66780f0b5 req-b25871f5-f6d6-45a0-9c57-f2b66780f0b5 ] Request (NetworksTest:setUpClass): 200 GET http://10.180.1.21/identity/v3/roles 0.063s
2024-09-30 23:07:41.460 62225 INFO tempest.lib.common.rest_client [req-9986faa2-e69f-45b6-af10-99743ce5da64 req-9986faa2-e69f-45b6-af10-99743ce5da64 ] Request (QuotasAdminTestJSON:setUpClass): 201 POST http://10.180.1.21/identity/v3/auth/tokens 0.083s
2024-09-30 23:07:41.464 62283 INFO tempest.lib.common.rest_client [req-28035afe-430f-4365-9c72-db5454447909 req-28035afe-430f-4365-9c72-db5454447909 ] Request (NetworksTest:setUpClass): 204 PUT http://10.180.1.21/identity/v3/projects/0321954ab2a649a59e86a189a59ab74a/users/c872276aaf41494f891db207b52760ca/roles/552ec15d7e20472882afc5f8ac9a5f15 0.029s
2024-09-30 23:07:41.465 62283 INFO tempest.lib.common.dynamic_creds [-] Dynamic test user c872276aaf41494f891db207b52760ca is created with scope project and roles: ['member']
2024-09-30 23:07:41.465 62283 INFO tempest.lib.common.dynamic_creds [-] Acquired dynamic creds: credentials: Credentials: {'domain_id': 'default', 'domain_name': 'Default', 'username': 'tempest-NetworksTest-968878236-project-member', 'project_domain_id': 'default', 'project_domain_name': 'Default', 'project_id': '0321954ab2a649a59e86a189a59ab74a', 'project_name': 'tempest-NetworksTest-968878236', 'tenant_id': '0321954ab2a649a59e86a189a59ab74a', 'tenant_name': 'tempest-NetworksTest-968878236', 'user_domain_id': 'default', 'user_domain_name': 'Default', 'user_id': 'c872276aaf41494f891db207b52760ca', 'system': None}, Network: None, Subnet: None, Router: None
2024-09-30 23:07:41.465 62283 INFO tempest.lib.common.dynamic_creds [-] Created isolated network resources for: credentials: Credentials: {'domain_id': 'default', 'domain_name': 'Default', 'username': 'tempest-NetworksTest-968878236-project-member', 'project_domain_id': 'default', 'project_domain_name': 'Default', 'project_id': '0321954ab2a649a59e86a189a59ab74a', 'project_name': 'tempest-NetworksTest-968878236', 'tenant_id': '0321954ab2a649a59e86a189a59ab74a', 'tenant_name': 'tempest-NetworksTest-968878236', 'user_domain_id': 'default', 'user_domain_name': 'Default', 'user_id': 'c872276aaf41494f891db207b52760ca', 'system': None}, Network: None, Subnet: None, Router: None
2024-09-30 23:07:41.492 62231 INFO tempest.lib.common.rest_client [req-3a9777fc-f59f-49d1-bdf8-8d6a186b6d2f req-3a9777fc-f59f-49d1-bdf8-8d6a186b6d2f ] Request (ServerDiskConfigTestJSON:test_rebuild_server_with_auto_disk_config): 200 GET http://10.180.1.21/compute/v2.1/servers/31c175f9-20a5-4e38-ba90-972b847ab65e 1.169s
2024-09-30 23:07:41.530 62225 INFO tempest.lib.common.rest_client [req-d916a756-69f1-4377-a31e-480ac019ac13 req-d916a756-69f1-4377-a31e-480ac019ac13 ] Request (QuotasAdminTestJSON:setUpClass): 201 POST http://10.180.1.21/identity/v3/projects 0.069s
2024-09-30 23:07:41.542 62283 INFO tempest.lib.common.rest_client [req-b7c37568-7099-467b-a3aa-02947b0ffe7a req-b7c37568-7099-467b-a3aa-02947b0ffe7a ] Request (NetworksTest:setUpClass): 201 POST http://10.180.1.21/identity/v3/auth/tokens 0.074s
2024-09-30 23:07:41.598 62225 INFO tempest.lib.common.rest_client [req-a858be26-da19-46a4-90d6-a118fa7bd644 req-a858be26-da19-46a4-90d6-a118fa7bd644 ] Request (QuotasAdminTestJSON:setUpClass): 201 POST http://10.180.1.21/identity/v3/users 0.067s
2024-09-30 23:07:41.635 62283 INFO tempest.lib.common.rest_client [req-957008ae-884c-49c4-a8ea-2494f4c76af9 req-957008ae-884c-49c4-a8ea-2494f4c76af9 ] Request (NetworksTest:setUpClass): 201 POST http://10.180.1.21/identity/v3/projects 0.093s
2024-09-30 23:07:41.688 62285 INFO tempest.lib.common.rest_client [req-452329dd-b05e-4e87-a463-c31ca856ae03 req-452329dd-b05e-4e87-a463-c31ca856ae03 ] Request (QuotasAdminNegativeTest:test_create_server_when_instances_quota_is_full): 200 GET http://10.180.1.21/compute/v2.1/os-quota-sets/6b93cbde3c9f44a2a4cc2c0cde7257ac 1.158s
2024-09-30 23:07:41.693 62225 INFO tempest.lib.common.rest_client [req-f437b4b4-c327-48a0-b66b-d0313e738c27 req-f437b4b4-c327-48a0-b66b-d0313e738c27 ] Request (QuotasAdminTestJSON:setUpClass): 200 GET http://10.180.1.21/identity/v3/roles 0.094s
2024-09-30 23:07:41.694 62269 INFO tempest.lib.common.rest_client [req-d2e84538-1bd8-480a-9696-2bf6e5ddf0cf req-d2e84538-1bd8-480a-9696-2bf6e5ddf0cf ] Request (ServersAdminNegativeTestJSON:setUpClass): 200 GET http://10.180.1.21/compute/v2.1/servers/71316e2e-cda6-461c-8004-ff80fc2da90c 1.652s
2024-09-30 23:07:41.710 62283 INFO tempest.lib.common.rest_client [req-ec9b3f97-97f4-4ca7-850c-5f5920909ba2 req-ec9b3f97-97f4-4ca7-850c-5f5920909ba2 ] Request (NetworksTest:setUpClass): 201 POST http://10.180.1.21/identity/v3/users 0.074s
2024-09-30 23:07:41.738 62225 INFO tempest.lib.common.rest_client [req-47da0759-068a-4c91-a655-a093f74f6fe1 req-47da0759-068a-4c91-a655-a093f74f6fe1 ] Request (QuotasAdminTestJSON:setUpClass): 204 PUT http://10.180.1.21/identity/v3/projects/517c796be0f649ef88d00248a743fbd4/users/c69847fa681f40468c3df949a0d70844/roles/d03afdc27af146cdb450aea1db633131 0.044s
2024-09-30 23:07:41.776 62283 INFO tempest.lib.common.rest_client [req-8cbf9d22-6dc8-44fe-b983-448b91160a15 req-8cbf9d22-6dc8-44fe-b983-448b91160a15 ] Request (NetworksTest:setUpClass): 200 GET http://10.180.1.21/identity/v3/roles 0.064s
2024-09-30 23:07:41.790 62225 INFO tempest.lib.common.rest_client [req-79ec424a-e40f-4508-aff5-103fb5e96520 req-79ec424a-e40f-4508-aff5-103fb5e96520 ] Request (QuotasAdminTestJSON:setUpClass): 200 GET http://10.180.1.21/identity/v3/roles 0.051s
2024-09-30 23:07:41.810 62283 INFO tempest.lib.common.rest_client [req-a2eb766f-1cd6-4fd9-af1b-ce5e26b91426 req-a2eb766f-1cd6-4fd9-af1b-ce5e26b91426 ] Request (NetworksTest:setUpClass): 204 PUT http://10.180.1.21/identity/v3/projects/aa86eb0d83524ec1965e61c6d54d5b22/users/543c8851756843b3ac41fba85491e0cd/roles/d03afdc27af146cdb450aea1db633131 0.033s
2024-09-30 23:07:41.840 62257 INFO tempest.lib.common.rest_client [req-7cf6a1fe-b49e-42e8-bea9-7ea8decb2dff req-7cf6a1fe-b49e-42e8-bea9-7ea8decb2dff ] Request (ServicesAdminTestJSON:test_get_service_by_host_name): 200 GET http://10.180.1.21/compute/v2.1/os-services 1.283s
2024-09-30 23:07:41.842 62243 INFO tempest.lib.common.rest_client [req-98fd811a-7c65-4d4b-acac-1432073489b9 req-98fd811a-7c65-4d4b-acac-1432073489b9 ] Request (ServerActionsTestOtherB:setUpClass): 201 POST http://10.180.1.21:9696/networking/v2.0/security-group-rules 0.558s
2024-09-30 23:07:41.852 62225 INFO tempest.lib.common.rest_client [req-a7df42a6-da7d-4155-bdd3-bd7c7af43233 req-a7df42a6-da7d-4155-bdd3-bd7c7af43233 ] Request (QuotasAdminTestJSON:setUpClass): 204 PUT http://10.180.1.21/identity/v3/projects/517c796be0f649ef88d00248a743fbd4/users/c69847fa681f40468c3df949a0d70844/roles/d03afdc27af146cdb450aea1db633131 0.062s
2024-09-30 23:07:41.853 62225 INFO tempest.lib.common.dynamic_creds [-] Dynamic test user c69847fa681f40468c3df949a0d70844 is created with scope project and roles: ['admin']
2024-09-30 23:07:41.853 62225 INFO tempest.lib.common.dynamic_creds [-] Acquired dynamic creds: credentials: Credentials: {'domain_id': 'default', 'domain_name': 'Default', 'username': 'tempest-QuotasAdminTestJSON-70802094-project-admin', 'project_domain_id': 'default', 'project_domain_name': 'Default', 'project_id': '517c796be0f649ef88d00248a743fbd4', 'project_name': 'tempest-QuotasAdminTestJSON-70802094', 'tenant_id': '517c796be0f649ef88d00248a743fbd4', 'tenant_name': 'tempest-QuotasAdminTestJSON-70802094', 'user_domain_id': 'default', 'user_domain_name': 'Default', 'user_id': 'c69847fa681f40468c3df949a0d70844', 'system': None}, Network: None, Subnet: None, Router: None
2024-09-30 23:07:41.853 62225 INFO tempest.lib.common.dynamic_creds [-] Created isolated network resources for: credentials: Credentials: {'domain_id': 'default', 'domain_name': 'Default', 'username': 'tempest-QuotasAdminTestJSON-70802094-project-admin', 'project_domain_id': 'default', 'project_domain_name': 'Default', 'project_id': '517c796be0f649ef88d00248a743fbd4', 'project_name': 'tempest-QuotasAdminTestJSON-70802094', 'tenant_id': '517c796be0f649ef88d00248a743fbd4', 'tenant_name': 'tempest-QuotasAdminTestJSON-70802094', 'user_domain_id': 'default', 'user_domain_name': 'Default', 'user_id': 'c69847fa681f40468c3df949a0d70844', 'system': None}, Network: None, Subnet: None, Router: None
2024-09-30 23:07:41.860 62283 INFO tempest.lib.common.rest_client [req-23cafc12-a27a-4999-8055-0f856a8a2183 req-23cafc12-a27a-4999-8055-0f856a8a2183 ] Request (NetworksTest:setUpClass): 200 GET http://10.180.1.21/identity/v3/roles 0.050s
2024-09-30 23:07:41.903 62283 INFO tempest.lib.common.rest_client [req-7d81deb4-f91a-4e7c-8546-53b0ebc98962 req-7d81deb4-f91a-4e7c-8546-53b0ebc98962 ] Request (NetworksTest:setUpClass): 204 PUT http://10.180.1.21/identity/v3/projects/aa86eb0d83524ec1965e61c6d54d5b22/users/543c8851756843b3ac41fba85491e0cd/roles/d03afdc27af146cdb450aea1db633131 0.042s
2024-09-30 23:07:41.903 62283 INFO tempest.lib.common.dynamic_creds [-] Dynamic test user 543c8851756843b3ac41fba85491e0cd is created with scope project and roles: ['admin']
2024-09-30 23:07:41.904 62283 INFO tempest.lib.common.dynamic_creds [-] Acquired dynamic creds: credentials: Credentials: {'domain_id': 'default', 'domain_name': 'Default', 'username': 'tempest-NetworksTest-364683226-project-admin', 'project_domain_id': 'default', 'project_domain_name': 'Default', 'project_id': 'aa86eb0d83524ec1965e61c6d54d5b22', 'project_name': 'tempest-NetworksTest-364683226', 'tenant_id': 'aa86eb0d83524ec1965e61c6d54d5b22', 'tenant_name': 'tempest-NetworksTest-364683226', 'user_domain_id': 'default', 'user_domain_name': 'Default', 'user_id': '543c8851756843b3ac41fba85491e0cd', 'system': None}, Network: None, Subnet: None, Router: None
2024-09-30 23:07:41.904 62283 INFO tempest.lib.common.dynamic_creds [-] Created isolated network resources for: credentials: Credentials: {'domain_id': 'default', 'domain_name': 'Default', 'username': 'tempest-NetworksTest-364683226-project-admin', 'project_domain_id': 'default', 'project_domain_name': 'Default', 'project_id': 'aa86eb0d83524ec1965e61c6d54d5b22', 'project_name': 'tempest-NetworksTest-364683226', 'tenant_id': 'aa86eb0d83524ec1965e61c6d54d5b22', 'tenant_name': 'tempest-NetworksTest-364683226', 'user_domain_id': 'default', 'user_domain_name': 'Default', 'user_id': '543c8851756843b3ac41fba85491e0cd', 'system': None}, Network: None, Subnet: None, Router: None
2024-09-30 23:07:41.920 62225 INFO tempest.lib.common.rest_client [req-16bb82a0-31ea-4d52-b31d-61be48bd011a req-16bb82a0-31ea-4d52-b31d-61be48bd011a ] Request (QuotasAdminTestJSON:setUpClass): 201 POST http://10.180.1.21/identity/v3/auth/tokens 0.063s
2024-09-30 23:07:41.921 62225 WARNING tempest.lib.common.rest_client [-] Deprecated: "tenant_id" property is deprecated for removal, use "project_id" instead
2024-09-30 23:07:41.958 62229 INFO tempest.lib.common.rest_client [req-41f7b7a9-625d-45c7-82ee-393c1ba133e6 req-41f7b7a9-625d-45c7-82ee-393c1ba133e6 ] Request (VolumesAssistedSnapshotsTest:test_volume_assisted_snapshot_create_delete): 200 GET http://10.180.1.21/compute/v2.1/servers/7961bd0d-de24-4e13-94a3-79c48c593813 1.095s
2024-09-30 23:07:41.965 62265 INFO tempest.lib.common.rest_client [req-2ae9bd40-86c7-4582-a842-7a8a58a6bd5e req-2ae9bd40-86c7-4582-a842-7a8a58a6bd5e ] Request (FlavorsAccessNegativeTestJSON:test_flavor_non_admin_remove): 403 POST http://10.180.1.21/compute/v2.1/flavors/2092073982/action 1.009s
2024-09-30 23:07:41.969 62283 INFO tempest.lib.common.rest_client [req-681e783e-2110-4e77-b671-aa5cea1cc899 req-681e783e-2110-4e77-b671-aa5cea1cc899 ] Request (NetworksTest:setUpClass): 201 POST http://10.180.1.21/identity/v3/auth/tokens 0.062s
2024-09-30 23:07:41.982 62223 INFO tempest.lib.common.rest_client [req-abbebd29-a8fb-479a-8fdf-4225c95bb497 req-abbebd29-a8fb-479a-8fdf-4225c95bb497 ] Request (AggregatesAdminNegativeTestJSON:_run_cleanups): 200 DELETE http://10.180.1.21/compute/v2.1/os-aggregates/4 1.015s
2024-09-30 23:07:42.062 62279 INFO tempest.lib.common.rest_client [req-dceb43db-fc12-42d8-a942-9a2bd7447d5b req-dceb43db-fc12-42d8-a942-9a2bd7447d5b ] Request (ServerDiagnosticsNegativeTest:test_get_server_diagnostics_by_non_admin): 200 GET http://10.180.1.21/compute/v2.1/servers/25f011ba-eb0b-4295-be8a-d223584ada63 1.042s
2024-09-30 23:07:42.111 62233 INFO tempest.lib.common.rest_client [req-db109f07-3e65-4b92-adda-19e48ecc4330 req-db109f07-3e65-4b92-adda-19e48ecc4330 ] Request (QuotaClassesAdmin257Test:test_update_default_quotas): 200 PUT http://10.180.1.21/compute/v2.1/os-quota-class-sets/default 1.020s
2024-09-30 23:07:42.119 62259 INFO tempest.lib.common.rest_client [req-d47d91f3-bbcd-4171-a75e-4c2b40f24be8 req-d47d91f3-bbcd-4171-a75e-4c2b40f24be8 ] Request (MultipleCreateNegativeTestJSON:test_max_count_less_than_one): 400 POST http://10.180.1.21/compute/v2.1/servers 1.013s
2024-09-30 23:07:42.175 62259 INFO tempest.lib.common.rest_client [req-abf61f79-d3a6-47c9-b399-75378f81ec60 req-abf61f79-d3a6-47c9-b399-75378f81ec60 ] Request (MultipleCreateNegativeTestJSON:test_max_count_non_integer): 201 POST http://10.180.1.21/identity/v3/auth/tokens 0.051s
2024-09-30 23:07:42.175 62259 INFO tempest.lib.common.fixed_network [-] (MultipleCreateNegativeTestJSON:test_max_count_non_integer) Found network None available for tenant
2024-09-30 23:07:42.226 62243 INFO tempest.lib.common.rest_client [req-8594070b-97f4-423e-a2ad-217e921caf98 req-8594070b-97f4-423e-a2ad-217e921caf98 ] Request (ServerActionsTestOtherB:setUpClass): 201 POST http://10.180.1.21:9696/networking/v2.0/security-group-rules 0.383s
2024-09-30 23:07:42.335 62271 INFO tempest.lib.common.rest_client [req-e0dbc450-0f4e-476b-96f5-ada44f257853 req-e0dbc450-0f4e-476b-96f5-ada44f257853 ] Request (ImagesNegativeTestJSON:test_create_image_from_deleted_server): 200 GET http://10.180.1.21/compute/v2.1/servers/a0a004c3-6254-4f47-a080-2b9cc85a2a1d 1.581s
2024-09-30 23:07:42.431 62255 INFO tempest.lib.common.rest_client [req-0740acad-2840-4146-890e-3b24c0888c09 req-0740acad-2840-4146-890e-3b24c0888c09 ] Request (ServersTestMultiNic:test_verify_duplicate_network_nics): 200 GET http://10.180.1.21/compute/v2.1/servers/7a8c0f03-0bb9-4759-b8fb-97e82e7a69b7 1.220s
2024-09-30 23:07:42.493 62249 INFO tempest.lib.common.rest_client [req-ad30e36f-ba00-4f6c-8350-855c9f8804cc req-ad30e36f-ba00-4f6c-8350-855c9f8804cc ] Request (ImagesTestJSON:test_create_image_from_stopped_server): 200 GET http://10.180.1.21/compute/v2.1/servers/9eed7cf7-5911-4e21-b8c8-f5d90b0c5bc3 1.365s
2024-09-30 23:07:42.500 62249 INFO tempest.common.waiters [-] State transition "BUILD/networking" ==> "BUILD/spawning" after 15 second wait
2024-09-30 23:07:42.516 62281 INFO tempest.lib.common.rest_client [req-ae0d1b1e-c033-40aa-b809-d7706ccb9601 req-ae0d1b1e-c033-40aa-b809-d7706ccb9601 ] Request (SecurityGroupRulesNegativeTestJSON:test_create_security_group_rule_with_non_existent_id): 404 POST http://10.180.1.21/compute/v2.1/os-security-group-rules 1.217s
2024-09-30 23:07:42.553 62261 INFO tempest.lib.common.rest_client [req-00eda157-67a5-42f7-9731-93e6e3714b20 req-00eda157-67a5-42f7-9731-93e6e3714b20 ] Request (HostsAdminTestJSON:test_show_host_detail): 200 GET http://10.180.1.21/compute/v2.1/os-hosts 1.235s
2024-09-30 23:07:42.650 62253 INFO tempest.lib.common.rest_client [req-cb735b07-96dd-4762-8310-1a838733cce1 req-cb735b07-96dd-4762-8310-1a838733cce1 ] Request (FlavorsAdminTestJSON:test_create_list_flavor_without_extra_data): 200 GET http://10.180.1.21/compute/v2.1/flavors/detail 1.338s
2024-09-30 23:07:42.683 62251 INFO tempest.lib.common.rest_client [req-87750326-b426-4d3c-b1a8-c62d60fee3ab req-87750326-b426-4d3c-b1a8-c62d60fee3ab ] Request (ServerDiagnosticsV248Test:test_get_server_diagnostics): 200 GET http://10.180.1.21/compute/v2.1/servers/6bf0d1f1-d079-4956-bc9a-86ba66885f3a 1.348s
2024-09-30 23:07:42.738 62275 INFO tempest.lib.common.rest_client [req-d160f1a3-9711-4b1e-9fa9-694eb277f33d req-d160f1a3-9711-4b1e-9fa9-694eb277f33d ] Request (DeleteServersAdminTestJSON:test_admin_delete_servers_of_others): 200 GET http://10.180.1.21/compute/v2.1/servers/7d9aa694-f9b3-4d2b-9d3c-de59b8b5a6ac 1.096s
2024-09-30 23:07:42.750 62273 INFO tempest.lib.common.rest_client [req-afcb2b88-5709-4ada-b716-208ee0e05d4a req-afcb2b88-5709-4ada-b716-208ee0e05d4a ] Request (ServersAdminTestJSON:setUpClass): 201 POST http://10.180.1.21:9696/networking/v2.0/routers 2.352s
2024-09-30 23:07:42.764 62257 INFO tempest.lib.common.rest_client [req-5bf99fd8-2ab7-4fa8-8727-75db501a5b3e req-5bf99fd8-2ab7-4fa8-8727-75db501a5b3e ] Request (ServicesAdminTestJSON:test_get_service_by_host_name): 200 GET http://10.180.1.21/compute/v2.1/os-services?host=devstack 0.920s
2024-09-30 23:07:42.769 62237 INFO tempest.lib.common.rest_client [req-168b0449-6267-4081-b4ed-95db12d677c3 req-168b0449-6267-4081-b4ed-95db12d677c3 ] Request (FloatingIPsNegativeTestJSON:setUpClass): 201 POST http://10.180.1.21:9696/networking/v2.0/routers 3.604s
2024-09-30 23:07:42.789 62247 INFO tempest.lib.common.rest_client [req-87500717-dc49-400a-819a-1ada3dfe548d req-87500717-dc49-400a-819a-1ada3dfe548d ] Request (SecurityGroupsNegativeTestJSON:setUpClass): 201 POST http://10.180.1.21:9696/networking/v2.0/routers 2.399s
2024-09-30 23:07:42.815 62285 INFO tempest.lib.common.rest_client [req-056d7cbe-4658-4380-a86c-dbe6a86e3c2e req-056d7cbe-4658-4380-a86c-dbe6a86e3c2e ] Request (QuotasAdminNegativeTest:test_create_server_when_instances_quota_is_full): 200 PUT http://10.180.1.21/compute/v2.1/os-quota-sets/6b93cbde3c9f44a2a4cc2c0cde7257ac 1.125s
2024-09-30 23:07:42.831 62239 INFO tempest.lib.common.rest_client [req-f38fac7a-4c8b-423f-869b-36d95cd20a48 req-f38fac7a-4c8b-423f-869b-36d95cd20a48 ] Request (ServerExternalEventsTest:test_create_server_external_events): 200 GET http://10.180.1.21/compute/v2.1/servers/938dab0c-9b30-404b-bca2-a1280a252584 0.933s
2024-09-30 23:07:42.878 62285 INFO tempest.lib.common.rest_client [req-2d4a0d33-81b4-48b6-b64f-01317432dac0 req-2d4a0d33-81b4-48b6-b64f-01317432dac0 ] Request (QuotasAdminNegativeTest:test_create_server_when_instances_quota_is_full): 201 POST http://10.180.1.21/identity/v3/auth/tokens 0.057s
2024-09-30 23:07:42.878 62285 INFO tempest.lib.common.fixed_network [-] (QuotasAdminNegativeTest:test_create_server_when_instances_quota_is_full) Found network None available for tenant
2024-09-30 23:07:42.896 62265 INFO tempest.lib.common.rest_client [req-dfd2ace9-538c-486f-be61-52fb9a1b91b8 req-dfd2ace9-538c-486f-be61-52fb9a1b91b8 ] Request (FlavorsAccessNegativeTestJSON:_run_cleanups): 200 POST http://10.180.1.21/compute/v2.1/flavors/2092073982/action 0.931s
2024-09-30 23:07:42.921 62223 INFO tempest.lib.common.rest_client [req-89da96d9-1b81-4f87-a3d1-63e8116afa09 req-89da96d9-1b81-4f87-a3d1-63e8116afa09 ] Request (AggregatesAdminNegativeTestJSON:test_aggregate_delete_as_user): 200 POST http://10.180.1.21/compute/v2.1/os-aggregates 0.937s
2024-09-30 23:07:42.932 62233 INFO tempest.lib.common.rest_client [req-82bfea41-ae7c-4089-b6d4-1c141fbf6386 req-82bfea41-ae7c-4089-b6d4-1c141fbf6386 ] Request (QuotaClassesAdmin257Test:test_update_default_quotas): 200 GET http://10.180.1.21/compute/v2.1/os-quota-class-sets/default 0.819s
2024-09-30 23:07:43.033 62263 INFO tempest.lib.common.rest_client [req-d019221a-c4d1-435e-b877-9caa724a2769 req-d019221a-c4d1-435e-b877-9caa724a2769 ] Request (ServerMetadataNegativeTestJSON:setUpClass): 200 GET http://10.180.1.21/compute/v2.1/servers/ed4e609d-e6ef-42d4-b5d5-89bdf99e36c6 0.877s
2024-09-30 23:07:43.039 62259 INFO tempest.lib.common.rest_client [req-e2e6fc6f-fdeb-4dc0-aba8-7d8c3105efa7 req-e2e6fc6f-fdeb-4dc0-aba8-7d8c3105efa7 ] Request (MultipleCreateNegativeTestJSON:test_max_count_non_integer): 400 POST http://10.180.1.21/compute/v2.1/servers 0.863s
2024-09-30 23:07:43.074 62259 INFO tempest.lib.common.rest_client [req-6346e9ab-99a8-4f83-9439-6403a1916620 req-6346e9ab-99a8-4f83-9439-6403a1916620 ] Request (MultipleCreateNegativeTestJSON:test_min_count_less_than_one): 201 POST http://10.180.1.21/identity/v3/auth/tokens 0.030s
2024-09-30 23:07:43.075 62259 INFO tempest.lib.common.fixed_network [-] (MultipleCreateNegativeTestJSON:test_min_count_less_than_one) Found network None available for tenant
2024-09-30 23:07:43.155 62267 INFO tempest.lib.common.rest_client [req-40e352ee-d461-4d2f-8aa0-2f93663e8787 req-40e352ee-d461-4d2f-8aa0-2f93663e8787 ] Request (InstanceActionsTestJSON:setUpClass): 200 GET http://10.180.1.21/compute/v2.1/servers/7a94f776-579d-41e8-94aa-6095b3fd69c6 0.940s
2024-09-30 23:07:43.226 62283 INFO tempest.lib.common.rest_client [req-5c8621d7-e3d5-484c-b724-e0ffadcb9e17 req-5c8621d7-e3d5-484c-b724-e0ffadcb9e17 ] Request (NetworksTest:test_get_network): 200 GET http://10.180.1.21/compute/v2.1/os-networks 1.256s
2024-09-30 23:07:43.267 62241 INFO tempest.lib.common.rest_client [req-3c0a100a-8112-4719-9d04-810a5d10fd30 req-3c0a100a-8112-4719-9d04-810a5d10fd30 ] Request (MigrationsAdminTest:test_list_migrations_in_flavor_resize_situation): 200 GET http://10.180.1.21/compute/v2.1/servers/3182ca24-c989-4c29-8e47-d913d0607240 0.971s
2024-09-30 23:07:43.300 62277 INFO tempest.lib.common.rest_client [req-539e33c0-1cd5-4a83-9f7c-cadf4c4023a7 req-539e33c0-1cd5-4a83-9f7c-cadf4c4023a7 ] Request (ListServersNegativeTestJSON:setUpClass): 200 GET http://10.180.1.21/compute/v2.1/servers/1a9030ce-3a35-4760-96f4-4288c1d2f9d1 0.881s
2024-09-30 23:07:43.337 62245 INFO tempest.lib.common.rest_client [req-3a5c6d88-da35-46f0-836c-583ed58fdf2f req-3a5c6d88-da35-46f0-836c-583ed58fdf2f ] Request (VolumesAdminNegativeTest:setUpClass): 201 POST http://10.180.1.21:9696/networking/v2.0/routers 2.262s
2024-09-30 23:07:43.337 62281 INFO tempest.lib.common.rest_client [req-5f6f6ce1-e07b-4406-aab3-327285ad6cdf req-5f6f6ce1-e07b-4406-aab3-327285ad6cdf ] Request (SecurityGroupRulesNegativeTestJSON:test_delete_security_group_rule_with_non_existent_id): 404 DELETE http://10.180.1.21/compute/v2.1/os-security-group-rules/e184833b-df1c-47ac-a3eb-b29441037424 0.820s
2024-09-30 23:07:43.377 62261 INFO tempest.lib.common.rest_client [req-998b5cbe-7912-4b99-8587-5866bc1b5c12 req-998b5cbe-7912-4b99-8587-5866bc1b5c12 ] Request (HostsAdminTestJSON:test_show_host_detail): 200 GET http://10.180.1.21/compute/v2.1/os-hosts/cpu-1 0.822s
2024-09-30 23:07:43.391 62253 INFO tempest.lib.common.rest_client [req-63379765-3e23-4a62-bac0-cf81681078dd req-63379765-3e23-4a62-bac0-cf81681078dd ] Request (FlavorsAdminTestJSON:_run_cleanups): 202 DELETE http://10.180.1.21/compute/v2.1/flavors/89645763 0.732s
2024-09-30 23:07:43.459 62269 INFO tempest.lib.common.rest_client [req-a7bc6456-431b-46e2-8efc-eaea2882058c req-a7bc6456-431b-46e2-8efc-eaea2882058c ] Request (ServersAdminNegativeTestJSON:setUpClass): 200 GET http://10.180.1.21/compute/v2.1/servers/71316e2e-cda6-461c-8004-ff80fc2da90c 0.752s
2024-09-30 23:07:43.484 62257 INFO tempest.lib.common.rest_client [req-4c3e80a3-8e24-46fb-9d69-f1edd032386e req-4c3e80a3-8e24-46fb-9d69-f1edd032386e ] Request (ServicesAdminTestJSON:test_get_service_by_service_binary_name): 200 GET http://10.180.1.21/compute/v2.1/os-services?binary=nova-compute 0.715s
2024-09-30 23:07:43.493 62261 INFO tempest.lib.common.rest_client [req-3844720d-824b-482a-83f5-6c66e184b089 req-3844720d-824b-482a-83f5-6c66e184b089 ] Request (HostsAdminTestJSON:tearDownClass): 204 DELETE http://10.180.1.21/identity/v3/users/7473771da0c64d9a8c4ab3eb575a928c 0.114s
2024-09-30 23:07:43.510 62231 INFO tempest.lib.common.rest_client [req-8b1fc3dd-5a43-47c9-94db-72457bd30cc0 req-8b1fc3dd-5a43-47c9-94db-72457bd30cc0 ] Request (ServerDiskConfigTestJSON:test_rebuild_server_with_auto_disk_config): 200 GET http://10.180.1.21/compute/v2.1/servers/31c175f9-20a5-4e38-ba90-972b847ab65e 1.009s
2024-09-30 23:07:43.529 62265 INFO tempest.lib.common.rest_client [req-8e921b77-1a88-4852-a712-5bce9a66931e req-8e921b77-1a88-4852-a712-5bce9a66931e ] Request (FlavorsAccessNegativeTestJSON:_run_cleanups): 202 DELETE http://10.180.1.21/compute/v2.1/flavors/2092073982 0.630s
2024-09-30 23:07:43.535 62223 INFO tempest.lib.common.rest_client [req-1a277b99-aee2-406c-bb8c-243895b3c4dd req-1a277b99-aee2-406c-bb8c-243895b3c4dd ] Request (AggregatesAdminNegativeTestJSON:test_aggregate_delete_as_user): 403 DELETE http://10.180.1.21/compute/v2.1/os-aggregates/5 0.611s
2024-09-30 23:07:43.572 62233 INFO tempest.lib.common.rest_client [req-8054e63f-e649-497e-9487-892f82b15bf1 req-8054e63f-e649-497e-9487-892f82b15bf1 ] Request (QuotaClassesAdmin257Test:_run_cleanups): 200 PUT http://10.180.1.21/compute/v2.1/os-quota-class-sets/default 0.639s
2024-09-30 23:07:43.621 62261 INFO tempest.lib.common.rest_client [req-7d3d7f9e-3aca-4efc-8823-eff227c667c6 req-7d3d7f9e-3aca-4efc-8823-eff227c667c6 ] Request (HostsAdminTestJSON:tearDownClass): 204 DELETE http://10.180.1.21/identity/v3/users/5743e41b53604895b8489416ac3d81b7 0.126s
2024-09-30 23:07:43.621 62261 INFO tempest.lib.common.dynamic_creds [-] Deleting project and security group for project: 0cccca45e9c24ba0aa493042fb0b284e
2024-09-30 23:07:43.683 62225 INFO tempest.lib.common.rest_client [req-ea0e7fc9-c01c-4375-b415-6eba0f9465fe req-ea0e7fc9-c01c-4375-b415-6eba0f9465fe ] Request (QuotasAdminTestJSON:test_delete_quota): 200 GET http://10.180.1.21/identity/v3/domains?name=Default 0.104s
2024-09-30 23:07:43.715 62229 INFO tempest.lib.common.rest_client [req-be613bbc-76ed-454e-9fd6-7d8340908ce3 req-be613bbc-76ed-454e-9fd6-7d8340908ce3 ] Request (VolumesAssistedSnapshotsTest:test_volume_assisted_snapshot_create_delete): 200 GET http://10.180.1.21/compute/v2.1/servers/7961bd0d-de24-4e13-94a3-79c48c593813 0.749s
2024-09-30 23:07:43.738 62233 INFO tempest.lib.common.rest_client [req-bbcdf34a-4d9b-4fa7-90ca-27a01d17b908 req-bbcdf34a-4d9b-4fa7-90ca-27a01d17b908 ] Request (QuotaClassesAdmin257Test:tearDownClass): 204 DELETE http://10.180.1.21/identity/v3/users/a04edbb4455440b9b61365e93cd2a8a4 0.159s
2024-09-30 23:07:43.741 62261 INFO tempest.lib.common.rest_client [req-ff1ea575-7469-4e86-a68e-c1fc266dc484 req-ff1ea575-7469-4e86-a68e-c1fc266dc484 ] Request (HostsAdminTestJSON:tearDownClass): 201 POST http://10.180.1.21/identity/v3/auth/tokens 0.119s
2024-09-30 23:07:43.811 62285 INFO tempest.lib.common.rest_client [req-764d9deb-ab84-4bb8-8488-153ee7ff6fea req-764d9deb-ab84-4bb8-8488-153ee7ff6fea ] Request (QuotasAdminNegativeTest:test_create_server_when_instances_quota_is_full): 403 POST http://10.180.1.21/compute/v2.1/servers 0.932s
2024-09-30 23:07:43.817 62225 INFO tempest.lib.common.rest_client [req-8089eb19-92be-4429-84a2-217820457f73 req-8089eb19-92be-4429-84a2-217820457f73 ] Request (QuotasAdminTestJSON:test_delete_quota): 201 POST http://10.180.1.21/identity/v3/projects 0.133s
2024-09-30 23:07:43.821 62259 INFO tempest.lib.common.rest_client [req-186b6c10-6402-4ffd-9b12-111cd1a49c18 req-186b6c10-6402-4ffd-9b12-111cd1a49c18 ] Request (MultipleCreateNegativeTestJSON:test_min_count_less_than_one): 400 POST http://10.180.1.21/compute/v2.1/servers 0.745s
2024-09-30 23:07:43.845 62279 INFO tempest.lib.common.rest_client [req-c90c5c2c-70fd-4f68-bd9f-89de15695b41 req-c90c5c2c-70fd-4f68-bd9f-89de15695b41 ] Request (ServerDiagnosticsNegativeTest:test_get_server_diagnostics_by_non_admin): 200 GET http://10.180.1.21/compute/v2.1/servers/25f011ba-eb0b-4295-be8a-d223584ada63 0.775s
2024-09-30 23:07:43.853 62233 INFO tempest.lib.common.rest_client [req-51425103-5b5a-4c7d-9cbe-c2830cc4fbcf req-51425103-5b5a-4c7d-9cbe-c2830cc4fbcf ] Request (QuotaClassesAdmin257Test:tearDownClass): 204 DELETE http://10.180.1.21/identity/v3/users/deb53aa3ac844f29818deb0ada26ad9e 0.114s
2024-09-30 23:07:43.853 62233 INFO tempest.lib.common.dynamic_creds [-] Deleting project and security group for project: 7ff67bd2c130415cac0e88cfe34c238a
