2024-09-30 23:09:28.858 62239 INFO tempest.lib.common.rest_client [req-224ee6ad-ced6-4843-8f9b-5d4c5905e1a6 req-224ee6ad-ced6-4843-8f9b-5d4c5905e1a6 ] Request (FloatingIPsAssociationTestJSON:setUpClass): 200 GET http://10.180.1.21/compute/v2.1/servers/4edd0159-6db1-41bd-a616-31a34e984059 0.045s
2024-09-30 23:09:28.904 62241 INFO tempest.lib.common.rest_client [req-bac44106-e36a-4d29-84ce-e090863b6d14 req-bac44106-e36a-4d29-84ce-e090863b6d14 ] Request (MigrationsAdminTest:test_resize_server_revert_deleted_flavor): 200 GET http://10.180.1.21/compute/v2.1/servers/80f13fca-2df1-4aa0-96f1-b61a60c4fdc6 0.055s
2024-09-30 23:09:28.936 62277 INFO tempest.lib.common.rest_client [req-f4234812-177f-4a7c-ab24-cef5796161ea req-f4234812-177f-4a7c-ab24-cef5796161ea ] Request (ServerAddressesTestJSON:setUpClass): 200 GET http://10.180.1.21/compute/v2.1/servers/e9f0b620-b0af-4fe2-ac5d-e3f6c8c998b1 0.053s
2024-09-30 23:09:28.988 62247 INFO tempest.lib.common.rest_client [req-5be266f1-ef78-4028-b8df-c7d2a4775505 req-5be266f1-ef78-4028-b8df-c7d2a4775505 ] Request (ServersTestFqdnHostnames:test_create_server_with_fqdn_name): 200 GET http://10.180.1.21/compute/v2.1/servers/96bbc732-cb58-4de2-80d3-c527228adaea 0.050s
2024-09-30 23:09:29.094 62285 INFO tempest.lib.common.rest_client [req-70a91422-d442-4d81-8458-97e7c0c22e2b req-70a91422-d442-4d81-8458-97e7c0c22e2b ] Request (ServerPasswordTestJSON:setUpClass): 200 GET http://10.180.1.21/compute/v2.1/servers/ab2edc70-b4c6-4db3-b0d6-53148764efdd 0.073s
2024-09-30 23:09:29.142 62245 INFO tempest.lib.common.rest_client [req-a33c0e92-1b76-4af2-8346-ab04b5165ef3 req-a33c0e92-1b76-4af2-8346-ab04b5165ef3 ] Request (VolumesAdminNegativeTest:test_update_attached_volume_with_nonexistent_volume_in_body): 200 GET http://10.180.1.21/compute/v2.1/servers/c8e5d6c1-44a0-465f-a0dd-03e519f3d5ec 0.071s
2024-09-30 23:09:29.188 62249 INFO tempest.lib.common.rest_client [req-78d43563-04f0-4dd7-8d7b-1dd6b66f5db0 req-78d43563-04f0-4dd7-8d7b-1dd6b66f5db0 ] Request (ImagesTestJSON:test_create_image_from_suspended_server): 200 GET http://10.180.1.21/compute/v2.1/servers/02fe490b-75c8-406b-98e0-aa200f249673 0.082s
2024-09-30 23:09:29.229 62255 INFO tempest.lib.common.rest_client [req-9f4cda7f-889d-4c99-8d31-f79faa8699d6 req-9f4cda7f-889d-4c99-8d31-f79faa8699d6 ] Request (ServersTestMultiNic:test_verify_multiple_nics_order): 200 GET http://10.180.1.21/compute/v2.1/servers/93174a10-f8b1-4789-ab3c-dda07bdddaa8 0.256s
2024-09-30 23:09:29.253 62227 INFO tempest.lib.common.rest_client [req-37994808-bd39-4114-9edb-584e6f467e4d req-37994808-bd39-4114-9edb-584e6f467e4d ] Request (ServerGroupTestJSON:test_create_server_with_scheduler_hint_group): 200 GET http://10.180.1.21/compute/v2.1/servers/49e0d752-6f88-45c4-bd6a-d9fe4f526a2f 0.050s
2024-09-30 23:09:29.298 62225 INFO tempest.lib.common.rest_client [req-ff0fc39a-95d4-4b97-8f27-4a555073952a req-ff0fc39a-95d4-4b97-8f27-4a555073952a ] Request (MultipleCreateTestJSON:test_multiple_create): 200 GET http://10.180.1.21/compute/v2.1/servers/65ddff8e-971c-4485-b658-4611aea1176c 0.057s
2024-09-30 23:09:29.303 62223 INFO tempest.lib.common.rest_client [req-489de4aa-0bca-4374-9c62-d82f5374644a req-489de4aa-0bca-4374-9c62-d82f5374644a ] Request (ServerDiagnosticsTest:test_get_server_diagnostics): 200 GET http://10.180.1.21/compute/v2.1/servers/fa943137-caf1-4b41-b644-c9146f72f956 0.048s
2024-09-30 23:09:29.365 62271 INFO tempest.lib.common.rest_client [req-9ced1789-7785-485d-b9a1-e6c3604047c5 req-9ced1789-7785-485d-b9a1-e6c3604047c5 ] Request (ImagesOneServerTestJSON:setUpClass): 200 GET http://10.180.1.21/compute/v2.1/servers/630e0959-6d7f-401d-b84c-1c098f54bf60 0.049s
2024-09-30 23:09:29.395 62261 INFO tempest.lib.common.rest_client [req-39adb6b9-27f3-4679-97ab-47bf6b4e4b65 req-39adb6b9-27f3-4679-97ab-47bf6b4e4b65 ] Request (ServersAaction247Test:tearDownClass): 200 GET http://10.180.1.21/compute/v2.1/servers/e6c56d86-e428-49fb-9944-293ad5e5948c 0.061s
2024-09-30 23:09:29.421 62265 INFO tempest.lib.common.rest_client [req-dcd29913-b593-4f09-a04b-51326641ff9b req-dcd29913-b593-4f09-a04b-51326641ff9b ] Request (TenantUsagesTestJSON:setUpClass): 200 GET http://10.180.1.21/compute/v2.1/servers/6c0bc598-eae5-4e5b-a3b2-b4bb90bc8d59 0.046s
2024-09-30 23:09:29.452 62237 INFO tempest.lib.common.rest_client [req-ae3a4897-bd7a-4b33-a80f-91a94aeba11e req-ae3a4897-bd7a-4b33-a80f-91a94aeba11e ] Request (ListImageFiltersTestJSON:setUpClass): 200 GET http://10.180.1.21/compute/v2.1/servers/89a97f81-bcd9-49e5-bbd3-9140f6638a20 0.070s
2024-09-30 23:09:29.476 62283 INFO tempest.lib.common.rest_client [req-86d84161-e5c7-40d8-a699-a698598f2866 req-86d84161-e5c7-40d8-a699-a698598f2866 ] Request (DeleteServersTestJSON:test_delete_server_while_in_attached_volume): 200 GET http://10.180.1.21/compute/v2.1/servers/325183b9-e35b-4f9c-a271-d0fdb05288bb 0.055s
2024-09-30 23:09:29.517 62243 INFO tempest.lib.common.rest_client [req-30d75bec-2dea-4037-960f-5a6ff78f4025 req-30d75bec-2dea-4037-960f-5a6ff78f4025 ] Request (ServerActionsV293TestJSON:setUpClass): 200 GET http://10.180.1.21/compute/v2.1/servers/95641d0b-970c-4b94-8568-5c46d0808345 0.088s
2024-09-30 23:09:29.524 62279 INFO tempest.lib.common.rest_client [req-b21d1369-704b-4382-a053-e31cd06e3d96 req-b21d1369-704b-4382-a053-e31cd06e3d96 ] Request (ServerMetadataTestJSON:setUpClass): 200 GET http://10.180.1.21/compute/v2.1/servers/0b4b3bdb-7393-47ab-abc1-44c47496cb3a 0.064s
2024-09-30 23:09:29.574 62275 INFO tempest.lib.common.rest_client [req-e4403ee7-3e28-4fd6-a631-ab9d541e0541 req-e4403ee7-3e28-4fd6-a631-ab9d541e0541 ] Request (DeleteServersAdminTestJSON:test_delete_server_while_in_error_state): 200 GET http://10.180.1.21/compute/v2.1/servers/967bc997-543f-4b35-968b-c530b82d9db0 0.103s
2024-09-30 23:09:29.578 62273 INFO tempest.lib.common.rest_client [req-c21cd4fc-1966-47d5-a605-6b3294d17b19 req-c21cd4fc-1966-47d5-a605-6b3294d17b19 ] Request (AttachVolumeTestJSON:test_attach_detach_volume): 200 GET http://10.180.1.21/compute/v2.1/servers/ad40937f-d5a9-4708-8b81-06087d38d765 0.077s
2024-09-30 23:09:29.624 62251 INFO tempest.lib.common.rest_client [req-a44aa564-3f95-40b0-8215-494b39a65ef5 req-a44aa564-3f95-40b0-8215-494b39a65ef5 ] Request (ServersAdmin275Test:test_rebuild_update_server_275): 200 GET http://10.180.1.21/compute/v2.1/servers/1afcffda-0bd2-4cbe-8cfb-12a91bb50975 0.063s
2024-09-30 23:09:29.628 62229 INFO tempest.lib.common.rest_client [req-2f12aa1d-2aca-4f33-ab6d-33b408d68e05 req-2f12aa1d-2aca-4f33-ab6d-33b408d68e05 ] Request (ServersWithSpecificFlavorTestJSON:test_verify_created_server_ephemeral_disk): 200 GET http://10.180.1.21/compute/v2.1/servers/d038391c-2b32-455c-85d5-68221e7bd065 0.073s
2024-09-30 23:09:29.695 62231 INFO tempest.lib.common.rest_client [req-d40a3753-b809-42bb-8084-841cb28fdac7 req-d40a3753-b809-42bb-8084-841cb28fdac7 ] Request (ServerDiskConfigTestJSON:test_rebuild_server_with_manual_disk_config): 200 GET http://10.180.1.21/compute/v2.1/servers/40fefd68-3d6f-4451-997f-e8fa49847dea 0.063s
2024-09-30 23:09:29.708 62281 INFO tempest.lib.common.rest_client [req-7316f5d8-cc73-45fe-9cf7-35486b88ca30 req-7316f5d8-cc73-45fe-9cf7-35486b88ca30 ] Request (ServerAddressesNegativeTestJSON:setUpClass): 200 GET http://10.180.1.21/compute/v2.1/servers/388b62aa-6647-4aca-acb2-8d7d7d424c8c 0.055s
2024-09-30 23:09:29.749 62233 INFO tempest.lib.common.rest_client [req-1fe35101-ab3e-4478-8064-d0011c26d8b0 req-1fe35101-ab3e-4478-8064-d0011c26d8b0 ] Request (ServersTestManualDisk:setUpClass): 200 GET http://10.180.1.21/compute/v2.1/servers/466a5f5a-f48a-4921-8bcb-44a1840c8141 0.051s
2024-09-30 23:09:29.766 62253 INFO tempest.lib.common.rest_client [req-761b2898-0ce6-44df-96ff-6cdece92d50a req-761b2898-0ce6-44df-96ff-6cdece92d50a ] Request (FloatingIPsAssociationNegativeTestJSON:setUpClass): 200 GET http://10.180.1.21/compute/v2.1/servers/8ff4ebb9-57ea-49d2-8d3c-5876da61e77b 0.067s
2024-09-30 23:09:29.808 62269 INFO tempest.lib.common.rest_client [req-b4382b46-6998-4c7e-93bf-7155166024e3 req-b4382b46-6998-4c7e-93bf-7155166024e3 ] Request (ImagesOneServerNegativeTestJSON:setUpClass): 200 GET http://10.180.1.21/compute/v2.1/servers/ea6c2120-a69a-42c7-bc92-3e74539c008d 0.051s
2024-09-30 23:09:29.855 62267 INFO tempest.lib.common.rest_client [req-6a8f7f3d-3643-40e2-b9b2-ff5271000e71 req-6a8f7f3d-3643-40e2-b9b2-ff5271000e71 ] Request (ServerTagsTestJSON:setUpClass): 200 GET http://10.180.1.21/compute/v2.1/servers/d55395cc-0b92-4e99-9b80-913c19f6c7f4 0.061s
2024-09-30 23:09:29.860 62235 INFO tempest.lib.common.rest_client [req-5e15d447-ccd1-44b0-8ac1-d89ade59753b req-5e15d447-ccd1-44b0-8ac1-d89ade59753b ] Request (ServersNegativeTestJSON:setUpClass): 200 GET http://10.180.1.21/compute/v2.1/servers/51a36102-795e-47b7-b96a-857e54dc703e 0.044s
2024-09-30 23:09:29.925 62239 INFO tempest.lib.common.rest_client [req-6b82cd68-dfd5-4dd8-a8fb-d6bbbd502401 req-6b82cd68-dfd5-4dd8-a8fb-d6bbbd502401 ] Request (FloatingIPsAssociationTestJSON:setUpClass): 200 GET http://10.180.1.21/compute/v2.1/servers/4edd0159-6db1-41bd-a616-31a34e984059 0.060s
2024-09-30 23:09:29.960 62241 INFO tempest.lib.common.rest_client [req-3c66d92d-9385-4fc2-acb7-f431234209cd req-3c66d92d-9385-4fc2-acb7-f431234209cd ] Request (MigrationsAdminTest:test_resize_server_revert_deleted_flavor): 200 GET http://10.180.1.21/compute/v2.1/servers/80f13fca-2df1-4aa0-96f1-b61a60c4fdc6 0.049s
2024-09-30 23:09:29.994 62277 INFO tempest.lib.common.rest_client [req-447d4da2-dd10-47e4-9c18-27c5809e0532 req-447d4da2-dd10-47e4-9c18-27c5809e0532 ] Request (ServerAddressesTestJSON:setUpClass): 200 GET http://10.180.1.21/compute/v2.1/servers/e9f0b620-b0af-4fe2-ac5d-e3f6c8c998b1 0.052s
2024-09-30 23:09:30.049 62247 INFO tempest.lib.common.rest_client [req-7dc005a5-e282-49e9-b963-026810ea8d1a req-7dc005a5-e282-49e9-b963-026810ea8d1a ] Request (ServersTestFqdnHostnames:test_create_server_with_fqdn_name): 200 GET http://10.180.1.21/compute/v2.1/servers/96bbc732-cb58-4de2-80d3-c527228adaea 0.054s
2024-09-30 23:09:30.153 62285 INFO tempest.lib.common.rest_client [req-ddbc8cf6-81fc-4228-9c4c-17ab3654f0bc req-ddbc8cf6-81fc-4228-9c4c-17ab3654f0bc ] Request (ServerPasswordTestJSON:setUpClass): 200 GET http://10.180.1.21/compute/v2.1/servers/ab2edc70-b4c6-4db3-b0d6-53148764efdd 0.044s
2024-09-30 23:09:30.199 62245 INFO tempest.lib.common.rest_client [req-be4a7eb7-d878-40e4-b7db-93af34350771 req-be4a7eb7-d878-40e4-b7db-93af34350771 ] Request (VolumesAdminNegativeTest:test_update_attached_volume_with_nonexistent_volume_in_body): 200 GET http://10.180.1.21/compute/v2.1/servers/c8e5d6c1-44a0-465f-a0dd-03e519f3d5ec 0.046s
2024-09-30 23:09:30.282 62255 INFO tempest.lib.common.rest_client [req-1a369993-12d3-405a-a8be-da9d5a7801fc req-1a369993-12d3-405a-a8be-da9d5a7801fc ] Request (ServersTestMultiNic:test_verify_multiple_nics_order): 200 GET http://10.180.1.21/compute/v2.1/servers/93174a10-f8b1-4789-ab3c-dda07bdddaa8 0.044s
2024-09-30 23:09:30.326 62227 INFO tempest.lib.common.rest_client [req-fde1fc53-c7c1-4a30-b8cb-d50f9a51b7ce req-fde1fc53-c7c1-4a30-b8cb-d50f9a51b7ce ] Request (ServerGroupTestJSON:test_create_server_with_scheduler_hint_group): 200 GET http://10.180.1.21/compute/v2.1/servers/49e0d752-6f88-45c4-bd6a-d9fe4f526a2f 0.066s
2024-09-30 23:09:30.376 62225 INFO tempest.lib.common.rest_client [req-8b7de238-2e01-45e9-9143-1276c71004d5 req-8b7de238-2e01-45e9-9143-1276c71004d5 ] Request (MultipleCreateTestJSON:test_multiple_create): 200 GET http://10.180.1.21/compute/v2.1/servers/65ddff8e-971c-4485-b658-4611aea1176c 0.071s
2024-09-30 23:09:30.384 62249 INFO tempest.lib.common.rest_client [req-a06bf107-ff1a-44ec-b570-257698646edf req-a06bf107-ff1a-44ec-b570-257698646edf ] Request (ImagesTestJSON:test_create_image_from_suspended_server): 200 GET http://10.180.1.21/compute/v2.1/servers/02fe490b-75c8-406b-98e0-aa200f249673 0.188s
2024-09-30 23:09:30.418 62223 INFO tempest.lib.common.rest_client [req-131bf672-aed8-4d2f-bccd-28ce3de65bf6 req-131bf672-aed8-4d2f-bccd-28ce3de65bf6 ] Request (ServerDiagnosticsTest:test_get_server_diagnostics): 200 GET http://10.180.1.21/compute/v2.1/servers/fa943137-caf1-4b41-b644-c9146f72f956 0.108s
2024-09-30 23:09:30.443 62271 INFO tempest.lib.common.rest_client [req-7939ffd2-f962-4c46-b25e-c4ebfa32b78b req-7939ffd2-f962-4c46-b25e-c4ebfa32b78b ] Request (ImagesOneServerTestJSON:setUpClass): 200 GET http://10.180.1.21/compute/v2.1/servers/630e0959-6d7f-401d-b84c-1c098f54bf60 0.069s
2024-09-30 23:09:30.467 62261 INFO tempest.lib.common.rest_client [req-a4c1b308-817f-4bd2-a122-d0f7da9d8e1d req-a4c1b308-817f-4bd2-a122-d0f7da9d8e1d ] Request (ServersAaction247Test:tearDownClass): 200 GET http://10.180.1.21/compute/v2.1/servers/e6c56d86-e428-49fb-9944-293ad5e5948c 0.055s
2024-09-30 23:09:30.483 62265 INFO tempest.lib.common.rest_client [req-18038bc4-d26d-43a6-92ff-088a0db4836d req-18038bc4-d26d-43a6-92ff-088a0db4836d ] Request (TenantUsagesTestJSON:setUpClass): 200 GET http://10.180.1.21/compute/v2.1/servers/6c0bc598-eae5-4e5b-a3b2-b4bb90bc8d59 0.054s
2024-09-30 23:09:30.509 62237 INFO tempest.lib.common.rest_client [req-b7d460f3-0f22-4f8c-a3c5-cb82c426a2d3 req-b7d460f3-0f22-4f8c-a3c5-cb82c426a2d3 ] Request (ListImageFiltersTestJSON:setUpClass): 200 GET http://10.180.1.21/compute/v2.1/servers/89a97f81-bcd9-49e5-bbd3-9140f6638a20 0.046s
2024-09-30 23:09:30.526 62283 INFO tempest.lib.common.rest_client [req-73eff2ed-bf29-4e9a-85d6-c819669e782c req-73eff2ed-bf29-4e9a-85d6-c819669e782c ] Request (DeleteServersTestJSON:test_delete_server_while_in_attached_volume): 200 GET http://10.180.1.21/compute/v2.1/servers/325183b9-e35b-4f9c-a271-d0fdb05288bb 0.043s
2024-09-30 23:09:30.577 62243 INFO tempest.lib.common.rest_client [req-b1fb1b78-d57c-46ab-8cbe-18edc8556bad req-b1fb1b78-d57c-46ab-8cbe-18edc8556bad ] Request (ServerActionsV293TestJSON:setUpClass): 200 GET http://10.180.1.21/compute/v2.1/servers/95641d0b-970c-4b94-8568-5c46d0808345 0.050s
2024-09-30 23:09:30.577 62279 INFO tempest.lib.common.rest_client [req-ece70fb3-8ab6-419a-ac73-735b6a4a0434 req-ece70fb3-8ab6-419a-ac73-735b6a4a0434 ] Request (ServerMetadataTestJSON:setUpClass): 200 GET http://10.180.1.21/compute/v2.1/servers/0b4b3bdb-7393-47ab-abc1-44c47496cb3a 0.046s
2024-09-30 23:09:30.634 62275 INFO tempest.lib.common.rest_client [req-1085c6d4-3667-458f-a135-62c858f48da9 req-1085c6d4-3667-458f-a135-62c858f48da9 ] Request (DeleteServersAdminTestJSON:test_delete_server_while_in_error_state): 200 GET http://10.180.1.21/compute/v2.1/servers/967bc997-543f-4b35-968b-c530b82d9db0 0.050s
2024-09-30 23:09:30.659 62273 INFO tempest.lib.common.rest_client [req-0fa2cd35-68aa-44e2-9cfb-aa3ac7877780 req-0fa2cd35-68aa-44e2-9cfb-aa3ac7877780 ] Request (AttachVolumeTestJSON:test_attach_detach_volume): 200 GET http://10.180.1.21/compute/v2.1/servers/ad40937f-d5a9-4708-8b81-06087d38d765 0.066s
2024-09-30 23:09:30.694 62251 INFO tempest.lib.common.rest_client [req-4e96e218-ff63-47b8-aa72-40cd325349f7 req-4e96e218-ff63-47b8-aa72-40cd325349f7 ] Request (ServersAdmin275Test:test_rebuild_update_server_275): 200 GET http://10.180.1.21/compute/v2.1/servers/1afcffda-0bd2-4cbe-8cfb-12a91bb50975 0.057s
2024-09-30 23:09:30.725 62229 INFO tempest.lib.common.rest_client [req-5d2dbd4a-b4e3-4bf1-988f-df7ce4ae103c req-5d2dbd4a-b4e3-4bf1-988f-df7ce4ae103c ] Request (ServersWithSpecificFlavorTestJSON:test_verify_created_server_ephemeral_disk): 200 GET http://10.180.1.21/compute/v2.1/servers/d038391c-2b32-455c-85d5-68221e7bd065 0.086s
2024-09-30 23:09:30.763 62231 INFO tempest.lib.common.rest_client [req-d99f3ef8-2265-4334-b3d4-ef150cffe4bf req-d99f3ef8-2265-4334-b3d4-ef150cffe4bf ] Request (ServerDiskConfigTestJSON:test_rebuild_server_with_manual_disk_config): 200 GET http://10.180.1.21/compute/v2.1/servers/40fefd68-3d6f-4451-997f-e8fa49847dea 0.059s
2024-09-30 23:09:30.775 62281 INFO tempest.lib.common.rest_client [req-6a151d81-d155-4628-b1bd-6d5be0eaec41 req-6a151d81-d155-4628-b1bd-6d5be0eaec41 ] Request (ServerAddressesNegativeTestJSON:setUpClass): 200 GET http://10.180.1.21/compute/v2.1/servers/388b62aa-6647-4aca-acb2-8d7d7d424c8c 0.056s
2024-09-30 23:09:30.809 62233 INFO tempest.lib.common.rest_client [req-f712e10d-457b-4606-8d7c-b5c609a75d1b req-f712e10d-457b-4606-8d7c-b5c609a75d1b ] Request (ServersTestManualDisk:setUpClass): 200 GET http://10.180.1.21/compute/v2.1/servers/466a5f5a-f48a-4921-8bcb-44a1840c8141 0.053s
2024-09-30 23:09:30.829 62253 INFO tempest.lib.common.rest_client [req-fb342924-1bbd-4ce9-b7de-3b6dcf89f573 req-fb342924-1bbd-4ce9-b7de-3b6dcf89f573 ] Request (FloatingIPsAssociationNegativeTestJSON:setUpClass): 200 GET http://10.180.1.21/compute/v2.1/servers/8ff4ebb9-57ea-49d2-8d3c-5876da61e77b 0.057s
2024-09-30 23:09:30.868 62269 INFO tempest.lib.common.rest_client [req-94d3f778-053b-41fb-9504-d9c3b93f1d11 req-94d3f778-053b-41fb-9504-d9c3b93f1d11 ] Request (ImagesOneServerNegativeTestJSON:setUpClass): 200 GET http://10.180.1.21/compute/v2.1/servers/ea6c2120-a69a-42c7-bc92-3e74539c008d 0.052s
2024-09-30 23:09:30.917 62235 INFO tempest.lib.common.rest_client [req-ae73536c-6b5d-4cd1-bdcb-c26e56762580 req-ae73536c-6b5d-4cd1-bdcb-c26e56762580 ] Request (ServersNegativeTestJSON:setUpClass): 200 GET http://10.180.1.21/compute/v2.1/servers/51a36102-795e-47b7-b96a-857e54dc703e 0.050s
2024-09-30 23:09:30.926 62267 INFO tempest.lib.common.rest_client [req-0e5ff67f-dfcc-4273-a793-85d0ea04039c req-0e5ff67f-dfcc-4273-a793-85d0ea04039c ] Request (ServerTagsTestJSON:setUpClass): 200 GET http://10.180.1.21/compute/v2.1/servers/d55395cc-0b92-4e99-9b80-913c19f6c7f4 0.061s
2024-09-30 23:09:30.981 62239 INFO tempest.lib.common.rest_client [req-d26b3824-9ffd-4eb5-a24b-ac151f3cb50f req-d26b3824-9ffd-4eb5-a24b-ac151f3cb50f ] Request (FloatingIPsAssociationTestJSON:setUpClass): 200 GET http://10.180.1.21/compute/v2.1/servers/4edd0159-6db1-41bd-a616-31a34e984059 0.048s
2024-09-30 23:09:31.023 62241 INFO tempest.lib.common.rest_client [req-b4233295-56d7-41c8-814d-8e1dd2ec1cd8 req-b4233295-56d7-41c8-814d-8e1dd2ec1cd8 ] Request (MigrationsAdminTest:test_resize_server_revert_deleted_flavor): 200 GET http://10.180.1.21/compute/v2.1/servers/80f13fca-2df1-4aa0-96f1-b61a60c4fdc6 0.055s
2024-09-30 23:09:31.048 62277 INFO tempest.lib.common.rest_client [req-e479be01-ec50-475f-a877-633b50143217 req-e479be01-ec50-475f-a877-633b50143217 ] Request (ServerAddressesTestJSON:setUpClass): 200 GET http://10.180.1.21/compute/v2.1/servers/e9f0b620-b0af-4fe2-ac5d-e3f6c8c998b1 0.046s
2024-09-30 23:09:31.113 62247 INFO tempest.lib.common.rest_client [req-e1a45b4d-949b-4703-b184-6c6bfd50cee8 req-e1a45b4d-949b-4703-b184-6c6bfd50cee8 ] Request (ServersTestFqdnHostnames:test_create_server_with_fqdn_name): 200 GET http://10.180.1.21/compute/v2.1/servers/96bbc732-cb58-4de2-80d3-c527228adaea 0.056s
2024-09-30 23:09:31.221 62285 INFO tempest.lib.common.rest_client [req-8a240a9c-bc6f-43d9-92a0-e3dd26fda592 req-8a240a9c-bc6f-43d9-92a0-e3dd26fda592 ] Request (ServerPasswordTestJSON:setUpClass): 200 GET http://10.180.1.21/compute/v2.1/servers/ab2edc70-b4c6-4db3-b0d6-53148764efdd 0.062s
2024-09-30 23:09:31.258 62245 INFO tempest.lib.common.rest_client [req-bba806ac-a726-4d94-9de7-6970facb5ddf req-bba806ac-a726-4d94-9de7-6970facb5ddf ] Request (VolumesAdminNegativeTest:test_update_attached_volume_with_nonexistent_volume_in_body): 200 GET http://10.180.1.21/compute/v2.1/servers/c8e5d6c1-44a0-465f-a0dd-03e519f3d5ec 0.052s
2024-09-30 23:09:31.341 62255 INFO tempest.lib.common.rest_client [req-8948d6b7-2f66-436b-8aef-0536f957fc4f req-8948d6b7-2f66-436b-8aef-0536f957fc4f ] Request (ServersTestMultiNic:test_verify_multiple_nics_order): 200 GET http://10.180.1.21/compute/v2.1/servers/93174a10-f8b1-4789-ab3c-dda07bdddaa8 0.051s
2024-09-30 23:09:31.397 62227 INFO tempest.lib.common.rest_client [req-11e6238c-e6b2-4e00-8a84-b5cbf63cad6a req-11e6238c-e6b2-4e00-8a84-b5cbf63cad6a ] Request (ServerGroupTestJSON:test_create_server_with_scheduler_hint_group): 200 GET http://10.180.1.21/compute/v2.1/servers/49e0d752-6f88-45c4-bd6a-d9fe4f526a2f 0.060s
2024-09-30 23:09:31.445 62225 INFO tempest.lib.common.rest_client [req-d585877a-420f-4eaf-8970-3e993cce9377 req-d585877a-420f-4eaf-8970-3e993cce9377 ] Request (MultipleCreateTestJSON:test_multiple_create): 200 GET http://10.180.1.21/compute/v2.1/servers/65ddff8e-971c-4485-b658-4611aea1176c 0.062s
2024-09-30 23:09:31.473 62249 INFO tempest.lib.common.rest_client [req-a804d3f2-0bd0-4598-96d9-712a6f2540bc req-a804d3f2-0bd0-4598-96d9-712a6f2540bc ] Request (ImagesTestJSON:test_create_image_from_suspended_server): 200 GET http://10.180.1.21/compute/v2.1/servers/02fe490b-75c8-406b-98e0-aa200f249673 0.081s
2024-09-30 23:09:31.496 62223 INFO tempest.lib.common.rest_client [req-7848df1c-ac3c-475e-a648-b61c3cc4458b req-7848df1c-ac3c-475e-a648-b61c3cc4458b ] Request (ServerDiagnosticsTest:test_get_server_diagnostics): 200 GET http://10.180.1.21/compute/v2.1/servers/fa943137-caf1-4b41-b644-c9146f72f956 0.071s
2024-09-30 23:09:31.512 62271 INFO tempest.lib.common.rest_client [req-297e249b-98ca-49b7-863a-836e53d70da1 req-297e249b-98ca-49b7-863a-836e53d70da1 ] Request (ImagesOneServerTestJSON:setUpClass): 200 GET http://10.180.1.21/compute/v2.1/servers/630e0959-6d7f-401d-b84c-1c098f54bf60 0.062s
2024-09-30 23:09:31.559 62261 INFO tempest.lib.common.rest_client [req-c06c61ee-dc70-40d3-b805-038ea2c33b88 req-c06c61ee-dc70-40d3-b805-038ea2c33b88 ] Request (ServersAaction247Test:tearDownClass): 200 GET http://10.180.1.21/compute/v2.1/servers/e6c56d86-e428-49fb-9944-293ad5e5948c 0.085s
2024-09-30 23:09:31.609 62237 INFO tempest.lib.common.rest_client [req-f7442062-debe-4fd0-9b05-30500419592e req-f7442062-debe-4fd0-9b05-30500419592e ] Request (ListImageFiltersTestJSON:setUpClass): 200 GET http://10.180.1.21/compute/v2.1/servers/89a97f81-bcd9-49e5-bbd3-9140f6638a20 0.093s
2024-09-30 23:09:31.635 62265 INFO tempest.lib.common.rest_client [req-a8701c45-55f6-446c-8462-be66fedd76f1 req-a8701c45-55f6-446c-8462-be66fedd76f1 ] Request (TenantUsagesTestJSON:setUpClass): 200 GET http://10.180.1.21/compute/v2.1/servers/6c0bc598-eae5-4e5b-a3b2-b4bb90bc8d59 0.145s
2024-09-30 23:09:31.641 62265 INFO tempest.common.waiters [-] State transition "BUILD/None" ==> "BUILD/networking" after 80 second wait
2024-09-30 23:09:31.659 62283 INFO tempest.lib.common.rest_client [req-99cfc5cd-3755-4a32-a7b6-59f0d7ea5b7c req-99cfc5cd-3755-4a32-a7b6-59f0d7ea5b7c ] Request (DeleteServersTestJSON:test_delete_server_while_in_attached_volume): 200 GET http://10.180.1.21/compute/v2.1/servers/325183b9-e35b-4f9c-a271-d0fdb05288bb 0.125s
2024-09-30 23:09:31.679 62279 INFO tempest.lib.common.rest_client [req-1fa337f0-bdc5-406b-802e-68484cb69178 req-1fa337f0-bdc5-406b-802e-68484cb69178 ] Request (ServerMetadataTestJSON:setUpClass): 200 GET http://10.180.1.21/compute/v2.1/servers/0b4b3bdb-7393-47ab-abc1-44c47496cb3a 0.095s
2024-09-30 23:09:31.714 62243 INFO tempest.lib.common.rest_client [req-66dc15c2-6c47-4c42-b3a6-c63a31bd5f4e req-66dc15c2-6c47-4c42-b3a6-c63a31bd5f4e ] Request (ServerActionsV293TestJSON:setUpClass): 200 GET http://10.180.1.21/compute/v2.1/servers/95641d0b-970c-4b94-8568-5c46d0808345 0.120s
2024-09-30 23:09:31.730 62275 INFO tempest.lib.common.rest_client [req-0fc99965-d8a8-4f08-a3fd-bbdabcdfc806 req-0fc99965-d8a8-4f08-a3fd-bbdabcdfc806 ] Request (DeleteServersAdminTestJSON:test_delete_server_while_in_error_state): 200 GET http://10.180.1.21/compute/v2.1/servers/967bc997-543f-4b35-968b-c530b82d9db0 0.085s
2024-09-30 23:09:31.770 62273 INFO tempest.lib.common.rest_client [req-96b18ed3-e400-44f3-915d-cdd7bc6ea2ca req-96b18ed3-e400-44f3-915d-cdd7bc6ea2ca ] Request (AttachVolumeTestJSON:test_attach_detach_volume): 200 GET http://10.180.1.21/compute/v2.1/servers/ad40937f-d5a9-4708-8b81-06087d38d765 0.101s
2024-09-30 23:09:31.781 62251 INFO tempest.lib.common.rest_client [req-d2e06ec7-c3c0-487e-8cb1-15a676ff4c3c req-d2e06ec7-c3c0-487e-8cb1-15a676ff4c3c ] Request (ServersAdmin275Test:test_rebuild_update_server_275): 200 GET http://10.180.1.21/compute/v2.1/servers/1afcffda-0bd2-4cbe-8cfb-12a91bb50975 0.070s
2024-09-30 23:09:31.826 62231 INFO tempest.lib.common.rest_client [req-d32b38a8-55fa-44cf-9d0c-19f5244c78c5 req-d32b38a8-55fa-44cf-9d0c-19f5244c78c5 ] Request (ServerDiskConfigTestJSON:test_rebuild_server_with_manual_disk_config): 200 GET http://10.180.1.21/compute/v2.1/servers/40fefd68-3d6f-4451-997f-e8fa49847dea 0.056s
2024-09-30 23:09:31.834 62229 INFO tempest.lib.common.rest_client [req-056e40ff-c87c-4690-8f96-9a9f213e58b3 req-056e40ff-c87c-4690-8f96-9a9f213e58b3 ] Request (ServersWithSpecificFlavorTestJSON:test_verify_created_server_ephemeral_disk): 200 GET http://10.180.1.21/compute/v2.1/servers/d038391c-2b32-455c-85d5-68221e7bd065 0.098s
2024-09-30 23:09:31.872 62281 INFO tempest.lib.common.rest_client [req-be274d66-7211-4c20-a16e-9e5911e614e9 req-be274d66-7211-4c20-a16e-9e5911e614e9 ] Request (ServerAddressesNegativeTestJSON:setUpClass): 200 GET http://10.180.1.21/compute/v2.1/servers/388b62aa-6647-4aca-acb2-8d7d7d424c8c 0.091s
2024-09-30 23:09:31.890 62233 INFO tempest.lib.common.rest_client [req-d6d87405-413e-429b-a994-406620764a9a req-d6d87405-413e-429b-a994-406620764a9a ] Request (ServersTestManualDisk:setUpClass): 200 GET http://10.180.1.21/compute/v2.1/servers/466a5f5a-f48a-4921-8bcb-44a1840c8141 0.074s
2024-09-30 23:09:31.926 62253 INFO tempest.lib.common.rest_client [req-6ed64701-5c39-4e73-8f5f-facd186fd3ee req-6ed64701-5c39-4e73-8f5f-facd186fd3ee ] Request (FloatingIPsAssociationNegativeTestJSON:setUpClass): 200 GET http://10.180.1.21/compute/v2.1/servers/8ff4ebb9-57ea-49d2-8d3c-5876da61e77b 0.088s
2024-09-30 23:09:31.935 62269 INFO tempest.lib.common.rest_client [req-21e874ea-497b-461d-a0fe-73150595bfbe req-21e874ea-497b-461d-a0fe-73150595bfbe ] Request (ImagesOneServerNegativeTestJSON:setUpClass): 200 GET http://10.180.1.21/compute/v2.1/servers/ea6c2120-a69a-42c7-bc92-3e74539c008d 0.056s
2024-09-30 23:09:31.970 62235 INFO tempest.lib.common.rest_client [req-a39d3aae-c25f-4759-8a5d-6b6bee24bb6e req-a39d3aae-c25f-4759-8a5d-6b6bee24bb6e ] Request (ServersNegativeTestJSON:setUpClass): 200 GET http://10.180.1.21/compute/v2.1/servers/51a36102-795e-47b7-b96a-857e54dc703e 0.045s
2024-09-30 23:09:31.981 62267 INFO tempest.lib.common.rest_client [req-084f75d8-223f-4030-b9d2-a586e017991b req-084f75d8-223f-4030-b9d2-a586e017991b ] Request (ServerTagsTestJSON:setUpClass): 200 GET http://10.180.1.21/compute/v2.1/servers/d55395cc-0b92-4e99-9b80-913c19f6c7f4 0.046s
2024-09-30 23:09:32.032 62239 INFO tempest.lib.common.rest_client [req-6301aff0-f0b6-4d5a-a78e-ddfa98570d56 req-6301aff0-f0b6-4d5a-a78e-ddfa98570d56 ] Request (FloatingIPsAssociationTestJSON:setUpClass): 200 GET http://10.180.1.21/compute/v2.1/servers/4edd0159-6db1-41bd-a616-31a34e984059 0.044s
2024-09-30 23:09:32.074 62241 INFO tempest.lib.common.rest_client [req-0ccbddb4-85fb-4693-840a-c1e2d5f1c5a8 req-0ccbddb4-85fb-4693-840a-c1e2d5f1c5a8 ] Request (MigrationsAdminTest:test_resize_server_revert_deleted_flavor): 200 GET http://10.180.1.21/compute/v2.1/servers/80f13fca-2df1-4aa0-96f1-b61a60c4fdc6 0.045s
2024-09-30 23:09:32.104 62277 INFO tempest.lib.common.rest_client [req-295989ed-632f-47fc-aff0-dd36be5c3ea3 req-295989ed-632f-47fc-aff0-dd36be5c3ea3 ] Request (ServerAddressesTestJSON:setUpClass): 200 GET http://10.180.1.21/compute/v2.1/servers/e9f0b620-b0af-4fe2-ac5d-e3f6c8c998b1 0.049s
2024-09-30 23:09:32.165 62247 INFO tempest.lib.common.rest_client [req-2091ef1b-ceb5-4130-a2b0-ce1740eafc42 req-2091ef1b-ceb5-4130-a2b0-ce1740eafc42 ] Request (ServersTestFqdnHostnames:test_create_server_with_fqdn_name): 200 GET http://10.180.1.21/compute/v2.1/servers/96bbc732-cb58-4de2-80d3-c527228adaea 0.045s
2024-09-30 23:09:32.278 62285 INFO tempest.lib.common.rest_client [req-fabb2e0b-5ce3-4217-bac7-a3acc7ec8189 req-fabb2e0b-5ce3-4217-bac7-a3acc7ec8189 ] Request (ServerPasswordTestJSON:setUpClass): 200 GET http://10.180.1.21/compute/v2.1/servers/ab2edc70-b4c6-4db3-b0d6-53148764efdd 0.047s
2024-09-30 23:09:32.312 62245 INFO tempest.lib.common.rest_client [req-bda7ae78-83b1-474a-bba8-a2e50d5563b7 req-bda7ae78-83b1-474a-bba8-a2e50d5563b7 ] Request (VolumesAdminNegativeTest:test_update_attached_volume_with_nonexistent_volume_in_body): 200 GET http://10.180.1.21/compute/v2.1/servers/c8e5d6c1-44a0-465f-a0dd-03e519f3d5ec 0.047s
2024-09-30 23:09:32.393 62255 INFO tempest.lib.common.rest_client [req-3163c020-df63-4a24-9d84-01393d45d1fd req-3163c020-df63-4a24-9d84-01393d45d1fd ] Request (ServersTestMultiNic:test_verify_multiple_nics_order): 200 GET http://10.180.1.21/compute/v2.1/servers/93174a10-f8b1-4789-ab3c-dda07bdddaa8 0.044s
2024-09-30 23:09:32.452 62227 INFO tempest.lib.common.rest_client [req-28c82660-1627-4d59-bfcd-e8d36cf3d13e req-28c82660-1627-4d59-bfcd-e8d36cf3d13e ] Request (ServerGroupTestJSON:test_create_server_with_scheduler_hint_group): 200 GET http://10.180.1.21/compute/v2.1/servers/49e0d752-6f88-45c4-bd6a-d9fe4f526a2f 0.045s
2024-09-30 23:09:32.496 62225 INFO tempest.lib.common.rest_client [req-3da62c85-e6bd-4433-a9b0-5c3f077a432e req-3da62c85-e6bd-4433-a9b0-5c3f077a432e ] Request (MultipleCreateTestJSON:test_multiple_create): 200 GET http://10.180.1.21/compute/v2.1/servers/65ddff8e-971c-4485-b658-4611aea1176c 0.044s
2024-09-30 23:09:32.528 62249 INFO tempest.lib.common.rest_client [req-03dcda32-91a3-47d2-9eb0-477af22904e7 req-03dcda32-91a3-47d2-9eb0-477af22904e7 ] Request (ImagesTestJSON:test_create_image_from_suspended_server): 200 GET http://10.180.1.21/compute/v2.1/servers/02fe490b-75c8-406b-98e0-aa200f249673 0.043s
2024-09-30 23:09:32.547 62223 INFO tempest.lib.common.rest_client [req-1946303a-2671-43e8-8d52-3812197ca030 req-1946303a-2671-43e8-8d52-3812197ca030 ] Request (ServerDiagnosticsTest:test_get_server_diagnostics): 200 GET http://10.180.1.21/compute/v2.1/servers/fa943137-caf1-4b41-b644-c9146f72f956 0.043s
2024-09-30 23:09:32.568 62271 INFO tempest.lib.common.rest_client [req-65ffc954-0223-4e52-9117-0ebfa7c62e26 req-65ffc954-0223-4e52-9117-0ebfa7c62e26 ] Request (ImagesOneServerTestJSON:setUpClass): 200 GET http://10.180.1.21/compute/v2.1/servers/630e0959-6d7f-401d-b84c-1c098f54bf60 0.046s
2024-09-30 23:09:32.631 62261 INFO tempest.lib.common.rest_client [req-2bed252a-93e1-46e0-80d3-7353d7b10235 req-2bed252a-93e1-46e0-80d3-7353d7b10235 ] Request (ServersAaction247Test:tearDownClass): 200 GET http://10.180.1.21/compute/v2.1/servers/e6c56d86-e428-49fb-9944-293ad5e5948c 0.063s
2024-09-30 23:09:32.667 62237 INFO tempest.lib.common.rest_client [req-b51c52cb-3aa9-4f6b-a096-2dc4664bcda0 req-b51c52cb-3aa9-4f6b-a096-2dc4664bcda0 ] Request (ListImageFiltersTestJSON:setUpClass): 200 GET http://10.180.1.21/compute/v2.1/servers/89a97f81-bcd9-49e5-bbd3-9140f6638a20 0.050s
2024-09-30 23:09:32.716 62283 INFO tempest.lib.common.rest_client [req-89431dbf-d14f-4b79-b3c5-a7d18b3377d6 req-89431dbf-d14f-4b79-b3c5-a7d18b3377d6 ] Request (DeleteServersTestJSON:test_delete_server_while_in_attached_volume): 200 GET http://10.180.1.21/compute/v2.1/servers/325183b9-e35b-4f9c-a271-d0fdb05288bb 0.050s
2024-09-30 23:09:32.747 62265 INFO tempest.lib.common.rest_client [req-55ce9019-c55b-478b-931c-34549f63c31e req-55ce9019-c55b-478b-931c-34549f63c31e ] Request (TenantUsagesTestJSON:setUpClass): 200 GET http://10.180.1.21/compute/v2.1/servers/6c0bc598-eae5-4e5b-a3b2-b4bb90bc8d59 0.105s
2024-09-30 23:09:32.753 62265 INFO tempest.common.waiters [-] State transition "BUILD/networking" ==> "BUILD/spawning" after 81 second wait
2024-09-30 23:09:32.760 62279 INFO tempest.lib.common.rest_client [req-33dd7d73-767d-4bb2-93b3-e482be424433 req-33dd7d73-767d-4bb2-93b3-e482be424433 ] Request (ServerMetadataTestJSON:setUpClass): 200 GET http://10.180.1.21/compute/v2.1/servers/0b4b3bdb-7393-47ab-abc1-44c47496cb3a 0.074s
2024-09-30 23:09:32.797 62243 INFO tempest.lib.common.rest_client [req-8c825408-df92-4f93-96b3-81c733020655 req-8c825408-df92-4f93-96b3-81c733020655 ] Request (ServerActionsV293TestJSON:setUpClass): 200 GET http://10.180.1.21/compute/v2.1/servers/95641d0b-970c-4b94-8568-5c46d0808345 0.073s
2024-09-30 23:09:32.811 62275 INFO tempest.lib.common.rest_client [req-5cc4a6ee-c786-413b-b999-24c5fd77ccd6 req-5cc4a6ee-c786-413b-b999-24c5fd77ccd6 ] Request (DeleteServersAdminTestJSON:test_delete_server_while_in_error_state): 200 GET http://10.180.1.21/compute/v2.1/servers/967bc997-543f-4b35-968b-c530b82d9db0 0.069s
2024-09-30 23:09:32.840 62273 INFO tempest.lib.common.rest_client [req-a1305511-210b-4aa8-89a5-2df894617a05 req-a1305511-210b-4aa8-89a5-2df894617a05 ] Request (AttachVolumeTestJSON:test_attach_detach_volume): 200 GET http://10.180.1.21/compute/v2.1/servers/ad40937f-d5a9-4708-8b81-06087d38d765 0.063s
2024-09-30 23:09:32.855 62251 INFO tempest.lib.common.rest_client [req-b8b70fc1-2ab1-4a69-9d34-5c8e58094436 req-b8b70fc1-2ab1-4a69-9d34-5c8e58094436 ] Request (ServersAdmin275Test:test_rebuild_update_server_275): 200 GET http://10.180.1.21/compute/v2.1/servers/1afcffda-0bd2-4cbe-8cfb-12a91bb50975 0.064s
2024-09-30 23:09:32.886 62231 INFO tempest.lib.common.rest_client [req-01fd836a-4640-4f19-ad88-7d263a80dc40 req-01fd836a-4640-4f19-ad88-7d263a80dc40 ] Request (ServerDiskConfigTestJSON:test_rebuild_server_with_manual_disk_config): 200 GET http://10.180.1.21/compute/v2.1/servers/40fefd68-3d6f-4451-997f-e8fa49847dea 0.051s
2024-09-30 23:09:32.894 62229 INFO tempest.lib.common.rest_client [req-dcc43c22-3007-4a05-ab55-23f23dc3689f req-dcc43c22-3007-4a05-ab55-23f23dc3689f ] Request (ServersWithSpecificFlavorTestJSON:test_verify_created_server_ephemeral_disk): 200 GET http://10.180.1.21/compute/v2.1/servers/d038391c-2b32-455c-85d5-68221e7bd065 0.053s
2024-09-30 23:09:32.927 62281 INFO tempest.lib.common.rest_client [req-9d4212a1-06f6-430f-b30f-cff162bb62de req-9d4212a1-06f6-430f-b30f-cff162bb62de ] Request (ServerAddressesNegativeTestJSON:setUpClass): 200 GET http://10.180.1.21/compute/v2.1/servers/388b62aa-6647-4aca-acb2-8d7d7d424c8c 0.047s
2024-09-30 23:09:32.942 62233 INFO tempest.lib.common.rest_client [req-9c9399c8-f879-45e5-a516-64c9ba717366 req-9c9399c8-f879-45e5-a516-64c9ba717366 ] Request (ServersTestManualDisk:setUpClass): 200 GET http://10.180.1.21/compute/v2.1/servers/466a5f5a-f48a-4921-8bcb-44a1840c8141 0.043s
2024-09-30 23:09:32.980 62253 INFO tempest.lib.common.rest_client [req-99f94f99-d7da-4bba-bfdd-4197359a0dc5 req-99f94f99-d7da-4bba-bfdd-4197359a0dc5 ] Request (FloatingIPsAssociationNegativeTestJSON:setUpClass): 200 GET http://10.180.1.21/compute/v2.1/servers/8ff4ebb9-57ea-49d2-8d3c-5876da61e77b 0.047s
2024-09-30 23:09:32.990 62269 INFO tempest.lib.common.rest_client [req-92b0ee6d-9165-4774-8961-9bc8a4c64007 req-92b0ee6d-9165-4774-8961-9bc8a4c64007 ] Request (ImagesOneServerNegativeTestJSON:setUpClass): 200 GET http://10.180.1.21/compute/v2.1/servers/ea6c2120-a69a-42c7-bc92-3e74539c008d 0.048s
2024-09-30 23:09:33.023 62235 INFO tempest.lib.common.rest_client [req-94a82003-862c-455b-bec8-9bc985a5a65b req-94a82003-862c-455b-bec8-9bc985a5a65b ] Request (ServersNegativeTestJSON:setUpClass): 200 GET http://10.180.1.21/compute/v2.1/servers/51a36102-795e-47b7-b96a-857e54dc703e 0.047s
2024-09-30 23:09:33.046 62267 INFO tempest.lib.common.rest_client [req-5dc63f6f-f680-4490-bc50-89fc311e5e46 req-5dc63f6f-f680-4490-bc50-89fc311e5e46 ] Request (ServerTagsTestJSON:setUpClass): 200 GET http://10.180.1.21/compute/v2.1/servers/d55395cc-0b92-4e99-9b80-913c19f6c7f4 0.057s
2024-09-30 23:09:33.084 62239 INFO tempest.lib.common.rest_client [req-12d8bfd5-c373-4ead-9189-622cd5b6ad3a req-12d8bfd5-c373-4ead-9189-622cd5b6ad3a ] Request (FloatingIPsAssociationTestJSON:setUpClass): 200 GET http://10.180.1.21/compute/v2.1/servers/4edd0159-6db1-41bd-a616-31a34e984059 0.045s
2024-09-30 23:09:33.148 62241 INFO tempest.lib.common.rest_client [req-b2fdc8c7-44f3-4774-8b85-b45f9e580e45 req-b2fdc8c7-44f3-4774-8b85-b45f9e580e45 ] Request (MigrationsAdminTest:test_resize_server_revert_deleted_flavor): 200 GET http://10.180.1.21/compute/v2.1/servers/80f13fca-2df1-4aa0-96f1-b61a60c4fdc6 0.067s
2024-09-30 23:09:33.167 62277 INFO tempest.lib.common.rest_client [req-0fff3328-6fb0-4db7-a316-7fc0ab7c5ee2 req-0fff3328-6fb0-4db7-a316-7fc0ab7c5ee2 ] Request (ServerAddressesTestJSON:setUpClass): 200 GET http://10.180.1.21/compute/v2.1/servers/e9f0b620-b0af-4fe2-ac5d-e3f6c8c998b1 0.057s
2024-09-30 23:09:33.231 62247 INFO tempest.lib.common.rest_client [req-4a6eea28-1f6f-44e0-86cc-6be538ae7577 req-4a6eea28-1f6f-44e0-86cc-6be538ae7577 ] Request (ServersTestFqdnHostnames:test_create_server_with_fqdn_name): 200 GET http://10.180.1.21/compute/v2.1/servers/96bbc732-cb58-4de2-80d3-c527228adaea 0.060s
2024-09-30 23:09:33.335 62285 INFO tempest.lib.common.rest_client [req-fec8b758-9a68-4e75-97d4-044d07340c70 req-fec8b758-9a68-4e75-97d4-044d07340c70 ] Request (ServerPasswordTestJSON:setUpClass): 200 GET http://10.180.1.21/compute/v2.1/servers/ab2edc70-b4c6-4db3-b0d6-53148764efdd 0.049s
2024-09-30 23:09:33.368 62245 INFO tempest.lib.common.rest_client [req-91daa8a6-4a3e-4a8a-b9d8-9b6de554ee46 req-91daa8a6-4a3e-4a8a-b9d8-9b6de554ee46 ] Request (VolumesAdminNegativeTest:test_update_attached_volume_with_nonexistent_volume_in_body): 200 GET http://10.180.1.21/compute/v2.1/servers/c8e5d6c1-44a0-465f-a0dd-03e519f3d5ec 0.049s
2024-09-30 23:09:33.443 62255 INFO tempest.lib.common.rest_client [req-efd77fe2-4212-465f-88fa-24e03f1778bd req-efd77fe2-4212-465f-88fa-24e03f1778bd ] Request (ServersTestMultiNic:test_verify_multiple_nics_order): 200 GET http://10.180.1.21/compute/v2.1/servers/93174a10-f8b1-4789-ab3c-dda07bdddaa8 0.043s
2024-09-30 23:09:33.505 62227 INFO tempest.lib.common.rest_client [req-70047bcc-3f58-40c4-aeb9-681f6fa69a77 req-70047bcc-3f58-40c4-aeb9-681f6fa69a77 ] Request (ServerGroupTestJSON:test_create_server_with_scheduler_hint_group): 200 GET http://10.180.1.21/compute/v2.1/servers/49e0d752-6f88-45c4-bd6a-d9fe4f526a2f 0.045s
2024-09-30 23:09:33.563 62225 INFO tempest.lib.common.rest_client [req-01b84eed-cd11-4d1c-ba9b-b89f001761d8 req-01b84eed-cd11-4d1c-ba9b-b89f001761d8 ] Request (MultipleCreateTestJSON:test_multiple_create): 200 GET http://10.180.1.21/compute/v2.1/servers/65ddff8e-971c-4485-b658-4611aea1176c 0.060s
2024-09-30 23:09:33.584 62249 INFO tempest.lib.common.rest_client [req-2e76fcae-1204-430e-89c0-71aec373e0e5 req-2e76fcae-1204-430e-89c0-71aec373e0e5 ] Request (ImagesTestJSON:test_create_image_from_suspended_server): 200 GET http://10.180.1.21/compute/v2.1/servers/02fe490b-75c8-406b-98e0-aa200f249673 0.049s
2024-09-30 23:09:33.601 62223 INFO tempest.lib.common.rest_client [req-8ceebdce-63ee-4d02-a339-61f3de62e42d req-8ceebdce-63ee-4d02-a339-61f3de62e42d ] Request (ServerDiagnosticsTest:test_get_server_diagnostics): 200 GET http://10.180.1.21/compute/v2.1/servers/fa943137-caf1-4b41-b644-c9146f72f956 0.048s
2024-09-30 23:09:33.627 62271 INFO tempest.lib.common.rest_client [req-0b6bda7a-3444-4746-968e-bcff3a1ce630 req-0b6bda7a-3444-4746-968e-bcff3a1ce630 ] Request (ImagesOneServerTestJSON:setUpClass): 200 GET http://10.180.1.21/compute/v2.1/servers/630e0959-6d7f-401d-b84c-1c098f54bf60 0.052s
2024-09-30 23:09:33.659 62261 INFO tempest.lib.common.rest_client [req-bdbd0031-53bb-40d6-b55e-d5362f38f4aa req-bdbd0031-53bb-40d6-b55e-d5362f38f4aa ] Request (ServersAaction247Test:tearDownClass): 404 GET http://10.180.1.21/compute/v2.1/servers/e6c56d86-e428-49fb-9944-293ad5e5948c 0.020s
2024-09-30 23:09:33.727 62237 INFO tempest.lib.common.rest_client [req-a1ac0a29-4b60-4c67-8448-4186c3d600d0 req-a1ac0a29-4b60-4c67-8448-4186c3d600d0 ] Request (ListImageFiltersTestJSON:setUpClass): 200 GET http://10.180.1.21/compute/v2.1/servers/89a97f81-bcd9-49e5-bbd3-9140f6638a20 0.050s
2024-09-30 23:09:33.768 62283 INFO tempest.lib.common.rest_client [req-06f06a90-56c2-4e17-ba5d-2ed78ee53fdf req-06f06a90-56c2-4e17-ba5d-2ed78ee53fdf ] Request (DeleteServersTestJSON:test_delete_server_while_in_attached_volume): 200 GET http://10.180.1.21/compute/v2.1/servers/325183b9-e35b-4f9c-a271-d0fdb05288bb 0.044s
2024-09-30 23:09:33.816 62279 INFO tempest.lib.common.rest_client [req-8d4baca5-258c-43b1-9c9f-02d528e68975 req-8d4baca5-258c-43b1-9c9f-02d528e68975 ] Request (ServerMetadataTestJSON:setUpClass): 200 GET http://10.180.1.21/compute/v2.1/servers/0b4b3bdb-7393-47ab-abc1-44c47496cb3a 0.048s
2024-09-30 23:09:33.841 62261 INFO tempest.lib.common.rest_client [req-5b24f8f9-df6a-4bd5-ba01-345a8b7e3c8c req-5b24f8f9-df6a-4bd5-ba01-345a8b7e3c8c ] Request (ServersAaction247Test:tearDownClass): 204 DELETE http://10.180.1.21/identity/v3/users/7cf8265b067a439d8dae2b2ea074559d 0.181s
2024-09-30 23:09:33.842 62261 INFO tempest.lib.common.dynamic_creds [-] Deleting project and security group for project: 80e97c469c7440a680687ebd5c17a935
2024-09-30 23:09:33.888 62265 INFO tempest.lib.common.rest_client [req-c2bf8835-14f4-4611-bad6-5d3d95eeccc9 req-c2bf8835-14f4-4611-bad6-5d3d95eeccc9 ] Request (TenantUsagesTestJSON:setUpClass): 200 GET http://10.180.1.21/compute/v2.1/servers/6c0bc598-eae5-4e5b-a3b2-b4bb90bc8d59 0.134s
2024-09-30 23:09:33.891 62243 INFO tempest.lib.common.rest_client [req-05dc08e2-1e7f-4233-949d-0c427a904f64 req-05dc08e2-1e7f-4233-949d-0c427a904f64 ] Request (ServerActionsV293TestJSON:setUpClass): 200 GET http://10.180.1.21/compute/v2.1/servers/95641d0b-970c-4b94-8568-5c46d0808345 0.082s
2024-09-30 23:09:33.894 62261 INFO tempest.lib.common.rest_client [req-74e998fe-6a7a-47aa-a0e3-5b4d4e80ebd1 req-74e998fe-6a7a-47aa-a0e3-5b4d4e80ebd1 ] Request (ServersAaction247Test:tearDownClass): 201 POST http://10.180.1.21/identity/v3/auth/tokens 0.052s
2024-09-30 23:09:33.936 62273 INFO tempest.lib.common.rest_client [req-bfdbd00d-3b33-4f5f-8a4b-6937de1b5aca req-bfdbd00d-3b33-4f5f-8a4b-6937de1b5aca ] Request (AttachVolumeTestJSON:test_attach_detach_volume): 200 GET http://10.180.1.21/compute/v2.1/servers/ad40937f-d5a9-4708-8b81-06087d38d765 0.086s
2024-09-30 23:09:33.936 62275 INFO tempest.lib.common.rest_client [req-6c2e9000-551b-40bc-be57-e5495132ec35 req-6c2e9000-551b-40bc-be57-e5495132ec35 ] Request (DeleteServersAdminTestJSON:test_delete_server_while_in_error_state): 200 GET http://10.180.1.21/compute/v2.1/servers/967bc997-543f-4b35-968b-c530b82d9db0 0.118s
2024-09-30 23:09:33.983 62251 INFO tempest.lib.common.rest_client [req-fb9252a1-c23c-430b-989e-d09bb17fe5f9 req-fb9252a1-c23c-430b-989e-d09bb17fe5f9 ] Request (ServersAdmin275Test:test_rebuild_update_server_275): 200 GET http://10.180.1.21/compute/v2.1/servers/1afcffda-0bd2-4cbe-8cfb-12a91bb50975 0.119s
2024-09-30 23:09:33.987 62231 INFO tempest.lib.common.rest_client [req-b28f7703-75b0-467d-b7c1-7be114b2538a req-b28f7703-75b0-467d-b7c1-7be114b2538a ] Request (ServerDiskConfigTestJSON:test_rebuild_server_with_manual_disk_config): 200 GET http://10.180.1.21/compute/v2.1/servers/40fefd68-3d6f-4451-997f-e8fa49847dea 0.094s
2024-09-30 23:09:34.025 62229 INFO tempest.lib.common.rest_client [req-b513e230-63e0-4671-9924-30b1efc006e3 req-b513e230-63e0-4671-9924-30b1efc006e3 ] Request (ServersWithSpecificFlavorTestJSON:test_verify_created_server_ephemeral_disk): 200 GET http://10.180.1.21/compute/v2.1/servers/d038391c-2b32-455c-85d5-68221e7bd065 0.124s
2024-09-30 23:09:34.034 62281 INFO tempest.lib.common.rest_client [req-1672c300-7d00-4a6d-9922-e66ce308a12a req-1672c300-7d00-4a6d-9922-e66ce308a12a ] Request (ServerAddressesNegativeTestJSON:setUpClass): 200 GET http://10.180.1.21/compute/v2.1/servers/388b62aa-6647-4aca-acb2-8d7d7d424c8c 0.099s
2024-09-30 23:09:34.059 62261 INFO tempest.lib.common.rest_client [req-4963c901-f64d-4209-86c9-d9b861dffbd5 req-4963c901-f64d-4209-86c9-d9b861dffbd5 ] Request (ServersAaction247Test:tearDownClass): 200 GET http://10.180.1.21:9696/networking/v2.0/security-groups?tenant_id=80e97c469c7440a680687ebd5c17a935&name=default 0.164s
2024-09-30 23:09:34.067 62233 INFO tempest.lib.common.rest_client [req-e54c3bf8-4357-4db7-86da-90f9c856e86c req-e54c3bf8-4357-4db7-86da-90f9c856e86c ] Request (ServersTestManualDisk:setUpClass): 200 GET http://10.180.1.21/compute/v2.1/servers/466a5f5a-f48a-4921-8bcb-44a1840c8141 0.117s
2024-09-30 23:09:34.077 62253 INFO tempest.lib.common.rest_client [req-07fb73a7-e0b8-4b5f-a4ee-7b061f640634 req-07fb73a7-e0b8-4b5f-a4ee-7b061f640634 ] Request (FloatingIPsAssociationNegativeTestJSON:setUpClass): 200 GET http://10.180.1.21/compute/v2.1/servers/8ff4ebb9-57ea-49d2-8d3c-5876da61e77b 0.090s
2024-09-30 23:09:34.113 62269 INFO tempest.lib.common.rest_client [req-76d357bc-8aee-4873-8d25-7b0af6dc2b48 req-76d357bc-8aee-4873-8d25-7b0af6dc2b48 ] Request (ImagesOneServerNegativeTestJSON:setUpClass): 200 GET http://10.180.1.21/compute/v2.1/servers/ea6c2120-a69a-42c7-bc92-3e74539c008d 0.116s
2024-09-30 23:09:34.120 62235 INFO tempest.lib.common.rest_client [req-e085a1cb-2eb7-43cd-ba8a-e2a0e7cb30cc req-e085a1cb-2eb7-43cd-ba8a-e2a0e7cb30cc ] Request (ServersNegativeTestJSON:setUpClass): 200 GET http://10.180.1.21/compute/v2.1/servers/51a36102-795e-47b7-b96a-857e54dc703e 0.089s
2024-09-30 23:09:34.163 62267 INFO tempest.lib.common.rest_client [req-a4b59188-1ef4-41d7-baa3-a5931d16c2f9 req-a4b59188-1ef4-41d7-baa3-a5931d16c2f9 ] Request (ServerTagsTestJSON:setUpClass): 200 GET http://10.180.1.21/compute/v2.1/servers/d55395cc-0b92-4e99-9b80-913c19f6c7f4 0.109s
2024-09-30 23:09:34.167 62239 INFO tempest.lib.common.rest_client [req-3dff789c-873e-429d-a703-03f59dd0610f req-3dff789c-873e-429d-a703-03f59dd0610f ] Request (FloatingIPsAssociationTestJSON:setUpClass): 200 GET http://10.180.1.21/compute/v2.1/servers/4edd0159-6db1-41bd-a616-31a34e984059 0.077s
2024-09-30 23:09:34.201 62261 INFO tempest.lib.common.rest_client [req-d1df0de5-d188-4c8c-99aa-284dbd58f30e req-d1df0de5-d188-4c8c-99aa-284dbd58f30e ] Request (ServersAaction247Test:tearDownClass): 204 DELETE http://10.180.1.21:9696/networking/v2.0/security-groups/e2d368f0-20aa-4b14-b855-740f4f66191f 0.142s
2024-09-30 23:09:34.209 62241 INFO tempest.lib.common.rest_client [req-9c75f10d-a205-4fa6-988a-615bae1ee416 req-9c75f10d-a205-4fa6-988a-615bae1ee416 ] Request (MigrationsAdminTest:test_resize_server_revert_deleted_flavor): 200 GET http://10.180.1.21/compute/v2.1/servers/80f13fca-2df1-4aa0-96f1-b61a60c4fdc6 0.053s
2024-09-30 23:09:34.218 62277 INFO tempest.lib.common.rest_client [req-9be948de-d58d-4d06-a497-c4f947df1883 req-9be948de-d58d-4d06-a497-c4f947df1883 ] Request (ServerAddressesTestJSON:setUpClass): 200 GET http://10.180.1.21/compute/v2.1/servers/e9f0b620-b0af-4fe2-ac5d-e3f6c8c998b1 0.045s
2024-09-30 23:09:34.261 62261 INFO tempest.lib.common.rest_client [req-4274f0d7-acb4-418a-86b1-cf49398b7426 req-4274f0d7-acb4-418a-86b1-cf49398b7426 ] Request (ServersAaction247Test:tearDownClass): 204 DELETE http://10.180.1.21/identity/v3/projects/80e97c469c7440a680687ebd5c17a935 0.060s
2024-09-30 23:09:34.289 62247 INFO tempest.lib.common.rest_client [req-3128ef9f-78ba-49a8-9a24-7df5e55c6af1 req-3128ef9f-78ba-49a8-9a24-7df5e55c6af1 ] Request (ServersTestFqdnHostnames:test_create_server_with_fqdn_name): 200 GET http://10.180.1.21/compute/v2.1/servers/96bbc732-cb58-4de2-80d3-c527228adaea 0.050s
2024-09-30 23:09:34.397 62285 INFO tempest.lib.common.rest_client [req-16caf33b-c5a2-416c-8b58-355fb64b376b req-16caf33b-c5a2-416c-8b58-355fb64b376b ] Request (ServerPasswordTestJSON:setUpClass): 200 GET http://10.180.1.21/compute/v2.1/servers/ab2edc70-b4c6-4db3-b0d6-53148764efdd 0.055s
2024-09-30 23:09:34.439 62245 INFO tempest.lib.common.rest_client [req-ca2a585a-0f24-4856-ad85-7224fe9fd9c2 req-ca2a585a-0f24-4856-ad85-7224fe9fd9c2 ] Request (VolumesAdminNegativeTest:test_update_attached_volume_with_nonexistent_volume_in_body): 200 GET http://10.180.1.21/compute/v2.1/servers/c8e5d6c1-44a0-465f-a0dd-03e519f3d5ec 0.063s
2024-09-30 23:09:34.496 62255 INFO tempest.lib.common.rest_client [req-07827164-98d0-4feb-9b4d-8ccd31e01e6a req-07827164-98d0-4feb-9b4d-8ccd31e01e6a ] Request (ServersTestMultiNic:test_verify_multiple_nics_order): 200 GET http://10.180.1.21/compute/v2.1/servers/93174a10-f8b1-4789-ab3c-dda07bdddaa8 0.045s
2024-09-30 23:09:34.558 62227 INFO tempest.lib.common.rest_client [req-60294325-baed-416a-a881-76f8956f0662 req-60294325-baed-416a-a881-76f8956f0662 ] Request (ServerGroupTestJSON:test_create_server_with_scheduler_hint_group): 200 GET http://10.180.1.21/compute/v2.1/servers/49e0d752-6f88-45c4-bd6a-d9fe4f526a2f 0.045s
2024-09-30 23:09:34.616 62225 INFO tempest.lib.common.rest_client [req-d9a012a0-f462-4b64-9da5-c08bc5c75b9d req-d9a012a0-f462-4b64-9da5-c08bc5c75b9d ] Request (MultipleCreateTestJSON:test_multiple_create): 200 GET http://10.180.1.21/compute/v2.1/servers/65ddff8e-971c-4485-b658-4611aea1176c 0.046s
2024-09-30 23:09:34.634 62249 INFO tempest.lib.common.rest_client [req-154fd6e1-caf3-4d10-9649-cd517d379ad0 req-154fd6e1-caf3-4d10-9649-cd517d379ad0 ] Request (ImagesTestJSON:test_create_image_from_suspended_server): 200 GET http://10.180.1.21/compute/v2.1/servers/02fe490b-75c8-406b-98e0-aa200f249673 0.043s
2024-09-30 23:09:34.656 62223 INFO tempest.lib.common.rest_client [req-402c12e2-0a56-44fa-b6d7-00d29a75ed63 req-402c12e2-0a56-44fa-b6d7-00d29a75ed63 ] Request (ServerDiagnosticsTest:test_get_server_diagnostics): 200 GET http://10.180.1.21/compute/v2.1/servers/fa943137-caf1-4b41-b644-c9146f72f956 0.049s
2024-09-30 23:09:34.681 62271 INFO tempest.lib.common.rest_client [req-b49f2c3f-7a24-40be-825b-157ee6a22373 req-b49f2c3f-7a24-40be-825b-157ee6a22373 ] Request (ImagesOneServerTestJSON:setUpClass): 200 GET http://10.180.1.21/compute/v2.1/servers/630e0959-6d7f-401d-b84c-1c098f54bf60 0.048s
2024-09-30 23:09:34.777 62237 INFO tempest.lib.common.rest_client [req-aece9816-4a97-49bb-8c23-33f73a693853 req-aece9816-4a97-49bb-8c23-33f73a693853 ] Request (ListImageFiltersTestJSON:setUpClass): 200 GET http://10.180.1.21/compute/v2.1/servers/89a97f81-bcd9-49e5-bbd3-9140f6638a20 0.043s
