2024-09-30 23:08:51.407 62247 INFO tempest.lib.common.rest_client [req-d97e02f9-389b-4cc2-acf9-9bfbfe010ba6 req-d97e02f9-389b-4cc2-acf9-9bfbfe010ba6 ] Request (ServersTestFqdnHostnames:test_create_server_with_fqdn_name): 200 GET http://10.180.1.21/compute/v2.1/servers/96bbc732-cb58-4de2-80d3-c527228adaea 0.083s
2024-09-30 23:08:51.429 62239 INFO tempest.lib.common.rest_client [req-8a339ee3-107e-46b4-a402-577fdbf3e64e req-8a339ee3-107e-46b4-a402-577fdbf3e64e ] Request (ServerExternalEventsTest:test_create_server_external_events): 200 GET http://10.180.1.21/compute/v2.1/servers/938dab0c-9b30-404b-bca2-a1280a252584 0.070s
2024-09-30 23:08:51.451 62241 INFO tempest.lib.common.rest_client [req-19f3d234-54ac-4ec2-a21c-839801f95e43 req-19f3d234-54ac-4ec2-a21c-839801f95e43 ] Request (MigrationsAdminTest:test_resize_server_revert_deleted_flavor): 200 GET http://10.180.1.21/compute/v2.1/servers/80f13fca-2df1-4aa0-96f1-b61a60c4fdc6 0.056s
2024-09-30 23:08:51.482 62277 INFO tempest.lib.common.rest_client [req-fc31e0e8-b798-4c1d-8d03-c1716e37448f req-fc31e0e8-b798-4c1d-8d03-c1716e37448f ] Request (ServerAddressesTestJSON:setUpClass): 200 GET http://10.180.1.21/compute/v2.1/servers/e9f0b620-b0af-4fe2-ac5d-e3f6c8c998b1 0.045s
2024-09-30 23:08:51.493 62225 INFO tempest.lib.common.rest_client [req-f2e7f130-86b0-4cf6-be91-17b12a026804 req-f2e7f130-86b0-4cf6-be91-17b12a026804 ] Request (MultipleCreateTestJSON:test_multiple_create): 200 GET http://10.180.1.21/compute/v2.1/servers/65ddff8e-971c-4485-b658-4611aea1176c 0.045s
2024-09-30 23:08:51.555 62249 INFO tempest.lib.common.rest_client [req-95cfb652-30dd-498d-8dff-515a74731d10 req-95cfb652-30dd-498d-8dff-515a74731d10 ] Request (ImagesTestJSON:test_create_image_from_suspended_server): 200 GET http://10.180.1.21/compute/v2.1/servers/02fe490b-75c8-406b-98e0-aa200f249673 0.050s
2024-09-30 23:08:51.581 62227 INFO tempest.lib.common.rest_client [req-4193d7f5-0d21-4c68-8bc4-79ea3b98f1c4 req-4193d7f5-0d21-4c68-8bc4-79ea3b98f1c4 ] Request (ServerGroupTestJSON:test_create_server_with_scheduler_hint_group): 200 GET http://10.180.1.21/compute/v2.1/servers/49e0d752-6f88-45c4-bd6a-d9fe4f526a2f 0.050s
2024-09-30 23:08:51.644 62271 INFO tempest.lib.common.rest_client [req-df782820-c28b-45c8-b4c0-a01693f91d2c req-df782820-c28b-45c8-b4c0-a01693f91d2c ] Request (ImagesOneServerTestJSON:setUpClass): 200 GET http://10.180.1.21/compute/v2.1/servers/630e0959-6d7f-401d-b84c-1c098f54bf60 0.050s
2024-09-30 23:08:51.676 62267 INFO tempest.lib.common.rest_client [req-c66f36ee-8786-435b-bd7e-b58500ba0a6c req-c66f36ee-8786-435b-bd7e-b58500ba0a6c ] Request (InstanceActionsTestJSON:setUpClass): 200 GET http://10.180.1.21/compute/v2.1/servers/7a94f776-579d-41e8-94aa-6095b3fd69c6 0.057s
2024-09-30 23:08:51.681 62267 INFO tempest.common.waiters [-] State transition "BUILD/scheduling" ==> "ERROR/None" after 77 second wait
2024-09-30 23:08:51.783 62223 INFO tempest.lib.common.rest_client [req-c9be2709-91ad-46a2-a198-e2100a087d20 req-c9be2709-91ad-46a2-a198-e2100a087d20 ] Request (ServerDiagnosticsTest:test_get_server_diagnostics): 200 GET http://10.180.1.21/compute/v2.1/servers/fa943137-caf1-4b41-b644-c9146f72f956 0.056s
2024-09-30 23:08:51.832 62265 INFO tempest.lib.common.rest_client [req-a800117b-b81f-4f8f-a70e-d566367112f2 req-a800117b-b81f-4f8f-a70e-d566367112f2 ] Request (TenantUsagesTestJSON:setUpClass): 200 GET http://10.180.1.21/compute/v2.1/servers/6c0bc598-eae5-4e5b-a3b2-b4bb90bc8d59 0.070s
2024-09-30 23:08:51.857 62267 INFO tempest.lib.common.rest_client [req-91145066-a421-473e-a2eb-13ca05f2cae1 req-91145066-a421-473e-a2eb-13ca05f2cae1 ] Request (InstanceActionsTestJSON:setUpClass): 204 DELETE http://10.180.1.21/compute/v2.1/servers/7a94f776-579d-41e8-94aa-6095b3fd69c6 0.175s
2024-09-30 23:08:51.875 62275 INFO tempest.lib.common.rest_client [req-ff342d58-4027-4441-8518-a38bbce96d7a req-ff342d58-4027-4441-8518-a38bbce96d7a ] Request (DeleteServersAdminTestJSON:test_delete_server_while_in_error_state): 200 GET http://10.180.1.21/compute/v2.1/servers/967bc997-543f-4b35-968b-c530b82d9db0 0.078s
2024-09-30 23:08:51.878 62267 INFO tempest.lib.common.rest_client [req-4161d61d-2f53-4faa-96d0-ac97f2bfe89c req-4161d61d-2f53-4faa-96d0-ac97f2bfe89c ] Request (InstanceActionsTestJSON:setUpClass): 404 GET http://10.180.1.21/compute/v2.1/servers/7a94f776-579d-41e8-94aa-6095b3fd69c6 0.020s
2024-09-30 23:08:51.878 62267 INFO tempest.test [-] raised in InstanceActionsTestJSON.setUpClass. Invoking tearDownClass.
2024-09-30 23:08:51.942 62261 INFO tempest.lib.common.rest_client [req-61d3a136-68c2-4422-9df2-e58f8eb74e4b req-61d3a136-68c2-4422-9df2-e58f8eb74e4b ] Request (ServersAaction247Test:test_create_backup): 200 GET http://10.180.1.21/compute/v2.1/servers/e6c56d86-e428-49fb-9944-293ad5e5948c 0.056s
2024-09-30 23:08:51.975 62237 INFO tempest.lib.common.rest_client [req-a6f31ac7-f6eb-4043-97b6-ff58c99b4619 req-a6f31ac7-f6eb-4043-97b6-ff58c99b4619 ] Request (ListImageFiltersTestJSON:setUpClass): 200 GET http://10.180.1.21/compute/v2.1/servers/89a97f81-bcd9-49e5-bbd3-9140f6638a20 0.050s
2024-09-30 23:08:52.024 62229 INFO tempest.lib.common.rest_client [req-6f6a08e5-c03d-4733-b24a-b7bbdf3dee2e req-6f6a08e5-c03d-4733-b24a-b7bbdf3dee2e ] Request (VolumesAssistedSnapshotsTest:test_volume_assisted_snapshot_create_delete): 200 GET http://10.180.1.21/compute/v2.1/servers/7961bd0d-de24-4e13-94a3-79c48c593813 0.056s
2024-09-30 23:08:52.062 62281 INFO tempest.lib.common.rest_client [req-c231f50a-7f06-47b3-ab24-5b331662acfd req-c231f50a-7f06-47b3-ab24-5b331662acfd ] Request (ServerAddressesNegativeTestJSON:setUpClass): 200 GET http://10.180.1.21/compute/v2.1/servers/388b62aa-6647-4aca-acb2-8d7d7d424c8c 0.047s
2024-09-30 23:08:52.110 62231 INFO tempest.lib.common.rest_client [req-d2ced535-a73e-4ed4-a879-d49ffe4fdb8c req-d2ced535-a73e-4ed4-a879-d49ffe4fdb8c ] Request (ServerDiskConfigTestJSON:test_rebuild_server_with_manual_disk_config): 200 GET http://10.180.1.21/compute/v2.1/servers/40fefd68-3d6f-4451-997f-e8fa49847dea 0.053s
2024-09-30 23:08:52.149 62279 INFO tempest.lib.common.rest_client [req-0a965d97-7a04-46e2-8ee8-d9141b83a36c req-0a965d97-7a04-46e2-8ee8-d9141b83a36c ] Request (ServerMetadataTestJSON:setUpClass): 200 GET http://10.180.1.21/compute/v2.1/servers/0b4b3bdb-7393-47ab-abc1-44c47496cb3a 0.048s
2024-09-30 23:08:52.192 62233 INFO tempest.lib.common.rest_client [req-3a908792-7924-4822-a848-b58e207c1738 req-3a908792-7924-4822-a848-b58e207c1738 ] Request (ServersTestManualDisk:setUpClass): 200 GET http://10.180.1.21/compute/v2.1/servers/466a5f5a-f48a-4921-8bcb-44a1840c8141 0.049s
2024-09-30 23:08:52.234 62269 INFO tempest.lib.common.rest_client [req-43072fa3-01c7-4292-9bd3-1ba796895c82 req-43072fa3-01c7-4292-9bd3-1ba796895c82 ] Request (ImagesOneServerNegativeTestJSON:setUpClass): 200 GET http://10.180.1.21/compute/v2.1/servers/ea6c2120-a69a-42c7-bc92-3e74539c008d 0.045s
2024-09-30 23:08:52.294 62253 INFO tempest.lib.common.rest_client [req-e3ecca10-8d44-4b5e-9b98-25515c1ec6ce req-e3ecca10-8d44-4b5e-9b98-25515c1ec6ce ] Request (FloatingIPsAssociationNegativeTestJSON:setUpClass): 200 GET http://10.180.1.21/compute/v2.1/servers/8ff4ebb9-57ea-49d2-8d3c-5876da61e77b 0.055s
2024-09-30 23:08:52.296 62243 INFO tempest.lib.common.rest_client [req-1413baad-7907-45a7-a731-92be8b1a726c req-1413baad-7907-45a7-a731-92be8b1a726c ] Request (ServerActionsTestOtherB:setUpClass): 200 GET http://10.180.1.21/compute/v2.1/servers/bac5a3bc-5a58-4c1d-abb8-1aaf6151358a 0.056s
2024-09-30 23:08:52.349 62285 INFO tempest.lib.common.rest_client [req-da488262-23b9-41ab-8e68-d48b3346074e req-da488262-23b9-41ab-8e68-d48b3346074e ] Request (ServerPasswordTestJSON:setUpClass): 200 GET http://10.180.1.21/compute/v2.1/servers/ab2edc70-b4c6-4db3-b0d6-53148764efdd 0.060s
2024-09-30 23:08:52.359 62245 INFO tempest.lib.common.rest_client [req-8b1b1826-3ee0-4aa2-86d5-e75c98bb9969 req-8b1b1826-3ee0-4aa2-86d5-e75c98bb9969 ] Request (VolumesAdminNegativeTest:test_update_attached_volume_with_nonexistent_volume_in_body): 200 GET http://10.180.1.21/compute/v2.1/servers/c8e5d6c1-44a0-465f-a0dd-03e519f3d5ec 0.065s
2024-09-30 23:08:52.403 62235 INFO tempest.lib.common.rest_client [req-3dfb1bfa-4da3-4dd1-af6d-c2f7048bb1e8 req-3dfb1bfa-4da3-4dd1-af6d-c2f7048bb1e8 ] Request (ServersNegativeTestJSON:setUpClass): 200 GET http://10.180.1.21/compute/v2.1/servers/51a36102-795e-47b7-b96a-857e54dc703e 0.054s
2024-09-30 23:08:52.404 62273 INFO tempest.lib.common.rest_client [req-35979779-e36a-4c7c-85bf-943d47886ff7 req-35979779-e36a-4c7c-85bf-943d47886ff7 ] Request (ServersAdminTestJSON:setUpClass): 200 GET http://10.180.1.21/compute/v2.1/servers/c7bfab3b-bfb1-416f-a302-9956c4fb0748 0.069s
2024-09-30 23:08:52.453 62255 INFO tempest.lib.common.rest_client [req-25c72d7f-a6f8-4ec7-9c6c-ccb909f9d7d4 req-25c72d7f-a6f8-4ec7-9c6c-ccb909f9d7d4 ] Request (ServersTestMultiNic:test_verify_multiple_nics_order): 200 GET http://10.180.1.21/compute/v2.1/servers/93174a10-f8b1-4789-ab3c-dda07bdddaa8 0.086s
2024-09-30 23:08:52.463 62283 INFO tempest.lib.common.rest_client [req-b3e5c17a-46c7-43d1-9433-07b10b75e684 req-b3e5c17a-46c7-43d1-9433-07b10b75e684 ] Request (DeleteServersTestJSON:test_delete_active_server): 200 GET http://10.180.1.21/compute/v2.1/servers/1915d6b8-2798-4e35-9a35-4191659c2cb6 0.070s
2024-09-30 23:08:52.507 62247 INFO tempest.lib.common.rest_client [req-35a0c517-655d-4c71-b060-cf2ea8def5b6 req-35a0c517-655d-4c71-b060-cf2ea8def5b6 ] Request (ServersTestFqdnHostnames:test_create_server_with_fqdn_name): 200 GET http://10.180.1.21/compute/v2.1/servers/96bbc732-cb58-4de2-80d3-c527228adaea 0.093s
2024-09-30 23:08:52.558 62239 INFO tempest.lib.common.rest_client [req-fa2e07ce-fdf3-441d-9e79-623931a23e82 req-fa2e07ce-fdf3-441d-9e79-623931a23e82 ] Request (ServerExternalEventsTest:test_create_server_external_events): 200 GET http://10.180.1.21/compute/v2.1/servers/938dab0c-9b30-404b-bca2-a1280a252584 0.121s
2024-09-30 23:08:52.565 62239 INFO tempest.common.waiters [-] State transition "BUILD/spawning" ==> "BUILD/scheduling" after 76 second wait
2024-09-30 23:08:52.607 62241 INFO tempest.lib.common.rest_client [req-4a382dbe-1d9b-45c8-96b1-1b925686144d req-4a382dbe-1d9b-45c8-96b1-1b925686144d ] Request (MigrationsAdminTest:test_resize_server_revert_deleted_flavor): 200 GET http://10.180.1.21/compute/v2.1/servers/80f13fca-2df1-4aa0-96f1-b61a60c4fdc6 0.148s
2024-09-30 23:08:52.661 62277 INFO tempest.lib.common.rest_client [req-cf7711cd-0214-4278-bd65-5f0ed738bd8a req-cf7711cd-0214-4278-bd65-5f0ed738bd8a ] Request (ServerAddressesTestJSON:setUpClass): 200 GET http://10.180.1.21/compute/v2.1/servers/e9f0b620-b0af-4fe2-ac5d-e3f6c8c998b1 0.172s
2024-09-30 23:08:52.693 62267 INFO tempest.lib.common.rest_client [req-66da4d1d-e062-4c60-88f3-703a8c8b7825 req-66da4d1d-e062-4c60-88f3-703a8c8b7825 ] Request (InstanceActionsTestJSON:tearDownClass): 200 PUT http://10.180.1.21:9696/networking/v2.0/routers/b32e135f-3300-4856-9201-406a65f71e70/remove_router_interface 0.814s
2024-09-30 23:08:52.725 62225 INFO tempest.lib.common.rest_client [req-6cca49ee-83c0-4e29-afb6-e42cd8c54f56 req-6cca49ee-83c0-4e29-afb6-e42cd8c54f56 ] Request (MultipleCreateTestJSON:test_multiple_create): 200 GET http://10.180.1.21/compute/v2.1/servers/65ddff8e-971c-4485-b658-4611aea1176c 0.226s
2024-09-30 23:08:52.780 62249 INFO tempest.lib.common.rest_client [req-13818ba4-b056-4f9f-a157-764f25f52a88 req-13818ba4-b056-4f9f-a157-764f25f52a88 ] Request (ImagesTestJSON:test_create_image_from_suspended_server): 200 GET http://10.180.1.21/compute/v2.1/servers/02fe490b-75c8-406b-98e0-aa200f249673 0.218s
2024-09-30 23:08:52.826 62227 INFO tempest.lib.common.rest_client [req-52aea666-f051-47dc-a6ab-4d4a3c3cf90d req-52aea666-f051-47dc-a6ab-4d4a3c3cf90d ] Request (ServerGroupTestJSON:test_create_server_with_scheduler_hint_group): 200 GET http://10.180.1.21/compute/v2.1/servers/49e0d752-6f88-45c4-bd6a-d9fe4f526a2f 0.238s
2024-09-30 23:08:52.877 62271 INFO tempest.lib.common.rest_client [req-4b7c3163-37d5-405c-8347-31c4299c9325 req-4b7c3163-37d5-405c-8347-31c4299c9325 ] Request (ImagesOneServerTestJSON:setUpClass): 200 GET http://10.180.1.21/compute/v2.1/servers/630e0959-6d7f-401d-b84c-1c098f54bf60 0.224s
2024-09-30 23:08:52.930 62223 INFO tempest.lib.common.rest_client [req-b485c2cf-4efb-403f-9046-8e54a58fcc0c req-b485c2cf-4efb-403f-9046-8e54a58fcc0c ] Request (ServerDiagnosticsTest:test_get_server_diagnostics): 200 GET http://10.180.1.21/compute/v2.1/servers/fa943137-caf1-4b41-b644-c9146f72f956 0.140s
2024-09-30 23:08:52.981 62251 INFO tempest.lib.common.rest_client [req-6ca547b3-593a-431d-a223-e407b8531e00 req-6ca547b3-593a-431d-a223-e407b8531e00 ] Request (ServerDiagnosticsV248Test:test_get_server_diagnostics): 200 GET http://10.180.1.21/compute/v2.1/servers/6bf0d1f1-d079-4956-bc9a-86ba66885f3a/diagnostics 0.582s
2024-09-30 23:08:52.986 62265 INFO tempest.lib.common.rest_client [req-a62ae647-4295-4ff7-99d4-17fc5dc6fc21 req-a62ae647-4295-4ff7-99d4-17fc5dc6fc21 ] Request (TenantUsagesTestJSON:setUpClass): 200 GET http://10.180.1.21/compute/v2.1/servers/6c0bc598-eae5-4e5b-a3b2-b4bb90bc8d59 0.146s
2024-09-30 23:08:53.034 62275 INFO tempest.lib.common.rest_client [req-8f3d4e5f-24bf-4631-a483-bcda4627d89d req-8f3d4e5f-24bf-4631-a483-bcda4627d89d ] Request (DeleteServersAdminTestJSON:test_delete_server_while_in_error_state): 200 GET http://10.180.1.21/compute/v2.1/servers/967bc997-543f-4b35-968b-c530b82d9db0 0.150s
2024-09-30 23:08:53.040 62275 INFO tempest.common.waiters [-] State transition "BUILD/scheduling" ==> "BUILD/None" after 51 second wait
2024-09-30 23:08:53.041 62261 INFO tempest.lib.common.rest_client [req-9b9e46e6-7bf3-4778-8daa-35cf708d8521 req-9b9e46e6-7bf3-4778-8daa-35cf708d8521 ] Request (ServersAaction247Test:test_create_backup): 200 GET http://10.180.1.21/compute/v2.1/servers/e6c56d86-e428-49fb-9944-293ad5e5948c 0.090s
2024-09-30 23:08:53.077 62237 INFO tempest.lib.common.rest_client [req-e368e07b-df44-4dc4-ab46-25fe64297c5d req-e368e07b-df44-4dc4-ab46-25fe64297c5d ] Request (ListImageFiltersTestJSON:setUpClass): 200 GET http://10.180.1.21/compute/v2.1/servers/89a97f81-bcd9-49e5-bbd3-9140f6638a20 0.095s
2024-09-30 23:08:53.096 62267 INFO tempest.lib.common.rest_client [req-2d4523f8-1767-496a-8be0-ec7a6264de33 req-2d4523f8-1767-496a-8be0-ec7a6264de33 ] Request (InstanceActionsTestJSON:tearDownClass): 204 DELETE http://10.180.1.21:9696/networking/v2.0/routers/b32e135f-3300-4856-9201-406a65f71e70 0.403s
2024-09-30 23:08:53.103 62251 INFO tempest.lib.common.rest_client [req-f820e7c0-004d-45c2-9c5c-75ec8c8ce9db req-f820e7c0-004d-45c2-9c5c-75ec8c8ce9db ] Request (ServerDiagnosticsV248Test:tearDownClass): 204 DELETE http://10.180.1.21/compute/v2.1/servers/6bf0d1f1-d079-4956-bc9a-86ba66885f3a 0.115s
2024-09-30 23:08:53.125 62229 INFO tempest.lib.common.rest_client [req-99dde6db-6f1d-441a-9472-9029ecef6c3e req-99dde6db-6f1d-441a-9472-9029ecef6c3e ] Request (VolumesAssistedSnapshotsTest:test_volume_assisted_snapshot_create_delete): 200 GET http://10.180.1.21/compute/v2.1/servers/7961bd0d-de24-4e13-94a3-79c48c593813 0.095s
2024-09-30 23:08:53.148 62281 INFO tempest.lib.common.rest_client [req-69da5bdd-e1d6-467a-961f-a9d7c14dca60 req-69da5bdd-e1d6-467a-961f-a9d7c14dca60 ] Request (ServerAddressesNegativeTestJSON:setUpClass): 200 GET http://10.180.1.21/compute/v2.1/servers/388b62aa-6647-4aca-acb2-8d7d7d424c8c 0.077s
2024-09-30 23:08:53.184 62251 INFO tempest.lib.common.rest_client [req-184f165c-7879-4659-ac8c-eea8f20be4c8 req-184f165c-7879-4659-ac8c-eea8f20be4c8 ] Request (ServerDiagnosticsV248Test:tearDownClass): 200 GET http://10.180.1.21/compute/v2.1/servers/6bf0d1f1-d079-4956-bc9a-86ba66885f3a 0.080s
2024-09-30 23:08:53.191 62231 INFO tempest.lib.common.rest_client [req-5649871c-4e17-48f0-a05b-4b7861209c1e req-5649871c-4e17-48f0-a05b-4b7861209c1e ] Request (ServerDiskConfigTestJSON:test_rebuild_server_with_manual_disk_config): 200 GET http://10.180.1.21/compute/v2.1/servers/40fefd68-3d6f-4451-997f-e8fa49847dea 0.073s
2024-09-30 23:08:53.232 62279 INFO tempest.lib.common.rest_client [req-11d4fe64-a61d-48a8-9379-8277ed2ebcfc req-11d4fe64-a61d-48a8-9379-8277ed2ebcfc ] Request (ServerMetadataTestJSON:setUpClass): 200 GET http://10.180.1.21/compute/v2.1/servers/0b4b3bdb-7393-47ab-abc1-44c47496cb3a 0.076s
2024-09-30 23:08:53.248 62267 INFO tempest.lib.common.rest_client [req-5271f096-7c44-4087-a15f-25677141b2d7 req-5271f096-7c44-4087-a15f-25677141b2d7 ] Request (InstanceActionsTestJSON:tearDownClass): 204 DELETE http://10.180.1.21:9696/networking/v2.0/subnets/c22cc34e-2dba-4ea2-9ad3-9d527394b40a 0.152s
2024-09-30 23:08:53.250 62233 INFO tempest.lib.common.rest_client [req-450bb4bf-aa1c-4f22-8b45-deab966ed6a2 req-450bb4bf-aa1c-4f22-8b45-deab966ed6a2 ] Request (ServersTestManualDisk:setUpClass): 200 GET http://10.180.1.21/compute/v2.1/servers/466a5f5a-f48a-4921-8bcb-44a1840c8141 0.051s
2024-09-30 23:08:53.296 62269 INFO tempest.lib.common.rest_client [req-8d10031a-8e7c-47a3-aea6-dceaa0781111 req-8d10031a-8e7c-47a3-aea6-dceaa0781111 ] Request (ImagesOneServerNegativeTestJSON:setUpClass): 200 GET http://10.180.1.21/compute/v2.1/servers/ea6c2120-a69a-42c7-bc92-3e74539c008d 0.055s
2024-09-30 23:08:53.356 62253 INFO tempest.lib.common.rest_client [req-788f2b77-81e8-44b6-8fa5-e307a3e44e0b req-788f2b77-81e8-44b6-8fa5-e307a3e44e0b ] Request (FloatingIPsAssociationNegativeTestJSON:setUpClass): 200 GET http://10.180.1.21/compute/v2.1/servers/8ff4ebb9-57ea-49d2-8d3c-5876da61e77b 0.053s
2024-09-30 23:08:53.366 62243 INFO tempest.lib.common.rest_client [req-a1a19bb2-fac6-4423-abfa-41c8ddff079f req-a1a19bb2-fac6-4423-abfa-41c8ddff079f ] Request (ServerActionsTestOtherB:setUpClass): 200 GET http://10.180.1.21/compute/v2.1/servers/bac5a3bc-5a58-4c1d-abb8-1aaf6151358a 0.060s
2024-09-30 23:08:53.413 62285 INFO tempest.lib.common.rest_client [req-930ccf17-bc59-4b6c-a185-55ad08ea61f1 req-930ccf17-bc59-4b6c-a185-55ad08ea61f1 ] Request (ServerPasswordTestJSON:setUpClass): 200 GET http://10.180.1.21/compute/v2.1/servers/ab2edc70-b4c6-4db3-b0d6-53148764efdd 0.058s
2024-09-30 23:08:53.470 62273 INFO tempest.lib.common.rest_client [req-5822a4cc-edf1-4767-bb4f-585f93876c0f req-5822a4cc-edf1-4767-bb4f-585f93876c0f ] Request (ServersAdminTestJSON:setUpClass): 200 GET http://10.180.1.21/compute/v2.1/servers/c7bfab3b-bfb1-416f-a302-9956c4fb0748 0.059s
2024-09-30 23:08:53.526 62235 INFO tempest.lib.common.rest_client [req-ffdd7f34-1c91-4a18-b127-3e7e7656f04b req-ffdd7f34-1c91-4a18-b127-3e7e7656f04b ] Request (ServersNegativeTestJSON:setUpClass): 200 GET http://10.180.1.21/compute/v2.1/servers/51a36102-795e-47b7-b96a-857e54dc703e 0.112s
2024-09-30 23:08:53.569 62245 INFO tempest.lib.common.rest_client [req-67bb2986-8bd9-45bf-9584-426a11ae3cac req-67bb2986-8bd9-45bf-9584-426a11ae3cac ] Request (VolumesAdminNegativeTest:test_update_attached_volume_with_nonexistent_volume_in_body): 200 GET http://10.180.1.21/compute/v2.1/servers/c8e5d6c1-44a0-465f-a0dd-03e519f3d5ec 0.201s
2024-09-30 23:08:53.578 62255 INFO tempest.lib.common.rest_client [req-51b44bdb-17b5-44a8-bd9f-01e7b0d1e157 req-51b44bdb-17b5-44a8-bd9f-01e7b0d1e157 ] Request (ServersTestMultiNic:test_verify_multiple_nics_order): 200 GET http://10.180.1.21/compute/v2.1/servers/93174a10-f8b1-4789-ab3c-dda07bdddaa8 0.117s
2024-09-30 23:08:53.620 62283 INFO tempest.lib.common.rest_client [req-69cc4e41-5f4a-4599-807c-2db96aeab60f req-69cc4e41-5f4a-4599-807c-2db96aeab60f ] Request (DeleteServersTestJSON:test_delete_active_server): 200 GET http://10.180.1.21/compute/v2.1/servers/1915d6b8-2798-4e35-9a35-4191659c2cb6 0.148s
2024-09-30 23:08:53.626 62247 INFO tempest.lib.common.rest_client [req-f8654688-e3dd-4be3-bc13-e1b8c38044c3 req-f8654688-e3dd-4be3-bc13-e1b8c38044c3 ] Request (ServersTestFqdnHostnames:test_create_server_with_fqdn_name): 200 GET http://10.180.1.21/compute/v2.1/servers/96bbc732-cb58-4de2-80d3-c527228adaea 0.110s
2024-09-30 23:08:53.674 62241 INFO tempest.lib.common.rest_client [req-a7f1177e-2cf7-4aa0-a91c-4660f57e0b3d req-a7f1177e-2cf7-4aa0-a91c-4660f57e0b3d ] Request (MigrationsAdminTest:test_resize_server_revert_deleted_flavor): 200 GET http://10.180.1.21/compute/v2.1/servers/80f13fca-2df1-4aa0-96f1-b61a60c4fdc6 0.059s
2024-09-30 23:08:53.688 62239 INFO tempest.lib.common.rest_client [req-3d93a1ac-15ae-4d39-922f-a293d7e13331 req-3d93a1ac-15ae-4d39-922f-a293d7e13331 ] Request (ServerExternalEventsTest:test_create_server_external_events): 200 GET http://10.180.1.21/compute/v2.1/servers/938dab0c-9b30-404b-bca2-a1280a252584 0.122s
2024-09-30 23:08:53.689 62267 INFO tempest.lib.common.rest_client [req-9a3ea71d-39ad-420e-a490-78fb05052eaa req-9a3ea71d-39ad-420e-a490-78fb05052eaa ] Request (InstanceActionsTestJSON:tearDownClass): 204 DELETE http://10.180.1.21:9696/networking/v2.0/networks/5e14854c-e668-493d-8a6a-0111d4e63508 0.440s
2024-09-30 23:08:53.698 62239 INFO tempest.common.waiters [-] State transition "BUILD/scheduling" ==> "ERROR/None" after 77 second wait
2024-09-30 23:08:53.746 62277 INFO tempest.lib.common.rest_client [req-c46a96aa-787c-4a88-b099-e65082d88cee req-c46a96aa-787c-4a88-b099-e65082d88cee ] Request (ServerAddressesTestJSON:setUpClass): 200 GET http://10.180.1.21/compute/v2.1/servers/e9f0b620-b0af-4fe2-ac5d-e3f6c8c998b1 0.077s
2024-09-30 23:08:53.785 62267 INFO tempest.lib.common.rest_client [req-fd83c652-bd01-466d-b6d8-51ff9259f010 req-fd83c652-bd01-466d-b6d8-51ff9259f010 ] Request (InstanceActionsTestJSON:tearDownClass): 204 DELETE http://10.180.1.21/identity/v3/users/92795dce5ff54f00952ee3181ca83b2b 0.095s
2024-09-30 23:08:53.786 62267 INFO tempest.lib.common.dynamic_creds [-] Deleting project and security group for project: 676b4523ecc44a47b80109d50b018b34
2024-09-30 23:08:53.786 62225 INFO tempest.lib.common.rest_client [req-0a496f83-66b1-463d-9afd-388c9fa5ecc2 req-0a496f83-66b1-463d-9afd-388c9fa5ecc2 ] Request (MultipleCreateTestJSON:test_multiple_create): 200 GET http://10.180.1.21/compute/v2.1/servers/65ddff8e-971c-4485-b658-4611aea1176c 0.053s
2024-09-30 23:08:53.827 62267 INFO tempest.lib.common.rest_client [req-68c5ddc8-228c-4a29-a4a0-2ea25247351c req-68c5ddc8-228c-4a29-a4a0-2ea25247351c ] Request (InstanceActionsTestJSON:tearDownClass): 200 GET http://10.180.1.21:9696/networking/v2.0/security-groups?tenant_id=676b4523ecc44a47b80109d50b018b34&name=default 0.041s
2024-09-30 23:08:53.837 62249 INFO tempest.lib.common.rest_client [req-bad68bc2-c326-4948-b464-6ee30430d068 req-bad68bc2-c326-4948-b464-6ee30430d068 ] Request (ImagesTestJSON:test_create_image_from_suspended_server): 200 GET http://10.180.1.21/compute/v2.1/servers/02fe490b-75c8-406b-98e0-aa200f249673 0.045s
2024-09-30 23:08:53.879 62239 INFO tempest.lib.common.rest_client [req-f40d29a7-78e9-411d-ada8-14495083e373 req-f40d29a7-78e9-411d-ada8-14495083e373 ] Request (ServerExternalEventsTest:test_create_server_external_events): 204 DELETE http://10.180.1.21/compute/v2.1/servers/938dab0c-9b30-404b-bca2-a1280a252584 0.181s
2024-09-30 23:08:53.883 62227 INFO tempest.lib.common.rest_client [req-dd80a0ce-a251-4120-ad2d-cbdac30b9e95 req-dd80a0ce-a251-4120-ad2d-cbdac30b9e95 ] Request (ServerGroupTestJSON:test_create_server_with_scheduler_hint_group): 200 GET http://10.180.1.21/compute/v2.1/servers/49e0d752-6f88-45c4-bd6a-d9fe4f526a2f 0.045s
2024-09-30 23:08:53.900 62239 INFO tempest.lib.common.rest_client [req-2222ce7e-0a47-4514-87d6-e358e659cfc7 req-2222ce7e-0a47-4514-87d6-e358e659cfc7 ] Request (ServerExternalEventsTest:test_create_server_external_events): 404 GET http://10.180.1.21/compute/v2.1/servers/938dab0c-9b30-404b-bca2-a1280a252584 0.020s
2024-09-30 23:08:53.914 62267 INFO tempest.lib.common.rest_client [req-34683019-09a7-47ab-8535-35a0b71bc52c req-34683019-09a7-47ab-8535-35a0b71bc52c ] Request (InstanceActionsTestJSON:tearDownClass): 204 DELETE http://10.180.1.21:9696/networking/v2.0/security-groups/f7dad450-add4-4641-9c5d-fe64d3aeae83 0.087s
2024-09-30 23:08:53.931 62271 INFO tempest.lib.common.rest_client [req-570b9f1b-d688-4275-92d3-75a93f647f9f req-570b9f1b-d688-4275-92d3-75a93f647f9f ] Request (ImagesOneServerTestJSON:setUpClass): 200 GET http://10.180.1.21/compute/v2.1/servers/630e0959-6d7f-401d-b84c-1c098f54bf60 0.045s
2024-09-30 23:08:53.982 62223 INFO tempest.lib.common.rest_client [req-11771d02-782f-4705-a1e0-c7d8c7bd66cf req-11771d02-782f-4705-a1e0-c7d8c7bd66cf ] Request (ServerDiagnosticsTest:test_get_server_diagnostics): 200 GET http://10.180.1.21/compute/v2.1/servers/fa943137-caf1-4b41-b644-c9146f72f956 0.045s
2024-09-30 23:08:53.988 62239 INFO tempest.lib.common.rest_client [req-7f4d3a8f-1c55-4fe3-8d83-85d88673d835 req-7f4d3a8f-1c55-4fe3-8d83-85d88673d835 ] Request (ServerExternalEventsTest:tearDownClass): 204 DELETE http://10.180.1.21/identity/v3/users/42dbefbe684c45669b9ab89c7f636d5f 0.085s
2024-09-30 23:08:53.991 62267 INFO tempest.lib.common.rest_client [req-2db588c5-d24f-4dbf-83ae-b5642479f625 req-2db588c5-d24f-4dbf-83ae-b5642479f625 ] Request (InstanceActionsTestJSON:tearDownClass): 204 DELETE http://10.180.1.21/identity/v3/projects/676b4523ecc44a47b80109d50b018b34 0.077s
2024-09-30 23:08:54.038 62265 INFO tempest.lib.common.rest_client [req-af09cffc-c955-460a-8f21-b33c52680b66 req-af09cffc-c955-460a-8f21-b33c52680b66 ] Request (TenantUsagesTestJSON:setUpClass): 200 GET http://10.180.1.21/compute/v2.1/servers/6c0bc598-eae5-4e5b-a3b2-b4bb90bc8d59 0.045s
2024-09-30 23:08:54.044 62267 INFO tempest.lib.common.rest_client [req-0c8fa352-ddc2-4e10-88e6-1657b1d6ed84 req-0c8fa352-ddc2-4e10-88e6-1657b1d6ed84 ] Request (ServerTagsTestJSON:setUpClass): 201 POST http://10.180.1.21/identity/v3/auth/tokens 0.049s
2024-09-30 23:08:54.073 62239 INFO tempest.lib.common.rest_client [req-b28d564c-814b-4458-8dad-10075685b872 req-b28d564c-814b-4458-8dad-10075685b872 ] Request (ServerExternalEventsTest:tearDownClass): 204 DELETE http://10.180.1.21/identity/v3/users/86c28c76f98641dd99e910e14c9e2716 0.085s
2024-09-30 23:08:54.087 62275 INFO tempest.lib.common.rest_client [req-de3a9b0f-6863-4225-8ff8-4f12abcb08a3 req-de3a9b0f-6863-4225-8ff8-4f12abcb08a3 ] Request (DeleteServersAdminTestJSON:test_delete_server_while_in_error_state): 200 GET http://10.180.1.21/compute/v2.1/servers/967bc997-543f-4b35-968b-c530b82d9db0 0.047s
2024-09-30 23:08:54.096 62261 INFO tempest.lib.common.rest_client [req-0b565db4-909d-4f3c-b6b7-2fcc424a5900 req-0b565db4-909d-4f3c-b6b7-2fcc424a5900 ] Request (ServersAaction247Test:test_create_backup): 200 GET http://10.180.1.21/compute/v2.1/servers/e6c56d86-e428-49fb-9944-293ad5e5948c 0.046s
2024-09-30 23:08:54.097 62267 INFO tempest.lib.common.rest_client [req-d9b0a544-650a-4016-aff1-cb3b63fafb1b req-d9b0a544-650a-4016-aff1-cb3b63fafb1b ] Request (ServerTagsTestJSON:setUpClass): 201 POST http://10.180.1.21/identity/v3/auth/tokens 0.049s
2024-09-30 23:08:54.129 62237 INFO tempest.lib.common.rest_client [req-0b5f960b-e22b-4f1b-94e3-6abe80b90b78 req-0b5f960b-e22b-4f1b-94e3-6abe80b90b78 ] Request (ListImageFiltersTestJSON:setUpClass): 200 GET http://10.180.1.21/compute/v2.1/servers/89a97f81-bcd9-49e5-bbd3-9140f6638a20 0.042s
2024-09-30 23:08:54.139 62267 INFO tempest.lib.common.rest_client [req-e10f47d4-46a7-47d4-bad4-465fad02f0c5 req-e10f47d4-46a7-47d4-bad4-465fad02f0c5 ] Request (ServerTagsTestJSON:setUpClass): 200 GET http://10.180.1.21/identity/v3/domains?name=Default 0.042s
2024-09-30 23:08:54.152 62239 INFO tempest.lib.common.rest_client [req-85c17c55-e381-4a1b-9cdc-b579a467539f req-85c17c55-e381-4a1b-9cdc-b579a467539f ] Request (ServerExternalEventsTest:tearDownClass): 204 DELETE http://10.180.1.21/identity/v3/users/0c41945fb1754d5ead6ea8a595b086c4 0.078s
2024-09-30 23:08:54.153 62239 INFO tempest.lib.common.dynamic_creds [-] Deleting project and security group for project: 32aa82b5b3f54c2280e062f4c8639274
2024-09-30 23:08:54.185 62229 INFO tempest.lib.common.rest_client [req-a15ff9a5-e0d8-4e13-873f-874a9d1434fe req-a15ff9a5-e0d8-4e13-873f-874a9d1434fe ] Request (VolumesAssistedSnapshotsTest:test_volume_assisted_snapshot_create_delete): 200 GET http://10.180.1.21/compute/v2.1/servers/7961bd0d-de24-4e13-94a3-79c48c593813 0.052s
2024-09-30 23:08:54.191 62267 INFO tempest.lib.common.rest_client [req-9e568ba6-b6cd-4ce2-8157-73fe83bdf4ba req-9e568ba6-b6cd-4ce2-8157-73fe83bdf4ba ] Request (ServerTagsTestJSON:setUpClass): 201 POST http://10.180.1.21/identity/v3/projects 0.052s
2024-09-30 23:08:54.205 62281 INFO tempest.lib.common.rest_client [req-a022b7f2-1a11-45cf-8095-7dc603d664c3 req-a022b7f2-1a11-45cf-8095-7dc603d664c3 ] Request (ServerAddressesNegativeTestJSON:setUpClass): 200 GET http://10.180.1.21/compute/v2.1/servers/388b62aa-6647-4aca-acb2-8d7d7d424c8c 0.050s
2024-09-30 23:08:54.212 62239 INFO tempest.lib.common.rest_client [req-51db935c-47d2-4b8e-a409-96d0da292d2b req-51db935c-47d2-4b8e-a409-96d0da292d2b ] Request (ServerExternalEventsTest:tearDownClass): 201 POST http://10.180.1.21/identity/v3/auth/tokens 0.059s
2024-09-30 23:08:54.256 62251 INFO tempest.lib.common.rest_client [req-702d122f-0237-4cdf-af1b-75bb62f916eb req-702d122f-0237-4cdf-af1b-75bb62f916eb ] Request (ServerDiagnosticsV248Test:tearDownClass): 200 GET http://10.180.1.21/compute/v2.1/servers/6bf0d1f1-d079-4956-bc9a-86ba66885f3a 0.062s
2024-09-30 23:08:54.261 62231 INFO tempest.lib.common.rest_client [req-08657dd5-2565-4d6b-9e07-07ec9641144e req-08657dd5-2565-4d6b-9e07-07ec9641144e ] Request (ServerDiskConfigTestJSON:test_rebuild_server_with_manual_disk_config): 200 GET http://10.180.1.21/compute/v2.1/servers/40fefd68-3d6f-4451-997f-e8fa49847dea 0.062s
2024-09-30 23:08:54.279 62267 INFO tempest.lib.common.rest_client [req-bf708fb6-8b67-4732-a39d-e113085b97f9 req-bf708fb6-8b67-4732-a39d-e113085b97f9 ] Request (ServerTagsTestJSON:setUpClass): 201 POST http://10.180.1.21/identity/v3/users 0.087s
2024-09-30 23:08:54.318 62267 INFO tempest.lib.common.rest_client [req-9666c765-9aa5-40a2-aa56-73bd7f3e6790 req-9666c765-9aa5-40a2-aa56-73bd7f3e6790 ] Request (ServerTagsTestJSON:setUpClass): 200 GET http://10.180.1.21/identity/v3/roles 0.039s
2024-09-30 23:08:54.322 62233 INFO tempest.lib.common.rest_client [req-d75410fb-8867-4daf-9869-71839536bf65 req-d75410fb-8867-4daf-9869-71839536bf65 ] Request (ServersTestManualDisk:setUpClass): 200 GET http://10.180.1.21/compute/v2.1/servers/466a5f5a-f48a-4921-8bcb-44a1840c8141 0.060s
2024-09-30 23:08:54.332 62279 INFO tempest.lib.common.rest_client [req-5671123f-daf4-4fc3-a5f6-34a1275d36dd req-5671123f-daf4-4fc3-a5f6-34a1275d36dd ] Request (ServerMetadataTestJSON:setUpClass): 200 GET http://10.180.1.21/compute/v2.1/servers/0b4b3bdb-7393-47ab-abc1-44c47496cb3a 0.087s
2024-09-30 23:08:54.354 62267 INFO tempest.lib.common.rest_client [req-c3e5361b-40e9-4bfe-a38a-c82430032b00 req-c3e5361b-40e9-4bfe-a38a-c82430032b00 ] Request (ServerTagsTestJSON:setUpClass): 204 PUT http://10.180.1.21/identity/v3/projects/8a22d437ed0e42089681884b0d28c182/users/7017f711a0164de5aea988eb5ba1ea65/roles/552ec15d7e20472882afc5f8ac9a5f15 0.035s
2024-09-30 23:08:54.354 62267 INFO tempest.lib.common.dynamic_creds [-] Dynamic test user 7017f711a0164de5aea988eb5ba1ea65 is created with scope project and roles: ['member']
2024-09-30 23:08:54.355 62267 INFO tempest.lib.common.dynamic_creds [-] Acquired dynamic creds: credentials: Credentials: {'domain_id': 'default', 'domain_name': 'Default', 'username': 'tempest-ServerTagsTestJSON-437829592-project-member', 'project_domain_id': 'default', 'project_domain_name': 'Default', 'project_id': '8a22d437ed0e42089681884b0d28c182', 'project_name': 'tempest-ServerTagsTestJSON-437829592', 'tenant_id': '8a22d437ed0e42089681884b0d28c182', 'tenant_name': 'tempest-ServerTagsTestJSON-437829592', 'user_domain_id': 'default', 'user_domain_name': 'Default', 'user_id': '7017f711a0164de5aea988eb5ba1ea65', 'system': None}, Network: None, Subnet: None, Router: None
2024-09-30 23:08:54.379 62269 INFO tempest.lib.common.rest_client [req-7e6b0364-0498-498c-9694-cbc33db4f934 req-7e6b0364-0498-498c-9694-cbc33db4f934 ] Request (ImagesOneServerNegativeTestJSON:setUpClass): 200 GET http://10.180.1.21/compute/v2.1/servers/ea6c2120-a69a-42c7-bc92-3e74539c008d 0.076s
2024-09-30 23:08:54.396 62239 INFO tempest.lib.common.rest_client [req-ca8831c5-e203-40d7-ab57-324f6001a071 req-ca8831c5-e203-40d7-ab57-324f6001a071 ] Request (ServerExternalEventsTest:tearDownClass): 200 GET http://10.180.1.21:9696/networking/v2.0/security-groups?tenant_id=32aa82b5b3f54c2280e062f4c8639274&name=default 0.180s
2024-09-30 23:08:54.408 62267 INFO tempest.lib.common.rest_client [req-d6577f99-7335-4286-81f8-47b765afabce req-d6577f99-7335-4286-81f8-47b765afabce ] Request (ServerTagsTestJSON:setUpClass): 201 POST http://10.180.1.21/identity/v3/auth/tokens 0.053s
2024-09-30 23:08:54.411 62253 INFO tempest.lib.common.rest_client [req-a3a76aef-6144-4b63-8501-504818c59336 req-a3a76aef-6144-4b63-8501-504818c59336 ] Request (FloatingIPsAssociationNegativeTestJSON:setUpClass): 200 GET http://10.180.1.21/compute/v2.1/servers/8ff4ebb9-57ea-49d2-8d3c-5876da61e77b 0.048s
2024-09-30 23:08:54.427 62243 INFO tempest.lib.common.rest_client [req-8ed2c25a-0897-4d8b-9977-27671281f676 req-8ed2c25a-0897-4d8b-9977-27671281f676 ] Request (ServerActionsTestOtherB:setUpClass): 200 GET http://10.180.1.21/compute/v2.1/servers/bac5a3bc-5a58-4c1d-abb8-1aaf6151358a 0.051s
2024-09-30 23:08:54.472 62285 INFO tempest.lib.common.rest_client [req-b2e1675f-ca76-421f-9505-fc7e42edaa98 req-b2e1675f-ca76-421f-9505-fc7e42edaa98 ] Request (ServerPasswordTestJSON:setUpClass): 200 GET http://10.180.1.21/compute/v2.1/servers/ab2edc70-b4c6-4db3-b0d6-53148764efdd 0.052s
2024-09-30 23:08:54.479 62285 INFO tempest.common.waiters [-] State transition "BUILD/scheduling" ==> "BUILD/None" after 52 second wait
2024-09-30 23:08:54.498 62239 INFO tempest.lib.common.rest_client [req-c76fc812-eba1-4719-b073-e4530eb65081 req-c76fc812-eba1-4719-b073-e4530eb65081 ] Request (ServerExternalEventsTest:tearDownClass): 204 DELETE http://10.180.1.21:9696/networking/v2.0/security-groups/45cbce19-e67e-4bf6-bb89-0bb1b2f33b1f 0.102s
2024-09-30 23:08:54.527 62273 INFO tempest.lib.common.rest_client [req-8297282f-9b44-4b85-9991-06ce369d2ded req-8297282f-9b44-4b85-9991-06ce369d2ded ] Request (ServersAdminTestJSON:setUpClass): 200 GET http://10.180.1.21/compute/v2.1/servers/c7bfab3b-bfb1-416f-a302-9956c4fb0748 0.047s
2024-09-30 23:08:54.549 62239 INFO tempest.lib.common.rest_client [req-96ea77e7-200c-4064-bd2e-6a64d5fa1591 req-96ea77e7-200c-4064-bd2e-6a64d5fa1591 ] Request (ServerExternalEventsTest:tearDownClass): 204 DELETE http://10.180.1.21/identity/v3/projects/32aa82b5b3f54c2280e062f4c8639274 0.050s
2024-09-30 23:08:54.549 62239 INFO tempest.lib.common.dynamic_creds [-] Deleting project and security group for project: b09dc255975a45d3871a916fbfa7d570
2024-09-30 23:08:54.584 62235 INFO tempest.lib.common.rest_client [req-be208a8a-dc53-4fba-b234-29c0334418a7 req-be208a8a-dc53-4fba-b234-29c0334418a7 ] Request (ServersNegativeTestJSON:setUpClass): 200 GET http://10.180.1.21/compute/v2.1/servers/51a36102-795e-47b7-b96a-857e54dc703e 0.052s
2024-09-30 23:08:54.639 62245 INFO tempest.lib.common.rest_client [req-f7532533-f036-4bcf-9fff-c090eae85591 req-f7532533-f036-4bcf-9fff-c090eae85591 ] Request (VolumesAdminNegativeTest:test_update_attached_volume_with_nonexistent_volume_in_body): 200 GET http://10.180.1.21/compute/v2.1/servers/c8e5d6c1-44a0-465f-a0dd-03e519f3d5ec 0.057s
2024-09-30 23:08:54.640 62255 INFO tempest.lib.common.rest_client [req-bdeeb21e-1b69-423a-a459-5289c152d47a req-bdeeb21e-1b69-423a-a459-5289c152d47a ] Request (ServersTestMultiNic:test_verify_multiple_nics_order): 200 GET http://10.180.1.21/compute/v2.1/servers/93174a10-f8b1-4789-ab3c-dda07bdddaa8 0.054s
2024-09-30 23:08:54.656 62239 INFO tempest.lib.common.rest_client [req-5e1da881-6e07-4b4e-a1e6-648f6f15c549 req-5e1da881-6e07-4b4e-a1e6-648f6f15c549 ] Request (ServerExternalEventsTest:tearDownClass): 200 GET http://10.180.1.21:9696/networking/v2.0/security-groups?tenant_id=b09dc255975a45d3871a916fbfa7d570&name=default 0.107s
2024-09-30 23:08:54.703 62247 INFO tempest.lib.common.rest_client [req-54677564-1e33-46f5-a2cd-35f9d9c42cf1 req-54677564-1e33-46f5-a2cd-35f9d9c42cf1 ] Request (ServersTestFqdnHostnames:test_create_server_with_fqdn_name): 200 GET http://10.180.1.21/compute/v2.1/servers/96bbc732-cb58-4de2-80d3-c527228adaea 0.069s
2024-09-30 23:08:54.751 62241 INFO tempest.lib.common.rest_client [req-2e85c8af-99d9-4a41-b5b0-e902eef02bf0 req-2e85c8af-99d9-4a41-b5b0-e902eef02bf0 ] Request (MigrationsAdminTest:test_resize_server_revert_deleted_flavor): 200 GET http://10.180.1.21/compute/v2.1/servers/80f13fca-2df1-4aa0-96f1-b61a60c4fdc6 0.069s
2024-09-30 23:08:54.774 62239 INFO tempest.lib.common.rest_client [req-4830ace3-079d-40d2-b6b9-90d4a9c35b7f req-4830ace3-079d-40d2-b6b9-90d4a9c35b7f ] Request (ServerExternalEventsTest:tearDownClass): 204 DELETE http://10.180.1.21:9696/networking/v2.0/security-groups/ac5a3efe-1439-4210-b012-e28d19853d85 0.117s
2024-09-30 23:08:54.821 62267 INFO tempest.lib.common.rest_client [req-87aaf750-75d8-411c-8271-42ed0c21954c req-87aaf750-75d8-411c-8271-42ed0c21954c ] Request (ServerTagsTestJSON:setUpClass): 201 POST http://10.180.1.21:9696/networking/v2.0/networks 0.412s
2024-09-30 23:08:54.821 62283 INFO tempest.lib.common.rest_client [req-382079f6-dc2f-473b-bbad-7c0fd95e0ac9 req-382079f6-dc2f-473b-bbad-7c0fd95e0ac9 ] Request (DeleteServersTestJSON:test_delete_active_server): 200 GET http://10.180.1.21/compute/v2.1/servers/1915d6b8-2798-4e35-9a35-4191659c2cb6 0.193s
2024-09-30 23:08:54.827 62277 INFO tempest.lib.common.rest_client [req-46837071-4229-4ae6-bc2f-bbbca502a87f req-46837071-4229-4ae6-bc2f-bbbca502a87f ] Request (ServerAddressesTestJSON:setUpClass): 200 GET http://10.180.1.21/compute/v2.1/servers/e9f0b620-b0af-4fe2-ac5d-e3f6c8c998b1 0.069s
2024-09-30 23:08:54.885 62225 INFO tempest.lib.common.rest_client [req-a8192a63-67d1-4f88-ae15-3b6eeb65d20f req-a8192a63-67d1-4f88-ae15-3b6eeb65d20f ] Request (MultipleCreateTestJSON:test_multiple_create): 200 GET http://10.180.1.21/compute/v2.1/servers/65ddff8e-971c-4485-b658-4611aea1176c 0.091s
2024-09-30 23:08:54.890 62239 INFO tempest.lib.common.rest_client [req-8a8aba16-7a8a-45b3-a89a-27d5ac59eae3 req-8a8aba16-7a8a-45b3-a89a-27d5ac59eae3 ] Request (ServerExternalEventsTest:tearDownClass): 204 DELETE http://10.180.1.21/identity/v3/projects/b09dc255975a45d3871a916fbfa7d570 0.116s
2024-09-30 23:08:54.891 62239 INFO tempest.lib.common.dynamic_creds [-] Deleting project and security group for project: 09b0614bf420485f8cd517cff8cde99c
2024-09-30 23:08:54.903 62249 INFO tempest.lib.common.rest_client [req-289fec2b-949b-4008-a03b-a326896ea4c9 req-289fec2b-949b-4008-a03b-a326896ea4c9 ] Request (ImagesTestJSON:test_create_image_from_suspended_server): 200 GET http://10.180.1.21/compute/v2.1/servers/02fe490b-75c8-406b-98e0-aa200f249673 0.059s
2024-09-30 23:08:54.955 62227 INFO tempest.lib.common.rest_client [req-3a5f1f6a-125d-4944-b7d3-217a2f1a6de5 req-3a5f1f6a-125d-4944-b7d3-217a2f1a6de5 ] Request (ServerGroupTestJSON:test_create_server_with_scheduler_hint_group): 200 GET http://10.180.1.21/compute/v2.1/servers/49e0d752-6f88-45c4-bd6a-d9fe4f526a2f 0.066s
2024-09-30 23:08:54.984 62271 INFO tempest.lib.common.rest_client [req-dc70d503-8e05-42dd-b0db-925f6ec155e1 req-dc70d503-8e05-42dd-b0db-925f6ec155e1 ] Request (ImagesOneServerTestJSON:setUpClass): 200 GET http://10.180.1.21/compute/v2.1/servers/630e0959-6d7f-401d-b84c-1c098f54bf60 0.047s
2024-09-30 23:08:55.051 62267 INFO tempest.lib.common.rest_client [req-62b42b2b-fe5d-47ca-bf90-52477c2b14bc req-62b42b2b-fe5d-47ca-bf90-52477c2b14bc ] Request (ServerTagsTestJSON:setUpClass): 201 POST http://10.180.1.21:9696/networking/v2.0/subnets 0.230s
2024-09-30 23:08:55.051 62223 INFO tempest.lib.common.rest_client [req-bcd64506-b782-4b00-b9f8-88ec530644cc req-bcd64506-b782-4b00-b9f8-88ec530644cc ] Request (ServerDiagnosticsTest:test_get_server_diagnostics): 200 GET http://10.180.1.21/compute/v2.1/servers/fa943137-caf1-4b41-b644-c9146f72f956 0.062s
2024-09-30 23:08:55.063 62239 INFO tempest.lib.common.rest_client [req-7be0bcd8-6b94-493b-8730-13cc4eb1b70b req-7be0bcd8-6b94-493b-8730-13cc4eb1b70b ] Request (ServerExternalEventsTest:tearDownClass): 200 GET http://10.180.1.21:9696/networking/v2.0/security-groups?tenant_id=09b0614bf420485f8cd517cff8cde99c&name=default 0.172s
2024-09-30 23:08:55.096 62265 INFO tempest.lib.common.rest_client [req-222ee323-6bb7-4ed5-b0ba-d04e6581459e req-222ee323-6bb7-4ed5-b0ba-d04e6581459e ] Request (TenantUsagesTestJSON:setUpClass): 200 GET http://10.180.1.21/compute/v2.1/servers/6c0bc598-eae5-4e5b-a3b2-b4bb90bc8d59 0.052s
2024-09-30 23:08:55.148 62275 INFO tempest.lib.common.rest_client [req-9c6eca21-75f0-42b6-bd14-10d6365fce6d req-9c6eca21-75f0-42b6-bd14-10d6365fce6d ] Request (DeleteServersAdminTestJSON:test_delete_server_while_in_error_state): 200 GET http://10.180.1.21/compute/v2.1/servers/967bc997-543f-4b35-968b-c530b82d9db0 0.053s
2024-09-30 23:08:55.161 62261 INFO tempest.lib.common.rest_client [req-cdf542e3-a0b2-49bb-9a83-2d5e919c4c4a req-cdf542e3-a0b2-49bb-9a83-2d5e919c4c4a ] Request (ServersAaction247Test:test_create_backup): 200 GET http://10.180.1.21/compute/v2.1/servers/e6c56d86-e428-49fb-9944-293ad5e5948c 0.056s
2024-09-30 23:08:55.167 62239 INFO tempest.lib.common.rest_client [req-686c1bcc-c565-4c88-9068-3c2a9c0541fd req-686c1bcc-c565-4c88-9068-3c2a9c0541fd ] Request (ServerExternalEventsTest:tearDownClass): 204 DELETE http://10.180.1.21:9696/networking/v2.0/security-groups/1b9e4ef1-062e-4707-b871-05bdaea56d2d 0.103s
2024-09-30 23:08:55.195 62237 INFO tempest.lib.common.rest_client [req-402e6f4b-73bb-4ab5-ad93-35305b2dd1ee req-402e6f4b-73bb-4ab5-ad93-35305b2dd1ee ] Request (ListImageFiltersTestJSON:setUpClass): 200 GET http://10.180.1.21/compute/v2.1/servers/89a97f81-bcd9-49e5-bbd3-9140f6638a20 0.059s
2024-09-30 23:08:55.248 62229 INFO tempest.lib.common.rest_client [req-435082d9-e5d5-4fc6-a9e5-df27681331eb req-435082d9-e5d5-4fc6-a9e5-df27681331eb ] Request (VolumesAssistedSnapshotsTest:test_volume_assisted_snapshot_create_delete): 200 GET http://10.180.1.21/compute/v2.1/servers/7961bd0d-de24-4e13-94a3-79c48c593813 0.056s
2024-09-30 23:08:55.257 62229 INFO tempest.common.waiters [-] State transition "BUILD/spawning" ==> "BUILD/scheduling" after 74 second wait
2024-09-30 23:08:55.260 62281 INFO tempest.lib.common.rest_client [req-3abfa482-c228-42a4-a118-52cbb3f7dc70 req-3abfa482-c228-42a4-a118-52cbb3f7dc70 ] Request (ServerAddressesNegativeTestJSON:setUpClass): 200 GET http://10.180.1.21/compute/v2.1/servers/388b62aa-6647-4aca-acb2-8d7d7d424c8c 0.048s
2024-09-30 23:08:55.269 62239 INFO tempest.lib.common.rest_client [req-3cfaeea1-f94d-4ed5-adcf-0a6f0e8f5c25 req-3cfaeea1-f94d-4ed5-adcf-0a6f0e8f5c25 ] Request (ServerExternalEventsTest:tearDownClass): 204 DELETE http://10.180.1.21/identity/v3/projects/09b0614bf420485f8cd517cff8cde99c 0.102s
2024-09-30 23:08:55.327 62251 INFO tempest.lib.common.rest_client [req-fe121eea-0627-456c-b33b-db3efb1b8fe5 req-fe121eea-0627-456c-b33b-db3efb1b8fe5 ] Request (ServerDiagnosticsV248Test:tearDownClass): 200 GET http://10.180.1.21/compute/v2.1/servers/6bf0d1f1-d079-4956-bc9a-86ba66885f3a 0.057s
2024-09-30 23:08:55.329 62231 INFO tempest.lib.common.rest_client [req-24f55584-248f-48fb-86e0-d9d5c54eedc1 req-24f55584-248f-48fb-86e0-d9d5c54eedc1 ] Request (ServerDiskConfigTestJSON:test_rebuild_server_with_manual_disk_config): 200 GET http://10.180.1.21/compute/v2.1/servers/40fefd68-3d6f-4451-997f-e8fa49847dea 0.060s
2024-09-30 23:08:55.337 62239 INFO tempest.lib.common.rest_client [req-8710997d-6551-4009-b243-efff5c1cd349 req-8710997d-6551-4009-b243-efff5c1cd349 ] Request (FloatingIPsAssociationTestJSON:setUpClass): 201 POST http://10.180.1.21/identity/v3/auth/tokens 0.065s
2024-09-30 23:08:55.375 62239 INFO tempest.lib.common.rest_client [req-aedb4638-2e76-48a7-94f8-7125bcdd061d req-aedb4638-2e76-48a7-94f8-7125bcdd061d ] Request (FloatingIPsAssociationTestJSON:setUpClass): 201 POST http://10.180.1.21/identity/v3/auth/tokens 0.035s
2024-09-30 23:08:55.386 62233 INFO tempest.lib.common.rest_client [req-469bfee4-8d3e-4cf8-b914-00a41c09ef8d req-469bfee4-8d3e-4cf8-b914-00a41c09ef8d ] Request (ServersTestManualDisk:setUpClass): 200 GET http://10.180.1.21/compute/v2.1/servers/466a5f5a-f48a-4921-8bcb-44a1840c8141 0.052s
2024-09-30 23:08:55.389 62279 INFO tempest.lib.common.rest_client [req-86e73659-55e1-4c60-b0a4-1797f4c7d343 req-86e73659-55e1-4c60-b0a4-1797f4c7d343 ] Request (ServerMetadataTestJSON:setUpClass): 200 GET http://10.180.1.21/compute/v2.1/servers/0b4b3bdb-7393-47ab-abc1-44c47496cb3a 0.049s
2024-09-30 23:08:55.396 62239 INFO tempest.lib.common.rest_client [req-2e1fa697-f1a3-4303-b0f5-c3332c75e84b req-2e1fa697-f1a3-4303-b0f5-c3332c75e84b ] Request (FloatingIPsAssociationTestJSON:setUpClass): 200 GET http://10.180.1.21/identity/v3/domains?name=Default 0.020s
2024-09-30 23:08:55.425 62239 INFO tempest.lib.common.rest_client [req-aca14888-e525-46ac-b749-e90c547f50ab req-aca14888-e525-46ac-b749-e90c547f50ab ] Request (FloatingIPsAssociationTestJSON:setUpClass): 201 POST http://10.180.1.21/identity/v3/projects 0.028s
2024-09-30 23:08:55.437 62269 INFO tempest.lib.common.rest_client [req-150ecf7a-3952-46bc-ab6f-9375621624df req-150ecf7a-3952-46bc-ab6f-9375621624df ] Request (ImagesOneServerNegativeTestJSON:setUpClass): 200 GET http://10.180.1.21/compute/v2.1/servers/ea6c2120-a69a-42c7-bc92-3e74539c008d 0.051s
2024-09-30 23:08:55.485 62243 INFO tempest.lib.common.rest_client [req-ceb29e57-9f30-4805-9e04-f59e8d3aaa64 req-ceb29e57-9f30-4805-9e04-f59e8d3aaa64 ] Request (ServerActionsTestOtherB:setUpClass): 200 GET http://10.180.1.21/compute/v2.1/servers/bac5a3bc-5a58-4c1d-abb8-1aaf6151358a 0.052s
2024-09-30 23:08:55.492 62239 INFO tempest.lib.common.rest_client [req-86af2052-30f8-405a-87e6-be21ed235277 req-86af2052-30f8-405a-87e6-be21ed235277 ] Request (FloatingIPsAssociationTestJSON:setUpClass): 201 POST http://10.180.1.21/identity/v3/users 0.067s
2024-09-30 23:08:55.493 62253 INFO tempest.lib.common.rest_client [req-89699ae1-3ae8-41a3-afb2-7d4b207411a4 req-89699ae1-3ae8-41a3-afb2-7d4b207411a4 ] Request (FloatingIPsAssociationNegativeTestJSON:setUpClass): 200 GET http://10.180.1.21/compute/v2.1/servers/8ff4ebb9-57ea-49d2-8d3c-5876da61e77b 0.075s
2024-09-30 23:08:55.511 62239 INFO tempest.lib.common.rest_client [req-5cc1fa4e-7e50-4812-aff2-0668a894fdc9 req-5cc1fa4e-7e50-4812-aff2-0668a894fdc9 ] Request (FloatingIPsAssociationTestJSON:setUpClass): 200 GET http://10.180.1.21/identity/v3/roles 0.018s
2024-09-30 23:08:55.531 62285 INFO tempest.lib.common.rest_client [req-16dcd46c-fea5-4acf-ad5f-fad59b587344 req-16dcd46c-fea5-4acf-ad5f-fad59b587344 ] Request (ServerPasswordTestJSON:setUpClass): 200 GET http://10.180.1.21/compute/v2.1/servers/ab2edc70-b4c6-4db3-b0d6-53148764efdd 0.051s
2024-09-30 23:08:55.534 62239 INFO tempest.lib.common.rest_client [req-73a3c26a-6ec7-4310-a3f8-0b6db8f4f847 req-73a3c26a-6ec7-4310-a3f8-0b6db8f4f847 ] Request (FloatingIPsAssociationTestJSON:setUpClass): 204 PUT http://10.180.1.21/identity/v3/projects/8d8a522ba9bf422db98ca69c8d92b373/users/7d15929a29cb498485c2b3bf77da9457/roles/552ec15d7e20472882afc5f8ac9a5f15 0.023s
2024-09-30 23:08:55.535 62239 INFO tempest.lib.common.dynamic_creds [-] Dynamic test user 7d15929a29cb498485c2b3bf77da9457 is created with scope project and roles: ['member']
2024-09-30 23:08:55.535 62239 INFO tempest.lib.common.dynamic_creds [-] Acquired dynamic creds: credentials: Credentials: {'domain_id': 'default', 'domain_name': 'Default', 'username': 'tempest-FloatingIPsAssociationTestJSON-1326714254-project-member', 'project_domain_id': 'default', 'project_domain_name': 'Default', 'project_id': '8d8a522ba9bf422db98ca69c8d92b373', 'project_name': 'tempest-FloatingIPsAssociationTestJSON-1326714254', 'tenant_id': '8d8a522ba9bf422db98ca69c8d92b373', 'tenant_name': 'tempest-FloatingIPsAssociationTestJSON-1326714254', 'user_domain_id': 'default', 'user_domain_name': 'Default', 'user_id': '7d15929a29cb498485c2b3bf77da9457', 'system': None}, Network: None, Subnet: None, Router: None
2024-09-30 23:08:55.584 62273 INFO tempest.lib.common.rest_client [req-28428e40-571c-4aee-9bed-8816ef624eca req-28428e40-571c-4aee-9bed-8816ef624eca ] Request (ServersAdminTestJSON:setUpClass): 200 GET http://10.180.1.21/compute/v2.1/servers/c7bfab3b-bfb1-416f-a302-9956c4fb0748 0.051s
2024-09-30 23:08:55.643 62235 INFO tempest.lib.common.rest_client [req-c00db6d2-79fe-46bd-9af9-54daf2d94154 req-c00db6d2-79fe-46bd-9af9-54daf2d94154 ] Request (ServersNegativeTestJSON:setUpClass): 200 GET http://10.180.1.21/compute/v2.1/servers/51a36102-795e-47b7-b96a-857e54dc703e 0.051s
2024-09-30 23:08:55.704 62245 INFO tempest.lib.common.rest_client [req-25bb1733-2589-4cd1-a672-1b03556d1b56 req-25bb1733-2589-4cd1-a672-1b03556d1b56 ] Request (VolumesAdminNegativeTest:test_update_attached_volume_with_nonexistent_volume_in_body): 200 GET http://10.180.1.21/compute/v2.1/servers/c8e5d6c1-44a0-465f-a0dd-03e519f3d5ec 0.054s
2024-09-30 23:08:55.706 62255 INFO tempest.lib.common.rest_client [req-0122abdf-7d77-4a66-be78-c15ae9f75050 req-0122abdf-7d77-4a66-be78-c15ae9f75050 ] Request (ServersTestMultiNic:test_verify_multiple_nics_order): 200 GET http://10.180.1.21/compute/v2.1/servers/93174a10-f8b1-4789-ab3c-dda07bdddaa8 0.058s
2024-09-30 23:08:55.719 62239 INFO tempest.lib.common.rest_client [req-ba1711db-ce2f-4051-a429-3ec269df7019 req-ba1711db-ce2f-4051-a429-3ec269df7019 ] Request (FloatingIPsAssociationTestJSON:setUpClass): 201 POST http://10.180.1.21/identity/v3/auth/tokens 0.184s
2024-09-30 23:08:55.757 62247 INFO tempest.lib.common.rest_client [req-5e54cd84-4401-4749-8d33-a9fd32cad920 req-5e54cd84-4401-4749-8d33-a9fd32cad920 ] Request (ServersTestFqdnHostnames:test_create_server_with_fqdn_name): 200 GET http://10.180.1.21/compute/v2.1/servers/96bbc732-cb58-4de2-80d3-c527228adaea 0.045s
