2024-12-15 00:15:27.460 68666 INFO tempest.lib.common.dynamic_creds [-] Created isolated network resources for: credentials: Credentials: {'domain_id': 'default', 'domain_name': 'Default', 'username': 'tempest-ServerActionsTestOtherA-932758948-project-member', 'project_domain_id': 'default', 'project_domain_name': 'Default', 'project_id': '43e1428760ab42ba89b64ae644a3fa12', 'project_name': 'tempest-ServerActionsTestOtherA-932758948', 'tenant_id': '43e1428760ab42ba89b64ae644a3fa12', 'tenant_name': 'tempest-ServerActionsTestOtherA-932758948', 'user_domain_id': 'default', 'user_domain_name': 'Default', 'user_id': '34e5efa3c5bc49c4b44f6ee6e30f4671', 'system': None}, Network: {'id': 'e6a08c71-a335-466b-b33d-9587f8bcbfc4', 'name': 'tempest-ServerActionsTestOtherA-968021011-network', 'tenant_id': '43e1428760ab42ba89b64ae644a3fa12', 'admin_state_up': True, 'mtu': 8950, 'status': 'ACTIVE', 'subnets': [], 'shared': False, 'project_id': '43e1428760ab42ba89b64ae644a3fa12', 'port_security_enabled': True, 'router:external': False, 'provider:network_type': 'vlan', 'provider:physical_network': 'default', 'provider:segmentation_id': 249, 'availability_zone_hints': [], 'availability_zones': [], 'ipv4_address_scope': None, 'ipv6_address_scope': None, 'description': '', 'tags': [], 'created_at': '2024-12-15T00:15:21Z', 'updated_at': '2024-12-15T00:15:21Z', 'revision_number': 1}, Subnet: {'id': 'bdf27bbd-5fde-4a07-a1d6-3c84c4998809', 'name': 'tempest-ServerActionsTestOtherA-968021011-subnet', 'tenant_id': '43e1428760ab42ba89b64ae644a3fa12', 'network_id': 'e6a08c71-a335-466b-b33d-9587f8bcbfc4', 'ip_version': 4, 'subnetpool_id': None, 'enable_dhcp': True, 'ipv6_ra_mode': None, 'ipv6_address_mode': None, 'gateway_ip': '192.168.128.1', 'cidr': '192.168.128.0/28', 'allocation_pools': [{'start': '192.168.128.2', 'end': '192.168.128.14'}], 'host_routes': [], 'dns_nameservers': [], 'description': '', 'router:external': False, 'service_types': [], 'tags': [], 'created_at': '2024-12-15T00:15:21Z', 'updated_at': '2024-12-15T00:15:21Z', 'revision_number': 0, 'project_id': '43e1428760ab42ba89b64ae644a3fa12'}, Router: {'id': '7796eb6d-35c9-46ff-a833-6c29e2b6fe36', 'name': 'tempest-ServerActionsTestOtherA-968021011-router', 'tenant_id': '43e1428760ab42ba89b64ae644a3fa12', 'admin_state_up': True, 'status': 'ACTIVE', 'external_gateway_info': {'network_id': '93b1c859-46eb-4c7a-baae-4f9eee08f169', 'external_fixed_ips': [{'subnet_id': '210fcf56-c92e-491d-8117-93725c1d475e', 'ip_address': '10.180.180.192'}], 'enable_snat': True}, 'description': '', 'availability_zones': [], 'distributed': False, 'ha': False, 'availability_zone_hints': [], 'routes': [], 'flavor_id': None, 'tags': [], 'created_at': '2024-12-15T00:15:22Z', 'updated_at': '2024-12-15T00:15:23Z', 'revision_number': 2, 'project_id': '43e1428760ab42ba89b64ae644a3fa12'}
2024-12-15 00:15:27.469 68724 INFO tempest.lib.common.rest_client [req-496ced7f-7b7b-4064-968a-1521f323af1e req-496ced7f-7b7b-4064-968a-1521f323af1e ] Request (ImagesNegativeTestJSON:test_create_image_from_deleted_server): 404 POST http://10.180.1.21/compute/v2.1/servers/2d62a651-bd46-4f8f-a000-dfdefe179ba8/action 1.365s
2024-12-15 00:15:27.538 68672 INFO tempest.lib.common.rest_client [req-4c491574-bc1b-4795-b108-0af20e9d17ec req-4c491574-bc1b-4795-b108-0af20e9d17ec ] Request (MigrationsAdminTest:test_list_migrations_in_flavor_resize_situation): 200 GET http://10.180.1.21/compute/v2.1/servers/cce4acfe-f3d9-4711-9e54-bfd0bb94c7ab 2.218s
2024-12-15 00:15:27.559 68708 INFO tempest.lib.common.rest_client [req-ae765cd5-5dcd-43bf-95f5-b386ea03f98f req-ae765cd5-5dcd-43bf-95f5-b386ea03f98f ] Request (QuotaClassesAdmin257Test:test_update_default_quotas): 200 GET http://10.180.1.21/compute/v2.1/os-quota-class-sets/default 1.390s
2024-12-15 00:15:27.564 68682 INFO tempest.lib.common.rest_client [req-456743ef-568d-4fe9-8603-53db76589f2e req-456743ef-568d-4fe9-8603-53db76589f2e ] Request (ServerActionsTestJSON:setUpClass): 200 GET http://10.180.1.21/compute/v2.1/servers/4beb0377-8b69-438a-aa7f-af5f68092240 1.452s
2024-12-15 00:15:27.619 68666 INFO tempest.lib.common.rest_client [req-87b46ead-e203-485a-a4d4-7156a18010cf req-87b46ead-e203-485a-a4d4-7156a18010cf ] Request (ServerActionsTestOtherA:setUpClass): 201 POST http://10.180.1.21/identity/v3/auth/tokens 0.156s
2024-12-15 00:15:27.639 68684 INFO tempest.lib.common.rest_client [req-280e04d3-5f38-4e99-9e11-e51abdd93868 req-280e04d3-5f38-4e99-9e11-e51abdd93868 ] Request (ServersAdminNegativeTestJSON:test_migrate_server_invalid_state): 200 GET http://10.180.1.21/compute/v2.1/servers/50bab324-a7f4-430e-81fa-36d4248bb3f4 1.456s
2024-12-15 00:15:27.653 68664 INFO tempest.lib.common.rest_client [req-b59bea16-94ae-4a11-a759-3c0a1a5acb22 req-b59bea16-94ae-4a11-a759-3c0a1a5acb22 ] Request (AggregatesAdminNegativeTestJSON:test_aggregate_get_details_with_invalid_id): 404 GET http://10.180.1.21/compute/v2.1/os-aggregates/-1 1.287s
2024-12-15 00:15:27.692 68718 INFO tempest.lib.common.rest_client [req-e07a3911-b3b0-4dd0-ad3e-9e48fa90ea84 req-e07a3911-b3b0-4dd0-ad3e-9e48fa90ea84 ] Request (FlavorsExtraSpecsNegativeTestJSON:tearDownClass): 204 DELETE http://10.180.1.21:9696/networking/v2.0/security-groups/8ccc0c0b-0abe-4abc-9fd7-67186146e30b 0.482s
2024-12-15 00:15:27.707 68710 INFO tempest.lib.common.rest_client [req-df95fffc-c059-4691-81d1-8de0f50232c5 req-df95fffc-c059-4691-81d1-8de0f50232c5 ] Request (KeyPairsV2TestJSON:test_keypairs_create_list_delete): 200 POST http://10.180.1.21/compute/v2.1/os-keypairs 1.286s
2024-12-15 00:15:27.783 68698 INFO tempest.lib.common.rest_client [req-649d97ea-8d78-4676-958d-9da2a59ace67 req-649d97ea-8d78-4676-958d-9da2a59ace67 ] Request (ServersTestBootFromVolume:setUpClass): 200 GET http://10.180.1.21/compute/v2.1/servers/66c351d6-ff6b-4c02-8bb3-2ce5f2a8fa2d 1.499s
2024-12-15 00:15:27.797 68718 INFO tempest.lib.common.rest_client [req-b34b16a4-57f2-4b54-a28b-9c8651d9196e req-b34b16a4-57f2-4b54-a28b-9c8651d9196e ] Request (FlavorsExtraSpecsNegativeTestJSON:tearDownClass): 204 DELETE http://10.180.1.21/identity/v3/projects/6f827ee8a0ef4c898c8407609e65fc23 0.105s
2024-12-15 00:15:27.798 68718 INFO tempest.lib.common.dynamic_creds [-] Deleting project and security group for project: d9982f327f814356b92d6985db6bd212
2024-12-15 00:15:27.879 68706 INFO tempest.lib.common.rest_client [req-ace05b7a-6847-4d26-8722-bf5309e9afa6 req-ace05b7a-6847-4d26-8722-bf5309e9afa6 ] Request (FlavorsAccessNegativeTestJSON:tearDownClass): 204 DELETE http://10.180.1.21:9696/networking/v2.0/security-groups/868978ef-6353-460c-bc4e-c19492f91825 0.492s
2024-12-15 00:15:27.894 68700 INFO tempest.lib.common.rest_client [req-c2f83b66-d85d-42a5-962c-ce7796bcab35 req-c2f83b66-d85d-42a5-962c-ce7796bcab35 ] Request (ServersAdminTestJSON:setUpClass): 200 GET http://10.180.1.21/compute/v2.1/servers/99e415cd-77a4-4557-bdb4-67727d5621ed 1.000s
2024-12-15 00:15:27.950 68723 INFO tempest.lib.common.rest_client [req-8165fc6f-4d5d-4e36-a7f8-5a299d857877 req-8165fc6f-4d5d-4e36-a7f8-5a299d857877 ] Request (ImagesOneServerTestJSON:test_create_delete_image): 200 GET http://10.180.1.21/compute/v2.1/images/a6088aff-dd22-4f7a-9649-4ec1f6337f7f 1.017s
2024-12-15 00:15:27.971 68670 INFO tempest.lib.common.rest_client [req-72928f13-b19a-49e7-afd5-3b7132cbc99b req-72928f13-b19a-49e7-afd5-3b7132cbc99b ] Request (ServersWithSpecificFlavorTestJSON:test_verify_created_server_ephemeral_disk): 200 GET http://10.180.1.21/compute/v2.1/servers/399cb2ae-8ac1-4a4a-807a-69d6b9992614 1.169s
2024-12-15 00:15:27.997 68706 INFO tempest.lib.common.rest_client [req-1f636813-9337-46e7-aee2-760ff6b5a7fd req-1f636813-9337-46e7-aee2-760ff6b5a7fd ] Request (FlavorsAccessNegativeTestJSON:tearDownClass): 204 DELETE http://10.180.1.21/identity/v3/projects/33fa3100851c4403b0c45ea13e4b2062 0.118s
2024-12-15 00:15:27.998 68706 INFO tempest.lib.common.dynamic_creds [-] Deleting project and security group for project: bb3c793c30d04a68b5d364465e7bd4e0
2024-12-15 00:15:28.083 68689 INFO tempest.lib.common.rest_client [req-b7971d08-aaf2-4a49-b583-40527a3641e0 req-b7971d08-aaf2-4a49-b583-40527a3641e0 ] Request (ServerDiagnosticsTest:tearDownClass): 200 GET http://10.180.1.21/compute/v2.1/servers/51f4045f-a7b8-4293-aa22-17b5cba7e7ce 1.050s
2024-12-15 00:15:28.085 68676 INFO tempest.lib.common.rest_client [req-e440df2e-d8c7-42ec-9746-7aca628704b0 req-e440df2e-d8c7-42ec-9746-7aca628704b0 ] Request (ServersAdmin275Test:_run_cleanups): 200 GET http://10.180.1.21/compute/v2.1/servers/d9aff96a-c016-4c16-be2a-bbecfcc85093 1.120s
2024-12-15 00:15:28.099 68676 INFO tempest.common.waiters [-] State transition "REBUILD/rebuild_spawning" ==> "ACTIVE/None" after 11 second wait
2024-12-15 00:15:28.163 68712 INFO tempest.lib.common.rest_client [req-025ac6f0-ed38-44a2-a3fe-075517542da9 req-025ac6f0-ed38-44a2-a3fe-075517542da9 ] Request (SecurityGroupsTestJSON:test_list_security_groups_by_server): 200 GET http://10.180.1.21/compute/v2.1/servers/e89d41f7-8ef4-4793-b9ba-05cb7cf3630f 1.078s
2024-12-15 00:15:28.174 68712 INFO tempest.common.waiters [-] State transition "BUILD/None" ==> "BUILD/networking" after 18 second wait
2024-12-15 00:15:28.193 68718 INFO tempest.lib.common.rest_client [req-026d6fd9-67c4-43b1-97c5-eded3b53441b req-026d6fd9-67c4-43b1-97c5-eded3b53441b ] Request (FlavorsExtraSpecsNegativeTestJSON:tearDownClass): 200 GET http://10.180.1.21:9696/networking/v2.0/security-groups?tenant_id=d9982f327f814356b92d6985db6bd212&name=default 0.395s
2024-12-15 00:15:28.265 68726 INFO tempest.lib.common.rest_client [req-369cf220-9a80-4129-bd07-68516cf1ba0f req-369cf220-9a80-4129-bd07-68516cf1ba0f ] Request (DeleteServersAdminTestJSON:test_admin_delete_servers_of_others): 200 GET http://10.180.1.21/compute/v2.1/servers/ceb3d3dc-c15e-4039-91e5-6e8cdcced0ad 0.997s
2024-12-15 00:15:28.355 68690 INFO tempest.lib.common.rest_client [req-ac13c301-3200-4f71-9ba3-3503fba8b25d req-ac13c301-3200-4f71-9ba3-3503fba8b25d ] Request (ServerExternalEventsTest:test_create_server_external_events): 200 GET http://10.180.1.21/compute/v2.1/servers/dd9e2451-ff9f-4fb2-a486-df1a5ab36347 1.226s
2024-12-15 00:15:28.363 68724 INFO tempest.lib.common.rest_client [req-829266ce-b68f-47df-a497-9e0fdf52e884 req-829266ce-b68f-47df-a497-9e0fdf52e884 ] Request (ImagesNegativeTestJSON:test_create_image_from_invalid_server): 404 POST http://10.180.1.21/compute/v2.1/servers/tempest-invalid-1028137684/action 0.893s
2024-12-15 00:15:28.406 68708 INFO tempest.lib.common.rest_client [req-fa119001-3cb9-4912-ad74-6ee618ac5df4 req-fa119001-3cb9-4912-ad74-6ee618ac5df4 ] Request (QuotaClassesAdmin257Test:_run_cleanups): 200 PUT http://10.180.1.21/compute/v2.1/os-quota-class-sets/default 0.844s
2024-12-15 00:15:28.420 68706 INFO tempest.lib.common.rest_client [req-2142667f-a456-4a23-8dd4-e92532f66ca0 req-2142667f-a456-4a23-8dd4-e92532f66ca0 ] Request (FlavorsAccessNegativeTestJSON:tearDownClass): 200 GET http://10.180.1.21:9696/networking/v2.0/security-groups?tenant_id=bb3c793c30d04a68b5d364465e7bd4e0&name=default 0.421s
2024-12-15 00:15:28.516 68678 INFO tempest.lib.common.rest_client [req-4e2bb3db-2bf6-4c38-a3ff-7efc32f47007 req-4e2bb3db-2bf6-4c38-a3ff-7efc32f47007 ] Request (VolumesAssistedSnapshotsTest:test_volume_assisted_snapshot_create_delete): 200 PUT http://10.180.1.21:9696/networking/v2.0/floatingips/d1e9db9a-a75a-494b-b199-46c48f350666 2.009s
2024-12-15 00:15:28.517 68678 INFO tempest.lib.common.ssh [-] Creating ssh connection to '10.180.180.247:22' as 'cirros' with public key authentication
2024-12-15 00:15:28.535 68717 INFO tempest.lib.common.rest_client [req-b317e2cc-216a-4b94-ba62-7e3d24068c96 req-b317e2cc-216a-4b94-ba62-7e3d24068c96 ] Request (ServerDiagnosticsNegativeTest:tearDownClass): 200 GET http://10.180.1.21/compute/v2.1/servers/2a74d990-c005-4f5c-97a5-d921d33a47e7 0.933s
2024-12-15 00:15:28.550 68718 INFO tempest.lib.common.rest_client [req-27beb7f8-32fe-41bd-8696-a9d43386d6ed req-27beb7f8-32fe-41bd-8696-a9d43386d6ed ] Request (FlavorsExtraSpecsNegativeTestJSON:tearDownClass): 204 DELETE http://10.180.1.21:9696/networking/v2.0/security-groups/2eb45871-56f7-48f8-bfaf-9780c61e171d 0.356s
2024-12-15 00:15:28.570 68708 INFO tempest.lib.common.rest_client [req-8d636178-4bda-441e-bc6f-b370e06e8d21 req-8d636178-4bda-441e-bc6f-b370e06e8d21 ] Request (QuotaClassesAdmin257Test:tearDownClass): 204 DELETE http://10.180.1.21/identity/v3/users/c574de229e734a2885a38fdd0fa4bbb3 0.160s
2024-12-15 00:15:28.583 68694 INFO tempest.lib.common.rest_client [req-d7671061-220f-4d45-b653-84bd5948ec77 req-d7671061-220f-4d45-b653-84bd5948ec77 ] Request (SecurityGroupsTestAdminJSON:_run_cleanups): 202 DELETE http://10.180.1.21/compute/v2.1/os-security-groups/d5366147-dddd-425d-b7a5-22f664edc7d0 1.138s
2024-12-15 00:15:28.591 68664 INFO tempest.lib.common.rest_client [req-858aeb16-a887-4f4f-b796-f1575a1ed6e3 req-858aeb16-a887-4f4f-b796-f1575a1ed6e3 ] Request (AggregatesAdminNegativeTestJSON:test_aggregate_list_as_user): 403 GET http://10.180.1.21/compute/v2.1/os-aggregates 0.936s
2024-12-15 00:15:28.646 68710 INFO tempest.lib.common.rest_client [req-557a5de9-dcd0-4b04-95a2-c31684bb7a39 req-557a5de9-dcd0-4b04-95a2-c31684bb7a39 ] Request (KeyPairsV2TestJSON:test_keypairs_create_list_delete): 200 POST http://10.180.1.21/compute/v2.1/os-keypairs 0.938s
2024-12-15 00:15:28.717 68706 INFO tempest.lib.common.rest_client [req-93f33baa-092a-4c9d-adfb-4bc8bbb96415 req-93f33baa-092a-4c9d-adfb-4bc8bbb96415 ] Request (FlavorsAccessNegativeTestJSON:tearDownClass): 204 DELETE http://10.180.1.21:9696/networking/v2.0/security-groups/4ddfc18a-da7d-4689-bca8-7d49bd361ab8 0.297s
2024-12-15 00:15:28.756 68666 INFO tempest.lib.common.rest_client [req-8cabbc85-7604-4262-8778-cad84ef91582 req-8cabbc85-7604-4262-8778-cad84ef91582 ] Request (ServerActionsTestOtherA:setUpClass): 200 POST http://10.180.1.21/compute/v2.1/os-keypairs 1.136s
2024-12-15 00:15:28.774 68708 INFO tempest.lib.common.rest_client [req-006fde9f-249b-4b0c-ab2a-47186bf12394 req-006fde9f-249b-4b0c-ab2a-47186bf12394 ] Request (QuotaClassesAdmin257Test:tearDownClass): 204 DELETE http://10.180.1.21/identity/v3/users/827b522d3f9e4bb29854de7eed44c62c 0.204s
2024-12-15 00:15:28.775 68708 INFO tempest.lib.common.dynamic_creds [-] Deleting project and security group for project: 01f6ca43a5f640e5b203633d634af69d
2024-12-15 00:15:28.784 68718 INFO tempest.lib.common.rest_client [req-170b29ea-968e-4f2e-b8a5-46925b857659 req-170b29ea-968e-4f2e-b8a5-46925b857659 ] Request (FlavorsExtraSpecsNegativeTestJSON:tearDownClass): 204 DELETE http://10.180.1.21/identity/v3/projects/d9982f327f814356b92d6985db6bd212 0.233s
2024-12-15 00:15:28.846 68714 INFO tempest.lib.common.rest_client [req-e3074bc6-034f-40dc-abcf-59d23ed2987b req-e3074bc6-034f-40dc-abcf-59d23ed2987b ] Request (AttachInterfacesV270Test:test_create_get_list_interfaces): 200 GET http://10.180.1.21/compute/v2.1/servers/ef35217a-ca54-4d32-8c43-f4821cd2bdeb 1.002s
2024-12-15 00:15:28.870 68692 INFO tempest.lib.common.rest_client [req-12d749b6-cb1c-48a7-8a80-b18447f575e1 req-12d749b6-cb1c-48a7-8a80-b18447f575e1 ] Request (InstanceActionsV221TestJSON:test_get_list_deleted_instance_actions): 200 GET http://10.180.1.21/compute/v2.1/servers/01b20150-ba71-48ab-87fd-5a235552e757 1.127s
2024-12-15 00:15:28.941 68706 INFO tempest.lib.common.rest_client [req-c1c2083f-938d-437c-96ec-e78156967803 req-c1c2083f-938d-437c-96ec-e78156967803 ] Request (FlavorsAccessNegativeTestJSON:tearDownClass): 204 DELETE http://10.180.1.21/identity/v3/projects/bb3c793c30d04a68b5d364465e7bd4e0 0.223s
2024-12-15 00:15:28.941 68706 INFO tempest.lib.common.dynamic_creds [-] Deleting project and security group for project: 8e2348f30c614b67ac69193189594084
2024-12-15 00:15:28.943 68702 INFO tempest.lib.common.rest_client [req-52170232-c2f0-4836-b5f1-2a9bc7fd0835 req-52170232-c2f0-4836-b5f1-2a9bc7fd0835 ] Request (SecurityGroupsNegativeTestJSON:tearDownClass): 200 PUT http://10.180.1.21:9696/networking/v2.0/routers/08f190f6-1a19-45e5-8e51-8183173f03eb/remove_router_interface 2.594s
2024-12-15 00:15:28.950 68696 INFO tempest.lib.common.rest_client [req-fa3421bb-3eb1-4f3f-abb5-afb54198d094 req-fa3421bb-3eb1-4f3f-abb5-afb54198d094 ] Request (ServerDiskConfigTestJSON:test_rebuild_server_with_auto_disk_config): 200 GET http://10.180.1.21/compute/v2.1/servers/8fe3be0e-3b9d-4461-a56a-5735b9dbbbb6 1.008s
2024-12-15 00:15:28.960 68668 INFO tempest.lib.common.rest_client [req-2088e980-7475-4409-897b-20cca1638964 req-2088e980-7475-4409-897b-20cca1638964 ] Request (SecurityGroupRulesNegativeTestJSON:tearDownClass): 200 PUT http://10.180.1.21:9696/networking/v2.0/routers/66610d7b-c1b4-43c0-99c6-2b88e4ba1197/remove_router_interface 2.672s
2024-12-15 00:15:28.985 68724 INFO tempest.lib.common.rest_client [req-d1d28795-cfde-4289-a85e-1dafefba56c5 req-d1d28795-cfde-4289-a85e-1dafefba56c5 ] Request (ImagesNegativeTestJSON:test_create_image_specify_uuid_35_characters_or_less): 404 POST http://10.180.1.21/compute/v2.1/servers/aaaaaaaaaaaaaaaaaaaaaaaaaaaaaaaaaaa/action 0.620s
2024-12-15 00:15:29.004 68708 INFO tempest.lib.common.rest_client [req-2e40e2bb-e1a2-4c6b-ae3b-fa85e443a150 req-2e40e2bb-e1a2-4c6b-ae3b-fa85e443a150 ] Request (QuotaClassesAdmin257Test:tearDownClass): 201 POST http://10.180.1.21/identity/v3/auth/tokens 0.229s
2024-12-15 00:15:29.007 68676 INFO tempest.lib.common.rest_client [req-10f3cd6e-7f8d-4de3-a687-4c51cef6a50c req-10f3cd6e-7f8d-4de3-a687-4c51cef6a50c ] Request (ServersAdmin275Test:tearDownClass): 204 DELETE http://10.180.1.21/compute/v2.1/servers/d9aff96a-c016-4c16-be2a-bbecfcc85093 0.899s
2024-12-15 00:15:29.020 68718 INFO tempest.lib.common.rest_client [req-60b1c141-8952-4ddf-98f0-bce73ec40064 req-60b1c141-8952-4ddf-98f0-bce73ec40064 ] Request (ImagesMetadataNegativeTestJSON:setUpClass): 201 POST http://10.180.1.21/identity/v3/auth/tokens 0.234s
2024-12-15 00:15:29.026 68686 INFO tempest.lib.common.rest_client [req-47573a5a-3ce9-41ce-b6a7-d922b06032e5 req-47573a5a-3ce9-41ce-b6a7-d922b06032e5 ] Request (ServersTestFqdnHostnames:setUpClass): 200 PUT http://10.180.1.21:9696/networking/v2.0/routers/590a541f-cfb4-4f18-8e7c-33287471fb73/add_router_interface 2.811s
2024-12-15 00:15:29.027 68686 INFO tempest.lib.common.dynamic_creds [-] Created isolated network resources for: credentials: Credentials: {'domain_id': 'default', 'domain_name': 'Default', 'username': 'tempest-ServersTestFqdnHostnames-343987591-project-member', 'project_domain_id': 'default', 'project_domain_name': 'Default', 'project_id': '6ae9538004334783acfdd6b02188c1d2', 'project_name': 'tempest-ServersTestFqdnHostnames-343987591', 'tenant_id': '6ae9538004334783acfdd6b02188c1d2', 'tenant_name': 'tempest-ServersTestFqdnHostnames-343987591', 'user_domain_id': 'default', 'user_domain_name': 'Default', 'user_id': '1d7b3c083d0e4cd5b0fde51dffcdcbb4', 'system': None}, Network: {'id': '5e77626f-5acc-4514-a15e-5380f26b0d46', 'name': 'tempest-ServersTestFqdnHostnames-479407370-network', 'tenant_id': '6ae9538004334783acfdd6b02188c1d2', 'admin_state_up': True, 'mtu': 8950, 'status': 'ACTIVE', 'subnets': [], 'shared': False, 'project_id': '6ae9538004334783acfdd6b02188c1d2', 'port_security_enabled': True, 'router:external': False, 'provider:network_type': 'vlan', 'provider:physical_network': 'default', 'provider:segmentation_id': 916, 'availability_zone_hints': [], 'availability_zones': [], 'ipv4_address_scope': None, 'ipv6_address_scope': None, 'description': '', 'tags': [], 'created_at': '2024-12-15T00:15:23Z', 'updated_at': '2024-12-15T00:15:23Z', 'revision_number': 1}, Subnet: {'id': '77d26736-3a3d-4b86-9e05-ea50556dedef', 'name': 'tempest-ServersTestFqdnHostnames-479407370-subnet', 'tenant_id': '6ae9538004334783acfdd6b02188c1d2', 'network_id': '5e77626f-5acc-4514-a15e-5380f26b0d46', 'ip_version': 4, 'subnetpool_id': None, 'enable_dhcp': True, 'ipv6_ra_mode': None, 'ipv6_address_mode': None, 'gateway_ip': '192.168.128.1', 'cidr': '192.168.128.0/28', 'allocation_pools': [{'start': '192.168.128.2', 'end': '192.168.128.14'}], 'host_routes': [], 'dns_nameservers': [], 'description': '', 'router:external': False, 'service_types': [], 'tags': [], 'created_at': '2024-12-15T00:15:24Z', 'updated_at': '2024-12-15T00:15:24Z', 'revision_number': 0, 'project_id': '6ae9538004334783acfdd6b02188c1d2'}, Router: {'id': '590a541f-cfb4-4f18-8e7c-33287471fb73', 'name': 'tempest-ServersTestFqdnHostnames-479407370-router', 'tenant_id': '6ae9538004334783acfdd6b02188c1d2', 'admin_state_up': True, 'status': 'ACTIVE', 'external_gateway_info': {'network_id': '93b1c859-46eb-4c7a-baae-4f9eee08f169', 'external_fixed_ips': [{'subnet_id': '210fcf56-c92e-491d-8117-93725c1d475e', 'ip_address': '10.180.180.227'}], 'enable_snat': True}, 'description': '', 'availability_zones': [], 'distributed': False, 'ha': False, 'availability_zone_hints': [], 'routes': [], 'flavor_id': None, 'tags': [], 'created_at': '2024-12-15T00:15:24Z', 'updated_at': '2024-12-15T00:15:25Z', 'revision_number': 2, 'project_id': '6ae9538004334783acfdd6b02188c1d2'}
2024-12-15 00:15:29.061 68718 INFO tempest.lib.common.rest_client [req-d9e3d160-dbdf-485c-924d-b49dd2dfc787 req-d9e3d160-dbdf-485c-924d-b49dd2dfc787 ] Request (ImagesMetadataNegativeTestJSON:setUpClass): 201 POST http://10.180.1.21/identity/v3/auth/tokens 0.031s
2024-12-15 00:15:29.107 68682 INFO tempest.lib.common.rest_client [req-33fce6d3-d132-407c-bd8d-6ee3a35a3324 req-33fce6d3-d132-407c-bd8d-6ee3a35a3324 ] Request (ServerActionsTestJSON:setUpClass): 200 GET http://10.180.1.21/compute/v2.1/servers/4beb0377-8b69-438a-aa7f-af5f68092240 0.533s
2024-12-15 00:15:29.136 68686 INFO tempest.lib.common.rest_client [req-cd5c8242-03a6-4a08-b724-785c18695cef req-cd5c8242-03a6-4a08-b724-785c18695cef ] Request (ServersTestFqdnHostnames:setUpClass): 201 POST http://10.180.1.21/identity/v3/auth/tokens 0.100s
2024-12-15 00:15:29.147 68680 WARNING tempest.lib.common.ssh [-] Failed to establish authenticated ssh connection to cirros@10.180.180.209 ([Errno None] Unable to connect to port 22 on 10.180.180.209). Number attempts: 1. Retry after 2 seconds.: paramiko.ssh_exception.NoValidConnectionsError: [Errno None] Unable to connect to port 22 on 10.180.180.209
2024-12-15 00:15:29.154 68718 INFO tempest.lib.common.rest_client [req-6b12964d-bf7f-423f-9a0b-c573f7693d9f req-6b12964d-bf7f-423f-9a0b-c573f7693d9f ] Request (ImagesMetadataNegativeTestJSON:setUpClass): 200 GET http://10.180.1.21/identity/v3/domains?name=Default 0.093s
2024-12-15 00:15:29.198 68718 INFO tempest.lib.common.rest_client [req-f6fd2c85-a009-42b3-90f1-891d328bb4de req-f6fd2c85-a009-42b3-90f1-891d328bb4de ] Request (ImagesMetadataNegativeTestJSON:setUpClass): 201 POST http://10.180.1.21/identity/v3/projects 0.043s
2024-12-15 00:15:29.268 68718 INFO tempest.lib.common.rest_client [req-fea1f356-3845-4367-9800-d790f63d0ff9 req-fea1f356-3845-4367-9800-d790f63d0ff9 ] Request (ImagesMetadataNegativeTestJSON:setUpClass): 201 POST http://10.180.1.21/identity/v3/users 0.069s
2024-12-15 00:15:29.276 68694 INFO tempest.lib.common.rest_client [req-5d3eb06f-94a8-463c-9fd7-1b1068918aaa req-5d3eb06f-94a8-463c-9fd7-1b1068918aaa ] Request (SecurityGroupsTestAdminJSON:_run_cleanups): 202 DELETE http://10.180.1.21/compute/v2.1/os-security-groups/876fcbb7-0e5a-446b-9d04-6616225173a4 0.692s
2024-12-15 00:15:29.288 68718 INFO tempest.lib.common.rest_client [req-14c5d3c3-ba5d-4553-a3b2-410679f48101 req-14c5d3c3-ba5d-4553-a3b2-410679f48101 ] Request (ImagesMetadataNegativeTestJSON:setUpClass): 200 GET http://10.180.1.21/identity/v3/roles 0.020s
2024-12-15 00:15:29.307 68664 INFO tempest.lib.common.rest_client [req-7bc323df-8b04-4564-9ff0-ddc9c3c3d02b req-7bc323df-8b04-4564-9ff0-ddc9c3c3d02b ] Request (AggregatesAdminNegativeTestJSON:test_aggregate_remove_host_as_user): 200 POST http://10.180.1.21/compute/v2.1/os-aggregates 0.715s
2024-12-15 00:15:29.329 68718 INFO tempest.lib.common.rest_client [req-3c78b721-d815-4a34-a1fc-3dac64edfda3 req-3c78b721-d815-4a34-a1fc-3dac64edfda3 ] Request (ImagesMetadataNegativeTestJSON:setUpClass): 204 PUT http://10.180.1.21/identity/v3/projects/2f103ae5b2bd4c87a9c5f4474598dd1d/users/3164f1437e0044dda8844ead9f27b877/roles/e35e04079676449bb27fd68003bc8f8e 0.040s
2024-12-15 00:15:29.329 68718 INFO tempest.lib.common.dynamic_creds [-] Dynamic test user 3164f1437e0044dda8844ead9f27b877 is created with scope project and roles: ['member']
2024-12-15 00:15:29.329 68718 INFO tempest.lib.common.dynamic_creds [-] Acquired dynamic creds: credentials: Credentials: {'domain_id': 'default', 'domain_name': 'Default', 'username': 'tempest-ImagesMetadataNegativeTestJSON-318870706-project-member', 'project_domain_id': 'default', 'project_domain_name': 'Default', 'project_id': '2f103ae5b2bd4c87a9c5f4474598dd1d', 'project_name': 'tempest-ImagesMetadataNegativeTestJSON-318870706', 'tenant_id': '2f103ae5b2bd4c87a9c5f4474598dd1d', 'tenant_name': 'tempest-ImagesMetadataNegativeTestJSON-318870706', 'user_domain_id': 'default', 'user_domain_name': 'Default', 'user_id': '3164f1437e0044dda8844ead9f27b877', 'system': None}, Network: None, Subnet: None, Router: None
2024-12-15 00:15:29.329 68718 INFO tempest.lib.common.dynamic_creds [-] Created isolated network resources for: credentials: Credentials: {'domain_id': 'default', 'domain_name': 'Default', 'username': 'tempest-ImagesMetadataNegativeTestJSON-318870706-project-member', 'project_domain_id': 'default', 'project_domain_name': 'Default', 'project_id': '2f103ae5b2bd4c87a9c5f4474598dd1d', 'project_name': 'tempest-ImagesMetadataNegativeTestJSON-318870706', 'tenant_id': '2f103ae5b2bd4c87a9c5f4474598dd1d', 'tenant_name': 'tempest-ImagesMetadataNegativeTestJSON-318870706', 'user_domain_id': 'default', 'user_domain_name': 'Default', 'user_id': '3164f1437e0044dda8844ead9f27b877', 'system': None}, Network: None, Subnet: None, Router: None
2024-12-15 00:15:29.378 68684 INFO tempest.lib.common.rest_client [req-53f7b158-d5bf-49ef-b30f-19b03e157302 req-53f7b158-d5bf-49ef-b30f-19b03e157302 ] Request (ServersAdminNegativeTestJSON:test_migrate_server_invalid_state): 200 GET http://10.180.1.21/compute/v2.1/servers/50bab324-a7f4-430e-81fa-36d4248bb3f4 0.729s
2024-12-15 00:15:29.393 68710 INFO tempest.lib.common.rest_client [req-f2a7f32c-d5b5-47d0-8843-293066617209 req-f2a7f32c-d5b5-47d0-8843-293066617209 ] Request (KeyPairsV2TestJSON:test_keypairs_create_list_delete): 200 GET http://10.180.1.21/compute/v2.1/os-keypairs 0.742s
2024-12-15 00:15:29.427 68718 INFO tempest.lib.common.rest_client [req-7f21ae24-0590-4ea2-93c9-e3be8e80cb88 req-7f21ae24-0590-4ea2-93c9-e3be8e80cb88 ] Request (ImagesMetadataNegativeTestJSON:setUpClass): 201 POST http://10.180.1.21/identity/v3/auth/tokens 0.094s
2024-12-15 00:15:29.477 68698 INFO tempest.lib.common.rest_client [req-f7ee32ce-9b11-4c1e-a1ba-63e61e28d1ca req-f7ee32ce-9b11-4c1e-a1ba-63e61e28d1ca ] Request (ServersTestBootFromVolume:setUpClass): 200 GET http://10.180.1.21/compute/v2.1/servers/66c351d6-ff6b-4c02-8bb3-2ce5f2a8fa2d 0.681s
2024-12-15 00:15:29.495 68666 INFO tempest.lib.common.rest_client [req-ee95dc17-3e2f-4cb4-80f5-9d04d5e3ab95 req-ee95dc17-3e2f-4cb4-80f5-9d04d5e3ab95 ] Request (ServerActionsTestOtherA:setUpClass): 201 POST http://10.180.1.21:9696/networking/v2.0/security-groups 0.737s
2024-12-15 00:15:29.589 68700 INFO tempest.lib.common.rest_client [req-f9c4952b-deaa-4ce8-9ad2-0ce7f53d73f4 req-f9c4952b-deaa-4ce8-9ad2-0ce7f53d73f4 ] Request (ServersAdminTestJSON:setUpClass): 200 GET http://10.180.1.21/compute/v2.1/servers/99e415cd-77a4-4557-bdb4-67727d5621ed 0.688s
2024-12-15 00:15:29.628 68723 INFO tempest.lib.common.rest_client [req-1ec5b199-0208-4344-b58b-3b50b84d1528 req-1ec5b199-0208-4344-b58b-3b50b84d1528 ] Request (ImagesOneServerTestJSON:test_create_delete_image): 200 GET http://10.180.1.21/compute/v2.1/images/a6088aff-dd22-4f7a-9649-4ec1f6337f7f 0.674s
2024-12-15 00:15:29.686 68706 INFO tempest.lib.common.rest_client [req-d67452e1-dc09-4226-9466-69d13ab8dba5 req-d67452e1-dc09-4226-9466-69d13ab8dba5 ] Request (FlavorsAccessNegativeTestJSON:tearDownClass): 200 GET http://10.180.1.21:9696/networking/v2.0/security-groups?tenant_id=8e2348f30c614b67ac69193189594084&name=default 0.744s
2024-12-15 00:15:29.695 68672 INFO tempest.lib.common.rest_client [req-74290a65-5257-409b-ae36-c09b59f1baba req-74290a65-5257-409b-ae36-c09b59f1baba ] Request (MigrationsAdminTest:test_list_migrations_in_flavor_resize_situation): 200 GET http://10.180.1.21/compute/v2.1/servers/cce4acfe-f3d9-4711-9e54-bfd0bb94c7ab 1.150s
2024-12-15 00:15:29.704 68724 INFO tempest.lib.common.rest_client [req-2eceb674-8603-4cc4-a26d-fd090f48aec9 req-2eceb674-8603-4cc4-a26d-fd090f48aec9 ] Request (ImagesNegativeTestJSON:test_create_image_specify_uuid_37_characters_or_more): 404 POST http://10.180.1.21/compute/v2.1/servers/aaaaaaaaaaaaaaaaaaaaaaaaaaaaaaaaaaaaa/action 0.718s
2024-12-15 00:15:29.816 68676 INFO tempest.lib.common.rest_client [req-1378d4f7-8f32-4b10-9dee-c04e1a627511 req-1378d4f7-8f32-4b10-9dee-c04e1a627511 ] Request (ServersAdmin275Test:tearDownClass): 200 GET http://10.180.1.21/compute/v2.1/servers/d9aff96a-c016-4c16-be2a-bbecfcc85093 0.808s
2024-12-15 00:15:29.840 68708 INFO tempest.lib.common.rest_client [req-0a9997dd-033f-4956-99e8-f95df6805398 req-0a9997dd-033f-4956-99e8-f95df6805398 ] Request (QuotaClassesAdmin257Test:tearDownClass): 200 GET http://10.180.1.21:9696/networking/v2.0/security-groups?tenant_id=01f6ca43a5f640e5b203633d634af69d&name=default 0.835s
2024-12-15 00:15:29.941 68668 INFO tempest.lib.common.rest_client [req-a88ff360-c481-4024-a6e2-a668a81fc2d9 req-a88ff360-c481-4024-a6e2-a668a81fc2d9 ] Request (SecurityGroupRulesNegativeTestJSON:tearDownClass): 204 DELETE http://10.180.1.21:9696/networking/v2.0/routers/66610d7b-c1b4-43c0-99c6-2b88e4ba1197 0.980s
2024-12-15 00:15:29.954 68689 INFO tempest.lib.common.rest_client [req-f25240e1-b797-4c8a-a3fd-98722f9c94f4 req-f25240e1-b797-4c8a-a3fd-98722f9c94f4 ] Request (ServerDiagnosticsTest:tearDownClass): 200 GET http://10.180.1.21/compute/v2.1/servers/51f4045f-a7b8-4293-aa22-17b5cba7e7ce 0.861s
2024-12-15 00:15:29.989 68666 INFO tempest.lib.common.rest_client [req-a60737eb-68ef-4fae-8acc-eab1c80f9f5a req-a60737eb-68ef-4fae-8acc-eab1c80f9f5a ] Request (ServerActionsTestOtherA:setUpClass): 201 POST http://10.180.1.21:9696/networking/v2.0/security-group-rules 0.494s
2024-12-15 00:15:30.045 68670 INFO tempest.lib.common.rest_client [req-ebe75e95-6fe4-4c91-ad8c-95a40807ae5a req-ebe75e95-6fe4-4c91-ad8c-95a40807ae5a ] Request (ServersWithSpecificFlavorTestJSON:test_verify_created_server_ephemeral_disk): 200 GET http://10.180.1.21/compute/v2.1/servers/399cb2ae-8ac1-4a4a-807a-69d6b9992614 1.065s
2024-12-15 00:15:30.141 68686 INFO tempest.lib.common.rest_client [req-336bdf24-a6a3-4a59-b576-9985ee1e0402 req-336bdf24-a6a3-4a59-b576-9985ee1e0402 ] Request (ServersTestFqdnHostnames:test_create_server_with_fqdn_name): 200 POST http://10.180.1.21/compute/v2.1/os-keypairs 1.002s
2024-12-15 00:15:30.178 68706 INFO tempest.lib.common.rest_client [req-cd155a31-dc21-466b-b8a0-6fedb2e5f6a3 req-cd155a31-dc21-466b-b8a0-6fedb2e5f6a3 ] Request (FlavorsAccessNegativeTestJSON:tearDownClass): 204 DELETE http://10.180.1.21:9696/networking/v2.0/security-groups/6760c08c-0e97-4625-a169-306821dcedea 0.492s
2024-12-15 00:15:30.243 68708 INFO tempest.lib.common.rest_client [req-44992283-758c-4c38-9c43-5d18121e050b req-44992283-758c-4c38-9c43-5d18121e050b ] Request (QuotaClassesAdmin257Test:tearDownClass): 204 DELETE http://10.180.1.21:9696/networking/v2.0/security-groups/e6583f0b-314a-4cac-bb83-bd0060b36525 0.402s
2024-12-15 00:15:30.329 68706 INFO tempest.lib.common.rest_client [req-d952fbe2-4b4f-42e8-826b-8dd36c6b2830 req-d952fbe2-4b4f-42e8-826b-8dd36c6b2830 ] Request (FlavorsAccessNegativeTestJSON:tearDownClass): 204 DELETE http://10.180.1.21/identity/v3/projects/8e2348f30c614b67ac69193189594084 0.150s
2024-12-15 00:15:30.330 68706 INFO tempest.test [-] raised in TestMultiAttachVolumeSwap.setUpClass. Invoking tearDownClass.
2024-12-15 00:15:30.351 68708 INFO tempest.lib.common.rest_client [req-61bc92a2-b2e2-47fb-9ea5-468f3762e3f9 req-61bc92a2-b2e2-47fb-9ea5-468f3762e3f9 ] Request (QuotaClassesAdmin257Test:tearDownClass): 204 DELETE http://10.180.1.21/identity/v3/projects/01f6ca43a5f640e5b203633d634af69d 0.108s
2024-12-15 00:15:30.352 68708 INFO tempest.lib.common.dynamic_creds [-] Deleting project and security group for project: 61456f58ff5b4b2f930cc6f1aaee6174
2024-12-15 00:15:30.399 68666 INFO tempest.lib.common.rest_client [req-d656c9da-50d4-4761-9e77-295e0fb2c042 req-d656c9da-50d4-4761-9e77-295e0fb2c042 ] Request (ServerActionsTestOtherA:setUpClass): 201 POST http://10.180.1.21:9696/networking/v2.0/security-group-rules 0.409s
2024-12-15 00:15:30.403 68706 INFO tempest.lib.common.rest_client [req-eceb0262-7875-4da6-ab77-4ba5a785ca2f req-eceb0262-7875-4da6-ab77-4ba5a785ca2f ] Request (FloatingIPsAssociationNegativeTestJSON:setUpClass): 201 POST http://10.180.1.21/identity/v3/auth/tokens 0.070s
2024-12-15 00:15:30.433 68706 INFO tempest.lib.common.rest_client [req-dd6175b5-d635-4a33-92f1-dc6e8a4191db req-dd6175b5-d635-4a33-92f1-dc6e8a4191db ] Request (FloatingIPsAssociationNegativeTestJSON:setUpClass): 201 POST http://10.180.1.21/identity/v3/auth/tokens 0.027s
2024-12-15 00:15:30.466 68706 INFO tempest.lib.common.rest_client [req-83dcdbec-ebae-454b-b27e-00167a1bb3b3 req-83dcdbec-ebae-454b-b27e-00167a1bb3b3 ] Request (FloatingIPsAssociationNegativeTestJSON:setUpClass): 200 GET http://10.180.1.21/identity/v3/domains?name=Default 0.033s
2024-12-15 00:15:30.473 68668 INFO tempest.lib.common.rest_client [req-7c8d642a-db70-437c-a196-91eacc5ea4f0 req-7c8d642a-db70-437c-a196-91eacc5ea4f0 ] Request (SecurityGroupRulesNegativeTestJSON:tearDownClass): 204 DELETE http://10.180.1.21:9696/networking/v2.0/subnets/036332dc-bb69-474d-a7b5-3150c2ab5183 0.532s
2024-12-15 00:15:30.501 68706 INFO tempest.lib.common.rest_client [req-516ce386-5912-4cf0-b209-a4dada8c6b83 req-516ce386-5912-4cf0-b209-a4dada8c6b83 ] Request (FloatingIPsAssociationNegativeTestJSON:setUpClass): 201 POST http://10.180.1.21/identity/v3/projects 0.035s
2024-12-15 00:15:30.512 68712 INFO tempest.lib.common.rest_client [req-f39f49e6-2cee-4c77-a9be-a498a5058259 req-f39f49e6-2cee-4c77-a9be-a498a5058259 ] Request (SecurityGroupsTestJSON:test_list_security_groups_by_server): 200 GET http://10.180.1.21/compute/v2.1/servers/e89d41f7-8ef4-4793-b9ba-05cb7cf3630f 1.337s
2024-12-15 00:15:30.522 68712 INFO tempest.common.waiters [-] State transition "BUILD/networking" ==> "BUILD/spawning" after 20 second wait
2024-12-15 00:15:30.545 68726 INFO tempest.lib.common.rest_client [req-e08e8588-2b84-4da8-a19a-e7ac055e2780 req-e08e8588-2b84-4da8-a19a-e7ac055e2780 ] Request (DeleteServersAdminTestJSON:test_admin_delete_servers_of_others): 404 GET http://10.180.1.21/compute/v2.1/servers/ceb3d3dc-c15e-4039-91e5-6e8cdcced0ad 1.270s
2024-12-15 00:15:30.583 68706 INFO tempest.lib.common.rest_client [req-4d5da9f2-cdea-4ec9-9dad-3ddd8a112692 req-4d5da9f2-cdea-4ec9-9dad-3ddd8a112692 ] Request (FloatingIPsAssociationNegativeTestJSON:setUpClass): 201 POST http://10.180.1.21/identity/v3/users 0.081s
2024-12-15 00:15:30.604 68686 INFO tempest.lib.common.rest_client [req-733d26e2-4438-4042-9404-cd9e0e8dcda9 req-733d26e2-4438-4042-9404-cd9e0e8dcda9 ] Request (ServersTestFqdnHostnames:test_create_server_with_fqdn_name): 201 POST http://10.180.1.21:9696/networking/v2.0/security-groups 0.462s
2024-12-15 00:15:30.614 68706 INFO tempest.lib.common.rest_client [req-587e5512-9eef-4984-8bb4-0bba93126545 req-587e5512-9eef-4984-8bb4-0bba93126545 ] Request (FloatingIPsAssociationNegativeTestJSON:setUpClass): 200 GET http://10.180.1.21/identity/v3/roles 0.030s
2024-12-15 00:15:30.621 68726 INFO tempest.lib.common.rest_client [req-7a54b6c3-f735-4cc0-8db1-60a6467f7fc5 req-7a54b6c3-f735-4cc0-8db1-60a6467f7fc5 ] Request (DeleteServersAdminTestJSON:test_delete_server_while_in_error_state): 201 POST http://10.180.1.21/identity/v3/auth/tokens 0.064s
2024-12-15 00:15:30.621 68726 INFO tempest.lib.common.fixed_network [-] (DeleteServersAdminTestJSON:test_delete_server_while_in_error_state) Found network None available for tenant
2024-12-15 00:15:30.642 68706 INFO tempest.lib.common.rest_client [req-f1a65301-f5c5-4e33-b62f-d98811b1139f req-f1a65301-f5c5-4e33-b62f-d98811b1139f ] Request (FloatingIPsAssociationNegativeTestJSON:setUpClass): 204 PUT http://10.180.1.21/identity/v3/projects/ae3494d697d24add8de8318454fd16e5/users/ec8bdcd304734f50b187039392752ddf/roles/e35e04079676449bb27fd68003bc8f8e 0.028s
2024-12-15 00:15:30.642 68706 INFO tempest.lib.common.dynamic_creds [-] Dynamic test user ec8bdcd304734f50b187039392752ddf is created with scope project and roles: ['member']
2024-12-15 00:15:30.643 68706 INFO tempest.lib.common.dynamic_creds [-] Acquired dynamic creds: credentials: Credentials: {'domain_id': 'default', 'domain_name': 'Default', 'username': 'tempest-FloatingIPsAssociationNegativeTestJSON-178563949-project-member', 'project_domain_id': 'default', 'project_domain_name': 'Default', 'project_id': 'ae3494d697d24add8de8318454fd16e5', 'project_name': 'tempest-FloatingIPsAssociationNegativeTestJSON-178563949', 'tenant_id': 'ae3494d697d24add8de8318454fd16e5', 'tenant_name': 'tempest-FloatingIPsAssociationNegativeTestJSON-178563949', 'user_domain_id': 'default', 'user_domain_name': 'Default', 'user_id': 'ec8bdcd304734f50b187039392752ddf', 'system': None}, Network: None, Subnet: None, Router: None
2024-12-15 00:15:30.709 68706 INFO tempest.lib.common.rest_client [req-0d6d63fe-529c-4cb3-8430-dfe80ed1b0a1 req-0d6d63fe-529c-4cb3-8430-dfe80ed1b0a1 ] Request (FloatingIPsAssociationNegativeTestJSON:setUpClass): 201 POST http://10.180.1.21/identity/v3/auth/tokens 0.066s
2024-12-15 00:15:30.709 68674 INFO tempest.lib.common.rest_client [req-5cc908a9-c4d1-4d67-89e7-ab2640aa37a5 req-5cc908a9-c4d1-4d67-89e7-ab2640aa37a5 ] Request (ServerDiagnosticsV248Test:test_get_server_diagnostics): 200 GET http://10.180.1.21/compute/v2.1/servers/85f549d9-28c1-4f8e-9708-2072e977c52b/diagnostics 1.512s
2024-12-15 00:15:30.739 68708 INFO tempest.lib.common.rest_client [req-54d114bc-5a89-4267-ae89-0bbe09a4ec9c req-54d114bc-5a89-4267-ae89-0bbe09a4ec9c ] Request (QuotaClassesAdmin257Test:tearDownClass): 200 GET http://10.180.1.21:9696/networking/v2.0/security-groups?tenant_id=61456f58ff5b4b2f930cc6f1aaee6174&name=default 0.387s
2024-12-15 00:15:30.796 68702 INFO tempest.lib.common.rest_client [req-35a885ce-feb3-4561-a1c9-adb8c698a683 req-35a885ce-feb3-4561-a1c9-adb8c698a683 ] Request (SecurityGroupsNegativeTestJSON:tearDownClass): 204 DELETE http://10.180.1.21:9696/networking/v2.0/routers/08f190f6-1a19-45e5-8e51-8183173f03eb 1.852s
2024-12-15 00:15:30.842 68664 INFO tempest.lib.common.rest_client [req-f606c352-9a4e-41df-8557-9c86d106da8e req-f606c352-9a4e-41df-8557-9c86d106da8e ] Request (AggregatesAdminNegativeTestJSON:test_aggregate_remove_host_as_user): 200 POST http://10.180.1.21/compute/v2.1/os-aggregates/7/action 1.533s
2024-12-15 00:15:30.918 68694 INFO tempest.lib.common.rest_client [req-c3ee6d62-ed17-477c-a355-63a72678e751 req-c3ee6d62-ed17-477c-a355-63a72678e751 ] Request (SecurityGroupsTestAdminJSON:_run_cleanups): 202 DELETE http://10.180.1.21/compute/v2.1/os-security-groups/001d0b06-a589-4067-a163-b243b458d303 1.641s
2024-12-15 00:15:30.932 68690 INFO tempest.lib.common.rest_client [req-3013411d-c7bf-4a1b-9e7c-d28ce82b9c45 req-3013411d-c7bf-4a1b-9e7c-d28ce82b9c45 ] Request (ServerExternalEventsTest:test_create_server_external_events): 200 GET http://10.180.1.21/compute/v2.1/servers/dd9e2451-ff9f-4fb2-a486-df1a5ab36347 1.569s
2024-12-15 00:15:30.940 68710 INFO tempest.lib.common.rest_client [req-92ddb5dc-f90f-4dce-ba28-111ac99ab721 req-92ddb5dc-f90f-4dce-ba28-111ac99ab721 ] Request (KeyPairsV2TestJSON:_run_cleanups): 202 DELETE http://10.180.1.21/compute/v2.1/os-keypairs/tempest-KeyPairsV2TestJSON-keypair-882829886 1.546s
2024-12-15 00:15:30.971 68686 INFO tempest.lib.common.rest_client [req-c4977adf-c73b-4447-ad70-9fcd3ac183a1 req-c4977adf-c73b-4447-ad70-9fcd3ac183a1 ] Request (ServersTestFqdnHostnames:test_create_server_with_fqdn_name): 201 POST http://10.180.1.21:9696/networking/v2.0/security-group-rules 0.367s
2024-12-15 00:15:30.999 68702 INFO tempest.lib.common.rest_client [req-c8442409-dc80-4912-ba9c-27ef54798242 req-c8442409-dc80-4912-ba9c-27ef54798242 ] Request (SecurityGroupsNegativeTestJSON:tearDownClass): 204 DELETE http://10.180.1.21:9696/networking/v2.0/subnets/076069ce-823b-4cdf-8782-78cfd8373a47 0.202s
2024-12-15 00:15:31.071 68717 INFO tempest.lib.common.rest_client [req-3d7c7d9c-4eff-454b-94a9-f43eabb6d71d req-3d7c7d9c-4eff-454b-94a9-f43eabb6d71d ] Request (ServerDiagnosticsNegativeTest:tearDownClass): 200 GET http://10.180.1.21/compute/v2.1/servers/2a74d990-c005-4f5c-97a5-d921d33a47e7 1.528s
2024-12-15 00:15:31.096 68718 INFO tempest.lib.common.rest_client [req-ea7d634a-277a-49dc-8e67-354360d31078 req-ea7d634a-277a-49dc-8e67-354360d31078 ] Request (ImagesMetadataNegativeTestJSON:test_delete_nonexistent_image_metadata_item): 404 DELETE http://10.180.1.21/compute/v2.1/images/5205b617-2ddd-4a60-9d1f-cbb3a9c98f5b/metadata/os_distro 1.667s
2024-12-15 00:15:31.098 68724 INFO tempest.lib.common.rest_client [req-e0dd7a04-1db3-4ca2-9f71-7e3b2b79a3b3 req-e0dd7a04-1db3-4ca2-9f71-7e3b2b79a3b3 ] Request (ImagesNegativeTestJSON:tearDownClass): 404 DELETE http://10.180.1.21/compute/v2.1/servers/2d62a651-bd46-4f8f-a000-dfdefe179ba8 1.392s
2024-12-15 00:15:31.118 68708 INFO tempest.lib.common.rest_client [req-e1c5b090-2e43-423d-b9a6-ee2063c38bf8 req-e1c5b090-2e43-423d-b9a6-ee2063c38bf8 ] Request (QuotaClassesAdmin257Test:tearDownClass): 204 DELETE http://10.180.1.21:9696/networking/v2.0/security-groups/0454d3af-7373-4e02-8cbe-040220f88005 0.378s
2024-12-15 00:15:31.176 68714 INFO tempest.lib.common.rest_client [req-407442d1-75e6-4745-b20e-b2b0c5707811 req-407442d1-75e6-4745-b20e-b2b0c5707811 ] Request (AttachInterfacesV270Test:test_create_get_list_interfaces): 200 GET http://10.180.1.21/compute/v2.1/servers/ef35217a-ca54-4d32-8c43-f4821cd2bdeb 1.313s
2024-12-15 00:15:31.218 68708 INFO tempest.lib.common.rest_client [req-ded3212e-24d7-4be0-a534-1d8d9ab5ed2f req-ded3212e-24d7-4be0-a534-1d8d9ab5ed2f ] Request (QuotaClassesAdmin257Test:tearDownClass): 204 DELETE http://10.180.1.21/identity/v3/projects/61456f58ff5b4b2f930cc6f1aaee6174 0.099s
2024-12-15 00:15:31.270 68696 INFO tempest.lib.common.rest_client [req-a73ae0fa-5dd2-46bc-9b06-940d4649dcfc req-a73ae0fa-5dd2-46bc-9b06-940d4649dcfc ] Request (ServerDiskConfigTestJSON:test_rebuild_server_with_auto_disk_config): 200 GET http://10.180.1.21/compute/v2.1/servers/8fe3be0e-3b9d-4461-a56a-5735b9dbbbb6 1.303s
2024-12-15 00:15:31.298 68686 INFO tempest.lib.common.rest_client [req-ad925abf-29c7-499a-b0bf-18052851e9e4 req-ad925abf-29c7-499a-b0bf-18052851e9e4 ] Request (ServersTestFqdnHostnames:test_create_server_with_fqdn_name): 201 POST http://10.180.1.21:9696/networking/v2.0/security-group-rules 0.326s
2024-12-15 00:15:31.348 68708 INFO tempest.lib.common.rest_client [req-ae431170-065e-4b60-b3c8-147bb657376d req-ae431170-065e-4b60-b3c8-147bb657376d ] Request (FloatingIPDetailsNegativeTestJSON:setUpClass): 201 POST http://10.180.1.21/identity/v3/auth/tokens 0.128s
2024-12-15 00:15:31.356 68702 INFO tempest.lib.common.rest_client [req-08c20cdd-5bc6-488e-b6a0-226ecd084d76 req-08c20cdd-5bc6-488e-b6a0-226ecd084d76 ] Request (SecurityGroupsNegativeTestJSON:tearDownClass): 204 DELETE http://10.180.1.21:9696/networking/v2.0/networks/0a8ecb3b-c15c-43b6-b594-552481e2e2b0 0.357s
2024-12-15 00:15:31.366 68706 INFO tempest.lib.common.rest_client [req-8c9fb7d6-aa8a-443b-96c6-fb10cd06de0f req-8c9fb7d6-aa8a-443b-96c6-fb10cd06de0f ] Request (FloatingIPsAssociationNegativeTestJSON:setUpClass): 201 POST http://10.180.1.21:9696/networking/v2.0/networks 0.656s
2024-12-15 00:15:31.372 68668 INFO tempest.lib.common.rest_client [req-94081749-3d74-419d-8b7f-396be6178b28 req-94081749-3d74-419d-8b7f-396be6178b28 ] Request (SecurityGroupRulesNegativeTestJSON:tearDownClass): 204 DELETE http://10.180.1.21:9696/networking/v2.0/networks/594a90b3-8c1a-42f1-93eb-fd62b36b53f8 0.898s
2024-12-15 00:15:31.392 68682 INFO tempest.lib.common.rest_client [req-6dc90d11-0214-4b1a-b2bf-19178c75007a req-6dc90d11-0214-4b1a-b2bf-19178c75007a ] Request (ServerActionsTestJSON:setUpClass): 200 GET http://10.180.1.21/compute/v2.1/servers/4beb0377-8b69-438a-aa7f-af5f68092240 1.276s
2024-12-15 00:15:31.409 68708 INFO tempest.lib.common.rest_client [req-23f5dbd4-e5e5-4f86-8e07-880e3bca3deb req-23f5dbd4-e5e5-4f86-8e07-880e3bca3deb ] Request (FloatingIPDetailsNegativeTestJSON:setUpClass): 201 POST http://10.180.1.21/identity/v3/auth/tokens 0.057s
2024-12-15 00:15:31.422 68692 INFO tempest.lib.common.rest_client [req-accb87cf-27ca-4502-992b-e416c1371a41 req-accb87cf-27ca-4502-992b-e416c1371a41 ] Request (InstanceActionsV221TestJSON:test_get_list_deleted_instance_actions): 200 GET http://10.180.1.21/compute/v2.1/servers/01b20150-ba71-48ab-87fd-5a235552e757 1.539s
2024-12-15 00:15:31.478 68684 INFO tempest.lib.common.rest_client [req-3db73a32-2b8a-47d5-8308-bc56da7b5149 req-3db73a32-2b8a-47d5-8308-bc56da7b5149 ] Request (ServersAdminNegativeTestJSON:test_migrate_server_invalid_state): 200 GET http://10.180.1.21/compute/v2.1/servers/50bab324-a7f4-430e-81fa-36d4248bb3f4 1.089s
2024-12-15 00:15:31.529 68698 INFO tempest.lib.common.rest_client [req-a48aaadf-f630-4ec1-ab49-12cb5ef4c8dd req-a48aaadf-f630-4ec1-ab49-12cb5ef4c8dd ] Request (ServersTestBootFromVolume:setUpClass): 200 GET http://10.180.1.21/compute/v2.1/servers/66c351d6-ff6b-4c02-8bb3-2ce5f2a8fa2d 1.044s
2024-12-15 00:15:31.563 68668 INFO tempest.lib.common.rest_client [req-d76213bb-b6ec-4cd8-bd4a-a1acf5e5f77f req-d76213bb-b6ec-4cd8-bd4a-a1acf5e5f77f ] Request (SecurityGroupRulesNegativeTestJSON:tearDownClass): 204 DELETE http://10.180.1.21/identity/v3/users/a036dcd7cd0d4f63a4afbf6e4115febb 0.190s
2024-12-15 00:15:31.565 68668 INFO tempest.lib.common.dynamic_creds [-] Deleting project and security group for project: 582c3c84e4cb4e43b848f08dbb8e7b03
2024-12-15 00:15:31.582 68702 INFO tempest.lib.common.rest_client [req-ba75f35a-ee44-4bff-a9d6-fd7f11cb718e req-ba75f35a-ee44-4bff-a9d6-fd7f11cb718e ] Request (SecurityGroupsNegativeTestJSON:tearDownClass): 204 DELETE http://10.180.1.21/identity/v3/users/1d360f4dc9a34e57bdfb8d5f0a7a1a8b 0.226s
2024-12-15 00:15:31.582 68702 INFO tempest.lib.common.dynamic_creds [-] Deleting project and security group for project: 3460a24e07da423db63c2d6f05400a99
2024-12-15 00:15:31.605 68700 INFO tempest.lib.common.rest_client [req-9479deae-9046-4e1c-98d8-6b668f336cff req-9479deae-9046-4e1c-98d8-6b668f336cff ] Request (ServersAdminTestJSON:setUpClass): 200 GET http://10.180.1.21/compute/v2.1/servers/99e415cd-77a4-4557-bdb4-67727d5621ed 1.004s
2024-12-15 00:15:31.647 68723 INFO tempest.lib.common.rest_client [req-f4c6db0d-cd39-4e58-8775-16f9bc5e4b0c req-f4c6db0d-cd39-4e58-8775-16f9bc5e4b0c ] Request (ImagesOneServerTestJSON:test_create_delete_image): 200 GET http://10.180.1.21/compute/v2.1/images/a6088aff-dd22-4f7a-9649-4ec1f6337f7f 1.015s
2024-12-15 00:15:31.651 68668 INFO tempest.lib.common.rest_client [req-2a240e9e-719c-477c-aeac-e0ef33b202c4 req-2a240e9e-719c-477c-aeac-e0ef33b202c4 ] Request (SecurityGroupRulesNegativeTestJSON:tearDownClass): 200 GET http://10.180.1.21:9696/networking/v2.0/security-groups?tenant_id=582c3c84e4cb4e43b848f08dbb8e7b03&name=default 0.086s
2024-12-15 00:15:31.677 68708 INFO tempest.lib.common.rest_client [req-16e9384e-514a-4cf2-b330-44bb86795f75 req-16e9384e-514a-4cf2-b330-44bb86795f75 ] Request (FloatingIPDetailsNegativeTestJSON:setUpClass): 200 GET http://10.180.1.21/identity/v3/domains?name=Default 0.266s
2024-12-15 00:15:31.684 68702 INFO tempest.lib.common.rest_client [req-3592e536-926b-4b09-98e6-a2e5b409e3ca req-3592e536-926b-4b09-98e6-a2e5b409e3ca ] Request (SecurityGroupsNegativeTestJSON:tearDownClass): 200 GET http://10.180.1.21:9696/networking/v2.0/security-groups?tenant_id=3460a24e07da423db63c2d6f05400a99&name=default 0.101s
2024-12-15 00:15:31.724 68708 INFO tempest.lib.common.rest_client [req-bf969fea-1a1d-45c8-b82c-f08bd32590a9 req-bf969fea-1a1d-45c8-b82c-f08bd32590a9 ] Request (FloatingIPDetailsNegativeTestJSON:setUpClass): 201 POST http://10.180.1.21/identity/v3/projects 0.047s
2024-12-15 00:15:31.799 68708 INFO tempest.lib.common.rest_client [req-725f907d-6787-412c-a9a0-c77ffa39af69 req-725f907d-6787-412c-a9a0-c77ffa39af69 ] Request (FloatingIPDetailsNegativeTestJSON:setUpClass): 201 POST http://10.180.1.21/identity/v3/users 0.075s
2024-12-15 00:15:31.826 68708 INFO tempest.lib.common.rest_client [req-ec63d658-69fc-4310-8333-77e878e0fe20 req-ec63d658-69fc-4310-8333-77e878e0fe20 ] Request (FloatingIPDetailsNegativeTestJSON:setUpClass): 200 GET http://10.180.1.21/identity/v3/roles 0.026s
2024-12-15 00:15:31.864 68708 INFO tempest.lib.common.rest_client [req-d455e2ba-97c3-441f-888d-171cec42e7db req-d455e2ba-97c3-441f-888d-171cec42e7db ] Request (FloatingIPDetailsNegativeTestJSON:setUpClass): 204 PUT http://10.180.1.21/identity/v3/projects/2dce544d243740a7acc4eed5ebd4f7b5/users/0919303dee494a96921832c6885b86fc/roles/e35e04079676449bb27fd68003bc8f8e 0.037s
2024-12-15 00:15:31.864 68708 INFO tempest.lib.common.dynamic_creds [-] Dynamic test user 0919303dee494a96921832c6885b86fc is created with scope project and roles: ['member']
