2024-12-15 00:14:56.587 68708 INFO tempest.lib.common.rest_client [req-2dfe34a7-a19f-4587-aa47-8899cfd5c49e req-2dfe34a7-a19f-4587-aa47-8899cfd5c49e ] Request (HostsAdminNegativeTestJSON:test_show_host_detail_with_nonexistent_hostname): 404 GET http://10.180.1.21/compute/v2.1/os-hosts/nonexistent_hostname 2.471s
2024-12-15 00:14:56.606 68712 INFO tempest.lib.common.rest_client [req-68b6d86c-d0ea-4b3f-859f-ac255647f54b req-68b6d86c-d0ea-4b3f-859f-ac255647f54b ] Request (SecurityGroupsTestJSON:setUpClass): 200 GET http://10.180.1.21/identity/v3/domains?name=Default 0.050s
2024-12-15 00:14:56.632 68692 INFO tempest.lib.common.rest_client [req-beeb3a97-28f8-4543-9024-cca71d200911 req-beeb3a97-28f8-4543-9024-cca71d200911 ] Request (InstanceActionsV221TestJSON:setUpClass): 201 POST http://10.180.1.21/identity/v3/projects 0.046s
2024-12-15 00:14:56.646 68698 INFO tempest.lib.common.rest_client [req-7431ead4-6031-4769-a51a-262824e5b356 req-7431ead4-6031-4769-a51a-262824e5b356 ] Request (ServersTestBootFromVolume:setUpClass): 200 GET http://10.180.1.21/volume/v3/volumes/27b49278-9c53-4dfc-bcfa-421d7a91de2e 0.027s
2024-12-15 00:14:56.666 68696 INFO tempest.lib.common.rest_client [req-a2a2a4ee-5d65-4792-935a-aa45d8d8fed3 req-a2a2a4ee-5d65-4792-935a-aa45d8d8fed3 ] Request (HypervisorAdminNegativeUnderV252Test:test_search_hypervisor_with_non_admin_user): 403 GET http://10.180.1.21/compute/v2.1/os-hypervisors/domain-c8.fc996f14-c53b-4953-92e3-bdfa48f5cc28/search 2.551s
2024-12-15 00:14:56.686 68690 INFO tempest.lib.common.rest_client [req-e4a8b442-20d2-4df2-9036-273fe91f98cd req-e4a8b442-20d2-4df2-9036-273fe91f98cd ] Request (KeyPairsV210TestJSON:_run_cleanups): 204 DELETE http://10.180.1.21/compute/v2.1/os-keypairs/tempest-keypair-827771744?user_id=c08ad54302b4460b8a40479410565973 2.545s
2024-12-15 00:14:56.690 68712 INFO tempest.lib.common.rest_client [req-8db8d606-63c9-49f2-b560-270608eea1ad req-8db8d606-63c9-49f2-b560-270608eea1ad ] Request (SecurityGroupsTestJSON:setUpClass): 201 POST http://10.180.1.21/identity/v3/projects 0.083s
2024-12-15 00:14:56.699 68706 INFO tempest.lib.common.rest_client [req-3905e750-7e73-4ba9-9b46-dce9b719d85f req-3905e750-7e73-4ba9-9b46-dce9b719d85f ] Request (FlavorsAccessNegativeTestJSON:_run_cleanups): 202 DELETE http://10.180.1.21/compute/v2.1/flavors/757079631 2.373s
2024-12-15 00:14:56.708 68670 INFO tempest.lib.common.rest_client [req-d266210e-f44f-41c0-a004-f54052276ef1 req-d266210e-f44f-41c0-a004-f54052276ef1 ] Request (ServersWithSpecificFlavorTestJSON:test_verify_created_server_ephemeral_disk): 200 GET http://10.180.1.21/compute/v2.1/flavors/42/os-extra_specs 1.996s
2024-12-15 00:14:56.711 68692 INFO tempest.lib.common.rest_client [req-744acb1e-f744-438f-bd92-0a7cf671d970 req-744acb1e-f744-438f-bd92-0a7cf671d970 ] Request (InstanceActionsV221TestJSON:setUpClass): 201 POST http://10.180.1.21/identity/v3/users 0.078s
2024-12-15 00:14:56.729 68672 INFO tempest.lib.common.rest_client [req-c449cfda-84fc-415d-b9f4-1f07865efbf7 req-c449cfda-84fc-415d-b9f4-1f07865efbf7 ] Request (FlavorsExtraSpecsTestJSON:tearDownClass): 200 GET http://10.180.1.21:9696/networking/v2.0/security-groups?tenant_id=74482c08598d491b80dee552187fbe0c&name=default 0.509s
2024-12-15 00:14:56.740 68712 INFO tempest.lib.common.rest_client [req-1faf59ab-0f7f-4558-aeed-e111dcfefec0 req-1faf59ab-0f7f-4558-aeed-e111dcfefec0 ] Request (SecurityGroupsTestJSON:setUpClass): 201 POST http://10.180.1.21/identity/v3/users 0.049s
2024-12-15 00:14:56.759 68692 INFO tempest.lib.common.rest_client [req-6b459c7d-4e57-4108-b2e2-9085860b6800 req-6b459c7d-4e57-4108-b2e2-9085860b6800 ] Request (InstanceActionsV221TestJSON:setUpClass): 200 GET http://10.180.1.21/identity/v3/roles 0.047s
2024-12-15 00:14:56.773 68712 INFO tempest.lib.common.rest_client [req-40f8f434-146a-4b74-bdfb-b35e98dcf45b req-40f8f434-146a-4b74-bdfb-b35e98dcf45b ] Request (SecurityGroupsTestJSON:setUpClass): 200 GET http://10.180.1.21/identity/v3/roles 0.033s
2024-12-15 00:14:56.798 68692 INFO tempest.lib.common.rest_client [req-8b0a4eeb-d28c-4e43-a128-5692deaa9b3e req-8b0a4eeb-d28c-4e43-a128-5692deaa9b3e ] Request (InstanceActionsV221TestJSON:setUpClass): 204 PUT http://10.180.1.21/identity/v3/projects/887f1a544b1a4892a13cc778a93d3971/users/676c8dbbcbd14089964b51d39e5f5908/roles/e35e04079676449bb27fd68003bc8f8e 0.039s
2024-12-15 00:14:56.798 68692 INFO tempest.lib.common.dynamic_creds [-] Dynamic test user 676c8dbbcbd14089964b51d39e5f5908 is created with scope project and roles: ['member']
2024-12-15 00:14:56.799 68692 INFO tempest.lib.common.dynamic_creds [-] Acquired dynamic creds: credentials: Credentials: {'domain_id': 'default', 'domain_name': 'Default', 'username': 'tempest-InstanceActionsV221TestJSON-2088398793-project-member', 'project_domain_id': 'default', 'project_domain_name': 'Default', 'project_id': '887f1a544b1a4892a13cc778a93d3971', 'project_name': 'tempest-InstanceActionsV221TestJSON-2088398793', 'tenant_id': '887f1a544b1a4892a13cc778a93d3971', 'tenant_name': 'tempest-InstanceActionsV221TestJSON-2088398793', 'user_domain_id': 'default', 'user_domain_name': 'Default', 'user_id': '676c8dbbcbd14089964b51d39e5f5908', 'system': None}, Network: None, Subnet: None, Router: None
2024-12-15 00:14:56.816 68682 INFO tempest.lib.common.rest_client [req-4ef44b1f-ed03-4f6d-8d19-7d49173f54b1 req-4ef44b1f-ed03-4f6d-8d19-7d49173f54b1 ] Request (ImagesDeleteNegativeTestJSON:test_delete_image_blank_id): 404 DELETE http://10.180.1.21/compute/v2.1/images/ 1.965s
2024-12-15 00:14:56.828 68684 INFO tempest.lib.common.rest_client [req-cc611008-3611-4449-8ec2-a4fcc2b3dbac req-cc611008-3611-4449-8ec2-a4fcc2b3dbac ] Request (ServersAdminNegativeTestJSON:setUpClass): 202 POST http://10.180.1.21/compute/v2.1/servers 2.721s
2024-12-15 00:14:56.833 68692 INFO tempest.lib.common.rest_client [req-9ba800e2-1e59-4fab-aa07-be69157504e3 req-9ba800e2-1e59-4fab-aa07-be69157504e3 ] Request (InstanceActionsV221TestJSON:setUpClass): 201 POST http://10.180.1.21/identity/v3/auth/tokens 0.034s
2024-12-15 00:14:56.847 68712 INFO tempest.lib.common.rest_client [req-433c8c56-ada3-492c-9d0c-881299357848 req-433c8c56-ada3-492c-9d0c-881299357848 ] Request (SecurityGroupsTestJSON:setUpClass): 204 PUT http://10.180.1.21/identity/v3/projects/e97feab6cc4443a888326db4c54e8bba/users/d72cb18a1e0f48b486811c475c0d50c8/roles/e35e04079676449bb27fd68003bc8f8e 0.073s
2024-12-15 00:14:56.847 68712 INFO tempest.lib.common.dynamic_creds [-] Dynamic test user d72cb18a1e0f48b486811c475c0d50c8 is created with scope project and roles: ['member']
2024-12-15 00:14:56.847 68712 INFO tempest.lib.common.dynamic_creds [-] Acquired dynamic creds: credentials: Credentials: {'domain_id': 'default', 'domain_name': 'Default', 'username': 'tempest-SecurityGroupsTestJSON-1290125918-project-member', 'project_domain_id': 'default', 'project_domain_name': 'Default', 'project_id': 'e97feab6cc4443a888326db4c54e8bba', 'project_name': 'tempest-SecurityGroupsTestJSON-1290125918', 'tenant_id': 'e97feab6cc4443a888326db4c54e8bba', 'tenant_name': 'tempest-SecurityGroupsTestJSON-1290125918', 'user_domain_id': 'default', 'user_domain_name': 'Default', 'user_id': 'd72cb18a1e0f48b486811c475c0d50c8', 'system': None}, Network: None, Subnet: None, Router: None
2024-12-15 00:14:56.919 68672 INFO tempest.lib.common.rest_client [req-50adafef-5e3d-43ad-982c-37316db78c1c req-50adafef-5e3d-43ad-982c-37316db78c1c ] Request (FlavorsExtraSpecsTestJSON:tearDownClass): 204 DELETE http://10.180.1.21:9696/networking/v2.0/security-groups/5a3c266f-1b04-4b57-a911-7596262ea730 0.190s
2024-12-15 00:14:56.945 68678 INFO tempest.lib.common.rest_client [req-033d4d93-d920-4062-b572-bd53ac3723fe req-033d4d93-d920-4062-b572-bd53ac3723fe ] Request (VolumesAssistedSnapshotsTest:test_volume_assisted_snapshot_create_delete): 201 POST http://10.180.1.21:9696/networking/v2.0/floatingips 0.854s
2024-12-15 00:14:56.993 68712 INFO tempest.lib.common.rest_client [req-302bfe1d-fd30-47ce-9d75-2bf4771809e4 req-302bfe1d-fd30-47ce-9d75-2bf4771809e4 ] Request (SecurityGroupsTestJSON:setUpClass): 201 POST http://10.180.1.21/identity/v3/auth/tokens 0.145s
2024-12-15 00:14:57.007 68680 INFO tempest.lib.common.rest_client [req-fa779c52-7ceb-40ef-b024-e16cacd25a52 req-fa779c52-7ceb-40ef-b024-e16cacd25a52 ] Request (VolumesAdminNegativeTest:test_update_attached_volume_with_nonexistent_volume_in_body): 200 GET http://10.180.1.21/compute/v2.1/servers/fb4b120d-4097-40af-a6e9-ee18a55fed58 1.635s
2024-12-15 00:14:57.037 68720 INFO tempest.lib.common.rest_client [req-51fb8f24-6f81-4fd8-a07c-0d2aadc9945e req-51fb8f24-6f81-4fd8-a07c-0d2aadc9945e ] Request (FloatingIPsTestJSON:_run_cleanups): 404 DELETE http://10.180.1.21/compute/v2.1/os-floating-ips/222abbc4-703f-4461-9398-dd49544e01d2 1.636s
2024-12-15 00:14:57.038 68674 INFO tempest.lib.common.rest_client [req-3d246b83-b2f2-4da3-826f-948c610890c8 req-3d246b83-b2f2-4da3-826f-948c610890c8 ] Request (ServerDiagnosticsV248Test:test_get_server_diagnostics): 202 POST http://10.180.1.21/compute/v2.1/servers 1.989s
2024-12-15 00:14:57.055 68672 INFO tempest.lib.common.rest_client [req-352143c6-d1d8-48f9-98f9-c91687f0a76a req-352143c6-d1d8-48f9-98f9-c91687f0a76a ] Request (FlavorsExtraSpecsTestJSON:tearDownClass): 204 DELETE http://10.180.1.21/identity/v3/projects/74482c08598d491b80dee552187fbe0c 0.136s
2024-12-15 00:14:57.055 68672 INFO tempest.lib.common.dynamic_creds [-] Deleting project and security group for project: 12dbbbac5caa411eb44fe5c8dee3b152
2024-12-15 00:14:57.061 68678 INFO tempest.lib.common.rest_client [req-0f133ffe-414c-4b64-9a8e-893d21be2cb6 req-0f133ffe-414c-4b64-9a8e-893d21be2cb6 ] Request (VolumesAssistedSnapshotsTest:test_volume_assisted_snapshot_create_delete): 201 POST http://10.180.1.21/identity/v3/auth/tokens 0.112s
2024-12-15 00:14:57.061 68678 INFO tempest.lib.common.fixed_network [-] (VolumesAssistedSnapshotsTest:test_volume_assisted_snapshot_create_delete) Found network {'id': '05e43519-e4dc-4bb0-a023-8c05c4314c89', 'name': 'tempest-VolumesAssistedSnapshotsTest-1071887399-network', 'tenant_id': 'd8c3117a28b64ca6a967a688c1cd5295', 'admin_state_up': True, 'mtu': 8950, 'status': 'ACTIVE', 'subnets': [], 'shared': False, 'project_id': 'd8c3117a28b64ca6a967a688c1cd5295', 'port_security_enabled': True, 'router:external': False, 'provider:network_type': 'vlan', 'provider:physical_network': 'default', 'provider:segmentation_id': 746, 'availability_zone_hints': [], 'availability_zones': [], 'ipv4_address_scope': None, 'ipv6_address_scope': None, 'description': '', 'tags': [], 'created_at': '2024-12-15T00:14:32Z', 'updated_at': '2024-12-15T00:14:32Z', 'revision_number': 1} available for tenant
2024-12-15 00:14:57.113 68689 INFO tempest.lib.common.rest_client [req-3a67e6c8-cd35-4010-b727-2a205075214d req-3a67e6c8-cd35-4010-b727-2a205075214d ] Request (ServerDiagnosticsTest:test_get_server_diagnostics): 200 GET http://10.180.1.21/compute/v2.1/servers/51f4045f-a7b8-4293-aa22-17b5cba7e7ce 1.704s
2024-12-15 00:14:57.161 68686 INFO tempest.lib.common.rest_client [req-52358e46-99b7-4558-932a-a66c7bfaaa78 req-52358e46-99b7-4558-932a-a66c7bfaaa78 ] Request (KeyPairsV22TestJSON:test_keypair_create_with_pub_key): 201 POST http://10.180.1.21/compute/v2.1/os-keypairs 1.549s
2024-12-15 00:14:57.247 68672 INFO tempest.lib.common.rest_client [req-eaa029f6-2588-4ad4-9662-0b1d7dcb851a req-eaa029f6-2588-4ad4-9662-0b1d7dcb851a ] Request (FlavorsExtraSpecsTestJSON:tearDownClass): 200 GET http://10.180.1.21:9696/networking/v2.0/security-groups?tenant_id=12dbbbac5caa411eb44fe5c8dee3b152&name=default 0.191s
2024-12-15 00:14:57.320 68726 INFO tempest.lib.common.rest_client [req-5e80992b-601d-48df-802e-fa928350293e req-5e80992b-601d-48df-802e-fa928350293e ] Request (DeleteServersAdminTestJSON:test_admin_delete_servers_of_others): 200 GET http://10.180.1.21/compute/v2.1/servers/ceb3d3dc-c15e-4039-91e5-6e8cdcced0ad 1.689s
2024-12-15 00:14:57.371 68672 INFO tempest.lib.common.rest_client [req-dafc7068-4e69-4843-bb72-fa5fd48fea95 req-dafc7068-4e69-4843-bb72-fa5fd48fea95 ] Request (FlavorsExtraSpecsTestJSON:tearDownClass): 204 DELETE http://10.180.1.21:9696/networking/v2.0/security-groups/37170358-5c7c-4aef-b422-918f11175fa2 0.124s
2024-12-15 00:14:57.382 68724 INFO tempest.lib.common.rest_client [req-96b94879-8028-4e8a-9cb2-15fd6835251f req-96b94879-8028-4e8a-9cb2-15fd6835251f ] Request (ImagesNegativeTestJSON:test_create_image_from_deleted_server): 200 GET http://10.180.1.21/compute/v2.1/servers/2d62a651-bd46-4f8f-a000-dfdefe179ba8 1.941s
2024-12-15 00:14:57.393 68676 INFO tempest.lib.common.rest_client [req-603b7d4c-336b-4455-9413-e9ac0244b50b req-603b7d4c-336b-4455-9413-e9ac0244b50b ] Request (ServersAdmin275Test:test_rebuild_update_server_275): 200 GET http://10.180.1.21/compute/v2.1/servers/d9aff96a-c016-4c16-be2a-bbecfcc85093 1.641s
2024-12-15 00:14:57.414 68718 INFO tempest.lib.common.rest_client [req-660426e3-6597-4812-9d1a-1ecf3330b8e8 req-660426e3-6597-4812-9d1a-1ecf3330b8e8 ] Request (FlavorsAccessTestJSON:_run_cleanups): 202 DELETE http://10.180.1.21/compute/v2.1/flavors/180439240 1.531s
2024-12-15 00:14:57.476 68672 INFO tempest.lib.common.rest_client [req-ae1dada1-81eb-493c-acca-b942cf3e8c55 req-ae1dada1-81eb-493c-acca-b942cf3e8c55 ] Request (FlavorsExtraSpecsTestJSON:tearDownClass): 204 DELETE http://10.180.1.21/identity/v3/projects/12dbbbac5caa411eb44fe5c8dee3b152 0.104s
2024-12-15 00:14:57.541 68692 INFO tempest.lib.common.rest_client [req-fce3c725-0f1c-4172-b429-eddf51aa0e2d req-fce3c725-0f1c-4172-b429-eddf51aa0e2d ] Request (InstanceActionsV221TestJSON:setUpClass): 201 POST http://10.180.1.21:9696/networking/v2.0/networks 0.703s
2024-12-15 00:14:57.548 68717 INFO tempest.lib.common.rest_client [req-3e6b7bb6-779e-4266-8cb6-388ba54ccbd0 req-3e6b7bb6-779e-4266-8cb6-388ba54ccbd0 ] Request (ServerDiagnosticsNegativeTest:test_get_server_diagnostics_by_non_admin): 200 GET http://10.180.1.21/compute/v2.1/servers/2a74d990-c005-4f5c-97a5-d921d33a47e7 1.528s
2024-12-15 00:14:57.555 68717 INFO tempest.common.waiters [-] State transition "BUILD/block_device_mapping" ==> "BUILD/spawning" after 10 second wait
2024-12-15 00:14:57.599 68672 INFO tempest.lib.common.rest_client [req-42c1d2d8-6026-427b-a529-3eea7798cdd0 req-42c1d2d8-6026-427b-a529-3eea7798cdd0 ] Request (MigrationsAdminTest:setUpClass): 201 POST http://10.180.1.21/identity/v3/auth/tokens 0.120s
2024-12-15 00:14:57.617 68668 INFO tempest.lib.common.rest_client [req-584af021-5b5c-4db9-abbb-fa9844e83823 req-584af021-5b5c-4db9-abbb-fa9844e83823 ] Request (SecurityGroupRulesNegativeTestJSON:test_create_security_group_rule_duplicate): 400 POST http://10.180.1.21/compute/v2.1/os-security-group-rules 1.374s
2024-12-15 00:14:57.635 68672 INFO tempest.lib.common.rest_client [req-00194196-8e99-435f-803e-04c1a0100226 req-00194196-8e99-435f-803e-04c1a0100226 ] Request (MigrationsAdminTest:setUpClass): 201 POST http://10.180.1.21/identity/v3/auth/tokens 0.032s
2024-12-15 00:14:57.663 68672 INFO tempest.lib.common.rest_client [req-4cc8746f-62e8-4bb3-8fc8-bf92a34a7fdc req-4cc8746f-62e8-4bb3-8fc8-bf92a34a7fdc ] Request (MigrationsAdminTest:setUpClass): 200 GET http://10.180.1.21/identity/v3/domains?name=Default 0.027s
2024-12-15 00:14:57.699 68698 INFO tempest.lib.common.rest_client [req-7d9c3fee-2986-4e31-ae5d-7625990efdfb req-7d9c3fee-2986-4e31-ae5d-7625990efdfb ] Request (ServersTestBootFromVolume:setUpClass): 200 GET http://10.180.1.21/volume/v3/volumes/27b49278-9c53-4dfc-bcfa-421d7a91de2e 0.046s
2024-12-15 00:14:57.707 68666 INFO tempest.lib.common.rest_client [req-619226f7-059d-4f7d-8038-6db49f073ee7 req-619226f7-059d-4f7d-8038-6db49f073ee7 ] Request (QuotasAdminNegativeTest:test_create_server_when_cpu_quota_is_full): 200 PUT http://10.180.1.21/compute/v2.1/os-quota-sets/ff81ea5b1c9d4f2aa7207dc06ca44457 1.845s
2024-12-15 00:14:57.714 68712 INFO tempest.lib.common.rest_client [req-44181a1f-0735-46ac-8187-9050fecf6107 req-44181a1f-0735-46ac-8187-9050fecf6107 ] Request (SecurityGroupsTestJSON:setUpClass): 201 POST http://10.180.1.21:9696/networking/v2.0/networks 0.721s
2024-12-15 00:14:57.717 68672 INFO tempest.lib.common.rest_client [req-b7c4714e-0ec0-4604-bf06-abadc9f0b8b5 req-b7c4714e-0ec0-4604-bf06-abadc9f0b8b5 ] Request (MigrationsAdminTest:setUpClass): 201 POST http://10.180.1.21/identity/v3/projects 0.053s
2024-12-15 00:14:57.728 68702 INFO tempest.lib.common.rest_client [req-18843961-f316-4328-a762-dc02a64e577a req-18843961-f316-4328-a762-dc02a64e577a ] Request (HostsAdminTestJSON:test_list_hosts_with_zone): 200 GET http://10.180.1.21/compute/v2.1/os-hosts 1.211s
2024-12-15 00:14:57.732 68710 INFO tempest.lib.common.rest_client [req-3ec74d57-879c-49d3-884a-63ad5fdb2626 req-3ec74d57-879c-49d3-884a-63ad5fdb2626 ] Request (FloatingIPDetailsTestJSON:test_get_floating_ip_details): 200 GET http://10.180.1.21/compute/v2.1/os-floating-ips/cc409b2a-5b20-4d6f-929c-1b265e5bf52f 1.256s
2024-12-15 00:14:57.758 68664 INFO tempest.lib.common.rest_client [req-78b36b0b-8a35-42ef-903d-1cdf2a7b488a req-78b36b0b-8a35-42ef-903d-1cdf2a7b488a ] Request (AggregatesAdminNegativeTestJSON:test_aggregate_add_host_as_user): 200 POST http://10.180.1.21/compute/v2.1/os-aggregates 1.205s
2024-12-15 00:14:57.773 68700 INFO tempest.lib.common.rest_client [req-3f44a735-da33-4b1d-a13d-d693552ba652 req-3f44a735-da33-4b1d-a13d-d693552ba652 ] Request (FlavorsV255TestJSON:_run_cleanups): 200 GET http://10.180.1.21/compute/v2.1/flavors/detail 1.196s
2024-12-15 00:14:57.778 68708 INFO tempest.lib.common.rest_client [req-83fb94b8-02b4-4fca-bc5d-b0a305a5c1ff req-83fb94b8-02b4-4fca-bc5d-b0a305a5c1ff ] Request (HostsAdminNegativeTestJSON:test_shutdown_host_with_non_admin_user): 403 GET http://10.180.1.21/compute/v2.1/os-hosts/devstack/shutdown 1.190s
2024-12-15 00:14:57.791 68666 INFO tempest.lib.common.rest_client [req-5f81c2a0-a219-4b28-95fd-88113a8bb94b req-5f81c2a0-a219-4b28-95fd-88113a8bb94b ] Request (QuotasAdminNegativeTest:test_create_server_when_cpu_quota_is_full): 201 POST http://10.180.1.21/identity/v3/auth/tokens 0.075s
2024-12-15 00:14:57.792 68666 INFO tempest.lib.common.fixed_network [-] (QuotasAdminNegativeTest:test_create_server_when_cpu_quota_is_full) Found network None available for tenant
2024-12-15 00:14:57.792 68696 INFO tempest.lib.common.rest_client [req-aa177fc8-d628-4de3-9b37-0226e685427e req-aa177fc8-d628-4de3-9b37-0226e685427e ] Request (HypervisorAdminNegativeUnderV252Test:test_search_nonexistent_hypervisor): 404 GET http://10.180.1.21/compute/v2.1/os-hypervisors/nonexistent_hypervisor_name/search 1.124s
2024-12-15 00:14:57.797 68672 INFO tempest.lib.common.rest_client [req-404abdaa-3c58-40d0-892b-38feb06b4dee req-404abdaa-3c58-40d0-892b-38feb06b4dee ] Request (MigrationsAdminTest:setUpClass): 201 POST http://10.180.1.21/identity/v3/users 0.079s
2024-12-15 00:14:57.819 68672 INFO tempest.lib.common.rest_client [req-06ab0098-75e7-40b5-a531-7cb6e325214d req-06ab0098-75e7-40b5-a531-7cb6e325214d ] Request (MigrationsAdminTest:setUpClass): 200 GET http://10.180.1.21/identity/v3/roles 0.022s
2024-12-15 00:14:57.836 68692 INFO tempest.lib.common.rest_client [req-afc18e98-031c-4ced-897d-8fafde52cdaf req-afc18e98-031c-4ced-897d-8fafde52cdaf ] Request (InstanceActionsV221TestJSON:setUpClass): 201 POST http://10.180.1.21:9696/networking/v2.0/subnets 0.295s
2024-12-15 00:14:57.849 68672 INFO tempest.lib.common.rest_client [req-0531bf14-5247-4514-8cf8-2b9e65d29e89 req-0531bf14-5247-4514-8cf8-2b9e65d29e89 ] Request (MigrationsAdminTest:setUpClass): 204 PUT http://10.180.1.21/identity/v3/projects/eaecf09d4ab84c539fa8488fc252bd27/users/ab76fec04faa45f38001c581bd89a324/roles/e35e04079676449bb27fd68003bc8f8e 0.029s
2024-12-15 00:14:57.850 68672 INFO tempest.lib.common.dynamic_creds [-] Dynamic test user ab76fec04faa45f38001c581bd89a324 is created with scope project and roles: ['member']
2024-12-15 00:14:57.850 68672 INFO tempest.lib.common.dynamic_creds [-] Acquired dynamic creds: credentials: Credentials: {'domain_id': 'default', 'domain_name': 'Default', 'username': 'tempest-MigrationsAdminTest-1986459753-project-member', 'project_domain_id': 'default', 'project_domain_name': 'Default', 'project_id': 'eaecf09d4ab84c539fa8488fc252bd27', 'project_name': 'tempest-MigrationsAdminTest-1986459753', 'tenant_id': 'eaecf09d4ab84c539fa8488fc252bd27', 'tenant_name': 'tempest-MigrationsAdminTest-1986459753', 'user_domain_id': 'default', 'user_domain_name': 'Default', 'user_id': 'ab76fec04faa45f38001c581bd89a324', 'system': None}, Network: None, Subnet: None, Router: None
2024-12-15 00:14:57.850 68672 INFO tempest.lib.common.dynamic_creds [-] Created isolated network resources for: credentials: Credentials: {'domain_id': 'default', 'domain_name': 'Default', 'username': 'tempest-MigrationsAdminTest-1986459753-project-member', 'project_domain_id': 'default', 'project_domain_name': 'Default', 'project_id': 'eaecf09d4ab84c539fa8488fc252bd27', 'project_name': 'tempest-MigrationsAdminTest-1986459753', 'tenant_id': 'eaecf09d4ab84c539fa8488fc252bd27', 'tenant_name': 'tempest-MigrationsAdminTest-1986459753', 'user_domain_id': 'default', 'user_domain_name': 'Default', 'user_id': 'ab76fec04faa45f38001c581bd89a324', 'system': None}, Network: None, Subnet: None, Router: None
2024-12-15 00:14:57.852 68723 INFO tempest.lib.common.rest_client [req-9b7e709a-ae8e-4b5b-8bbd-a0877d657586 req-9b7e709a-ae8e-4b5b-8bbd-a0877d657586 ] Request (ImagesOneServerTestJSON:setUpClass): 200 GET http://10.180.1.21/compute/v2.1/servers/3310d50a-ed0a-41a0-899c-923bfdcdf159 1.171s
2024-12-15 00:14:57.868 68690 INFO tempest.lib.common.rest_client [req-6f958f90-c249-4e4c-aa9e-1218769ec244 req-6f958f90-c249-4e4c-aa9e-1218769ec244 ] Request (KeyPairsV210TestJSON:_run_cleanups): 204 DELETE http://10.180.1.21/compute/v2.1/os-keypairs/tempest-keypair-1079610949?user_id=c08ad54302b4460b8a40479410565973 1.182s
2024-12-15 00:14:57.890 68706 INFO tempest.lib.common.rest_client [req-df6ed3b0-7fc5-428c-98e8-03e16143eeaf req-df6ed3b0-7fc5-428c-98e8-03e16143eeaf ] Request (FlavorsAccessNegativeTestJSON:_run_cleanups): 200 GET http://10.180.1.21/compute/v2.1/flavors/detail 1.191s
2024-12-15 00:14:57.912 68670 INFO tempest.lib.common.rest_client [req-9537eaae-5a6f-418d-8877-0b6a453fa832 req-9537eaae-5a6f-418d-8877-0b6a453fa832 ] Request (ServersWithSpecificFlavorTestJSON:test_verify_created_server_ephemeral_disk): 200 POST http://10.180.1.21/compute/v2.1/flavors/1689021555/os-extra_specs 1.203s
2024-12-15 00:14:57.933 68682 INFO tempest.lib.common.rest_client [req-b6f21806-58c2-43eb-98c5-f0232df144a3 req-b6f21806-58c2-43eb-98c5-f0232df144a3 ] Request (ImagesDeleteNegativeTestJSON:test_delete_image_negative_image_id): 404 DELETE http://10.180.1.21/compute/v2.1/images/-1 1.116s
2024-12-15 00:14:57.951 68700 INFO tempest.lib.common.rest_client [req-ca861ff9-8b3d-4f30-95de-568f30ea4c78 req-ca861ff9-8b3d-4f30-95de-568f30ea4c78 ] Request (FlavorsV255TestJSON:tearDownClass): 204 DELETE http://10.180.1.21/identity/v3/users/453a46477ec34a488464835c2843c0f7 0.114s
2024-12-15 00:14:57.996 68684 INFO tempest.lib.common.rest_client [req-70ee19c3-0fc7-4282-a011-9ae9f839eb27 req-70ee19c3-0fc7-4282-a011-9ae9f839eb27 ] Request (ServersAdminNegativeTestJSON:setUpClass): 200 GET http://10.180.1.21/compute/v2.1/servers/8990fe10-951e-4336-a041-8f95ba0d8fa8 1.166s
2024-12-15 00:14:57.999 68694 INFO tempest.lib.common.rest_client [req-76a2620f-7c9d-4ee4-be43-f0e24a1e9312 req-76a2620f-7c9d-4ee4-be43-f0e24a1e9312 ] Request (QuotasAdminTestJSON:test_get_updated_quotas): 200 PUT http://10.180.1.21/compute/v2.1/os-quota-sets/03e1ccf394774ab2a27483f0045944c6 1.437s
2024-12-15 00:14:58.028 68672 INFO tempest.lib.common.rest_client [req-3a1b9b3b-6109-48e2-83f9-46e211fd536a req-3a1b9b3b-6109-48e2-83f9-46e211fd536a ] Request (MigrationsAdminTest:setUpClass): 201 POST http://10.180.1.21/identity/v3/auth/tokens 0.173s
2024-12-15 00:14:58.041 68712 INFO tempest.lib.common.rest_client [req-a408e680-6a27-4f02-acf3-823d1a4dc2a0 req-a408e680-6a27-4f02-acf3-823d1a4dc2a0 ] Request (SecurityGroupsTestJSON:setUpClass): 201 POST http://10.180.1.21:9696/networking/v2.0/subnets 0.326s
2024-12-15 00:14:58.073 68690 INFO tempest.lib.common.rest_client [req-a660bbbe-4410-4d23-8423-cd1e6085cb3a req-a660bbbe-4410-4d23-8423-cd1e6085cb3a ] Request (KeyPairsV210TestJSON:tearDownClass): 204 DELETE http://10.180.1.21/identity/v3/users/c08ad54302b4460b8a40479410565973 0.158s
2024-12-15 00:14:58.087 68674 INFO tempest.lib.common.rest_client [req-b6df95f8-d9ae-4848-a8be-28ae42ca33f6 req-b6df95f8-d9ae-4848-a8be-28ae42ca33f6 ] Request (ServerDiagnosticsV248Test:test_get_server_diagnostics): 200 GET http://10.180.1.21/compute/v2.1/servers/85f549d9-28c1-4f8e-9708-2072e977c52b 1.047s
2024-12-15 00:14:58.099 68686 INFO tempest.lib.common.rest_client [req-01d4d983-4fcb-4819-b3a4-b90be759499b req-01d4d983-4fcb-4819-b3a4-b90be759499b ] Request (KeyPairsV22TestJSON:_run_cleanups): 204 DELETE http://10.180.1.21/compute/v2.1/os-keypairs/tempest-keypair-374005908 0.937s
2024-12-15 00:14:58.116 68718 INFO tempest.lib.common.rest_client [req-0c92d1e7-5a8c-4c90-a926-7b0624638cea req-0c92d1e7-5a8c-4c90-a926-7b0624638cea ] Request (FlavorsAccessTestJSON:_run_cleanups): 200 GET http://10.180.1.21/compute/v2.1/flavors/detail 0.701s
2024-12-15 00:14:58.177 68700 INFO tempest.lib.common.rest_client [req-d5fa7493-1119-4e70-8793-7725c586d529 req-d5fa7493-1119-4e70-8793-7725c586d529 ] Request (FlavorsV255TestJSON:tearDownClass): 204 DELETE http://10.180.1.21/identity/v3/users/31820274bf724b2a8fb537e5d30f8ef0 0.225s
2024-12-15 00:14:58.177 68700 INFO tempest.lib.common.dynamic_creds [-] Deleting project and security group for project: d38ad5ec844c4680a76d87348b5198aa
2024-12-15 00:14:58.212 68672 INFO tempest.lib.common.rest_client [req-7ac4464f-69f0-4fa2-8899-d5969a3b118c req-7ac4464f-69f0-4fa2-8899-d5969a3b118c ] Request (MigrationsAdminTest:setUpClass): 201 POST http://10.180.1.21/identity/v3/projects 0.183s
2024-12-15 00:14:58.268 68700 INFO tempest.lib.common.rest_client [req-381eac09-4ab8-4640-a76e-0afdb2374f4c req-381eac09-4ab8-4640-a76e-0afdb2374f4c ] Request (FlavorsV255TestJSON:tearDownClass): 201 POST http://10.180.1.21/identity/v3/auth/tokens 0.091s
2024-12-15 00:14:58.292 68672 INFO tempest.lib.common.rest_client [req-6277b6ae-a143-4e9f-a808-310ba56b7415 req-6277b6ae-a143-4e9f-a808-310ba56b7415 ] Request (MigrationsAdminTest:setUpClass): 201 POST http://10.180.1.21/identity/v3/users 0.079s
2024-12-15 00:14:58.322 68690 INFO tempest.lib.common.rest_client [req-29fe0da8-1ac7-4404-bc31-127f1a7109f3 req-29fe0da8-1ac7-4404-bc31-127f1a7109f3 ] Request (KeyPairsV210TestJSON:tearDownClass): 204 DELETE http://10.180.1.21/identity/v3/users/84505193413f44198a915fdacec4b42b 0.249s
2024-12-15 00:14:58.322 68690 INFO tempest.lib.common.dynamic_creds [-] Deleting project and security group for project: c9c4b5bf48774d35b1772c572cb4edbb
2024-12-15 00:14:58.377 68672 INFO tempest.lib.common.rest_client [req-19ccc115-d07b-4cf8-a32e-3c8b654d1aa1 req-19ccc115-d07b-4cf8-a32e-3c8b654d1aa1 ] Request (MigrationsAdminTest:setUpClass): 200 GET http://10.180.1.21/identity/v3/roles 0.085s
2024-12-15 00:14:58.397 68690 INFO tempest.lib.common.rest_client [req-729722e3-7623-4951-885d-5a1b5da94f81 req-729722e3-7623-4951-885d-5a1b5da94f81 ] Request (KeyPairsV210TestJSON:tearDownClass): 201 POST http://10.180.1.21/identity/v3/auth/tokens 0.074s
2024-12-15 00:14:58.405 68672 INFO tempest.lib.common.rest_client [req-74149238-b022-4d5e-b81b-251184a4e496 req-74149238-b022-4d5e-b81b-251184a4e496 ] Request (MigrationsAdminTest:setUpClass): 204 PUT http://10.180.1.21/identity/v3/projects/12f98400a43a4ee3b0866098ad04e2d5/users/1b353208be444a7fa4d9205d91806263/roles/262d8954bba7487ebc7d9c89bcff685c 0.027s
2024-12-15 00:14:58.451 68672 INFO tempest.lib.common.rest_client [req-0a9ac1a5-986b-43cc-bbd5-4385dce0ad72 req-0a9ac1a5-986b-43cc-bbd5-4385dce0ad72 ] Request (MigrationsAdminTest:setUpClass): 200 GET http://10.180.1.21/identity/v3/roles 0.045s
2024-12-15 00:14:58.469 68672 INFO tempest.lib.common.rest_client [req-4134cb0e-b406-4c3e-991e-a2675a83bac3 req-4134cb0e-b406-4c3e-991e-a2675a83bac3 ] Request (MigrationsAdminTest:setUpClass): 204 PUT http://10.180.1.21/identity/v3/projects/12f98400a43a4ee3b0866098ad04e2d5/users/1b353208be444a7fa4d9205d91806263/roles/262d8954bba7487ebc7d9c89bcff685c 0.018s
2024-12-15 00:14:58.469 68672 INFO tempest.lib.common.dynamic_creds [-] Dynamic test user 1b353208be444a7fa4d9205d91806263 is created with scope project and roles: ['admin']
2024-12-15 00:14:58.470 68672 INFO tempest.lib.common.dynamic_creds [-] Acquired dynamic creds: credentials: Credentials: {'domain_id': 'default', 'domain_name': 'Default', 'username': 'tempest-MigrationsAdminTest-658406058-project-admin', 'project_domain_id': 'default', 'project_domain_name': 'Default', 'project_id': '12f98400a43a4ee3b0866098ad04e2d5', 'project_name': 'tempest-MigrationsAdminTest-658406058', 'tenant_id': '12f98400a43a4ee3b0866098ad04e2d5', 'tenant_name': 'tempest-MigrationsAdminTest-658406058', 'user_domain_id': 'default', 'user_domain_name': 'Default', 'user_id': '1b353208be444a7fa4d9205d91806263', 'system': None}, Network: None, Subnet: None, Router: None
2024-12-15 00:14:58.470 68672 INFO tempest.lib.common.dynamic_creds [-] Created isolated network resources for: credentials: Credentials: {'domain_id': 'default', 'domain_name': 'Default', 'username': 'tempest-MigrationsAdminTest-658406058-project-admin', 'project_domain_id': 'default', 'project_domain_name': 'Default', 'project_id': '12f98400a43a4ee3b0866098ad04e2d5', 'project_name': 'tempest-MigrationsAdminTest-658406058', 'tenant_id': '12f98400a43a4ee3b0866098ad04e2d5', 'tenant_name': 'tempest-MigrationsAdminTest-658406058', 'user_domain_id': 'default', 'user_domain_name': 'Default', 'user_id': '1b353208be444a7fa4d9205d91806263', 'system': None}, Network: None, Subnet: None, Router: None
2024-12-15 00:14:58.546 68672 INFO tempest.lib.common.rest_client [req-a4fdd202-2815-4eee-975b-d3555c07c9a4 req-a4fdd202-2815-4eee-975b-d3555c07c9a4 ] Request (MigrationsAdminTest:setUpClass): 201 POST http://10.180.1.21/identity/v3/auth/tokens 0.069s
2024-12-15 00:14:58.558 68668 INFO tempest.lib.common.rest_client [req-42d2f404-07bd-4249-8653-70250a05685e req-42d2f404-07bd-4249-8653-70250a05685e ] Request (SecurityGroupRulesNegativeTestJSON:_run_cleanups): 202 DELETE http://10.180.1.21/compute/v2.1/os-security-group-rules/8f744fe1-5ec9-4b10-a71f-8309304775e1 0.940s
2024-12-15 00:14:58.579 68702 INFO tempest.lib.common.rest_client [req-61cb60f3-152f-427e-a375-309597c3574d req-61cb60f3-152f-427e-a375-309597c3574d ] Request (HostsAdminTestJSON:test_list_hosts_with_zone): 200 GET http://10.180.1.21/compute/v2.1/os-hosts?zone=internal 0.849s
2024-12-15 00:14:58.744 68698 INFO tempest.lib.common.rest_client [req-af85563e-2414-4358-b4f0-be327e892687 req-af85563e-2414-4358-b4f0-be327e892687 ] Request (ServersTestBootFromVolume:setUpClass): 200 GET http://10.180.1.21/volume/v3/volumes/27b49278-9c53-4dfc-bcfa-421d7a91de2e 0.036s
2024-12-15 00:14:58.754 68700 INFO tempest.lib.common.rest_client [req-98ef07c4-65dd-4837-bd3d-baf873a930b5 req-98ef07c4-65dd-4837-bd3d-baf873a930b5 ] Request (FlavorsV255TestJSON:tearDownClass): 200 GET http://10.180.1.21:9696/networking/v2.0/security-groups?tenant_id=d38ad5ec844c4680a76d87348b5198aa&name=default 0.485s
2024-12-15 00:14:58.794 68690 INFO tempest.lib.common.rest_client [req-0ee70a8d-ae81-47a9-8906-cbc212db8c90 req-0ee70a8d-ae81-47a9-8906-cbc212db8c90 ] Request (KeyPairsV210TestJSON:tearDownClass): 200 GET http://10.180.1.21:9696/networking/v2.0/security-groups?tenant_id=c9c4b5bf48774d35b1772c572cb4edbb&name=default 0.396s
2024-12-15 00:14:58.930 68690 INFO tempest.lib.common.rest_client [req-37cc3d36-7cd9-4820-90ac-7fe1f7546faf req-37cc3d36-7cd9-4820-90ac-7fe1f7546faf ] Request (KeyPairsV210TestJSON:tearDownClass): 204 DELETE http://10.180.1.21:9696/networking/v2.0/security-groups/58df55b0-a201-47b7-863f-d414a6b986ef 0.136s
2024-12-15 00:14:58.947 68720 INFO tempest.lib.common.rest_client [req-c4954fbd-6b98-4657-aa58-617ef2f37daa req-c4954fbd-6b98-4657-aa58-617ef2f37daa ] Request (FloatingIPsTestJSON:tearDownClass): 200 PUT http://10.180.1.21:9696/networking/v2.0/routers/5069c846-cbd8-448d-8007-e8a2879b96b5/remove_router_interface 1.908s
2024-12-15 00:14:58.959 68678 INFO tempest.lib.common.rest_client [req-a07220f8-be39-4377-83da-daade7825c71 req-a07220f8-be39-4377-83da-daade7825c71 ] Request (VolumesAssistedSnapshotsTest:test_volume_assisted_snapshot_create_delete): 202 POST http://10.180.1.21/compute/v2.1/servers 1.897s
2024-12-15 00:14:59.014 68700 INFO tempest.lib.common.rest_client [req-92d7c7b3-6177-4032-9e6b-d10d4a506512 req-92d7c7b3-6177-4032-9e6b-d10d4a506512 ] Request (FlavorsV255TestJSON:tearDownClass): 204 DELETE http://10.180.1.21:9696/networking/v2.0/security-groups/701211df-dd4e-4fdc-bb75-b62919da7e4d 0.259s
2024-12-15 00:14:59.044 68690 INFO tempest.lib.common.rest_client [req-59f2000c-5e8e-487f-9783-dc74e705468f req-59f2000c-5e8e-487f-9783-dc74e705468f ] Request (KeyPairsV210TestJSON:tearDownClass): 204 DELETE http://10.180.1.21/identity/v3/projects/c9c4b5bf48774d35b1772c572cb4edbb 0.114s
2024-12-15 00:14:59.045 68690 INFO tempest.lib.common.dynamic_creds [-] Deleting project and security group for project: 3a9d2cb351404a9c97d1ae77a857a17d
2024-12-15 00:14:59.125 68664 INFO tempest.lib.common.rest_client [req-9012c8de-d055-4d9c-97aa-0e2d14fd65a1 req-9012c8de-d055-4d9c-97aa-0e2d14fd65a1 ] Request (AggregatesAdminNegativeTestJSON:test_aggregate_add_host_as_user): 403 POST http://10.180.1.21/compute/v2.1/os-aggregates/2/action 1.364s
2024-12-15 00:14:59.137 68708 INFO tempest.lib.common.rest_client [req-d2aa4088-464b-45d2-960e-cf73f559dac3 req-d2aa4088-464b-45d2-960e-cf73f559dac3 ] Request (HostsAdminNegativeTestJSON:test_shutdown_nonexistent_host): 404 GET http://10.180.1.21/compute/v2.1/os-hosts/nonexistent_hostname/shutdown 1.357s
2024-12-15 00:14:59.153 68700 INFO tempest.lib.common.rest_client [req-9647fc03-9660-4127-a9b1-01da1239d8e5 req-9647fc03-9660-4127-a9b1-01da1239d8e5 ] Request (FlavorsV255TestJSON:tearDownClass): 204 DELETE http://10.180.1.21/identity/v3/projects/d38ad5ec844c4680a76d87348b5198aa 0.137s
2024-12-15 00:14:59.154 68700 INFO tempest.lib.common.dynamic_creds [-] Deleting project and security group for project: de06611b981c4b04b764952d256da02d
2024-12-15 00:14:59.199 68692 INFO tempest.lib.common.rest_client [req-e338cd67-6a21-4bbe-b4cf-beff603b1566 req-e338cd67-6a21-4bbe-b4cf-beff603b1566 ] Request (InstanceActionsV221TestJSON:setUpClass): 201 POST http://10.180.1.21:9696/networking/v2.0/routers 1.362s
2024-12-15 00:14:59.359 68690 INFO tempest.lib.common.rest_client [req-8b343c53-0bd8-45ef-b6d5-4a8fa743b8af req-8b343c53-0bd8-45ef-b6d5-4a8fa743b8af ] Request (KeyPairsV210TestJSON:tearDownClass): 200 GET http://10.180.1.21:9696/networking/v2.0/security-groups?tenant_id=3a9d2cb351404a9c97d1ae77a857a17d&name=default 0.314s
2024-12-15 00:14:59.365 68710 INFO tempest.lib.common.rest_client [req-0a71491a-f183-4769-848e-0918e00e2654 req-0a71491a-f183-4769-848e-0918e00e2654 ] Request (FloatingIPDetailsTestJSON:_run_cleanups): 202 DELETE http://10.180.1.21/compute/v2.1/os-floating-ips/cc409b2a-5b20-4d6f-929c-1b265e5bf52f 1.631s
2024-12-15 00:14:59.389 68696 INFO tempest.lib.common.rest_client [req-f9efced7-533e-4f75-9331-052906b4a0ff req-f9efced7-533e-4f75-9331-052906b4a0ff ] Request (HypervisorAdminNegativeUnderV252Test:test_show_servers_with_non_admin_user): 200 GET http://10.180.1.21/compute/v2.1/os-hypervisors 1.595s
2024-12-15 00:14:59.402 68706 INFO tempest.lib.common.rest_client [req-fdf31f53-275d-44d4-ab71-78d029729fd8 req-fdf31f53-275d-44d4-ab71-78d029729fd8 ] Request (FlavorsAccessNegativeTestJSON:test_flavor_access_list_with_public_flavor): 200 POST http://10.180.1.21/compute/v2.1/flavors 1.500s
2024-12-15 00:14:59.418 68670 INFO tempest.lib.common.rest_client [req-2374c7ee-6141-4cee-8ddb-8ea12cb2f5a0 req-2374c7ee-6141-4cee-8ddb-8ea12cb2f5a0 ] Request (ServersWithSpecificFlavorTestJSON:test_verify_created_server_ephemeral_disk): 200 POST http://10.180.1.21/compute/v2.1/flavors 1.504s
2024-12-15 00:14:59.433 68682 INFO tempest.lib.common.rest_client [req-69c4ebae-95b2-4a7a-9ac0-c2a5d97ca05b req-69c4ebae-95b2-4a7a-9ac0-c2a5d97ca05b ] Request (ImagesDeleteNegativeTestJSON:test_delete_image_non_hex_string_id): 404 DELETE http://10.180.1.21/compute/v2.1/images/b93dfb00-ac55-41c9-9728-218c3f510f2j 1.498s
2024-12-15 00:14:59.504 68700 INFO tempest.lib.common.rest_client [req-2466268f-2087-4066-8bb2-c63fd45e795c req-2466268f-2087-4066-8bb2-c63fd45e795c ] Request (FlavorsV255TestJSON:tearDownClass): 200 GET http://10.180.1.21:9696/networking/v2.0/security-groups?tenant_id=de06611b981c4b04b764952d256da02d&name=default 0.349s
2024-12-15 00:14:59.549 68694 INFO tempest.lib.common.rest_client [req-6220a4ad-31c1-40bb-a7e8-6319bd1184f1 req-6220a4ad-31c1-40bb-a7e8-6319bd1184f1 ] Request (QuotasAdminTestJSON:test_get_updated_quotas): 200 GET http://10.180.1.21/compute/v2.1/os-quota-sets/03e1ccf394774ab2a27483f0045944c6/detail 1.547s
2024-12-15 00:14:59.590 68694 INFO tempest.lib.common.rest_client [req-7ddb1b2d-267a-4f2a-9081-04a37ef982a4 req-7ddb1b2d-267a-4f2a-9081-04a37ef982a4 ] Request (QuotasAdminTestJSON:test_get_updated_quotas): 200 GET http://10.180.1.21/identity/v3/domains?name=Default 0.031s
2024-12-15 00:14:59.614 68666 INFO tempest.lib.common.rest_client [req-a0b4dd61-955e-42ab-9e6b-08bac6a0b93b req-a0b4dd61-955e-42ab-9e6b-08bac6a0b93b ] Request (QuotasAdminNegativeTest:test_create_server_when_cpu_quota_is_full): 403 POST http://10.180.1.21/compute/v2.1/servers 1.821s
2024-12-15 00:14:59.619 68694 INFO tempest.lib.common.rest_client [req-5e93f563-3239-4a1f-8453-eb79d64aac0e req-5e93f563-3239-4a1f-8453-eb79d64aac0e ] Request (QuotasAdminTestJSON:test_get_updated_quotas): 201 POST http://10.180.1.21/identity/v3/users 0.029s
2024-12-15 00:14:59.634 68680 INFO tempest.lib.common.rest_client [req-f1e82857-ab26-4a01-b1a0-b9cfd98913c0 req-f1e82857-ab26-4a01-b1a0-b9cfd98913c0 ] Request (VolumesAdminNegativeTest:test_update_attached_volume_with_nonexistent_volume_in_body): 200 GET http://10.180.1.21/compute/v2.1/servers/fb4b120d-4097-40af-a6e9-ee18a55fed58 1.618s
2024-12-15 00:14:59.645 68690 INFO tempest.lib.common.rest_client [req-c4cc0ded-4cdd-415b-a163-5358ac8701ed req-c4cc0ded-4cdd-415b-a163-5358ac8701ed ] Request (KeyPairsV210TestJSON:tearDownClass): 204 DELETE http://10.180.1.21:9696/networking/v2.0/security-groups/94384d7c-fcb2-451c-8b03-452f3152af80 0.285s
2024-12-15 00:14:59.646 68694 INFO tempest.lib.common.rest_client [req-aa37d579-a13b-469d-925c-db5cd40484a1 req-aa37d579-a13b-469d-925c-db5cd40484a1 ] Request (QuotasAdminTestJSON:test_get_updated_quotas): 200 GET http://10.180.1.21/identity/v3/domains?name=Default 0.026s
2024-12-15 00:14:59.662 68686 INFO tempest.lib.common.rest_client [req-ee0a3519-dd25-498b-a153-4e5865017525 req-ee0a3519-dd25-498b-a153-4e5865017525 ] Request (KeyPairsV22TestJSON:test_keypairs_create_list_delete): 201 POST http://10.180.1.21/compute/v2.1/os-keypairs 1.561s
2024-12-15 00:14:59.681 68718 INFO tempest.lib.common.rest_client [req-9143ed1e-51ee-4134-8409-32f656913b8c req-9143ed1e-51ee-4134-8409-32f656913b8c ] Request (FlavorsAccessTestJSON:test_flavor_access_list_with_private_flavor): 200 POST http://10.180.1.21/compute/v2.1/flavors 1.492s
2024-12-15 00:14:59.729 68689 INFO tempest.lib.common.rest_client [req-f36747a4-6fba-40b5-a845-48aad02e2f6b req-f36747a4-6fba-40b5-a845-48aad02e2f6b ] Request (ServerDiagnosticsTest:test_get_server_diagnostics): 200 GET http://10.180.1.21/compute/v2.1/servers/51f4045f-a7b8-4293-aa22-17b5cba7e7ce 1.607s
2024-12-15 00:14:59.735 68689 INFO tempest.common.waiters [-] State transition "BUILD/None" ==> "BUILD/networking" after 9 second wait
2024-12-15 00:14:59.753 68700 INFO tempest.lib.common.rest_client [req-508f9a33-6c5a-4a57-8cde-dfb3cedf0a39 req-508f9a33-6c5a-4a57-8cde-dfb3cedf0a39 ] Request (FlavorsV255TestJSON:tearDownClass): 204 DELETE http://10.180.1.21:9696/networking/v2.0/security-groups/72600a06-f54e-477b-856b-24919a39c7f9 0.248s
2024-12-15 00:14:59.772 68690 INFO tempest.lib.common.rest_client [req-06994722-0d69-4032-81d8-ae62bc0566a7 req-06994722-0d69-4032-81d8-ae62bc0566a7 ] Request (KeyPairsV210TestJSON:tearDownClass): 204 DELETE http://10.180.1.21/identity/v3/projects/3a9d2cb351404a9c97d1ae77a857a17d 0.127s
2024-12-15 00:14:59.791 68698 INFO tempest.lib.common.rest_client [req-f2f3351a-af0a-4f66-bfb2-3c1f3488a369 req-f2f3351a-af0a-4f66-bfb2-3c1f3488a369 ] Request (ServersTestBootFromVolume:setUpClass): 200 GET http://10.180.1.21/volume/v3/volumes/27b49278-9c53-4dfc-bcfa-421d7a91de2e 0.040s
2024-12-15 00:14:59.819 68712 INFO tempest.lib.common.rest_client [req-c7f8225d-2e90-4a5f-acea-46cdb9469882 req-c7f8225d-2e90-4a5f-acea-46cdb9469882 ] Request (SecurityGroupsTestJSON:setUpClass): 201 POST http://10.180.1.21:9696/networking/v2.0/routers 1.777s
2024-12-15 00:14:59.823 68690 INFO tempest.lib.common.rest_client [req-81dccb1c-c54a-45c4-a024-7af10f5de6e7 req-81dccb1c-c54a-45c4-a024-7af10f5de6e7 ] Request (QuotaClassesAdminTestJSON:setUpClass): 201 POST http://10.180.1.21/identity/v3/auth/tokens 0.049s
2024-12-15 00:14:59.871 68700 INFO tempest.lib.common.rest_client [req-77dfe058-f3e8-4a47-abb2-7c1baae76bdd req-77dfe058-f3e8-4a47-abb2-7c1baae76bdd ] Request (FlavorsV255TestJSON:tearDownClass): 204 DELETE http://10.180.1.21/identity/v3/projects/de06611b981c4b04b764952d256da02d 0.118s
2024-12-15 00:14:59.888 68724 INFO tempest.lib.common.rest_client [req-8c8a0eb7-a63c-4a32-ba18-1e0fab0c0721 req-8c8a0eb7-a63c-4a32-ba18-1e0fab0c0721 ] Request (ImagesNegativeTestJSON:test_create_image_from_deleted_server): 200 GET http://10.180.1.21/compute/v2.1/servers/2d62a651-bd46-4f8f-a000-dfdefe179ba8 1.496s
2024-12-15 00:14:59.892 68690 INFO tempest.lib.common.rest_client [req-702f2842-31c5-437e-ae4c-f886ddd71956 req-702f2842-31c5-437e-ae4c-f886ddd71956 ] Request (QuotaClassesAdminTestJSON:setUpClass): 201 POST http://10.180.1.21/identity/v3/auth/tokens 0.067s
2024-12-15 00:14:59.916 68700 INFO tempest.lib.common.rest_client [req-973253c2-c308-4e6a-baa8-1a70d07ea5fd req-973253c2-c308-4e6a-baa8-1a70d07ea5fd ] Request (ServersAdminTestJSON:setUpClass): 201 POST http://10.180.1.21/identity/v3/auth/tokens 0.043s
2024-12-15 00:14:59.921 68690 INFO tempest.lib.common.rest_client [req-cb4ea4a9-a4f6-4dbd-a6d3-7e607d933b72 req-cb4ea4a9-a4f6-4dbd-a6d3-7e607d933b72 ] Request (QuotaClassesAdminTestJSON:setUpClass): 200 GET http://10.180.1.21/identity/v3/domains?name=Default 0.028s
2024-12-15 00:14:59.954 68690 INFO tempest.lib.common.rest_client [req-748fa409-5845-4a89-a0be-132168d09aa1 req-748fa409-5845-4a89-a0be-132168d09aa1 ] Request (QuotaClassesAdminTestJSON:setUpClass): 201 POST http://10.180.1.21/identity/v3/projects 0.032s
2024-12-15 00:14:59.955 68726 INFO tempest.lib.common.rest_client [req-ea36f6f8-8a6d-4b85-9971-cd139eac1e3f req-ea36f6f8-8a6d-4b85-9971-cd139eac1e3f ] Request (DeleteServersAdminTestJSON:test_admin_delete_servers_of_others): 200 GET http://10.180.1.21/compute/v2.1/servers/ceb3d3dc-c15e-4039-91e5-6e8cdcced0ad 1.622s
2024-12-15 00:14:59.960 68700 INFO tempest.lib.common.rest_client [req-c8b6ebec-27a7-4745-af7b-ad946911b341 req-c8b6ebec-27a7-4745-af7b-ad946911b341 ] Request (ServersAdminTestJSON:setUpClass): 201 POST http://10.180.1.21/identity/v3/auth/tokens 0.040s
2024-12-15 00:14:59.967 68676 INFO tempest.lib.common.rest_client [req-fba6da9e-b4da-4e85-afdc-ab8560daa43e req-fba6da9e-b4da-4e85-afdc-ab8560daa43e ] Request (ServersAdmin275Test:test_rebuild_update_server_275): 200 GET http://10.180.1.21/compute/v2.1/servers/d9aff96a-c016-4c16-be2a-bbecfcc85093 1.558s
2024-12-15 00:14:59.975 68676 INFO tempest.common.waiters [-] State transition "BUILD/spawning" ==> "ACTIVE/None" after 12 second wait
2024-12-15 00:15:00.026 68690 INFO tempest.lib.common.rest_client [req-fb336aa1-127f-4354-80d5-ec3e327884a1 req-fb336aa1-127f-4354-80d5-ec3e327884a1 ] Request (QuotaClassesAdminTestJSON:setUpClass): 201 POST http://10.180.1.21/identity/v3/users 0.071s
2024-12-15 00:15:00.038 68720 INFO tempest.lib.common.rest_client [req-c5e3cf69-077c-44f8-853a-216543f364d5 req-c5e3cf69-077c-44f8-853a-216543f364d5 ] Request (FloatingIPsTestJSON:tearDownClass): 204 DELETE http://10.180.1.21:9696/networking/v2.0/routers/5069c846-cbd8-448d-8007-e8a2879b96b5 1.090s
2024-12-15 00:15:00.053 68700 INFO tempest.lib.common.rest_client [req-280570f1-901e-49ba-8b34-a1bc5b2d9b39 req-280570f1-901e-49ba-8b34-a1bc5b2d9b39 ] Request (ServersAdminTestJSON:setUpClass): 200 GET http://10.180.1.21/identity/v3/domains?name=Default 0.093s
2024-12-15 00:15:00.081 68690 INFO tempest.lib.common.rest_client [req-cfb06cd5-62eb-4c64-becb-5f1656d8a483 req-cfb06cd5-62eb-4c64-becb-5f1656d8a483 ] Request (QuotaClassesAdminTestJSON:setUpClass): 200 GET http://10.180.1.21/identity/v3/roles 0.054s
2024-12-15 00:15:00.115 68700 INFO tempest.lib.common.rest_client [req-13930562-f92d-4a82-9f1f-a96905f48400 req-13930562-f92d-4a82-9f1f-a96905f48400 ] Request (ServersAdminTestJSON:setUpClass): 201 POST http://10.180.1.21/identity/v3/projects 0.061s
2024-12-15 00:15:00.120 68672 INFO tempest.lib.common.rest_client [req-b1ee1cc7-2451-438b-b7a5-2480c50c5225 req-b1ee1cc7-2451-438b-b7a5-2480c50c5225 ] Request (MigrationsAdminTest:test_list_migrations): 200 GET http://10.180.1.21/compute/v2.1/os-migrations 1.572s
2024-12-15 00:15:00.127 68690 INFO tempest.lib.common.rest_client [req-e7a9a7ff-f4f2-4052-9155-d0fe99f4532e req-e7a9a7ff-f4f2-4052-9155-d0fe99f4532e ] Request (QuotaClassesAdminTestJSON:setUpClass): 204 PUT http://10.180.1.21/identity/v3/projects/917cf678c5934120963f552fe664c528/users/b9392c0b560341d989c8db41d5288bee/roles/e35e04079676449bb27fd68003bc8f8e 0.046s
2024-12-15 00:15:00.127 68690 INFO tempest.lib.common.dynamic_creds [-] Dynamic test user b9392c0b560341d989c8db41d5288bee is created with scope project and roles: ['member']
2024-12-15 00:15:00.128 68690 INFO tempest.lib.common.dynamic_creds [-] Acquired dynamic creds: credentials: Credentials: {'domain_id': 'default', 'domain_name': 'Default', 'username': 'tempest-QuotaClassesAdminTestJSON-1467321153-project-member', 'project_domain_id': 'default', 'project_domain_name': 'Default', 'project_id': '917cf678c5934120963f552fe664c528', 'project_name': 'tempest-QuotaClassesAdminTestJSON-1467321153', 'tenant_id': '917cf678c5934120963f552fe664c528', 'tenant_name': 'tempest-QuotaClassesAdminTestJSON-1467321153', 'user_domain_id': 'default', 'user_domain_name': 'Default', 'user_id': 'b9392c0b560341d989c8db41d5288bee', 'system': None}, Network: None, Subnet: None, Router: None
2024-12-15 00:15:00.128 68690 INFO tempest.lib.common.dynamic_creds [-] Created isolated network resources for: credentials: Credentials: {'domain_id': 'default', 'domain_name': 'Default', 'username': 'tempest-QuotaClassesAdminTestJSON-1467321153-project-member', 'project_domain_id': 'default', 'project_domain_name': 'Default', 'project_id': '917cf678c5934120963f552fe664c528', 'project_name': 'tempest-QuotaClassesAdminTestJSON-1467321153', 'tenant_id': '917cf678c5934120963f552fe664c528', 'tenant_name': 'tempest-QuotaClassesAdminTestJSON-1467321153', 'user_domain_id': 'default', 'user_domain_name': 'Default', 'user_id': 'b9392c0b560341d989c8db41d5288bee', 'system': None}, Network: None, Subnet: None, Router: None
2024-12-15 00:15:00.215 68672 INFO tempest.lib.common.rest_client [req-0ad3e2cb-d168-4458-8a62-59248af2924f req-0ad3e2cb-d168-4458-8a62-59248af2924f ] Request (MigrationsAdminTest:test_list_migrations_in_flavor_resize_situation): 201 POST http://10.180.1.21/identity/v3/auth/tokens 0.082s
2024-12-15 00:15:00.215 68672 INFO tempest.lib.common.fixed_network [-] (MigrationsAdminTest:test_list_migrations_in_flavor_resize_situation) Found network None available for tenant
2024-12-15 00:15:00.244 68717 INFO tempest.lib.common.rest_client [req-d69dd2b3-44a8-43c8-af80-7b6440d80c74 req-d69dd2b3-44a8-43c8-af80-7b6440d80c74 ] Request (ServerDiagnosticsNegativeTest:test_get_server_diagnostics_by_non_admin): 200 GET http://10.180.1.21/compute/v2.1/servers/2a74d990-c005-4f5c-97a5-d921d33a47e7 1.687s
2024-12-15 00:15:00.262 68700 INFO tempest.lib.common.rest_client [req-d583dd46-496b-4a3b-ab3b-4663fd64e502 req-d583dd46-496b-4a3b-ab3b-4663fd64e502 ] Request (ServersAdminTestJSON:setUpClass): 201 POST http://10.180.1.21/identity/v3/users 0.146s
2024-12-15 00:15:00.298 68700 INFO tempest.lib.common.rest_client [req-b7d45ab6-1096-488b-8bf5-a2e2b6333b1b req-b7d45ab6-1096-488b-8bf5-a2e2b6333b1b ] Request (ServersAdminTestJSON:setUpClass): 200 GET http://10.180.1.21/identity/v3/roles 0.035s
2024-12-15 00:15:00.342 68700 INFO tempest.lib.common.rest_client [req-f91b5b2e-5bba-4893-90ce-a1fc53275753 req-f91b5b2e-5bba-4893-90ce-a1fc53275753 ] Request (ServersAdminTestJSON:setUpClass): 204 PUT http://10.180.1.21/identity/v3/projects/7c9436d281384e73a7428ba01b43a8d9/users/5c412116cc69408eb3d96691a67f4926/roles/e35e04079676449bb27fd68003bc8f8e 0.044s
2024-12-15 00:15:00.342 68700 INFO tempest.lib.common.dynamic_creds [-] Dynamic test user 5c412116cc69408eb3d96691a67f4926 is created with scope project and roles: ['member']
2024-12-15 00:15:00.343 68700 INFO tempest.lib.common.dynamic_creds [-] Acquired dynamic creds: credentials: Credentials: {'domain_id': 'default', 'domain_name': 'Default', 'username': 'tempest-ServersAdminTestJSON-55094541-project-member', 'project_domain_id': 'default', 'project_domain_name': 'Default', 'project_id': '7c9436d281384e73a7428ba01b43a8d9', 'project_name': 'tempest-ServersAdminTestJSON-55094541', 'tenant_id': '7c9436d281384e73a7428ba01b43a8d9', 'tenant_name': 'tempest-ServersAdminTestJSON-55094541', 'user_domain_id': 'default', 'user_domain_name': 'Default', 'user_id': '5c412116cc69408eb3d96691a67f4926', 'system': None}, Network: None, Subnet: None, Router: None
