2024-12-15 00:16:20.172 68726 INFO tempest.lib.common.rest_client [req-18841286-3403-40a7-8dc0-009d7033b6b0 req-18841286-3403-40a7-8dc0-009d7033b6b0 ] Request (DeleteServersAdminTestJSON:test_delete_server_while_in_error_state): 200 GET http://10.180.1.21/compute/v2.1/servers/642c200a-966c-4477-b370-e15824a48ff6 0.114s
2024-12-15 00:16:20.175 68712 INFO tempest.lib.common.rest_client [req-a25805d2-5973-4d65-9742-bb16cfa9a807 req-a25805d2-5973-4d65-9742-bb16cfa9a807 ] Request (SecurityGroupsTestJSON:test_server_security_groups): 200 GET http://10.180.1.21/compute/v2.1/servers/1d606e17-3ee9-45e0-b92a-fb5e816720f0 0.071s
2024-12-15 00:16:20.230 68664 INFO tempest.lib.common.rest_client [req-f8d2a503-2587-4039-9a58-8757a5296040 req-f8d2a503-2587-4039-9a58-8757a5296040 ] Request (FloatingIPsAssociationTestJSON:setUpClass): 200 GET http://10.180.1.21/compute/v2.1/servers/a1233927-5630-45c5-bf14-eb81de95cf44 0.100s
2024-12-15 00:16:20.231 68696 INFO tempest.lib.common.rest_client [req-a99e1dbf-0cf1-46ab-b55b-d35980e1a09f req-a99e1dbf-0cf1-46ab-b55b-d35980e1a09f ] Request (ServerDiskConfigTestJSON:test_rebuild_server_with_manual_disk_config): 200 GET http://10.180.1.21/compute/v2.1/servers/02198b91-3757-44f5-aa10-c48ec83e47ab 0.069s
2024-12-15 00:16:20.296 68718 INFO tempest.lib.common.rest_client [req-9ad09149-2f3d-4552-b4fe-6c396b422ebb req-9ad09149-2f3d-4552-b4fe-6c396b422ebb ] Request (MultipleCreateTestJSON:test_multiple_create): 200 GET http://10.180.1.21/compute/v2.1/servers/cb97679a-6f0b-40fe-8f67-654c55c49f20 0.075s
2024-12-15 00:16:20.354 68692 INFO tempest.lib.common.rest_client [req-56f2c2cd-11ab-4f08-b491-90160c50241e req-56f2c2cd-11ab-4f08-b491-90160c50241e ] Request (ServerGroup264TestJSON:tearDownClass): 204 DELETE http://10.180.1.21:9696/networking/v2.0/routers/166ee815-890e-4b9c-bfd5-e36c92e25da1 0.568s
2024-12-15 00:16:20.357 68674 INFO tempest.lib.common.rest_client [req-48da6416-1056-48c3-b24b-bd04d92319a1 req-48da6416-1056-48c3-b24b-bd04d92319a1 ] Request (ImagesOneServerNegativeTestJSON:setUpClass): 200 GET http://10.180.1.21/compute/v2.1/servers/7cbdba76-b9f3-417d-b49f-6e3913fa290b 0.076s
2024-12-15 00:16:20.425 68700 INFO tempest.lib.common.rest_client [req-9a826987-f118-4915-816f-fea93997bd34 req-9a826987-f118-4915-816f-fea93997bd34 ] Request (ServersAdminTestJSON:test_create_server_with_scheduling_hint): 200 GET http://10.180.1.21/compute/v2.1/servers/ed48ab1b-0a5b-4d4e-b7e0-540b076b1bcd 0.088s
2024-12-15 00:16:20.440 68672 INFO tempest.lib.common.rest_client [req-95612f7b-4c1c-4716-bbe0-3ba2d12d5282 req-95612f7b-4c1c-4716-bbe0-3ba2d12d5282 ] Request (MigrationsAdminTest:test_list_migrations_in_flavor_resize_situation): 200 GET http://10.180.1.21/compute/v2.1/servers/cce4acfe-f3d9-4711-9e54-bfd0bb94c7ab 0.139s
2024-12-15 00:16:20.664 68706 INFO tempest.lib.common.rest_client [req-e083dc70-26c2-4c92-b106-1246b83e492e req-e083dc70-26c2-4c92-b106-1246b83e492e ] Request (FloatingIPsAssociationNegativeTestJSON:setUpClass): 200 GET http://10.180.1.21/compute/v2.1/servers/383a2fc7-69e5-4ca0-b3f2-667afe137190 0.317s
2024-12-15 00:16:20.672 68666 INFO tempest.lib.common.rest_client [req-ecdc7fb1-18df-4fe5-8a09-af089afac9ea req-ecdc7fb1-18df-4fe5-8a09-af089afac9ea ] Request (ServerActionsTestOtherA:setUpClass): 200 GET http://10.180.1.21/compute/v2.1/servers/7c42bab8-c89d-4040-bda6-2a1cbcda2da1 0.108s
2024-12-15 00:16:20.712 68694 INFO tempest.lib.common.rest_client [req-e9cf4b09-e7c0-4574-a6cd-053bb03b378a req-e9cf4b09-e7c0-4574-a6cd-053bb03b378a ] Request (ServerMetadataTestJSON:setUpClass): 200 GET http://10.180.1.21/compute/v2.1/servers/d376f0ba-dc4c-48a3-83f6-7b3c2c222d7a 0.140s
2024-12-15 00:16:20.724 68692 INFO tempest.lib.common.rest_client [req-e7b19070-d034-447b-9046-b8d11f99f7b9 req-e7b19070-d034-447b-9046-b8d11f99f7b9 ] Request (ServerGroup264TestJSON:tearDownClass): 204 DELETE http://10.180.1.21:9696/networking/v2.0/subnets/6751cf45-03a6-4a55-8f97-d799d839d5ca 0.369s
2024-12-15 00:16:20.735 68690 INFO tempest.lib.common.rest_client [req-cf19e5e5-5ea3-4567-b7d2-4d4e21bbb9b2 req-cf19e5e5-5ea3-4567-b7d2-4d4e21bbb9b2 ] Request (ServerExternalEventsTest:tearDownClass): 200 GET http://10.180.1.21/compute/v2.1/servers/dd9e2451-ff9f-4fb2-a486-df1a5ab36347 0.098s
2024-12-15 00:16:20.773 68723 INFO tempest.lib.common.rest_client [req-7c80f89a-e6c6-47b1-b16a-366761151479 req-7c80f89a-e6c6-47b1-b16a-366761151479 ] Request (ImagesOneServerTestJSON:tearDownClass): 200 GET http://10.180.1.21/compute/v2.1/servers/3310d50a-ed0a-41a0-899c-923bfdcdf159 0.126s
2024-12-15 00:16:20.790 68668 INFO tempest.lib.common.rest_client [req-5acba4b6-435b-4613-9830-6a3316d285ea req-5acba4b6-435b-4613-9830-6a3316d285ea ] Request (ServerShowV254Test:test_rebuild_server): 200 GET http://10.180.1.21/compute/v2.1/servers/c44451ce-ff63-44a7-a7dc-f84fd88afc38 0.063s
2024-12-15 00:16:20.840 68714 INFO tempest.lib.common.rest_client [req-07248a79-6377-4dbb-885e-d8779ec49122 req-07248a79-6377-4dbb-885e-d8779ec49122 ] Request (AttachInterfacesV270Test:tearDownClass): 200 GET http://10.180.1.21/compute/v2.1/servers/ef35217a-ca54-4d32-8c43-f4821cd2bdeb 0.111s
2024-12-15 00:16:20.859 68724 INFO tempest.lib.common.rest_client [req-4d161f5e-56ca-484d-b753-9f8cd42292a1 req-4d161f5e-56ca-484d-b753-9f8cd42292a1 ] Request (ServerAddressesTestJSON:setUpClass): 200 GET http://10.180.1.21/compute/v2.1/servers/63cc3567-f8dc-463c-a3d1-e96b74f533a8 0.078s
2024-12-15 00:16:20.936 68689 INFO tempest.lib.common.rest_client [req-4e80bee4-c29e-4735-870d-b1c04a56e423 req-4e80bee4-c29e-4735-870d-b1c04a56e423 ] Request (InstanceActionsTestJSON:setUpClass): 200 GET http://10.180.1.21/compute/v2.1/servers/2b460d0f-65c7-4a8c-a769-c94cbc6872dc 0.060s
2024-12-15 00:16:20.998 68717 INFO tempest.lib.common.rest_client [req-8f9e0b74-62cc-49aa-9098-57019d80915a req-8f9e0b74-62cc-49aa-9098-57019d80915a ] Request (TenantUsagesTestJSON:setUpClass): 200 GET http://10.180.1.21/compute/v2.1/servers/809dc4e0-b5bf-4f32-987b-08960c97fcca 0.064s
2024-12-15 00:16:21.006 68692 INFO tempest.lib.common.rest_client [req-4f2c0aa4-df7e-4ba5-a20e-9eb7cf3dbe0c req-4f2c0aa4-df7e-4ba5-a20e-9eb7cf3dbe0c ] Request (ServerGroup264TestJSON:tearDownClass): 204 DELETE http://10.180.1.21:9696/networking/v2.0/networks/c45d4e05-11c6-44a1-9489-7526dc96ca19 0.282s
2024-12-15 00:16:21.028 68686 INFO tempest.lib.common.rest_client [req-fac0ae97-6028-4359-9db6-63d95976846b req-fac0ae97-6028-4359-9db6-63d95976846b ] Request (ServersTestFqdnHostnames:test_create_server_with_fqdn_name): 200 GET http://10.180.1.21/compute/v2.1/servers/873c1c05-9f9f-41c7-9815-4a5fbeda8d24 0.128s
2024-12-15 00:16:21.036 68686 INFO tempest.common.waiters [-] State transition "BUILD/block_device_mapping" ==> "BUILD/spawning" after 45 second wait
2024-12-15 00:16:21.082 68692 INFO tempest.lib.common.rest_client [req-47e4e477-4741-463a-9bce-73aaab0372d7 req-47e4e477-4741-463a-9bce-73aaab0372d7 ] Request (ServerGroup264TestJSON:tearDownClass): 204 DELETE http://10.180.1.21/identity/v3/users/a50537c530c843f884da79d0baa38aa8 0.075s
2024-12-15 00:16:21.082 68692 INFO tempest.lib.common.dynamic_creds [-] Deleting project and security group for project: 73e379b143db4501895f083fa3e1ea70
2024-12-15 00:16:21.113 68684 INFO tempest.lib.common.rest_client [req-1537d985-6b32-4db0-b2e7-42b3649a5760 req-1537d985-6b32-4db0-b2e7-42b3649a5760 ] Request (ServersAdminNegativeTestJSON:tearDownClass): 200 GET http://10.180.1.21/compute/v2.1/servers/50bab324-a7f4-430e-81fa-36d4248bb3f4 0.063s
2024-12-15 00:16:21.124 68692 INFO tempest.lib.common.rest_client [req-7732bc6a-7927-43f8-b4e4-331ed4cca1f0 req-7732bc6a-7927-43f8-b4e4-331ed4cca1f0 ] Request (ServerGroup264TestJSON:tearDownClass): 200 GET http://10.180.1.21:9696/networking/v2.0/security-groups?tenant_id=73e379b143db4501895f083fa3e1ea70&name=default 0.041s
2024-12-15 00:16:21.213 68710 INFO tempest.lib.common.rest_client [req-aa433238-f700-4002-bfff-33323eeae353 req-aa433238-f700-4002-bfff-33323eeae353 ] Request (ServerShowV247Test:test_update_rebuild_list_server): 200 GET http://10.180.1.21/compute/v2.1/servers/faf41e9a-63f0-491b-9ad4-3452182d07fb 0.077s
2024-12-15 00:16:21.255 68692 INFO tempest.lib.common.rest_client [req-213288e6-4967-40a5-b586-375962137761 req-213288e6-4967-40a5-b586-375962137761 ] Request (ServerGroup264TestJSON:tearDownClass): 204 DELETE http://10.180.1.21:9696/networking/v2.0/security-groups/de66b103-1175-4f22-b30d-fe4135f21c57 0.131s
2024-12-15 00:16:21.264 68712 INFO tempest.lib.common.rest_client [req-3d7f3dd2-09ef-4c6d-8bb2-e5d749ee9220 req-3d7f3dd2-09ef-4c6d-8bb2-e5d749ee9220 ] Request (SecurityGroupsTestJSON:test_server_security_groups): 200 GET http://10.180.1.21/compute/v2.1/servers/1d606e17-3ee9-45e0-b92a-fb5e816720f0 0.078s
2024-12-15 00:16:21.325 68696 INFO tempest.lib.common.rest_client [req-568e18a4-46bb-4aaf-aa82-7a3fabe29911 req-568e18a4-46bb-4aaf-aa82-7a3fabe29911 ] Request (ServerDiskConfigTestJSON:test_rebuild_server_with_manual_disk_config): 200 GET http://10.180.1.21/compute/v2.1/servers/02198b91-3757-44f5-aa10-c48ec83e47ab 0.084s
2024-12-15 00:16:21.333 68726 INFO tempest.lib.common.rest_client [req-aeb812b4-46c2-4067-a44b-f4c2e16b2152 req-aeb812b4-46c2-4067-a44b-f4c2e16b2152 ] Request (DeleteServersAdminTestJSON:test_delete_server_while_in_error_state): 200 GET http://10.180.1.21/compute/v2.1/servers/642c200a-966c-4477-b370-e15824a48ff6 0.149s
2024-12-15 00:16:21.376 68692 INFO tempest.lib.common.rest_client [req-7e106b1f-e02d-42ee-bdef-73d814b78b41 req-7e106b1f-e02d-42ee-bdef-73d814b78b41 ] Request (ServerGroup264TestJSON:tearDownClass): 204 DELETE http://10.180.1.21/identity/v3/projects/73e379b143db4501895f083fa3e1ea70 0.120s
2024-12-15 00:16:21.379 68664 INFO tempest.lib.common.rest_client [req-0b09093d-8ab1-4ac9-b51f-8886fd213fbf req-0b09093d-8ab1-4ac9-b51f-8886fd213fbf ] Request (FloatingIPsAssociationTestJSON:setUpClass): 200 GET http://10.180.1.21/compute/v2.1/servers/a1233927-5630-45c5-bf14-eb81de95cf44 0.140s
2024-12-15 00:16:21.381 68718 INFO tempest.lib.common.rest_client [req-7865f19c-735e-4b52-a011-a08b25aa6676 req-7865f19c-735e-4b52-a011-a08b25aa6676 ] Request (MultipleCreateTestJSON:test_multiple_create): 200 GET http://10.180.1.21/compute/v2.1/servers/cb97679a-6f0b-40fe-8f67-654c55c49f20 0.077s
2024-12-15 00:16:21.431 68674 INFO tempest.lib.common.rest_client [req-57903e33-0902-4f74-8033-a4d5822462fd req-57903e33-0902-4f74-8033-a4d5822462fd ] Request (ImagesOneServerNegativeTestJSON:setUpClass): 200 GET http://10.180.1.21/compute/v2.1/servers/7cbdba76-b9f3-417d-b49f-6e3913fa290b 0.066s
2024-12-15 00:16:21.437 68692 INFO tempest.lib.common.rest_client [req-5718252a-1659-483b-a7e7-693cfcebd8d1 req-5718252a-1659-483b-a7e7-693cfcebd8d1 ] Request (AttachVolumeTestJSON:setUpClass): 201 POST http://10.180.1.21/identity/v3/auth/tokens 0.059s
2024-12-15 00:16:21.465 68692 INFO tempest.lib.common.rest_client [req-e26eefe2-7627-424f-9d1e-7434db837584 req-e26eefe2-7627-424f-9d1e-7434db837584 ] Request (AttachVolumeTestJSON:setUpClass): 201 POST http://10.180.1.21/identity/v3/auth/tokens 0.026s
2024-12-15 00:16:21.486 68700 INFO tempest.lib.common.rest_client [req-10af93ce-7853-4176-9290-314e3b5db407 req-10af93ce-7853-4176-9290-314e3b5db407 ] Request (ServersAdminTestJSON:test_create_server_with_scheduling_hint): 200 GET http://10.180.1.21/compute/v2.1/servers/ed48ab1b-0a5b-4d4e-b7e0-540b076b1bcd 0.054s
2024-12-15 00:16:21.494 68692 INFO tempest.lib.common.rest_client [req-8975f2c3-9dbb-42d4-845a-98227f13d66c req-8975f2c3-9dbb-42d4-845a-98227f13d66c ] Request (AttachVolumeTestJSON:setUpClass): 200 GET http://10.180.1.21/identity/v3/domains?name=Default 0.029s
2024-12-15 00:16:21.525 68692 INFO tempest.lib.common.rest_client [req-cab7c974-1260-4398-8df7-acfee79caaf1 req-cab7c974-1260-4398-8df7-acfee79caaf1 ] Request (AttachVolumeTestJSON:setUpClass): 201 POST http://10.180.1.21/identity/v3/projects 0.030s
2024-12-15 00:16:21.551 68672 INFO tempest.lib.common.rest_client [req-c4526f95-5a26-4fad-acf7-8d04c66ccaf4 req-c4526f95-5a26-4fad-acf7-8d04c66ccaf4 ] Request (MigrationsAdminTest:test_list_migrations_in_flavor_resize_situation): 200 GET http://10.180.1.21/compute/v2.1/servers/cce4acfe-f3d9-4711-9e54-bfd0bb94c7ab 0.105s
2024-12-15 00:16:21.575 68692 INFO tempest.lib.common.rest_client [req-e40824df-d529-4160-83a6-187f7464c2f2 req-e40824df-d529-4160-83a6-187f7464c2f2 ] Request (AttachVolumeTestJSON:setUpClass): 201 POST http://10.180.1.21/identity/v3/users 0.050s
2024-12-15 00:16:21.595 68692 INFO tempest.lib.common.rest_client [req-4b34c5d6-6599-4e78-a854-af9bb44385a3 req-4b34c5d6-6599-4e78-a854-af9bb44385a3 ] Request (AttachVolumeTestJSON:setUpClass): 200 GET http://10.180.1.21/identity/v3/roles 0.019s
2024-12-15 00:16:21.619 68692 INFO tempest.lib.common.rest_client [req-9788fd4a-a26b-4a22-840f-34113c95906e req-9788fd4a-a26b-4a22-840f-34113c95906e ] Request (AttachVolumeTestJSON:setUpClass): 204 PUT http://10.180.1.21/identity/v3/projects/c35dabbb56da421eb29776a5623274a3/users/fbe43411aac94356a2f1be4c6d26f588/roles/e35e04079676449bb27fd68003bc8f8e 0.024s
2024-12-15 00:16:21.619 68692 INFO tempest.lib.common.dynamic_creds [-] Dynamic test user fbe43411aac94356a2f1be4c6d26f588 is created with scope project and roles: ['member']
2024-12-15 00:16:21.620 68692 INFO tempest.lib.common.dynamic_creds [-] Acquired dynamic creds: credentials: Credentials: {'domain_id': 'default', 'domain_name': 'Default', 'username': 'tempest-AttachVolumeTestJSON-1907381174-project-member', 'project_domain_id': 'default', 'project_domain_name': 'Default', 'project_id': 'c35dabbb56da421eb29776a5623274a3', 'project_name': 'tempest-AttachVolumeTestJSON-1907381174', 'tenant_id': 'c35dabbb56da421eb29776a5623274a3', 'tenant_name': 'tempest-AttachVolumeTestJSON-1907381174', 'user_domain_id': 'default', 'user_domain_name': 'Default', 'user_id': 'fbe43411aac94356a2f1be4c6d26f588', 'system': None}, Network: None, Subnet: None, Router: None
2024-12-15 00:16:21.670 68692 INFO tempest.lib.common.rest_client [req-1a62a0eb-fbe4-41ea-a14b-b811cdae8629 req-1a62a0eb-fbe4-41ea-a14b-b811cdae8629 ] Request (AttachVolumeTestJSON:setUpClass): 201 POST http://10.180.1.21/identity/v3/auth/tokens 0.050s
2024-12-15 00:16:21.725 68706 INFO tempest.lib.common.rest_client [req-b07103a0-7c7a-4f9d-a8aa-54e3551a058d req-b07103a0-7c7a-4f9d-a8aa-54e3551a058d ] Request (FloatingIPsAssociationNegativeTestJSON:setUpClass): 200 GET http://10.180.1.21/compute/v2.1/servers/383a2fc7-69e5-4ca0-b3f2-667afe137190 0.053s
2024-12-15 00:16:21.772 68694 INFO tempest.lib.common.rest_client [req-c6ac5187-0b5b-46d8-82ff-5601d29ef05c req-c6ac5187-0b5b-46d8-82ff-5601d29ef05c ] Request (ServerMetadataTestJSON:setUpClass): 200 GET http://10.180.1.21/compute/v2.1/servers/d376f0ba-dc4c-48a3-83f6-7b3c2c222d7a 0.050s
2024-12-15 00:16:21.807 68666 INFO tempest.lib.common.rest_client [req-79c1bc3d-511f-473e-b6d4-f920ee71b11e req-79c1bc3d-511f-473e-b6d4-f920ee71b11e ] Request (ServerActionsTestOtherA:setUpClass): 200 GET http://10.180.1.21/compute/v2.1/servers/7c42bab8-c89d-4040-bda6-2a1cbcda2da1 0.127s
2024-12-15 00:16:21.832 68690 INFO tempest.lib.common.rest_client [req-71007c34-9428-4e06-b071-fc69d4ba1fec req-71007c34-9428-4e06-b071-fc69d4ba1fec ] Request (ServerExternalEventsTest:tearDownClass): 200 GET http://10.180.1.21/compute/v2.1/servers/dd9e2451-ff9f-4fb2-a486-df1a5ab36347 0.090s
2024-12-15 00:16:21.885 68723 INFO tempest.lib.common.rest_client [req-bc9460c2-b572-4b51-a2e6-8cb7e08b9eb8 req-bc9460c2-b572-4b51-a2e6-8cb7e08b9eb8 ] Request (ImagesOneServerTestJSON:tearDownClass): 200 GET http://10.180.1.21/compute/v2.1/servers/3310d50a-ed0a-41a0-899c-923bfdcdf159 0.103s
2024-12-15 00:16:21.891 68668 INFO tempest.lib.common.rest_client [req-ca6cbd49-f147-49e0-bb3e-7832572ad6bd req-ca6cbd49-f147-49e0-bb3e-7832572ad6bd ] Request (ServerShowV254Test:test_rebuild_server): 200 GET http://10.180.1.21/compute/v2.1/servers/c44451ce-ff63-44a7-a7dc-f84fd88afc38 0.091s
2024-12-15 00:16:21.901 68668 INFO tempest.common.waiters [-] State transition "BUILD/None" ==> "BUILD/networking" after 45 second wait
2024-12-15 00:16:21.917 68692 INFO tempest.lib.common.rest_client [req-debf3f8f-b6d3-4961-b849-90d76e56daa2 req-debf3f8f-b6d3-4961-b849-90d76e56daa2 ] Request (AttachVolumeTestJSON:setUpClass): 201 POST http://10.180.1.21:9696/networking/v2.0/networks 0.247s
2024-12-15 00:16:21.941 68724 INFO tempest.lib.common.rest_client [req-e72cfe2a-37b0-4456-b29c-622068dec52c req-e72cfe2a-37b0-4456-b29c-622068dec52c ] Request (ServerAddressesTestJSON:setUpClass): 200 GET http://10.180.1.21/compute/v2.1/servers/63cc3567-f8dc-463c-a3d1-e96b74f533a8 0.073s
2024-12-15 00:16:21.956 68714 INFO tempest.lib.common.rest_client [req-580114c7-ccee-4622-958e-9e8bd2561dce req-580114c7-ccee-4622-958e-9e8bd2561dce ] Request (AttachInterfacesV270Test:tearDownClass): 200 GET http://10.180.1.21/compute/v2.1/servers/ef35217a-ca54-4d32-8c43-f4821cd2bdeb 0.098s
2024-12-15 00:16:21.993 68689 INFO tempest.lib.common.rest_client [req-5f5bf0bd-6a5d-4624-beb8-c09e79b1b8f5 req-5f5bf0bd-6a5d-4624-beb8-c09e79b1b8f5 ] Request (InstanceActionsTestJSON:setUpClass): 200 GET http://10.180.1.21/compute/v2.1/servers/2b460d0f-65c7-4a8c-a769-c94cbc6872dc 0.046s
2024-12-15 00:16:22.063 68717 INFO tempest.lib.common.rest_client [req-e5e454ce-7620-4d78-a3e3-88bc5a3ed0f5 req-e5e454ce-7620-4d78-a3e3-88bc5a3ed0f5 ] Request (TenantUsagesTestJSON:setUpClass): 200 GET http://10.180.1.21/compute/v2.1/servers/809dc4e0-b5bf-4f32-987b-08960c97fcca 0.051s
2024-12-15 00:16:22.091 68692 INFO tempest.lib.common.rest_client [req-62826e66-62db-492b-96d2-92443c646951 req-62826e66-62db-492b-96d2-92443c646951 ] Request (AttachVolumeTestJSON:setUpClass): 201 POST http://10.180.1.21:9696/networking/v2.0/subnets 0.173s
2024-12-15 00:16:22.161 68686 INFO tempest.lib.common.rest_client [req-960a6c75-6fed-4bd0-979e-4978795154b0 req-960a6c75-6fed-4bd0-979e-4978795154b0 ] Request (ServersTestFqdnHostnames:test_create_server_with_fqdn_name): 200 GET http://10.180.1.21/compute/v2.1/servers/873c1c05-9f9f-41c7-9815-4a5fbeda8d24 0.124s
2024-12-15 00:16:22.202 68684 INFO tempest.lib.common.rest_client [req-8d1fb8d8-3adf-4a2e-bb22-a8c796aed591 req-8d1fb8d8-3adf-4a2e-bb22-a8c796aed591 ] Request (ServersAdminNegativeTestJSON:tearDownClass): 200 GET http://10.180.1.21/compute/v2.1/servers/50bab324-a7f4-430e-81fa-36d4248bb3f4 0.081s
2024-12-15 00:16:22.287 68710 INFO tempest.lib.common.rest_client [req-4ff52788-ed1d-4642-830d-338e67427f5d req-4ff52788-ed1d-4642-830d-338e67427f5d ] Request (ServerShowV247Test:test_update_rebuild_list_server): 200 GET http://10.180.1.21/compute/v2.1/servers/faf41e9a-63f0-491b-9ad4-3452182d07fb 0.064s
2024-12-15 00:16:22.361 68712 INFO tempest.lib.common.rest_client [req-76b845bf-ae5e-4393-95b3-bf13c4df4a27 req-76b845bf-ae5e-4393-95b3-bf13c4df4a27 ] Request (SecurityGroupsTestJSON:test_server_security_groups): 200 GET http://10.180.1.21/compute/v2.1/servers/1d606e17-3ee9-45e0-b92a-fb5e816720f0 0.090s
2024-12-15 00:16:22.402 68696 INFO tempest.lib.common.rest_client [req-f376d718-579a-4db5-9dd7-ea3e55862d5e req-f376d718-579a-4db5-9dd7-ea3e55862d5e ] Request (ServerDiskConfigTestJSON:test_rebuild_server_with_manual_disk_config): 200 GET http://10.180.1.21/compute/v2.1/servers/02198b91-3757-44f5-aa10-c48ec83e47ab 0.068s
2024-12-15 00:16:22.441 68726 INFO tempest.lib.common.rest_client [req-1d8828c5-e3a2-4264-b819-06ad3d1906c0 req-1d8828c5-e3a2-4264-b819-06ad3d1906c0 ] Request (DeleteServersAdminTestJSON:test_delete_server_while_in_error_state): 200 GET http://10.180.1.21/compute/v2.1/servers/642c200a-966c-4477-b370-e15824a48ff6 0.100s
2024-12-15 00:16:22.453 68664 INFO tempest.lib.common.rest_client [req-0b6561ec-f7aa-466d-a166-dd51a9231dcf req-0b6561ec-f7aa-466d-a166-dd51a9231dcf ] Request (FloatingIPsAssociationTestJSON:setUpClass): 200 GET http://10.180.1.21/compute/v2.1/servers/a1233927-5630-45c5-bf14-eb81de95cf44 0.066s
2024-12-15 00:16:22.504 68674 INFO tempest.lib.common.rest_client [req-afea84ad-b2b8-4707-b429-20b74c810b25 req-afea84ad-b2b8-4707-b429-20b74c810b25 ] Request (ImagesOneServerNegativeTestJSON:setUpClass): 200 GET http://10.180.1.21/compute/v2.1/servers/7cbdba76-b9f3-417d-b49f-6e3913fa290b 0.065s
2024-12-15 00:16:22.506 68718 INFO tempest.lib.common.rest_client [req-dc495121-b795-45da-9b74-1decd6cce57f req-dc495121-b795-45da-9b74-1decd6cce57f ] Request (MultipleCreateTestJSON:test_multiple_create): 200 GET http://10.180.1.21/compute/v2.1/servers/cb97679a-6f0b-40fe-8f67-654c55c49f20 0.116s
2024-12-15 00:16:22.550 68700 INFO tempest.lib.common.rest_client [req-1abeccd8-129e-481d-92bc-12b206210291 req-1abeccd8-129e-481d-92bc-12b206210291 ] Request (ServersAdminTestJSON:test_create_server_with_scheduling_hint): 200 GET http://10.180.1.21/compute/v2.1/servers/ed48ab1b-0a5b-4d4e-b7e0-540b076b1bcd 0.056s
2024-12-15 00:16:22.695 68672 INFO tempest.lib.common.rest_client [req-c87e7684-2e33-4be5-bcc9-5abafd0929b2 req-c87e7684-2e33-4be5-bcc9-5abafd0929b2 ] Request (MigrationsAdminTest:test_list_migrations_in_flavor_resize_situation): 200 GET http://10.180.1.21/compute/v2.1/servers/cce4acfe-f3d9-4711-9e54-bfd0bb94c7ab 0.137s
2024-12-15 00:16:22.787 68706 INFO tempest.lib.common.rest_client [req-f0ab7a94-03e6-40a4-95a9-c2b363f1b2a9 req-f0ab7a94-03e6-40a4-95a9-c2b363f1b2a9 ] Request (FloatingIPsAssociationNegativeTestJSON:setUpClass): 200 GET http://10.180.1.21/compute/v2.1/servers/383a2fc7-69e5-4ca0-b3f2-667afe137190 0.052s
2024-12-15 00:16:22.831 68694 INFO tempest.lib.common.rest_client [req-6b4b3151-12ed-4e30-9d0c-614ecf2af6eb req-6b4b3151-12ed-4e30-9d0c-614ecf2af6eb ] Request (ServerMetadataTestJSON:setUpClass): 200 GET http://10.180.1.21/compute/v2.1/servers/d376f0ba-dc4c-48a3-83f6-7b3c2c222d7a 0.049s
2024-12-15 00:16:22.937 68666 INFO tempest.lib.common.rest_client [req-617d7f08-66ba-404d-ba60-021b702465d0 req-617d7f08-66ba-404d-ba60-021b702465d0 ] Request (ServerActionsTestOtherA:setUpClass): 200 GET http://10.180.1.21/compute/v2.1/servers/7c42bab8-c89d-4040-bda6-2a1cbcda2da1 0.122s
2024-12-15 00:16:22.998 68723 INFO tempest.lib.common.rest_client [req-a789c711-26a5-48df-9e3b-16ad6bdcedf0 req-a789c711-26a5-48df-9e3b-16ad6bdcedf0 ] Request (ImagesOneServerTestJSON:tearDownClass): 200 GET http://10.180.1.21/compute/v2.1/servers/3310d50a-ed0a-41a0-899c-923bfdcdf159 0.106s
2024-12-15 00:16:23.048 68668 INFO tempest.lib.common.rest_client [req-e6cfad90-0c2d-4c4b-bd8d-5995a1bb3b94 req-e6cfad90-0c2d-4c4b-bd8d-5995a1bb3b94 ] Request (ServerShowV254Test:test_rebuild_server): 200 GET http://10.180.1.21/compute/v2.1/servers/c44451ce-ff63-44a7-a7dc-f84fd88afc38 0.146s
2024-12-15 00:16:23.058 68668 INFO tempest.common.waiters [-] State transition "BUILD/networking" ==> "BUILD/spawning" after 47 second wait
2024-12-15 00:16:23.096 68724 INFO tempest.lib.common.rest_client [req-c0073a44-d06b-4545-89a4-0462424d7434 req-c0073a44-d06b-4545-89a4-0462424d7434 ] Request (ServerAddressesTestJSON:setUpClass): 200 GET http://10.180.1.21/compute/v2.1/servers/63cc3567-f8dc-463c-a3d1-e96b74f533a8 0.147s
2024-12-15 00:16:23.147 68692 INFO tempest.lib.common.rest_client [req-458ed3d3-0ab0-40c3-be0c-fb70fd7c1f4f req-458ed3d3-0ab0-40c3-be0c-fb70fd7c1f4f ] Request (AttachVolumeTestJSON:setUpClass): 201 POST http://10.180.1.21:9696/networking/v2.0/routers 1.055s
2024-12-15 00:16:23.147 68690 INFO tempest.lib.common.rest_client [req-ef5cb925-6e21-4f27-944a-d7c1c8ebea85 req-ef5cb925-6e21-4f27-944a-d7c1c8ebea85 ] Request (ServerExternalEventsTest:tearDownClass): 200 GET http://10.180.1.21/compute/v2.1/servers/dd9e2451-ff9f-4fb2-a486-df1a5ab36347 0.307s
2024-12-15 00:16:23.176 68714 INFO tempest.lib.common.rest_client [req-2f1fb517-6a6a-4c60-8eb6-6549e0323941 req-2f1fb517-6a6a-4c60-8eb6-6549e0323941 ] Request (AttachInterfacesV270Test:tearDownClass): 200 GET http://10.180.1.21/compute/v2.1/servers/ef35217a-ca54-4d32-8c43-f4821cd2bdeb 0.209s
2024-12-15 00:16:23.204 68689 INFO tempest.lib.common.rest_client [req-ece2b697-ee4f-4882-b2a1-06179e9c8179 req-ece2b697-ee4f-4882-b2a1-06179e9c8179 ] Request (InstanceActionsTestJSON:setUpClass): 200 GET http://10.180.1.21/compute/v2.1/servers/2b460d0f-65c7-4a8c-a769-c94cbc6872dc 0.204s
2024-12-15 00:16:23.234 68717 INFO tempest.lib.common.rest_client [req-37334ba0-6680-45b8-9258-7b0eddb228f2 req-37334ba0-6680-45b8-9258-7b0eddb228f2 ] Request (TenantUsagesTestJSON:setUpClass): 200 GET http://10.180.1.21/compute/v2.1/servers/809dc4e0-b5bf-4f32-987b-08960c97fcca 0.161s
2024-12-15 00:16:23.393 68686 INFO tempest.lib.common.rest_client [req-d506ddc0-dea1-4e71-9e58-6ffa237c6bb8 req-d506ddc0-dea1-4e71-9e58-6ffa237c6bb8 ] Request (ServersTestFqdnHostnames:test_create_server_with_fqdn_name): 200 GET http://10.180.1.21/compute/v2.1/servers/873c1c05-9f9f-41c7-9815-4a5fbeda8d24 0.225s
2024-12-15 00:16:23.448 68710 INFO tempest.lib.common.rest_client [req-d850bc48-7d24-459a-a070-52fa468a8c24 req-d850bc48-7d24-459a-a070-52fa468a8c24 ] Request (ServerShowV247Test:test_update_rebuild_list_server): 200 GET http://10.180.1.21/compute/v2.1/servers/faf41e9a-63f0-491b-9ad4-3452182d07fb 0.152s
2024-12-15 00:16:23.508 68712 INFO tempest.lib.common.rest_client [req-38731e08-3427-43e3-9f11-8d05a2fa1374 req-38731e08-3427-43e3-9f11-8d05a2fa1374 ] Request (SecurityGroupsTestJSON:test_server_security_groups): 200 GET http://10.180.1.21/compute/v2.1/servers/1d606e17-3ee9-45e0-b92a-fb5e816720f0 0.139s
2024-12-15 00:16:23.531 68684 INFO tempest.lib.common.rest_client [req-548f5c95-880c-4dec-a9a0-0fde2e6c9f5e req-548f5c95-880c-4dec-a9a0-0fde2e6c9f5e ] Request (ServersAdminNegativeTestJSON:tearDownClass): 200 GET http://10.180.1.21/compute/v2.1/servers/50bab324-a7f4-430e-81fa-36d4248bb3f4 0.318s
2024-12-15 00:16:23.569 68696 INFO tempest.lib.common.rest_client [req-ab0f9860-c2c4-4a60-85c5-3405c7962ec0 req-ab0f9860-c2c4-4a60-85c5-3405c7962ec0 ] Request (ServerDiskConfigTestJSON:test_rebuild_server_with_manual_disk_config): 200 GET http://10.180.1.21/compute/v2.1/servers/02198b91-3757-44f5-aa10-c48ec83e47ab 0.160s
2024-12-15 00:16:23.588 68726 INFO tempest.lib.common.rest_client [req-88af29da-cd6c-42bb-a410-62db68fc5e2b req-88af29da-cd6c-42bb-a410-62db68fc5e2b ] Request (DeleteServersAdminTestJSON:test_delete_server_while_in_error_state): 200 GET http://10.180.1.21/compute/v2.1/servers/642c200a-966c-4477-b370-e15824a48ff6 0.138s
2024-12-15 00:16:23.594 68726 INFO tempest.common.waiters [-] State transition "ERROR/deleting" ==> "DELETED/None" after 4 second wait
2024-12-15 00:16:23.636 68718 INFO tempest.lib.common.rest_client [req-358e35d8-ffbb-4f44-a93f-2149854d73be req-358e35d8-ffbb-4f44-a93f-2149854d73be ] Request (MultipleCreateTestJSON:test_multiple_create): 200 GET http://10.180.1.21/compute/v2.1/servers/cb97679a-6f0b-40fe-8f67-654c55c49f20 0.118s
2024-12-15 00:16:23.649 68664 INFO tempest.lib.common.rest_client [req-7f9f597b-7bad-4cef-8313-914fff60b9cb req-7f9f597b-7bad-4cef-8313-914fff60b9cb ] Request (FloatingIPsAssociationTestJSON:setUpClass): 200 GET http://10.180.1.21/compute/v2.1/servers/a1233927-5630-45c5-bf14-eb81de95cf44 0.186s
2024-12-15 00:16:23.692 68674 INFO tempest.lib.common.rest_client [req-ebaf4897-75a1-4f7d-8d11-09da55bb2d27 req-ebaf4897-75a1-4f7d-8d11-09da55bb2d27 ] Request (ImagesOneServerNegativeTestJSON:setUpClass): 200 GET http://10.180.1.21/compute/v2.1/servers/7cbdba76-b9f3-417d-b49f-6e3913fa290b 0.172s
2024-12-15 00:16:23.707 68700 INFO tempest.lib.common.rest_client [req-d02d5c13-2efd-4111-8f25-0284d82e444b req-d02d5c13-2efd-4111-8f25-0284d82e444b ] Request (ServersAdminTestJSON:test_create_server_with_scheduling_hint): 200 GET http://10.180.1.21/compute/v2.1/servers/ed48ab1b-0a5b-4d4e-b7e0-540b076b1bcd 0.145s
2024-12-15 00:16:23.840 68672 INFO tempest.lib.common.rest_client [req-40e1521e-335e-4d33-8815-dea74cf5c45c req-40e1521e-335e-4d33-8815-dea74cf5c45c ] Request (MigrationsAdminTest:test_list_migrations_in_flavor_resize_situation): 200 GET http://10.180.1.21/compute/v2.1/servers/cce4acfe-f3d9-4711-9e54-bfd0bb94c7ab 0.138s
2024-12-15 00:16:23.864 68706 INFO tempest.lib.common.rest_client [req-44e40111-f477-4131-8e13-8e85ac859b47 req-44e40111-f477-4131-8e13-8e85ac859b47 ] Request (FloatingIPsAssociationNegativeTestJSON:setUpClass): 200 GET http://10.180.1.21/compute/v2.1/servers/383a2fc7-69e5-4ca0-b3f2-667afe137190 0.068s
2024-12-15 00:16:23.888 68694 INFO tempest.lib.common.rest_client [req-a25f41f4-12e9-4763-b3f6-0aa6a2667ed8 req-a25f41f4-12e9-4763-b3f6-0aa6a2667ed8 ] Request (ServerMetadataTestJSON:setUpClass): 200 GET http://10.180.1.21/compute/v2.1/servers/d376f0ba-dc4c-48a3-83f6-7b3c2c222d7a 0.050s
2024-12-15 00:16:24.058 68723 INFO tempest.lib.common.rest_client [req-17785751-6c2d-4220-8ae6-b98a24ec2bea req-17785751-6c2d-4220-8ae6-b98a24ec2bea ] Request (ImagesOneServerTestJSON:tearDownClass): 200 GET http://10.180.1.21/compute/v2.1/servers/3310d50a-ed0a-41a0-899c-923bfdcdf159 0.053s
2024-12-15 00:16:24.070 68666 INFO tempest.lib.common.rest_client [req-e95eab9d-ea8e-4905-b947-b4cc8761dc95 req-e95eab9d-ea8e-4905-b947-b4cc8761dc95 ] Request (ServerActionsTestOtherA:setUpClass): 200 GET http://10.180.1.21/compute/v2.1/servers/7c42bab8-c89d-4040-bda6-2a1cbcda2da1 0.126s
2024-12-15 00:16:24.112 68668 INFO tempest.lib.common.rest_client [req-e69c1654-6199-4130-b3db-57d61fd70cdd req-e69c1654-6199-4130-b3db-57d61fd70cdd ] Request (ServerShowV254Test:test_rebuild_server): 200 GET http://10.180.1.21/compute/v2.1/servers/c44451ce-ff63-44a7-a7dc-f84fd88afc38 0.052s
2024-12-15 00:16:24.173 68724 INFO tempest.lib.common.rest_client [req-5692269a-34cb-4eb1-b6d0-25f82618ac67 req-5692269a-34cb-4eb1-b6d0-25f82618ac67 ] Request (ServerAddressesTestJSON:setUpClass): 200 GET http://10.180.1.21/compute/v2.1/servers/63cc3567-f8dc-463c-a3d1-e96b74f533a8 0.066s
2024-12-15 00:16:24.223 68690 INFO tempest.lib.common.rest_client [req-745aa3bf-3a68-416d-a2e4-baff97e2834a req-745aa3bf-3a68-416d-a2e4-baff97e2834a ] Request (ServerExternalEventsTest:tearDownClass): 200 GET http://10.180.1.21/compute/v2.1/servers/dd9e2451-ff9f-4fb2-a486-df1a5ab36347 0.066s
2024-12-15 00:16:24.274 68714 INFO tempest.lib.common.rest_client [req-dd01a4c1-9577-46c0-8cbc-6b6130dbab9a req-dd01a4c1-9577-46c0-8cbc-6b6130dbab9a ] Request (AttachInterfacesV270Test:tearDownClass): 200 GET http://10.180.1.21/compute/v2.1/servers/ef35217a-ca54-4d32-8c43-f4821cd2bdeb 0.086s
2024-12-15 00:16:24.283 68689 INFO tempest.lib.common.rest_client [req-c6b95b06-217e-4d73-99ed-cfc0e4ab06ab req-c6b95b06-217e-4d73-99ed-cfc0e4ab06ab ] Request (InstanceActionsTestJSON:setUpClass): 200 GET http://10.180.1.21/compute/v2.1/servers/2b460d0f-65c7-4a8c-a769-c94cbc6872dc 0.068s
2024-12-15 00:16:24.334 68717 INFO tempest.lib.common.rest_client [req-b7678f57-1ee8-44ae-ad9f-0500851fccfc req-b7678f57-1ee8-44ae-ad9f-0500851fccfc ] Request (TenantUsagesTestJSON:setUpClass): 200 GET http://10.180.1.21/compute/v2.1/servers/809dc4e0-b5bf-4f32-987b-08960c97fcca 0.092s
2024-12-15 00:16:24.389 68692 INFO tempest.lib.common.rest_client [req-9a1b1e4a-d043-4402-8ca4-3c68f7722ee8 req-9a1b1e4a-d043-4402-8ca4-3c68f7722ee8 ] Request (AttachVolumeTestJSON:setUpClass): 200 PUT http://10.180.1.21:9696/networking/v2.0/routers/956441ea-61d7-4af0-a116-12976a310255/add_router_interface 1.241s
2024-12-15 00:16:24.389 68692 INFO tempest.lib.common.dynamic_creds [-] Created isolated network resources for: credentials: Credentials: {'domain_id': 'default', 'domain_name': 'Default', 'username': 'tempest-AttachVolumeTestJSON-1907381174-project-member', 'project_domain_id': 'default', 'project_domain_name': 'Default', 'project_id': 'c35dabbb56da421eb29776a5623274a3', 'project_name': 'tempest-AttachVolumeTestJSON-1907381174', 'tenant_id': 'c35dabbb56da421eb29776a5623274a3', 'tenant_name': 'tempest-AttachVolumeTestJSON-1907381174', 'user_domain_id': 'default', 'user_domain_name': 'Default', 'user_id': 'fbe43411aac94356a2f1be4c6d26f588', 'system': None}, Network: {'id': '86100faa-67bc-4d4e-8936-9219151cf273', 'name': 'tempest-AttachVolumeTestJSON-26886676-network', 'tenant_id': 'c35dabbb56da421eb29776a5623274a3', 'admin_state_up': True, 'mtu': 8950, 'status': 'ACTIVE', 'subnets': [], 'shared': False, 'project_id': 'c35dabbb56da421eb29776a5623274a3', 'port_security_enabled': True, 'router:external': False, 'provider:network_type': 'vlan', 'provider:physical_network': 'default', 'provider:segmentation_id': 103, 'availability_zone_hints': [], 'availability_zones': [], 'ipv4_address_scope': None, 'ipv6_address_scope': None, 'description': '', 'tags': [], 'created_at': '2024-12-15T00:16:21Z', 'updated_at': '2024-12-15T00:16:21Z', 'revision_number': 1}, Subnet: {'id': '671f3fb3-1010-4738-a0f7-104fb0b845f3', 'name': 'tempest-AttachVolumeTestJSON-26886676-subnet', 'tenant_id': 'c35dabbb56da421eb29776a5623274a3', 'network_id': '86100faa-67bc-4d4e-8936-9219151cf273', 'ip_version': 4, 'subnetpool_id': None, 'enable_dhcp': True, 'ipv6_ra_mode': None, 'ipv6_address_mode': None, 'gateway_ip': '192.168.128.1', 'cidr': '192.168.128.0/28', 'allocation_pools': [{'start': '192.168.128.2', 'end': '192.168.128.14'}], 'host_routes': [], 'dns_nameservers': [], 'description': '', 'router:external': False, 'service_types': [], 'tags': [], 'created_at': '2024-12-15T00:16:21Z', 'updated_at': '2024-12-15T00:16:21Z', 'revision_number': 0, 'project_id': 'c35dabbb56da421eb29776a5623274a3'}, Router: {'id': '956441ea-61d7-4af0-a116-12976a310255', 'name': 'tempest-AttachVolumeTestJSON-26886676-router', 'tenant_id': 'c35dabbb56da421eb29776a5623274a3', 'admin_state_up': True, 'status': 'ACTIVE', 'external_gateway_info': {'network_id': '93b1c859-46eb-4c7a-baae-4f9eee08f169', 'external_fixed_ips': [{'subnet_id': '210fcf56-c92e-491d-8117-93725c1d475e', 'ip_address': '10.180.180.239'}], 'enable_snat': True}, 'description': '', 'availability_zones': [], 'distributed': False, 'ha': False, 'availability_zone_hints': [], 'routes': [], 'flavor_id': None, 'tags': [], 'created_at': '2024-12-15T00:16:22Z', 'updated_at': '2024-12-15T00:16:22Z', 'revision_number': 2, 'project_id': 'c35dabbb56da421eb29776a5623274a3'}
2024-12-15 00:16:24.488 68692 INFO tempest.lib.common.rest_client [req-14b908f5-2361-41f6-8aa7-dc5f7235adac req-14b908f5-2361-41f6-8aa7-dc5f7235adac ] Request (AttachVolumeTestJSON:setUpClass): 201 POST http://10.180.1.21/identity/v3/auth/tokens 0.095s
2024-12-15 00:16:24.517 68710 INFO tempest.lib.common.rest_client [req-e53ae66d-d0ac-4955-a173-f30032fa585a req-e53ae66d-d0ac-4955-a173-f30032fa585a ] Request (ServerShowV247Test:test_update_rebuild_list_server): 200 GET http://10.180.1.21/compute/v2.1/servers/faf41e9a-63f0-491b-9ad4-3452182d07fb 0.059s
2024-12-15 00:16:24.520 68686 INFO tempest.lib.common.rest_client [req-ffac181c-5674-40f2-8837-2db64ffee626 req-ffac181c-5674-40f2-8837-2db64ffee626 ] Request (ServersTestFqdnHostnames:test_create_server_with_fqdn_name): 200 GET http://10.180.1.21/compute/v2.1/servers/873c1c05-9f9f-41c7-9815-4a5fbeda8d24 0.120s
2024-12-15 00:16:24.578 68712 INFO tempest.lib.common.rest_client [req-53988ed9-4b78-4569-a1a3-5fb7dc351be5 req-53988ed9-4b78-4569-a1a3-5fb7dc351be5 ] Request (SecurityGroupsTestJSON:test_server_security_groups): 200 GET http://10.180.1.21/compute/v2.1/servers/1d606e17-3ee9-45e0-b92a-fb5e816720f0 0.062s
2024-12-15 00:16:24.626 68692 INFO tempest.lib.common.rest_client [req-cf862deb-b2b0-4e7c-9e7a-233016204220 req-cf862deb-b2b0-4e7c-9e7a-233016204220 ] Request (ValidationResourcesFixture:setUp): 200 POST http://10.180.1.21/compute/v2.1/os-keypairs 0.136s
2024-12-15 00:16:24.636 68684 INFO tempest.lib.common.rest_client [req-d47ec003-3f31-4c11-882b-ffcfd1d4905b req-d47ec003-3f31-4c11-882b-ffcfd1d4905b ] Request (ServersAdminNegativeTestJSON:tearDownClass): 200 GET http://10.180.1.21/compute/v2.1/servers/50bab324-a7f4-430e-81fa-36d4248bb3f4 0.097s
2024-12-15 00:16:24.675 68696 INFO tempest.lib.common.rest_client [req-51b81eb2-537c-4bdf-a372-2557679635a3 req-51b81eb2-537c-4bdf-a372-2557679635a3 ] Request (ServerDiskConfigTestJSON:test_rebuild_server_with_manual_disk_config): 200 GET http://10.180.1.21/compute/v2.1/servers/02198b91-3757-44f5-aa10-c48ec83e47ab 0.099s
2024-12-15 00:16:24.696 68726 INFO tempest.lib.common.rest_client [req-b8d75935-2a8d-483c-9f45-11aa43d4fd26 req-b8d75935-2a8d-483c-9f45-11aa43d4fd26 ] Request (DeleteServersAdminTestJSON:test_delete_server_while_in_error_state): 200 GET http://10.180.1.21/compute/v2.1/servers/642c200a-966c-4477-b370-e15824a48ff6 0.102s
2024-12-15 00:16:24.732 68718 INFO tempest.lib.common.rest_client [req-288d5f37-41d4-4d79-bebd-a11cb40c5f19 req-288d5f37-41d4-4d79-bebd-a11cb40c5f19 ] Request (MultipleCreateTestJSON:test_multiple_create): 200 GET http://10.180.1.21/compute/v2.1/servers/cb97679a-6f0b-40fe-8f67-654c55c49f20 0.083s
2024-12-15 00:16:24.758 68664 INFO tempest.lib.common.rest_client [req-970ce0de-4d4a-4d68-95b8-d220b486c923 req-970ce0de-4d4a-4d68-95b8-d220b486c923 ] Request (FloatingIPsAssociationTestJSON:setUpClass): 200 GET http://10.180.1.21/compute/v2.1/servers/a1233927-5630-45c5-bf14-eb81de95cf44 0.096s
2024-12-15 00:16:24.773 68692 INFO tempest.lib.common.rest_client [req-1b676a6b-06c8-4e67-bbb3-0dc5775e3bca req-1b676a6b-06c8-4e67-bbb3-0dc5775e3bca ] Request (ValidationResourcesFixture:setUp): 201 POST http://10.180.1.21:9696/networking/v2.0/security-groups 0.145s
2024-12-15 00:16:24.788 68674 INFO tempest.lib.common.rest_client [req-0d577194-5ddb-4629-ad37-d1f88d383078 req-0d577194-5ddb-4629-ad37-d1f88d383078 ] Request (ImagesOneServerNegativeTestJSON:setUpClass): 200 GET http://10.180.1.21/compute/v2.1/servers/7cbdba76-b9f3-417d-b49f-6e3913fa290b 0.084s
2024-12-15 00:16:24.812 68700 INFO tempest.lib.common.rest_client [req-c2896892-5bf0-45d7-9c0c-7ce6d3494a52 req-c2896892-5bf0-45d7-9c0c-7ce6d3494a52 ] Request (ServersAdminTestJSON:test_create_server_with_scheduling_hint): 200 GET http://10.180.1.21/compute/v2.1/servers/ed48ab1b-0a5b-4d4e-b7e0-540b076b1bcd 0.097s
2024-12-15 00:16:24.863 68692 INFO tempest.lib.common.rest_client [req-4ed977b6-2347-47cf-9817-1a114928bd94 req-4ed977b6-2347-47cf-9817-1a114928bd94 ] Request (ValidationResourcesFixture:setUp): 201 POST http://10.180.1.21:9696/networking/v2.0/security-group-rules 0.090s
2024-12-15 00:16:24.938 68706 INFO tempest.lib.common.rest_client [req-31d0c6f8-db12-4e40-8a08-c4f65bb6581c req-31d0c6f8-db12-4e40-8a08-c4f65bb6581c ] Request (FloatingIPsAssociationNegativeTestJSON:setUpClass): 200 GET http://10.180.1.21/compute/v2.1/servers/383a2fc7-69e5-4ca0-b3f2-667afe137190 0.067s
2024-12-15 00:16:24.958 68692 INFO tempest.lib.common.rest_client [req-53d15bae-fb7b-4016-bc78-944a3882f639 req-53d15bae-fb7b-4016-bc78-944a3882f639 ] Request (ValidationResourcesFixture:setUp): 201 POST http://10.180.1.21:9696/networking/v2.0/security-group-rules 0.095s
2024-12-15 00:16:24.981 68672 INFO tempest.lib.common.rest_client [req-342ca0e9-ff97-40b5-9589-9582252cee2f req-342ca0e9-ff97-40b5-9589-9582252cee2f ] Request (MigrationsAdminTest:test_list_migrations_in_flavor_resize_situation): 200 GET http://10.180.1.21/compute/v2.1/servers/cce4acfe-f3d9-4711-9e54-bfd0bb94c7ab 0.132s
2024-12-15 00:16:24.988 68694 INFO tempest.lib.common.rest_client [req-cbaa871c-b698-4d40-b0a0-69d22f52f7a3 req-cbaa871c-b698-4d40-b0a0-69d22f52f7a3 ] Request (ServerMetadataTestJSON:setUpClass): 200 GET http://10.180.1.21/compute/v2.1/servers/d376f0ba-dc4c-48a3-83f6-7b3c2c222d7a 0.094s
2024-12-15 00:16:25.141 68723 INFO tempest.lib.common.rest_client [req-e3262404-f122-4412-a6eb-3c844ffa1f4a req-e3262404-f122-4412-a6eb-3c844ffa1f4a ] Request (ImagesOneServerTestJSON:tearDownClass): 200 GET http://10.180.1.21/compute/v2.1/servers/3310d50a-ed0a-41a0-899c-923bfdcdf159 0.076s
2024-12-15 00:16:25.192 68666 INFO tempest.lib.common.rest_client [req-6bd828e1-9a03-4df9-ac8c-a56638395c41 req-6bd828e1-9a03-4df9-ac8c-a56638395c41 ] Request (ServerActionsTestOtherA:setUpClass): 200 GET http://10.180.1.21/compute/v2.1/servers/7c42bab8-c89d-4040-bda6-2a1cbcda2da1 0.114s
2024-12-15 00:16:25.203 68668 INFO tempest.lib.common.rest_client [req-bfd662d2-8d4d-4ec1-b640-d4aefad65967 req-bfd662d2-8d4d-4ec1-b640-d4aefad65967 ] Request (ServerShowV254Test:test_rebuild_server): 200 GET http://10.180.1.21/compute/v2.1/servers/c44451ce-ff63-44a7-a7dc-f84fd88afc38 0.076s
2024-12-15 00:16:25.285 68724 INFO tempest.lib.common.rest_client [req-27a64848-6739-44cd-9d7f-0d45691c6a61 req-27a64848-6739-44cd-9d7f-0d45691c6a61 ] Request (ServerAddressesTestJSON:setUpClass): 200 GET http://10.180.1.21/compute/v2.1/servers/63cc3567-f8dc-463c-a3d1-e96b74f533a8 0.098s
2024-12-15 00:16:25.324 68690 INFO tempest.lib.common.rest_client [req-20bafdf7-f51b-430c-9ba8-5f3c35ed558b req-20bafdf7-f51b-430c-9ba8-5f3c35ed558b ] Request (ServerExternalEventsTest:tearDownClass): 200 GET http://10.180.1.21/compute/v2.1/servers/dd9e2451-ff9f-4fb2-a486-df1a5ab36347 0.088s
2024-12-15 00:16:25.370 68714 INFO tempest.lib.common.rest_client [req-21a9f59d-4e19-4e06-99af-b24df13bceba req-21a9f59d-4e19-4e06-99af-b24df13bceba ] Request (AttachInterfacesV270Test:tearDownClass): 200 GET http://10.180.1.21/compute/v2.1/servers/ef35217a-ca54-4d32-8c43-f4821cd2bdeb 0.084s
2024-12-15 00:16:25.389 68689 INFO tempest.lib.common.rest_client [req-4dd6014e-d264-4fd1-9fef-a8d3cb3b3794 req-4dd6014e-d264-4fd1-9fef-a8d3cb3b3794 ] Request (InstanceActionsTestJSON:setUpClass): 200 GET http://10.180.1.21/compute/v2.1/servers/2b460d0f-65c7-4a8c-a769-c94cbc6872dc 0.097s
2024-12-15 00:16:25.426 68717 INFO tempest.lib.common.rest_client [req-55ef2837-86e7-4ab2-a029-3a5e616566c4 req-55ef2837-86e7-4ab2-a029-3a5e616566c4 ] Request (TenantUsagesTestJSON:setUpClass): 200 GET http://10.180.1.21/compute/v2.1/servers/809dc4e0-b5bf-4f32-987b-08960c97fcca 0.084s
2024-12-15 00:16:25.472 68692 INFO tempest.lib.common.rest_client [req-a233f27e-28a7-4e47-9766-4d470e737ab3 req-a233f27e-28a7-4e47-9766-4d470e737ab3 ] Request (ValidationResourcesFixture:setUp): 201 POST http://10.180.1.21:9696/networking/v2.0/floatingips 0.513s
2024-12-15 00:16:25.517 68692 INFO tempest.lib.common.rest_client [req-0868b2fe-347a-42a1-ba4b-72a290f05011 req-0868b2fe-347a-42a1-ba4b-72a290f05011 ] Request (AttachVolumeTestJSON:test_attach_detach_volume): 201 POST http://10.180.1.21/identity/v3/auth/tokens 0.040s
2024-12-15 00:16:25.518 68692 INFO tempest.lib.common.fixed_network [-] (AttachVolumeTestJSON:test_attach_detach_volume) Found network {'id': '86100faa-67bc-4d4e-8936-9219151cf273', 'name': 'tempest-AttachVolumeTestJSON-26886676-network', 'tenant_id': 'c35dabbb56da421eb29776a5623274a3', 'admin_state_up': True, 'mtu': 8950, 'status': 'ACTIVE', 'subnets': [], 'shared': False, 'project_id': 'c35dabbb56da421eb29776a5623274a3', 'port_security_enabled': True, 'router:external': False, 'provider:network_type': 'vlan', 'provider:physical_network': 'default', 'provider:segmentation_id': 103, 'availability_zone_hints': [], 'availability_zones': [], 'ipv4_address_scope': None, 'ipv6_address_scope': None, 'description': '', 'tags': [], 'created_at': '2024-12-15T00:16:21Z', 'updated_at': '2024-12-15T00:16:21Z', 'revision_number': 1} available for tenant
2024-12-15 00:16:25.589 68710 INFO tempest.lib.common.rest_client [req-1534c8dd-2d85-4fdc-94e5-c5a97d2e645f req-1534c8dd-2d85-4fdc-94e5-c5a97d2e645f ] Request (ServerShowV247Test:test_update_rebuild_list_server): 200 GET http://10.180.1.21/compute/v2.1/servers/faf41e9a-63f0-491b-9ad4-3452182d07fb 0.063s
2024-12-15 00:16:25.691 68686 INFO tempest.lib.common.rest_client [req-d287e9be-d5f8-49d3-9549-5536541a82dc req-d287e9be-d5f8-49d3-9549-5536541a82dc ] Request (ServersTestFqdnHostnames:test_create_server_with_fqdn_name): 200 GET http://10.180.1.21/compute/v2.1/servers/873c1c05-9f9f-41c7-9815-4a5fbeda8d24 0.160s
2024-12-15 00:16:25.749 68712 INFO tempest.lib.common.rest_client [req-a7233dd9-a017-4b30-83b4-f2dcf6886adc req-a7233dd9-a017-4b30-83b4-f2dcf6886adc ] Request (SecurityGroupsTestJSON:test_server_security_groups): 200 GET http://10.180.1.21/compute/v2.1/servers/1d606e17-3ee9-45e0-b92a-fb5e816720f0 0.161s
2024-12-15 00:16:25.804 68684 INFO tempest.lib.common.rest_client [req-bf7739e3-ee34-42e8-9785-22a363904c49 req-bf7739e3-ee34-42e8-9785-22a363904c49 ] Request (ServersAdminNegativeTestJSON:tearDownClass): 200 GET http://10.180.1.21/compute/v2.1/servers/50bab324-a7f4-430e-81fa-36d4248bb3f4 0.161s
2024-12-15 00:16:25.851 68696 INFO tempest.lib.common.rest_client [req-23a521e5-914d-4579-ba0d-ec8c533a4fdb req-23a521e5-914d-4579-ba0d-ec8c533a4fdb ] Request (ServerDiskConfigTestJSON:test_rebuild_server_with_manual_disk_config): 200 GET http://10.180.1.21/compute/v2.1/servers/02198b91-3757-44f5-aa10-c48ec83e47ab 0.170s
2024-12-15 00:16:25.912 68726 INFO tempest.lib.common.rest_client [req-769425f7-950b-44ff-b501-d41070ce82f1 req-769425f7-950b-44ff-b501-d41070ce82f1 ] Request (DeleteServersAdminTestJSON:test_delete_server_while_in_error_state): 200 GET http://10.180.1.21/compute/v2.1/servers/642c200a-966c-4477-b370-e15824a48ff6 0.207s
2024-12-15 00:16:25.922 68692 INFO tempest.lib.common.rest_client [req-b6437cc5-b3b3-4bed-9aaf-331b37c73484 req-b6437cc5-b3b3-4bed-9aaf-331b37c73484 ] Request (AttachVolumeTestJSON:test_attach_detach_volume): 202 POST http://10.180.1.21/compute/v2.1/servers 0.400s
2024-12-15 00:16:25.969 68718 INFO tempest.lib.common.rest_client [req-f15bcbc8-c097-4192-b4cb-0ee262e912c8 req-f15bcbc8-c097-4192-b4cb-0ee262e912c8 ] Request (MultipleCreateTestJSON:test_multiple_create): 200 GET http://10.180.1.21/compute/v2.1/servers/cb97679a-6f0b-40fe-8f67-654c55c49f20 0.226s
2024-12-15 00:16:25.985 68664 INFO tempest.lib.common.rest_client [req-0cf32cf8-d485-42cb-af7d-52c774e78aa2 req-0cf32cf8-d485-42cb-af7d-52c774e78aa2 ] Request (FloatingIPsAssociationTestJSON:setUpClass): 200 GET http://10.180.1.21/compute/v2.1/servers/a1233927-5630-45c5-bf14-eb81de95cf44 0.220s
2024-12-15 00:16:26.028 68674 INFO tempest.lib.common.rest_client [req-7ead1a6a-2b55-4af0-a55c-90b053712fb1 req-7ead1a6a-2b55-4af0-a55c-90b053712fb1 ] Request (ImagesOneServerNegativeTestJSON:setUpClass): 200 GET http://10.180.1.21/compute/v2.1/servers/7cbdba76-b9f3-417d-b49f-6e3913fa290b 0.233s
2024-12-15 00:16:26.042 68700 INFO tempest.lib.common.rest_client [req-69baa6c5-7072-47ab-a83d-5e3eac622cb7 req-69baa6c5-7072-47ab-a83d-5e3eac622cb7 ] Request (ServersAdminTestJSON:test_create_server_with_scheduling_hint): 200 GET http://10.180.1.21/compute/v2.1/servers/ed48ab1b-0a5b-4d4e-b7e0-540b076b1bcd 0.221s
2024-12-15 00:16:26.076 68692 INFO tempest.lib.common.rest_client [req-b9468c69-74a6-4447-aad1-3fb199ecb939 req-b9468c69-74a6-4447-aad1-3fb199ecb939 ] Request (AttachVolumeTestJSON:test_attach_detach_volume): 200 GET http://10.180.1.21/compute/v2.1/servers/aceef315-f152-4b91-9953-2eceb376b255 0.152s
2024-12-15 00:16:26.106 68706 INFO tempest.lib.common.rest_client [req-3ecaf07e-48ba-4725-a78a-d2400977f7e4 req-3ecaf07e-48ba-4725-a78a-d2400977f7e4 ] Request (FloatingIPsAssociationNegativeTestJSON:setUpClass): 200 GET http://10.180.1.21/compute/v2.1/servers/383a2fc7-69e5-4ca0-b3f2-667afe137190 0.155s
2024-12-15 00:16:26.115 68706 INFO tempest.common.waiters [-] State transition "BUILD/None" ==> "BUILD/networking" after 47 second wait
2024-12-15 00:16:26.180 68694 INFO tempest.lib.common.rest_client [req-dec30cbf-cc24-4dd8-a380-f97c2a316f93 req-dec30cbf-cc24-4dd8-a380-f97c2a316f93 ] Request (ServerMetadataTestJSON:setUpClass): 200 GET http://10.180.1.21/compute/v2.1/servers/d376f0ba-dc4c-48a3-83f6-7b3c2c222d7a 0.182s
2024-12-15 00:16:26.209 68672 INFO tempest.lib.common.rest_client [req-e55ba35f-b3a1-4e30-bf61-e764fc174b9b req-e55ba35f-b3a1-4e30-bf61-e764fc174b9b ] Request (MigrationsAdminTest:test_list_migrations_in_flavor_resize_situation): 200 GET http://10.180.1.21/compute/v2.1/servers/cce4acfe-f3d9-4711-9e54-bfd0bb94c7ab 0.220s
2024-12-15 00:16:26.257 68723 INFO tempest.lib.common.rest_client [req-4b1c3b79-5135-4ae8-a970-1d124304ec58 req-4b1c3b79-5135-4ae8-a970-1d124304ec58 ] Request (ImagesOneServerTestJSON:tearDownClass): 200 GET http://10.180.1.21/compute/v2.1/servers/3310d50a-ed0a-41a0-899c-923bfdcdf159 0.111s
2024-12-15 00:16:26.316 68666 INFO tempest.lib.common.rest_client [req-5d8bb0ac-fea2-4545-8e6d-59813968ae5b req-5d8bb0ac-fea2-4545-8e6d-59813968ae5b ] Request (ServerActionsTestOtherA:setUpClass): 200 GET http://10.180.1.21/compute/v2.1/servers/7c42bab8-c89d-4040-bda6-2a1cbcda2da1 0.116s
2024-12-15 00:16:26.322 68666 INFO tempest.common.waiters [-] State transition "BUILD/spawning" ==> "ACTIVE/None" after 51 second wait
2024-12-15 00:16:26.324 68668 INFO tempest.lib.common.rest_client [req-199a6563-a499-4f6c-b159-b70f1af100d4 req-199a6563-a499-4f6c-b159-b70f1af100d4 ] Request (ServerShowV254Test:test_rebuild_server): 200 GET http://10.180.1.21/compute/v2.1/servers/c44451ce-ff63-44a7-a7dc-f84fd88afc38 0.107s
2024-12-15 00:16:26.362 68724 INFO tempest.lib.common.rest_client [req-e415f9c4-0caa-4c13-b779-35803c075024 req-e415f9c4-0caa-4c13-b779-35803c075024 ] Request (ServerAddressesTestJSON:setUpClass): 200 GET http://10.180.1.21/compute/v2.1/servers/63cc3567-f8dc-463c-a3d1-e96b74f533a8 0.065s
2024-12-15 00:16:26.393 68666 INFO tempest.lib.common.rest_client [req-cc050b47-d155-43f1-a37a-68db05d3d7a1 req-cc050b47-d155-43f1-a37a-68db05d3d7a1 ] Request (ServerActionsTestOtherA:setUpClass): 200 GET http://10.180.1.21/compute/v2.1/servers/7c42bab8-c89d-4040-bda6-2a1cbcda2da1/os-interface 0.070s
2024-12-15 00:16:26.430 68690 INFO tempest.lib.common.rest_client [req-7636de13-b9e0-43d2-a5e8-371875654384 req-7636de13-b9e0-43d2-a5e8-371875654384 ] Request (ServerExternalEventsTest:tearDownClass): 200 GET http://10.180.1.21/compute/v2.1/servers/dd9e2451-ff9f-4fb2-a486-df1a5ab36347 0.095s
2024-12-15 00:16:26.455 68714 INFO tempest.lib.common.rest_client [req-534c60a4-28fe-457b-942c-9a57309147fe req-534c60a4-28fe-457b-942c-9a57309147fe ] Request (AttachInterfacesV270Test:tearDownClass): 200 GET http://10.180.1.21/compute/v2.1/servers/ef35217a-ca54-4d32-8c43-f4821cd2bdeb 0.073s
