2024-12-15 00:14:44.161 68702 INFO tempest.lib.common.rest_client [req-66c3be80-80c2-4ee0-91f1-1544645cc708 req-66c3be80-80c2-4ee0-91f1-1544645cc708 ] Request (HostsAdminTestJSON:setUpClass): 201 POST http://10.180.1.21/identity/v3/projects 0.148s
2024-12-15 00:14:44.226 68670 INFO tempest.lib.common.rest_client [req-ddfdbdd2-f0a4-4329-b4d7-ed0789061335 req-ddfdbdd2-f0a4-4329-b4d7-ed0789061335 ] Request (ServersWithSpecificFlavorTestJSON:setUpClass): 201 POST http://10.180.1.21:9696/networking/v2.0/subnets 0.411s
2024-12-15 00:14:44.235 68712 INFO tempest.lib.common.rest_client [req-35c45f3e-f1c8-4ea6-aff3-1eeb02bc4491 req-35c45f3e-f1c8-4ea6-aff3-1eeb02bc4491 ] Request (AZAdminNegativeTestJSON:test_get_availability_zone_list_detail_with_non_admin_user): 403 GET http://10.180.1.21/compute/v2.1/os-availability-zone/detail 2.608s
2024-12-15 00:14:44.257 68689 INFO tempest.lib.common.rest_client [req-cbdf04fd-5821-4e0f-896a-f1b5605e7163 req-cbdf04fd-5821-4e0f-896a-f1b5605e7163 ] Request (ServerDiagnosticsTest:setUpClass): 201 POST http://10.180.1.21/identity/v3/users 0.233s
2024-12-15 00:14:44.263 68678 INFO tempest.lib.common.rest_client [req-60b56dff-9a59-4e2c-8918-5a1592424c19 req-60b56dff-9a59-4e2c-8918-5a1592424c19 ] Request (VolumesAssistedSnapshotsTest:setUpClass): 200 GET http://10.180.1.21/identity/v3/roles 0.177s
2024-12-15 00:14:44.287 68668 INFO tempest.lib.common.rest_client [req-e865f7f3-2b48-41b8-a75c-c9ac22a82226 req-e865f7f3-2b48-41b8-a75c-c9ac22a82226 ] Request (SecurityGroupRulesNegativeTestJSON:setUpClass): 201 POST http://10.180.1.21:9696/networking/v2.0/networks 0.602s
2024-12-15 00:14:44.301 68702 INFO tempest.lib.common.rest_client [req-1bc02cdf-e4f4-4dd0-b59d-52a011a011a9 req-1bc02cdf-e4f4-4dd0-b59d-52a011a011a9 ] Request (HostsAdminTestJSON:setUpClass): 201 POST http://10.180.1.21/identity/v3/users 0.139s
2024-12-15 00:14:44.304 68689 INFO tempest.lib.common.rest_client [req-5b9fb3b6-3ddb-4ec0-8a7e-17b0d12d1ae3 req-5b9fb3b6-3ddb-4ec0-8a7e-17b0d12d1ae3 ] Request (ServerDiagnosticsTest:setUpClass): 200 GET http://10.180.1.21/identity/v3/roles 0.045s
2024-12-15 00:14:44.308 68690 INFO tempest.lib.common.rest_client [req-241e397e-6bb6-4a9c-9cc9-19b17830f0e8 req-241e397e-6bb6-4a9c-9cc9-19b17830f0e8 ] Request (KeyPairsV210TestJSON:test_admin_manage_keypairs_for_other_users): 201 POST http://10.180.1.21/compute/v2.1/os-keypairs 2.662s
2024-12-15 00:14:44.329 68678 INFO tempest.lib.common.rest_client [req-611f189a-8a18-48ce-be3b-e429cb4bfd8c req-611f189a-8a18-48ce-be3b-e429cb4bfd8c ] Request (VolumesAssistedSnapshotsTest:setUpClass): 204 PUT http://10.180.1.21/identity/v3/projects/6515113509ed411484d4330e8f3f0b18/users/fd269bf47f1e4effb708aaaff0ddd98d/roles/41a559db8bb94a4b87826c55aee2194a 0.065s
2024-12-15 00:14:44.330 68678 INFO tempest.lib.common.dynamic_creds [-] Dynamic test user fd269bf47f1e4effb708aaaff0ddd98d is created with scope project and roles: ['admin', 'service']
2024-12-15 00:14:44.330 68678 INFO tempest.lib.common.dynamic_creds [-] Acquired dynamic creds: credentials: Credentials: {'domain_id': 'default', 'domain_name': 'Default', 'username': 'tempest-VolumesAssistedSnapshotsTest-1546773827-project', 'project_domain_id': 'default', 'project_domain_name': 'Default', 'project_id': '6515113509ed411484d4330e8f3f0b18', 'project_name': 'tempest-VolumesAssistedSnapshotsTest-1546773827', 'tenant_id': '6515113509ed411484d4330e8f3f0b18', 'tenant_name': 'tempest-VolumesAssistedSnapshotsTest-1546773827', 'user_domain_id': 'default', 'user_domain_name': 'Default', 'user_id': 'fd269bf47f1e4effb708aaaff0ddd98d', 'system': None}, Network: None, Subnet: None, Router: None
2024-12-15 00:14:44.358 68726 INFO tempest.lib.common.rest_client [req-fd03b9d2-49bf-4588-af6a-6eaf89a150bb req-fd03b9d2-49bf-4588-af6a-6eaf89a150bb ] Request (DeleteServersAdminTestJSON:test_admin_delete_servers_of_others): 202 POST http://10.180.1.21/compute/v2.1/servers 2.802s
2024-12-15 00:14:44.428 68712 INFO tempest.lib.common.rest_client [req-f0fd305f-79a7-4b58-947a-59ea461fed60 req-f0fd305f-79a7-4b58-947a-59ea461fed60 ] Request (AZAdminNegativeTestJSON:tearDownClass): 204 DELETE http://10.180.1.21/identity/v3/users/cf3e89a11bc8406b8494df24ab7be2cf 0.128s
2024-12-15 00:14:44.431 68702 INFO tempest.lib.common.rest_client [req-23f55dfc-80f5-486a-8005-b5605093415a req-23f55dfc-80f5-486a-8005-b5605093415a ] Request (HostsAdminTestJSON:setUpClass): 200 GET http://10.180.1.21/identity/v3/roles 0.130s
2024-12-15 00:14:44.565 68689 INFO tempest.lib.common.rest_client [req-9b307f78-23bd-48a4-ae2e-20bdf17f4496 req-9b307f78-23bd-48a4-ae2e-20bdf17f4496 ] Request (ServerDiagnosticsTest:setUpClass): 204 PUT http://10.180.1.21/identity/v3/projects/571a30d091994e16b8ef857354538ee1/users/c7a55715564e4f3099e42585637c4881/roles/e35e04079676449bb27fd68003bc8f8e 0.260s
2024-12-15 00:14:44.565 68689 INFO tempest.lib.common.dynamic_creds [-] Dynamic test user c7a55715564e4f3099e42585637c4881 is created with scope project and roles: ['member']
2024-12-15 00:14:44.565 68689 INFO tempest.lib.common.dynamic_creds [-] Acquired dynamic creds: credentials: Credentials: {'domain_id': 'default', 'domain_name': 'Default', 'username': 'tempest-ServerDiagnosticsTest-1596898531-project-member', 'project_domain_id': 'default', 'project_domain_name': 'Default', 'project_id': '571a30d091994e16b8ef857354538ee1', 'project_name': 'tempest-ServerDiagnosticsTest-1596898531', 'tenant_id': '571a30d091994e16b8ef857354538ee1', 'tenant_name': 'tempest-ServerDiagnosticsTest-1596898531', 'user_domain_id': 'default', 'user_domain_name': 'Default', 'user_id': 'c7a55715564e4f3099e42585637c4881', 'system': None}, Network: None, Subnet: None, Router: None
2024-12-15 00:14:44.565 68689 INFO tempest.lib.common.dynamic_creds [-] Created isolated network resources for: credentials: Credentials: {'domain_id': 'default', 'domain_name': 'Default', 'username': 'tempest-ServerDiagnosticsTest-1596898531-project-member', 'project_domain_id': 'default', 'project_domain_name': 'Default', 'project_id': '571a30d091994e16b8ef857354538ee1', 'project_name': 'tempest-ServerDiagnosticsTest-1596898531', 'tenant_id': '571a30d091994e16b8ef857354538ee1', 'tenant_name': 'tempest-ServerDiagnosticsTest-1596898531', 'user_domain_id': 'default', 'user_domain_name': 'Default', 'user_id': 'c7a55715564e4f3099e42585637c4881', 'system': None}, Network: None, Subnet: None, Router: None
2024-12-15 00:14:44.636 68723 INFO tempest.lib.common.rest_client [req-bb3d7980-e5c2-4da1-b254-69714d9d92b2 req-bb3d7980-e5c2-4da1-b254-69714d9d92b2 ] Request (ImagesOneServerTestJSON:setUpClass): 201 POST http://10.180.1.21:9696/networking/v2.0/networks 0.647s
2024-12-15 00:14:44.669 68718 INFO tempest.lib.common.rest_client [req-da46c22c-4155-4a05-87da-83483d731fd4 req-da46c22c-4155-4a05-87da-83483d731fd4 ] Request (FlavorsAccessTestJSON:test_flavor_access_add_remove): 200 POST http://10.180.1.21/compute/v2.1/flavors 2.906s
2024-12-15 00:14:44.720 68702 INFO tempest.lib.common.rest_client [req-cae17b79-9a82-46a9-9257-3ac31bf5d2ea req-cae17b79-9a82-46a9-9257-3ac31bf5d2ea ] Request (HostsAdminTestJSON:setUpClass): 204 PUT http://10.180.1.21/identity/v3/projects/87daaa6857f7481a9af14bf00d2261a4/users/3dae164d1bf842aeb1e1132b6337fddc/roles/e35e04079676449bb27fd68003bc8f8e 0.286s
2024-12-15 00:14:44.720 68702 INFO tempest.lib.common.dynamic_creds [-] Dynamic test user 3dae164d1bf842aeb1e1132b6337fddc is created with scope project and roles: ['member']
2024-12-15 00:14:44.720 68702 INFO tempest.lib.common.dynamic_creds [-] Acquired dynamic creds: credentials: Credentials: {'domain_id': 'default', 'domain_name': 'Default', 'username': 'tempest-HostsAdminTestJSON-1960317715-project-member', 'project_domain_id': 'default', 'project_domain_name': 'Default', 'project_id': '87daaa6857f7481a9af14bf00d2261a4', 'project_name': 'tempest-HostsAdminTestJSON-1960317715', 'tenant_id': '87daaa6857f7481a9af14bf00d2261a4', 'tenant_name': 'tempest-HostsAdminTestJSON-1960317715', 'user_domain_id': 'default', 'user_domain_name': 'Default', 'user_id': '3dae164d1bf842aeb1e1132b6337fddc', 'system': None}, Network: None, Subnet: None, Router: None
2024-12-15 00:14:44.720 68702 INFO tempest.lib.common.dynamic_creds [-] Created isolated network resources for: credentials: Credentials: {'domain_id': 'default', 'domain_name': 'Default', 'username': 'tempest-HostsAdminTestJSON-1960317715-project-member', 'project_domain_id': 'default', 'project_domain_name': 'Default', 'project_id': '87daaa6857f7481a9af14bf00d2261a4', 'project_name': 'tempest-HostsAdminTestJSON-1960317715', 'tenant_id': '87daaa6857f7481a9af14bf00d2261a4', 'tenant_name': 'tempest-HostsAdminTestJSON-1960317715', 'user_domain_id': 'default', 'user_domain_name': 'Default', 'user_id': '3dae164d1bf842aeb1e1132b6337fddc', 'system': None}, Network: None, Subnet: None, Router: None
2024-12-15 00:14:44.777 68712 INFO tempest.lib.common.rest_client [req-852bf812-346f-4fb0-ae46-409d4163ebb0 req-852bf812-346f-4fb0-ae46-409d4163ebb0 ] Request (AZAdminNegativeTestJSON:tearDownClass): 204 DELETE http://10.180.1.21/identity/v3/users/b7ecbd64af55494db84cd99448ddfed6 0.348s
2024-12-15 00:14:44.777 68712 INFO tempest.lib.common.dynamic_creds [-] Deleting project and security group for project: 7d0a3e9943c14afab0c38fae2d10c576
2024-12-15 00:14:44.788 68689 INFO tempest.lib.common.rest_client [req-ec03fdef-f05b-47f0-b371-3e6751b3e8d2 req-ec03fdef-f05b-47f0-b371-3e6751b3e8d2 ] Request (ServerDiagnosticsTest:setUpClass): 201 POST http://10.180.1.21/identity/v3/auth/tokens 0.217s
2024-12-15 00:14:44.857 68678 INFO tempest.lib.common.rest_client [req-410b5bb7-d0f9-48e4-aca9-4de8563cb6a6 req-410b5bb7-d0f9-48e4-aca9-4de8563cb6a6 ] Request (VolumesAssistedSnapshotsTest:setUpClass): 201 POST http://10.180.1.21:9696/networking/v2.0/networks 0.526s
2024-12-15 00:14:44.866 68702 INFO tempest.lib.common.rest_client [req-012b2bea-84fe-4492-842d-c1e66b7d6791 req-012b2bea-84fe-4492-842d-c1e66b7d6791 ] Request (HostsAdminTestJSON:setUpClass): 201 POST http://10.180.1.21/identity/v3/auth/tokens 0.142s
2024-12-15 00:14:44.919 68712 INFO tempest.lib.common.rest_client [req-f84d7296-01bd-41d3-94b4-60bd45389f22 req-f84d7296-01bd-41d3-94b4-60bd45389f22 ] Request (AZAdminNegativeTestJSON:tearDownClass): 201 POST http://10.180.1.21/identity/v3/auth/tokens 0.141s
2024-12-15 00:14:44.952 68689 INFO tempest.lib.common.rest_client [req-2aed6a29-a513-4dc2-ae5d-922a1bfc6dc8 req-2aed6a29-a513-4dc2-ae5d-922a1bfc6dc8 ] Request (ServerDiagnosticsTest:setUpClass): 201 POST http://10.180.1.21/identity/v3/projects 0.164s
2024-12-15 00:14:44.953 68668 INFO tempest.lib.common.rest_client [req-4e2f288e-bfa4-4888-8fb4-91e8d7445508 req-4e2f288e-bfa4-4888-8fb4-91e8d7445508 ] Request (SecurityGroupRulesNegativeTestJSON:setUpClass): 201 POST http://10.180.1.21:9696/networking/v2.0/subnets 0.663s
2024-12-15 00:14:44.966 68694 INFO tempest.lib.common.rest_client [req-e15a4f16-6557-49df-9f62-28516f453fde req-e15a4f16-6557-49df-9f62-28516f453fde ] Request (QuotasAdminTestJSON:test_delete_quota): 200 GET http://10.180.1.21/compute/v2.1/os-quota-sets/64ad6d697d9c4c2aae8fb5485d0d61d6 3.177s
2024-12-15 00:14:45.062 68702 INFO tempest.lib.common.rest_client [req-29d0580e-dc65-4c20-ad1f-c08b2f391209 req-29d0580e-dc65-4c20-ad1f-c08b2f391209 ] Request (HostsAdminTestJSON:setUpClass): 201 POST http://10.180.1.21/identity/v3/projects 0.196s
2024-12-15 00:14:45.079 68689 INFO tempest.lib.common.rest_client [req-f5cfa232-3670-4c40-91b0-74c62158b4fa req-f5cfa232-3670-4c40-91b0-74c62158b4fa ] Request (ServerDiagnosticsTest:setUpClass): 201 POST http://10.180.1.21/identity/v3/users 0.125s
2024-12-15 00:14:45.148 68702 INFO tempest.lib.common.rest_client [req-dfe24674-27c7-4ce3-9d69-b7fefaf7840c req-dfe24674-27c7-4ce3-9d69-b7fefaf7840c ] Request (HostsAdminTestJSON:setUpClass): 201 POST http://10.180.1.21/identity/v3/users 0.085s
2024-12-15 00:14:45.175 68689 INFO tempest.lib.common.rest_client [req-db1f7d14-b13e-45e4-9650-a2b8a0292791 req-db1f7d14-b13e-45e4-9650-a2b8a0292791 ] Request (ServerDiagnosticsTest:setUpClass): 200 GET http://10.180.1.21/identity/v3/roles 0.096s
2024-12-15 00:14:45.180 68723 INFO tempest.lib.common.rest_client [req-c9d6859a-1136-402a-ba1b-2413096990d8 req-c9d6859a-1136-402a-ba1b-2413096990d8 ] Request (ImagesOneServerTestJSON:setUpClass): 201 POST http://10.180.1.21:9696/networking/v2.0/subnets 0.543s
2024-12-15 00:14:45.186 68702 INFO tempest.lib.common.rest_client [req-504b5023-5255-4c5e-8796-fbf4bab41e79 req-504b5023-5255-4c5e-8796-fbf4bab41e79 ] Request (HostsAdminTestJSON:setUpClass): 200 GET http://10.180.1.21/identity/v3/roles 0.037s
2024-12-15 00:14:45.212 68686 INFO tempest.lib.common.rest_client [req-6fb658a1-af16-4b91-8453-77ab09e8c9c2 req-6fb658a1-af16-4b91-8453-77ab09e8c9c2 ] Request (KeyPairsV22TestJSON:test_get_keypair_detail): 201 POST http://10.180.1.21/compute/v2.1/os-keypairs 3.361s
2024-12-15 00:14:45.214 68702 INFO tempest.lib.common.rest_client [req-2f6b6409-b75d-437e-859a-a1ac85ca73d0 req-2f6b6409-b75d-437e-859a-a1ac85ca73d0 ] Request (HostsAdminTestJSON:setUpClass): 204 PUT http://10.180.1.21/identity/v3/projects/0fdf348b26a4447385a33d2ce7e48280/users/40101011bac94982a97dc00f23f35990/roles/262d8954bba7487ebc7d9c89bcff685c 0.027s
2024-12-15 00:14:45.214 68689 INFO tempest.lib.common.rest_client [req-cea3fdcb-2adc-458c-9224-6f7546e7ba55 req-cea3fdcb-2adc-458c-9224-6f7546e7ba55 ] Request (ServerDiagnosticsTest:setUpClass): 204 PUT http://10.180.1.21/identity/v3/projects/f4797bd7b88742c58c005edc87a83f1e/users/af5f615c94154a5296e00a436f8cc238/roles/262d8954bba7487ebc7d9c89bcff685c 0.039s
2024-12-15 00:14:45.258 68717 INFO tempest.lib.common.rest_client [req-9c89bf00-6f29-4b14-8f0d-3323341a887d req-9c89bf00-6f29-4b14-8f0d-3323341a887d ] Request (ServerDiagnosticsNegativeTest:test_get_server_diagnostics_by_non_admin): 202 POST http://10.180.1.21/compute/v2.1/servers 3.449s
2024-12-15 00:14:45.332 68702 INFO tempest.lib.common.rest_client [req-0edbd55e-9c8d-468d-b1a6-920efbfd9cff req-0edbd55e-9c8d-468d-b1a6-920efbfd9cff ] Request (HostsAdminTestJSON:setUpClass): 200 GET http://10.180.1.21/identity/v3/roles 0.118s
2024-12-15 00:14:45.354 68689 INFO tempest.lib.common.rest_client [req-3088f6ed-6f48-44cb-be24-9fe77b0fc6b3 req-3088f6ed-6f48-44cb-be24-9fe77b0fc6b3 ] Request (ServerDiagnosticsTest:setUpClass): 200 GET http://10.180.1.21/identity/v3/roles 0.139s
2024-12-15 00:14:45.363 68698 INFO tempest.lib.common.rest_client [req-8eccea03-ae67-4ed4-914d-d19f984f752c req-8eccea03-ae67-4ed4-914d-d19f984f752c ] Request (ServersTestBootFromVolume:setUpClass): 200 POST http://10.180.1.21/compute/v2.1/os-keypairs 3.229s
2024-12-15 00:14:45.370 68702 INFO tempest.lib.common.rest_client [req-c996dc5b-d622-474a-ad08-a70e89a94ec7 req-c996dc5b-d622-474a-ad08-a70e89a94ec7 ] Request (HostsAdminTestJSON:setUpClass): 204 PUT http://10.180.1.21/identity/v3/projects/0fdf348b26a4447385a33d2ce7e48280/users/40101011bac94982a97dc00f23f35990/roles/262d8954bba7487ebc7d9c89bcff685c 0.038s
2024-12-15 00:14:45.371 68702 INFO tempest.lib.common.dynamic_creds [-] Dynamic test user 40101011bac94982a97dc00f23f35990 is created with scope project and roles: ['admin']
2024-12-15 00:14:45.371 68702 INFO tempest.lib.common.dynamic_creds [-] Acquired dynamic creds: credentials: Credentials: {'domain_id': 'default', 'domain_name': 'Default', 'username': 'tempest-HostsAdminTestJSON-378999996-project-admin', 'project_domain_id': 'default', 'project_domain_name': 'Default', 'project_id': '0fdf348b26a4447385a33d2ce7e48280', 'project_name': 'tempest-HostsAdminTestJSON-378999996', 'tenant_id': '0fdf348b26a4447385a33d2ce7e48280', 'tenant_name': 'tempest-HostsAdminTestJSON-378999996', 'user_domain_id': 'default', 'user_domain_name': 'Default', 'user_id': '40101011bac94982a97dc00f23f35990', 'system': None}, Network: None, Subnet: None, Router: None
2024-12-15 00:14:45.371 68702 INFO tempest.lib.common.dynamic_creds [-] Created isolated network resources for: credentials: Credentials: {'domain_id': 'default', 'domain_name': 'Default', 'username': 'tempest-HostsAdminTestJSON-378999996-project-admin', 'project_domain_id': 'default', 'project_domain_name': 'Default', 'project_id': '0fdf348b26a4447385a33d2ce7e48280', 'project_name': 'tempest-HostsAdminTestJSON-378999996', 'tenant_id': '0fdf348b26a4447385a33d2ce7e48280', 'tenant_name': 'tempest-HostsAdminTestJSON-378999996', 'user_domain_id': 'default', 'user_domain_name': 'Default', 'user_id': '40101011bac94982a97dc00f23f35990', 'system': None}, Network: None, Subnet: None, Router: None
2024-12-15 00:14:45.375 68689 INFO tempest.lib.common.rest_client [req-1ba36cd5-6d2f-4d73-aee7-22a5ae97774b req-1ba36cd5-6d2f-4d73-aee7-22a5ae97774b ] Request (ServerDiagnosticsTest:setUpClass): 204 PUT http://10.180.1.21/identity/v3/projects/f4797bd7b88742c58c005edc87a83f1e/users/af5f615c94154a5296e00a436f8cc238/roles/262d8954bba7487ebc7d9c89bcff685c 0.021s
2024-12-15 00:14:45.375 68689 INFO tempest.lib.common.dynamic_creds [-] Dynamic test user af5f615c94154a5296e00a436f8cc238 is created with scope project and roles: ['admin']
2024-12-15 00:14:45.376 68689 INFO tempest.lib.common.dynamic_creds [-] Acquired dynamic creds: credentials: Credentials: {'domain_id': 'default', 'domain_name': 'Default', 'username': 'tempest-ServerDiagnosticsTest-1816547117-project-admin', 'project_domain_id': 'default', 'project_domain_name': 'Default', 'project_id': 'f4797bd7b88742c58c005edc87a83f1e', 'project_name': 'tempest-ServerDiagnosticsTest-1816547117', 'tenant_id': 'f4797bd7b88742c58c005edc87a83f1e', 'tenant_name': 'tempest-ServerDiagnosticsTest-1816547117', 'user_domain_id': 'default', 'user_domain_name': 'Default', 'user_id': 'af5f615c94154a5296e00a436f8cc238', 'system': None}, Network: None, Subnet: None, Router: None
2024-12-15 00:14:45.376 68689 INFO tempest.lib.common.dynamic_creds [-] Created isolated network resources for: credentials: Credentials: {'domain_id': 'default', 'domain_name': 'Default', 'username': 'tempest-ServerDiagnosticsTest-1816547117-project-admin', 'project_domain_id': 'default', 'project_domain_name': 'Default', 'project_id': 'f4797bd7b88742c58c005edc87a83f1e', 'project_name': 'tempest-ServerDiagnosticsTest-1816547117', 'tenant_id': 'f4797bd7b88742c58c005edc87a83f1e', 'tenant_name': 'tempest-ServerDiagnosticsTest-1816547117', 'user_domain_id': 'default', 'user_domain_name': 'Default', 'user_id': 'af5f615c94154a5296e00a436f8cc238', 'system': None}, Network: None, Subnet: None, Router: None
2024-12-15 00:14:45.459 68676 INFO tempest.lib.common.rest_client [req-f6486baa-d6da-40b5-9101-feb3e3ca9433 req-f6486baa-d6da-40b5-9101-feb3e3ca9433 ] Request (ServersAdmin275Test:test_rebuild_update_server_275): 200 PUT http://10.180.1.21/compute/v2.1/servers/d9aff96a-c016-4c16-be2a-bbecfcc85093 3.305s
2024-12-15 00:14:45.484 68702 INFO tempest.lib.common.rest_client [req-c17fedf4-35e3-4f92-9975-40542ac221cb req-c17fedf4-35e3-4f92-9975-40542ac221cb ] Request (HostsAdminTestJSON:setUpClass): 201 POST http://10.180.1.21/identity/v3/auth/tokens 0.106s
2024-12-15 00:14:45.496 68664 INFO tempest.lib.common.rest_client [req-843121be-50ef-4ea7-ab60-4529b68fb670 req-843121be-50ef-4ea7-ab60-4529b68fb670 ] Request (AggregatesAdminNegativeTestJSON:test_aggregate_add_existent_host): 200 POST http://10.180.1.21/compute/v2.1/os-aggregates 2.978s
2024-12-15 00:14:45.527 68674 INFO tempest.lib.common.rest_client [req-8c0f27a0-c6f0-4582-874f-8b6d095e7d79 req-8c0f27a0-c6f0-4582-874f-8b6d095e7d79 ] Request (HypervisorAdminTestJSON:test_get_hypervisor_show_details): 200 GET http://10.180.1.21/compute/v2.1/os-hypervisors 2.799s
2024-12-15 00:14:45.529 68712 INFO tempest.lib.common.rest_client [req-a27782cd-9e76-4783-9e19-e2c742e3c47a req-a27782cd-9e76-4783-9e19-e2c742e3c47a ] Request (AZAdminNegativeTestJSON:tearDownClass): 200 GET http://10.180.1.21:9696/networking/v2.0/security-groups?tenant_id=7d0a3e9943c14afab0c38fae2d10c576&name=default 0.610s
2024-12-15 00:14:45.566 68689 INFO tempest.lib.common.rest_client [req-83a45fc8-a637-4899-88ee-82e0f631f216 req-83a45fc8-a637-4899-88ee-82e0f631f216 ] Request (ServerDiagnosticsTest:setUpClass): 201 POST http://10.180.1.21/identity/v3/auth/tokens 0.186s
2024-12-15 00:14:45.619 68666 INFO tempest.lib.common.rest_client [req-793ebf5d-bcc3-4666-bed5-6adec86161a6 req-793ebf5d-bcc3-4666-bed5-6adec86161a6 ] Request (InstanceUsageAuditLogNegativeTestJSON:test_instance_usage_audit_logs_with_nonadmin_user): 403 GET http://10.180.1.21/compute/v2.1/os-instance_usage_audit_log 2.871s
2024-12-15 00:14:45.630 68689 INFO tempest.lib.common.rest_client [req-a83290ff-baca-4f63-9e8f-00f14f631f89 req-a83290ff-baca-4f63-9e8f-00f14f631f89 ] Request (ServerDiagnosticsTest:test_get_server_diagnostics): 201 POST http://10.180.1.21/identity/v3/auth/tokens 0.059s
2024-12-15 00:14:45.631 68689 INFO tempest.lib.common.fixed_network [-] (ServerDiagnosticsTest:test_get_server_diagnostics) Found network None available for tenant
2024-12-15 00:14:45.744 68678 INFO tempest.lib.common.rest_client [req-b60e678f-c0e8-4161-8ddb-0885f627e74f req-b60e678f-c0e8-4161-8ddb-0885f627e74f ] Request (VolumesAssistedSnapshotsTest:setUpClass): 201 POST http://10.180.1.21:9696/networking/v2.0/subnets 0.886s
2024-12-15 00:14:45.992 68698 INFO tempest.lib.common.rest_client [req-8dbf6f3c-8197-42f8-a267-d3044d462fea req-8dbf6f3c-8197-42f8-a267-d3044d462fea ] Request (ServersTestBootFromVolume:setUpClass): 201 POST http://10.180.1.21:9696/networking/v2.0/security-groups 0.627s
2024-12-15 00:14:46.001 68712 INFO tempest.lib.common.rest_client [req-b464afd9-29d7-4ef5-8e1e-b6bb0a707f99 req-b464afd9-29d7-4ef5-8e1e-b6bb0a707f99 ] Request (AZAdminNegativeTestJSON:tearDownClass): 204 DELETE http://10.180.1.21:9696/networking/v2.0/security-groups/1f914129-61b9-4885-aa0d-4de258876388 0.471s
2024-12-15 00:14:46.004 68680 INFO tempest.lib.common.rest_client [req-b6bea67a-9773-4d34-a7a9-a950bc64eb4e req-b6bea67a-9773-4d34-a7a9-a950bc64eb4e ] Request (VolumesAdminNegativeTest:setUpClass): 201 POST http://10.180.1.21:9696/networking/v2.0/routers 2.000s
2024-12-15 00:14:46.142 68712 INFO tempest.lib.common.rest_client [req-24d0dea5-653a-4226-892c-70a3b482530f req-24d0dea5-653a-4226-892c-70a3b482530f ] Request (AZAdminNegativeTestJSON:tearDownClass): 204 DELETE http://10.180.1.21/identity/v3/projects/7d0a3e9943c14afab0c38fae2d10c576 0.141s
2024-12-15 00:14:46.143 68712 INFO tempest.lib.common.dynamic_creds [-] Deleting project and security group for project: ca3f88a6f5ad4ed0b5aafa1bac909f85
2024-12-15 00:14:46.325 68670 INFO tempest.lib.common.rest_client [req-dd7d17a5-aaad-42a2-b8f3-ef0bc4704611 req-dd7d17a5-aaad-42a2-b8f3-ef0bc4704611 ] Request (ServersWithSpecificFlavorTestJSON:setUpClass): 201 POST http://10.180.1.21:9696/networking/v2.0/routers 2.097s
2024-12-15 00:14:46.492 68712 INFO tempest.lib.common.rest_client [req-f763d2b9-1382-4f82-930c-7f30e79243bb req-f763d2b9-1382-4f82-930c-7f30e79243bb ] Request (AZAdminNegativeTestJSON:tearDownClass): 200 GET http://10.180.1.21:9696/networking/v2.0/security-groups?tenant_id=ca3f88a6f5ad4ed0b5aafa1bac909f85&name=default 0.350s
2024-12-15 00:14:46.508 68698 INFO tempest.lib.common.rest_client [req-b5305d0c-8102-4e05-9e55-14576bae5511 req-b5305d0c-8102-4e05-9e55-14576bae5511 ] Request (ServersTestBootFromVolume:setUpClass): 201 POST http://10.180.1.21:9696/networking/v2.0/security-group-rules 0.515s
2024-12-15 00:14:46.679 68720 INFO tempest.lib.common.rest_client [req-c7054283-69e9-4a96-bdf0-2850a48c6dd1 req-c7054283-69e9-4a96-bdf0-2850a48c6dd1 ] Request (FloatingIPsTestJSON:_run_cleanups): 202 DELETE http://10.180.1.21/compute/v2.1/os-floating-ips/fafb51bd-c8b7-4b5f-8d34-d6f23861d6e8 3.814s
2024-12-15 00:14:46.707 68672 INFO tempest.lib.common.rest_client [req-13fe81f5-068d-4218-bf4d-6ab3430be6a8 req-13fe81f5-068d-4218-bf4d-6ab3430be6a8 ] Request (FlavorsExtraSpecsTestJSON:test_flavor_set_get_update_show_unset_keys): 200 DELETE http://10.180.1.21/compute/v2.1/flavors/1337502571/os-extra_specs/hw:numa_nodes 3.829s
2024-12-15 00:14:46.731 68712 INFO tempest.lib.common.rest_client [req-f9505656-7cbb-44a6-a086-328c82ed2baf req-f9505656-7cbb-44a6-a086-328c82ed2baf ] Request (AZAdminNegativeTestJSON:tearDownClass): 204 DELETE http://10.180.1.21:9696/networking/v2.0/security-groups/b768c877-e59c-48bd-86d8-644f4ca07992 0.238s
2024-12-15 00:14:46.816 68706 INFO tempest.lib.common.rest_client [req-1ff88d3a-7cd6-47b1-b3a5-9ee823e70ebb req-1ff88d3a-7cd6-47b1-b3a5-9ee823e70ebb ] Request (FlavorsAccessNegativeTestJSON:test_add_flavor_access_duplicate): 200 POST http://10.180.1.21/compute/v2.1/flavors 3.742s
2024-12-15 00:14:46.848 68712 INFO tempest.lib.common.rest_client [req-2107ef5f-4caf-4b4a-abc4-53cfa9b8709d req-2107ef5f-4caf-4b4a-abc4-53cfa9b8709d ] Request (AZAdminNegativeTestJSON:tearDownClass): 204 DELETE http://10.180.1.21/identity/v3/projects/ca3f88a6f5ad4ed0b5aafa1bac909f85 0.116s
2024-12-15 00:14:46.854 68682 INFO tempest.lib.common.rest_client [req-8e02ca10-328b-4027-8cd0-5299c63d11a1 req-8e02ca10-328b-4027-8cd0-5299c63d11a1 ] Request (HypervisorAdminUnderV252Test:test_get_hypervisor_show_servers): 200 GET http://10.180.1.21/compute/v2.1/os-hypervisors/domain-c8.fc996f14-c53b-4953-92e3-bdfa48f5cc28/servers 3.678s
2024-12-15 00:14:46.878 68698 INFO tempest.lib.common.rest_client [req-ada8e39e-189d-4edd-80f8-db8e2e434c57 req-ada8e39e-189d-4edd-80f8-db8e2e434c57 ] Request (ServersTestBootFromVolume:setUpClass): 201 POST http://10.180.1.21:9696/networking/v2.0/security-group-rules 0.369s
2024-12-15 00:14:46.909 68712 INFO tempest.lib.common.rest_client [req-856601ca-ebd0-44e7-8222-d2f3326b89ff req-856601ca-ebd0-44e7-8222-d2f3326b89ff ] Request (FlavorsV2NegativeTest:setUpClass): 201 POST http://10.180.1.21/identity/v3/auth/tokens 0.058s
2024-12-15 00:14:46.949 68712 INFO tempest.lib.common.rest_client [req-470f9aab-8cd9-417a-a57b-cc533b391718 req-470f9aab-8cd9-417a-a57b-cc533b391718 ] Request (FlavorsV2NegativeTest:setUpClass): 201 POST http://10.180.1.21/identity/v3/auth/tokens 0.035s
2024-12-15 00:14:46.954 68724 INFO tempest.lib.common.rest_client [req-43a39b92-6580-48d1-b828-4e21cc4b0299 req-43a39b92-6580-48d1-b828-4e21cc4b0299 ] Request (ImagesNegativeTestJSON:test_create_image_from_deleted_server): 200 GET http://10.180.1.21/compute/v2.1/servers/2d62a651-bd46-4f8f-a000-dfdefe179ba8 3.771s
2024-12-15 00:14:46.977 68712 INFO tempest.lib.common.rest_client [req-0be06603-e8f0-467f-83b2-f4c51b9557b9 req-0be06603-e8f0-467f-83b2-f4c51b9557b9 ] Request (FlavorsV2NegativeTest:setUpClass): 200 GET http://10.180.1.21/identity/v3/domains?name=Default 0.028s
2024-12-15 00:14:47.007 68712 INFO tempest.lib.common.rest_client [req-9c175cd5-96b2-412e-b7b4-c05858b73b40 req-9c175cd5-96b2-412e-b7b4-c05858b73b40 ] Request (FlavorsV2NegativeTest:setUpClass): 201 POST http://10.180.1.21/identity/v3/projects 0.029s
2024-12-15 00:14:47.072 68712 INFO tempest.lib.common.rest_client [req-4cd55d05-edda-4ecd-8132-e9603257d17b req-4cd55d05-edda-4ecd-8132-e9603257d17b ] Request (FlavorsV2NegativeTest:setUpClass): 201 POST http://10.180.1.21/identity/v3/users 0.064s
2024-12-15 00:14:47.095 68723 INFO tempest.lib.common.rest_client [req-f2dfb850-2ed3-4322-a103-b6db3b4b03ba req-f2dfb850-2ed3-4322-a103-b6db3b4b03ba ] Request (ImagesOneServerTestJSON:setUpClass): 201 POST http://10.180.1.21:9696/networking/v2.0/routers 1.914s
2024-12-15 00:14:47.100 68712 INFO tempest.lib.common.rest_client [req-97f2c48f-c55a-4a09-961a-710dab3184cc req-97f2c48f-c55a-4a09-961a-710dab3184cc ] Request (FlavorsV2NegativeTest:setUpClass): 200 GET http://10.180.1.21/identity/v3/roles 0.027s
2024-12-15 00:14:47.134 68712 INFO tempest.lib.common.rest_client [req-da113f32-e609-4257-bb92-773e6159ab6b req-da113f32-e609-4257-bb92-773e6159ab6b ] Request (FlavorsV2NegativeTest:setUpClass): 204 PUT http://10.180.1.21/identity/v3/projects/b9d58b341dcb43d5932b1241aa77bd89/users/67cbed55dee64d5d931baa2ccc3471da/roles/e35e04079676449bb27fd68003bc8f8e 0.034s
2024-12-15 00:14:47.134 68704 INFO tempest.lib.common.rest_client [req-7c178ed3-5dcb-4447-9a06-c9d0a8dd64ca req-7c178ed3-5dcb-4447-9a06-c9d0a8dd64ca ] Request (ListImagesTestJSON:test_get_image): 200 GET http://10.180.1.21/compute/v2.1/images/af797112-a5c0-4bb3-8866-c3090b3018a8 3.888s
2024-12-15 00:14:47.134 68712 INFO tempest.lib.common.dynamic_creds [-] Dynamic test user 67cbed55dee64d5d931baa2ccc3471da is created with scope project and roles: ['member']
2024-12-15 00:14:47.135 68712 INFO tempest.lib.common.dynamic_creds [-] Acquired dynamic creds: credentials: Credentials: {'domain_id': 'default', 'domain_name': 'Default', 'username': 'tempest-FlavorsV2NegativeTest-1566248265-project-member', 'project_domain_id': 'default', 'project_domain_name': 'Default', 'project_id': 'b9d58b341dcb43d5932b1241aa77bd89', 'project_name': 'tempest-FlavorsV2NegativeTest-1566248265', 'tenant_id': 'b9d58b341dcb43d5932b1241aa77bd89', 'tenant_name': 'tempest-FlavorsV2NegativeTest-1566248265', 'user_domain_id': 'default', 'user_domain_name': 'Default', 'user_id': '67cbed55dee64d5d931baa2ccc3471da', 'system': None}, Network: None, Subnet: None, Router: None
2024-12-15 00:14:47.135 68712 INFO tempest.lib.common.dynamic_creds [-] Created isolated network resources for: credentials: Credentials: {'domain_id': 'default', 'domain_name': 'Default', 'username': 'tempest-FlavorsV2NegativeTest-1566248265-project-member', 'project_domain_id': 'default', 'project_domain_name': 'Default', 'project_id': 'b9d58b341dcb43d5932b1241aa77bd89', 'project_name': 'tempest-FlavorsV2NegativeTest-1566248265', 'tenant_id': 'b9d58b341dcb43d5932b1241aa77bd89', 'tenant_name': 'tempest-FlavorsV2NegativeTest-1566248265', 'user_domain_id': 'default', 'user_domain_name': 'Default', 'user_id': '67cbed55dee64d5d931baa2ccc3471da', 'system': None}, Network: None, Subnet: None, Router: None
2024-12-15 00:14:47.160 68696 INFO tempest.lib.common.rest_client [req-f3267c98-84aa-4cc3-87db-ae3e898c0106 req-f3267c98-84aa-4cc3-87db-ae3e898c0106 ] Request (AZAdminV2TestJSON:test_get_availability_zone_list_detail): 200 GET http://10.180.1.21/compute/v2.1/os-availability-zone/detail 3.649s
2024-12-15 00:14:47.216 68712 INFO tempest.lib.common.rest_client [req-f01eaa79-07db-45e3-873d-95c4e0947cc9 req-f01eaa79-07db-45e3-873d-95c4e0947cc9 ] Request (FlavorsV2NegativeTest:setUpClass): 201 POST http://10.180.1.21/identity/v3/auth/tokens 0.076s
2024-12-15 00:14:47.279 68696 INFO tempest.lib.common.rest_client [req-f10cda3a-c7b5-4ace-a06d-eced8945f4de req-f10cda3a-c7b5-4ace-a06d-eced8945f4de ] Request (AZAdminV2TestJSON:tearDownClass): 204 DELETE http://10.180.1.21/identity/v3/users/5d2a5b34738a4f9cb4b1e5ec24903ce2 0.115s
2024-12-15 00:14:47.358 68696 INFO tempest.lib.common.rest_client [req-a3474ee9-f656-487a-9cc4-27395906a2f4 req-a3474ee9-f656-487a-9cc4-27395906a2f4 ] Request (AZAdminV2TestJSON:tearDownClass): 204 DELETE http://10.180.1.21/identity/v3/users/87bec7687d8444fa86ac2d502342d141 0.078s
2024-12-15 00:14:47.358 68696 INFO tempest.lib.common.dynamic_creds [-] Deleting project and security group for project: c6afbbde348045cfa4cad71d3302af7f
2024-12-15 00:14:47.365 68692 INFO tempest.lib.common.rest_client [req-7b8b4638-3ed0-42ce-81d0-93f41a99f47c req-7b8b4638-3ed0-42ce-81d0-93f41a99f47c ] Request (NetworksTest:test_get_network): 200 GET http://10.180.1.21/compute/v2.1/os-networks/93b1c859-46eb-4c7a-baae-4f9eee08f169 3.830s
2024-12-15 00:14:47.424 68696 INFO tempest.lib.common.rest_client [req-a1cbd846-c833-4235-ad93-e11cafc28c16 req-a1cbd846-c833-4235-ad93-e11cafc28c16 ] Request (AZAdminV2TestJSON:tearDownClass): 201 POST http://10.180.1.21/identity/v3/auth/tokens 0.065s
2024-12-15 00:14:47.493 68700 INFO tempest.lib.common.rest_client [req-35f43773-4172-4b56-b14e-0c537b9df417 req-35f43773-4172-4b56-b14e-0c537b9df417 ] Request (FlavorsV255TestJSON:test_crud_flavor): 200 GET http://10.180.1.21/compute/v2.1/flavors/158196602 3.729s
2024-12-15 00:14:47.554 68708 INFO tempest.lib.common.rest_client [req-056a1948-0b16-49d7-8c7a-422dd27ac43f req-056a1948-0b16-49d7-8c7a-422dd27ac43f ] Request (HostsAdminNegativeTestJSON:test_list_hosts_with_non_admin_user): 403 GET http://10.180.1.21/compute/v2.1/os-hosts 3.719s
2024-12-15 00:14:47.595 68684 INFO tempest.lib.common.rest_client [req-39320bdd-f17b-49b6-934a-7f8c878bae81 req-39320bdd-f17b-49b6-934a-7f8c878bae81 ] Request (HypervisorAdminV253TestBase:test_list_show_detail_hypervisors): 200 GET http://10.180.1.21/compute/v2.1/os-hypervisors?with_servers=True 3.569s
2024-12-15 00:14:47.608 68690 INFO tempest.lib.common.rest_client [req-f20594fe-be4d-403d-8a10-60b333249664 req-f20594fe-be4d-403d-8a10-60b333249664 ] Request (KeyPairsV210TestJSON:test_admin_manage_keypairs_for_other_users): 200 GET http://10.180.1.21/compute/v2.1/os-keypairs/tempest-keypair-1079610949?user_id=c08ad54302b4460b8a40479410565973 3.297s
2024-12-15 00:14:47.639 68668 INFO tempest.lib.common.rest_client [req-af750842-2585-4d7d-b1cf-7583dfb6c652 req-af750842-2585-4d7d-b1cf-7583dfb6c652 ] Request (SecurityGroupRulesNegativeTestJSON:setUpClass): 201 POST http://10.180.1.21:9696/networking/v2.0/routers 2.685s
2024-12-15 00:14:47.662 68710 INFO tempest.lib.common.rest_client [req-5419c20a-001e-49ba-9fee-9c916a8215d8 req-5419c20a-001e-49ba-9fee-9c916a8215d8 ] Request (FloatingIPDetailsTestJSON:setUpClass): 200 POST http://10.180.1.21/compute/v2.1/os-floating-ips 5.223s
2024-12-15 00:14:47.686 68726 INFO tempest.lib.common.rest_client [req-b1fff42f-a725-4231-b3dd-f9367d27be58 req-b1fff42f-a725-4231-b3dd-f9367d27be58 ] Request (DeleteServersAdminTestJSON:test_admin_delete_servers_of_others): 200 GET http://10.180.1.21/compute/v2.1/servers/ceb3d3dc-c15e-4039-91e5-6e8cdcced0ad 3.325s
2024-12-15 00:14:47.802 68696 INFO tempest.lib.common.rest_client [req-8172a834-4ead-4dfc-a888-ef509e369a67 req-8172a834-4ead-4dfc-a888-ef509e369a67 ] Request (AZAdminV2TestJSON:tearDownClass): 200 GET http://10.180.1.21:9696/networking/v2.0/security-groups?tenant_id=c6afbbde348045cfa4cad71d3302af7f&name=default 0.377s
2024-12-15 00:14:47.808 68718 INFO tempest.lib.common.rest_client [req-c20be40f-ee05-4cdd-8235-ae793a4723d2 req-c20be40f-ee05-4cdd-8235-ae793a4723d2 ] Request (FlavorsAccessTestJSON:test_flavor_access_add_remove): 200 POST http://10.180.1.21/compute/v2.1/flavors/180439240/action 3.137s
2024-12-15 00:14:47.820 68686 INFO tempest.lib.common.rest_client [req-1dc4afb9-fcc8-43d1-a8dc-71afe0c0a2dd req-1dc4afb9-fcc8-43d1-a8dc-71afe0c0a2dd ] Request (KeyPairsV22TestJSON:test_get_keypair_detail): 200 GET http://10.180.1.21/compute/v2.1/os-keypairs/tempest-keypair-848644922 2.606s
2024-12-15 00:14:47.840 68694 INFO tempest.lib.common.rest_client [req-b3f0f673-73af-43ac-9be2-d5584d7d4f4f req-b3f0f673-73af-43ac-9be2-d5584d7d4f4f ] Request (QuotasAdminTestJSON:test_delete_quota): 200 PUT http://10.180.1.21/compute/v2.1/os-quota-sets/64ad6d697d9c4c2aae8fb5485d0d61d6 2.872s
2024-12-15 00:14:47.944 68676 INFO tempest.lib.common.rest_client [req-4991a5a6-6aff-45e2-852f-a1751f60d69c req-4991a5a6-6aff-45e2-852f-a1751f60d69c ] Request (ServersAdmin275Test:test_rebuild_update_server_275): 200 GET http://10.180.1.21/compute/v2.1/servers/d9aff96a-c016-4c16-be2a-bbecfcc85093 2.469s
2024-12-15 00:14:47.957 68717 INFO tempest.lib.common.rest_client [req-0feed338-4baf-4ffc-8c33-6291a6e5879c req-0feed338-4baf-4ffc-8c33-6291a6e5879c ] Request (ServerDiagnosticsNegativeTest:test_get_server_diagnostics_by_non_admin): 200 GET http://10.180.1.21/compute/v2.1/servers/2a74d990-c005-4f5c-97a5-d921d33a47e7 2.696s
2024-12-15 00:14:47.994 68698 INFO tempest.lib.common.rest_client [req-717e1bdb-f4cc-4f9f-bba9-3f13ab93a450 req-717e1bdb-f4cc-4f9f-bba9-3f13ab93a450 ] Request (ServersTestBootFromVolume:setUpClass): 201 POST http://10.180.1.21:9696/networking/v2.0/floatingips 1.116s
2024-12-15 00:14:48.041 68702 INFO tempest.lib.common.rest_client [req-17684784-9b1c-4dc4-b438-b429786c6c19 req-17684784-9b1c-4dc4-b438-b429786c6c19 ] Request (HostsAdminTestJSON:test_list_hosts): 200 GET http://10.180.1.21/compute/v2.1/os-hosts 2.556s
2024-12-15 00:14:48.066 68698 INFO tempest.lib.common.rest_client [req-a50d42e7-f4de-45c8-885c-5fe56c064c0e req-a50d42e7-f4de-45c8-885c-5fe56c064c0e ] Request (ServersTestBootFromVolume:setUpClass): 201 POST http://10.180.1.21/identity/v3/auth/tokens 0.066s
2024-12-15 00:14:48.066 68698 INFO tempest.lib.common.fixed_network [-] (ServersTestBootFromVolume:setUpClass) Found network {'id': '9e5678df-6868-4533-899e-a556b252614c', 'name': 'tempest-ServersTestBootFromVolume-568228153-network', 'tenant_id': '73c13ae96476414788a00333cdc21030', 'admin_state_up': True, 'mtu': 8950, 'status': 'ACTIVE', 'subnets': [], 'shared': False, 'project_id': '73c13ae96476414788a00333cdc21030', 'port_security_enabled': True, 'router:external': False, 'provider:network_type': 'vlan', 'provider:physical_network': 'default', 'provider:segmentation_id': 914, 'availability_zone_hints': [], 'availability_zones': [], 'ipv4_address_scope': None, 'ipv6_address_scope': None, 'description': '', 'tags': [], 'created_at': '2024-12-15T00:14:37Z', 'updated_at': '2024-12-15T00:14:37Z', 'revision_number': 1} available for tenant
2024-12-15 00:14:48.078 68674 INFO tempest.lib.common.rest_client [req-55b2d762-6d8b-4ca1-9329-afe1d02f9877 req-55b2d762-6d8b-4ca1-9329-afe1d02f9877 ] Request (HypervisorAdminTestJSON:test_get_hypervisor_show_details): 200 GET http://10.180.1.21/compute/v2.1/os-hypervisors/1 2.545s
2024-12-15 00:14:48.087 68666 INFO tempest.lib.common.rest_client [req-3cd1e4d3-22cd-4af5-8249-305b9fc2c7b4 req-3cd1e4d3-22cd-4af5-8249-305b9fc2c7b4 ] Request (InstanceUsageAuditLogNegativeTestJSON:test_instance_usage_audit_logs_with_nonadmin_user): 403 GET http://10.180.1.21/compute/v2.1/os-instance_usage_audit_log/2024-12-15%2000%3A14%3A45 2.467s
2024-12-15 00:14:48.239 68696 INFO tempest.lib.common.rest_client [req-ebec5bce-ef08-456d-a6c2-66548d36770a req-ebec5bce-ef08-456d-a6c2-66548d36770a ] Request (AZAdminV2TestJSON:tearDownClass): 204 DELETE http://10.180.1.21:9696/networking/v2.0/security-groups/1323628b-9d44-411d-9a01-6b4419fe44be 0.437s
2024-12-15 00:14:48.249 68666 INFO tempest.lib.common.rest_client [req-b0356b42-ad92-47d7-90d7-d90241935dd2 req-b0356b42-ad92-47d7-90d7-d90241935dd2 ] Request (InstanceUsageAuditLogNegativeTestJSON:tearDownClass): 204 DELETE http://10.180.1.21/identity/v3/users/a0ecb4ae56364857a7e74c23e8724bda 0.161s
2024-12-15 00:14:48.297 68680 INFO tempest.lib.common.rest_client [req-9dc20a5e-c71f-4e9b-be8b-f4cfc9d37655 req-9dc20a5e-c71f-4e9b-be8b-f4cfc9d37655 ] Request (VolumesAdminNegativeTest:setUpClass): 200 PUT http://10.180.1.21:9696/networking/v2.0/routers/83411df0-8829-407c-8b93-5fa4cec47888/add_router_interface 2.292s
2024-12-15 00:14:48.297 68680 INFO tempest.lib.common.dynamic_creds [-] Created isolated network resources for: credentials: Credentials: {'domain_id': 'default', 'domain_name': 'Default', 'username': 'tempest-VolumesAdminNegativeTest-796596301-project-admin', 'project_domain_id': 'default', 'project_domain_name': 'Default', 'project_id': 'df18a010d677429a9880483c8687f6da', 'project_name': 'tempest-VolumesAdminNegativeTest-796596301', 'tenant_id': 'df18a010d677429a9880483c8687f6da', 'tenant_name': 'tempest-VolumesAdminNegativeTest-796596301', 'user_domain_id': 'default', 'user_domain_name': 'Default', 'user_id': '021a7541f3d64fe7ac410c76aeb7e000', 'system': None}, Network: {'id': 'bb98fa23-7f32-4ff1-828e-9144752a1c32', 'name': 'tempest-VolumesAdminNegativeTest-1242764696-network', 'tenant_id': 'df18a010d677429a9880483c8687f6da', 'admin_state_up': True, 'mtu': 8950, 'status': 'ACTIVE', 'subnets': [], 'shared': False, 'project_id': 'df18a010d677429a9880483c8687f6da', 'port_security_enabled': True, 'router:external': False, 'provider:network_type': 'vlan', 'provider:physical_network': 'default', 'provider:segmentation_id': 525, 'availability_zone_hints': [], 'availability_zones': [], 'ipv4_address_scope': None, 'ipv6_address_scope': None, 'description': '', 'tags': [], 'created_at': '2024-12-15T00:14:43Z', 'updated_at': '2024-12-15T00:14:43Z', 'revision_number': 1}, Subnet: {'id': '9d4d6818-054f-4162-8f31-e2e2e8dfe9cd', 'name': 'tempest-VolumesAdminNegativeTest-1242764696-subnet', 'tenant_id': 'df18a010d677429a9880483c8687f6da', 'network_id': 'bb98fa23-7f32-4ff1-828e-9144752a1c32', 'ip_version': 4, 'subnetpool_id': None, 'enable_dhcp': True, 'ipv6_ra_mode': None, 'ipv6_address_mode': None, 'gateway_ip': '192.168.128.1', 'cidr': '192.168.128.0/28', 'allocation_pools': [{'start': '192.168.128.2', 'end': '192.168.128.14'}], 'host_routes': [], 'dns_nameservers': [], 'description': '', 'router:external': False, 'service_types': [], 'tags': [], 'created_at': '2024-12-15T00:14:43Z', 'updated_at': '2024-12-15T00:14:43Z', 'revision_number': 0, 'project_id': 'df18a010d677429a9880483c8687f6da'}, Router: {'id': '83411df0-8829-407c-8b93-5fa4cec47888', 'name': 'tempest-VolumesAdminNegativeTest-1242764696-router', 'tenant_id': 'df18a010d677429a9880483c8687f6da', 'admin_state_up': True, 'status': 'ACTIVE', 'external_gateway_info': {'network_id': '93b1c859-46eb-4c7a-baae-4f9eee08f169', 'external_fixed_ips': [{'subnet_id': '210fcf56-c92e-491d-8117-93725c1d475e', 'ip_address': '10.180.180.176'}], 'enable_snat': True}, 'description': '', 'availability_zones': [], 'distributed': False, 'ha': False, 'availability_zone_hints': [], 'routes': [], 'flavor_id': None, 'tags': [], 'created_at': '2024-12-15T00:14:44Z', 'updated_at': '2024-12-15T00:14:44Z', 'revision_number': 2, 'project_id': 'df18a010d677429a9880483c8687f6da'}
2024-12-15 00:14:48.406 68678 INFO tempest.lib.common.rest_client [req-d2dc7798-540b-472e-90df-b2765753144f req-d2dc7798-540b-472e-90df-b2765753144f ] Request (VolumesAssistedSnapshotsTest:setUpClass): 201 POST http://10.180.1.21:9696/networking/v2.0/routers 2.662s
2024-12-15 00:14:48.467 68696 INFO tempest.lib.common.rest_client [req-0b9391d9-2787-489f-b9b7-8824390a3e78 req-0b9391d9-2787-489f-b9b7-8824390a3e78 ] Request (AZAdminV2TestJSON:tearDownClass): 204 DELETE http://10.180.1.21/identity/v3/projects/c6afbbde348045cfa4cad71d3302af7f 0.227s
2024-12-15 00:14:48.468 68696 INFO tempest.lib.common.dynamic_creds [-] Deleting project and security group for project: c23a04faf6d245d4b48bfa2ac0343211
2024-12-15 00:14:48.473 68666 INFO tempest.lib.common.rest_client [req-928b24f9-9f56-43af-aa59-96b05591135c req-928b24f9-9f56-43af-aa59-96b05591135c ] Request (InstanceUsageAuditLogNegativeTestJSON:tearDownClass): 204 DELETE http://10.180.1.21/identity/v3/users/03ac830ded714e64a353674d954b7436 0.223s
2024-12-15 00:14:48.473 68666 INFO tempest.lib.common.dynamic_creds [-] Deleting project and security group for project: c976b09df4a14716987d82446db673fd
2024-12-15 00:14:48.550 68680 INFO tempest.lib.common.rest_client [req-3210cb9b-2151-49f0-9a1e-c0103e08cc2e req-3210cb9b-2151-49f0-9a1e-c0103e08cc2e ] Request (VolumesAdminNegativeTest:setUpClass): 201 POST http://10.180.1.21/identity/v3/auth/tokens 0.188s
2024-12-15 00:14:48.632 68666 INFO tempest.lib.common.rest_client [req-16b6b198-c407-4ec4-a271-bb385b61730b req-16b6b198-c407-4ec4-a271-bb385b61730b ] Request (InstanceUsageAuditLogNegativeTestJSON:tearDownClass): 201 POST http://10.180.1.21/identity/v3/auth/tokens 0.158s
2024-12-15 00:14:48.635 68689 INFO tempest.lib.common.rest_client [req-6107f24d-8cb2-4063-a3eb-2b3cde89b80e req-6107f24d-8cb2-4063-a3eb-2b3cde89b80e ] Request (ServerDiagnosticsTest:test_get_server_diagnostics): 202 POST http://10.180.1.21/compute/v2.1/servers 3.004s
2024-12-15 00:14:48.737 68664 INFO tempest.lib.common.rest_client [req-ba928a4f-c20b-42e7-a21b-ef7e4b143b6a req-ba928a4f-c20b-42e7-a21b-ef7e4b143b6a ] Request (AggregatesAdminNegativeTestJSON:test_aggregate_add_existent_host): 200 POST http://10.180.1.21/compute/v2.1/os-aggregates/1/action 3.238s
2024-12-15 00:14:48.747 68696 INFO tempest.lib.common.rest_client [req-a9a4667a-4537-47df-b0e4-0c8952890673 req-a9a4667a-4537-47df-b0e4-0c8952890673 ] Request (AZAdminV2TestJSON:tearDownClass): 200 GET http://10.180.1.21:9696/networking/v2.0/security-groups?tenant_id=c23a04faf6d245d4b48bfa2ac0343211&name=default 0.279s
2024-12-15 00:14:48.769 68672 INFO tempest.lib.common.rest_client [req-0874d880-1efd-4900-b6c8-e830c0b73015 req-0874d880-1efd-4900-b6c8-e830c0b73015 ] Request (FlavorsExtraSpecsTestJSON:test_flavor_set_get_update_show_unset_keys): 200 DELETE http://10.180.1.21/compute/v2.1/flavors/1337502571/os-extra_specs/hw:cpu_policy 2.061s
2024-12-15 00:14:48.873 68706 INFO tempest.lib.common.rest_client [req-81ca14dc-c34b-468d-92fc-dda237e81b4e req-81ca14dc-c34b-468d-92fc-dda237e81b4e ] Request (FlavorsAccessNegativeTestJSON:test_add_flavor_access_duplicate): 200 POST http://10.180.1.21/compute/v2.1/flavors/757079631/action 2.055s
2024-12-15 00:14:48.898 68682 INFO tempest.lib.common.rest_client [req-80720594-78c5-4ecf-a3aa-98a19c716d6f req-80720594-78c5-4ecf-a3aa-98a19c716d6f ] Request (HypervisorAdminUnderV252Test:test_search_hypervisor): 200 GET http://10.180.1.21/compute/v2.1/os-hypervisors 1.993s
2024-12-15 00:14:48.980 68704 INFO tempest.lib.common.rest_client [req-fb9ecf44-5f07-4a48-ba7d-72f7de72cc5e req-fb9ecf44-5f07-4a48-ba7d-72f7de72cc5e ] Request (ListImagesTestJSON:test_list_images): 200 GET http://10.180.1.21/compute/v2.1/images 1.837s
2024-12-15 00:14:49.062 68696 INFO tempest.lib.common.rest_client [req-897f8a3f-e75f-4b55-ae31-942bd89b1794 req-897f8a3f-e75f-4b55-ae31-942bd89b1794 ] Request (AZAdminV2TestJSON:tearDownClass): 204 DELETE http://10.180.1.21:9696/networking/v2.0/security-groups/5e144b03-866f-4482-acac-4396b403b694 0.314s
2024-12-15 00:14:49.071 68666 INFO tempest.lib.common.rest_client [req-5c5a2b86-7a0c-43bd-95e5-c6c43c6ab442 req-5c5a2b86-7a0c-43bd-95e5-c6c43c6ab442 ] Request (InstanceUsageAuditLogNegativeTestJSON:tearDownClass): 200 GET http://10.180.1.21:9696/networking/v2.0/security-groups?tenant_id=c976b09df4a14716987d82446db673fd&name=default 0.439s
2024-12-15 00:14:49.082 68712 INFO tempest.lib.common.rest_client [req-2764b0ee-c126-4d22-a04a-95f83abfa91c req-2764b0ee-c126-4d22-a04a-95f83abfa91c ] Request (FlavorsV2NegativeTest:test_boot_with_low_ram): 200 GET http://10.180.1.21/compute/v2.1/flavors/42 1.863s
2024-12-15 00:14:49.162 68696 INFO tempest.lib.common.rest_client [req-ba956496-b12b-4120-944d-3dc3b96cc686 req-ba956496-b12b-4120-944d-3dc3b96cc686 ] Request (AZAdminV2TestJSON:tearDownClass): 204 DELETE http://10.180.1.21/identity/v3/projects/c23a04faf6d245d4b48bfa2ac0343211 0.100s
2024-12-15 00:14:49.197 68698 INFO tempest.lib.common.rest_client [req-5d6a53aa-2401-4eb7-b70a-fdab360cabba req-5d6a53aa-2401-4eb7-b70a-fdab360cabba ] Request (ServersTestBootFromVolume:setUpClass): 202 POST http://10.180.1.21/volume/v3/volumes 1.129s
2024-12-15 00:14:49.263 68696 INFO tempest.lib.common.rest_client [req-1c4fca9a-3116-494f-bbd5-2951f096170c req-1c4fca9a-3116-494f-bbd5-2951f096170c ] Request (HypervisorAdminNegativeUnderV252Test:setUpClass): 201 POST http://10.180.1.21/identity/v3/auth/tokens 0.099s
2024-12-15 00:14:49.304 68698 INFO tempest.lib.common.rest_client [req-cb40b8ea-ba33-4e58-b9a6-b993df999eb4 req-cb40b8ea-ba33-4e58-b9a6-b993df999eb4 ] Request (ServersTestBootFromVolume:setUpClass): 200 GET http://10.180.1.21/volume/v3/volumes/27b49278-9c53-4dfc-bcfa-421d7a91de2e 0.098s
2024-12-15 00:14:49.313 68696 INFO tempest.lib.common.rest_client [req-58640556-31c1-4f53-bc6f-0582ead24f70 req-58640556-31c1-4f53-bc6f-0582ead24f70 ] Request (HypervisorAdminNegativeUnderV252Test:setUpClass): 201 POST http://10.180.1.21/identity/v3/auth/tokens 0.048s
2024-12-15 00:14:49.357 68696 INFO tempest.lib.common.rest_client [req-15d0dddf-3071-4626-a8d1-609114540e3c req-15d0dddf-3071-4626-a8d1-609114540e3c ] Request (HypervisorAdminNegativeUnderV252Test:setUpClass): 200 GET http://10.180.1.21/identity/v3/domains?name=Default 0.043s
2024-12-15 00:14:49.379 68692 INFO tempest.lib.common.rest_client [req-5e4f44c6-b40a-4e25-9496-35d50106d5f5 req-5e4f44c6-b40a-4e25-9496-35d50106d5f5 ] Request (NetworksTest:test_list_all_networks): 200 GET http://10.180.1.21/compute/v2.1/os-networks 1.958s
2024-12-15 00:14:49.393 68696 INFO tempest.lib.common.rest_client [req-9fe22bd3-029b-4ae6-9456-e2f01ecd7fcd req-9fe22bd3-029b-4ae6-9456-e2f01ecd7fcd ] Request (HypervisorAdminNegativeUnderV252Test:setUpClass): 201 POST http://10.180.1.21/identity/v3/projects 0.035s
2024-12-15 00:14:49.405 68700 INFO tempest.lib.common.rest_client [req-1655ad89-6d2b-413c-91e0-f3fce6bbf30b req-1655ad89-6d2b-413c-91e0-f3fce6bbf30b ] Request (FlavorsV255TestJSON:test_crud_flavor): 200 PUT http://10.180.1.21/compute/v2.1/flavors/158196602 1.910s
2024-12-15 00:14:49.440 68684 INFO tempest.lib.common.rest_client [req-d20f4a05-edd5-4202-a4ca-3a3161eec6f1 req-d20f4a05-edd5-4202-a4ca-3a3161eec6f1 ] Request (HypervisorAdminV253TestBase:test_list_show_detail_hypervisors): 200 GET http://10.180.1.21/compute/v2.1/os-hypervisors/873a8e13-4f30-4798-b503-76ed28a8eeaf 1.842s
2024-12-15 00:14:49.445 68708 INFO tempest.lib.common.rest_client [req-481c3a6e-ff17-4ba2-bf48-22e61674a32d req-481c3a6e-ff17-4ba2-bf48-22e61674a32d ] Request (HostsAdminNegativeTestJSON:test_reboot_host_with_non_admin_user): 403 GET http://10.180.1.21/compute/v2.1/os-hosts/devstack/reboot 1.839s
2024-12-15 00:14:49.503 68670 INFO tempest.lib.common.rest_client [req-d452e660-5fc4-451d-a9c4-4bd020c71a23 req-d452e660-5fc4-451d-a9c4-4bd020c71a23 ] Request (ServersWithSpecificFlavorTestJSON:setUpClass): 200 PUT http://10.180.1.21:9696/networking/v2.0/routers/3e0298bf-653d-451d-9145-8dd0d575b57d/add_router_interface 3.178s
