2024-12-15 00:14:39.518 68690 INFO tempest.lib.common.dynamic_creds [-] Created isolated network resources for: credentials: Credentials: {'domain_id': 'default', 'domain_name': 'Default', 'username': 'tempest-KeyPairsV210TestJSON-2141431952-project-admin', 'project_domain_id': 'default', 'project_domain_name': 'Default', 'project_id': 'c9c4b5bf48774d35b1772c572cb4edbb', 'project_name': 'tempest-KeyPairsV210TestJSON-2141431952', 'tenant_id': 'c9c4b5bf48774d35b1772c572cb4edbb', 'tenant_name': 'tempest-KeyPairsV210TestJSON-2141431952', 'user_domain_id': 'default', 'user_domain_name': 'Default', 'user_id': '84505193413f44198a915fdacec4b42b', 'system': None}, Network: None, Subnet: None, Router: None
2024-12-15 00:14:39.557 68694 INFO tempest.lib.common.rest_client [req-c33665c2-80a0-49bc-8e13-08aebd3df6c1 req-c33665c2-80a0-49bc-8e13-08aebd3df6c1 ] Request (QuotasAdminTestJSON:setUpClass): 201 POST http://10.180.1.21/identity/v3/auth/tokens 0.773s
2024-12-15 00:14:39.558 68694 WARNING tempest.lib.common.rest_client [-] Deprecated: "tenant_id" property is deprecated for removal, use "project_id" instead
2024-12-15 00:14:39.571 68717 INFO tempest.lib.common.rest_client [req-b34a8211-e7fb-4e03-b1d5-a86c98d31529 req-b34a8211-e7fb-4e03-b1d5-a86c98d31529 ] Request (ServerDiagnosticsNegativeTest:setUpClass): 200 GET http://10.180.1.21/identity/v3/roles 0.716s
2024-12-15 00:14:39.622 68668 INFO tempest.lib.common.rest_client [req-4a614ae2-af38-4bb0-a23c-3cfb2e17a49f req-4a614ae2-af38-4bb0-a23c-3cfb2e17a49f ] Request (ServicesAdminNegativeV253TestJSON:tearDownClass): 204 DELETE http://10.180.1.21/identity/v3/projects/386ab41bd7ec4251b289071a3984d159 0.743s
2024-12-15 00:14:39.622 68668 INFO tempest.lib.common.dynamic_creds [-] Deleting project and security group for project: c1ab7ba8f5f54a83bedd9fd98a5e4108
2024-12-15 00:14:39.638 68676 INFO tempest.lib.common.rest_client [req-c0b83630-8b47-412e-bb82-204cb0e1fd3d req-c0b83630-8b47-412e-bb82-204cb0e1fd3d ] Request (ServersAdmin275Test:setUpClass): 201 POST http://10.180.1.21/identity/v3/auth/tokens 0.731s
2024-12-15 00:14:39.672 68696 INFO tempest.lib.common.rest_client [req-35960379-b5e5-4539-8225-0dbc75035893 req-35960379-b5e5-4539-8225-0dbc75035893 ] Request (AZAdminV2TestJSON:setUpClass): 200 GET http://10.180.1.21/identity/v3/roles 0.741s
2024-12-15 00:14:39.688 68714 INFO tempest.lib.common.rest_client [req-07ab613b-1d94-480c-9c0d-149f48fa792a req-07ab613b-1d94-480c-9c0d-149f48fa792a ] Request (QuotasAdminTestV236:setUpClass): 204 PUT http://10.180.1.21/identity/v3/projects/2f5c39a34ea8418db60f4e70b9241d2c/users/5d20ba1d689b4393ae5000f0d39370ef/roles/262d8954bba7487ebc7d9c89bcff685c 0.708s
2024-12-15 00:14:39.688 68714 INFO tempest.lib.common.dynamic_creds [-] Dynamic test user 5d20ba1d689b4393ae5000f0d39370ef is created with scope project and roles: ['admin']
2024-12-15 00:14:39.689 68714 INFO tempest.lib.common.dynamic_creds [-] Acquired dynamic creds: credentials: Credentials: {'domain_id': 'default', 'domain_name': 'Default', 'username': 'tempest-QuotasAdminTestV236-2043300998-project-admin', 'project_domain_id': 'default', 'project_domain_name': 'Default', 'project_id': '2f5c39a34ea8418db60f4e70b9241d2c', 'project_name': 'tempest-QuotasAdminTestV236-2043300998', 'tenant_id': '2f5c39a34ea8418db60f4e70b9241d2c', 'tenant_name': 'tempest-QuotasAdminTestV236-2043300998', 'user_domain_id': 'default', 'user_domain_name': 'Default', 'user_id': '5d20ba1d689b4393ae5000f0d39370ef', 'system': None}, Network: None, Subnet: None, Router: None
2024-12-15 00:14:39.689 68714 INFO tempest.lib.common.dynamic_creds [-] Created isolated network resources for: credentials: Credentials: {'domain_id': 'default', 'domain_name': 'Default', 'username': 'tempest-QuotasAdminTestV236-2043300998-project-admin', 'project_domain_id': 'default', 'project_domain_name': 'Default', 'project_id': '2f5c39a34ea8418db60f4e70b9241d2c', 'project_name': 'tempest-QuotasAdminTestV236-2043300998', 'tenant_id': '2f5c39a34ea8418db60f4e70b9241d2c', 'tenant_name': 'tempest-QuotasAdminTestV236-2043300998', 'user_domain_id': 'default', 'user_domain_name': 'Default', 'user_id': '5d20ba1d689b4393ae5000f0d39370ef', 'system': None}, Network: None, Subnet: None, Router: None
2024-12-15 00:14:39.698 68700 INFO tempest.lib.common.rest_client [req-92f42a04-5d8c-4446-bc1a-179341c91ede req-92f42a04-5d8c-4446-bc1a-179341c91ede ] Request (FlavorsV255TestJSON:setUpClass): 200 GET http://10.180.1.21/identity/v3/roles 0.687s
2024-12-15 00:14:39.760 68686 INFO tempest.lib.common.rest_client [req-faec48fe-d951-4461-9fb1-0d5d27d7876c req-faec48fe-d951-4461-9fb1-0d5d27d7876c ] Request (KeyPairsV22TestJSON:setUpClass): 201 POST http://10.180.1.21/identity/v3/users 0.689s
2024-12-15 00:14:39.790 68704 INFO tempest.lib.common.rest_client [req-63f71779-74e9-427f-b7e6-62d430bc2075 req-63f71779-74e9-427f-b7e6-62d430bc2075 ] Request (FloatingIPsNegativeTestJSON:tearDownClass): 204 DELETE http://10.180.1.21/identity/v3/projects/6e707f8520be470cbb00ec82802e87ce 0.743s
2024-12-15 00:14:39.810 68720 INFO tempest.lib.common.rest_client [req-ac8d42aa-d625-483f-841a-cfb82e1c14be req-ac8d42aa-d625-483f-841a-cfb82e1c14be ] Request (FloatingIPsTestJSON:test_allocate_floating_ip): 200 POST http://10.180.1.21/compute/v2.1/os-floating-ips 1.753s
2024-12-15 00:14:39.815 68708 INFO tempest.lib.common.rest_client [req-9994a7d1-b6f8-4b85-8b3a-398288702858 req-9994a7d1-b6f8-4b85-8b3a-398288702858 ] Request (HostsAdminNegativeTestJSON:setUpClass): 200 GET http://10.180.1.21/identity/v3/roles 0.730s
2024-12-15 00:14:39.837 68664 INFO tempest.lib.common.rest_client [req-457c1c81-c109-4d24-9334-a39d0a696a05 req-457c1c81-c109-4d24-9334-a39d0a696a05 ] Request (AggregatesAdminNegativeTestJSON:setUpClass): 204 PUT http://10.180.1.21/identity/v3/projects/e11eee8968314ef889ecf9e606e5f9c2/users/f497013efa4e446f89500ce8c249aa09/roles/262d8954bba7487ebc7d9c89bcff685c 0.675s
2024-12-15 00:14:39.838 68664 INFO tempest.lib.common.dynamic_creds [-] Dynamic test user f497013efa4e446f89500ce8c249aa09 is created with scope project and roles: ['admin']
2024-12-15 00:14:39.838 68664 INFO tempest.lib.common.dynamic_creds [-] Acquired dynamic creds: credentials: Credentials: {'domain_id': 'default', 'domain_name': 'Default', 'username': 'tempest-AggregatesAdminNegativeTestJSON-1833302972-project-admin', 'project_domain_id': 'default', 'project_domain_name': 'Default', 'project_id': 'e11eee8968314ef889ecf9e606e5f9c2', 'project_name': 'tempest-AggregatesAdminNegativeTestJSON-1833302972', 'tenant_id': 'e11eee8968314ef889ecf9e606e5f9c2', 'tenant_name': 'tempest-AggregatesAdminNegativeTestJSON-1833302972', 'user_domain_id': 'default', 'user_domain_name': 'Default', 'user_id': 'f497013efa4e446f89500ce8c249aa09', 'system': None}, Network: None, Subnet: None, Router: None
2024-12-15 00:14:39.838 68664 INFO tempest.lib.common.dynamic_creds [-] Created isolated network resources for: credentials: Credentials: {'domain_id': 'default', 'domain_name': 'Default', 'username': 'tempest-AggregatesAdminNegativeTestJSON-1833302972-project-admin', 'project_domain_id': 'default', 'project_domain_name': 'Default', 'project_id': 'e11eee8968314ef889ecf9e606e5f9c2', 'project_name': 'tempest-AggregatesAdminNegativeTestJSON-1833302972', 'tenant_id': 'e11eee8968314ef889ecf9e606e5f9c2', 'tenant_name': 'tempest-AggregatesAdminNegativeTestJSON-1833302972', 'user_domain_id': 'default', 'user_domain_name': 'Default', 'user_id': 'f497013efa4e446f89500ce8c249aa09', 'system': None}, Network: None, Subnet: None, Router: None
2024-12-15 00:14:39.852 68689 INFO tempest.lib.common.rest_client [req-16564d3d-d25e-450c-b032-e22de249cfee req-16564d3d-d25e-450c-b032-e22de249cfee ] Request (HypervisorAdminV228Test:test_get_list_hypervisor_details): 200 GET http://10.180.1.21/compute/v2.1/os-hypervisors/1 1.326s
2024-12-15 00:14:39.876 68702 INFO tempest.lib.common.rest_client [req-2c8ac326-8a8e-4cf2-ac94-c1614b980c4c req-2c8ac326-8a8e-4cf2-ac94-c1614b980c4c ] Request (FlavorsV261TestJSON:_run_cleanups): 200 GET http://10.180.1.21/compute/v2.1/flavors/detail 1.326s
2024-12-15 00:14:39.881 68666 INFO tempest.lib.common.rest_client [req-fbb500f4-b1a2-4b5c-9151-c7608f60c215 req-fbb500f4-b1a2-4b5c-9151-c7608f60c215 ] Request (InstanceUsageAuditLogNegativeTestJSON:setUpClass): 204 PUT http://10.180.1.21/identity/v3/projects/c976b09df4a14716987d82446db673fd/users/03ac830ded714e64a353674d954b7436/roles/262d8954bba7487ebc7d9c89bcff685c 0.725s
2024-12-15 00:14:39.881 68666 INFO tempest.lib.common.dynamic_creds [-] Dynamic test user 03ac830ded714e64a353674d954b7436 is created with scope project and roles: ['admin']
2024-12-15 00:14:39.881 68666 INFO tempest.lib.common.dynamic_creds [-] Acquired dynamic creds: credentials: Credentials: {'domain_id': 'default', 'domain_name': 'Default', 'username': 'tempest-InstanceUsageAuditLogNegativeTestJSON-409133408-project-admin', 'project_domain_id': 'default', 'project_domain_name': 'Default', 'project_id': 'c976b09df4a14716987d82446db673fd', 'project_name': 'tempest-InstanceUsageAuditLogNegativeTestJSON-409133408', 'tenant_id': 'c976b09df4a14716987d82446db673fd', 'tenant_name': 'tempest-InstanceUsageAuditLogNegativeTestJSON-409133408', 'user_domain_id': 'default', 'user_domain_name': 'Default', 'user_id': '03ac830ded714e64a353674d954b7436', 'system': None}, Network: None, Subnet: None, Router: None
2024-12-15 00:14:39.881 68666 INFO tempest.lib.common.dynamic_creds [-] Created isolated network resources for: credentials: Credentials: {'domain_id': 'default', 'domain_name': 'Default', 'username': 'tempest-InstanceUsageAuditLogNegativeTestJSON-409133408-project-admin', 'project_domain_id': 'default', 'project_domain_name': 'Default', 'project_id': 'c976b09df4a14716987d82446db673fd', 'project_name': 'tempest-InstanceUsageAuditLogNegativeTestJSON-409133408', 'tenant_id': 'c976b09df4a14716987d82446db673fd', 'tenant_name': 'tempest-InstanceUsageAuditLogNegativeTestJSON-409133408', 'user_domain_id': 'default', 'user_domain_name': 'Default', 'user_id': '03ac830ded714e64a353674d954b7436', 'system': None}, Network: None, Subnet: None, Router: None
2024-12-15 00:14:39.884 68672 INFO tempest.lib.common.rest_client [req-d8a469d5-03c1-4f73-9ace-36ba0cb27465 req-d8a469d5-03c1-4f73-9ace-36ba0cb27465 ] Request (FlavorsExtraSpecsTestJSON:test_flavor_set_get_update_show_unset_keys): 200 GET http://10.180.1.21/compute/v2.1/flavors/1337502571/os-extra_specs 1.314s
2024-12-15 00:14:39.932 68678 INFO tempest.lib.common.rest_client [req-31c556af-2153-496b-bd24-8482f8082a9c req-31c556af-2153-496b-bd24-8482f8082a9c ] Request (VolumesAssistedSnapshotsTest:setUpClass): 204 PUT http://10.180.1.21/identity/v3/projects/2a7ca1ded72c4ec381b562609c75fe57/users/f0992164f59f42429e8da41d8659835a/roles/262d8954bba7487ebc7d9c89bcff685c 0.688s
2024-12-15 00:14:39.933 68678 INFO tempest.lib.common.dynamic_creds [-] Dynamic test user f0992164f59f42429e8da41d8659835a is created with scope project and roles: ['admin']
2024-12-15 00:14:39.933 68678 INFO tempest.lib.common.dynamic_creds [-] Acquired dynamic creds: credentials: Credentials: {'domain_id': 'default', 'domain_name': 'Default', 'username': 'tempest-VolumesAssistedSnapshotsTest-1817897342-project-admin', 'project_domain_id': 'default', 'project_domain_name': 'Default', 'project_id': '2a7ca1ded72c4ec381b562609c75fe57', 'project_name': 'tempest-VolumesAssistedSnapshotsTest-1817897342', 'tenant_id': '2a7ca1ded72c4ec381b562609c75fe57', 'tenant_name': 'tempest-VolumesAssistedSnapshotsTest-1817897342', 'user_domain_id': 'default', 'user_domain_name': 'Default', 'user_id': 'f0992164f59f42429e8da41d8659835a', 'system': None}, Network: None, Subnet: None, Router: None
2024-12-15 00:14:39.934 68684 INFO tempest.lib.common.rest_client [req-0e231566-042d-4970-a6a2-8cf2e21f78e0 req-0e231566-042d-4970-a6a2-8cf2e21f78e0 ] Request (HypervisorAdminV253TestBase:setUpClass): 200 GET http://10.180.1.21/identity/v3/roles 0.740s
2024-12-15 00:14:39.986 68726 INFO tempest.lib.common.rest_client [req-acccd980-7dc7-4791-bb76-b763473cfa4d req-acccd980-7dc7-4791-bb76-b763473cfa4d ] Request (DeleteServersAdminTestJSON:setUpClass): 204 PUT http://10.180.1.21/identity/v3/projects/c20cf34f9d7249e9b837582229c5b0d1/users/6f2a3bba6a654243970f66928c8ad1ee/roles/262d8954bba7487ebc7d9c89bcff685c 0.727s
2024-12-15 00:14:39.986 68726 INFO tempest.lib.common.dynamic_creds [-] Dynamic test user 6f2a3bba6a654243970f66928c8ad1ee is created with scope project and roles: ['admin']
2024-12-15 00:14:39.987 68726 INFO tempest.lib.common.dynamic_creds [-] Acquired dynamic creds: credentials: Credentials: {'domain_id': 'default', 'domain_name': 'Default', 'username': 'tempest-DeleteServersAdminTestJSON-1835334673-project-admin', 'project_domain_id': 'default', 'project_domain_name': 'Default', 'project_id': 'c20cf34f9d7249e9b837582229c5b0d1', 'project_name': 'tempest-DeleteServersAdminTestJSON-1835334673', 'tenant_id': 'c20cf34f9d7249e9b837582229c5b0d1', 'tenant_name': 'tempest-DeleteServersAdminTestJSON-1835334673', 'user_domain_id': 'default', 'user_domain_name': 'Default', 'user_id': '6f2a3bba6a654243970f66928c8ad1ee', 'system': None}, Network: None, Subnet: None, Router: None
2024-12-15 00:14:39.987 68726 INFO tempest.lib.common.dynamic_creds [-] Created isolated network resources for: credentials: Credentials: {'domain_id': 'default', 'domain_name': 'Default', 'username': 'tempest-DeleteServersAdminTestJSON-1835334673-project-admin', 'project_domain_id': 'default', 'project_domain_name': 'Default', 'project_id': 'c20cf34f9d7249e9b837582229c5b0d1', 'project_name': 'tempest-DeleteServersAdminTestJSON-1835334673', 'tenant_id': 'c20cf34f9d7249e9b837582229c5b0d1', 'tenant_name': 'tempest-DeleteServersAdminTestJSON-1835334673', 'user_domain_id': 'default', 'user_domain_name': 'Default', 'user_id': '6f2a3bba6a654243970f66928c8ad1ee', 'system': None}, Network: None, Subnet: None, Router: None
2024-12-15 00:14:40.037 68712 INFO tempest.lib.common.rest_client [req-973ab7a6-cc69-436e-bf3e-d1bf1947f1ee req-973ab7a6-cc69-436e-bf3e-d1bf1947f1ee ] Request (AZAdminNegativeTestJSON:setUpClass): 200 GET http://10.180.1.21/identity/v3/roles 0.764s
2024-12-15 00:14:40.045 68706 INFO tempest.lib.common.rest_client [req-91fc319e-bf99-475a-babd-9816ffec143d req-91fc319e-bf99-475a-babd-9816ffec143d ] Request (FlavorsAccessNegativeTestJSON:setUpClass): 200 GET http://10.180.1.21/identity/v3/roles 0.718s
2024-12-15 00:14:40.060 68718 INFO tempest.lib.common.rest_client [req-58a8c730-80e2-4522-a05c-ef7a857b9639 req-58a8c730-80e2-4522-a05c-ef7a857b9639 ] Request (FlavorsAccessTestJSON:setUpClass): 200 GET http://10.180.1.21/identity/v3/roles 0.674s
2024-12-15 00:14:40.078 68682 INFO tempest.lib.common.rest_client [req-8a84fc53-92c5-4a6f-b2e6-6abeb43ab686 req-8a84fc53-92c5-4a6f-b2e6-6abeb43ab686 ] Request (HypervisorAdminUnderV252Test:setUpClass): 204 PUT http://10.180.1.21/identity/v3/projects/2ef17d361e6e4d699bd51b6c111d401f/users/89b11ede5ca34cd7a3fc28b0b730f47b/roles/262d8954bba7487ebc7d9c89bcff685c 0.632s
2024-12-15 00:14:40.079 68682 INFO tempest.lib.common.dynamic_creds [-] Dynamic test user 89b11ede5ca34cd7a3fc28b0b730f47b is created with scope project and roles: ['admin']
2024-12-15 00:14:40.079 68682 INFO tempest.lib.common.dynamic_creds [-] Acquired dynamic creds: credentials: Credentials: {'domain_id': 'default', 'domain_name': 'Default', 'username': 'tempest-HypervisorAdminUnderV252Test-1770148476-project-admin', 'project_domain_id': 'default', 'project_domain_name': 'Default', 'project_id': '2ef17d361e6e4d699bd51b6c111d401f', 'project_name': 'tempest-HypervisorAdminUnderV252Test-1770148476', 'tenant_id': '2ef17d361e6e4d699bd51b6c111d401f', 'tenant_name': 'tempest-HypervisorAdminUnderV252Test-1770148476', 'user_domain_id': 'default', 'user_domain_name': 'Default', 'user_id': '89b11ede5ca34cd7a3fc28b0b730f47b', 'system': None}, Network: None, Subnet: None, Router: None
2024-12-15 00:14:40.079 68682 INFO tempest.lib.common.dynamic_creds [-] Created isolated network resources for: credentials: Credentials: {'domain_id': 'default', 'domain_name': 'Default', 'username': 'tempest-HypervisorAdminUnderV252Test-1770148476-project-admin', 'project_domain_id': 'default', 'project_domain_name': 'Default', 'project_id': '2ef17d361e6e4d699bd51b6c111d401f', 'project_name': 'tempest-HypervisorAdminUnderV252Test-1770148476', 'tenant_id': '2ef17d361e6e4d699bd51b6c111d401f', 'tenant_name': 'tempest-HypervisorAdminUnderV252Test-1770148476', 'user_domain_id': 'default', 'user_domain_name': 'Default', 'user_id': '89b11ede5ca34cd7a3fc28b0b730f47b', 'system': None}, Network: None, Subnet: None, Router: None
2024-12-15 00:14:40.083 68692 INFO tempest.lib.common.rest_client [req-cc9fa07b-fa7b-41ae-a11b-ef3b19762344 req-cc9fa07b-fa7b-41ae-a11b-ef3b19762344 ] Request (NetworksTest:setUpClass): 204 PUT http://10.180.1.21/identity/v3/projects/8bd0b7568b49427fa8fa7c6d6aef4579/users/a132a12107ff4420b0258853cf5b2f5b/roles/262d8954bba7487ebc7d9c89bcff685c 0.593s
2024-12-15 00:14:40.083 68692 INFO tempest.lib.common.dynamic_creds [-] Dynamic test user a132a12107ff4420b0258853cf5b2f5b is created with scope project and roles: ['admin']
2024-12-15 00:14:40.083 68692 INFO tempest.lib.common.dynamic_creds [-] Acquired dynamic creds: credentials: Credentials: {'domain_id': 'default', 'domain_name': 'Default', 'username': 'tempest-NetworksTest-2087438301-project-admin', 'project_domain_id': 'default', 'project_domain_name': 'Default', 'project_id': '8bd0b7568b49427fa8fa7c6d6aef4579', 'project_name': 'tempest-NetworksTest-2087438301', 'tenant_id': '8bd0b7568b49427fa8fa7c6d6aef4579', 'tenant_name': 'tempest-NetworksTest-2087438301', 'user_domain_id': 'default', 'user_domain_name': 'Default', 'user_id': 'a132a12107ff4420b0258853cf5b2f5b', 'system': None}, Network: None, Subnet: None, Router: None
2024-12-15 00:14:40.084 68692 INFO tempest.lib.common.dynamic_creds [-] Created isolated network resources for: credentials: Credentials: {'domain_id': 'default', 'domain_name': 'Default', 'username': 'tempest-NetworksTest-2087438301-project-admin', 'project_domain_id': 'default', 'project_domain_name': 'Default', 'project_id': '8bd0b7568b49427fa8fa7c6d6aef4579', 'project_name': 'tempest-NetworksTest-2087438301', 'tenant_id': '8bd0b7568b49427fa8fa7c6d6aef4579', 'tenant_name': 'tempest-NetworksTest-2087438301', 'user_domain_id': 'default', 'user_domain_name': 'Default', 'user_id': 'a132a12107ff4420b0258853cf5b2f5b', 'system': None}, Network: None, Subnet: None, Router: None
2024-12-15 00:14:40.134 68678 INFO tempest.lib.common.rest_client [req-b5ba8db4-bb64-4cef-8e0a-5785b47d1be7 req-b5ba8db4-bb64-4cef-8e0a-5785b47d1be7 ] Request (VolumesAssistedSnapshotsTest:setUpClass): 201 POST http://10.180.1.21:9696/networking/v2.0/networks 0.200s
2024-12-15 00:14:40.148 68723 INFO tempest.lib.common.rest_client [req-962e744d-897d-425e-9075-b93a8ebf56de req-962e744d-897d-425e-9075-b93a8ebf56de ] Request (FlavorMetadataValidation:tearDownClass): 200 GET http://10.180.1.21:9696/networking/v2.0/security-groups?tenant_id=6e0f5f7b7f224be194bfc9cee4f582b3&name=default 1.510s
2024-12-15 00:14:40.157 68690 INFO tempest.lib.common.rest_client [req-0593abe6-97be-4cdc-b276-b3b2e59fca94 req-0593abe6-97be-4cdc-b276-b3b2e59fca94 ] Request (KeyPairsV210TestJSON:setUpClass): 201 POST http://10.180.1.21/identity/v3/auth/tokens 0.636s
2024-12-15 00:14:40.170 68694 INFO tempest.lib.common.rest_client [req-f4fef203-0453-4553-8479-b6b976e9f764 req-f4fef203-0453-4553-8479-b6b976e9f764 ] Request (QuotasAdminTestJSON:test_delete_quota): 200 GET http://10.180.1.21/identity/v3/domains?name=Default 0.611s
2024-12-15 00:14:40.212 68668 INFO tempest.lib.common.rest_client [req-fdc58b95-68ac-43f7-bd28-dd7f2723ef3f req-fdc58b95-68ac-43f7-bd28-dd7f2723ef3f ] Request (ServicesAdminNegativeV253TestJSON:tearDownClass): 200 GET http://10.180.1.21:9696/networking/v2.0/security-groups?tenant_id=c1ab7ba8f5f54a83bedd9fd98a5e4108&name=default 0.589s
2024-12-15 00:14:40.214 68717 INFO tempest.lib.common.rest_client [req-9f4669e7-d2ea-47a2-920b-5a3a4024f3b6 req-9f4669e7-d2ea-47a2-920b-5a3a4024f3b6 ] Request (ServerDiagnosticsNegativeTest:setUpClass): 204 PUT http://10.180.1.21/identity/v3/projects/76ce1fbb6ae0412c9627f4b453daf261/users/1b901f87a74b48c8a2628bca187f5e9c/roles/262d8954bba7487ebc7d9c89bcff685c 0.642s
2024-12-15 00:14:40.215 68717 INFO tempest.lib.common.dynamic_creds [-] Dynamic test user 1b901f87a74b48c8a2628bca187f5e9c is created with scope project and roles: ['admin']
2024-12-15 00:14:40.215 68717 INFO tempest.lib.common.dynamic_creds [-] Acquired dynamic creds: credentials: Credentials: {'domain_id': 'default', 'domain_name': 'Default', 'username': 'tempest-ServerDiagnosticsNegativeTest-2013635926-project-admin', 'project_domain_id': 'default', 'project_domain_name': 'Default', 'project_id': '76ce1fbb6ae0412c9627f4b453daf261', 'project_name': 'tempest-ServerDiagnosticsNegativeTest-2013635926', 'tenant_id': '76ce1fbb6ae0412c9627f4b453daf261', 'tenant_name': 'tempest-ServerDiagnosticsNegativeTest-2013635926', 'user_domain_id': 'default', 'user_domain_name': 'Default', 'user_id': '1b901f87a74b48c8a2628bca187f5e9c', 'system': None}, Network: None, Subnet: None, Router: None
2024-12-15 00:14:40.215 68717 INFO tempest.lib.common.dynamic_creds [-] Created isolated network resources for: credentials: Credentials: {'domain_id': 'default', 'domain_name': 'Default', 'username': 'tempest-ServerDiagnosticsNegativeTest-2013635926-project-admin', 'project_domain_id': 'default', 'project_domain_name': 'Default', 'project_id': '76ce1fbb6ae0412c9627f4b453daf261', 'project_name': 'tempest-ServerDiagnosticsNegativeTest-2013635926', 'tenant_id': '76ce1fbb6ae0412c9627f4b453daf261', 'tenant_name': 'tempest-ServerDiagnosticsNegativeTest-2013635926', 'user_domain_id': 'default', 'user_domain_name': 'Default', 'user_id': '1b901f87a74b48c8a2628bca187f5e9c', 'system': None}, Network: None, Subnet: None, Router: None
2024-12-15 00:14:40.256 68696 INFO tempest.lib.common.rest_client [req-26d20818-a937-4cc8-94b7-238fe3699063 req-26d20818-a937-4cc8-94b7-238fe3699063 ] Request (AZAdminV2TestJSON:setUpClass): 204 PUT http://10.180.1.21/identity/v3/projects/c6afbbde348045cfa4cad71d3302af7f/users/87bec7687d8444fa86ac2d502342d141/roles/262d8954bba7487ebc7d9c89bcff685c 0.583s
2024-12-15 00:14:40.256 68696 INFO tempest.lib.common.dynamic_creds [-] Dynamic test user 87bec7687d8444fa86ac2d502342d141 is created with scope project and roles: ['admin']
2024-12-15 00:14:40.256 68696 INFO tempest.lib.common.dynamic_creds [-] Acquired dynamic creds: credentials: Credentials: {'domain_id': 'default', 'domain_name': 'Default', 'username': 'tempest-AZAdminV2TestJSON-1570645018-project-admin', 'project_domain_id': 'default', 'project_domain_name': 'Default', 'project_id': 'c6afbbde348045cfa4cad71d3302af7f', 'project_name': 'tempest-AZAdminV2TestJSON-1570645018', 'tenant_id': 'c6afbbde348045cfa4cad71d3302af7f', 'tenant_name': 'tempest-AZAdminV2TestJSON-1570645018', 'user_domain_id': 'default', 'user_domain_name': 'Default', 'user_id': '87bec7687d8444fa86ac2d502342d141', 'system': None}, Network: None, Subnet: None, Router: None
2024-12-15 00:14:40.257 68696 INFO tempest.lib.common.dynamic_creds [-] Created isolated network resources for: credentials: Credentials: {'domain_id': 'default', 'domain_name': 'Default', 'username': 'tempest-AZAdminV2TestJSON-1570645018-project-admin', 'project_domain_id': 'default', 'project_domain_name': 'Default', 'project_id': 'c6afbbde348045cfa4cad71d3302af7f', 'project_name': 'tempest-AZAdminV2TestJSON-1570645018', 'tenant_id': 'c6afbbde348045cfa4cad71d3302af7f', 'tenant_name': 'tempest-AZAdminV2TestJSON-1570645018', 'user_domain_id': 'default', 'user_domain_name': 'Default', 'user_id': '87bec7687d8444fa86ac2d502342d141', 'system': None}, Network: None, Subnet: None, Router: None
2024-12-15 00:14:40.263 68710 INFO tempest.lib.common.rest_client [req-42476582-90a7-4080-a0fe-863c1f5f667c req-42476582-90a7-4080-a0fe-863c1f5f667c ] Request (FloatingIPDetailsTestJSON:setUpClass): 201 POST http://10.180.1.21:9696/networking/v2.0/routers 2.084s
2024-12-15 00:14:40.273 68676 INFO tempest.lib.common.rest_client [req-9f7c43f2-1094-4ea5-9ca7-09414eafb4d8 req-9f7c43f2-1094-4ea5-9ca7-09414eafb4d8 ] Request (ServersAdmin275Test:test_rebuild_update_server_275): 201 POST http://10.180.1.21/identity/v3/auth/tokens 0.585s
2024-12-15 00:14:40.274 68676 INFO tempest.lib.common.fixed_network [-] (ServersAdmin275Test:test_rebuild_update_server_275) Found network None available for tenant
2024-12-15 00:14:40.309 68700 INFO tempest.lib.common.rest_client [req-f82144a8-20c3-47af-b356-f8f3328641b7 req-f82144a8-20c3-47af-b356-f8f3328641b7 ] Request (FlavorsV255TestJSON:setUpClass): 204 PUT http://10.180.1.21/identity/v3/projects/d38ad5ec844c4680a76d87348b5198aa/users/31820274bf724b2a8fb537e5d30f8ef0/roles/262d8954bba7487ebc7d9c89bcff685c 0.611s
2024-12-15 00:14:40.310 68700 INFO tempest.lib.common.dynamic_creds [-] Dynamic test user 31820274bf724b2a8fb537e5d30f8ef0 is created with scope project and roles: ['admin']
2024-12-15 00:14:40.310 68700 INFO tempest.lib.common.dynamic_creds [-] Acquired dynamic creds: credentials: Credentials: {'domain_id': 'default', 'domain_name': 'Default', 'username': 'tempest-FlavorsV255TestJSON-1433699369-project-admin', 'project_domain_id': 'default', 'project_domain_name': 'Default', 'project_id': 'd38ad5ec844c4680a76d87348b5198aa', 'project_name': 'tempest-FlavorsV255TestJSON-1433699369', 'tenant_id': 'd38ad5ec844c4680a76d87348b5198aa', 'tenant_name': 'tempest-FlavorsV255TestJSON-1433699369', 'user_domain_id': 'default', 'user_domain_name': 'Default', 'user_id': '31820274bf724b2a8fb537e5d30f8ef0', 'system': None}, Network: None, Subnet: None, Router: None
2024-12-15 00:14:40.310 68700 INFO tempest.lib.common.dynamic_creds [-] Created isolated network resources for: credentials: Credentials: {'domain_id': 'default', 'domain_name': 'Default', 'username': 'tempest-FlavorsV255TestJSON-1433699369-project-admin', 'project_domain_id': 'default', 'project_domain_name': 'Default', 'project_id': 'd38ad5ec844c4680a76d87348b5198aa', 'project_name': 'tempest-FlavorsV255TestJSON-1433699369', 'tenant_id': 'd38ad5ec844c4680a76d87348b5198aa', 'tenant_name': 'tempest-FlavorsV255TestJSON-1433699369', 'user_domain_id': 'default', 'user_domain_name': 'Default', 'user_id': '31820274bf724b2a8fb537e5d30f8ef0', 'system': None}, Network: None, Subnet: None, Router: None
2024-12-15 00:14:40.315 68723 INFO tempest.lib.common.rest_client [req-3d82609c-147f-422a-9447-b17402f36006 req-3d82609c-147f-422a-9447-b17402f36006 ] Request (FlavorMetadataValidation:tearDownClass): 204 DELETE http://10.180.1.21:9696/networking/v2.0/security-groups/e8c5998f-5799-4458-9d45-869341d6d9ec 0.166s
2024-12-15 00:14:40.343 68714 INFO tempest.lib.common.rest_client [req-c34a831a-c8d5-48ed-84e3-f0159b5635b0 req-c34a831a-c8d5-48ed-84e3-f0159b5635b0 ] Request (QuotasAdminTestV236:setUpClass): 201 POST http://10.180.1.21/identity/v3/auth/tokens 0.645s
2024-12-15 00:14:40.344 68714 WARNING tempest.lib.common.rest_client [-] Deprecated: "tenant_id" property is deprecated for removal, use "project_id" instead
2024-12-15 00:14:40.367 68704 INFO tempest.lib.common.rest_client [req-c53df954-933c-4c41-bb59-27d03dff3047 req-c53df954-933c-4c41-bb59-27d03dff3047 ] Request (ListImagesTestJSON:setUpClass): 201 POST http://10.180.1.21/identity/v3/auth/tokens 0.575s
2024-12-15 00:14:40.372 68686 INFO tempest.lib.common.rest_client [req-e8e990c1-0fd6-49eb-99bb-f6a19d87e0b1 req-e8e990c1-0fd6-49eb-99bb-f6a19d87e0b1 ] Request (KeyPairsV22TestJSON:setUpClass): 200 GET http://10.180.1.21/identity/v3/roles 0.612s
2024-12-15 00:14:40.392 68708 INFO tempest.lib.common.rest_client [req-ce3092e8-33e8-4701-8844-7b26436f6426 req-ce3092e8-33e8-4701-8844-7b26436f6426 ] Request (HostsAdminNegativeTestJSON:setUpClass): 204 PUT http://10.180.1.21/identity/v3/projects/fb1cd886bfbb4772b8e4d3b4cb3a11b1/users/0c0aa82f719a4097a9296e5fb82f6659/roles/262d8954bba7487ebc7d9c89bcff685c 0.577s
2024-12-15 00:14:40.393 68708 INFO tempest.lib.common.dynamic_creds [-] Dynamic test user 0c0aa82f719a4097a9296e5fb82f6659 is created with scope project and roles: ['admin']
2024-12-15 00:14:40.393 68708 INFO tempest.lib.common.dynamic_creds [-] Acquired dynamic creds: credentials: Credentials: {'domain_id': 'default', 'domain_name': 'Default', 'username': 'tempest-HostsAdminNegativeTestJSON-752057354-project-admin', 'project_domain_id': 'default', 'project_domain_name': 'Default', 'project_id': 'fb1cd886bfbb4772b8e4d3b4cb3a11b1', 'project_name': 'tempest-HostsAdminNegativeTestJSON-752057354', 'tenant_id': 'fb1cd886bfbb4772b8e4d3b4cb3a11b1', 'tenant_name': 'tempest-HostsAdminNegativeTestJSON-752057354', 'user_domain_id': 'default', 'user_domain_name': 'Default', 'user_id': '0c0aa82f719a4097a9296e5fb82f6659', 'system': None}, Network: None, Subnet: None, Router: None
2024-12-15 00:14:40.393 68708 INFO tempest.lib.common.dynamic_creds [-] Created isolated network resources for: credentials: Credentials: {'domain_id': 'default', 'domain_name': 'Default', 'username': 'tempest-HostsAdminNegativeTestJSON-752057354-project-admin', 'project_domain_id': 'default', 'project_domain_name': 'Default', 'project_id': 'fb1cd886bfbb4772b8e4d3b4cb3a11b1', 'project_name': 'tempest-HostsAdminNegativeTestJSON-752057354', 'tenant_id': 'fb1cd886bfbb4772b8e4d3b4cb3a11b1', 'tenant_name': 'tempest-HostsAdminNegativeTestJSON-752057354', 'user_domain_id': 'default', 'user_domain_name': 'Default', 'user_id': '0c0aa82f719a4097a9296e5fb82f6659', 'system': None}, Network: None, Subnet: None, Router: None
2024-12-15 00:14:40.450 68664 INFO tempest.lib.common.rest_client [req-f7636e2c-c700-437e-8c4f-9ebbc421d5d2 req-f7636e2c-c700-437e-8c4f-9ebbc421d5d2 ] Request (AggregatesAdminNegativeTestJSON:setUpClass): 201 POST http://10.180.1.21/identity/v3/auth/tokens 0.608s
2024-12-15 00:14:40.459 68668 INFO tempest.lib.common.rest_client [req-fc052a33-f2c8-438c-8c8e-4908fd7fc32c req-fc052a33-f2c8-438c-8c8e-4908fd7fc32c ] Request (ServicesAdminNegativeV253TestJSON:tearDownClass): 204 DELETE http://10.180.1.21:9696/networking/v2.0/security-groups/0f7ca31e-a72c-4dac-819f-d6f1c9115ef1 0.246s
2024-12-15 00:14:40.474 68678 INFO tempest.lib.common.rest_client [req-f3cdfe0d-734a-49bd-8a15-15e7b9a2afb1 req-f3cdfe0d-734a-49bd-8a15-15e7b9a2afb1 ] Request (VolumesAssistedSnapshotsTest:setUpClass): 201 POST http://10.180.1.21:9696/networking/v2.0/subnets 0.340s
2024-12-15 00:14:40.510 68674 INFO tempest.lib.common.rest_client [req-8aa872b8-9eeb-4968-8a18-168c304a2434 req-8aa872b8-9eeb-4968-8a18-168c304a2434 ] Request (HypervisorAdminTestJSON:test_get_hypervisor_list): 200 GET http://10.180.1.21/compute/v2.1/os-hypervisors 1.501s
2024-12-15 00:14:40.523 68666 INFO tempest.lib.common.rest_client [req-192969b2-fdae-4515-a1a0-797919bc75ad req-192969b2-fdae-4515-a1a0-797919bc75ad ] Request (InstanceUsageAuditLogNegativeTestJSON:setUpClass): 201 POST http://10.180.1.21/identity/v3/auth/tokens 0.638s
2024-12-15 00:14:40.591 68689 INFO tempest.lib.common.rest_client [req-88e8204f-a17c-4932-ae69-dcf834dc77a7 req-88e8204f-a17c-4932-ae69-dcf834dc77a7 ] Request (HypervisorAdminV228Test:tearDownClass): 204 DELETE http://10.180.1.21/identity/v3/users/3680a0fd3aaf41dfadf5333a0d196528 0.675s
2024-12-15 00:14:40.613 68684 INFO tempest.lib.common.rest_client [req-9eb0c3d8-a2f4-4303-9ad1-375fcc757ced req-9eb0c3d8-a2f4-4303-9ad1-375fcc757ced ] Request (HypervisorAdminV253TestBase:setUpClass): 204 PUT http://10.180.1.21/identity/v3/projects/a5f62b081b0c45e694159166a5500af0/users/575b09fa6b864231b3f568a2ce3c75f5/roles/262d8954bba7487ebc7d9c89bcff685c 0.678s
2024-12-15 00:14:40.613 68684 INFO tempest.lib.common.dynamic_creds [-] Dynamic test user 575b09fa6b864231b3f568a2ce3c75f5 is created with scope project and roles: ['admin']
2024-12-15 00:14:40.613 68684 INFO tempest.lib.common.dynamic_creds [-] Acquired dynamic creds: credentials: Credentials: {'domain_id': 'default', 'domain_name': 'Default', 'username': 'tempest-HypervisorAdminV253TestBase-1727482084-project-admin', 'project_domain_id': 'default', 'project_domain_name': 'Default', 'project_id': 'a5f62b081b0c45e694159166a5500af0', 'project_name': 'tempest-HypervisorAdminV253TestBase-1727482084', 'tenant_id': 'a5f62b081b0c45e694159166a5500af0', 'tenant_name': 'tempest-HypervisorAdminV253TestBase-1727482084', 'user_domain_id': 'default', 'user_domain_name': 'Default', 'user_id': '575b09fa6b864231b3f568a2ce3c75f5', 'system': None}, Network: None, Subnet: None, Router: None
2024-12-15 00:14:40.613 68684 INFO tempest.lib.common.dynamic_creds [-] Created isolated network resources for: credentials: Credentials: {'domain_id': 'default', 'domain_name': 'Default', 'username': 'tempest-HypervisorAdminV253TestBase-1727482084-project-admin', 'project_domain_id': 'default', 'project_domain_name': 'Default', 'project_id': 'a5f62b081b0c45e694159166a5500af0', 'project_name': 'tempest-HypervisorAdminV253TestBase-1727482084', 'tenant_id': 'a5f62b081b0c45e694159166a5500af0', 'tenant_name': 'tempest-HypervisorAdminV253TestBase-1727482084', 'user_domain_id': 'default', 'user_domain_name': 'Default', 'user_id': '575b09fa6b864231b3f568a2ce3c75f5', 'system': None}, Network: None, Subnet: None, Router: None
2024-12-15 00:14:40.688 68726 INFO tempest.lib.common.rest_client [req-b08d90b6-7c0c-4378-bc55-991a8b937f8a req-b08d90b6-7c0c-4378-bc55-991a8b937f8a ] Request (DeleteServersAdminTestJSON:setUpClass): 201 POST http://10.180.1.21/identity/v3/auth/tokens 0.698s
2024-12-15 00:14:40.696 68720 INFO tempest.lib.common.rest_client [req-2ada1e25-97c8-4134-9447-d57aa995e69a req-2ada1e25-97c8-4134-9447-d57aa995e69a ] Request (FloatingIPsTestJSON:test_allocate_floating_ip): 200 GET http://10.180.1.21/compute/v2.1/os-floating-ips/fafb51bd-c8b7-4b5f-8d34-d6f23861d6e8 0.883s
2024-12-15 00:14:40.724 68702 INFO tempest.lib.common.rest_client [req-b292d75d-5f24-4a93-8227-c2e3e6252737 req-b292d75d-5f24-4a93-8227-c2e3e6252737 ] Request (FlavorsV261TestJSON:tearDownClass): 204 DELETE http://10.180.1.21/identity/v3/users/f203494d6f69435dacdc66a5b51f5d09 0.789s
2024-12-15 00:14:40.736 68672 INFO tempest.lib.common.rest_client [req-d1e245ae-9487-44fa-a812-45e79966edb3 req-d1e245ae-9487-44fa-a812-45e79966edb3 ] Request (FlavorsExtraSpecsTestJSON:test_flavor_set_get_update_show_unset_keys): 200 PUT http://10.180.1.21/compute/v2.1/flavors/1337502571/os-extra_specs/hw:numa_nodes 0.850s
2024-12-15 00:14:40.742 68712 INFO tempest.lib.common.rest_client [req-787975fb-aaa4-4fc1-bf3d-de77d7354ef0 req-787975fb-aaa4-4fc1-bf3d-de77d7354ef0 ] Request (AZAdminNegativeTestJSON:setUpClass): 204 PUT http://10.180.1.21/identity/v3/projects/ca3f88a6f5ad4ed0b5aafa1bac909f85/users/b7ecbd64af55494db84cd99448ddfed6/roles/262d8954bba7487ebc7d9c89bcff685c 0.705s
2024-12-15 00:14:40.742 68712 INFO tempest.lib.common.dynamic_creds [-] Dynamic test user b7ecbd64af55494db84cd99448ddfed6 is created with scope project and roles: ['admin']
2024-12-15 00:14:40.742 68712 INFO tempest.lib.common.dynamic_creds [-] Acquired dynamic creds: credentials: Credentials: {'domain_id': 'default', 'domain_name': 'Default', 'username': 'tempest-AZAdminNegativeTestJSON-1847413473-project-admin', 'project_domain_id': 'default', 'project_domain_name': 'Default', 'project_id': 'ca3f88a6f5ad4ed0b5aafa1bac909f85', 'project_name': 'tempest-AZAdminNegativeTestJSON-1847413473', 'tenant_id': 'ca3f88a6f5ad4ed0b5aafa1bac909f85', 'tenant_name': 'tempest-AZAdminNegativeTestJSON-1847413473', 'user_domain_id': 'default', 'user_domain_name': 'Default', 'user_id': 'b7ecbd64af55494db84cd99448ddfed6', 'system': None}, Network: None, Subnet: None, Router: None
2024-12-15 00:14:40.743 68712 INFO tempest.lib.common.dynamic_creds [-] Created isolated network resources for: credentials: Credentials: {'domain_id': 'default', 'domain_name': 'Default', 'username': 'tempest-AZAdminNegativeTestJSON-1847413473-project-admin', 'project_domain_id': 'default', 'project_domain_name': 'Default', 'project_id': 'ca3f88a6f5ad4ed0b5aafa1bac909f85', 'project_name': 'tempest-AZAdminNegativeTestJSON-1847413473', 'tenant_id': 'ca3f88a6f5ad4ed0b5aafa1bac909f85', 'tenant_name': 'tempest-AZAdminNegativeTestJSON-1847413473', 'user_domain_id': 'default', 'user_domain_name': 'Default', 'user_id': 'b7ecbd64af55494db84cd99448ddfed6', 'system': None}, Network: None, Subnet: None, Router: None
2024-12-15 00:14:40.827 68706 INFO tempest.lib.common.rest_client [req-98b78127-aeb5-4005-9e20-7c358a22d476 req-98b78127-aeb5-4005-9e20-7c358a22d476 ] Request (FlavorsAccessNegativeTestJSON:setUpClass): 204 PUT http://10.180.1.21/identity/v3/projects/8e2348f30c614b67ac69193189594084/users/84fbd60460b04b52a91a3b3e25bc055a/roles/262d8954bba7487ebc7d9c89bcff685c 0.781s
2024-12-15 00:14:40.827 68706 INFO tempest.lib.common.dynamic_creds [-] Dynamic test user 84fbd60460b04b52a91a3b3e25bc055a is created with scope project and roles: ['admin']
2024-12-15 00:14:40.828 68706 INFO tempest.lib.common.dynamic_creds [-] Acquired dynamic creds: credentials: Credentials: {'domain_id': 'default', 'domain_name': 'Default', 'username': 'tempest-FlavorsAccessNegativeTestJSON-329285412-project-admin', 'project_domain_id': 'default', 'project_domain_name': 'Default', 'project_id': '8e2348f30c614b67ac69193189594084', 'project_name': 'tempest-FlavorsAccessNegativeTestJSON-329285412', 'tenant_id': '8e2348f30c614b67ac69193189594084', 'tenant_name': 'tempest-FlavorsAccessNegativeTestJSON-329285412', 'user_domain_id': 'default', 'user_domain_name': 'Default', 'user_id': '84fbd60460b04b52a91a3b3e25bc055a', 'system': None}, Network: None, Subnet: None, Router: None
2024-12-15 00:14:40.828 68706 INFO tempest.lib.common.dynamic_creds [-] Created isolated network resources for: credentials: Credentials: {'domain_id': 'default', 'domain_name': 'Default', 'username': 'tempest-FlavorsAccessNegativeTestJSON-329285412-project-admin', 'project_domain_id': 'default', 'project_domain_name': 'Default', 'project_id': '8e2348f30c614b67ac69193189594084', 'project_name': 'tempest-FlavorsAccessNegativeTestJSON-329285412', 'tenant_id': '8e2348f30c614b67ac69193189594084', 'tenant_name': 'tempest-FlavorsAccessNegativeTestJSON-329285412', 'user_domain_id': 'default', 'user_domain_name': 'Default', 'user_id': '84fbd60460b04b52a91a3b3e25bc055a', 'system': None}, Network: None, Subnet: None, Router: None
2024-12-15 00:14:40.888 68718 INFO tempest.lib.common.rest_client [req-e56c1569-8521-48e5-8c7d-89c18d5d9b61 req-e56c1569-8521-48e5-8c7d-89c18d5d9b61 ] Request (FlavorsAccessTestJSON:setUpClass): 204 PUT http://10.180.1.21/identity/v3/projects/143aa980c4fc4a3f92fbe97baa9ab103/users/ae5b2618dac049b285460a99ddd5672c/roles/262d8954bba7487ebc7d9c89bcff685c 0.827s
2024-12-15 00:14:40.888 68718 INFO tempest.lib.common.dynamic_creds [-] Dynamic test user ae5b2618dac049b285460a99ddd5672c is created with scope project and roles: ['admin']
2024-12-15 00:14:40.888 68718 INFO tempest.lib.common.dynamic_creds [-] Acquired dynamic creds: credentials: Credentials: {'domain_id': 'default', 'domain_name': 'Default', 'username': 'tempest-FlavorsAccessTestJSON-464302743-project-admin', 'project_domain_id': 'default', 'project_domain_name': 'Default', 'project_id': '143aa980c4fc4a3f92fbe97baa9ab103', 'project_name': 'tempest-FlavorsAccessTestJSON-464302743', 'tenant_id': '143aa980c4fc4a3f92fbe97baa9ab103', 'tenant_name': 'tempest-FlavorsAccessTestJSON-464302743', 'user_domain_id': 'default', 'user_domain_name': 'Default', 'user_id': 'ae5b2618dac049b285460a99ddd5672c', 'system': None}, Network: None, Subnet: None, Router: None
2024-12-15 00:14:40.888 68718 INFO tempest.lib.common.dynamic_creds [-] Created isolated network resources for: credentials: Credentials: {'domain_id': 'default', 'domain_name': 'Default', 'username': 'tempest-FlavorsAccessTestJSON-464302743-project-admin', 'project_domain_id': 'default', 'project_domain_name': 'Default', 'project_id': '143aa980c4fc4a3f92fbe97baa9ab103', 'project_name': 'tempest-FlavorsAccessTestJSON-464302743', 'tenant_id': '143aa980c4fc4a3f92fbe97baa9ab103', 'tenant_name': 'tempest-FlavorsAccessTestJSON-464302743', 'user_domain_id': 'default', 'user_domain_name': 'Default', 'user_id': 'ae5b2618dac049b285460a99ddd5672c', 'system': None}, Network: None, Subnet: None, Router: None
2024-12-15 00:14:40.890 68682 INFO tempest.lib.common.rest_client [req-67c08051-308d-449b-a803-54801ee2e046 req-67c08051-308d-449b-a803-54801ee2e046 ] Request (HypervisorAdminUnderV252Test:setUpClass): 201 POST http://10.180.1.21/identity/v3/auth/tokens 0.805s
2024-12-15 00:14:40.959 68692 INFO tempest.lib.common.rest_client [req-2a447146-7a8c-4622-a170-1a3daee9839e req-2a447146-7a8c-4622-a170-1a3daee9839e ] Request (NetworksTest:setUpClass): 201 POST http://10.180.1.21/identity/v3/auth/tokens 0.871s
2024-12-15 00:14:40.984 68694 INFO tempest.lib.common.rest_client [req-4d4f67b1-17c7-4e7b-9633-7b6377c75c8b req-4d4f67b1-17c7-4e7b-9633-7b6377c75c8b ] Request (QuotasAdminTestJSON:test_delete_quota): 201 POST http://10.180.1.21/identity/v3/projects 0.814s
2024-12-15 00:14:41.035 68717 INFO tempest.lib.common.rest_client [req-5dbefca3-e67a-4e7c-a532-45ea1b6a91c7 req-5dbefca3-e67a-4e7c-a532-45ea1b6a91c7 ] Request (ServerDiagnosticsNegativeTest:setUpClass): 201 POST http://10.180.1.21/identity/v3/auth/tokens 0.816s
2024-12-15 00:14:41.072 68696 INFO tempest.lib.common.rest_client [req-2275c84a-d848-4645-be05-36b85791fc5e req-2275c84a-d848-4645-be05-36b85791fc5e ] Request (AZAdminV2TestJSON:setUpClass): 201 POST http://10.180.1.21/identity/v3/auth/tokens 0.810s
2024-12-15 00:14:41.147 68723 INFO tempest.lib.common.rest_client [req-64320eab-a0b3-4dee-847f-6fe728bef142 req-64320eab-a0b3-4dee-847f-6fe728bef142 ] Request (FlavorMetadataValidation:tearDownClass): 204 DELETE http://10.180.1.21/identity/v3/projects/6e0f5f7b7f224be194bfc9cee4f582b3 0.831s
2024-12-15 00:14:41.148 68723 INFO tempest.lib.common.dynamic_creds [-] Deleting project and security group for project: 1224a7b857874fe097d5dc9dd41b401d
2024-12-15 00:14:41.174 68700 INFO tempest.lib.common.rest_client [req-5bbc3502-aa08-44df-a78f-1cd421b7829b req-5bbc3502-aa08-44df-a78f-1cd421b7829b ] Request (FlavorsV255TestJSON:setUpClass): 201 POST http://10.180.1.21/identity/v3/auth/tokens 0.859s
2024-12-15 00:14:41.233 68686 INFO tempest.lib.common.rest_client [req-cceb043a-d925-422c-8687-45a3b31f0843 req-cceb043a-d925-422c-8687-45a3b31f0843 ] Request (KeyPairsV22TestJSON:setUpClass): 204 PUT http://10.180.1.21/identity/v3/projects/123e65bbfaad40b79ce90f7fbc22cfab/users/9033b063976b4dce81f3828350fd32a3/roles/e35e04079676449bb27fd68003bc8f8e 0.860s
2024-12-15 00:14:41.233 68686 INFO tempest.lib.common.dynamic_creds [-] Dynamic test user 9033b063976b4dce81f3828350fd32a3 is created with scope project and roles: ['member']
2024-12-15 00:14:41.234 68686 INFO tempest.lib.common.dynamic_creds [-] Acquired dynamic creds: credentials: Credentials: {'domain_id': 'default', 'domain_name': 'Default', 'username': 'tempest-KeyPairsV22TestJSON-1562219249-project-member', 'project_domain_id': 'default', 'project_domain_name': 'Default', 'project_id': '123e65bbfaad40b79ce90f7fbc22cfab', 'project_name': 'tempest-KeyPairsV22TestJSON-1562219249', 'tenant_id': '123e65bbfaad40b79ce90f7fbc22cfab', 'tenant_name': 'tempest-KeyPairsV22TestJSON-1562219249', 'user_domain_id': 'default', 'user_domain_name': 'Default', 'user_id': '9033b063976b4dce81f3828350fd32a3', 'system': None}, Network: None, Subnet: None, Router: None
2024-12-15 00:14:41.234 68686 INFO tempest.lib.common.dynamic_creds [-] Created isolated network resources for: credentials: Credentials: {'domain_id': 'default', 'domain_name': 'Default', 'username': 'tempest-KeyPairsV22TestJSON-1562219249-project-member', 'project_domain_id': 'default', 'project_domain_name': 'Default', 'project_id': '123e65bbfaad40b79ce90f7fbc22cfab', 'project_name': 'tempest-KeyPairsV22TestJSON-1562219249', 'tenant_id': '123e65bbfaad40b79ce90f7fbc22cfab', 'tenant_name': 'tempest-KeyPairsV22TestJSON-1562219249', 'user_domain_id': 'default', 'user_domain_name': 'Default', 'user_id': '9033b063976b4dce81f3828350fd32a3', 'system': None}, Network: None, Subnet: None, Router: None
2024-12-15 00:14:41.262 68708 INFO tempest.lib.common.rest_client [req-c5d4c449-4bc3-4387-8ef3-7b42be1c1ae1 req-c5d4c449-4bc3-4387-8ef3-7b42be1c1ae1 ] Request (HostsAdminNegativeTestJSON:setUpClass): 201 POST http://10.180.1.21/identity/v3/auth/tokens 0.864s
2024-12-15 00:14:41.289 68704 INFO tempest.lib.common.rest_client [req-0965d6a8-eea3-402d-b5d9-e7d2d8211c99 req-0965d6a8-eea3-402d-b5d9-e7d2d8211c99 ] Request (ListImagesTestJSON:setUpClass): 201 POST http://10.180.1.21/identity/v3/auth/tokens 0.882s
2024-12-15 00:14:41.356 68689 INFO tempest.lib.common.rest_client [req-790135d5-d7db-4b72-8057-012ccd973d87 req-790135d5-d7db-4b72-8057-012ccd973d87 ] Request (HypervisorAdminV228Test:tearDownClass): 204 DELETE http://10.180.1.21/identity/v3/users/03d0680d68184ad08cca506cdc5f90ae 0.764s
2024-12-15 00:14:41.356 68689 INFO tempest.lib.common.dynamic_creds [-] Deleting project and security group for project: 749c1100238e415096ef7c0b399dc6fd
2024-12-15 00:14:41.374 68668 INFO tempest.lib.common.rest_client [req-ae7895de-6546-41e5-990e-54197d3b20fe req-ae7895de-6546-41e5-990e-54197d3b20fe ] Request (ServicesAdminNegativeV253TestJSON:tearDownClass): 204 DELETE http://10.180.1.21/identity/v3/projects/c1ab7ba8f5f54a83bedd9fd98a5e4108 0.915s
2024-12-15 00:14:41.432 68723 INFO tempest.lib.common.rest_client [req-77073a4f-c9c4-4e3c-8147-a3ccb8f060a7 req-77073a4f-c9c4-4e3c-8147-a3ccb8f060a7 ] Request (FlavorMetadataValidation:tearDownClass): 200 GET http://10.180.1.21:9696/networking/v2.0/security-groups?tenant_id=1224a7b857874fe097d5dc9dd41b401d&name=default 0.284s
2024-12-15 00:14:41.434 68684 INFO tempest.lib.common.rest_client [req-353d0d23-b749-43eb-bfb7-cc80ca8fc89f req-353d0d23-b749-43eb-bfb7-cc80ca8fc89f ] Request (HypervisorAdminV253TestBase:setUpClass): 201 POST http://10.180.1.21/identity/v3/auth/tokens 0.817s
2024-12-15 00:14:41.492 68702 INFO tempest.lib.common.rest_client [req-6742d353-946f-4d09-a265-cf7fcb6f3d0a req-6742d353-946f-4d09-a265-cf7fcb6f3d0a ] Request (FlavorsV261TestJSON:tearDownClass): 204 DELETE http://10.180.1.21/identity/v3/users/f194933d023645a593a1f84b974d4e94 0.767s
2024-12-15 00:14:41.493 68702 INFO tempest.lib.common.dynamic_creds [-] Deleting project and security group for project: 6c07fbec026d4591ad64827d2bd5d410
2024-12-15 00:14:41.551 68726 INFO tempest.lib.common.rest_client [req-93627f61-7c24-4f1c-8b40-db02c97f3799 req-93627f61-7c24-4f1c-8b40-db02c97f3799 ] Request (DeleteServersAdminTestJSON:test_admin_delete_servers_of_others): 201 POST http://10.180.1.21/identity/v3/auth/tokens 0.812s
2024-12-15 00:14:41.552 68726 INFO tempest.lib.common.fixed_network [-] (DeleteServersAdminTestJSON:test_admin_delete_servers_of_others) Found network None available for tenant
2024-12-15 00:14:41.596 68680 INFO tempest.lib.common.rest_client [req-b82c4ca9-66d2-41ce-be1e-503af2cb8937 req-b82c4ca9-66d2-41ce-be1e-503af2cb8937 ] Request (VolumesAdminNegativeTest:setUpClass): 200 PUT http://10.180.1.21:9696/networking/v2.0/routers/29dd0b82-4e4b-4a38-a12c-5c2421aa58ab/add_router_interface 2.470s
