2024-12-15 00:15:36.689 68672 INFO tempest.lib.common.rest_client [req-16c99fcd-7eed-4165-9049-77389e8ef505 req-16c99fcd-7eed-4165-9049-77389e8ef505 ] Request (MigrationsAdminTest:test_list_migrations_in_flavor_resize_situation): 200 GET http://10.180.1.21/compute/v2.1/servers/cce4acfe-f3d9-4711-9e54-bfd0bb94c7ab 0.855s
2024-12-15 00:15:36.696 68678 WARNING tempest.lib.common.ssh [-] Failed to establish authenticated ssh connection to cirros@10.180.180.247 ([Errno None] Unable to connect to port 22 on 10.180.180.247). Number attempts: 2. Retry after 3 seconds.: paramiko.ssh_exception.NoValidConnectionsError: [Errno None] Unable to connect to port 22 on 10.180.180.247
2024-12-15 00:15:36.713 68724 INFO tempest.lib.common.rest_client [req-a5551ac7-0473-4416-a222-e66a6c32e7d2 req-a5551ac7-0473-4416-a222-e66a6c32e7d2 ] Request (ImagesNegativeTestJSON:tearDownClass): 204 DELETE http://10.180.1.21/identity/v3/users/05ccaa20d2c948c28245d213bb8f6f5c 0.160s
2024-12-15 00:15:36.714 68724 INFO tempest.lib.common.dynamic_creds [-] Deleting project and security group for project: f6431c4f91be487fb55ad6aa9f284031
2024-12-15 00:15:36.733 68692 INFO tempest.lib.common.rest_client [req-0cabe808-683f-487a-ac09-dc7e88d76f51 req-0cabe808-683f-487a-ac09-dc7e88d76f51 ] Request (InstanceActionsV221TestJSON:test_get_list_deleted_instance_actions): 200 GET http://10.180.1.21/compute/v2.1/servers/01b20150-ba71-48ab-87fd-5a235552e757 0.887s
2024-12-15 00:15:36.752 68724 INFO tempest.lib.common.rest_client [req-32055e7c-4673-4da2-a8e6-6b0a0ea5ae46 req-32055e7c-4673-4da2-a8e6-6b0a0ea5ae46 ] Request (ImagesNegativeTestJSON:tearDownClass): 200 GET http://10.180.1.21:9696/networking/v2.0/security-groups?tenant_id=f6431c4f91be487fb55ad6aa9f284031&name=default 0.038s
2024-12-15 00:15:36.761 68706 INFO tempest.lib.common.rest_client [req-303b8bee-1fe4-4c7f-80ca-f723b3a086da req-303b8bee-1fe4-4c7f-80ca-f723b3a086da ] Request (FloatingIPsAssociationNegativeTestJSON:setUpClass): 201 POST http://10.180.1.21/identity/v3/auth/tokens 0.089s
2024-12-15 00:15:36.794 68706 INFO tempest.lib.common.rest_client [req-f38760fe-2357-473f-9d6b-d9f09cf8e58e req-f38760fe-2357-473f-9d6b-d9f09cf8e58e ] Request (FloatingIPsAssociationNegativeTestJSON:setUpClass): 201 POST http://10.180.1.21/identity/v3/auth/tokens 0.028s
2024-12-15 00:15:36.794 68706 INFO tempest.lib.common.fixed_network [-] (FloatingIPsAssociationNegativeTestJSON:setUpClass) Found network {'id': 'ebfdbb9e-b721-45ab-a030-3085d437e7f0', 'name': 'tempest-FloatingIPsAssociationNegativeTestJSON-544098655-network', 'tenant_id': 'ae3494d697d24add8de8318454fd16e5', 'admin_state_up': True, 'mtu': 8950, 'status': 'ACTIVE', 'subnets': [], 'shared': False, 'project_id': 'ae3494d697d24add8de8318454fd16e5', 'port_security_enabled': True, 'router:external': False, 'provider:network_type': 'vlan', 'provider:physical_network': 'default', 'provider:segmentation_id': 78, 'availability_zone_hints': [], 'availability_zones': [], 'ipv4_address_scope': None, 'ipv6_address_scope': None, 'description': '', 'tags': [], 'created_at': '2024-12-15T00:15:31Z', 'updated_at': '2024-12-15T00:15:31Z', 'revision_number': 1} available for tenant
2024-12-15 00:15:36.805 68689 INFO tempest.lib.common.rest_client [req-30e19f57-529c-45ab-92e6-e7ed3cd7cc17 req-30e19f57-529c-45ab-92e6-e7ed3cd7cc17 ] Request (ServerDiagnosticsTest:tearDownClass): 200 GET http://10.180.1.21/compute/v2.1/servers/51f4045f-a7b8-4293-aa22-17b5cba7e7ce 0.858s
2024-12-15 00:15:36.867 68724 INFO tempest.lib.common.rest_client [req-944b093b-dd0f-4fa8-a89c-6096e9d61def req-944b093b-dd0f-4fa8-a89c-6096e9d61def ] Request (ImagesNegativeTestJSON:tearDownClass): 204 DELETE http://10.180.1.21:9696/networking/v2.0/security-groups/0f25d175-9132-4a4a-9f63-d675d9ac8df5 0.115s
2024-12-15 00:15:36.872 68676 INFO tempest.lib.common.rest_client [req-c074e266-b612-43a2-bf20-c5a8ebf63b0f req-c074e266-b612-43a2-bf20-c5a8ebf63b0f ] Request (ServersAdmin275Test:tearDownClass): 200 GET http://10.180.1.21/compute/v2.1/servers/d9aff96a-c016-4c16-be2a-bbecfcc85093 0.886s
2024-12-15 00:15:36.932 68666 INFO tempest.lib.common.rest_client [req-b724845c-87cf-4761-a555-b3276aa0e194 req-b724845c-87cf-4761-a555-b3276aa0e194 ] Request (ServerActionsTestOtherA:setUpClass): 200 GET http://10.180.1.21/compute/v2.1/servers/7c42bab8-c89d-4040-bda6-2a1cbcda2da1 0.872s
2024-12-15 00:15:36.968 68664 INFO tempest.lib.common.rest_client [req-e35b38fa-0cb1-48b2-a5a0-409316245620 req-e35b38fa-0cb1-48b2-a5a0-409316245620 ] Request (AggregatesAdminNegativeTestJSON:test_aggregate_remove_nonexistent_host): 404 POST http://10.180.1.21/compute/v2.1/os-aggregates/8/action 0.880s
2024-12-15 00:15:36.990 68724 INFO tempest.lib.common.rest_client [req-8b278278-6a90-4422-8d43-b0d7e1d2d7ac req-8b278278-6a90-4422-8d43-b0d7e1d2d7ac ] Request (ImagesNegativeTestJSON:tearDownClass): 204 DELETE http://10.180.1.21/identity/v3/projects/f6431c4f91be487fb55ad6aa9f284031 0.121s
2024-12-15 00:15:37.027 68694 INFO tempest.lib.common.rest_client [req-e31edc7c-19fe-4175-8748-59abcfdaf118 req-e31edc7c-19fe-4175-8748-59abcfdaf118 ] Request (AbsoluteLimitsNegativeTestJSON:test_max_metadata_exceed_limit): 403 POST http://10.180.1.21/compute/v2.1/servers 1.106s
2024-12-15 00:15:37.059 68718 INFO tempest.lib.common.rest_client [req-d990b0a6-ffbe-4a35-8c2a-9df0a00bf6a2 req-d990b0a6-ffbe-4a35-8c2a-9df0a00bf6a2 ] Request (ImagesMetadataNegativeTestJSON:test_update_nonexistent_image_metadata): 404 POST http://10.180.1.21/compute/v2.1/images/38e15bab-75ab-4443-9e7b-bebcec4c0221/metadata 0.856s
2024-12-15 00:15:37.124 68724 INFO tempest.lib.common.rest_client [req-f5d5adb5-d6a9-4e2d-95fe-6c6c65460f76 req-f5d5adb5-d6a9-4e2d-95fe-6c6c65460f76 ] Request (ServerAddressesTestJSON:setUpClass): 201 POST http://10.180.1.21/identity/v3/auth/tokens 0.132s
2024-12-15 00:15:37.163 68690 INFO tempest.lib.common.rest_client [req-88f16d36-7662-4116-bb5c-57d3ad4ac7ca req-88f16d36-7662-4116-bb5c-57d3ad4ac7ca ] Request (ServerExternalEventsTest:test_create_server_external_events): 200 GET http://10.180.1.21/compute/v2.1/servers/dd9e2451-ff9f-4fb2-a486-df1a5ab36347 0.740s
2024-12-15 00:15:37.183 68670 INFO tempest.lib.common.rest_client [req-52ad6f4a-86ac-471c-ab11-ea6ca9bf160b req-52ad6f4a-86ac-471c-ab11-ea6ca9bf160b ] Request (ServersWithSpecificFlavorTestJSON:test_verify_created_server_ephemeral_disk): 200 GET http://10.180.1.21/compute/v2.1/servers/399cb2ae-8ac1-4a4a-807a-69d6b9992614 1.011s
2024-12-15 00:15:37.194 68670 INFO tempest.common.waiters [-] State transition "BUILD/spawning" ==> "ACTIVE/None" after 28 second wait
2024-12-15 00:15:37.207 68694 INFO tempest.lib.common.rest_client [req-828d436a-5e61-4481-8992-e4a5109e2771 req-828d436a-5e61-4481-8992-e4a5109e2771 ] Request (AbsoluteLimitsNegativeTestJSON:tearDownClass): 204 DELETE http://10.180.1.21/identity/v3/users/30a73acfb58146db9dc3a896c0e2fbd4 0.177s
2024-12-15 00:15:37.210 68694 INFO tempest.lib.common.dynamic_creds [-] Deleting project and security group for project: 7e963aa88f79471a912b351e851a1377
2024-12-15 00:15:37.276 68726 INFO tempest.lib.common.rest_client [req-3ce0e444-cfcc-48b9-89fb-d22e6a65aab3 req-3ce0e444-cfcc-48b9-89fb-d22e6a65aab3 ] Request (DeleteServersAdminTestJSON:test_delete_server_while_in_error_state): 200 GET http://10.180.1.21/compute/v2.1/servers/642c200a-966c-4477-b370-e15824a48ff6 0.708s
2024-12-15 00:15:37.279 68718 INFO tempest.lib.common.rest_client [req-d0710df3-a5f4-4e58-9d71-acc14a5096a3 req-d0710df3-a5f4-4e58-9d71-acc14a5096a3 ] Request (ImagesMetadataNegativeTestJSON:tearDownClass): 204 DELETE http://10.180.1.21/identity/v3/users/3164f1437e0044dda8844ead9f27b877 0.215s
2024-12-15 00:15:37.279 68718 INFO tempest.lib.common.dynamic_creds [-] Deleting project and security group for project: 2f103ae5b2bd4c87a9c5f4474598dd1d
2024-12-15 00:15:37.286 68726 INFO tempest.common.waiters [-] State transition "BUILD/scheduling" ==> "BUILD/None" after 5 second wait
2024-12-15 00:15:37.305 68724 INFO tempest.lib.common.rest_client [req-baed2349-2ddb-4f69-bbc5-a0f907afa0e1 req-baed2349-2ddb-4f69-bbc5-a0f907afa0e1 ] Request (ServerAddressesTestJSON:setUpClass): 201 POST http://10.180.1.21/identity/v3/auth/tokens 0.178s
2024-12-15 00:15:37.373 68694 INFO tempest.lib.common.rest_client [req-06f18f14-558d-4e66-bf11-423ab2923f51 req-06f18f14-558d-4e66-bf11-423ab2923f51 ] Request (AbsoluteLimitsNegativeTestJSON:tearDownClass): 201 POST http://10.180.1.21/identity/v3/auth/tokens 0.162s
2024-12-15 00:15:37.398 68718 INFO tempest.lib.common.rest_client [req-1012ea06-2ac9-4ce2-bf54-bea593d6c158 req-1012ea06-2ac9-4ce2-bf54-bea593d6c158 ] Request (ImagesMetadataNegativeTestJSON:tearDownClass): 201 POST http://10.180.1.21/identity/v3/auth/tokens 0.119s
2024-12-15 00:15:37.423 68724 INFO tempest.lib.common.rest_client [req-df0dbd3c-5e47-4fdf-8497-4754a8254635 req-df0dbd3c-5e47-4fdf-8497-4754a8254635 ] Request (ServerAddressesTestJSON:setUpClass): 200 GET http://10.180.1.21/identity/v3/domains?name=Default 0.117s
2024-12-15 00:15:37.471 68708 INFO tempest.lib.common.rest_client [req-46363602-3beb-4b6c-bffb-98ed54e30c8f req-46363602-3beb-4b6c-bffb-98ed54e30c8f ] Request (FloatingIPDetailsNegativeTestJSON:setUpClass): 200 PUT http://10.180.1.21:9696/networking/v2.0/routers/d7ffb48c-091c-40ee-8f81-8cf672b6b6c9/add_router_interface 2.566s
2024-12-15 00:15:37.471 68708 INFO tempest.lib.common.dynamic_creds [-] Created isolated network resources for: credentials: Credentials: {'domain_id': 'default', 'domain_name': 'Default', 'username': 'tempest-FloatingIPDetailsNegativeTestJSON-1419339386-project-member', 'project_domain_id': 'default', 'project_domain_name': 'Default', 'project_id': '2dce544d243740a7acc4eed5ebd4f7b5', 'project_name': 'tempest-FloatingIPDetailsNegativeTestJSON-1419339386', 'tenant_id': '2dce544d243740a7acc4eed5ebd4f7b5', 'tenant_name': 'tempest-FloatingIPDetailsNegativeTestJSON-1419339386', 'user_domain_id': 'default', 'user_domain_name': 'Default', 'user_id': '0919303dee494a96921832c6885b86fc', 'system': None}, Network: {'id': '21200746-4db7-4456-97f5-efe6568c80eb', 'name': 'tempest-FloatingIPDetailsNegativeTestJSON-1572762941-network', 'tenant_id': '2dce544d243740a7acc4eed5ebd4f7b5', 'admin_state_up': True, 'mtu': 8950, 'status': 'ACTIVE', 'subnets': [], 'shared': False, 'project_id': '2dce544d243740a7acc4eed5ebd4f7b5', 'port_security_enabled': True, 'router:external': False, 'provider:network_type': 'vlan', 'provider:physical_network': 'default', 'provider:segmentation_id': 992, 'availability_zone_hints': [], 'availability_zones': [], 'ipv4_address_scope': None, 'ipv6_address_scope': None, 'description': '', 'tags': [], 'created_at': '2024-12-15T00:15:32Z', 'updated_at': '2024-12-15T00:15:32Z', 'revision_number': 1}, Subnet: {'id': '68d09d27-c77d-4e7c-b8ce-ae21706a5dfd', 'name': 'tempest-FloatingIPDetailsNegativeTestJSON-1572762941-subnet', 'tenant_id': '2dce544d243740a7acc4eed5ebd4f7b5', 'network_id': '21200746-4db7-4456-97f5-efe6568c80eb', 'ip_version': 4, 'subnetpool_id': None, 'enable_dhcp': True, 'ipv6_ra_mode': None, 'ipv6_address_mode': None, 'gateway_ip': '192.168.128.1', 'cidr': '192.168.128.0/28', 'allocation_pools': [{'start': '192.168.128.2', 'end': '192.168.128.14'}], 'host_routes': [], 'dns_nameservers': [], 'description': '', 'router:external': False, 'service_types': [], 'tags': [], 'created_at': '2024-12-15T00:15:32Z', 'updated_at': '2024-12-15T00:15:32Z', 'revision_number': 0, 'project_id': '2dce544d243740a7acc4eed5ebd4f7b5'}, Router: {'id': 'd7ffb48c-091c-40ee-8f81-8cf672b6b6c9', 'name': 'tempest-FloatingIPDetailsNegativeTestJSON-1572762941-router', 'tenant_id': '2dce544d243740a7acc4eed5ebd4f7b5', 'admin_state_up': True, 'status': 'ACTIVE', 'external_gateway_info': {'network_id': '93b1c859-46eb-4c7a-baae-4f9eee08f169', 'external_fixed_ips': [{'subnet_id': '210fcf56-c92e-491d-8117-93725c1d475e', 'ip_address': '10.180.180.216'}], 'enable_snat': True}, 'description': '', 'availability_zones': [], 'distributed': False, 'ha': False, 'availability_zone_hints': [], 'routes': [], 'flavor_id': None, 'tags': [], 'created_at': '2024-12-15T00:15:33Z', 'updated_at': '2024-12-15T00:15:34Z', 'revision_number': 2, 'project_id': '2dce544d243740a7acc4eed5ebd4f7b5'}
2024-12-15 00:15:37.478 68712 INFO tempest.lib.common.rest_client [req-6cdc21eb-165d-43b5-b1e7-50f0045a3ca6 req-6cdc21eb-165d-43b5-b1e7-50f0045a3ca6 ] Request (SecurityGroupsTestJSON:test_list_security_groups_by_server): 200 GET http://10.180.1.21/compute/v2.1/servers/e89d41f7-8ef4-4793-b9ba-05cb7cf3630f 0.877s
2024-12-15 00:15:37.529 68724 INFO tempest.lib.common.rest_client [req-22cdfe28-7c4b-48ca-ab43-6386adcb42d9 req-22cdfe28-7c4b-48ca-ab43-6386adcb42d9 ] Request (ServerAddressesTestJSON:setUpClass): 201 POST http://10.180.1.21/identity/v3/projects 0.105s
2024-12-15 00:15:37.530 68710 INFO tempest.lib.common.rest_client [req-9c271648-a77f-4f16-bd80-606ed44cf15e req-9c271648-a77f-4f16-bd80-606ed44cf15e ] Request (ServerShowV247Test:test_show_server): 200 GET http://10.180.1.21/compute/v2.1/servers/c91a94a3-8271-4976-bb3c-a503205eea24 0.997s
2024-12-15 00:15:37.608 68708 INFO tempest.lib.common.rest_client [req-b0922197-df39-433a-b7c5-9d358660d1b2 req-b0922197-df39-433a-b7c5-9d358660d1b2 ] Request (FloatingIPDetailsNegativeTestJSON:setUpClass): 201 POST http://10.180.1.21/identity/v3/auth/tokens 0.131s
2024-12-15 00:15:37.631 68724 INFO tempest.lib.common.rest_client [req-5344e1d4-a37c-4bb4-99fd-c8534fb4b8e3 req-5344e1d4-a37c-4bb4-99fd-c8534fb4b8e3 ] Request (ServerAddressesTestJSON:setUpClass): 201 POST http://10.180.1.21/identity/v3/users 0.101s
2024-12-15 00:15:37.643 68674 INFO tempest.lib.common.rest_client [req-8c9033f6-7910-478c-a67a-05e6f061c7ad req-8c9033f6-7910-478c-a67a-05e6f061c7ad ] Request (ServerDiagnosticsV248Test:tearDownClass): 200 GET http://10.180.1.21/compute/v2.1/servers/85f549d9-28c1-4f8e-9708-2072e977c52b 0.900s
2024-12-15 00:15:37.655 68717 INFO tempest.lib.common.rest_client [req-2309cbd0-9605-41aa-b10a-e4a56e23eb28 req-2309cbd0-9605-41aa-b10a-e4a56e23eb28 ] Request (ServerDiagnosticsNegativeTest:tearDownClass): 200 GET http://10.180.1.21/compute/v2.1/servers/2a74d990-c005-4f5c-97a5-d921d33a47e7 0.960s
2024-12-15 00:15:37.656 68674 INFO tempest.common.waiters [-] State transition "ACTIVE/deleting" ==> "DELETED/None" after 5 second wait
2024-12-15 00:15:37.664 68724 INFO tempest.lib.common.rest_client [req-863b1c54-753d-42e2-bb4e-606b3f0eed0e req-863b1c54-753d-42e2-bb4e-606b3f0eed0e ] Request (ServerAddressesTestJSON:setUpClass): 200 GET http://10.180.1.21/identity/v3/roles 0.033s
2024-12-15 00:15:37.672 68710 INFO tempest.lib.common.rest_client [req-eedc7ea7-a126-4254-b055-d07ba934654a req-eedc7ea7-a126-4254-b055-d07ba934654a ] Request (ServerShowV247Test:test_update_rebuild_list_server): 201 POST http://10.180.1.21/identity/v3/auth/tokens 0.114s
2024-12-15 00:15:37.672 68710 INFO tempest.lib.common.fixed_network [-] (ServerShowV247Test:test_update_rebuild_list_server) Found network None available for tenant
2024-12-15 00:15:37.699 68724 INFO tempest.lib.common.rest_client [req-46596351-f932-4340-8dbc-aa0081c22cc5 req-46596351-f932-4340-8dbc-aa0081c22cc5 ] Request (ServerAddressesTestJSON:setUpClass): 204 PUT http://10.180.1.21/identity/v3/projects/865b8ece8ce94513a4e31eb9a115d50a/users/90342f49efaa4c8cbb0c493d0d201a2a/roles/e35e04079676449bb27fd68003bc8f8e 0.035s
2024-12-15 00:15:37.700 68724 INFO tempest.lib.common.dynamic_creds [-] Dynamic test user 90342f49efaa4c8cbb0c493d0d201a2a is created with scope project and roles: ['member']
2024-12-15 00:15:37.700 68724 INFO tempest.lib.common.dynamic_creds [-] Acquired dynamic creds: credentials: Credentials: {'domain_id': 'default', 'domain_name': 'Default', 'username': 'tempest-ServerAddressesTestJSON-589476920-project-member', 'project_domain_id': 'default', 'project_domain_name': 'Default', 'project_id': '865b8ece8ce94513a4e31eb9a115d50a', 'project_name': 'tempest-ServerAddressesTestJSON-589476920', 'tenant_id': '865b8ece8ce94513a4e31eb9a115d50a', 'tenant_name': 'tempest-ServerAddressesTestJSON-589476920', 'user_domain_id': 'default', 'user_domain_name': 'Default', 'user_id': '90342f49efaa4c8cbb0c493d0d201a2a', 'system': None}, Network: None, Subnet: None, Router: None
2024-12-15 00:15:37.764 68696 INFO tempest.lib.common.rest_client [req-935552e8-b83b-4148-ad17-17fe548b38bc req-935552e8-b83b-4148-ad17-17fe548b38bc ] Request (ServerDiskConfigTestJSON:test_rebuild_server_with_auto_disk_config): 200 GET http://10.180.1.21/compute/v2.1/servers/8fe3be0e-3b9d-4461-a56a-5735b9dbbbb6 0.798s
2024-12-15 00:15:37.786 68718 INFO tempest.lib.common.rest_client [req-2c169c3b-f782-4d08-8827-e0cc9cf40dca req-2c169c3b-f782-4d08-8827-e0cc9cf40dca ] Request (ImagesMetadataNegativeTestJSON:tearDownClass): 200 GET http://10.180.1.21:9696/networking/v2.0/security-groups?tenant_id=2f103ae5b2bd4c87a9c5f4474598dd1d&name=default 0.387s
2024-12-15 00:15:37.794 68724 INFO tempest.lib.common.rest_client [req-6c4b2d16-48cc-41ee-b9f8-02380ed82ba4 req-6c4b2d16-48cc-41ee-b9f8-02380ed82ba4 ] Request (ServerAddressesTestJSON:setUpClass): 201 POST http://10.180.1.21/identity/v3/auth/tokens 0.093s
2024-12-15 00:15:37.892 68718 INFO tempest.lib.common.rest_client [req-980b9f18-5c17-443c-8b8e-b4b022ec7414 req-980b9f18-5c17-443c-8b8e-b4b022ec7414 ] Request (ImagesMetadataNegativeTestJSON:tearDownClass): 204 DELETE http://10.180.1.21:9696/networking/v2.0/security-groups/d255b230-5a5f-4d18-9b42-899e3f78f190 0.106s
2024-12-15 00:15:37.972 68718 INFO tempest.lib.common.rest_client [req-c1dd4378-1154-430e-bdb9-912ca7dd80f8 req-c1dd4378-1154-430e-bdb9-912ca7dd80f8 ] Request (ImagesMetadataNegativeTestJSON:tearDownClass): 204 DELETE http://10.180.1.21/identity/v3/projects/2f103ae5b2bd4c87a9c5f4474598dd1d 0.079s
2024-12-15 00:15:38.060 68718 INFO tempest.lib.common.rest_client [req-9abdfd33-970f-4ed2-aef1-0e372355e105 req-9abdfd33-970f-4ed2-aef1-0e372355e105 ] Request (MultipleCreateTestJSON:setUpClass): 201 POST http://10.180.1.21/identity/v3/auth/tokens 0.086s
2024-12-15 00:15:38.105 68714 INFO tempest.lib.common.rest_client [req-ad550e08-6d82-4500-9a9c-5fed8ee0ef32 req-ad550e08-6d82-4500-9a9c-5fed8ee0ef32 ] Request (AttachInterfacesV270Test:test_create_get_list_interfaces): 200 GET http://10.180.1.21/compute/v2.1/servers/ef35217a-ca54-4d32-8c43-f4821cd2bdeb 1.137s
2024-12-15 00:15:38.121 68718 INFO tempest.lib.common.rest_client [req-294e26f2-5b68-4751-9c23-129ff8d903e1 req-294e26f2-5b68-4751-9c23-129ff8d903e1 ] Request (MultipleCreateTestJSON:setUpClass): 201 POST http://10.180.1.21/identity/v3/auth/tokens 0.053s
2024-12-15 00:15:38.142 68694 INFO tempest.lib.common.rest_client [req-ad7f5f31-c462-4817-a9ff-daab0ab818af req-ad7f5f31-c462-4817-a9ff-daab0ab818af ] Request (AbsoluteLimitsNegativeTestJSON:tearDownClass): 200 GET http://10.180.1.21:9696/networking/v2.0/security-groups?tenant_id=7e963aa88f79471a912b351e851a1377&name=default 0.767s
2024-12-15 00:15:38.149 68664 INFO tempest.lib.common.rest_client [req-d8db9e32-7b40-4093-a7f3-8fa78f7fad14 req-d8db9e32-7b40-4093-a7f3-8fa78f7fad14 ] Request (AggregatesAdminNegativeTestJSON:_run_cleanups): 200 DELETE http://10.180.1.21/compute/v2.1/os-aggregates/8 1.181s
2024-12-15 00:15:38.171 68718 INFO tempest.lib.common.rest_client [req-5058f54a-d8eb-46c8-815d-d875c5560bf7 req-5058f54a-d8eb-46c8-815d-d875c5560bf7 ] Request (MultipleCreateTestJSON:setUpClass): 200 GET http://10.180.1.21/identity/v3/domains?name=Default 0.050s
2024-12-15 00:15:38.227 68718 INFO tempest.lib.common.rest_client [req-73188728-ef97-4b5c-958a-f28cd0b34ac3 req-73188728-ef97-4b5c-958a-f28cd0b34ac3 ] Request (MultipleCreateTestJSON:setUpClass): 201 POST http://10.180.1.21/identity/v3/projects 0.055s
2024-12-15 00:15:38.234 68706 INFO tempest.lib.common.rest_client [req-42704562-3967-4dbf-81bb-a09c4a24dc9a req-42704562-3967-4dbf-81bb-a09c4a24dc9a ] Request (FloatingIPsAssociationNegativeTestJSON:setUpClass): 202 POST http://10.180.1.21/compute/v2.1/servers 1.439s
2024-12-15 00:15:38.265 68686 INFO tempest.lib.common.rest_client [req-64b05f5b-ebbd-4f28-8039-51725af19c56 req-64b05f5b-ebbd-4f28-8039-51725af19c56 ] Request (ServersTestFqdnHostnames:test_create_server_with_fqdn_name): 200 GET http://10.180.1.21/compute/v2.1/servers/873c1c05-9f9f-41c7-9815-4a5fbeda8d24 1.231s
2024-12-15 00:15:38.306 68664 INFO tempest.lib.common.rest_client [req-6d3ddaf1-e268-43c9-ac6a-e88c08f3ee41 req-6d3ddaf1-e268-43c9-ac6a-e88c08f3ee41 ] Request (AggregatesAdminNegativeTestJSON:tearDownClass): 204 DELETE http://10.180.1.21/identity/v3/users/3a8183703f15441a81fb2e8fd6f7d088 0.155s
2024-12-15 00:15:38.322 68694 INFO tempest.lib.common.rest_client [req-6459f984-bd4b-4da9-949a-af06d43fb54b req-6459f984-bd4b-4da9-949a-af06d43fb54b ] Request (AbsoluteLimitsNegativeTestJSON:tearDownClass): 204 DELETE http://10.180.1.21:9696/networking/v2.0/security-groups/f2431b59-d457-4907-a6ec-454f3c97ca13 0.179s
2024-12-15 00:15:38.343 68668 INFO tempest.lib.common.rest_client [req-eb85455b-d0a1-45d4-8ae4-a365b95503fa req-eb85455b-d0a1-45d4-8ae4-a365b95503fa ] Request (ServerShowV254Test:test_rebuild_server): 200 GET http://10.180.1.21/compute/v2.1/servers/c44451ce-ff63-44a7-a7dc-f84fd88afc38 1.220s
2024-12-15 00:15:38.354 68682 INFO tempest.lib.common.rest_client [req-3379df1f-f5f6-482b-b806-f6f30ee2edb8 req-3379df1f-f5f6-482b-b806-f6f30ee2edb8 ] Request (ServerActionsTestJSON:setUpClass): 200 GET http://10.180.1.21/compute/v2.1/servers/4beb0377-8b69-438a-aa7f-af5f68092240 1.300s
2024-12-15 00:15:38.419 68684 INFO tempest.lib.common.rest_client [req-e822b39c-6593-42b2-a09c-435356ad1c39 req-e822b39c-6593-42b2-a09c-435356ad1c39 ] Request (ServersAdminNegativeTestJSON:test_migrate_server_invalid_state): 200 GET http://10.180.1.21/compute/v2.1/servers/50bab324-a7f4-430e-81fa-36d4248bb3f4 1.230s
2024-12-15 00:15:38.456 68724 INFO tempest.lib.common.rest_client [req-2cdfc2d4-6200-4205-b46c-866e1428c504 req-2cdfc2d4-6200-4205-b46c-866e1428c504 ] Request (ServerAddressesTestJSON:setUpClass): 201 POST http://10.180.1.21:9696/networking/v2.0/networks 0.662s
2024-12-15 00:15:38.457 68664 INFO tempest.lib.common.rest_client [req-48cfae0d-ef74-4bf1-8c48-17146eb1c1ca req-48cfae0d-ef74-4bf1-8c48-17146eb1c1ca ] Request (AggregatesAdminNegativeTestJSON:tearDownClass): 204 DELETE http://10.180.1.21/identity/v3/users/f497013efa4e446f89500ce8c249aa09 0.146s
2024-12-15 00:15:38.457 68664 INFO tempest.lib.common.dynamic_creds [-] Deleting project and security group for project: 0b28cf92ee364d848b60e8818606264c
2024-12-15 00:15:38.464 68718 INFO tempest.lib.common.rest_client [req-4534ec3e-7370-48ff-9a94-f3581baf9517 req-4534ec3e-7370-48ff-9a94-f3581baf9517 ] Request (MultipleCreateTestJSON:setUpClass): 201 POST http://10.180.1.21/identity/v3/users 0.236s
2024-12-15 00:15:38.472 68670 INFO tempest.lib.common.rest_client [req-deca26c7-b58c-4a10-8d96-4cc4c9bcb611 req-deca26c7-b58c-4a10-8d96-4cc4c9bcb611 ] Request (ServersWithSpecificFlavorTestJSON:test_verify_created_server_ephemeral_disk): 200 GET http://10.180.1.21/compute/v2.1/servers/399cb2ae-8ac1-4a4a-807a-69d6b9992614/os-interface 1.277s
2024-12-15 00:15:38.498 68700 INFO tempest.lib.common.rest_client [req-2a36ed4d-baa0-41de-b335-8bc2a19acdb7 req-2a36ed4d-baa0-41de-b335-8bc2a19acdb7 ] Request (ServersAdminTestJSON:setUpClass): 200 GET http://10.180.1.21/compute/v2.1/servers/99e415cd-77a4-4557-bdb4-67727d5621ed 1.197s
2024-12-15 00:15:38.533 68723 INFO tempest.lib.common.rest_client [req-6da0a545-a311-4ed7-a56a-0ead2716d191 req-6da0a545-a311-4ed7-a56a-0ead2716d191 ] Request (ImagesOneServerTestJSON:test_create_delete_image): 200 GET http://10.180.1.21/compute/v2.1/images/a6088aff-dd22-4f7a-9649-4ec1f6337f7f 1.190s
2024-12-15 00:15:38.547 68664 INFO tempest.lib.common.rest_client [req-d92779af-5e0c-4860-be5e-468b728b4618 req-d92779af-5e0c-4860-be5e-468b728b4618 ] Request (AggregatesAdminNegativeTestJSON:tearDownClass): 201 POST http://10.180.1.21/identity/v3/auth/tokens 0.090s
2024-12-15 00:15:38.578 68718 INFO tempest.lib.common.rest_client [req-7c56d9fb-7930-4233-a7c6-5d6439b4e2c1 req-7c56d9fb-7930-4233-a7c6-5d6439b4e2c1 ] Request (MultipleCreateTestJSON:setUpClass): 200 GET http://10.180.1.21/identity/v3/roles 0.114s
2024-12-15 00:15:38.649 68694 INFO tempest.lib.common.rest_client [req-12e2cdd4-95ce-4e80-aa6c-388e605d733b req-12e2cdd4-95ce-4e80-aa6c-388e605d733b ] Request (AbsoluteLimitsNegativeTestJSON:tearDownClass): 204 DELETE http://10.180.1.21/identity/v3/projects/7e963aa88f79471a912b351e851a1377 0.326s
2024-12-15 00:15:38.755 68698 INFO tempest.lib.common.rest_client [req-2ca6b86f-7764-4490-906a-443d33095119 req-2ca6b86f-7764-4490-906a-443d33095119 ] Request (ServersTestBootFromVolume:setUpClass): 200 GET http://10.180.1.21/compute/v2.1/servers/66c351d6-ff6b-4c02-8bb3-2ce5f2a8fa2d 1.290s
2024-12-15 00:15:38.763 68698 INFO tempest.common.waiters [-] State transition "BUILD/block_device_mapping" ==> "BUILD/spawning" after 24 second wait
2024-12-15 00:15:38.808 68680 WARNING tempest.lib.common.ssh [-] Failed to establish authenticated ssh connection to cirros@10.180.180.209 ([Errno None] Unable to connect to port 22 on 10.180.180.209). Number attempts: 3. Retry after 4 seconds.: paramiko.ssh_exception.NoValidConnectionsError: [Errno None] Unable to connect to port 22 on 10.180.180.209
2024-12-15 00:15:38.812 68694 INFO tempest.lib.common.rest_client [req-49f1511b-1248-4361-87f8-6ed6bcee3840 req-49f1511b-1248-4361-87f8-6ed6bcee3840 ] Request (ServerMetadataTestJSON:setUpClass): 201 POST http://10.180.1.21/identity/v3/auth/tokens 0.161s
2024-12-15 00:15:38.839 68718 INFO tempest.lib.common.rest_client [req-305de5e0-9d6d-4c19-be0d-7bd14f718e7e req-305de5e0-9d6d-4c19-be0d-7bd14f718e7e ] Request (MultipleCreateTestJSON:setUpClass): 204 PUT http://10.180.1.21/identity/v3/projects/817688fdcc53478cac0977a099aaa6b5/users/b675d19acff34bfe9191a3d6f8a8c838/roles/e35e04079676449bb27fd68003bc8f8e 0.260s
2024-12-15 00:15:38.839 68718 INFO tempest.lib.common.dynamic_creds [-] Dynamic test user b675d19acff34bfe9191a3d6f8a8c838 is created with scope project and roles: ['member']
2024-12-15 00:15:38.840 68718 INFO tempest.lib.common.dynamic_creds [-] Acquired dynamic creds: credentials: Credentials: {'domain_id': 'default', 'domain_name': 'Default', 'username': 'tempest-MultipleCreateTestJSON-1494900866-project-member', 'project_domain_id': 'default', 'project_domain_name': 'Default', 'project_id': '817688fdcc53478cac0977a099aaa6b5', 'project_name': 'tempest-MultipleCreateTestJSON-1494900866', 'tenant_id': '817688fdcc53478cac0977a099aaa6b5', 'tenant_name': 'tempest-MultipleCreateTestJSON-1494900866', 'user_domain_id': 'default', 'user_domain_name': 'Default', 'user_id': 'b675d19acff34bfe9191a3d6f8a8c838', 'system': None}, Network: None, Subnet: None, Router: None
2024-12-15 00:15:38.854 68708 INFO tempest.lib.common.rest_client [req-7b793ac4-69d1-4c94-845f-271ddb1585ec req-7b793ac4-69d1-4c94-845f-271ddb1585ec ] Request (FloatingIPDetailsNegativeTestJSON:test_get_nonexistent_floating_ip_details): 404 GET http://10.180.1.21/compute/v2.1/os-floating-ips/d32b9bae-4d35-4bbb-bfbe-c788771884b3 1.244s
2024-12-15 00:15:38.892 68710 INFO tempest.lib.common.rest_client [req-72ca8f80-f03f-4109-8105-cddd9cd3e213 req-72ca8f80-f03f-4109-8105-cddd9cd3e213 ] Request (ServerShowV247Test:test_update_rebuild_list_server): 202 POST http://10.180.1.21/compute/v2.1/servers 1.218s
2024-12-15 00:15:38.927 68718 INFO tempest.lib.common.rest_client [req-c31ac008-3c43-4055-a9ec-c5220c16b784 req-c31ac008-3c43-4055-a9ec-c5220c16b784 ] Request (MultipleCreateTestJSON:setUpClass): 201 POST http://10.180.1.21/identity/v3/auth/tokens 0.087s
2024-12-15 00:15:38.936 68694 INFO tempest.lib.common.rest_client [req-5f4d92f9-c3d3-4502-b9ba-e4a4a96297bf req-5f4d92f9-c3d3-4502-b9ba-e4a4a96297bf ] Request (ServerMetadataTestJSON:setUpClass): 201 POST http://10.180.1.21/identity/v3/auth/tokens 0.122s
2024-12-15 00:15:38.969 68694 INFO tempest.lib.common.rest_client [req-5cb1cfbb-c193-4f97-8fed-2214f90d9d56 req-5cb1cfbb-c193-4f97-8fed-2214f90d9d56 ] Request (ServerMetadataTestJSON:setUpClass): 200 GET http://10.180.1.21/identity/v3/domains?name=Default 0.033s
2024-12-15 00:15:39.010 68694 INFO tempest.lib.common.rest_client [req-1129b835-800a-4f17-8cf0-fbca08fd41ec req-1129b835-800a-4f17-8cf0-fbca08fd41ec ] Request (ServerMetadataTestJSON:setUpClass): 201 POST http://10.180.1.21/identity/v3/projects 0.039s
2024-12-15 00:15:39.056 68692 INFO tempest.lib.common.rest_client [req-c8cd2b03-bc6b-4e13-bca0-b04ee05dc89a req-c8cd2b03-bc6b-4e13-bca0-b04ee05dc89a ] Request (InstanceActionsV221TestJSON:test_get_list_deleted_instance_actions): 200 GET http://10.180.1.21/compute/v2.1/servers/01b20150-ba71-48ab-87fd-5a235552e757 1.310s
2024-12-15 00:15:39.080 68724 INFO tempest.lib.common.rest_client [req-f83b58ac-3461-4136-a0ec-c6f378d63b27 req-f83b58ac-3461-4136-a0ec-c6f378d63b27 ] Request (ServerAddressesTestJSON:setUpClass): 201 POST http://10.180.1.21:9696/networking/v2.0/subnets 0.622s
2024-12-15 00:15:39.091 68694 INFO tempest.lib.common.rest_client [req-f560e717-cfb7-4a67-be06-a865f09c8052 req-f560e717-cfb7-4a67-be06-a865f09c8052 ] Request (ServerMetadataTestJSON:setUpClass): 201 POST http://10.180.1.21/identity/v3/users 0.081s
2024-12-15 00:15:39.118 68694 INFO tempest.lib.common.rest_client [req-a808721b-a29f-42a2-a1fc-b8eb3fa0df7b req-a808721b-a29f-42a2-a1fc-b8eb3fa0df7b ] Request (ServerMetadataTestJSON:setUpClass): 200 GET http://10.180.1.21/identity/v3/roles 0.026s
2024-12-15 00:15:39.145 68694 INFO tempest.lib.common.rest_client [req-1b010d53-ed1e-48d0-91c5-6c9e6703bec1 req-1b010d53-ed1e-48d0-91c5-6c9e6703bec1 ] Request (ServerMetadataTestJSON:setUpClass): 204 PUT http://10.180.1.21/identity/v3/projects/48811ee8f7e34fbdbfad5b270a53754f/users/3249b5baa8504290959e05113872459d/roles/e35e04079676449bb27fd68003bc8f8e 0.027s
2024-12-15 00:15:39.146 68694 INFO tempest.lib.common.dynamic_creds [-] Dynamic test user 3249b5baa8504290959e05113872459d is created with scope project and roles: ['member']
2024-12-15 00:15:39.146 68694 INFO tempest.lib.common.dynamic_creds [-] Acquired dynamic creds: credentials: Credentials: {'domain_id': 'default', 'domain_name': 'Default', 'username': 'tempest-ServerMetadataTestJSON-780529239-project-member', 'project_domain_id': 'default', 'project_domain_name': 'Default', 'project_id': '48811ee8f7e34fbdbfad5b270a53754f', 'project_name': 'tempest-ServerMetadataTestJSON-780529239', 'tenant_id': '48811ee8f7e34fbdbfad5b270a53754f', 'tenant_name': 'tempest-ServerMetadataTestJSON-780529239', 'user_domain_id': 'default', 'user_domain_name': 'Default', 'user_id': '3249b5baa8504290959e05113872459d', 'system': None}, Network: None, Subnet: None, Router: None
2024-12-15 00:15:39.162 68689 INFO tempest.lib.common.rest_client [req-97df926e-7a5d-4a12-a642-eb392a682dc6 req-97df926e-7a5d-4a12-a642-eb392a682dc6 ] Request (ServerDiagnosticsTest:tearDownClass): 200 GET http://10.180.1.21/compute/v2.1/servers/51f4045f-a7b8-4293-aa22-17b5cba7e7ce 1.348s
2024-12-15 00:15:39.221 68694 INFO tempest.lib.common.rest_client [req-bcc2da0c-b949-4802-a8da-ff28de063a1b req-bcc2da0c-b949-4802-a8da-ff28de063a1b ] Request (ServerMetadataTestJSON:setUpClass): 201 POST http://10.180.1.21/identity/v3/auth/tokens 0.075s
2024-12-15 00:15:39.284 68676 INFO tempest.lib.common.rest_client [req-4a2213a7-f8ae-4225-a026-c39baef17f95 req-4a2213a7-f8ae-4225-a026-c39baef17f95 ] Request (ServersAdmin275Test:tearDownClass): 200 GET http://10.180.1.21/compute/v2.1/servers/d9aff96a-c016-4c16-be2a-bbecfcc85093 1.397s
2024-12-15 00:15:39.389 68666 INFO tempest.lib.common.rest_client [req-592bae04-f728-4775-b889-0b27ef78b63d req-592bae04-f728-4775-b889-0b27ef78b63d ] Request (ServerActionsTestOtherA:setUpClass): 200 GET http://10.180.1.21/compute/v2.1/servers/7c42bab8-c89d-4040-bda6-2a1cbcda2da1 1.446s
2024-12-15 00:15:39.426 68664 INFO tempest.lib.common.rest_client [req-8c0d43ba-135b-4d2f-a46c-f0816c78a84e req-8c0d43ba-135b-4d2f-a46c-f0816c78a84e ] Request (AggregatesAdminNegativeTestJSON:tearDownClass): 200 GET http://10.180.1.21:9696/networking/v2.0/security-groups?tenant_id=0b28cf92ee364d848b60e8818606264c&name=default 0.879s
2024-12-15 00:15:39.512 68690 INFO tempest.lib.common.rest_client [req-2e1ebbbf-c96c-4816-b351-bef413681784 req-2e1ebbbf-c96c-4816-b351-bef413681784 ] Request (ServerExternalEventsTest:test_create_server_external_events): 200 GET http://10.180.1.21/compute/v2.1/servers/dd9e2451-ff9f-4fb2-a486-df1a5ab36347 1.331s
2024-12-15 00:15:39.552 68672 INFO tempest.lib.common.rest_client [req-80404f6c-4d89-44ef-a908-66ad9ac95ada req-80404f6c-4d89-44ef-a908-66ad9ac95ada ] Request (MigrationsAdminTest:test_list_migrations_in_flavor_resize_situation): 200 GET http://10.180.1.21/compute/v2.1/servers/cce4acfe-f3d9-4711-9e54-bfd0bb94c7ab 1.852s
2024-12-15 00:15:39.583 68718 INFO tempest.lib.common.rest_client [req-d009f579-131e-4689-92b2-3f019b0c53c8 req-d009f579-131e-4689-92b2-3f019b0c53c8 ] Request (MultipleCreateTestJSON:setUpClass): 201 POST http://10.180.1.21:9696/networking/v2.0/networks 0.655s
2024-12-15 00:15:39.588 68706 INFO tempest.lib.common.rest_client [req-e62391fc-0eca-4687-9463-4336118386b0 req-e62391fc-0eca-4687-9463-4336118386b0 ] Request (FloatingIPsAssociationNegativeTestJSON:setUpClass): 200 GET http://10.180.1.21/compute/v2.1/servers/383a2fc7-69e5-4ca0-b3f2-667afe137190 1.349s
2024-12-15 00:15:39.656 68726 INFO tempest.lib.common.rest_client [req-cc01f537-2980-47ec-aec1-69e75f84c982 req-cc01f537-2980-47ec-aec1-69e75f84c982 ] Request (DeleteServersAdminTestJSON:test_delete_server_while_in_error_state): 200 GET http://10.180.1.21/compute/v2.1/servers/642c200a-966c-4477-b370-e15824a48ff6 1.367s
2024-12-15 00:15:39.701 68723 INFO tempest.lib.common.rest_client [req-c23b0a78-dd90-45d4-a3c9-f48e3d9bb3ad req-c23b0a78-dd90-45d4-a3c9-f48e3d9bb3ad ] Request (ImagesOneServerTestJSON:test_create_delete_image): 200 GET http://10.180.1.21/compute/v2.1/images/a6088aff-dd22-4f7a-9649-4ec1f6337f7f 1.164s
2024-12-15 00:15:39.763 68664 INFO tempest.lib.common.rest_client [req-ac3f9896-b650-4fe2-9266-7d4a355d952e req-ac3f9896-b650-4fe2-9266-7d4a355d952e ] Request (AggregatesAdminNegativeTestJSON:tearDownClass): 204 DELETE http://10.180.1.21:9696/networking/v2.0/security-groups/73517f67-4e57-4bf2-9ec5-812659ebd36c 0.336s
2024-12-15 00:15:39.784 68674 INFO tempest.lib.common.rest_client [req-f18ebdd5-6a27-4a5f-893c-f18bbd3e8506 req-f18ebdd5-6a27-4a5f-893c-f18bbd3e8506 ] Request (ServerDiagnosticsV248Test:tearDownClass): 200 GET http://10.180.1.21/compute/v2.1/servers/85f549d9-28c1-4f8e-9708-2072e977c52b 1.124s
2024-12-15 00:15:39.805 68717 INFO tempest.lib.common.rest_client [req-26fdfbf1-9ad2-4412-bfa8-85906e1daeba req-26fdfbf1-9ad2-4412-bfa8-85906e1daeba ] Request (ServerDiagnosticsNegativeTest:tearDownClass): 404 GET http://10.180.1.21/compute/v2.1/servers/2a74d990-c005-4f5c-97a5-d921d33a47e7 1.133s
2024-12-15 00:15:39.828 68712 INFO tempest.lib.common.rest_client [req-b9e7867d-73e3-46a6-8344-6265958d468b req-b9e7867d-73e3-46a6-8344-6265958d468b ] Request (SecurityGroupsTestJSON:test_list_security_groups_by_server): 200 GET http://10.180.1.21/compute/v2.1/servers/e89d41f7-8ef4-4793-b9ba-05cb7cf3630f 1.339s
2024-12-15 00:15:39.866 68664 INFO tempest.lib.common.rest_client [req-f4568c09-abf5-4aca-ab5a-98efbd1dea45 req-f4568c09-abf5-4aca-ab5a-98efbd1dea45 ] Request (AggregatesAdminNegativeTestJSON:tearDownClass): 204 DELETE http://10.180.1.21/identity/v3/projects/0b28cf92ee364d848b60e8818606264c 0.103s
2024-12-15 00:15:39.866 68664 INFO tempest.lib.common.dynamic_creds [-] Deleting project and security group for project: e11eee8968314ef889ecf9e606e5f9c2
2024-12-15 00:15:39.885 68670 INFO tempest.lib.common.rest_client [req-6e1caec3-5068-4cfa-8c5c-01129175c482 req-6e1caec3-5068-4cfa-8c5c-01129175c482 ] Request (ServersWithSpecificFlavorTestJSON:test_verify_created_server_ephemeral_disk): 200 PUT http://10.180.1.21:9696/networking/v2.0/floatingips/0c82a6ee-6ca1-4bed-9951-3dfa995f0839 1.411s
2024-12-15 00:15:39.892 68696 INFO tempest.lib.common.rest_client [req-b47951ee-9d78-4f87-858b-fc66430db061 req-b47951ee-9d78-4f87-858b-fc66430db061 ] Request (ServerDiskConfigTestJSON:test_rebuild_server_with_auto_disk_config): 200 GET http://10.180.1.21/compute/v2.1/servers/8fe3be0e-3b9d-4461-a56a-5735b9dbbbb6 1.117s
2024-12-15 00:15:39.907 68710 INFO tempest.lib.common.rest_client [req-73b408fd-0581-42c4-b575-cd58c541c5be req-73b408fd-0581-42c4-b575-cd58c541c5be ] Request (ServerShowV247Test:test_update_rebuild_list_server): 200 PUT http://10.180.1.21/compute/v2.1/servers/faf41e9a-63f0-491b-9ad4-3452182d07fb 1.012s
2024-12-15 00:15:39.959 68714 INFO tempest.lib.common.rest_client [req-a315a641-122e-4ff5-9e3b-75c48fd307b9 req-a315a641-122e-4ff5-9e3b-75c48fd307b9 ] Request (AttachInterfacesV270Test:test_create_get_list_interfaces): 200 GET http://10.180.1.21/compute/v2.1/servers/ef35217a-ca54-4d32-8c43-f4821cd2bdeb 0.843s
2024-12-15 00:15:39.962 68717 INFO tempest.lib.common.rest_client [req-9252c37a-8a43-4645-bdb0-33f44eecf3eb req-9252c37a-8a43-4645-bdb0-33f44eecf3eb ] Request (ServerDiagnosticsNegativeTest:tearDownClass): 204 DELETE http://10.180.1.21/identity/v3/users/c37219ccf5a440cf8ea783300e71626a 0.156s
2024-12-15 00:15:39.973 68694 INFO tempest.lib.common.rest_client [req-175b239d-b546-42a0-ae43-cc0754555fc4 req-175b239d-b546-42a0-ae43-cc0754555fc4 ] Request (ServerMetadataTestJSON:setUpClass): 201 POST http://10.180.1.21:9696/networking/v2.0/networks 0.751s
2024-12-15 00:15:39.996 68686 INFO tempest.lib.common.rest_client [req-de7439b0-9a14-4f2a-b268-b53156e94831 req-de7439b0-9a14-4f2a-b268-b53156e94831 ] Request (ServersTestFqdnHostnames:test_create_server_with_fqdn_name): 200 GET http://10.180.1.21/compute/v2.1/servers/873c1c05-9f9f-41c7-9815-4a5fbeda8d24 0.721s
2024-12-15 00:15:40.041 68668 INFO tempest.lib.common.rest_client [req-d81e3561-7666-440c-84f6-d5b2282cb0f6 req-d81e3561-7666-440c-84f6-d5b2282cb0f6 ] Request (ServerShowV254Test:test_rebuild_server): 200 GET http://10.180.1.21/compute/v2.1/servers/c44451ce-ff63-44a7-a7dc-f84fd88afc38 0.684s
2024-12-15 00:15:40.092 68717 INFO tempest.lib.common.rest_client [req-73fc9e80-cdd9-4125-8fca-391e8fb54be3 req-73fc9e80-cdd9-4125-8fca-391e8fb54be3 ] Request (ServerDiagnosticsNegativeTest:tearDownClass): 204 DELETE http://10.180.1.21/identity/v3/users/1b901f87a74b48c8a2628bca187f5e9c 0.130s
2024-12-15 00:15:40.093 68717 INFO tempest.lib.common.dynamic_creds [-] Deleting project and security group for project: fcd461faaa6c407f9344d7950a4aa806
2024-12-15 00:15:40.111 68684 INFO tempest.lib.common.rest_client [req-97c083fe-3841-493c-b0bd-4d2c4d2d04d2 req-97c083fe-3841-493c-b0bd-4d2c4d2d04d2 ] Request (ServersAdminNegativeTestJSON:test_migrate_server_invalid_state): 200 GET http://10.180.1.21/compute/v2.1/servers/50bab324-a7f4-430e-81fa-36d4248bb3f4 0.674s
2024-12-15 00:15:40.131 68682 INFO tempest.lib.common.rest_client [req-5741315d-7770-4002-b0e0-37716fd81aa2 req-5741315d-7770-4002-b0e0-37716fd81aa2 ] Request (ServerActionsTestJSON:setUpClass): 200 GET http://10.180.1.21/compute/v2.1/servers/4beb0377-8b69-438a-aa7f-af5f68092240 0.769s
2024-12-15 00:15:40.161 68717 INFO tempest.lib.common.rest_client [req-a84e7479-8a08-472a-bf0c-2915f6a3b01c req-a84e7479-8a08-472a-bf0c-2915f6a3b01c ] Request (ServerDiagnosticsNegativeTest:tearDownClass): 201 POST http://10.180.1.21/identity/v3/auth/tokens 0.067s
2024-12-15 00:15:40.181 68700 INFO tempest.lib.common.rest_client [req-65aeca87-0fae-4bf7-b9cd-092b16cab405 req-65aeca87-0fae-4bf7-b9cd-092b16cab405 ] Request (ServersAdminTestJSON:setUpClass): 200 GET http://10.180.1.21/compute/v2.1/servers/99e415cd-77a4-4557-bdb4-67727d5621ed 0.669s
2024-12-15 00:15:40.331 68717 INFO tempest.lib.common.rest_client [req-8969d63e-e0b2-433a-87c9-38b5c60fbeab req-8969d63e-e0b2-433a-87c9-38b5c60fbeab ] Request (ServerDiagnosticsNegativeTest:tearDownClass): 200 GET http://10.180.1.21:9696/networking/v2.0/security-groups?tenant_id=fcd461faaa6c407f9344d7950a4aa806&name=default 0.170s
2024-12-15 00:15:40.358 68698 INFO tempest.lib.common.rest_client [req-5fedd01e-593d-40bb-bed5-36e7d511d7ab req-5fedd01e-593d-40bb-bed5-36e7d511d7ab ] Request (ServersTestBootFromVolume:setUpClass): 200 GET http://10.180.1.21/compute/v2.1/servers/66c351d6-ff6b-4c02-8bb3-2ce5f2a8fa2d 0.593s
2024-12-15 00:15:40.402 68664 INFO tempest.lib.common.rest_client [req-76fdde6a-b242-47e4-b67b-fde265e7dc5b req-76fdde6a-b242-47e4-b67b-fde265e7dc5b ] Request (AggregatesAdminNegativeTestJSON:tearDownClass): 200 GET http://10.180.1.21:9696/networking/v2.0/security-groups?tenant_id=e11eee8968314ef889ecf9e606e5f9c2&name=default 0.535s
2024-12-15 00:15:40.416 68718 INFO tempest.lib.common.rest_client [req-fbe4c1cb-532c-4937-9ed3-76048ec1f4a0 req-fbe4c1cb-532c-4937-9ed3-76048ec1f4a0 ] Request (MultipleCreateTestJSON:setUpClass): 201 POST http://10.180.1.21:9696/networking/v2.0/subnets 0.831s
2024-12-15 00:15:40.571 68717 INFO tempest.lib.common.rest_client [req-7383f309-04e8-4cd7-9ae8-c45bf91ed759 req-7383f309-04e8-4cd7-9ae8-c45bf91ed759 ] Request (ServerDiagnosticsNegativeTest:tearDownClass): 204 DELETE http://10.180.1.21:9696/networking/v2.0/security-groups/3e842ca5-ffed-4d41-a522-4b5c4f747ab9 0.240s
2024-12-15 00:15:40.636 68717 INFO tempest.lib.common.rest_client [req-ebb7b519-450d-4856-845d-e8796e455d33 req-ebb7b519-450d-4856-845d-e8796e455d33 ] Request (ServerDiagnosticsNegativeTest:tearDownClass): 204 DELETE http://10.180.1.21/identity/v3/projects/fcd461faaa6c407f9344d7950a4aa806 0.065s
2024-12-15 00:15:40.637 68717 INFO tempest.lib.common.dynamic_creds [-] Deleting project and security group for project: 76ce1fbb6ae0412c9627f4b453daf261
2024-12-15 00:15:40.652 68664 INFO tempest.lib.common.rest_client [req-43149d46-e484-444f-9875-7778ce75c6d5 req-43149d46-e484-444f-9875-7778ce75c6d5 ] Request (AggregatesAdminNegativeTestJSON:tearDownClass): 204 DELETE http://10.180.1.21:9696/networking/v2.0/security-groups/cd2072eb-0454-476d-9f73-3e4be5bee02b 0.249s
2024-12-15 00:15:40.675 68723 INFO tempest.lib.common.rest_client [req-b025d166-672e-46f9-82cc-07393b7b772b req-b025d166-672e-46f9-82cc-07393b7b772b ] Request (ImagesOneServerTestJSON:test_create_delete_image): 200 GET http://10.180.1.21/compute/v2.1/servers/3310d50a-ed0a-41a0-899c-923bfdcdf159 0.969s
2024-12-15 00:15:40.689 68670 INFO tempest.lib.common.rest_client [req-691fc728-869b-44b8-a593-7b8c0752cedf req-691fc728-869b-44b8-a593-7b8c0752cedf ] Request (ServersWithSpecificFlavorTestJSON:test_verify_created_server_ephemeral_disk): 200 GET http://10.180.1.21/compute/v2.1/servers/399cb2ae-8ac1-4a4a-807a-69d6b9992614 0.803s
2024-12-15 00:15:40.699 68670 INFO tempest.lib.common.ssh [-] Creating ssh connection to '10.180.180.146:22' as 'cirros' with public key authentication
2024-12-15 00:15:40.764 68710 INFO tempest.lib.common.rest_client [req-c7037465-c967-49c2-84c1-795654797da7 req-c7037465-c967-49c2-84c1-795654797da7 ] Request (ServerShowV247Test:test_update_rebuild_list_server): 200 GET http://10.180.1.21/compute/v2.1/servers/faf41e9a-63f0-491b-9ad4-3452182d07fb 0.850s
2024-12-15 00:15:40.782 68664 INFO tempest.lib.common.rest_client [req-58b89e50-4c32-4286-8e8d-b4d16739f61c req-58b89e50-4c32-4286-8e8d-b4d16739f61c ] Request (AggregatesAdminNegativeTestJSON:tearDownClass): 204 DELETE http://10.180.1.21/identity/v3/projects/e11eee8968314ef889ecf9e606e5f9c2 0.129s
2024-12-15 00:15:40.794 68692 INFO tempest.lib.common.rest_client [req-596dfbd2-221b-47b1-9255-3bf0936b3fb2 req-596dfbd2-221b-47b1-9255-3bf0936b3fb2 ] Request (InstanceActionsV221TestJSON:test_get_list_deleted_instance_actions): 200 GET http://10.180.1.21/compute/v2.1/servers/01b20150-ba71-48ab-87fd-5a235552e757 0.725s
2024-12-15 00:15:40.802 68692 INFO tempest.common.waiters [-] State transition "ACTIVE/deleting" ==> "DELETED/None" after 4 second wait
2024-12-15 00:15:40.813 68694 INFO tempest.lib.common.rest_client [req-f733b45a-f730-4707-ba6c-15d7a68907b6 req-f733b45a-f730-4707-ba6c-15d7a68907b6 ] Request (ServerMetadataTestJSON:setUpClass): 201 POST http://10.180.1.21:9696/networking/v2.0/subnets 0.840s
2024-12-15 00:15:40.844 68689 INFO tempest.lib.common.rest_client [req-a2dfbaac-9052-4dc6-8f8e-2da89219e9ad req-a2dfbaac-9052-4dc6-8f8e-2da89219e9ad ] Request (ServerDiagnosticsTest:tearDownClass): 200 GET http://10.180.1.21/compute/v2.1/servers/51f4045f-a7b8-4293-aa22-17b5cba7e7ce 0.674s
2024-12-15 00:15:40.846 68664 INFO tempest.lib.common.rest_client [req-ab6162b1-7088-42cd-b432-4adb5cedaffc req-ab6162b1-7088-42cd-b432-4adb5cedaffc ] Request (HypervisorAdminNegativeTestJSON:setUpClass): 201 POST http://10.180.1.21/identity/v3/auth/tokens 0.062s
2024-12-15 00:15:40.871 68717 INFO tempest.lib.common.rest_client [req-64dc448e-43ab-4692-9356-203263e47702 req-64dc448e-43ab-4692-9356-203263e47702 ] Request (ServerDiagnosticsNegativeTest:tearDownClass): 200 GET http://10.180.1.21:9696/networking/v2.0/security-groups?tenant_id=76ce1fbb6ae0412c9627f4b453daf261&name=default 0.234s
2024-12-15 00:15:40.881 68664 INFO tempest.lib.common.rest_client [req-277b0884-7c5d-4309-bc2e-63fe36ac988a req-277b0884-7c5d-4309-bc2e-63fe36ac988a ] Request (HypervisorAdminNegativeTestJSON:setUpClass): 201 POST http://10.180.1.21/identity/v3/auth/tokens 0.033s
2024-12-15 00:15:40.884 68676 INFO tempest.lib.common.rest_client [req-a402b063-83aa-43ac-8a1b-b44988b29756 req-a402b063-83aa-43ac-8a1b-b44988b29756 ] Request (ServersAdmin275Test:tearDownClass): 200 GET http://10.180.1.21/compute/v2.1/servers/d9aff96a-c016-4c16-be2a-bbecfcc85093 0.589s
2024-12-15 00:15:40.912 68664 INFO tempest.lib.common.rest_client [req-90744c32-7517-4553-abfc-9a11d12d2ff9 req-90744c32-7517-4553-abfc-9a11d12d2ff9 ] Request (HypervisorAdminNegativeTestJSON:setUpClass): 200 GET http://10.180.1.21/identity/v3/domains?name=Default 0.030s
2024-12-15 00:15:40.916 68666 INFO tempest.lib.common.rest_client [req-abc2dd28-1ce5-497a-bae0-9b96cca812de req-abc2dd28-1ce5-497a-bae0-9b96cca812de ] Request (ServerActionsTestOtherA:setUpClass): 200 GET http://10.180.1.21/compute/v2.1/servers/7c42bab8-c89d-4040-bda6-2a1cbcda2da1 0.516s
2024-12-15 00:15:40.942 68664 INFO tempest.lib.common.rest_client [req-8d01086f-b6d3-4b29-b4c6-9e26f23f6eef req-8d01086f-b6d3-4b29-b4c6-9e26f23f6eef ] Request (HypervisorAdminNegativeTestJSON:setUpClass): 201 POST http://10.180.1.21/identity/v3/projects 0.030s
2024-12-15 00:15:40.965 68690 INFO tempest.lib.common.rest_client [req-8069577d-3da0-49ec-ad11-4eb37ac5cc39 req-8069577d-3da0-49ec-ad11-4eb37ac5cc39 ] Request (ServerExternalEventsTest:test_create_server_external_events): 200 GET http://10.180.1.21/compute/v2.1/servers/dd9e2451-ff9f-4fb2-a486-df1a5ab36347 0.443s
2024-12-15 00:15:41.008 68664 INFO tempest.lib.common.rest_client [req-a8cddb5e-4007-4211-a1f3-132ba2ba06b9 req-a8cddb5e-4007-4211-a1f3-132ba2ba06b9 ] Request (HypervisorAdminNegativeTestJSON:setUpClass): 201 POST http://10.180.1.21/identity/v3/users 0.066s
2024-12-15 00:15:41.036 68664 INFO tempest.lib.common.rest_client [req-ff25f4d1-c77e-4b4c-b8ce-1651327b522c req-ff25f4d1-c77e-4b4c-b8ce-1651327b522c ] Request (HypervisorAdminNegativeTestJSON:setUpClass): 200 GET http://10.180.1.21/identity/v3/roles 0.027s
2024-12-15 00:15:41.047 68706 INFO tempest.lib.common.rest_client [req-148bf0dc-9447-450e-bc51-0d09afc96007 req-148bf0dc-9447-450e-bc51-0d09afc96007 ] Request (FloatingIPsAssociationNegativeTestJSON:setUpClass): 200 GET http://10.180.1.21/compute/v2.1/servers/383a2fc7-69e5-4ca0-b3f2-667afe137190 0.450s
2024-12-15 00:15:41.055 68708 INFO tempest.lib.common.rest_client [req-c9a0c1ba-7bb2-4a94-bea6-99282463ef58 req-c9a0c1ba-7bb2-4a94-bea6-99282463ef58 ] Request (FloatingIPDetailsNegativeTestJSON:tearDownClass): 200 PUT http://10.180.1.21:9696/networking/v2.0/routers/d7ffb48c-091c-40ee-8f81-8cf672b6b6c9/remove_router_interface 2.199s
2024-12-15 00:15:41.067 68664 INFO tempest.lib.common.rest_client [req-a8858ecc-6992-47c2-950d-b9ab400db679 req-a8858ecc-6992-47c2-950d-b9ab400db679 ] Request (HypervisorAdminNegativeTestJSON:setUpClass): 204 PUT http://10.180.1.21/identity/v3/projects/e18f6119ed514b00b879680685f7a24f/users/26629fd9e3d14d0989980e5ed7711817/roles/e35e04079676449bb27fd68003bc8f8e 0.031s
2024-12-15 00:15:41.068 68664 INFO tempest.lib.common.dynamic_creds [-] Dynamic test user 26629fd9e3d14d0989980e5ed7711817 is created with scope project and roles: ['member']
2024-12-15 00:15:41.068 68664 INFO tempest.lib.common.dynamic_creds [-] Acquired dynamic creds: credentials: Credentials: {'domain_id': 'default', 'domain_name': 'Default', 'username': 'tempest-HypervisorAdminNegativeTestJSON-1074768127-project-member', 'project_domain_id': 'default', 'project_domain_name': 'Default', 'project_id': 'e18f6119ed514b00b879680685f7a24f', 'project_name': 'tempest-HypervisorAdminNegativeTestJSON-1074768127', 'tenant_id': 'e18f6119ed514b00b879680685f7a24f', 'tenant_name': 'tempest-HypervisorAdminNegativeTestJSON-1074768127', 'user_domain_id': 'default', 'user_domain_name': 'Default', 'user_id': '26629fd9e3d14d0989980e5ed7711817', 'system': None}, Network: None, Subnet: None, Router: None
2024-12-15 00:15:41.068 68664 INFO tempest.lib.common.dynamic_creds [-] Created isolated network resources for: credentials: Credentials: {'domain_id': 'default', 'domain_name': 'Default', 'username': 'tempest-HypervisorAdminNegativeTestJSON-1074768127-project-member', 'project_domain_id': 'default', 'project_domain_name': 'Default', 'project_id': 'e18f6119ed514b00b879680685f7a24f', 'project_name': 'tempest-HypervisorAdminNegativeTestJSON-1074768127', 'tenant_id': 'e18f6119ed514b00b879680685f7a24f', 'tenant_name': 'tempest-HypervisorAdminNegativeTestJSON-1074768127', 'user_domain_id': 'default', 'user_domain_name': 'Default', 'user_id': '26629fd9e3d14d0989980e5ed7711817', 'system': None}, Network: None, Subnet: None, Router: None
