2024-12-15 00:16:34.396 68684 INFO tempest.lib.common.rest_client [req-5b8b3c45-9b42-48c4-997b-621cc4a3e3ef req-5b8b3c45-9b42-48c4-997b-621cc4a3e3ef ] Request (ServersAdminNegativeTestJSON:tearDownClass): 200 GET http://10.180.1.21/compute/v2.1/servers/50bab324-a7f4-430e-81fa-36d4248bb3f4 0.055s
2024-12-15 00:16:34.438 68717 INFO tempest.lib.common.rest_client [req-5962dbca-0add-414d-be75-881b2d130531 req-5962dbca-0add-414d-be75-881b2d130531 ] Request (TenantUsagesTestJSON:setUpClass): 200 GET http://10.180.1.21/compute/v2.1/servers/809dc4e0-b5bf-4f32-987b-08960c97fcca 0.098s
2024-12-15 00:16:34.442 68696 INFO tempest.lib.common.rest_client [req-8f8e2b07-4382-4727-bf65-70d849c071d7 req-8f8e2b07-4382-4727-bf65-70d849c071d7 ] Request (ServerDiskConfigTestJSON:test_rebuild_server_with_manual_disk_config): 200 GET http://10.180.1.21/compute/v2.1/servers/02198b91-3757-44f5-aa10-c48ec83e47ab 0.051s
2024-12-15 00:16:34.444 68717 INFO tempest.common.waiters [-] State transition "BUILD/block_device_mapping" ==> "BUILD/spawning" after 50 second wait
2024-12-15 00:16:34.513 68718 INFO tempest.lib.common.rest_client [req-b5e1c5e5-d93c-49a1-9b60-5691e1254449 req-b5e1c5e5-d93c-49a1-9b60-5691e1254449 ] Request (MultipleCreateTestJSON:test_multiple_create): 200 GET http://10.180.1.21/compute/v2.1/servers/cb97679a-6f0b-40fe-8f67-654c55c49f20 0.057s
2024-12-15 00:16:34.566 68664 INFO tempest.lib.common.rest_client [req-a3e7d813-7d44-42fd-8fcb-93efe802e150 req-a3e7d813-7d44-42fd-8fcb-93efe802e150 ] Request (FloatingIPsAssociationTestJSON:setUpClass): 200 GET http://10.180.1.21/compute/v2.1/servers/a1233927-5630-45c5-bf14-eb81de95cf44 0.105s
2024-12-15 00:16:34.616 68674 INFO tempest.lib.common.rest_client [req-12f66a52-ef4f-4a5e-b804-ec81defcd732 req-12f66a52-ef4f-4a5e-b804-ec81defcd732 ] Request (ImagesOneServerNegativeTestJSON:setUpClass): 200 GET http://10.180.1.21/compute/v2.1/servers/7cbdba76-b9f3-417d-b49f-6e3913fa290b 0.117s
2024-12-15 00:16:34.672 68726 INFO tempest.lib.common.rest_client [req-b81ac873-30b5-4e3e-88bd-3e832e77c20b req-b81ac873-30b5-4e3e-88bd-3e832e77c20b ] Request (DeleteServersAdminTestJSON:test_delete_server_while_in_error_state): 200 GET http://10.180.1.21/compute/v2.1/servers/642c200a-966c-4477-b370-e15824a48ff6 0.265s
2024-12-15 00:16:34.673 68700 INFO tempest.lib.common.rest_client [req-bd05f463-25c8-4eda-89df-a15e0bc7304c req-bd05f463-25c8-4eda-89df-a15e0bc7304c ] Request (ServersAdminTestJSON:test_create_server_with_scheduling_hint): 200 GET http://10.180.1.21/compute/v2.1/servers/ed48ab1b-0a5b-4d4e-b7e0-540b076b1bcd 0.157s
2024-12-15 00:16:34.718 68692 INFO tempest.lib.common.rest_client [req-9feb567e-e141-4c38-bee8-2a9debfa13fc req-9feb567e-e141-4c38-bee8-2a9debfa13fc ] Request (AttachVolumeTestJSON:test_attach_detach_volume): 200 GET http://10.180.1.21/compute/v2.1/servers/aceef315-f152-4b91-9953-2eceb376b255 0.148s
2024-12-15 00:16:34.739 68694 INFO tempest.lib.common.rest_client [req-222db8f2-cdd6-414b-a3e4-62cc2b749df3 req-222db8f2-cdd6-414b-a3e4-62cc2b749df3 ] Request (ServerMetadataTestJSON:setUpClass): 200 GET http://10.180.1.21/compute/v2.1/servers/d376f0ba-dc4c-48a3-83f6-7b3c2c222d7a 0.105s
2024-12-15 00:16:34.839 68723 INFO tempest.lib.common.rest_client [req-d3e58a1a-724c-4c4a-a06b-d3a50746165d req-d3e58a1a-724c-4c4a-a06b-d3a50746165d ] Request (ImagesOneServerTestJSON:tearDownClass): 200 GET http://10.180.1.21/compute/v2.1/servers/3310d50a-ed0a-41a0-899c-923bfdcdf159 0.057s
2024-12-15 00:16:34.895 68724 INFO tempest.lib.common.rest_client [req-c1ffcb1f-c86d-4162-ba85-3705ec8d52a9 req-c1ffcb1f-c86d-4162-ba85-3705ec8d52a9 ] Request (ServerAddressesTestJSON:setUpClass): 200 GET http://10.180.1.21/compute/v2.1/servers/63cc3567-f8dc-463c-a3d1-e96b74f533a8 0.047s
2024-12-15 00:16:34.902 68724 INFO tempest.common.waiters [-] State transition "BUILD/None" ==> "BUILD/networking" after 48 second wait
2024-12-15 00:16:35.021 68690 INFO tempest.lib.common.rest_client [req-73544ad8-dc30-4955-b0a4-90db31b19098 req-73544ad8-dc30-4955-b0a4-90db31b19098 ] Request (ServerExternalEventsTest:tearDownClass): 200 GET http://10.180.1.21/compute/v2.1/servers/dd9e2451-ff9f-4fb2-a486-df1a5ab36347 0.057s
2024-12-15 00:16:35.066 68686 WARNING tempest.lib.common.ssh [-] Failed to establish authenticated ssh connection to cirros@10.180.180.198 ([Errno None] Unable to connect to port 22 on 10.180.180.198). Number attempts: 1. Retry after 2 seconds.: paramiko.ssh_exception.NoValidConnectionsError: [Errno None] Unable to connect to port 22 on 10.180.180.198
2024-12-15 00:16:35.091 68714 INFO tempest.lib.common.rest_client [req-d70d8024-f9a2-4cf4-84e8-a1c3086151cb req-d70d8024-f9a2-4cf4-84e8-a1c3086151cb ] Request (AttachInterfacesV270Test:tearDownClass): 200 GET http://10.180.1.21/compute/v2.1/servers/ef35217a-ca54-4d32-8c43-f4821cd2bdeb 0.061s
2024-12-15 00:16:35.140 68689 INFO tempest.lib.common.rest_client [req-bc7e22e1-8ad8-46e0-a3a5-115e0c81f86f req-bc7e22e1-8ad8-46e0-a3a5-115e0c81f86f ] Request (InstanceActionsTestJSON:setUpClass): 200 GET http://10.180.1.21/compute/v2.1/servers/2b460d0f-65c7-4a8c-a769-c94cbc6872dc 0.077s
2024-12-15 00:16:35.163 68706 INFO tempest.lib.common.rest_client [req-a200a65c-f07c-4a18-9000-a03714e7acb6 req-a200a65c-f07c-4a18-9000-a03714e7acb6 ] Request (FloatingIPsAssociationNegativeTestJSON:setUpClass): 200 GET http://10.180.1.21/compute/v2.1/servers/383a2fc7-69e5-4ca0-b3f2-667afe137190 0.146s
2024-12-15 00:16:35.291 68668 INFO tempest.lib.common.rest_client [req-5770daf9-293d-476c-932a-ad2ab8c511af req-5770daf9-293d-476c-932a-ad2ab8c511af ] Request (ServerShowV254Test:test_rebuild_server): 200 GET http://10.180.1.21/compute/v2.1/servers/c44451ce-ff63-44a7-a7dc-f84fd88afc38 0.091s
2024-12-15 00:16:35.320 68672 INFO tempest.lib.common.rest_client [req-bc6dadf1-aab0-4728-90f1-68de919e6b11 req-bc6dadf1-aab0-4728-90f1-68de919e6b11 ] Request (MigrationsAdminTest:test_list_migrations_in_flavor_resize_situation): 200 GET http://10.180.1.21/compute/v2.1/servers/cce4acfe-f3d9-4711-9e54-bfd0bb94c7ab 0.142s
2024-12-15 00:16:35.373 68710 INFO tempest.lib.common.rest_client [req-1a725509-5ed3-4203-8d50-f890f0e99fcd req-1a725509-5ed3-4203-8d50-f890f0e99fcd ] Request (ServerShowV247Test:test_update_rebuild_list_server): 200 GET http://10.180.1.21/compute/v2.1/servers/faf41e9a-63f0-491b-9ad4-3452182d07fb 0.111s
2024-12-15 00:16:35.386 68712 INFO tempest.lib.common.rest_client [req-211c21b7-b27d-4b89-b077-7ecaa9c7103a req-211c21b7-b27d-4b89-b077-7ecaa9c7103a ] Request (SecurityGroupsTestJSON:test_server_security_groups): 200 GET http://10.180.1.21/compute/v2.1/servers/1d606e17-3ee9-45e0-b92a-fb5e816720f0 0.068s
2024-12-15 00:16:35.470 68684 INFO tempest.lib.common.rest_client [req-886c3664-e37a-4f21-9a37-5eb3bd0288a5 req-886c3664-e37a-4f21-9a37-5eb3bd0288a5 ] Request (ServersAdminNegativeTestJSON:tearDownClass): 200 GET http://10.180.1.21/compute/v2.1/servers/50bab324-a7f4-430e-81fa-36d4248bb3f4 0.067s
2024-12-15 00:16:35.527 68696 INFO tempest.lib.common.rest_client [req-0f5c2652-06fa-498f-9b06-ea20c6d5512d req-0f5c2652-06fa-498f-9b06-ea20c6d5512d ] Request (ServerDiskConfigTestJSON:test_rebuild_server_with_manual_disk_config): 200 GET http://10.180.1.21/compute/v2.1/servers/02198b91-3757-44f5-aa10-c48ec83e47ab 0.078s
2024-12-15 00:16:35.585 68717 INFO tempest.lib.common.rest_client [req-648bc1d3-7602-4273-8937-ba28358ad92c req-648bc1d3-7602-4273-8937-ba28358ad92c ] Request (TenantUsagesTestJSON:setUpClass): 200 GET http://10.180.1.21/compute/v2.1/servers/809dc4e0-b5bf-4f32-987b-08960c97fcca 0.140s
2024-12-15 00:16:35.586 68718 INFO tempest.lib.common.rest_client [req-72f393b0-caec-49d3-95ca-26363da71557 req-72f393b0-caec-49d3-95ca-26363da71557 ] Request (MultipleCreateTestJSON:test_multiple_create): 200 GET http://10.180.1.21/compute/v2.1/servers/cb97679a-6f0b-40fe-8f67-654c55c49f20 0.066s
2024-12-15 00:16:35.642 68664 INFO tempest.lib.common.rest_client [req-ef61b5ce-4f40-4e7a-a8ff-648fb3a7a2f0 req-ef61b5ce-4f40-4e7a-a8ff-648fb3a7a2f0 ] Request (FloatingIPsAssociationTestJSON:setUpClass): 200 GET http://10.180.1.21/compute/v2.1/servers/a1233927-5630-45c5-bf14-eb81de95cf44 0.062s
2024-12-15 00:16:35.683 68674 INFO tempest.lib.common.rest_client [req-2025ba31-3b5a-49cc-933f-28eef7cb5271 req-2025ba31-3b5a-49cc-933f-28eef7cb5271 ] Request (ImagesOneServerNegativeTestJSON:setUpClass): 200 GET http://10.180.1.21/compute/v2.1/servers/7cbdba76-b9f3-417d-b49f-6e3913fa290b 0.059s
2024-12-15 00:16:35.737 68700 INFO tempest.lib.common.rest_client [req-e8857f9e-8291-4eae-a960-1ac3bebd6138 req-e8857f9e-8291-4eae-a960-1ac3bebd6138 ] Request (ServersAdminTestJSON:test_create_server_with_scheduling_hint): 200 GET http://10.180.1.21/compute/v2.1/servers/ed48ab1b-0a5b-4d4e-b7e0-540b076b1bcd 0.056s
2024-12-15 00:16:35.750 68726 INFO tempest.lib.common.rest_client [req-eda0d114-da2c-4fcd-885e-69346b1ce454 req-eda0d114-da2c-4fcd-885e-69346b1ce454 ] Request (DeleteServersAdminTestJSON:test_delete_server_while_in_error_state): 200 GET http://10.180.1.21/compute/v2.1/servers/642c200a-966c-4477-b370-e15824a48ff6 0.067s
2024-12-15 00:16:35.787 68692 INFO tempest.lib.common.rest_client [req-bc37c57a-77e9-4f1e-8583-d1aaaa2eb40a req-bc37c57a-77e9-4f1e-8583-d1aaaa2eb40a ] Request (AttachVolumeTestJSON:test_attach_detach_volume): 200 GET http://10.180.1.21/compute/v2.1/servers/aceef315-f152-4b91-9953-2eceb376b255 0.062s
2024-12-15 00:16:35.816 68694 INFO tempest.lib.common.rest_client [req-070a546a-2649-4166-910b-ed897a0d6870 req-070a546a-2649-4166-910b-ed897a0d6870 ] Request (ServerMetadataTestJSON:setUpClass): 200 GET http://10.180.1.21/compute/v2.1/servers/d376f0ba-dc4c-48a3-83f6-7b3c2c222d7a 0.070s
2024-12-15 00:16:35.899 68723 INFO tempest.lib.common.rest_client [req-dd313d1d-4827-42f3-b9b8-11dba347d3d9 req-dd313d1d-4827-42f3-b9b8-11dba347d3d9 ] Request (ImagesOneServerTestJSON:tearDownClass): 200 GET http://10.180.1.21/compute/v2.1/servers/3310d50a-ed0a-41a0-899c-923bfdcdf159 0.053s
2024-12-15 00:16:36.054 68724 INFO tempest.lib.common.rest_client [req-7689145c-faa0-456f-817a-05626e74721e req-7689145c-faa0-456f-817a-05626e74721e ] Request (ServerAddressesTestJSON:setUpClass): 200 GET http://10.180.1.21/compute/v2.1/servers/63cc3567-f8dc-463c-a3d1-e96b74f533a8 0.151s
2024-12-15 00:16:36.060 68724 INFO tempest.common.waiters [-] State transition "BUILD/networking" ==> "BUILD/block_device_mapping" after 50 second wait
2024-12-15 00:16:36.085 68690 INFO tempest.lib.common.rest_client [req-4d220b81-af97-4b41-b248-605709928b9e req-4d220b81-af97-4b41-b248-605709928b9e ] Request (ServerExternalEventsTest:tearDownClass): 200 GET http://10.180.1.21/compute/v2.1/servers/dd9e2451-ff9f-4fb2-a486-df1a5ab36347 0.057s
2024-12-15 00:16:36.156 68714 INFO tempest.lib.common.rest_client [req-b6137b7b-f2f0-45a3-b72b-7d5a4af59976 req-b6137b7b-f2f0-45a3-b72b-7d5a4af59976 ] Request (AttachInterfacesV270Test:tearDownClass): 200 GET http://10.180.1.21/compute/v2.1/servers/ef35217a-ca54-4d32-8c43-f4821cd2bdeb 0.056s
2024-12-15 00:16:36.198 68689 INFO tempest.lib.common.rest_client [req-c7161cb1-b0e2-4494-ab8d-0b7096156dd0 req-c7161cb1-b0e2-4494-ab8d-0b7096156dd0 ] Request (InstanceActionsTestJSON:setUpClass): 200 GET http://10.180.1.21/compute/v2.1/servers/2b460d0f-65c7-4a8c-a769-c94cbc6872dc 0.050s
2024-12-15 00:16:36.258 68680 WARNING tempest.lib.common.ssh [-] Failed to establish authenticated ssh connection to cirros@10.180.180.209 ([Errno None] Unable to connect to port 22 on 10.180.180.209). Number attempts: 9. Retry after 10 seconds.: paramiko.ssh_exception.NoValidConnectionsError: [Errno None] Unable to connect to port 22 on 10.180.180.209
2024-12-15 00:16:36.273 68706 INFO tempest.lib.common.rest_client [req-d8dad7f3-435f-4cb0-acd7-e744d7edcd5e req-d8dad7f3-435f-4cb0-acd7-e744d7edcd5e ] Request (FloatingIPsAssociationNegativeTestJSON:setUpClass): 200 GET http://10.180.1.21/compute/v2.1/servers/383a2fc7-69e5-4ca0-b3f2-667afe137190 0.102s
2024-12-15 00:16:36.370 68668 INFO tempest.lib.common.rest_client [req-434b0ceb-86da-4c67-924d-d80d185654b4 req-434b0ceb-86da-4c67-924d-d80d185654b4 ] Request (ServerShowV254Test:test_rebuild_server): 200 GET http://10.180.1.21/compute/v2.1/servers/c44451ce-ff63-44a7-a7dc-f84fd88afc38 0.062s
2024-12-15 00:16:36.436 68710 INFO tempest.lib.common.rest_client [req-d41ceb32-bae3-42d2-95f3-682f1947a9f0 req-d41ceb32-bae3-42d2-95f3-682f1947a9f0 ] Request (ServerShowV247Test:test_update_rebuild_list_server): 200 GET http://10.180.1.21/compute/v2.1/servers/faf41e9a-63f0-491b-9ad4-3452182d07fb 0.053s
2024-12-15 00:16:36.457 68672 INFO tempest.lib.common.rest_client [req-2b89fa85-5587-477b-a128-34c476ab9950 req-2b89fa85-5587-477b-a128-34c476ab9950 ] Request (MigrationsAdminTest:test_list_migrations_in_flavor_resize_situation): 200 GET http://10.180.1.21/compute/v2.1/servers/cce4acfe-f3d9-4711-9e54-bfd0bb94c7ab 0.128s
2024-12-15 00:16:36.479 68712 INFO tempest.lib.common.rest_client [req-8c74e7df-8ebf-491d-ba81-fd31b2a95065 req-8c74e7df-8ebf-491d-ba81-fd31b2a95065 ] Request (SecurityGroupsTestJSON:test_server_security_groups): 200 GET http://10.180.1.21/compute/v2.1/servers/1d606e17-3ee9-45e0-b92a-fb5e816720f0 0.085s
2024-12-15 00:16:36.531 68684 INFO tempest.lib.common.rest_client [req-8c0a97cb-daa6-441c-84fc-6c92fa94bc36 req-8c0a97cb-daa6-441c-84fc-6c92fa94bc36 ] Request (ServersAdminNegativeTestJSON:tearDownClass): 200 GET http://10.180.1.21/compute/v2.1/servers/50bab324-a7f4-430e-81fa-36d4248bb3f4 0.053s
2024-12-15 00:16:36.584 68696 INFO tempest.lib.common.rest_client [req-21358dce-0b86-4252-bf98-f84929f57880 req-21358dce-0b86-4252-bf98-f84929f57880 ] Request (ServerDiskConfigTestJSON:test_rebuild_server_with_manual_disk_config): 200 GET http://10.180.1.21/compute/v2.1/servers/02198b91-3757-44f5-aa10-c48ec83e47ab 0.049s
2024-12-15 00:16:36.600 68666 WARNING tempest.lib.common.ssh [-] Failed to establish authenticated ssh connection to cirros@10.180.180.224 ([Errno None] Unable to connect to port 22 on 10.180.180.224). Number attempts: 2. Retry after 3 seconds.: paramiko.ssh_exception.NoValidConnectionsError: [Errno None] Unable to connect to port 22 on 10.180.180.224
2024-12-15 00:16:36.673 68718 INFO tempest.lib.common.rest_client [req-f426b3ba-48d0-45aa-a5e1-c78958185b0e req-f426b3ba-48d0-45aa-a5e1-c78958185b0e ] Request (MultipleCreateTestJSON:test_multiple_create): 200 GET http://10.180.1.21/compute/v2.1/servers/cb97679a-6f0b-40fe-8f67-654c55c49f20 0.076s
2024-12-15 00:16:36.708 68717 INFO tempest.lib.common.rest_client [req-0601e3d9-a7f3-49b0-af2e-2b13802ad6e7 req-0601e3d9-a7f3-49b0-af2e-2b13802ad6e7 ] Request (TenantUsagesTestJSON:setUpClass): 200 GET http://10.180.1.21/compute/v2.1/servers/809dc4e0-b5bf-4f32-987b-08960c97fcca 0.113s
2024-12-15 00:16:36.726 68664 INFO tempest.lib.common.rest_client [req-d3ee1e60-b5be-40d2-ae85-b26eadd8b80b req-d3ee1e60-b5be-40d2-ae85-b26eadd8b80b ] Request (FloatingIPsAssociationTestJSON:setUpClass): 200 GET http://10.180.1.21/compute/v2.1/servers/a1233927-5630-45c5-bf14-eb81de95cf44 0.077s
2024-12-15 00:16:36.766 68674 INFO tempest.lib.common.rest_client [req-cf0d03ed-35f9-47ea-8921-f8ec097ec39f req-cf0d03ed-35f9-47ea-8921-f8ec097ec39f ] Request (ImagesOneServerNegativeTestJSON:setUpClass): 200 GET http://10.180.1.21/compute/v2.1/servers/7cbdba76-b9f3-417d-b49f-6e3913fa290b 0.075s
2024-12-15 00:16:36.808 68700 INFO tempest.lib.common.rest_client [req-ec1e4e41-c487-41a9-9a10-06c6e7c1a1d3 req-ec1e4e41-c487-41a9-9a10-06c6e7c1a1d3 ] Request (ServersAdminTestJSON:test_create_server_with_scheduling_hint): 200 GET http://10.180.1.21/compute/v2.1/servers/ed48ab1b-0a5b-4d4e-b7e0-540b076b1bcd 0.061s
2024-12-15 00:16:36.848 68726 INFO tempest.lib.common.rest_client [req-ff5ca288-9ba7-4da9-b4e0-f71ecb7ffd00 req-ff5ca288-9ba7-4da9-b4e0-f71ecb7ffd00 ] Request (DeleteServersAdminTestJSON:test_delete_server_while_in_error_state): 200 GET http://10.180.1.21/compute/v2.1/servers/642c200a-966c-4477-b370-e15824a48ff6 0.089s
2024-12-15 00:16:36.868 68692 INFO tempest.lib.common.rest_client [req-b4b8764e-c230-4196-b18d-efd99c82c7a9 req-b4b8764e-c230-4196-b18d-efd99c82c7a9 ] Request (AttachVolumeTestJSON:test_attach_detach_volume): 200 GET http://10.180.1.21/compute/v2.1/servers/aceef315-f152-4b91-9953-2eceb376b255 0.070s
2024-12-15 00:16:36.912 68694 INFO tempest.lib.common.rest_client [req-832e98e0-ce96-413e-9ce0-564b334a8b09 req-832e98e0-ce96-413e-9ce0-564b334a8b09 ] Request (ServerMetadataTestJSON:setUpClass): 200 GET http://10.180.1.21/compute/v2.1/servers/d376f0ba-dc4c-48a3-83f6-7b3c2c222d7a 0.088s
2024-12-15 00:16:36.932 68723 INFO tempest.lib.common.rest_client [req-45b91a7d-4853-461b-a6aa-a9b1882d5fb0 req-45b91a7d-4853-461b-a6aa-a9b1882d5fb0 ] Request (ImagesOneServerTestJSON:tearDownClass): 404 GET http://10.180.1.21/compute/v2.1/servers/3310d50a-ed0a-41a0-899c-923bfdcdf159 0.025s
2024-12-15 00:16:37.170 68690 INFO tempest.lib.common.rest_client [req-9b91bf24-a1e6-403b-81fd-4e0e6c6afbcb req-9b91bf24-a1e6-403b-81fd-4e0e6c6afbcb ] Request (ServerExternalEventsTest:tearDownClass): 200 GET http://10.180.1.21/compute/v2.1/servers/dd9e2451-ff9f-4fb2-a486-df1a5ab36347 0.078s
2024-12-15 00:16:37.231 68724 INFO tempest.lib.common.rest_client [req-e4bdf00d-de2c-4bb4-a340-5cc27ed4ea50 req-e4bdf00d-de2c-4bb4-a340-5cc27ed4ea50 ] Request (ServerAddressesTestJSON:setUpClass): 200 GET http://10.180.1.21/compute/v2.1/servers/63cc3567-f8dc-463c-a3d1-e96b74f533a8 0.170s
2024-12-15 00:16:37.241 68724 INFO tempest.common.waiters [-] State transition "BUILD/block_device_mapping" ==> "BUILD/spawning" after 51 second wait
2024-12-15 00:16:37.258 68714 INFO tempest.lib.common.rest_client [req-3f480e15-b77f-426d-9920-a646f47b4236 req-3f480e15-b77f-426d-9920-a646f47b4236 ] Request (AttachInterfacesV270Test:tearDownClass): 200 GET http://10.180.1.21/compute/v2.1/servers/ef35217a-ca54-4d32-8c43-f4821cd2bdeb 0.093s
2024-12-15 00:16:37.313 68689 INFO tempest.lib.common.rest_client [req-69155aee-481a-47e8-8244-7cc657803384 req-69155aee-481a-47e8-8244-7cc657803384 ] Request (InstanceActionsTestJSON:setUpClass): 200 GET http://10.180.1.21/compute/v2.1/servers/2b460d0f-65c7-4a8c-a769-c94cbc6872dc 0.107s
2024-12-15 00:16:37.452 68668 INFO tempest.lib.common.rest_client [req-047b4f33-ab50-4de4-ae99-06eb82ea8db0 req-047b4f33-ab50-4de4-ae99-06eb82ea8db0 ] Request (ServerShowV254Test:test_rebuild_server): 200 GET http://10.180.1.21/compute/v2.1/servers/c44451ce-ff63-44a7-a7dc-f84fd88afc38 0.074s
2024-12-15 00:16:37.509 68706 INFO tempest.lib.common.rest_client [req-307b665b-92a1-4f22-b099-82948fe757ee req-307b665b-92a1-4f22-b099-82948fe757ee ] Request (FloatingIPsAssociationNegativeTestJSON:setUpClass): 200 GET http://10.180.1.21/compute/v2.1/servers/383a2fc7-69e5-4ca0-b3f2-667afe137190 0.229s
2024-12-15 00:16:37.524 68710 INFO tempest.lib.common.rest_client [req-462e2936-5085-4334-8d8f-2237d5f85d70 req-462e2936-5085-4334-8d8f-2237d5f85d70 ] Request (ServerShowV247Test:test_update_rebuild_list_server): 200 GET http://10.180.1.21/compute/v2.1/servers/faf41e9a-63f0-491b-9ad4-3452182d07fb 0.078s
2024-12-15 00:16:37.560 68682 WARNING tempest.lib.common.ssh [-] Failed to establish authenticated ssh connection to cirros@10.180.180.185 ([Errno None] Unable to connect to port 22 on 10.180.180.185). Number attempts: 6. Retry after 7 seconds.: paramiko.ssh_exception.NoValidConnectionsError: [Errno None] Unable to connect to port 22 on 10.180.180.185
2024-12-15 00:16:37.586 68712 INFO tempest.lib.common.rest_client [req-77a59826-595a-423c-84be-4b13ba575ea8 req-77a59826-595a-423c-84be-4b13ba575ea8 ] Request (SecurityGroupsTestJSON:test_server_security_groups): 200 GET http://10.180.1.21/compute/v2.1/servers/1d606e17-3ee9-45e0-b92a-fb5e816720f0 0.101s
2024-12-15 00:16:37.654 68684 INFO tempest.lib.common.rest_client [req-b2a29101-f383-437e-8745-87e00444db44 req-b2a29101-f383-437e-8745-87e00444db44 ] Request (ServersAdminNegativeTestJSON:tearDownClass): 200 GET http://10.180.1.21/compute/v2.1/servers/50bab324-a7f4-430e-81fa-36d4248bb3f4 0.116s
2024-12-15 00:16:37.700 68696 INFO tempest.lib.common.rest_client [req-f691f93a-c34a-497e-a8ff-97caf59358b2 req-f691f93a-c34a-497e-a8ff-97caf59358b2 ] Request (ServerDiskConfigTestJSON:test_rebuild_server_with_manual_disk_config): 200 GET http://10.180.1.21/compute/v2.1/servers/02198b91-3757-44f5-aa10-c48ec83e47ab 0.109s
2024-12-15 00:16:37.731 68672 INFO tempest.lib.common.rest_client [req-3fdca7a7-d039-4ea7-8a75-5b113e335f15 req-3fdca7a7-d039-4ea7-8a75-5b113e335f15 ] Request (MigrationsAdminTest:test_list_migrations_in_flavor_resize_situation): 200 GET http://10.180.1.21/compute/v2.1/servers/cce4acfe-f3d9-4711-9e54-bfd0bb94c7ab 0.267s
2024-12-15 00:16:37.753 68718 INFO tempest.lib.common.rest_client [req-22cbcaba-cf50-45d7-a257-21a0e331af99 req-22cbcaba-cf50-45d7-a257-21a0e331af99 ] Request (MultipleCreateTestJSON:test_multiple_create): 200 GET http://10.180.1.21/compute/v2.1/servers/cb97679a-6f0b-40fe-8f67-654c55c49f20 0.073s
2024-12-15 00:16:37.805 68664 INFO tempest.lib.common.rest_client [req-bf069470-7cfc-4cae-9b94-4c6c9f028f77 req-bf069470-7cfc-4cae-9b94-4c6c9f028f77 ] Request (FloatingIPsAssociationTestJSON:setUpClass): 200 GET http://10.180.1.21/compute/v2.1/servers/a1233927-5630-45c5-bf14-eb81de95cf44 0.071s
2024-12-15 00:16:37.861 68674 INFO tempest.lib.common.rest_client [req-bb4d3ce4-7a3e-4ec1-9f6f-55d558e1bc7b req-bb4d3ce4-7a3e-4ec1-9f6f-55d558e1bc7b ] Request (ImagesOneServerNegativeTestJSON:setUpClass): 200 GET http://10.180.1.21/compute/v2.1/servers/7cbdba76-b9f3-417d-b49f-6e3913fa290b 0.082s
2024-12-15 00:16:37.884 68717 INFO tempest.lib.common.rest_client [req-b34d43e7-f3cb-4007-8786-59a1e23e986f req-b34d43e7-f3cb-4007-8786-59a1e23e986f ] Request (TenantUsagesTestJSON:setUpClass): 200 GET http://10.180.1.21/compute/v2.1/servers/809dc4e0-b5bf-4f32-987b-08960c97fcca 0.169s
2024-12-15 00:16:37.911 68700 INFO tempest.lib.common.rest_client [req-890fb68b-2b5f-40d5-b11e-75e414886ba0 req-890fb68b-2b5f-40d5-b11e-75e414886ba0 ] Request (ServersAdminTestJSON:test_create_server_with_scheduling_hint): 200 GET http://10.180.1.21/compute/v2.1/servers/ed48ab1b-0a5b-4d4e-b7e0-540b076b1bcd 0.095s
2024-12-15 00:16:37.953 68726 INFO tempest.lib.common.rest_client [req-bac3cf75-885e-4a97-855c-fe343ae17fe6 req-bac3cf75-885e-4a97-855c-fe343ae17fe6 ] Request (DeleteServersAdminTestJSON:test_delete_server_while_in_error_state): 200 GET http://10.180.1.21/compute/v2.1/servers/642c200a-966c-4477-b370-e15824a48ff6 0.091s
2024-12-15 00:16:37.965 68692 INFO tempest.lib.common.rest_client [req-798f366a-cda8-477a-8a5e-8f0f79c377b4 req-798f366a-cda8-477a-8a5e-8f0f79c377b4 ] Request (AttachVolumeTestJSON:test_attach_detach_volume): 200 GET http://10.180.1.21/compute/v2.1/servers/aceef315-f152-4b91-9953-2eceb376b255 0.086s
2024-12-15 00:16:37.974 68723 INFO tempest.lib.common.rest_client [req-4a917c18-0e5a-4303-8551-66096a05edba req-4a917c18-0e5a-4303-8551-66096a05edba ] Request (ImagesOneServerTestJSON:tearDownClass): 200 PUT http://10.180.1.21:9696/networking/v2.0/routers/e64f7138-48ff-4c4c-a9d1-961e87c7c170/remove_router_interface 1.042s
2024-12-15 00:16:38.013 68694 INFO tempest.lib.common.rest_client [req-b592d40f-3ef1-46c5-994d-a0fa7fe0c015 req-b592d40f-3ef1-46c5-994d-a0fa7fe0c015 ] Request (ServerMetadataTestJSON:setUpClass): 200 GET http://10.180.1.21/compute/v2.1/servers/d376f0ba-dc4c-48a3-83f6-7b3c2c222d7a 0.091s
2024-12-15 00:16:38.136 68686 WARNING tempest.lib.common.ssh [-] Failed to establish authenticated ssh connection to cirros@10.180.180.198 ([Errno None] Unable to connect to port 22 on 10.180.180.198). Number attempts: 2. Retry after 3 seconds.: paramiko.ssh_exception.NoValidConnectionsError: [Errno None] Unable to connect to port 22 on 10.180.180.198
2024-12-15 00:16:38.270 68690 INFO tempest.lib.common.rest_client [req-77e1c0a5-889e-4c3f-adae-fb566dbe5813 req-77e1c0a5-889e-4c3f-adae-fb566dbe5813 ] Request (ServerExternalEventsTest:tearDownClass): 200 GET http://10.180.1.21/compute/v2.1/servers/dd9e2451-ff9f-4fb2-a486-df1a5ab36347 0.091s
2024-12-15 00:16:38.349 68714 INFO tempest.lib.common.rest_client [req-89362f9a-2e36-455d-9956-9ee9e50f4e86 req-89362f9a-2e36-455d-9956-9ee9e50f4e86 ] Request (AttachInterfacesV270Test:tearDownClass): 200 GET http://10.180.1.21/compute/v2.1/servers/ef35217a-ca54-4d32-8c43-f4821cd2bdeb 0.076s
2024-12-15 00:16:38.372 68723 INFO tempest.lib.common.rest_client [req-efff5a5f-c873-4d11-b6eb-281736eae362 req-efff5a5f-c873-4d11-b6eb-281736eae362 ] Request (ImagesOneServerTestJSON:tearDownClass): 204 DELETE http://10.180.1.21:9696/networking/v2.0/routers/e64f7138-48ff-4c4c-a9d1-961e87c7c170 0.397s
2024-12-15 00:16:38.406 68724 INFO tempest.lib.common.rest_client [req-321d8cb7-ffad-47f4-a093-26a09e012728 req-321d8cb7-ffad-47f4-a093-26a09e012728 ] Request (ServerAddressesTestJSON:setUpClass): 200 GET http://10.180.1.21/compute/v2.1/servers/63cc3567-f8dc-463c-a3d1-e96b74f533a8 0.164s
2024-12-15 00:16:38.425 68689 INFO tempest.lib.common.rest_client [req-53ddab66-b0f1-41e0-8cfb-ac715c519af3 req-53ddab66-b0f1-41e0-8cfb-ac715c519af3 ] Request (InstanceActionsTestJSON:setUpClass): 200 GET http://10.180.1.21/compute/v2.1/servers/2b460d0f-65c7-4a8c-a769-c94cbc6872dc 0.102s
2024-12-15 00:16:38.506 68723 INFO tempest.lib.common.rest_client [req-98040ed6-d187-42ce-8222-9d36e4e63e09 req-98040ed6-d187-42ce-8222-9d36e4e63e09 ] Request (ImagesOneServerTestJSON:tearDownClass): 204 DELETE http://10.180.1.21:9696/networking/v2.0/subnets/fcc1e45c-c828-4027-8b47-b21541f77dcc 0.134s
2024-12-15 00:16:38.556 68668 INFO tempest.lib.common.rest_client [req-86829aab-121a-441d-bbc4-0ef0088f6602 req-86829aab-121a-441d-bbc4-0ef0088f6602 ] Request (ServerShowV254Test:test_rebuild_server): 200 GET http://10.180.1.21/compute/v2.1/servers/c44451ce-ff63-44a7-a7dc-f84fd88afc38 0.085s
2024-12-15 00:16:38.585 68698 WARNING tempest.lib.common.ssh [-] Failed to establish authenticated ssh connection to cirros@10.180.180.149 ([Errno None] Unable to connect to port 22 on 10.180.180.149). Number attempts: 7. Retry after 8 seconds.: paramiko.ssh_exception.NoValidConnectionsError: [Errno None] Unable to connect to port 22 on 10.180.180.149
2024-12-15 00:16:38.614 68710 INFO tempest.lib.common.rest_client [req-5b53b77a-c1ad-47e9-8614-aca8196fd27b req-5b53b77a-c1ad-47e9-8614-aca8196fd27b ] Request (ServerShowV247Test:test_update_rebuild_list_server): 200 GET http://10.180.1.21/compute/v2.1/servers/faf41e9a-63f0-491b-9ad4-3452182d07fb 0.082s
2024-12-15 00:16:38.625 68710 INFO tempest.common.waiters [-] State transition "BUILD/spawning" ==> "ACTIVE/None" after 58 second wait
2024-12-15 00:16:38.670 68706 INFO tempest.lib.common.rest_client [req-94cad797-ce2a-4a57-ae11-e4ef669b9e57 req-94cad797-ce2a-4a57-ae11-e4ef669b9e57 ] Request (FloatingIPsAssociationNegativeTestJSON:setUpClass): 200 GET http://10.180.1.21/compute/v2.1/servers/383a2fc7-69e5-4ca0-b3f2-667afe137190 0.145s
2024-12-15 00:16:38.681 68706 INFO tempest.common.waiters [-] State transition "BUILD/spawning" ==> "ACTIVE/None" after 59 second wait
2024-12-15 00:16:38.688 68712 INFO tempest.lib.common.rest_client [req-b9f37af3-9457-4e24-9ecb-c2ca2c8bd5e3 req-b9f37af3-9457-4e24-9ecb-c2ca2c8bd5e3 ] Request (SecurityGroupsTestJSON:test_server_security_groups): 200 GET http://10.180.1.21/compute/v2.1/servers/1d606e17-3ee9-45e0-b92a-fb5e816720f0 0.095s
2024-12-15 00:16:38.763 68684 INFO tempest.lib.common.rest_client [req-28f905ee-057d-4e89-8088-a25c282cf649 req-28f905ee-057d-4e89-8088-a25c282cf649 ] Request (ServersAdminNegativeTestJSON:tearDownClass): 200 GET http://10.180.1.21/compute/v2.1/servers/50bab324-a7f4-430e-81fa-36d4248bb3f4 0.101s
2024-12-15 00:16:38.851 68710 INFO tempest.lib.common.rest_client [req-166896ee-1917-4a2d-815a-8ef813070142 req-166896ee-1917-4a2d-815a-8ef813070142 ] Request (ServerShowV247Test:test_update_rebuild_list_server): 202 POST http://10.180.1.21/compute/v2.1/servers/faf41e9a-63f0-491b-9ad4-3452182d07fb/action 0.226s
2024-12-15 00:16:38.901 68696 INFO tempest.lib.common.rest_client [req-9777e4d9-72f5-4d92-ae8d-cae824c1199b req-9777e4d9-72f5-4d92-ae8d-cae824c1199b ] Request (ServerDiskConfigTestJSON:test_rebuild_server_with_manual_disk_config): 200 GET http://10.180.1.21/compute/v2.1/servers/02198b91-3757-44f5-aa10-c48ec83e47ab 0.193s
2024-12-15 00:16:38.903 68723 INFO tempest.lib.common.rest_client [req-41f7234c-5bbd-4b90-9a8d-0e94bc6f2352 req-41f7234c-5bbd-4b90-9a8d-0e94bc6f2352 ] Request (ImagesOneServerTestJSON:tearDownClass): 204 DELETE http://10.180.1.21:9696/networking/v2.0/networks/f1aeafb0-c05b-482e-a57d-371d3d1a4083 0.396s
2024-12-15 00:16:39.012 68723 INFO tempest.lib.common.rest_client [req-2b50ae5a-6967-4b9a-9bd3-f60eed6d74bb req-2b50ae5a-6967-4b9a-9bd3-f60eed6d74bb ] Request (ImagesOneServerTestJSON:tearDownClass): 204 DELETE http://10.180.1.21/identity/v3/users/daa2136f8d724c88ba080a0fdcc62dfc 0.108s
2024-12-15 00:16:39.012 68723 INFO tempest.lib.common.dynamic_creds [-] Deleting project and security group for project: 49ae035e131c4db3b6f87e1f4d45566c
2024-12-15 00:16:39.038 68672 INFO tempest.lib.common.rest_client [req-1214e82f-9cd5-49c8-92fe-eb955b3dd083 req-1214e82f-9cd5-49c8-92fe-eb955b3dd083 ] Request (MigrationsAdminTest:test_list_migrations_in_flavor_resize_situation): 200 GET http://10.180.1.21/compute/v2.1/servers/cce4acfe-f3d9-4711-9e54-bfd0bb94c7ab 0.300s
2024-12-15 00:16:39.045 68723 INFO tempest.lib.common.rest_client [req-02d5b904-f65a-4cfb-9f4e-792742a1c40b req-02d5b904-f65a-4cfb-9f4e-792742a1c40b ] Request (ImagesOneServerTestJSON:tearDownClass): 200 GET http://10.180.1.21:9696/networking/v2.0/security-groups?tenant_id=49ae035e131c4db3b6f87e1f4d45566c&name=default 0.033s
2024-12-15 00:16:39.116 68718 INFO tempest.lib.common.rest_client [req-1816b03e-d156-40be-849b-ba019fb4429f req-1816b03e-d156-40be-849b-ba019fb4429f ] Request (MultipleCreateTestJSON:test_multiple_create): 200 GET http://10.180.1.21/compute/v2.1/servers/cb97679a-6f0b-40fe-8f67-654c55c49f20 0.354s
2024-12-15 00:16:39.153 68723 INFO tempest.lib.common.rest_client [req-5a0fc906-fa73-46e1-bab7-9607d1d88ca7 req-5a0fc906-fa73-46e1-bab7-9607d1d88ca7 ] Request (ImagesOneServerTestJSON:tearDownClass): 204 DELETE http://10.180.1.21:9696/networking/v2.0/security-groups/70057361-8ab1-4710-b659-bcdc82120fca 0.108s
2024-12-15 00:16:39.186 68664 INFO tempest.lib.common.rest_client [req-e2f8e018-1662-4546-a60a-d18f84409f34 req-e2f8e018-1662-4546-a60a-d18f84409f34 ] Request (FloatingIPsAssociationTestJSON:setUpClass): 200 GET http://10.180.1.21/compute/v2.1/servers/a1233927-5630-45c5-bf14-eb81de95cf44 0.372s
2024-12-15 00:16:39.288 68710 INFO tempest.lib.common.rest_client [req-d266fc54-acfb-49c2-a086-fab10b39af67 req-d266fc54-acfb-49c2-a086-fab10b39af67 ] Request (ServerShowV247Test:test_update_rebuild_list_server): 200 GET http://10.180.1.21/compute/v2.1/servers/faf41e9a-63f0-491b-9ad4-3452182d07fb 0.425s
2024-12-15 00:16:39.348 68723 INFO tempest.lib.common.rest_client [req-0611cec3-6226-4bff-9897-ffa371df107f req-0611cec3-6226-4bff-9897-ffa371df107f ] Request (ImagesOneServerTestJSON:tearDownClass): 204 DELETE http://10.180.1.21/identity/v3/projects/49ae035e131c4db3b6f87e1f4d45566c 0.194s
2024-12-15 00:16:39.379 68674 INFO tempest.lib.common.rest_client [req-f9bb52d9-8711-4f82-962a-bd61d22d09b8 req-f9bb52d9-8711-4f82-962a-bd61d22d09b8 ] Request (ImagesOneServerNegativeTestJSON:setUpClass): 200 GET http://10.180.1.21/compute/v2.1/servers/7cbdba76-b9f3-417d-b49f-6e3913fa290b 0.511s
2024-12-15 00:16:39.380 68706 INFO tempest.lib.common.rest_client [req-61e04ca1-cb4d-4e82-aafa-0b659b6acbc2 req-61e04ca1-cb4d-4e82-aafa-0b659b6acbc2 ] Request (FloatingIPsAssociationNegativeTestJSON:test_associate_ip_to_server_with_floating_ip): 200 POST http://10.180.1.21/compute/v2.1/os-floating-ips 0.698s
2024-12-15 00:16:39.434 68723 INFO tempest.lib.common.rest_client [req-b54439f2-35c7-4039-a3a5-a6f0567bbd4e req-b54439f2-35c7-4039-a3a5-a6f0567bbd4e ] Request (ServerShowV257Test:setUpClass): 201 POST http://10.180.1.21/identity/v3/auth/tokens 0.084s
2024-12-15 00:16:39.441 68700 INFO tempest.lib.common.rest_client [req-b5e5caee-f2ed-483a-8769-f4227dee0c1d req-b5e5caee-f2ed-483a-8769-f4227dee0c1d ] Request (ServersAdminTestJSON:test_create_server_with_scheduling_hint): 200 GET http://10.180.1.21/compute/v2.1/servers/ed48ab1b-0a5b-4d4e-b7e0-540b076b1bcd 0.523s
2024-12-15 00:16:39.448 68700 INFO tempest.common.waiters [-] State transition "BUILD/scheduling" ==> "BUILD/None" after 41 second wait
2024-12-15 00:16:39.466 68723 INFO tempest.lib.common.rest_client [req-90ca8785-089d-480c-abc4-f0cded4b1716 req-90ca8785-089d-480c-abc4-f0cded4b1716 ] Request (ServerShowV257Test:setUpClass): 201 POST http://10.180.1.21/identity/v3/auth/tokens 0.030s
2024-12-15 00:16:39.496 68723 INFO tempest.lib.common.rest_client [req-31ea13e3-2305-4f27-a859-9584f4dd2679 req-31ea13e3-2305-4f27-a859-9584f4dd2679 ] Request (ServerShowV257Test:setUpClass): 200 GET http://10.180.1.21/identity/v3/domains?name=Default 0.029s
2024-12-15 00:16:39.501 68726 INFO tempest.lib.common.rest_client [req-53853e02-c0ee-4806-af4e-5ab8a7c1763b req-53853e02-c0ee-4806-af4e-5ab8a7c1763b ] Request (DeleteServersAdminTestJSON:test_delete_server_while_in_error_state): 200 GET http://10.180.1.21/compute/v2.1/servers/642c200a-966c-4477-b370-e15824a48ff6 0.541s
2024-12-15 00:16:39.529 68723 INFO tempest.lib.common.rest_client [req-34573af4-9e79-412d-bcba-4ca77dd82013 req-34573af4-9e79-412d-bcba-4ca77dd82013 ] Request (ServerShowV257Test:setUpClass): 201 POST http://10.180.1.21/identity/v3/projects 0.032s
2024-12-15 00:16:39.535 68717 INFO tempest.lib.common.rest_client [req-09395fcb-6d73-4b44-8860-06c5670cacc2 req-09395fcb-6d73-4b44-8860-06c5670cacc2 ] Request (TenantUsagesTestJSON:setUpClass): 200 GET http://10.180.1.21/compute/v2.1/servers/809dc4e0-b5bf-4f32-987b-08960c97fcca 0.643s
2024-12-15 00:16:39.558 68692 INFO tempest.lib.common.rest_client [req-ecd4a9bc-1afc-43c0-80cc-bf908ee3b4be req-ecd4a9bc-1afc-43c0-80cc-bf908ee3b4be ] Request (AttachVolumeTestJSON:test_attach_detach_volume): 200 GET http://10.180.1.21/compute/v2.1/servers/aceef315-f152-4b91-9953-2eceb376b255 0.584s
2024-12-15 00:16:39.586 68694 INFO tempest.lib.common.rest_client [req-872253ac-73b9-4131-963d-ea0fa61c77c1 req-872253ac-73b9-4131-963d-ea0fa61c77c1 ] Request (ServerMetadataTestJSON:setUpClass): 200 GET http://10.180.1.21/compute/v2.1/servers/d376f0ba-dc4c-48a3-83f6-7b3c2c222d7a 0.566s
2024-12-15 00:16:39.591 68723 INFO tempest.lib.common.rest_client [req-2437f02c-96d4-470d-b397-a1db8a2582be req-2437f02c-96d4-470d-b397-a1db8a2582be ] Request (ServerShowV257Test:setUpClass): 201 POST http://10.180.1.21/identity/v3/users 0.062s
2024-12-15 00:16:39.592 68694 INFO tempest.common.waiters [-] State transition "BUILD/None" ==> "BUILD/networking" after 53 second wait
2024-12-15 00:16:39.614 68690 INFO tempest.lib.common.rest_client [req-b297cf7d-f786-4732-a5e3-2b3e63ea4f9a req-b297cf7d-f786-4732-a5e3-2b3e63ea4f9a ] Request (ServerExternalEventsTest:tearDownClass): 200 GET http://10.180.1.21/compute/v2.1/servers/dd9e2451-ff9f-4fb2-a486-df1a5ab36347 0.333s
2024-12-15 00:16:39.618 68723 INFO tempest.lib.common.rest_client [req-348ae8c7-5e2e-468a-a71d-9dbb687679b4 req-348ae8c7-5e2e-468a-a71d-9dbb687679b4 ] Request (ServerShowV257Test:setUpClass): 200 GET http://10.180.1.21/identity/v3/roles 0.026s
2024-12-15 00:16:39.643 68723 INFO tempest.lib.common.rest_client [req-5777c281-b328-40ef-a376-e65a98cab369 req-5777c281-b328-40ef-a376-e65a98cab369 ] Request (ServerShowV257Test:setUpClass): 204 PUT http://10.180.1.21/identity/v3/projects/3ac793c64c4647f8b1d709646a14d04e/users/8e7c2e23eeb24055b52591e82d0204de/roles/e35e04079676449bb27fd68003bc8f8e 0.024s
2024-12-15 00:16:39.643 68723 INFO tempest.lib.common.dynamic_creds [-] Dynamic test user 8e7c2e23eeb24055b52591e82d0204de is created with scope project and roles: ['member']
2024-12-15 00:16:39.643 68723 INFO tempest.lib.common.dynamic_creds [-] Acquired dynamic creds: credentials: Credentials: {'domain_id': 'default', 'domain_name': 'Default', 'username': 'tempest-ServerShowV257Test-1737973391-project-member', 'project_domain_id': 'default', 'project_domain_name': 'Default', 'project_id': '3ac793c64c4647f8b1d709646a14d04e', 'project_name': 'tempest-ServerShowV257Test-1737973391', 'tenant_id': '3ac793c64c4647f8b1d709646a14d04e', 'tenant_name': 'tempest-ServerShowV257Test-1737973391', 'user_domain_id': 'default', 'user_domain_name': 'Default', 'user_id': '8e7c2e23eeb24055b52591e82d0204de', 'system': None}, Network: None, Subnet: None, Router: None
2024-12-15 00:16:39.643 68723 INFO tempest.lib.common.dynamic_creds [-] Created isolated network resources for: credentials: Credentials: {'domain_id': 'default', 'domain_name': 'Default', 'username': 'tempest-ServerShowV257Test-1737973391-project-member', 'project_domain_id': 'default', 'project_domain_name': 'Default', 'project_id': '3ac793c64c4647f8b1d709646a14d04e', 'project_name': 'tempest-ServerShowV257Test-1737973391', 'tenant_id': '3ac793c64c4647f8b1d709646a14d04e', 'tenant_name': 'tempest-ServerShowV257Test-1737973391', 'user_domain_id': 'default', 'user_domain_name': 'Default', 'user_id': '8e7c2e23eeb24055b52591e82d0204de', 'system': None}, Network: None, Subnet: None, Router: None
2024-12-15 00:16:39.645 68714 INFO tempest.lib.common.rest_client [req-39952e37-7dc7-49da-815b-3391132f425a req-39952e37-7dc7-49da-815b-3391132f425a ] Request (AttachInterfacesV270Test:tearDownClass): 200 GET http://10.180.1.21/compute/v2.1/servers/ef35217a-ca54-4d32-8c43-f4821cd2bdeb 0.286s
2024-12-15 00:16:39.710 68723 INFO tempest.lib.common.rest_client [req-cb4b12c6-9033-4749-a7ec-11e649cefd7b req-cb4b12c6-9033-4749-a7ec-11e649cefd7b ] Request (ServerShowV257Test:setUpClass): 201 POST http://10.180.1.21/identity/v3/auth/tokens 0.064s
2024-12-15 00:16:39.732 68724 INFO tempest.lib.common.rest_client [req-62604493-7a53-41f3-a4d2-b2844cf5343a req-62604493-7a53-41f3-a4d2-b2844cf5343a ] Request (ServerAddressesTestJSON:setUpClass): 200 GET http://10.180.1.21/compute/v2.1/servers/63cc3567-f8dc-463c-a3d1-e96b74f533a8 0.319s
2024-12-15 00:16:39.741 68723 INFO tempest.lib.common.rest_client [req-547270da-90b0-458a-be60-990c7e27cd1c req-547270da-90b0-458a-be60-990c7e27cd1c ] Request (ServerShowV257Test:test_rebuild_server): 201 POST http://10.180.1.21/identity/v3/auth/tokens 0.026s
2024-12-15 00:16:39.741 68723 INFO tempest.lib.common.fixed_network [-] (ServerShowV257Test:test_rebuild_server) Found network None available for tenant
2024-12-15 00:16:39.788 68689 INFO tempest.lib.common.rest_client [req-9475cd6d-9487-4b09-b712-589e9121361e req-9475cd6d-9487-4b09-b712-589e9121361e ] Request (InstanceActionsTestJSON:setUpClass): 200 GET http://10.180.1.21/compute/v2.1/servers/2b460d0f-65c7-4a8c-a769-c94cbc6872dc 0.352s
2024-12-15 00:16:39.836 68668 INFO tempest.lib.common.rest_client [req-01c28e96-b102-41cd-b752-5e9337186a76 req-01c28e96-b102-41cd-b752-5e9337186a76 ] Request (ServerShowV254Test:test_rebuild_server): 200 GET http://10.180.1.21/compute/v2.1/servers/c44451ce-ff63-44a7-a7dc-f84fd88afc38 0.266s
2024-12-15 00:16:39.847 68668 INFO tempest.common.waiters [-] State transition "REBUILD/rebuild_spawning" ==> "ACTIVE/None" after 11 second wait
2024-12-15 00:16:39.882 68712 INFO tempest.lib.common.rest_client [req-540fc12c-30e6-442a-97cf-599334e645d3 req-540fc12c-30e6-442a-97cf-599334e645d3 ] Request (SecurityGroupsTestJSON:test_server_security_groups): 200 GET http://10.180.1.21/compute/v2.1/servers/1d606e17-3ee9-45e0-b92a-fb5e816720f0 0.186s
2024-12-15 00:16:40.071 68723 INFO tempest.lib.common.rest_client [req-e0d9c70e-58e7-40ce-99bf-1369c47fcd26 req-e0d9c70e-58e7-40ce-99bf-1369c47fcd26 ] Request (ServerShowV257Test:test_rebuild_server): 202 POST http://10.180.1.21/compute/v2.1/servers 0.329s
2024-12-15 00:16:40.135 68684 INFO tempest.lib.common.rest_client [req-2177ecca-4a0f-416e-9b55-7391ed4e12eb req-2177ecca-4a0f-416e-9b55-7391ed4e12eb ] Request (ServersAdminNegativeTestJSON:tearDownClass): 200 GET http://10.180.1.21/compute/v2.1/servers/50bab324-a7f4-430e-81fa-36d4248bb3f4 0.364s
2024-12-15 00:16:40.148 68668 INFO tempest.lib.common.rest_client [req-012016fd-83cf-4c0f-98ad-87a97349df0f req-012016fd-83cf-4c0f-98ad-87a97349df0f ] Request (ServerShowV254Test:_run_cleanups): 204 DELETE http://10.180.1.21/compute/v2.1/os-keypairs/tempest-ServerShowV254Test-keypair-1075209753 0.301s
2024-12-15 00:16:40.209 68696 INFO tempest.lib.common.rest_client [req-64ae2eee-4681-457d-bf5c-55339994e036 req-64ae2eee-4681-457d-bf5c-55339994e036 ] Request (ServerDiskConfigTestJSON:test_rebuild_server_with_manual_disk_config): 200 GET http://10.180.1.21/compute/v2.1/servers/02198b91-3757-44f5-aa10-c48ec83e47ab 0.300s
2024-12-15 00:16:40.415 68672 INFO tempest.lib.common.rest_client [req-22a15463-fe83-4340-a4af-4c0a6a261ff0 req-22a15463-fe83-4340-a4af-4c0a6a261ff0 ] Request (MigrationsAdminTest:test_list_migrations_in_flavor_resize_situation): 200 GET http://10.180.1.21/compute/v2.1/servers/cce4acfe-f3d9-4711-9e54-bfd0bb94c7ab 0.371s
2024-12-15 00:16:40.466 68723 INFO tempest.lib.common.rest_client [req-71f9ad65-2767-41f5-a32e-38fd094e53cc req-71f9ad65-2767-41f5-a32e-38fd094e53cc ] Request (ServerShowV257Test:test_rebuild_server): 200 GET http://10.180.1.21/compute/v2.1/servers/6ca6c4fd-2234-4077-a0f3-510385354b2b 0.393s
2024-12-15 00:16:40.520 68718 INFO tempest.lib.common.rest_client [req-197e9e6f-4c00-4fcd-8827-3c7d562a1d07 req-197e9e6f-4c00-4fcd-8827-3c7d562a1d07 ] Request (MultipleCreateTestJSON:test_multiple_create): 200 GET http://10.180.1.21/compute/v2.1/servers/cb97679a-6f0b-40fe-8f67-654c55c49f20 0.392s
2024-12-15 00:16:40.556 68706 INFO tempest.lib.common.rest_client [req-065fdbc8-be44-4e12-9001-361ebc481d0d req-065fdbc8-be44-4e12-9001-361ebc481d0d ] Request (FloatingIPsAssociationNegativeTestJSON:test_associate_ip_to_server_with_floating_ip): 202 POST http://10.180.1.21/compute/v2.1/servers/383a2fc7-69e5-4ca0-b3f2-667afe137190/action 1.174s
2024-12-15 00:16:40.595 68668 INFO tempest.lib.common.rest_client [req-bf4932d8-09cc-41d3-9fe2-d7bfb26ce735 req-bf4932d8-09cc-41d3-9fe2-d7bfb26ce735 ] Request (ServerShowV254Test:tearDownClass): 204 DELETE http://10.180.1.21/compute/v2.1/servers/c44451ce-ff63-44a7-a7dc-f84fd88afc38 0.442s
2024-12-15 00:16:40.614 68664 INFO tempest.lib.common.rest_client [req-c4d75a83-d4e2-4fc4-a723-53837eafd1c2 req-c4d75a83-d4e2-4fc4-a723-53837eafd1c2 ] Request (FloatingIPsAssociationTestJSON:setUpClass): 200 GET http://10.180.1.21/compute/v2.1/servers/a1233927-5630-45c5-bf14-eb81de95cf44 0.421s
2024-12-15 00:16:40.666 68674 INFO tempest.lib.common.rest_client [req-5108a107-2b18-4ded-bf55-b1b7706961ec req-5108a107-2b18-4ded-bf55-b1b7706961ec ] Request (ImagesOneServerNegativeTestJSON:setUpClass): 200 GET http://10.180.1.21/compute/v2.1/servers/7cbdba76-b9f3-417d-b49f-6e3913fa290b 0.279s
2024-12-15 00:16:40.674 68674 INFO tempest.common.waiters [-] State transition "BUILD/scheduling" ==> "BUILD/None" after 30 second wait
2024-12-15 00:16:40.675 68710 INFO tempest.lib.common.rest_client [req-e593b579-885c-4019-80b8-fe0cc6ac75c2 req-e593b579-885c-4019-80b8-fe0cc6ac75c2 ] Request (ServerShowV247Test:test_update_rebuild_list_server): 200 GET http://10.180.1.21/compute/v2.1/servers/faf41e9a-63f0-491b-9ad4-3452182d07fb 0.379s
2024-12-15 00:16:40.717 68700 INFO tempest.lib.common.rest_client [req-32ddecd5-4180-4bfb-9a9f-404b9d9d12d1 req-32ddecd5-4180-4bfb-9a9f-404b9d9d12d1 ] Request (ServersAdminTestJSON:test_create_server_with_scheduling_hint): 200 GET http://10.180.1.21/compute/v2.1/servers/ed48ab1b-0a5b-4d4e-b7e0-540b076b1bcd 0.268s
2024-12-15 00:16:40.731 68726 INFO tempest.lib.common.rest_client [req-6c0ada28-52ba-4c3f-8938-5f765de46767 req-6c0ada28-52ba-4c3f-8938-5f765de46767 ] Request (DeleteServersAdminTestJSON:test_delete_server_while_in_error_state): 200 GET http://10.180.1.21/compute/v2.1/servers/642c200a-966c-4477-b370-e15824a48ff6 0.221s
2024-12-15 00:16:40.737 68678 WARNING tempest.lib.common.ssh [-] Failed to establish authenticated ssh connection to cirros@10.180.180.247 ([Errno None] Unable to connect to port 22 on 10.180.180.247). Number attempts: 9. Retry after 10 seconds.: paramiko.ssh_exception.NoValidConnectionsError: [Errno None] Unable to connect to port 22 on 10.180.180.247
2024-12-15 00:16:40.813 68717 INFO tempest.lib.common.rest_client [req-31b00b1d-615b-4fd0-9b69-95555178bc62 req-31b00b1d-615b-4fd0-9b69-95555178bc62 ] Request (TenantUsagesTestJSON:setUpClass): 200 GET http://10.180.1.21/compute/v2.1/servers/809dc4e0-b5bf-4f32-987b-08960c97fcca 0.271s
2024-12-15 00:16:40.868 68692 INFO tempest.lib.common.rest_client [req-503685e6-f3b5-43d3-a87e-65cd80c9c5d9 req-503685e6-f3b5-43d3-a87e-65cd80c9c5d9 ] Request (AttachVolumeTestJSON:test_attach_detach_volume): 200 GET http://10.180.1.21/compute/v2.1/servers/aceef315-f152-4b91-9953-2eceb376b255 0.303s
2024-12-15 00:16:40.984 68694 INFO tempest.lib.common.rest_client [req-e7c1ab60-7406-4c23-a5f4-900a328580cb req-e7c1ab60-7406-4c23-a5f4-900a328580cb ] Request (ServerMetadataTestJSON:setUpClass): 200 GET http://10.180.1.21/compute/v2.1/servers/d376f0ba-dc4c-48a3-83f6-7b3c2c222d7a 0.391s
2024-12-15 00:16:40.991 68694 INFO tempest.common.waiters [-] State transition "BUILD/networking" ==> "BUILD/block_device_mapping" after 54 second wait
2024-12-15 00:16:41.036 68668 INFO tempest.lib.common.rest_client [req-44f913d9-50ac-4f6d-93df-708d2dc6187e req-44f913d9-50ac-4f6d-93df-708d2dc6187e ] Request (ServerShowV254Test:tearDownClass): 200 GET http://10.180.1.21/compute/v2.1/servers/c44451ce-ff63-44a7-a7dc-f84fd88afc38 0.440s
2024-12-15 00:16:41.087 68690 INFO tempest.lib.common.rest_client [req-2ffa2537-c534-4b59-a7e5-1c94249ac895 req-2ffa2537-c534-4b59-a7e5-1c94249ac895 ] Request (ServerExternalEventsTest:tearDownClass): 200 GET http://10.180.1.21/compute/v2.1/servers/dd9e2451-ff9f-4fb2-a486-df1a5ab36347 0.466s
2024-12-15 00:16:41.157 68714 INFO tempest.lib.common.rest_client [req-a1c7e8c3-6b40-4c30-b2e6-b0eb2729bea7 req-a1c7e8c3-6b40-4c30-b2e6-b0eb2729bea7 ] Request (AttachInterfacesV270Test:tearDownClass): 200 GET http://10.180.1.21/compute/v2.1/servers/ef35217a-ca54-4d32-8c43-f4821cd2bdeb 0.503s
2024-12-15 00:16:41.218 68706 INFO tempest.lib.common.rest_client [req-ed0028ef-e75e-4cb3-889b-4f5b89aa51cf req-ed0028ef-e75e-4cb3-889b-4f5b89aa51cf ] Request (FloatingIPsAssociationNegativeTestJSON:test_associate_ip_to_server_with_floating_ip): 200 POST http://10.180.1.21/compute/v2.1/os-floating-ips 0.662s
2024-12-15 00:16:41.291 68689 INFO tempest.lib.common.rest_client [req-f6370d0a-e210-4604-9a32-93611a7e0e58 req-f6370d0a-e210-4604-9a32-93611a7e0e58 ] Request (InstanceActionsTestJSON:setUpClass): 200 GET http://10.180.1.21/compute/v2.1/servers/2b460d0f-65c7-4a8c-a769-c94cbc6872dc 0.493s
2024-12-15 00:16:41.334 68724 INFO tempest.lib.common.rest_client [req-54c50e8a-ee5a-4460-a4e7-938d83b2b053 req-54c50e8a-ee5a-4460-a4e7-938d83b2b053 ] Request (ServerAddressesTestJSON:setUpClass): 200 GET http://10.180.1.21/compute/v2.1/servers/63cc3567-f8dc-463c-a3d1-e96b74f533a8 0.593s
2024-12-15 00:16:41.349 68712 INFO tempest.lib.common.rest_client [req-bc8aff7a-f0f3-4128-bfbb-86466a599b0c req-bc8aff7a-f0f3-4128-bfbb-86466a599b0c ] Request (SecurityGroupsTestJSON:test_server_security_groups): 200 GET http://10.180.1.21/compute/v2.1/servers/1d606e17-3ee9-45e0-b92a-fb5e816720f0 0.458s
2024-12-15 00:16:41.400 68670 WARNING tempest.lib.common.ssh [-] Failed to establish authenticated ssh connection to cirros@10.180.180.146 ([Errno None] Unable to connect to port 22 on 10.180.180.146). Number attempts: 8. Retry after 9 seconds.: paramiko.ssh_exception.NoValidConnectionsError: [Errno None] Unable to connect to port 22 on 10.180.180.146
2024-12-15 00:16:41.407 68684 INFO tempest.lib.common.rest_client [req-fd86ea15-afea-48ca-a1bf-7c0023271e87 req-fd86ea15-afea-48ca-a1bf-7c0023271e87 ] Request (ServersAdminNegativeTestJSON:tearDownClass): 200 GET http://10.180.1.21/compute/v2.1/servers/50bab324-a7f4-430e-81fa-36d4248bb3f4 0.264s
2024-12-15 00:16:41.458 68696 INFO tempest.lib.common.rest_client [req-a97e27a1-51b9-4917-a1d6-51e1e53a6b96 req-a97e27a1-51b9-4917-a1d6-51e1e53a6b96 ] Request (ServerDiskConfigTestJSON:test_rebuild_server_with_manual_disk_config): 200 GET http://10.180.1.21/compute/v2.1/servers/02198b91-3757-44f5-aa10-c48ec83e47ab 0.236s
2024-12-15 00:16:41.579 68672 INFO tempest.lib.common.rest_client [req-7fa018b3-4e92-419e-93ef-dcf7e6f9538e req-7fa018b3-4e92-419e-93ef-dcf7e6f9538e ] Request (MigrationsAdminTest:test_list_migrations_in_flavor_resize_situation): 200 GET http://10.180.1.21/compute/v2.1/servers/cce4acfe-f3d9-4711-9e54-bfd0bb94c7ab 0.156s
2024-12-15 00:16:41.583 68706 INFO tempest.lib.common.rest_client [req-35f74ff8-f859-4c12-84fe-c723ade3b59a req-35f74ff8-f859-4c12-84fe-c723ade3b59a ] Request (FloatingIPsAssociationNegativeTestJSON:test_associate_ip_to_server_with_floating_ip): 400 POST http://10.180.1.21/compute/v2.1/servers/383a2fc7-69e5-4ca0-b3f2-667afe137190/action 0.361s
2024-12-15 00:16:41.630 68718 INFO tempest.lib.common.rest_client [req-571043b4-42cf-4918-aec2-f3c3cb47c36d req-571043b4-42cf-4918-aec2-f3c3cb47c36d ] Request (MultipleCreateTestJSON:test_multiple_create): 200 GET http://10.180.1.21/compute/v2.1/servers/cb97679a-6f0b-40fe-8f67-654c55c49f20 0.103s
2024-12-15 00:16:41.631 68723 INFO tempest.lib.common.rest_client [req-24286bbf-3ea8-4174-b177-3668ca2d7a7a req-24286bbf-3ea8-4174-b177-3668ca2d7a7a ] Request (ServerShowV257Test:test_rebuild_server): 200 GET http://10.180.1.21/compute/v2.1/servers/6ca6c4fd-2234-4077-a0f3-510385354b2b 0.152s
2024-12-15 00:16:41.677 68664 INFO tempest.lib.common.rest_client [req-de534fb4-bfaf-44bf-bfd6-bc4775b8a99f req-de534fb4-bfaf-44bf-bfd6-bc4775b8a99f ] Request (FloatingIPsAssociationTestJSON:setUpClass): 200 GET http://10.180.1.21/compute/v2.1/servers/a1233927-5630-45c5-bf14-eb81de95cf44 0.052s
