2024-12-15 00:16:26.491 68689 INFO tempest.lib.common.rest_client [req-117f9140-da54-4957-a625-4b281e0d0e14 req-117f9140-da54-4957-a625-4b281e0d0e14 ] Request (InstanceActionsTestJSON:setUpClass): 200 GET http://10.180.1.21/compute/v2.1/servers/2b460d0f-65c7-4a8c-a769-c94cbc6872dc 0.089s
2024-12-15 00:16:26.509 68717 INFO tempest.lib.common.rest_client [req-17472d73-0514-4c77-9891-d866ccab4e6d req-17472d73-0514-4c77-9891-d866ccab4e6d ] Request (TenantUsagesTestJSON:setUpClass): 200 GET http://10.180.1.21/compute/v2.1/servers/809dc4e0-b5bf-4f32-987b-08960c97fcca 0.072s
2024-12-15 00:16:26.663 68710 INFO tempest.lib.common.rest_client [req-5d1c826f-ceb2-4d86-9b9b-04ac0dbfbf66 req-5d1c826f-ceb2-4d86-9b9b-04ac0dbfbf66 ] Request (ServerShowV247Test:test_update_rebuild_list_server): 200 GET http://10.180.1.21/compute/v2.1/servers/faf41e9a-63f0-491b-9ad4-3452182d07fb 0.066s
2024-12-15 00:16:26.744 68680 WARNING tempest.lib.common.ssh [-] Failed to establish authenticated ssh connection to cirros@10.180.180.209 ([Errno None] Unable to connect to port 22 on 10.180.180.209). Number attempts: 8. Retry after 9 seconds.: paramiko.ssh_exception.NoValidConnectionsError: [Errno None] Unable to connect to port 22 on 10.180.180.209
2024-12-15 00:16:26.818 68712 INFO tempest.lib.common.rest_client [req-239c5c7e-4b3f-48e1-9e0f-657ad99c619a req-239c5c7e-4b3f-48e1-9e0f-657ad99c619a ] Request (SecurityGroupsTestJSON:test_server_security_groups): 200 GET http://10.180.1.21/compute/v2.1/servers/1d606e17-3ee9-45e0-b92a-fb5e816720f0 0.062s
2024-12-15 00:16:26.844 68686 INFO tempest.lib.common.rest_client [req-e60b3ca0-d82f-4d4b-83b9-8eac75d4f3e9 req-e60b3ca0-d82f-4d4b-83b9-8eac75d4f3e9 ] Request (ServersTestFqdnHostnames:test_create_server_with_fqdn_name): 200 GET http://10.180.1.21/compute/v2.1/servers/873c1c05-9f9f-41c7-9815-4a5fbeda8d24 0.146s
2024-12-15 00:16:26.890 68684 INFO tempest.lib.common.rest_client [req-270037f5-9cb5-479c-92e2-624abdf4bde4 req-270037f5-9cb5-479c-92e2-624abdf4bde4 ] Request (ServersAdminNegativeTestJSON:tearDownClass): 200 GET http://10.180.1.21/compute/v2.1/servers/50bab324-a7f4-430e-81fa-36d4248bb3f4 0.073s
2024-12-15 00:16:26.916 68696 INFO tempest.lib.common.rest_client [req-e7b6a7d4-a54e-480f-8d88-c984453c823f req-e7b6a7d4-a54e-480f-8d88-c984453c823f ] Request (ServerDiskConfigTestJSON:test_rebuild_server_with_manual_disk_config): 200 GET http://10.180.1.21/compute/v2.1/servers/02198b91-3757-44f5-aa10-c48ec83e47ab 0.057s
2024-12-15 00:16:26.916 68666 INFO tempest.lib.common.rest_client [req-f8748a0b-b8f7-4edb-9c82-43b4e03719cc req-f8748a0b-b8f7-4edb-9c82-43b4e03719cc ] Request (ServerActionsTestOtherA:setUpClass): 200 PUT http://10.180.1.21:9696/networking/v2.0/floatingips/4c614291-4a00-4100-b708-d86c067f1e06 0.521s
2024-12-15 00:16:26.918 68666 INFO tempest.lib.common.ssh [-] Creating ssh connection to '10.180.180.224:22' as 'cirros' with public key authentication
2024-12-15 00:16:26.975 68726 INFO tempest.lib.common.rest_client [req-3136a155-4166-459a-89ef-d2949619728d req-3136a155-4166-459a-89ef-d2949619728d ] Request (DeleteServersAdminTestJSON:test_delete_server_while_in_error_state): 200 GET http://10.180.1.21/compute/v2.1/servers/642c200a-966c-4477-b370-e15824a48ff6 0.056s
2024-12-15 00:16:27.031 68718 INFO tempest.lib.common.rest_client [req-65fa26e2-518c-4e2f-9bb9-857488da8d24 req-65fa26e2-518c-4e2f-9bb9-857488da8d24 ] Request (MultipleCreateTestJSON:test_multiple_create): 200 GET http://10.180.1.21/compute/v2.1/servers/cb97679a-6f0b-40fe-8f67-654c55c49f20 0.051s
2024-12-15 00:16:27.040 68664 INFO tempest.lib.common.rest_client [req-b74c0380-725e-4c8b-b014-f719922ce602 req-b74c0380-725e-4c8b-b014-f719922ce602 ] Request (FloatingIPsAssociationTestJSON:setUpClass): 200 GET http://10.180.1.21/compute/v2.1/servers/a1233927-5630-45c5-bf14-eb81de95cf44 0.048s
2024-12-15 00:16:27.044 68718 INFO tempest.common.waiters [-] State transition "BUILD/scheduling" ==> "BUILD/None" after 39 second wait
2024-12-15 00:16:27.083 68674 INFO tempest.lib.common.rest_client [req-1d208e6c-1430-4e4b-a307-4c7dd6723ace req-1d208e6c-1430-4e4b-a307-4c7dd6723ace ] Request (ImagesOneServerNegativeTestJSON:setUpClass): 200 GET http://10.180.1.21/compute/v2.1/servers/7cbdba76-b9f3-417d-b49f-6e3913fa290b 0.048s
2024-12-15 00:16:27.107 68700 INFO tempest.lib.common.rest_client [req-6a659881-94ec-4574-a590-53702b1ccedc req-6a659881-94ec-4574-a590-53702b1ccedc ] Request (ServersAdminTestJSON:test_create_server_with_scheduling_hint): 200 GET http://10.180.1.21/compute/v2.1/servers/ed48ab1b-0a5b-4d4e-b7e0-540b076b1bcd 0.051s
2024-12-15 00:16:27.132 68692 INFO tempest.lib.common.rest_client [req-b33dd7d5-ea17-4533-9463-04878663ef7b req-b33dd7d5-ea17-4533-9463-04878663ef7b ] Request (AttachVolumeTestJSON:test_attach_detach_volume): 200 GET http://10.180.1.21/compute/v2.1/servers/aceef315-f152-4b91-9953-2eceb376b255 0.048s
2024-12-15 00:16:27.243 68694 INFO tempest.lib.common.rest_client [req-ccf7153a-9d1a-485b-a704-85328e4c6a37 req-ccf7153a-9d1a-485b-a704-85328e4c6a37 ] Request (ServerMetadataTestJSON:setUpClass): 200 GET http://10.180.1.21/compute/v2.1/servers/d376f0ba-dc4c-48a3-83f6-7b3c2c222d7a 0.054s
2024-12-15 00:16:27.246 68706 INFO tempest.lib.common.rest_client [req-d1248503-d089-40d5-920a-1d6f440f05bf req-d1248503-d089-40d5-920a-1d6f440f05bf ] Request (FloatingIPsAssociationNegativeTestJSON:setUpClass): 200 GET http://10.180.1.21/compute/v2.1/servers/383a2fc7-69e5-4ca0-b3f2-667afe137190 0.130s
2024-12-15 00:16:27.252 68706 INFO tempest.common.waiters [-] State transition "BUILD/networking" ==> "BUILD/spawning" after 48 second wait
2024-12-15 00:16:27.333 68723 INFO tempest.lib.common.rest_client [req-bfb4cab8-220a-462c-89a7-42af60a4d168 req-bfb4cab8-220a-462c-89a7-42af60a4d168 ] Request (ImagesOneServerTestJSON:tearDownClass): 200 GET http://10.180.1.21/compute/v2.1/servers/3310d50a-ed0a-41a0-899c-923bfdcdf159 0.066s
2024-12-15 00:16:27.343 68672 INFO tempest.lib.common.rest_client [req-8226479e-3c16-40be-8e14-bb799c207f8e req-8226479e-3c16-40be-8e14-bb799c207f8e ] Request (MigrationsAdminTest:test_list_migrations_in_flavor_resize_situation): 200 GET http://10.180.1.21/compute/v2.1/servers/cce4acfe-f3d9-4711-9e54-bfd0bb94c7ab 0.126s
2024-12-15 00:16:27.390 68668 INFO tempest.lib.common.rest_client [req-f53ec304-d2e6-4cc4-aeb3-7529c4fee7d4 req-f53ec304-d2e6-4cc4-aeb3-7529c4fee7d4 ] Request (ServerShowV254Test:test_rebuild_server): 200 GET http://10.180.1.21/compute/v2.1/servers/c44451ce-ff63-44a7-a7dc-f84fd88afc38 0.057s
2024-12-15 00:16:27.422 68724 INFO tempest.lib.common.rest_client [req-ac1ee69e-2e71-4a75-88ad-fa9ff016ee48 req-ac1ee69e-2e71-4a75-88ad-fa9ff016ee48 ] Request (ServerAddressesTestJSON:setUpClass): 200 GET http://10.180.1.21/compute/v2.1/servers/63cc3567-f8dc-463c-a3d1-e96b74f533a8 0.052s
2024-12-15 00:16:27.513 68690 INFO tempest.lib.common.rest_client [req-08f89a6f-0b42-4a2a-b75c-834614d16b07 req-08f89a6f-0b42-4a2a-b75c-834614d16b07 ] Request (ServerExternalEventsTest:tearDownClass): 200 GET http://10.180.1.21/compute/v2.1/servers/dd9e2451-ff9f-4fb2-a486-df1a5ab36347 0.075s
2024-12-15 00:16:27.551 68714 INFO tempest.lib.common.rest_client [req-0c1a55c5-c8fe-4364-a952-d0d5adfc3e9a req-0c1a55c5-c8fe-4364-a952-d0d5adfc3e9a ] Request (AttachInterfacesV270Test:tearDownClass): 200 GET http://10.180.1.21/compute/v2.1/servers/ef35217a-ca54-4d32-8c43-f4821cd2bdeb 0.082s
2024-12-15 00:16:27.585 68689 INFO tempest.lib.common.rest_client [req-c2785054-3838-4b8f-a507-65fa3b8997ea req-c2785054-3838-4b8f-a507-65fa3b8997ea ] Request (InstanceActionsTestJSON:setUpClass): 200 GET http://10.180.1.21/compute/v2.1/servers/2b460d0f-65c7-4a8c-a769-c94cbc6872dc 0.081s
2024-12-15 00:16:27.617 68717 INFO tempest.lib.common.rest_client [req-9089527b-2648-4c6d-b046-f44cf1554f4b req-9089527b-2648-4c6d-b046-f44cf1554f4b ] Request (TenantUsagesTestJSON:setUpClass): 200 GET http://10.180.1.21/compute/v2.1/servers/809dc4e0-b5bf-4f32-987b-08960c97fcca 0.100s
2024-12-15 00:16:27.732 68710 INFO tempest.lib.common.rest_client [req-5523dca0-731b-41c5-98a3-4b759764dc59 req-5523dca0-731b-41c5-98a3-4b759764dc59 ] Request (ServerShowV247Test:test_update_rebuild_list_server): 200 GET http://10.180.1.21/compute/v2.1/servers/faf41e9a-63f0-491b-9ad4-3452182d07fb 0.060s
2024-12-15 00:16:27.884 68712 INFO tempest.lib.common.rest_client [req-7c94883a-a34f-4f81-9b7d-a6a13fc2a7ce req-7c94883a-a34f-4f81-9b7d-a6a13fc2a7ce ] Request (SecurityGroupsTestJSON:test_server_security_groups): 200 GET http://10.180.1.21/compute/v2.1/servers/1d606e17-3ee9-45e0-b92a-fb5e816720f0 0.057s
2024-12-15 00:16:27.963 68682 WARNING tempest.lib.common.ssh [-] Failed to establish authenticated ssh connection to cirros@10.180.180.185 ([Errno None] Unable to connect to port 22 on 10.180.180.185). Number attempts: 5. Retry after 6 seconds.: paramiko.ssh_exception.NoValidConnectionsError: [Errno None] Unable to connect to port 22 on 10.180.180.185
2024-12-15 00:16:27.967 68684 INFO tempest.lib.common.rest_client [req-477f4d60-efd8-402e-9317-87790989dd56 req-477f4d60-efd8-402e-9317-87790989dd56 ] Request (ServersAdminNegativeTestJSON:tearDownClass): 200 GET http://10.180.1.21/compute/v2.1/servers/50bab324-a7f4-430e-81fa-36d4248bb3f4 0.068s
2024-12-15 00:16:27.977 68686 INFO tempest.lib.common.rest_client [req-96bde216-988e-4102-a778-67079a2f900c req-96bde216-988e-4102-a778-67079a2f900c ] Request (ServersTestFqdnHostnames:test_create_server_with_fqdn_name): 200 GET http://10.180.1.21/compute/v2.1/servers/873c1c05-9f9f-41c7-9815-4a5fbeda8d24 0.126s
2024-12-15 00:16:28.017 68696 INFO tempest.lib.common.rest_client [req-e234f6e8-3eb4-4448-90d7-49c4214ee8a8 req-e234f6e8-3eb4-4448-90d7-49c4214ee8a8 ] Request (ServerDiskConfigTestJSON:test_rebuild_server_with_manual_disk_config): 200 GET http://10.180.1.21/compute/v2.1/servers/02198b91-3757-44f5-aa10-c48ec83e47ab 0.090s
2024-12-15 00:16:28.024 68698 WARNING tempest.lib.common.ssh [-] Failed to establish authenticated ssh connection to cirros@10.180.180.149 ([Errno None] Unable to connect to port 22 on 10.180.180.149). Number attempts: 6. Retry after 7 seconds.: paramiko.ssh_exception.NoValidConnectionsError: [Errno None] Unable to connect to port 22 on 10.180.180.149
2024-12-15 00:16:28.058 68726 INFO tempest.lib.common.rest_client [req-7cea8e51-aa5c-4581-82fb-7196f68bcf82 req-7cea8e51-aa5c-4581-82fb-7196f68bcf82 ] Request (DeleteServersAdminTestJSON:test_delete_server_while_in_error_state): 200 GET http://10.180.1.21/compute/v2.1/servers/642c200a-966c-4477-b370-e15824a48ff6 0.075s
2024-12-15 00:16:28.095 68718 INFO tempest.lib.common.rest_client [req-9be606a0-d912-47c1-a9b9-974a27be222a req-9be606a0-d912-47c1-a9b9-974a27be222a ] Request (MultipleCreateTestJSON:test_multiple_create): 200 GET http://10.180.1.21/compute/v2.1/servers/cb97679a-6f0b-40fe-8f67-654c55c49f20 0.050s
2024-12-15 00:16:28.105 68664 INFO tempest.lib.common.rest_client [req-e24a3491-8741-4673-819a-67e6a69756da req-e24a3491-8741-4673-819a-67e6a69756da ] Request (FloatingIPsAssociationTestJSON:setUpClass): 200 GET http://10.180.1.21/compute/v2.1/servers/a1233927-5630-45c5-bf14-eb81de95cf44 0.057s
2024-12-15 00:16:28.144 68674 INFO tempest.lib.common.rest_client [req-e64d312c-0629-487d-b412-9d27be46b91e req-e64d312c-0629-487d-b412-9d27be46b91e ] Request (ImagesOneServerNegativeTestJSON:setUpClass): 200 GET http://10.180.1.21/compute/v2.1/servers/7cbdba76-b9f3-417d-b49f-6e3913fa290b 0.053s
2024-12-15 00:16:28.173 68700 INFO tempest.lib.common.rest_client [req-24d6f6ac-7501-46ec-b85e-c697cb51395e req-24d6f6ac-7501-46ec-b85e-c697cb51395e ] Request (ServersAdminTestJSON:test_create_server_with_scheduling_hint): 200 GET http://10.180.1.21/compute/v2.1/servers/ed48ab1b-0a5b-4d4e-b7e0-540b076b1bcd 0.056s
2024-12-15 00:16:28.187 68692 INFO tempest.lib.common.rest_client [req-1f147c25-5277-4bec-be06-2bfc4499aac0 req-1f147c25-5277-4bec-be06-2bfc4499aac0 ] Request (AttachVolumeTestJSON:test_attach_detach_volume): 200 GET http://10.180.1.21/compute/v2.1/servers/aceef315-f152-4b91-9953-2eceb376b255 0.048s
2024-12-15 00:16:28.304 68694 INFO tempest.lib.common.rest_client [req-1ae4ae58-a55d-4163-9e65-5d01d6f63492 req-1ae4ae58-a55d-4163-9e65-5d01d6f63492 ] Request (ServerMetadataTestJSON:setUpClass): 200 GET http://10.180.1.21/compute/v2.1/servers/d376f0ba-dc4c-48a3-83f6-7b3c2c222d7a 0.054s
2024-12-15 00:16:28.397 68706 INFO tempest.lib.common.rest_client [req-dbefca9e-2b67-4c88-94ce-13a294c5cfd5 req-dbefca9e-2b67-4c88-94ce-13a294c5cfd5 ] Request (FloatingIPsAssociationNegativeTestJSON:setUpClass): 200 GET http://10.180.1.21/compute/v2.1/servers/383a2fc7-69e5-4ca0-b3f2-667afe137190 0.143s
2024-12-15 00:16:28.400 68723 INFO tempest.lib.common.rest_client [req-1663c8b5-d79c-470e-9959-255530841784 req-1663c8b5-d79c-470e-9959-255530841784 ] Request (ImagesOneServerTestJSON:tearDownClass): 200 GET http://10.180.1.21/compute/v2.1/servers/3310d50a-ed0a-41a0-899c-923bfdcdf159 0.059s
2024-12-15 00:16:28.448 68668 INFO tempest.lib.common.rest_client [req-6d5fed7b-fa47-46d1-8bef-f531911e2a44 req-6d5fed7b-fa47-46d1-8bef-f531911e2a44 ] Request (ServerShowV254Test:test_rebuild_server): 200 GET http://10.180.1.21/compute/v2.1/servers/c44451ce-ff63-44a7-a7dc-f84fd88afc38 0.049s
2024-12-15 00:16:28.456 68668 INFO tempest.common.waiters [-] State transition "BUILD/spawning" ==> "ACTIVE/None" after 52 second wait
2024-12-15 00:16:28.483 68672 INFO tempest.lib.common.rest_client [req-4e21069e-95b7-463d-892a-d19391974571 req-4e21069e-95b7-463d-892a-d19391974571 ] Request (MigrationsAdminTest:test_list_migrations_in_flavor_resize_situation): 200 GET http://10.180.1.21/compute/v2.1/servers/cce4acfe-f3d9-4711-9e54-bfd0bb94c7ab 0.133s
2024-12-15 00:16:28.489 68724 INFO tempest.lib.common.rest_client [req-97b8825a-bee1-43a8-82df-b0d3bd43e7a6 req-97b8825a-bee1-43a8-82df-b0d3bd43e7a6 ] Request (ServerAddressesTestJSON:setUpClass): 200 GET http://10.180.1.21/compute/v2.1/servers/63cc3567-f8dc-463c-a3d1-e96b74f533a8 0.060s
2024-12-15 00:16:28.513 68668 INFO tempest.lib.common.rest_client [req-5865515f-7cf5-4e88-8ef0-d5565ae99aac req-5865515f-7cf5-4e88-8ef0-d5565ae99aac ] Request (ServerShowV254Test:test_rebuild_server): 201 POST http://10.180.1.21/compute/v2.1/os-keypairs 0.056s
2024-12-15 00:16:28.586 68690 INFO tempest.lib.common.rest_client [req-89653ccd-cf1d-47a1-b3f4-c4ae28b09d3f req-89653ccd-cf1d-47a1-b3f4-c4ae28b09d3f ] Request (ServerExternalEventsTest:tearDownClass): 200 GET http://10.180.1.21/compute/v2.1/servers/dd9e2451-ff9f-4fb2-a486-df1a5ab36347 0.064s
2024-12-15 00:16:28.640 68714 INFO tempest.lib.common.rest_client [req-87cfc505-78b4-4e76-af8f-98cd8996ad10 req-87cfc505-78b4-4e76-af8f-98cd8996ad10 ] Request (AttachInterfacesV270Test:tearDownClass): 200 GET http://10.180.1.21/compute/v2.1/servers/ef35217a-ca54-4d32-8c43-f4821cd2bdeb 0.076s
2024-12-15 00:16:28.682 68668 INFO tempest.lib.common.rest_client [req-33408605-f67b-4ff6-a007-bce1dc793fe7 req-33408605-f67b-4ff6-a007-bce1dc793fe7 ] Request (ServerShowV254Test:test_rebuild_server): 202 POST http://10.180.1.21/compute/v2.1/servers/c44451ce-ff63-44a7-a7dc-f84fd88afc38/action 0.167s
2024-12-15 00:16:28.692 68689 INFO tempest.lib.common.rest_client [req-1f4eb648-7980-4604-823e-a24c7e04c357 req-1f4eb648-7980-4604-823e-a24c7e04c357 ] Request (InstanceActionsTestJSON:setUpClass): 200 GET http://10.180.1.21/compute/v2.1/servers/2b460d0f-65c7-4a8c-a769-c94cbc6872dc 0.091s
2024-12-15 00:16:28.728 68717 INFO tempest.lib.common.rest_client [req-cb015f40-e386-4063-95a8-4da75c32b072 req-cb015f40-e386-4063-95a8-4da75c32b072 ] Request (TenantUsagesTestJSON:setUpClass): 200 GET http://10.180.1.21/compute/v2.1/servers/809dc4e0-b5bf-4f32-987b-08960c97fcca 0.102s
2024-12-15 00:16:28.744 68668 INFO tempest.lib.common.rest_client [req-88c0ca7d-75b5-418b-947e-2c9ebd5a1437 req-88c0ca7d-75b5-418b-947e-2c9ebd5a1437 ] Request (ServerShowV254Test:test_rebuild_server): 200 GET http://10.180.1.21/compute/v2.1/servers/c44451ce-ff63-44a7-a7dc-f84fd88afc38 0.049s
2024-12-15 00:16:28.789 68710 INFO tempest.lib.common.rest_client [req-d5848273-8148-4e54-a3cf-6596ee570363 req-d5848273-8148-4e54-a3cf-6596ee570363 ] Request (ServerShowV247Test:test_update_rebuild_list_server): 200 GET http://10.180.1.21/compute/v2.1/servers/faf41e9a-63f0-491b-9ad4-3452182d07fb 0.047s
2024-12-15 00:16:28.938 68712 INFO tempest.lib.common.rest_client [req-3c76f203-fb24-404c-a2da-b0aa06aac9b6 req-3c76f203-fb24-404c-a2da-b0aa06aac9b6 ] Request (SecurityGroupsTestJSON:test_server_security_groups): 200 GET http://10.180.1.21/compute/v2.1/servers/1d606e17-3ee9-45e0-b92a-fb5e816720f0 0.047s
2024-12-15 00:16:29.028 68684 INFO tempest.lib.common.rest_client [req-e38d5d12-dffd-4106-8ac7-b83bb881202d req-e38d5d12-dffd-4106-8ac7-b83bb881202d ] Request (ServersAdminNegativeTestJSON:tearDownClass): 200 GET http://10.180.1.21/compute/v2.1/servers/50bab324-a7f4-430e-81fa-36d4248bb3f4 0.053s
2024-12-15 00:16:29.071 68696 INFO tempest.lib.common.rest_client [req-9054c6f7-8f12-4418-b4fc-5ffa3717d042 req-9054c6f7-8f12-4418-b4fc-5ffa3717d042 ] Request (ServerDiskConfigTestJSON:test_rebuild_server_with_manual_disk_config): 200 GET http://10.180.1.21/compute/v2.1/servers/02198b91-3757-44f5-aa10-c48ec83e47ab 0.046s
2024-12-15 00:16:29.101 68686 INFO tempest.lib.common.rest_client [req-7b41f818-2602-4181-8861-71a92f76b513 req-7b41f818-2602-4181-8861-71a92f76b513 ] Request (ServersTestFqdnHostnames:test_create_server_with_fqdn_name): 200 GET http://10.180.1.21/compute/v2.1/servers/873c1c05-9f9f-41c7-9815-4a5fbeda8d24 0.113s
2024-12-15 00:16:29.117 68726 INFO tempest.lib.common.rest_client [req-5a053b4e-2d19-4a8d-b675-fceb3d3138f0 req-5a053b4e-2d19-4a8d-b675-fceb3d3138f0 ] Request (DeleteServersAdminTestJSON:test_delete_server_while_in_error_state): 200 GET http://10.180.1.21/compute/v2.1/servers/642c200a-966c-4477-b370-e15824a48ff6 0.049s
2024-12-15 00:16:29.154 68718 INFO tempest.lib.common.rest_client [req-5524e11d-583e-40e7-8f18-d97ef2d40b51 req-5524e11d-583e-40e7-8f18-d97ef2d40b51 ] Request (MultipleCreateTestJSON:test_multiple_create): 200 GET http://10.180.1.21/compute/v2.1/servers/cb97679a-6f0b-40fe-8f67-654c55c49f20 0.047s
2024-12-15 00:16:29.166 68664 INFO tempest.lib.common.rest_client [req-f6958610-02b7-4d34-ae3e-8715c37ff81c req-f6958610-02b7-4d34-ae3e-8715c37ff81c ] Request (FloatingIPsAssociationTestJSON:setUpClass): 200 GET http://10.180.1.21/compute/v2.1/servers/a1233927-5630-45c5-bf14-eb81de95cf44 0.050s
2024-12-15 00:16:29.202 68674 INFO tempest.lib.common.rest_client [req-1197ba2b-2d5e-40fb-862f-a39e9a64e157 req-1197ba2b-2d5e-40fb-862f-a39e9a64e157 ] Request (ImagesOneServerNegativeTestJSON:setUpClass): 200 GET http://10.180.1.21/compute/v2.1/servers/7cbdba76-b9f3-417d-b49f-6e3913fa290b 0.051s
2024-12-15 00:16:29.239 68700 INFO tempest.lib.common.rest_client [req-ca779bb1-70d3-4d6f-9dd2-239d8deaf74b req-ca779bb1-70d3-4d6f-9dd2-239d8deaf74b ] Request (ServersAdminTestJSON:test_create_server_with_scheduling_hint): 200 GET http://10.180.1.21/compute/v2.1/servers/ed48ab1b-0a5b-4d4e-b7e0-540b076b1bcd 0.059s
2024-12-15 00:16:29.251 68692 INFO tempest.lib.common.rest_client [req-c8acdd11-d119-4390-96ad-6b62526fe3de req-c8acdd11-d119-4390-96ad-6b62526fe3de ] Request (AttachVolumeTestJSON:test_attach_detach_volume): 200 GET http://10.180.1.21/compute/v2.1/servers/aceef315-f152-4b91-9953-2eceb376b255 0.058s
2024-12-15 00:16:29.366 68694 INFO tempest.lib.common.rest_client [req-467a9531-4867-42cd-be03-9c97613deaa7 req-467a9531-4867-42cd-be03-9c97613deaa7 ] Request (ServerMetadataTestJSON:setUpClass): 200 GET http://10.180.1.21/compute/v2.1/servers/d376f0ba-dc4c-48a3-83f6-7b3c2c222d7a 0.055s
2024-12-15 00:16:29.462 68723 INFO tempest.lib.common.rest_client [req-c5ba7f04-ad26-4519-8f2d-4a62062b463e req-c5ba7f04-ad26-4519-8f2d-4a62062b463e ] Request (ImagesOneServerTestJSON:tearDownClass): 200 GET http://10.180.1.21/compute/v2.1/servers/3310d50a-ed0a-41a0-899c-923bfdcdf159 0.055s
2024-12-15 00:16:29.500 68706 INFO tempest.lib.common.rest_client [req-5e3caf5a-fe95-41f7-be5d-d76dfb06bc5f req-5e3caf5a-fe95-41f7-be5d-d76dfb06bc5f ] Request (FloatingIPsAssociationNegativeTestJSON:setUpClass): 200 GET http://10.180.1.21/compute/v2.1/servers/383a2fc7-69e5-4ca0-b3f2-667afe137190 0.096s
2024-12-15 00:16:29.546 68724 INFO tempest.lib.common.rest_client [req-e50c59cc-83f7-456e-8636-1f9c6939723f req-e50c59cc-83f7-456e-8636-1f9c6939723f ] Request (ServerAddressesTestJSON:setUpClass): 200 GET http://10.180.1.21/compute/v2.1/servers/63cc3567-f8dc-463c-a3d1-e96b74f533a8 0.051s
2024-12-15 00:16:29.605 68672 INFO tempest.lib.common.rest_client [req-90925da8-694e-4926-a97d-01a3fc4a4928 req-90925da8-694e-4926-a97d-01a3fc4a4928 ] Request (MigrationsAdminTest:test_list_migrations_in_flavor_resize_situation): 200 GET http://10.180.1.21/compute/v2.1/servers/cce4acfe-f3d9-4711-9e54-bfd0bb94c7ab 0.115s
2024-12-15 00:16:29.651 68690 INFO tempest.lib.common.rest_client [req-f3032d62-7534-4281-b326-2bcb7000e6a9 req-f3032d62-7534-4281-b326-2bcb7000e6a9 ] Request (ServerExternalEventsTest:tearDownClass): 200 GET http://10.180.1.21/compute/v2.1/servers/dd9e2451-ff9f-4fb2-a486-df1a5ab36347 0.059s
2024-12-15 00:16:29.704 68714 INFO tempest.lib.common.rest_client [req-2bafe642-2b84-4b03-a243-bf63c49b1655 req-2bafe642-2b84-4b03-a243-bf63c49b1655 ] Request (AttachInterfacesV270Test:tearDownClass): 200 GET http://10.180.1.21/compute/v2.1/servers/ef35217a-ca54-4d32-8c43-f4821cd2bdeb 0.054s
2024-12-15 00:16:29.753 68689 INFO tempest.lib.common.rest_client [req-e18cf69b-a611-4de0-8226-6bea3ad0effe req-e18cf69b-a611-4de0-8226-6bea3ad0effe ] Request (InstanceActionsTestJSON:setUpClass): 200 GET http://10.180.1.21/compute/v2.1/servers/2b460d0f-65c7-4a8c-a769-c94cbc6872dc 0.052s
2024-12-15 00:16:29.786 68717 INFO tempest.lib.common.rest_client [req-92576582-d784-4205-a2c9-f4511297a0f7 req-92576582-d784-4205-a2c9-f4511297a0f7 ] Request (TenantUsagesTestJSON:setUpClass): 200 GET http://10.180.1.21/compute/v2.1/servers/809dc4e0-b5bf-4f32-987b-08960c97fcca 0.052s
2024-12-15 00:16:29.807 68668 INFO tempest.lib.common.rest_client [req-8813a561-1ee0-47fd-b1ad-f34e1198c992 req-8813a561-1ee0-47fd-b1ad-f34e1198c992 ] Request (ServerShowV254Test:test_rebuild_server): 200 GET http://10.180.1.21/compute/v2.1/servers/c44451ce-ff63-44a7-a7dc-f84fd88afc38 0.053s
2024-12-15 00:16:29.816 68670 WARNING tempest.lib.common.ssh [-] Failed to establish authenticated ssh connection to cirros@10.180.180.146 ([Errno None] Unable to connect to port 22 on 10.180.180.146). Number attempts: 7. Retry after 8 seconds.: paramiko.ssh_exception.NoValidConnectionsError: [Errno None] Unable to connect to port 22 on 10.180.180.146
2024-12-15 00:16:29.855 68710 INFO tempest.lib.common.rest_client [req-1d35f374-9a70-4238-8e68-c0ba7bfccd96 req-1d35f374-9a70-4238-8e68-c0ba7bfccd96 ] Request (ServerShowV247Test:test_update_rebuild_list_server): 200 GET http://10.180.1.21/compute/v2.1/servers/faf41e9a-63f0-491b-9ad4-3452182d07fb 0.057s
2024-12-15 00:16:29.864 68710 INFO tempest.common.waiters [-] State transition "BUILD/None" ==> "BUILD/networking" after 49 second wait
2024-12-15 00:16:29.993 68712 INFO tempest.lib.common.rest_client [req-e6c5372b-01db-4d24-846b-bd694e31b1d3 req-e6c5372b-01db-4d24-846b-bd694e31b1d3 ] Request (SecurityGroupsTestJSON:test_server_security_groups): 200 GET http://10.180.1.21/compute/v2.1/servers/1d606e17-3ee9-45e0-b92a-fb5e816720f0 0.048s
2024-12-15 00:16:30.002 68712 INFO tempest.common.waiters [-] State transition "BUILD/scheduling" ==> "BUILD/None" after 37 second wait
2024-12-15 00:16:30.088 68684 INFO tempest.lib.common.rest_client [req-944d5966-b27d-41d6-82dd-32ca8d0a19d3 req-944d5966-b27d-41d6-82dd-32ca8d0a19d3 ] Request (ServersAdminNegativeTestJSON:tearDownClass): 200 GET http://10.180.1.21/compute/v2.1/servers/50bab324-a7f4-430e-81fa-36d4248bb3f4 0.054s
2024-12-15 00:16:30.125 68696 INFO tempest.lib.common.rest_client [req-19c4cf6c-48b9-4701-813f-ea36660a8a16 req-19c4cf6c-48b9-4701-813f-ea36660a8a16 ] Request (ServerDiskConfigTestJSON:test_rebuild_server_with_manual_disk_config): 200 GET http://10.180.1.21/compute/v2.1/servers/02198b91-3757-44f5-aa10-c48ec83e47ab 0.047s
2024-12-15 00:16:30.179 68726 INFO tempest.lib.common.rest_client [req-c6d5d84a-df4d-4f7f-8ee8-43dd34a329ee req-c6d5d84a-df4d-4f7f-8ee8-43dd34a329ee ] Request (DeleteServersAdminTestJSON:test_delete_server_while_in_error_state): 200 GET http://10.180.1.21/compute/v2.1/servers/642c200a-966c-4477-b370-e15824a48ff6 0.055s
2024-12-15 00:16:30.202 68686 INFO tempest.lib.common.rest_client [req-976b768e-1454-47cb-b5bf-68007a9bbe15 req-976b768e-1454-47cb-b5bf-68007a9bbe15 ] Request (ServersTestFqdnHostnames:test_create_server_with_fqdn_name): 200 GET http://10.180.1.21/compute/v2.1/servers/873c1c05-9f9f-41c7-9815-4a5fbeda8d24 0.093s
2024-12-15 00:16:30.209 68686 INFO tempest.common.waiters [-] State transition "BUILD/spawning" ==> "ACTIVE/None" after 54 second wait
2024-12-15 00:16:30.233 68718 INFO tempest.lib.common.rest_client [req-b767ee11-6ef4-469e-936d-8f0e421b207d req-b767ee11-6ef4-469e-936d-8f0e421b207d ] Request (MultipleCreateTestJSON:test_multiple_create): 200 GET http://10.180.1.21/compute/v2.1/servers/cb97679a-6f0b-40fe-8f67-654c55c49f20 0.072s
2024-12-15 00:16:30.256 68664 INFO tempest.lib.common.rest_client [req-5dbcdadf-f705-4259-b521-2c2133bd495e req-5dbcdadf-f705-4259-b521-2c2133bd495e ] Request (FloatingIPsAssociationTestJSON:setUpClass): 200 GET http://10.180.1.21/compute/v2.1/servers/a1233927-5630-45c5-bf14-eb81de95cf44 0.082s
2024-12-15 00:16:30.288 68674 INFO tempest.lib.common.rest_client [req-0f2ec89c-1c0e-49cd-a0b0-6bc9e085fe96 req-0f2ec89c-1c0e-49cd-a0b0-6bc9e085fe96 ] Request (ImagesOneServerNegativeTestJSON:setUpClass): 200 GET http://10.180.1.21/compute/v2.1/servers/7cbdba76-b9f3-417d-b49f-6e3913fa290b 0.078s
2024-12-15 00:16:30.330 68686 INFO tempest.lib.common.rest_client [req-af6f5e6b-563a-40e9-a2e7-725eff8bbb69 req-af6f5e6b-563a-40e9-a2e7-725eff8bbb69 ] Request (ServersTestFqdnHostnames:test_create_server_with_fqdn_name): 200 GET http://10.180.1.21/compute/v2.1/servers/873c1c05-9f9f-41c7-9815-4a5fbeda8d24/os-interface 0.121s
2024-12-15 00:16:30.336 68700 INFO tempest.lib.common.rest_client [req-2a3717ef-0f92-4950-9962-a8bf04de3008 req-2a3717ef-0f92-4950-9962-a8bf04de3008 ] Request (ServersAdminTestJSON:test_create_server_with_scheduling_hint): 200 GET http://10.180.1.21/compute/v2.1/servers/ed48ab1b-0a5b-4d4e-b7e0-540b076b1bcd 0.090s
2024-12-15 00:16:30.390 68692 INFO tempest.lib.common.rest_client [req-c496f024-33fd-4284-a37e-197af8b9d05a req-c496f024-33fd-4284-a37e-197af8b9d05a ] Request (AttachVolumeTestJSON:test_attach_detach_volume): 200 GET http://10.180.1.21/compute/v2.1/servers/aceef315-f152-4b91-9953-2eceb376b255 0.131s
2024-12-15 00:16:30.428 68694 INFO tempest.lib.common.rest_client [req-346fb198-3197-4551-aedd-605d1aa538d7 req-346fb198-3197-4551-aedd-605d1aa538d7 ] Request (ServerMetadataTestJSON:setUpClass): 200 GET http://10.180.1.21/compute/v2.1/servers/d376f0ba-dc4c-48a3-83f6-7b3c2c222d7a 0.054s
2024-12-15 00:16:30.540 68723 INFO tempest.lib.common.rest_client [req-5e6fbd6c-232d-4367-a287-0156422dc8c4 req-5e6fbd6c-232d-4367-a287-0156422dc8c4 ] Request (ImagesOneServerTestJSON:tearDownClass): 200 GET http://10.180.1.21/compute/v2.1/servers/3310d50a-ed0a-41a0-899c-923bfdcdf159 0.072s
2024-12-15 00:16:30.607 68724 INFO tempest.lib.common.rest_client [req-a4a61a7b-d6ba-4106-a7e6-2c803cc19480 req-a4a61a7b-d6ba-4106-a7e6-2c803cc19480 ] Request (ServerAddressesTestJSON:setUpClass): 200 GET http://10.180.1.21/compute/v2.1/servers/63cc3567-f8dc-463c-a3d1-e96b74f533a8 0.053s
2024-12-15 00:16:30.643 68706 INFO tempest.lib.common.rest_client [req-1f363521-3052-42aa-8605-e44044896bd9 req-1f363521-3052-42aa-8605-e44044896bd9 ] Request (FloatingIPsAssociationNegativeTestJSON:setUpClass): 200 GET http://10.180.1.21/compute/v2.1/servers/383a2fc7-69e5-4ca0-b3f2-667afe137190 0.136s
2024-12-15 00:16:30.725 68690 INFO tempest.lib.common.rest_client [req-a2e201ae-10f9-4702-b08c-8a85605b0ea8 req-a2e201ae-10f9-4702-b08c-8a85605b0ea8 ] Request (ServerExternalEventsTest:tearDownClass): 200 GET http://10.180.1.21/compute/v2.1/servers/dd9e2451-ff9f-4fb2-a486-df1a5ab36347 0.067s
2024-12-15 00:16:30.788 68714 INFO tempest.lib.common.rest_client [req-4ecaa1f2-b75a-4b4d-8b73-e6cc3e0926f4 req-4ecaa1f2-b75a-4b4d-8b73-e6cc3e0926f4 ] Request (AttachInterfacesV270Test:tearDownClass): 200 GET http://10.180.1.21/compute/v2.1/servers/ef35217a-ca54-4d32-8c43-f4821cd2bdeb 0.077s
2024-12-15 00:16:30.798 68672 INFO tempest.lib.common.rest_client [req-540298f3-e300-49c6-883f-2e3b55de5d36 req-540298f3-e300-49c6-883f-2e3b55de5d36 ] Request (MigrationsAdminTest:test_list_migrations_in_flavor_resize_situation): 200 GET http://10.180.1.21/compute/v2.1/servers/cce4acfe-f3d9-4711-9e54-bfd0bb94c7ab 0.186s
2024-12-15 00:16:30.849 68689 INFO tempest.lib.common.rest_client [req-3ab1c821-b736-4a43-9016-cb077dd36f78 req-3ab1c821-b736-4a43-9016-cb077dd36f78 ] Request (InstanceActionsTestJSON:setUpClass): 200 GET http://10.180.1.21/compute/v2.1/servers/2b460d0f-65c7-4a8c-a769-c94cbc6872dc 0.088s
2024-12-15 00:16:30.857 68717 INFO tempest.lib.common.rest_client [req-ed5bec76-17bc-4a4c-a847-6a04819f6970 req-ed5bec76-17bc-4a4c-a847-6a04819f6970 ] Request (TenantUsagesTestJSON:setUpClass): 200 GET http://10.180.1.21/compute/v2.1/servers/809dc4e0-b5bf-4f32-987b-08960c97fcca 0.060s
2024-12-15 00:16:30.908 68668 INFO tempest.lib.common.rest_client [req-13b3d782-eeac-490b-bded-858e6c24cb16 req-13b3d782-eeac-490b-bded-858e6c24cb16 ] Request (ServerShowV254Test:test_rebuild_server): 200 GET http://10.180.1.21/compute/v2.1/servers/c44451ce-ff63-44a7-a7dc-f84fd88afc38 0.092s
2024-12-15 00:16:30.926 68710 INFO tempest.lib.common.rest_client [req-cc269fa5-935b-493a-99bd-07961327ebc2 req-cc269fa5-935b-493a-99bd-07961327ebc2 ] Request (ServerShowV247Test:test_update_rebuild_list_server): 200 GET http://10.180.1.21/compute/v2.1/servers/faf41e9a-63f0-491b-9ad4-3452182d07fb 0.061s
2024-12-15 00:16:30.935 68710 INFO tempest.common.waiters [-] State transition "BUILD/networking" ==> "BUILD/spawning" after 50 second wait
2024-12-15 00:16:30.936 68686 INFO tempest.lib.common.rest_client [req-d2abed4e-c387-49ff-8e56-d316b10283ee req-d2abed4e-c387-49ff-8e56-d316b10283ee ] Request (ServersTestFqdnHostnames:test_create_server_with_fqdn_name): 200 PUT http://10.180.1.21:9696/networking/v2.0/floatingips/e12b74d3-308b-44d5-89d9-f8e059f3db3b 0.604s
2024-12-15 00:16:30.938 68686 INFO tempest.lib.common.ssh [-] Creating ssh connection to '10.180.180.198:22' as 'cirros' with public key authentication
2024-12-15 00:16:31.034 68666 WARNING tempest.lib.common.ssh [-] Failed to establish authenticated ssh connection to cirros@10.180.180.224 ([Errno None] Unable to connect to port 22 on 10.180.180.224). Number attempts: 1. Retry after 2 seconds.: paramiko.ssh_exception.NoValidConnectionsError: [Errno None] Unable to connect to port 22 on 10.180.180.224
2024-12-15 00:16:31.058 68712 INFO tempest.lib.common.rest_client [req-d07815e3-3c0d-46a0-887b-8c6e07243303 req-d07815e3-3c0d-46a0-887b-8c6e07243303 ] Request (SecurityGroupsTestJSON:test_server_security_groups): 200 GET http://10.180.1.21/compute/v2.1/servers/1d606e17-3ee9-45e0-b92a-fb5e816720f0 0.055s
2024-12-15 00:16:31.168 68684 INFO tempest.lib.common.rest_client [req-699106d7-0544-479a-af0e-a4eda17fc332 req-699106d7-0544-479a-af0e-a4eda17fc332 ] Request (ServersAdminNegativeTestJSON:tearDownClass): 200 GET http://10.180.1.21/compute/v2.1/servers/50bab324-a7f4-430e-81fa-36d4248bb3f4 0.074s
2024-12-15 00:16:31.195 68696 INFO tempest.lib.common.rest_client [req-d5f53abf-2b48-44b5-8f2b-9c1c3cd1f1c4 req-d5f53abf-2b48-44b5-8f2b-9c1c3cd1f1c4 ] Request (ServerDiskConfigTestJSON:test_rebuild_server_with_manual_disk_config): 200 GET http://10.180.1.21/compute/v2.1/servers/02198b91-3757-44f5-aa10-c48ec83e47ab 0.063s
2024-12-15 00:16:31.225 68678 WARNING tempest.lib.common.ssh [-] Failed to establish authenticated ssh connection to cirros@10.180.180.247 ([Errno None] Unable to connect to port 22 on 10.180.180.247). Number attempts: 8. Retry after 9 seconds.: paramiko.ssh_exception.NoValidConnectionsError: [Errno None] Unable to connect to port 22 on 10.180.180.247
2024-12-15 00:16:31.258 68726 INFO tempest.lib.common.rest_client [req-8493ea48-e7ff-482f-979b-5bdef641867c req-8493ea48-e7ff-482f-979b-5bdef641867c ] Request (DeleteServersAdminTestJSON:test_delete_server_while_in_error_state): 200 GET http://10.180.1.21/compute/v2.1/servers/642c200a-966c-4477-b370-e15824a48ff6 0.072s
2024-12-15 00:16:31.291 68718 INFO tempest.lib.common.rest_client [req-76a04a1d-6b67-43cb-a870-86777e7cd5ea req-76a04a1d-6b67-43cb-a870-86777e7cd5ea ] Request (MultipleCreateTestJSON:test_multiple_create): 200 GET http://10.180.1.21/compute/v2.1/servers/cb97679a-6f0b-40fe-8f67-654c55c49f20 0.051s
2024-12-15 00:16:31.310 68664 INFO tempest.lib.common.rest_client [req-bb0d0b34-5a65-470b-a1a0-3f91df5d77ff req-bb0d0b34-5a65-470b-a1a0-3f91df5d77ff ] Request (FloatingIPsAssociationTestJSON:setUpClass): 200 GET http://10.180.1.21/compute/v2.1/servers/a1233927-5630-45c5-bf14-eb81de95cf44 0.046s
2024-12-15 00:16:31.346 68674 INFO tempest.lib.common.rest_client [req-813f0111-be57-4e29-a8b7-5d69717e133f req-813f0111-be57-4e29-a8b7-5d69717e133f ] Request (ImagesOneServerNegativeTestJSON:setUpClass): 200 GET http://10.180.1.21/compute/v2.1/servers/7cbdba76-b9f3-417d-b49f-6e3913fa290b 0.046s
2024-12-15 00:16:31.395 68700 INFO tempest.lib.common.rest_client [req-ebfe58d7-3a63-42f8-ad22-9c16196d28e9 req-ebfe58d7-3a63-42f8-ad22-9c16196d28e9 ] Request (ServersAdminTestJSON:test_create_server_with_scheduling_hint): 200 GET http://10.180.1.21/compute/v2.1/servers/ed48ab1b-0a5b-4d4e-b7e0-540b076b1bcd 0.051s
2024-12-15 00:16:31.450 68692 INFO tempest.lib.common.rest_client [req-a685a499-79b7-4d27-9e2d-192e107e3bd4 req-a685a499-79b7-4d27-9e2d-192e107e3bd4 ] Request (AttachVolumeTestJSON:test_attach_detach_volume): 200 GET http://10.180.1.21/compute/v2.1/servers/aceef315-f152-4b91-9953-2eceb376b255 0.053s
2024-12-15 00:16:31.508 68694 INFO tempest.lib.common.rest_client [req-697ecf66-975c-4848-a1d5-129f282c60e5 req-697ecf66-975c-4848-a1d5-129f282c60e5 ] Request (ServerMetadataTestJSON:setUpClass): 200 GET http://10.180.1.21/compute/v2.1/servers/d376f0ba-dc4c-48a3-83f6-7b3c2c222d7a 0.074s
2024-12-15 00:16:31.629 68723 INFO tempest.lib.common.rest_client [req-56597951-6ca5-4091-864b-e0ff526dca45 req-56597951-6ca5-4091-864b-e0ff526dca45 ] Request (ImagesOneServerTestJSON:tearDownClass): 200 GET http://10.180.1.21/compute/v2.1/servers/3310d50a-ed0a-41a0-899c-923bfdcdf159 0.077s
2024-12-15 00:16:31.685 68724 INFO tempest.lib.common.rest_client [req-278df810-99ba-4ad4-8658-9d8864a64186 req-278df810-99ba-4ad4-8658-9d8864a64186 ] Request (ServerAddressesTestJSON:setUpClass): 200 GET http://10.180.1.21/compute/v2.1/servers/63cc3567-f8dc-463c-a3d1-e96b74f533a8 0.066s
2024-12-15 00:16:31.761 68706 INFO tempest.lib.common.rest_client [req-727c90c5-4f1a-483a-b8fe-8af7ca6248e3 req-727c90c5-4f1a-483a-b8fe-8af7ca6248e3 ] Request (FloatingIPsAssociationNegativeTestJSON:setUpClass): 200 GET http://10.180.1.21/compute/v2.1/servers/383a2fc7-69e5-4ca0-b3f2-667afe137190 0.111s
2024-12-15 00:16:31.799 68690 INFO tempest.lib.common.rest_client [req-5f94bf1e-f015-46bb-b96e-5326d08ad69d req-5f94bf1e-f015-46bb-b96e-5326d08ad69d ] Request (ServerExternalEventsTest:tearDownClass): 200 GET http://10.180.1.21/compute/v2.1/servers/dd9e2451-ff9f-4fb2-a486-df1a5ab36347 0.067s
2024-12-15 00:16:31.856 68714 INFO tempest.lib.common.rest_client [req-3b80ea97-04fc-4fb2-90a6-dec795f660a9 req-3b80ea97-04fc-4fb2-90a6-dec795f660a9 ] Request (AttachInterfacesV270Test:tearDownClass): 200 GET http://10.180.1.21/compute/v2.1/servers/ef35217a-ca54-4d32-8c43-f4821cd2bdeb 0.059s
2024-12-15 00:16:31.902 68672 INFO tempest.lib.common.rest_client [req-fa46654e-797a-4755-b80e-fe709876bdf0 req-fa46654e-797a-4755-b80e-fe709876bdf0 ] Request (MigrationsAdminTest:test_list_migrations_in_flavor_resize_situation): 200 GET http://10.180.1.21/compute/v2.1/servers/cce4acfe-f3d9-4711-9e54-bfd0bb94c7ab 0.096s
2024-12-15 00:16:31.906 68689 INFO tempest.lib.common.rest_client [req-ba3061a9-77f7-4e52-8758-ba4ee6971112 req-ba3061a9-77f7-4e52-8758-ba4ee6971112 ] Request (InstanceActionsTestJSON:setUpClass): 200 GET http://10.180.1.21/compute/v2.1/servers/2b460d0f-65c7-4a8c-a769-c94cbc6872dc 0.050s
2024-12-15 00:16:31.913 68689 INFO tempest.common.waiters [-] State transition "BUILD/scheduling" ==> "BUILD/None" after 37 second wait
2024-12-15 00:16:31.954 68717 INFO tempest.lib.common.rest_client [req-2c2d7086-35db-48bb-b83d-8e4364ad7afe req-2c2d7086-35db-48bb-b83d-8e4364ad7afe ] Request (TenantUsagesTestJSON:setUpClass): 200 GET http://10.180.1.21/compute/v2.1/servers/809dc4e0-b5bf-4f32-987b-08960c97fcca 0.090s
2024-12-15 00:16:31.977 68668 INFO tempest.lib.common.rest_client [req-6c54b9a6-451f-464b-b19d-a51041d2b247 req-6c54b9a6-451f-464b-b19d-a51041d2b247 ] Request (ServerShowV254Test:test_rebuild_server): 200 GET http://10.180.1.21/compute/v2.1/servers/c44451ce-ff63-44a7-a7dc-f84fd88afc38 0.059s
2024-12-15 00:16:31.984 68668 INFO tempest.common.waiters [-] State transition "REBUILD/rebuilding" ==> "REBUILD/rebuild_spawning" after 3 second wait
2024-12-15 00:16:32.006 68710 INFO tempest.lib.common.rest_client [req-0e5f617c-c299-4d24-b809-f2000927e96a req-0e5f617c-c299-4d24-b809-f2000927e96a ] Request (ServerShowV247Test:test_update_rebuild_list_server): 200 GET http://10.180.1.21/compute/v2.1/servers/faf41e9a-63f0-491b-9ad4-3452182d07fb 0.071s
2024-12-15 00:16:32.115 68712 INFO tempest.lib.common.rest_client [req-b0380940-a88d-4b81-941d-cf66d7811b68 req-b0380940-a88d-4b81-941d-cf66d7811b68 ] Request (SecurityGroupsTestJSON:test_server_security_groups): 200 GET http://10.180.1.21/compute/v2.1/servers/1d606e17-3ee9-45e0-b92a-fb5e816720f0 0.050s
2024-12-15 00:16:32.243 68684 INFO tempest.lib.common.rest_client [req-11464c20-d4b0-416a-b215-333e04897376 req-11464c20-d4b0-416a-b215-333e04897376 ] Request (ServersAdminNegativeTestJSON:tearDownClass): 200 GET http://10.180.1.21/compute/v2.1/servers/50bab324-a7f4-430e-81fa-36d4248bb3f4 0.065s
2024-12-15 00:16:32.251 68696 INFO tempest.lib.common.rest_client [req-0591035c-8e25-413e-b275-c838f9d0ceb1 req-0591035c-8e25-413e-b275-c838f9d0ceb1 ] Request (ServerDiskConfigTestJSON:test_rebuild_server_with_manual_disk_config): 200 GET http://10.180.1.21/compute/v2.1/servers/02198b91-3757-44f5-aa10-c48ec83e47ab 0.049s
2024-12-15 00:16:32.317 68726 INFO tempest.lib.common.rest_client [req-f9a4b5d1-8f2e-4aba-916f-e5a6169e09bb req-f9a4b5d1-8f2e-4aba-916f-e5a6169e09bb ] Request (DeleteServersAdminTestJSON:test_delete_server_while_in_error_state): 200 GET http://10.180.1.21/compute/v2.1/servers/642c200a-966c-4477-b370-e15824a48ff6 0.052s
2024-12-15 00:16:32.348 68718 INFO tempest.lib.common.rest_client [req-be763ce1-6afc-4d90-9375-66ef7f0e70c9 req-be763ce1-6afc-4d90-9375-66ef7f0e70c9 ] Request (MultipleCreateTestJSON:test_multiple_create): 200 GET http://10.180.1.21/compute/v2.1/servers/cb97679a-6f0b-40fe-8f67-654c55c49f20 0.051s
2024-12-15 00:16:32.363 68664 INFO tempest.lib.common.rest_client [req-fe7a4e33-120d-46a4-b4bd-57fcd31e1c50 req-fe7a4e33-120d-46a4-b4bd-57fcd31e1c50 ] Request (FloatingIPsAssociationTestJSON:setUpClass): 200 GET http://10.180.1.21/compute/v2.1/servers/a1233927-5630-45c5-bf14-eb81de95cf44 0.046s
2024-12-15 00:16:32.369 68664 INFO tempest.common.waiters [-] State transition "BUILD/scheduling" ==> "BUILD/None" after 37 second wait
2024-12-15 00:16:32.399 68674 INFO tempest.lib.common.rest_client [req-c49e93a2-fda4-490d-8abd-c08bf062d103 req-c49e93a2-fda4-490d-8abd-c08bf062d103 ] Request (ImagesOneServerNegativeTestJSON:setUpClass): 200 GET http://10.180.1.21/compute/v2.1/servers/7cbdba76-b9f3-417d-b49f-6e3913fa290b 0.046s
2024-12-15 00:16:32.451 68700 INFO tempest.lib.common.rest_client [req-6befc9fa-4620-4116-99fd-5eee5492cf3e req-6befc9fa-4620-4116-99fd-5eee5492cf3e ] Request (ServersAdminTestJSON:test_create_server_with_scheduling_hint): 200 GET http://10.180.1.21/compute/v2.1/servers/ed48ab1b-0a5b-4d4e-b7e0-540b076b1bcd 0.050s
2024-12-15 00:16:32.506 68692 INFO tempest.lib.common.rest_client [req-cb280278-cab6-42a4-a4bd-f03c89ee20eb req-cb280278-cab6-42a4-a4bd-f03c89ee20eb ] Request (AttachVolumeTestJSON:test_attach_detach_volume): 200 GET http://10.180.1.21/compute/v2.1/servers/aceef315-f152-4b91-9953-2eceb376b255 0.048s
2024-12-15 00:16:32.568 68694 INFO tempest.lib.common.rest_client [req-ad6b92bd-1fbc-4cb4-b0d9-af14f18afda9 req-ad6b92bd-1fbc-4cb4-b0d9-af14f18afda9 ] Request (ServerMetadataTestJSON:setUpClass): 200 GET http://10.180.1.21/compute/v2.1/servers/d376f0ba-dc4c-48a3-83f6-7b3c2c222d7a 0.051s
2024-12-15 00:16:32.697 68723 INFO tempest.lib.common.rest_client [req-9cbebbbc-6ee4-48ca-916b-7e747555f162 req-9cbebbbc-6ee4-48ca-916b-7e747555f162 ] Request (ImagesOneServerTestJSON:tearDownClass): 200 GET http://10.180.1.21/compute/v2.1/servers/3310d50a-ed0a-41a0-899c-923bfdcdf159 0.059s
2024-12-15 00:16:32.757 68724 INFO tempest.lib.common.rest_client [req-a7d480f6-75bc-4f97-a71d-ec02e7c81509 req-a7d480f6-75bc-4f97-a71d-ec02e7c81509 ] Request (ServerAddressesTestJSON:setUpClass): 200 GET http://10.180.1.21/compute/v2.1/servers/63cc3567-f8dc-463c-a3d1-e96b74f533a8 0.061s
2024-12-15 00:16:32.873 68706 INFO tempest.lib.common.rest_client [req-6c9d37c8-ba3d-4e37-947a-c6eb804c2288 req-6c9d37c8-ba3d-4e37-947a-c6eb804c2288 ] Request (FloatingIPsAssociationNegativeTestJSON:setUpClass): 200 GET http://10.180.1.21/compute/v2.1/servers/383a2fc7-69e5-4ca0-b3f2-667afe137190 0.102s
2024-12-15 00:16:32.878 68690 INFO tempest.lib.common.rest_client [req-77db8ff1-da12-4dea-8193-1ee67c4c2a7d req-77db8ff1-da12-4dea-8193-1ee67c4c2a7d ] Request (ServerExternalEventsTest:tearDownClass): 200 GET http://10.180.1.21/compute/v2.1/servers/dd9e2451-ff9f-4fb2-a486-df1a5ab36347 0.071s
2024-12-15 00:16:32.948 68714 INFO tempest.lib.common.rest_client [req-7dcad036-2d94-4603-943e-f0c646eb3f0d req-7dcad036-2d94-4603-943e-f0c646eb3f0d ] Request (AttachInterfacesV270Test:tearDownClass): 200 GET http://10.180.1.21/compute/v2.1/servers/ef35217a-ca54-4d32-8c43-f4821cd2bdeb 0.083s
2024-12-15 00:16:32.991 68689 INFO tempest.lib.common.rest_client [req-e69349ba-2182-4e64-a7d6-c6b307171ec1 req-e69349ba-2182-4e64-a7d6-c6b307171ec1 ] Request (InstanceActionsTestJSON:setUpClass): 200 GET http://10.180.1.21/compute/v2.1/servers/2b460d0f-65c7-4a8c-a769-c94cbc6872dc 0.077s
2024-12-15 00:16:33.059 68672 INFO tempest.lib.common.rest_client [req-e67e8716-9a58-429d-9063-83e9e9adaeef req-e67e8716-9a58-429d-9063-83e9e9adaeef ] Request (MigrationsAdminTest:test_list_migrations_in_flavor_resize_situation): 200 GET http://10.180.1.21/compute/v2.1/servers/cce4acfe-f3d9-4711-9e54-bfd0bb94c7ab 0.144s
2024-12-15 00:16:33.120 68668 INFO tempest.lib.common.rest_client [req-801113ea-0ec7-459a-bfad-891e3029935c req-801113ea-0ec7-459a-bfad-891e3029935c ] Request (ServerShowV254Test:test_rebuild_server): 200 GET http://10.180.1.21/compute/v2.1/servers/c44451ce-ff63-44a7-a7dc-f84fd88afc38 0.133s
2024-12-15 00:16:33.184 68710 INFO tempest.lib.common.rest_client [req-c3f3dc07-e899-4961-b928-92560435114f req-c3f3dc07-e899-4961-b928-92560435114f ] Request (ServerShowV247Test:test_update_rebuild_list_server): 200 GET http://10.180.1.21/compute/v2.1/servers/faf41e9a-63f0-491b-9ad4-3452182d07fb 0.169s
2024-12-15 00:16:33.254 68712 INFO tempest.lib.common.rest_client [req-ad6a8829-9dbf-4395-8dab-ee9482c940c8 req-ad6a8829-9dbf-4395-8dab-ee9482c940c8 ] Request (SecurityGroupsTestJSON:test_server_security_groups): 200 GET http://10.180.1.21/compute/v2.1/servers/1d606e17-3ee9-45e0-b92a-fb5e816720f0 0.126s
2024-12-15 00:16:33.328 68717 INFO tempest.lib.common.rest_client [req-5ae3df02-1207-43e5-b353-5061455e5c08 req-5ae3df02-1207-43e5-b353-5061455e5c08 ] Request (TenantUsagesTestJSON:setUpClass): 200 GET http://10.180.1.21/compute/v2.1/servers/809dc4e0-b5bf-4f32-987b-08960c97fcca 0.362s
2024-12-15 00:16:33.333 68684 INFO tempest.lib.common.rest_client [req-9cd74ace-d7ba-490c-b527-731960378ced req-9cd74ace-d7ba-490c-b527-731960378ced ] Request (ServersAdminNegativeTestJSON:tearDownClass): 200 GET http://10.180.1.21/compute/v2.1/servers/50bab324-a7f4-430e-81fa-36d4248bb3f4 0.084s
2024-12-15 00:16:33.339 68717 INFO tempest.common.waiters [-] State transition "BUILD/None" ==> "BUILD/block_device_mapping" after 49 second wait
2024-12-15 00:16:33.384 68696 INFO tempest.lib.common.rest_client [req-f2b8ef97-746b-4637-8d30-a5b3561c6335 req-f2b8ef97-746b-4637-8d30-a5b3561c6335 ] Request (ServerDiskConfigTestJSON:test_rebuild_server_with_manual_disk_config): 200 GET http://10.180.1.21/compute/v2.1/servers/02198b91-3757-44f5-aa10-c48ec83e47ab 0.126s
2024-12-15 00:16:33.399 68726 INFO tempest.lib.common.rest_client [req-d7fddf9e-4a25-45b0-a3da-a116a9145184 req-d7fddf9e-4a25-45b0-a3da-a116a9145184 ] Request (DeleteServersAdminTestJSON:test_delete_server_while_in_error_state): 200 GET http://10.180.1.21/compute/v2.1/servers/642c200a-966c-4477-b370-e15824a48ff6 0.076s
2024-12-15 00:16:33.445 68718 INFO tempest.lib.common.rest_client [req-4c0f3d4e-f99a-4fd7-a375-c86b54aa150e req-4c0f3d4e-f99a-4fd7-a375-c86b54aa150e ] Request (MultipleCreateTestJSON:test_multiple_create): 200 GET http://10.180.1.21/compute/v2.1/servers/cb97679a-6f0b-40fe-8f67-654c55c49f20 0.091s
2024-12-15 00:16:33.451 68664 INFO tempest.lib.common.rest_client [req-657d9a30-3228-4dc0-bc31-4991103a4826 req-657d9a30-3228-4dc0-bc31-4991103a4826 ] Request (FloatingIPsAssociationTestJSON:setUpClass): 200 GET http://10.180.1.21/compute/v2.1/servers/a1233927-5630-45c5-bf14-eb81de95cf44 0.082s
2024-12-15 00:16:33.492 68674 INFO tempest.lib.common.rest_client [req-63166477-4f2a-4aa8-82f2-af2b2381d7b5 req-63166477-4f2a-4aa8-82f2-af2b2381d7b5 ] Request (ImagesOneServerNegativeTestJSON:setUpClass): 200 GET http://10.180.1.21/compute/v2.1/servers/7cbdba76-b9f3-417d-b49f-6e3913fa290b 0.086s
2024-12-15 00:16:33.509 68700 INFO tempest.lib.common.rest_client [req-9f861478-7aa0-4279-8bc4-4ad228735105 req-9f861478-7aa0-4279-8bc4-4ad228735105 ] Request (ServersAdminTestJSON:test_create_server_with_scheduling_hint): 200 GET http://10.180.1.21/compute/v2.1/servers/ed48ab1b-0a5b-4d4e-b7e0-540b076b1bcd 0.050s
2024-12-15 00:16:33.561 68692 INFO tempest.lib.common.rest_client [req-cc119fec-9da4-4a2f-80de-bdb4fa539822 req-cc119fec-9da4-4a2f-80de-bdb4fa539822 ] Request (AttachVolumeTestJSON:test_attach_detach_volume): 200 GET http://10.180.1.21/compute/v2.1/servers/aceef315-f152-4b91-9953-2eceb376b255 0.047s
2024-12-15 00:16:33.626 68694 INFO tempest.lib.common.rest_client [req-ab628ba9-2c2b-4e1f-8582-7d28125eb08d req-ab628ba9-2c2b-4e1f-8582-7d28125eb08d ] Request (ServerMetadataTestJSON:setUpClass): 200 GET http://10.180.1.21/compute/v2.1/servers/d376f0ba-dc4c-48a3-83f6-7b3c2c222d7a 0.049s
2024-12-15 00:16:33.764 68723 INFO tempest.lib.common.rest_client [req-b73bf802-a6d1-4440-92e2-66f8a8c0893d req-b73bf802-a6d1-4440-92e2-66f8a8c0893d ] Request (ImagesOneServerTestJSON:tearDownClass): 200 GET http://10.180.1.21/compute/v2.1/servers/3310d50a-ed0a-41a0-899c-923bfdcdf159 0.060s
2024-12-15 00:16:33.841 68724 INFO tempest.lib.common.rest_client [req-1ae17a36-0774-442d-83fa-59b45d6dd746 req-1ae17a36-0774-442d-83fa-59b45d6dd746 ] Request (ServerAddressesTestJSON:setUpClass): 200 GET http://10.180.1.21/compute/v2.1/servers/63cc3567-f8dc-463c-a3d1-e96b74f533a8 0.078s
2024-12-15 00:16:33.956 68690 INFO tempest.lib.common.rest_client [req-485e9e80-fcb7-4b67-a056-702cc991ee06 req-485e9e80-fcb7-4b67-a056-702cc991ee06 ] Request (ServerExternalEventsTest:tearDownClass): 200 GET http://10.180.1.21/compute/v2.1/servers/dd9e2451-ff9f-4fb2-a486-df1a5ab36347 0.071s
2024-12-15 00:16:34.010 68706 INFO tempest.lib.common.rest_client [req-3127119f-f4a0-4396-af6b-7be03d91419d req-3127119f-f4a0-4396-af6b-7be03d91419d ] Request (FloatingIPsAssociationNegativeTestJSON:setUpClass): 200 GET http://10.180.1.21/compute/v2.1/servers/383a2fc7-69e5-4ca0-b3f2-667afe137190 0.130s
2024-12-15 00:16:34.021 68714 INFO tempest.lib.common.rest_client [req-137e21be-c0b4-43a5-b895-cce5d539400e req-137e21be-c0b4-43a5-b895-cce5d539400e ] Request (AttachInterfacesV270Test:tearDownClass): 200 GET http://10.180.1.21/compute/v2.1/servers/ef35217a-ca54-4d32-8c43-f4821cd2bdeb 0.063s
2024-12-15 00:16:34.056 68689 INFO tempest.lib.common.rest_client [req-95a1323f-2f32-4500-ad57-b7a9cdaa799f req-95a1323f-2f32-4500-ad57-b7a9cdaa799f ] Request (InstanceActionsTestJSON:setUpClass): 200 GET http://10.180.1.21/compute/v2.1/servers/2b460d0f-65c7-4a8c-a769-c94cbc6872dc 0.058s
2024-12-15 00:16:34.167 68672 INFO tempest.lib.common.rest_client [req-ea4265fb-b39b-4fc6-a760-289a7e1ee38c req-ea4265fb-b39b-4fc6-a760-289a7e1ee38c ] Request (MigrationsAdminTest:test_list_migrations_in_flavor_resize_situation): 200 GET http://10.180.1.21/compute/v2.1/servers/cce4acfe-f3d9-4711-9e54-bfd0bb94c7ab 0.102s
2024-12-15 00:16:34.191 68668 INFO tempest.lib.common.rest_client [req-86e481b6-7138-4fe2-b69b-9f763a7223f8 req-86e481b6-7138-4fe2-b69b-9f763a7223f8 ] Request (ServerShowV254Test:test_rebuild_server): 200 GET http://10.180.1.21/compute/v2.1/servers/c44451ce-ff63-44a7-a7dc-f84fd88afc38 0.055s
2024-12-15 00:16:34.254 68710 INFO tempest.lib.common.rest_client [req-fd2ea7ce-031c-4d6d-a307-05d4235531d0 req-fd2ea7ce-031c-4d6d-a307-05d4235531d0 ] Request (ServerShowV247Test:test_update_rebuild_list_server): 200 GET http://10.180.1.21/compute/v2.1/servers/faf41e9a-63f0-491b-9ad4-3452182d07fb 0.057s
2024-12-15 00:16:34.311 68712 INFO tempest.lib.common.rest_client [req-a7a0d559-ca7e-4e2f-b5c6-ba95dfedb6b8 req-a7a0d559-ca7e-4e2f-b5c6-ba95dfedb6b8 ] Request (SecurityGroupsTestJSON:test_server_security_groups): 200 GET http://10.180.1.21/compute/v2.1/servers/1d606e17-3ee9-45e0-b92a-fb5e816720f0 0.050s
