2024-12-15 00:14:32.401 68686 INFO tempest.lib.common.rest_client [req-03ce4ab9-98f9-4259-8ad6-0e8699fbd793 req-03ce4ab9-98f9-4259-8ad6-0e8699fbd793 ] Request (FlavorsV2TestJSON:test_list_flavors_detailed_filter_by_min_disk): 200 GET http://10.180.1.21/compute/v2.1/flavors/detail?minDisk=2 0.018s
2024-12-15 00:14:32.406 68666 INFO tempest.lib.common.rest_client [req-dc559bba-c8bb-4814-9a22-ac7255aacb2d req-dc559bba-c8bb-4814-9a22-ac7255aacb2d ] Request (InstanceUsageAuditLogNegativeTestJSON:setUpClass): 201 POST http://10.180.1.21/identity/v3/projects 0.499s
2024-12-15 00:14:32.417 68684 INFO tempest.lib.common.rest_client [req-a1f7402f-bd54-422e-8e24-600a1c921d61 req-a1f7402f-bd54-422e-8e24-600a1c921d61 ] Request (HypervisorAdminV253TestBase:setUpClass): 200 GET http://10.180.1.21/identity/v3/domains?name=Default 0.506s
2024-12-15 00:14:32.417 68686 INFO tempest.lib.common.rest_client [req-8ed4e1e7-a1e4-4dda-be20-6cadea4673ec req-8ed4e1e7-a1e4-4dda-be20-6cadea4673ec ] Request (FlavorsV2TestJSON:test_list_flavors_detailed_filter_by_min_ram): 200 GET http://10.180.1.21/compute/v2.1/flavors/42 0.012s
2024-12-15 00:14:32.440 68686 INFO tempest.lib.common.rest_client [req-c8696df3-9ff6-4967-86bd-d610e718e7a6 req-c8696df3-9ff6-4967-86bd-d610e718e7a6 ] Request (FlavorsV2TestJSON:test_list_flavors_detailed_filter_by_min_ram): 200 GET http://10.180.1.21/compute/v2.1/flavors/detail?minRam=193 0.020s
2024-12-15 00:14:32.451 68723 INFO tempest.lib.common.rest_client [req-072a841e-2e4c-489a-83b5-3668d63dbb83 req-072a841e-2e4c-489a-83b5-3668d63dbb83 ] Request (FlavorMetadataValidation:setUpClass): 200 GET http://10.180.1.21/identity/v3/roles 0.527s
2024-12-15 00:14:32.456 68686 INFO tempest.lib.common.rest_client [req-ad71a20b-950a-48a6-bc9d-efed5fa7b167 req-ad71a20b-950a-48a6-bc9d-efed5fa7b167 ] Request (FlavorsV2TestJSON:test_list_flavors_detailed_limit_results): 200 GET http://10.180.1.21/compute/v2.1/flavors/detail?limit=1 0.012s
2024-12-15 00:14:32.469 68712 INFO tempest.lib.common.rest_client [req-daa4da31-3f11-47cd-980d-5d84f04983a1 req-daa4da31-3f11-47cd-980d-5d84f04983a1 ] Request (AZAdminNegativeTestJSON:setUpClass): 200 GET http://10.180.1.21/identity/v3/domains?name=Default 0.535s
2024-12-15 00:14:32.470 68686 INFO tempest.lib.common.rest_client [req-e6d70a8b-2b83-4f1c-95f4-fc02fe7e9c3f req-e6d70a8b-2b83-4f1c-95f4-fc02fe7e9c3f ] Request (FlavorsV2TestJSON:test_list_flavors_detailed_using_marker): 200 GET http://10.180.1.21/compute/v2.1/flavors/42 0.010s
2024-12-15 00:14:32.475 68706 INFO tempest.lib.common.rest_client [req-89deee33-4f78-4c88-8017-c284e24edb0d req-89deee33-4f78-4c88-8017-c284e24edb0d ] Request (FlavorsAccessNegativeTestJSON:setUpClass): 200 GET http://10.180.1.21/identity/v3/domains?name=Default 0.527s
2024-12-15 00:14:32.489 68710 INFO tempest.lib.common.rest_client [req-ba9e4b43-d743-4312-b849-69adb0042ca8 req-ba9e4b43-d743-4312-b849-69adb0042ca8 ] Request (FloatingIPDetailsTestJSON:setUpClass): 200 GET http://10.180.1.21/identity/v3/domains?name=Default 0.533s
2024-12-15 00:14:32.497 68726 INFO tempest.lib.common.rest_client [req-8e6d5251-68fb-401d-a3d1-f7b1ffc37c78 req-8e6d5251-68fb-401d-a3d1-f7b1ffc37c78 ] Request (DeleteServersAdminTestJSON:setUpClass): 201 POST http://10.180.1.21/identity/v3/projects 0.520s
2024-12-15 00:14:32.500 68686 INFO tempest.lib.common.rest_client [req-fc92bc6e-f840-41f8-b771-d5ea76dd8b5c req-fc92bc6e-f840-41f8-b771-d5ea76dd8b5c ] Request (FlavorsV2TestJSON:test_list_flavors_detailed_using_marker): 200 GET http://10.180.1.21/compute/v2.1/flavors/detail?marker=42 0.028s
2024-12-15 00:14:32.503 68720 INFO tempest.lib.common.rest_client [req-2939cd8e-ac15-4ad9-bf69-de231bc6cb16 req-2939cd8e-ac15-4ad9-bf69-de231bc6cb16 ] Request (FloatingIPsTestJSON:setUpClass): 200 GET http://10.180.1.21/identity/v3/roles 0.506s
2024-12-15 00:14:32.515 68686 INFO tempest.lib.common.rest_client [req-84ff52f7-eece-4940-a9bc-8188806b6000 req-84ff52f7-eece-4940-a9bc-8188806b6000 ] Request (FlavorsV2TestJSON:test_list_flavors_filter_by_min_disk): 200 GET http://10.180.1.21/compute/v2.1/flavors/42 0.010s
2024-12-15 00:14:32.530 68686 INFO tempest.lib.common.rest_client [req-c21b3764-e83d-4e97-89d3-281475f91f21 req-c21b3764-e83d-4e97-89d3-281475f91f21 ] Request (FlavorsV2TestJSON:test_list_flavors_filter_by_min_disk): 200 GET http://10.180.1.21/compute/v2.1/flavors?minDisk=2 0.012s
2024-12-15 00:14:32.536 68668 INFO tempest.lib.common.rest_client [req-ebda79b0-4f36-48de-a73b-6ed376cb7e38 req-ebda79b0-4f36-48de-a73b-6ed376cb7e38 ] Request (ServicesAdminNegativeV253TestJSON:setUpClass): 204 PUT http://10.180.1.21/identity/v3/projects/c1ab7ba8f5f54a83bedd9fd98a5e4108/users/abb184684f9c443695ce3765c57a5370/roles/262d8954bba7487ebc7d9c89bcff685c 0.523s
2024-12-15 00:14:32.537 68668 INFO tempest.lib.common.dynamic_creds [-] Dynamic test user abb184684f9c443695ce3765c57a5370 is created with scope project and roles: ['admin']
2024-12-15 00:14:32.537 68668 INFO tempest.lib.common.dynamic_creds [-] Acquired dynamic creds: credentials: Credentials: {'domain_id': 'default', 'domain_name': 'Default', 'username': 'tempest-ServicesAdminNegativeV253TestJSON-1445545264-project-admin', 'project_domain_id': 'default', 'project_domain_name': 'Default', 'project_id': 'c1ab7ba8f5f54a83bedd9fd98a5e4108', 'project_name': 'tempest-ServicesAdminNegativeV253TestJSON-1445545264', 'tenant_id': 'c1ab7ba8f5f54a83bedd9fd98a5e4108', 'tenant_name': 'tempest-ServicesAdminNegativeV253TestJSON-1445545264', 'user_domain_id': 'default', 'user_domain_name': 'Default', 'user_id': 'abb184684f9c443695ce3765c57a5370', 'system': None}, Network: None, Subnet: None, Router: None
2024-12-15 00:14:32.537 68668 INFO tempest.lib.common.dynamic_creds [-] Created isolated network resources for: credentials: Credentials: {'domain_id': 'default', 'domain_name': 'Default', 'username': 'tempest-ServicesAdminNegativeV253TestJSON-1445545264-project-admin', 'project_domain_id': 'default', 'project_domain_name': 'Default', 'project_id': 'c1ab7ba8f5f54a83bedd9fd98a5e4108', 'project_name': 'tempest-ServicesAdminNegativeV253TestJSON-1445545264', 'tenant_id': 'c1ab7ba8f5f54a83bedd9fd98a5e4108', 'tenant_name': 'tempest-ServicesAdminNegativeV253TestJSON-1445545264', 'user_domain_id': 'default', 'user_domain_name': 'Default', 'user_id': 'abb184684f9c443695ce3765c57a5370', 'system': None}, Network: None, Subnet: None, Router: None
2024-12-15 00:14:32.544 68686 INFO tempest.lib.common.rest_client [req-7ad1590b-e13d-496d-90fa-04c6b0e04607 req-7ad1590b-e13d-496d-90fa-04c6b0e04607 ] Request (FlavorsV2TestJSON:test_list_flavors_filter_by_min_ram): 200 GET http://10.180.1.21/compute/v2.1/flavors/42 0.011s
2024-12-15 00:14:32.559 68686 INFO tempest.lib.common.rest_client [req-6d1e2618-6545-4beb-97fe-3fdbf1997c1a req-6d1e2618-6545-4beb-97fe-3fdbf1997c1a ] Request (FlavorsV2TestJSON:test_list_flavors_filter_by_min_ram): 200 GET http://10.180.1.21/compute/v2.1/flavors?minRam=193 0.013s
2024-12-15 00:14:32.573 68686 INFO tempest.lib.common.rest_client [req-879c6d7b-c95e-469a-9359-9bf81eb42357 req-879c6d7b-c95e-469a-9359-9bf81eb42357 ] Request (FlavorsV2TestJSON:test_list_flavors_limit_results): 200 GET http://10.180.1.21/compute/v2.1/flavors?limit=1 0.011s
2024-12-15 00:14:32.583 68718 INFO tempest.lib.common.rest_client [req-e4f37092-47f7-49d9-a9c6-290b771c6a3d req-e4f37092-47f7-49d9-a9c6-290b771c6a3d ] Request (FlavorsAccessTestJSON:setUpClass): 200 GET http://10.180.1.21/identity/v3/domains?name=Default 0.556s
2024-12-15 00:14:32.586 68686 INFO tempest.lib.common.rest_client [req-0d61e252-4e5a-4f2a-a2fc-f3085daf7905 req-0d61e252-4e5a-4f2a-a2fc-f3085daf7905 ] Request (FlavorsV2TestJSON:test_list_flavors_using_marker): 200 GET http://10.180.1.21/compute/v2.1/flavors/42 0.010s
2024-12-15 00:14:32.602 68694 INFO tempest.lib.common.rest_client [req-302153d0-3378-4760-a80d-48cd2fdd3875 req-302153d0-3378-4760-a80d-48cd2fdd3875 ] Request (QuotasAdminTestJSON:setUpClass): 200 GET http://10.180.1.21/identity/v3/roles 0.570s
2024-12-15 00:14:32.604 68686 INFO tempest.lib.common.rest_client [req-f7577645-9bdb-45f9-9579-e462e8616c31 req-f7577645-9bdb-45f9-9579-e462e8616c31 ] Request (FlavorsV2TestJSON:test_list_flavors_using_marker): 200 GET http://10.180.1.21/compute/v2.1/flavors?marker=42 0.015s
2024-12-15 00:14:32.621 68672 INFO tempest.lib.common.rest_client [req-460797cf-1a2c-45d3-8aac-d05f5d517b03 req-460797cf-1a2c-45d3-8aac-d05f5d517b03 ] Request (FlavorsExtraSpecsTestJSON:setUpClass): 201 POST http://10.180.1.21/identity/v3/users 0.571s
2024-12-15 00:14:32.621 68686 INFO tempest.lib.common.rest_client [req-7122a3e4-c123-4a03-be31-066eef4aae5d req-7122a3e4-c123-4a03-be31-066eef4aae5d ] Request (FlavorsV2TestJSON:test_list_flavors_with_detail): 200 GET http://10.180.1.21/compute/v2.1/flavors/detail 0.014s
2024-12-15 00:14:32.629 68682 INFO tempest.lib.common.rest_client [req-223a6848-c389-4978-89ac-2d2ece260dae req-223a6848-c389-4978-89ac-2d2ece260dae ] Request (HypervisorAdminUnderV252Test:setUpClass): 201 POST http://10.180.1.21/identity/v3/projects 0.577s
2024-12-15 00:14:32.637 68686 INFO tempest.lib.common.rest_client [req-c4837689-4563-4e3f-a3e8-f247b7b27646 req-c4837689-4563-4e3f-a3e8-f247b7b27646 ] Request (FlavorsV2TestJSON:test_list_flavors_with_detail): 200 GET http://10.180.1.21/compute/v2.1/flavors/42 0.010s
2024-12-15 00:14:32.678 68689 INFO tempest.lib.common.rest_client [req-61d189f3-2cb7-4efb-9b9f-4d5370b06b45 req-61d189f3-2cb7-4efb-9b9f-4d5370b06b45 ] Request (HypervisorAdminV228Test:setUpClass): 201 POST http://10.180.1.21/identity/v3/projects 0.558s
2024-12-15 00:14:32.728 68676 INFO tempest.lib.common.rest_client [req-35548f2a-d982-4262-81c0-b8e236da62e8 req-35548f2a-d982-4262-81c0-b8e236da62e8 ] Request (ServersAdmin275Test:setUpClass): 200 GET http://10.180.1.21/identity/v3/roles 0.603s
2024-12-15 00:14:32.737 68692 INFO tempest.lib.common.rest_client [req-5fecf74c-6eef-4991-9bfc-318506cc14ce req-5fecf74c-6eef-4991-9bfc-318506cc14ce ] Request (NetworksTest:setUpClass): 201 POST http://10.180.1.21/identity/v3/projects 0.591s
2024-12-15 00:14:32.747 68690 INFO tempest.lib.common.rest_client [req-4a09767d-621a-4b8a-910a-f02ada2bde3a req-4a09767d-621a-4b8a-910a-f02ada2bde3a ] Request (KeyPairsV210TestJSON:setUpClass): 201 POST http://10.180.1.21/identity/v3/users 0.595s
2024-12-15 00:14:32.789 68696 INFO tempest.lib.common.rest_client [req-2d028056-b6cd-494a-bffe-a3cb9f025af0 req-2d028056-b6cd-494a-bffe-a3cb9f025af0 ] Request (AZAdminV2TestJSON:setUpClass): 201 POST http://10.180.1.21/identity/v3/projects 0.623s
2024-12-15 00:14:32.794 68674 INFO tempest.lib.common.rest_client [req-81ec4451-f106-4949-bddc-5525895074a5 req-81ec4451-f106-4949-bddc-5525895074a5 ] Request (HypervisorAdminTestJSON:setUpClass): 204 PUT http://10.180.1.21/identity/v3/projects/9e18b567a3fa457eabe4d9d6c217d70b/users/4f6ef3936ef14fa6b8e4a013aaf3f9a8/roles/e35e04079676449bb27fd68003bc8f8e 0.584s
2024-12-15 00:14:32.794 68674 INFO tempest.lib.common.dynamic_creds [-] Dynamic test user 4f6ef3936ef14fa6b8e4a013aaf3f9a8 is created with scope project and roles: ['member']
2024-12-15 00:14:32.794 68674 INFO tempest.lib.common.dynamic_creds [-] Acquired dynamic creds: credentials: Credentials: {'domain_id': 'default', 'domain_name': 'Default', 'username': 'tempest-HypervisorAdminTestJSON-1775396878-project-member', 'project_domain_id': 'default', 'project_domain_name': 'Default', 'project_id': '9e18b567a3fa457eabe4d9d6c217d70b', 'project_name': 'tempest-HypervisorAdminTestJSON-1775396878', 'tenant_id': '9e18b567a3fa457eabe4d9d6c217d70b', 'tenant_name': 'tempest-HypervisorAdminTestJSON-1775396878', 'user_domain_id': 'default', 'user_domain_name': 'Default', 'user_id': '4f6ef3936ef14fa6b8e4a013aaf3f9a8', 'system': None}, Network: None, Subnet: None, Router: None
2024-12-15 00:14:32.794 68674 INFO tempest.lib.common.dynamic_creds [-] Created isolated network resources for: credentials: Credentials: {'domain_id': 'default', 'domain_name': 'Default', 'username': 'tempest-HypervisorAdminTestJSON-1775396878-project-member', 'project_domain_id': 'default', 'project_domain_name': 'Default', 'project_id': '9e18b567a3fa457eabe4d9d6c217d70b', 'project_name': 'tempest-HypervisorAdminTestJSON-1775396878', 'tenant_id': '9e18b567a3fa457eabe4d9d6c217d70b', 'tenant_name': 'tempest-HypervisorAdminTestJSON-1775396878', 'user_domain_id': 'default', 'user_domain_name': 'Default', 'user_id': '4f6ef3936ef14fa6b8e4a013aaf3f9a8', 'system': None}, Network: None, Subnet: None, Router: None
2024-12-15 00:14:32.846 68717 INFO tempest.lib.common.rest_client [req-0d6e8e5b-6464-47d3-a36d-3698d1c5d3a4 req-0d6e8e5b-6464-47d3-a36d-3698d1c5d3a4 ] Request (ServerDiagnosticsNegativeTest:setUpClass): 201 POST http://10.180.1.21/identity/v3/projects 0.583s
2024-12-15 00:14:32.868 68714 INFO tempest.lib.common.rest_client [req-62057f1d-bee9-492f-b8d9-43dd6f74a82b req-62057f1d-bee9-492f-b8d9-43dd6f74a82b ] Request (QuotasAdminTestV236:setUpClass): 201 POST http://10.180.1.21/identity/v3/users 0.656s
2024-12-15 00:14:32.871 68678 INFO tempest.lib.common.rest_client [req-c0e10891-6bf5-4d1f-a847-1ffeb5304fed req-c0e10891-6bf5-4d1f-a847-1ffeb5304fed ] Request (VolumesAssistedSnapshotsTest:setUpClass): 201 POST http://10.180.1.21:9696/networking/v2.0/networks 0.768s
2024-12-15 00:14:32.897 68680 INFO tempest.lib.common.rest_client [req-c0039b32-671d-4c7c-90a9-d119def1765e req-c0039b32-671d-4c7c-90a9-d119def1765e ] Request (VolumesAdminNegativeTest:setUpClass): 201 POST http://10.180.1.21/identity/v3/projects 0.612s
2024-12-15 00:14:32.914 68724 INFO tempest.lib.common.rest_client [req-e2a10694-d7fd-44f7-b031-e31bad3c2d83 req-e2a10694-d7fd-44f7-b031-e31bad3c2d83 ] Request (ImagesNegativeTestJSON:setUpClass): 204 PUT http://10.180.1.21/identity/v3/projects/f6431c4f91be487fb55ad6aa9f284031/users/05ccaa20d2c948c28245d213bb8f6f5c/roles/e35e04079676449bb27fd68003bc8f8e 0.612s
2024-12-15 00:14:32.914 68724 INFO tempest.lib.common.dynamic_creds [-] Dynamic test user 05ccaa20d2c948c28245d213bb8f6f5c is created with scope project and roles: ['member']
2024-12-15 00:14:32.914 68724 INFO tempest.lib.common.dynamic_creds [-] Acquired dynamic creds: credentials: Credentials: {'domain_id': 'default', 'domain_name': 'Default', 'username': 'tempest-ImagesNegativeTestJSON-1478917238-project-member', 'project_domain_id': 'default', 'project_domain_name': 'Default', 'project_id': 'f6431c4f91be487fb55ad6aa9f284031', 'project_name': 'tempest-ImagesNegativeTestJSON-1478917238', 'tenant_id': 'f6431c4f91be487fb55ad6aa9f284031', 'tenant_name': 'tempest-ImagesNegativeTestJSON-1478917238', 'user_domain_id': 'default', 'user_domain_name': 'Default', 'user_id': '05ccaa20d2c948c28245d213bb8f6f5c', 'system': None}, Network: None, Subnet: None, Router: None
2024-12-15 00:14:32.962 68700 INFO tempest.lib.common.rest_client [req-d204c241-9533-4af6-80cc-a0c52e1749be req-d204c241-9533-4af6-80cc-a0c52e1749be ] Request (FlavorsV255TestJSON:setUpClass): 201 POST http://10.180.1.21/identity/v3/projects 0.635s
2024-12-15 00:14:32.970 68702 INFO tempest.lib.common.rest_client [req-56d830a3-f70e-45d4-b0a5-b5afe23d3637 req-56d830a3-f70e-45d4-b0a5-b5afe23d3637 ] Request (FlavorsV261TestJSON:setUpClass): 200 GET http://10.180.1.21/identity/v3/roles 0.660s
2024-12-15 00:14:33.009 68678 INFO tempest.lib.common.rest_client [req-ff4cb664-b3f5-4a4d-b2a7-6d01a262a944 req-ff4cb664-b3f5-4a4d-b2a7-6d01a262a944 ] Request (VolumesAssistedSnapshotsTest:setUpClass): 201 POST http://10.180.1.21:9696/networking/v2.0/subnets 0.137s
2024-12-15 00:14:33.015 68708 INFO tempest.lib.common.rest_client [req-9b1a0c72-8133-4ead-8fee-e37562eb427b req-9b1a0c72-8133-4ead-8fee-e37562eb427b ] Request (HostsAdminNegativeTestJSON:setUpClass): 201 POST http://10.180.1.21/identity/v3/projects 0.680s
2024-12-15 00:14:33.018 68664 INFO tempest.lib.common.rest_client [req-1caa43f7-b5d9-40c9-9015-dc1749b8f71a req-1caa43f7-b5d9-40c9-9015-dc1749b8f71a ] Request (AggregatesAdminNegativeTestJSON:setUpClass): 201 POST http://10.180.1.21/identity/v3/users 0.666s
2024-12-15 00:14:33.063 68670 INFO tempest.lib.common.rest_client [req-17bda7ab-66fd-45f2-b3ae-a04b26829846 req-17bda7ab-66fd-45f2-b3ae-a04b26829846 ] Request (ServersWithSpecificFlavorTestJSON:setUpClass): 201 POST http://10.180.1.21/identity/v3/projects 0.707s
2024-12-15 00:14:33.072 68698 INFO tempest.lib.common.rest_client [req-46f44566-20e6-4d40-819b-3d8a26815838 req-46f44566-20e6-4d40-819b-3d8a26815838 ] Request (ServersTestBootFromVolume:setUpClass): 201 POST http://10.180.1.21/identity/v3/projects 0.673s
2024-12-15 00:14:33.132 68684 INFO tempest.lib.common.rest_client [req-1f1be772-d0ec-4af4-8f2a-e6eefa0daf87 req-1f1be772-d0ec-4af4-8f2a-e6eefa0daf87 ] Request (HypervisorAdminV253TestBase:setUpClass): 201 POST http://10.180.1.21/identity/v3/projects 0.712s
2024-12-15 00:14:33.151 68666 INFO tempest.lib.common.rest_client [req-3d430973-fc57-4c35-8fab-cbc8d04e199f req-3d430973-fc57-4c35-8fab-cbc8d04e199f ] Request (InstanceUsageAuditLogNegativeTestJSON:setUpClass): 201 POST http://10.180.1.21/identity/v3/users 0.744s
2024-12-15 00:14:33.180 68723 INFO tempest.lib.common.rest_client [req-72984a28-9a8f-4030-8a6a-eee55a997c46 req-72984a28-9a8f-4030-8a6a-eee55a997c46 ] Request (FlavorMetadataValidation:setUpClass): 204 PUT http://10.180.1.21/identity/v3/projects/6e0f5f7b7f224be194bfc9cee4f582b3/users/6b8be109aeed4ef2abe4b84ff9bd7dff/roles/262d8954bba7487ebc7d9c89bcff685c 0.728s
2024-12-15 00:14:33.199 68712 INFO tempest.lib.common.rest_client [req-409ef56c-5e39-4a49-b60c-8f630b43b8f6 req-409ef56c-5e39-4a49-b60c-8f630b43b8f6 ] Request (AZAdminNegativeTestJSON:setUpClass): 201 POST http://10.180.1.21/identity/v3/projects 0.728s
2024-12-15 00:14:33.255 68710 INFO tempest.lib.common.rest_client [req-ef85c516-ed8b-4f2f-96de-6f47d29c9b6c req-ef85c516-ed8b-4f2f-96de-6f47d29c9b6c ] Request (FloatingIPDetailsTestJSON:setUpClass): 201 POST http://10.180.1.21/identity/v3/projects 0.762s
2024-12-15 00:14:33.259 68706 INFO tempest.lib.common.rest_client [req-108c7c8c-6c6f-4304-92f7-a39d4979ebad req-108c7c8c-6c6f-4304-92f7-a39d4979ebad ] Request (FlavorsAccessNegativeTestJSON:setUpClass): 201 POST http://10.180.1.21/identity/v3/projects 0.781s
2024-12-15 00:14:33.312 68720 INFO tempest.lib.common.rest_client [req-fd535320-2bd2-4bd5-81bc-368f4b8220cb req-fd535320-2bd2-4bd5-81bc-368f4b8220cb ] Request (FloatingIPsTestJSON:setUpClass): 204 PUT http://10.180.1.21/identity/v3/projects/bfc9782f0cde4ff4944637fa476acffe/users/4d49180a0576452eb0ca3b69f36dab30/roles/e35e04079676449bb27fd68003bc8f8e 0.807s
2024-12-15 00:14:33.312 68720 INFO tempest.lib.common.dynamic_creds [-] Dynamic test user 4d49180a0576452eb0ca3b69f36dab30 is created with scope project and roles: ['member']
2024-12-15 00:14:33.312 68720 INFO tempest.lib.common.dynamic_creds [-] Acquired dynamic creds: credentials: Credentials: {'domain_id': 'default', 'domain_name': 'Default', 'username': 'tempest-FloatingIPsTestJSON-1609805487-project-member', 'project_domain_id': 'default', 'project_domain_name': 'Default', 'project_id': 'bfc9782f0cde4ff4944637fa476acffe', 'project_name': 'tempest-FloatingIPsTestJSON-1609805487', 'tenant_id': 'bfc9782f0cde4ff4944637fa476acffe', 'tenant_name': 'tempest-FloatingIPsTestJSON-1609805487', 'user_domain_id': 'default', 'user_domain_name': 'Default', 'user_id': '4d49180a0576452eb0ca3b69f36dab30', 'system': None}, Network: None, Subnet: None, Router: None
2024-12-15 00:14:33.332 68726 INFO tempest.lib.common.rest_client [req-454a61d6-7d75-44f4-988c-2bdbf370f711 req-454a61d6-7d75-44f4-988c-2bdbf370f711 ] Request (DeleteServersAdminTestJSON:setUpClass): 201 POST http://10.180.1.21/identity/v3/users 0.834s
2024-12-15 00:14:33.376 68668 INFO tempest.lib.common.rest_client [req-ac0deef2-2510-4722-9c24-23722240d6da req-ac0deef2-2510-4722-9c24-23722240d6da ] Request (ServicesAdminNegativeV253TestJSON:setUpClass): 201 POST http://10.180.1.21/identity/v3/auth/tokens 0.835s
2024-12-15 00:14:33.385 68718 INFO tempest.lib.common.rest_client [req-9d9435ab-35f7-44cc-8324-b58de86383bc req-9d9435ab-35f7-44cc-8324-b58de86383bc ] Request (FlavorsAccessTestJSON:setUpClass): 201 POST http://10.180.1.21/identity/v3/projects 0.800s
2024-12-15 00:14:33.398 68694 INFO tempest.lib.common.rest_client [req-06ae594c-da4f-4c3e-ba98-ffda12fe5853 req-06ae594c-da4f-4c3e-ba98-ffda12fe5853 ] Request (QuotasAdminTestJSON:setUpClass): 204 PUT http://10.180.1.21/identity/v3/projects/99397d1c84d44af1b54d05f217f6afc6/users/0b68b24e22424547987788ba924e5604/roles/e35e04079676449bb27fd68003bc8f8e 0.796s
2024-12-15 00:14:33.399 68694 INFO tempest.lib.common.dynamic_creds [-] Dynamic test user 0b68b24e22424547987788ba924e5604 is created with scope project and roles: ['member']
2024-12-15 00:14:33.399 68694 INFO tempest.lib.common.dynamic_creds [-] Acquired dynamic creds: credentials: Credentials: {'domain_id': 'default', 'domain_name': 'Default', 'username': 'tempest-QuotasAdminTestJSON-1199280476-project-member', 'project_domain_id': 'default', 'project_domain_name': 'Default', 'project_id': '99397d1c84d44af1b54d05f217f6afc6', 'project_name': 'tempest-QuotasAdminTestJSON-1199280476', 'tenant_id': '99397d1c84d44af1b54d05f217f6afc6', 'tenant_name': 'tempest-QuotasAdminTestJSON-1199280476', 'user_domain_id': 'default', 'user_domain_name': 'Default', 'user_id': '0b68b24e22424547987788ba924e5604', 'system': None}, Network: None, Subnet: None, Router: None
2024-12-15 00:14:33.399 68694 INFO tempest.lib.common.dynamic_creds [-] Created isolated network resources for: credentials: Credentials: {'domain_id': 'default', 'domain_name': 'Default', 'username': 'tempest-QuotasAdminTestJSON-1199280476-project-member', 'project_domain_id': 'default', 'project_domain_name': 'Default', 'project_id': '99397d1c84d44af1b54d05f217f6afc6', 'project_name': 'tempest-QuotasAdminTestJSON-1199280476', 'tenant_id': '99397d1c84d44af1b54d05f217f6afc6', 'tenant_name': 'tempest-QuotasAdminTestJSON-1199280476', 'user_domain_id': 'default', 'user_domain_name': 'Default', 'user_id': '0b68b24e22424547987788ba924e5604', 'system': None}, Network: None, Subnet: None, Router: None
2024-12-15 00:14:33.456 68682 INFO tempest.lib.common.rest_client [req-07afce9e-f08f-406e-8eab-c9ddc42584a0 req-07afce9e-f08f-406e-8eab-c9ddc42584a0 ] Request (HypervisorAdminUnderV252Test:setUpClass): 201 POST http://10.180.1.21/identity/v3/users 0.826s
2024-12-15 00:14:33.479 68672 INFO tempest.lib.common.rest_client [req-7198b42e-a9d8-416d-a80d-8fa71fd80355 req-7198b42e-a9d8-416d-a80d-8fa71fd80355 ] Request (FlavorsExtraSpecsTestJSON:setUpClass): 200 GET http://10.180.1.21/identity/v3/roles 0.858s
2024-12-15 00:14:33.502 68689 INFO tempest.lib.common.rest_client [req-fdced92c-1fc0-45cf-be24-5d196e8115a5 req-fdced92c-1fc0-45cf-be24-5d196e8115a5 ] Request (HypervisorAdminV228Test:setUpClass): 201 POST http://10.180.1.21/identity/v3/users 0.823s
2024-12-15 00:14:33.531 68686 INFO tempest.lib.common.rest_client [req-b335e5f7-c2bf-4aa9-a809-61b6184b206a req-b335e5f7-c2bf-4aa9-a809-61b6184b206a ] Request (FlavorsV2TestJSON:tearDownClass): 204 DELETE http://10.180.1.21/identity/v3/users/0eecfb43c52448d89386d612810efc2e 0.891s
2024-12-15 00:14:33.531 68686 INFO tempest.lib.common.dynamic_creds [-] Deleting project and security group for project: a8a1541b19a241d1bc7317ae1e6523ac
2024-12-15 00:14:33.548 68676 INFO tempest.lib.common.rest_client [req-974c89a3-6477-4a84-9cd0-4b66727a73d1 req-974c89a3-6477-4a84-9cd0-4b66727a73d1 ] Request (ServersAdmin275Test:setUpClass): 204 PUT http://10.180.1.21/identity/v3/projects/f45793a7bdd0439ba210d581030ca9c9/users/7d025efa2f404843b84ddbba2e347c6b/roles/e35e04079676449bb27fd68003bc8f8e 0.819s
2024-12-15 00:14:33.548 68676 INFO tempest.lib.common.dynamic_creds [-] Dynamic test user 7d025efa2f404843b84ddbba2e347c6b is created with scope project and roles: ['member']
2024-12-15 00:14:33.549 68676 INFO tempest.lib.common.dynamic_creds [-] Acquired dynamic creds: credentials: Credentials: {'domain_id': 'default', 'domain_name': 'Default', 'username': 'tempest-ServersAdmin275Test-1127567385-project-member', 'project_domain_id': 'default', 'project_domain_name': 'Default', 'project_id': 'f45793a7bdd0439ba210d581030ca9c9', 'project_name': 'tempest-ServersAdmin275Test-1127567385', 'tenant_id': 'f45793a7bdd0439ba210d581030ca9c9', 'tenant_name': 'tempest-ServersAdmin275Test-1127567385', 'user_domain_id': 'default', 'user_domain_name': 'Default', 'user_id': '7d025efa2f404843b84ddbba2e347c6b', 'system': None}, Network: None, Subnet: None, Router: None
2024-12-15 00:14:33.549 68676 INFO tempest.lib.common.dynamic_creds [-] Created isolated network resources for: credentials: Credentials: {'domain_id': 'default', 'domain_name': 'Default', 'username': 'tempest-ServersAdmin275Test-1127567385-project-member', 'project_domain_id': 'default', 'project_domain_name': 'Default', 'project_id': 'f45793a7bdd0439ba210d581030ca9c9', 'project_name': 'tempest-ServersAdmin275Test-1127567385', 'tenant_id': 'f45793a7bdd0439ba210d581030ca9c9', 'tenant_name': 'tempest-ServersAdmin275Test-1127567385', 'user_domain_id': 'default', 'user_domain_name': 'Default', 'user_id': '7d025efa2f404843b84ddbba2e347c6b', 'system': None}, Network: None, Subnet: None, Router: None
2024-12-15 00:14:33.593 68690 INFO tempest.lib.common.rest_client [req-ed2a065a-8aed-473f-b8a8-aa521f331f76 req-ed2a065a-8aed-473f-b8a8-aa521f331f76 ] Request (KeyPairsV210TestJSON:setUpClass): 200 GET http://10.180.1.21/identity/v3/roles 0.845s
2024-12-15 00:14:33.605 68692 INFO tempest.lib.common.rest_client [req-e4aba455-2a7b-4f0b-9db9-3d81c6378867 req-e4aba455-2a7b-4f0b-9db9-3d81c6378867 ] Request (NetworksTest:setUpClass): 201 POST http://10.180.1.21/identity/v3/users 0.868s
2024-12-15 00:14:33.617 68696 INFO tempest.lib.common.rest_client [req-cb8a7fbe-2615-4f03-bbaf-30fcff155bec req-cb8a7fbe-2615-4f03-bbaf-30fcff155bec ] Request (AZAdminV2TestJSON:setUpClass): 201 POST http://10.180.1.21/identity/v3/users 0.828s
2024-12-15 00:14:33.641 68717 INFO tempest.lib.common.rest_client [req-40e47046-120d-4832-9d3a-8f43a5f5c7c4 req-40e47046-120d-4832-9d3a-8f43a5f5c7c4 ] Request (ServerDiagnosticsNegativeTest:setUpClass): 201 POST http://10.180.1.21/identity/v3/users 0.794s
2024-12-15 00:14:33.643 68678 INFO tempest.lib.common.rest_client [req-efcbc60a-db27-446a-8ccc-c45cc16ab095 req-efcbc60a-db27-446a-8ccc-c45cc16ab095 ] Request (VolumesAssistedSnapshotsTest:setUpClass): 201 POST http://10.180.1.21:9696/networking/v2.0/routers 0.633s
2024-12-15 00:14:33.660 68714 INFO tempest.lib.common.rest_client [req-c0a7eddc-da15-4e36-b368-ee7207565b8e req-c0a7eddc-da15-4e36-b368-ee7207565b8e ] Request (QuotasAdminTestV236:setUpClass): 200 GET http://10.180.1.21/identity/v3/roles 0.792s
2024-12-15 00:14:33.673 68674 INFO tempest.lib.common.rest_client [req-9e1ef8e0-c74c-41e1-b9be-243500aac13f req-9e1ef8e0-c74c-41e1-b9be-243500aac13f ] Request (HypervisorAdminTestJSON:setUpClass): 201 POST http://10.180.1.21/identity/v3/auth/tokens 0.875s
2024-12-15 00:14:33.685 68680 INFO tempest.lib.common.rest_client [req-93a25d41-b895-4916-8447-26ad838e8d41 req-93a25d41-b895-4916-8447-26ad838e8d41 ] Request (VolumesAdminNegativeTest:setUpClass): 201 POST http://10.180.1.21/identity/v3/users 0.787s
2024-12-15 00:14:33.694 68724 INFO tempest.lib.common.rest_client [req-62df89b3-5890-49ab-b71d-2aa13f026391 req-62df89b3-5890-49ab-b71d-2aa13f026391 ] Request (ImagesNegativeTestJSON:setUpClass): 201 POST http://10.180.1.21/identity/v3/auth/tokens 0.779s
2024-12-15 00:14:33.707 68700 INFO tempest.lib.common.rest_client [req-531f3ee7-c678-4789-9785-b6d7b6e25bc7 req-531f3ee7-c678-4789-9785-b6d7b6e25bc7 ] Request (FlavorsV255TestJSON:setUpClass): 201 POST http://10.180.1.21/identity/v3/users 0.744s
2024-12-15 00:14:33.720 68702 INFO tempest.lib.common.rest_client [req-d1ad91d7-1b13-4298-8bf7-e402a9d6ffe5 req-d1ad91d7-1b13-4298-8bf7-e402a9d6ffe5 ] Request (FlavorsV261TestJSON:setUpClass): 204 PUT http://10.180.1.21/identity/v3/projects/3ba48c8277f549689a935772babee314/users/f194933d023645a593a1f84b974d4e94/roles/262d8954bba7487ebc7d9c89bcff685c 0.749s
2024-12-15 00:14:33.736 68708 INFO tempest.lib.common.rest_client [req-94e70a8a-297c-4397-a06d-2f0a9b6ade90 req-94e70a8a-297c-4397-a06d-2f0a9b6ade90 ] Request (HostsAdminNegativeTestJSON:setUpClass): 201 POST http://10.180.1.21/identity/v3/users 0.721s
2024-12-15 00:14:33.791 68664 INFO tempest.lib.common.rest_client [req-df9f8a10-f974-4a47-b6d5-c044cd8bbb8d req-df9f8a10-f974-4a47-b6d5-c044cd8bbb8d ] Request (AggregatesAdminNegativeTestJSON:setUpClass): 200 GET http://10.180.1.21/identity/v3/roles 0.773s
2024-12-15 00:14:33.798 68670 INFO tempest.lib.common.rest_client [req-623f6b25-98b0-40c8-a02a-48768dfa759b req-623f6b25-98b0-40c8-a02a-48768dfa759b ] Request (ServersWithSpecificFlavorTestJSON:setUpClass): 201 POST http://10.180.1.21/identity/v3/users 0.734s
2024-12-15 00:14:33.817 68698 INFO tempest.lib.common.rest_client [req-090fbc78-b12b-48c4-82de-19d81ad2de3c req-090fbc78-b12b-48c4-82de-19d81ad2de3c ] Request (ServersTestBootFromVolume:setUpClass): 201 POST http://10.180.1.21/identity/v3/users 0.745s
2024-12-15 00:14:33.830 68684 INFO tempest.lib.common.rest_client [req-7815a7dc-4689-4643-8d5a-ea137f019f2f req-7815a7dc-4689-4643-8d5a-ea137f019f2f ] Request (HypervisorAdminV253TestBase:setUpClass): 201 POST http://10.180.1.21/identity/v3/users 0.697s
2024-12-15 00:14:33.839 68666 INFO tempest.lib.common.rest_client [req-d186a44d-c657-4bce-9ff8-5caed265a920 req-d186a44d-c657-4bce-9ff8-5caed265a920 ] Request (InstanceUsageAuditLogNegativeTestJSON:setUpClass): 200 GET http://10.180.1.21/identity/v3/roles 0.687s
2024-12-15 00:14:33.853 68723 INFO tempest.lib.common.rest_client [req-b880eef6-dd8c-49c3-bde2-8d6138d8a069 req-b880eef6-dd8c-49c3-bde2-8d6138d8a069 ] Request (FlavorMetadataValidation:setUpClass): 200 GET http://10.180.1.21/identity/v3/roles 0.672s
2024-12-15 00:14:33.863 68712 INFO tempest.lib.common.rest_client [req-2d8f6cc3-d5cd-4869-aefc-6e5f74627bcf req-2d8f6cc3-d5cd-4869-aefc-6e5f74627bcf ] Request (AZAdminNegativeTestJSON:setUpClass): 201 POST http://10.180.1.21/identity/v3/users 0.663s
2024-12-15 00:14:33.880 68710 INFO tempest.lib.common.rest_client [req-9d3d0e49-33c4-4317-898c-5c7ac1f1d704 req-9d3d0e49-33c4-4317-898c-5c7ac1f1d704 ] Request (FloatingIPDetailsTestJSON:setUpClass): 201 POST http://10.180.1.21/identity/v3/users 0.624s
2024-12-15 00:14:33.886 68706 INFO tempest.lib.common.rest_client [req-d2173e02-e71e-4f5b-b1c3-3122063464fc req-d2173e02-e71e-4f5b-b1c3-3122063464fc ] Request (FlavorsAccessNegativeTestJSON:setUpClass): 201 POST http://10.180.1.21/identity/v3/users 0.626s
2024-12-15 00:14:33.902 68720 INFO tempest.lib.common.rest_client [req-13dfdc30-b8ed-49bb-aa56-24b6efc0d09a req-13dfdc30-b8ed-49bb-aa56-24b6efc0d09a ] Request (FloatingIPsTestJSON:setUpClass): 201 POST http://10.180.1.21/identity/v3/auth/tokens 0.589s
2024-12-15 00:14:33.906 68726 INFO tempest.lib.common.rest_client [req-0513745a-cc10-43f2-871e-f5a06bede043 req-0513745a-cc10-43f2-871e-f5a06bede043 ] Request (DeleteServersAdminTestJSON:setUpClass): 200 GET http://10.180.1.21/identity/v3/roles 0.573s
2024-12-15 00:14:33.931 68718 INFO tempest.lib.common.rest_client [req-f4b055d6-0292-493a-863c-d8903db0c158 req-f4b055d6-0292-493a-863c-d8903db0c158 ] Request (FlavorsAccessTestJSON:setUpClass): 201 POST http://10.180.1.21/identity/v3/users 0.545s
2024-12-15 00:14:34.005 68682 INFO tempest.lib.common.rest_client [req-bd458b11-e1b2-4779-a8cc-40a2d8f652fc req-bd458b11-e1b2-4779-a8cc-40a2d8f652fc ] Request (HypervisorAdminUnderV252Test:setUpClass): 200 GET http://10.180.1.21/identity/v3/roles 0.548s
2024-12-15 00:14:34.011 68668 INFO tempest.lib.common.rest_client [req-c61d8729-f15a-4766-bffb-a053c7d974eb req-c61d8729-f15a-4766-bffb-a053c7d974eb ] Request (ServicesAdminNegativeV253TestJSON:test_disable_log_reason_with_invalid_service_id): 404 PUT http://10.180.1.21/compute/v2.1/os-services/ed07ec6b-8cea-40dd-b388-f701afabe1d8 0.634s
2024-12-15 00:14:34.034 68694 INFO tempest.lib.common.rest_client [req-62140eea-b671-4417-a81c-2de089412dc4 req-62140eea-b671-4417-a81c-2de089412dc4 ] Request (QuotasAdminTestJSON:setUpClass): 201 POST http://10.180.1.21/identity/v3/auth/tokens 0.631s
2024-12-15 00:14:34.036 68672 INFO tempest.lib.common.rest_client [req-b1d34a62-e782-4327-a5fa-68c333dac95d req-b1d34a62-e782-4327-a5fa-68c333dac95d ] Request (FlavorsExtraSpecsTestJSON:setUpClass): 204 PUT http://10.180.1.21/identity/v3/projects/12dbbbac5caa411eb44fe5c8dee3b152/users/882c18af4f844f1b9c6fbe54564dab87/roles/262d8954bba7487ebc7d9c89bcff685c 0.556s
2024-12-15 00:14:34.085 68668 INFO tempest.lib.common.rest_client [req-0c017be5-aa9b-441a-8f1b-1f113e8fdba9 req-0c017be5-aa9b-441a-8f1b-1f113e8fdba9 ] Request (ServicesAdminNegativeV253TestJSON:test_disable_service_with_invalid_service_id): 404 PUT http://10.180.1.21/compute/v2.1/os-services/ed07ec6b-8cea-40dd-b388-f701afabe1d8 0.022s
2024-12-15 00:14:34.087 68689 INFO tempest.lib.common.rest_client [req-85e2df99-f8df-47a3-940a-06b948718182 req-85e2df99-f8df-47a3-940a-06b948718182 ] Request (HypervisorAdminV228Test:setUpClass): 200 GET http://10.180.1.21/identity/v3/roles 0.585s
2024-12-15 00:14:34.088 68686 INFO tempest.lib.common.rest_client [req-85473d0e-015a-452c-b4b4-9db7f6fecc9f req-85473d0e-015a-452c-b4b4-9db7f6fecc9f ] Request (FlavorsV2TestJSON:tearDownClass): 201 POST http://10.180.1.21/identity/v3/auth/tokens 0.556s
2024-12-15 00:14:34.105 68668 INFO tempest.lib.common.rest_client [req-dfee65bb-338a-441b-9e71-6db400c424e5 req-dfee65bb-338a-441b-9e71-6db400c424e5 ] Request (ServicesAdminNegativeV253TestJSON:test_enable_service_with_invalid_service_id): 404 PUT http://10.180.1.21/compute/v2.1/os-services/ed07ec6b-8cea-40dd-b388-f701afabe1d8 0.019s
2024-12-15 00:14:34.117 68690 INFO tempest.lib.common.rest_client [req-6f43b976-b93b-494b-b498-d7fd617c337e req-6f43b976-b93b-494b-b498-d7fd617c337e ] Request (KeyPairsV210TestJSON:setUpClass): 204 PUT http://10.180.1.21/identity/v3/projects/3a9d2cb351404a9c97d1ae77a857a17d/users/c08ad54302b4460b8a40479410565973/roles/e35e04079676449bb27fd68003bc8f8e 0.524s
2024-12-15 00:14:34.117 68690 INFO tempest.lib.common.dynamic_creds [-] Dynamic test user c08ad54302b4460b8a40479410565973 is created with scope project and roles: ['member']
2024-12-15 00:14:34.118 68690 INFO tempest.lib.common.dynamic_creds [-] Acquired dynamic creds: credentials: Credentials: {'domain_id': 'default', 'domain_name': 'Default', 'username': 'tempest-KeyPairsV210TestJSON-1421203992-project-member', 'project_domain_id': 'default', 'project_domain_name': 'Default', 'project_id': '3a9d2cb351404a9c97d1ae77a857a17d', 'project_name': 'tempest-KeyPairsV210TestJSON-1421203992', 'tenant_id': '3a9d2cb351404a9c97d1ae77a857a17d', 'tenant_name': 'tempest-KeyPairsV210TestJSON-1421203992', 'user_domain_id': 'default', 'user_domain_name': 'Default', 'user_id': 'c08ad54302b4460b8a40479410565973', 'system': None}, Network: None, Subnet: None, Router: None
2024-12-15 00:14:34.118 68690 INFO tempest.lib.common.dynamic_creds [-] Created isolated network resources for: credentials: Credentials: {'domain_id': 'default', 'domain_name': 'Default', 'username': 'tempest-KeyPairsV210TestJSON-1421203992-project-member', 'project_domain_id': 'default', 'project_domain_name': 'Default', 'project_id': '3a9d2cb351404a9c97d1ae77a857a17d', 'project_name': 'tempest-KeyPairsV210TestJSON-1421203992', 'tenant_id': '3a9d2cb351404a9c97d1ae77a857a17d', 'tenant_name': 'tempest-KeyPairsV210TestJSON-1421203992', 'user_domain_id': 'default', 'user_domain_name': 'Default', 'user_id': 'c08ad54302b4460b8a40479410565973', 'system': None}, Network: None, Subnet: None, Router: None
2024-12-15 00:14:34.134 68668 INFO tempest.lib.common.rest_client [req-23b9e2b9-9ae2-48cc-a9cf-ec7cd2cc63a0 req-23b9e2b9-9ae2-48cc-a9cf-ec7cd2cc63a0 ] Request (ServicesAdminNegativeV253TestJSON:test_get_service_by_invalid_params): 200 GET http://10.180.1.21/compute/v2.1/os-services 0.027s
2024-12-15 00:14:34.156 68676 INFO tempest.lib.common.rest_client [req-80119b05-a9e8-4a38-887b-5257254c2217 req-80119b05-a9e8-4a38-887b-5257254c2217 ] Request (ServersAdmin275Test:setUpClass): 201 POST http://10.180.1.21/identity/v3/auth/tokens 0.603s
2024-12-15 00:14:34.160 68668 INFO tempest.lib.common.rest_client [req-81e377f5-6b0c-4bcb-a03a-cef5992d7f42 req-81e377f5-6b0c-4bcb-a03a-cef5992d7f42 ] Request (ServicesAdminNegativeV253TestJSON:test_get_service_by_invalid_params): 200 GET http://10.180.1.21/compute/v2.1/os-services?xxx=nova-compute 0.022s
2024-12-15 00:14:34.170 68692 INFO tempest.lib.common.rest_client [req-42f2ec3d-bfe8-4dc1-88b0-1d5b342c62ca req-42f2ec3d-bfe8-4dc1-88b0-1d5b342c62ca ] Request (NetworksTest:setUpClass): 200 GET http://10.180.1.21/identity/v3/roles 0.564s
2024-12-15 00:14:34.175 68696 INFO tempest.lib.common.rest_client [req-a749e174-130b-48f4-8fd0-d65b979058cf req-a749e174-130b-48f4-8fd0-d65b979058cf ] Request (AZAdminV2TestJSON:setUpClass): 200 GET http://10.180.1.21/identity/v3/roles 0.557s
2024-12-15 00:14:34.183 68668 INFO tempest.lib.common.rest_client [req-f9f6015b-0f08-4a41-a734-8a3c39e648e3 req-f9f6015b-0f08-4a41-a734-8a3c39e648e3 ] Request (ServicesAdminNegativeV253TestJSON:test_get_service_by_invalid_service_and_valid_host): 200 GET http://10.180.1.21/compute/v2.1/os-services 0.020s
2024-12-15 00:14:34.184 68717 INFO tempest.lib.common.rest_client [req-5efa8c82-5874-40cd-93cc-c5f7c1764448 req-5efa8c82-5874-40cd-93cc-c5f7c1764448 ] Request (ServerDiagnosticsNegativeTest:setUpClass): 200 GET http://10.180.1.21/identity/v3/roles 0.542s
2024-12-15 00:14:34.203 68668 INFO tempest.lib.common.rest_client [req-f1723274-c3f9-437b-9156-b01b65d9de35 req-f1723274-c3f9-437b-9156-b01b65d9de35 ] Request (ServicesAdminNegativeV253TestJSON:test_get_service_by_invalid_service_and_valid_host): 200 GET http://10.180.1.21/compute/v2.1/os-services?host=devstack&binary=xxx 0.018s
2024-12-15 00:14:34.215 68714 INFO tempest.lib.common.rest_client [req-4934cc0d-c864-4304-92c9-53fc442703e9 req-4934cc0d-c864-4304-92c9-53fc442703e9 ] Request (QuotasAdminTestV236:setUpClass): 204 PUT http://10.180.1.21/identity/v3/projects/0c96f77c69ba4b5e9d74cdf073530e4c/users/32ca1aa3703b44d887d2de66cf760428/roles/e35e04079676449bb27fd68003bc8f8e 0.555s
2024-12-15 00:14:34.216 68714 INFO tempest.lib.common.dynamic_creds [-] Dynamic test user 32ca1aa3703b44d887d2de66cf760428 is created with scope project and roles: ['member']
2024-12-15 00:14:34.216 68714 INFO tempest.lib.common.dynamic_creds [-] Acquired dynamic creds: credentials: Credentials: {'domain_id': 'default', 'domain_name': 'Default', 'username': 'tempest-QuotasAdminTestV236-1733224133-project-member', 'project_domain_id': 'default', 'project_domain_name': 'Default', 'project_id': '0c96f77c69ba4b5e9d74cdf073530e4c', 'project_name': 'tempest-QuotasAdminTestV236-1733224133', 'tenant_id': '0c96f77c69ba4b5e9d74cdf073530e4c', 'tenant_name': 'tempest-QuotasAdminTestV236-1733224133', 'user_domain_id': 'default', 'user_domain_name': 'Default', 'user_id': '32ca1aa3703b44d887d2de66cf760428', 'system': None}, Network: None, Subnet: None, Router: None
2024-12-15 00:14:34.216 68714 INFO tempest.lib.common.dynamic_creds [-] Created isolated network resources for: credentials: Credentials: {'domain_id': 'default', 'domain_name': 'Default', 'username': 'tempest-QuotasAdminTestV236-1733224133-project-member', 'project_domain_id': 'default', 'project_domain_name': 'Default', 'project_id': '0c96f77c69ba4b5e9d74cdf073530e4c', 'project_name': 'tempest-QuotasAdminTestV236-1733224133', 'tenant_id': '0c96f77c69ba4b5e9d74cdf073530e4c', 'tenant_name': 'tempest-QuotasAdminTestV236-1733224133', 'user_domain_id': 'default', 'user_domain_name': 'Default', 'user_id': '32ca1aa3703b44d887d2de66cf760428', 'system': None}, Network: None, Subnet: None, Router: None
2024-12-15 00:14:34.227 68668 INFO tempest.lib.common.rest_client [req-9aa0fe96-e9a2-4822-b166-bfca1fac8333 req-9aa0fe96-e9a2-4822-b166-bfca1fac8333 ] Request (ServicesAdminNegativeV253TestJSON:test_get_service_with_valid_service_and_invalid_host): 200 GET http://10.180.1.21/compute/v2.1/os-services 0.019s
2024-12-15 00:14:34.250 68668 INFO tempest.lib.common.rest_client [req-a8f80df3-6615-4ab2-973b-b734f536db0b req-a8f80df3-6615-4ab2-973b-b734f536db0b ] Request (ServicesAdminNegativeV253TestJSON:test_get_service_with_valid_service_and_invalid_host): 200 GET http://10.180.1.21/compute/v2.1/os-services?host=xxx&binary=nova-scheduler 0.020s
2024-12-15 00:14:34.259 68674 INFO tempest.lib.common.rest_client [req-218d5001-f241-4236-9382-9b3ffdacbeff req-218d5001-f241-4236-9382-9b3ffdacbeff ] Request (HypervisorAdminTestJSON:setUpClass): 201 POST http://10.180.1.21/identity/v3/projects 0.586s
2024-12-15 00:14:34.261 68680 INFO tempest.lib.common.rest_client [req-4e58769f-8b4d-443d-8b76-64049fa00ddf req-4e58769f-8b4d-443d-8b76-64049fa00ddf ] Request (VolumesAdminNegativeTest:setUpClass): 200 GET http://10.180.1.21/identity/v3/roles 0.576s
2024-12-15 00:14:34.305 68700 INFO tempest.lib.common.rest_client [req-717a253f-9f52-49f8-ab72-3f887da9124c req-717a253f-9f52-49f8-ab72-3f887da9124c ] Request (FlavorsV255TestJSON:setUpClass): 200 GET http://10.180.1.21/identity/v3/roles 0.598s
2024-12-15 00:14:34.322 68702 INFO tempest.lib.common.rest_client [req-c1d3a177-2900-4658-9526-b93d8bd4b255 req-c1d3a177-2900-4658-9526-b93d8bd4b255 ] Request (FlavorsV261TestJSON:setUpClass): 200 GET http://10.180.1.21/identity/v3/roles 0.602s
2024-12-15 00:14:34.340 68708 INFO tempest.lib.common.rest_client [req-6522c5af-b9dc-4ca2-8d89-9de2003613d0 req-6522c5af-b9dc-4ca2-8d89-9de2003613d0 ] Request (HostsAdminNegativeTestJSON:setUpClass): 200 GET http://10.180.1.21/identity/v3/roles 0.603s
2024-12-15 00:14:34.353 68664 INFO tempest.lib.common.rest_client [req-d42043f0-3654-4c98-842a-5facc9589831 req-d42043f0-3654-4c98-842a-5facc9589831 ] Request (AggregatesAdminNegativeTestJSON:setUpClass): 204 PUT http://10.180.1.21/identity/v3/projects/0b28cf92ee364d848b60e8818606264c/users/3a8183703f15441a81fb2e8fd6f7d088/roles/e35e04079676449bb27fd68003bc8f8e 0.561s
2024-12-15 00:14:34.353 68664 INFO tempest.lib.common.dynamic_creds [-] Dynamic test user 3a8183703f15441a81fb2e8fd6f7d088 is created with scope project and roles: ['member']
2024-12-15 00:14:34.354 68664 INFO tempest.lib.common.dynamic_creds [-] Acquired dynamic creds: credentials: Credentials: {'domain_id': 'default', 'domain_name': 'Default', 'username': 'tempest-AggregatesAdminNegativeTestJSON-1557679139-project-member', 'project_domain_id': 'default', 'project_domain_name': 'Default', 'project_id': '0b28cf92ee364d848b60e8818606264c', 'project_name': 'tempest-AggregatesAdminNegativeTestJSON-1557679139', 'tenant_id': '0b28cf92ee364d848b60e8818606264c', 'tenant_name': 'tempest-AggregatesAdminNegativeTestJSON-1557679139', 'user_domain_id': 'default', 'user_domain_name': 'Default', 'user_id': '3a8183703f15441a81fb2e8fd6f7d088', 'system': None}, Network: None, Subnet: None, Router: None
2024-12-15 00:14:34.354 68664 INFO tempest.lib.common.dynamic_creds [-] Created isolated network resources for: credentials: Credentials: {'domain_id': 'default', 'domain_name': 'Default', 'username': 'tempest-AggregatesAdminNegativeTestJSON-1557679139-project-member', 'project_domain_id': 'default', 'project_domain_name': 'Default', 'project_id': '0b28cf92ee364d848b60e8818606264c', 'project_name': 'tempest-AggregatesAdminNegativeTestJSON-1557679139', 'tenant_id': '0b28cf92ee364d848b60e8818606264c', 'tenant_name': 'tempest-AggregatesAdminNegativeTestJSON-1557679139', 'user_domain_id': 'default', 'user_domain_name': 'Default', 'user_id': '3a8183703f15441a81fb2e8fd6f7d088', 'system': None}, Network: None, Subnet: None, Router: None
2024-12-15 00:14:34.360 68670 INFO tempest.lib.common.rest_client [req-268fe930-5afb-4f75-aeca-027af6db3fcb req-268fe930-5afb-4f75-aeca-027af6db3fcb ] Request (ServersWithSpecificFlavorTestJSON:setUpClass): 200 GET http://10.180.1.21/identity/v3/roles 0.562s
2024-12-15 00:14:34.397 68698 INFO tempest.lib.common.rest_client [req-7973a053-a92d-4891-a476-aa7069e8093b req-7973a053-a92d-4891-a476-aa7069e8093b ] Request (ServersTestBootFromVolume:setUpClass): 200 GET http://10.180.1.21/identity/v3/roles 0.579s
2024-12-15 00:14:34.401 68684 INFO tempest.lib.common.rest_client [req-3ebaab9d-d454-4a16-84ec-78ddff7f3034 req-3ebaab9d-d454-4a16-84ec-78ddff7f3034 ] Request (HypervisorAdminV253TestBase:setUpClass): 200 GET http://10.180.1.21/identity/v3/roles 0.571s
2024-12-15 00:14:34.417 68723 INFO tempest.lib.common.rest_client [req-55d37287-427b-4440-8dba-07202e9a951d req-55d37287-427b-4440-8dba-07202e9a951d ] Request (FlavorMetadataValidation:setUpClass): 204 PUT http://10.180.1.21/identity/v3/projects/6e0f5f7b7f224be194bfc9cee4f582b3/users/6b8be109aeed4ef2abe4b84ff9bd7dff/roles/262d8954bba7487ebc7d9c89bcff685c 0.563s
2024-12-15 00:14:34.417 68723 INFO tempest.lib.common.dynamic_creds [-] Dynamic test user 6b8be109aeed4ef2abe4b84ff9bd7dff is created with scope project and roles: ['admin']
2024-12-15 00:14:34.417 68723 INFO tempest.lib.common.dynamic_creds [-] Acquired dynamic creds: credentials: Credentials: {'domain_id': 'default', 'domain_name': 'Default', 'username': 'tempest-FlavorMetadataValidation-90737802-project-admin', 'project_domain_id': 'default', 'project_domain_name': 'Default', 'project_id': '6e0f5f7b7f224be194bfc9cee4f582b3', 'project_name': 'tempest-FlavorMetadataValidation-90737802', 'tenant_id': '6e0f5f7b7f224be194bfc9cee4f582b3', 'tenant_name': 'tempest-FlavorMetadataValidation-90737802', 'user_domain_id': 'default', 'user_domain_name': 'Default', 'user_id': '6b8be109aeed4ef2abe4b84ff9bd7dff', 'system': None}, Network: None, Subnet: None, Router: None
2024-12-15 00:14:34.417 68723 INFO tempest.lib.common.dynamic_creds [-] Created isolated network resources for: credentials: Credentials: {'domain_id': 'default', 'domain_name': 'Default', 'username': 'tempest-FlavorMetadataValidation-90737802-project-admin', 'project_domain_id': 'default', 'project_domain_name': 'Default', 'project_id': '6e0f5f7b7f224be194bfc9cee4f582b3', 'project_name': 'tempest-FlavorMetadataValidation-90737802', 'tenant_id': '6e0f5f7b7f224be194bfc9cee4f582b3', 'tenant_name': 'tempest-FlavorMetadataValidation-90737802', 'user_domain_id': 'default', 'user_domain_name': 'Default', 'user_id': '6b8be109aeed4ef2abe4b84ff9bd7dff', 'system': None}, Network: None, Subnet: None, Router: None
2024-12-15 00:14:34.425 68666 INFO tempest.lib.common.rest_client [req-c9b10a7a-4c89-4bb8-95f8-f089d16f2696 req-c9b10a7a-4c89-4bb8-95f8-f089d16f2696 ] Request (InstanceUsageAuditLogNegativeTestJSON:setUpClass): 204 PUT http://10.180.1.21/identity/v3/projects/582bba9bf88c4c26b7b118ad54239e87/users/a0ecb4ae56364857a7e74c23e8724bda/roles/e35e04079676449bb27fd68003bc8f8e 0.585s
2024-12-15 00:14:34.425 68666 INFO tempest.lib.common.dynamic_creds [-] Dynamic test user a0ecb4ae56364857a7e74c23e8724bda is created with scope project and roles: ['member']
2024-12-15 00:14:34.426 68666 INFO tempest.lib.common.dynamic_creds [-] Acquired dynamic creds: credentials: Credentials: {'domain_id': 'default', 'domain_name': 'Default', 'username': 'tempest-InstanceUsageAuditLogNegativeTestJSON-1196164777-project-member', 'project_domain_id': 'default', 'project_domain_name': 'Default', 'project_id': '582bba9bf88c4c26b7b118ad54239e87', 'project_name': 'tempest-InstanceUsageAuditLogNegativeTestJSON-1196164777', 'tenant_id': '582bba9bf88c4c26b7b118ad54239e87', 'tenant_name': 'tempest-InstanceUsageAuditLogNegativeTestJSON-1196164777', 'user_domain_id': 'default', 'user_domain_name': 'Default', 'user_id': 'a0ecb4ae56364857a7e74c23e8724bda', 'system': None}, Network: None, Subnet: None, Router: None
2024-12-15 00:14:34.426 68666 INFO tempest.lib.common.dynamic_creds [-] Created isolated network resources for: credentials: Credentials: {'domain_id': 'default', 'domain_name': 'Default', 'username': 'tempest-InstanceUsageAuditLogNegativeTestJSON-1196164777-project-member', 'project_domain_id': 'default', 'project_domain_name': 'Default', 'project_id': '582bba9bf88c4c26b7b118ad54239e87', 'project_name': 'tempest-InstanceUsageAuditLogNegativeTestJSON-1196164777', 'tenant_id': '582bba9bf88c4c26b7b118ad54239e87', 'tenant_name': 'tempest-InstanceUsageAuditLogNegativeTestJSON-1196164777', 'user_domain_id': 'default', 'user_domain_name': 'Default', 'user_id': 'a0ecb4ae56364857a7e74c23e8724bda', 'system': None}, Network: None, Subnet: None, Router: None
2024-12-15 00:14:34.449 68678 INFO tempest.lib.common.rest_client [req-94d73fe1-4119-4595-a554-00178dbb06d3 req-94d73fe1-4119-4595-a554-00178dbb06d3 ] Request (VolumesAssistedSnapshotsTest:setUpClass): 200 PUT http://10.180.1.21:9696/networking/v2.0/routers/5f79b8d4-e64e-43b2-90c0-d130e826bdda/add_router_interface 0.805s
