2024-08-06 07:59:50.266 62261 INFO tempest.lib.common.rest_client [req-159ab470-e0d0-40ee-9a1a-1777b6e99a0e req-159ab470-e0d0-40ee-9a1a-1777b6e99a0e ] Request (HypervisorAdminV253TestBase:setUpClass): 204 PUT http://10.180.1.21/identity/v3/projects/1a460eabdbc446cd95e0fc9ec9478c50/users/309871a6ad474be998e7bbe3c10a512b/roles/e0e62faaed9c43bf8c240f1487ea026d 0.021s
2024-08-06 07:59:50.266 62261 INFO tempest.lib.common.dynamic_creds [-] Dynamic test user 309871a6ad474be998e7bbe3c10a512b is created with scope project and roles: ['admin']
2024-08-06 07:59:50.266 62261 INFO tempest.lib.common.dynamic_creds [-] Acquired dynamic creds: credentials: Credentials: {'domain_id': 'default', 'domain_name': 'Default', 'username': 'tempest-HypervisorAdminV253TestBase-112344257-project-admin', 'project_domain_id': 'default', 'project_domain_name': 'Default', 'project_id': '1a460eabdbc446cd95e0fc9ec9478c50', 'project_name': 'tempest-HypervisorAdminV253TestBase-112344257', 'tenant_id': '1a460eabdbc446cd95e0fc9ec9478c50', 'tenant_name': 'tempest-HypervisorAdminV253TestBase-112344257', 'user_domain_id': 'default', 'user_domain_name': 'Default', 'user_id': '309871a6ad474be998e7bbe3c10a512b', 'system': None}, Network: None, Subnet: None, Router: None
2024-08-06 07:59:50.266 62261 INFO tempest.lib.common.dynamic_creds [-] Created isolated network resources for: credentials: Credentials: {'domain_id': 'default', 'domain_name': 'Default', 'username': 'tempest-HypervisorAdminV253TestBase-112344257-project-admin', 'project_domain_id': 'default', 'project_domain_name': 'Default', 'project_id': '1a460eabdbc446cd95e0fc9ec9478c50', 'project_name': 'tempest-HypervisorAdminV253TestBase-112344257', 'tenant_id': '1a460eabdbc446cd95e0fc9ec9478c50', 'tenant_name': 'tempest-HypervisorAdminV253TestBase-112344257', 'user_domain_id': 'default', 'user_domain_name': 'Default', 'user_id': '309871a6ad474be998e7bbe3c10a512b', 'system': None}, Network: None, Subnet: None, Router: None
2024-08-06 07:59:50.336 62261 INFO tempest.lib.common.rest_client [req-6e42ccdb-5b3a-45e0-8625-f0e8929419a3 req-6e42ccdb-5b3a-45e0-8625-f0e8929419a3 ] Request (HypervisorAdminV253TestBase:setUpClass): 201 POST http://10.180.1.21/identity/v3/auth/tokens 0.067s
2024-08-06 07:59:50.479 62293 INFO tempest.lib.common.rest_client [req-1c720a66-78a7-4a99-9722-94078066f31e req-1c720a66-78a7-4a99-9722-94078066f31e ] Request (TestVersions:tearDownClass): 204 DELETE http://10.180.1.21:9696/networking/v2.0/security-groups/9f3f361f-e384-420d-80e7-0568390753bd 0.339s
2024-08-06 07:59:50.504 62277 INFO tempest.lib.common.rest_client [req-c5117fba-8251-4cfe-a779-c0450901d995 req-c5117fba-8251-4cfe-a779-c0450901d995 ] Request (SecurityGroupRulesTestJSON:tearDownClass): 202 DELETE http://10.180.1.21/compute/v2.1/os-security-groups/c0aab1d9-d9a3-404a-aa03-195b93eb4ee2 2.372s
2024-08-06 07:59:50.511 62317 INFO tempest.lib.common.rest_client [req-521761fd-cc70-44af-ba11-600813279a24 req-521761fd-cc70-44af-ba11-600813279a24 ] Request (ListImageFiltersTestJSON:setUpClass): 202 POST http://10.180.1.21/compute/v2.1/servers 1.912s
2024-08-06 07:59:50.614 62293 INFO tempest.lib.common.rest_client [req-99812958-6cab-498a-80ee-edf66ea2297b req-99812958-6cab-498a-80ee-edf66ea2297b ] Request (TestVersions:tearDownClass): 204 DELETE http://10.180.1.21/identity/v3/projects/4e5c0d8dfe7e4d08b77b6a4b1b0285a5 0.134s
2024-08-06 07:59:51.040 62287 INFO tempest.lib.common.rest_client [req-04765d5a-2f18-4cc3-ab19-0d1e507c8a58 req-04765d5a-2f18-4cc3-ab19-0d1e507c8a58 ] Request (SecurityGroupRulesNegativeTestJSON:tearDownClass): 200 PUT http://10.180.1.21:9696/networking/v2.0/routers/c6483e70-0e29-4ef6-b7d7-c612acbe08c0/remove_router_interface 1.645s
2024-08-06 07:59:51.240 62269 INFO tempest.lib.common.rest_client [req-9fb7e944-e6f4-4feb-a1f4-e9cd5dffe8fb req-9fb7e944-e6f4-4feb-a1f4-e9cd5dffe8fb ] Request (ServersTestBootFromVolume:setUpClass): 200 GET http://10.180.1.21/volume/v3/2155135ec9624a2299302f9d1691a398/volumes/2c3f8814-6b50-4c70-b2f7-ca3b1cb319ef 0.025s
2024-08-06 07:59:51.248 62312 INFO tempest.lib.common.rest_client [req-900c4886-ae3b-4f77-9d1f-919d16ed6a6b req-900c4886-ae3b-4f77-9d1f-919d16ed6a6b ] Request (ServersTestMultiNic:test_verify_duplicate_network_nics): 202 POST http://10.180.1.21/compute/v2.1/servers 2.526s
2024-08-06 07:59:51.310 62285 INFO tempest.lib.common.rest_client [req-252f1059-784e-4e06-b190-d6fca56b22e6 req-252f1059-784e-4e06-b190-d6fca56b22e6 ] Request (InstanceActionsTestJSON:setUpClass): 200 GET http://10.180.1.21/compute/v2.1/servers/3aba926a-8ae5-426c-b6f0-efb5e0791c42 2.570s
2024-08-06 07:59:51.342 62307 INFO tempest.lib.common.rest_client [req-9a0ebc47-c21c-41ae-afd5-3454bbd10df3 req-9a0ebc47-c21c-41ae-afd5-3454bbd10df3 ] Request (FlavorsAdminTestJSON:test_create_server_with_non_public_flavor): 200 POST http://10.180.1.21/compute/v2.1/flavors 2.568s
2024-08-06 07:59:51.375 62326 INFO tempest.lib.common.rest_client [req-53d684da-7cf2-4a71-9b6e-5618a21d10af req-53d684da-7cf2-4a71-9b6e-5618a21d10af ] Request (KeyPairsV210TestJSON:_run_cleanups): 204 DELETE http://10.180.1.21/compute/v2.1/os-keypairs/tempest-KeyPairsV210TestJSON-keypair-493822814 2.594s
2024-08-06 07:59:51.472 62291 INFO tempest.lib.common.rest_client [req-3269097d-a887-49a1-bb4e-947e4e4e0190 req-3269097d-a887-49a1-bb4e-947e4e4e0190 ] Request (AttachVolumeTestJSON:test_attach_detach_volume): 200 GET http://10.180.1.21/compute/v2.1/servers/b819920a-cc74-4718-a054-e81affabcd5b 2.685s
2024-08-06 07:59:51.486 62275 INFO tempest.lib.common.rest_client [req-8f72d4a3-8e5d-4418-90c6-df49452a69a9 req-8f72d4a3-8e5d-4418-90c6-df49452a69a9 ] Request (AggregatesAdminNegativeTestJSON:test_aggregate_get_details_as_user): 403 GET http://10.180.1.21/compute/v2.1/os-aggregates/6 2.677s
2024-08-06 07:59:51.545 62305 INFO tempest.lib.common.rest_client [req-ff5e9e64-5801-4f03-8472-75df8bb749ec req-ff5e9e64-5801-4f03-8472-75df8bb749ec ] Request (AttachVolumeShelveTestJSON:test_attach_volume_shelved_or_offload_server): 202 POST http://10.180.1.21/compute/v2.1/servers 2.819s
2024-08-06 07:59:51.563 62279 INFO tempest.lib.common.rest_client [req-f0b02788-a3cf-4b28-b945-2f8eca21b8f1 req-f0b02788-a3cf-4b28-b945-2f8eca21b8f1 ] Request (FlavorsAccessNegativeTestJSON:_run_cleanups): 200 GET http://10.180.1.21/compute/v2.1/flavors/detail 2.152s
2024-08-06 07:59:51.566 62321 INFO tempest.lib.common.rest_client [req-02865069-5cce-4b9f-ab88-4adede35bf68 req-02865069-5cce-4b9f-ab88-4adede35bf68 ] Request (ServersAdminNegativeTestJSON:setUpClass): 200 GET http://10.180.1.21/compute/v2.1/servers/aa885305-7cdb-44d3-9bd2-880eb042a63e 2.476s
2024-08-06 07:59:51.607 62324 INFO tempest.lib.common.rest_client [req-f2f8aefc-20c1-4bf0-b049-dd9361dc15f3 req-f2f8aefc-20c1-4bf0-b049-dd9361dc15f3 ] Request (KeyPairsV22TestJSON:_run_cleanups): 204 DELETE http://10.180.1.21/compute/v2.1/os-keypairs/tempest-keypair-1069686845 2.148s
2024-08-06 07:59:51.699 62267 INFO tempest.lib.common.rest_client [req-7a1da72f-fb03-4ac2-93b4-6c4b213e3e00 req-7a1da72f-fb03-4ac2-93b4-6c4b213e3e00 ] Request (SecurityGroupsTestJSON:test_list_security_groups_by_server): 200 GET http://10.180.1.21/compute/v2.1/servers/30ed2fba-e386-469e-8fc7-0fd6b222626d 2.069s
2024-08-06 07:59:51.709 62279 INFO tempest.lib.common.rest_client [req-a450b0a5-a2ad-4075-a4bb-10707fa36e8f req-a450b0a5-a2ad-4075-a4bb-10707fa36e8f ] Request (FlavorsAccessNegativeTestJSON:tearDownClass): 204 DELETE http://10.180.1.21/identity/v3/users/0ee55df241934bc4b0e14104a60e1419 0.141s
2024-08-06 07:59:51.795 62259 INFO tempest.lib.common.rest_client [req-25499d05-7972-49f0-9886-6fc2c43157a5 req-25499d05-7972-49f0-9886-6fc2c43157a5 ] Request (DeleteServersTestJSON:test_delete_active_server): 200 GET http://10.180.1.21/compute/v2.1/servers/eff3a330-b4b9-486f-b26b-e3556d08a3b8 2.152s
2024-08-06 07:59:51.854 62279 INFO tempest.lib.common.rest_client [req-ad649c64-b6e1-4400-94c4-e8b75d15bdd2 req-ad649c64-b6e1-4400-94c4-e8b75d15bdd2 ] Request (FlavorsAccessNegativeTestJSON:tearDownClass): 204 DELETE http://10.180.1.21/identity/v3/users/1f55e21d98bc45cf8a17d731d8786cbd 0.144s
2024-08-06 07:59:51.895 62263 INFO tempest.lib.common.rest_client [req-479d536a-29c4-4aad-aa01-fadd8961ab1b req-479d536a-29c4-4aad-aa01-fadd8961ab1b ] Request (ServersAdmin275Test:_run_cleanups): 200 GET http://10.180.1.21/compute/v2.1/servers/1bf7f97f-ccfe-4ee0-a6fb-2234769c4b62 1.981s
2024-08-06 07:59:51.907 62263 INFO tempest.common.waiters [-] State transition "REBUILD/rebuild_spawning" ==> "ACTIVE/None" after 10 second wait
2024-08-06 07:59:51.924 62281 INFO tempest.lib.common.rest_client [req-5569be29-0f44-482a-94ea-c7bfca6a6c85 req-5569be29-0f44-482a-94ea-c7bfca6a6c85 ] Request (ServerMetadataTestJSON:setUpClass): 201 POST http://10.180.1.21:9696/networking/v2.0/routers 2.213s
2024-08-06 07:59:51.954 62279 INFO tempest.lib.common.rest_client [req-ed9881d6-5be1-4661-bc3f-ad62edd6d18b req-ed9881d6-5be1-4661-bc3f-ad62edd6d18b ] Request (FlavorsAccessNegativeTestJSON:tearDownClass): 204 DELETE http://10.180.1.21/identity/v3/users/5b85e607b6254409878a616cbf4a2687 0.099s
2024-08-06 07:59:51.954 62279 INFO tempest.lib.common.dynamic_creds [-] Deleting project and security group for project: 61ea355435cd4c63a6e5bf8318139d77
2024-08-06 07:59:52.010 62279 INFO tempest.lib.common.rest_client [req-82ffaa6c-0fa9-41ff-9107-fc67c96fb3f7 req-82ffaa6c-0fa9-41ff-9107-fc67c96fb3f7 ] Request (FlavorsAccessNegativeTestJSON:tearDownClass): 201 POST http://10.180.1.21/identity/v3/auth/tokens 0.055s
2024-08-06 07:59:52.129 62265 INFO tempest.lib.common.rest_client [req-c6cdf004-3baf-468f-8a6b-a778bc2e4ee1 req-c6cdf004-3baf-468f-8a6b-a778bc2e4ee1 ] Request (VolumesAdminNegativeTest:test_update_attached_volume_with_nonexistent_volume_in_uri): 202 POST http://10.180.1.21/compute/v2.1/servers 2.556s
2024-08-06 07:59:52.180 62287 INFO tempest.lib.common.rest_client [req-bb2a2553-fcaf-4f52-bd9a-611d4cdc4be0 req-bb2a2553-fcaf-4f52-bd9a-611d4cdc4be0 ] Request (SecurityGroupRulesNegativeTestJSON:tearDownClass): 204 DELETE http://10.180.1.21:9696/networking/v2.0/routers/c6483e70-0e29-4ef6-b7d7-c612acbe08c0 1.139s
2024-08-06 07:59:52.283 62269 INFO tempest.lib.common.rest_client [req-b4343091-fb82-4008-ac63-ebe6095e927d req-b4343091-fb82-4008-ac63-ebe6095e927d ] Request (ServersTestBootFromVolume:setUpClass): 200 GET http://10.180.1.21/volume/v3/2155135ec9624a2299302f9d1691a398/volumes/2c3f8814-6b50-4c70-b2f7-ca3b1cb319ef 0.037s
2024-08-06 07:59:52.288 62295 INFO tempest.lib.common.rest_client [req-e7481de1-6c6b-4e0f-84db-ab916dae889a req-e7481de1-6c6b-4e0f-84db-ab916dae889a ] Request (AttachInterfacesTestJSON:test_create_list_show_delete_interfaces_by_fixed_ip): 200 GET http://10.180.1.21/compute/v2.1/servers/4efc40b0-7ac3-4455-be40-4480240f1ae6 2.270s
2024-08-06 07:59:52.294 62295 INFO tempest.common.waiters [-] State transition "BUILD/None" ==> "BUILD/block_device_mapping" after 19 second wait
2024-08-06 07:59:52.362 62284 INFO tempest.lib.common.rest_client [req-fe199605-4510-4a0a-87d4-9843b67012fe req-fe199605-4510-4a0a-87d4-9843b67012fe ] Request (QuotasAdminTestJSON:test_get_updated_quotas): 200 PUT http://10.180.1.21/compute/v2.1/os-quota-sets/b533a5de70c3436d817c97c9c149990b?user_id=38f426b59d94461ea84e33af198aa128 2.339s
2024-08-06 07:59:52.379 62298 INFO tempest.lib.common.rest_client [req-b3c66ed3-ee6a-48bc-9b5a-3bd7e10fe89f req-b3c66ed3-ee6a-48bc-9b5a-3bd7e10fe89f ] Request (AttachInterfacesV270Test:test_create_get_list_interfaces): 200 GET http://10.180.1.21/compute/v2.1/servers/2dbe6731-bab0-4a47-91c7-a1d8b42dcec4 2.256s
2024-08-06 07:59:52.494 62261 INFO tempest.lib.common.rest_client [req-80d1ac92-5ba3-4e17-956a-ee9759873856 req-80d1ac92-5ba3-4e17-956a-ee9759873856 ] Request (HypervisorAdminV253TestBase:test_list_show_detail_hypervisors): 200 GET http://10.180.1.21/compute/v2.1/os-hypervisors/detail?with_servers=True 2.157s
2024-08-06 07:59:52.613 62287 INFO tempest.lib.common.rest_client [req-d15d5cad-6ba4-4c0d-afe3-cc4c772b70d8 req-d15d5cad-6ba4-4c0d-afe3-cc4c772b70d8 ] Request (SecurityGroupRulesNegativeTestJSON:tearDownClass): 204 DELETE http://10.180.1.21:9696/networking/v2.0/subnets/ce41c1e0-3085-45b4-8c80-8b9acd7d6b1c 0.433s
2024-08-06 07:59:52.671 62272 INFO tempest.lib.common.rest_client [req-7b0b86ed-525a-419b-8547-81fad788bfb3 req-7b0b86ed-525a-419b-8547-81fad788bfb3 ] Request (ServerActionsV293TestJSON:setUpClass): 200 PUT http://10.180.1.21:9696/networking/v2.0/routers/726a0249-754b-4f49-9fe7-67cd6354e468/add_router_interface 2.645s
2024-08-06 07:59:52.672 62272 INFO tempest.lib.common.dynamic_creds [-] Created isolated network resources for: credentials: Credentials: {'domain_id': 'default', 'domain_name': 'Default', 'username': 'tempest-ServerActionsV293TestJSON-1542316113-project-member', 'project_domain_id': 'default', 'project_domain_name': 'Default', 'project_id': '7703029ff3ca40f3a3c12ab3f41128bc', 'project_name': 'tempest-ServerActionsV293TestJSON-1542316113', 'tenant_id': '7703029ff3ca40f3a3c12ab3f41128bc', 'tenant_name': 'tempest-ServerActionsV293TestJSON-1542316113', 'user_domain_id': 'default', 'user_domain_name': 'Default', 'user_id': '1a4e4470dc7a4f4d9106db627ea806cc', 'system': None}, Network: {'id': 'd04c0760-49ef-4e06-9aa9-01bcbee761c3', 'name': 'tempest-ServerActionsV293TestJSON-1553467927-network', 'tenant_id': '7703029ff3ca40f3a3c12ab3f41128bc', 'admin_state_up': True, 'mtu': 8950, 'status': 'ACTIVE', 'subnets': [], 'shared': False, 'project_id': '7703029ff3ca40f3a3c12ab3f41128bc', 'port_security_enabled': True, 'router:external': False, 'provider:network_type': 'vlan', 'provider:physical_network': 'default', 'provider:segmentation_id': 307, 'is_default': False, 'availability_zone_hints': [], 'availability_zones': [], 'ipv4_address_scope': None, 'ipv6_address_scope': None, 'description': '', 'tags': [], 'created_at': '2024-08-06T07:59:46Z', 'updated_at': '2024-08-06T07:59:46Z', 'revision_number': 1}, Subnet: {'id': '42480b53-b2ed-4a99-89c0-283edd020a16', 'name': 'tempest-ServerActionsV293TestJSON-1553467927-subnet', 'tenant_id': '7703029ff3ca40f3a3c12ab3f41128bc', 'network_id': 'd04c0760-49ef-4e06-9aa9-01bcbee761c3', 'ip_version': 4, 'subnetpool_id': None, 'enable_dhcp': True, 'ipv6_ra_mode': None, 'ipv6_address_mode': None, 'gateway_ip': '192.168.128.1', 'cidr': '192.168.128.0/28', 'allocation_pools': [{'start': '192.168.128.2', 'end': '192.168.128.14'}], 'host_routes': [], 'dns_nameservers': [], 'description': '', 'router:external': False, 'service_types': [], 'tags': [], 'created_at': '2024-08-06T07:59:46Z', 'updated_at': '2024-08-06T07:59:46Z', 'revision_number': 0, 'project_id': '7703029ff3ca40f3a3c12ab3f41128bc'}, Router: {'id': '726a0249-754b-4f49-9fe7-67cd6354e468', 'name': 'tempest-ServerActionsV293TestJSON-1553467927-router', 'tenant_id': '7703029ff3ca40f3a3c12ab3f41128bc', 'admin_state_up': True, 'status': 'ACTIVE', 'external_gateway_info': {'network_id': '8f2dbfe1-9a40-4cc3-88d1-4861a63d419e', 'external_fixed_ips': [{'subnet_id': 'a7ed2c43-1472-4203-885b-cc7136e90b73', 'ip_address': '10.180.180.169'}], 'enable_snat': True}, 'description': '', 'availability_zones': [], 'distributed': False, 'ha': False, 'availability_zone_hints': [], 'routes': [], 'flavor_id': None, 'tags': [], 'created_at': '2024-08-06T07:59:47Z', 'updated_at': '2024-08-06T07:59:48Z', 'revision_number': 2, 'project_id': '7703029ff3ca40f3a3c12ab3f41128bc'}
2024-08-06 07:59:52.714 62317 INFO tempest.lib.common.rest_client [req-aad9f1b2-7d19-4cc5-8981-2a7addc9a3a3 req-aad9f1b2-7d19-4cc5-8981-2a7addc9a3a3 ] Request (ListImageFiltersTestJSON:setUpClass): 200 GET http://10.180.1.21/compute/v2.1/servers/174502bb-4932-4643-800a-5603f213c143 2.201s
2024-08-06 07:59:52.725 62277 INFO tempest.lib.common.rest_client [req-4bd9721a-4faf-4696-b782-a900aed32f38 req-4bd9721a-4faf-4696-b782-a900aed32f38 ] Request (SecurityGroupRulesTestJSON:tearDownClass): 202 DELETE http://10.180.1.21/compute/v2.1/os-security-groups/e00a48c8-45af-4d92-ba3e-9c5460330883 2.221s
2024-08-06 07:59:52.782 62272 INFO tempest.lib.common.rest_client [req-047e53a5-d84c-4fc9-80a7-dc45ff071910 req-047e53a5-d84c-4fc9-80a7-dc45ff071910 ] Request (ServerActionsV293TestJSON:setUpClass): 201 POST http://10.180.1.21/identity/v3/auth/tokens 0.106s
2024-08-06 07:59:52.793 62310 INFO tempest.lib.common.rest_client [req-b5fe0aef-79bd-4e64-b313-b54affb66e6d req-b5fe0aef-79bd-4e64-b313-b54affb66e6d ] Request (VolumesAssistedSnapshotsTest:test_volume_assisted_snapshot_create_delete): 200 GET http://10.180.1.21/compute/v2.1/servers/6fffc743-caaa-4356-9406-6bdc6321aa1f 1.793s
2024-08-06 07:59:52.825 62279 INFO tempest.lib.common.rest_client [req-3e0762c6-087e-487b-aa1f-207e9a8a0026 req-3e0762c6-087e-487b-aa1f-207e9a8a0026 ] Request (FlavorsAccessNegativeTestJSON:tearDownClass): 200 GET http://10.180.1.21:9696/networking/v2.0/security-groups?tenant_id=61ea355435cd4c63a6e5bf8318139d77&name=default 0.814s
2024-08-06 07:59:52.863 62274 INFO tempest.lib.common.rest_client [req-9f3a274d-cb46-4a62-9618-d3deb6e16960 req-9f3a274d-cb46-4a62-9618-d3deb6e16960 ] Request (ServersWithSpecificFlavorTestJSON:test_verify_created_server_ephemeral_disk): 200 GET http://10.180.1.21/compute/v2.1/servers/afe9a3ca-2235-4a2b-9b9f-7988a77f3c2d 1.812s
2024-08-06 07:59:52.886 62300 INFO tempest.lib.common.rest_client [req-309845d6-8525-4982-bd5f-d02016cb65dc req-309845d6-8525-4982-bd5f-d02016cb65dc ] Request (ServerDiagnosticsV248Test:tearDownClass): 200 GET http://10.180.1.21/compute/v2.1/servers/5527576a-d56d-42c3-a7f7-02c66c0d1b3d 2.311s
2024-08-06 07:59:52.932 62319 INFO tempest.lib.common.rest_client [req-08bcdb68-5191-43ae-8e40-2963fe025902 req-08bcdb68-5191-43ae-8e40-2963fe025902 ] Request (MigrationsAdminTest:test_resize_server_revert_deleted_flavor): 200 GET http://10.180.1.21/compute/v2.1/servers/f6e746c9-9f82-48c7-90bf-384c31d90473 1.831s
2024-08-06 07:59:52.979 62257 INFO tempest.lib.common.rest_client [req-c2f228f2-8642-4562-bcd2-4585594dc573 req-c2f228f2-8642-4562-bcd2-4585594dc573 ] Request (ServersAdminTestJSON:setUpClass): 200 GET http://10.180.1.21/compute/v2.1/servers/eaa96051-2a7e-4b80-a88b-5bb4faccc8c4 1.849s
2024-08-06 07:59:52.993 62289 INFO tempest.lib.common.rest_client [req-2f7693b6-0652-4ae5-a073-ccd437bc657d req-2f7693b6-0652-4ae5-a073-ccd437bc657d ] Request (TenantUsagesTestJSON:setUpClass): 200 GET http://10.180.1.21/compute/v2.1/servers/bd326bfa-d15a-4ce5-b4f6-6738aae0f60c 1.805s
2024-08-06 07:59:53.008 62307 INFO tempest.lib.common.rest_client [req-78b333ab-f7d3-48dd-972a-043ac6454740 req-78b333ab-f7d3-48dd-972a-043ac6454740 ] Request (FlavorsAdminTestJSON:test_create_server_with_non_public_flavor): 400 POST http://10.180.1.21/compute/v2.1/servers 1.664s
2024-08-06 07:59:53.034 62326 INFO tempest.lib.common.rest_client [req-02dc0407-65d1-4f82-93d1-20aa3abce354 req-02dc0407-65d1-4f82-93d1-20aa3abce354 ] Request (KeyPairsV210TestJSON:_run_cleanups): 204 DELETE http://10.180.1.21/compute/v2.1/os-keypairs/tempest-keypair-221577460?user_id=aa905eb4b7fa498e9d073a8842fe0660 1.659s
2024-08-06 07:59:53.041 62279 INFO tempest.lib.common.rest_client [req-822f400a-7ce6-4670-9acf-01f00cd9c02d req-822f400a-7ce6-4670-9acf-01f00cd9c02d ] Request (FlavorsAccessNegativeTestJSON:tearDownClass): 204 DELETE http://10.180.1.21:9696/networking/v2.0/security-groups/41b2b9b2-7f44-41a0-bb56-45a11b4bede4 0.215s
2024-08-06 07:59:53.046 62312 INFO tempest.lib.common.rest_client [req-d24cd67e-ad4c-4313-b2d4-ae31d69bf6b3 req-d24cd67e-ad4c-4313-b2d4-ae31d69bf6b3 ] Request (ServersTestMultiNic:test_verify_duplicate_network_nics): 200 GET http://10.180.1.21/compute/v2.1/servers/bf15af21-af13-4f9b-9583-bb5ba7371a66 1.796s
2024-08-06 07:59:53.056 62275 INFO tempest.lib.common.rest_client [req-e173c23c-2dc7-4366-9ad6-b24492173bb7 req-e173c23c-2dc7-4366-9ad6-b24492173bb7 ] Request (AggregatesAdminNegativeTestJSON:_run_cleanups): 200 DELETE http://10.180.1.21/compute/v2.1/os-aggregates/6 1.570s
2024-08-06 07:59:53.123 62324 INFO tempest.lib.common.rest_client [req-93b72972-4ccd-4769-81f2-794d62aaf493 req-93b72972-4ccd-4769-81f2-794d62aaf493 ] Request (KeyPairsV22TestJSON:test_keypairs_create_list_delete): 201 POST http://10.180.1.21/compute/v2.1/os-keypairs 1.513s
2024-08-06 07:59:53.131 62279 INFO tempest.lib.common.rest_client [req-977286ae-d97d-4ed5-a662-8a189c54771c req-977286ae-d97d-4ed5-a662-8a189c54771c ] Request (FlavorsAccessNegativeTestJSON:tearDownClass): 204 DELETE http://10.180.1.21/identity/v3/projects/61ea355435cd4c63a6e5bf8318139d77 0.090s
2024-08-06 07:59:53.132 62279 INFO tempest.lib.common.dynamic_creds [-] Deleting project and security group for project: cedeae21d028442e948a6a4442f92867
2024-08-06 07:59:53.139 62305 INFO tempest.lib.common.rest_client [req-b7cc2031-c677-4809-9874-a18440d52a87 req-b7cc2031-c677-4809-9874-a18440d52a87 ] Request (AttachVolumeShelveTestJSON:test_attach_volume_shelved_or_offload_server): 200 GET http://10.180.1.21/compute/v2.1/servers/2d53ce6a-58c2-4788-b92e-39e4a30aca44 1.593s
2024-08-06 07:59:53.239 62263 INFO tempest.lib.common.rest_client [req-8cc1ab00-57ba-478b-8118-85e8efe1a2a1 req-8cc1ab00-57ba-478b-8118-85e8efe1a2a1 ] Request (ServersAdmin275Test:tearDownClass): 204 DELETE http://10.180.1.21/compute/v2.1/servers/1bf7f97f-ccfe-4ee0-a6fb-2234769c4b62 1.280s
2024-08-06 07:59:53.268 62287 INFO tempest.lib.common.rest_client [req-56665a06-23ac-4a2a-a119-02f51c5d0b46 req-56665a06-23ac-4a2a-a119-02f51c5d0b46 ] Request (SecurityGroupRulesNegativeTestJSON:tearDownClass): 204 DELETE http://10.180.1.21:9696/networking/v2.0/networks/42a958e2-04b4-411d-8c5b-c6c74062914d 0.655s
2024-08-06 07:59:53.306 62285 INFO tempest.lib.common.rest_client [req-0ccc554e-8dde-4d08-aa14-b7ff1766f70b req-0ccc554e-8dde-4d08-aa14-b7ff1766f70b ] Request (InstanceActionsTestJSON:setUpClass): 200 GET http://10.180.1.21/compute/v2.1/servers/3aba926a-8ae5-426c-b6f0-efb5e0791c42 0.988s
2024-08-06 07:59:53.323 62269 INFO tempest.lib.common.rest_client [req-d9924448-47ec-4a93-b822-b20f715ea148 req-d9924448-47ec-4a93-b822-b20f715ea148 ] Request (ServersTestBootFromVolume:setUpClass): 200 GET http://10.180.1.21/volume/v3/2155135ec9624a2299302f9d1691a398/volumes/2c3f8814-6b50-4c70-b2f7-ca3b1cb319ef 0.033s
2024-08-06 07:59:53.375 62287 INFO tempest.lib.common.rest_client [req-bec301dc-bd7d-43fb-af31-6339ed1f0245 req-bec301dc-bd7d-43fb-af31-6339ed1f0245 ] Request (SecurityGroupRulesNegativeTestJSON:tearDownClass): 204 DELETE http://10.180.1.21/identity/v3/users/c1b7c5cb1e9d4855a353ef28cae0123d 0.106s
2024-08-06 07:59:53.376 62287 INFO tempest.lib.common.dynamic_creds [-] Deleting project and security group for project: c27c52870df34944929a6d7c431016fe
2024-08-06 07:59:53.430 62265 INFO tempest.lib.common.rest_client [req-71c7ea88-c8f2-4545-948e-63bd48254c13 req-71c7ea88-c8f2-4545-948e-63bd48254c13 ] Request (VolumesAdminNegativeTest:test_update_attached_volume_with_nonexistent_volume_in_uri): 200 GET http://10.180.1.21/compute/v2.1/servers/4bf9019f-65bc-4fd4-be3c-f71691472d39 1.299s
2024-08-06 07:59:53.443 62284 INFO tempest.lib.common.rest_client [req-f7c5c058-44ed-432f-ab5f-fed5f1f04b0f req-f7c5c058-44ed-432f-ab5f-fed5f1f04b0f ] Request (QuotasAdminTestJSON:test_get_updated_quotas): 200 GET http://10.180.1.21/compute/v2.1/os-quota-sets/b533a5de70c3436d817c97c9c149990b?user_id=38f426b59d94461ea84e33af198aa128 1.079s
2024-08-06 07:59:53.460 62287 INFO tempest.lib.common.rest_client [req-3aaaa984-1c21-4646-a00c-62f73337caec req-3aaaa984-1c21-4646-a00c-62f73337caec ] Request (SecurityGroupRulesNegativeTestJSON:tearDownClass): 200 GET http://10.180.1.21:9696/networking/v2.0/security-groups?tenant_id=c27c52870df34944929a6d7c431016fe&name=default 0.084s
2024-08-06 07:59:53.462 62279 INFO tempest.lib.common.rest_client [req-2af53602-8a57-4d01-8999-83779909553b req-2af53602-8a57-4d01-8999-83779909553b ] Request (FlavorsAccessNegativeTestJSON:tearDownClass): 200 GET http://10.180.1.21:9696/networking/v2.0/security-groups?tenant_id=cedeae21d028442e948a6a4442f92867&name=default 0.330s
2024-08-06 07:59:53.490 62261 INFO tempest.lib.common.rest_client [req-d65cccde-2fdd-4cd8-9c40-cf467f916afa req-d65cccde-2fdd-4cd8-9c40-cf467f916afa ] Request (HypervisorAdminV253TestBase:test_list_show_detail_hypervisors): 200 GET http://10.180.1.21/compute/v2.1/os-hypervisors?with_servers=True 0.991s
2024-08-06 07:59:53.509 62291 INFO tempest.lib.common.rest_client [req-54adec86-26d8-444e-9cd6-9fee8d9a4417 req-54adec86-26d8-444e-9cd6-9fee8d9a4417 ] Request (AttachVolumeTestJSON:test_attach_detach_volume): 200 GET http://10.180.1.21/compute/v2.1/servers/b819920a-cc74-4718-a054-e81affabcd5b 1.029s
2024-08-06 07:59:53.539 62284 INFO tempest.lib.common.rest_client [req-ed08af2a-8d42-4795-8e5d-462e4d9633cf req-ed08af2a-8d42-4795-8e5d-462e4d9633cf ] Request (QuotasAdminTestJSON:_run_cleanups): 204 DELETE http://10.180.1.21/identity/v3/users/38f426b59d94461ea84e33af198aa128 0.095s
2024-08-06 07:59:53.573 62321 INFO tempest.lib.common.rest_client [req-75297b38-e4b3-45b9-a0e8-adafecd1bc05 req-75297b38-e4b3-45b9-a0e8-adafecd1bc05 ] Request (ServersAdminNegativeTestJSON:setUpClass): 200 GET http://10.180.1.21/compute/v2.1/servers/aa885305-7cdb-44d3-9bd2-880eb042a63e 1.000s
2024-08-06 07:59:53.574 62267 INFO tempest.lib.common.rest_client [req-fef01663-e901-4500-8c16-561e8e4a8931 req-fef01663-e901-4500-8c16-561e8e4a8931 ] Request (SecurityGroupsTestJSON:test_list_security_groups_by_server): 200 GET http://10.180.1.21/compute/v2.1/servers/30ed2fba-e386-469e-8fc7-0fd6b222626d 0.867s
2024-08-06 07:59:53.642 62287 INFO tempest.lib.common.rest_client [req-18149682-e545-4f7b-96e0-b1ffb4113b3a req-18149682-e545-4f7b-96e0-b1ffb4113b3a ] Request (SecurityGroupRulesNegativeTestJSON:tearDownClass): 204 DELETE http://10.180.1.21:9696/networking/v2.0/security-groups/b154943d-4b88-45d8-997e-4100bb561c9b 0.182s
2024-08-06 07:59:53.648 62284 INFO tempest.lib.common.rest_client [req-d8df33f6-9512-4f28-aec7-700196479d2b req-d8df33f6-9512-4f28-aec7-700196479d2b ] Request (QuotasAdminTestJSON:_run_cleanups): 204 DELETE http://10.180.1.21/identity/v3/projects/b533a5de70c3436d817c97c9c149990b 0.108s
2024-08-06 07:59:53.736 62281 INFO tempest.lib.common.rest_client [req-197e3ea5-9ec8-484b-b5db-bd4c5b9cfa1e req-197e3ea5-9ec8-484b-b5db-bd4c5b9cfa1e ] Request (ServerMetadataTestJSON:setUpClass): 200 PUT http://10.180.1.21:9696/networking/v2.0/routers/3f777dbc-3438-47a8-9a69-f14f0ebc5e41/add_router_interface 1.811s
2024-08-06 07:59:53.736 62281 INFO tempest.lib.common.dynamic_creds [-] Created isolated network resources for: credentials: Credentials: {'domain_id': 'default', 'domain_name': 'Default', 'username': 'tempest-ServerMetadataTestJSON-1794960356-project-member', 'project_domain_id': 'default', 'project_domain_name': 'Default', 'project_id': '32c2abb1d04f404282f881c7be431686', 'project_name': 'tempest-ServerMetadataTestJSON-1794960356', 'tenant_id': '32c2abb1d04f404282f881c7be431686', 'tenant_name': 'tempest-ServerMetadataTestJSON-1794960356', 'user_domain_id': 'default', 'user_domain_name': 'Default', 'user_id': 'b0187ba07ff545ce9ba85898e050e9bb', 'system': None}, Network: {'id': '235ae1ca-46e1-486e-88d7-509fed47970c', 'name': 'tempest-ServerMetadataTestJSON-1504475442-network', 'tenant_id': '32c2abb1d04f404282f881c7be431686', 'admin_state_up': True, 'mtu': 8950, 'status': 'ACTIVE', 'subnets': [], 'shared': False, 'project_id': '32c2abb1d04f404282f881c7be431686', 'port_security_enabled': True, 'router:external': False, 'provider:network_type': 'vlan', 'provider:physical_network': 'default', 'provider:segmentation_id': 666, 'is_default': False, 'availability_zone_hints': [], 'availability_zones': [], 'ipv4_address_scope': None, 'ipv6_address_scope': None, 'description': '', 'tags': [], 'created_at': '2024-08-06T07:59:48Z', 'updated_at': '2024-08-06T07:59:48Z', 'revision_number': 1}, Subnet: {'id': '1967c020-6f69-4047-ba35-268d29c27a52', 'name': 'tempest-ServerMetadataTestJSON-1504475442-subnet', 'tenant_id': '32c2abb1d04f404282f881c7be431686', 'network_id': '235ae1ca-46e1-486e-88d7-509fed47970c', 'ip_version': 4, 'subnetpool_id': None, 'enable_dhcp': True, 'ipv6_ra_mode': None, 'ipv6_address_mode': None, 'gateway_ip': '192.168.128.1', 'cidr': '192.168.128.0/28', 'allocation_pools': [{'start': '192.168.128.2', 'end': '192.168.128.14'}], 'host_routes': [], 'dns_nameservers': [], 'description': '', 'router:external': False, 'service_types': [], 'tags': [], 'created_at': '2024-08-06T07:59:49Z', 'updated_at': '2024-08-06T07:59:49Z', 'revision_number': 0, 'project_id': '32c2abb1d04f404282f881c7be431686'}, Router: {'id': '3f777dbc-3438-47a8-9a69-f14f0ebc5e41', 'name': 'tempest-ServerMetadataTestJSON-1504475442-router', 'tenant_id': '32c2abb1d04f404282f881c7be431686', 'admin_state_up': True, 'status': 'ACTIVE', 'external_gateway_info': {'network_id': '8f2dbfe1-9a40-4cc3-88d1-4861a63d419e', 'external_fixed_ips': [{'subnet_id': 'a7ed2c43-1472-4203-885b-cc7136e90b73', 'ip_address': '10.180.180.131'}], 'enable_snat': True}, 'description': '', 'availability_zones': [], 'distributed': False, 'ha': False, 'availability_zone_hints': [], 'routes': [], 'flavor_id': None, 'tags': [], 'created_at': '2024-08-06T07:59:49Z', 'updated_at': '2024-08-06T07:59:50Z', 'revision_number': 2, 'project_id': '32c2abb1d04f404282f881c7be431686'}
2024-08-06 07:59:53.758 62287 INFO tempest.lib.common.rest_client [req-580f3219-6bc3-4f78-a5b5-7d299b435bff req-580f3219-6bc3-4f78-a5b5-7d299b435bff ] Request (SecurityGroupRulesNegativeTestJSON:tearDownClass): 204 DELETE http://10.180.1.21/identity/v3/projects/c27c52870df34944929a6d7c431016fe 0.115s
2024-08-06 07:59:53.791 62272 INFO tempest.lib.common.rest_client [req-c5b2d1da-a855-4c56-aebb-0f5ff43a5af1 req-c5b2d1da-a855-4c56-aebb-0f5ff43a5af1 ] Request (ServerActionsV293TestJSON:setUpClass): 201 POST http://10.180.1.21/compute/v2.1/os-keypairs 1.007s
2024-08-06 07:59:53.818 62279 INFO tempest.lib.common.rest_client [req-79fdda5d-4305-416b-a477-08f84198da6e req-79fdda5d-4305-416b-a477-08f84198da6e ] Request (FlavorsAccessNegativeTestJSON:tearDownClass): 204 DELETE http://10.180.1.21:9696/networking/v2.0/security-groups/bddd4b83-2514-4ef7-8188-6afb591bbad5 0.355s
2024-08-06 07:59:53.830 62287 INFO tempest.lib.common.rest_client [req-7b62c0b6-bf3e-46d0-85f1-05ff5b96cb8e req-7b62c0b6-bf3e-46d0-85f1-05ff5b96cb8e ] Request (ListServersNegativeTestJSON:setUpClass): 201 POST http://10.180.1.21/identity/v3/auth/tokens 0.069s
2024-08-06 07:59:53.835 62281 INFO tempest.lib.common.rest_client [req-7b5e669c-1e58-44e5-b038-f11bb8c0f87e req-7b5e669c-1e58-44e5-b038-f11bb8c0f87e ] Request (ServerMetadataTestJSON:setUpClass): 201 POST http://10.180.1.21/identity/v3/auth/tokens 0.095s
2024-08-06 07:59:53.870 62259 INFO tempest.lib.common.rest_client [req-2642dc14-fa5a-4eb9-8b42-eadedca1323c req-2642dc14-fa5a-4eb9-8b42-eadedca1323c ] Request (DeleteServersTestJSON:test_delete_active_server): 200 GET http://10.180.1.21/compute/v2.1/servers/eff3a330-b4b9-486f-b26b-e3556d08a3b8 1.068s
2024-08-06 07:59:53.873 62287 INFO tempest.lib.common.rest_client [req-fd209907-bbd9-4a08-9aba-4f69f631259c req-fd209907-bbd9-4a08-9aba-4f69f631259c ] Request (ListServersNegativeTestJSON:setUpClass): 201 POST http://10.180.1.21/identity/v3/auth/tokens 0.039s
2024-08-06 07:59:53.890 62307 INFO tempest.lib.common.rest_client [req-74960107-9ae6-4faa-bed1-aca2cef20448 req-74960107-9ae6-4faa-bed1-aca2cef20448 ] Request (FlavorsAdminTestJSON:_run_cleanups): 202 DELETE http://10.180.1.21/compute/v2.1/flavors/1025033718 0.881s
2024-08-06 07:59:53.904 62326 INFO tempest.lib.common.rest_client [req-4811dc45-5ad8-4b30-9111-0b12b2d03492 req-4811dc45-5ad8-4b30-9111-0b12b2d03492 ] Request (KeyPairsV210TestJSON:_run_cleanups): 204 DELETE http://10.180.1.21/compute/v2.1/os-keypairs/tempest-keypair-534500692?user_id=aa905eb4b7fa498e9d073a8842fe0660 0.869s
2024-08-06 07:59:53.909 62279 INFO tempest.lib.common.rest_client [req-15002488-de2f-44ba-be2f-938a0d2e8ca6 req-15002488-de2f-44ba-be2f-938a0d2e8ca6 ] Request (FlavorsAccessNegativeTestJSON:tearDownClass): 204 DELETE http://10.180.1.21/identity/v3/projects/cedeae21d028442e948a6a4442f92867 0.091s
2024-08-06 07:59:53.910 62279 INFO tempest.lib.common.dynamic_creds [-] Deleting project and security group for project: 62ad995730b64b7794a1ec787436a5d5
2024-08-06 07:59:53.919 62275 INFO tempest.lib.common.rest_client [req-8d906102-3687-42d2-a6a7-587bd4d064bd req-8d906102-3687-42d2-a6a7-587bd4d064bd ] Request (AggregatesAdminNegativeTestJSON:test_aggregate_get_details_with_invalid_id): 404 GET http://10.180.1.21/compute/v2.1/os-aggregates/-1 0.861s
2024-08-06 07:59:53.920 62281 INFO tempest.lib.common.rest_client [req-4f9615e0-6599-4162-9767-cc3dc587cc20 req-4f9615e0-6599-4162-9767-cc3dc587cc20 ] Request (ServerMetadataTestJSON:setUpClass): 201 POST http://10.180.1.21/identity/v3/auth/tokens 0.080s
2024-08-06 07:59:53.921 62281 INFO tempest.lib.common.fixed_network [-] (ServerMetadataTestJSON:setUpClass) Found network {'id': '235ae1ca-46e1-486e-88d7-509fed47970c', 'name': 'tempest-ServerMetadataTestJSON-1504475442-network', 'tenant_id': '32c2abb1d04f404282f881c7be431686', 'admin_state_up': True, 'mtu': 8950, 'status': 'ACTIVE', 'subnets': [], 'shared': False, 'project_id': '32c2abb1d04f404282f881c7be431686', 'port_security_enabled': True, 'router:external': False, 'provider:network_type': 'vlan', 'provider:physical_network': 'default', 'provider:segmentation_id': 666, 'is_default': False, 'availability_zone_hints': [], 'availability_zones': [], 'ipv4_address_scope': None, 'ipv6_address_scope': None, 'description': '', 'tags': [], 'created_at': '2024-08-06T07:59:48Z', 'updated_at': '2024-08-06T07:59:48Z', 'revision_number': 1} available for tenant
2024-08-06 07:59:53.970 62287 INFO tempest.lib.common.rest_client [req-6dc58d0b-50b8-4274-b4ce-b6cd81f13349 req-6dc58d0b-50b8-4274-b4ce-b6cd81f13349 ] Request (ListServersNegativeTestJSON:setUpClass): 200 GET http://10.180.1.21/identity/v3/domains?name=Default 0.096s
2024-08-06 07:59:53.971 62277 INFO tempest.lib.common.rest_client [req-404d4d49-db77-4fe3-a922-55f1bcd6aa02 req-404d4d49-db77-4fe3-a922-55f1bcd6aa02 ] Request (SecurityGroupRulesTestJSON:tearDownClass): 202 DELETE http://10.180.1.21/compute/v2.1/os-security-groups/e3a11626-6b1b-41a5-a15e-b440c5ff850a 1.245s
2024-08-06 07:59:53.971 62324 INFO tempest.lib.common.rest_client [req-6abdfc86-8c41-45b0-81a8-8c9f9bb1d42e req-6abdfc86-8c41-45b0-81a8-8c9f9bb1d42e ] Request (KeyPairsV22TestJSON:test_keypairs_create_list_delete): 201 POST http://10.180.1.21/compute/v2.1/os-keypairs 0.847s
2024-08-06 07:59:54.008 62287 INFO tempest.lib.common.rest_client [req-b73fd4c6-8b10-4121-9f0c-e48a4cb057f2 req-b73fd4c6-8b10-4121-9f0c-e48a4cb057f2 ] Request (ListServersNegativeTestJSON:setUpClass): 201 POST http://10.180.1.21/identity/v3/projects 0.037s
2024-08-06 07:59:54.038 62279 INFO tempest.lib.common.rest_client [req-56af9f00-2d68-40a8-be49-42cb1cd8e4bd req-56af9f00-2d68-40a8-be49-42cb1cd8e4bd ] Request (FlavorsAccessNegativeTestJSON:tearDownClass): 200 GET http://10.180.1.21:9696/networking/v2.0/security-groups?tenant_id=62ad995730b64b7794a1ec787436a5d5&name=default 0.128s
2024-08-06 07:59:54.064 62272 INFO tempest.lib.common.rest_client [req-f8dcbdb4-fc7c-4e5e-88b1-39ead6ecec12 req-f8dcbdb4-fc7c-4e5e-88b1-39ead6ecec12 ] Request (ServerActionsV293TestJSON:setUpClass): 201 POST http://10.180.1.21:9696/networking/v2.0/security-groups 0.271s
2024-08-06 07:59:54.081 62326 INFO tempest.lib.common.rest_client [req-d9a2b842-05fc-4576-aa3b-2dd8ef3a5123 req-d9a2b842-05fc-4576-aa3b-2dd8ef3a5123 ] Request (KeyPairsV210TestJSON:tearDownClass): 204 DELETE http://10.180.1.21/identity/v3/users/aa905eb4b7fa498e9d073a8842fe0660 0.175s
2024-08-06 07:59:54.087 62263 INFO tempest.lib.common.rest_client [req-62824c9b-2c46-4fe0-a96e-9ade07e9b12b req-62824c9b-2c46-4fe0-a96e-9ade07e9b12b ] Request (ServersAdmin275Test:tearDownClass): 200 GET http://10.180.1.21/compute/v2.1/servers/1bf7f97f-ccfe-4ee0-a6fb-2234769c4b62 0.847s
2024-08-06 07:59:54.100 62287 INFO tempest.lib.common.rest_client [req-11979a14-1234-482d-8376-a739658f691a req-11979a14-1234-482d-8376-a739658f691a ] Request (ListServersNegativeTestJSON:setUpClass): 201 POST http://10.180.1.21/identity/v3/users 0.091s
2024-08-06 07:59:54.161 62287 INFO tempest.lib.common.rest_client [req-c6b3ba11-8f45-44b0-84cb-1646360149f2 req-c6b3ba11-8f45-44b0-84cb-1646360149f2 ] Request (ListServersNegativeTestJSON:setUpClass): 200 GET http://10.180.1.21/identity/v3/roles 0.060s
2024-08-06 07:59:54.165 62298 INFO tempest.lib.common.rest_client [req-0c152780-2112-4dd0-b604-7241f76a2601 req-0c152780-2112-4dd0-b604-7241f76a2601 ] Request (AttachInterfacesV270Test:test_create_get_list_interfaces): 200 GET http://10.180.1.21/compute/v2.1/servers/2dbe6731-bab0-4a47-91c7-a1d8b42dcec4 0.774s
2024-08-06 07:59:54.195 62261 INFO tempest.lib.common.rest_client [req-9a2433dd-50a8-4dce-b4a0-81d1554cfb72 req-9a2433dd-50a8-4dce-b4a0-81d1554cfb72 ] Request (HypervisorAdminV253TestBase:test_list_show_detail_hypervisors): 200 GET http://10.180.1.21/compute/v2.1/os-hypervisors/c68e615f-c0c6-4278-bb7b-a579e68878a7 0.703s
2024-08-06 07:59:54.205 62279 INFO tempest.lib.common.rest_client [req-45ef1a4d-4ad8-4031-b87f-6972d91bd351 req-45ef1a4d-4ad8-4031-b87f-6972d91bd351 ] Request (FlavorsAccessNegativeTestJSON:tearDownClass): 204 DELETE http://10.180.1.21:9696/networking/v2.0/security-groups/be4bfc58-550c-4f50-84ae-1e838d301681 0.167s
2024-08-06 07:59:54.210 62287 INFO tempest.lib.common.rest_client [req-e5d1b1cd-d219-4543-93d4-9b2bb8cd0d1f req-e5d1b1cd-d219-4543-93d4-9b2bb8cd0d1f ] Request (ListServersNegativeTestJSON:setUpClass): 204 PUT http://10.180.1.21/identity/v3/projects/8b76507c10224f2cb4e720f48db06beb/users/1162bf13545b4dda9b9beb8835bef1f8/roles/09a874a6bb954ef1bfac3ea94f009d51 0.049s
2024-08-06 07:59:54.211 62287 INFO tempest.lib.common.dynamic_creds [-] Dynamic test user 1162bf13545b4dda9b9beb8835bef1f8 is created with scope project and roles: ['member']
2024-08-06 07:59:54.211 62287 INFO tempest.lib.common.dynamic_creds [-] Acquired dynamic creds: credentials: Credentials: {'domain_id': 'default', 'domain_name': 'Default', 'username': 'tempest-ListServersNegativeTestJSON-949594946-project-member', 'project_domain_id': 'default', 'project_domain_name': 'Default', 'project_id': '8b76507c10224f2cb4e720f48db06beb', 'project_name': 'tempest-ListServersNegativeTestJSON-949594946', 'tenant_id': '8b76507c10224f2cb4e720f48db06beb', 'tenant_name': 'tempest-ListServersNegativeTestJSON-949594946', 'user_domain_id': 'default', 'user_domain_name': 'Default', 'user_id': '1162bf13545b4dda9b9beb8835bef1f8', 'system': None}, Network: None, Subnet: None, Router: None
2024-08-06 07:59:54.232 62326 INFO tempest.lib.common.rest_client [req-3f03d585-030f-457b-9065-24fd59ccb0f8 req-3f03d585-030f-457b-9065-24fd59ccb0f8 ] Request (KeyPairsV210TestJSON:tearDownClass): 204 DELETE http://10.180.1.21/identity/v3/users/2b764304a4114c54acd9f52537d49291 0.150s
2024-08-06 07:59:54.232 62326 INFO tempest.lib.common.dynamic_creds [-] Deleting project and security group for project: ef453651027e40c2a2a37dec0015ce54
2024-08-06 07:59:54.324 62261 INFO tempest.lib.common.rest_client [req-637665a2-734d-4439-9c75-05c5faf392f4 req-637665a2-734d-4439-9c75-05c5faf392f4 ] Request (HypervisorAdminV253TestBase:tearDownClass): 204 DELETE http://10.180.1.21/identity/v3/users/88052ad5f96b46fa96224e1445dc572c 0.124s
2024-08-06 07:59:54.339 62279 INFO tempest.lib.common.rest_client [req-78a4db37-2273-47c3-b616-7ac23073821d req-78a4db37-2273-47c3-b616-7ac23073821d ] Request (FlavorsAccessNegativeTestJSON:tearDownClass): 204 DELETE http://10.180.1.21/identity/v3/projects/62ad995730b64b7794a1ec787436a5d5 0.133s
2024-08-06 07:59:54.365 62269 INFO tempest.lib.common.rest_client [req-a806317c-dc30-4622-a732-5c2eac21dad7 req-a806317c-dc30-4622-a732-5c2eac21dad7 ] Request (ServersTestBootFromVolume:setUpClass): 200 GET http://10.180.1.21/volume/v3/2155135ec9624a2299302f9d1691a398/volumes/2c3f8814-6b50-4c70-b2f7-ca3b1cb319ef 0.034s
2024-08-06 07:59:54.378 62287 INFO tempest.lib.common.rest_client [req-3b97ca6a-e423-4d6a-bfee-7fbe74ebb4be req-3b97ca6a-e423-4d6a-bfee-7fbe74ebb4be ] Request (ListServersNegativeTestJSON:setUpClass): 201 POST http://10.180.1.21/identity/v3/auth/tokens 0.167s
2024-08-06 07:59:54.390 62272 INFO tempest.lib.common.rest_client [req-4b9ef0c9-fbfb-431c-9871-d2cffbe7605c req-4b9ef0c9-fbfb-431c-9871-d2cffbe7605c ] Request (ServerActionsV293TestJSON:setUpClass): 201 POST http://10.180.1.21:9696/networking/v2.0/security-group-rules 0.325s
2024-08-06 07:59:54.395 62295 INFO tempest.lib.common.rest_client [req-f343f9c2-af90-48ba-be0b-f21a98a6abe2 req-f343f9c2-af90-48ba-be0b-f21a98a6abe2 ] Request (AttachInterfacesTestJSON:test_create_list_show_delete_interfaces_by_fixed_ip): 200 GET http://10.180.1.21/compute/v2.1/servers/4efc40b0-7ac3-4455-be40-4480240f1ae6 1.099s
2024-08-06 07:59:54.399 62326 INFO tempest.lib.common.rest_client [req-2fe1f3a9-68d4-4a01-bc81-9949f247fa6d req-2fe1f3a9-68d4-4a01-bc81-9949f247fa6d ] Request (KeyPairsV210TestJSON:tearDownClass): 201 POST http://10.180.1.21/identity/v3/auth/tokens 0.167s
2024-08-06 07:59:54.402 62295 INFO tempest.common.waiters [-] State transition "BUILD/block_device_mapping" ==> "BUILD/spawning" after 21 second wait
2024-08-06 07:59:54.447 62261 INFO tempest.lib.common.rest_client [req-a26d4cf2-8bcd-4e6b-b9f9-f47ebdd44b65 req-a26d4cf2-8bcd-4e6b-b9f9-f47ebdd44b65 ] Request (HypervisorAdminV253TestBase:tearDownClass): 204 DELETE http://10.180.1.21/identity/v3/users/309871a6ad474be998e7bbe3c10a512b 0.123s
2024-08-06 07:59:54.448 62261 INFO tempest.lib.common.dynamic_creds [-] Deleting project and security group for project: 08e0f952b3334983a33c286ad3e45ab6
2024-08-06 07:59:54.476 62317 INFO tempest.lib.common.rest_client [req-f99561ca-4db5-42ac-b59f-ed15b3c52589 req-f99561ca-4db5-42ac-b59f-ed15b3c52589 ] Request (ListImageFiltersTestJSON:setUpClass): 200 GET http://10.180.1.21/compute/v2.1/servers/174502bb-4932-4643-800a-5603f213c143 0.753s
2024-08-06 07:59:54.502 62279 INFO tempest.lib.common.rest_client [req-4d20a5b0-7697-48cf-90bb-deb84f4efb16 req-4d20a5b0-7697-48cf-90bb-deb84f4efb16 ] Request (FlavorsV255TestJSON:setUpClass): 201 POST http://10.180.1.21/identity/v3/auth/tokens 0.161s
2024-08-06 07:59:54.519 62284 INFO tempest.lib.common.rest_client [req-9c18a9f6-399a-4edf-9dc4-5ff13a677dea req-9c18a9f6-399a-4edf-9dc4-5ff13a677dea ] Request (QuotasAdminTestJSON:test_update_all_quota_resources_for_tenant): 200 GET http://10.180.1.21/compute/v2.1/os-quota-sets/a4183117655f43b780c56d7cfae2814f/defaults 0.869s
2024-08-06 07:59:54.532 62310 INFO tempest.lib.common.rest_client [req-d4ea62fb-b813-4bd6-844f-b764baaff1b4 req-d4ea62fb-b813-4bd6-844f-b764baaff1b4 ] Request (VolumesAssistedSnapshotsTest:test_volume_assisted_snapshot_create_delete): 200 GET http://10.180.1.21/compute/v2.1/servers/6fffc743-caaa-4356-9406-6bdc6321aa1f 0.733s
2024-08-06 07:59:54.562 62307 INFO tempest.lib.common.rest_client [req-753a4d6b-6ad6-4442-95a7-34b072b5301f req-753a4d6b-6ad6-4442-95a7-34b072b5301f ] Request (FlavorsAdminTestJSON:_run_cleanups): 200 GET http://10.180.1.21/compute/v2.1/flavors/detail 0.672s
2024-08-06 07:59:54.567 62272 INFO tempest.lib.common.rest_client [req-75e2fb34-8f1c-4c98-8b61-5be1ca863575 req-75e2fb34-8f1c-4c98-8b61-5be1ca863575 ] Request (ServerActionsV293TestJSON:setUpClass): 201 POST http://10.180.1.21:9696/networking/v2.0/security-group-rules 0.176s
2024-08-06 07:59:54.579 62261 INFO tempest.lib.common.rest_client [req-d8857e30-3d6d-4f63-b27b-fdc08170f6f0 req-d8857e30-3d6d-4f63-b27b-fdc08170f6f0 ] Request (HypervisorAdminV253TestBase:tearDownClass): 201 POST http://10.180.1.21/identity/v3/auth/tokens 0.131s
2024-08-06 07:59:54.596 62279 INFO tempest.lib.common.rest_client [req-f5708922-9d65-4fbd-a3f1-45bc68f81dc1 req-f5708922-9d65-4fbd-a3f1-45bc68f81dc1 ] Request (FlavorsV255TestJSON:setUpClass): 201 POST http://10.180.1.21/identity/v3/auth/tokens 0.093s
2024-08-06 07:59:54.599 62274 INFO tempest.lib.common.rest_client [req-ab8bc259-69d6-4935-ac52-86c4c9131ff0 req-ab8bc259-69d6-4935-ac52-86c4c9131ff0 ] Request (ServersWithSpecificFlavorTestJSON:test_verify_created_server_ephemeral_disk): 200 GET http://10.180.1.21/compute/v2.1/servers/afe9a3ca-2235-4a2b-9b9f-7988a77f3c2d 0.729s
2024-08-06 07:59:54.609 62275 INFO tempest.lib.common.rest_client [req-91661297-0acc-4f56-af31-08ee1b4f7704 req-91661297-0acc-4f56-af31-08ee1b4f7704 ] Request (AggregatesAdminNegativeTestJSON:test_aggregate_list_as_user): 403 GET http://10.180.1.21/compute/v2.1/os-aggregates 0.689s
2024-08-06 07:59:54.618 62279 INFO tempest.lib.common.rest_client [req-bd25b9c3-6437-4f97-b0ff-c44a02da3c9d req-bd25b9c3-6437-4f97-b0ff-c44a02da3c9d ] Request (FlavorsV255TestJSON:setUpClass): 200 GET http://10.180.1.21/identity/v3/domains?name=Default 0.021s
2024-08-06 07:59:54.643 62279 INFO tempest.lib.common.rest_client [req-154249ed-cf26-4173-8d05-d4e4ef8a4657 req-154249ed-cf26-4173-8d05-d4e4ef8a4657 ] Request (FlavorsV255TestJSON:setUpClass): 201 POST http://10.180.1.21/identity/v3/projects 0.025s
2024-08-06 07:59:54.688 62300 INFO tempest.lib.common.rest_client [req-b8cd3868-1ef2-4936-af60-f729b5ab1e33 req-b8cd3868-1ef2-4936-af60-f729b5ab1e33 ] Request (ServerDiagnosticsV248Test:tearDownClass): 200 GET http://10.180.1.21/compute/v2.1/servers/5527576a-d56d-42c3-a7f7-02c66c0d1b3d 0.793s
2024-08-06 07:59:54.698 62279 INFO tempest.lib.common.rest_client [req-6495471b-90f0-4395-bd3e-b34cac7145a7 req-6495471b-90f0-4395-bd3e-b34cac7145a7 ] Request (FlavorsV255TestJSON:setUpClass): 201 POST http://10.180.1.21/identity/v3/users 0.055s
2024-08-06 07:59:54.726 62279 INFO tempest.lib.common.rest_client [req-32a36f12-615c-49d8-82f2-7daa6bec63aa req-32a36f12-615c-49d8-82f2-7daa6bec63aa ] Request (FlavorsV255TestJSON:setUpClass): 200 GET http://10.180.1.21/identity/v3/roles 0.027s
2024-08-06 07:59:54.760 62279 INFO tempest.lib.common.rest_client [req-505ce8e3-5e75-4b3a-bf5c-cb16f857d9cd req-505ce8e3-5e75-4b3a-bf5c-cb16f857d9cd ] Request (FlavorsV255TestJSON:setUpClass): 204 PUT http://10.180.1.21/identity/v3/projects/02368361acc64347af1bea262e725063/users/8dac1340ce134f3380a827d5ac8f994e/roles/09a874a6bb954ef1bfac3ea94f009d51 0.034s
2024-08-06 07:59:54.761 62279 INFO tempest.lib.common.dynamic_creds [-] Dynamic test user 8dac1340ce134f3380a827d5ac8f994e is created with scope project and roles: ['member']
2024-08-06 07:59:54.761 62279 INFO tempest.lib.common.dynamic_creds [-] Acquired dynamic creds: credentials: Credentials: {'domain_id': 'default', 'domain_name': 'Default', 'username': 'tempest-FlavorsV255TestJSON-1929818982-project-member', 'project_domain_id': 'default', 'project_domain_name': 'Default', 'project_id': '02368361acc64347af1bea262e725063', 'project_name': 'tempest-FlavorsV255TestJSON-1929818982', 'tenant_id': '02368361acc64347af1bea262e725063', 'tenant_name': 'tempest-FlavorsV255TestJSON-1929818982', 'user_domain_id': 'default', 'user_domain_name': 'Default', 'user_id': '8dac1340ce134f3380a827d5ac8f994e', 'system': None}, Network: None, Subnet: None, Router: None
2024-08-06 07:59:54.761 62279 INFO tempest.lib.common.dynamic_creds [-] Created isolated network resources for: credentials: Credentials: {'domain_id': 'default', 'domain_name': 'Default', 'username': 'tempest-FlavorsV255TestJSON-1929818982-project-member', 'project_domain_id': 'default', 'project_domain_name': 'Default', 'project_id': '02368361acc64347af1bea262e725063', 'project_name': 'tempest-FlavorsV255TestJSON-1929818982', 'tenant_id': '02368361acc64347af1bea262e725063', 'tenant_name': 'tempest-FlavorsV255TestJSON-1929818982', 'user_domain_id': 'default', 'user_domain_name': 'Default', 'user_id': '8dac1340ce134f3380a827d5ac8f994e', 'system': None}, Network: None, Subnet: None, Router: None
2024-08-06 07:59:54.781 62326 INFO tempest.lib.common.rest_client [req-9c73ac20-97d7-40b1-a7fa-0dad20b86d5a req-9c73ac20-97d7-40b1-a7fa-0dad20b86d5a ] Request (KeyPairsV210TestJSON:tearDownClass): 200 GET http://10.180.1.21:9696/networking/v2.0/security-groups?tenant_id=ef453651027e40c2a2a37dec0015ce54&name=default 0.381s
2024-08-06 07:59:54.799 62319 INFO tempest.lib.common.rest_client [req-fdbc9fb0-6f89-4be3-9b04-4d4b261d274f req-fdbc9fb0-6f89-4be3-9b04-4d4b261d274f ] Request (MigrationsAdminTest:test_resize_server_revert_deleted_flavor): 200 GET http://10.180.1.21/compute/v2.1/servers/f6e746c9-9f82-48c7-90bf-384c31d90473 0.859s
2024-08-06 07:59:54.846 62279 INFO tempest.lib.common.rest_client [req-ee56436b-9b3d-49ab-a3bc-57605bdb41a0 req-ee56436b-9b3d-49ab-a3bc-57605bdb41a0 ] Request (FlavorsV255TestJSON:setUpClass): 201 POST http://10.180.1.21/identity/v3/auth/tokens 0.082s
2024-08-06 07:59:54.901 62279 INFO tempest.lib.common.rest_client [req-d08f5b85-8f70-4ad7-bdb0-21ac3c4c2057 req-d08f5b85-8f70-4ad7-bdb0-21ac3c4c2057 ] Request (FlavorsV255TestJSON:setUpClass): 201 POST http://10.180.1.21/identity/v3/projects 0.054s
2024-08-06 07:59:54.903 62261 INFO tempest.lib.common.rest_client [req-526e5061-439c-4a46-aa37-b507a139bcb1 req-526e5061-439c-4a46-aa37-b507a139bcb1 ] Request (HypervisorAdminV253TestBase:tearDownClass): 200 GET http://10.180.1.21:9696/networking/v2.0/security-groups?tenant_id=08e0f952b3334983a33c286ad3e45ab6&name=default 0.324s
2024-08-06 07:59:54.965 62279 INFO tempest.lib.common.rest_client [req-df313ab3-7098-4c06-ad9d-a5ae57073f00 req-df313ab3-7098-4c06-ad9d-a5ae57073f00 ] Request (FlavorsV255TestJSON:setUpClass): 201 POST http://10.180.1.21/identity/v3/users 0.064s
2024-08-06 07:59:54.981 62279 INFO tempest.lib.common.rest_client [req-d6df4086-5d43-4256-ac38-77fcfd4cd2ad req-d6df4086-5d43-4256-ac38-77fcfd4cd2ad ] Request (FlavorsV255TestJSON:setUpClass): 200 GET http://10.180.1.21/identity/v3/roles 0.016s
