2024-08-06 07:59:20.151 62321 INFO tempest.lib.common.dynamic_creds [-] Dynamic test user 60169b757fd947dc85940b8fa093aa25 is created with scope project and roles: ['admin']
2024-08-06 07:59:20.151 62321 INFO tempest.lib.common.dynamic_creds [-] Acquired dynamic creds: credentials: Credentials: {'domain_id': 'default', 'domain_name': 'Default', 'username': 'tempest-QuotasSecurityGroupAdminNegativeTest-2142344712-project-admin', 'project_domain_id': 'default', 'project_domain_name': 'Default', 'project_id': 'bf131e537ca84510a684929194826ceb', 'project_name': 'tempest-QuotasSecurityGroupAdminNegativeTest-2142344712', 'tenant_id': 'bf131e537ca84510a684929194826ceb', 'tenant_name': 'tempest-QuotasSecurityGroupAdminNegativeTest-2142344712', 'user_domain_id': 'default', 'user_domain_name': 'Default', 'user_id': '60169b757fd947dc85940b8fa093aa25', 'system': None}, Network: None, Subnet: None, Router: None
2024-08-06 07:59:20.151 62321 INFO tempest.lib.common.dynamic_creds [-] Created isolated network resources for: credentials: Credentials: {'domain_id': 'default', 'domain_name': 'Default', 'username': 'tempest-QuotasSecurityGroupAdminNegativeTest-2142344712-project-admin', 'project_domain_id': 'default', 'project_domain_name': 'Default', 'project_id': 'bf131e537ca84510a684929194826ceb', 'project_name': 'tempest-QuotasSecurityGroupAdminNegativeTest-2142344712', 'tenant_id': 'bf131e537ca84510a684929194826ceb', 'tenant_name': 'tempest-QuotasSecurityGroupAdminNegativeTest-2142344712', 'user_domain_id': 'default', 'user_domain_name': 'Default', 'user_id': '60169b757fd947dc85940b8fa093aa25', 'system': None}, Network: None, Subnet: None, Router: None
2024-08-06 07:59:20.155 62281 INFO tempest.lib.common.rest_client [req-9b7fbc60-d57b-473c-b926-820dde5443c8 req-9b7fbc60-d57b-473c-b926-820dde5443c8 ] Request (ServerDiagnosticsTest:test_get_server_diagnostics): 200 GET http://10.180.1.21/compute/v2.1/servers/2a07c11a-4e95-47db-bf50-5ad720403faa 2.627s
2024-08-06 07:59:20.161 62281 INFO tempest.common.waiters [-] State transition "BUILD/None" ==> "BUILD/block_device_mapping" after 7 second wait
2024-08-06 07:59:20.164 62257 INFO tempest.lib.common.rest_client [req-e7faa220-9d70-4c52-8857-8625711f9a18 req-e7faa220-9d70-4c52-8857-8625711f9a18 ] Request (ServersAdminTestJSON:setUpClass): 201 POST http://10.180.1.21/identity/v3/projects 0.099s
2024-08-06 07:59:20.206 62272 INFO tempest.lib.common.rest_client [req-439a8562-7f1b-4108-b1cd-a498b94f828e req-439a8562-7f1b-4108-b1cd-a498b94f828e ] Request (QuotasAdminNegativeTest:test_create_server_when_instances_quota_is_full): 201 POST http://10.180.1.21/identity/v3/auth/tokens 0.055s
2024-08-06 07:59:20.206 62272 INFO tempest.lib.common.fixed_network [-] (QuotasAdminNegativeTest:test_create_server_when_instances_quota_is_full) Found network None available for tenant
2024-08-06 07:59:20.229 62321 INFO tempest.lib.common.rest_client [req-25e9c4d9-15f1-45ad-8841-e0e5286d890b req-25e9c4d9-15f1-45ad-8841-e0e5286d890b ] Request (QuotasSecurityGroupAdminNegativeTest:setUpClass): 201 POST http://10.180.1.21/identity/v3/auth/tokens 0.075s
2024-08-06 07:59:20.265 62257 INFO tempest.lib.common.rest_client [req-bec7d432-6192-422c-bff4-4fdbc2d40927 req-bec7d432-6192-422c-bff4-4fdbc2d40927 ] Request (ServersAdminTestJSON:setUpClass): 201 POST http://10.180.1.21/identity/v3/users 0.100s
2024-08-06 07:59:20.285 62257 INFO tempest.lib.common.rest_client [req-f062c2a1-1394-4076-a983-f609866ccfb9 req-f062c2a1-1394-4076-a983-f609866ccfb9 ] Request (ServersAdminTestJSON:setUpClass): 200 GET http://10.180.1.21/identity/v3/roles 0.019s
2024-08-06 07:59:20.312 62257 INFO tempest.lib.common.rest_client [req-4ae29faa-d5a3-4f33-95d2-262f0c34b8ab req-4ae29faa-d5a3-4f33-95d2-262f0c34b8ab ] Request (ServersAdminTestJSON:setUpClass): 204 PUT http://10.180.1.21/identity/v3/projects/922e2f6584a748669eb3baeab25a0dd0/users/4b83f7b501084d40a68aa6e6fac436f0/roles/09a874a6bb954ef1bfac3ea94f009d51 0.027s
2024-08-06 07:59:20.312 62257 INFO tempest.lib.common.dynamic_creds [-] Dynamic test user 4b83f7b501084d40a68aa6e6fac436f0 is created with scope project and roles: ['member']
2024-08-06 07:59:20.312 62257 INFO tempest.lib.common.dynamic_creds [-] Acquired dynamic creds: credentials: Credentials: {'domain_id': 'default', 'domain_name': 'Default', 'username': 'tempest-ServersAdminTestJSON-252110596-project-member', 'project_domain_id': 'default', 'project_domain_name': 'Default', 'project_id': '922e2f6584a748669eb3baeab25a0dd0', 'project_name': 'tempest-ServersAdminTestJSON-252110596', 'tenant_id': '922e2f6584a748669eb3baeab25a0dd0', 'tenant_name': 'tempest-ServersAdminTestJSON-252110596', 'user_domain_id': 'default', 'user_domain_name': 'Default', 'user_id': '4b83f7b501084d40a68aa6e6fac436f0', 'system': None}, Network: None, Subnet: None, Router: None
2024-08-06 07:59:20.341 62321 INFO tempest.lib.common.rest_client [req-471c31e8-c5d0-413e-a82c-112807525bfc req-471c31e8-c5d0-413e-a82c-112807525bfc ] Request (QuotasSecurityGroupAdminNegativeTest:tearDownClass): 204 DELETE http://10.180.1.21/identity/v3/users/ffedd39fac9a48909f78e3374ec7b454 0.109s
2024-08-06 07:59:20.362 62257 INFO tempest.lib.common.rest_client [req-b3e7810f-beca-482f-a26c-0900d5dfcafc req-b3e7810f-beca-482f-a26c-0900d5dfcafc ] Request (ServersAdminTestJSON:setUpClass): 201 POST http://10.180.1.21/identity/v3/auth/tokens 0.049s
2024-08-06 07:59:20.441 62321 INFO tempest.lib.common.rest_client [req-f144d886-b680-4c62-bf80-274c2f7426b6 req-f144d886-b680-4c62-bf80-274c2f7426b6 ] Request (QuotasSecurityGroupAdminNegativeTest:tearDownClass): 204 DELETE http://10.180.1.21/identity/v3/users/60169b757fd947dc85940b8fa093aa25 0.100s
2024-08-06 07:59:20.442 62321 INFO tempest.lib.common.dynamic_creds [-] Deleting project and security group for project: f179704d2cc849d0aeafecba6a1ebadf
2024-08-06 07:59:20.518 62321 INFO tempest.lib.common.rest_client [req-8079e2b0-12db-461d-a82a-33ab81883171 req-8079e2b0-12db-461d-a82a-33ab81883171 ] Request (QuotasSecurityGroupAdminNegativeTest:tearDownClass): 201 POST http://10.180.1.21/identity/v3/auth/tokens 0.076s
2024-08-06 07:59:20.645 62291 INFO tempest.lib.common.rest_client [req-eb6c806e-954e-45e9-85aa-88d75b833fb0 req-eb6c806e-954e-45e9-85aa-88d75b833fb0 ] Request (AttachVolumeTestJSON:test_attach_detach_volume): 202 POST http://10.180.1.21/compute/v2.1/servers 3.094s
2024-08-06 07:59:20.759 62321 INFO tempest.lib.common.rest_client [req-749943f7-daa3-423c-9af8-909a2488d936 req-749943f7-daa3-423c-9af8-909a2488d936 ] Request (QuotasSecurityGroupAdminNegativeTest:tearDownClass): 200 GET http://10.180.1.21:9696/networking/v2.0/security-groups?tenant_id=f179704d2cc849d0aeafecba6a1ebadf&name=default 0.241s
2024-08-06 07:59:20.765 62300 INFO tempest.lib.common.rest_client [req-1ddea4a0-8d10-4153-abb2-cbebbb4bf179 req-1ddea4a0-8d10-4153-abb2-cbebbb4bf179 ] Request (ServerDiagnosticsV248Test:test_get_server_diagnostics): 200 GET http://10.180.1.21/compute/v2.1/servers/5527576a-d56d-42c3-a7f7-02c66c0d1b3d 3.194s
2024-08-06 07:59:20.773 62300 INFO tempest.common.waiters [-] State transition "BUILD/spawning" ==> "ACTIVE/None" after 11 second wait
2024-08-06 07:59:20.902 62295 INFO tempest.lib.common.rest_client [req-70914246-282d-47c2-99df-833c9d9685e0 req-70914246-282d-47c2-99df-833c9d9685e0 ] Request (NetworksTest:test_list_all_networks): 200 GET http://10.180.1.21/compute/v2.1/os-networks 3.309s
2024-08-06 07:59:20.916 62257 INFO tempest.lib.common.rest_client [req-71a20900-31d3-4940-a8bc-5aee42531678 req-71a20900-31d3-4940-a8bc-5aee42531678 ] Request (ServersAdminTestJSON:setUpClass): 201 POST http://10.180.1.21:9696/networking/v2.0/networks 0.554s
2024-08-06 07:59:20.969 62265 INFO tempest.lib.common.rest_client [req-77536a93-72c4-409b-8c2a-99d031bacb93 req-77536a93-72c4-409b-8c2a-99d031bacb93 ] Request (VolumesAdminNegativeTest:test_update_attached_volume_with_nonexistent_volume_in_body): 200 GET http://10.180.1.21/compute/v2.1/servers/cfffe8e0-4074-41c9-8e1b-49d621fc3c1b 3.368s
2024-08-06 07:59:20.982 62295 INFO tempest.lib.common.rest_client [req-059328f0-d190-4f5d-9a60-8b4ab5744d2e req-059328f0-d190-4f5d-9a60-8b4ab5744d2e ] Request (NetworksTest:tearDownClass): 204 DELETE http://10.180.1.21/identity/v3/users/b5bbebcab67a448995a913a6abadf373 0.078s
2024-08-06 07:59:20.993 62307 INFO tempest.lib.common.rest_client [req-9f1d06a1-3bb6-4dba-af9e-aafe851aa0f9 req-9f1d06a1-3bb6-4dba-af9e-aafe851aa0f9 ] Request (FlavorsAdminTestJSON:test_create_flavor_verify_entry_in_list_details): 200 POST http://10.180.1.21/compute/v2.1/flavors 3.374s
2024-08-06 07:59:21.024 62267 INFO tempest.lib.common.rest_client [req-735316a0-3270-40bc-a0c9-f08c79d5b811 req-735316a0-3270-40bc-a0c9-f08c79d5b811 ] Request (FlavorsV261TestJSON:_run_cleanups): 200 GET http://10.180.1.21/compute/v2.1/flavors/detail 3.389s
2024-08-06 07:59:21.124 62275 INFO tempest.lib.common.rest_client [req-f4e42d6a-c6de-4a90-acaf-66a434f4f65e req-f4e42d6a-c6de-4a90-acaf-66a434f4f65e ] Request (AggregatesAdminNegativeTestJSON:_run_cleanups): 200 DELETE http://10.180.1.21/compute/v2.1/os-aggregates/1 3.375s
2024-08-06 07:59:21.159 62295 INFO tempest.lib.common.rest_client [req-2a404805-add1-40ca-a99c-f7cae6995688 req-2a404805-add1-40ca-a99c-f7cae6995688 ] Request (NetworksTest:tearDownClass): 204 DELETE http://10.180.1.21/identity/v3/users/b14ee7dc98e6425a8a8e79687d5a3771 0.176s
2024-08-06 07:59:21.159 62295 INFO tempest.lib.common.dynamic_creds [-] Deleting project and security group for project: 346fa8503ba5458b92da2bff20141775
2024-08-06 07:59:21.180 62321 INFO tempest.lib.common.rest_client [req-4e39fd2b-7f5a-4fb4-ba57-b4a7006a1724 req-4e39fd2b-7f5a-4fb4-ba57-b4a7006a1724 ] Request (QuotasSecurityGroupAdminNegativeTest:tearDownClass): 204 DELETE http://10.180.1.21:9696/networking/v2.0/security-groups/748f1e93-59bb-4490-ac75-6531678c3452 0.421s
2024-08-06 07:59:21.204 62263 INFO tempest.lib.common.rest_client [req-6ff02ce6-3d60-44b0-9260-357c7909a3de req-6ff02ce6-3d60-44b0-9260-357c7909a3de ] Request (ServersAdmin275Test:test_rebuild_update_server_275): 200 GET http://10.180.1.21/compute/v2.1/servers/1bf7f97f-ccfe-4ee0-a6fb-2234769c4b62 3.453s
2024-08-06 07:59:21.213 62263 INFO tempest.common.waiters [-] State transition "BUILD/spawning" ==> "ACTIVE/None" after 20 second wait
2024-08-06 07:59:21.231 62324 INFO tempest.lib.common.rest_client [req-cd9c83fa-aab4-48e9-b4e8-d40c6f5a813b req-cd9c83fa-aab4-48e9-b4e8-d40c6f5a813b ] Request (FlavorsExtraSpecsTestJSON:test_flavor_set_get_update_show_unset_keys): 200 POST http://10.180.1.21/compute/v2.1/flavors/26871920/os-extra_specs 3.461s
2024-08-06 07:59:21.233 62267 INFO tempest.lib.common.rest_client [req-bab632c1-1189-4deb-8c6c-91455ad54375 req-bab632c1-1189-4deb-8c6c-91455ad54375 ] Request (FlavorsV261TestJSON:tearDownClass): 204 DELETE http://10.180.1.21/identity/v3/users/10b270c88a664b648fd34c241932e91a 0.199s
2024-08-06 07:59:21.248 62295 INFO tempest.lib.common.rest_client [req-5fe0f22f-293d-4019-bb20-fbee8c45175d req-5fe0f22f-293d-4019-bb20-fbee8c45175d ] Request (NetworksTest:tearDownClass): 201 POST http://10.180.1.21/identity/v3/auth/tokens 0.089s
2024-08-06 07:59:21.359 62257 INFO tempest.lib.common.rest_client [req-d9c8ab69-c93e-4efd-852b-288e554afb1f req-d9c8ab69-c93e-4efd-852b-288e554afb1f ] Request (ServersAdminTestJSON:setUpClass): 201 POST http://10.180.1.21:9696/networking/v2.0/subnets 0.442s
2024-08-06 07:59:21.395 62321 INFO tempest.lib.common.rest_client [req-49879488-b952-44ee-a3ae-53cc7003c1a2 req-49879488-b952-44ee-a3ae-53cc7003c1a2 ] Request (QuotasSecurityGroupAdminNegativeTest:tearDownClass): 204 DELETE http://10.180.1.21/identity/v3/projects/f179704d2cc849d0aeafecba6a1ebadf 0.215s
2024-08-06 07:59:21.396 62321 INFO tempest.lib.common.dynamic_creds [-] Deleting project and security group for project: bf131e537ca84510a684929194826ceb
2024-08-06 07:59:21.404 62267 INFO tempest.lib.common.rest_client [req-ca5d70b4-a4e3-45d1-a6e4-9fb833f15dfe req-ca5d70b4-a4e3-45d1-a6e4-9fb833f15dfe ] Request (FlavorsV261TestJSON:tearDownClass): 204 DELETE http://10.180.1.21/identity/v3/users/cc933a6d86b34fd7967c3348d4aac224 0.170s
2024-08-06 07:59:21.404 62267 INFO tempest.lib.common.dynamic_creds [-] Deleting project and security group for project: 1ac8649ecf86417b8f73ef4f7f09b903
2024-08-06 07:59:21.471 62267 INFO tempest.lib.common.rest_client [req-8dcf8de9-4d5d-4c1b-8ba5-227a6a96b012 req-8dcf8de9-4d5d-4c1b-8ba5-227a6a96b012 ] Request (FlavorsV261TestJSON:tearDownClass): 201 POST http://10.180.1.21/identity/v3/auth/tokens 0.066s
2024-08-06 07:59:21.653 62267 INFO tempest.lib.common.rest_client [req-0ea3a76c-8448-413f-bbca-6108c86aa3a6 req-0ea3a76c-8448-413f-bbca-6108c86aa3a6 ] Request (FlavorsV261TestJSON:tearDownClass): 200 GET http://10.180.1.21:9696/networking/v2.0/security-groups?tenant_id=1ac8649ecf86417b8f73ef4f7f09b903&name=default 0.182s
2024-08-06 07:59:21.782 62277 INFO tempest.lib.common.rest_client [req-f46ca16b-f3c5-458b-80f8-b7741929541e req-f46ca16b-f3c5-458b-80f8-b7741929541e ] Request (SecurityGroupRulesTestJSON:test_security_group_rules_create_with_optional_cidr): 200 POST http://10.180.1.21/compute/v2.1/os-security-group-rules 3.745s
2024-08-06 07:59:21.879 62321 INFO tempest.lib.common.rest_client [req-82c635d8-433f-4155-a523-30f9d12aa1fe req-82c635d8-433f-4155-a523-30f9d12aa1fe ] Request (QuotasSecurityGroupAdminNegativeTest:tearDownClass): 200 GET http://10.180.1.21:9696/networking/v2.0/security-groups?tenant_id=bf131e537ca84510a684929194826ceb&name=default 0.482s
2024-08-06 07:59:21.915 62267 INFO tempest.lib.common.rest_client [req-7313b53f-5539-4678-9045-c84f897df464 req-7313b53f-5539-4678-9045-c84f897df464 ] Request (FlavorsV261TestJSON:tearDownClass): 204 DELETE http://10.180.1.21:9696/networking/v2.0/security-groups/03b6b04b-4d95-4427-8ac6-5de13db4072a 0.262s
2024-08-06 07:59:21.984 62267 INFO tempest.lib.common.rest_client [req-f4a32267-6b87-48ba-84b0-1953cdded03e req-f4a32267-6b87-48ba-84b0-1953cdded03e ] Request (FlavorsV261TestJSON:tearDownClass): 204 DELETE http://10.180.1.21/identity/v3/projects/1ac8649ecf86417b8f73ef4f7f09b903 0.068s
2024-08-06 07:59:21.984 62267 INFO tempest.lib.common.dynamic_creds [-] Deleting project and security group for project: fb78620c9dae4bbab119c847871cd800
2024-08-06 07:59:21.996 62295 INFO tempest.lib.common.rest_client [req-af36371d-85dc-4c96-b295-0fdb0c114bf7 req-af36371d-85dc-4c96-b295-0fdb0c114bf7 ] Request (NetworksTest:tearDownClass): 200 GET http://10.180.1.21:9696/networking/v2.0/security-groups?tenant_id=346fa8503ba5458b92da2bff20141775&name=default 0.747s
2024-08-06 07:59:22.257 62285 INFO tempest.lib.common.rest_client [req-d8aeadf4-b7cd-48a3-92e9-1f5b6f06ea4b req-d8aeadf4-b7cd-48a3-92e9-1f5b6f06ea4b ] Request (FloatingIPDetailsTestJSON:test_get_floating_ip_details): 200 GET http://10.180.1.21/compute/v2.1/os-floating-ips/15310eb1-620b-431b-bc8e-334edc974b2a 3.805s
2024-08-06 07:59:22.277 62279 INFO tempest.lib.common.rest_client [req-9f71d61a-7782-4116-aa5b-1f065c3ba2e9 req-9f71d61a-7782-4116-aa5b-1f065c3ba2e9 ] Request (FlavorsAccessNegativeTestJSON:_run_cleanups): 200 GET http://10.180.1.21/compute/v2.1/flavors/detail 3.808s
2024-08-06 07:59:22.403 62321 INFO tempest.lib.common.rest_client [req-88fa183e-df4d-4c38-a6ab-22b94f9ab321 req-88fa183e-df4d-4c38-a6ab-22b94f9ab321 ] Request (QuotasSecurityGroupAdminNegativeTest:tearDownClass): 204 DELETE http://10.180.1.21:9696/networking/v2.0/security-groups/8c7e7d9e-68ec-49d4-8139-cc968d1a6be8 0.524s
2024-08-06 07:59:22.492 62267 INFO tempest.lib.common.rest_client [req-a6c7dd86-c843-4562-8ba3-9a854cf67539 req-a6c7dd86-c843-4562-8ba3-9a854cf67539 ] Request (FlavorsV261TestJSON:tearDownClass): 200 GET http://10.180.1.21:9696/networking/v2.0/security-groups?tenant_id=fb78620c9dae4bbab119c847871cd800&name=default 0.508s
2024-08-06 07:59:22.511 62295 INFO tempest.lib.common.rest_client [req-cd278846-2ae5-4e30-a1e0-d300897bb817 req-cd278846-2ae5-4e30-a1e0-d300897bb817 ] Request (NetworksTest:tearDownClass): 204 DELETE http://10.180.1.21:9696/networking/v2.0/security-groups/3f15da69-68aa-425a-95ef-c0ad73a18d0a 0.515s
2024-08-06 07:59:22.526 62321 INFO tempest.lib.common.rest_client [req-9167fc89-7b47-44cd-8759-b37e0ab3a7d5 req-9167fc89-7b47-44cd-8759-b37e0ab3a7d5 ] Request (QuotasSecurityGroupAdminNegativeTest:tearDownClass): 204 DELETE http://10.180.1.21/identity/v3/projects/bf131e537ca84510a684929194826ceb 0.122s
2024-08-06 07:59:22.592 62321 INFO tempest.lib.common.rest_client [req-2dde4371-381e-4684-8f6f-0d8297b083ea req-2dde4371-381e-4684-8f6f-0d8297b083ea ] Request (ServersAdminNegativeTestJSON:setUpClass): 201 POST http://10.180.1.21/identity/v3/auth/tokens 0.064s
2024-08-06 07:59:22.631 62295 INFO tempest.lib.common.rest_client [req-b10aa261-ad84-40b0-bb69-a409c03595a9 req-b10aa261-ad84-40b0-bb69-a409c03595a9 ] Request (NetworksTest:tearDownClass): 204 DELETE http://10.180.1.21/identity/v3/projects/346fa8503ba5458b92da2bff20141775 0.119s
2024-08-06 07:59:22.631 62295 INFO tempest.lib.common.dynamic_creds [-] Deleting project and security group for project: 6ee979c3b89e434a82343a854199608b
2024-08-06 07:59:22.665 62321 INFO tempest.lib.common.rest_client [req-2e8c075a-cea2-4db9-8e7e-c3f18504783d req-2e8c075a-cea2-4db9-8e7e-c3f18504783d ] Request (ServersAdminNegativeTestJSON:setUpClass): 201 POST http://10.180.1.21/identity/v3/auth/tokens 0.070s
2024-08-06 07:59:22.692 62321 INFO tempest.lib.common.rest_client [req-af7cd828-1196-4790-857c-debf3143d0ad req-af7cd828-1196-4790-857c-debf3143d0ad ] Request (ServersAdminNegativeTestJSON:setUpClass): 200 GET http://10.180.1.21/identity/v3/domains?name=Default 0.027s
2024-08-06 07:59:22.722 62321 INFO tempest.lib.common.rest_client [req-63584e7a-e7a9-4766-b60b-0f58e7ed5192 req-63584e7a-e7a9-4766-b60b-0f58e7ed5192 ] Request (ServersAdminNegativeTestJSON:setUpClass): 201 POST http://10.180.1.21/identity/v3/projects 0.029s
2024-08-06 07:59:22.765 62267 INFO tempest.lib.common.rest_client [req-f6d3b679-9f85-4c13-8f3f-1ab9e438dc65 req-f6d3b679-9f85-4c13-8f3f-1ab9e438dc65 ] Request (FlavorsV261TestJSON:tearDownClass): 204 DELETE http://10.180.1.21:9696/networking/v2.0/security-groups/708b07ae-55f1-4901-b278-1baae9c181be 0.272s
2024-08-06 07:59:22.795 62321 INFO tempest.lib.common.rest_client [req-9bf85efd-a67b-4d99-b47c-a1b9bdb15539 req-9bf85efd-a67b-4d99-b47c-a1b9bdb15539 ] Request (ServersAdminNegativeTestJSON:setUpClass): 201 POST http://10.180.1.21/identity/v3/users 0.073s
2024-08-06 07:59:22.818 62321 INFO tempest.lib.common.rest_client [req-cd3e1995-f09e-47b6-a5dc-7ff62dcf0a02 req-cd3e1995-f09e-47b6-a5dc-7ff62dcf0a02 ] Request (ServersAdminNegativeTestJSON:setUpClass): 200 GET http://10.180.1.21/identity/v3/roles 0.023s
2024-08-06 07:59:22.834 62267 INFO tempest.lib.common.rest_client [req-4384202c-0399-4c47-a613-d85faa367904 req-4384202c-0399-4c47-a613-d85faa367904 ] Request (FlavorsV261TestJSON:tearDownClass): 204 DELETE http://10.180.1.21/identity/v3/projects/fb78620c9dae4bbab119c847871cd800 0.069s
2024-08-06 07:59:22.885 62321 INFO tempest.lib.common.rest_client [req-7764465f-8f9a-421a-b667-88e4ff239881 req-7764465f-8f9a-421a-b667-88e4ff239881 ] Request (ServersAdminNegativeTestJSON:setUpClass): 204 PUT http://10.180.1.21/identity/v3/projects/5062f688e6cf49a6b93cdfa3d63d5af6/users/59eca93628cf4144a4545d5c9a2727ff/roles/09a874a6bb954ef1bfac3ea94f009d51 0.066s
2024-08-06 07:59:22.885 62321 INFO tempest.lib.common.dynamic_creds [-] Dynamic test user 59eca93628cf4144a4545d5c9a2727ff is created with scope project and roles: ['member']
2024-08-06 07:59:22.886 62321 INFO tempest.lib.common.dynamic_creds [-] Acquired dynamic creds: credentials: Credentials: {'domain_id': 'default', 'domain_name': 'Default', 'username': 'tempest-ServersAdminNegativeTestJSON-2047713534-project-member', 'project_domain_id': 'default', 'project_domain_name': 'Default', 'project_id': '5062f688e6cf49a6b93cdfa3d63d5af6', 'project_name': 'tempest-ServersAdminNegativeTestJSON-2047713534', 'tenant_id': '5062f688e6cf49a6b93cdfa3d63d5af6', 'tenant_name': 'tempest-ServersAdminNegativeTestJSON-2047713534', 'user_domain_id': 'default', 'user_domain_name': 'Default', 'user_id': '59eca93628cf4144a4545d5c9a2727ff', 'system': None}, Network: None, Subnet: None, Router: None
2024-08-06 07:59:22.886 62321 INFO tempest.lib.common.dynamic_creds [-] Created isolated network resources for: credentials: Credentials: {'domain_id': 'default', 'domain_name': 'Default', 'username': 'tempest-ServersAdminNegativeTestJSON-2047713534-project-member', 'project_domain_id': 'default', 'project_domain_name': 'Default', 'project_id': '5062f688e6cf49a6b93cdfa3d63d5af6', 'project_name': 'tempest-ServersAdminNegativeTestJSON-2047713534', 'tenant_id': '5062f688e6cf49a6b93cdfa3d63d5af6', 'tenant_name': 'tempest-ServersAdminNegativeTestJSON-2047713534', 'user_domain_id': 'default', 'user_domain_name': 'Default', 'user_id': '59eca93628cf4144a4545d5c9a2727ff', 'system': None}, Network: None, Subnet: None, Router: None
2024-08-06 07:59:22.892 62267 INFO tempest.lib.common.rest_client [req-f542f368-a5ad-42a0-9c62-b53c05cec5ec req-f542f368-a5ad-42a0-9c62-b53c05cec5ec ] Request (QuotaClassesAdminTestJSON:setUpClass): 201 POST http://10.180.1.21/identity/v3/auth/tokens 0.056s
2024-08-06 07:59:22.901 62295 INFO tempest.lib.common.rest_client [req-1640c1ee-fc1d-4e51-8797-c77a890899de req-1640c1ee-fc1d-4e51-8797-c77a890899de ] Request (NetworksTest:tearDownClass): 200 GET http://10.180.1.21:9696/networking/v2.0/security-groups?tenant_id=6ee979c3b89e434a82343a854199608b&name=default 0.270s
2024-08-06 07:59:22.944 62267 INFO tempest.lib.common.rest_client [req-e88f8a47-8ffe-41c4-9aef-5537f93f18a6 req-e88f8a47-8ffe-41c4-9aef-5537f93f18a6 ] Request (QuotaClassesAdminTestJSON:setUpClass): 201 POST http://10.180.1.21/identity/v3/auth/tokens 0.049s
2024-08-06 07:59:22.948 62321 INFO tempest.lib.common.rest_client [req-421034e7-2e6c-486f-85e9-53a69ff2e67d req-421034e7-2e6c-486f-85e9-53a69ff2e67d ] Request (ServersAdminNegativeTestJSON:setUpClass): 201 POST http://10.180.1.21/identity/v3/auth/tokens 0.059s
2024-08-06 07:59:22.961 62267 INFO tempest.lib.common.rest_client [req-9431a7b7-3aab-41cc-8ac2-185b589f5ef4 req-9431a7b7-3aab-41cc-8ac2-185b589f5ef4 ] Request (QuotaClassesAdminTestJSON:setUpClass): 200 GET http://10.180.1.21/identity/v3/domains?name=Default 0.017s
2024-08-06 07:59:22.981 62321 INFO tempest.lib.common.rest_client [req-e4ff1bc5-d08f-4677-8c36-814ef3f6b707 req-e4ff1bc5-d08f-4677-8c36-814ef3f6b707 ] Request (ServersAdminNegativeTestJSON:setUpClass): 201 POST http://10.180.1.21/identity/v3/projects 0.033s
2024-08-06 07:59:22.985 62267 INFO tempest.lib.common.rest_client [req-3ba9eccc-c6f2-4b66-b255-fec4c0d718aa req-3ba9eccc-c6f2-4b66-b255-fec4c0d718aa ] Request (QuotaClassesAdminTestJSON:setUpClass): 201 POST http://10.180.1.21/identity/v3/projects 0.023s
2024-08-06 07:59:23.039 62267 INFO tempest.lib.common.rest_client [req-3adcbd4e-2cf0-4ee2-bb8e-7ff7951fb71d req-3adcbd4e-2cf0-4ee2-bb8e-7ff7951fb71d ] Request (QuotaClassesAdminTestJSON:setUpClass): 201 POST http://10.180.1.21/identity/v3/users 0.053s
2024-08-06 07:59:23.045 62321 INFO tempest.lib.common.rest_client [req-e0457150-c7a5-47c1-a179-371691b8e534 req-e0457150-c7a5-47c1-a179-371691b8e534 ] Request (ServersAdminNegativeTestJSON:setUpClass): 201 POST http://10.180.1.21/identity/v3/users 0.064s
2024-08-06 07:59:23.055 62267 INFO tempest.lib.common.rest_client [req-93abd065-ec46-46a2-b7d3-006a90b4b2b7 req-93abd065-ec46-46a2-b7d3-006a90b4b2b7 ] Request (QuotaClassesAdminTestJSON:setUpClass): 200 GET http://10.180.1.21/identity/v3/roles 0.016s
2024-08-06 07:59:23.063 62321 INFO tempest.lib.common.rest_client [req-2bcb6e58-95f4-402d-83db-a8f24f398994 req-2bcb6e58-95f4-402d-83db-a8f24f398994 ] Request (ServersAdminNegativeTestJSON:setUpClass): 200 GET http://10.180.1.21/identity/v3/roles 0.017s
2024-08-06 07:59:23.081 62267 INFO tempest.lib.common.rest_client [req-958d1da7-1528-402a-9a9d-5d69d1f2ef78 req-958d1da7-1528-402a-9a9d-5d69d1f2ef78 ] Request (QuotaClassesAdminTestJSON:setUpClass): 204 PUT http://10.180.1.21/identity/v3/projects/884e97ed23e1462380b362f791f7e5a2/users/b91d5ba25c544f2f91166b693f2d67db/roles/09a874a6bb954ef1bfac3ea94f009d51 0.026s
2024-08-06 07:59:23.082 62267 INFO tempest.lib.common.dynamic_creds [-] Dynamic test user b91d5ba25c544f2f91166b693f2d67db is created with scope project and roles: ['member']
2024-08-06 07:59:23.082 62267 INFO tempest.lib.common.dynamic_creds [-] Acquired dynamic creds: credentials: Credentials: {'domain_id': 'default', 'domain_name': 'Default', 'username': 'tempest-QuotaClassesAdminTestJSON-1063741709-project-member', 'project_domain_id': 'default', 'project_domain_name': 'Default', 'project_id': '884e97ed23e1462380b362f791f7e5a2', 'project_name': 'tempest-QuotaClassesAdminTestJSON-1063741709', 'tenant_id': '884e97ed23e1462380b362f791f7e5a2', 'tenant_name': 'tempest-QuotaClassesAdminTestJSON-1063741709', 'user_domain_id': 'default', 'user_domain_name': 'Default', 'user_id': 'b91d5ba25c544f2f91166b693f2d67db', 'system': None}, Network: None, Subnet: None, Router: None
2024-08-06 07:59:23.082 62267 INFO tempest.lib.common.dynamic_creds [-] Created isolated network resources for: credentials: Credentials: {'domain_id': 'default', 'domain_name': 'Default', 'username': 'tempest-QuotaClassesAdminTestJSON-1063741709-project-member', 'project_domain_id': 'default', 'project_domain_name': 'Default', 'project_id': '884e97ed23e1462380b362f791f7e5a2', 'project_name': 'tempest-QuotaClassesAdminTestJSON-1063741709', 'tenant_id': '884e97ed23e1462380b362f791f7e5a2', 'tenant_name': 'tempest-QuotaClassesAdminTestJSON-1063741709', 'user_domain_id': 'default', 'user_domain_name': 'Default', 'user_id': 'b91d5ba25c544f2f91166b693f2d67db', 'system': None}, Network: None, Subnet: None, Router: None
2024-08-06 07:59:23.104 62321 INFO tempest.lib.common.rest_client [req-89bfd485-edbd-4c84-aef8-387e999ca6e4 req-89bfd485-edbd-4c84-aef8-387e999ca6e4 ] Request (ServersAdminNegativeTestJSON:setUpClass): 204 PUT http://10.180.1.21/identity/v3/projects/03f975690d104e83b81ffcd67d5ed05c/users/c168c461d9584d058d939c5393f9b0b7/roles/e0e62faaed9c43bf8c240f1487ea026d 0.040s
2024-08-06 07:59:23.146 62295 INFO tempest.lib.common.rest_client [req-097d774c-df44-48ba-8fa3-6c9ce92a5710 req-097d774c-df44-48ba-8fa3-6c9ce92a5710 ] Request (NetworksTest:tearDownClass): 204 DELETE http://10.180.1.21:9696/networking/v2.0/security-groups/7a4b964d-ecf5-420f-ad66-2d295270d4e4 0.245s
2024-08-06 07:59:23.149 62298 INFO tempest.lib.common.rest_client [req-a85a9074-04e3-4381-94ff-506e7a8711e5 req-a85a9074-04e3-4381-94ff-506e7a8711e5 ] Request (AttachInterfacesV270Test:test_create_get_list_interfaces): 202 POST http://10.180.1.21/compute/v2.1/servers 4.616s
2024-08-06 07:59:23.177 62274 INFO tempest.lib.common.rest_client [req-ed243fab-6e38-4e93-942c-89fa00181c37 req-ed243fab-6e38-4e93-942c-89fa00181c37 ] Request (ServersWithSpecificFlavorTestJSON:test_verify_created_server_ephemeral_disk): 200 GET http://10.180.1.21/compute/v2.1/flavors/42/os-extra_specs 4.542s
2024-08-06 07:59:23.188 62321 INFO tempest.lib.common.rest_client [req-887d7169-b5ee-46df-8b3b-24fb9562ec0b req-887d7169-b5ee-46df-8b3b-24fb9562ec0b ] Request (ServersAdminNegativeTestJSON:setUpClass): 200 GET http://10.180.1.21/identity/v3/roles 0.084s
2024-08-06 07:59:23.207 62267 INFO tempest.lib.common.rest_client [req-19c1e009-b342-4159-9fa0-88c9fa022c1f req-19c1e009-b342-4159-9fa0-88c9fa022c1f ] Request (QuotaClassesAdminTestJSON:setUpClass): 201 POST http://10.180.1.21/identity/v3/auth/tokens 0.074s
2024-08-06 07:59:23.223 62321 INFO tempest.lib.common.rest_client [req-7a59f962-40d9-468b-9537-cd2c013b47d7 req-7a59f962-40d9-468b-9537-cd2c013b47d7 ] Request (ServersAdminNegativeTestJSON:setUpClass): 204 PUT http://10.180.1.21/identity/v3/projects/03f975690d104e83b81ffcd67d5ed05c/users/c168c461d9584d058d939c5393f9b0b7/roles/e0e62faaed9c43bf8c240f1487ea026d 0.034s
2024-08-06 07:59:23.224 62321 INFO tempest.lib.common.dynamic_creds [-] Dynamic test user c168c461d9584d058d939c5393f9b0b7 is created with scope project and roles: ['admin']
2024-08-06 07:59:23.225 62321 INFO tempest.lib.common.dynamic_creds [-] Acquired dynamic creds: credentials: Credentials: {'domain_id': 'default', 'domain_name': 'Default', 'username': 'tempest-ServersAdminNegativeTestJSON-1152511755-project-admin', 'project_domain_id': 'default', 'project_domain_name': 'Default', 'project_id': '03f975690d104e83b81ffcd67d5ed05c', 'project_name': 'tempest-ServersAdminNegativeTestJSON-1152511755', 'tenant_id': '03f975690d104e83b81ffcd67d5ed05c', 'tenant_name': 'tempest-ServersAdminNegativeTestJSON-1152511755', 'user_domain_id': 'default', 'user_domain_name': 'Default', 'user_id': 'c168c461d9584d058d939c5393f9b0b7', 'system': None}, Network: None, Subnet: None, Router: None
2024-08-06 07:59:23.225 62321 INFO tempest.lib.common.dynamic_creds [-] Created isolated network resources for: credentials: Credentials: {'domain_id': 'default', 'domain_name': 'Default', 'username': 'tempest-ServersAdminNegativeTestJSON-1152511755-project-admin', 'project_domain_id': 'default', 'project_domain_name': 'Default', 'project_id': '03f975690d104e83b81ffcd67d5ed05c', 'project_name': 'tempest-ServersAdminNegativeTestJSON-1152511755', 'tenant_id': '03f975690d104e83b81ffcd67d5ed05c', 'tenant_name': 'tempest-ServersAdminNegativeTestJSON-1152511755', 'user_domain_id': 'default', 'user_domain_name': 'Default', 'user_id': 'c168c461d9584d058d939c5393f9b0b7', 'system': None}, Network: None, Subnet: None, Router: None
2024-08-06 07:59:23.254 62295 INFO tempest.lib.common.rest_client [req-72b0dc4c-ff42-48bd-af8d-d435c1efa334 req-72b0dc4c-ff42-48bd-af8d-d435c1efa334 ] Request (NetworksTest:tearDownClass): 204 DELETE http://10.180.1.21/identity/v3/projects/6ee979c3b89e434a82343a854199608b 0.107s
2024-08-06 07:59:23.307 62321 INFO tempest.lib.common.rest_client [req-669ced08-32ca-43c2-8957-e9dcd2a32d0e req-669ced08-32ca-43c2-8957-e9dcd2a32d0e ] Request (ServersAdminNegativeTestJSON:setUpClass): 201 POST http://10.180.1.21/identity/v3/auth/tokens 0.079s
2024-08-06 07:59:23.324 62267 INFO tempest.lib.common.rest_client [req-7a42c3e4-59a7-4c1d-a0b7-de912b9e6fc7 req-7a42c3e4-59a7-4c1d-a0b7-de912b9e6fc7 ] Request (QuotaClassesAdminTestJSON:setUpClass): 201 POST http://10.180.1.21/identity/v3/projects 0.116s
2024-08-06 07:59:23.356 62295 INFO tempest.lib.common.rest_client [req-b2f0566d-70dc-4539-8456-14c8bfc14e0f req-b2f0566d-70dc-4539-8456-14c8bfc14e0f ] Request (AttachInterfacesTestJSON:setUpClass): 201 POST http://10.180.1.21/identity/v3/auth/tokens 0.100s
2024-08-06 07:59:23.377 62321 INFO tempest.lib.common.rest_client [req-068eb644-9191-4f4d-88c2-1f13904c0047 req-068eb644-9191-4f4d-88c2-1f13904c0047 ] Request (ServersAdminNegativeTestJSON:setUpClass): 201 POST http://10.180.1.21/identity/v3/auth/tokens 0.062s
2024-08-06 07:59:23.378 62321 INFO tempest.lib.common.fixed_network [-] (ServersAdminNegativeTestJSON:setUpClass) Found network None available for tenant
2024-08-06 07:59:23.389 62267 INFO tempest.lib.common.rest_client [req-ae1fb8f1-e5d5-4dba-bc60-018fd1ca7243 req-ae1fb8f1-e5d5-4dba-bc60-018fd1ca7243 ] Request (QuotaClassesAdminTestJSON:setUpClass): 201 POST http://10.180.1.21/identity/v3/users 0.064s
2024-08-06 07:59:23.390 62257 INFO tempest.lib.common.rest_client [req-90e65b3d-ed35-4727-9eb0-5f61361a6988 req-90e65b3d-ed35-4727-9eb0-5f61361a6988 ] Request (ServersAdminTestJSON:setUpClass): 201 POST http://10.180.1.21:9696/networking/v2.0/routers 2.030s
2024-08-06 07:59:23.394 62295 INFO tempest.lib.common.rest_client [req-ea0131b7-d82d-4c4c-b935-0912a007f299 req-ea0131b7-d82d-4c4c-b935-0912a007f299 ] Request (AttachInterfacesTestJSON:setUpClass): 201 POST http://10.180.1.21/identity/v3/auth/tokens 0.036s
2024-08-06 07:59:23.406 62267 INFO tempest.lib.common.rest_client [req-50cc5e43-4c86-4541-982a-237ffcd84b70 req-50cc5e43-4c86-4541-982a-237ffcd84b70 ] Request (QuotaClassesAdminTestJSON:setUpClass): 200 GET http://10.180.1.21/identity/v3/roles 0.016s
2024-08-06 07:59:23.413 62295 INFO tempest.lib.common.rest_client [req-f0a737b1-e26f-46eb-a378-bd61b27f389e req-f0a737b1-e26f-46eb-a378-bd61b27f389e ] Request (AttachInterfacesTestJSON:setUpClass): 200 GET http://10.180.1.21/identity/v3/domains?name=Default 0.018s
2024-08-06 07:59:23.426 62287 INFO tempest.lib.common.rest_client [req-7373a841-e86f-4f64-9288-839e563e6003 req-7373a841-e86f-4f64-9288-839e563e6003 ] Request (SecurityGroupRulesNegativeTestJSON:_run_cleanups): 202 DELETE http://10.180.1.21/compute/v2.1/os-security-group-rules/8c7f7c58-156f-44d1-b807-0ba76805e75f 4.659s
2024-08-06 07:59:23.433 62267 INFO tempest.lib.common.rest_client [req-34e87955-ba63-4061-a500-f6249e0d2a4d req-34e87955-ba63-4061-a500-f6249e0d2a4d ] Request (QuotaClassesAdminTestJSON:setUpClass): 204 PUT http://10.180.1.21/identity/v3/projects/0dc82b0a49ac4970b993bfdf7e3a0547/users/9c4f00dcca3749038466d74c26f3b659/roles/e0e62faaed9c43bf8c240f1487ea026d 0.027s
2024-08-06 07:59:23.438 62295 INFO tempest.lib.common.rest_client [req-5b755b47-f34f-402a-bb58-805e04641486 req-5b755b47-f34f-402a-bb58-805e04641486 ] Request (AttachInterfacesTestJSON:setUpClass): 201 POST http://10.180.1.21/identity/v3/projects 0.024s
2024-08-06 07:59:23.455 62312 INFO tempest.lib.common.rest_client [req-860e7888-9d3f-4c4c-93e4-bb47930060f2 req-860e7888-9d3f-4c4c-93e4-bb47930060f2 ] Request (KeyPairsV2TestJSON:_run_cleanups): 202 DELETE http://10.180.1.21/compute/v2.1/os-keypairs/tempest-KeyPairsV2TestJSON-keypair-675588720 4.662s
2024-08-06 07:59:23.472 62261 INFO tempest.lib.common.rest_client [req-f4528d90-b797-4755-aa61-c4a5dc3f0bd4 req-f4528d90-b797-4755-aa61-c4a5dc3f0bd4 ] Request (FlavorsAccessTestJSON:test_flavor_access_list_with_private_flavor): 200 POST http://10.180.1.21/compute/v2.1/flavors 4.650s
2024-08-06 07:59:23.485 62267 INFO tempest.lib.common.rest_client [req-cd9b8a45-5d13-4666-a2e5-4e96c74cc95a req-cd9b8a45-5d13-4666-a2e5-4e96c74cc95a ] Request (QuotaClassesAdminTestJSON:setUpClass): 200 GET http://10.180.1.21/identity/v3/roles 0.051s
2024-08-06 07:59:23.495 62295 INFO tempest.lib.common.rest_client [req-0ab5071c-4a41-4aee-988f-5516654590fd req-0ab5071c-4a41-4aee-988f-5516654590fd ] Request (AttachInterfacesTestJSON:setUpClass): 201 POST http://10.180.1.21/identity/v3/users 0.057s
2024-08-06 07:59:23.511 62267 INFO tempest.lib.common.rest_client [req-68da6efa-0f33-4f40-b260-357891d30e58 req-68da6efa-0f33-4f40-b260-357891d30e58 ] Request (QuotaClassesAdminTestJSON:setUpClass): 204 PUT http://10.180.1.21/identity/v3/projects/0dc82b0a49ac4970b993bfdf7e3a0547/users/9c4f00dcca3749038466d74c26f3b659/roles/e0e62faaed9c43bf8c240f1487ea026d 0.026s
2024-08-06 07:59:23.511 62267 INFO tempest.lib.common.dynamic_creds [-] Dynamic test user 9c4f00dcca3749038466d74c26f3b659 is created with scope project and roles: ['admin']
2024-08-06 07:59:23.512 62267 INFO tempest.lib.common.dynamic_creds [-] Acquired dynamic creds: credentials: Credentials: {'domain_id': 'default', 'domain_name': 'Default', 'username': 'tempest-QuotaClassesAdminTestJSON-1441526359-project-admin', 'project_domain_id': 'default', 'project_domain_name': 'Default', 'project_id': '0dc82b0a49ac4970b993bfdf7e3a0547', 'project_name': 'tempest-QuotaClassesAdminTestJSON-1441526359', 'tenant_id': '0dc82b0a49ac4970b993bfdf7e3a0547', 'tenant_name': 'tempest-QuotaClassesAdminTestJSON-1441526359', 'user_domain_id': 'default', 'user_domain_name': 'Default', 'user_id': '9c4f00dcca3749038466d74c26f3b659', 'system': None}, Network: None, Subnet: None, Router: None
2024-08-06 07:59:23.512 62267 INFO tempest.lib.common.dynamic_creds [-] Created isolated network resources for: credentials: Credentials: {'domain_id': 'default', 'domain_name': 'Default', 'username': 'tempest-QuotaClassesAdminTestJSON-1441526359-project-admin', 'project_domain_id': 'default', 'project_domain_name': 'Default', 'project_id': '0dc82b0a49ac4970b993bfdf7e3a0547', 'project_name': 'tempest-QuotaClassesAdminTestJSON-1441526359', 'tenant_id': '0dc82b0a49ac4970b993bfdf7e3a0547', 'tenant_name': 'tempest-QuotaClassesAdminTestJSON-1441526359', 'user_domain_id': 'default', 'user_domain_name': 'Default', 'user_id': '9c4f00dcca3749038466d74c26f3b659', 'system': None}, Network: None, Subnet: None, Router: None
2024-08-06 07:59:23.561 62312 INFO tempest.lib.common.rest_client [req-b705aece-6636-4299-bca0-6486f23c60df req-b705aece-6636-4299-bca0-6486f23c60df ] Request (KeyPairsV2TestJSON:tearDownClass): 204 DELETE http://10.180.1.21/identity/v3/users/f25ab1860df64648aafdaea80c06a0f0 0.105s
2024-08-06 07:59:23.561 62312 INFO tempest.lib.common.dynamic_creds [-] Deleting project and security group for project: c6d531e4e8684b53a540f3b43e034f57
2024-08-06 07:59:23.584 62295 INFO tempest.lib.common.rest_client [req-12be193d-07d6-4208-b61d-e27a56359f29 req-12be193d-07d6-4208-b61d-e27a56359f29 ] Request (AttachInterfacesTestJSON:setUpClass): 200 GET http://10.180.1.21/identity/v3/roles 0.088s
2024-08-06 07:59:23.591 62269 INFO tempest.lib.common.rest_client [req-93c9be85-5514-4175-b3a2-06e096cf3bc9 req-93c9be85-5514-4175-b3a2-06e096cf3bc9 ] Request (QuotaClassesAdmin257Test:test_update_default_quotas): 200 PUT http://10.180.1.21/compute/v2.1/os-quota-class-sets/default 4.490s
2024-08-06 07:59:23.621 62267 INFO tempest.lib.common.rest_client [req-b634eee1-9e23-4fe0-a8ca-fdf5fbd276a6 req-b634eee1-9e23-4fe0-a8ca-fdf5fbd276a6 ] Request (QuotaClassesAdminTestJSON:setUpClass): 201 POST http://10.180.1.21/identity/v3/auth/tokens 0.106s
2024-08-06 07:59:23.631 62312 INFO tempest.lib.common.rest_client [req-0e208f03-406e-4a7a-b8d8-a3d635dfc5ca req-0e208f03-406e-4a7a-b8d8-a3d635dfc5ca ] Request (KeyPairsV2TestJSON:tearDownClass): 201 POST http://10.180.1.21/identity/v3/auth/tokens 0.070s
2024-08-06 07:59:23.694 62295 INFO tempest.lib.common.rest_client [req-30d71b68-82e7-49d9-9a92-1a8a087f135c req-30d71b68-82e7-49d9-9a92-1a8a087f135c ] Request (AttachInterfacesTestJSON:setUpClass): 204 PUT http://10.180.1.21/identity/v3/projects/6e22a6ec7bee472cbd5e6da58d7118b4/users/b8821bfd35774f8190a281f1fbfad346/roles/09a874a6bb954ef1bfac3ea94f009d51 0.110s
2024-08-06 07:59:23.695 62295 INFO tempest.lib.common.dynamic_creds [-] Dynamic test user b8821bfd35774f8190a281f1fbfad346 is created with scope project and roles: ['member']
2024-08-06 07:59:23.695 62295 INFO tempest.lib.common.dynamic_creds [-] Acquired dynamic creds: credentials: Credentials: {'domain_id': 'default', 'domain_name': 'Default', 'username': 'tempest-AttachInterfacesTestJSON-1933428740-project-member', 'project_domain_id': 'default', 'project_domain_name': 'Default', 'project_id': '6e22a6ec7bee472cbd5e6da58d7118b4', 'project_name': 'tempest-AttachInterfacesTestJSON-1933428740', 'tenant_id': '6e22a6ec7bee472cbd5e6da58d7118b4', 'tenant_name': 'tempest-AttachInterfacesTestJSON-1933428740', 'user_domain_id': 'default', 'user_domain_name': 'Default', 'user_id': 'b8821bfd35774f8190a281f1fbfad346', 'system': None}, Network: None, Subnet: None, Router: None
2024-08-06 07:59:23.752 62295 INFO tempest.lib.common.rest_client [req-3c441c5f-b155-4122-8952-fe8bafac6e6f req-3c441c5f-b155-4122-8952-fe8bafac6e6f ] Request (AttachInterfacesTestJSON:setUpClass): 201 POST http://10.180.1.21/identity/v3/auth/tokens 0.057s
2024-08-06 07:59:23.964 62312 INFO tempest.lib.common.rest_client [req-32303d40-a409-470d-a029-054b3a66d59c req-32303d40-a409-470d-a029-054b3a66d59c ] Request (KeyPairsV2TestJSON:tearDownClass): 200 GET http://10.180.1.21:9696/networking/v2.0/security-groups?tenant_id=c6d531e4e8684b53a540f3b43e034f57&name=default 0.332s
2024-08-06 07:59:24.154 62295 INFO tempest.lib.common.rest_client [req-cd4b93cb-b45b-4f83-8393-edf8fe896cc5 req-cd4b93cb-b45b-4f83-8393-edf8fe896cc5 ] Request (AttachInterfacesTestJSON:setUpClass): 201 POST http://10.180.1.21:9696/networking/v2.0/networks 0.401s
2024-08-06 07:59:24.186 62259 INFO tempest.lib.common.rest_client [req-dc9e9f3f-c6c0-440a-82af-facbbbf8f612 req-dc9e9f3f-c6c0-440a-82af-facbbbf8f612 ] Request (FloatingIPsTestJSON:_run_cleanups): 202 DELETE http://10.180.1.21/compute/v2.1/os-floating-ips/90e0e89e-f69d-4d21-a77a-6901c81c8c8b 4.844s
2024-08-06 07:59:24.225 62312 INFO tempest.lib.common.rest_client [req-54269e48-1bb7-4527-b035-b8c57f1211db req-54269e48-1bb7-4527-b035-b8c57f1211db ] Request (KeyPairsV2TestJSON:tearDownClass): 204 DELETE http://10.180.1.21:9696/networking/v2.0/security-groups/531fcf18-a31c-42f2-981a-9e7f91bae204 0.260s
2024-08-06 07:59:24.244 62305 INFO tempest.lib.common.rest_client [req-521a6db9-b659-4242-b12e-00c9c318e8b3 req-521a6db9-b659-4242-b12e-00c9c318e8b3 ] Request (FloatingIPsAssociationNegativeTestJSON:setUpClass): 200 GET http://10.180.1.21/compute/v2.1/servers/cd3d1cbb-be77-4fd0-9666-0d544a19a16d 4.642s
2024-08-06 07:59:24.294 62312 INFO tempest.lib.common.rest_client [req-bbb37b26-1b3f-4c4b-84c4-0b436a3a49f4 req-bbb37b26-1b3f-4c4b-84c4-0b436a3a49f4 ] Request (KeyPairsV2TestJSON:tearDownClass): 204 DELETE http://10.180.1.21/identity/v3/projects/c6d531e4e8684b53a540f3b43e034f57 0.069s
2024-08-06 07:59:24.353 62312 INFO tempest.lib.common.rest_client [req-d9e5440e-a8b6-4327-84ea-82c6c2551cb1 req-d9e5440e-a8b6-4327-84ea-82c6c2551cb1 ] Request (AbsoluteLimitsNegativeTestJSON:setUpClass): 201 POST http://10.180.1.21/identity/v3/auth/tokens 0.057s
2024-08-06 07:59:24.379 62312 INFO tempest.lib.common.rest_client [req-9b741c7e-6c91-42c9-b7cf-542dde476a1c req-9b741c7e-6c91-42c9-b7cf-542dde476a1c ] Request (AbsoluteLimitsNegativeTestJSON:setUpClass): 201 POST http://10.180.1.21/identity/v3/auth/tokens 0.024s
2024-08-06 07:59:24.397 62312 INFO tempest.lib.common.rest_client [req-5a0975e5-89c3-4766-ae85-435c716bf028 req-5a0975e5-89c3-4766-ae85-435c716bf028 ] Request (AbsoluteLimitsNegativeTestJSON:setUpClass): 200 GET http://10.180.1.21/identity/v3/domains?name=Default 0.018s
2024-08-06 07:59:24.422 62312 INFO tempest.lib.common.rest_client [req-62597534-ac2b-47df-808d-214046c78957 req-62597534-ac2b-47df-808d-214046c78957 ] Request (AbsoluteLimitsNegativeTestJSON:setUpClass): 201 POST http://10.180.1.21/identity/v3/projects 0.024s
2024-08-06 07:59:24.479 62312 INFO tempest.lib.common.rest_client [req-7c143d63-3a9f-4872-b7c8-b1ff13900d73 req-7c143d63-3a9f-4872-b7c8-b1ff13900d73 ] Request (AbsoluteLimitsNegativeTestJSON:setUpClass): 201 POST http://10.180.1.21/identity/v3/users 0.056s
2024-08-06 07:59:24.496 62312 INFO tempest.lib.common.rest_client [req-65eacc25-accd-4107-a5a6-96ae0de1b2df req-65eacc25-accd-4107-a5a6-96ae0de1b2df ] Request (AbsoluteLimitsNegativeTestJSON:setUpClass): 200 GET http://10.180.1.21/identity/v3/roles 0.017s
2024-08-06 07:59:24.522 62312 INFO tempest.lib.common.rest_client [req-4a4b8869-ea26-4502-b5d1-985aea5a4d04 req-4a4b8869-ea26-4502-b5d1-985aea5a4d04 ] Request (AbsoluteLimitsNegativeTestJSON:setUpClass): 204 PUT http://10.180.1.21/identity/v3/projects/c849da16ded44c639786871b95d7dccd/users/f734666b603444c4b5765fa4003e61dd/roles/09a874a6bb954ef1bfac3ea94f009d51 0.025s
2024-08-06 07:59:24.522 62312 INFO tempest.lib.common.dynamic_creds [-] Dynamic test user f734666b603444c4b5765fa4003e61dd is created with scope project and roles: ['member']
2024-08-06 07:59:24.522 62312 INFO tempest.lib.common.dynamic_creds [-] Acquired dynamic creds: credentials: Credentials: {'domain_id': 'default', 'domain_name': 'Default', 'username': 'tempest-AbsoluteLimitsNegativeTestJSON-1294703219-project-member', 'project_domain_id': 'default', 'project_domain_name': 'Default', 'project_id': 'c849da16ded44c639786871b95d7dccd', 'project_name': 'tempest-AbsoluteLimitsNegativeTestJSON-1294703219', 'tenant_id': 'c849da16ded44c639786871b95d7dccd', 'tenant_name': 'tempest-AbsoluteLimitsNegativeTestJSON-1294703219', 'user_domain_id': 'default', 'user_domain_name': 'Default', 'user_id': 'f734666b603444c4b5765fa4003e61dd', 'system': None}, Network: None, Subnet: None, Router: None
2024-08-06 07:59:24.522 62312 INFO tempest.lib.common.dynamic_creds [-] Created isolated network resources for: credentials: Credentials: {'domain_id': 'default', 'domain_name': 'Default', 'username': 'tempest-AbsoluteLimitsNegativeTestJSON-1294703219-project-member', 'project_domain_id': 'default', 'project_domain_name': 'Default', 'project_id': 'c849da16ded44c639786871b95d7dccd', 'project_name': 'tempest-AbsoluteLimitsNegativeTestJSON-1294703219', 'tenant_id': 'c849da16ded44c639786871b95d7dccd', 'tenant_name': 'tempest-AbsoluteLimitsNegativeTestJSON-1294703219', 'user_domain_id': 'default', 'user_domain_name': 'Default', 'user_id': 'f734666b603444c4b5765fa4003e61dd', 'system': None}, Network: None, Subnet: None, Router: None
2024-08-06 07:59:24.584 62312 INFO tempest.lib.common.rest_client [req-b6171875-bfa1-4769-b4b8-c145b5749725 req-b6171875-bfa1-4769-b4b8-c145b5749725 ] Request (AbsoluteLimitsNegativeTestJSON:setUpClass): 201 POST http://10.180.1.21/identity/v3/auth/tokens 0.059s
2024-08-06 07:59:24.675 62310 INFO tempest.lib.common.rest_client [req-95ce5374-e6a2-4567-a19e-2479f98bd091 req-95ce5374-e6a2-4567-a19e-2479f98bd091 ] Request (VolumesAssistedSnapshotsTest:test_volume_assisted_snapshot_create_delete): 202 POST http://10.180.1.21/compute/v2.1/servers 4.921s
2024-08-06 07:59:24.697 62302 INFO tempest.lib.common.rest_client [req-08a2db16-6366-455e-a252-94d4bb8dd773 req-08a2db16-6366-455e-a252-94d4bb8dd773 ] Request (SecurityGroupsTestAdminJSON:test_list_security_groups_list_all_tenants_filter): 200 GET http://10.180.1.21/compute/v2.1/os-security-groups?all_tenants=true 8.398s
2024-08-06 07:59:24.748 62293 INFO tempest.lib.common.rest_client [req-7454110c-d954-4fde-abf3-acf5590c3bbd req-7454110c-d954-4fde-abf3-acf5590c3bbd ] Request (ImagesMetadataTestJSON:test_get_image_metadata_item): 200 GET http://10.180.1.21/compute/v2.1/images/34d02ff3-8a64-447d-be74-46f34c670310/metadata/os_distro 4.876s
2024-08-06 07:59:24.756 62326 INFO tempest.lib.common.rest_client [req-9d1bee2c-ddcd-42ba-95ba-d0c446e27521 req-9d1bee2c-ddcd-42ba-95ba-d0c446e27521 ] Request (HostsAdminNegativeTestJSON:test_shutdown_host_with_non_admin_user): 403 GET http://10.180.1.21/compute/v2.1/os-hosts/devstack/shutdown 4.875s
2024-08-06 07:59:24.776 62295 INFO tempest.lib.common.rest_client [req-baead55a-221a-4a12-9e93-87eb9d16e0ef req-baead55a-221a-4a12-9e93-87eb9d16e0ef ] Request (AttachInterfacesTestJSON:setUpClass): 201 POST http://10.180.1.21:9696/networking/v2.0/subnets 0.621s
2024-08-06 07:59:24.818 62317 INFO tempest.lib.common.rest_client [req-aaf2a4d1-abd4-4d8b-af8f-a60cd49ee1a5 req-aaf2a4d1-abd4-4d8b-af8f-a60cd49ee1a5 ] Request (FloatingIPsNegativeTestJSON:setUpClass): 200 GET http://10.180.1.21/compute/v2.1/os-floating-ips 5.009s
2024-08-06 07:59:24.889 62319 INFO tempest.lib.common.rest_client [req-8dd0953f-dbf8-41be-8645-6e65942e1df5 req-8dd0953f-dbf8-41be-8645-6e65942e1df5 ] Request (MigrationsAdminTest:test_list_migrations_in_flavor_resize_situation): 200 GET http://10.180.1.21/compute/v2.1/servers/b610e51c-f7a4-4e3a-85c1-28603fc82bab 4.337s
2024-08-06 07:59:24.948 62289 INFO tempest.lib.common.rest_client [req-92cec1a7-5fe9-4b9c-9eb3-70079aef62f9 req-92cec1a7-5fe9-4b9c-9eb3-70079aef62f9 ] Request (ServerExternalEventsTest:test_create_server_external_events): 200 GET http://10.180.1.21/compute/v2.1/servers/4c0dd905-f751-4cb4-9be1-ef06518990f8 4.306s
2024-08-06 07:59:25.015 62291 INFO tempest.lib.common.rest_client [req-b3fc26d4-3f1d-43a1-be50-14c822eaaec1 req-b3fc26d4-3f1d-43a1-be50-14c822eaaec1 ] Request (AttachVolumeTestJSON:test_attach_detach_volume): 200 GET http://10.180.1.21/compute/v2.1/servers/b819920a-cc74-4718-a054-e81affabcd5b 4.368s
2024-08-06 07:59:25.029 62272 INFO tempest.lib.common.rest_client [req-56aff0e5-b90f-49fd-9342-58e3d35defb6 req-56aff0e5-b90f-49fd-9342-58e3d35defb6 ] Request (QuotasAdminNegativeTest:test_create_server_when_instances_quota_is_full): 403 POST http://10.180.1.21/compute/v2.1/servers 4.821s
2024-08-06 07:59:25.043 62307 INFO tempest.lib.common.rest_client [req-8a1d119b-03bb-4cbf-ade0-451afd4dae26 req-8a1d119b-03bb-4cbf-ade0-451afd4dae26 ] Request (FlavorsAdminTestJSON:test_create_flavor_verify_entry_in_list_details): 200 GET http://10.180.1.21/compute/v2.1/flavors/detail 4.047s
2024-08-06 07:59:25.118 62275 INFO tempest.lib.common.rest_client [req-35dda67c-1c99-4cfc-a013-735757adb7f9 req-35dda67c-1c99-4cfc-a013-735757adb7f9 ] Request (AggregatesAdminNegativeTestJSON:test_aggregate_add_host_as_user): 200 POST http://10.180.1.21/compute/v2.1/os-aggregates 3.988s
2024-08-06 07:59:25.175 62281 INFO tempest.lib.common.rest_client [req-e7beb654-64c1-4a8e-9943-a8decb364a80 req-e7beb654-64c1-4a8e-9943-a8decb364a80 ] Request (ServerDiagnosticsTest:test_get_server_diagnostics): 200 GET http://10.180.1.21/compute/v2.1/servers/2a07c11a-4e95-47db-bf50-5ad720403faa 4.013s
2024-08-06 07:59:25.177 62257 INFO tempest.lib.common.rest_client [req-175d8278-2857-464a-8e98-de2daa2ffaea req-175d8278-2857-464a-8e98-de2daa2ffaea ] Request (ServersAdminTestJSON:setUpClass): 200 PUT http://10.180.1.21:9696/networking/v2.0/routers/faba83ff-e727-4e4e-9b85-23def08bf4c9/add_router_interface 1.787s
