2024-10-15 12:15:59.078 63287 INFO tempest.lib.common.dynamic_creds [-] Created isolated network resources for: credentials: Credentials: {'domain_id': 'default', 'domain_name': 'Default', 'username': 'tempest-FlavorsExtraSpecsTestJSON-1046620152-project-admin', 'project_domain_id': 'default', 'project_domain_name': 'Default', 'project_id': '012e2832768b4e3282f90b248c13a22e', 'project_name': 'tempest-FlavorsExtraSpecsTestJSON-1046620152', 'tenant_id': '012e2832768b4e3282f90b248c13a22e', 'tenant_name': 'tempest-FlavorsExtraSpecsTestJSON-1046620152', 'user_domain_id': 'default', 'user_domain_name': 'Default', 'user_id': '51abd7680dcf4b1aaa74f6fc95812ddf', 'system': None}, Network: None, Subnet: None, Router: None
2024-10-15 12:15:59.157 63287 INFO tempest.lib.common.rest_client [req-c6e6c679-dc41-4bc8-8fb8-a3e6557322ab req-c6e6c679-dc41-4bc8-8fb8-a3e6557322ab ] Request (FlavorsExtraSpecsTestJSON:setUpClass): 201 POST http://10.180.1.21/identity/v3/auth/tokens 0.077s
2024-10-15 12:15:59.201 63291 INFO tempest.lib.common.rest_client [req-df09c08d-1bab-435c-8f95-f553f3950611 req-df09c08d-1bab-435c-8f95-f553f3950611 ] Request (ServersTestManualDisk:setUpClass): 200 GET http://10.180.1.21/compute/v2.1/servers/498c8e1e-18c6-4e09-a90d-106600bed2cd 0.556s
2024-10-15 12:15:59.260 63307 INFO tempest.lib.common.rest_client [req-53d754de-ff5f-4496-ad91-636e7cb24065 req-53d754de-ff5f-4496-ad91-636e7cb24065 ] Request (ServersTestBootFromVolume:setUpClass): 200 GET http://10.180.1.21/compute/v2.1/servers/407db84f-3322-42bc-baac-5528e856af8d 0.575s
2024-10-15 12:15:59.293 63323 INFO tempest.lib.common.rest_client [req-87ab5d07-9ebb-429d-8640-0197960e7d1a req-87ab5d07-9ebb-429d-8640-0197960e7d1a ] Request (ServersNegativeTestMultiTenantJSON:setUpClass): 202 POST http://10.180.1.21/compute/v2.1/servers 0.734s
2024-10-15 12:15:59.346 63313 INFO tempest.lib.common.rest_client [req-afe1aec7-897e-4a56-b2ab-81a4af104baf req-afe1aec7-897e-4a56-b2ab-81a4af104baf ] Request (ImagesOneServerTestJSON:setUpClass): 200 GET http://10.180.1.21/compute/v2.1/servers/c63c1740-fcec-47fa-a7b9-986b83c4abd9 0.588s
2024-10-15 12:15:59.392 63319 INFO tempest.lib.common.rest_client [req-aef5f5f8-0695-4889-bbb2-8798dd310272 req-aef5f5f8-0695-4889-bbb2-8798dd310272 ] Request (ServersTestFqdnHostnames:tearDownClass): 204 DELETE http://10.180.1.21:9696/networking/v2.0/networks/161c4a39-dfa1-400a-a183-5112dd1eb886 0.354s
2024-10-15 12:15:59.401 63301 INFO tempest.lib.common.rest_client [req-7fb21204-9aa4-4fd6-9376-efeae79f2a09 req-7fb21204-9aa4-4fd6-9376-efeae79f2a09 ] Request (SecurityGroupsTestJSON:test_security_groups_create_list_delete): 200 GET http://10.180.1.21/compute/v2.1/os-security-groups 0.652s
2024-10-15 12:15:59.404 63343 INFO tempest.lib.common.rest_client [req-4b84507b-fe2e-4f62-a3f1-07c402e3340f req-4b84507b-fe2e-4f62-a3f1-07c402e3340f ] Request (ServerMetadataTestJSON:setUpClass): 200 GET http://10.180.1.21/compute/v2.1/servers/966fe303-09b9-449f-8bda-4f6cda135f7a 0.631s
2024-10-15 12:15:59.448 63309 INFO tempest.lib.common.rest_client [req-a9cbb8a6-6d85-41bc-81bf-21b459e7136a req-a9cbb8a6-6d85-41bc-81bf-21b459e7136a ] Request (ServerAddressesNegativeTestJSON:setUpClass): 200 GET http://10.180.1.21/compute/v2.1/servers/be5c7b15-c036-4a20-a21b-74bba67c9a2c 0.588s
2024-10-15 12:15:59.464 63327 INFO tempest.lib.common.rest_client [req-d329c680-2f6a-4e3f-9bdf-2821b265b905 req-d329c680-2f6a-4e3f-9bdf-2821b265b905 ] Request (AttachInterfacesUnderV243Test:test_add_remove_fixed_ip): 200 GET http://10.180.1.21/compute/v2.1/servers/6137d44e-9945-479d-9cf3-4a36bfa0e32c 0.531s
2024-10-15 12:15:59.500 63303 INFO tempest.lib.common.rest_client [req-a671790f-ee85-4467-9845-939623412319 req-a671790f-ee85-4467-9845-939623412319 ] Request (ServerDiagnosticsNegativeTest:test_get_server_diagnostics_by_non_admin): 200 GET http://10.180.1.21/compute/v2.1/servers/6eb3e767-ff7d-4760-a036-a55647afac0f 0.530s
2024-10-15 12:15:59.516 63337 INFO tempest.lib.common.rest_client [req-02d9b711-3051-4fec-93de-7e8a34f5ec7e req-02d9b711-3051-4fec-93de-7e8a34f5ec7e ] Request (ServersTestMultiNic:test_verify_multiple_nics_order): 200 GET http://10.180.1.21/compute/v2.1/servers/f2b4485c-ebcb-4063-a25a-e2efe6d1758f 0.512s
2024-10-15 12:15:59.526 63319 INFO tempest.lib.common.rest_client [req-af6f6147-7c76-435e-a127-0ca6354b5aec req-af6f6147-7c76-435e-a127-0ca6354b5aec ] Request (ServersTestFqdnHostnames:tearDownClass): 204 DELETE http://10.180.1.21/identity/v3/users/a77a04a855af4ee8955078d1ca55e24e 0.134s
2024-10-15 12:15:59.527 63319 INFO tempest.lib.common.dynamic_creds [-] Deleting project and security group for project: c95bf10c3da049c49e1b87303b7ce57d
2024-10-15 12:15:59.553 63333 INFO tempest.lib.common.rest_client [req-05c2cc05-84ae-4592-8f52-29dbf56f3740 req-05c2cc05-84ae-4592-8f52-29dbf56f3740 ] Request (ServerActionsTestOtherA:setUpClass): 200 GET http://10.180.1.21/compute/v2.1/servers/90c1832a-47c5-4f09-9921-21e15cb6fbb6 0.532s
2024-10-15 12:15:59.568 63319 INFO tempest.lib.common.rest_client [req-fc68968d-f6dd-4efa-969f-63d5a63a9706 req-fc68968d-f6dd-4efa-969f-63d5a63a9706 ] Request (ServersTestFqdnHostnames:tearDownClass): 200 GET http://10.180.1.21:9696/networking/v2.0/security-groups?tenant_id=c95bf10c3da049c49e1b87303b7ce57d&name=default 0.041s
2024-10-15 12:15:59.570 63339 INFO tempest.lib.common.rest_client [req-78bf9fc1-491d-459e-9f2c-c025374f90f5 req-78bf9fc1-491d-459e-9f2c-c025374f90f5 ] Request (ListServerFiltersTestJSON:setUpClass): 200 GET http://10.180.1.21/compute/v2.1/servers/c67b276f-07db-4cde-9f1c-efccc4d11c7d 0.489s
2024-10-15 12:15:59.611 63331 INFO tempest.lib.common.rest_client [req-32267fdb-fbe2-48a5-afcb-a4f13656f582 req-32267fdb-fbe2-48a5-afcb-a4f13656f582 ] Request (VolumesAdminNegativeTest:test_update_attached_volume_with_nonexistent_volume_in_body): 200 GET http://10.180.1.21/compute/v2.1/servers/641eed47-54f6-4c08-a8fd-f06bc5f7fb56 0.476s
2024-10-15 12:15:59.659 63329 INFO tempest.lib.common.rest_client [req-1b4dc109-bee5-4a87-b288-9acd641cddbe req-1b4dc109-bee5-4a87-b288-9acd641cddbe ] Request (InstanceActionsNegativeTestJSON:setUpClass): 200 GET http://10.180.1.21/compute/v2.1/servers/20611ed4-97b3-4d6d-bef7-c13e1235c401 0.457s
2024-10-15 12:15:59.671 63319 INFO tempest.lib.common.rest_client [req-857115eb-4b3f-4a03-aabc-f56e8e90e840 req-857115eb-4b3f-4a03-aabc-f56e8e90e840 ] Request (ServersTestFqdnHostnames:tearDownClass): 204 DELETE http://10.180.1.21:9696/networking/v2.0/security-groups/1ec6eb51-60e1-4c33-b26c-4663ac260626 0.102s
2024-10-15 12:15:59.709 63285 INFO tempest.lib.common.rest_client [req-22c10e29-f1e0-4b66-b31b-1986485707d4 req-22c10e29-f1e0-4b66-b31b-1986485707d4 ] Request (ServerRescueNegativeTestJSON:setUpClass): 200 GET http://10.180.1.21/compute/v2.1/servers/17725a7b-ccd3-477e-a7a6-b96af45d6d1f 0.460s
2024-10-15 12:15:59.732 63287 INFO tempest.lib.common.rest_client [req-963a3e7e-090a-4788-8436-f0de54482187 req-963a3e7e-090a-4788-8436-f0de54482187 ] Request (FlavorsExtraSpecsTestJSON:setUpClass): 200 POST http://10.180.1.21/compute/v2.1/flavors 0.574s
2024-10-15 12:15:59.744 63323 INFO tempest.lib.common.rest_client [req-2d25773d-480d-44a9-b75f-cb0e60a7fb27 req-2d25773d-480d-44a9-b75f-cb0e60a7fb27 ] Request (ServersNegativeTestMultiTenantJSON:setUpClass): 200 GET http://10.180.1.21/compute/v2.1/servers/d851a26b-48aa-4ffd-9c23-cea27543e0fa 0.449s
2024-10-15 12:15:59.774 63319 INFO tempest.lib.common.rest_client [req-c747534f-68bb-476b-bdcd-2f5335649c71 req-c747534f-68bb-476b-bdcd-2f5335649c71 ] Request (ServersTestFqdnHostnames:tearDownClass): 204 DELETE http://10.180.1.21/identity/v3/projects/c95bf10c3da049c49e1b87303b7ce57d 0.102s
2024-10-15 12:15:59.789 63281 INFO tempest.lib.common.rest_client [req-e717007d-3b26-497e-8738-1f30d9cdc934 req-e717007d-3b26-497e-8738-1f30d9cdc934 ] Request (ServerDiskConfigTestJSON:test_rebuild_server_with_auto_disk_config): 200 GET http://10.180.1.21/compute/v2.1/servers/eb42c667-b0ae-4807-8f69-88dd671aa7d7 0.423s
2024-10-15 12:15:59.790 63289 INFO tempest.lib.common.rest_client [req-802d0ebc-4bd8-4319-9ac4-f10a91ba51b8 req-802d0ebc-4bd8-4319-9ac4-f10a91ba51b8 ] Request (AttachInterfacesV270Test:test_create_get_list_interfaces): 200 GET http://10.180.1.21/compute/v2.1/servers/421e0f76-024d-4793-8f00-98731bb6b1af 0.470s
2024-10-15 12:15:59.837 63325 INFO tempest.lib.common.rest_client [req-bdfdce40-3665-4099-a7a7-4861b7edcd98 req-bdfdce40-3665-4099-a7a7-4861b7edcd98 ] Request (ListImageFiltersTestJSON:setUpClass): 200 GET http://10.180.1.21/compute/v2.1/servers/945b5a77-96b9-4565-94a8-6f1a89dc3bbf 0.428s
2024-10-15 12:15:59.888 63315 INFO tempest.lib.common.rest_client [req-c2905220-a711-46b2-8285-00286867779c req-c2905220-a711-46b2-8285-00286867779c ] Request (ServersNegativeTestJSON:setUpClass): 200 GET http://10.180.1.21/compute/v2.1/servers/5b778247-1434-447e-8ff1-7359bb9e8ea2 0.457s
2024-10-15 12:15:59.898 63301 INFO tempest.lib.common.rest_client [req-e14b7287-fccc-407b-9e95-7be4349fa6b0 req-e14b7287-fccc-407b-9e95-7be4349fa6b0 ] Request (SecurityGroupsTestJSON:test_security_groups_create_list_delete): 202 DELETE http://10.180.1.21/compute/v2.1/os-security-groups/b05130fb-4fdd-41d3-b7ad-1725a3e8c5b9 0.493s
2024-10-15 12:15:59.946 63295 INFO tempest.lib.common.rest_client [req-5ce64890-3760-4b38-a606-04bcd0ab6d34 req-5ce64890-3760-4b38-a606-04bcd0ab6d34 ] Request (InstanceActionsTestJSON:setUpClass): 200 GET http://10.180.1.21/compute/v2.1/servers/7b5cc7b5-98b9-4344-b714-270dca798799 0.319s
2024-10-15 12:15:59.946 63341 INFO tempest.lib.common.rest_client [req-67241c94-5d80-4593-90f7-4addb8b7f9fe req-67241c94-5d80-4593-90f7-4addb8b7f9fe ] Request (FloatingIPsAssociationTestJSON:setUpClass): 200 GET http://10.180.1.21/compute/v2.1/servers/1efd14a0-bfc3-42fe-b7f1-79ad3b75f1ed 0.369s
2024-10-15 12:15:59.971 63287 INFO tempest.lib.common.rest_client [req-cc882a41-c581-4163-81b5-56869ae4bec3 req-cc882a41-c581-4163-81b5-56869ae4bec3 ] Request (FlavorsExtraSpecsTestJSON:test_flavor_non_admin_get_all_keys): 200 POST http://10.180.1.21/compute/v2.1/flavors/1157396/os-extra_specs 0.237s
2024-10-15 12:15:59.996 63317 INFO tempest.lib.common.rest_client [req-0549e170-4277-40ad-947c-8395edb36407 req-0549e170-4277-40ad-947c-8395edb36407 ] Request (ServerActionsV293TestJSON:setUpClass): 200 GET http://10.180.1.21/compute/v2.1/servers/b82c89ad-f7d6-4c04-a48e-acdab29ea5e7 0.273s
2024-10-15 12:16:00.023 63321 INFO tempest.lib.common.rest_client [req-67bc3742-7340-46db-bbf5-c68a473e7626 req-67bc3742-7340-46db-bbf5-c68a473e7626 ] Request (AttachInterfacesTestJSON:test_create_list_show_delete_interfaces_by_fixed_ip): 200 GET http://10.180.1.21/compute/v2.1/servers/1219fe86-f218-4a2b-84ba-4a377829386d 0.215s
2024-10-15 12:16:00.047 63283 INFO tempest.lib.common.rest_client [req-bee3f09b-e5d3-45ea-bf9e-ea7f73b2487b req-bee3f09b-e5d3-45ea-bf9e-ea7f73b2487b ] Request (DeleteServersAdminTestJSON:test_delete_server_while_in_error_state): 200 GET http://10.180.1.21/compute/v2.1/servers/62bd4013-f007-4f69-b037-14bedf1e63cf 0.235s
2024-10-15 12:16:00.063 63301 INFO tempest.lib.common.rest_client [req-695ac0af-738a-4833-be8d-25de931f4596 req-695ac0af-738a-4833-be8d-25de931f4596 ] Request (SecurityGroupsTestJSON:test_security_groups_create_list_delete): 404 GET http://10.180.1.21/compute/v2.1/os-security-groups/b05130fb-4fdd-41d3-b7ad-1725a3e8c5b9 0.165s
2024-10-15 12:16:00.068 63311 INFO tempest.lib.common.rest_client [req-388c8fe2-3b8a-4db7-a997-8fa3f6e53439 req-388c8fe2-3b8a-4db7-a997-8fa3f6e53439 ] Request (TenantUsagesTestJSON:setUpClass): 200 GET http://10.180.1.21/compute/v2.1/servers/02da88f0-7e3a-4eea-a88d-59a990c69f82 0.183s
2024-10-15 12:16:00.113 63297 INFO tempest.lib.common.rest_client [req-10085b0b-4627-41b4-9353-6728bc2fdac8 req-10085b0b-4627-41b4-9353-6728bc2fdac8 ] Request (ServersTestJSON:test_create_server_specify_multibyte_character_name): 200 GET http://10.180.1.21/compute/v2.1/servers/2b43620d-94ac-4c56-87df-4066f5d24088 0.178s
2024-10-15 12:16:00.197 63287 INFO tempest.lib.common.rest_client [req-88188b00-1660-4c5a-96cd-512036cc20cd req-88188b00-1660-4c5a-96cd-512036cc20cd ] Request (FlavorsExtraSpecsTestJSON:test_flavor_non_admin_get_all_keys): 200 GET http://10.180.1.21/compute/v2.1/flavors/1157396/os-extra_specs 0.224s
2024-10-15 12:16:00.212 63301 INFO tempest.lib.common.rest_client [req-7f6b8abb-5ee4-4e3a-bbdb-e25c6afaaffd req-7f6b8abb-5ee4-4e3a-bbdb-e25c6afaaffd ] Request (SecurityGroupsTestJSON:test_security_groups_create_list_delete): 202 DELETE http://10.180.1.21/compute/v2.1/os-security-groups/63888f9a-85cf-4fdf-a55e-879cae107fba 0.149s
2024-10-15 12:16:00.229 63287 INFO tempest.lib.common.rest_client [req-0f742062-1987-49de-85b8-0977b2f345aa req-0f742062-1987-49de-85b8-0977b2f345aa ] Request (FlavorsExtraSpecsTestJSON:test_flavor_non_admin_get_specific_key): 200 POST http://10.180.1.21/compute/v2.1/flavors/1157396/os-extra_specs 0.030s
2024-10-15 12:16:00.247 63301 INFO tempest.lib.common.rest_client [req-13f61b32-66b9-42a5-91db-7473482ae5db req-13f61b32-66b9-42a5-91db-7473482ae5db ] Request (SecurityGroupsTestJSON:test_security_groups_create_list_delete): 404 GET http://10.180.1.21/compute/v2.1/os-security-groups/63888f9a-85cf-4fdf-a55e-879cae107fba 0.034s
2024-10-15 12:16:00.258 63287 INFO tempest.lib.common.rest_client [req-b76d557f-eb99-48e8-92b4-5ed2218626b9 req-b76d557f-eb99-48e8-92b4-5ed2218626b9 ] Request (FlavorsExtraSpecsTestJSON:test_flavor_non_admin_get_specific_key): 200 GET http://10.180.1.21/compute/v2.1/flavors/1157396/os-extra_specs/hw:numa_nodes 0.028s
2024-10-15 12:16:00.271 63291 INFO tempest.lib.common.rest_client [req-c390e1e5-6b96-4be5-acbd-cd26fe00ded6 req-c390e1e5-6b96-4be5-acbd-cd26fe00ded6 ] Request (ServersTestManualDisk:setUpClass): 200 GET http://10.180.1.21/compute/v2.1/servers/498c8e1e-18c6-4e09-a90d-106600bed2cd 0.060s
2024-10-15 12:16:00.277 63291 INFO tempest.common.waiters [-] State transition "BUILD/spawning" ==> "ERROR/None" after 76 second wait
2024-10-15 12:16:00.289 63287 INFO tempest.lib.common.rest_client [req-7f7694eb-f857-4755-8fd3-301e94fb2943 req-7f7694eb-f857-4755-8fd3-301e94fb2943 ] Request (FlavorsExtraSpecsTestJSON:test_flavor_set_get_update_show_unset_keys): 200 POST http://10.180.1.21/compute/v2.1/flavors/1157396/os-extra_specs 0.029s
2024-10-15 12:16:00.333 63307 INFO tempest.lib.common.rest_client [req-a25d2d79-0370-49bb-b270-34a71dd0a787 req-a25d2d79-0370-49bb-b270-34a71dd0a787 ] Request (ServersTestBootFromVolume:setUpClass): 200 GET http://10.180.1.21/compute/v2.1/servers/407db84f-3322-42bc-baac-5528e856af8d 0.065s
2024-10-15 12:16:00.368 63301 INFO tempest.lib.common.rest_client [req-29663c41-760b-40f3-afa2-09f47bf7c004 req-29663c41-760b-40f3-afa2-09f47bf7c004 ] Request (SecurityGroupsTestJSON:test_security_groups_create_list_delete): 202 DELETE http://10.180.1.21/compute/v2.1/os-security-groups/b0bef505-f18c-4862-aeef-d0ca2dcfe128 0.120s
2024-10-15 12:16:00.376 63287 INFO tempest.lib.common.rest_client [req-72e39521-dd28-4a8b-b266-eb71682e014a req-72e39521-dd28-4a8b-b266-eb71682e014a ] Request (FlavorsExtraSpecsTestJSON:test_flavor_set_get_update_show_unset_keys): 200 GET http://10.180.1.21/compute/v2.1/flavors/1157396/os-extra_specs 0.085s
2024-10-15 12:16:00.418 63313 INFO tempest.lib.common.rest_client [req-08f75e93-5987-4143-bc31-8323952512aa req-08f75e93-5987-4143-bc31-8323952512aa ] Request (ImagesOneServerTestJSON:setUpClass): 200 GET http://10.180.1.21/compute/v2.1/servers/c63c1740-fcec-47fa-a7b9-986b83c4abd9 0.065s
2024-10-15 12:16:00.435 63301 INFO tempest.lib.common.rest_client [req-c9425b00-bec0-450d-8b92-12fcdb10d869 req-c9425b00-bec0-450d-8b92-12fcdb10d869 ] Request (SecurityGroupsTestJSON:test_security_groups_create_list_delete): 404 GET http://10.180.1.21/compute/v2.1/os-security-groups/b0bef505-f18c-4862-aeef-d0ca2dcfe128 0.065s
2024-10-15 12:16:00.453 63287 INFO tempest.lib.common.rest_client [req-4f217376-5df1-4438-ad10-b8f4bbbb1ec7 req-4f217376-5df1-4438-ad10-b8f4bbbb1ec7 ] Request (FlavorsExtraSpecsTestJSON:test_flavor_set_get_update_show_unset_keys): 200 PUT http://10.180.1.21/compute/v2.1/flavors/1157396/os-extra_specs/hw:numa_nodes 0.076s
2024-10-15 12:16:00.494 63291 INFO tempest.lib.common.rest_client [req-d062d21e-4dde-41a1-8cd6-88297b30c8ad req-d062d21e-4dde-41a1-8cd6-88297b30c8ad ] Request (ServersTestManualDisk:setUpClass): 204 DELETE http://10.180.1.21/compute/v2.1/servers/498c8e1e-18c6-4e09-a90d-106600bed2cd 0.216s
2024-10-15 12:16:00.496 63343 INFO tempest.lib.common.rest_client [req-2a67d14c-4bda-49a7-92a1-d52e495d8e2b req-2a67d14c-4bda-49a7-92a1-d52e495d8e2b ] Request (ServerMetadataTestJSON:setUpClass): 200 GET http://10.180.1.21/compute/v2.1/servers/966fe303-09b9-449f-8bda-4f6cda135f7a 0.085s
2024-10-15 12:16:00.504 63287 INFO tempest.lib.common.rest_client [req-03bb0975-f0a7-484c-8cba-7bd5e38b2e9c req-03bb0975-f0a7-484c-8cba-7bd5e38b2e9c ] Request (FlavorsExtraSpecsTestJSON:test_flavor_set_get_update_show_unset_keys): 200 GET http://10.180.1.21/compute/v2.1/flavors/1157396/os-extra_specs 0.050s
2024-10-15 12:16:00.548 63309 INFO tempest.lib.common.rest_client [req-796c5d9e-0632-4c8c-b222-fd9a4cdbd9bf req-796c5d9e-0632-4c8c-b222-fd9a4cdbd9bf ] Request (ServerAddressesNegativeTestJSON:setUpClass): 200 GET http://10.180.1.21/compute/v2.1/servers/be5c7b15-c036-4a20-a21b-74bba67c9a2c 0.090s
2024-10-15 12:16:00.579 63301 INFO tempest.lib.common.rest_client [req-d2cefbbf-febb-4048-ac81-14ca5fb0e45a req-d2cefbbf-febb-4048-ac81-14ca5fb0e45a ] Request (SecurityGroupsTestJSON:test_security_groups_create_list_delete): 200 GET http://10.180.1.21/compute/v2.1/os-security-groups 0.143s
2024-10-15 12:16:00.591 63327 INFO tempest.lib.common.rest_client [req-4a77047d-012d-438a-9450-0eb2830cea5a req-4a77047d-012d-438a-9450-0eb2830cea5a ] Request (AttachInterfacesUnderV243Test:test_add_remove_fixed_ip): 200 GET http://10.180.1.21/compute/v2.1/servers/6137d44e-9945-479d-9cf3-4a36bfa0e32c 0.116s
2024-10-15 12:16:00.601 63291 INFO tempest.lib.common.rest_client [req-cd75ad9d-4cec-4503-b4c5-fb8061a167f2 req-cd75ad9d-4cec-4503-b4c5-fb8061a167f2 ] Request (ServersTestManualDisk:setUpClass): 404 GET http://10.180.1.21/compute/v2.1/servers/498c8e1e-18c6-4e09-a90d-106600bed2cd 0.107s
2024-10-15 12:16:00.601 63291 INFO tempest.test [-] raised in ServersTestManualDisk.setUpClass. Invoking tearDownClass.
2024-10-15 12:16:00.607 63287 INFO tempest.lib.common.rest_client [req-c7269eeb-3421-4dd7-a5b3-03d1ae0fc358 req-c7269eeb-3421-4dd7-a5b3-03d1ae0fc358 ] Request (FlavorsExtraSpecsTestJSON:test_flavor_set_get_update_show_unset_keys): 200 DELETE http://10.180.1.21/compute/v2.1/flavors/1157396/os-extra_specs/hw:numa_nodes 0.102s
2024-10-15 12:16:00.647 63303 INFO tempest.lib.common.rest_client [req-c9c24b75-7c5d-46f5-8f99-6913a8473d4b req-c9c24b75-7c5d-46f5-8f99-6913a8473d4b ] Request (ServerDiagnosticsNegativeTest:test_get_server_diagnostics_by_non_admin): 200 GET http://10.180.1.21/compute/v2.1/servers/6eb3e767-ff7d-4760-a036-a55647afac0f 0.135s
2024-10-15 12:16:00.650 63337 INFO tempest.lib.common.rest_client [req-d4c9bd5e-cceb-42c3-a014-627e73509452 req-d4c9bd5e-cceb-42c3-a014-627e73509452 ] Request (ServersTestMultiNic:test_verify_multiple_nics_order): 200 GET http://10.180.1.21/compute/v2.1/servers/f2b4485c-ebcb-4063-a25a-e2efe6d1758f 0.126s
2024-10-15 12:16:00.693 63333 INFO tempest.lib.common.rest_client [req-f231b2de-eea8-4481-b4fa-bc1c50ac9a41 req-f231b2de-eea8-4481-b4fa-bc1c50ac9a41 ] Request (ServerActionsTestOtherA:setUpClass): 200 GET http://10.180.1.21/compute/v2.1/servers/90c1832a-47c5-4f09-9921-21e15cb6fbb6 0.127s
2024-10-15 12:16:00.695 63339 INFO tempest.lib.common.rest_client [req-ba041c00-27c1-4428-a2f5-bc677f4a976e req-ba041c00-27c1-4428-a2f5-bc677f4a976e ] Request (ListServerFiltersTestJSON:setUpClass): 200 GET http://10.180.1.21/compute/v2.1/servers/c67b276f-07db-4cde-9f1c-efccc4d11c7d 0.116s
2024-10-15 12:16:00.710 63291 INFO tempest.lib.common.rest_client [req-c33e4665-5c1d-497b-b120-b37af95e9dad req-c33e4665-5c1d-497b-b120-b37af95e9dad ] Request (ServersTestManualDisk:tearDownClass): 202 DELETE http://10.180.1.21/compute/v2.1/os-keypairs/tempest-keypair-709206678 0.109s
2024-10-15 12:16:00.725 63287 INFO tempest.lib.common.rest_client [req-be57e2bd-e185-4bfd-9c32-e442af1bcfca req-be57e2bd-e185-4bfd-9c32-e442af1bcfca ] Request (FlavorsExtraSpecsTestJSON:test_flavor_set_get_update_show_unset_keys): 200 DELETE http://10.180.1.21/compute/v2.1/flavors/1157396/os-extra_specs/hw:cpu_policy 0.117s
2024-10-15 12:16:00.772 63331 INFO tempest.lib.common.rest_client [req-8623f42f-cdcb-4e5c-a63b-e5c0ec3761a0 req-8623f42f-cdcb-4e5c-a63b-e5c0ec3761a0 ] Request (VolumesAdminNegativeTest:test_update_attached_volume_with_nonexistent_volume_in_body): 200 GET http://10.180.1.21/compute/v2.1/servers/641eed47-54f6-4c08-a8fd-f06bc5f7fb56 0.155s
2024-10-15 12:16:00.787 63301 INFO tempest.lib.common.rest_client [req-4160f534-898a-48ec-96cd-f9a78d6ea343 req-4160f534-898a-48ec-96cd-f9a78d6ea343 ] Request (SecurityGroupsTestJSON:test_server_security_groups): 200 POST http://10.180.1.21/compute/v2.1/os-security-groups 0.205s
2024-10-15 12:16:00.803 63291 INFO tempest.lib.common.rest_client [req-cae0ef12-21eb-4c36-80a7-01041ddd4c71 req-cae0ef12-21eb-4c36-80a7-01041ddd4c71 ] Request (ServersTestManualDisk:tearDownClass): 204 DELETE http://10.180.1.21:9696/networking/v2.0/security-groups/9415738b-d94e-4c64-acc2-9789a3478cef 0.092s
2024-10-15 12:16:00.815 63291 INFO tempest.lib.common.rest_client [req-19da708f-d6f3-4f81-b4ca-d711688dc0fb req-19da708f-d6f3-4f81-b4ca-d711688dc0fb ] Request (ServersTestManualDisk:tearDownClass): 404 GET http://10.180.1.21:9696/networking/v2.0/security-groups/9415738b-d94e-4c64-acc2-9789a3478cef 0.011s
2024-10-15 12:16:00.822 63329 INFO tempest.lib.common.rest_client [req-3c0c03fb-bd97-4cdc-8873-afe6b8e169e3 req-3c0c03fb-bd97-4cdc-8873-afe6b8e169e3 ] Request (InstanceActionsNegativeTestJSON:setUpClass): 200 GET http://10.180.1.21/compute/v2.1/servers/20611ed4-97b3-4d6d-bef7-c13e1235c401 0.154s
2024-10-15 12:16:00.831 63287 INFO tempest.lib.common.rest_client [req-225e4c2b-4516-47a0-9924-89a04b986a0f req-225e4c2b-4516-47a0-9924-89a04b986a0f ] Request (FlavorsExtraSpecsTestJSON:test_flavor_set_get_update_show_unset_keys): 200 GET http://10.180.1.21/compute/v2.1/flavors/1157396/os-extra_specs 0.105s
2024-10-15 12:16:00.836 63285 INFO tempest.lib.common.rest_client [req-f87bba2d-aa27-4798-8fb8-b7800f5db53d req-f87bba2d-aa27-4798-8fb8-b7800f5db53d ] Request (ServerRescueNegativeTestJSON:setUpClass): 200 GET http://10.180.1.21/compute/v2.1/servers/17725a7b-ccd3-477e-a7a6-b96af45d6d1f 0.117s
2024-10-15 12:16:00.877 63323 INFO tempest.lib.common.rest_client [req-142b9541-a257-4fe9-8530-bdb34bed3294 req-142b9541-a257-4fe9-8530-bdb34bed3294 ] Request (ServersNegativeTestMultiTenantJSON:setUpClass): 200 GET http://10.180.1.21/compute/v2.1/servers/d851a26b-48aa-4ffd-9c23-cea27543e0fa 0.126s
2024-10-15 12:16:00.932 63281 INFO tempest.lib.common.rest_client [req-3e2811ea-e8cb-40a1-a4af-c0e030485b9c req-3e2811ea-e8cb-40a1-a4af-c0e030485b9c ] Request (ServerDiskConfigTestJSON:test_rebuild_server_with_auto_disk_config): 200 GET http://10.180.1.21/compute/v2.1/servers/eb42c667-b0ae-4807-8f69-88dd671aa7d7 0.135s
2024-10-15 12:16:00.990 63289 INFO tempest.lib.common.rest_client [req-4455b06a-368d-4b5e-a0b6-c26c014770ff req-4455b06a-368d-4b5e-a0b6-c26c014770ff ] Request (AttachInterfacesV270Test:test_create_get_list_interfaces): 200 GET http://10.180.1.21/compute/v2.1/servers/421e0f76-024d-4793-8f00-98731bb6b1af 0.190s
2024-10-15 12:16:01.004 63287 INFO tempest.lib.common.rest_client [req-3c88cf28-e9ca-4baf-9f1b-58df022443c1 req-3c88cf28-e9ca-4baf-9f1b-58df022443c1 ] Request (FlavorsExtraSpecsTestJSON:tearDownClass): 202 DELETE http://10.180.1.21/compute/v2.1/flavors/1157396 0.171s
2024-10-15 12:16:01.018 63301 INFO tempest.lib.common.rest_client [req-def4c41c-d6e3-4129-a8fd-d4c9f99fb2f1 req-def4c41c-d6e3-4129-a8fd-d4c9f99fb2f1 ] Request (SecurityGroupsTestJSON:test_server_security_groups): 200 POST http://10.180.1.21/compute/v2.1/os-security-groups 0.228s
2024-10-15 12:16:01.058 63325 INFO tempest.lib.common.rest_client [req-8ecd864f-5077-44af-ade9-56969b7fe4d7 req-8ecd864f-5077-44af-ade9-56969b7fe4d7 ] Request (ListImageFiltersTestJSON:setUpClass): 200 GET http://10.180.1.21/compute/v2.1/servers/945b5a77-96b9-4565-94a8-6f1a89dc3bbf 0.212s
2024-10-15 12:16:01.069 63315 INFO tempest.lib.common.rest_client [req-260f8d61-3dac-4820-bf2a-dd4fed311c0c req-260f8d61-3dac-4820-bf2a-dd4fed311c0c ] Request (ServersNegativeTestJSON:setUpClass): 200 GET http://10.180.1.21/compute/v2.1/servers/5b778247-1434-447e-8ff1-7359bb9e8ea2 0.165s
2024-10-15 12:16:01.088 63291 INFO tempest.lib.common.rest_client [req-40209360-86fd-424c-b86a-bd1c83fb8a30 req-40209360-86fd-424c-b86a-bd1c83fb8a30 ] Request (ServersTestManualDisk:tearDownClass): 204 DELETE http://10.180.1.21:9696/networking/v2.0/floatingips/bfc8fa57-f5b7-4562-8b80-5df9ed2c9e4a 0.272s
2024-10-15 12:16:01.106 63341 INFO tempest.lib.common.rest_client [req-8569155d-9398-48fc-91a7-586385a5a87f req-8569155d-9398-48fc-91a7-586385a5a87f ] Request (FloatingIPsAssociationTestJSON:setUpClass): 200 GET http://10.180.1.21/compute/v2.1/servers/1efd14a0-bfc3-42fe-b7f1-79ad3b75f1ed 0.153s
2024-10-15 12:16:01.109 63301 INFO tempest.lib.common.rest_client [req-e09c8421-e2a6-46b2-a986-63566942dfbc req-e09c8421-e2a6-46b2-a986-63566942dfbc ] Request (SecurityGroupsTestJSON:test_server_security_groups): 201 POST http://10.180.1.21/identity/v3/auth/tokens 0.083s
2024-10-15 12:16:01.110 63301 INFO tempest.lib.common.fixed_network [-] (SecurityGroupsTestJSON:test_server_security_groups) Found network {'id': '5d15f80a-eedf-4d60-be78-7a59ec2bc3cb', 'name': 'tempest-SecurityGroupsTestJSON-925749687-network', 'tenant_id': '7cf8918ced834fdfaa1bf2350b666ce0', 'admin_state_up': True, 'mtu': 8950, 'status': 'ACTIVE', 'subnets': [], 'shared': False, 'project_id': '7cf8918ced834fdfaa1bf2350b666ce0', 'port_security_enabled': True, 'router:external': False, 'provider:network_type': 'vlan', 'provider:physical_network': 'default', 'provider:segmentation_id': 425, 'is_default': False, 'availability_zone_hints': [], 'availability_zones': [], 'ipv4_address_scope': None, 'ipv6_address_scope': None, 'description': '', 'tags': [], 'created_at': '2024-10-15T12:14:33Z', 'updated_at': '2024-10-15T12:14:33Z', 'revision_number': 1} available for tenant
2024-10-15 12:16:01.120 63287 INFO tempest.lib.common.rest_client [req-08773079-9ced-4b1d-971b-b01b4b8984cf req-08773079-9ced-4b1d-971b-b01b4b8984cf ] Request (FlavorsExtraSpecsTestJSON:tearDownClass): 200 GET http://10.180.1.21/compute/v2.1/flavors/detail 0.116s
2024-10-15 12:16:01.129 63295 INFO tempest.lib.common.rest_client [req-4c0db8ba-042d-4a9f-974c-3705c33e8b90 req-4c0db8ba-042d-4a9f-974c-3705c33e8b90 ] Request (InstanceActionsTestJSON:setUpClass): 200 GET http://10.180.1.21/compute/v2.1/servers/7b5cc7b5-98b9-4344-b714-270dca798799 0.175s
2024-10-15 12:16:01.180 63317 INFO tempest.lib.common.rest_client [req-cfabb7de-9c96-4fb2-8fdb-8b04f23d420b req-cfabb7de-9c96-4fb2-8fdb-8b04f23d420b ] Request (ServerActionsV293TestJSON:setUpClass): 200 GET http://10.180.1.21/compute/v2.1/servers/b82c89ad-f7d6-4c04-a48e-acdab29ea5e7 0.174s
2024-10-15 12:16:01.186 63321 INFO tempest.lib.common.rest_client [req-53efa03c-2642-4393-99dd-89c7ec7a9fa9 req-53efa03c-2642-4393-99dd-89c7ec7a9fa9 ] Request (AttachInterfacesTestJSON:test_create_list_show_delete_interfaces_by_fixed_ip): 200 GET http://10.180.1.21/compute/v2.1/servers/1219fe86-f218-4a2b-84ba-4a377829386d 0.156s
2024-10-15 12:16:01.229 63283 INFO tempest.lib.common.rest_client [req-4657c0c4-92cb-4b4a-b909-4eb36b849a42 req-4657c0c4-92cb-4b4a-b909-4eb36b849a42 ] Request (DeleteServersAdminTestJSON:test_delete_server_while_in_error_state): 200 GET http://10.180.1.21/compute/v2.1/servers/62bd4013-f007-4f69-b037-14bedf1e63cf 0.174s
2024-10-15 12:16:01.232 63287 INFO tempest.lib.common.rest_client [req-c997d74c-cae2-408a-92b6-02863632200e req-c997d74c-cae2-408a-92b6-02863632200e ] Request (FlavorsExtraSpecsTestJSON:tearDownClass): 204 DELETE http://10.180.1.21/identity/v3/users/40f29ad73fda42e4858cdbdaaf32d574 0.108s
2024-10-15 12:16:01.247 63311 INFO tempest.lib.common.rest_client [req-f6381a92-6b12-4ba1-8f65-f72f16cc3597 req-f6381a92-6b12-4ba1-8f65-f72f16cc3597 ] Request (TenantUsagesTestJSON:setUpClass): 200 GET http://10.180.1.21/compute/v2.1/servers/02da88f0-7e3a-4eea-a88d-59a990c69f82 0.170s
2024-10-15 12:16:01.302 63297 INFO tempest.lib.common.rest_client [req-7f583ebe-3228-40b3-8ee2-cb85dd9512f3 req-7f583ebe-3228-40b3-8ee2-cb85dd9512f3 ] Request (ServersTestJSON:test_create_server_specify_multibyte_character_name): 200 GET http://10.180.1.21/compute/v2.1/servers/2b43620d-94ac-4c56-87df-4066f5d24088 0.182s
2024-10-15 12:16:01.341 63287 INFO tempest.lib.common.rest_client [req-a0d32dcb-f8ef-4577-b7d4-8ddd9b4e3143 req-a0d32dcb-f8ef-4577-b7d4-8ddd9b4e3143 ] Request (FlavorsExtraSpecsTestJSON:tearDownClass): 204 DELETE http://10.180.1.21/identity/v3/users/51abd7680dcf4b1aaa74f6fc95812ddf 0.109s
2024-10-15 12:16:01.342 63287 INFO tempest.lib.common.dynamic_creds [-] Deleting project and security group for project: d93f380add9e4e3086cbe79d929b5462
2024-10-15 12:16:01.406 63287 INFO tempest.lib.common.rest_client [req-94a6a554-424d-45e5-9edc-35794ceba7e3 req-94a6a554-424d-45e5-9edc-35794ceba7e3 ] Request (FlavorsExtraSpecsTestJSON:tearDownClass): 201 POST http://10.180.1.21/identity/v3/auth/tokens 0.064s
2024-10-15 12:16:01.549 63307 INFO tempest.lib.common.rest_client [req-36b75245-0ea8-4b8a-a598-93bb7ca4ec56 req-36b75245-0ea8-4b8a-a598-93bb7ca4ec56 ] Request (ServersTestBootFromVolume:setUpClass): 200 GET http://10.180.1.21/compute/v2.1/servers/407db84f-3322-42bc-baac-5528e856af8d 0.204s
2024-10-15 12:16:01.559 63301 INFO tempest.lib.common.rest_client [req-aa39901a-ab16-4a54-a2f6-147052a0ed90 req-aa39901a-ab16-4a54-a2f6-147052a0ed90 ] Request (SecurityGroupsTestJSON:test_server_security_groups): 202 POST http://10.180.1.21/compute/v2.1/servers 0.448s
2024-10-15 12:16:01.576 63287 INFO tempest.lib.common.rest_client [req-a79332e5-319a-4bc3-a113-b19d372f59e0 req-a79332e5-319a-4bc3-a113-b19d372f59e0 ] Request (FlavorsExtraSpecsTestJSON:tearDownClass): 200 GET http://10.180.1.21:9696/networking/v2.0/security-groups?tenant_id=d93f380add9e4e3086cbe79d929b5462&name=default 0.170s
2024-10-15 12:16:01.614 63343 INFO tempest.lib.common.rest_client [req-d6a3044c-fda3-438d-b582-1b9be9f846a0 req-d6a3044c-fda3-438d-b582-1b9be9f846a0 ] Request (ServerMetadataTestJSON:setUpClass): 200 GET http://10.180.1.21/compute/v2.1/servers/966fe303-09b9-449f-8bda-4f6cda135f7a 0.112s
2024-10-15 12:16:01.625 63313 INFO tempest.lib.common.rest_client [req-bdaa9512-85b1-4443-a606-ac746ef1920a req-bdaa9512-85b1-4443-a606-ac746ef1920a ] Request (ImagesOneServerTestJSON:setUpClass): 200 GET http://10.180.1.21/compute/v2.1/servers/c63c1740-fcec-47fa-a7b9-986b83c4abd9 0.198s
2024-10-15 12:16:01.672 63301 INFO tempest.lib.common.rest_client [req-eec9cc76-54c3-4ed7-b9ab-c33ad111f692 req-eec9cc76-54c3-4ed7-b9ab-c33ad111f692 ] Request (SecurityGroupsTestJSON:test_server_security_groups): 200 GET http://10.180.1.21/compute/v2.1/servers/43ded929-6890-4296-ae90-230f7c8b2595 0.112s
2024-10-15 12:16:01.740 63327 INFO tempest.lib.common.rest_client [req-89319202-c5fc-4087-be72-d4045ec62ea4 req-89319202-c5fc-4087-be72-d4045ec62ea4 ] Request (AttachInterfacesUnderV243Test:test_add_remove_fixed_ip): 200 GET http://10.180.1.21/compute/v2.1/servers/6137d44e-9945-479d-9cf3-4a36bfa0e32c 0.142s
2024-10-15 12:16:01.754 63287 INFO tempest.lib.common.rest_client [req-87e3f2fa-5377-43d4-a259-08facfd706de req-87e3f2fa-5377-43d4-a259-08facfd706de ] Request (FlavorsExtraSpecsTestJSON:tearDownClass): 204 DELETE http://10.180.1.21:9696/networking/v2.0/security-groups/c1d74521-5839-437f-adea-72fb48eab560 0.177s
2024-10-15 12:16:01.787 63303 INFO tempest.lib.common.rest_client [req-22972875-f7ff-442e-bac3-ef4adb9c40e6 req-22972875-f7ff-442e-bac3-ef4adb9c40e6 ] Request (ServerDiagnosticsNegativeTest:test_get_server_diagnostics_by_non_admin): 200 GET http://10.180.1.21/compute/v2.1/servers/6eb3e767-ff7d-4760-a036-a55647afac0f 0.132s
2024-10-15 12:16:01.827 63287 INFO tempest.lib.common.rest_client [req-5a3c39b0-6959-4a84-8685-270c662c088f req-5a3c39b0-6959-4a84-8685-270c662c088f ] Request (FlavorsExtraSpecsTestJSON:tearDownClass): 204 DELETE http://10.180.1.21/identity/v3/projects/d93f380add9e4e3086cbe79d929b5462 0.072s
2024-10-15 12:16:01.827 63287 INFO tempest.lib.common.dynamic_creds [-] Deleting project and security group for project: 012e2832768b4e3282f90b248c13a22e
2024-10-15 12:16:01.832 63309 INFO tempest.lib.common.rest_client [req-b3c78dde-059a-4e43-8164-6e93ac198b97 req-b3c78dde-059a-4e43-8164-6e93ac198b97 ] Request (ServerAddressesNegativeTestJSON:setUpClass): 200 GET http://10.180.1.21/compute/v2.1/servers/be5c7b15-c036-4a20-a21b-74bba67c9a2c 0.277s
2024-10-15 12:16:01.846 63337 INFO tempest.lib.common.rest_client [req-6f4faa6e-f988-4526-b7c7-5293c3ba98aa req-6f4faa6e-f988-4526-b7c7-5293c3ba98aa ] Request (ServersTestMultiNic:test_verify_multiple_nics_order): 200 GET http://10.180.1.21/compute/v2.1/servers/f2b4485c-ebcb-4063-a25a-e2efe6d1758f 0.188s
2024-10-15 12:16:01.887 63333 INFO tempest.lib.common.rest_client [req-acda3b63-1539-44f2-a002-90cd36442352 req-acda3b63-1539-44f2-a002-90cd36442352 ] Request (ServerActionsTestOtherA:setUpClass): 200 GET http://10.180.1.21/compute/v2.1/servers/90c1832a-47c5-4f09-9921-21e15cb6fbb6 0.188s
2024-10-15 12:16:01.901 63339 INFO tempest.lib.common.rest_client [req-0d03fb51-835b-480b-b477-cf305e7bcf81 req-0d03fb51-835b-480b-b477-cf305e7bcf81 ] Request (ListServerFiltersTestJSON:setUpClass): 200 GET http://10.180.1.21/compute/v2.1/servers/c67b276f-07db-4cde-9f1c-efccc4d11c7d 0.197s
2024-10-15 12:16:01.934 63331 INFO tempest.lib.common.rest_client [req-16e5b7a7-cd49-4f6f-bf86-a09adc9a1737 req-16e5b7a7-cd49-4f6f-bf86-a09adc9a1737 ] Request (VolumesAdminNegativeTest:test_update_attached_volume_with_nonexistent_volume_in_body): 200 GET http://10.180.1.21/compute/v2.1/servers/641eed47-54f6-4c08-a8fd-f06bc5f7fb56 0.155s
2024-10-15 12:16:01.940 63287 INFO tempest.lib.common.rest_client [req-7ea91766-41eb-4bb9-9d17-6379782dc846 req-7ea91766-41eb-4bb9-9d17-6379782dc846 ] Request (FlavorsExtraSpecsTestJSON:tearDownClass): 200 GET http://10.180.1.21:9696/networking/v2.0/security-groups?tenant_id=012e2832768b4e3282f90b248c13a22e&name=default 0.112s
2024-10-15 12:16:01.964 63329 INFO tempest.lib.common.rest_client [req-ba49891f-dbf0-439f-81d8-161be9cfc84c req-ba49891f-dbf0-439f-81d8-161be9cfc84c ] Request (InstanceActionsNegativeTestJSON:setUpClass): 200 GET http://10.180.1.21/compute/v2.1/servers/20611ed4-97b3-4d6d-bef7-c13e1235c401 0.134s
2024-10-15 12:16:01.982 63285 INFO tempest.lib.common.rest_client [req-78f47534-9b48-4670-886f-2ccb4a36b8c0 req-78f47534-9b48-4670-886f-2ccb4a36b8c0 ] Request (ServerRescueNegativeTestJSON:setUpClass): 200 GET http://10.180.1.21/compute/v2.1/servers/17725a7b-ccd3-477e-a7a6-b96af45d6d1f 0.140s
2024-10-15 12:16:02.015 63323 INFO tempest.lib.common.rest_client [req-4a386bc6-e9ee-4d11-9e85-d83f86ca5f36 req-4a386bc6-e9ee-4d11-9e85-d83f86ca5f36 ] Request (ServersNegativeTestMultiTenantJSON:setUpClass): 200 GET http://10.180.1.21/compute/v2.1/servers/d851a26b-48aa-4ffd-9c23-cea27543e0fa 0.130s
2024-10-15 12:16:02.028 63287 INFO tempest.lib.common.rest_client [req-36f622ea-90a8-4128-87d6-2d8240577a85 req-36f622ea-90a8-4128-87d6-2d8240577a85 ] Request (FlavorsExtraSpecsTestJSON:tearDownClass): 204 DELETE http://10.180.1.21:9696/networking/v2.0/security-groups/996e6f1a-97bc-4c58-bd7a-8122e54a707f 0.087s
2024-10-15 12:16:02.029 63281 INFO tempest.lib.common.rest_client [req-cd5b8d9b-283d-4d89-9434-f2a4fe2199e7 req-cd5b8d9b-283d-4d89-9434-f2a4fe2199e7 ] Request (ServerDiskConfigTestJSON:test_rebuild_server_with_auto_disk_config): 200 GET http://10.180.1.21/compute/v2.1/servers/eb42c667-b0ae-4807-8f69-88dd671aa7d7 0.086s
2024-10-15 12:16:02.084 63289 INFO tempest.lib.common.rest_client [req-a14a99b5-6abc-4992-90c2-de8dbfafd6f1 req-a14a99b5-6abc-4992-90c2-de8dbfafd6f1 ] Request (AttachInterfacesV270Test:test_create_get_list_interfaces): 200 GET http://10.180.1.21/compute/v2.1/servers/421e0f76-024d-4793-8f00-98731bb6b1af 0.085s
2024-10-15 12:16:02.098 63289 INFO tempest.common.waiters [-] State transition "BUILD/spawning" ==> "ERROR/None" after 77 second wait
2024-10-15 12:16:02.117 63325 INFO tempest.lib.common.rest_client [req-264580bb-03c7-4115-afac-c65ec8e224af req-264580bb-03c7-4115-afac-c65ec8e224af ] Request (ListImageFiltersTestJSON:setUpClass): 200 GET http://10.180.1.21/compute/v2.1/servers/945b5a77-96b9-4565-94a8-6f1a89dc3bbf 0.052s
2024-10-15 12:16:02.140 63315 INFO tempest.lib.common.rest_client [req-f5eb5b87-30c1-45d2-8cb2-f0fe143b4c8d req-f5eb5b87-30c1-45d2-8cb2-f0fe143b4c8d ] Request (ServersNegativeTestJSON:setUpClass): 200 GET http://10.180.1.21/compute/v2.1/servers/5b778247-1434-447e-8ff1-7359bb9e8ea2 0.064s
2024-10-15 12:16:02.146 63287 INFO tempest.lib.common.rest_client [req-13823e2f-91a4-495c-8ba5-e0f75bb36b43 req-13823e2f-91a4-495c-8ba5-e0f75bb36b43 ] Request (FlavorsExtraSpecsTestJSON:tearDownClass): 204 DELETE http://10.180.1.21/identity/v3/projects/012e2832768b4e3282f90b248c13a22e 0.117s
2024-10-15 12:16:02.146 63287 INFO tempest.test [-] raised in LiveMigrationRemoteConsolesV26Test.setUpClass. Invoking tearDownClass.
2024-10-15 12:16:02.157 63291 INFO tempest.lib.common.rest_client [req-2f1f34c5-7f44-405a-8cfb-b9f9ecbc9c2c req-2f1f34c5-7f44-405a-8cfb-b9f9ecbc9c2c ] Request (ServersTestManualDisk:tearDownClass): 200 PUT http://10.180.1.21:9696/networking/v2.0/routers/01b02be9-3190-4673-87d0-11720475c0e4/remove_router_interface 1.069s
2024-10-15 12:16:02.196 63341 INFO tempest.lib.common.rest_client [req-6c5c88c6-0df0-4fbe-badf-1ee300ec0704 req-6c5c88c6-0df0-4fbe-badf-1ee300ec0704 ] Request (FloatingIPsAssociationTestJSON:setUpClass): 200 GET http://10.180.1.21/compute/v2.1/servers/1efd14a0-bfc3-42fe-b7f1-79ad3b75f1ed 0.082s
2024-10-15 12:16:02.218 63287 INFO tempest.lib.common.rest_client [req-55386f65-7dbf-499f-b3e1-37943040daae req-55386f65-7dbf-499f-b3e1-37943040daae ] Request (ImagesTestJSON:setUpClass): 201 POST http://10.180.1.21/identity/v3/auth/tokens 0.067s
2024-10-15 12:16:02.244 63295 INFO tempest.lib.common.rest_client [req-862320ab-5f0a-4155-93f2-c246faea4ef7 req-862320ab-5f0a-4155-93f2-c246faea4ef7 ] Request (InstanceActionsTestJSON:setUpClass): 200 GET http://10.180.1.21/compute/v2.1/servers/7b5cc7b5-98b9-4344-b714-270dca798799 0.107s
2024-10-15 12:16:02.250 63287 INFO tempest.lib.common.rest_client [req-3543d78a-8de5-4a3f-b7b5-bffd3d9761cf req-3543d78a-8de5-4a3f-b7b5-bffd3d9761cf ] Request (ImagesTestJSON:setUpClass): 201 POST http://10.180.1.21/identity/v3/auth/tokens 0.029s
2024-10-15 12:16:02.282 63287 INFO tempest.lib.common.rest_client [req-a8337f72-5906-4293-9d35-798f8353de5a req-a8337f72-5906-4293-9d35-798f8353de5a ] Request (ImagesTestJSON:setUpClass): 200 GET http://10.180.1.21/identity/v3/domains?name=Default 0.032s
2024-10-15 12:16:02.315 63317 INFO tempest.lib.common.rest_client [req-3110e72d-2bb1-4a89-91f9-bf33bd52017b req-3110e72d-2bb1-4a89-91f9-bf33bd52017b ] Request (ServerActionsV293TestJSON:setUpClass): 200 GET http://10.180.1.21/compute/v2.1/servers/b82c89ad-f7d6-4c04-a48e-acdab29ea5e7 0.125s
2024-10-15 12:16:02.337 63287 INFO tempest.lib.common.rest_client [req-301cb2a3-6360-4390-88d7-53758276e090 req-301cb2a3-6360-4390-88d7-53758276e090 ] Request (ImagesTestJSON:setUpClass): 201 POST http://10.180.1.21/identity/v3/projects 0.055s
2024-10-15 12:16:02.343 63289 INFO tempest.lib.common.rest_client [req-7f46ec33-6024-435e-bdbd-19cea0548cb0 req-7f46ec33-6024-435e-bdbd-19cea0548cb0 ] Request (AttachInterfacesV270Test:test_create_get_list_interfaces): 204 DELETE http://10.180.1.21/compute/v2.1/servers/421e0f76-024d-4793-8f00-98731bb6b1af 0.245s
2024-10-15 12:16:02.390 63321 INFO tempest.lib.common.rest_client [req-1cb4df1c-56fd-4417-837f-04f92e203819 req-1cb4df1c-56fd-4417-837f-04f92e203819 ] Request (AttachInterfacesTestJSON:test_create_list_show_delete_interfaces_by_fixed_ip): 200 GET http://10.180.1.21/compute/v2.1/servers/1219fe86-f218-4a2b-84ba-4a377829386d 0.193s
2024-10-15 12:16:02.404 63283 INFO tempest.lib.common.rest_client [req-1ffce6e7-48b7-4e1a-ad8a-7a885f1ec819 req-1ffce6e7-48b7-4e1a-ad8a-7a885f1ec819 ] Request (DeleteServersAdminTestJSON:test_delete_server_while_in_error_state): 200 GET http://10.180.1.21/compute/v2.1/servers/62bd4013-f007-4f69-b037-14bedf1e63cf 0.165s
2024-10-15 12:16:02.411 63287 INFO tempest.lib.common.rest_client [req-2e740651-7225-40f1-8482-f59262ecdc65 req-2e740651-7225-40f1-8482-f59262ecdc65 ] Request (ImagesTestJSON:setUpClass): 201 POST http://10.180.1.21/identity/v3/users 0.074s
2024-10-15 12:16:02.430 63287 INFO tempest.lib.common.rest_client [req-52b7c9ba-0d6a-424a-a866-1e3b74e87bbe req-52b7c9ba-0d6a-424a-a866-1e3b74e87bbe ] Request (ImagesTestJSON:setUpClass): 200 GET http://10.180.1.21/identity/v3/roles 0.019s
2024-10-15 12:16:02.451 63311 INFO tempest.lib.common.rest_client [req-000972fb-f448-4967-b1d6-3a75d82f5dc2 req-000972fb-f448-4967-b1d6-3a75d82f5dc2 ] Request (TenantUsagesTestJSON:setUpClass): 200 GET http://10.180.1.21/compute/v2.1/servers/02da88f0-7e3a-4eea-a88d-59a990c69f82 0.196s
2024-10-15 12:16:02.460 63287 INFO tempest.lib.common.rest_client [req-8d7b392f-12b6-454b-a755-35a2a9e87592 req-8d7b392f-12b6-454b-a755-35a2a9e87592 ] Request (ImagesTestJSON:setUpClass): 204 PUT http://10.180.1.21/identity/v3/projects/7bff1382b9694df08133c88a5fe783a5/users/a6f91fc8922c42f985f6f6338dab0708/roles/a6106c6f4dae418aa7aa1a898c37bc94 0.029s
2024-10-15 12:16:02.460 63287 INFO tempest.lib.common.dynamic_creds [-] Dynamic test user a6f91fc8922c42f985f6f6338dab0708 is created with scope project and roles: ['member']
2024-10-15 12:16:02.460 63287 INFO tempest.lib.common.dynamic_creds [-] Acquired dynamic creds: credentials: Credentials: {'domain_id': 'default', 'domain_name': 'Default', 'username': 'tempest-ImagesTestJSON-965140468-project-member', 'project_domain_id': 'default', 'project_domain_name': 'Default', 'project_id': '7bff1382b9694df08133c88a5fe783a5', 'project_name': 'tempest-ImagesTestJSON-965140468', 'tenant_id': '7bff1382b9694df08133c88a5fe783a5', 'tenant_name': 'tempest-ImagesTestJSON-965140468', 'user_domain_id': 'default', 'user_domain_name': 'Default', 'user_id': 'a6f91fc8922c42f985f6f6338dab0708', 'system': None}, Network: None, Subnet: None, Router: None
2024-10-15 12:16:02.462 63297 INFO tempest.lib.common.rest_client [req-b84c1f79-c665-446b-b762-d72bdef27dab req-b84c1f79-c665-446b-b762-d72bdef27dab ] Request (ServersTestJSON:test_create_server_specify_multibyte_character_name): 200 GET http://10.180.1.21/compute/v2.1/servers/2b43620d-94ac-4c56-87df-4066f5d24088 0.150s
2024-10-15 12:16:02.472 63289 INFO tempest.lib.common.rest_client [req-5022cbad-ae16-4ea8-a0d5-d7d944dd9d99 req-5022cbad-ae16-4ea8-a0d5-d7d944dd9d99 ] Request (AttachInterfacesV270Test:test_create_get_list_interfaces): 404 GET http://10.180.1.21/compute/v2.1/servers/421e0f76-024d-4793-8f00-98731bb6b1af 0.126s
2024-10-15 12:16:02.515 63287 INFO tempest.lib.common.rest_client [req-9f5ca48a-e91f-46e8-88fb-c0a2a42344a2 req-9f5ca48a-e91f-46e8-88fb-c0a2a42344a2 ] Request (ImagesTestJSON:setUpClass): 201 POST http://10.180.1.21/identity/v3/auth/tokens 0.054s
2024-10-15 12:16:02.640 63307 INFO tempest.lib.common.rest_client [req-aacdc30c-8296-482a-8c82-9735408e2c65 req-aacdc30c-8296-482a-8c82-9735408e2c65 ] Request (ServersTestBootFromVolume:setUpClass): 200 GET http://10.180.1.21/compute/v2.1/servers/407db84f-3322-42bc-baac-5528e856af8d 0.081s
2024-10-15 12:16:02.684 63343 INFO tempest.lib.common.rest_client [req-f7a33883-af1d-4286-8ba1-7e2c1794f3a4 req-f7a33883-af1d-4286-8ba1-7e2c1794f3a4 ] Request (ServerMetadataTestJSON:setUpClass): 200 GET http://10.180.1.21/compute/v2.1/servers/966fe303-09b9-449f-8bda-4f6cda135f7a 0.058s
2024-10-15 12:16:02.699 63313 INFO tempest.lib.common.rest_client [req-39063f3f-cd49-476f-8151-b272ddc74587 req-39063f3f-cd49-476f-8151-b272ddc74587 ] Request (ImagesOneServerTestJSON:setUpClass): 200 GET http://10.180.1.21/compute/v2.1/servers/c63c1740-fcec-47fa-a7b9-986b83c4abd9 0.067s
2024-10-15 12:16:02.705 63291 INFO tempest.lib.common.rest_client [req-e6b2b0f7-b1dc-48ae-8817-df6d9efe96ba req-e6b2b0f7-b1dc-48ae-8817-df6d9efe96ba ] Request (ServersTestManualDisk:tearDownClass): 204 DELETE http://10.180.1.21:9696/networking/v2.0/routers/01b02be9-3190-4673-87d0-11720475c0e4 0.547s
2024-10-15 12:16:02.761 63301 INFO tempest.lib.common.rest_client [req-a6aba409-5052-4e40-b7f2-ebb710ec8a4b req-a6aba409-5052-4e40-b7f2-ebb710ec8a4b ] Request (SecurityGroupsTestJSON:test_server_security_groups): 200 GET http://10.180.1.21/compute/v2.1/servers/43ded929-6890-4296-ae90-230f7c8b2595 0.080s
2024-10-15 12:16:02.809 63287 INFO tempest.lib.common.rest_client [req-09e4eb75-272e-40c1-9ba7-ce79dda9da0b req-09e4eb75-272e-40c1-9ba7-ce79dda9da0b ] Request (ImagesTestJSON:setUpClass): 201 POST http://10.180.1.21:9696/networking/v2.0/networks 0.294s
2024-10-15 12:16:02.820 63327 INFO tempest.lib.common.rest_client [req-99a1fa2b-a155-4e12-88b3-67e419ca35a6 req-99a1fa2b-a155-4e12-88b3-67e419ca35a6 ] Request (AttachInterfacesUnderV243Test:test_add_remove_fixed_ip): 200 GET http://10.180.1.21/compute/v2.1/servers/6137d44e-9945-479d-9cf3-4a36bfa0e32c 0.069s
2024-10-15 12:16:02.855 63303 INFO tempest.lib.common.rest_client [req-0b3a32aa-843c-49bd-ac82-cc550d3b9806 req-0b3a32aa-843c-49bd-ac82-cc550d3b9806 ] Request (ServerDiagnosticsNegativeTest:test_get_server_diagnostics_by_non_admin): 200 GET http://10.180.1.21/compute/v2.1/servers/6eb3e767-ff7d-4760-a036-a55647afac0f 0.061s
2024-10-15 12:16:02.906 63309 INFO tempest.lib.common.rest_client [req-476080e6-acdc-405b-a561-8ca8a5cc8fbf req-476080e6-acdc-405b-a561-8ca8a5cc8fbf ] Request (ServerAddressesNegativeTestJSON:setUpClass): 200 GET http://10.180.1.21/compute/v2.1/servers/be5c7b15-c036-4a20-a21b-74bba67c9a2c 0.065s
2024-10-15 12:16:02.920 63291 INFO tempest.lib.common.rest_client [req-fc399ba8-ffe3-45f4-bfbc-ed2bbd410a9a req-fc399ba8-ffe3-45f4-bfbc-ed2bbd410a9a ] Request (ServersTestManualDisk:tearDownClass): 204 DELETE http://10.180.1.21:9696/networking/v2.0/subnets/27e5ac2b-9ead-44b7-9407-ef6672691248 0.212s
2024-10-15 12:16:02.926 63337 INFO tempest.lib.common.rest_client [req-3925d010-89ea-4b81-a510-3ed578fe6ac7 req-3925d010-89ea-4b81-a510-3ed578fe6ac7 ] Request (ServersTestMultiNic:test_verify_multiple_nics_order): 200 GET http://10.180.1.21/compute/v2.1/servers/f2b4485c-ebcb-4063-a25a-e2efe6d1758f 0.072s
2024-10-15 12:16:02.965 63333 INFO tempest.lib.common.rest_client [req-522b3175-cdb0-4860-ac15-1b808425e95b req-522b3175-cdb0-4860-ac15-1b808425e95b ] Request (ServerActionsTestOtherA:setUpClass): 200 GET http://10.180.1.21/compute/v2.1/servers/90c1832a-47c5-4f09-9921-21e15cb6fbb6 0.069s
2024-10-15 12:16:02.971 63339 INFO tempest.lib.common.rest_client [req-620c2045-1d61-4290-89c5-dcd39120f4f0 req-620c2045-1d61-4290-89c5-dcd39120f4f0 ] Request (ListServerFiltersTestJSON:setUpClass): 200 GET http://10.180.1.21/compute/v2.1/servers/c67b276f-07db-4cde-9f1c-efccc4d11c7d 0.059s
2024-10-15 12:16:03.003 63287 INFO tempest.lib.common.rest_client [req-b1e2d208-7bfe-4edb-a5d7-40a2fed94e07 req-b1e2d208-7bfe-4edb-a5d7-40a2fed94e07 ] Request (ImagesTestJSON:setUpClass): 201 POST http://10.180.1.21:9696/networking/v2.0/subnets 0.194s
2024-10-15 12:16:03.029 63331 INFO tempest.lib.common.rest_client [req-20f16a9e-800c-4a6f-866d-b8d114550ce5 req-20f16a9e-800c-4a6f-866d-b8d114550ce5 ] Request (VolumesAdminNegativeTest:test_update_attached_volume_with_nonexistent_volume_in_body): 200 GET http://10.180.1.21/compute/v2.1/servers/641eed47-54f6-4c08-a8fd-f06bc5f7fb56 0.087s
2024-10-15 12:16:03.038 63329 INFO tempest.lib.common.rest_client [req-b1ea820f-dc7e-428d-81b4-73ecee3e6d30 req-b1ea820f-dc7e-428d-81b4-73ecee3e6d30 ] Request (InstanceActionsNegativeTestJSON:setUpClass): 200 GET http://10.180.1.21/compute/v2.1/servers/20611ed4-97b3-4d6d-bef7-c13e1235c401 0.066s
2024-10-15 12:16:03.097 63285 INFO tempest.lib.common.rest_client [req-d7f412fc-afd4-420c-a650-eba24475064e req-d7f412fc-afd4-420c-a650-eba24475064e ] Request (ServerRescueNegativeTestJSON:setUpClass): 200 GET http://10.180.1.21/compute/v2.1/servers/17725a7b-ccd3-477e-a7a6-b96af45d6d1f 0.106s
2024-10-15 12:16:03.107 63323 INFO tempest.lib.common.rest_client [req-3d9fdf5e-6a36-40d5-8c5d-e6075a634f1e req-3d9fdf5e-6a36-40d5-8c5d-e6075a634f1e ] Request (ServersNegativeTestMultiTenantJSON:setUpClass): 200 GET http://10.180.1.21/compute/v2.1/servers/d851a26b-48aa-4ffd-9c23-cea27543e0fa 0.081s
2024-10-15 12:16:03.152 63281 INFO tempest.lib.common.rest_client [req-70cfd122-8285-4522-b82e-587bbe292c78 req-70cfd122-8285-4522-b82e-587bbe292c78 ] Request (ServerDiskConfigTestJSON:test_rebuild_server_with_auto_disk_config): 200 GET http://10.180.1.21/compute/v2.1/servers/eb42c667-b0ae-4807-8f69-88dd671aa7d7 0.116s
2024-10-15 12:16:03.187 63325 INFO tempest.lib.common.rest_client [req-cd1ffde4-f489-4669-818c-91451f172ecf req-cd1ffde4-f489-4669-818c-91451f172ecf ] Request (ListImageFiltersTestJSON:setUpClass): 200 GET http://10.180.1.21/compute/v2.1/servers/945b5a77-96b9-4565-94a8-6f1a89dc3bbf 0.062s
2024-10-15 12:16:03.206 63315 INFO tempest.lib.common.rest_client [req-1264a043-0a4c-4d20-b302-4274458a09b7 req-1264a043-0a4c-4d20-b302-4274458a09b7 ] Request (ServersNegativeTestJSON:setUpClass): 200 GET http://10.180.1.21/compute/v2.1/servers/5b778247-1434-447e-8ff1-7359bb9e8ea2 0.058s
2024-10-15 12:16:03.212 63315 INFO tempest.common.waiters [-] State transition "BUILD/spawning" ==> "BUILD/scheduling" after 74 second wait
