2024-10-15 12:15:15.252 63283 INFO tempest.lib.common.rest_client [req-5d941d18-7343-4068-a318-24903c8ce2b5 req-5d941d18-7343-4068-a318-24903c8ce2b5 ] Request (DeleteServersAdminTestJSON:test_delete_server_while_in_error_state): 200 GET http://10.180.1.21/compute/v2.1/servers/62bd4013-f007-4f69-b037-14bedf1e63cf 0.386s
2024-10-15 12:15:15.266 63311 INFO tempest.lib.common.rest_client [req-ea503065-0273-4502-8ff6-22b513dbf341 req-ea503065-0273-4502-8ff6-22b513dbf341 ] Request (TenantUsagesTestJSON:setUpClass): 200 GET http://10.180.1.21/compute/v2.1/servers/02da88f0-7e3a-4eea-a88d-59a990c69f82 0.359s
2024-10-15 12:15:15.326 63331 INFO tempest.lib.common.rest_client [req-7754d269-7710-4a50-8427-de0c14818ff6 req-7754d269-7710-4a50-8427-de0c14818ff6 ] Request (ServerDiagnosticsV248Test:tearDownClass): 200 GET http://10.180.1.21/compute/v2.1/servers/c4777721-3f65-455f-9973-c1ed0732de34 0.359s
2024-10-15 12:15:15.348 63303 INFO tempest.lib.common.rest_client [req-d25f676f-509d-4005-aa6b-c215857bade1 req-d25f676f-509d-4005-aa6b-c215857bade1 ] Request (ServerDiagnosticsNegativeTest:test_get_server_diagnostics_by_non_admin): 200 GET http://10.180.1.21/compute/v2.1/servers/6eb3e767-ff7d-4760-a036-a55647afac0f 0.353s
2024-10-15 12:15:15.379 63313 INFO tempest.lib.common.rest_client [req-f3c2374a-768d-4fd4-a766-46fdc1824a85 req-f3c2374a-768d-4fd4-a766-46fdc1824a85 ] Request (ImagesOneServerTestJSON:setUpClass): 200 GET http://10.180.1.21/compute/v2.1/servers/c63c1740-fcec-47fa-a7b9-986b83c4abd9 0.373s
2024-10-15 12:15:15.418 63309 INFO tempest.lib.common.rest_client [req-a49854a5-1797-4a75-a23c-651a0550a52d req-a49854a5-1797-4a75-a23c-651a0550a52d ] Request (ServerAddressesNegativeTestJSON:setUpClass): 200 GET http://10.180.1.21/compute/v2.1/servers/be5c7b15-c036-4a20-a21b-74bba67c9a2c 0.361s
2024-10-15 12:15:15.458 63317 INFO tempest.lib.common.rest_client [req-caf54d69-bdc3-4f00-8c25-02c3c0f88cf6 req-caf54d69-bdc3-4f00-8c25-02c3c0f88cf6 ] Request (ServersAdminTestJSON:tearDownClass): 204 DELETE http://10.180.1.21:9696/networking/v2.0/routers/ed30f730-abef-4108-978d-ff8054af5852 0.668s
2024-10-15 12:15:15.504 63285 INFO tempest.lib.common.rest_client [req-3e5f5dcd-4912-4444-8e8d-88b23178b681 req-3e5f5dcd-4912-4444-8e8d-88b23178b681 ] Request (FloatingIPsAssociationNegativeTestJSON:setUpClass): 200 GET http://10.180.1.21/compute/v2.1/servers/9b7c2500-b6c1-4a82-bbbf-2a23139ddcb4 0.405s
2024-10-15 12:15:15.563 63327 INFO tempest.lib.common.rest_client [req-22976edf-4ad1-4cdf-8092-5a280d6dcd05 req-22976edf-4ad1-4cdf-8092-5a280d6dcd05 ] Request (AttachInterfacesUnderV243Test:test_add_remove_fixed_ip): 200 GET http://10.180.1.21/compute/v2.1/servers/6137d44e-9945-479d-9cf3-4a36bfa0e32c 0.431s
2024-10-15 12:15:15.570 63307 INFO tempest.lib.common.rest_client [req-1b8651dd-ef6b-4b84-9338-e4bd3bef2385 req-1b8651dd-ef6b-4b84-9338-e4bd3bef2385 ] Request (ServersTestBootFromVolume:setUpClass): 200 GET http://10.180.1.21/volume/v3/volumes/f7647177-d1ec-4638-8eb5-ab37e2a44684 0.035s
2024-10-15 12:15:15.632 63287 INFO tempest.lib.common.rest_client [req-204c879f-5fd9-44db-a4c0-d0252ecc80f4 req-204c879f-5fd9-44db-a4c0-d0252ecc80f4 ] Request (ServersWithSpecificFlavorTestJSON:test_verify_created_server_ephemeral_disk): 200 GET http://10.180.1.21/compute/v2.1/servers/d6c76851-7059-40a4-a39b-e625c99dfcd9 0.438s
2024-10-15 12:15:15.646 63299 INFO tempest.lib.common.rest_client [req-cdb324ef-b0ad-470e-8fad-e0eb377f96ee req-cdb324ef-b0ad-470e-8fad-e0eb377f96ee ] Request (SecurityGroupRulesTestJSON:tearDownClass): 202 DELETE http://10.180.1.21/compute/v2.1/os-security-groups/778818cc-5984-4993-bae6-ab10d3617ac7 0.524s
2024-10-15 12:15:15.689 63337 INFO tempest.lib.common.rest_client [req-7f742bf5-d375-4be4-9912-e1edc5ca1dbd req-7f742bf5-d375-4be4-9912-e1edc5ca1dbd ] Request (ServersTestMultiNic:test_verify_multiple_nics_order): 200 GET http://10.180.1.21/compute/v2.1/servers/f2b4485c-ebcb-4063-a25a-e2efe6d1758f 0.464s
2024-10-15 12:15:15.716 63317 INFO tempest.lib.common.rest_client [req-afdaf539-420d-43f9-b042-74f55dad3c21 req-afdaf539-420d-43f9-b042-74f55dad3c21 ] Request (ServersAdminTestJSON:tearDownClass): 204 DELETE http://10.180.1.21:9696/networking/v2.0/subnets/7a4f52b3-d1d1-4309-8d2e-4a08a635f34c 0.257s
2024-10-15 12:15:15.717 63289 INFO tempest.lib.common.rest_client [req-e95e08a5-bea4-4cdd-8a9a-b22f6410dd28 req-e95e08a5-bea4-4cdd-8a9a-b22f6410dd28 ] Request (AttachInterfacesV270Test:test_create_get_list_interfaces): 200 GET http://10.180.1.21/compute/v2.1/servers/421e0f76-024d-4793-8f00-98731bb6b1af 0.448s
2024-10-15 12:15:15.748 63319 INFO tempest.lib.common.rest_client [req-9648781c-db92-48cd-843b-ac1cb979219d req-9648781c-db92-48cd-843b-ac1cb979219d ] Request (ServersTestFqdnHostnames:test_create_server_with_fqdn_name): 200 GET http://10.180.1.21/compute/v2.1/servers/91a09343-c2d7-4f5d-ae0a-4a123af92fba 0.456s
2024-10-15 12:15:15.772 63301 INFO tempest.lib.common.rest_client [req-fc3a0a02-534f-47bd-8d27-0a968df85ecb req-fc3a0a02-534f-47bd-8d27-0a968df85ecb ] Request (SecurityGroupsTestJSON:test_list_security_groups_by_server): 200 GET http://10.180.1.21/compute/v2.1/servers/f29f6a5e-8621-4802-a679-d5c9a8fb2461 0.428s
2024-10-15 12:15:15.800 63339 INFO tempest.lib.common.rest_client [req-a15537f1-a3cb-47d2-adbd-6469045db5a7 req-a15537f1-a3cb-47d2-adbd-6469045db5a7 ] Request (ListServerFiltersTestJSON:setUpClass): 200 GET http://10.180.1.21/compute/v2.1/servers/c67b276f-07db-4cde-9f1c-efccc4d11c7d 0.451s
2024-10-15 12:15:15.831 63329 INFO tempest.lib.common.rest_client [req-c6878144-ebbe-4139-b4b5-1c7eda4a5605 req-c6878144-ebbe-4139-b4b5-1c7eda4a5605 ] Request (InstanceActionsNegativeTestJSON:setUpClass): 200 GET http://10.180.1.21/compute/v2.1/servers/20611ed4-97b3-4d6d-bef7-c13e1235c401 0.421s
2024-10-15 12:15:15.861 63305 INFO tempest.lib.common.rest_client [req-675418ff-89cf-47d9-8c74-8def53a873d1 req-675418ff-89cf-47d9-8c74-8def53a873d1 ] Request (VolumesAssistedSnapshotsTest:test_volume_assisted_snapshot_create_delete): 200 GET http://10.180.1.21/compute/v2.1/servers/d2c07175-b635-4900-9dab-9767e5f6bce4 0.446s
2024-10-15 12:15:15.898 63333 INFO tempest.lib.common.rest_client [req-35529fbb-fd92-49c4-b864-c9583a09a428 req-35529fbb-fd92-49c4-b864-c9583a09a428 ] Request (ServerActionsTestOtherA:setUpClass): 200 GET http://10.180.1.21/compute/v2.1/servers/90c1832a-47c5-4f09-9921-21e15cb6fbb6 0.420s
2024-10-15 12:15:15.932 63323 INFO tempest.lib.common.rest_client [req-43106568-7627-4834-b467-fbeb909c7e44 req-43106568-7627-4834-b467-fbeb909c7e44 ] Request (ServersTestJSON:setUpClass): 200 GET http://10.180.1.21/compute/v2.1/servers/34c01c2c-519b-44a1-aba2-c26e2c0b4737 0.376s
2024-10-15 12:15:15.975 63325 INFO tempest.lib.common.rest_client [req-66470f30-87fd-4556-b8c4-72e6de1bff4e req-66470f30-87fd-4556-b8c4-72e6de1bff4e ] Request (ListImageFiltersTestJSON:setUpClass): 200 GET http://10.180.1.21/compute/v2.1/servers/945b5a77-96b9-4565-94a8-6f1a89dc3bbf 0.317s
2024-10-15 12:15:16.067 63341 INFO tempest.lib.common.rest_client [req-98099d0c-8908-4e47-8caf-b19563048ad1 req-98099d0c-8908-4e47-8caf-b19563048ad1 ] Request (ServersAdmin275Test:tearDownClass): 200 GET http://10.180.1.21/compute/v2.1/servers/e8cfbce4-cfb2-463e-9f38-78a058dab6e1 0.292s
2024-10-15 12:15:16.114 63315 INFO tempest.lib.common.rest_client [req-e1acdd8c-79b8-4b3e-894f-9c47ed14c27d req-e1acdd8c-79b8-4b3e-894f-9c47ed14c27d ] Request (ServersNegativeTestJSON:setUpClass): 200 GET http://10.180.1.21/compute/v2.1/servers/5b778247-1434-447e-8ff1-7359bb9e8ea2 0.247s
2024-10-15 12:15:16.144 63299 INFO tempest.lib.common.rest_client [req-a7a7fa1a-7c05-4465-a789-99ed809f83d3 req-a7a7fa1a-7c05-4465-a789-99ed809f83d3 ] Request (SecurityGroupRulesTestJSON:tearDownClass): 202 DELETE http://10.180.1.21/compute/v2.1/os-security-groups/84c8fe4a-5ab1-497a-8e71-d40d9012c6fe 0.498s
2024-10-15 12:15:16.166 63281 INFO tempest.lib.common.rest_client [req-d7d9467e-8cd2-4914-8781-c898557dbda1 req-d7d9467e-8cd2-4914-8781-c898557dbda1 ] Request (ServerDiskConfigTestJSON:test_rebuild_server_with_auto_disk_config): 200 GET http://10.180.1.21/compute/v2.1/servers/eb42c667-b0ae-4807-8f69-88dd671aa7d7 0.236s
2024-10-15 12:15:16.209 63291 INFO tempest.lib.common.rest_client [req-f527eec9-34c8-4776-a783-d1f3bf6a4afc req-f527eec9-34c8-4776-a783-d1f3bf6a4afc ] Request (ServersTestManualDisk:setUpClass): 200 GET http://10.180.1.21/compute/v2.1/servers/498c8e1e-18c6-4e09-a90d-106600bed2cd 0.138s
2024-10-15 12:15:16.215 63297 INFO tempest.lib.common.rest_client [req-e2960e3f-78ad-4588-8dc6-6acaea4dee0b req-e2960e3f-78ad-4588-8dc6-6acaea4dee0b ] Request (ServersTestJSON:test_create_server_specify_multibyte_character_name): 200 GET http://10.180.1.21/compute/v2.1/servers/2b43620d-94ac-4c56-87df-4066f5d24088 0.092s
2024-10-15 12:15:16.217 63317 INFO tempest.lib.common.rest_client [req-b6505a9b-7724-4707-a3a2-36671a8ba52c req-b6505a9b-7724-4707-a3a2-36671a8ba52c ] Request (ServersAdminTestJSON:tearDownClass): 204 DELETE http://10.180.1.21:9696/networking/v2.0/networks/0332ff73-06dd-4fc6-92a4-238034eac0b2 0.500s
2024-10-15 12:15:16.265 63343 INFO tempest.lib.common.rest_client [req-81244db0-6c40-476b-bdc3-7ab8ee5f01bb req-81244db0-6c40-476b-bdc3-7ab8ee5f01bb ] Request (ServerMetadataTestJSON:setUpClass): 200 GET http://10.180.1.21/compute/v2.1/servers/966fe303-09b9-449f-8bda-4f6cda135f7a 0.087s
2024-10-15 12:15:16.278 63321 INFO tempest.lib.common.rest_client [req-5e28b148-21f0-483e-aa5f-98598717205b req-5e28b148-21f0-483e-aa5f-98598717205b ] Request (AttachInterfacesTestJSON:test_create_list_show_delete_interfaces_by_fixed_ip): 200 GET http://10.180.1.21/compute/v2.1/servers/1219fe86-f218-4a2b-84ba-4a377829386d 0.076s
2024-10-15 12:15:16.328 63295 INFO tempest.lib.common.rest_client [req-862f3ea2-ba2c-4141-b032-eab09ce4c4b8 req-862f3ea2-ba2c-4141-b032-eab09ce4c4b8 ] Request (ImagesOneServerNegativeTestJSON:setUpClass): 200 GET http://10.180.1.21/compute/v2.1/servers/ca92ddb4-cac8-450a-9b7e-d09ad082354a 0.104s
2024-10-15 12:15:16.332 63283 INFO tempest.lib.common.rest_client [req-3c424073-af23-4658-8e1e-adf04b0a6401 req-3c424073-af23-4658-8e1e-adf04b0a6401 ] Request (DeleteServersAdminTestJSON:test_delete_server_while_in_error_state): 200 GET http://10.180.1.21/compute/v2.1/servers/62bd4013-f007-4f69-b037-14bedf1e63cf 0.068s
2024-10-15 12:15:16.335 63295 INFO tempest.common.waiters [-] State transition "BUILD/None" ==> "BUILD/networking" after 38 second wait
2024-10-15 12:15:16.382 63311 INFO tempest.lib.common.rest_client [req-a8d6f5bb-8cd9-4cf3-af73-29ad95a40658 req-a8d6f5bb-8cd9-4cf3-af73-29ad95a40658 ] Request (TenantUsagesTestJSON:setUpClass): 200 GET http://10.180.1.21/compute/v2.1/servers/02da88f0-7e3a-4eea-a88d-59a990c69f82 0.107s
2024-10-15 12:15:16.408 63331 INFO tempest.lib.common.rest_client [req-0092c028-4425-4c65-8839-d50e4d379c5b req-0092c028-4425-4c65-8839-d50e4d379c5b ] Request (ServerDiagnosticsV248Test:tearDownClass): 200 GET http://10.180.1.21/compute/v2.1/servers/c4777721-3f65-455f-9973-c1ed0732de34 0.071s
2024-10-15 12:15:16.434 63303 INFO tempest.lib.common.rest_client [req-9b179f4e-3239-46ee-94e4-0770e450e8b5 req-9b179f4e-3239-46ee-94e4-0770e450e8b5 ] Request (ServerDiagnosticsNegativeTest:test_get_server_diagnostics_by_non_admin): 200 GET http://10.180.1.21/compute/v2.1/servers/6eb3e767-ff7d-4760-a036-a55647afac0f 0.079s
2024-10-15 12:15:16.473 63313 INFO tempest.lib.common.rest_client [req-b0713552-03d8-4713-95bf-20104c4a9fa7 req-b0713552-03d8-4713-95bf-20104c4a9fa7 ] Request (ImagesOneServerTestJSON:setUpClass): 200 GET http://10.180.1.21/compute/v2.1/servers/c63c1740-fcec-47fa-a7b9-986b83c4abd9 0.086s
2024-10-15 12:15:16.487 63309 INFO tempest.lib.common.rest_client [req-f91e3c94-c38f-4aba-9ee4-8c7ae8070c13 req-f91e3c94-c38f-4aba-9ee4-8c7ae8070c13 ] Request (ServerAddressesNegativeTestJSON:setUpClass): 200 GET http://10.180.1.21/compute/v2.1/servers/be5c7b15-c036-4a20-a21b-74bba67c9a2c 0.062s
2024-10-15 12:15:16.582 63285 INFO tempest.lib.common.rest_client [req-b085bcaf-48b1-49cf-922a-20d8cf9047a6 req-b085bcaf-48b1-49cf-922a-20d8cf9047a6 ] Request (FloatingIPsAssociationNegativeTestJSON:setUpClass): 200 GET http://10.180.1.21/compute/v2.1/servers/9b7c2500-b6c1-4a82-bbbf-2a23139ddcb4 0.070s
2024-10-15 12:15:16.615 63307 INFO tempest.lib.common.rest_client [req-5a730f52-5032-4c7b-aef2-fd4e88bb332b req-5a730f52-5032-4c7b-aef2-fd4e88bb332b ] Request (ServersTestBootFromVolume:setUpClass): 200 GET http://10.180.1.21/volume/v3/volumes/f7647177-d1ec-4638-8eb5-ab37e2a44684 0.037s
2024-10-15 12:15:16.640 63327 INFO tempest.lib.common.rest_client [req-ab98ab40-9aa7-4a8d-9299-d81b9795c3bd req-ab98ab40-9aa7-4a8d-9299-d81b9795c3bd ] Request (AttachInterfacesUnderV243Test:test_add_remove_fixed_ip): 200 GET http://10.180.1.21/compute/v2.1/servers/6137d44e-9945-479d-9cf3-4a36bfa0e32c 0.067s
2024-10-15 12:15:16.725 63287 INFO tempest.lib.common.rest_client [req-7d243bfc-bd2d-4713-9f66-d922c0936091 req-7d243bfc-bd2d-4713-9f66-d922c0936091 ] Request (ServersWithSpecificFlavorTestJSON:test_verify_created_server_ephemeral_disk): 200 GET http://10.180.1.21/compute/v2.1/servers/d6c76851-7059-40a4-a39b-e625c99dfcd9 0.082s
2024-10-15 12:15:16.750 63337 INFO tempest.lib.common.rest_client [req-1b1d5e45-bb23-46f0-b2a3-b09e71e31e0d req-1b1d5e45-bb23-46f0-b2a3-b09e71e31e0d ] Request (ServersTestMultiNic:test_verify_multiple_nics_order): 200 GET http://10.180.1.21/compute/v2.1/servers/f2b4485c-ebcb-4063-a25a-e2efe6d1758f 0.054s
2024-10-15 12:15:16.797 63289 INFO tempest.lib.common.rest_client [req-679cbd71-8aaa-496e-a760-ff90b4fff154 req-679cbd71-8aaa-496e-a760-ff90b4fff154 ] Request (AttachInterfacesV270Test:test_create_get_list_interfaces): 200 GET http://10.180.1.21/compute/v2.1/servers/421e0f76-024d-4793-8f00-98731bb6b1af 0.072s
2024-10-15 12:15:16.813 63319 INFO tempest.lib.common.rest_client [req-16a70092-3ade-4fad-b7fc-63b5998e1f8b req-16a70092-3ade-4fad-b7fc-63b5998e1f8b ] Request (ServersTestFqdnHostnames:test_create_server_with_fqdn_name): 200 GET http://10.180.1.21/compute/v2.1/servers/91a09343-c2d7-4f5d-ae0a-4a123af92fba 0.059s
2024-10-15 12:15:16.858 63301 INFO tempest.lib.common.rest_client [req-d9151f99-e110-42b8-92a6-4586486faa63 req-d9151f99-e110-42b8-92a6-4586486faa63 ] Request (SecurityGroupsTestJSON:test_list_security_groups_by_server): 200 GET http://10.180.1.21/compute/v2.1/servers/f29f6a5e-8621-4802-a679-d5c9a8fb2461 0.078s
2024-10-15 12:15:16.869 63339 INFO tempest.lib.common.rest_client [req-95ca13c4-c07e-4ee7-b682-e83366b1b09b req-95ca13c4-c07e-4ee7-b682-e83366b1b09b ] Request (ListServerFiltersTestJSON:setUpClass): 200 GET http://10.180.1.21/compute/v2.1/servers/c67b276f-07db-4cde-9f1c-efccc4d11c7d 0.059s
2024-10-15 12:15:16.934 63329 INFO tempest.lib.common.rest_client [req-2616ce79-0f93-494d-a3b1-3e5c6dc650a9 req-2616ce79-0f93-494d-a3b1-3e5c6dc650a9 ] Request (InstanceActionsNegativeTestJSON:setUpClass): 200 GET http://10.180.1.21/compute/v2.1/servers/20611ed4-97b3-4d6d-bef7-c13e1235c401 0.095s
2024-10-15 12:15:16.938 63305 INFO tempest.lib.common.rest_client [req-d3fd8ea3-eddd-423e-b8d6-68d32d553201 req-d3fd8ea3-eddd-423e-b8d6-68d32d553201 ] Request (VolumesAssistedSnapshotsTest:test_volume_assisted_snapshot_create_delete): 200 GET http://10.180.1.21/compute/v2.1/servers/d2c07175-b635-4900-9dab-9767e5f6bce4 0.068s
2024-10-15 12:15:16.993 63333 INFO tempest.lib.common.rest_client [req-7756260f-4aec-475e-b4a7-0e233c921921 req-7756260f-4aec-475e-b4a7-0e233c921921 ] Request (ServerActionsTestOtherA:setUpClass): 200 GET http://10.180.1.21/compute/v2.1/servers/90c1832a-47c5-4f09-9921-21e15cb6fbb6 0.085s
2024-10-15 12:15:17.000 63323 INFO tempest.lib.common.rest_client [req-2a57489c-5943-48c8-af33-edbcff843e2c req-2a57489c-5943-48c8-af33-edbcff843e2c ] Request (ServersTestJSON:setUpClass): 200 GET http://10.180.1.21/compute/v2.1/servers/34c01c2c-519b-44a1-aba2-c26e2c0b4737 0.059s
2024-10-15 12:15:17.054 63325 INFO tempest.lib.common.rest_client [req-bc9f4b4a-75d8-4468-82a0-201e8a7094e2 req-bc9f4b4a-75d8-4468-82a0-201e8a7094e2 ] Request (ListImageFiltersTestJSON:setUpClass): 200 GET http://10.180.1.21/compute/v2.1/servers/945b5a77-96b9-4565-94a8-6f1a89dc3bbf 0.071s
2024-10-15 12:15:17.146 63341 INFO tempest.lib.common.rest_client [req-bcde933b-4920-4c74-809c-43bb3425d687 req-bcde933b-4920-4c74-809c-43bb3425d687 ] Request (ServersAdmin275Test:tearDownClass): 200 GET http://10.180.1.21/compute/v2.1/servers/e8cfbce4-cfb2-463e-9f38-78a058dab6e1 0.069s
2024-10-15 12:15:17.184 63315 INFO tempest.lib.common.rest_client [req-1c756f59-0733-43c6-98e5-923e01667ef4 req-1c756f59-0733-43c6-98e5-923e01667ef4 ] Request (ServersNegativeTestJSON:setUpClass): 200 GET http://10.180.1.21/compute/v2.1/servers/5b778247-1434-447e-8ff1-7359bb9e8ea2 0.064s
2024-10-15 12:15:17.228 63281 INFO tempest.lib.common.rest_client [req-0edaea05-22cf-4934-9462-a77720d10c3b req-0edaea05-22cf-4934-9462-a77720d10c3b ] Request (ServerDiskConfigTestJSON:test_rebuild_server_with_auto_disk_config): 200 GET http://10.180.1.21/compute/v2.1/servers/eb42c667-b0ae-4807-8f69-88dd671aa7d7 0.055s
2024-10-15 12:15:17.278 63297 INFO tempest.lib.common.rest_client [req-8c906b3b-5e94-4024-8ad0-b8182cd3dcfb req-8c906b3b-5e94-4024-8ad0-b8182cd3dcfb ] Request (ServersTestJSON:test_create_server_specify_multibyte_character_name): 200 GET http://10.180.1.21/compute/v2.1/servers/2b43620d-94ac-4c56-87df-4066f5d24088 0.055s
2024-10-15 12:15:17.326 63343 INFO tempest.lib.common.rest_client [req-d2496347-d440-4212-8342-b2378d3b56e9 req-d2496347-d440-4212-8342-b2378d3b56e9 ] Request (ServerMetadataTestJSON:setUpClass): 200 GET http://10.180.1.21/compute/v2.1/servers/966fe303-09b9-449f-8bda-4f6cda135f7a 0.051s
2024-10-15 12:15:17.383 63321 INFO tempest.lib.common.rest_client [req-477a189b-111e-4988-a716-a90937ac1dfd req-477a189b-111e-4988-a716-a90937ac1dfd ] Request (AttachInterfacesTestJSON:test_create_list_show_delete_interfaces_by_fixed_ip): 200 GET http://10.180.1.21/compute/v2.1/servers/1219fe86-f218-4a2b-84ba-4a377829386d 0.095s
2024-10-15 12:15:17.389 63291 INFO tempest.lib.common.rest_client [req-acaac103-706e-4475-a73d-7e971e2d07c0 req-acaac103-706e-4475-a73d-7e971e2d07c0 ] Request (ServersTestManualDisk:setUpClass): 200 GET http://10.180.1.21/compute/v2.1/servers/498c8e1e-18c6-4e09-a90d-106600bed2cd 0.173s
2024-10-15 12:15:17.446 63283 INFO tempest.lib.common.rest_client [req-91bfd283-a5a9-4fb9-b637-d27531046861 req-91bfd283-a5a9-4fb9-b637-d27531046861 ] Request (DeleteServersAdminTestJSON:test_delete_server_while_in_error_state): 200 GET http://10.180.1.21/compute/v2.1/servers/62bd4013-f007-4f69-b037-14bedf1e63cf 0.105s
2024-10-15 12:15:17.501 63311 INFO tempest.lib.common.rest_client [req-5849a105-0dc2-4251-b09e-ed0ee5530557 req-5849a105-0dc2-4251-b09e-ed0ee5530557 ] Request (TenantUsagesTestJSON:setUpClass): 200 GET http://10.180.1.21/compute/v2.1/servers/02da88f0-7e3a-4eea-a88d-59a990c69f82 0.110s
2024-10-15 12:15:17.562 63295 INFO tempest.lib.common.rest_client [req-89f52b0a-3f24-496a-9b4f-70aaf1e3294f req-89f52b0a-3f24-496a-9b4f-70aaf1e3294f ] Request (ImagesOneServerNegativeTestJSON:setUpClass): 200 GET http://10.180.1.21/compute/v2.1/servers/ca92ddb4-cac8-450a-9b7e-d09ad082354a 0.226s
2024-10-15 12:15:17.571 63295 INFO tempest.common.waiters [-] State transition "BUILD/networking" ==> "BUILD/block_device_mapping" after 39 second wait
2024-10-15 12:15:17.577 63331 INFO tempest.lib.common.rest_client [req-eced20fc-5fd7-4c5e-b5d3-716533997a4f req-eced20fc-5fd7-4c5e-b5d3-716533997a4f ] Request (ServerDiagnosticsV248Test:tearDownClass): 200 GET http://10.180.1.21/compute/v2.1/servers/c4777721-3f65-455f-9973-c1ed0732de34 0.159s
2024-10-15 12:15:17.625 63303 INFO tempest.lib.common.rest_client [req-8609473e-d751-4d4a-9249-9be0821dbfbf req-8609473e-d751-4d4a-9249-9be0821dbfbf ] Request (ServerDiagnosticsNegativeTest:test_get_server_diagnostics_by_non_admin): 200 GET http://10.180.1.21/compute/v2.1/servers/6eb3e767-ff7d-4760-a036-a55647afac0f 0.183s
2024-10-15 12:15:17.638 63313 INFO tempest.lib.common.rest_client [req-2711c1d8-6742-4f88-a6d2-9e6381fd723c req-2711c1d8-6742-4f88-a6d2-9e6381fd723c ] Request (ImagesOneServerTestJSON:setUpClass): 200 GET http://10.180.1.21/compute/v2.1/servers/c63c1740-fcec-47fa-a7b9-986b83c4abd9 0.156s
2024-10-15 12:15:17.666 63307 INFO tempest.lib.common.rest_client [req-13e6b87f-1d3d-4e43-b824-c9a7aceedd81 req-13e6b87f-1d3d-4e43-b824-c9a7aceedd81 ] Request (ServersTestBootFromVolume:setUpClass): 200 GET http://10.180.1.21/volume/v3/volumes/f7647177-d1ec-4638-8eb5-ab37e2a44684 0.039s
2024-10-15 12:15:17.704 63309 INFO tempest.lib.common.rest_client [req-2dcbc61e-97b9-4574-b685-a80dbebec28f req-2dcbc61e-97b9-4574-b685-a80dbebec28f ] Request (ServerAddressesNegativeTestJSON:setUpClass): 200 GET http://10.180.1.21/compute/v2.1/servers/be5c7b15-c036-4a20-a21b-74bba67c9a2c 0.211s
2024-10-15 12:15:17.710 63285 INFO tempest.lib.common.rest_client [req-50c0b097-d754-4d89-954e-773fe945bc6c req-50c0b097-d754-4d89-954e-773fe945bc6c ] Request (FloatingIPsAssociationNegativeTestJSON:setUpClass): 200 GET http://10.180.1.21/compute/v2.1/servers/9b7c2500-b6c1-4a82-bbbf-2a23139ddcb4 0.113s
2024-10-15 12:15:17.725 63299 INFO tempest.lib.common.rest_client [req-4a306b63-a474-4640-b5c4-4c0e624b9245 req-4a306b63-a474-4640-b5c4-4c0e624b9245 ] Request (SecurityGroupRulesTestJSON:tearDownClass): 200 PUT http://10.180.1.21:9696/networking/v2.0/routers/9908b9f2-fc49-4c59-b572-1d97f000795f/remove_router_interface 1.580s
2024-10-15 12:15:17.745 63317 INFO tempest.lib.common.rest_client [req-9de3bc0b-5949-4a88-8d50-05d1332b2a6a req-9de3bc0b-5949-4a88-8d50-05d1332b2a6a ] Request (ServersAdminTestJSON:tearDownClass): 200 PUT http://10.180.1.21:9696/networking/v2.0/routers/6a3b2ec4-f08e-4c93-9b07-d917de0a2e44/remove_router_interface 1.527s
2024-10-15 12:15:17.749 63327 INFO tempest.lib.common.rest_client [req-2c65ec63-7075-46d8-9cd8-bafc304dbad9 req-2c65ec63-7075-46d8-9cd8-bafc304dbad9 ] Request (AttachInterfacesUnderV243Test:test_add_remove_fixed_ip): 200 GET http://10.180.1.21/compute/v2.1/servers/6137d44e-9945-479d-9cf3-4a36bfa0e32c 0.099s
2024-10-15 12:15:17.792 63287 INFO tempest.lib.common.rest_client [req-4114b1ff-e500-45a1-88c7-dc601cf6c55b req-4114b1ff-e500-45a1-88c7-dc601cf6c55b ] Request (ServersWithSpecificFlavorTestJSON:test_verify_created_server_ephemeral_disk): 200 GET http://10.180.1.21/compute/v2.1/servers/d6c76851-7059-40a4-a39b-e625c99dfcd9 0.060s
2024-10-15 12:15:17.819 63337 INFO tempest.lib.common.rest_client [req-9bc26a5c-4428-4f4c-a571-3b3dfa2d2d6b req-9bc26a5c-4428-4f4c-a571-3b3dfa2d2d6b ] Request (ServersTestMultiNic:test_verify_multiple_nics_order): 200 GET http://10.180.1.21/compute/v2.1/servers/f2b4485c-ebcb-4063-a25a-e2efe6d1758f 0.060s
2024-10-15 12:15:17.876 63289 INFO tempest.lib.common.rest_client [req-cdfe93a1-728e-4ad7-8cc3-dac5d5b5c242 req-cdfe93a1-728e-4ad7-8cc3-dac5d5b5c242 ] Request (AttachInterfacesV270Test:test_create_get_list_interfaces): 200 GET http://10.180.1.21/compute/v2.1/servers/421e0f76-024d-4793-8f00-98731bb6b1af 0.070s
2024-10-15 12:15:17.895 63319 INFO tempest.lib.common.rest_client [req-768764a4-727a-404b-b856-3e6de1f40eb1 req-768764a4-727a-404b-b856-3e6de1f40eb1 ] Request (ServersTestFqdnHostnames:test_create_server_with_fqdn_name): 200 GET http://10.180.1.21/compute/v2.1/servers/91a09343-c2d7-4f5d-ae0a-4a123af92fba 0.075s
2024-10-15 12:15:17.950 63301 INFO tempest.lib.common.rest_client [req-5c89e065-e8bf-455d-81b7-f05ecc2f077f req-5c89e065-e8bf-455d-81b7-f05ecc2f077f ] Request (SecurityGroupsTestJSON:test_list_security_groups_by_server): 200 GET http://10.180.1.21/compute/v2.1/servers/f29f6a5e-8621-4802-a679-d5c9a8fb2461 0.079s
2024-10-15 12:15:17.967 63339 INFO tempest.lib.common.rest_client [req-05d17b9a-bafa-4a8c-aa5f-d9ced707f6d0 req-05d17b9a-bafa-4a8c-aa5f-d9ced707f6d0 ] Request (ListServerFiltersTestJSON:setUpClass): 200 GET http://10.180.1.21/compute/v2.1/servers/c67b276f-07db-4cde-9f1c-efccc4d11c7d 0.090s
2024-10-15 12:15:18.011 63329 INFO tempest.lib.common.rest_client [req-f7a755ba-4b32-4b12-9146-8086de3e69e1 req-f7a755ba-4b32-4b12-9146-8086de3e69e1 ] Request (InstanceActionsNegativeTestJSON:setUpClass): 200 GET http://10.180.1.21/compute/v2.1/servers/20611ed4-97b3-4d6d-bef7-c13e1235c401 0.067s
2024-10-15 12:15:18.027 63305 INFO tempest.lib.common.rest_client [req-5e091e53-3fe1-4824-8607-a972ca8a4195 req-5e091e53-3fe1-4824-8607-a972ca8a4195 ] Request (VolumesAssistedSnapshotsTest:test_volume_assisted_snapshot_create_delete): 200 GET http://10.180.1.21/compute/v2.1/servers/d2c07175-b635-4900-9dab-9767e5f6bce4 0.078s
2024-10-15 12:15:18.097 63333 INFO tempest.lib.common.rest_client [req-e245b2fa-4697-4789-b37b-fa4ee90aa283 req-e245b2fa-4697-4789-b37b-fa4ee90aa283 ] Request (ServerActionsTestOtherA:setUpClass): 200 GET http://10.180.1.21/compute/v2.1/servers/90c1832a-47c5-4f09-9921-21e15cb6fbb6 0.093s
2024-10-15 12:15:18.111 63323 INFO tempest.lib.common.rest_client [req-207f2535-7dce-4388-8940-8fd6e9347733 req-207f2535-7dce-4388-8940-8fd6e9347733 ] Request (ServersTestJSON:setUpClass): 200 GET http://10.180.1.21/compute/v2.1/servers/34c01c2c-519b-44a1-aba2-c26e2c0b4737 0.096s
2024-10-15 12:15:18.154 63325 INFO tempest.lib.common.rest_client [req-58350f2e-f5b4-4ef3-ae9e-058e97ceecf2 req-58350f2e-f5b4-4ef3-ae9e-058e97ceecf2 ] Request (ListImageFiltersTestJSON:setUpClass): 200 GET http://10.180.1.21/compute/v2.1/servers/945b5a77-96b9-4565-94a8-6f1a89dc3bbf 0.091s
2024-10-15 12:15:18.194 63317 INFO tempest.lib.common.rest_client [req-ac61bd6c-79da-445e-ab15-099779f4d890 req-ac61bd6c-79da-445e-ab15-099779f4d890 ] Request (ServersAdminTestJSON:tearDownClass): 204 DELETE http://10.180.1.21:9696/networking/v2.0/routers/6a3b2ec4-f08e-4c93-9b07-d917de0a2e44 0.448s
2024-10-15 12:15:18.209 63299 INFO tempest.lib.common.rest_client [req-5bfb34ab-b3c3-4ad8-9bb5-ea99d353539b req-5bfb34ab-b3c3-4ad8-9bb5-ea99d353539b ] Request (SecurityGroupRulesTestJSON:tearDownClass): 204 DELETE http://10.180.1.21:9696/networking/v2.0/routers/9908b9f2-fc49-4c59-b572-1d97f000795f 0.484s
2024-10-15 12:15:18.236 63341 INFO tempest.lib.common.rest_client [req-c9788ff6-d3ca-4574-bca1-fda955589f9c req-c9788ff6-d3ca-4574-bca1-fda955589f9c ] Request (ServersAdmin275Test:tearDownClass): 200 GET http://10.180.1.21/compute/v2.1/servers/e8cfbce4-cfb2-463e-9f38-78a058dab6e1 0.078s
2024-10-15 12:15:18.257 63315 INFO tempest.lib.common.rest_client [req-6f9db696-bf6d-4a5a-9ace-bd07061b5532 req-6f9db696-bf6d-4a5a-9ace-bd07061b5532 ] Request (ServersNegativeTestJSON:setUpClass): 200 GET http://10.180.1.21/compute/v2.1/servers/5b778247-1434-447e-8ff1-7359bb9e8ea2 0.065s
2024-10-15 12:15:18.295 63281 INFO tempest.lib.common.rest_client [req-e917b4c9-42b0-4a15-afe9-6213ab1f60e4 req-e917b4c9-42b0-4a15-afe9-6213ab1f60e4 ] Request (ServerDiskConfigTestJSON:test_rebuild_server_with_auto_disk_config): 200 GET http://10.180.1.21/compute/v2.1/servers/eb42c667-b0ae-4807-8f69-88dd671aa7d7 0.057s
2024-10-15 12:15:18.355 63297 INFO tempest.lib.common.rest_client [req-50bc431a-80ec-4ae7-afca-40c0dea8898a req-50bc431a-80ec-4ae7-afca-40c0dea8898a ] Request (ServersTestJSON:test_create_server_specify_multibyte_character_name): 200 GET http://10.180.1.21/compute/v2.1/servers/2b43620d-94ac-4c56-87df-4066f5d24088 0.069s
2024-10-15 12:15:18.395 63343 INFO tempest.lib.common.rest_client [req-91534145-4aff-48df-808f-3eb578bed9be req-91534145-4aff-48df-808f-3eb578bed9be ] Request (ServerMetadataTestJSON:setUpClass): 200 GET http://10.180.1.21/compute/v2.1/servers/966fe303-09b9-449f-8bda-4f6cda135f7a 0.061s
2024-10-15 12:15:18.408 63317 INFO tempest.lib.common.rest_client [req-a2acd04e-1055-4a40-a830-f5018bade710 req-a2acd04e-1055-4a40-a830-f5018bade710 ] Request (ServersAdminTestJSON:tearDownClass): 204 DELETE http://10.180.1.21:9696/networking/v2.0/subnets/f22dce19-2eab-43ce-ad48-7b3ec1abd3c6 0.213s
2024-10-15 12:15:18.409 63299 INFO tempest.lib.common.rest_client [req-69e1d70e-2b8a-4de0-9065-57a296d7f262 req-69e1d70e-2b8a-4de0-9065-57a296d7f262 ] Request (SecurityGroupRulesTestJSON:tearDownClass): 204 DELETE http://10.180.1.21:9696/networking/v2.0/subnets/b5db6a32-f5f6-4047-8d62-6b6b58186c1f 0.199s
2024-10-15 12:15:18.477 63321 INFO tempest.lib.common.rest_client [req-662c3628-2f50-44d1-9619-48f7230d4ca5 req-662c3628-2f50-44d1-9619-48f7230d4ca5 ] Request (AttachInterfacesTestJSON:test_create_list_show_delete_interfaces_by_fixed_ip): 200 GET http://10.180.1.21/compute/v2.1/servers/1219fe86-f218-4a2b-84ba-4a377829386d 0.083s
2024-10-15 12:15:18.502 63291 INFO tempest.lib.common.rest_client [req-5f18fd4c-13e4-4c8a-849d-49a6522c45b3 req-5f18fd4c-13e4-4c8a-849d-49a6522c45b3 ] Request (ServersTestManualDisk:setUpClass): 200 GET http://10.180.1.21/compute/v2.1/servers/498c8e1e-18c6-4e09-a90d-106600bed2cd 0.103s
2024-10-15 12:15:18.551 63283 INFO tempest.lib.common.rest_client [req-f31d5276-7afc-4289-a976-e8ab048607c6 req-f31d5276-7afc-4289-a976-e8ab048607c6 ] Request (DeleteServersAdminTestJSON:test_delete_server_while_in_error_state): 200 GET http://10.180.1.21/compute/v2.1/servers/62bd4013-f007-4f69-b037-14bedf1e63cf 0.096s
2024-10-15 12:15:18.572 63311 INFO tempest.lib.common.rest_client [req-fb128a9a-f4ea-4246-9b90-ae224cf40d44 req-fb128a9a-f4ea-4246-9b90-ae224cf40d44 ] Request (TenantUsagesTestJSON:setUpClass): 200 GET http://10.180.1.21/compute/v2.1/servers/02da88f0-7e3a-4eea-a88d-59a990c69f82 0.062s
2024-10-15 12:15:18.645 63295 INFO tempest.lib.common.rest_client [req-dfe83e87-d4d4-4ba1-9cf2-e993db49868f req-dfe83e87-d4d4-4ba1-9cf2-e993db49868f ] Request (ImagesOneServerNegativeTestJSON:setUpClass): 200 GET http://10.180.1.21/compute/v2.1/servers/ca92ddb4-cac8-450a-9b7e-d09ad082354a 0.073s
2024-10-15 12:15:18.656 63295 INFO tempest.common.waiters [-] State transition "BUILD/block_device_mapping" ==> "BUILD/spawning" after 40 second wait
2024-10-15 12:15:18.687 63331 INFO tempest.lib.common.rest_client [req-fc62c2e1-e17a-4222-b21b-a49d09425fd3 req-fc62c2e1-e17a-4222-b21b-a49d09425fd3 ] Request (ServerDiagnosticsV248Test:tearDownClass): 200 GET http://10.180.1.21/compute/v2.1/servers/c4777721-3f65-455f-9973-c1ed0732de34 0.101s
2024-10-15 12:15:18.710 63307 INFO tempest.lib.common.rest_client [req-7e66f8f2-2d7e-40e1-9817-663fea99d028 req-7e66f8f2-2d7e-40e1-9817-663fea99d028 ] Request (ServersTestBootFromVolume:setUpClass): 200 GET http://10.180.1.21/volume/v3/volumes/f7647177-d1ec-4638-8eb5-ab37e2a44684 0.035s
2024-10-15 12:15:18.717 63303 INFO tempest.lib.common.rest_client [req-e4c026e8-cf0c-4b29-a5ec-ce3874253f34 req-e4c026e8-cf0c-4b29-a5ec-ce3874253f34 ] Request (ServerDiagnosticsNegativeTest:test_get_server_diagnostics_by_non_admin): 200 GET http://10.180.1.21/compute/v2.1/servers/6eb3e767-ff7d-4760-a036-a55647afac0f 0.073s
2024-10-15 12:15:18.755 63313 INFO tempest.lib.common.rest_client [req-27623076-d869-4ad9-9138-a68c965adf49 req-27623076-d869-4ad9-9138-a68c965adf49 ] Request (ImagesOneServerTestJSON:setUpClass): 200 GET http://10.180.1.21/compute/v2.1/servers/c63c1740-fcec-47fa-a7b9-986b83c4abd9 0.105s
2024-10-15 12:15:18.758 63317 INFO tempest.lib.common.rest_client [req-474ef8ef-7aad-40fe-bf89-9cd54124c262 req-474ef8ef-7aad-40fe-bf89-9cd54124c262 ] Request (ServersAdminTestJSON:tearDownClass): 204 DELETE http://10.180.1.21:9696/networking/v2.0/networks/3f6087f4-4eb6-4101-8164-97237b09ec76 0.349s
2024-10-15 12:15:18.776 63309 INFO tempest.lib.common.rest_client [req-eaa5e51e-2cf5-4028-988f-a6b9ba0f3027 req-eaa5e51e-2cf5-4028-988f-a6b9ba0f3027 ] Request (ServerAddressesNegativeTestJSON:setUpClass): 200 GET http://10.180.1.21/compute/v2.1/servers/be5c7b15-c036-4a20-a21b-74bba67c9a2c 0.062s
2024-10-15 12:15:18.812 63285 INFO tempest.lib.common.rest_client [req-c1fe0d33-9f23-4575-9930-c8f6b6218d5a req-c1fe0d33-9f23-4575-9930-c8f6b6218d5a ] Request (FloatingIPsAssociationNegativeTestJSON:setUpClass): 200 GET http://10.180.1.21/compute/v2.1/servers/9b7c2500-b6c1-4a82-bbbf-2a23139ddcb4 0.094s
2024-10-15 12:15:18.832 63327 INFO tempest.lib.common.rest_client [req-616b7406-5171-40e8-95d6-2baa44f9ca93 req-616b7406-5171-40e8-95d6-2baa44f9ca93 ] Request (AttachInterfacesUnderV243Test:test_add_remove_fixed_ip): 200 GET http://10.180.1.21/compute/v2.1/servers/6137d44e-9945-479d-9cf3-4a36bfa0e32c 0.075s
2024-10-15 12:15:18.839 63299 INFO tempest.lib.common.rest_client [req-6ef83a58-daa2-422a-8299-c6641e18ba05 req-6ef83a58-daa2-422a-8299-c6641e18ba05 ] Request (SecurityGroupRulesTestJSON:tearDownClass): 204 DELETE http://10.180.1.21:9696/networking/v2.0/networks/e4d11f21-0fc2-413f-b31d-492d86d29aa9 0.429s
2024-10-15 12:15:18.855 63317 INFO tempest.lib.common.rest_client [req-0a36b7c4-a17b-4cc7-9c17-3d64ffb31952 req-0a36b7c4-a17b-4cc7-9c17-3d64ffb31952 ] Request (ServersAdminTestJSON:tearDownClass): 204 DELETE http://10.180.1.21/identity/v3/users/95f3328a40e34d89ae4b07be1c364cfc 0.096s
2024-10-15 12:15:18.864 63287 INFO tempest.lib.common.rest_client [req-8f23073a-79db-42c2-98f6-f51b2af18cc8 req-8f23073a-79db-42c2-98f6-f51b2af18cc8 ] Request (ServersWithSpecificFlavorTestJSON:test_verify_created_server_ephemeral_disk): 200 GET http://10.180.1.21/compute/v2.1/servers/d6c76851-7059-40a4-a39b-e625c99dfcd9 0.065s
2024-10-15 12:15:18.870 63287 INFO tempest.common.waiters [-] State transition "BUILD/None" ==> "BUILD/networking" after 39 second wait
2024-10-15 12:15:18.880 63337 INFO tempest.lib.common.rest_client [req-9539cfb9-a87e-4492-b5bd-6fbeeb5aafa2 req-9539cfb9-a87e-4492-b5bd-6fbeeb5aafa2 ] Request (ServersTestMultiNic:test_verify_multiple_nics_order): 200 GET http://10.180.1.21/compute/v2.1/servers/f2b4485c-ebcb-4063-a25a-e2efe6d1758f 0.049s
2024-10-15 12:15:18.931 63299 INFO tempest.lib.common.rest_client [req-07b3aaee-da11-4512-bdfa-b2eada45cad1 req-07b3aaee-da11-4512-bdfa-b2eada45cad1 ] Request (SecurityGroupRulesTestJSON:tearDownClass): 204 DELETE http://10.180.1.21/identity/v3/users/b2437e1d456040fb9b54c994629e731b 0.091s
2024-10-15 12:15:18.931 63299 INFO tempest.lib.common.dynamic_creds [-] Deleting project and security group for project: aaafd742c95346889e8725ae924c6ac0
2024-10-15 12:15:18.942 63289 INFO tempest.lib.common.rest_client [req-c9e0acdd-af36-40c6-ac5d-31532d637324 req-c9e0acdd-af36-40c6-ac5d-31532d637324 ] Request (AttachInterfacesV270Test:test_create_get_list_interfaces): 200 GET http://10.180.1.21/compute/v2.1/servers/421e0f76-024d-4793-8f00-98731bb6b1af 0.057s
2024-10-15 12:15:18.954 63317 INFO tempest.lib.common.rest_client [req-59b62b2b-05aa-4e16-97ea-5f484cdfb9cf req-59b62b2b-05aa-4e16-97ea-5f484cdfb9cf ] Request (ServersAdminTestJSON:tearDownClass): 204 DELETE http://10.180.1.21/identity/v3/users/19ebe3e768fb44f1bcd851c2eb9a4fc8 0.098s
2024-10-15 12:15:18.954 63317 INFO tempest.lib.common.dynamic_creds [-] Deleting project and security group for project: 1ad4ee3ec8fc48b4b15936310f05d5c7
2024-10-15 12:15:18.968 63319 INFO tempest.lib.common.rest_client [req-31475951-0f4a-4ba8-96d3-1d8a1b69e0de req-31475951-0f4a-4ba8-96d3-1d8a1b69e0de ] Request (ServersTestFqdnHostnames:test_create_server_with_fqdn_name): 200 GET http://10.180.1.21/compute/v2.1/servers/91a09343-c2d7-4f5d-ae0a-4a123af92fba 0.060s
2024-10-15 12:15:18.980 63299 INFO tempest.lib.common.rest_client [req-cd79abff-98c8-495b-be2b-24924411a868 req-cd79abff-98c8-495b-be2b-24924411a868 ] Request (SecurityGroupRulesTestJSON:tearDownClass): 200 GET http://10.180.1.21:9696/networking/v2.0/security-groups?tenant_id=aaafd742c95346889e8725ae924c6ac0&name=default 0.049s
2024-10-15 12:15:19.016 63317 INFO tempest.lib.common.rest_client [req-5e10f16b-acef-4b19-8355-f720dcc16d21 req-5e10f16b-acef-4b19-8355-f720dcc16d21 ] Request (ServersAdminTestJSON:tearDownClass): 200 GET http://10.180.1.21:9696/networking/v2.0/security-groups?tenant_id=1ad4ee3ec8fc48b4b15936310f05d5c7&name=default 0.061s
2024-10-15 12:15:19.021 63301 INFO tempest.lib.common.rest_client [req-57f12ad6-a1ee-4912-aa04-5a6bf1c06a75 req-57f12ad6-a1ee-4912-aa04-5a6bf1c06a75 ] Request (SecurityGroupsTestJSON:test_list_security_groups_by_server): 200 GET http://10.180.1.21/compute/v2.1/servers/f29f6a5e-8621-4802-a679-d5c9a8fb2461 0.061s
2024-10-15 12:15:19.039 63339 INFO tempest.lib.common.rest_client [req-65186acc-afd0-41e4-be21-840fa0f4d530 req-65186acc-afd0-41e4-be21-840fa0f4d530 ] Request (ListServerFiltersTestJSON:setUpClass): 200 GET http://10.180.1.21/compute/v2.1/servers/c67b276f-07db-4cde-9f1c-efccc4d11c7d 0.060s
2024-10-15 12:15:19.069 63299 INFO tempest.lib.common.rest_client [req-8c9494e1-d036-410e-aaf2-2477fe7d1e30 req-8c9494e1-d036-410e-aaf2-2477fe7d1e30 ] Request (SecurityGroupRulesTestJSON:tearDownClass): 204 DELETE http://10.180.1.21:9696/networking/v2.0/security-groups/4f8f1271-0388-4369-9cf2-c6a092683bed 0.088s
2024-10-15 12:15:19.089 63329 INFO tempest.lib.common.rest_client [req-5d6468ae-f03d-4d45-b21c-9099369d094b req-5d6468ae-f03d-4d45-b21c-9099369d094b ] Request (InstanceActionsNegativeTestJSON:setUpClass): 200 GET http://10.180.1.21/compute/v2.1/servers/20611ed4-97b3-4d6d-bef7-c13e1235c401 0.067s
2024-10-15 12:15:19.095 63305 INFO tempest.lib.common.rest_client [req-64e0e2a0-4e40-43b9-8f81-2e656010cd74 req-64e0e2a0-4e40-43b9-8f81-2e656010cd74 ] Request (VolumesAssistedSnapshotsTest:test_volume_assisted_snapshot_create_delete): 200 GET http://10.180.1.21/compute/v2.1/servers/d2c07175-b635-4900-9dab-9767e5f6bce4 0.061s
2024-10-15 12:15:19.161 63333 INFO tempest.lib.common.rest_client [req-d7f705e4-fb0b-41f7-98f9-3c3f8a3a987f req-d7f705e4-fb0b-41f7-98f9-3c3f8a3a987f ] Request (ServerActionsTestOtherA:setUpClass): 200 GET http://10.180.1.21/compute/v2.1/servers/90c1832a-47c5-4f09-9921-21e15cb6fbb6 0.056s
2024-10-15 12:15:19.177 63317 INFO tempest.lib.common.rest_client [req-09af5900-5898-4fd1-b8bb-fa6db3646559 req-09af5900-5898-4fd1-b8bb-fa6db3646559 ] Request (ServersAdminTestJSON:tearDownClass): 204 DELETE http://10.180.1.21:9696/networking/v2.0/security-groups/fb25b318-6ecb-4d0d-b058-fdc33dc44d71 0.160s
2024-10-15 12:15:19.179 63323 INFO tempest.lib.common.rest_client [req-7582379f-7a7f-4c9e-a161-51adf73d611f req-7582379f-7a7f-4c9e-a161-51adf73d611f ] Request (ServersTestJSON:setUpClass): 200 GET http://10.180.1.21/compute/v2.1/servers/34c01c2c-519b-44a1-aba2-c26e2c0b4737 0.059s
2024-10-15 12:15:19.214 63299 INFO tempest.lib.common.rest_client [req-6755e412-5479-4604-8a85-7577df5df3e9 req-6755e412-5479-4604-8a85-7577df5df3e9 ] Request (SecurityGroupRulesTestJSON:tearDownClass): 204 DELETE http://10.180.1.21/identity/v3/projects/aaafd742c95346889e8725ae924c6ac0 0.145s
2024-10-15 12:15:19.232 63325 INFO tempest.lib.common.rest_client [req-ab3bba1a-5c67-493c-a357-66e8a92f84ea req-ab3bba1a-5c67-493c-a357-66e8a92f84ea ] Request (ListImageFiltersTestJSON:setUpClass): 200 GET http://10.180.1.21/compute/v2.1/servers/945b5a77-96b9-4565-94a8-6f1a89dc3bbf 0.068s
2024-10-15 12:15:19.249 63299 INFO tempest.lib.common.rest_client [req-f04302b3-0191-48d4-84c7-e48ddd91fb19 req-f04302b3-0191-48d4-84c7-e48ddd91fb19 ] Request (ExtensionsTest:setUpClass): 201 POST http://10.180.1.21/identity/v3/auth/tokens 0.033s
2024-10-15 12:15:19.314 63317 INFO tempest.lib.common.rest_client [req-83fb8496-8f03-4627-8610-a305909fdc1f req-83fb8496-8f03-4627-8610-a305909fdc1f ] Request (ServersAdminTestJSON:tearDownClass): 204 DELETE http://10.180.1.21/identity/v3/projects/1ad4ee3ec8fc48b4b15936310f05d5c7 0.136s
2024-10-15 12:15:19.314 63317 INFO tempest.lib.common.dynamic_creds [-] Deleting project and security group for project: d101ee89dcc143e1876d2217b09cef11
2024-10-15 12:15:19.320 63299 INFO tempest.lib.common.rest_client [req-4a05868d-96c8-4c14-8ed3-23abdfce92a5 req-4a05868d-96c8-4c14-8ed3-23abdfce92a5 ] Request (ExtensionsTest:setUpClass): 201 POST http://10.180.1.21/identity/v3/auth/tokens 0.068s
2024-10-15 12:15:19.325 63341 INFO tempest.lib.common.rest_client [req-02e6b06f-b7d4-4637-9ebd-7f0e3ad86370 req-02e6b06f-b7d4-4637-9ebd-7f0e3ad86370 ] Request (ServersAdmin275Test:tearDownClass): 200 GET http://10.180.1.21/compute/v2.1/servers/e8cfbce4-cfb2-463e-9f38-78a058dab6e1 0.074s
2024-10-15 12:15:19.339 63315 INFO tempest.lib.common.rest_client [req-191dd5f7-a5e4-41de-ab7e-ef0d83cfbfb2 req-191dd5f7-a5e4-41de-ab7e-ef0d83cfbfb2 ] Request (ServersNegativeTestJSON:setUpClass): 200 GET http://10.180.1.21/compute/v2.1/servers/5b778247-1434-447e-8ff1-7359bb9e8ea2 0.073s
2024-10-15 12:15:19.344 63299 INFO tempest.lib.common.rest_client [req-0732de47-c8ad-4f8e-b121-2e0414420b77 req-0732de47-c8ad-4f8e-b121-2e0414420b77 ] Request (ExtensionsTest:setUpClass): 200 GET http://10.180.1.21/identity/v3/domains?name=Default 0.023s
2024-10-15 12:15:19.344 63317 INFO tempest.lib.common.rest_client [req-8432ea82-534b-4eb1-91a4-341276ce29eb req-8432ea82-534b-4eb1-91a4-341276ce29eb ] Request (ServersAdminTestJSON:tearDownClass): 200 GET http://10.180.1.21:9696/networking/v2.0/security-groups?tenant_id=d101ee89dcc143e1876d2217b09cef11&name=default 0.029s
2024-10-15 12:15:19.372 63299 INFO tempest.lib.common.rest_client [req-36ae6e90-3cdc-4651-bedf-be03794300cc req-36ae6e90-3cdc-4651-bedf-be03794300cc ] Request (ExtensionsTest:setUpClass): 201 POST http://10.180.1.21/identity/v3/projects 0.028s
2024-10-15 12:15:19.380 63281 INFO tempest.lib.common.rest_client [req-cfc646de-9741-45c2-991b-623f40dd8841 req-cfc646de-9741-45c2-991b-623f40dd8841 ] Request (ServerDiskConfigTestJSON:test_rebuild_server_with_auto_disk_config): 200 GET http://10.180.1.21/compute/v2.1/servers/eb42c667-b0ae-4807-8f69-88dd671aa7d7 0.074s
2024-10-15 12:15:19.415 63297 INFO tempest.lib.common.rest_client [req-aeaa4b31-1488-49fb-9199-d81756741d17 req-aeaa4b31-1488-49fb-9199-d81756741d17 ] Request (ServersTestJSON:test_create_server_specify_multibyte_character_name): 200 GET http://10.180.1.21/compute/v2.1/servers/2b43620d-94ac-4c56-87df-4066f5d24088 0.052s
2024-10-15 12:15:19.435 63299 INFO tempest.lib.common.rest_client [req-4fc38823-0392-483a-bd74-4ebf4bc3c6da req-4fc38823-0392-483a-bd74-4ebf4bc3c6da ] Request (ExtensionsTest:setUpClass): 201 POST http://10.180.1.21/identity/v3/users 0.062s
2024-10-15 12:15:19.455 63343 INFO tempest.lib.common.rest_client [req-9b0bb1ab-8feb-4495-a71e-46fb6d627df6 req-9b0bb1ab-8feb-4495-a71e-46fb6d627df6 ] Request (ServerMetadataTestJSON:setUpClass): 200 GET http://10.180.1.21/compute/v2.1/servers/966fe303-09b9-449f-8bda-4f6cda135f7a 0.051s
2024-10-15 12:15:19.460 63299 INFO tempest.lib.common.rest_client [req-c195550e-7d0e-4a1f-9be6-3d9c90e18619 req-c195550e-7d0e-4a1f-9be6-3d9c90e18619 ] Request (ExtensionsTest:setUpClass): 200 GET http://10.180.1.21/identity/v3/roles 0.024s
2024-10-15 12:15:19.460 63317 INFO tempest.lib.common.rest_client [req-ee40a9a1-acf1-401a-9923-5ec1ab06cf4a req-ee40a9a1-acf1-401a-9923-5ec1ab06cf4a ] Request (ServersAdminTestJSON:tearDownClass): 204 DELETE http://10.180.1.21:9696/networking/v2.0/security-groups/1404b2d8-1a93-40cc-bd3f-3bd8da084ab6 0.116s
2024-10-15 12:15:19.496 63299 INFO tempest.lib.common.rest_client [req-406cec5c-92d4-4cd1-b44e-e271990565f9 req-406cec5c-92d4-4cd1-b44e-e271990565f9 ] Request (ExtensionsTest:setUpClass): 204 PUT http://10.180.1.21/identity/v3/projects/91a8112d3a9a40748b13556e742870b6/users/6a03dbc50792442c984a541fa95dffb6/roles/a6106c6f4dae418aa7aa1a898c37bc94 0.036s
2024-10-15 12:15:19.496 63299 INFO tempest.lib.common.dynamic_creds [-] Dynamic test user 6a03dbc50792442c984a541fa95dffb6 is created with scope project and roles: ['member']
2024-10-15 12:15:19.496 63299 INFO tempest.lib.common.dynamic_creds [-] Acquired dynamic creds: credentials: Credentials: {'domain_id': 'default', 'domain_name': 'Default', 'username': 'tempest-ExtensionsTest-615172163-project-member', 'project_domain_id': 'default', 'project_domain_name': 'Default', 'project_id': '91a8112d3a9a40748b13556e742870b6', 'project_name': 'tempest-ExtensionsTest-615172163', 'tenant_id': '91a8112d3a9a40748b13556e742870b6', 'tenant_name': 'tempest-ExtensionsTest-615172163', 'user_domain_id': 'default', 'user_domain_name': 'Default', 'user_id': '6a03dbc50792442c984a541fa95dffb6', 'system': None}, Network: None, Subnet: None, Router: None
2024-10-15 12:15:19.497 63299 INFO tempest.lib.common.dynamic_creds [-] Created isolated network resources for: credentials: Credentials: {'domain_id': 'default', 'domain_name': 'Default', 'username': 'tempest-ExtensionsTest-615172163-project-member', 'project_domain_id': 'default', 'project_domain_name': 'Default', 'project_id': '91a8112d3a9a40748b13556e742870b6', 'project_name': 'tempest-ExtensionsTest-615172163', 'tenant_id': '91a8112d3a9a40748b13556e742870b6', 'tenant_name': 'tempest-ExtensionsTest-615172163', 'user_domain_id': 'default', 'user_domain_name': 'Default', 'user_id': '6a03dbc50792442c984a541fa95dffb6', 'system': None}, Network: None, Subnet: None, Router: None
2024-10-15 12:15:19.528 63317 INFO tempest.lib.common.rest_client [req-33be8158-684a-4729-8eb6-ca49dde27a12 req-33be8158-684a-4729-8eb6-ca49dde27a12 ] Request (ServersAdminTestJSON:tearDownClass): 204 DELETE http://10.180.1.21/identity/v3/projects/d101ee89dcc143e1876d2217b09cef11 0.067s
2024-10-15 12:15:19.546 63321 INFO tempest.lib.common.rest_client [req-bb4dbf0d-7e98-4f5c-9a54-a2888a7af9cf req-bb4dbf0d-7e98-4f5c-9a54-a2888a7af9cf ] Request (AttachInterfacesTestJSON:test_create_list_show_delete_interfaces_by_fixed_ip): 200 GET http://10.180.1.21/compute/v2.1/servers/1219fe86-f218-4a2b-84ba-4a377829386d 0.059s
2024-10-15 12:15:19.567 63299 INFO tempest.lib.common.rest_client [req-15cd981c-1e99-4f20-9c1f-ce951c386a2a req-15cd981c-1e99-4f20-9c1f-ce951c386a2a ] Request (ExtensionsTest:setUpClass): 201 POST http://10.180.1.21/identity/v3/auth/tokens 0.067s
2024-10-15 12:15:19.573 63291 INFO tempest.lib.common.rest_client [req-abd869ff-87ec-462c-9b79-12e1b0f8e292 req-abd869ff-87ec-462c-9b79-12e1b0f8e292 ] Request (ServersTestManualDisk:setUpClass): 200 GET http://10.180.1.21/compute/v2.1/servers/498c8e1e-18c6-4e09-a90d-106600bed2cd 0.061s
2024-10-15 12:15:19.608 63317 INFO tempest.lib.common.rest_client [req-c5d4bae9-c4b1-4471-abe9-065913c82b8b req-c5d4bae9-c4b1-4471-abe9-065913c82b8b ] Request (ImagesMetadataNegativeTestJSON:setUpClass): 201 POST http://10.180.1.21/identity/v3/auth/tokens 0.071s
2024-10-15 12:15:19.619 63283 INFO tempest.lib.common.rest_client [req-e33b8160-0ce3-4957-a2ec-f4dcf41cb368 req-e33b8160-0ce3-4957-a2ec-f4dcf41cb368 ] Request (DeleteServersAdminTestJSON:test_delete_server_while_in_error_state): 200 GET http://10.180.1.21/compute/v2.1/servers/62bd4013-f007-4f69-b037-14bedf1e63cf 0.061s
2024-10-15 12:15:19.648 63317 INFO tempest.lib.common.rest_client [req-04f2012f-611d-4c62-86ca-d3f42c3e8fd5 req-04f2012f-611d-4c62-86ca-d3f42c3e8fd5 ] Request (ImagesMetadataNegativeTestJSON:setUpClass): 201 POST http://10.180.1.21/identity/v3/auth/tokens 0.036s
2024-10-15 12:15:19.650 63299 INFO tempest.lib.common.rest_client [req-24de5f54-17de-4124-83b0-ad8bdecf9ee4 req-24de5f54-17de-4124-83b0-ad8bdecf9ee4 ] Request (ExtensionsTest:test_get_extension): 200 GET http://10.180.1.21/compute/v2.1/extensions/os-consoles 0.081s
2024-10-15 12:15:19.665 63299 INFO tempest.lib.common.rest_client [req-eb27c4b8-95b4-4144-9d43-28c382dac819 req-eb27c4b8-95b4-4144-9d43-28c382dac819 ] Request (ExtensionsTest:test_list_extensions): 200 GET http://10.180.1.21/compute/v2.1/extensions 0.014s
2024-10-15 12:15:19.674 63311 INFO tempest.lib.common.rest_client [req-9382bf4d-0c59-440e-acb8-f2a949905895 req-9382bf4d-0c59-440e-acb8-f2a949905895 ] Request (TenantUsagesTestJSON:setUpClass): 200 GET http://10.180.1.21/compute/v2.1/servers/02da88f0-7e3a-4eea-a88d-59a990c69f82 0.095s
2024-10-15 12:15:19.680 63317 INFO tempest.lib.common.rest_client [req-901a7223-93fb-40d8-b820-ec356911c1c4 req-901a7223-93fb-40d8-b820-ec356911c1c4 ] Request (ImagesMetadataNegativeTestJSON:setUpClass): 200 GET http://10.180.1.21/identity/v3/domains?name=Default 0.031s
2024-10-15 12:15:19.719 63317 INFO tempest.lib.common.rest_client [req-c51d7bd1-cc90-410e-aaee-bef50ce02b7b req-c51d7bd1-cc90-410e-aaee-bef50ce02b7b ] Request (ImagesMetadataNegativeTestJSON:setUpClass): 201 POST http://10.180.1.21/identity/v3/projects 0.039s
2024-10-15 12:15:19.736 63295 INFO tempest.lib.common.rest_client [req-f8d7db3f-6369-40fa-9268-b5ce7f32d0b8 req-f8d7db3f-6369-40fa-9268-b5ce7f32d0b8 ] Request (ImagesOneServerNegativeTestJSON:setUpClass): 200 GET http://10.180.1.21/compute/v2.1/servers/ca92ddb4-cac8-450a-9b7e-d09ad082354a 0.080s
2024-10-15 12:15:19.760 63307 INFO tempest.lib.common.rest_client [req-2a983989-76d7-4f18-98f0-84841fdacf15 req-2a983989-76d7-4f18-98f0-84841fdacf15 ] Request (ServersTestBootFromVolume:setUpClass): 200 GET http://10.180.1.21/volume/v3/volumes/f7647177-d1ec-4638-8eb5-ab37e2a44684 0.042s
2024-10-15 12:15:19.786 63331 INFO tempest.lib.common.rest_client [req-42933a12-2ced-45df-b22f-d8aef9bbc932 req-42933a12-2ced-45df-b22f-d8aef9bbc932 ] Request (ServerDiagnosticsV248Test:tearDownClass): 200 GET http://10.180.1.21/compute/v2.1/servers/c4777721-3f65-455f-9973-c1ed0732de34 0.086s
2024-10-15 12:15:19.804 63299 INFO tempest.lib.common.rest_client [req-90f6b248-27c8-4c08-8f99-402fd8d782ab req-90f6b248-27c8-4c08-8f99-402fd8d782ab ] Request (ExtensionsTest:tearDownClass): 204 DELETE http://10.180.1.21/identity/v3/users/6a03dbc50792442c984a541fa95dffb6 0.126s
2024-10-15 12:15:19.804 63299 INFO tempest.lib.common.dynamic_creds [-] Deleting project and security group for project: 91a8112d3a9a40748b13556e742870b6
2024-10-15 12:15:19.838 63313 INFO tempest.lib.common.rest_client [req-b322ec81-54ff-4aaf-bc46-e63c40ada0a7 req-b322ec81-54ff-4aaf-bc46-e63c40ada0a7 ] Request (ImagesOneServerTestJSON:setUpClass): 200 GET http://10.180.1.21/compute/v2.1/servers/c63c1740-fcec-47fa-a7b9-986b83c4abd9 0.074s
2024-10-15 12:15:19.839 63317 INFO tempest.lib.common.rest_client [req-23b1f015-e45a-41b8-aa48-2f97c5b51a4f req-23b1f015-e45a-41b8-aa48-2f97c5b51a4f ] Request (ImagesMetadataNegativeTestJSON:setUpClass): 201 POST http://10.180.1.21/identity/v3/users 0.119s
