2024-10-15 12:14:00.640 63327 INFO tempest.lib.common.rest_client [req-4d1fd7b0-0da4-4c34-99c2-66ac7ecf2f78 req-4d1fd7b0-0da4-4c34-99c2-66ac7ecf2f78 ] Request (FlavorsAccessTestJSON:setUpClass): 201 POST http://10.180.1.21/identity/v3/projects 0.065s
2024-10-15 12:14:00.664 63289 INFO tempest.lib.common.rest_client [req-118a40b8-af63-41fe-ac70-808618aac64a req-118a40b8-af63-41fe-ac70-808618aac64a ] Request (HostsAdminTestJSON:test_show_host_detail): 200 GET http://10.180.1.21/compute/v2.1/os-hosts/cpu-1 0.070s
2024-10-15 12:14:00.681 63291 INFO tempest.lib.common.rest_client [req-6e687557-baac-4747-a2af-ea07632e7f15 req-6e687557-baac-4747-a2af-ea07632e7f15 ] Request (FlavorsAdminTestJSON:setUpClass): 204 PUT http://10.180.1.21/identity/v3/projects/14f6492e64d948afa355b836751dbdd7/users/a8c120ef2d3c4550b57a46694c18e67d/roles/ca228a1c83684d87a5a3e4a0ef3feb0a 0.096s
2024-10-15 12:14:00.717 63285 INFO tempest.test [-] raised in LiveMigrationNegativeTest.setUpClass. Invoking tearDownClass.
2024-10-15 12:14:00.743 63321 INFO tempest [-] Using tempest config file /opt/stack/testrun/etc/tempest.conf
2024-10-15 12:14:00.765 63321 WARNING oslo_config.cfg [-] Deprecated: Option "auth_version" from group "identity" is deprecated for removal (Identity v2 API was removed and v3 is the only available identity API version now). Its value may be silently ignored in the future.
2024-10-15 12:14:00.766 63321 WARNING oslo_config.cfg [-] Deprecated: Option "access_rules" from group "identity-feature-enabled" is deprecated for removal (Access rules for application credentials is a default feature since Train). Its value may be silently ignored in the future.
2024-10-15 12:14:00.767 63321 WARNING oslo_config.cfg [-] Deprecated: Option "import_image" from group "image-feature-enabled" is deprecated for removal (Issue with image import in WSGI mode was fixed in Victoria, and this feature works in any deployment architecture now.). Its value may be silently ignored in the future.
2024-10-15 12:14:00.783 63327 INFO tempest.lib.common.rest_client [req-c6f17fe4-3dcc-4498-8684-e875a7eb0aa8 req-c6f17fe4-3dcc-4498-8684-e875a7eb0aa8 ] Request (FlavorsAccessTestJSON:setUpClass): 201 POST http://10.180.1.21/identity/v3/users 0.142s
2024-10-15 12:14:00.767 63321 WARNING oslo_config.cfg [-] Deprecated: Option "os_glance_reserved" from group "image-feature-enabled" is deprecated for removal (os_glance namespace is always reserved since Wallaby). Its value may be silently ignored in the future.
2024-10-15 12:14:00.789 63305 INFO tempest.lib.common.rest_client [req-318c909f-cac6-4253-a5b1-adf1e1753614 req-318c909f-cac6-4253-a5b1-adf1e1753614 ] Request (VolumesAssistedSnapshotsTest:setUpClass): 201 POST http://10.180.1.21:9696/networking/v2.0/subnets 0.316s
2024-10-15 12:14:00.805 63313 INFO tempest [-] Using tempest config file /opt/stack/testrun/etc/tempest.conf
2024-10-15 12:14:00.810 63313 WARNING oslo_config.cfg [-] Deprecated: Option "auth_version" from group "identity" is deprecated for removal (Identity v2 API was removed and v3 is the only available identity API version now). Its value may be silently ignored in the future.
2024-10-15 12:14:00.811 63313 WARNING oslo_config.cfg [-] Deprecated: Option "access_rules" from group "identity-feature-enabled" is deprecated for removal (Access rules for application credentials is a default feature since Train). Its value may be silently ignored in the future.
2024-10-15 12:14:00.814 63313 WARNING oslo_config.cfg [-] Deprecated: Option "import_image" from group "image-feature-enabled" is deprecated for removal (Issue with image import in WSGI mode was fixed in Victoria, and this feature works in any deployment architecture now.). Its value may be silently ignored in the future.
2024-10-15 12:14:00.815 63313 WARNING oslo_config.cfg [-] Deprecated: Option "os_glance_reserved" from group "image-feature-enabled" is deprecated for removal (os_glance namespace is always reserved since Wallaby). Its value may be silently ignored in the future.
2024-10-15 12:14:00.823 63291 INFO tempest.lib.common.rest_client [req-2a394297-db62-4fbf-9e47-48794c304014 req-2a394297-db62-4fbf-9e47-48794c304014 ] Request (FlavorsAdminTestJSON:setUpClass): 200 GET http://10.180.1.21/identity/v3/roles 0.141s
2024-10-15 12:14:00.821 63301 INFO tempest [-] Using tempest config file /opt/stack/testrun/etc/tempest.conf
2024-10-15 12:14:00.835 63301 WARNING oslo_config.cfg [-] Deprecated: Option "auth_version" from group "identity" is deprecated for removal (Identity v2 API was removed and v3 is the only available identity API version now). Its value may be silently ignored in the future.
2024-10-15 12:14:00.862 63301 WARNING oslo_config.cfg [-] Deprecated: Option "access_rules" from group "identity-feature-enabled" is deprecated for removal (Access rules for application credentials is a default feature since Train). Its value may be silently ignored in the future.
2024-10-15 12:14:00.862 63301 WARNING oslo_config.cfg [-] Deprecated: Option "import_image" from group "image-feature-enabled" is deprecated for removal (Issue with image import in WSGI mode was fixed in Victoria, and this feature works in any deployment architecture now.). Its value may be silently ignored in the future.
2024-10-15 12:14:00.863 63301 WARNING oslo_config.cfg [-] Deprecated: Option "os_glance_reserved" from group "image-feature-enabled" is deprecated for removal (os_glance namespace is always reserved since Wallaby). Its value may be silently ignored in the future.
2024-10-15 12:14:00.893 63289 INFO tempest.lib.common.rest_client [req-05371a85-ba25-4e36-9d35-a68e96ddeeb6 req-05371a85-ba25-4e36-9d35-a68e96ddeeb6 ] Request (HostsAdminTestJSON:tearDownClass): 204 DELETE http://10.180.1.21/identity/v3/users/f8e6c57b60324376994ea3288e8e5e48 0.228s
2024-10-15 12:14:00.908 63331 INFO tempest.lib.common.rest_client [req-f804e5d5-d520-45b3-ae8f-759e13076489 req-f804e5d5-d520-45b3-ae8f-759e13076489 ] Request (AZAdminV2TestJSON:setUpClass): 201 POST http://10.180.1.21/identity/v3/auth/tokens 0.183s
2024-10-15 12:14:00.920 63329 INFO tempest.test [-] raised in ServersOnMultiNodesTest.setUpClass. Invoking tearDownClass.
2024-10-15 12:14:00.937 63341 INFO tempest [-] Using tempest config file /opt/stack/testrun/etc/tempest.conf
2024-10-15 12:14:00.963 63341 WARNING oslo_config.cfg [-] Deprecated: Option "auth_version" from group "identity" is deprecated for removal (Identity v2 API was removed and v3 is the only available identity API version now). Its value may be silently ignored in the future.
2024-10-15 12:14:00.964 63341 WARNING oslo_config.cfg [-] Deprecated: Option "access_rules" from group "identity-feature-enabled" is deprecated for removal (Access rules for application credentials is a default feature since Train). Its value may be silently ignored in the future.
2024-10-15 12:14:00.970 63285 INFO tempest.lib.common.rest_client [req-affe512a-95b9-4219-b2c3-0aa0d84b82a3 req-affe512a-95b9-4219-b2c3-0aa0d84b82a3 ] Request (QuotasAdminTestV236:setUpClass): 201 POST http://10.180.1.21/identity/v3/auth/tokens 0.221s
2024-10-15 12:14:00.975 63297 INFO tempest.lib.common.rest_client [req-4ec23c53-676c-4a91-8ff4-18768f5c8ceb req-4ec23c53-676c-4a91-8ff4-18768f5c8ceb ] Request (ImagesNegativeTestJSON:setUpClass): 201 POST http://10.180.1.21/identity/v3/auth/tokens 0.234s
2024-10-15 12:14:00.986 63341 WARNING oslo_config.cfg [-] Deprecated: Option "import_image" from group "image-feature-enabled" is deprecated for removal (Issue with image import in WSGI mode was fixed in Victoria, and this feature works in any deployment architecture now.). Its value may be silently ignored in the future.
2024-10-15 12:14:00.986 63341 WARNING oslo_config.cfg [-] Deprecated: Option "os_glance_reserved" from group "image-feature-enabled" is deprecated for removal (os_glance namespace is always reserved since Wallaby). Its value may be silently ignored in the future.
2024-10-15 12:14:00.993 63327 INFO tempest.lib.common.rest_client [req-362d3408-c3d6-477e-8947-418ab859119a req-362d3408-c3d6-477e-8947-418ab859119a ] Request (FlavorsAccessTestJSON:setUpClass): 200 GET http://10.180.1.21/identity/v3/roles 0.210s
2024-10-15 12:14:00.994 63333 INFO tempest.lib.common.rest_client [req-19df1cff-8054-49d2-a609-8bf1370d6a92 req-19df1cff-8054-49d2-a609-8bf1370d6a92 ] Request (FlavorMetadataValidation:setUpClass): 201 POST http://10.180.1.21/identity/v3/auth/tokens 0.236s
2024-10-15 12:14:00.998 63323 INFO tempest [-] Using tempest config file /opt/stack/testrun/etc/tempest.conf
2024-10-15 12:14:01.022 63291 INFO tempest.lib.common.rest_client [req-c394ad3a-0e81-4662-9a6b-535c21ac8088 req-c394ad3a-0e81-4662-9a6b-535c21ac8088 ] Request (FlavorsAdminTestJSON:setUpClass): 204 PUT http://10.180.1.21/identity/v3/projects/14f6492e64d948afa355b836751dbdd7/users/a8c120ef2d3c4550b57a46694c18e67d/roles/ca228a1c83684d87a5a3e4a0ef3feb0a 0.198s
2024-10-15 12:14:01.022 63291 INFO tempest.lib.common.dynamic_creds [-] Dynamic test user a8c120ef2d3c4550b57a46694c18e67d is created with scope project and roles: ['admin']
2024-10-15 12:14:01.022 63291 INFO tempest.lib.common.dynamic_creds [-] Acquired dynamic creds: credentials: Credentials: {'domain_id': 'default', 'domain_name': 'Default', 'username': 'tempest-FlavorsAdminTestJSON-735108912-project-admin', 'project_domain_id': 'default', 'project_domain_name': 'Default', 'project_id': '14f6492e64d948afa355b836751dbdd7', 'project_name': 'tempest-FlavorsAdminTestJSON-735108912', 'tenant_id': '14f6492e64d948afa355b836751dbdd7', 'tenant_name': 'tempest-FlavorsAdminTestJSON-735108912', 'user_domain_id': 'default', 'user_domain_name': 'Default', 'user_id': 'a8c120ef2d3c4550b57a46694c18e67d', 'system': None}, Network: None, Subnet: None, Router: None
2024-10-15 12:14:01.022 63291 INFO tempest.lib.common.dynamic_creds [-] Created isolated network resources for: credentials: Credentials: {'domain_id': 'default', 'domain_name': 'Default', 'username': 'tempest-FlavorsAdminTestJSON-735108912-project-admin', 'project_domain_id': 'default', 'project_domain_name': 'Default', 'project_id': '14f6492e64d948afa355b836751dbdd7', 'project_name': 'tempest-FlavorsAdminTestJSON-735108912', 'tenant_id': '14f6492e64d948afa355b836751dbdd7', 'tenant_name': 'tempest-FlavorsAdminTestJSON-735108912', 'user_domain_id': 'default', 'user_domain_name': 'Default', 'user_id': 'a8c120ef2d3c4550b57a46694c18e67d', 'system': None}, Network: None, Subnet: None, Router: None
2024-10-15 12:14:01.030 63323 WARNING oslo_config.cfg [-] Deprecated: Option "auth_version" from group "identity" is deprecated for removal (Identity v2 API was removed and v3 is the only available identity API version now). Its value may be silently ignored in the future.
2024-10-15 12:14:01.031 63323 WARNING oslo_config.cfg [-] Deprecated: Option "access_rules" from group "identity-feature-enabled" is deprecated for removal (Access rules for application credentials is a default feature since Train). Its value may be silently ignored in the future.
2024-10-15 12:14:01.032 63323 WARNING oslo_config.cfg [-] Deprecated: Option "import_image" from group "image-feature-enabled" is deprecated for removal (Issue with image import in WSGI mode was fixed in Victoria, and this feature works in any deployment architecture now.). Its value may be silently ignored in the future.
2024-10-15 12:14:01.032 63323 WARNING oslo_config.cfg [-] Deprecated: Option "os_glance_reserved" from group "image-feature-enabled" is deprecated for removal (os_glance namespace is always reserved since Wallaby). Its value may be silently ignored in the future.
2024-10-15 12:14:01.041 63319 INFO tempest [-] Using tempest config file /opt/stack/testrun/etc/tempest.conf
2024-10-15 12:14:01.061 63315 INFO tempest.lib.common.rest_client [req-8c9a9030-02d5-43e2-83c6-8977d05b7011 req-8c9a9030-02d5-43e2-83c6-8977d05b7011 ] Request (HypervisorAdminV228Test:setUpClass): 201 POST http://10.180.1.21/identity/v3/auth/tokens 0.233s
2024-10-15 12:14:01.062 63319 WARNING oslo_config.cfg [-] Deprecated: Option "auth_version" from group "identity" is deprecated for removal (Identity v2 API was removed and v3 is the only available identity API version now). Its value may be silently ignored in the future.
2024-10-15 12:14:01.062 63319 WARNING oslo_config.cfg [-] Deprecated: Option "access_rules" from group "identity-feature-enabled" is deprecated for removal (Access rules for application credentials is a default feature since Train). Its value may be silently ignored in the future.
2024-10-15 12:14:01.063 63319 WARNING oslo_config.cfg [-] Deprecated: Option "import_image" from group "image-feature-enabled" is deprecated for removal (Issue with image import in WSGI mode was fixed in Victoria, and this feature works in any deployment architecture now.). Its value may be silently ignored in the future.
2024-10-15 12:14:01.063 63319 WARNING oslo_config.cfg [-] Deprecated: Option "os_glance_reserved" from group "image-feature-enabled" is deprecated for removal (os_glance namespace is always reserved since Wallaby). Its value may be silently ignored in the future.
2024-10-15 12:14:01.118 63289 INFO tempest.lib.common.rest_client [req-e527aa89-60e7-455d-870a-89dc230e1b0b req-e527aa89-60e7-455d-870a-89dc230e1b0b ] Request (HostsAdminTestJSON:tearDownClass): 204 DELETE http://10.180.1.21/identity/v3/users/703076046e264511b2d32feceec1b47d 0.224s
2024-10-15 12:14:01.118 63289 INFO tempest.lib.common.dynamic_creds [-] Deleting project and security group for project: 9f320c42e0a24a4abd98ac6e35a4b458
2024-10-15 12:14:01.118 63331 INFO tempest.lib.common.rest_client [req-37cfefd7-5e87-4b14-ac3a-95d3563839fa req-37cfefd7-5e87-4b14-ac3a-95d3563839fa ] Request (AZAdminV2TestJSON:setUpClass): 201 POST http://10.180.1.21/identity/v3/auth/tokens 0.201s
2024-10-15 12:14:01.158 63283 INFO tempest.lib.common.rest_client [req-591d113d-3369-412d-b7b6-c1b0fffcabbd req-591d113d-3369-412d-b7b6-c1b0fffcabbd ] Request (DeleteServersAdminTestJSON:setUpClass): 201 POST http://10.180.1.21/identity/v3/auth/tokens 0.235s
2024-10-15 12:14:01.185 63307 INFO tempest.lib.common.rest_client [req-a6e8d713-730c-414d-8734-3582d9ae8954 req-a6e8d713-730c-414d-8734-3582d9ae8954 ] Request (ServerExternalEventsTest:setUpClass): 201 POST http://10.180.1.21/identity/v3/auth/tokens 0.238s
2024-10-15 12:14:01.187 63329 INFO tempest.lib.common.rest_client [req-7739cbd7-5874-41d0-b0a4-48fac3364222 req-7739cbd7-5874-41d0-b0a4-48fac3364222 ] Request (ServicesAdminTestJSON:setUpClass): 201 POST http://10.180.1.21/identity/v3/auth/tokens 0.257s
2024-10-15 12:14:01.207 63285 INFO tempest.lib.common.rest_client [req-beb763d7-c75e-43d9-8ae8-e7ce9c434433 req-beb763d7-c75e-43d9-8ae8-e7ce9c434433 ] Request (QuotasAdminTestV236:setUpClass): 201 POST http://10.180.1.21/identity/v3/auth/tokens 0.234s
2024-10-15 12:14:01.210 63297 INFO tempest.lib.common.rest_client [req-3f71ca49-4b8e-4a20-8b01-ffb1e4d923cf req-3f71ca49-4b8e-4a20-8b01-ffb1e4d923cf ] Request (ImagesNegativeTestJSON:setUpClass): 201 POST http://10.180.1.21/identity/v3/auth/tokens 0.226s
2024-10-15 12:14:01.212 63343 INFO tempest [-] Using tempest config file /opt/stack/testrun/etc/tempest.conf
2024-10-15 12:14:01.220 63343 WARNING oslo_config.cfg [-] Deprecated: Option "auth_version" from group "identity" is deprecated for removal (Identity v2 API was removed and v3 is the only available identity API version now). Its value may be silently ignored in the future.
2024-10-15 12:14:01.222 63343 WARNING oslo_config.cfg [-] Deprecated: Option "access_rules" from group "identity-feature-enabled" is deprecated for removal (Access rules for application credentials is a default feature since Train). Its value may be silently ignored in the future.
2024-10-15 12:14:01.223 63343 WARNING oslo_config.cfg [-] Deprecated: Option "import_image" from group "image-feature-enabled" is deprecated for removal (Issue with image import in WSGI mode was fixed in Victoria, and this feature works in any deployment architecture now.). Its value may be silently ignored in the future.
2024-10-15 12:14:01.223 63343 WARNING oslo_config.cfg [-] Deprecated: Option "os_glance_reserved" from group "image-feature-enabled" is deprecated for removal (os_glance namespace is always reserved since Wallaby). Its value may be silently ignored in the future.
2024-10-15 12:14:01.236 63327 INFO tempest.lib.common.rest_client [req-1f7d8a0a-9570-4c37-8334-81bedca608cc req-1f7d8a0a-9570-4c37-8334-81bedca608cc ] Request (FlavorsAccessTestJSON:setUpClass): 204 PUT http://10.180.1.21/identity/v3/projects/8ac67257684a4d91a10f4af5b0260a7f/users/3e8282ec85514576a5aac2765b43e91a/roles/a6106c6f4dae418aa7aa1a898c37bc94 0.242s
2024-10-15 12:14:01.236 63335 INFO tempest.lib.common.rest_client [req-1171c8ec-b306-4698-8acf-e9b7778b47c0 req-1171c8ec-b306-4698-8acf-e9b7778b47c0 ] Request (HypervisorAdminNegativeUnderV252Test:setUpClass): 201 POST http://10.180.1.21/identity/v3/auth/tokens 0.247s
2024-10-15 12:14:01.236 63327 INFO tempest.lib.common.dynamic_creds [-] Dynamic test user 3e8282ec85514576a5aac2765b43e91a is created with scope project and roles: ['member']
2024-10-15 12:14:01.236 63327 INFO tempest.lib.common.dynamic_creds [-] Acquired dynamic creds: credentials: Credentials: {'domain_id': 'default', 'domain_name': 'Default', 'username': 'tempest-FlavorsAccessTestJSON-295136088-project-member', 'project_domain_id': 'default', 'project_domain_name': 'Default', 'project_id': '8ac67257684a4d91a10f4af5b0260a7f', 'project_name': 'tempest-FlavorsAccessTestJSON-295136088', 'tenant_id': '8ac67257684a4d91a10f4af5b0260a7f', 'tenant_name': 'tempest-FlavorsAccessTestJSON-295136088', 'user_domain_id': 'default', 'user_domain_name': 'Default', 'user_id': '3e8282ec85514576a5aac2765b43e91a', 'system': None}, Network: None, Subnet: None, Router: None
2024-10-15 12:14:01.236 63327 INFO tempest.lib.common.dynamic_creds [-] Created isolated network resources for: credentials: Credentials: {'domain_id': 'default', 'domain_name': 'Default', 'username': 'tempest-FlavorsAccessTestJSON-295136088-project-member', 'project_domain_id': 'default', 'project_domain_name': 'Default', 'project_id': '8ac67257684a4d91a10f4af5b0260a7f', 'project_name': 'tempest-FlavorsAccessTestJSON-295136088', 'tenant_id': '8ac67257684a4d91a10f4af5b0260a7f', 'tenant_name': 'tempest-FlavorsAccessTestJSON-295136088', 'user_domain_id': 'default', 'user_domain_name': 'Default', 'user_id': '3e8282ec85514576a5aac2765b43e91a', 'system': None}, Network: None, Subnet: None, Router: None
2024-10-15 12:14:01.299 63333 INFO tempest.lib.common.rest_client [req-12b4fc95-1303-4061-9072-2a8dda69d2b3 req-12b4fc95-1303-4061-9072-2a8dda69d2b3 ] Request (FlavorMetadataValidation:setUpClass): 201 POST http://10.180.1.21/identity/v3/auth/tokens 0.295s
2024-10-15 12:14:01.304 63317 INFO tempest.lib.common.rest_client [req-c028d083-a00c-4346-878d-5f4cb24a7374 req-c028d083-a00c-4346-878d-5f4cb24a7374 ] Request (ServersAdminTestJSON:setUpClass): 201 POST http://10.180.1.21/identity/v3/auth/tokens 0.273s
2024-10-15 12:14:01.334 63315 INFO tempest.lib.common.rest_client [req-f420e337-ccd6-4b99-89d6-00a912fa0b5a req-f420e337-ccd6-4b99-89d6-00a912fa0b5a ] Request (HypervisorAdminV228Test:setUpClass): 201 POST http://10.180.1.21/identity/v3/auth/tokens 0.263s
2024-10-15 12:14:01.353 63291 INFO tempest.lib.common.rest_client [req-c59f41ee-3258-4f49-8ed0-99738ac46280 req-c59f41ee-3258-4f49-8ed0-99738ac46280 ] Request (FlavorsAdminTestJSON:setUpClass): 201 POST http://10.180.1.21/identity/v3/auth/tokens 0.328s
2024-10-15 12:14:01.366 63289 INFO tempest.lib.common.rest_client [req-bf3376dc-dd32-486c-b360-58b9b285c307 req-bf3376dc-dd32-486c-b360-58b9b285c307 ] Request (HostsAdminTestJSON:tearDownClass): 201 POST http://10.180.1.21/identity/v3/auth/tokens 0.247s
2024-10-15 12:14:01.373 63331 INFO tempest.lib.common.rest_client [req-a2c32036-3c77-4d8d-92f4-e0e6fbcab51d req-a2c32036-3c77-4d8d-92f4-e0e6fbcab51d ] Request (AZAdminV2TestJSON:setUpClass): 200 GET http://10.180.1.21/identity/v3/domains?name=Default 0.254s
2024-10-15 12:14:01.384 63313 INFO tempest.lib.common.rest_client [req-e9ad5dc6-fe27-4a78-89f5-2c051b12c1e3 req-e9ad5dc6-fe27-4a78-89f5-2c051b12c1e3 ] Request (ServerDiagnosticsTest:setUpClass): 201 POST http://10.180.1.21/identity/v3/auth/tokens 0.251s
2024-10-15 12:14:01.398 63321 INFO tempest.lib.common.rest_client [req-e28935b6-2075-4983-9c70-80f69aa59f4c req-e28935b6-2075-4983-9c70-80f69aa59f4c ] Request (ServersAdminNegativeTestJSON:setUpClass): 201 POST http://10.180.1.21/identity/v3/auth/tokens 0.237s
2024-10-15 12:14:01.420 63307 INFO tempest.lib.common.rest_client [req-a89ca6be-36d8-4847-b6d3-154da07903a0 req-a89ca6be-36d8-4847-b6d3-154da07903a0 ] Request (ServerExternalEventsTest:setUpClass): 201 POST http://10.180.1.21/identity/v3/auth/tokens 0.228s
2024-10-15 12:14:01.424 63283 INFO tempest.lib.common.rest_client [req-07d9f4cd-0fd4-44f7-851c-f68d2b180067 req-07d9f4cd-0fd4-44f7-851c-f68d2b180067 ] Request (DeleteServersAdminTestJSON:setUpClass): 201 POST http://10.180.1.21/identity/v3/auth/tokens 0.256s
2024-10-15 12:14:01.437 63329 INFO tempest.lib.common.rest_client [req-995775c1-6e9a-48aa-9ced-384b935ab1ad req-995775c1-6e9a-48aa-9ced-384b935ab1ad ] Request (ServicesAdminTestJSON:setUpClass): 201 POST http://10.180.1.21/identity/v3/auth/tokens 0.246s
2024-10-15 12:14:01.442 63297 INFO tempest.lib.common.rest_client [req-22196544-a637-4504-a95d-212704eb5be7 req-22196544-a637-4504-a95d-212704eb5be7 ] Request (ImagesNegativeTestJSON:setUpClass): 200 GET http://10.180.1.21/identity/v3/domains?name=Default 0.231s
2024-10-15 12:14:01.457 63285 INFO tempest.lib.common.rest_client [req-2c109d63-5733-4a4b-8e0b-34089de78973 req-2c109d63-5733-4a4b-8e0b-34089de78973 ] Request (QuotasAdminTestV236:setUpClass): 200 GET http://10.180.1.21/identity/v3/domains?name=Default 0.248s
2024-10-15 12:14:01.463 63295 INFO tempest.lib.common.rest_client [req-5316938e-aaf6-4376-bd82-692cfb62fd6c req-5316938e-aaf6-4376-bd82-692cfb62fd6c ] Request (FloatingIPsNegativeTestJSON:setUpClass): 201 POST http://10.180.1.21/identity/v3/auth/tokens 0.242s
2024-10-15 12:14:01.476 63335 INFO tempest.lib.common.rest_client [req-dbe39574-10e1-4d14-90eb-ea0a5e0d7679 req-dbe39574-10e1-4d14-90eb-ea0a5e0d7679 ] Request (HypervisorAdminNegativeUnderV252Test:setUpClass): 201 POST http://10.180.1.21/identity/v3/auth/tokens 0.232s
2024-10-15 12:14:01.488 63333 INFO tempest.lib.common.rest_client [req-7770ca21-d319-4c8e-a9b5-5202b2b3df54 req-7770ca21-d319-4c8e-a9b5-5202b2b3df54 ] Request (FlavorMetadataValidation:setUpClass): 200 GET http://10.180.1.21/identity/v3/domains?name=Default 0.185s
2024-10-15 12:14:01.514 63317 INFO tempest.lib.common.rest_client [req-0e9353e2-4df7-4bc4-8608-9a3e689b78ce req-0e9353e2-4df7-4bc4-8608-9a3e689b78ce ] Request (ServersAdminTestJSON:setUpClass): 201 POST http://10.180.1.21/identity/v3/auth/tokens 0.201s
2024-10-15 12:14:01.533 63315 INFO tempest.lib.common.rest_client [req-fd8fa045-5283-4e43-976f-a6a9286ebe5e req-fd8fa045-5283-4e43-976f-a6a9286ebe5e ] Request (HypervisorAdminV228Test:setUpClass): 200 GET http://10.180.1.21/identity/v3/domains?name=Default 0.197s
2024-10-15 12:14:01.544 63327 INFO tempest.lib.common.rest_client [req-a7f2b2ba-400f-428a-ba16-156b8734bea7 req-a7f2b2ba-400f-428a-ba16-156b8734bea7 ] Request (FlavorsAccessTestJSON:setUpClass): 201 POST http://10.180.1.21/identity/v3/auth/tokens 0.301s
2024-10-15 12:14:01.566 63281 INFO tempest.lib.common.rest_client [req-2a3e2b8d-8476-49b8-875d-e8ed14ba6ef6 req-2a3e2b8d-8476-49b8-875d-e8ed14ba6ef6 ] Request (FlavorsV261TestJSON:setUpClass): 201 POST http://10.180.1.21/identity/v3/auth/tokens 0.219s
2024-10-15 12:14:01.623 63331 INFO tempest.lib.common.rest_client [req-3d52a4a5-94da-45ca-8e1e-a25c802c90e3 req-3d52a4a5-94da-45ca-8e1e-a25c802c90e3 ] Request (AZAdminV2TestJSON:setUpClass): 201 POST http://10.180.1.21/identity/v3/projects 0.247s
2024-10-15 12:14:01.653 63291 INFO tempest.lib.common.rest_client [req-b309e503-8bdc-4578-8eca-bffbe4dab40d req-b309e503-8bdc-4578-8eca-bffbe4dab40d ] Request (FlavorsAdminTestJSON:test_create_flavor_using_string_ram): 200 POST http://10.180.1.21/compute/v2.1/flavors 0.299s
2024-10-15 12:14:01.697 63303 INFO tempest.lib.common.rest_client [req-85d61a76-4a63-4380-83dd-fb12b34b844f req-85d61a76-4a63-4380-83dd-fb12b34b844f ] Request (HypervisorAdminTestJSON:setUpClass): 201 POST http://10.180.1.21/identity/v3/auth/tokens 0.291s
2024-10-15 12:14:01.695 63305 INFO tempest.lib.common.rest_client [req-9c6e06c8-8fa1-463f-9b86-88ae6edd6fb2 req-9c6e06c8-8fa1-463f-9b86-88ae6edd6fb2 ] Request (VolumesAssistedSnapshotsTest:setUpClass): 201 POST http://10.180.1.21:9696/networking/v2.0/routers 0.906s
2024-10-15 12:14:01.723 63321 INFO tempest.lib.common.rest_client [req-6b492fcc-1392-4143-880b-1b8e1660240d req-6b492fcc-1392-4143-880b-1b8e1660240d ] Request (ServersAdminNegativeTestJSON:setUpClass): 201 POST http://10.180.1.21/identity/v3/auth/tokens 0.308s
2024-10-15 12:14:01.734 63307 INFO tempest.lib.common.rest_client [req-b364fa6f-2d3e-49af-8fa4-16797ea9af55 req-b364fa6f-2d3e-49af-8fa4-16797ea9af55 ] Request (ServerExternalEventsTest:setUpClass): 200 GET http://10.180.1.21/identity/v3/domains?name=Default 0.313s
2024-10-15 12:14:01.734 63329 INFO tempest.lib.common.rest_client [req-5a646d12-8c33-4278-b716-adcf432a2392 req-5a646d12-8c33-4278-b716-adcf432a2392 ] Request (ServicesAdminTestJSON:setUpClass): 200 GET http://10.180.1.21/identity/v3/domains?name=Default 0.296s
2024-10-15 12:14:01.745 63313 INFO tempest.lib.common.rest_client [req-c7fe57de-fe10-4f02-92ae-6f5007e49c10 req-c7fe57de-fe10-4f02-92ae-6f5007e49c10 ] Request (ServerDiagnosticsTest:setUpClass): 201 POST http://10.180.1.21/identity/v3/auth/tokens 0.310s
2024-10-15 12:14:01.762 63283 INFO tempest.lib.common.rest_client [req-2cc7a7c0-6a05-417a-97cd-311694a69017 req-2cc7a7c0-6a05-417a-97cd-311694a69017 ] Request (DeleteServersAdminTestJSON:setUpClass): 200 GET http://10.180.1.21/identity/v3/domains?name=Default 0.322s
2024-10-15 12:14:01.766 63297 INFO tempest.lib.common.rest_client [req-ff3b12b5-1cd4-44b7-81d4-712901a82fc4 req-ff3b12b5-1cd4-44b7-81d4-712901a82fc4 ] Request (ImagesNegativeTestJSON:setUpClass): 201 POST http://10.180.1.21/identity/v3/projects 0.315s
2024-10-15 12:14:01.773 63289 INFO tempest.lib.common.rest_client [req-91afee64-309c-49c4-b4c6-8b734f449d94 req-91afee64-309c-49c4-b4c6-8b734f449d94 ] Request (HostsAdminTestJSON:tearDownClass): 200 GET http://10.180.1.21:9696/networking/v2.0/security-groups?tenant_id=9f320c42e0a24a4abd98ac6e35a4b458&name=default 0.406s
2024-10-15 12:14:01.787 63285 INFO tempest.lib.common.rest_client [req-b68544c2-fa3a-4330-a318-8c1ac4d6d366 req-b68544c2-fa3a-4330-a318-8c1ac4d6d366 ] Request (QuotasAdminTestV236:setUpClass): 201 POST http://10.180.1.21/identity/v3/projects 0.316s
2024-10-15 12:14:01.851 63295 INFO tempest.lib.common.rest_client [req-96b2fc31-fd2a-4f27-8d9f-7798e59f38ba req-96b2fc31-fd2a-4f27-8d9f-7798e59f38ba ] Request (FloatingIPsNegativeTestJSON:setUpClass): 201 POST http://10.180.1.21/identity/v3/auth/tokens 0.375s
2024-10-15 12:14:01.852 63335 INFO tempest.lib.common.rest_client [req-7cd65ea1-bed2-4121-aab3-c429fe7a198b req-7cd65ea1-bed2-4121-aab3-c429fe7a198b ] Request (HypervisorAdminNegativeUnderV252Test:setUpClass): 200 GET http://10.180.1.21/identity/v3/domains?name=Default 0.375s
2024-10-15 12:14:01.867 63317 INFO tempest.lib.common.rest_client [req-80f97f83-95b3-4282-8249-2a963a38ea59 req-80f97f83-95b3-4282-8249-2a963a38ea59 ] Request (ServersAdminTestJSON:setUpClass): 200 GET http://10.180.1.21/identity/v3/domains?name=Default 0.350s
2024-10-15 12:14:01.877 63291 INFO tempest.lib.common.rest_client [req-cb29cc51-be6d-400d-a5a7-146149bc646a req-cb29cc51-be6d-400d-a5a7-146149bc646a ] Request (FlavorsAdminTestJSON:_run_cleanups): 202 DELETE http://10.180.1.21/compute/v2.1/flavors/1150968826 0.209s
2024-10-15 12:14:01.881 63333 INFO tempest.lib.common.rest_client [req-cdc1e47b-7111-486b-8cb3-9ca75c5c217e req-cdc1e47b-7111-486b-8cb3-9ca75c5c217e ] Request (FlavorMetadataValidation:setUpClass): 201 POST http://10.180.1.21/identity/v3/projects 0.366s
2024-10-15 12:14:01.888 63289 INFO tempest.lib.common.rest_client [req-eb3cff29-f5f1-4439-8891-81cd834b512e req-eb3cff29-f5f1-4439-8891-81cd834b512e ] Request (HostsAdminTestJSON:tearDownClass): 204 DELETE http://10.180.1.21:9696/networking/v2.0/security-groups/bd30e18c-66f0-42c3-a566-7e320946ce96 0.115s
2024-10-15 12:14:01.892 63315 INFO tempest.lib.common.rest_client [req-7edd413c-0c08-405d-a20c-c2e8afc97d7c req-7edd413c-0c08-405d-a20c-c2e8afc97d7c ] Request (HypervisorAdminV228Test:setUpClass): 201 POST http://10.180.1.21/identity/v3/projects 0.351s
2024-10-15 12:14:01.902 63291 INFO tempest.lib.common.rest_client [req-f05f79f8-7297-434c-b5b9-090d1f83b296 req-f05f79f8-7297-434c-b5b9-090d1f83b296 ] Request (FlavorsAdminTestJSON:_run_cleanups): 200 GET http://10.180.1.21/compute/v2.1/flavors/detail 0.024s
2024-10-15 12:14:01.942 63343 INFO tempest.lib.common.rest_client [req-bde38eed-bd2e-443b-a2c8-ed8722c6983e req-bde38eed-bd2e-443b-a2c8-ed8722c6983e ] Request (TenantUsagesNegativeTestJSON:setUpClass): 201 POST http://10.180.1.21/identity/v3/auth/tokens 0.385s
2024-10-15 12:14:01.961 63327 INFO tempest.lib.common.rest_client [req-2e85ff63-907d-46ab-99fd-c820c451c6cc req-2e85ff63-907d-46ab-99fd-c820c451c6cc ] Request (FlavorsAccessTestJSON:setUpClass): 201 POST http://10.180.1.21/identity/v3/projects 0.413s
2024-10-15 12:14:01.981 63291 INFO tempest.lib.common.rest_client [req-7bdbe848-fdc1-481f-b9ec-d37e6e8870dd req-7bdbe848-fdc1-481f-b9ec-d37e6e8870dd ] Request (FlavorsAdminTestJSON:test_create_flavor_verify_entry_in_list_details): 200 POST http://10.180.1.21/compute/v2.1/flavors 0.016s
2024-10-15 12:14:01.994 63341 INFO tempest.lib.common.rest_client [req-323a5ec8-a651-4cae-9f5c-f8899a4a5526 req-323a5ec8-a651-4cae-9f5c-f8899a4a5526 ] Request (ServersAdmin275Test:setUpClass): 201 POST http://10.180.1.21/identity/v3/auth/tokens 0.412s
2024-10-15 12:14:02.003 63291 INFO tempest.lib.common.rest_client [req-289f8da6-2eaf-4a72-aa7a-d58f0b300f7d req-289f8da6-2eaf-4a72-aa7a-d58f0b300f7d ] Request (FlavorsAdminTestJSON:test_create_flavor_verify_entry_in_list_details): 200 GET http://10.180.1.21/compute/v2.1/flavors/detail 0.018s
2024-10-15 12:14:02.011 63281 INFO tempest.lib.common.rest_client [req-d4b82462-25ba-4648-9d59-7bc3ea5702c8 req-d4b82462-25ba-4648-9d59-7bc3ea5702c8 ] Request (FlavorsV261TestJSON:setUpClass): 201 POST http://10.180.1.21/identity/v3/auth/tokens 0.425s
2024-10-15 12:14:02.015 63319 INFO tempest.lib.common.rest_client [req-8d7ecb6a-562e-43a9-bcfb-2d5c36c1175f req-8d7ecb6a-562e-43a9-bcfb-2d5c36c1175f ] Request (HypervisorAdminV253TestBase:setUpClass): 201 POST http://10.180.1.21/identity/v3/auth/tokens 0.395s
2024-10-15 12:14:02.028 63291 INFO tempest.lib.common.rest_client [req-93975389-537c-4d10-aa25-0e27d35a2e13 req-93975389-537c-4d10-aa25-0e27d35a2e13 ] Request (FlavorsAdminTestJSON:_run_cleanups): 202 DELETE http://10.180.1.21/compute/v2.1/flavors/896676192 0.018s
2024-10-15 12:14:02.034 63331 INFO tempest.lib.common.rest_client [req-266906c7-81e0-4f12-8ad4-4afa0985e214 req-266906c7-81e0-4f12-8ad4-4afa0985e214 ] Request (AZAdminV2TestJSON:setUpClass): 201 POST http://10.180.1.21/identity/v3/users 0.411s
2024-10-15 12:14:02.044 63291 INFO tempest.lib.common.rest_client [req-3217c97b-8790-4ef9-b3d2-5f80dd974c90 req-3217c97b-8790-4ef9-b3d2-5f80dd974c90 ] Request (FlavorsAdminTestJSON:_run_cleanups): 200 GET http://10.180.1.21/compute/v2.1/flavors/detail 0.015s
2024-10-15 12:14:02.045 63293 INFO tempest.lib.common.rest_client [req-c224fc15-6d6f-4c79-becc-3a9d441b45a1 req-c224fc15-6d6f-4c79-becc-3a9d441b45a1 ] Request (QuotasAdminNegativeTest:setUpClass): 201 POST http://10.180.1.21/identity/v3/auth/tokens 0.391s
2024-10-15 12:14:02.059 63325 INFO tempest.lib.common.rest_client [req-7b67df38-c5f6-4865-a603-3290abf8b9ea req-7b67df38-c5f6-4865-a603-3290abf8b9ea ] Request (FlavorsExtraSpecsNegativeTestJSON:setUpClass): 201 POST http://10.180.1.21/identity/v3/auth/tokens 0.383s
2024-10-15 12:14:02.072 63291 INFO tempest.lib.common.rest_client [req-bdf32edb-a3de-44db-8345-2caa6147df64 req-bdf32edb-a3de-44db-8345-2caa6147df64 ] Request (FlavorsAdminTestJSON:test_create_flavor_with_int_id): 200 POST http://10.180.1.21/compute/v2.1/flavors 0.019s
2024-10-15 12:14:02.077 63311 INFO tempest.lib.common.rest_client [req-2d0a7f61-6118-47ef-bdd6-5752688f4b8b req-2d0a7f61-6118-47ef-bdd6-5752688f4b8b ] Request (AggregatesAdminNegativeTestJSON:setUpClass): 201 POST http://10.180.1.21/identity/v3/auth/tokens 0.404s
2024-10-15 12:14:02.081 63309 INFO tempest.lib.common.rest_client [req-bf437aa6-944d-4a78-bad2-92b46919a8bb req-bf437aa6-944d-4a78-bad2-92b46919a8bb ] Request (InstanceUsageAuditLogNegativeTestJSON:setUpClass): 201 POST http://10.180.1.21/identity/v3/auth/tokens 0.382s
2024-10-15 12:14:02.100 63291 INFO tempest.lib.common.rest_client [req-2ecfc4ac-60e6-4fef-952f-3caf6f094eec req-2ecfc4ac-60e6-4fef-952f-3caf6f094eec ] Request (FlavorsAdminTestJSON:_run_cleanups): 202 DELETE http://10.180.1.21/compute/v2.1/flavors/920335112 0.025s
2024-10-15 12:14:02.103 63303 INFO tempest.lib.common.rest_client [req-889d9dc8-d337-443e-a4bc-ef2b8e488b3d req-889d9dc8-d337-443e-a4bc-ef2b8e488b3d ] Request (HypervisorAdminTestJSON:setUpClass): 201 POST http://10.180.1.21/identity/v3/auth/tokens 0.395s
2024-10-15 12:14:02.104 63337 INFO tempest.lib.common.rest_client [req-d91d6140-b5bb-4c70-83eb-71873f167559 req-d91d6140-b5bb-4c70-83eb-71873f167559 ] Request (ServersTestMultiNic:setUpClass): 201 POST http://10.180.1.21/identity/v3/auth/tokens 0.414s
2024-10-15 12:14:02.119 63321 INFO tempest.lib.common.rest_client [req-e9f83365-8278-4131-b946-10060fcf7f84 req-e9f83365-8278-4131-b946-10060fcf7f84 ] Request (ServersAdminNegativeTestJSON:setUpClass): 200 GET http://10.180.1.21/identity/v3/domains?name=Default 0.395s
2024-10-15 12:14:02.127 63291 INFO tempest.lib.common.rest_client [req-4e1335f9-0393-423c-b226-a1f2c95883a4 req-4e1335f9-0393-423c-b226-a1f2c95883a4 ] Request (FlavorsAdminTestJSON:_run_cleanups): 200 GET http://10.180.1.21/compute/v2.1/flavors/detail 0.026s
2024-10-15 12:14:02.129 63307 INFO tempest.lib.common.rest_client [req-82585788-33e3-4d22-97b3-f7bcc13f7750 req-82585788-33e3-4d22-97b3-f7bcc13f7750 ] Request (ServerExternalEventsTest:setUpClass): 201 POST http://10.180.1.21/identity/v3/projects 0.389s
2024-10-15 12:14:02.142 63329 INFO tempest.lib.common.rest_client [req-53be0b93-a3b9-49d8-8db6-94c1af65984a req-53be0b93-a3b9-49d8-8db6-94c1af65984a ] Request (ServicesAdminTestJSON:setUpClass): 201 POST http://10.180.1.21/identity/v3/projects 0.402s
2024-10-15 12:14:02.153 63291 INFO tempest.lib.common.rest_client [req-10bc27e2-78fc-47d4-9f62-64cfcab35fc1 req-10bc27e2-78fc-47d4-9f62-64cfcab35fc1 ] Request (FlavorsAdminTestJSON:test_create_flavor_with_none_id): 200 POST http://10.180.1.21/compute/v2.1/flavors 0.018s
2024-10-15 12:14:02.172 63291 INFO tempest.lib.common.rest_client [req-2a882718-a0bf-43fa-96e5-dd03abe5ddb8 req-2a882718-a0bf-43fa-96e5-dd03abe5ddb8 ] Request (FlavorsAdminTestJSON:_run_cleanups): 202 DELETE http://10.180.1.21/compute/v2.1/flavors/9eff41c5-0ae7-47b6-b821-0f6f3c747424 0.016s
2024-10-15 12:14:02.186 63301 INFO tempest.lib.common.rest_client [req-cab9d119-acf2-4177-8c38-163d532cab59 req-cab9d119-acf2-4177-8c38-163d532cab59 ] Request (QuotasAdminTestV257:setUpClass): 201 POST http://10.180.1.21/identity/v3/auth/tokens 0.444s
2024-10-15 12:14:02.188 63291 INFO tempest.lib.common.rest_client [req-01cb98d8-32c2-4075-95d6-43223dae8bf2 req-01cb98d8-32c2-4075-95d6-43223dae8bf2 ] Request (FlavorsAdminTestJSON:_run_cleanups): 200 GET http://10.180.1.21/compute/v2.1/flavors/detail 0.016s
2024-10-15 12:14:02.199 63299 INFO tempest.lib.common.rest_client [req-034f76ff-c7cf-441b-ad16-6471a35de682 req-034f76ff-c7cf-441b-ad16-6471a35de682 ] Request (HostsAdminNegativeTestJSON:setUpClass): 201 POST http://10.180.1.21/identity/v3/auth/tokens 0.455s
2024-10-15 12:14:02.213 63287 INFO tempest.lib.common.rest_client [req-396c4ebf-1373-4782-ac88-e87506432529 req-396c4ebf-1373-4782-ac88-e87506432529 ] Request (ServersWithSpecificFlavorTestJSON:setUpClass): 201 POST http://10.180.1.21/identity/v3/auth/tokens 0.463s
2024-10-15 12:14:02.216 63291 INFO tempest.lib.common.rest_client [req-95402af4-8c59-45db-bf0d-2c550bc5dda0 req-95402af4-8c59-45db-bf0d-2c550bc5dda0 ] Request (FlavorsAdminTestJSON:test_create_flavor_with_uuid_id): 200 POST http://10.180.1.21/compute/v2.1/flavors 0.018s
2024-10-15 12:14:02.217 63313 INFO tempest.lib.common.rest_client [req-f465146a-7c14-4c70-804a-0dfad232e4b4 req-f465146a-7c14-4c70-804a-0dfad232e4b4 ] Request (ServerDiagnosticsTest:setUpClass): 200 GET http://10.180.1.21/identity/v3/domains?name=Default 0.464s
2024-10-15 12:14:02.232 63297 INFO tempest.lib.common.rest_client [req-2a52c55c-78c9-471c-9486-ed0924c366da req-2a52c55c-78c9-471c-9486-ed0924c366da ] Request (ImagesNegativeTestJSON:setUpClass): 201 POST http://10.180.1.21/identity/v3/users 0.465s
2024-10-15 12:14:02.239 63291 INFO tempest.lib.common.rest_client [req-e43761f6-d909-41ba-9a51-2a482cc562a6 req-e43761f6-d909-41ba-9a51-2a482cc562a6 ] Request (FlavorsAdminTestJSON:_run_cleanups): 202 DELETE http://10.180.1.21/compute/v2.1/flavors/03327238-45fd-4dc8-bd42-a8acf6df11f6 0.019s
2024-10-15 12:14:02.245 63283 INFO tempest.lib.common.rest_client [req-229f8855-aa2e-4dcd-a24d-2b2b2fb80dc2 req-229f8855-aa2e-4dcd-a24d-2b2b2fb80dc2 ] Request (DeleteServersAdminTestJSON:setUpClass): 201 POST http://10.180.1.21/identity/v3/projects 0.472s
2024-10-15 12:14:02.251 63285 INFO tempest.lib.common.rest_client [req-43dd9379-6987-4a63-bc32-989d163d800e req-43dd9379-6987-4a63-bc32-989d163d800e ] Request (QuotasAdminTestV236:setUpClass): 201 POST http://10.180.1.21/identity/v3/users 0.464s
2024-10-15 12:14:02.256 63291 INFO tempest.lib.common.rest_client [req-62d869ab-c9e6-4422-82ba-40fbe6ad404f req-62d869ab-c9e6-4422-82ba-40fbe6ad404f ] Request (FlavorsAdminTestJSON:_run_cleanups): 200 GET http://10.180.1.21/compute/v2.1/flavors/detail 0.017s
2024-10-15 12:14:02.280 63291 INFO tempest.lib.common.rest_client [req-e3638586-0287-4a31-8f51-8a2d38e73f61 req-e3638586-0287-4a31-8f51-8a2d38e73f61 ] Request (FlavorsAdminTestJSON:test_create_list_flavor_without_extra_data): 200 POST http://10.180.1.21/compute/v2.1/flavors 0.019s
2024-10-15 12:14:02.295 63339 INFO tempest.lib.common.rest_client [req-580ab66e-685f-4d32-a3db-d857316a22b8 req-580ab66e-685f-4d32-a3db-d857316a22b8 ] Request (FlavorsAccessNegativeTestJSON:setUpClass): 201 POST http://10.180.1.21/identity/v3/auth/tokens 0.473s
2024-10-15 12:14:02.296 63295 INFO tempest.lib.common.rest_client [req-aec7b42a-3c21-43be-beed-f6dd249fd692 req-aec7b42a-3c21-43be-beed-f6dd249fd692 ] Request (FloatingIPsNegativeTestJSON:setUpClass): 200 GET http://10.180.1.21/identity/v3/domains?name=Default 0.444s
2024-10-15 12:14:02.301 63291 INFO tempest.lib.common.rest_client [req-615c993f-5f99-4ee2-92dd-0b7c6d9503bd req-615c993f-5f99-4ee2-92dd-0b7c6d9503bd ] Request (FlavorsAdminTestJSON:test_create_list_flavor_without_extra_data): 200 GET http://10.180.1.21/compute/v2.1/flavors/25099288 0.019s
2024-10-15 12:14:02.317 63335 INFO tempest.lib.common.rest_client [req-bf8d138a-0896-4bcb-9129-fbb8a9c69ed4 req-bf8d138a-0896-4bcb-9129-fbb8a9c69ed4 ] Request (HypervisorAdminNegativeUnderV252Test:setUpClass): 201 POST http://10.180.1.21/identity/v3/projects 0.460s
2024-10-15 12:14:02.321 63317 INFO tempest.lib.common.rest_client [req-54837bbb-d9fc-45c6-91ce-e799adf1d302 req-54837bbb-d9fc-45c6-91ce-e799adf1d302 ] Request (ServersAdminTestJSON:setUpClass): 201 POST http://10.180.1.21/identity/v3/projects 0.451s
2024-10-15 12:14:02.371 63333 INFO tempest.lib.common.rest_client [req-991c044e-0643-47e6-b409-381a624388e7 req-991c044e-0643-47e6-b409-381a624388e7 ] Request (FlavorMetadataValidation:setUpClass): 201 POST http://10.180.1.21/identity/v3/users 0.490s
2024-10-15 12:14:02.373 63323 INFO tempest.lib.common.rest_client [req-568f831e-3c72-4680-89f9-3c07b7761536 req-568f831e-3c72-4680-89f9-3c07b7761536 ] Request (FlavorsV2NegativeTest:setUpClass): 201 POST http://10.180.1.21/identity/v3/auth/tokens 0.493s
2024-10-15 12:14:02.400 63315 INFO tempest.lib.common.rest_client [req-29cf1ea7-9d78-4d60-8851-a240d4cce3eb req-29cf1ea7-9d78-4d60-8851-a240d4cce3eb ] Request (HypervisorAdminV228Test:setUpClass): 201 POST http://10.180.1.21/identity/v3/users 0.507s
2024-10-15 12:14:02.445 63289 INFO tempest.lib.common.rest_client [req-36c00832-4558-4cf5-b820-6980ae630017 req-36c00832-4558-4cf5-b820-6980ae630017 ] Request (HostsAdminTestJSON:tearDownClass): 204 DELETE http://10.180.1.21/identity/v3/projects/9f320c42e0a24a4abd98ac6e35a4b458 0.556s
2024-10-15 12:14:02.446 63289 INFO tempest.lib.common.dynamic_creds [-] Deleting project and security group for project: 5b46098ddc5444668c935e3587788734
2024-10-15 12:14:02.453 63343 INFO tempest.lib.common.rest_client [req-6b07c9f0-4199-4cd1-ba3c-8740a499c323 req-6b07c9f0-4199-4cd1-ba3c-8740a499c323 ] Request (TenantUsagesNegativeTestJSON:setUpClass): 201 POST http://10.180.1.21/identity/v3/auth/tokens 0.506s
2024-10-15 12:14:02.474 63341 INFO tempest.lib.common.rest_client [req-beb931dc-c8da-4614-9115-f09c20cf3862 req-beb931dc-c8da-4614-9115-f09c20cf3862 ] Request (ServersAdmin275Test:setUpClass): 201 POST http://10.180.1.21/identity/v3/auth/tokens 0.474s
2024-10-15 12:14:02.491 63281 INFO tempest.lib.common.rest_client [req-051ce31a-ff55-4642-9dcb-30d024278101 req-051ce31a-ff55-4642-9dcb-30d024278101 ] Request (FlavorsV261TestJSON:setUpClass): 200 GET http://10.180.1.21/identity/v3/domains?name=Default 0.479s
2024-10-15 12:14:02.508 63327 INFO tempest.lib.common.rest_client [req-ea0f1e72-429f-4b99-a31c-1d59c4eb41c7 req-ea0f1e72-429f-4b99-a31c-1d59c4eb41c7 ] Request (FlavorsAccessTestJSON:setUpClass): 201 POST http://10.180.1.21/identity/v3/users 0.546s
2024-10-15 12:14:02.515 63319 INFO tempest.lib.common.rest_client [req-67e3f30f-3040-417e-a776-5b1881dba1d4 req-67e3f30f-3040-417e-a776-5b1881dba1d4 ] Request (HypervisorAdminV253TestBase:setUpClass): 201 POST http://10.180.1.21/identity/v3/auth/tokens 0.495s
2024-10-15 12:14:02.538 63331 INFO tempest.lib.common.rest_client [req-35bf07b1-a445-4cb1-be69-cd4ba3432a57 req-35bf07b1-a445-4cb1-be69-cd4ba3432a57 ] Request (AZAdminV2TestJSON:setUpClass): 200 GET http://10.180.1.21/identity/v3/roles 0.503s
2024-10-15 12:14:02.544 63293 INFO tempest.lib.common.rest_client [req-ad4ce2ff-a50c-438e-b703-a791cf4b4eec req-ad4ce2ff-a50c-438e-b703-a791cf4b4eec ] Request (QuotasAdminNegativeTest:setUpClass): 201 POST http://10.180.1.21/identity/v3/auth/tokens 0.494s
2024-10-15 12:14:02.545 63289 INFO tempest.lib.common.rest_client [req-a3395c74-e939-4a5a-93fe-f47baf23c7ec req-a3395c74-e939-4a5a-93fe-f47baf23c7ec ] Request (HostsAdminTestJSON:tearDownClass): 200 GET http://10.180.1.21:9696/networking/v2.0/security-groups?tenant_id=5b46098ddc5444668c935e3587788734&name=default 0.099s
2024-10-15 12:14:02.564 63325 INFO tempest.lib.common.rest_client [req-5650e83c-c04f-4673-8ec7-5f101c37b5fe req-5650e83c-c04f-4673-8ec7-5f101c37b5fe ] Request (FlavorsExtraSpecsNegativeTestJSON:setUpClass): 201 POST http://10.180.1.21/identity/v3/auth/tokens 0.497s
2024-10-15 12:14:02.566 63311 INFO tempest.lib.common.rest_client [req-b35a5c6e-a12d-4a84-aba6-676408ac7893 req-b35a5c6e-a12d-4a84-aba6-676408ac7893 ] Request (AggregatesAdminNegativeTestJSON:setUpClass): 201 POST http://10.180.1.21/identity/v3/auth/tokens 0.482s
2024-10-15 12:14:02.584 63303 INFO tempest.lib.common.rest_client [req-115eb62a-30ec-4cb7-90de-4f008dd35d29 req-115eb62a-30ec-4cb7-90de-4f008dd35d29 ] Request (HypervisorAdminTestJSON:setUpClass): 200 GET http://10.180.1.21/identity/v3/domains?name=Default 0.481s
2024-10-15 12:14:02.588 63309 INFO tempest.lib.common.rest_client [req-32253017-ef13-4510-8e88-dcb72f0417c7 req-32253017-ef13-4510-8e88-dcb72f0417c7 ] Request (InstanceUsageAuditLogNegativeTestJSON:setUpClass): 201 POST http://10.180.1.21/identity/v3/auth/tokens 0.502s
2024-10-15 12:14:02.610 63337 INFO tempest.lib.common.rest_client [req-d5c38807-d9fb-45fc-81de-36f0698adfab req-d5c38807-d9fb-45fc-81de-36f0698adfab ] Request (ServersTestMultiNic:setUpClass): 201 POST http://10.180.1.21/identity/v3/auth/tokens 0.502s
2024-10-15 12:14:02.620 63321 INFO tempest.lib.common.rest_client [req-1ecdaea6-8b0d-49b2-af32-b741de27df3e req-1ecdaea6-8b0d-49b2-af32-b741de27df3e ] Request (ServersAdminNegativeTestJSON:setUpClass): 201 POST http://10.180.1.21/identity/v3/projects 0.498s
2024-10-15 12:14:02.633 63289 INFO tempest.lib.common.rest_client [req-fcbdadf7-9b8b-4a3f-8fc9-d54eb9915ed2 req-fcbdadf7-9b8b-4a3f-8fc9-d54eb9915ed2 ] Request (HostsAdminTestJSON:tearDownClass): 204 DELETE http://10.180.1.21:9696/networking/v2.0/security-groups/0322f361-dc9e-4f47-9f3b-996b1f9ca08e 0.086s
2024-10-15 12:14:02.669 63307 INFO tempest.lib.common.rest_client [req-4c67ea38-1fb2-448e-8611-2650427969a0 req-4c67ea38-1fb2-448e-8611-2650427969a0 ] Request (ServerExternalEventsTest:setUpClass): 201 POST http://10.180.1.21/identity/v3/users 0.539s
2024-10-15 12:14:02.677 63329 INFO tempest.lib.common.rest_client [req-fa34134d-3e79-4eb6-af55-6e1e7ac466cb req-fa34134d-3e79-4eb6-af55-6e1e7ac466cb ] Request (ServicesAdminTestJSON:setUpClass): 201 POST http://10.180.1.21/identity/v3/users 0.534s
2024-10-15 12:14:02.695 63301 INFO tempest.lib.common.rest_client [req-65eba8ad-8b57-4ee9-b690-f06b72180f92 req-65eba8ad-8b57-4ee9-b690-f06b72180f92 ] Request (QuotasAdminTestV257:setUpClass): 201 POST http://10.180.1.21/identity/v3/auth/tokens 0.504s
2024-10-15 12:14:02.703 63299 INFO tempest.lib.common.rest_client [req-43722eca-47c5-4823-b7aa-1b1c047b0923 req-43722eca-47c5-4823-b7aa-1b1c047b0923 ] Request (HostsAdminNegativeTestJSON:setUpClass): 201 POST http://10.180.1.21/identity/v3/auth/tokens 0.496s
2024-10-15 12:14:02.723 63287 INFO tempest.lib.common.rest_client [req-0e2c4495-1157-4403-8f11-a34f9f331484 req-0e2c4495-1157-4403-8f11-a34f9f331484 ] Request (ServersWithSpecificFlavorTestJSON:setUpClass): 201 POST http://10.180.1.21/identity/v3/auth/tokens 0.504s
2024-10-15 12:14:02.737 63313 INFO tempest.lib.common.rest_client [req-23d0622e-fa83-40a1-8859-f7d7a863140a req-23d0622e-fa83-40a1-8859-f7d7a863140a ] Request (ServerDiagnosticsTest:setUpClass): 201 POST http://10.180.1.21/identity/v3/projects 0.518s
2024-10-15 12:14:02.744 63297 INFO tempest.lib.common.rest_client [req-1abbcac6-333e-49cd-845e-11aa2531913a req-1abbcac6-333e-49cd-845e-11aa2531913a ] Request (ImagesNegativeTestJSON:setUpClass): 200 GET http://10.180.1.21/identity/v3/roles 0.512s
2024-10-15 12:14:02.787 63285 INFO tempest.lib.common.rest_client [req-91d33b91-9228-4a58-b693-517167944571 req-91d33b91-9228-4a58-b693-517167944571 ] Request (QuotasAdminTestV236:setUpClass): 200 GET http://10.180.1.21/identity/v3/roles 0.536s
2024-10-15 12:14:02.802 63305 INFO tempest.lib.common.rest_client [req-e25d8f6a-6042-434b-bafc-d590b69d390e req-e25d8f6a-6042-434b-bafc-d590b69d390e ] Request (VolumesAssistedSnapshotsTest:setUpClass): 200 PUT http://10.180.1.21:9696/networking/v2.0/routers/9fbca13f-3b52-45c0-8414-585f887349ad/add_router_interface 1.104s
