2024-10-15 12:14:55.613 63333 INFO tempest.lib.common.dynamic_creds [-] Created isolated network resources for: credentials: Credentials: {'domain_id': 'default', 'domain_name': 'Default', 'username': 'tempest-ServerActionsTestOtherA-1614359098-project-member', 'project_domain_id': 'default', 'project_domain_name': 'Default', 'project_id': '7a9adf302f4a4ee48e3e7ddd3709c4ac', 'project_name': 'tempest-ServerActionsTestOtherA-1614359098', 'tenant_id': '7a9adf302f4a4ee48e3e7ddd3709c4ac', 'tenant_name': 'tempest-ServerActionsTestOtherA-1614359098', 'user_domain_id': 'default', 'user_domain_name': 'Default', 'user_id': 'c772b383f54b4e0d81ad170a9ebf456a', 'system': None}, Network: {'id': '7d7ea2cd-c772-4a4a-9b6b-e7169ae0d765', 'name': 'tempest-ServerActionsTestOtherA-1957432973-network', 'tenant_id': '7a9adf302f4a4ee48e3e7ddd3709c4ac', 'admin_state_up': True, 'mtu': 8950, 'status': 'ACTIVE', 'subnets': [], 'shared': False, 'project_id': '7a9adf302f4a4ee48e3e7ddd3709c4ac', 'port_security_enabled': True, 'router:external': False, 'provider:network_type': 'vlan', 'provider:physical_network': 'default', 'provider:segmentation_id': 116, 'is_default': False, 'availability_zone_hints': [], 'availability_zones': [], 'ipv4_address_scope': None, 'ipv6_address_scope': None, 'description': '', 'tags': [], 'created_at': '2024-10-15T12:14:51Z', 'updated_at': '2024-10-15T12:14:51Z', 'revision_number': 1}, Subnet: {'id': '94b7e51f-8ca2-4130-aab2-37a173675641', 'name': 'tempest-ServerActionsTestOtherA-1957432973-subnet', 'tenant_id': '7a9adf302f4a4ee48e3e7ddd3709c4ac', 'network_id': '7d7ea2cd-c772-4a4a-9b6b-e7169ae0d765', 'ip_version': 4, 'subnetpool_id': None, 'enable_dhcp': True, 'ipv6_ra_mode': None, 'ipv6_address_mode': None, 'gateway_ip': '192.168.128.1', 'cidr': '192.168.128.0/28', 'allocation_pools': [{'start': '192.168.128.2', 'end': '192.168.128.14'}], 'host_routes': [], 'dns_nameservers': [], 'description': '', 'router:external': False, 'service_types': [], 'tags': [], 'created_at': '2024-10-15T12:14:51Z', 'updated_at': '2024-10-15T12:14:51Z', 'revision_number': 0, 'project_id': '7a9adf302f4a4ee48e3e7ddd3709c4ac'}, Router: {'id': '95f6630a-b1a9-4a41-aafe-140be3b1668d', 'name': 'tempest-ServerActionsTestOtherA-1957432973-router', 'tenant_id': '7a9adf302f4a4ee48e3e7ddd3709c4ac', 'admin_state_up': True, 'status': 'ACTIVE', 'external_gateway_info': {'network_id': '84ae0cdd-6655-4685-8808-a84270d5989d', 'external_fixed_ips': [{'subnet_id': '465e8bd0-7e53-4bcc-9857-4d2123e4c6ca', 'ip_address': '10.180.180.230'}], 'enable_snat': True}, 'description': '', 'availability_zones': [], 'distributed': False, 'ha': False, 'availability_zone_hints': [], 'routes': [], 'flavor_id': None, 'tags': [], 'created_at': '2024-10-15T12:14:52Z', 'updated_at': '2024-10-15T12:14:53Z', 'revision_number': 2, 'project_id': '7a9adf302f4a4ee48e3e7ddd3709c4ac'}
2024-10-15 12:14:55.623 63335 INFO tempest.lib.common.rest_client [req-0cb42c79-e2ff-40f5-a312-0580faa566bb req-0cb42c79-e2ff-40f5-a312-0580faa566bb ] Request (QuotasTestJSON:tearDownClass): 204 DELETE http://10.180.1.21/identity/v3/projects/23691edfc9cc4f71b515bd6356b1b79d 0.137s
2024-10-15 12:14:55.737 63339 INFO tempest.lib.common.rest_client [req-654462c2-0fc1-4550-b7ca-dfc815d24f69 req-654462c2-0fc1-4550-b7ca-dfc815d24f69 ] Request (InstanceUsageAuditLogTestJSON:tearDownClass): 204 DELETE http://10.180.1.21/identity/v3/users/3054f981a31846a681e68851cda2a30f 0.211s
2024-10-15 12:14:55.737 63339 INFO tempest.lib.common.dynamic_creds [-] Deleting project and security group for project: 63e594941df84a0596d5546bd2836dd8
2024-10-15 12:14:55.769 63321 INFO tempest.lib.common.rest_client [req-dc325bb7-1b69-4841-874b-e646150ba661 req-dc325bb7-1b69-4841-874b-e646150ba661 ] Request (AttachInterfacesTestJSON:setUpClass): 200 GET http://10.180.1.21/identity/v3/domains?name=Default 0.175s
2024-10-15 12:14:55.771 63297 INFO tempest.lib.common.rest_client [req-e0b5f8ff-f53e-44d3-a535-5172037c8dc8 req-e0b5f8ff-f53e-44d3-a535-5172037c8dc8 ] Request (AbsoluteLimitsNegativeTestJSON:test_max_metadata_exceed_limit): 200 GET http://10.180.1.21/compute/v2.1/limits 1.054s
2024-10-15 12:14:55.806 63329 INFO tempest.lib.common.rest_client [req-990698ff-8f4b-4ff9-b12b-10352b6095d7 req-990698ff-8f4b-4ff9-b12b-10352b6095d7 ] Request (SecurityGroupRulesNegativeTestJSON:tearDownClass): 202 DELETE http://10.180.1.21/compute/v2.1/os-security-groups/66e98076-f364-42d8-b826-877a7dda765e 1.252s
2024-10-15 12:14:55.822 63339 INFO tempest.lib.common.rest_client [req-6aec7c7b-eecd-4355-beb4-78065be6bb8e req-6aec7c7b-eecd-4355-beb4-78065be6bb8e ] Request (InstanceUsageAuditLogTestJSON:tearDownClass): 201 POST http://10.180.1.21/identity/v3/auth/tokens 0.084s
2024-10-15 12:14:55.849 63287 INFO tempest.lib.common.rest_client [req-e14056e9-1c17-41b0-9552-63ff61d74788 req-e14056e9-1c17-41b0-9552-63ff61d74788 ] Request (ServersWithSpecificFlavorTestJSON:test_verify_created_server_ephemeral_disk): 200 GET http://10.180.1.21/compute/v2.1/servers/d6c76851-7059-40a4-a39b-e625c99dfcd9 1.126s
2024-10-15 12:14:55.852 63333 INFO tempest.lib.common.rest_client [req-359c30b4-fc42-485b-ab6a-405f0be3bf63 req-359c30b4-fc42-485b-ab6a-405f0be3bf63 ] Request (ServerActionsTestOtherA:setUpClass): 201 POST http://10.180.1.21/identity/v3/auth/tokens 0.234s
2024-10-15 12:14:55.856 63321 INFO tempest.lib.common.rest_client [req-cd9921de-44b0-4600-9280-92ac76928615 req-cd9921de-44b0-4600-9280-92ac76928615 ] Request (AttachInterfacesTestJSON:setUpClass): 201 POST http://10.180.1.21/identity/v3/projects 0.087s
2024-10-15 12:14:55.908 63289 INFO tempest.lib.common.rest_client [req-2b7179b7-488f-4ced-b0ea-b13a65179269 req-2b7179b7-488f-4ced-b0ea-b13a65179269 ] Request (AttachInterfacesV270Test:test_create_get_list_interfaces): 200 GET http://10.180.1.21/compute/v2.1/servers/421e0f76-024d-4793-8f00-98731bb6b1af 0.987s
2024-10-15 12:14:55.919 63297 INFO tempest.lib.common.rest_client [req-175f3c53-0178-48d1-87cd-f080f3278862 req-175f3c53-0178-48d1-87cd-f080f3278862 ] Request (AbsoluteLimitsNegativeTestJSON:test_max_metadata_exceed_limit): 201 POST http://10.180.1.21/identity/v3/auth/tokens 0.140s
2024-10-15 12:14:55.919 63297 INFO tempest.lib.common.fixed_network [-] (AbsoluteLimitsNegativeTestJSON:test_max_metadata_exceed_limit) Found network None available for tenant
2024-10-15 12:14:55.996 63327 INFO tempest.lib.common.rest_client [req-de91824e-be64-4d3b-8053-d4889e1b4c7d req-de91824e-be64-4d3b-8053-d4889e1b4c7d ] Request (ValidationResourcesFixture:setUp): 200 POST http://10.180.1.21/compute/v2.1/os-keypairs 1.237s
2024-10-15 12:14:56.013 63321 INFO tempest.lib.common.rest_client [req-eae8c290-d8bc-4ad1-9e89-ab824784b98d req-eae8c290-d8bc-4ad1-9e89-ab824784b98d ] Request (AttachInterfacesTestJSON:setUpClass): 201 POST http://10.180.1.21/identity/v3/users 0.157s
2024-10-15 12:14:56.018 63307 INFO tempest.lib.common.rest_client [req-2c66532a-6a15-4a60-a4c1-c71cdab1f07e req-2c66532a-6a15-4a60-a4c1-c71cdab1f07e ] Request (ServerExternalEventsTest:test_create_server_external_events): 404 GET http://10.180.1.21/compute/v2.1/servers/173fccf1-f258-4f0c-a968-466a27406c55 0.906s
2024-10-15 12:14:56.030 63321 INFO tempest.lib.common.rest_client [req-b161584d-86ac-4577-9b3c-98efc79bac2f req-b161584d-86ac-4577-9b3c-98efc79bac2f ] Request (AttachInterfacesTestJSON:setUpClass): 200 GET http://10.180.1.21/identity/v3/roles 0.016s
2024-10-15 12:14:56.061 63321 INFO tempest.lib.common.rest_client [req-769fae1f-d57a-4ab8-ba22-aeb752ac7548 req-769fae1f-d57a-4ab8-ba22-aeb752ac7548 ] Request (AttachInterfacesTestJSON:setUpClass): 204 PUT http://10.180.1.21/identity/v3/projects/aa3d24a1a6c0430985fd80365d986ee1/users/93f1d334e71a4a99ba300c3ee6d70243/roles/a6106c6f4dae418aa7aa1a898c37bc94 0.030s
2024-10-15 12:14:56.061 63321 INFO tempest.lib.common.dynamic_creds [-] Dynamic test user 93f1d334e71a4a99ba300c3ee6d70243 is created with scope project and roles: ['member']
2024-10-15 12:14:56.061 63321 INFO tempest.lib.common.dynamic_creds [-] Acquired dynamic creds: credentials: Credentials: {'domain_id': 'default', 'domain_name': 'Default', 'username': 'tempest-AttachInterfacesTestJSON-1262560851-project-member', 'project_domain_id': 'default', 'project_domain_name': 'Default', 'project_id': 'aa3d24a1a6c0430985fd80365d986ee1', 'project_name': 'tempest-AttachInterfacesTestJSON-1262560851', 'tenant_id': 'aa3d24a1a6c0430985fd80365d986ee1', 'tenant_name': 'tempest-AttachInterfacesTestJSON-1262560851', 'user_domain_id': 'default', 'user_domain_name': 'Default', 'user_id': '93f1d334e71a4a99ba300c3ee6d70243', 'system': None}, Network: None, Subnet: None, Router: None
2024-10-15 12:14:56.073 63281 INFO tempest.lib.common.rest_client [req-79142ef0-0db9-42c4-adfb-83927967fc36 req-79142ef0-0db9-42c4-adfb-83927967fc36 ] Request (SecurityGroupsNegativeTestJSON:test_delete_nonexistent_security_group): 404 DELETE http://10.180.1.21/compute/v2.1/os-security-groups/4d015aad-fb55-4989-a26c-973473b92f72 0.978s
2024-10-15 12:14:56.090 63301 INFO tempest.lib.common.rest_client [req-0029364e-e52f-4e50-83eb-a59decaab22f req-0029364e-e52f-4e50-83eb-a59decaab22f ] Request (SecurityGroupsTestJSON:test_list_security_groups_by_server): 200 GET http://10.180.1.21/compute/v2.1/servers/f29f6a5e-8621-4802-a679-d5c9a8fb2461 0.865s
2024-10-15 12:14:56.095 63293 INFO tempest.lib.common.rest_client [-] Request (TestVersions:test_list_api_versions): 200 GET http://10.180.1.21/compute/ 0.717s
2024-10-15 12:14:56.097 63301 INFO tempest.common.waiters [-] State transition "BUILD/scheduling" ==> "BUILD/None" after 12 second wait
2024-10-15 12:14:56.128 63321 INFO tempest.lib.common.rest_client [req-119fb6e2-9455-46cc-84d3-e9b1cabb15a9 req-119fb6e2-9455-46cc-84d3-e9b1cabb15a9 ] Request (AttachInterfacesTestJSON:setUpClass): 201 POST http://10.180.1.21/identity/v3/auth/tokens 0.067s
2024-10-15 12:14:56.138 63299 INFO tempest.lib.common.rest_client [req-e1121bb9-f883-4be5-8185-91cb0f05b85f req-e1121bb9-f883-4be5-8185-91cb0f05b85f ] Request (SecurityGroupRulesTestJSON:setUpClass): 201 POST http://10.180.1.21:9696/networking/v2.0/routers 1.680s
2024-10-15 12:14:56.159 63307 INFO tempest.lib.common.rest_client [req-eb3a5052-072d-4148-a0be-24a504deb354 req-eb3a5052-072d-4148-a0be-24a504deb354 ] Request (ServerExternalEventsTest:tearDownClass): 204 DELETE http://10.180.1.21/identity/v3/users/3ef85b6ec4d4430aae63e5ad5da0c8ba 0.128s
2024-10-15 12:14:56.169 63337 INFO tempest.lib.common.rest_client [req-f774e6f4-34b0-43fe-8f1d-6889301b7655 req-f774e6f4-34b0-43fe-8f1d-6889301b7655 ] Request (ServersTestMultiNic:test_verify_duplicate_network_nics): 200 GET http://10.180.1.21/compute/v2.1/servers/5c3f72e3-d4f4-4c34-92a3-075536b85c99 0.780s
2024-10-15 12:14:56.186 63293 INFO tempest.lib.common.rest_client [req-fcf4b240-59fd-4442-bf3e-acba81755f37 req-fcf4b240-59fd-4442-bf3e-acba81755f37 ] Request (TestVersions:tearDownClass): 204 DELETE http://10.180.1.21/identity/v3/users/b90174f1b3f34a1db581b3c90bb8acbe 0.081s
2024-10-15 12:14:56.187 63293 INFO tempest.lib.common.dynamic_creds [-] Deleting project and security group for project: 932df7b4ea1c493493b13c71ec47f1b3
2024-10-15 12:14:56.190 63313 INFO tempest.lib.common.rest_client [req-f13a8625-a763-4553-9739-544d5b79284a req-f13a8625-a763-4553-9739-544d5b79284a ] Request (ServerDiagnosticsTest:test_get_server_diagnostics): 404 GET http://10.180.1.21/compute/v2.1/servers/2d7bf024-afb5-4d33-9c5e-06633167ac77 0.708s
2024-10-15 12:14:56.198 63311 INFO tempest.lib.common.rest_client [req-f010befa-a1b4-4dcd-a6ee-20c31bd57875 req-f010befa-a1b4-4dcd-a6ee-20c31bd57875 ] Request (AggregatesAdminNegativeTestJSON:_run_cleanups): 200 POST http://10.180.1.21/compute/v2.1/os-aggregates/7/action 0.927s
2024-10-15 12:14:56.261 63339 INFO tempest.lib.common.rest_client [req-5a26ba0b-9543-484d-a9c3-ed9ef1f6034e req-5a26ba0b-9543-484d-a9c3-ed9ef1f6034e ] Request (InstanceUsageAuditLogTestJSON:tearDownClass): 200 GET http://10.180.1.21:9696/networking/v2.0/security-groups?tenant_id=63e594941df84a0596d5546bd2836dd8&name=default 0.438s
2024-10-15 12:14:56.267 63341 INFO tempest.lib.common.rest_client [req-e343b9e4-4018-478b-895e-9cd8e7d09cf5 req-e343b9e4-4018-478b-895e-9cd8e7d09cf5 ] Request (ServersAdmin275Test:_run_cleanups): 200 GET http://10.180.1.21/compute/v2.1/servers/e8cfbce4-cfb2-463e-9f38-78a058dab6e1 0.765s
2024-10-15 12:14:56.277 63341 INFO tempest.common.waiters [-] State transition "REBUILD/rebuilding" ==> "REBUILD/rebuild_spawning" after 2 second wait
2024-10-15 12:14:56.285 63327 INFO tempest.lib.common.rest_client [req-0a1aadb1-888c-4cc0-b119-5be052286c35 req-0a1aadb1-888c-4cc0-b119-5be052286c35 ] Request (ValidationResourcesFixture:setUp): 201 POST http://10.180.1.21:9696/networking/v2.0/security-groups 0.287s
2024-10-15 12:14:56.323 63307 INFO tempest.lib.common.rest_client [req-c84005a0-51d0-46e6-9fec-bf8f997a0a09 req-c84005a0-51d0-46e6-9fec-bf8f997a0a09 ] Request (ServerExternalEventsTest:tearDownClass): 204 DELETE http://10.180.1.21/identity/v3/users/9b201943b3f94a1d9794a5a45f5dcb98 0.163s
2024-10-15 12:14:56.345 63293 INFO tempest.lib.common.rest_client [req-9ce7d0aa-f410-4ed8-9c48-3e85bc87b162 req-9ce7d0aa-f410-4ed8-9c48-3e85bc87b162 ] Request (TestVersions:tearDownClass): 201 POST http://10.180.1.21/identity/v3/auth/tokens 0.158s
2024-10-15 12:14:56.376 63319 INFO tempest.lib.common.rest_client [req-8000dd7f-5334-4c81-afd3-79da944b2d1f req-8000dd7f-5334-4c81-afd3-79da944b2d1f ] Request (ServersTestFqdnHostnames:test_create_server_with_fqdn_name): 200 GET http://10.180.1.21/compute/v2.1/servers/91a09343-c2d7-4f5d-ae0a-4a123af92fba 0.536s
2024-10-15 12:14:56.404 63329 INFO tempest.lib.common.rest_client [req-5d6c40a3-8803-4121-b28b-b2a95a9970f9 req-5d6c40a3-8803-4121-b28b-b2a95a9970f9 ] Request (SecurityGroupRulesNegativeTestJSON:tearDownClass): 202 DELETE http://10.180.1.21/compute/v2.1/os-security-groups/8b51920d-9d9c-4b72-858b-dad2065547a7 0.597s
2024-10-15 12:14:56.463 63307 INFO tempest.lib.common.rest_client [req-1a6e2610-94ab-4f4d-a60d-9a572c2658ab req-1a6e2610-94ab-4f4d-a60d-9a572c2658ab ] Request (ServerExternalEventsTest:tearDownClass): 204 DELETE http://10.180.1.21/identity/v3/users/de94402178f8471498b16585759dc28d 0.136s
2024-10-15 12:14:56.463 63307 INFO tempest.lib.common.dynamic_creds [-] Deleting project and security group for project: 3b58739093a64b3f91370ad5de5d38e5
2024-10-15 12:14:56.466 63305 INFO tempest.lib.common.rest_client [req-4209cbf1-4489-4262-b9b8-e3d1b6e153c9 req-4209cbf1-4489-4262-b9b8-e3d1b6e153c9 ] Request (VolumesAssistedSnapshotsTest:test_volume_assisted_snapshot_create_delete): 200 GET http://10.180.1.21/compute/v2.1/servers/d2c07175-b635-4900-9dab-9767e5f6bce4 0.586s
2024-10-15 12:14:56.495 63313 INFO tempest.lib.common.rest_client [req-d7061e37-8358-42c6-9c5d-a0c0b0660e67 req-d7061e37-8358-42c6-9c5d-a0c0b0660e67 ] Request (ServerDiagnosticsTest:tearDownClass): 204 DELETE http://10.180.1.21/identity/v3/users/79aefd034b8940b7bd27466ef0b672bd 0.295s
2024-10-15 12:14:56.514 63339 INFO tempest.lib.common.rest_client [req-91edd754-2fe8-4b09-9f22-2754e5be6e6f req-91edd754-2fe8-4b09-9f22-2754e5be6e6f ] Request (InstanceUsageAuditLogTestJSON:tearDownClass): 204 DELETE http://10.180.1.21:9696/networking/v2.0/security-groups/4120f678-3cc4-47b1-8adb-eb90a43064b6 0.252s
2024-10-15 12:14:56.570 63327 INFO tempest.lib.common.rest_client [req-cd044ca8-7a97-469f-80f4-ddb9e979a878 req-cd044ca8-7a97-469f-80f4-ddb9e979a878 ] Request (ValidationResourcesFixture:setUp): 201 POST http://10.180.1.21:9696/networking/v2.0/security-group-rules 0.284s
2024-10-15 12:14:56.611 63307 INFO tempest.lib.common.rest_client [req-6bf23de5-478c-48ca-955e-83c3f5ae9c54 req-6bf23de5-478c-48ca-955e-83c3f5ae9c54 ] Request (ServerExternalEventsTest:tearDownClass): 201 POST http://10.180.1.21/identity/v3/auth/tokens 0.148s
2024-10-15 12:14:56.632 63333 INFO tempest.lib.common.rest_client [req-7078ae52-b90a-4c30-9fc9-1a94e82c0694 req-7078ae52-b90a-4c30-9fc9-1a94e82c0694 ] Request (ServerActionsTestOtherA:setUpClass): 200 POST http://10.180.1.21/compute/v2.1/os-keypairs 0.775s
2024-10-15 12:14:56.667 63313 INFO tempest.lib.common.rest_client [req-4bdba00e-52fd-45f1-ba46-4b45c3e7fa9d req-4bdba00e-52fd-45f1-ba46-4b45c3e7fa9d ] Request (ServerDiagnosticsTest:tearDownClass): 204 DELETE http://10.180.1.21/identity/v3/users/c5acd86593994c959a4c6d61def1e2d0 0.172s
2024-10-15 12:14:56.669 63313 INFO tempest.lib.common.dynamic_creds [-] Deleting project and security group for project: a2c4349ab286423982cf0080c7c9f0f0
2024-10-15 12:14:56.702 63339 INFO tempest.lib.common.rest_client [req-1fba7402-6d36-4170-a8cd-42e172bd1abe req-1fba7402-6d36-4170-a8cd-42e172bd1abe ] Request (InstanceUsageAuditLogTestJSON:tearDownClass): 204 DELETE http://10.180.1.21/identity/v3/projects/63e594941df84a0596d5546bd2836dd8 0.187s
2024-10-15 12:14:56.702 63339 INFO tempest.lib.common.dynamic_creds [-] Deleting project and security group for project: 6c555ada557d42fe9653bd68ec6b2aa6
2024-10-15 12:14:56.765 63313 INFO tempest.lib.common.rest_client [req-0a304455-b7f0-475d-b066-466f4ae86bb8 req-0a304455-b7f0-475d-b066-466f4ae86bb8 ] Request (ServerDiagnosticsTest:tearDownClass): 201 POST http://10.180.1.21/identity/v3/auth/tokens 0.096s
2024-10-15 12:14:56.774 63321 INFO tempest.lib.common.rest_client [req-1be9f588-5d88-4b74-9b9c-1e5d2e3b837f req-1be9f588-5d88-4b74-9b9c-1e5d2e3b837f ] Request (AttachInterfacesTestJSON:setUpClass): 201 POST http://10.180.1.21:9696/networking/v2.0/networks 0.645s
2024-10-15 12:14:56.828 63315 INFO tempest.lib.common.rest_client [req-6599e879-2f6e-4c92-bcf3-0c5da1c5c187 req-6599e879-2f6e-4c92-bcf3-0c5da1c5c187 ] Request (ServersNegativeTestJSON:setUpClass): 200 GET http://10.180.1.21/compute/v2.1/servers/5b778247-1434-447e-8ff1-7359bb9e8ea2 0.880s
2024-10-15 12:14:56.832 63297 INFO tempest.lib.common.rest_client [req-db35618f-96a9-411f-8fec-f84934d2296a req-db35618f-96a9-411f-8fec-f84934d2296a ] Request (AbsoluteLimitsNegativeTestJSON:test_max_metadata_exceed_limit): 403 POST http://10.180.1.21/compute/v2.1/servers 0.912s
2024-10-15 12:14:56.837 63281 INFO tempest.lib.common.rest_client [req-c24e886a-4fc0-4ffd-9865-d2947f157804 req-c24e886a-4fc0-4ffd-9865-d2947f157804 ] Request (SecurityGroupsNegativeTestJSON:test_delete_security_group_without_passing_id): 404 DELETE http://10.180.1.21/compute/v2.1/os-security-groups/ 0.763s
2024-10-15 12:14:56.903 63323 INFO tempest.lib.common.rest_client [req-af1599e1-a9b5-47c6-b635-b826ed282b80 req-af1599e1-a9b5-47c6-b635-b826ed282b80 ] Request (ServersTestJSON:setUpClass): 200 GET http://10.180.1.21/compute/v2.1/servers/34c01c2c-519b-44a1-aba2-c26e2c0b4737 0.883s
2024-10-15 12:14:56.924 63297 INFO tempest.lib.common.rest_client [req-a71f5414-ed24-4e58-b5b9-8ac2efc850ea req-a71f5414-ed24-4e58-b5b9-8ac2efc850ea ] Request (AbsoluteLimitsNegativeTestJSON:tearDownClass): 204 DELETE http://10.180.1.21/identity/v3/users/8c2bd9d2f49f467fabb75cee8dbb0cd7 0.091s
2024-10-15 12:14:56.925 63297 INFO tempest.lib.common.dynamic_creds [-] Deleting project and security group for project: 10570d223fef48d6ba599099c3a76f83
2024-10-15 12:14:56.979 63325 INFO tempest.lib.common.rest_client [req-944d1622-a00f-43fd-9bb8-78dcf95eaf88 req-944d1622-a00f-43fd-9bb8-78dcf95eaf88 ] Request (ListImageFiltersTestJSON:setUpClass): 200 GET http://10.180.1.21/compute/v2.1/servers/945b5a77-96b9-4565-94a8-6f1a89dc3bbf 0.816s
2024-10-15 12:14:56.986 63307 INFO tempest.lib.common.rest_client [req-974772cb-8475-45bc-916f-e368cdcb1c39 req-974772cb-8475-45bc-916f-e368cdcb1c39 ] Request (ServerExternalEventsTest:tearDownClass): 200 GET http://10.180.1.21:9696/networking/v2.0/security-groups?tenant_id=3b58739093a64b3f91370ad5de5d38e5&name=default 0.375s
2024-10-15 12:14:57.002 63297 INFO tempest.lib.common.rest_client [req-3974c955-733f-4c91-84eb-d6f7405f63d8 req-3974c955-733f-4c91-84eb-d6f7405f63d8 ] Request (AbsoluteLimitsNegativeTestJSON:tearDownClass): 201 POST http://10.180.1.21/identity/v3/auth/tokens 0.077s
2024-10-15 12:14:57.009 63291 INFO tempest.lib.common.rest_client [req-ce93ca6c-79b9-430a-9f7d-380f4b85a7df req-ce93ca6c-79b9-430a-9f7d-380f4b85a7df ] Request (ServersTestManualDisk:setUpClass): 200 GET http://10.180.1.21/compute/v2.1/servers/498c8e1e-18c6-4e09-a90d-106600bed2cd 0.912s
2024-10-15 12:14:57.045 63327 INFO tempest.lib.common.rest_client [req-40c7e4a7-4f07-478b-b7e5-0265ee9fa6da req-40c7e4a7-4f07-478b-b7e5-0265ee9fa6da ] Request (ValidationResourcesFixture:setUp): 201 POST http://10.180.1.21:9696/networking/v2.0/security-group-rules 0.475s
2024-10-15 12:14:57.047 63311 INFO tempest.lib.common.rest_client [req-83ea36e9-b752-4766-8afc-e786344d3f54 req-83ea36e9-b752-4766-8afc-e786344d3f54 ] Request (AggregatesAdminNegativeTestJSON:_run_cleanups): 200 DELETE http://10.180.1.21/compute/v2.1/os-aggregates/7 0.847s
2024-10-15 12:14:57.063 63343 INFO tempest.lib.common.rest_client [req-435efaa3-df46-4d76-99a7-c3681660b812 req-435efaa3-df46-4d76-99a7-c3681660b812 ] Request (ServerMetadataTestJSON:setUpClass): 200 GET http://10.180.1.21/compute/v2.1/servers/966fe303-09b9-449f-8bda-4f6cda135f7a 0.868s
2024-10-15 12:14:57.142 63283 INFO tempest.lib.common.rest_client [req-9c1fd068-c402-44d9-9e60-102a103f195e req-9c1fd068-c402-44d9-9e60-102a103f195e ] Request (DeleteServersAdminTestJSON:test_delete_server_while_in_error_state): 200 GET http://10.180.1.21/compute/v2.1/servers/62bd4013-f007-4f69-b037-14bedf1e63cf 0.793s
2024-10-15 12:14:57.164 63317 INFO tempest.lib.common.rest_client [req-00ab4d9d-b39f-4741-b089-98986fa4885d req-00ab4d9d-b39f-4741-b089-98986fa4885d ] Request (ServersAdminTestJSON:setUpClass): 200 GET http://10.180.1.21/compute/v2.1/servers/44e39b2b-2bac-4a6e-9534-d2774d094931 0.893s
2024-10-15 12:14:57.196 63293 INFO tempest.lib.common.rest_client [req-4d7da300-4dc8-4e40-bd6c-393d302528d1 req-4d7da300-4dc8-4e40-bd6c-393d302528d1 ] Request (TestVersions:tearDownClass): 200 GET http://10.180.1.21:9696/networking/v2.0/security-groups?tenant_id=932df7b4ea1c493493b13c71ec47f1b3&name=default 0.850s
2024-10-15 12:14:57.218 63333 INFO tempest.lib.common.rest_client [req-13ad1e7a-1a6b-4f09-af58-34d4c9e90470 req-13ad1e7a-1a6b-4f09-af58-34d4c9e90470 ] Request (ServerActionsTestOtherA:setUpClass): 201 POST http://10.180.1.21:9696/networking/v2.0/security-groups 0.584s
2024-10-15 12:14:57.220 63295 INFO tempest.lib.common.rest_client [req-16a4350c-48f4-48fa-8ba0-1545a2d8a7c7 req-16a4350c-48f4-48fa-8ba0-1545a2d8a7c7 ] Request (ImagesOneServerNegativeTestJSON:setUpClass): 200 GET http://10.180.1.21/compute/v2.1/servers/ca92ddb4-cac8-450a-9b7e-d09ad082354a 0.769s
2024-10-15 12:14:57.269 63309 INFO tempest.lib.common.rest_client [req-e800b420-d562-428b-bbef-8479e1bb02fb req-e800b420-d562-428b-bbef-8479e1bb02fb ] Request (ServerAddressesNegativeTestJSON:setUpClass): 200 GET http://10.180.1.21/compute/v2.1/servers/be5c7b15-c036-4a20-a21b-74bba67c9a2c 0.746s
2024-10-15 12:14:57.280 63339 INFO tempest.lib.common.rest_client [req-067dceb9-e374-4f4d-9c4f-24a947d97292 req-067dceb9-e374-4f4d-9c4f-24a947d97292 ] Request (InstanceUsageAuditLogTestJSON:tearDownClass): 200 GET http://10.180.1.21:9696/networking/v2.0/security-groups?tenant_id=6c555ada557d42fe9653bd68ec6b2aa6&name=default 0.577s
2024-10-15 12:14:57.309 63285 INFO tempest.lib.common.rest_client [req-fc3b08a0-beaf-4a4e-93c6-5bd8b7bcab03 req-fc3b08a0-beaf-4a4e-93c6-5bd8b7bcab03 ] Request (FloatingIPsAssociationNegativeTestJSON:setUpClass): 200 GET http://10.180.1.21/compute/v2.1/servers/9b7c2500-b6c1-4a82-bbbf-2a23139ddcb4 0.741s
2024-10-15 12:14:57.317 63307 INFO tempest.lib.common.rest_client [req-311fb34f-1f36-4a6a-991b-2e5fc4d7ec81 req-311fb34f-1f36-4a6a-991b-2e5fc4d7ec81 ] Request (ServerExternalEventsTest:tearDownClass): 204 DELETE http://10.180.1.21:9696/networking/v2.0/security-groups/9a7f9bf9-9707-4cc0-b433-1b12a3c64be9 0.330s
2024-10-15 12:14:57.387 63307 INFO tempest.lib.common.rest_client [req-123adf7e-7920-405a-ab2d-4ef52b806321 req-123adf7e-7920-405a-ab2d-4ef52b806321 ] Request (ServerExternalEventsTest:tearDownClass): 204 DELETE http://10.180.1.21/identity/v3/projects/3b58739093a64b3f91370ad5de5d38e5 0.070s
2024-10-15 12:14:57.387 63307 INFO tempest.lib.common.dynamic_creds [-] Deleting project and security group for project: c0025b3218bd4dec889952c27054e1d5
2024-10-15 12:14:57.420 63313 INFO tempest.lib.common.rest_client [req-4e901f76-11a2-4f59-a6df-6bff3d229502 req-4e901f76-11a2-4f59-a6df-6bff3d229502 ] Request (ServerDiagnosticsTest:tearDownClass): 200 GET http://10.180.1.21:9696/networking/v2.0/security-groups?tenant_id=a2c4349ab286423982cf0080c7c9f0f0&name=default 0.654s
2024-10-15 12:14:57.434 63297 INFO tempest.lib.common.rest_client [req-fa23afa0-2ae5-4722-8d0b-03ea04e5144a req-fa23afa0-2ae5-4722-8d0b-03ea04e5144a ] Request (AbsoluteLimitsNegativeTestJSON:tearDownClass): 200 GET http://10.180.1.21:9696/networking/v2.0/security-groups?tenant_id=10570d223fef48d6ba599099c3a76f83&name=default 0.432s
2024-10-15 12:14:57.459 63303 INFO tempest.lib.common.rest_client [req-0dce0828-4f6b-4327-a9e3-eb61cb5fba60 req-0dce0828-4f6b-4327-a9e3-eb61cb5fba60 ] Request (QuotaClassesAdmin257Test:test_update_default_quotas): 200 GET http://10.180.1.21/compute/v2.1/os-quota-class-sets/default 0.612s
2024-10-15 12:14:57.541 63333 INFO tempest.lib.common.rest_client [req-3614b956-254e-47e0-83a3-915864e062f3 req-3614b956-254e-47e0-83a3-915864e062f3 ] Request (ServerActionsTestOtherA:setUpClass): 201 POST http://10.180.1.21:9696/networking/v2.0/security-group-rules 0.322s
2024-10-15 12:14:57.546 63287 INFO tempest.lib.common.rest_client [req-21fe4efa-edff-4112-9f1c-a3c913604be6 req-21fe4efa-edff-4112-9f1c-a3c913604be6 ] Request (ServersWithSpecificFlavorTestJSON:test_verify_created_server_ephemeral_disk): 200 GET http://10.180.1.21/compute/v2.1/servers/d6c76851-7059-40a4-a39b-e625c99dfcd9 0.685s
2024-10-15 12:14:57.568 63293 INFO tempest.lib.common.rest_client [req-aeb2fad9-385c-4cb9-aaa5-7c6eae61c013 req-aeb2fad9-385c-4cb9-aaa5-7c6eae61c013 ] Request (TestVersions:tearDownClass): 204 DELETE http://10.180.1.21:9696/networking/v2.0/security-groups/3795b872-734f-4ebe-9a6c-2c42ea14c02a 0.371s
2024-10-15 12:14:57.588 63281 INFO tempest.lib.common.rest_client [req-b28d7335-054a-4bc0-8031-08c311ad93a1 req-b28d7335-054a-4bc0-8031-08c311ad93a1 ] Request (SecurityGroupsNegativeTestJSON:test_delete_the_default_security_group): 200 GET http://10.180.1.21/compute/v2.1/os-security-groups 0.749s
2024-10-15 12:14:57.611 63339 INFO tempest.lib.common.rest_client [req-65c1643d-c8cc-4b8e-9f22-de3c64f19a3f req-65c1643d-c8cc-4b8e-9f22-de3c64f19a3f ] Request (InstanceUsageAuditLogTestJSON:tearDownClass): 204 DELETE http://10.180.1.21:9696/networking/v2.0/security-groups/62f11997-6b30-473b-96fe-da9994c637cf 0.331s
2024-10-15 12:14:57.615 63311 INFO tempest.lib.common.rest_client [req-65d716ee-5d5d-46b4-b781-3b501f2450e6 req-65d716ee-5d5d-46b4-b781-3b501f2450e6 ] Request (AggregatesAdminNegativeTestJSON:test_aggregate_remove_nonexistent_host): 200 POST http://10.180.1.21/compute/v2.1/os-aggregates 0.566s
2024-10-15 12:14:57.657 63289 INFO tempest.lib.common.rest_client [req-58d81bcb-d6af-4726-910a-9c3c1cf73edd req-58d81bcb-d6af-4726-910a-9c3c1cf73edd ] Request (AttachInterfacesV270Test:test_create_get_list_interfaces): 200 GET http://10.180.1.21/compute/v2.1/servers/421e0f76-024d-4793-8f00-98731bb6b1af 0.740s
2024-10-15 12:14:57.699 63293 INFO tempest.lib.common.rest_client [req-f36a4d23-c986-4f5c-8b89-c1ac14de92d7 req-f36a4d23-c986-4f5c-8b89-c1ac14de92d7 ] Request (TestVersions:tearDownClass): 204 DELETE http://10.180.1.21/identity/v3/projects/932df7b4ea1c493493b13c71ec47f1b3 0.130s
2024-10-15 12:14:57.710 63321 INFO tempest.lib.common.rest_client [req-7e30178a-6aa6-4bf3-acf3-4b950871ef1e req-7e30178a-6aa6-4bf3-acf3-4b950871ef1e ] Request (AttachInterfacesTestJSON:setUpClass): 201 POST http://10.180.1.21:9696/networking/v2.0/subnets 0.935s
2024-10-15 12:14:57.724 63339 INFO tempest.lib.common.rest_client [req-ed4792b6-e2bc-432e-a8d1-012215ce5515 req-ed4792b6-e2bc-432e-a8d1-012215ce5515 ] Request (InstanceUsageAuditLogTestJSON:tearDownClass): 204 DELETE http://10.180.1.21/identity/v3/projects/6c555ada557d42fe9653bd68ec6b2aa6 0.112s
2024-10-15 12:14:57.724 63301 INFO tempest.lib.common.rest_client [req-6fd81164-08a2-4a19-8b46-bcd84597148e req-6fd81164-08a2-4a19-8b46-bcd84597148e ] Request (SecurityGroupsTestJSON:test_list_security_groups_by_server): 200 GET http://10.180.1.21/compute/v2.1/servers/f29f6a5e-8621-4802-a679-d5c9a8fb2461 0.625s
2024-10-15 12:14:57.725 63339 INFO tempest.test [-] raised in TestVolumeSwap.setUpClass. Invoking tearDownClass.
2024-10-15 12:14:57.743 63297 INFO tempest.lib.common.rest_client [req-ca103f92-e8a8-410d-b446-cadc88b4e3f5 req-ca103f92-e8a8-410d-b446-cadc88b4e3f5 ] Request (AbsoluteLimitsNegativeTestJSON:tearDownClass): 204 DELETE http://10.180.1.21:9696/networking/v2.0/security-groups/aee0aaf2-07a4-4232-a025-4c60d2f58c61 0.309s
2024-10-15 12:14:57.750 63307 INFO tempest.lib.common.rest_client [req-5c93da5b-abef-4b69-a823-1765622ec909 req-5c93da5b-abef-4b69-a823-1765622ec909 ] Request (ServerExternalEventsTest:tearDownClass): 200 GET http://10.180.1.21:9696/networking/v2.0/security-groups?tenant_id=c0025b3218bd4dec889952c27054e1d5&name=default 0.362s
2024-10-15 12:14:57.751 63337 INFO tempest.lib.common.rest_client [req-6e701138-b70a-4ac2-87d8-82033815937a req-6e701138-b70a-4ac2-87d8-82033815937a ] Request (ServersTestMultiNic:test_verify_duplicate_network_nics): 200 GET http://10.180.1.21/compute/v2.1/servers/5c3f72e3-d4f4-4c34-92a3-075536b85c99 0.574s
2024-10-15 12:14:57.792 63313 INFO tempest.lib.common.rest_client [req-75addea2-3850-4809-825b-247eb3d3fc5b req-75addea2-3850-4809-825b-247eb3d3fc5b ] Request (ServerDiagnosticsTest:tearDownClass): 204 DELETE http://10.180.1.21:9696/networking/v2.0/security-groups/9f1da5bf-c80e-4cab-ab53-407db7929bd5 0.371s
2024-10-15 12:14:57.862 63339 INFO tempest.lib.common.rest_client [req-2f071854-965a-4a2a-9a2f-a0c8f6a82a2e req-2f071854-965a-4a2a-9a2f-a0c8f6a82a2e ] Request (ListServerFiltersTestJSON:setUpClass): 201 POST http://10.180.1.21/identity/v3/auth/tokens 0.134s
2024-10-15 12:14:57.884 63297 INFO tempest.lib.common.rest_client [req-051775bf-2c44-4b0b-bfd5-965014dd6901 req-051775bf-2c44-4b0b-bfd5-965014dd6901 ] Request (AbsoluteLimitsNegativeTestJSON:tearDownClass): 204 DELETE http://10.180.1.21/identity/v3/projects/10570d223fef48d6ba599099c3a76f83 0.140s
2024-10-15 12:14:57.909 63339 INFO tempest.lib.common.rest_client [req-5aca8606-73f4-480f-b459-501af8e79be7 req-5aca8606-73f4-480f-b459-501af8e79be7 ] Request (ListServerFiltersTestJSON:setUpClass): 201 POST http://10.180.1.21/identity/v3/auth/tokens 0.042s
2024-10-15 12:14:57.916 63319 INFO tempest.lib.common.rest_client [req-37566def-b6e4-4a49-9bf5-8805add51032 req-37566def-b6e4-4a49-9bf5-8805add51032 ] Request (ServersTestFqdnHostnames:test_create_server_with_fqdn_name): 200 GET http://10.180.1.21/compute/v2.1/servers/91a09343-c2d7-4f5d-ae0a-4a123af92fba 0.531s
2024-10-15 12:14:57.956 63307 INFO tempest.lib.common.rest_client [req-51ed31b9-ee64-4500-8824-9ffb7b170dc6 req-51ed31b9-ee64-4500-8824-9ffb7b170dc6 ] Request (ServerExternalEventsTest:tearDownClass): 204 DELETE http://10.180.1.21:9696/networking/v2.0/security-groups/cdddf7c5-14c5-48d8-bdc5-fc0005254dc3 0.205s
2024-10-15 12:14:57.964 63313 INFO tempest.lib.common.rest_client [req-0e138751-f89b-42eb-aee3-8ba7acd9280d req-0e138751-f89b-42eb-aee3-8ba7acd9280d ] Request (ServerDiagnosticsTest:tearDownClass): 204 DELETE http://10.180.1.21/identity/v3/projects/a2c4349ab286423982cf0080c7c9f0f0 0.171s
2024-10-15 12:14:57.964 63313 INFO tempest.lib.common.dynamic_creds [-] Deleting project and security group for project: 4f25764741bc4c90a73f342b7f2a530b
2024-10-15 12:14:57.992 63297 INFO tempest.lib.common.rest_client [req-f21f4c29-50b8-416e-8fed-c3aeb4f96cef req-f21f4c29-50b8-416e-8fed-c3aeb4f96cef ] Request (MultipleCreateNegativeTestJSON:setUpClass): 201 POST http://10.180.1.21/identity/v3/auth/tokens 0.106s
2024-10-15 12:14:58.013 63333 INFO tempest.lib.common.rest_client [req-6157b160-1fdc-473e-b297-a9145aaec6bb req-6157b160-1fdc-473e-b297-a9145aaec6bb ] Request (ServerActionsTestOtherA:setUpClass): 201 POST http://10.180.1.21:9696/networking/v2.0/security-group-rules 0.472s
2024-10-15 12:14:58.024 63303 INFO tempest.lib.common.rest_client [req-22c8fa7c-6904-402f-9939-296bbf7aaa06 req-22c8fa7c-6904-402f-9939-296bbf7aaa06 ] Request (QuotaClassesAdmin257Test:test_update_default_quotas): 200 PUT http://10.180.1.21/compute/v2.1/os-quota-class-sets/default 0.563s
2024-10-15 12:14:58.027 63339 INFO tempest.lib.common.rest_client [req-38489e61-99ac-4129-8d24-4f42edff6c88 req-38489e61-99ac-4129-8d24-4f42edff6c88 ] Request (ListServerFiltersTestJSON:setUpClass): 200 GET http://10.180.1.21/identity/v3/domains?name=Default 0.118s
2024-10-15 12:14:58.041 63341 INFO tempest.lib.common.rest_client [req-884b9c48-929a-4220-86d3-a05ff33ead0c req-884b9c48-929a-4220-86d3-a05ff33ead0c ] Request (ServersAdmin275Test:_run_cleanups): 200 GET http://10.180.1.21/compute/v2.1/servers/e8cfbce4-cfb2-463e-9f38-78a058dab6e1 0.764s
2024-10-15 12:14:58.070 63307 INFO tempest.lib.common.rest_client [req-fca5fbb0-4c21-404d-a41a-26e8676c5957 req-fca5fbb0-4c21-404d-a41a-26e8676c5957 ] Request (ServerExternalEventsTest:tearDownClass): 204 DELETE http://10.180.1.21/identity/v3/projects/c0025b3218bd4dec889952c27054e1d5 0.113s
2024-10-15 12:14:58.070 63307 INFO tempest.lib.common.dynamic_creds [-] Deleting project and security group for project: 8585b2ee83024b8c8c5a51dd084cb444
2024-10-15 12:14:58.094 63313 INFO tempest.lib.common.rest_client [req-3d2d591e-f4c1-4ea1-9db8-992880ee9aaa req-3d2d591e-f4c1-4ea1-9db8-992880ee9aaa ] Request (ServerDiagnosticsTest:tearDownClass): 200 GET http://10.180.1.21:9696/networking/v2.0/security-groups?tenant_id=4f25764741bc4c90a73f342b7f2a530b&name=default 0.129s
2024-10-15 12:14:58.110 63297 INFO tempest.lib.common.rest_client [req-bb7973e0-8ee7-4d83-b583-7d67cea68bad req-bb7973e0-8ee7-4d83-b583-7d67cea68bad ] Request (MultipleCreateNegativeTestJSON:setUpClass): 201 POST http://10.180.1.21/identity/v3/auth/tokens 0.113s
2024-10-15 12:14:58.135 63297 INFO tempest.lib.common.rest_client [req-2bc6ef1c-357c-401a-938f-533111f5e76d req-2bc6ef1c-357c-401a-938f-533111f5e76d ] Request (MultipleCreateNegativeTestJSON:setUpClass): 200 GET http://10.180.1.21/identity/v3/domains?name=Default 0.024s
2024-10-15 12:14:58.135 63305 INFO tempest.lib.common.rest_client [req-557a67ed-72b7-4721-a116-9fe28c95bec8 req-557a67ed-72b7-4721-a116-9fe28c95bec8 ] Request (VolumesAssistedSnapshotsTest:test_volume_assisted_snapshot_create_delete): 200 GET http://10.180.1.21/compute/v2.1/servers/d2c07175-b635-4900-9dab-9767e5f6bce4 0.660s
2024-10-15 12:14:58.161 63339 INFO tempest.lib.common.rest_client [req-dcabf251-55e9-476e-acb8-02f16a690cd7 req-dcabf251-55e9-476e-acb8-02f16a690cd7 ] Request (ListServerFiltersTestJSON:setUpClass): 201 POST http://10.180.1.21/identity/v3/projects 0.134s
2024-10-15 12:14:58.172 63311 INFO tempest.lib.common.rest_client [req-2ec6266d-a255-4736-9020-bc7fcd392760 req-2ec6266d-a255-4736-9020-bc7fcd392760 ] Request (AggregatesAdminNegativeTestJSON:test_aggregate_remove_nonexistent_host): 404 POST http://10.180.1.21/compute/v2.1/os-aggregates/8/action 0.552s
2024-10-15 12:14:58.181 63297 INFO tempest.lib.common.rest_client [req-bc3953df-46dd-4b9d-a7a6-2d30a0fd02eb req-bc3953df-46dd-4b9d-a7a6-2d30a0fd02eb ] Request (MultipleCreateNegativeTestJSON:setUpClass): 201 POST http://10.180.1.21/identity/v3/projects 0.045s
2024-10-15 12:14:58.242 63297 INFO tempest.lib.common.rest_client [req-586b5deb-2602-41f0-bcfc-9f46cd82318c req-586b5deb-2602-41f0-bcfc-9f46cd82318c ] Request (MultipleCreateNegativeTestJSON:setUpClass): 201 POST http://10.180.1.21/identity/v3/users 0.061s
2024-10-15 12:14:58.258 63281 INFO tempest.lib.common.rest_client [req-5b7956b4-d699-46ad-ad0c-c33b164c7270 req-5b7956b4-d699-46ad-ad0c-c33b164c7270 ] Request (SecurityGroupsNegativeTestJSON:test_delete_the_default_security_group): 400 DELETE http://10.180.1.21/compute/v2.1/os-security-groups/ed51b2eb-bead-49c0-964b-8c1e8ce3c6b5 0.663s
2024-10-15 12:14:58.260 63297 INFO tempest.lib.common.rest_client [req-b9c53146-4fc8-4f38-90c5-fb7a0d880094 req-b9c53146-4fc8-4f38-90c5-fb7a0d880094 ] Request (MultipleCreateNegativeTestJSON:setUpClass): 200 GET http://10.180.1.21/identity/v3/roles 0.017s
2024-10-15 12:14:58.273 63339 INFO tempest.lib.common.rest_client [req-9c1786ef-b7ff-4b2d-8759-21b0362303a7 req-9c1786ef-b7ff-4b2d-8759-21b0362303a7 ] Request (ListServerFiltersTestJSON:setUpClass): 201 POST http://10.180.1.21/identity/v3/users 0.111s
2024-10-15 12:14:58.288 63315 INFO tempest.lib.common.rest_client [req-e0da6531-2035-42cf-a0fa-0a6d4ba18d7a req-e0da6531-2035-42cf-a0fa-0a6d4ba18d7a ] Request (ServersNegativeTestJSON:setUpClass): 200 GET http://10.180.1.21/compute/v2.1/servers/5b778247-1434-447e-8ff1-7359bb9e8ea2 0.446s
2024-10-15 12:14:58.292 63297 INFO tempest.lib.common.rest_client [req-75b22e5d-9e48-48ad-a767-f5077266569d req-75b22e5d-9e48-48ad-a767-f5077266569d ] Request (MultipleCreateNegativeTestJSON:setUpClass): 204 PUT http://10.180.1.21/identity/v3/projects/b88af00b96f84f3cb47aeab337936fcd/users/702f188f027c47eea1892536f768cd3c/roles/a6106c6f4dae418aa7aa1a898c37bc94 0.031s
2024-10-15 12:14:58.292 63297 INFO tempest.lib.common.dynamic_creds [-] Dynamic test user 702f188f027c47eea1892536f768cd3c is created with scope project and roles: ['member']
2024-10-15 12:14:58.292 63297 INFO tempest.lib.common.dynamic_creds [-] Acquired dynamic creds: credentials: Credentials: {'domain_id': 'default', 'domain_name': 'Default', 'username': 'tempest-MultipleCreateNegativeTestJSON-112088579-project-member', 'project_domain_id': 'default', 'project_domain_name': 'Default', 'project_id': 'b88af00b96f84f3cb47aeab337936fcd', 'project_name': 'tempest-MultipleCreateNegativeTestJSON-112088579', 'tenant_id': 'b88af00b96f84f3cb47aeab337936fcd', 'tenant_name': 'tempest-MultipleCreateNegativeTestJSON-112088579', 'user_domain_id': 'default', 'user_domain_name': 'Default', 'user_id': '702f188f027c47eea1892536f768cd3c', 'system': None}, Network: None, Subnet: None, Router: None
2024-10-15 12:14:58.293 63297 INFO tempest.lib.common.dynamic_creds [-] Created isolated network resources for: credentials: Credentials: {'domain_id': 'default', 'domain_name': 'Default', 'username': 'tempest-MultipleCreateNegativeTestJSON-112088579-project-member', 'project_domain_id': 'default', 'project_domain_name': 'Default', 'project_id': 'b88af00b96f84f3cb47aeab337936fcd', 'project_name': 'tempest-MultipleCreateNegativeTestJSON-112088579', 'tenant_id': 'b88af00b96f84f3cb47aeab337936fcd', 'tenant_name': 'tempest-MultipleCreateNegativeTestJSON-112088579', 'user_domain_id': 'default', 'user_domain_name': 'Default', 'user_id': '702f188f027c47eea1892536f768cd3c', 'system': None}, Network: None, Subnet: None, Router: None
2024-10-15 12:14:58.309 63339 INFO tempest.lib.common.rest_client [req-700ba973-65d2-4121-8345-83d22dc0f189 req-700ba973-65d2-4121-8345-83d22dc0f189 ] Request (ListServerFiltersTestJSON:setUpClass): 200 GET http://10.180.1.21/identity/v3/roles 0.036s
2024-10-15 12:14:58.362 63323 INFO tempest.lib.common.rest_client [req-94c21ead-bf73-4fba-8197-8614bfa982c5 req-94c21ead-bf73-4fba-8197-8614bfa982c5 ] Request (ServersTestJSON:setUpClass): 200 GET http://10.180.1.21/compute/v2.1/servers/34c01c2c-519b-44a1-aba2-c26e2c0b4737 0.449s
2024-10-15 12:14:58.407 63297 INFO tempest.lib.common.rest_client [req-e958dab2-b073-4f62-91df-2187b0b48850 req-e958dab2-b073-4f62-91df-2187b0b48850 ] Request (MultipleCreateNegativeTestJSON:setUpClass): 201 POST http://10.180.1.21/identity/v3/auth/tokens 0.110s
2024-10-15 12:14:58.423 63325 INFO tempest.lib.common.rest_client [req-32c3f515-0f88-47ac-ba6c-37d97c880270 req-32c3f515-0f88-47ac-ba6c-37d97c880270 ] Request (ListImageFiltersTestJSON:setUpClass): 200 GET http://10.180.1.21/compute/v2.1/servers/945b5a77-96b9-4565-94a8-6f1a89dc3bbf 0.433s
2024-10-15 12:14:58.442 63303 INFO tempest.lib.common.rest_client [req-63f847e2-1ff8-4690-ac97-a3ea04fdb683 req-63f847e2-1ff8-4690-ac97-a3ea04fdb683 ] Request (QuotaClassesAdmin257Test:test_update_default_quotas): 200 GET http://10.180.1.21/compute/v2.1/os-quota-class-sets/default 0.415s
2024-10-15 12:14:58.448 63339 INFO tempest.lib.common.rest_client [req-6e60b05b-9015-4b92-863c-a0a9ed2b9dc0 req-6e60b05b-9015-4b92-863c-a0a9ed2b9dc0 ] Request (ListServerFiltersTestJSON:setUpClass): 204 PUT http://10.180.1.21/identity/v3/projects/8e0a144caecd490ebc144409af902624/users/a01468bc41a84e8e8a52f49b6c9a0494/roles/a6106c6f4dae418aa7aa1a898c37bc94 0.138s
2024-10-15 12:14:58.448 63339 INFO tempest.lib.common.dynamic_creds [-] Dynamic test user a01468bc41a84e8e8a52f49b6c9a0494 is created with scope project and roles: ['member']
2024-10-15 12:14:58.448 63313 INFO tempest.lib.common.rest_client [req-d33bd065-1a0a-431a-ba23-217014527142 req-d33bd065-1a0a-431a-ba23-217014527142 ] Request (ServerDiagnosticsTest:tearDownClass): 204 DELETE http://10.180.1.21:9696/networking/v2.0/security-groups/8db637d7-59d9-418b-9afd-534b4485b552 0.354s
2024-10-15 12:14:58.449 63339 INFO tempest.lib.common.dynamic_creds [-] Acquired dynamic creds: credentials: Credentials: {'domain_id': 'default', 'domain_name': 'Default', 'username': 'tempest-ListServerFiltersTestJSON-2131479764-project-member', 'project_domain_id': 'default', 'project_domain_name': 'Default', 'project_id': '8e0a144caecd490ebc144409af902624', 'project_name': 'tempest-ListServerFiltersTestJSON-2131479764', 'tenant_id': '8e0a144caecd490ebc144409af902624', 'tenant_name': 'tempest-ListServerFiltersTestJSON-2131479764', 'user_domain_id': 'default', 'user_domain_name': 'Default', 'user_id': 'a01468bc41a84e8e8a52f49b6c9a0494', 'system': None}, Network: None, Subnet: None, Router: None
2024-10-15 12:14:58.465 63291 INFO tempest.lib.common.rest_client [req-554d2fc7-1926-4aa0-95c6-9ca4cc9890f7 req-554d2fc7-1926-4aa0-95c6-9ca4cc9890f7 ] Request (ServersTestManualDisk:setUpClass): 200 GET http://10.180.1.21/compute/v2.1/servers/498c8e1e-18c6-4e09-a90d-106600bed2cd 0.444s
2024-10-15 12:14:58.480 63307 INFO tempest.lib.common.rest_client [req-d415fdf5-6f49-4275-ba4a-fbdc057b23de req-d415fdf5-6f49-4275-ba4a-fbdc057b23de ] Request (ServerExternalEventsTest:tearDownClass): 200 GET http://10.180.1.21:9696/networking/v2.0/security-groups?tenant_id=8585b2ee83024b8c8c5a51dd084cb444&name=default 0.410s
2024-10-15 12:14:58.485 63297 INFO tempest.lib.common.rest_client [req-937c7e8f-b745-4c21-9914-3e1423a09963 req-937c7e8f-b745-4c21-9914-3e1423a09963 ] Request (MultipleCreateNegativeTestJSON:test_max_count_less_than_min_count): 201 POST http://10.180.1.21/identity/v3/auth/tokens 0.070s
2024-10-15 12:14:58.485 63297 INFO tempest.lib.common.fixed_network [-] (MultipleCreateNegativeTestJSON:test_max_count_less_than_min_count) Found network None available for tenant
2024-10-15 12:14:58.530 63339 INFO tempest.lib.common.rest_client [req-f794b47a-072b-4503-8d02-25db235747df req-f794b47a-072b-4503-8d02-25db235747df ] Request (ListServerFiltersTestJSON:setUpClass): 201 POST http://10.180.1.21/identity/v3/auth/tokens 0.081s
2024-10-15 12:14:58.546 63343 INFO tempest.lib.common.rest_client [req-31654ca3-2fef-402e-9b0a-bbf52f5a967f req-31654ca3-2fef-402e-9b0a-bbf52f5a967f ] Request (ServerMetadataTestJSON:setUpClass): 200 GET http://10.180.1.21/compute/v2.1/servers/966fe303-09b9-449f-8bda-4f6cda135f7a 0.465s
2024-10-15 12:14:58.570 63283 INFO tempest.lib.common.rest_client [req-1aede0b9-354f-453b-9c5f-fde3ad5755e2 req-1aede0b9-354f-453b-9c5f-fde3ad5755e2 ] Request (DeleteServersAdminTestJSON:test_delete_server_while_in_error_state): 200 GET http://10.180.1.21/compute/v2.1/servers/62bd4013-f007-4f69-b037-14bedf1e63cf 0.417s
2024-10-15 12:14:58.578 63311 INFO tempest.lib.common.rest_client [req-2083c3a9-5c13-45db-b9c5-87747d2ab2b9 req-2083c3a9-5c13-45db-b9c5-87747d2ab2b9 ] Request (AggregatesAdminNegativeTestJSON:_run_cleanups): 200 DELETE http://10.180.1.21/compute/v2.1/os-aggregates/8 0.405s
2024-10-15 12:14:58.599 63313 INFO tempest.lib.common.rest_client [req-b3c2d9c3-9213-4db6-a4c2-c8e74cb7e162 req-b3c2d9c3-9213-4db6-a4c2-c8e74cb7e162 ] Request (ServerDiagnosticsTest:tearDownClass): 204 DELETE http://10.180.1.21/identity/v3/projects/4f25764741bc4c90a73f342b7f2a530b 0.150s
2024-10-15 12:14:58.651 63295 INFO tempest.lib.common.rest_client [req-7b117533-6930-4560-83ef-a86687db2359 req-7b117533-6930-4560-83ef-a86687db2359 ] Request (ImagesOneServerNegativeTestJSON:setUpClass): 200 GET http://10.180.1.21/compute/v2.1/servers/ca92ddb4-cac8-450a-9b7e-d09ad082354a 0.423s
2024-10-15 12:14:58.694 63317 INFO tempest.lib.common.rest_client [req-0ad6c824-2057-4bac-ab84-2ea46a251fd5 req-0ad6c824-2057-4bac-ab84-2ea46a251fd5 ] Request (ServersAdminTestJSON:setUpClass): 200 GET http://10.180.1.21/compute/v2.1/servers/44e39b2b-2bac-4a6e-9534-d2774d094931 0.519s
2024-10-15 12:14:58.705 63311 INFO tempest.lib.common.rest_client [req-89a86f44-535a-4322-88a0-7b36340b2852 req-89a86f44-535a-4322-88a0-7b36340b2852 ] Request (AggregatesAdminNegativeTestJSON:tearDownClass): 204 DELETE http://10.180.1.21/identity/v3/users/4122c4773b84413cad38f66f8aaae2d5 0.120s
2024-10-15 12:14:58.720 63281 INFO tempest.lib.common.rest_client [req-78ba8288-51fb-441f-b8c3-6d1878595e4b req-78ba8288-51fb-441f-b8c3-6d1878595e4b ] Request (SecurityGroupsNegativeTestJSON:test_security_group_get_nonexistent_group): 404 GET http://10.180.1.21/compute/v2.1/os-security-groups/788d65e4-650a-4159-8c7a-ead21477d66b 0.458s
2024-10-15 12:14:58.737 63313 INFO tempest.lib.common.rest_client [req-95e2c2b5-f366-4a83-aa42-ecdbc54f1c01 req-95e2c2b5-f366-4a83-aa42-ecdbc54f1c01 ] Request (ServicesAdminNegativeV253TestJSON:setUpClass): 201 POST http://10.180.1.21/identity/v3/auth/tokens 0.136s
2024-10-15 12:14:58.780 63313 INFO tempest.lib.common.rest_client [req-d9b40aa2-25a8-455a-a504-78d84a2f7bb0 req-d9b40aa2-25a8-455a-a504-78d84a2f7bb0 ] Request (ServicesAdminNegativeV253TestJSON:setUpClass): 201 POST http://10.180.1.21/identity/v3/auth/tokens 0.039s
2024-10-15 12:14:58.789 63309 INFO tempest.lib.common.rest_client [req-20ae8424-7f41-45e7-8bab-7455500f4b0d req-20ae8424-7f41-45e7-8bab-7455500f4b0d ] Request (ServerAddressesNegativeTestJSON:setUpClass): 200 GET http://10.180.1.21/compute/v2.1/servers/be5c7b15-c036-4a20-a21b-74bba67c9a2c 0.512s
2024-10-15 12:14:58.806 63313 INFO tempest.lib.common.rest_client [req-9d235861-9ebb-4a11-8ced-6c513f66b040 req-9d235861-9ebb-4a11-8ced-6c513f66b040 ] Request (ServicesAdminNegativeV253TestJSON:setUpClass): 200 GET http://10.180.1.21/identity/v3/domains?name=Default 0.026s
2024-10-15 12:14:58.816 63307 INFO tempest.lib.common.rest_client [req-d37aeb7e-5c39-452d-9d7c-40a2f58afd28 req-d37aeb7e-5c39-452d-9d7c-40a2f58afd28 ] Request (ServerExternalEventsTest:tearDownClass): 204 DELETE http://10.180.1.21:9696/networking/v2.0/security-groups/3d1ed979-6e2b-4490-84c4-d7ed31a975e5 0.335s
2024-10-15 12:14:58.821 63285 INFO tempest.lib.common.rest_client [req-7064036b-ca0b-42de-95e3-bbb47bbd45c3 req-7064036b-ca0b-42de-95e3-bbb47bbd45c3 ] Request (FloatingIPsAssociationNegativeTestJSON:setUpClass): 200 GET http://10.180.1.21/compute/v2.1/servers/9b7c2500-b6c1-4a82-bbbf-2a23139ddcb4 0.504s
2024-10-15 12:14:58.823 63327 INFO tempest.lib.common.rest_client [req-122fcd3d-6168-4c76-9d46-35211de6eb68 req-122fcd3d-6168-4c76-9d46-35211de6eb68 ] Request (ValidationResourcesFixture:setUp): 201 POST http://10.180.1.21:9696/networking/v2.0/floatingips 1.777s
2024-10-15 12:14:58.832 63303 INFO tempest.lib.common.rest_client [req-9b39e9ba-a59b-4775-9d8d-28d1ece7849a req-9b39e9ba-a59b-4775-9d8d-28d1ece7849a ] Request (QuotaClassesAdmin257Test:_run_cleanups): 200 PUT http://10.180.1.21/compute/v2.1/os-quota-class-sets/default 0.387s
2024-10-15 12:14:58.850 63313 INFO tempest.lib.common.rest_client [req-312595db-83db-4579-a0ff-f53cabcd15c8 req-312595db-83db-4579-a0ff-f53cabcd15c8 ] Request (ServicesAdminNegativeV253TestJSON:setUpClass): 201 POST http://10.180.1.21/identity/v3/projects 0.044s
2024-10-15 12:14:58.874 63311 INFO tempest.lib.common.rest_client [req-0b4905c6-2223-49bc-b435-f39a10a29194 req-0b4905c6-2223-49bc-b435-f39a10a29194 ] Request (AggregatesAdminNegativeTestJSON:tearDownClass): 204 DELETE http://10.180.1.21/identity/v3/users/927151f478084f70895d35b728f5d35d 0.167s
2024-10-15 12:14:58.874 63311 INFO tempest.lib.common.dynamic_creds [-] Deleting project and security group for project: ad355ab48f254f069b9d0e992276b815
2024-10-15 12:14:58.935 63287 INFO tempest.lib.common.rest_client [req-51312a5b-fc36-4ae0-b505-fad379ffa500 req-51312a5b-fc36-4ae0-b505-fad379ffa500 ] Request (ServersWithSpecificFlavorTestJSON:test_verify_created_server_ephemeral_disk): 200 GET http://10.180.1.21/compute/v2.1/servers/d6c76851-7059-40a4-a39b-e625c99dfcd9 0.377s
2024-10-15 12:14:58.973 63297 INFO tempest.lib.common.rest_client [req-36661ae2-d3a4-4030-98a9-ba4edb93295a req-36661ae2-d3a4-4030-98a9-ba4edb93295a ] Request (MultipleCreateNegativeTestJSON:test_max_count_less_than_min_count): 400 POST http://10.180.1.21/compute/v2.1/servers 0.487s
2024-10-15 12:14:58.991 63307 INFO tempest.lib.common.rest_client [req-d96a2fcd-dae8-4dac-bb8e-d64a87001716 req-d96a2fcd-dae8-4dac-bb8e-d64a87001716 ] Request (ServerExternalEventsTest:tearDownClass): 204 DELETE http://10.180.1.21/identity/v3/projects/8585b2ee83024b8c8c5a51dd084cb444 0.173s
2024-10-15 12:14:59.006 63289 INFO tempest.lib.common.rest_client [req-189dfc62-9925-44fe-a6e2-80b6756710cc req-189dfc62-9925-44fe-a6e2-80b6756710cc ] Request (AttachInterfacesV270Test:test_create_get_list_interfaces): 200 GET http://10.180.1.21/compute/v2.1/servers/421e0f76-024d-4793-8f00-98731bb6b1af 0.335s
