2024-10-15 12:15:24.185 63303 INFO tempest.lib.common.rest_client [req-8525d753-6c06-47bf-9a10-6c5de0e9ca81 req-8525d753-6c06-47bf-9a10-6c5de0e9ca81 ] Request (ServerDiagnosticsNegativeTest:test_get_server_diagnostics_by_non_admin): 200 GET http://10.180.1.21/compute/v2.1/servers/6eb3e767-ff7d-4760-a036-a55647afac0f 0.084s
2024-10-15 12:15:24.207 63309 INFO tempest.lib.common.rest_client [req-5f0b8d5b-829b-48ad-b554-c07b696af69b req-5f0b8d5b-829b-48ad-b554-c07b696af69b ] Request (ServerAddressesNegativeTestJSON:setUpClass): 200 GET http://10.180.1.21/compute/v2.1/servers/be5c7b15-c036-4a20-a21b-74bba67c9a2c 0.083s
2024-10-15 12:15:24.243 63285 INFO tempest.lib.common.rest_client [req-a61dfd91-c8fe-48d5-9ad3-0e5ec0ec20d5 req-a61dfd91-c8fe-48d5-9ad3-0e5ec0ec20d5 ] Request (FloatingIPsAssociationNegativeTestJSON:setUpClass): 200 GET http://10.180.1.21/compute/v2.1/servers/9b7c2500-b6c1-4a82-bbbf-2a23139ddcb4 0.096s
2024-10-15 12:15:24.263 63327 INFO tempest.lib.common.rest_client [req-35daec91-aef5-4a4b-b742-ed6fe22ed5f5 req-35daec91-aef5-4a4b-b742-ed6fe22ed5f5 ] Request (AttachInterfacesUnderV243Test:test_add_remove_fixed_ip): 200 GET http://10.180.1.21/compute/v2.1/servers/6137d44e-9945-479d-9cf3-4a36bfa0e32c 0.085s
2024-10-15 12:15:24.295 63317 INFO tempest.lib.common.rest_client [req-70dce504-0494-4ca4-bbc9-928be024ea15 req-70dce504-0494-4ca4-bbc9-928be024ea15 ] Request (ServerActionsV293TestJSON:setUpClass): 201 POST http://10.180.1.21:9696/networking/v2.0/security-group-rules 0.160s
2024-10-15 12:15:24.343 63289 INFO tempest.lib.common.rest_client [req-70e8bc9c-44f0-4991-aae4-a992ed640108 req-70e8bc9c-44f0-4991-aae4-a992ed640108 ] Request (AttachInterfacesV270Test:test_create_get_list_interfaces): 200 GET http://10.180.1.21/compute/v2.1/servers/421e0f76-024d-4793-8f00-98731bb6b1af 0.077s
2024-10-15 12:15:24.399 63337 INFO tempest.lib.common.rest_client [req-4491d423-7153-495c-acc9-2a99aae0c1f6 req-4491d423-7153-495c-acc9-2a99aae0c1f6 ] Request (ServersTestMultiNic:test_verify_multiple_nics_order): 200 GET http://10.180.1.21/compute/v2.1/servers/f2b4485c-ebcb-4063-a25a-e2efe6d1758f 0.072s
2024-10-15 12:15:24.414 63317 INFO tempest.lib.common.rest_client [req-2b8b53f7-1040-4814-818f-415dc8a12fda req-2b8b53f7-1040-4814-818f-415dc8a12fda ] Request (ServerActionsV293TestJSON:setUpClass): 201 POST http://10.180.1.21:9696/networking/v2.0/security-group-rules 0.119s
2024-10-15 12:15:24.478 63301 INFO tempest.lib.common.rest_client [req-e113eb35-c6b1-4698-aedb-12e9b66c7c0a req-e113eb35-c6b1-4698-aedb-12e9b66c7c0a ] Request (SecurityGroupsTestJSON:test_list_security_groups_by_server): 200 GET http://10.180.1.21/compute/v2.1/servers/f29f6a5e-8621-4802-a679-d5c9a8fb2461 0.061s
2024-10-15 12:15:24.489 63301 INFO tempest.common.waiters [-] State transition "BUILD/None" ==> "BUILD/networking" after 40 second wait
2024-10-15 12:15:24.533 63287 INFO tempest.lib.common.rest_client [req-8fbce410-57df-47e6-96c5-98fdfd75b5b1 req-8fbce410-57df-47e6-96c5-98fdfd75b5b1 ] Request (ServersWithSpecificFlavorTestJSON:test_verify_created_server_ephemeral_disk): 200 GET http://10.180.1.21/compute/v2.1/servers/d6c76851-7059-40a4-a39b-e625c99dfcd9 0.056s
2024-10-15 12:15:24.546 63319 INFO tempest.lib.common.rest_client [req-f0055c56-2efe-4102-b346-aaab2babc35f req-f0055c56-2efe-4102-b346-aaab2babc35f ] Request (ServersTestFqdnHostnames:test_create_server_with_fqdn_name): 200 GET http://10.180.1.21/compute/v2.1/servers/91a09343-c2d7-4f5d-ae0a-4a123af92fba 0.063s
2024-10-15 12:15:24.583 63339 INFO tempest.lib.common.rest_client [req-8378cf50-df75-4ba1-8d62-33dac2b07f0c req-8378cf50-df75-4ba1-8d62-33dac2b07f0c ] Request (ListServerFiltersTestJSON:setUpClass): 200 GET http://10.180.1.21/compute/v2.1/servers/c67b276f-07db-4cde-9f1c-efccc4d11c7d 0.055s
2024-10-15 12:15:24.602 63329 INFO tempest.lib.common.rest_client [req-330886ef-3c0b-4994-97b4-53f16f97dd46 req-330886ef-3c0b-4994-97b4-53f16f97dd46 ] Request (InstanceActionsNegativeTestJSON:setUpClass): 200 GET http://10.180.1.21/compute/v2.1/servers/20611ed4-97b3-4d6d-bef7-c13e1235c401 0.057s
2024-10-15 12:15:24.682 63333 INFO tempest.lib.common.rest_client [req-fb823094-102d-47ca-9fd3-99961634f844 req-fb823094-102d-47ca-9fd3-99961634f844 ] Request (ServerActionsTestOtherA:setUpClass): 200 GET http://10.180.1.21/compute/v2.1/servers/90c1832a-47c5-4f09-9921-21e15cb6fbb6 0.079s
2024-10-15 12:15:24.711 63305 INFO tempest.lib.common.rest_client [req-796e50f6-38e9-49b8-a956-b64fcd5de32e req-796e50f6-38e9-49b8-a956-b64fcd5de32e ] Request (VolumesAssistedSnapshotsTest:test_volume_assisted_snapshot_create_delete): 200 GET http://10.180.1.21/compute/v2.1/servers/d2c07175-b635-4900-9dab-9767e5f6bce4 0.084s
2024-10-15 12:15:24.742 63323 INFO tempest.lib.common.rest_client [req-65220812-0471-4396-811b-998554dac1a6 req-65220812-0471-4396-811b-998554dac1a6 ] Request (ServersTestJSON:setUpClass): 200 GET http://10.180.1.21/compute/v2.1/servers/34c01c2c-519b-44a1-aba2-c26e2c0b4737 0.083s
2024-10-15 12:15:24.793 63325 INFO tempest.lib.common.rest_client [req-b8860601-dbbb-4795-ba6a-c196486da911 req-b8860601-dbbb-4795-ba6a-c196486da911 ] Request (ListImageFiltersTestJSON:setUpClass): 200 GET http://10.180.1.21/compute/v2.1/servers/945b5a77-96b9-4565-94a8-6f1a89dc3bbf 0.068s
2024-10-15 12:15:24.795 63315 INFO tempest.lib.common.rest_client [req-1aaaf0f5-7a2a-4386-86cf-bd98c6adc072 req-1aaaf0f5-7a2a-4386-86cf-bd98c6adc072 ] Request (ServersNegativeTestJSON:setUpClass): 200 GET http://10.180.1.21/compute/v2.1/servers/5b778247-1434-447e-8ff1-7359bb9e8ea2 0.058s
2024-10-15 12:15:24.853 63281 INFO tempest.lib.common.rest_client [req-3fe50197-83a3-4dac-9c69-043f067be743 req-3fe50197-83a3-4dac-9c69-043f067be743 ] Request (ServerDiskConfigTestJSON:test_rebuild_server_with_auto_disk_config): 200 GET http://10.180.1.21/compute/v2.1/servers/eb42c667-b0ae-4807-8f69-88dd671aa7d7 0.060s
2024-10-15 12:15:24.872 63341 INFO tempest.lib.common.rest_client [req-68a08652-079a-42a8-b73f-9885aa0ca897 req-68a08652-079a-42a8-b73f-9885aa0ca897 ] Request (ServersAdmin275Test:tearDownClass): 200 GET http://10.180.1.21/compute/v2.1/servers/e8cfbce4-cfb2-463e-9f38-78a058dab6e1 0.079s
2024-10-15 12:15:24.905 63343 INFO tempest.lib.common.rest_client [req-65ac1ffd-7b40-40ca-85ea-ad1387eab00c req-65ac1ffd-7b40-40ca-85ea-ad1387eab00c ] Request (ServerMetadataTestJSON:setUpClass): 200 GET http://10.180.1.21/compute/v2.1/servers/966fe303-09b9-449f-8bda-4f6cda135f7a 0.060s
2024-10-15 12:15:24.908 63317 INFO tempest.lib.common.rest_client [req-4304397d-bde9-4cf5-b5a8-0ee4cbe6684a req-4304397d-bde9-4cf5-b5a8-0ee4cbe6684a ] Request (ServerActionsV293TestJSON:setUpClass): 201 POST http://10.180.1.21:9696/networking/v2.0/floatingips 0.493s
2024-10-15 12:15:24.950 63321 INFO tempest.lib.common.rest_client [req-cf4dc857-b7c0-4ce1-a5e5-de8054f42bc5 req-cf4dc857-b7c0-4ce1-a5e5-de8054f42bc5 ] Request (AttachInterfacesTestJSON:test_create_list_show_delete_interfaces_by_fixed_ip): 200 GET http://10.180.1.21/compute/v2.1/servers/1219fe86-f218-4a2b-84ba-4a377829386d 0.056s
2024-10-15 12:15:24.953 63317 INFO tempest.lib.common.rest_client [req-79cba5e0-034a-49b6-acbd-4d89c9c50c1a req-79cba5e0-034a-49b6-acbd-4d89c9c50c1a ] Request (ServerActionsV293TestJSON:setUpClass): 201 POST http://10.180.1.21/identity/v3/auth/tokens 0.040s
2024-10-15 12:15:24.954 63307 INFO tempest.lib.common.rest_client [req-163511ad-a98d-4b14-ba3e-5a10fa619420 req-163511ad-a98d-4b14-ba3e-5a10fa619420 ] Request (ServersTestBootFromVolume:setUpClass): 200 GET http://10.180.1.21/volume/v3/volumes/f7647177-d1ec-4638-8eb5-ab37e2a44684 0.032s
2024-10-15 12:15:24.954 63317 INFO tempest.lib.common.fixed_network [-] (ServerActionsV293TestJSON:setUpClass) Found network {'id': 'af55cd29-ed4a-49fa-a8b3-bba1c6f7100e', 'name': 'tempest-ServerActionsV293TestJSON-198838827-network', 'tenant_id': '2cca48f40ae544cb93908fa35b2fad61', 'admin_state_up': True, 'mtu': 8950, 'status': 'ACTIVE', 'subnets': [], 'shared': False, 'project_id': '2cca48f40ae544cb93908fa35b2fad61', 'port_security_enabled': True, 'router:external': False, 'provider:network_type': 'vlan', 'provider:physical_network': 'default', 'provider:segmentation_id': 791, 'is_default': False, 'availability_zone_hints': [], 'availability_zones': [], 'ipv4_address_scope': None, 'ipv6_address_scope': None, 'description': '', 'tags': [], 'created_at': '2024-10-15T12:15:21Z', 'updated_at': '2024-10-15T12:15:21Z', 'revision_number': 1} available for tenant
2024-10-15 12:15:25.011 63291 INFO tempest.lib.common.rest_client [req-1a3ab21f-cc59-4967-acfd-c5c161b39cdf req-1a3ab21f-cc59-4967-acfd-c5c161b39cdf ] Request (ServersTestManualDisk:setUpClass): 200 GET http://10.180.1.21/compute/v2.1/servers/498c8e1e-18c6-4e09-a90d-106600bed2cd 0.058s
2024-10-15 12:15:25.050 63297 INFO tempest.lib.common.rest_client [req-817f9864-eff1-4ee2-84cc-6bdbc6d3063e req-817f9864-eff1-4ee2-84cc-6bdbc6d3063e ] Request (ServersTestJSON:test_create_server_specify_multibyte_character_name): 200 GET http://10.180.1.21/compute/v2.1/servers/2b43620d-94ac-4c56-87df-4066f5d24088 0.051s
2024-10-15 12:15:25.088 63283 INFO tempest.lib.common.rest_client [req-f46ff70e-3d6d-4c7f-938f-36af75667d24 req-f46ff70e-3d6d-4c7f-938f-36af75667d24 ] Request (DeleteServersAdminTestJSON:test_delete_server_while_in_error_state): 200 GET http://10.180.1.21/compute/v2.1/servers/62bd4013-f007-4f69-b037-14bedf1e63cf 0.051s
2024-10-15 12:15:25.101 63311 INFO tempest.lib.common.rest_client [req-23f58f6e-713c-4bb5-8b03-a9edbd9c250e req-23f58f6e-713c-4bb5-8b03-a9edbd9c250e ] Request (TenantUsagesTestJSON:setUpClass): 200 GET http://10.180.1.21/compute/v2.1/servers/02da88f0-7e3a-4eea-a88d-59a990c69f82 0.052s
2024-10-15 12:15:25.160 63295 INFO tempest.lib.common.rest_client [req-5ee24726-438e-4bb5-b4cf-f4df4b412d07 req-5ee24726-438e-4bb5-b4cf-f4df4b412d07 ] Request (ImagesOneServerNegativeTestJSON:setUpClass): 200 GET http://10.180.1.21/compute/v2.1/servers/ca92ddb4-cac8-450a-9b7e-d09ad082354a 0.066s
2024-10-15 12:15:25.206 63317 INFO tempest.lib.common.rest_client [req-18ec4d2d-d6f3-4a22-a9af-cc6a10b96fa4 req-18ec4d2d-d6f3-4a22-a9af-cc6a10b96fa4 ] Request (ServerActionsV293TestJSON:setUpClass): 202 POST http://10.180.1.21/volume/v3/volumes 0.251s
2024-10-15 12:15:25.217 63313 INFO tempest.lib.common.rest_client [req-eeed155a-01d4-4c08-ae26-6753cbdc5e2d req-eeed155a-01d4-4c08-ae26-6753cbdc5e2d ] Request (ImagesOneServerTestJSON:setUpClass): 200 GET http://10.180.1.21/compute/v2.1/servers/c63c1740-fcec-47fa-a7b9-986b83c4abd9 0.078s
2024-10-15 12:15:25.232 63331 INFO tempest.lib.common.rest_client [req-90a20787-7e52-4f91-80df-0a34b1be2c1f req-90a20787-7e52-4f91-80df-0a34b1be2c1f ] Request (ServerDiagnosticsV248Test:tearDownClass): 200 GET http://10.180.1.21/compute/v2.1/servers/c4777721-3f65-455f-9973-c1ed0732de34 0.086s
2024-10-15 12:15:25.251 63317 INFO tempest.lib.common.rest_client [req-75f9ba5c-984c-4b07-a982-505b7f1adfc3 req-75f9ba5c-984c-4b07-a982-505b7f1adfc3 ] Request (ServerActionsV293TestJSON:setUpClass): 200 GET http://10.180.1.21/volume/v3/volumes/71116ae7-0172-4886-812a-08c051efd24c 0.036s
2024-10-15 12:15:25.290 63309 INFO tempest.lib.common.rest_client [req-21f30f1c-8999-47ac-9101-502dc1119bed req-21f30f1c-8999-47ac-9101-502dc1119bed ] Request (ServerAddressesNegativeTestJSON:setUpClass): 200 GET http://10.180.1.21/compute/v2.1/servers/be5c7b15-c036-4a20-a21b-74bba67c9a2c 0.074s
2024-10-15 12:15:25.298 63303 INFO tempest.lib.common.rest_client [req-39deec0e-3a84-4e55-ab75-d3aa159e383b req-39deec0e-3a84-4e55-ab75-d3aa159e383b ] Request (ServerDiagnosticsNegativeTest:test_get_server_diagnostics_by_non_admin): 200 GET http://10.180.1.21/compute/v2.1/servers/6eb3e767-ff7d-4760-a036-a55647afac0f 0.106s
2024-10-15 12:15:25.352 63327 INFO tempest.lib.common.rest_client [req-fe58e3bf-fe3d-4056-9cca-1d2a1ff43aa6 req-fe58e3bf-fe3d-4056-9cca-1d2a1ff43aa6 ] Request (AttachInterfacesUnderV243Test:test_add_remove_fixed_ip): 200 GET http://10.180.1.21/compute/v2.1/servers/6137d44e-9945-479d-9cf3-4a36bfa0e32c 0.080s
2024-10-15 12:15:25.353 63285 INFO tempest.lib.common.rest_client [req-72e9b1cc-1c01-4164-b254-a3e23edeb4bb req-72e9b1cc-1c01-4164-b254-a3e23edeb4bb ] Request (FloatingIPsAssociationNegativeTestJSON:setUpClass): 200 GET http://10.180.1.21/compute/v2.1/servers/9b7c2500-b6c1-4a82-bbbf-2a23139ddcb4 0.101s
2024-10-15 12:15:25.407 63289 INFO tempest.lib.common.rest_client [req-4a1b984c-bd16-41e9-a493-ae898efc2a14 req-4a1b984c-bd16-41e9-a493-ae898efc2a14 ] Request (AttachInterfacesV270Test:test_create_get_list_interfaces): 200 GET http://10.180.1.21/compute/v2.1/servers/421e0f76-024d-4793-8f00-98731bb6b1af 0.052s
2024-10-15 12:15:25.463 63337 INFO tempest.lib.common.rest_client [req-9d0c25b9-22de-4c8f-8fab-d9df6ceecefd req-9d0c25b9-22de-4c8f-8fab-d9df6ceecefd ] Request (ServersTestMultiNic:test_verify_multiple_nics_order): 200 GET http://10.180.1.21/compute/v2.1/servers/f2b4485c-ebcb-4063-a25a-e2efe6d1758f 0.055s
2024-10-15 12:15:25.604 63287 INFO tempest.lib.common.rest_client [req-979bdf1c-bd1f-442f-a2be-4467e07241a8 req-979bdf1c-bd1f-442f-a2be-4467e07241a8 ] Request (ServersWithSpecificFlavorTestJSON:test_verify_created_server_ephemeral_disk): 200 GET http://10.180.1.21/compute/v2.1/servers/d6c76851-7059-40a4-a39b-e625c99dfcd9 0.064s
2024-10-15 12:15:25.654 63301 INFO tempest.lib.common.rest_client [req-43243dc2-6537-4a70-ba67-9847d625ca0e req-43243dc2-6537-4a70-ba67-9847d625ca0e ] Request (SecurityGroupsTestJSON:test_list_security_groups_by_server): 200 GET http://10.180.1.21/compute/v2.1/servers/f29f6a5e-8621-4802-a679-d5c9a8fb2461 0.162s
2024-10-15 12:15:25.664 63301 INFO tempest.common.waiters [-] State transition "BUILD/networking" ==> "BUILD/spawning" after 41 second wait
2024-10-15 12:15:25.682 63319 INFO tempest.lib.common.rest_client [req-2b24b4f9-2235-407f-81fb-ddf92b5f37a7 req-2b24b4f9-2235-407f-81fb-ddf92b5f37a7 ] Request (ServersTestFqdnHostnames:test_create_server_with_fqdn_name): 200 GET http://10.180.1.21/compute/v2.1/servers/91a09343-c2d7-4f5d-ae0a-4a123af92fba 0.127s
2024-10-15 12:15:25.718 63339 INFO tempest.lib.common.rest_client [req-6cac93d5-a7d0-47f8-9c76-b938bdb24d05 req-6cac93d5-a7d0-47f8-9c76-b938bdb24d05 ] Request (ListServerFiltersTestJSON:setUpClass): 200 GET http://10.180.1.21/compute/v2.1/servers/c67b276f-07db-4cde-9f1c-efccc4d11c7d 0.128s
2024-10-15 12:15:25.757 63329 INFO tempest.lib.common.rest_client [req-4a28b208-8bc1-4caa-9bf9-cf1ce7fd56d3 req-4a28b208-8bc1-4caa-9bf9-cf1ce7fd56d3 ] Request (InstanceActionsNegativeTestJSON:setUpClass): 200 GET http://10.180.1.21/compute/v2.1/servers/20611ed4-97b3-4d6d-bef7-c13e1235c401 0.145s
2024-10-15 12:15:25.774 63333 INFO tempest.lib.common.rest_client [req-c6fbb73d-7194-4e0c-beb0-11054fbff4e1 req-c6fbb73d-7194-4e0c-beb0-11054fbff4e1 ] Request (ServerActionsTestOtherA:setUpClass): 200 GET http://10.180.1.21/compute/v2.1/servers/90c1832a-47c5-4f09-9921-21e15cb6fbb6 0.084s
2024-10-15 12:15:25.804 63305 INFO tempest.lib.common.rest_client [req-ea0c92a2-f0a1-4f45-8603-1d9167180d29 req-ea0c92a2-f0a1-4f45-8603-1d9167180d29 ] Request (VolumesAssistedSnapshotsTest:test_volume_assisted_snapshot_create_delete): 200 GET http://10.180.1.21/compute/v2.1/servers/d2c07175-b635-4900-9dab-9767e5f6bce4 0.084s
2024-10-15 12:15:25.821 63323 INFO tempest.lib.common.rest_client [req-906befc1-f2ce-4031-977c-fe805ef7ce3c req-906befc1-f2ce-4031-977c-fe805ef7ce3c ] Request (ServersTestJSON:setUpClass): 200 GET http://10.180.1.21/compute/v2.1/servers/34c01c2c-519b-44a1-aba2-c26e2c0b4737 0.067s
2024-10-15 12:15:25.853 63315 INFO tempest.lib.common.rest_client [req-23428ef6-ded5-4739-80fc-425d1fba56a3 req-23428ef6-ded5-4739-80fc-425d1fba56a3 ] Request (ServersNegativeTestJSON:setUpClass): 200 GET http://10.180.1.21/compute/v2.1/servers/5b778247-1434-447e-8ff1-7359bb9e8ea2 0.049s
2024-10-15 12:15:25.871 63325 INFO tempest.lib.common.rest_client [req-287fb958-a9f4-4ac8-9a44-ef63a67eee33 req-287fb958-a9f4-4ac8-9a44-ef63a67eee33 ] Request (ListImageFiltersTestJSON:setUpClass): 200 GET http://10.180.1.21/compute/v2.1/servers/945b5a77-96b9-4565-94a8-6f1a89dc3bbf 0.066s
2024-10-15 12:15:25.907 63281 INFO tempest.lib.common.rest_client [req-d0004661-04cd-4ec7-a83c-bb2818f4f78a req-d0004661-04cd-4ec7-a83c-bb2818f4f78a ] Request (ServerDiskConfigTestJSON:test_rebuild_server_with_auto_disk_config): 200 GET http://10.180.1.21/compute/v2.1/servers/eb42c667-b0ae-4807-8f69-88dd671aa7d7 0.046s
2024-10-15 12:15:25.944 63341 INFO tempest.lib.common.rest_client [req-1fa62ef0-15d9-4463-93ca-7355cd49a0a3 req-1fa62ef0-15d9-4463-93ca-7355cd49a0a3 ] Request (ServersAdmin275Test:tearDownClass): 200 GET http://10.180.1.21/compute/v2.1/servers/e8cfbce4-cfb2-463e-9f38-78a058dab6e1 0.062s
2024-10-15 12:15:25.958 63343 INFO tempest.lib.common.rest_client [req-57a49217-1cd3-4504-ad54-0125e7741027 req-57a49217-1cd3-4504-ad54-0125e7741027 ] Request (ServerMetadataTestJSON:setUpClass): 200 GET http://10.180.1.21/compute/v2.1/servers/966fe303-09b9-449f-8bda-4f6cda135f7a 0.047s
2024-10-15 12:15:25.986 63307 INFO tempest.lib.common.rest_client [req-60a0476d-4b57-4ab8-8b8e-2182c5a40ce8 req-60a0476d-4b57-4ab8-8b8e-2182c5a40ce8 ] Request (ServersTestBootFromVolume:setUpClass): 200 GET http://10.180.1.21/volume/v3/volumes/f7647177-d1ec-4638-8eb5-ab37e2a44684 0.024s
2024-10-15 12:15:26.067 63291 INFO tempest.lib.common.rest_client [req-ef1707a8-ac67-4895-924f-aa8e0802c113 req-ef1707a8-ac67-4895-924f-aa8e0802c113 ] Request (ServersTestManualDisk:setUpClass): 200 GET http://10.180.1.21/compute/v2.1/servers/498c8e1e-18c6-4e09-a90d-106600bed2cd 0.048s
2024-10-15 12:15:26.114 63297 INFO tempest.lib.common.rest_client [req-dcf81c6b-4d89-455f-9289-127376e246f5 req-dcf81c6b-4d89-455f-9289-127376e246f5 ] Request (ServersTestJSON:test_create_server_specify_multibyte_character_name): 200 GET http://10.180.1.21/compute/v2.1/servers/2b43620d-94ac-4c56-87df-4066f5d24088 0.055s
2024-10-15 12:15:26.167 63283 INFO tempest.lib.common.rest_client [req-f2122f2b-9571-4abc-91af-20fe407e64bd req-f2122f2b-9571-4abc-91af-20fe407e64bd ] Request (DeleteServersAdminTestJSON:test_delete_server_while_in_error_state): 200 GET http://10.180.1.21/compute/v2.1/servers/62bd4013-f007-4f69-b037-14bedf1e63cf 0.062s
2024-10-15 12:15:26.197 63321 INFO tempest.lib.common.rest_client [req-51d94302-608d-46db-88d3-6b2d6ceb3fae req-51d94302-608d-46db-88d3-6b2d6ceb3fae ] Request (AttachInterfacesTestJSON:test_create_list_show_delete_interfaces_by_fixed_ip): 200 GET http://10.180.1.21/compute/v2.1/servers/1219fe86-f218-4a2b-84ba-4a377829386d 0.236s
2024-10-15 12:15:26.211 63311 INFO tempest.lib.common.rest_client [req-0052bdaf-25a7-4c59-a1f5-2045d81ff848 req-0052bdaf-25a7-4c59-a1f5-2045d81ff848 ] Request (TenantUsagesTestJSON:setUpClass): 200 GET http://10.180.1.21/compute/v2.1/servers/02da88f0-7e3a-4eea-a88d-59a990c69f82 0.103s
2024-10-15 12:15:26.238 63295 INFO tempest.lib.common.rest_client [req-67b095e1-4635-4508-aad0-21b5db62c88f req-67b095e1-4635-4508-aad0-21b5db62c88f ] Request (ImagesOneServerNegativeTestJSON:setUpClass): 200 GET http://10.180.1.21/compute/v2.1/servers/ca92ddb4-cac8-450a-9b7e-d09ad082354a 0.072s
2024-10-15 12:15:26.289 63317 INFO tempest.lib.common.rest_client [req-79ad6c7f-fd7c-406b-9a1e-62ca5edf9543 req-79ad6c7f-fd7c-406b-9a1e-62ca5edf9543 ] Request (ServerActionsV293TestJSON:setUpClass): 200 GET http://10.180.1.21/volume/v3/volumes/71116ae7-0172-4886-812a-08c051efd24c 0.029s
2024-10-15 12:15:26.290 63313 INFO tempest.lib.common.rest_client [req-22d2adda-3164-49f3-a68a-138866a7290d req-22d2adda-3164-49f3-a68a-138866a7290d ] Request (ImagesOneServerTestJSON:setUpClass): 200 GET http://10.180.1.21/compute/v2.1/servers/c63c1740-fcec-47fa-a7b9-986b83c4abd9 0.066s
2024-10-15 12:15:26.301 63331 INFO tempest.lib.common.rest_client [req-a044bb05-3607-4266-83ee-56a3f038c149 req-a044bb05-3607-4266-83ee-56a3f038c149 ] Request (ServerDiagnosticsV248Test:tearDownClass): 200 GET http://10.180.1.21/compute/v2.1/servers/c4777721-3f65-455f-9973-c1ed0732de34 0.058s
2024-10-15 12:15:26.359 63309 INFO tempest.lib.common.rest_client [req-a130972e-e279-4756-9e92-7188df5209c3 req-a130972e-e279-4756-9e92-7188df5209c3 ] Request (ServerAddressesNegativeTestJSON:setUpClass): 200 GET http://10.180.1.21/compute/v2.1/servers/be5c7b15-c036-4a20-a21b-74bba67c9a2c 0.059s
2024-10-15 12:15:26.370 63303 INFO tempest.lib.common.rest_client [req-98a51665-41e2-4313-8f15-aebb9c7fdb1c req-98a51665-41e2-4313-8f15-aebb9c7fdb1c ] Request (ServerDiagnosticsNegativeTest:test_get_server_diagnostics_by_non_admin): 200 GET http://10.180.1.21/compute/v2.1/servers/6eb3e767-ff7d-4760-a036-a55647afac0f 0.065s
2024-10-15 12:15:26.415 63285 INFO tempest.lib.common.rest_client [req-62f8ef62-d962-443d-bced-e1ed56fa8376 req-62f8ef62-d962-443d-bced-e1ed56fa8376 ] Request (FloatingIPsAssociationNegativeTestJSON:setUpClass): 200 GET http://10.180.1.21/compute/v2.1/servers/9b7c2500-b6c1-4a82-bbbf-2a23139ddcb4 0.053s
2024-10-15 12:15:26.422 63327 INFO tempest.lib.common.rest_client [req-113d822f-dd6e-45fe-ab75-1c2474cd86fd req-113d822f-dd6e-45fe-ab75-1c2474cd86fd ] Request (AttachInterfacesUnderV243Test:test_add_remove_fixed_ip): 200 GET http://10.180.1.21/compute/v2.1/servers/6137d44e-9945-479d-9cf3-4a36bfa0e32c 0.061s
2024-10-15 12:15:26.465 63289 INFO tempest.lib.common.rest_client [req-e1f1d5b3-291e-4419-9e2e-5f93a0a95c5f req-e1f1d5b3-291e-4419-9e2e-5f93a0a95c5f ] Request (AttachInterfacesV270Test:test_create_get_list_interfaces): 200 GET http://10.180.1.21/compute/v2.1/servers/421e0f76-024d-4793-8f00-98731bb6b1af 0.048s
2024-10-15 12:15:26.518 63337 INFO tempest.lib.common.rest_client [req-ef866694-1dcd-4d3d-82f1-000504ea453b req-ef866694-1dcd-4d3d-82f1-000504ea453b ] Request (ServersTestMultiNic:test_verify_multiple_nics_order): 200 GET http://10.180.1.21/compute/v2.1/servers/f2b4485c-ebcb-4063-a25a-e2efe6d1758f 0.046s
2024-10-15 12:15:26.670 63287 INFO tempest.lib.common.rest_client [req-65817c97-9ed4-4fc1-b352-f5fe77ce675e req-65817c97-9ed4-4fc1-b352-f5fe77ce675e ] Request (ServersWithSpecificFlavorTestJSON:test_verify_created_server_ephemeral_disk): 200 GET http://10.180.1.21/compute/v2.1/servers/d6c76851-7059-40a4-a39b-e625c99dfcd9 0.055s
2024-10-15 12:15:26.716 63301 INFO tempest.lib.common.rest_client [req-1d1926f0-be0e-4e3d-9afc-c301c39d8bc1 req-1d1926f0-be0e-4e3d-9afc-c301c39d8bc1 ] Request (SecurityGroupsTestJSON:test_list_security_groups_by_server): 200 GET http://10.180.1.21/compute/v2.1/servers/f29f6a5e-8621-4802-a679-d5c9a8fb2461 0.051s
2024-10-15 12:15:26.741 63319 INFO tempest.lib.common.rest_client [req-07727d63-2e14-4eca-8dde-1e047b434856 req-07727d63-2e14-4eca-8dde-1e047b434856 ] Request (ServersTestFqdnHostnames:test_create_server_with_fqdn_name): 200 GET http://10.180.1.21/compute/v2.1/servers/91a09343-c2d7-4f5d-ae0a-4a123af92fba 0.048s
2024-10-15 12:15:26.773 63339 INFO tempest.lib.common.rest_client [req-14169061-7572-41e7-936c-5f3d64129b7c req-14169061-7572-41e7-936c-5f3d64129b7c ] Request (ListServerFiltersTestJSON:setUpClass): 200 GET http://10.180.1.21/compute/v2.1/servers/c67b276f-07db-4cde-9f1c-efccc4d11c7d 0.048s
2024-10-15 12:15:26.815 63329 INFO tempest.lib.common.rest_client [req-3981aeea-9e13-4486-84ef-08d8f242f4f2 req-3981aeea-9e13-4486-84ef-08d8f242f4f2 ] Request (InstanceActionsNegativeTestJSON:setUpClass): 200 GET http://10.180.1.21/compute/v2.1/servers/20611ed4-97b3-4d6d-bef7-c13e1235c401 0.045s
2024-10-15 12:15:26.827 63333 INFO tempest.lib.common.rest_client [req-56c3d02d-9b0d-4902-bc7f-9ab49d9aeabf req-56c3d02d-9b0d-4902-bc7f-9ab49d9aeabf ] Request (ServerActionsTestOtherA:setUpClass): 200 GET http://10.180.1.21/compute/v2.1/servers/90c1832a-47c5-4f09-9921-21e15cb6fbb6 0.047s
2024-10-15 12:15:26.860 63305 INFO tempest.lib.common.rest_client [req-8844c31e-97fb-494b-9577-59f46a447860 req-8844c31e-97fb-494b-9577-59f46a447860 ] Request (VolumesAssistedSnapshotsTest:test_volume_assisted_snapshot_create_delete): 200 GET http://10.180.1.21/compute/v2.1/servers/d2c07175-b635-4900-9dab-9767e5f6bce4 0.044s
2024-10-15 12:15:26.876 63323 INFO tempest.lib.common.rest_client [req-25d4e0e3-d2bf-470f-be30-0f775c07f4e2 req-25d4e0e3-d2bf-470f-be30-0f775c07f4e2 ] Request (ServersTestJSON:setUpClass): 200 GET http://10.180.1.21/compute/v2.1/servers/34c01c2c-519b-44a1-aba2-c26e2c0b4737 0.047s
2024-10-15 12:15:26.917 63315 INFO tempest.lib.common.rest_client [req-0670df65-569d-47d5-b560-400ba2328b69 req-0670df65-569d-47d5-b560-400ba2328b69 ] Request (ServersNegativeTestJSON:setUpClass): 200 GET http://10.180.1.21/compute/v2.1/servers/5b778247-1434-447e-8ff1-7359bb9e8ea2 0.056s
2024-10-15 12:15:26.929 63325 INFO tempest.lib.common.rest_client [req-0ff1e2d2-9de5-4705-804a-408c5448513c req-0ff1e2d2-9de5-4705-804a-408c5448513c ] Request (ListImageFiltersTestJSON:setUpClass): 200 GET http://10.180.1.21/compute/v2.1/servers/945b5a77-96b9-4565-94a8-6f1a89dc3bbf 0.051s
2024-10-15 12:15:26.962 63281 INFO tempest.lib.common.rest_client [req-f23cdfa8-5198-4f34-99ca-853f6a6aa192 req-f23cdfa8-5198-4f34-99ca-853f6a6aa192 ] Request (ServerDiskConfigTestJSON:test_rebuild_server_with_auto_disk_config): 200 GET http://10.180.1.21/compute/v2.1/servers/eb42c667-b0ae-4807-8f69-88dd671aa7d7 0.046s
2024-10-15 12:15:27.010 63343 INFO tempest.lib.common.rest_client [req-52d6daf4-c2d6-4a5e-96a5-45ca708a722e req-52d6daf4-c2d6-4a5e-96a5-45ca708a722e ] Request (ServerMetadataTestJSON:setUpClass): 200 GET http://10.180.1.21/compute/v2.1/servers/966fe303-09b9-449f-8bda-4f6cda135f7a 0.044s
2024-10-15 12:15:27.017 63341 INFO tempest.lib.common.rest_client [req-a4192daa-9aed-4e8e-afe2-4707ea2fe961 req-a4192daa-9aed-4e8e-afe2-4707ea2fe961 ] Request (ServersAdmin275Test:tearDownClass): 200 GET http://10.180.1.21/compute/v2.1/servers/e8cfbce4-cfb2-463e-9f38-78a058dab6e1 0.064s
2024-10-15 12:15:27.021 63307 INFO tempest.lib.common.rest_client [req-505c4ce4-c515-4ef2-a038-236aca97c0be req-505c4ce4-c515-4ef2-a038-236aca97c0be ] Request (ServersTestBootFromVolume:setUpClass): 200 GET http://10.180.1.21/volume/v3/volumes/f7647177-d1ec-4638-8eb5-ab37e2a44684 0.028s
2024-10-15 12:15:27.119 63291 INFO tempest.lib.common.rest_client [req-d044db0b-44ba-4f53-b973-9c8524088122 req-d044db0b-44ba-4f53-b973-9c8524088122 ] Request (ServersTestManualDisk:setUpClass): 200 GET http://10.180.1.21/compute/v2.1/servers/498c8e1e-18c6-4e09-a90d-106600bed2cd 0.045s
2024-10-15 12:15:27.171 63297 INFO tempest.lib.common.rest_client [req-a2e6ec39-34a7-4946-9e2d-3e05dca00207 req-a2e6ec39-34a7-4946-9e2d-3e05dca00207 ] Request (ServersTestJSON:test_create_server_specify_multibyte_character_name): 200 GET http://10.180.1.21/compute/v2.1/servers/2b43620d-94ac-4c56-87df-4066f5d24088 0.045s
2024-10-15 12:15:27.219 63283 INFO tempest.lib.common.rest_client [req-2518187c-7038-46b4-afde-938331da1ff4 req-2518187c-7038-46b4-afde-938331da1ff4 ] Request (DeleteServersAdminTestJSON:test_delete_server_while_in_error_state): 200 GET http://10.180.1.21/compute/v2.1/servers/62bd4013-f007-4f69-b037-14bedf1e63cf 0.045s
2024-10-15 12:15:27.250 63321 INFO tempest.lib.common.rest_client [req-a3684554-7b59-40af-9deb-6a4ea6490b27 req-a3684554-7b59-40af-9deb-6a4ea6490b27 ] Request (AttachInterfacesTestJSON:test_create_list_show_delete_interfaces_by_fixed_ip): 200 GET http://10.180.1.21/compute/v2.1/servers/1219fe86-f218-4a2b-84ba-4a377829386d 0.046s
2024-10-15 12:15:27.261 63311 INFO tempest.lib.common.rest_client [req-eb776df4-b3c0-4e1c-9efc-b27b9bb90c2e req-eb776df4-b3c0-4e1c-9efc-b27b9bb90c2e ] Request (TenantUsagesTestJSON:setUpClass): 200 GET http://10.180.1.21/compute/v2.1/servers/02da88f0-7e3a-4eea-a88d-59a990c69f82 0.044s
2024-10-15 12:15:27.294 63295 INFO tempest.lib.common.rest_client [req-f19886f3-6b90-408c-a44f-5bf342979e85 req-f19886f3-6b90-408c-a44f-5bf342979e85 ] Request (ImagesOneServerNegativeTestJSON:setUpClass): 200 GET http://10.180.1.21/compute/v2.1/servers/ca92ddb4-cac8-450a-9b7e-d09ad082354a 0.048s
2024-10-15 12:15:27.317 63317 INFO tempest.lib.common.rest_client [req-66c3f419-6acb-4ab1-be45-73ad0c8e425c req-66c3f419-6acb-4ab1-be45-73ad0c8e425c ] Request (ServerActionsV293TestJSON:setUpClass): 200 GET http://10.180.1.21/volume/v3/volumes/71116ae7-0172-4886-812a-08c051efd24c 0.021s
2024-10-15 12:15:27.354 63313 INFO tempest.lib.common.rest_client [req-c0656c1d-b3d6-4ea8-86e5-cc90080f87c7 req-c0656c1d-b3d6-4ea8-86e5-cc90080f87c7 ] Request (ImagesOneServerTestJSON:setUpClass): 200 GET http://10.180.1.21/compute/v2.1/servers/c63c1740-fcec-47fa-a7b9-986b83c4abd9 0.049s
2024-10-15 12:15:27.370 63331 INFO tempest.lib.common.rest_client [req-0d0ded97-1e47-4523-ae66-706ec80c6a24 req-0d0ded97-1e47-4523-ae66-706ec80c6a24 ] Request (ServerDiagnosticsV248Test:tearDownClass): 200 GET http://10.180.1.21/compute/v2.1/servers/c4777721-3f65-455f-9973-c1ed0732de34 0.059s
2024-10-15 12:15:27.416 63309 INFO tempest.lib.common.rest_client [req-81987a2c-52cf-4772-b705-ca12810b0335 req-81987a2c-52cf-4772-b705-ca12810b0335 ] Request (ServerAddressesNegativeTestJSON:setUpClass): 200 GET http://10.180.1.21/compute/v2.1/servers/be5c7b15-c036-4a20-a21b-74bba67c9a2c 0.049s
2024-10-15 12:15:27.437 63303 INFO tempest.lib.common.rest_client [req-610823e5-d293-45cc-983d-c9880cd11e46 req-610823e5-d293-45cc-983d-c9880cd11e46 ] Request (ServerDiagnosticsNegativeTest:test_get_server_diagnostics_by_non_admin): 200 GET http://10.180.1.21/compute/v2.1/servers/6eb3e767-ff7d-4760-a036-a55647afac0f 0.058s
2024-10-15 12:15:27.480 63285 INFO tempest.lib.common.rest_client [req-ec545630-d2d8-4290-9fe4-6a227d016667 req-ec545630-d2d8-4290-9fe4-6a227d016667 ] Request (FloatingIPsAssociationNegativeTestJSON:setUpClass): 200 GET http://10.180.1.21/compute/v2.1/servers/9b7c2500-b6c1-4a82-bbbf-2a23139ddcb4 0.059s
2024-10-15 12:15:27.499 63327 INFO tempest.lib.common.rest_client [req-7ec7da25-6692-4014-ba94-ddd48524593f req-7ec7da25-6692-4014-ba94-ddd48524593f ] Request (AttachInterfacesUnderV243Test:test_add_remove_fixed_ip): 200 GET http://10.180.1.21/compute/v2.1/servers/6137d44e-9945-479d-9cf3-4a36bfa0e32c 0.068s
2024-10-15 12:15:27.535 63289 INFO tempest.lib.common.rest_client [req-3eb95dbc-dd08-478c-b969-357332559d5d req-3eb95dbc-dd08-478c-b969-357332559d5d ] Request (AttachInterfacesV270Test:test_create_get_list_interfaces): 200 GET http://10.180.1.21/compute/v2.1/servers/421e0f76-024d-4793-8f00-98731bb6b1af 0.059s
2024-10-15 12:15:27.577 63337 INFO tempest.lib.common.rest_client [req-210aa2f3-3bb0-4931-810e-3d80cd3e594f req-210aa2f3-3bb0-4931-810e-3d80cd3e594f ] Request (ServersTestMultiNic:test_verify_multiple_nics_order): 200 GET http://10.180.1.21/compute/v2.1/servers/f2b4485c-ebcb-4063-a25a-e2efe6d1758f 0.050s
2024-10-15 12:15:27.743 63287 INFO tempest.lib.common.rest_client [req-d6566e2d-9ce7-45ec-a778-a688bb95bff7 req-d6566e2d-9ce7-45ec-a778-a688bb95bff7 ] Request (ServersWithSpecificFlavorTestJSON:test_verify_created_server_ephemeral_disk): 200 GET http://10.180.1.21/compute/v2.1/servers/d6c76851-7059-40a4-a39b-e625c99dfcd9 0.066s
2024-10-15 12:15:27.778 63301 INFO tempest.lib.common.rest_client [req-bd0d7754-7b48-444e-b38f-c324edba6269 req-bd0d7754-7b48-444e-b38f-c324edba6269 ] Request (SecurityGroupsTestJSON:test_list_security_groups_by_server): 200 GET http://10.180.1.21/compute/v2.1/servers/f29f6a5e-8621-4802-a679-d5c9a8fb2461 0.056s
2024-10-15 12:15:27.801 63319 INFO tempest.lib.common.rest_client [req-9d0daa8b-5df1-4f62-a2ac-2b11cb5c027b req-9d0daa8b-5df1-4f62-a2ac-2b11cb5c027b ] Request (ServersTestFqdnHostnames:test_create_server_with_fqdn_name): 200 GET http://10.180.1.21/compute/v2.1/servers/91a09343-c2d7-4f5d-ae0a-4a123af92fba 0.051s
2024-10-15 12:15:27.829 63339 INFO tempest.lib.common.rest_client [req-f651311d-3bc4-4941-8caf-6662261d08a5 req-f651311d-3bc4-4941-8caf-6662261d08a5 ] Request (ListServerFiltersTestJSON:setUpClass): 200 GET http://10.180.1.21/compute/v2.1/servers/c67b276f-07db-4cde-9f1c-efccc4d11c7d 0.049s
2024-10-15 12:15:27.870 63329 INFO tempest.lib.common.rest_client [req-a4df1a05-b5ac-43c0-854c-2bed5083b2eb req-a4df1a05-b5ac-43c0-854c-2bed5083b2eb ] Request (InstanceActionsNegativeTestJSON:setUpClass): 200 GET http://10.180.1.21/compute/v2.1/servers/20611ed4-97b3-4d6d-bef7-c13e1235c401 0.048s
2024-10-15 12:15:27.878 63333 INFO tempest.lib.common.rest_client [req-d1014478-811e-41cf-b0d3-c13ef6b26256 req-d1014478-811e-41cf-b0d3-c13ef6b26256 ] Request (ServerActionsTestOtherA:setUpClass): 200 GET http://10.180.1.21/compute/v2.1/servers/90c1832a-47c5-4f09-9921-21e15cb6fbb6 0.045s
2024-10-15 12:15:27.913 63305 INFO tempest.lib.common.rest_client [req-4afaffbb-eb03-433a-8385-36514186062c req-4afaffbb-eb03-433a-8385-36514186062c ] Request (VolumesAssistedSnapshotsTest:test_volume_assisted_snapshot_create_delete): 200 GET http://10.180.1.21/compute/v2.1/servers/d2c07175-b635-4900-9dab-9767e5f6bce4 0.045s
2024-10-15 12:15:27.930 63323 INFO tempest.lib.common.rest_client [req-274b677f-b4cc-46ce-8986-5ce3bddb505f req-274b677f-b4cc-46ce-8986-5ce3bddb505f ] Request (ServersTestJSON:setUpClass): 200 GET http://10.180.1.21/compute/v2.1/servers/34c01c2c-519b-44a1-aba2-c26e2c0b4737 0.046s
2024-10-15 12:15:27.970 63315 INFO tempest.lib.common.rest_client [req-ca31e16c-761b-4790-869a-8f019f27c7c1 req-ca31e16c-761b-4790-869a-8f019f27c7c1 ] Request (ServersNegativeTestJSON:setUpClass): 200 GET http://10.180.1.21/compute/v2.1/servers/5b778247-1434-447e-8ff1-7359bb9e8ea2 0.046s
2024-10-15 12:15:27.981 63325 INFO tempest.lib.common.rest_client [req-941663ab-3f65-4968-aeec-58bd29eb83f7 req-941663ab-3f65-4968-aeec-58bd29eb83f7 ] Request (ListImageFiltersTestJSON:setUpClass): 200 GET http://10.180.1.21/compute/v2.1/servers/945b5a77-96b9-4565-94a8-6f1a89dc3bbf 0.045s
2024-10-15 12:15:28.011 63281 INFO tempest.lib.common.rest_client [req-8a60f0d2-dbbd-4f71-afa6-c657bcc976a9 req-8a60f0d2-dbbd-4f71-afa6-c657bcc976a9 ] Request (ServerDiskConfigTestJSON:test_rebuild_server_with_auto_disk_config): 200 GET http://10.180.1.21/compute/v2.1/servers/eb42c667-b0ae-4807-8f69-88dd671aa7d7 0.041s
2024-10-15 12:15:28.049 63307 INFO tempest.lib.common.rest_client [req-28bd6055-20b0-4924-85b3-7ce2699d5f1b req-28bd6055-20b0-4924-85b3-7ce2699d5f1b ] Request (ServersTestBootFromVolume:setUpClass): 200 GET http://10.180.1.21/volume/v3/volumes/f7647177-d1ec-4638-8eb5-ab37e2a44684 0.020s
2024-10-15 12:15:28.061 63343 INFO tempest.lib.common.rest_client [req-278f2f8d-c401-45ce-b364-dca54854559e req-278f2f8d-c401-45ce-b364-dca54854559e ] Request (ServerMetadataTestJSON:setUpClass): 200 GET http://10.180.1.21/compute/v2.1/servers/966fe303-09b9-449f-8bda-4f6cda135f7a 0.045s
2024-10-15 12:15:28.081 63341 INFO tempest.lib.common.rest_client [req-e6c76172-40a1-4d3b-824c-eec138a8ccb5 req-e6c76172-40a1-4d3b-824c-eec138a8ccb5 ] Request (ServersAdmin275Test:tearDownClass): 200 GET http://10.180.1.21/compute/v2.1/servers/e8cfbce4-cfb2-463e-9f38-78a058dab6e1 0.054s
2024-10-15 12:15:28.184 63291 INFO tempest.lib.common.rest_client [req-a5c1126b-b6db-4f94-9f81-3210ad7104dc req-a5c1126b-b6db-4f94-9f81-3210ad7104dc ] Request (ServersTestManualDisk:setUpClass): 200 GET http://10.180.1.21/compute/v2.1/servers/498c8e1e-18c6-4e09-a90d-106600bed2cd 0.058s
2024-10-15 12:15:28.230 63297 INFO tempest.lib.common.rest_client [req-d2137920-0a0a-4fa9-a09f-ec66ddefe0c9 req-d2137920-0a0a-4fa9-a09f-ec66ddefe0c9 ] Request (ServersTestJSON:test_create_server_specify_multibyte_character_name): 200 GET http://10.180.1.21/compute/v2.1/servers/2b43620d-94ac-4c56-87df-4066f5d24088 0.052s
2024-10-15 12:15:28.291 63283 INFO tempest.lib.common.rest_client [req-77561af1-fb93-4298-bd83-3627379915ad req-77561af1-fb93-4298-bd83-3627379915ad ] Request (DeleteServersAdminTestJSON:test_delete_server_while_in_error_state): 200 GET http://10.180.1.21/compute/v2.1/servers/62bd4013-f007-4f69-b037-14bedf1e63cf 0.064s
2024-10-15 12:15:28.310 63321 INFO tempest.lib.common.rest_client [req-c22af3fe-c0b3-42fc-8acf-4443f16e8b57 req-c22af3fe-c0b3-42fc-8acf-4443f16e8b57 ] Request (AttachInterfacesTestJSON:test_create_list_show_delete_interfaces_by_fixed_ip): 200 GET http://10.180.1.21/compute/v2.1/servers/1219fe86-f218-4a2b-84ba-4a377829386d 0.053s
2024-10-15 12:15:28.340 63311 INFO tempest.lib.common.rest_client [req-eee23395-2fd7-4c7c-be32-ecd06a922b5f req-eee23395-2fd7-4c7c-be32-ecd06a922b5f ] Request (TenantUsagesTestJSON:setUpClass): 200 GET http://10.180.1.21/compute/v2.1/servers/02da88f0-7e3a-4eea-a88d-59a990c69f82 0.072s
2024-10-15 12:15:28.347 63317 INFO tempest.lib.common.rest_client [req-b28bbb70-33be-4197-a268-b17af08b3518 req-b28bbb70-33be-4197-a268-b17af08b3518 ] Request (ServerActionsV293TestJSON:setUpClass): 200 GET http://10.180.1.21/volume/v3/volumes/71116ae7-0172-4886-812a-08c051efd24c 0.022s
2024-10-15 12:15:28.357 63295 INFO tempest.lib.common.rest_client [req-2187444e-45bf-4011-b0b8-05a8e0908f94 req-2187444e-45bf-4011-b0b8-05a8e0908f94 ] Request (ImagesOneServerNegativeTestJSON:setUpClass): 200 GET http://10.180.1.21/compute/v2.1/servers/ca92ddb4-cac8-450a-9b7e-d09ad082354a 0.056s
2024-10-15 12:15:28.408 63313 INFO tempest.lib.common.rest_client [req-9b64f0c5-6afa-4a5a-adc7-b7556dbb13ac req-9b64f0c5-6afa-4a5a-adc7-b7556dbb13ac ] Request (ImagesOneServerTestJSON:setUpClass): 200 GET http://10.180.1.21/compute/v2.1/servers/c63c1740-fcec-47fa-a7b9-986b83c4abd9 0.047s
2024-10-15 12:15:28.437 63331 INFO tempest.lib.common.rest_client [req-37c8e91c-2c0c-44dd-aadf-bfc23eb0a76a req-37c8e91c-2c0c-44dd-aadf-bfc23eb0a76a ] Request (ServerDiagnosticsV248Test:tearDownClass): 200 GET http://10.180.1.21/compute/v2.1/servers/c4777721-3f65-455f-9973-c1ed0732de34 0.058s
2024-10-15 12:15:28.472 63309 INFO tempest.lib.common.rest_client [req-7055fc4a-58cd-46f5-8cf2-b0e22143a7bf req-7055fc4a-58cd-46f5-8cf2-b0e22143a7bf ] Request (ServerAddressesNegativeTestJSON:setUpClass): 200 GET http://10.180.1.21/compute/v2.1/servers/be5c7b15-c036-4a20-a21b-74bba67c9a2c 0.050s
2024-10-15 12:15:28.489 63303 INFO tempest.lib.common.rest_client [req-52e5587f-a571-4b75-ba11-9d4f9fe534d7 req-52e5587f-a571-4b75-ba11-9d4f9fe534d7 ] Request (ServerDiagnosticsNegativeTest:test_get_server_diagnostics_by_non_admin): 200 GET http://10.180.1.21/compute/v2.1/servers/6eb3e767-ff7d-4760-a036-a55647afac0f 0.045s
2024-10-15 12:15:28.540 63285 INFO tempest.lib.common.rest_client [req-c320fbbe-bdc0-4da1-931f-d9f1caaf1132 req-c320fbbe-bdc0-4da1-931f-d9f1caaf1132 ] Request (FloatingIPsAssociationNegativeTestJSON:setUpClass): 200 GET http://10.180.1.21/compute/v2.1/servers/9b7c2500-b6c1-4a82-bbbf-2a23139ddcb4 0.047s
2024-10-15 12:15:28.551 63327 INFO tempest.lib.common.rest_client [req-d46b17b4-62cd-4682-b32a-9251d17a8e8e req-d46b17b4-62cd-4682-b32a-9251d17a8e8e ] Request (AttachInterfacesUnderV243Test:test_add_remove_fixed_ip): 200 GET http://10.180.1.21/compute/v2.1/servers/6137d44e-9945-479d-9cf3-4a36bfa0e32c 0.046s
2024-10-15 12:15:28.600 63289 INFO tempest.lib.common.rest_client [req-1b4475da-b117-4ee8-88a6-d7c24e1220d4 req-1b4475da-b117-4ee8-88a6-d7c24e1220d4 ] Request (AttachInterfacesV270Test:test_create_get_list_interfaces): 200 GET http://10.180.1.21/compute/v2.1/servers/421e0f76-024d-4793-8f00-98731bb6b1af 0.053s
2024-10-15 12:15:28.631 63337 INFO tempest.lib.common.rest_client [req-daec4f52-747a-47f7-96a8-7bd413506104 req-daec4f52-747a-47f7-96a8-7bd413506104 ] Request (ServersTestMultiNic:test_verify_multiple_nics_order): 200 GET http://10.180.1.21/compute/v2.1/servers/f2b4485c-ebcb-4063-a25a-e2efe6d1758f 0.047s
2024-10-15 12:15:28.805 63287 INFO tempest.lib.common.rest_client [req-4e3dcf20-b848-46aa-858c-853c7317ce14 req-4e3dcf20-b848-46aa-858c-853c7317ce14 ] Request (ServersWithSpecificFlavorTestJSON:test_verify_created_server_ephemeral_disk): 200 GET http://10.180.1.21/compute/v2.1/servers/d6c76851-7059-40a4-a39b-e625c99dfcd9 0.054s
2024-10-15 12:15:28.837 63301 INFO tempest.lib.common.rest_client [req-9b380d30-525f-495b-a03d-6d042657eec5 req-9b380d30-525f-495b-a03d-6d042657eec5 ] Request (SecurityGroupsTestJSON:test_list_security_groups_by_server): 200 GET http://10.180.1.21/compute/v2.1/servers/f29f6a5e-8621-4802-a679-d5c9a8fb2461 0.051s
2024-10-15 12:15:28.859 63319 INFO tempest.lib.common.rest_client [req-0a93b7ae-3e98-41d5-b37b-4417f8a38200 req-0a93b7ae-3e98-41d5-b37b-4417f8a38200 ] Request (ServersTestFqdnHostnames:test_create_server_with_fqdn_name): 200 GET http://10.180.1.21/compute/v2.1/servers/91a09343-c2d7-4f5d-ae0a-4a123af92fba 0.051s
2024-10-15 12:15:28.885 63339 INFO tempest.lib.common.rest_client [req-258c5a8e-b35b-40b6-a7de-04c764aafe40 req-258c5a8e-b35b-40b6-a7de-04c764aafe40 ] Request (ListServerFiltersTestJSON:setUpClass): 200 GET http://10.180.1.21/compute/v2.1/servers/c67b276f-07db-4cde-9f1c-efccc4d11c7d 0.049s
2024-10-15 12:15:28.930 63329 INFO tempest.lib.common.rest_client [req-c73a44c5-d125-40ae-9171-187db4035bd0 req-c73a44c5-d125-40ae-9171-187db4035bd0 ] Request (InstanceActionsNegativeTestJSON:setUpClass): 200 GET http://10.180.1.21/compute/v2.1/servers/20611ed4-97b3-4d6d-bef7-c13e1235c401 0.053s
2024-10-15 12:15:28.932 63333 INFO tempest.lib.common.rest_client [req-64bc01d6-9f76-4ce9-b3e4-80af53f4bfda req-64bc01d6-9f76-4ce9-b3e4-80af53f4bfda ] Request (ServerActionsTestOtherA:setUpClass): 200 GET http://10.180.1.21/compute/v2.1/servers/90c1832a-47c5-4f09-9921-21e15cb6fbb6 0.047s
2024-10-15 12:15:28.981 63305 INFO tempest.lib.common.rest_client [req-593d2837-a8ec-430b-8265-4f3d9616bf50 req-593d2837-a8ec-430b-8265-4f3d9616bf50 ] Request (VolumesAssistedSnapshotsTest:test_volume_assisted_snapshot_create_delete): 200 GET http://10.180.1.21/compute/v2.1/servers/d2c07175-b635-4900-9dab-9767e5f6bce4 0.062s
2024-10-15 12:15:28.987 63305 INFO tempest.common.waiters [-] State transition "BUILD/spawning" ==> "BUILD/scheduling" after 61 second wait
2024-10-15 12:15:28.995 63323 INFO tempest.lib.common.rest_client [req-c6008b17-d17d-494c-ba72-e19badd1fb32 req-c6008b17-d17d-494c-ba72-e19badd1fb32 ] Request (ServersTestJSON:setUpClass): 200 GET http://10.180.1.21/compute/v2.1/servers/34c01c2c-519b-44a1-aba2-c26e2c0b4737 0.057s
2024-10-15 12:15:29.035 63315 INFO tempest.lib.common.rest_client [req-b4963a9e-7555-4e25-903e-d608f00f75ed req-b4963a9e-7555-4e25-903e-d608f00f75ed ] Request (ServersNegativeTestJSON:setUpClass): 200 GET http://10.180.1.21/compute/v2.1/servers/5b778247-1434-447e-8ff1-7359bb9e8ea2 0.058s
2024-10-15 12:15:29.037 63325 INFO tempest.lib.common.rest_client [req-bbe8c602-12eb-44aa-be7f-d6e580020bbd req-bbe8c602-12eb-44aa-be7f-d6e580020bbd ] Request (ListImageFiltersTestJSON:setUpClass): 200 GET http://10.180.1.21/compute/v2.1/servers/945b5a77-96b9-4565-94a8-6f1a89dc3bbf 0.050s
2024-10-15 12:15:29.080 63281 INFO tempest.lib.common.rest_client [req-44884626-ead4-4387-9e17-12cde932429d req-44884626-ead4-4387-9e17-12cde932429d ] Request (ServerDiskConfigTestJSON:test_rebuild_server_with_auto_disk_config): 200 GET http://10.180.1.21/compute/v2.1/servers/eb42c667-b0ae-4807-8f69-88dd671aa7d7 0.062s
2024-10-15 12:15:29.083 63307 INFO tempest.lib.common.rest_client [req-ea664053-5c49-4998-8a2e-586abe365cc1 req-ea664053-5c49-4998-8a2e-586abe365cc1 ] Request (ServersTestBootFromVolume:setUpClass): 200 GET http://10.180.1.21/volume/v3/volumes/f7647177-d1ec-4638-8eb5-ab37e2a44684 0.028s
2024-10-15 12:15:29.089 63307 INFO tempest.common.waiters [-] volume f7647177-d1ec-4638-8eb5-ab37e2a44684 reached available after waiting for 21.089594 seconds
2024-10-15 12:15:29.115 63343 INFO tempest.lib.common.rest_client [req-0a77adfe-ec40-4da8-881a-b9d9343f631e req-0a77adfe-ec40-4da8-881a-b9d9343f631e ] Request (ServerMetadataTestJSON:setUpClass): 200 GET http://10.180.1.21/compute/v2.1/servers/966fe303-09b9-449f-8bda-4f6cda135f7a 0.045s
2024-10-15 12:15:29.134 63341 INFO tempest.lib.common.rest_client [req-6db5801c-4282-414a-8280-4cdd2b55a4b8 req-6db5801c-4282-414a-8280-4cdd2b55a4b8 ] Request (ServersAdmin275Test:tearDownClass): 404 GET http://10.180.1.21/compute/v2.1/servers/e8cfbce4-cfb2-463e-9f38-78a058dab6e1 0.044s
2024-10-15 12:15:29.203 63341 INFO tempest.lib.common.rest_client [req-14703421-4a3d-4ab3-8766-71ff025cb511 req-14703421-4a3d-4ab3-8766-71ff025cb511 ] Request (ServersAdmin275Test:tearDownClass): 204 DELETE http://10.180.1.21/identity/v3/users/eada29292c684311b22de6a6f67ff4bc 0.068s
2024-10-15 12:15:29.240 63291 INFO tempest.lib.common.rest_client [req-a09e2dae-91cc-48b4-a2c9-63bbc3839497 req-a09e2dae-91cc-48b4-a2c9-63bbc3839497 ] Request (ServersTestManualDisk:setUpClass): 200 GET http://10.180.1.21/compute/v2.1/servers/498c8e1e-18c6-4e09-a90d-106600bed2cd 0.048s
2024-10-15 12:15:29.294 63297 INFO tempest.lib.common.rest_client [req-131848bd-9535-4c7d-8e12-44305f35393f req-131848bd-9535-4c7d-8e12-44305f35393f ] Request (ServersTestJSON:test_create_server_specify_multibyte_character_name): 200 GET http://10.180.1.21/compute/v2.1/servers/2b43620d-94ac-4c56-87df-4066f5d24088 0.056s
2024-10-15 12:15:29.319 63341 INFO tempest.lib.common.rest_client [req-e785565a-1131-4b2a-981c-97f60ef8880f req-e785565a-1131-4b2a-981c-97f60ef8880f ] Request (ServersAdmin275Test:tearDownClass): 204 DELETE http://10.180.1.21/identity/v3/users/2aacc7d91a814094a4a001498dd89562 0.116s
2024-10-15 12:15:29.320 63341 INFO tempest.lib.common.dynamic_creds [-] Deleting project and security group for project: a37e9bac87db474687434f85fa920fa8
2024-10-15 12:15:29.351 63283 INFO tempest.lib.common.rest_client [req-c2ec4d41-5ef6-4d1f-8e3c-dc18a283307f req-c2ec4d41-5ef6-4d1f-8e3c-dc18a283307f ] Request (DeleteServersAdminTestJSON:test_delete_server_while_in_error_state): 200 GET http://10.180.1.21/compute/v2.1/servers/62bd4013-f007-4f69-b037-14bedf1e63cf 0.052s
2024-10-15 12:15:29.385 63317 INFO tempest.lib.common.rest_client [req-5a7afba3-aa52-4abf-a474-f85f3bd07a5f req-5a7afba3-aa52-4abf-a474-f85f3bd07a5f ] Request (ServerActionsV293TestJSON:setUpClass): 200 GET http://10.180.1.21/volume/v3/volumes/71116ae7-0172-4886-812a-08c051efd24c 0.029s
2024-10-15 12:15:29.388 63341 INFO tempest.lib.common.rest_client [req-cd9e1349-5e76-4aea-a8c2-83a228e16154 req-cd9e1349-5e76-4aea-a8c2-83a228e16154 ] Request (ServersAdmin275Test:tearDownClass): 201 POST http://10.180.1.21/identity/v3/auth/tokens 0.068s
2024-10-15 12:15:29.406 63321 INFO tempest.lib.common.rest_client [req-981d2a7a-a378-4db7-a6bb-a7fbe439111e req-981d2a7a-a378-4db7-a6bb-a7fbe439111e ] Request (AttachInterfacesTestJSON:test_create_list_show_delete_interfaces_by_fixed_ip): 200 GET http://10.180.1.21/compute/v2.1/servers/1219fe86-f218-4a2b-84ba-4a377829386d 0.089s
2024-10-15 12:15:29.451 63311 INFO tempest.lib.common.rest_client [req-f9aa51b7-5b72-4023-9b93-3bd4359a6be4 req-f9aa51b7-5b72-4023-9b93-3bd4359a6be4 ] Request (TenantUsagesTestJSON:setUpClass): 200 GET http://10.180.1.21/compute/v2.1/servers/02da88f0-7e3a-4eea-a88d-59a990c69f82 0.104s
2024-10-15 12:15:29.499 63295 INFO tempest.lib.common.rest_client [req-72f80ec4-f775-4789-a367-a9841ae521cd req-72f80ec4-f775-4789-a367-a9841ae521cd ] Request (ImagesOneServerNegativeTestJSON:setUpClass): 200 GET http://10.180.1.21/compute/v2.1/servers/ca92ddb4-cac8-450a-9b7e-d09ad082354a 0.135s
2024-10-15 12:15:29.532 63341 INFO tempest.lib.common.rest_client [req-8ffedd9c-8858-45f3-9e79-fbecfafd3e13 req-8ffedd9c-8858-45f3-9e79-fbecfafd3e13 ] Request (ServersAdmin275Test:tearDownClass): 200 GET http://10.180.1.21:9696/networking/v2.0/security-groups?tenant_id=a37e9bac87db474687434f85fa920fa8&name=default 0.144s
2024-10-15 12:15:29.546 63313 INFO tempest.lib.common.rest_client [req-084aba78-f5d5-474f-be87-ee5401a98ded req-084aba78-f5d5-474f-be87-ee5401a98ded ] Request (ImagesOneServerTestJSON:setUpClass): 200 GET http://10.180.1.21/compute/v2.1/servers/c63c1740-fcec-47fa-a7b9-986b83c4abd9 0.132s
2024-10-15 12:15:29.568 63307 INFO tempest.lib.common.rest_client [req-a6077124-74e2-4777-9beb-9998c6275315 req-a6077124-74e2-4777-9beb-9998c6275315 ] Request (ServersTestBootFromVolume:setUpClass): 202 POST http://10.180.1.21/compute/v2.1/servers 0.478s
2024-10-15 12:15:29.612 63331 INFO tempest.lib.common.rest_client [req-9b197da1-5e33-4390-b2b4-e0ece222cca8 req-9b197da1-5e33-4390-b2b4-e0ece222cca8 ] Request (ServerDiagnosticsV248Test:tearDownClass): 200 GET http://10.180.1.21/compute/v2.1/servers/c4777721-3f65-455f-9973-c1ed0732de34 0.167s
2024-10-15 12:15:29.620 63309 INFO tempest.lib.common.rest_client [req-47a85f5d-5e60-4ee5-a016-89463562db36 req-47a85f5d-5e60-4ee5-a016-89463562db36 ] Request (ServerAddressesNegativeTestJSON:setUpClass): 200 GET http://10.180.1.21/compute/v2.1/servers/be5c7b15-c036-4a20-a21b-74bba67c9a2c 0.141s
2024-10-15 12:15:29.634 63341 INFO tempest.lib.common.rest_client [req-9fdab692-b3d1-4969-9ff2-e1a990883d6f req-9fdab692-b3d1-4969-9ff2-e1a990883d6f ] Request (ServersAdmin275Test:tearDownClass): 204 DELETE http://10.180.1.21:9696/networking/v2.0/security-groups/177fe93f-3afe-4e47-a26c-ad792f79b5ef 0.101s
2024-10-15 12:15:29.687 63285 INFO tempest.lib.common.rest_client [req-74fca3f9-dd9f-4e75-8c35-906171dc3de1 req-74fca3f9-dd9f-4e75-8c35-906171dc3de1 ] Request (FloatingIPsAssociationNegativeTestJSON:setUpClass): 200 GET http://10.180.1.21/compute/v2.1/servers/9b7c2500-b6c1-4a82-bbbf-2a23139ddcb4 0.139s
2024-10-15 12:15:29.737 63327 INFO tempest.lib.common.rest_client [req-a6deeaa5-63a9-4881-9fd2-f0f9a3a3a664 req-a6deeaa5-63a9-4881-9fd2-f0f9a3a3a664 ] Request (AttachInterfacesUnderV243Test:test_add_remove_fixed_ip): 200 GET http://10.180.1.21/compute/v2.1/servers/6137d44e-9945-479d-9cf3-4a36bfa0e32c 0.177s
2024-10-15 12:15:29.757 63341 INFO tempest.lib.common.rest_client [req-122b9ddd-03bc-4b77-9c80-6db743b60118 req-122b9ddd-03bc-4b77-9c80-6db743b60118 ] Request (ServersAdmin275Test:tearDownClass): 204 DELETE http://10.180.1.21/identity/v3/projects/a37e9bac87db474687434f85fa920fa8 0.123s
2024-10-15 12:15:29.757 63341 INFO tempest.lib.common.dynamic_creds [-] Deleting project and security group for project: ace9922ecaac4a6fb811bd5f51dba841
