2024-09-30 16:44:29.096 62365 INFO tempest.lib.common.rest_client [req-d8836973-8523-4bef-a6f5-8741c8af405e req-d8836973-8523-4bef-a6f5-8741c8af405e ] Request (HypervisorAdminV228Test:setUpClass): 204 PUT http://10.180.1.21/identity/v3/projects/8b671c55cf104383866e084313320232/users/a90a9c0dbcf14a039667e682eb71f67c/roles/a271019ed6c948aba1b17b6782740914 0.025s
2024-09-30 16:44:29.097 62365 INFO tempest.lib.common.dynamic_creds [-] Dynamic test user a90a9c0dbcf14a039667e682eb71f67c is created with scope project and roles: ['admin']
2024-09-30 16:44:29.097 62365 INFO tempest.lib.common.dynamic_creds [-] Acquired dynamic creds: credentials: Credentials: {'domain_id': 'default', 'domain_name': 'Default', 'username': 'tempest-HypervisorAdminV228Test-1167791831-project-admin', 'project_domain_id': 'default', 'project_domain_name': 'Default', 'project_id': '8b671c55cf104383866e084313320232', 'project_name': 'tempest-HypervisorAdminV228Test-1167791831', 'tenant_id': '8b671c55cf104383866e084313320232', 'tenant_name': 'tempest-HypervisorAdminV228Test-1167791831', 'user_domain_id': 'default', 'user_domain_name': 'Default', 'user_id': 'a90a9c0dbcf14a039667e682eb71f67c', 'system': None}, Network: None, Subnet: None, Router: None
2024-09-30 16:44:29.097 62365 INFO tempest.lib.common.dynamic_creds [-] Created isolated network resources for: credentials: Credentials: {'domain_id': 'default', 'domain_name': 'Default', 'username': 'tempest-HypervisorAdminV228Test-1167791831-project-admin', 'project_domain_id': 'default', 'project_domain_name': 'Default', 'project_id': '8b671c55cf104383866e084313320232', 'project_name': 'tempest-HypervisorAdminV228Test-1167791831', 'tenant_id': '8b671c55cf104383866e084313320232', 'tenant_name': 'tempest-HypervisorAdminV228Test-1167791831', 'user_domain_id': 'default', 'user_domain_name': 'Default', 'user_id': 'a90a9c0dbcf14a039667e682eb71f67c', 'system': None}, Network: None, Subnet: None, Router: None
2024-09-30 16:44:29.111 62381 INFO tempest.lib.common.rest_client [req-52fd0cfd-ca79-41ae-81c1-626d8cd6019b req-52fd0cfd-ca79-41ae-81c1-626d8cd6019b ] Request (SecurityGroupsTestJSON:test_list_security_groups_by_server): 200 POST http://10.180.1.21/compute/v2.1/os-security-groups 1.895s
2024-09-30 16:44:29.194 62365 INFO tempest.lib.common.rest_client [req-301e0bba-4905-40b9-be34-46bbaaa1d6e7 req-301e0bba-4905-40b9-be34-46bbaaa1d6e7 ] Request (HypervisorAdminV228Test:setUpClass): 201 POST http://10.180.1.21/identity/v3/auth/tokens 0.092s
2024-09-30 16:44:29.573 62355 INFO tempest.lib.common.rest_client [req-c4221c78-bc82-40a3-8033-364103670cfb req-c4221c78-bc82-40a3-8033-364103670cfb ] Request (VolumesAssistedSnapshotsTest:test_volume_assisted_snapshot_create_delete): 202 POST http://10.180.1.21/compute/v2.1/servers 2.286s
2024-09-30 16:44:29.761 62349 INFO tempest.lib.common.rest_client [req-08f38e4d-26d4-4d44-9ebc-b24908e99ae0 req-08f38e4d-26d4-4d44-9ebc-b24908e99ae0 ] Request (ServersWithSpecificFlavorTestJSON:test_verify_created_server_ephemeral_disk): 202 POST http://10.180.1.21/compute/v2.1/servers 2.468s
2024-09-30 16:44:29.776 62335 INFO tempest.lib.common.rest_client [req-824c0563-bf83-4e85-b045-dc33c398ecaa req-824c0563-bf83-4e85-b045-dc33c398ecaa ] Request (FlavorsAccessNegativeTestJSON:_run_cleanups): 200 GET http://10.180.1.21/compute/v2.1/flavors/detail 2.341s
2024-09-30 16:44:29.851 62325 INFO tempest.lib.common.rest_client [req-a469e77f-c882-46d9-b755-b73f3e00a384 req-a469e77f-c882-46d9-b755-b73f3e00a384 ] Request (ServerExternalEventsTest:test_create_server_external_events): 200 GET http://10.180.1.21/compute/v2.1/servers/a5116668-7f95-4709-97ca-9c2f84ad1d9c 2.349s
2024-09-30 16:44:29.906 62351 INFO tempest.lib.common.rest_client [req-bc33ff58-ba07-4302-b97f-fb6838951b1e req-bc33ff58-ba07-4302-b97f-fb6838951b1e ] Request (ServersAdmin275Test:test_rebuild_update_server_275): 200 GET http://10.180.1.21/compute/v2.1/servers/c8701f32-078c-4fdb-98fb-5e89cd9c8334 2.376s
2024-09-30 16:44:29.913 62351 INFO tempest.common.waiters [-] State transition "REBUILD/rebuild_spawning" ==> "ACTIVE/None" after 14 second wait
2024-09-30 16:44:29.987 62331 INFO tempest.lib.common.rest_client [req-ef105694-3894-4a56-a3f0-d0bb0a7c4475 req-ef105694-3894-4a56-a3f0-d0bb0a7c4475 ] Request (ServerDiagnosticsV248Test:test_get_server_diagnostics): 200 GET http://10.180.1.21/compute/v2.1/servers/ef05c3ba-caa8-46a7-854c-12b736e01de4 2.360s
2024-09-30 16:44:30.051 62385 INFO tempest.lib.common.rest_client [req-beeca3b1-6da9-489b-b1f4-fc3dde093fbe req-beeca3b1-6da9-489b-b1f4-fc3dde093fbe ] Request (ServersAdminNegativeTestJSON:setUpClass): 200 GET http://10.180.1.21/compute/v2.1/servers/80e950e4-ffca-4e99-a778-cbd84f8798d9 2.350s
2024-09-30 16:44:30.057 62385 INFO tempest.common.waiters [-] State transition "BUILD/scheduling" ==> "ERROR/None" after 29 second wait
2024-09-30 16:44:30.105 62353 INFO tempest.lib.common.rest_client [req-df552ad6-3959-4fa2-aa44-f1bce95d908c req-df552ad6-3959-4fa2-aa44-f1bce95d908c ] Request (ListImageFiltersTestJSON:setUpClass): 200 GET http://10.180.1.21/compute/v2.1/servers/0d9910d7-a933-4f5d-964f-a9a14b7b413e 2.403s
2024-09-30 16:44:30.211 62343 INFO tempest.lib.common.rest_client [req-8e1861a6-f7f7-47a2-8748-ec41a6e1ed31 req-8e1861a6-f7f7-47a2-8748-ec41a6e1ed31 ] Request (ServerRescueNegativeTestJSON:setUpClass): 202 POST http://10.180.1.21/compute/v2.1/servers 2.893s
2024-09-30 16:44:30.227 62373 INFO tempest.lib.common.rest_client [req-ed65d8e2-c51c-4212-9df0-6dc36dfed16c req-ed65d8e2-c51c-4212-9df0-6dc36dfed16c ] Request (KeyPairsV22TestJSON:_run_cleanups): 204 DELETE http://10.180.1.21/compute/v2.1/os-keypairs/tempest-KeyPairsV22TestJSON-keypair-846422664 2.495s
2024-09-30 16:44:30.235 62339 INFO tempest.lib.common.rest_client [req-aa7b2d78-edc3-4ace-93c3-c1c1b918e7da req-aa7b2d78-edc3-4ace-93c3-c1c1b918e7da ] Request (TenantUsagesTestJSON:setUpClass): 200 GET http://10.180.1.21/compute/v2.1/servers/13d829ee-b6da-421a-836f-8c13fed0db51 2.525s
2024-09-30 16:44:30.242 62339 INFO tempest.common.waiters [-] State transition "BUILD/None" ==> "BUILD/spawning" after 11 second wait
2024-09-30 16:44:30.251 62357 INFO tempest.lib.common.rest_client [req-62148389-4200-4108-99ce-5e559362f148 req-62148389-4200-4108-99ce-5e559362f148 ] Request (FlavorsAdminTestJSON:test_create_flavor_with_uuid_id): 200 POST http://10.180.1.21/compute/v2.1/flavors 2.492s
2024-09-30 16:44:30.265 62375 INFO tempest.lib.common.rest_client [req-9ab9df73-7ee5-4952-82fd-8b7331a36441 req-9ab9df73-7ee5-4952-82fd-8b7331a36441 ] Request (FlavorsExtraSpecsTestJSON:tearDownClass): 200 GET http://10.180.1.21/compute/v2.1/flavors/detail 2.487s
2024-09-30 16:44:30.292 62329 INFO tempest.lib.common.rest_client [req-246ba582-1654-42f2-9abf-7513c9cb33bf req-246ba582-1654-42f2-9abf-7513c9cb33bf ] Request (ServerDiagnosticsTest:test_get_server_diagnostics): 200 GET http://10.180.1.21/compute/v2.1/servers/41b4ad80-1092-4887-87ef-28f119433c0b 2.535s
2024-09-30 16:44:30.298 62329 INFO tempest.common.waiters [-] State transition "BUILD/spawning" ==> "ERROR/None" after 22 second wait
2024-09-30 16:44:30.303 62367 INFO tempest.lib.common.rest_client [req-ccfcf566-4bcd-42f5-b4ee-054e7584382e req-ccfcf566-4bcd-42f5-b4ee-054e7584382e ] Request (HostsAdminNegativeTestJSON:test_show_host_detail_with_non_admin_user): 403 GET http://10.180.1.21/compute/v2.1/os-hosts/devstack 2.508s
2024-09-30 16:44:30.323 62371 INFO tempest.lib.common.rest_client [req-1a03ab25-d812-4b06-91fa-15ba119bed29 req-1a03ab25-d812-4b06-91fa-15ba119bed29 ] Request (ImagesNegativeTestJSON:test_create_image_from_deleted_server): 200 GET http://10.180.1.21/compute/v2.1/servers/4986367a-40f8-4147-b68b-19db881ddee3 2.530s
2024-09-30 16:44:30.365 62361 INFO tempest.lib.common.rest_client [req-b98fa7a1-57ef-4d78-9d9a-a69d3c1e808a req-b98fa7a1-57ef-4d78-9d9a-a69d3c1e808a ] Request (ImagesTestJSON:test_create_image_from_stopped_server): 200 GET http://10.180.1.21/compute/v2.1/servers/22996c8d-1dcb-4e12-b531-fcdae93f7954 2.538s
2024-09-30 16:44:30.386 62341 INFO tempest.lib.common.rest_client [req-6a035c8b-00ec-4943-aaa7-5a4da157d4b2 req-6a035c8b-00ec-4943-aaa7-5a4da157d4b2 ] Request (ServerAddressesNegativeTestJSON:setUpClass): 200 GET http://10.180.1.21/compute/v2.1/servers/f5e30da8-0745-4e97-bf81-fe4eb10eb00e 2.354s
2024-09-30 16:44:30.424 62375 INFO tempest.lib.common.rest_client [req-9eda376f-df32-41a5-b51b-3593d168ecb8 req-9eda376f-df32-41a5-b51b-3593d168ecb8 ] Request (FlavorsExtraSpecsTestJSON:tearDownClass): 204 DELETE http://10.180.1.21/identity/v3/users/deda112264ea49749c5c4b51a2e5328b 0.154s
2024-09-30 16:44:30.443 62377 INFO tempest.lib.common.rest_client [req-19e3cc98-3558-4a40-8744-20c97ceacec5 req-19e3cc98-3558-4a40-8744-20c97ceacec5 ] Request (FloatingIPsAssociationNegativeTestJSON:setUpClass): 200 GET http://10.180.1.21/compute/v2.1/servers/16ab652c-314e-450d-81db-6913cf814b28 2.124s
2024-09-30 16:44:30.456 62369 INFO tempest.lib.common.rest_client [req-bf0bbe8f-986d-4f8f-93df-58e738e64f66 req-bf0bbe8f-986d-4f8f-93df-58e738e64f66 ] Request (DeleteServersAdminTestJSON:test_admin_delete_servers_of_others): 200 GET http://10.180.1.21/compute/v2.1/servers/c590ddbb-dcbe-4297-b95b-0b5a733b1dbb 2.100s
2024-09-30 16:44:30.514 62383 INFO tempest.lib.common.rest_client [req-a86333b8-c51e-479c-9f50-7f93d3fafff9 req-a86333b8-c51e-479c-9f50-7f93d3fafff9 ] Request (VolumesAdminNegativeTest:test_update_attached_volume_with_nonexistent_volume_in_body): 200 GET http://10.180.1.21/compute/v2.1/servers/ac045fef-9f06-4b63-8e44-5b47c2763061 2.092s
2024-09-30 16:44:30.520 62383 INFO tempest.common.waiters [-] State transition "BUILD/None" ==> "BUILD/networking" after 9 second wait
2024-09-30 16:44:30.525 62347 INFO tempest.lib.common.rest_client [req-fa9e4401-48ce-4900-8cb4-21bbc367696c req-fa9e4401-48ce-4900-8cb4-21bbc367696c ] Request (ServerMetadataTestJSON:setUpClass): 200 GET http://10.180.1.21/compute/v2.1/servers/7df34493-99be-445c-9772-abd14784c038 2.079s
2024-09-30 16:44:30.527 62375 INFO tempest.lib.common.rest_client [req-a735d5d4-22fb-4c35-a225-34c4888f9746 req-a735d5d4-22fb-4c35-a225-34c4888f9746 ] Request (FlavorsExtraSpecsTestJSON:tearDownClass): 204 DELETE http://10.180.1.21/identity/v3/users/050ef21ba1df45a2934f00b8bc77bedc 0.102s
2024-09-30 16:44:30.527 62375 INFO tempest.lib.common.dynamic_creds [-] Deleting project and security group for project: a1744d6e00b141d7885b49be6d795c77
2024-09-30 16:44:30.548 62337 INFO tempest.lib.common.rest_client [req-e2c31d22-ac7d-4594-bd37-ae29dfb06b19 req-e2c31d22-ac7d-4594-bd37-ae29dfb06b19 ] Request (HypervisorAdminV253TestBase:test_list_show_detail_hypervisors): 200 GET http://10.180.1.21/compute/v2.1/os-hypervisors/fb5af041-a1d8-4e30-b0e1-0cdec1a610e1 1.782s
2024-09-30 16:44:30.595 62375 INFO tempest.lib.common.rest_client [req-5281d0e1-2150-4c42-a917-4140a719af57 req-5281d0e1-2150-4c42-a917-4140a719af57 ] Request (FlavorsExtraSpecsTestJSON:tearDownClass): 201 POST http://10.180.1.21/identity/v3/auth/tokens 0.068s
2024-09-30 16:44:30.646 62327 INFO tempest.lib.common.rest_client [req-293c39d9-16f2-45a9-b4e8-2a571472455f req-293c39d9-16f2-45a9-b4e8-2a571472455f ] Request (QuotasAdminTestV257:test_get_updated_quotas): 200 GET http://10.180.1.21/compute/v2.1/os-quota-sets/3116245c257c471e8a027ab8de42eb6b?user_id=d2ca971ff1c240cf935c34f7f90dc894 1.932s
2024-09-30 16:44:30.654 62337 INFO tempest.lib.common.rest_client [req-7a07cb8d-82c8-4888-bf5f-54c707422cd0 req-7a07cb8d-82c8-4888-bf5f-54c707422cd0 ] Request (HypervisorAdminV253TestBase:tearDownClass): 204 DELETE http://10.180.1.21/identity/v3/users/d3af7e73e2294a84b3b98f0b01f533fa 0.097s
2024-09-30 16:44:30.661 62387 INFO tempest.lib.common.rest_client [req-93daf89b-3e00-49cf-8a8d-41f1211f8292 req-93daf89b-3e00-49cf-8a8d-41f1211f8292 ] Request (KeyPairsV2TestJSON:_run_cleanups): 202 DELETE http://10.180.1.21/compute/v2.1/os-keypairs/tempest-keypair-103165216 1.820s
2024-09-30 16:44:30.744 62327 INFO tempest.lib.common.rest_client [req-8092b1d5-2e07-4309-8351-21482f19d9f3 req-8092b1d5-2e07-4309-8351-21482f19d9f3 ] Request (QuotasAdminTestV257:_run_cleanups): 204 DELETE http://10.180.1.21/identity/v3/users/d2ca971ff1c240cf935c34f7f90dc894 0.097s
2024-09-30 16:44:30.836 62327 INFO tempest.lib.common.rest_client [req-0c09d95b-f622-4796-ba08-8dbf2c0f09f5 req-0c09d95b-f622-4796-ba08-8dbf2c0f09f5 ] Request (QuotasAdminTestV257:_run_cleanups): 204 DELETE http://10.180.1.21/identity/v3/projects/3116245c257c471e8a027ab8de42eb6b 0.091s
2024-09-30 16:44:30.843 62337 INFO tempest.lib.common.rest_client [req-58bd95e3-d0df-4b70-a818-04fa224f28a3 req-58bd95e3-d0df-4b70-a818-04fa224f28a3 ] Request (HypervisorAdminV253TestBase:tearDownClass): 204 DELETE http://10.180.1.21/identity/v3/users/aa56d092d62b4726918bccf803888a85 0.189s
2024-09-30 16:44:30.844 62337 INFO tempest.lib.common.dynamic_creds [-] Deleting project and security group for project: ac1a992ad3564f85a4c4a1cfe2550c9f
2024-09-30 16:44:30.895 62337 INFO tempest.lib.common.rest_client [req-6f56b156-91a8-40a9-a457-07870586707c req-6f56b156-91a8-40a9-a457-07870586707c ] Request (HypervisorAdminV253TestBase:tearDownClass): 201 POST http://10.180.1.21/identity/v3/auth/tokens 0.051s
2024-09-30 16:44:30.947 62327 INFO tempest.lib.common.rest_client [req-7cd3826c-ac8e-40ae-a7ee-900e8dbd3048 req-7cd3826c-ac8e-40ae-a7ee-900e8dbd3048 ] Request (QuotasAdminTestV257:tearDownClass): 204 DELETE http://10.180.1.21/identity/v3/users/437010dcaeb74c129fa2e1834b316059 0.105s
2024-09-30 16:44:30.967 62333 INFO tempest.lib.common.rest_client [req-ce9fbb70-0339-405b-9930-d958f059424e req-ce9fbb70-0339-405b-9930-d958f059424e ] Request (QuotasAdminTestJSON:test_delete_quota): 200 GET http://10.180.1.21/identity/v3/domains?name=Default 0.097s
2024-09-30 16:44:30.971 62360 INFO tempest.lib.common.rest_client [req-40b21a05-b0c9-4445-8a1f-2a2dd4454c3b req-40b21a05-b0c9-4445-8a1f-2a2dd4454c3b ] Request (SecurityGroupsTestAdminJSON:_run_cleanups): 202 DELETE http://10.180.1.21/compute/v2.1/os-security-groups/e5c9b62d-b56a-4a63-ad3a-157af6869f20 1.982s
2024-09-30 16:44:30.979 62363 INFO tempest.lib.common.rest_client [req-dee238b7-41f1-48d1-bcf5-840879d8eed6 req-dee238b7-41f1-48d1-bcf5-840879d8eed6 ] Request (AggregatesAdminNegativeTestJSON:test_aggregate_create_aggregate_name_length_less_than_1): 400 POST http://10.180.1.21/compute/v2.1/os-aggregates 1.982s
2024-09-30 16:44:31.024 62375 INFO tempest.lib.common.rest_client [req-a6a104de-7aed-41f6-b9e8-0d3e10dac6aa req-a6a104de-7aed-41f6-b9e8-0d3e10dac6aa ] Request (FlavorsExtraSpecsTestJSON:tearDownClass): 200 GET http://10.180.1.21:9696/networking/v2.0/security-groups?tenant_id=a1744d6e00b141d7885b49be6d795c77&name=default 0.428s
2024-09-30 16:44:31.091 62333 INFO tempest.lib.common.rest_client [req-004e6e65-6bb4-4c22-b54a-bcacfa6bdf26 req-004e6e65-6bb4-4c22-b54a-bcacfa6bdf26 ] Request (QuotasAdminTestJSON:test_delete_quota): 201 POST http://10.180.1.21/identity/v3/projects 0.124s
2024-09-30 16:44:31.100 62327 INFO tempest.lib.common.rest_client [req-fdf9d401-f0bd-4677-913d-0b697914cba4 req-fdf9d401-f0bd-4677-913d-0b697914cba4 ] Request (QuotasAdminTestV257:tearDownClass): 204 DELETE http://10.180.1.21/identity/v3/users/c91578cc081e4a58adc66ba6a9d2a975 0.153s
2024-09-30 16:44:31.101 62327 INFO tempest.lib.common.dynamic_creds [-] Deleting project and security group for project: 337499aefddf46ad997265c0491936c7
2024-09-30 16:44:31.160 62327 INFO tempest.lib.common.rest_client [req-9ccd65d6-ba99-4551-b85a-f4b0d613e364 req-9ccd65d6-ba99-4551-b85a-f4b0d613e364 ] Request (QuotasAdminTestV257:tearDownClass): 201 POST http://10.180.1.21/identity/v3/auth/tokens 0.059s
2024-09-30 16:44:31.189 62333 INFO tempest.lib.common.rest_client [req-c48e5fb4-d7d3-4a44-8500-41b3d5828245 req-c48e5fb4-d7d3-4a44-8500-41b3d5828245 ] Request (QuotasAdminTestJSON:test_delete_quota): 200 GET http://10.180.1.21/identity/v3/domains?name=Default 0.096s
2024-09-30 16:44:31.205 62375 INFO tempest.lib.common.rest_client [req-85ababd6-0ba5-4f03-b110-f8c660a112ca req-85ababd6-0ba5-4f03-b110-f8c660a112ca ] Request (FlavorsExtraSpecsTestJSON:tearDownClass): 204 DELETE http://10.180.1.21:9696/networking/v2.0/security-groups/f4b7efdb-3619-4713-81dc-673e4fbde4a0 0.181s
2024-09-30 16:44:31.212 62337 INFO tempest.lib.common.rest_client [req-c3871a01-1a1e-4589-90f9-3ec55f41fbee req-c3871a01-1a1e-4589-90f9-3ec55f41fbee ] Request (HypervisorAdminV253TestBase:tearDownClass): 200 GET http://10.180.1.21:9696/networking/v2.0/security-groups?tenant_id=ac1a992ad3564f85a4c4a1cfe2550c9f&name=default 0.317s
2024-09-30 16:44:31.225 62381 INFO tempest.lib.common.rest_client [req-0518285b-c2ff-4f34-98a6-11fdd09f2bd0 req-0518285b-c2ff-4f34-98a6-11fdd09f2bd0 ] Request (SecurityGroupsTestJSON:test_list_security_groups_by_server): 200 POST http://10.180.1.21/compute/v2.1/os-security-groups 2.111s
2024-09-30 16:44:31.275 62375 INFO tempest.lib.common.rest_client [req-854d6dd7-b8c8-4e0b-aba9-152eed7fbbe3 req-854d6dd7-b8c8-4e0b-aba9-152eed7fbbe3 ] Request (FlavorsExtraSpecsTestJSON:tearDownClass): 204 DELETE http://10.180.1.21/identity/v3/projects/a1744d6e00b141d7885b49be6d795c77 0.069s
2024-09-30 16:44:31.275 62375 INFO tempest.lib.common.dynamic_creds [-] Deleting project and security group for project: af945486110542ddbb04a9d8a0021e4a
2024-09-30 16:44:31.332 62381 INFO tempest.lib.common.rest_client [req-6c789ef0-71b2-4128-bb50-16cb167c23a3 req-6c789ef0-71b2-4128-bb50-16cb167c23a3 ] Request (SecurityGroupsTestJSON:test_list_security_groups_by_server): 201 POST http://10.180.1.21/identity/v3/auth/tokens 0.101s
2024-09-30 16:44:31.332 62381 INFO tempest.lib.common.fixed_network [-] (SecurityGroupsTestJSON:test_list_security_groups_by_server) Found network {'id': '80a5ec19-83ec-42eb-9dbe-94606aa1ba8c', 'name': 'tempest-SecurityGroupsTestJSON-1024986851-network', 'tenant_id': '58ae2d7bea2f4812b45552623bf7aca1', 'admin_state_up': True, 'mtu': 8950, 'status': 'ACTIVE', 'subnets': [], 'shared': False, 'project_id': '58ae2d7bea2f4812b45552623bf7aca1', 'port_security_enabled': True, 'router:external': False, 'provider:network_type': 'vlan', 'provider:physical_network': 'default', 'provider:segmentation_id': 21, 'is_default': False, 'availability_zone_hints': [], 'availability_zones': [], 'ipv4_address_scope': None, 'ipv6_address_scope': None, 'description': '', 'tags': [], 'created_at': '2024-09-30T16:44:19Z', 'updated_at': '2024-09-30T16:44:19Z', 'revision_number': 1} available for tenant
2024-09-30 16:44:31.375 62327 INFO tempest.lib.common.rest_client [req-12558b36-824e-49f3-a8cb-15b250f33086 req-12558b36-824e-49f3-a8cb-15b250f33086 ] Request (QuotasAdminTestV257:tearDownClass): 200 GET http://10.180.1.21:9696/networking/v2.0/security-groups?tenant_id=337499aefddf46ad997265c0491936c7&name=default 0.214s
2024-09-30 16:44:31.381 62365 INFO tempest.lib.common.rest_client [req-26197a3f-9ae6-4dc5-b742-d06a7ed87377 req-26197a3f-9ae6-4dc5-b742-d06a7ed87377 ] Request (HypervisorAdminV228Test:test_get_list_hypervisor_details): 200 GET http://10.180.1.21/compute/v2.1/os-hypervisors 2.185s
2024-09-30 16:44:31.425 62337 INFO tempest.lib.common.rest_client [req-1ecb805b-0c20-45f8-a01d-e34b09bcf5fb req-1ecb805b-0c20-45f8-a01d-e34b09bcf5fb ] Request (HypervisorAdminV253TestBase:tearDownClass): 204 DELETE http://10.180.1.21:9696/networking/v2.0/security-groups/5fc694aa-4bab-4b03-8b5e-fb0538609f3e 0.212s
2024-09-30 16:44:31.505 62327 INFO tempest.lib.common.rest_client [req-8b1d3919-45e5-49db-8d27-39a67f8c2a52 req-8b1d3919-45e5-49db-8d27-39a67f8c2a52 ] Request (QuotasAdminTestV257:tearDownClass): 204 DELETE http://10.180.1.21:9696/networking/v2.0/security-groups/e7ed6448-399c-4759-8feb-174aa35f3c3e 0.129s
2024-09-30 16:44:31.529 62337 INFO tempest.lib.common.rest_client [req-441b45f0-e121-40f5-8455-61e0df781aec req-441b45f0-e121-40f5-8455-61e0df781aec ] Request (HypervisorAdminV253TestBase:tearDownClass): 204 DELETE http://10.180.1.21/identity/v3/projects/ac1a992ad3564f85a4c4a1cfe2550c9f 0.103s
2024-09-30 16:44:31.529 62337 INFO tempest.lib.common.dynamic_creds [-] Deleting project and security group for project: 8cf492109f184249a04060610c099462
2024-09-30 16:44:31.602 62327 INFO tempest.lib.common.rest_client [req-2a6be495-ac36-4f2e-b6ef-fe1881f6be4c req-2a6be495-ac36-4f2e-b6ef-fe1881f6be4c ] Request (QuotasAdminTestV257:tearDownClass): 204 DELETE http://10.180.1.21/identity/v3/projects/337499aefddf46ad997265c0491936c7 0.096s
2024-09-30 16:44:31.603 62327 INFO tempest.lib.common.dynamic_creds [-] Deleting project and security group for project: dfaac53cc6e940cc9fe266656b30652e
2024-09-30 16:44:31.610 62345 INFO tempest.lib.common.rest_client [req-86b23e61-5875-4290-9736-c1646e736365 req-86b23e61-5875-4290-9736-c1646e736365 ] Request (ImagesOneServerNegativeTestJSON:setUpClass): 200 GET http://10.180.1.21/compute/v2.1/servers/2eab5677-3651-4c57-9a3f-9da5f89f1a71 2.100s
2024-09-30 16:44:31.644 62337 INFO tempest.lib.common.rest_client [req-c0d664e1-80a8-4ab4-89eb-b86de5a64a34 req-c0d664e1-80a8-4ab4-89eb-b86de5a64a34 ] Request (HypervisorAdminV253TestBase:tearDownClass): 200 GET http://10.180.1.21:9696/networking/v2.0/security-groups?tenant_id=8cf492109f184249a04060610c099462&name=default 0.114s
2024-09-30 16:44:31.672 62355 INFO tempest.lib.common.rest_client [req-456ad9e5-49da-498f-b801-f1c96d382088 req-456ad9e5-49da-498f-b801-f1c96d382088 ] Request (VolumesAssistedSnapshotsTest:test_volume_assisted_snapshot_create_delete): 200 GET http://10.180.1.21/compute/v2.1/servers/2d123f5b-6cca-4783-8564-48202822a57c 2.097s
2024-09-30 16:44:31.690 62375 INFO tempest.lib.common.rest_client [req-26546717-c723-4149-8608-4d94ac6d0a23 req-26546717-c723-4149-8608-4d94ac6d0a23 ] Request (FlavorsExtraSpecsTestJSON:tearDownClass): 200 GET http://10.180.1.21:9696/networking/v2.0/security-groups?tenant_id=af945486110542ddbb04a9d8a0021e4a&name=default 0.414s
2024-09-30 16:44:31.733 62349 INFO tempest.lib.common.rest_client [req-b362828c-3616-420a-a1e1-0af4c01c811c req-b362828c-3616-420a-a1e1-0af4c01c811c ] Request (ServersWithSpecificFlavorTestJSON:test_verify_created_server_ephemeral_disk): 200 GET http://10.180.1.21/compute/v2.1/servers/6eb68020-0c63-4b5b-8bc7-406d0f0fb44c 1.970s
2024-09-30 16:44:31.750 62335 INFO tempest.lib.common.rest_client [req-c359cd16-7aa7-43c4-b274-01962f212783 req-c359cd16-7aa7-43c4-b274-01962f212783 ] Request (FlavorsAccessNegativeTestJSON:test_flavor_non_admin_remove): 200 POST http://10.180.1.21/compute/v2.1/flavors 1.964s
2024-09-30 16:44:31.791 62327 INFO tempest.lib.common.rest_client [req-da4b745e-42cc-447c-8602-0d87e63e5658 req-da4b745e-42cc-447c-8602-0d87e63e5658 ] Request (QuotasAdminTestV257:tearDownClass): 200 GET http://10.180.1.21:9696/networking/v2.0/security-groups?tenant_id=dfaac53cc6e940cc9fe266656b30652e&name=default 0.188s
2024-09-30 16:44:31.839 62337 INFO tempest.lib.common.rest_client [req-5887ab47-3a50-4b18-9e59-752cd1da64e9 req-5887ab47-3a50-4b18-9e59-752cd1da64e9 ] Request (HypervisorAdminV253TestBase:tearDownClass): 204 DELETE http://10.180.1.21:9696/networking/v2.0/security-groups/f047d72e-3687-436e-a052-a54e6bd58411 0.194s
2024-09-30 16:44:31.876 62375 INFO tempest.lib.common.rest_client [req-065d8c83-66f1-4962-8993-998f2d3f2a34 req-065d8c83-66f1-4962-8993-998f2d3f2a34 ] Request (FlavorsExtraSpecsTestJSON:tearDownClass): 204 DELETE http://10.180.1.21:9696/networking/v2.0/security-groups/c621d4af-3089-4885-a457-34b8a482e123 0.186s
2024-09-30 16:44:31.895 62379 INFO tempest.lib.common.rest_client [req-6edbf1be-603f-46c4-a609-2684bab690dd req-6edbf1be-603f-46c4-a609-2684bab690dd ] Request (FloatingIPDetailsTestJSON:setUpClass): 200 POST http://10.180.1.21/compute/v2.1/os-floating-ips 3.071s
2024-09-30 16:44:31.919 62327 INFO tempest.lib.common.rest_client [req-3086e1c7-8ab5-4ed5-ab84-0a01a4f2e696 req-3086e1c7-8ab5-4ed5-ab84-0a01a4f2e696 ] Request (QuotasAdminTestV257:tearDownClass): 204 DELETE http://10.180.1.21:9696/networking/v2.0/security-groups/cb6d29c2-1642-4e93-bc06-146bea59696a 0.127s
2024-09-30 16:44:31.945 62337 INFO tempest.lib.common.rest_client [req-9cbd901d-76ea-4f69-b076-52f6336fcb1e req-9cbd901d-76ea-4f69-b076-52f6336fcb1e ] Request (HypervisorAdminV253TestBase:tearDownClass): 204 DELETE http://10.180.1.21/identity/v3/projects/8cf492109f184249a04060610c099462 0.105s
2024-09-30 16:44:31.945 62337 INFO tempest.test [-] raised in LiveMigrationNegativeTest.setUpClass. Invoking tearDownClass.
2024-09-30 16:44:31.976 62375 INFO tempest.lib.common.rest_client [req-70391a84-d043-4ccf-8c46-51499854c2a2 req-70391a84-d043-4ccf-8c46-51499854c2a2 ] Request (FlavorsExtraSpecsTestJSON:tearDownClass): 204 DELETE http://10.180.1.21/identity/v3/projects/af945486110542ddbb04a9d8a0021e4a 0.099s
2024-09-30 16:44:32.028 62337 INFO tempest.lib.common.rest_client [req-a04c5a9a-8279-4713-92d5-8e8605cc506e req-a04c5a9a-8279-4713-92d5-8e8605cc506e ] Request (ServerPasswordTestJSON:setUpClass): 201 POST http://10.180.1.21/identity/v3/auth/tokens 0.077s
2024-09-30 16:44:32.050 62375 INFO tempest.lib.common.rest_client [req-e85e290a-aa2c-46df-acd1-9bc5b1d4c96d req-e85e290a-aa2c-46df-acd1-9bc5b1d4c96d ] Request (MigrationsAdminTest:setUpClass): 201 POST http://10.180.1.21/identity/v3/auth/tokens 0.071s
2024-09-30 16:44:32.068 62327 INFO tempest.lib.common.rest_client [req-3e804942-c0e2-4047-b2e6-21f750ccd5cc req-3e804942-c0e2-4047-b2e6-21f750ccd5cc ] Request (QuotasAdminTestV257:tearDownClass): 204 DELETE http://10.180.1.21/identity/v3/projects/dfaac53cc6e940cc9fe266656b30652e 0.147s
2024-09-30 16:44:32.102 62337 INFO tempest.lib.common.rest_client [req-768e3d08-4642-4f04-91d6-d29fc707f711 req-768e3d08-4642-4f04-91d6-d29fc707f711 ] Request (ServerPasswordTestJSON:setUpClass): 201 POST http://10.180.1.21/identity/v3/auth/tokens 0.071s
2024-09-30 16:44:32.124 62327 INFO tempest.lib.common.rest_client [req-8bb16074-88d5-4153-9c2b-df807cdb8d84 req-8bb16074-88d5-4153-9c2b-df807cdb8d84 ] Request (ServicesAdminNegativeV253TestJSON:setUpClass): 201 POST http://10.180.1.21/identity/v3/auth/tokens 0.053s
2024-09-30 16:44:32.134 62375 INFO tempest.lib.common.rest_client [req-0f42778b-5d17-49ca-873e-2fa8ea4d24a0 req-0f42778b-5d17-49ca-873e-2fa8ea4d24a0 ] Request (MigrationsAdminTest:setUpClass): 201 POST http://10.180.1.21/identity/v3/auth/tokens 0.082s
2024-09-30 16:44:32.141 62337 INFO tempest.lib.common.rest_client [req-ea1006df-55a1-4790-b4eb-6b6780ce3482 req-ea1006df-55a1-4790-b4eb-6b6780ce3482 ] Request (ServerPasswordTestJSON:setUpClass): 200 GET http://10.180.1.21/identity/v3/domains?name=Default 0.038s
2024-09-30 16:44:32.155 62327 INFO tempest.lib.common.rest_client [req-c2aaf8d6-3294-4e38-a897-701c8d90353c req-c2aaf8d6-3294-4e38-a897-701c8d90353c ] Request (ServicesAdminNegativeV253TestJSON:setUpClass): 201 POST http://10.180.1.21/identity/v3/auth/tokens 0.028s
2024-09-30 16:44:32.159 62375 INFO tempest.lib.common.rest_client [req-0da14bb0-e9c1-414f-a2cd-949f1049dde5 req-0da14bb0-e9c1-414f-a2cd-949f1049dde5 ] Request (MigrationsAdminTest:setUpClass): 200 GET http://10.180.1.21/identity/v3/domains?name=Default 0.025s
2024-09-30 16:44:32.175 62327 INFO tempest.lib.common.rest_client [req-f338f7e0-22af-4183-90db-6040e89395aa req-f338f7e0-22af-4183-90db-6040e89395aa ] Request (ServicesAdminNegativeV253TestJSON:setUpClass): 200 GET http://10.180.1.21/identity/v3/domains?name=Default 0.020s
2024-09-30 16:44:32.177 62337 INFO tempest.lib.common.rest_client [req-e1681cf5-1127-4eef-be84-1d1e61e4a1fb req-e1681cf5-1127-4eef-be84-1d1e61e4a1fb ] Request (ServerPasswordTestJSON:setUpClass): 201 POST http://10.180.1.21/identity/v3/projects 0.035s
2024-09-30 16:44:32.209 62351 INFO tempest.lib.common.rest_client [req-d538cfc5-d0ae-439b-b8af-4359e3a71be3 req-d538cfc5-d0ae-439b-b8af-4359e3a71be3 ] Request (ServersAdmin275Test:test_rebuild_update_server_275): 202 POST http://10.180.1.21/compute/v2.1/servers/c8701f32-078c-4fdb-98fb-5e89cd9c8334/action 2.295s
2024-09-30 16:44:32.226 62375 INFO tempest.lib.common.rest_client [req-080436cd-f7f3-490f-8c16-426c2a542f0d req-080436cd-f7f3-490f-8c16-426c2a542f0d ] Request (MigrationsAdminTest:setUpClass): 201 POST http://10.180.1.21/identity/v3/projects 0.066s
2024-09-30 16:44:32.240 62327 INFO tempest.lib.common.rest_client [req-7bf81a34-1f28-47f8-acdb-c55772bc0a65 req-7bf81a34-1f28-47f8-acdb-c55772bc0a65 ] Request (ServicesAdminNegativeV253TestJSON:setUpClass): 201 POST http://10.180.1.21/identity/v3/projects 0.064s
2024-09-30 16:44:32.258 62343 INFO tempest.lib.common.rest_client [req-c4c5ba52-2e78-4ac3-a227-24eb6cb81cbf req-c4c5ba52-2e78-4ac3-a227-24eb6cb81cbf ] Request (ServerRescueNegativeTestJSON:setUpClass): 200 GET http://10.180.1.21/compute/v2.1/servers/efaf4195-e340-4618-9c2d-e0759fe74234 2.046s
2024-09-30 16:44:32.275 62373 INFO tempest.lib.common.rest_client [req-4252ced9-d78c-4f28-a1eb-b41378898ad1 req-4252ced9-d78c-4f28-a1eb-b41378898ad1 ] Request (KeyPairsV22TestJSON:_run_cleanups): 204 DELETE http://10.180.1.21/compute/v2.1/os-keypairs/tempest-KeyPairsV22TestJSON-keypair-96908000 2.047s
2024-09-30 16:44:32.292 62357 INFO tempest.lib.common.rest_client [req-6b74971b-e24f-4179-b4a6-6cf0c0b1f416 req-6b74971b-e24f-4179-b4a6-6cf0c0b1f416 ] Request (FlavorsAdminTestJSON:_run_cleanups): 202 DELETE http://10.180.1.21/compute/v2.1/flavors/e37ec23d-946c-4dab-a10a-79645de0c131 2.038s
2024-09-30 16:44:32.298 62375 INFO tempest.lib.common.rest_client [req-8a68e04e-8564-4f49-ac14-8f90bcea7fa8 req-8a68e04e-8564-4f49-ac14-8f90bcea7fa8 ] Request (MigrationsAdminTest:setUpClass): 201 POST http://10.180.1.21/identity/v3/users 0.072s
2024-09-30 16:44:32.310 62385 INFO tempest.lib.common.rest_client [req-c017e979-9d6a-487c-bb3b-6b7fade4af3b req-c017e979-9d6a-487c-bb3b-6b7fade4af3b ] Request (ServersAdminNegativeTestJSON:setUpClass): 204 DELETE http://10.180.1.21/compute/v2.1/servers/80e950e4-ffca-4e99-a778-cbd84f8798d9 2.252s
2024-09-30 16:44:32.314 62337 INFO tempest.lib.common.rest_client [req-8212b7d2-cb93-44e0-b167-46a502c5f53b req-8212b7d2-cb93-44e0-b167-46a502c5f53b ] Request (ServerPasswordTestJSON:setUpClass): 201 POST http://10.180.1.21/identity/v3/users 0.136s
2024-09-30 16:44:32.319 62367 INFO tempest.lib.common.rest_client [req-31e88818-05ed-44f0-b01d-88f4698c9873 req-31e88818-05ed-44f0-b01d-88f4698c9873 ] Request (HostsAdminNegativeTestJSON:test_show_host_detail_with_nonexistent_hostname): 404 GET http://10.180.1.21/compute/v2.1/os-hosts/nonexistent_hostname 2.014s
2024-09-30 16:44:32.338 62327 INFO tempest.lib.common.rest_client [req-83998d51-ddca-406b-ae0a-980af74b7879 req-83998d51-ddca-406b-ae0a-980af74b7879 ] Request (ServicesAdminNegativeV253TestJSON:setUpClass): 201 POST http://10.180.1.21/identity/v3/users 0.098s
2024-09-30 16:44:32.352 62387 INFO tempest.lib.common.rest_client [req-fe777e5f-727d-4f7b-9f16-58415e58face req-fe777e5f-727d-4f7b-9f16-58415e58face ] Request (KeyPairsV2TestJSON:test_keypair_create_delete): 200 POST http://10.180.1.21/compute/v2.1/os-keypairs 1.689s
2024-09-30 16:44:32.353 62375 INFO tempest.lib.common.rest_client [req-a3a827b4-59e5-4629-bd1d-9b5eeb16d135 req-a3a827b4-59e5-4629-bd1d-9b5eeb16d135 ] Request (MigrationsAdminTest:setUpClass): 200 GET http://10.180.1.21/identity/v3/roles 0.054s
2024-09-30 16:44:32.371 62337 INFO tempest.lib.common.rest_client [req-f0321372-876a-4d44-9fb3-8d0ff7171bf3 req-f0321372-876a-4d44-9fb3-8d0ff7171bf3 ] Request (ServerPasswordTestJSON:setUpClass): 200 GET http://10.180.1.21/identity/v3/roles 0.057s
2024-09-30 16:44:32.375 62343 INFO tempest.lib.common.rest_client [req-812fbc43-e577-41d2-9d2a-4ec2c6f70dc3 req-812fbc43-e577-41d2-9d2a-4ec2c6f70dc3 ] Request (ServerRescueNegativeTestJSON:setUpClass): 201 POST http://10.180.1.21/identity/v3/auth/tokens 0.103s
2024-09-30 16:44:32.376 62343 INFO tempest.lib.common.fixed_network [-] (ServerRescueNegativeTestJSON:setUpClass) Found network {'id': '22d98281-fc7c-4960-8863-b6d31d0ad220', 'name': 'tempest-ServerRescueNegativeTestJSON-1009350556-network', 'tenant_id': '25b77b27d9c74960a0803f3b54699844', 'admin_state_up': True, 'mtu': 8950, 'status': 'ACTIVE', 'subnets': [], 'shared': False, 'project_id': '25b77b27d9c74960a0803f3b54699844', 'port_security_enabled': True, 'router:external': False, 'provider:network_type': 'vlan', 'provider:physical_network': 'default', 'provider:segmentation_id': 473, 'is_default': False, 'availability_zone_hints': [], 'availability_zones': [], 'ipv4_address_scope': None, 'ipv6_address_scope': None, 'description': '', 'tags': [], 'created_at': '2024-09-30T16:44:19Z', 'updated_at': '2024-09-30T16:44:19Z', 'revision_number': 1} available for tenant
2024-09-30 16:44:32.382 62327 INFO tempest.lib.common.rest_client [req-dfe4d38e-8ba7-4a93-8409-968db932cf10 req-dfe4d38e-8ba7-4a93-8409-968db932cf10 ] Request (ServicesAdminNegativeV253TestJSON:setUpClass): 200 GET http://10.180.1.21/identity/v3/roles 0.043s
2024-09-30 16:44:32.414 62375 INFO tempest.lib.common.rest_client [req-f329d385-4eb5-4582-8282-582abd20168e req-f329d385-4eb5-4582-8282-582abd20168e ] Request (MigrationsAdminTest:setUpClass): 204 PUT http://10.180.1.21/identity/v3/projects/acb9d54de7704e53abd8c4f6defd93bf/users/f690fbef70864ec09a84a868229ab5a5/roles/54983d1997c34acdbd1f512759fb2ff1 0.061s
2024-09-30 16:44:32.414 62375 INFO tempest.lib.common.dynamic_creds [-] Dynamic test user f690fbef70864ec09a84a868229ab5a5 is created with scope project and roles: ['member']
2024-09-30 16:44:32.415 62375 INFO tempest.lib.common.dynamic_creds [-] Acquired dynamic creds: credentials: Credentials: {'domain_id': 'default', 'domain_name': 'Default', 'username': 'tempest-MigrationsAdminTest-724698217-project-member', 'project_domain_id': 'default', 'project_domain_name': 'Default', 'project_id': 'acb9d54de7704e53abd8c4f6defd93bf', 'project_name': 'tempest-MigrationsAdminTest-724698217', 'tenant_id': 'acb9d54de7704e53abd8c4f6defd93bf', 'tenant_name': 'tempest-MigrationsAdminTest-724698217', 'user_domain_id': 'default', 'user_domain_name': 'Default', 'user_id': 'f690fbef70864ec09a84a868229ab5a5', 'system': None}, Network: None, Subnet: None, Router: None
2024-09-30 16:44:32.415 62375 INFO tempest.lib.common.dynamic_creds [-] Created isolated network resources for: credentials: Credentials: {'domain_id': 'default', 'domain_name': 'Default', 'username': 'tempest-MigrationsAdminTest-724698217-project-member', 'project_domain_id': 'default', 'project_domain_name': 'Default', 'project_id': 'acb9d54de7704e53abd8c4f6defd93bf', 'project_name': 'tempest-MigrationsAdminTest-724698217', 'tenant_id': 'acb9d54de7704e53abd8c4f6defd93bf', 'tenant_name': 'tempest-MigrationsAdminTest-724698217', 'user_domain_id': 'default', 'user_domain_name': 'Default', 'user_id': 'f690fbef70864ec09a84a868229ab5a5', 'system': None}, Network: None, Subnet: None, Router: None
2024-09-30 16:44:32.419 62337 INFO tempest.lib.common.rest_client [req-e1f875e5-4da5-407a-b4cc-18c0a20c1369 req-e1f875e5-4da5-407a-b4cc-18c0a20c1369 ] Request (ServerPasswordTestJSON:setUpClass): 204 PUT http://10.180.1.21/identity/v3/projects/8ac5b2681bf54267b4c60c4e64c4316d/users/9b2816708bc84081bd35494a2d390cc0/roles/54983d1997c34acdbd1f512759fb2ff1 0.047s
2024-09-30 16:44:32.419 62337 INFO tempest.lib.common.dynamic_creds [-] Dynamic test user 9b2816708bc84081bd35494a2d390cc0 is created with scope project and roles: ['member']
2024-09-30 16:44:32.419 62337 INFO tempest.lib.common.dynamic_creds [-] Acquired dynamic creds: credentials: Credentials: {'domain_id': 'default', 'domain_name': 'Default', 'username': 'tempest-ServerPasswordTestJSON-168009812-project-member', 'project_domain_id': 'default', 'project_domain_name': 'Default', 'project_id': '8ac5b2681bf54267b4c60c4e64c4316d', 'project_name': 'tempest-ServerPasswordTestJSON-168009812', 'tenant_id': '8ac5b2681bf54267b4c60c4e64c4316d', 'tenant_name': 'tempest-ServerPasswordTestJSON-168009812', 'user_domain_id': 'default', 'user_domain_name': 'Default', 'user_id': '9b2816708bc84081bd35494a2d390cc0', 'system': None}, Network: None, Subnet: None, Router: None
2024-09-30 16:44:32.425 62325 INFO tempest.lib.common.rest_client [req-aa0b3d3d-3058-499a-8acb-b61feb0d54df req-aa0b3d3d-3058-499a-8acb-b61feb0d54df ] Request (ServerExternalEventsTest:test_create_server_external_events): 200 GET http://10.180.1.21/compute/v2.1/servers/a5116668-7f95-4709-97ca-9c2f84ad1d9c 1.567s
2024-09-30 16:44:32.488 62375 INFO tempest.lib.common.rest_client [req-f7f07347-e11d-496a-b1c3-c2a815b3f8ec req-f7f07347-e11d-496a-b1c3-c2a815b3f8ec ] Request (MigrationsAdminTest:setUpClass): 201 POST http://10.180.1.21/identity/v3/auth/tokens 0.069s
2024-09-30 16:44:32.504 62327 INFO tempest.lib.common.rest_client [req-70440492-bf3b-41fd-b2d4-abe8785835c7 req-70440492-bf3b-41fd-b2d4-abe8785835c7 ] Request (ServicesAdminNegativeV253TestJSON:setUpClass): 204 PUT http://10.180.1.21/identity/v3/projects/a3997eff72f6439488005dd90742ac2f/users/4cc4c8c37dc54d8d96c5acc028631730/roles/54983d1997c34acdbd1f512759fb2ff1 0.122s
2024-09-30 16:44:32.504 62327 INFO tempest.lib.common.dynamic_creds [-] Dynamic test user 4cc4c8c37dc54d8d96c5acc028631730 is created with scope project and roles: ['member']
2024-09-30 16:44:32.504 62327 INFO tempest.lib.common.dynamic_creds [-] Acquired dynamic creds: credentials: Credentials: {'domain_id': 'default', 'domain_name': 'Default', 'username': 'tempest-ServicesAdminNegativeV253TestJSON-1784171728-project-member', 'project_domain_id': 'default', 'project_domain_name': 'Default', 'project_id': 'a3997eff72f6439488005dd90742ac2f', 'project_name': 'tempest-ServicesAdminNegativeV253TestJSON-1784171728', 'tenant_id': 'a3997eff72f6439488005dd90742ac2f', 'tenant_name': 'tempest-ServicesAdminNegativeV253TestJSON-1784171728', 'user_domain_id': 'default', 'user_domain_name': 'Default', 'user_id': '4cc4c8c37dc54d8d96c5acc028631730', 'system': None}, Network: None, Subnet: None, Router: None
2024-09-30 16:44:32.504 62327 INFO tempest.lib.common.dynamic_creds [-] Created isolated network resources for: credentials: Credentials: {'domain_id': 'default', 'domain_name': 'Default', 'username': 'tempest-ServicesAdminNegativeV253TestJSON-1784171728-project-member', 'project_domain_id': 'default', 'project_domain_name': 'Default', 'project_id': 'a3997eff72f6439488005dd90742ac2f', 'project_name': 'tempest-ServicesAdminNegativeV253TestJSON-1784171728', 'tenant_id': 'a3997eff72f6439488005dd90742ac2f', 'tenant_name': 'tempest-ServicesAdminNegativeV253TestJSON-1784171728', 'user_domain_id': 'default', 'user_domain_name': 'Default', 'user_id': '4cc4c8c37dc54d8d96c5acc028631730', 'system': None}, Network: None, Subnet: None, Router: None
2024-09-30 16:44:32.543 62337 INFO tempest.lib.common.rest_client [req-4bf08d93-8844-4395-839c-68dd695ef51e req-4bf08d93-8844-4395-839c-68dd695ef51e ] Request (ServerPasswordTestJSON:setUpClass): 201 POST http://10.180.1.21/identity/v3/auth/tokens 0.123s
2024-09-30 16:44:32.558 62375 INFO tempest.lib.common.rest_client [req-2c9bc5f1-5ef2-4bfa-8d88-b9ce87df4da4 req-2c9bc5f1-5ef2-4bfa-8d88-b9ce87df4da4 ] Request (MigrationsAdminTest:setUpClass): 201 POST http://10.180.1.21/identity/v3/projects 0.070s
2024-09-30 16:44:32.599 62327 INFO tempest.lib.common.rest_client [req-8f843169-95ac-488f-a7c0-38f96377df7a req-8f843169-95ac-488f-a7c0-38f96377df7a ] Request (ServicesAdminNegativeV253TestJSON:setUpClass): 201 POST http://10.180.1.21/identity/v3/auth/tokens 0.091s
2024-09-30 16:44:32.611 62360 INFO tempest.lib.common.rest_client [req-7b23591e-e9b3-4665-8f64-45aac368f90a req-7b23591e-e9b3-4665-8f64-45aac368f90a ] Request (SecurityGroupsTestAdminJSON:_run_cleanups): 202 DELETE http://10.180.1.21/compute/v2.1/os-security-groups/fb79b1a5-5e1e-48e4-a659-e9a8c090f8ff 1.640s
2024-09-30 16:44:32.616 62363 INFO tempest.lib.common.rest_client [req-6dad4df5-c244-4b58-b9e3-c6d3cef8bc4b req-6dad4df5-c244-4b58-b9e3-c6d3cef8bc4b ] Request (AggregatesAdminNegativeTestJSON:test_aggregate_create_as_user): 403 POST http://10.180.1.21/compute/v2.1/os-aggregates 1.636s
2024-09-30 16:44:32.653 62375 INFO tempest.lib.common.rest_client [req-9d2c700e-8457-4a7d-95a4-14e3d59950c0 req-9d2c700e-8457-4a7d-95a4-14e3d59950c0 ] Request (MigrationsAdminTest:setUpClass): 201 POST http://10.180.1.21/identity/v3/users 0.094s
2024-09-30 16:44:32.676 62327 INFO tempest.lib.common.rest_client [req-5c04fd31-9ed7-4c74-881c-0dccc429e170 req-5c04fd31-9ed7-4c74-881c-0dccc429e170 ] Request (ServicesAdminNegativeV253TestJSON:setUpClass): 201 POST http://10.180.1.21/identity/v3/projects 0.076s
2024-09-30 16:44:32.677 62375 INFO tempest.lib.common.rest_client [req-f52e755d-f9b1-4313-b9d8-5bf5a9a03f54 req-f52e755d-f9b1-4313-b9d8-5bf5a9a03f54 ] Request (MigrationsAdminTest:setUpClass): 200 GET http://10.180.1.21/identity/v3/roles 0.023s
2024-09-30 16:44:32.686 62331 INFO tempest.lib.common.rest_client [req-171d778d-2192-40fb-a8a4-25aec80dd2c2 req-171d778d-2192-40fb-a8a4-25aec80dd2c2 ] Request (ServerDiagnosticsV248Test:test_get_server_diagnostics): 200 GET http://10.180.1.21/compute/v2.1/servers/ef05c3ba-caa8-46a7-854c-12b736e01de4 1.687s
2024-09-30 16:44:32.695 62331 INFO tempest.common.waiters [-] State transition "BUILD/None" ==> "BUILD/networking" after 9 second wait
2024-09-30 16:44:32.743 62353 INFO tempest.lib.common.rest_client [req-c0a182d3-3337-4f6b-a531-3e174fd87ac6 req-c0a182d3-3337-4f6b-a531-3e174fd87ac6 ] Request (ListImageFiltersTestJSON:setUpClass): 200 GET http://10.180.1.21/compute/v2.1/servers/0d9910d7-a933-4f5d-964f-a9a14b7b413e 1.630s
2024-09-30 16:44:32.789 62360 INFO tempest.lib.common.rest_client [req-a331750d-d17e-43da-b2f1-1f6d5d3f4806 req-a331750d-d17e-43da-b2f1-1f6d5d3f4806 ] Request (SecurityGroupsTestAdminJSON:tearDownClass): 204 DELETE http://10.180.1.21/identity/v3/users/532161843da64e498c4ff3be4dc29dec 0.118s
2024-09-30 16:44:32.811 62327 INFO tempest.lib.common.rest_client [req-a44df83f-c61b-4f26-8b33-631ddc0693c0 req-a44df83f-c61b-4f26-8b33-631ddc0693c0 ] Request (ServicesAdminNegativeV253TestJSON:setUpClass): 201 POST http://10.180.1.21/identity/v3/users 0.134s
2024-09-30 16:44:32.843 62375 INFO tempest.lib.common.rest_client [req-23f93f93-648b-405f-ab8f-21a76776cc55 req-23f93f93-648b-405f-ab8f-21a76776cc55 ] Request (MigrationsAdminTest:setUpClass): 204 PUT http://10.180.1.21/identity/v3/projects/d9d1b683975946819fedc12f80e86200/users/23c0808163e742758963e26c308630ae/roles/a271019ed6c948aba1b17b6782740914 0.165s
2024-09-30 16:44:32.864 62337 INFO tempest.lib.common.rest_client [req-0c87a5ab-a2f7-473f-91ab-9c5ea2cb127b req-0c87a5ab-a2f7-473f-91ab-9c5ea2cb127b ] Request (ServerPasswordTestJSON:setUpClass): 201 POST http://10.180.1.21:9696/networking/v2.0/networks 0.321s
2024-09-30 16:44:32.942 62360 INFO tempest.lib.common.rest_client [req-b8ea4d64-5deb-48f4-8fe4-f36fe1e26456 req-b8ea4d64-5deb-48f4-8fe4-f36fe1e26456 ] Request (SecurityGroupsTestAdminJSON:tearDownClass): 204 DELETE http://10.180.1.21/identity/v3/users/8ea934c9bf9547598fc90095979fce7e 0.152s
2024-09-30 16:44:32.942 62360 INFO tempest.lib.common.dynamic_creds [-] Deleting project and security group for project: 5435425bcc1f4a5fb520e3ab2b63a857
2024-09-30 16:44:32.978 62327 INFO tempest.lib.common.rest_client [req-7c5586a7-044c-40dd-8018-93eb4361282a req-7c5586a7-044c-40dd-8018-93eb4361282a ] Request (ServicesAdminNegativeV253TestJSON:setUpClass): 200 GET http://10.180.1.21/identity/v3/roles 0.166s
2024-09-30 16:44:32.986 62375 INFO tempest.lib.common.rest_client [req-bfeac940-742d-4d88-bd14-c07bed011987 req-bfeac940-742d-4d88-bd14-c07bed011987 ] Request (MigrationsAdminTest:setUpClass): 200 GET http://10.180.1.21/identity/v3/roles 0.142s
2024-09-30 16:44:33.011 62360 INFO tempest.lib.common.rest_client [req-03f36b45-7dd8-497b-884f-9edf49d62d24 req-03f36b45-7dd8-497b-884f-9edf49d62d24 ] Request (SecurityGroupsTestAdminJSON:tearDownClass): 201 POST http://10.180.1.21/identity/v3/auth/tokens 0.069s
2024-09-30 16:44:33.019 62337 INFO tempest.lib.common.rest_client [req-636be67d-b6ae-473a-8a69-0d9e30c84cd0 req-636be67d-b6ae-473a-8a69-0d9e30c84cd0 ] Request (ServerPasswordTestJSON:setUpClass): 201 POST http://10.180.1.21:9696/networking/v2.0/subnets 0.154s
2024-09-30 16:44:33.036 62327 INFO tempest.lib.common.rest_client [req-d014b84e-134d-4393-a33f-20dc67832d2f req-d014b84e-134d-4393-a33f-20dc67832d2f ] Request (ServicesAdminNegativeV253TestJSON:setUpClass): 204 PUT http://10.180.1.21/identity/v3/projects/0f43e354eb7a4bb38307aae66c8b2dbf/users/adb6b9aa0efc427ea4d45d58477d6b59/roles/a271019ed6c948aba1b17b6782740914 0.057s
2024-09-30 16:44:33.046 62375 INFO tempest.lib.common.rest_client [req-f48ef74d-09bd-4403-9a87-3ef9894c199a req-f48ef74d-09bd-4403-9a87-3ef9894c199a ] Request (MigrationsAdminTest:setUpClass): 204 PUT http://10.180.1.21/identity/v3/projects/d9d1b683975946819fedc12f80e86200/users/23c0808163e742758963e26c308630ae/roles/a271019ed6c948aba1b17b6782740914 0.059s
2024-09-30 16:44:33.046 62375 INFO tempest.lib.common.dynamic_creds [-] Dynamic test user 23c0808163e742758963e26c308630ae is created with scope project and roles: ['admin']
2024-09-30 16:44:33.046 62375 INFO tempest.lib.common.dynamic_creds [-] Acquired dynamic creds: credentials: Credentials: {'domain_id': 'default', 'domain_name': 'Default', 'username': 'tempest-MigrationsAdminTest-428145819-project-admin', 'project_domain_id': 'default', 'project_domain_name': 'Default', 'project_id': 'd9d1b683975946819fedc12f80e86200', 'project_name': 'tempest-MigrationsAdminTest-428145819', 'tenant_id': 'd9d1b683975946819fedc12f80e86200', 'tenant_name': 'tempest-MigrationsAdminTest-428145819', 'user_domain_id': 'default', 'user_domain_name': 'Default', 'user_id': '23c0808163e742758963e26c308630ae', 'system': None}, Network: None, Subnet: None, Router: None
2024-09-30 16:44:33.047 62375 INFO tempest.lib.common.dynamic_creds [-] Created isolated network resources for: credentials: Credentials: {'domain_id': 'default', 'domain_name': 'Default', 'username': 'tempest-MigrationsAdminTest-428145819-project-admin', 'project_domain_id': 'default', 'project_domain_name': 'Default', 'project_id': 'd9d1b683975946819fedc12f80e86200', 'project_name': 'tempest-MigrationsAdminTest-428145819', 'tenant_id': 'd9d1b683975946819fedc12f80e86200', 'tenant_name': 'tempest-MigrationsAdminTest-428145819', 'user_domain_id': 'default', 'user_domain_name': 'Default', 'user_id': '23c0808163e742758963e26c308630ae', 'system': None}, Network: None, Subnet: None, Router: None
2024-09-30 16:44:33.173 62327 INFO tempest.lib.common.rest_client [req-e143d3fd-e3b3-447c-b78b-cf66d1104561 req-e143d3fd-e3b3-447c-b78b-cf66d1104561 ] Request (ServicesAdminNegativeV253TestJSON:setUpClass): 200 GET http://10.180.1.21/identity/v3/roles 0.137s
2024-09-30 16:44:33.176 62333 INFO tempest.lib.common.rest_client [req-6fe5d309-a8eb-4c09-ba96-1824ba8534b3 req-6fe5d309-a8eb-4c09-ba96-1824ba8534b3 ] Request (QuotasAdminTestJSON:test_delete_quota): 200 GET http://10.180.1.21/compute/v2.1/os-quota-sets/bcc4ef19f5be4b9a8fe407885675a908 1.986s
2024-09-30 16:44:33.226 62327 INFO tempest.lib.common.rest_client [req-2f3ca41b-2fc6-48d9-a321-542d20a66f4b req-2f3ca41b-2fc6-48d9-a321-542d20a66f4b ] Request (ServicesAdminNegativeV253TestJSON:setUpClass): 204 PUT http://10.180.1.21/identity/v3/projects/0f43e354eb7a4bb38307aae66c8b2dbf/users/adb6b9aa0efc427ea4d45d58477d6b59/roles/a271019ed6c948aba1b17b6782740914 0.052s
2024-09-30 16:44:33.226 62327 INFO tempest.lib.common.dynamic_creds [-] Dynamic test user adb6b9aa0efc427ea4d45d58477d6b59 is created with scope project and roles: ['admin']
2024-09-30 16:44:33.226 62327 INFO tempest.lib.common.dynamic_creds [-] Acquired dynamic creds: credentials: Credentials: {'domain_id': 'default', 'domain_name': 'Default', 'username': 'tempest-ServicesAdminNegativeV253TestJSON-636644797-project-admin', 'project_domain_id': 'default', 'project_domain_name': 'Default', 'project_id': '0f43e354eb7a4bb38307aae66c8b2dbf', 'project_name': 'tempest-ServicesAdminNegativeV253TestJSON-636644797', 'tenant_id': '0f43e354eb7a4bb38307aae66c8b2dbf', 'tenant_name': 'tempest-ServicesAdminNegativeV253TestJSON-636644797', 'user_domain_id': 'default', 'user_domain_name': 'Default', 'user_id': 'adb6b9aa0efc427ea4d45d58477d6b59', 'system': None}, Network: None, Subnet: None, Router: None
2024-09-30 16:44:33.226 62327 INFO tempest.lib.common.dynamic_creds [-] Created isolated network resources for: credentials: Credentials: {'domain_id': 'default', 'domain_name': 'Default', 'username': 'tempest-ServicesAdminNegativeV253TestJSON-636644797-project-admin', 'project_domain_id': 'default', 'project_domain_name': 'Default', 'project_id': '0f43e354eb7a4bb38307aae66c8b2dbf', 'project_name': 'tempest-ServicesAdminNegativeV253TestJSON-636644797', 'tenant_id': '0f43e354eb7a4bb38307aae66c8b2dbf', 'tenant_name': 'tempest-ServicesAdminNegativeV253TestJSON-636644797', 'user_domain_id': 'default', 'user_domain_name': 'Default', 'user_id': 'adb6b9aa0efc427ea4d45d58477d6b59', 'system': None}, Network: None, Subnet: None, Router: None
2024-09-30 16:44:33.246 62339 INFO tempest.lib.common.rest_client [req-e36568f9-49b1-4b35-815a-275b2fdf4c7b req-e36568f9-49b1-4b35-815a-275b2fdf4c7b ] Request (TenantUsagesTestJSON:setUpClass): 200 GET http://10.180.1.21/compute/v2.1/servers/13d829ee-b6da-421a-836f-8c13fed0db51 2.003s
2024-09-30 16:44:33.255 62375 INFO tempest.lib.common.rest_client [req-473d538f-25d2-441e-bf4a-fa7b4282aaa3 req-473d538f-25d2-441e-bf4a-fa7b4282aaa3 ] Request (MigrationsAdminTest:setUpClass): 201 POST http://10.180.1.21/identity/v3/auth/tokens 0.205s
2024-09-30 16:44:33.298 62371 INFO tempest.lib.common.rest_client [req-314e799f-9a1f-4ee5-8b1c-e69a4a6b791f req-314e799f-9a1f-4ee5-8b1c-e69a4a6b791f ] Request (ImagesNegativeTestJSON:test_create_image_from_deleted_server): 200 GET http://10.180.1.21/compute/v2.1/servers/4986367a-40f8-4147-b68b-19db881ddee3 1.966s
