2024-10-31 11:49:48.549 62264 INFO tempest.test [-] raised in LiveAutoBlockMigrationV225Test.setUpClass. Invoking tearDownClass.
2024-10-31 11:49:48.561 62280 INFO tempest.lib.common.rest_client [req-88d0c3e5-a307-4dba-b389-ca52f6919143 req-88d0c3e5-a307-4dba-b389-ca52f6919143 ] Request (HypervisorAdminV253TestBase:test_list_show_detail_hypervisors): 200 GET http://10.180.1.21/compute/v2.1/os-hypervisors?with_servers=True 1.504s
2024-10-31 11:49:48.597 62284 INFO tempest.lib.common.rest_client [req-e72e2f66-5cd8-420c-be71-affb02a69c49 req-e72e2f66-5cd8-420c-be71-affb02a69c49 ] Request (FloatingIPsAssociationNegativeTestJSON:setUpClass): 201 POST http://10.180.1.21:9696/networking/v2.0/networks 0.749s
2024-10-31 11:49:48.606 62267 INFO tempest.lib.common.rest_client [req-4e1f11fd-ae01-4f0e-9d0d-5dd369df4e7d req-4e1f11fd-ae01-4f0e-9d0d-5dd369df4e7d ] Request (QuotasAdminTestV257:tearDownClass): 204 DELETE http://10.180.1.21:9696/networking/v2.0/security-groups/89841b9e-07d1-4ff7-a036-c70fda65b5d6 0.141s
2024-10-31 11:49:48.621 62248 INFO tempest.lib.common.rest_client [req-3c0241ee-8650-471e-a6be-3c00db491061 req-3c0241ee-8650-471e-a6be-3c00db491061 ] Request (SecurityGroupsTestJSON:test_list_security_groups_by_server): 201 POST http://10.180.1.21/identity/v3/auth/tokens 0.133s
2024-10-31 11:49:48.622 62248 INFO tempest.lib.common.fixed_network [-] (SecurityGroupsTestJSON:test_list_security_groups_by_server) Found network {'id': '89be3df2-0f5b-4012-8bd1-a2b7299bcd70', 'name': 'tempest-SecurityGroupsTestJSON-248826227-network', 'tenant_id': '067efe2b964d498fa7e2843439f023ca', 'admin_state_up': True, 'mtu': 8950, 'status': 'ACTIVE', 'subnets': [], 'shared': False, 'project_id': '067efe2b964d498fa7e2843439f023ca', 'port_security_enabled': True, 'router:external': False, 'provider:network_type': 'vlan', 'provider:physical_network': 'default', 'provider:segmentation_id': 455, 'availability_zone_hints': [], 'availability_zones': [], 'ipv4_address_scope': None, 'ipv6_address_scope': None, 'description': '', 'tags': [], 'created_at': '2024-10-31T11:49:41Z', 'updated_at': '2024-10-31T11:49:41Z', 'revision_number': 1} available for tenant
2024-10-31 11:49:48.667 62270 INFO tempest.lib.common.rest_client [req-d7d2ce8e-2072-49e2-8eca-2b5745571410 req-d7d2ce8e-2072-49e2-8eca-2b5745571410 ] Request (HypervisorAdminTestJSON:tearDownClass): 201 POST http://10.180.1.21/identity/v3/auth/tokens 0.133s
2024-10-31 11:49:48.712 62298 INFO tempest.lib.common.rest_client [req-ed4d1e4a-a0d3-4f7e-8be6-4c944e61c799 req-ed4d1e4a-a0d3-4f7e-8be6-4c944e61c799 ] Request (HypervisorAdminUnderV252Test:tearDownClass): 204 DELETE http://10.180.1.21/identity/v3/projects/87bd25f9ae654aeb85788da63b70f1c4 0.195s
2024-10-31 11:49:48.713 62298 INFO tempest.test [-] raised in UnshelveToHostMultiNodesTest.setUpClass. Invoking tearDownClass.
2024-10-31 11:49:48.730 62264 INFO tempest.lib.common.rest_client [req-53fa5a32-e557-4b2b-b3bb-7393c02f9956 req-53fa5a32-e557-4b2b-b3bb-7393c02f9956 ] Request (ServersAdminNegativeTestJSON:setUpClass): 201 POST http://10.180.1.21/identity/v3/auth/tokens 0.175s
2024-10-31 11:49:48.765 62242 INFO tempest.lib.common.rest_client [req-31899def-c664-49df-87d5-31c7f96bac23 req-31899def-c664-49df-87d5-31c7f96bac23 ] Request (ImagesMetadataTestJSON:setUp): 200 PUT http://10.180.1.21/compute/v2.1/images/8dc0fe81-2409-409c-a0b3-7d81d58ca4fc/metadata 1.992s
2024-10-31 11:49:48.809 62267 INFO tempest.lib.common.rest_client [req-9ef14acf-c0f4-4bf2-9c93-aec853cca1ef req-9ef14acf-c0f4-4bf2-9c93-aec853cca1ef ] Request (QuotasAdminTestV257:tearDownClass): 204 DELETE http://10.180.1.21/identity/v3/projects/590ec47229694a958f0bc3a981bf1372 0.202s
2024-10-31 11:49:48.809 62267 INFO tempest.lib.common.dynamic_creds [-] Deleting project and security group for project: 1d6be49b169645ad9ad86c668c3a4630
2024-10-31 11:49:48.836 62298 INFO tempest.lib.common.rest_client [req-52972b68-3ef0-4d6b-b657-a82e2d429417 req-52972b68-3ef0-4d6b-b657-a82e2d429417 ] Request (VolumesAdminNegativeTest:setUpClass): 201 POST http://10.180.1.21/identity/v3/auth/tokens 0.119s
2024-10-31 11:49:48.841 62264 INFO tempest.lib.common.rest_client [req-57556ce9-9caf-48ea-ad01-19e0972180ef req-57556ce9-9caf-48ea-ad01-19e0972180ef ] Request (ServersAdminNegativeTestJSON:setUpClass): 201 POST http://10.180.1.21/identity/v3/auth/tokens 0.108s
2024-10-31 11:49:48.848 62246 INFO tempest.lib.common.rest_client [req-51e59e8d-7fbb-4462-861f-24c4de8a4c9b req-51e59e8d-7fbb-4462-861f-24c4de8a4c9b ] Request (ServerDiagnosticsNegativeTest:test_get_server_diagnostics_by_non_admin): 200 GET http://10.180.1.21/compute/v2.1/servers/5a590ae6-eb88-433d-81b4-33e7b6ace868 1.445s
2024-10-31 11:49:48.879 62264 INFO tempest.lib.common.rest_client [req-b2fa5fe3-5add-4943-bea7-ffa1825c7fef req-b2fa5fe3-5add-4943-bea7-ffa1825c7fef ] Request (ServersAdminNegativeTestJSON:setUpClass): 200 GET http://10.180.1.21/identity/v3/domains?name=Default 0.037s
2024-10-31 11:49:48.890 62298 INFO tempest.lib.common.rest_client [req-4ea8d8de-bf3d-4643-bfb7-47544a7062ca req-4ea8d8de-bf3d-4643-bfb7-47544a7062ca ] Request (VolumesAdminNegativeTest:setUpClass): 201 POST http://10.180.1.21/identity/v3/auth/tokens 0.052s
2024-10-31 11:49:48.915 62264 INFO tempest.lib.common.rest_client [req-190b2709-6d84-4461-9ccd-89b709326e31 req-190b2709-6d84-4461-9ccd-89b709326e31 ] Request (ServersAdminNegativeTestJSON:setUpClass): 201 POST http://10.180.1.21/identity/v3/projects 0.036s
2024-10-31 11:49:48.918 62298 INFO tempest.lib.common.rest_client [req-cfa295df-ceb8-48ba-aa5d-8b88034bdf9b req-cfa295df-ceb8-48ba-aa5d-8b88034bdf9b ] Request (VolumesAdminNegativeTest:setUpClass): 200 GET http://10.180.1.21/identity/v3/domains?name=Default 0.027s
2024-10-31 11:49:48.919 62236 INFO tempest.lib.common.rest_client [req-b432bb45-cd6c-4e20-8c33-0277e14b0ace req-b432bb45-cd6c-4e20-8c33-0277e14b0ace ] Request (MigrationsAdminTest:test_list_migrations_in_flavor_resize_situation): 200 GET http://10.180.1.21/compute/v2.1/servers/4cafaebd-b577-4a7e-92b8-151445f66a0d 1.431s
2024-10-31 11:49:48.948 62284 INFO tempest.lib.common.rest_client [req-77017cc4-f7d9-4d18-9774-1162614525f5 req-77017cc4-f7d9-4d18-9774-1162614525f5 ] Request (FloatingIPsAssociationNegativeTestJSON:setUpClass): 201 POST http://10.180.1.21:9696/networking/v2.0/subnets 0.351s
2024-10-31 11:49:49.015 62264 INFO tempest.lib.common.rest_client [req-5e08e677-ba3c-4a9b-9bd2-8aaa75c6c514 req-5e08e677-ba3c-4a9b-9bd2-8aaa75c6c514 ] Request (ServersAdminNegativeTestJSON:setUpClass): 201 POST http://10.180.1.21/identity/v3/users 0.099s
2024-10-31 11:49:49.017 62290 INFO tempest.lib.common.rest_client [req-da315d48-8cac-4c73-96d9-00a5e48eb724 req-da315d48-8cac-4c73-96d9-00a5e48eb724 ] Request (AttachVolumeNegativeTest:setUpClass): 201 POST http://10.180.1.21:9696/networking/v2.0/networks 0.567s
2024-10-31 11:49:49.023 62298 INFO tempest.lib.common.rest_client [req-eda9f893-c106-4ed8-a2cc-fb18436dd20c req-eda9f893-c106-4ed8-a2cc-fb18436dd20c ] Request (VolumesAdminNegativeTest:setUpClass): 201 POST http://10.180.1.21/identity/v3/projects 0.105s
2024-10-31 11:49:49.036 62258 INFO tempest.lib.common.rest_client [req-75383a08-a428-4cd2-b943-bf6a0fa1e83c req-75383a08-a428-4cd2-b943-bf6a0fa1e83c ] Request (VolumesAssistedSnapshotsTest:test_volume_assisted_snapshot_create_delete): 200 GET http://10.180.1.21/volume/v3/volumes/83011413-2eac-4365-82aa-64ba2c3893fe 0.046s
2024-10-31 11:49:49.042 62258 INFO tempest.common.waiters [-] volume 83011413-2eac-4365-82aa-64ba2c3893fe reached available after waiting for 2.042906 seconds
2024-10-31 11:49:49.070 62264 INFO tempest.lib.common.rest_client [req-d7cfedac-532f-41d6-a0f0-8e231e405690 req-d7cfedac-532f-41d6-a0f0-8e231e405690 ] Request (ServersAdminNegativeTestJSON:setUpClass): 200 GET http://10.180.1.21/identity/v3/roles 0.054s
2024-10-31 11:49:49.092 62298 INFO tempest.lib.common.rest_client [req-3681d506-87a7-48f6-aae8-3a52711ab60a req-3681d506-87a7-48f6-aae8-3a52711ab60a ] Request (VolumesAdminNegativeTest:setUpClass): 201 POST http://10.180.1.21/identity/v3/users 0.068s
2024-10-31 11:49:49.114 62264 INFO tempest.lib.common.rest_client [req-a881afd1-50d2-42dd-971f-102d99018f45 req-a881afd1-50d2-42dd-971f-102d99018f45 ] Request (ServersAdminNegativeTestJSON:setUpClass): 204 PUT http://10.180.1.21/identity/v3/projects/82f822e6b82c42b0a520b693150ebc2b/users/86f109980703481eb3dae2539fec9359/roles/d48f916443694e2c85b4e9bbe1b022a5 0.043s
2024-10-31 11:49:49.114 62264 INFO tempest.lib.common.dynamic_creds [-] Dynamic test user 86f109980703481eb3dae2539fec9359 is created with scope project and roles: ['member']
2024-10-31 11:49:49.114 62264 INFO tempest.lib.common.dynamic_creds [-] Acquired dynamic creds: credentials: Credentials: {'domain_id': 'default', 'domain_name': 'Default', 'username': 'tempest-ServersAdminNegativeTestJSON-740884206-project-member', 'project_domain_id': 'default', 'project_domain_name': 'Default', 'project_id': '82f822e6b82c42b0a520b693150ebc2b', 'project_name': 'tempest-ServersAdminNegativeTestJSON-740884206', 'tenant_id': '82f822e6b82c42b0a520b693150ebc2b', 'tenant_name': 'tempest-ServersAdminNegativeTestJSON-740884206', 'user_domain_id': 'default', 'user_domain_name': 'Default', 'user_id': '86f109980703481eb3dae2539fec9359', 'system': None}, Network: None, Subnet: None, Router: None
2024-10-31 11:49:49.115 62264 INFO tempest.lib.common.dynamic_creds [-] Created isolated network resources for: credentials: Credentials: {'domain_id': 'default', 'domain_name': 'Default', 'username': 'tempest-ServersAdminNegativeTestJSON-740884206-project-member', 'project_domain_id': 'default', 'project_domain_name': 'Default', 'project_id': '82f822e6b82c42b0a520b693150ebc2b', 'project_name': 'tempest-ServersAdminNegativeTestJSON-740884206', 'tenant_id': '82f822e6b82c42b0a520b693150ebc2b', 'tenant_name': 'tempest-ServersAdminNegativeTestJSON-740884206', 'user_domain_id': 'default', 'user_domain_name': 'Default', 'user_id': '86f109980703481eb3dae2539fec9359', 'system': None}, Network: None, Subnet: None, Router: None
2024-10-31 11:49:49.125 62270 INFO tempest.lib.common.rest_client [req-37d60116-9b83-415a-8344-7808b6bccec4 req-37d60116-9b83-415a-8344-7808b6bccec4 ] Request (HypervisorAdminTestJSON:tearDownClass): 200 GET http://10.180.1.21:9696/networking/v2.0/security-groups?tenant_id=c53bb0f6b9504a81b6176b83eacd738b&name=default 0.458s
2024-10-31 11:49:49.155 62267 INFO tempest.lib.common.rest_client [req-075313c1-73a3-49af-9656-26b3610f0c4f req-075313c1-73a3-49af-9656-26b3610f0c4f ] Request (QuotasAdminTestV257:tearDownClass): 200 GET http://10.180.1.21:9696/networking/v2.0/security-groups?tenant_id=1d6be49b169645ad9ad86c668c3a4630&name=default 0.345s
2024-10-31 11:49:49.162 62298 INFO tempest.lib.common.rest_client [req-db848da7-85d7-4011-bd49-7f52ef8a6e05 req-db848da7-85d7-4011-bd49-7f52ef8a6e05 ] Request (VolumesAdminNegativeTest:setUpClass): 200 GET http://10.180.1.21/identity/v3/roles 0.068s
2024-10-31 11:49:49.178 62250 INFO tempest.lib.common.rest_client [req-b78c1024-f277-44b0-8bf5-06a96d320632 req-b78c1024-f277-44b0-8bf5-06a96d320632 ] Request (QuotaClassesAdminTestJSON:test_update_default_quotas): 200 GET http://10.180.1.21/compute/v2.1/os-quota-class-sets/default 1.652s
2024-10-31 11:49:49.188 62298 INFO tempest.lib.common.rest_client [req-7a3c31be-24b6-4fb1-b4e0-a83fc9a68805 req-7a3c31be-24b6-4fb1-b4e0-a83fc9a68805 ] Request (VolumesAdminNegativeTest:setUpClass): 204 PUT http://10.180.1.21/identity/v3/projects/ad0aa62c68274ebd9dc50e07a08a3e76/users/ea7bc069037447c4bd9451e0f9106689/roles/d48f916443694e2c85b4e9bbe1b022a5 0.025s
2024-10-31 11:49:49.189 62298 INFO tempest.lib.common.dynamic_creds [-] Dynamic test user ea7bc069037447c4bd9451e0f9106689 is created with scope project and roles: ['member']
2024-10-31 11:49:49.189 62298 INFO tempest.lib.common.dynamic_creds [-] Acquired dynamic creds: credentials: Credentials: {'domain_id': 'default', 'domain_name': 'Default', 'username': 'tempest-VolumesAdminNegativeTest-194489036-project-member', 'project_domain_id': 'default', 'project_domain_name': 'Default', 'project_id': 'ad0aa62c68274ebd9dc50e07a08a3e76', 'project_name': 'tempest-VolumesAdminNegativeTest-194489036', 'tenant_id': 'ad0aa62c68274ebd9dc50e07a08a3e76', 'tenant_name': 'tempest-VolumesAdminNegativeTest-194489036', 'user_domain_id': 'default', 'user_domain_name': 'Default', 'user_id': 'ea7bc069037447c4bd9451e0f9106689', 'system': None}, Network: None, Subnet: None, Router: None
2024-10-31 11:49:49.224 62264 INFO tempest.lib.common.rest_client [req-6be5f10e-9b15-45cc-857f-69a317137e1e req-6be5f10e-9b15-45cc-857f-69a317137e1e ] Request (ServersAdminNegativeTestJSON:setUpClass): 201 POST http://10.180.1.21/identity/v3/auth/tokens 0.106s
2024-10-31 11:49:49.248 62298 INFO tempest.lib.common.rest_client [req-1140a2b0-9941-460c-907a-75ee75cae423 req-1140a2b0-9941-460c-907a-75ee75cae423 ] Request (VolumesAdminNegativeTest:setUpClass): 201 POST http://10.180.1.21/identity/v3/auth/tokens 0.058s
2024-10-31 11:49:49.276 62262 INFO tempest.lib.common.rest_client [req-cb07ce53-7f87-453c-9c2b-9ac757017a1f req-cb07ce53-7f87-453c-9c2b-9ac757017a1f ] Request (ServerDiagnosticsV248Test:test_get_server_diagnostics): 200 GET http://10.180.1.21/compute/v2.1/servers/2aabbd53-4c4d-4b53-8135-34cc5a17fd47 1.722s
2024-10-31 11:49:49.280 62264 INFO tempest.lib.common.rest_client [req-0c93e398-9b3f-4124-bc91-6ed79a8c8e1d req-0c93e398-9b3f-4124-bc91-6ed79a8c8e1d ] Request (ServersAdminNegativeTestJSON:setUpClass): 201 POST http://10.180.1.21/identity/v3/projects 0.055s
2024-10-31 11:49:49.293 62262 INFO tempest.common.waiters [-] State transition "BUILD/None" ==> "BUILD/spawning" after 6 second wait
2024-10-31 11:49:49.294 62296 INFO tempest.lib.common.rest_client [req-c99baf65-1d30-4295-ab07-fb931d03c756 req-c99baf65-1d30-4295-ab07-fb931d03c756 ] Request (FlavorsAccessNegativeTestJSON:_run_cleanups): 202 DELETE http://10.180.1.21/compute/v2.1/flavors/1400246162 1.670s
2024-10-31 11:49:49.313 62252 INFO tempest.lib.common.rest_client [req-7a999eb4-525a-4701-b391-eb292e0ba3a2 req-7a999eb4-525a-4701-b391-eb292e0ba3a2 ] Request (FlavorsExtraSpecsTestJSON:test_flavor_set_get_update_show_unset_keys): 200 POST http://10.180.1.21/compute/v2.1/flavors/1301809428/os-extra_specs 1.673s
2024-10-31 11:49:49.323 62288 INFO tempest.lib.common.rest_client [req-abf916ef-6bf9-483b-8070-333165d681c6 req-abf916ef-6bf9-483b-8070-333165d681c6 ] Request (HypervisorAdminNegativeTestJSON:test_get_nonexistent_hypervisor_uptime): 404 GET http://10.180.1.21/compute/v2.1/os-hypervisors/40d801e3-b312-4724-b967-bdb428529170/uptime 1.677s
2024-10-31 11:49:49.336 62272 INFO tempest.lib.common.rest_client [req-f10df4fb-aa14-45c3-985b-3ab6df4b8a29 req-f10df4fb-aa14-45c3-985b-3ab6df4b8a29 ] Request (FlavorsV261TestJSON:test_crud_flavor): 200 GET http://10.180.1.21/compute/v2.1/flavors 1.669s
2024-10-31 11:49:49.338 62264 INFO tempest.lib.common.rest_client [req-2cdb4b5c-92d8-4770-ba00-041dcfe68302 req-2cdb4b5c-92d8-4770-ba00-041dcfe68302 ] Request (ServersAdminNegativeTestJSON:setUpClass): 201 POST http://10.180.1.21/identity/v3/users 0.057s
2024-10-31 11:49:49.354 62276 INFO tempest.lib.common.rest_client [req-3f1e699b-a4af-464e-8c2b-6f19c53006af req-3f1e699b-a4af-464e-8c2b-6f19c53006af ] Request (ServicesAdminNegativeTestJSON:test_get_service_with_valid_service_and_invalid_host): 200 GET http://10.180.1.21/compute/v2.1/os-services?host=xxx&binary=nova-scheduler 1.672s
2024-10-31 11:49:49.360 62264 INFO tempest.lib.common.rest_client [req-8687ecbb-f4e9-4571-a940-1469c139f7fd req-8687ecbb-f4e9-4571-a940-1469c139f7fd ] Request (ServersAdminNegativeTestJSON:setUpClass): 200 GET http://10.180.1.21/identity/v3/roles 0.021s
2024-10-31 11:49:49.383 62270 INFO tempest.lib.common.rest_client [req-78d0ab92-6875-46ff-a58b-c31d12a20786 req-78d0ab92-6875-46ff-a58b-c31d12a20786 ] Request (HypervisorAdminTestJSON:tearDownClass): 204 DELETE http://10.180.1.21:9696/networking/v2.0/security-groups/e0bfe968-0718-4f00-beb4-cab8e8aa9882 0.257s
2024-10-31 11:49:49.387 62264 INFO tempest.lib.common.rest_client [req-8dcf9301-ca71-44cb-a6c5-07e48d28f0ac req-8dcf9301-ca71-44cb-a6c5-07e48d28f0ac ] Request (ServersAdminNegativeTestJSON:setUpClass): 204 PUT http://10.180.1.21/identity/v3/projects/b71ba8f421b044d79a4648bb5985bcea/users/96f134d26b084f6083f818c9187d620b/roles/adcfb39c36964ff89fe2171bb0564be0 0.026s
2024-10-31 11:49:49.399 62238 INFO tempest.lib.common.rest_client [req-4f33d2c1-aa37-40be-aef9-44af33a4b8ee req-4f33d2c1-aa37-40be-aef9-44af33a4b8ee ] Request (FloatingIPDetailsTestJSON:_run_cleanups): 202 DELETE http://10.180.1.21/compute/v2.1/os-floating-ips/98984278-2b22-476c-b819-ca7a5b37e1fd 2.154s
2024-10-31 11:49:49.403 62267 INFO tempest.lib.common.rest_client [req-eb241a29-b1f8-45e7-96b9-e334d9283173 req-eb241a29-b1f8-45e7-96b9-e334d9283173 ] Request (QuotasAdminTestV257:tearDownClass): 204 DELETE http://10.180.1.21:9696/networking/v2.0/security-groups/03d2339d-0f7d-4601-a2f0-084f3f2bb266 0.247s
2024-10-31 11:49:49.421 62274 INFO tempest.lib.common.rest_client [req-06e4b666-4f12-470a-88f3-05143f222be6 req-06e4b666-4f12-470a-88f3-05143f222be6 ] Request (KeyPairsV2TestJSON:_run_cleanups): 202 DELETE http://10.180.1.21/compute/v2.1/os-keypairs/tempest-keypair-467073704 1.683s
2024-10-31 11:49:49.424 62286 INFO tempest.lib.common.rest_client [req-5c656c8b-57d8-4812-8dc0-659b4b153dd8 req-5c656c8b-57d8-4812-8dc0-659b4b153dd8 ] Request (DeleteServersAdminTestJSON:test_admin_delete_servers_of_others): 200 GET http://10.180.1.21/compute/v2.1/servers/2a24c5ce-9b52-49ae-b847-6280cef02eb5 1.706s
2024-10-31 11:49:49.425 62244 INFO tempest.lib.common.rest_client [req-d597d474-78d4-44a4-a5d8-d9f80d57d1ff req-d597d474-78d4-44a4-a5d8-d9f80d57d1ff ] Request (HostsAdminNegativeTestJSON:test_shutdown_host_with_non_admin_user): 403 GET http://10.180.1.21/compute/v2.1/os-hosts/devstack/shutdown 1.672s
2024-10-31 11:49:49.435 62286 INFO tempest.common.waiters [-] State transition "BUILD/None" ==> "BUILD/networking" after 5 second wait
2024-10-31 11:49:49.437 62290 INFO tempest.lib.common.rest_client [req-b1411028-6fd2-4ffa-ad77-3ea9176b68ec req-b1411028-6fd2-4ffa-ad77-3ea9176b68ec ] Request (AttachVolumeNegativeTest:setUpClass): 201 POST http://10.180.1.21:9696/networking/v2.0/subnets 0.420s
2024-10-31 11:49:49.442 62264 INFO tempest.lib.common.rest_client [req-b321c11d-720c-4a4d-8359-f1d3c3842b94 req-b321c11d-720c-4a4d-8359-f1d3c3842b94 ] Request (ServersAdminNegativeTestJSON:setUpClass): 200 GET http://10.180.1.21/identity/v3/roles 0.054s
2024-10-31 11:49:49.480 62270 INFO tempest.lib.common.rest_client [req-eb578d98-a855-495a-8b41-b9554aa89bfe req-eb578d98-a855-495a-8b41-b9554aa89bfe ] Request (HypervisorAdminTestJSON:tearDownClass): 204 DELETE http://10.180.1.21/identity/v3/projects/c53bb0f6b9504a81b6176b83eacd738b 0.097s
2024-10-31 11:49:49.480 62270 INFO tempest.lib.common.dynamic_creds [-] Deleting project and security group for project: 75c0af05a28b4f598c259f26f17b6cb4
2024-10-31 11:49:49.492 62267 INFO tempest.lib.common.rest_client [req-29a15c01-2505-4ac1-b03d-b318f7df06db req-29a15c01-2505-4ac1-b03d-b318f7df06db ] Request (QuotasAdminTestV257:tearDownClass): 204 DELETE http://10.180.1.21/identity/v3/projects/1d6be49b169645ad9ad86c668c3a4630 0.088s
2024-10-31 11:49:49.546 62264 INFO tempest.lib.common.rest_client [req-97143ff7-22ba-429e-ad86-5ecad94c5d9c req-97143ff7-22ba-429e-ad86-5ecad94c5d9c ] Request (ServersAdminNegativeTestJSON:setUpClass): 204 PUT http://10.180.1.21/identity/v3/projects/b71ba8f421b044d79a4648bb5985bcea/users/96f134d26b084f6083f818c9187d620b/roles/adcfb39c36964ff89fe2171bb0564be0 0.104s
2024-10-31 11:49:49.546 62264 INFO tempest.lib.common.dynamic_creds [-] Dynamic test user 96f134d26b084f6083f818c9187d620b is created with scope project and roles: ['admin']
2024-10-31 11:49:49.546 62264 INFO tempest.lib.common.dynamic_creds [-] Acquired dynamic creds: credentials: Credentials: {'domain_id': 'default', 'domain_name': 'Default', 'username': 'tempest-ServersAdminNegativeTestJSON-1711390353-project-admin', 'project_domain_id': 'default', 'project_domain_name': 'Default', 'project_id': 'b71ba8f421b044d79a4648bb5985bcea', 'project_name': 'tempest-ServersAdminNegativeTestJSON-1711390353', 'tenant_id': 'b71ba8f421b044d79a4648bb5985bcea', 'tenant_name': 'tempest-ServersAdminNegativeTestJSON-1711390353', 'user_domain_id': 'default', 'user_domain_name': 'Default', 'user_id': '96f134d26b084f6083f818c9187d620b', 'system': None}, Network: None, Subnet: None, Router: None
2024-10-31 11:49:49.546 62264 INFO tempest.lib.common.dynamic_creds [-] Created isolated network resources for: credentials: Credentials: {'domain_id': 'default', 'domain_name': 'Default', 'username': 'tempest-ServersAdminNegativeTestJSON-1711390353-project-admin', 'project_domain_id': 'default', 'project_domain_name': 'Default', 'project_id': 'b71ba8f421b044d79a4648bb5985bcea', 'project_name': 'tempest-ServersAdminNegativeTestJSON-1711390353', 'tenant_id': 'b71ba8f421b044d79a4648bb5985bcea', 'tenant_name': 'tempest-ServersAdminNegativeTestJSON-1711390353', 'user_domain_id': 'default', 'user_domain_name': 'Default', 'user_id': '96f134d26b084f6083f818c9187d620b', 'system': None}, Network: None, Subnet: None, Router: None
2024-10-31 11:49:49.626 62267 INFO tempest.lib.common.rest_client [req-452b43da-fb22-4d0d-9149-a69856dd0d06 req-452b43da-fb22-4d0d-9149-a69856dd0d06 ] Request (FloatingIPsNegativeTestJSON:setUpClass): 201 POST http://10.180.1.21/identity/v3/auth/tokens 0.132s
2024-10-31 11:49:49.658 62292 INFO tempest.lib.common.rest_client [req-c4e2cde0-5bca-472a-bf2e-d365f30ee32d req-c4e2cde0-5bca-472a-bf2e-d365f30ee32d ] Request (AggregatesAdminNegativeTestJSON:_run_cleanups): 200 DELETE http://10.180.1.21/compute/v2.1/os-aggregates/1 1.328s
2024-10-31 11:49:49.681 62278 INFO tempest.lib.common.rest_client [req-8299b5a6-a552-4a3c-a0ea-3d12fb50e344 req-8299b5a6-a552-4a3c-a0ea-3d12fb50e344 ] Request (FlavorsV255TestJSON:_run_cleanups): 202 DELETE http://10.180.1.21/compute/v2.1/flavors/781646197 1.312s
2024-10-31 11:49:49.700 62268 INFO tempest.lib.common.rest_client [req-268218a6-fa60-45ee-aa18-89cc478d7b5a req-268218a6-fa60-45ee-aa18-89cc478d7b5a ] Request (FlavorsAdminTestJSON:_run_cleanups): 202 DELETE http://10.180.1.21/compute/v2.1/flavors/1760903099 1.311s
2024-10-31 11:49:49.702 62264 INFO tempest.lib.common.rest_client [req-38f63c96-e3eb-4268-a5b6-a1643e5efb99 req-38f63c96-e3eb-4268-a5b6-a1643e5efb99 ] Request (ServersAdminNegativeTestJSON:setUpClass): 201 POST http://10.180.1.21/identity/v3/auth/tokens 0.151s
2024-10-31 11:49:49.703 62264 WARNING tempest.lib.common.rest_client [-] Deprecated: "tenant_id" property is deprecated for removal, use "project_id" instead
2024-10-31 11:49:49.727 62283 INFO tempest.lib.common.rest_client [req-bde1c0bc-c25a-476f-8f26-9a54bb251a03 req-bde1c0bc-c25a-476f-8f26-9a54bb251a03 ] Request (QuotasAdminNegativeTest:test_create_server_when_instances_quota_is_full): 200 GET http://10.180.1.21/compute/v2.1/os-quota-sets/336327c311e44d09826e34718dc86e4d 1.678s
2024-10-31 11:49:49.739 62267 INFO tempest.lib.common.rest_client [req-f8fa9095-0a23-45d3-a336-5cec07ac12e9 req-f8fa9095-0a23-45d3-a336-5cec07ac12e9 ] Request (FloatingIPsNegativeTestJSON:setUpClass): 201 POST http://10.180.1.21/identity/v3/auth/tokens 0.111s
2024-10-31 11:49:49.750 62260 INFO tempest.lib.common.rest_client [req-a2f2c796-57a9-45e0-b715-690e2035b490 req-a2f2c796-57a9-45e0-b715-690e2035b490 ] Request (KeyPairsNegativeTestJSON:test_create_keypair_with_duplicate_name): 202 DELETE http://10.180.1.21/compute/v2.1/os-keypairs/tempest-keypair-1194524753 1.337s
2024-10-31 11:49:49.752 62270 INFO tempest.lib.common.rest_client [req-43dfa5b6-2154-44d6-9b0b-02c558406f2c req-43dfa5b6-2154-44d6-9b0b-02c558406f2c ] Request (HypervisorAdminTestJSON:tearDownClass): 200 GET http://10.180.1.21:9696/networking/v2.0/security-groups?tenant_id=75c0af05a28b4f598c259f26f17b6cb4&name=default 0.272s
2024-10-31 11:49:49.764 62240 INFO tempest.lib.common.rest_client [req-a3b6e1b3-0afa-49c3-9d7a-c8b9e50d48c8 req-a3b6e1b3-0afa-49c3-9d7a-c8b9e50d48c8 ] Request (ServersWithSpecificFlavorTestJSON:test_verify_created_server_ephemeral_disk): 200 GET http://10.180.1.21/compute/v2.1/flavors/42/os-extra_specs 1.255s
2024-10-31 11:49:49.768 62267 INFO tempest.lib.common.rest_client [req-14da2505-516b-4341-b7fa-03b2ee040756 req-14da2505-516b-4341-b7fa-03b2ee040756 ] Request (FloatingIPsNegativeTestJSON:setUpClass): 200 GET http://10.180.1.21/identity/v3/domains?name=Default 0.028s
2024-10-31 11:49:49.781 62298 INFO tempest.lib.common.rest_client [req-bc62fc50-d202-44b6-8b91-5f7cd3708cb5 req-bc62fc50-d202-44b6-8b91-5f7cd3708cb5 ] Request (VolumesAdminNegativeTest:setUpClass): 201 POST http://10.180.1.21:9696/networking/v2.0/networks 0.533s
2024-10-31 11:49:49.794 62264 INFO tempest.lib.common.rest_client [req-c77573a0-a063-4876-9224-823eb31f47cd req-c77573a0-a063-4876-9224-823eb31f47cd ] Request (ServersAdminNegativeTestJSON:setUpClass): 201 POST http://10.180.1.21/identity/v3/auth/tokens 0.078s
2024-10-31 11:49:49.795 62264 INFO tempest.lib.common.fixed_network [-] (ServersAdminNegativeTestJSON:setUpClass) Found network None available for tenant
2024-10-31 11:49:49.795 62280 INFO tempest.lib.common.rest_client [req-2cfdf29e-cec1-4961-8a17-e7b63ae85d5a req-2cfdf29e-cec1-4961-8a17-e7b63ae85d5a ] Request (HypervisorAdminV253TestBase:test_list_show_detail_hypervisors): 200 GET http://10.180.1.21/compute/v2.1/os-hypervisors/c8c34fc8-902a-460e-a93a-a1e887f55ddd 1.229s
2024-10-31 11:49:49.796 62267 INFO tempest.lib.common.rest_client [req-6503b44f-32fa-4763-b5e0-31cb3c726585 req-6503b44f-32fa-4763-b5e0-31cb3c726585 ] Request (FloatingIPsNegativeTestJSON:setUpClass): 201 POST http://10.180.1.21/identity/v3/projects 0.027s
2024-10-31 11:49:49.808 62256 INFO tempest.lib.common.rest_client [req-66a5e309-83d9-4bf4-8c84-c5bca15cb092 req-66a5e309-83d9-4bf4-8c84-c5bca15cb092 ] Request (ImagesTestJSON:test_create_image_from_stopped_server): 200 GET http://10.180.1.21/compute/v2.1/servers/9a13d0a1-849c-428f-ab63-29d2bd4cd60c 1.413s
2024-10-31 11:49:49.885 62267 INFO tempest.lib.common.rest_client [req-224f2b87-2e2a-4247-9405-233b3428039f req-224f2b87-2e2a-4247-9405-233b3428039f ] Request (FloatingIPsNegativeTestJSON:setUpClass): 201 POST http://10.180.1.21/identity/v3/users 0.088s
2024-10-31 11:49:49.915 62280 INFO tempest.lib.common.rest_client [req-4d31fc8e-c2bd-408c-b3b3-c61a02b38839 req-4d31fc8e-c2bd-408c-b3b3-c61a02b38839 ] Request (HypervisorAdminV253TestBase:tearDownClass): 204 DELETE http://10.180.1.21/identity/v3/users/02386f33f630447abfab73f013e9c8f1 0.113s
2024-10-31 11:49:49.937 62267 INFO tempest.lib.common.rest_client [req-c3be427f-abd8-4021-8dd1-5ba4483d301d req-c3be427f-abd8-4021-8dd1-5ba4483d301d ] Request (FloatingIPsNegativeTestJSON:setUpClass): 200 GET http://10.180.1.21/identity/v3/roles 0.052s
2024-10-31 11:49:49.969 62270 INFO tempest.lib.common.rest_client [req-9d7d3097-8dea-44f4-a2a3-1f827b25f041 req-9d7d3097-8dea-44f4-a2a3-1f827b25f041 ] Request (HypervisorAdminTestJSON:tearDownClass): 204 DELETE http://10.180.1.21:9696/networking/v2.0/security-groups/5993f87f-6636-48c1-9e99-da510560c8f1 0.216s
2024-10-31 11:49:49.978 62242 INFO tempest.lib.common.rest_client [req-94bce6c8-c21a-4d9c-a508-d4c15061fe26 req-94bce6c8-c21a-4d9c-a508-d4c15061fe26 ] Request (ImagesMetadataTestJSON:test_delete_image_metadata_item): 204 DELETE http://10.180.1.21/compute/v2.1/images/8dc0fe81-2409-409c-a0b3-7d81d58ca4fc/metadata/os_version 1.212s
2024-10-31 11:49:50.016 62267 INFO tempest.lib.common.rest_client [req-6189dc62-dd97-4bc3-9654-ca89cfd91600 req-6189dc62-dd97-4bc3-9654-ca89cfd91600 ] Request (FloatingIPsNegativeTestJSON:setUpClass): 204 PUT http://10.180.1.21/identity/v3/projects/8a56810c9fa246db852bd82de31dd5fd/users/b848724fc1d04bab8dbcdad2dccffd7c/roles/d48f916443694e2c85b4e9bbe1b022a5 0.078s
2024-10-31 11:49:50.017 62267 INFO tempest.lib.common.dynamic_creds [-] Dynamic test user b848724fc1d04bab8dbcdad2dccffd7c is created with scope project and roles: ['member']
2024-10-31 11:49:50.017 62267 INFO tempest.lib.common.dynamic_creds [-] Acquired dynamic creds: credentials: Credentials: {'domain_id': 'default', 'domain_name': 'Default', 'username': 'tempest-FloatingIPsNegativeTestJSON-819445418-project-member', 'project_domain_id': 'default', 'project_domain_name': 'Default', 'project_id': '8a56810c9fa246db852bd82de31dd5fd', 'project_name': 'tempest-FloatingIPsNegativeTestJSON-819445418', 'tenant_id': '8a56810c9fa246db852bd82de31dd5fd', 'tenant_name': 'tempest-FloatingIPsNegativeTestJSON-819445418', 'user_domain_id': 'default', 'user_domain_name': 'Default', 'user_id': 'b848724fc1d04bab8dbcdad2dccffd7c', 'system': None}, Network: None, Subnet: None, Router: None
2024-10-31 11:49:50.052 62280 INFO tempest.lib.common.rest_client [req-b5dac26c-2d18-4634-ad8d-10a143a02cc7 req-b5dac26c-2d18-4634-ad8d-10a143a02cc7 ] Request (HypervisorAdminV253TestBase:tearDownClass): 204 DELETE http://10.180.1.21/identity/v3/users/4efc2a5f37174f668329ad172daebda3 0.136s
2024-10-31 11:49:50.053 62280 INFO tempest.lib.common.dynamic_creds [-] Deleting project and security group for project: 9a9197fe08e740ad98a41e33021d9f1e
2024-10-31 11:49:50.143 62270 INFO tempest.lib.common.rest_client [req-1f83dbbf-8c92-49bb-89e0-042e2d4d68ea req-1f83dbbf-8c92-49bb-89e0-042e2d4d68ea ] Request (HypervisorAdminTestJSON:tearDownClass): 204 DELETE http://10.180.1.21/identity/v3/projects/75c0af05a28b4f598c259f26f17b6cb4 0.172s
2024-10-31 11:49:50.183 62258 INFO tempest.lib.common.rest_client [req-24fce8df-16dd-4071-820e-891c548c507c req-24fce8df-16dd-4071-820e-891c548c507c ] Request (VolumesAssistedSnapshotsTest:test_volume_assisted_snapshot_create_delete): 200 POST http://10.180.1.21/compute/v2.1/os-keypairs 1.139s
2024-10-31 11:49:50.185 62254 INFO tempest.lib.common.rest_client [req-5182e87a-d96b-4082-9326-885b3e6d6f8a req-5182e87a-d96b-4082-9326-885b3e6d6f8a ] Request (ImagesOneServerNegativeTestJSON:setUpClass): 200 PUT http://10.180.1.21:9696/networking/v2.0/routers/2716bef2-3717-435d-a91c-5b61f4513ad6/add_router_interface 2.152s
2024-10-31 11:49:50.186 62254 INFO tempest.lib.common.dynamic_creds [-] Created isolated network resources for: credentials: Credentials: {'domain_id': 'default', 'domain_name': 'Default', 'username': 'tempest-ImagesOneServerNegativeTestJSON-998658280-project-member', 'project_domain_id': 'default', 'project_domain_name': 'Default', 'project_id': 'e57fb074f4004827b9b503aa277209c2', 'project_name': 'tempest-ImagesOneServerNegativeTestJSON-998658280', 'tenant_id': 'e57fb074f4004827b9b503aa277209c2', 'tenant_name': 'tempest-ImagesOneServerNegativeTestJSON-998658280', 'user_domain_id': 'default', 'user_domain_name': 'Default', 'user_id': 'f216a76b65a745d79dbb0fdc97b6b31c', 'system': None}, Network: {'id': '61a2f1be-a05f-40ce-87d7-20cf29f37e92', 'name': 'tempest-ImagesOneServerNegativeTestJSON-2000043432-network', 'tenant_id': 'e57fb074f4004827b9b503aa277209c2', 'admin_state_up': True, 'mtu': 8950, 'status': 'ACTIVE', 'subnets': [], 'shared': False, 'project_id': 'e57fb074f4004827b9b503aa277209c2', 'port_security_enabled': True, 'router:external': False, 'provider:network_type': 'vlan', 'provider:physical_network': 'default', 'provider:segmentation_id': 72, 'availability_zone_hints': [], 'availability_zones': [], 'ipv4_address_scope': None, 'ipv6_address_scope': None, 'description': '', 'tags': [], 'created_at': '2024-10-31T11:49:46Z', 'updated_at': '2024-10-31T11:49:46Z', 'revision_number': 1}, Subnet: {'id': 'e2645795-d415-4ae8-b9b3-13f35d096fa1', 'name': 'tempest-ImagesOneServerNegativeTestJSON-2000043432-subnet', 'tenant_id': 'e57fb074f4004827b9b503aa277209c2', 'network_id': '61a2f1be-a05f-40ce-87d7-20cf29f37e92', 'ip_version': 4, 'subnetpool_id': None, 'enable_dhcp': True, 'ipv6_ra_mode': None, 'ipv6_address_mode': None, 'gateway_ip': '192.168.128.1', 'cidr': '192.168.128.0/28', 'allocation_pools': [{'start': '192.168.128.2', 'end': '192.168.128.14'}], 'host_routes': [], 'dns_nameservers': [], 'description': '', 'router:external': False, 'service_types': [], 'tags': [], 'created_at': '2024-10-31T11:49:46Z', 'updated_at': '2024-10-31T11:49:46Z', 'revision_number': 0, 'project_id': 'e57fb074f4004827b9b503aa277209c2'}, Router: {'id': '2716bef2-3717-435d-a91c-5b61f4513ad6', 'name': 'tempest-ImagesOneServerNegativeTestJSON-2000043432-router', 'tenant_id': 'e57fb074f4004827b9b503aa277209c2', 'admin_state_up': True, 'status': 'ACTIVE', 'external_gateway_info': {'network_id': 'e45e321b-5c8a-44cd-8f04-32bc93749e22', 'external_fixed_ips': [{'subnet_id': 'e81e6502-5f72-4a3c-8cd5-259dd3262ff0', 'ip_address': '10.180.180.168'}], 'enable_snat': True}, 'description': '', 'availability_zones': [], 'distributed': False, 'ha': False, 'availability_zone_hints': [], 'routes': [], 'flavor_id': None, 'tags': [], 'created_at': '2024-10-31T11:49:47Z', 'updated_at': '2024-10-31T11:49:47Z', 'revision_number': 2, 'project_id': 'e57fb074f4004827b9b503aa277209c2'}
2024-10-31 11:49:50.208 62267 INFO tempest.lib.common.rest_client [req-7f004893-1bcd-4866-a1f5-71d3b6f10bfc req-7f004893-1bcd-4866-a1f5-71d3b6f10bfc ] Request (FloatingIPsNegativeTestJSON:setUpClass): 201 POST http://10.180.1.21/identity/v3/auth/tokens 0.191s
2024-10-31 11:49:50.228 62280 INFO tempest.lib.common.rest_client [req-13a0282c-3f7a-4cab-98c7-9a22dd91104d req-13a0282c-3f7a-4cab-98c7-9a22dd91104d ] Request (HypervisorAdminV253TestBase:tearDownClass): 201 POST http://10.180.1.21/identity/v3/auth/tokens 0.174s
2024-10-31 11:49:50.247 62298 INFO tempest.lib.common.rest_client [req-a4aa0b2a-1b7f-40b2-93d1-f93684405a1a req-a4aa0b2a-1b7f-40b2-93d1-f93684405a1a ] Request (VolumesAdminNegativeTest:setUpClass): 201 POST http://10.180.1.21:9696/networking/v2.0/subnets 0.465s
2024-10-31 11:49:50.251 62270 INFO tempest.lib.common.rest_client [req-c9b41d88-fb62-40c4-a8cc-6152e7bf0093 req-c9b41d88-fb62-40c4-a8cc-6152e7bf0093 ] Request (ServerDiagnosticsTest:setUpClass): 201 POST http://10.180.1.21/identity/v3/auth/tokens 0.106s
2024-10-31 11:49:50.308 62254 INFO tempest.lib.common.rest_client [req-69a13783-6ff6-4713-a66e-52d3eb112be5 req-69a13783-6ff6-4713-a66e-52d3eb112be5 ] Request (ImagesOneServerNegativeTestJSON:setUpClass): 201 POST http://10.180.1.21/identity/v3/auth/tokens 0.119s
2024-10-31 11:49:50.390 62270 INFO tempest.lib.common.rest_client [req-14d96daa-d137-4714-90e9-64b929b2b23a req-14d96daa-d137-4714-90e9-64b929b2b23a ] Request (ServerDiagnosticsTest:setUpClass): 201 POST http://10.180.1.21/identity/v3/auth/tokens 0.136s
2024-10-31 11:49:50.392 62254 INFO tempest.lib.common.rest_client [req-1636bc51-6448-466b-811b-0544158e243a req-1636bc51-6448-466b-811b-0544158e243a ] Request (ImagesOneServerNegativeTestJSON:setUpClass): 201 POST http://10.180.1.21/identity/v3/auth/tokens 0.078s
2024-10-31 11:49:50.394 62254 INFO tempest.lib.common.fixed_network [-] (ImagesOneServerNegativeTestJSON:setUpClass) Found network {'id': '61a2f1be-a05f-40ce-87d7-20cf29f37e92', 'name': 'tempest-ImagesOneServerNegativeTestJSON-2000043432-network', 'tenant_id': 'e57fb074f4004827b9b503aa277209c2', 'admin_state_up': True, 'mtu': 8950, 'status': 'ACTIVE', 'subnets': [], 'shared': False, 'project_id': 'e57fb074f4004827b9b503aa277209c2', 'port_security_enabled': True, 'router:external': False, 'provider:network_type': 'vlan', 'provider:physical_network': 'default', 'provider:segmentation_id': 72, 'availability_zone_hints': [], 'availability_zones': [], 'ipv4_address_scope': None, 'ipv6_address_scope': None, 'description': '', 'tags': [], 'created_at': '2024-10-31T11:49:46Z', 'updated_at': '2024-10-31T11:49:46Z', 'revision_number': 1} available for tenant
2024-10-31 11:49:50.402 62250 INFO tempest.lib.common.rest_client [req-cc48c3f5-f2cb-4e1d-ac50-35d969f01d69 req-cc48c3f5-f2cb-4e1d-ac50-35d969f01d69 ] Request (QuotaClassesAdminTestJSON:test_update_default_quotas): 200 PUT http://10.180.1.21/compute/v2.1/os-quota-class-sets/default 1.221s
2024-10-31 11:49:50.408 62270 INFO tempest.lib.common.rest_client [req-a3ad8556-9631-47de-9fc4-bf1dbdb9438f req-a3ad8556-9631-47de-9fc4-bf1dbdb9438f ] Request (ServerDiagnosticsTest:setUpClass): 200 GET http://10.180.1.21/identity/v3/domains?name=Default 0.018s
2024-10-31 11:49:50.419 62296 INFO tempest.lib.common.rest_client [req-f6e31810-3597-4a87-bb55-84ef754985bb req-f6e31810-3597-4a87-bb55-84ef754985bb ] Request (FlavorsAccessNegativeTestJSON:_run_cleanups): 200 GET http://10.180.1.21/compute/v2.1/flavors/detail 1.125s
2024-10-31 11:49:50.433 62252 INFO tempest.lib.common.rest_client [req-4348e78d-f348-4745-b947-23e29b88d674 req-4348e78d-f348-4745-b947-23e29b88d674 ] Request (FlavorsExtraSpecsTestJSON:test_flavor_set_get_update_show_unset_keys): 200 GET http://10.180.1.21/compute/v2.1/flavors/1301809428/os-extra_specs 1.118s
2024-10-31 11:49:50.449 62270 INFO tempest.lib.common.rest_client [req-e50daf54-46e5-4af6-8366-248e72bf691d req-e50daf54-46e5-4af6-8366-248e72bf691d ] Request (ServerDiagnosticsTest:setUpClass): 201 POST http://10.180.1.21/identity/v3/projects 0.040s
2024-10-31 11:49:50.454 62288 INFO tempest.lib.common.rest_client [req-d7a3d6f5-f1a7-42b3-b55f-736fc601cc30 req-d7a3d6f5-f1a7-42b3-b55f-736fc601cc30 ] Request (HypervisorAdminNegativeTestJSON:test_show_hypervisor_with_non_admin_user): 200 GET http://10.180.1.21/compute/v2.1/os-hypervisors 1.129s
2024-10-31 11:49:50.467 62272 INFO tempest.lib.common.rest_client [req-e991d212-1e22-4a1e-b005-91b67ef5422a req-e991d212-1e22-4a1e-b005-91b67ef5422a ] Request (FlavorsV261TestJSON:_run_cleanups): 202 DELETE http://10.180.1.21/compute/v2.1/flavors/998033094 1.125s
2024-10-31 11:49:50.528 62270 INFO tempest.lib.common.rest_client [req-21094214-9cfe-4d90-ac4f-44de1a178205 req-21094214-9cfe-4d90-ac4f-44de1a178205 ] Request (ServerDiagnosticsTest:setUpClass): 201 POST http://10.180.1.21/identity/v3/users 0.078s
2024-10-31 11:49:50.582 62270 INFO tempest.lib.common.rest_client [req-b52bd249-1051-41a3-a4e0-198d09a6b537 req-b52bd249-1051-41a3-a4e0-198d09a6b537 ] Request (ServerDiagnosticsTest:setUpClass): 200 GET http://10.180.1.21/identity/v3/roles 0.054s
2024-10-31 11:49:50.612 62270 INFO tempest.lib.common.rest_client [req-87ac76ab-416c-4e31-ae71-07d02d7e03a8 req-87ac76ab-416c-4e31-ae71-07d02d7e03a8 ] Request (ServerDiagnosticsTest:setUpClass): 204 PUT http://10.180.1.21/identity/v3/projects/f8a1e78f16934c5dbf5cf489f2b61c13/users/9a6c574cf8b349639783160bda992717/roles/d48f916443694e2c85b4e9bbe1b022a5 0.029s
2024-10-31 11:49:50.613 62270 INFO tempest.lib.common.dynamic_creds [-] Dynamic test user 9a6c574cf8b349639783160bda992717 is created with scope project and roles: ['member']
2024-10-31 11:49:50.613 62270 INFO tempest.lib.common.dynamic_creds [-] Acquired dynamic creds: credentials: Credentials: {'domain_id': 'default', 'domain_name': 'Default', 'username': 'tempest-ServerDiagnosticsTest-125119359-project-member', 'project_domain_id': 'default', 'project_domain_name': 'Default', 'project_id': 'f8a1e78f16934c5dbf5cf489f2b61c13', 'project_name': 'tempest-ServerDiagnosticsTest-125119359', 'tenant_id': 'f8a1e78f16934c5dbf5cf489f2b61c13', 'tenant_name': 'tempest-ServerDiagnosticsTest-125119359', 'user_domain_id': 'default', 'user_domain_name': 'Default', 'user_id': '9a6c574cf8b349639783160bda992717', 'system': None}, Network: None, Subnet: None, Router: None
2024-10-31 11:49:50.613 62270 INFO tempest.lib.common.dynamic_creds [-] Created isolated network resources for: credentials: Credentials: {'domain_id': 'default', 'domain_name': 'Default', 'username': 'tempest-ServerDiagnosticsTest-125119359-project-member', 'project_domain_id': 'default', 'project_domain_name': 'Default', 'project_id': 'f8a1e78f16934c5dbf5cf489f2b61c13', 'project_name': 'tempest-ServerDiagnosticsTest-125119359', 'tenant_id': 'f8a1e78f16934c5dbf5cf489f2b61c13', 'tenant_name': 'tempest-ServerDiagnosticsTest-125119359', 'user_domain_id': 'default', 'user_domain_name': 'Default', 'user_id': '9a6c574cf8b349639783160bda992717', 'system': None}, Network: None, Subnet: None, Router: None
2024-10-31 11:49:50.645 62276 INFO tempest.lib.common.rest_client [req-06884e25-2275-4f37-833b-e0c3c91422e6 req-06884e25-2275-4f37-833b-e0c3c91422e6 ] Request (ServicesAdminNegativeTestJSON:test_list_services_with_non_admin_user): 403 GET http://10.180.1.21/compute/v2.1/os-services 1.286s
2024-10-31 11:49:50.693 62270 INFO tempest.lib.common.rest_client [req-ff3554cf-8cf7-4ce6-aa9f-55c8eeaab07b req-ff3554cf-8cf7-4ce6-aa9f-55c8eeaab07b ] Request (ServerDiagnosticsTest:setUpClass): 201 POST http://10.180.1.21/identity/v3/auth/tokens 0.077s
2024-10-31 11:49:50.720 62258 INFO tempest.lib.common.rest_client [req-8a2d3e1e-ffff-419a-a135-80938042b80d req-8a2d3e1e-ffff-419a-a135-80938042b80d ] Request (VolumesAssistedSnapshotsTest:test_volume_assisted_snapshot_create_delete): 201 POST http://10.180.1.21:9696/networking/v2.0/security-groups 0.536s
2024-10-31 11:49:50.754 62270 INFO tempest.lib.common.rest_client [req-cb4189b8-403c-457d-aa67-87b41ee8e360 req-cb4189b8-403c-457d-aa67-87b41ee8e360 ] Request (ServerDiagnosticsTest:setUpClass): 201 POST http://10.180.1.21/identity/v3/projects 0.060s
2024-10-31 11:49:50.773 62276 INFO tempest.lib.common.rest_client [req-6250ce45-8660-4062-92ca-55aa32d240fc req-6250ce45-8660-4062-92ca-55aa32d240fc ] Request (ServicesAdminNegativeTestJSON:tearDownClass): 204 DELETE http://10.180.1.21/identity/v3/users/3dfef216f14042db9218a512601dfdeb 0.126s
2024-10-31 11:49:50.865 62270 INFO tempest.lib.common.rest_client [req-05b0ec22-2eef-4713-ac2c-7b2e43bf5cd0 req-05b0ec22-2eef-4713-ac2c-7b2e43bf5cd0 ] Request (ServerDiagnosticsTest:setUpClass): 201 POST http://10.180.1.21/identity/v3/users 0.111s
2024-10-31 11:49:50.882 62276 INFO tempest.lib.common.rest_client [req-99d511c7-adca-40c0-956b-e3ea59203a92 req-99d511c7-adca-40c0-956b-e3ea59203a92 ] Request (ServicesAdminNegativeTestJSON:tearDownClass): 204 DELETE http://10.180.1.21/identity/v3/users/58e334725f444540929664da1427aaeb 0.109s
2024-10-31 11:49:50.883 62276 INFO tempest.lib.common.dynamic_creds [-] Deleting project and security group for project: c026c9f059c3405da86f6fdbbd42ea4d
2024-10-31 11:49:50.918 62284 INFO tempest.lib.common.rest_client [req-a8b6b222-f7c4-4e3f-9818-5de107d856fa req-a8b6b222-f7c4-4e3f-9818-5de107d856fa ] Request (FloatingIPsAssociationNegativeTestJSON:setUpClass): 201 POST http://10.180.1.21:9696/networking/v2.0/routers 1.969s
2024-10-31 11:49:50.920 62270 INFO tempest.lib.common.rest_client [req-045b68b4-b5d3-40db-b65d-0622031c5252 req-045b68b4-b5d3-40db-b65d-0622031c5252 ] Request (ServerDiagnosticsTest:setUpClass): 200 GET http://10.180.1.21/identity/v3/roles 0.054s
2024-10-31 11:49:50.938 62280 INFO tempest.lib.common.rest_client [req-184f385b-eecd-4e7d-bd22-985ee4ca47c9 req-184f385b-eecd-4e7d-bd22-985ee4ca47c9 ] Request (HypervisorAdminV253TestBase:tearDownClass): 200 GET http://10.180.1.21:9696/networking/v2.0/security-groups?tenant_id=9a9197fe08e740ad98a41e33021d9f1e&name=default 0.710s
2024-10-31 11:49:50.944 62276 INFO tempest.lib.common.rest_client [req-2f040519-6c68-4121-9b6b-e79bbb3ed61e req-2f040519-6c68-4121-9b6b-e79bbb3ed61e ] Request (ServicesAdminNegativeTestJSON:tearDownClass): 201 POST http://10.180.1.21/identity/v3/auth/tokens 0.061s
2024-10-31 11:49:50.964 62238 INFO tempest.lib.common.rest_client [req-a9151ddc-292f-4ed2-8967-e356bae2f9cf req-a9151ddc-292f-4ed2-8967-e356bae2f9cf ] Request (FloatingIPDetailsTestJSON:test_list_floating_ips): 200 GET http://10.180.1.21/compute/v2.1/os-floating-ips 1.563s
2024-10-31 11:49:50.984 62270 INFO tempest.lib.common.rest_client [req-bea5e574-5eb9-42ed-b6c3-f3ce8ec34358 req-bea5e574-5eb9-42ed-b6c3-f3ce8ec34358 ] Request (ServerDiagnosticsTest:setUpClass): 204 PUT http://10.180.1.21/identity/v3/projects/883dbf335ba64d80bfe3a81d28173b4b/users/2508fa1e50a64263a4301d53807ef87f/roles/adcfb39c36964ff89fe2171bb0564be0 0.064s
2024-10-31 11:49:51.003 62274 INFO tempest.lib.common.rest_client [req-7a2f3c8d-5973-4212-9f82-500361086796 req-7a2f3c8d-5973-4212-9f82-500361086796 ] Request (KeyPairsV2TestJSON:test_keypair_create_with_pub_key): 200 POST http://10.180.1.21/compute/v2.1/os-keypairs 1.580s
2024-10-31 11:49:51.020 62244 INFO tempest.lib.common.rest_client [req-d9d2baad-2c6a-4429-a887-65102e1ea9f5 req-d9d2baad-2c6a-4429-a887-65102e1ea9f5 ] Request (HostsAdminNegativeTestJSON:test_shutdown_nonexistent_host): 404 GET http://10.180.1.21/compute/v2.1/os-hosts/nonexistent_hostname/shutdown 1.593s
2024-10-31 11:49:51.040 62270 INFO tempest.lib.common.rest_client [req-88c1b971-2136-4fe2-ac4b-8e6f5520fe44 req-88c1b971-2136-4fe2-ac4b-8e6f5520fe44 ] Request (ServerDiagnosticsTest:setUpClass): 200 GET http://10.180.1.21/identity/v3/roles 0.055s
2024-10-31 11:49:51.042 62278 INFO tempest.lib.common.rest_client [req-7cc40bba-090c-4f9a-b799-6d3179414268 req-7cc40bba-090c-4f9a-b799-6d3179414268 ] Request (FlavorsV255TestJSON:_run_cleanups): 200 GET http://10.180.1.21/compute/v2.1/flavors/detail 1.360s
2024-10-31 11:49:51.058 62270 INFO tempest.lib.common.rest_client [req-b3d2cc6e-cbe9-4f52-bc25-2af9cf263427 req-b3d2cc6e-cbe9-4f52-bc25-2af9cf263427 ] Request (ServerDiagnosticsTest:setUpClass): 204 PUT http://10.180.1.21/identity/v3/projects/883dbf335ba64d80bfe3a81d28173b4b/users/2508fa1e50a64263a4301d53807ef87f/roles/adcfb39c36964ff89fe2171bb0564be0 0.018s
2024-10-31 11:49:51.059 62270 INFO tempest.lib.common.dynamic_creds [-] Dynamic test user 2508fa1e50a64263a4301d53807ef87f is created with scope project and roles: ['admin']
2024-10-31 11:49:51.059 62270 INFO tempest.lib.common.dynamic_creds [-] Acquired dynamic creds: credentials: Credentials: {'domain_id': 'default', 'domain_name': 'Default', 'username': 'tempest-ServerDiagnosticsTest-45655723-project-admin', 'project_domain_id': 'default', 'project_domain_name': 'Default', 'project_id': '883dbf335ba64d80bfe3a81d28173b4b', 'project_name': 'tempest-ServerDiagnosticsTest-45655723', 'tenant_id': '883dbf335ba64d80bfe3a81d28173b4b', 'tenant_name': 'tempest-ServerDiagnosticsTest-45655723', 'user_domain_id': 'default', 'user_domain_name': 'Default', 'user_id': '2508fa1e50a64263a4301d53807ef87f', 'system': None}, Network: None, Subnet: None, Router: None
2024-10-31 11:49:51.059 62270 INFO tempest.lib.common.dynamic_creds [-] Created isolated network resources for: credentials: Credentials: {'domain_id': 'default', 'domain_name': 'Default', 'username': 'tempest-ServerDiagnosticsTest-45655723-project-admin', 'project_domain_id': 'default', 'project_domain_name': 'Default', 'project_id': '883dbf335ba64d80bfe3a81d28173b4b', 'project_name': 'tempest-ServerDiagnosticsTest-45655723', 'tenant_id': '883dbf335ba64d80bfe3a81d28173b4b', 'tenant_name': 'tempest-ServerDiagnosticsTest-45655723', 'user_domain_id': 'default', 'user_domain_name': 'Default', 'user_id': '2508fa1e50a64263a4301d53807ef87f', 'system': None}, Network: None, Subnet: None, Router: None
2024-10-31 11:49:51.071 62268 INFO tempest.lib.common.rest_client [req-bc5ed739-e5c1-46ae-abd6-8cafab42f30f req-bc5ed739-e5c1-46ae-abd6-8cafab42f30f ] Request (FlavorsAdminTestJSON:_run_cleanups): 200 GET http://10.180.1.21/compute/v2.1/flavors/detail 1.370s
2024-10-31 11:49:51.071 62248 INFO tempest.lib.common.rest_client [req-e55669d2-acfe-4fe6-a1e3-3ecfd855ccd8 req-e55669d2-acfe-4fe6-a1e3-3ecfd855ccd8 ] Request (SecurityGroupsTestJSON:test_list_security_groups_by_server): 202 POST http://10.180.1.21/compute/v2.1/servers 2.448s
2024-10-31 11:49:51.103 62292 INFO tempest.lib.common.rest_client [req-aa61ca2f-a48e-48af-bc8c-a1d27702c378 req-aa61ca2f-a48e-48af-bc8c-a1d27702c378 ] Request (AggregatesAdminNegativeTestJSON:test_aggregate_add_host_as_user): 200 POST http://10.180.1.21/compute/v2.1/os-aggregates 1.384s
2024-10-31 11:49:51.112 62267 INFO tempest.lib.common.rest_client [req-3d4fb30d-2b7b-4126-86b3-31b9ad798d91 req-3d4fb30d-2b7b-4126-86b3-31b9ad798d91 ] Request (FloatingIPsNegativeTestJSON:setUpClass): 201 POST http://10.180.1.21:9696/networking/v2.0/networks 0.903s
2024-10-31 11:49:51.115 62260 INFO tempest.lib.common.rest_client [req-ae4de5b9-d3df-43bb-ae84-0e56889a7dd8 req-ae4de5b9-d3df-43bb-ae84-0e56889a7dd8 ] Request (KeyPairsNegativeTestJSON:test_create_keypair_with_empty_name_string): 400 POST http://10.180.1.21/compute/v2.1/os-keypairs 1.363s
2024-10-31 11:49:51.142 62240 INFO tempest.lib.common.rest_client [req-c8a545d8-614c-41d8-bd99-7178a14f1c37 req-c8a545d8-614c-41d8-bd99-7178a14f1c37 ] Request (ServersWithSpecificFlavorTestJSON:test_verify_created_server_ephemeral_disk): 200 POST http://10.180.1.21/compute/v2.1/flavors/772622332/os-extra_specs 1.377s
2024-10-31 11:49:51.171 62270 INFO tempest.lib.common.rest_client [req-7c0f8664-01c6-455a-af28-f51e62332e0d req-7c0f8664-01c6-455a-af28-f51e62332e0d ] Request (ServerDiagnosticsTest:setUpClass): 201 POST http://10.180.1.21/identity/v3/auth/tokens 0.108s
2024-10-31 11:49:51.191 62258 INFO tempest.lib.common.rest_client [req-264846ab-4541-4e39-9353-55c05b8500c3 req-264846ab-4541-4e39-9353-55c05b8500c3 ] Request (VolumesAssistedSnapshotsTest:test_volume_assisted_snapshot_create_delete): 201 POST http://10.180.1.21:9696/networking/v2.0/security-group-rules 0.470s
2024-10-31 11:49:51.273 62280 INFO tempest.lib.common.rest_client [req-04870fe1-ff9b-47ce-9a62-2327e0ca9fde req-04870fe1-ff9b-47ce-9a62-2327e0ca9fde ] Request (HypervisorAdminV253TestBase:tearDownClass): 204 DELETE http://10.180.1.21:9696/networking/v2.0/security-groups/24730708-e5a8-4d56-8150-67f14936def0 0.334s
2024-10-31 11:49:51.322 62278 INFO tempest.lib.common.rest_client [req-c0cfe764-3d79-4e86-ab64-f1d20e142a72 req-c0cfe764-3d79-4e86-ab64-f1d20e142a72 ] Request (FlavorsV255TestJSON:tearDownClass): 204 DELETE http://10.180.1.21/identity/v3/users/95d39e6bac1849fc97070d1006b26729 0.200s
