2024-10-31 11:51:15.170 62240 INFO tempest.lib.common.rest_client [req-69652f2d-51fb-4fd9-b072-0214cdecea7b req-69652f2d-51fb-4fd9-b072-0214cdecea7b ] Request (AttachInterfacesUnderV243Test:test_add_remove_fixed_ip): 200 GET http://10.180.1.21/compute/v2.1/servers/87f859c6-7a96-4a48-adb8-814a134ad4c8 0.060s
2024-10-31 11:51:15.196 62268 INFO tempest.lib.common.rest_client [req-b0caa45a-7685-4fc6-97be-17f3b1b1dbf9 req-b0caa45a-7685-4fc6-97be-17f3b1b1dbf9 ] Request (DeleteServersTestJSON:test_delete_active_server): 200 GET http://10.180.1.21/compute/v2.1/servers/297c345a-a825-47b1-a9e4-a353758d32ce 0.048s
2024-10-31 11:51:15.207 62290 INFO tempest.lib.common.rest_client [req-d442222e-b1ee-498e-bedb-3ff377fd3efa req-d442222e-b1ee-498e-bedb-3ff377fd3efa ] Request (AttachVolumeNegativeTest:_run_cleanups): 204 DELETE http://10.180.1.21:9696/networking/v2.0/floatingips/2dc39c5f-645a-49a2-b6b7-8851e150f2c9 0.356s
2024-10-31 11:51:15.239 62290 INFO tempest.lib.common.rest_client [req-f3cc364d-cf3f-44d3-b4d0-de502b3c2718 req-f3cc364d-cf3f-44d3-b4d0-de502b3c2718 ] Request (ValidationResourcesFixture:setUp): 200 POST http://10.180.1.21/compute/v2.1/os-keypairs 0.029s
2024-10-31 11:51:15.249 62236 INFO tempest.lib.common.rest_client [req-867890d5-f17f-47dd-84dc-121ea33b6f42 req-867890d5-f17f-47dd-84dc-121ea33b6f42 ] Request (MigrationsAdminTest:test_resize_server_revert_deleted_flavor): 200 GET http://10.180.1.21/compute/v2.1/servers/8672c282-1a66-49b5-9c22-7136b567a52c 0.046s
2024-10-31 11:51:15.325 62250 INFO tempest.lib.common.rest_client [req-e572eb81-cb3c-48ba-b343-ebd95259a1af req-e572eb81-cb3c-48ba-b343-ebd95259a1af ] Request (ServersAdmin275Test:tearDownClass): 200 GET http://10.180.1.21/compute/v2.1/servers/e4ada227-b79a-457a-b063-dde99840aa14 0.066s
2024-10-31 11:51:15.333 62250 INFO tempest.common.waiters [-] State transition "ACTIVE/deleting" ==> "DELETED/None" after 4 second wait
2024-10-31 11:51:15.374 62248 INFO tempest.lib.common.rest_client [req-d7a6b19a-c0f7-42b0-b0ab-84cbe99b3de1 req-d7a6b19a-c0f7-42b0-b0ab-84cbe99b3de1 ] Request (SecurityGroupsTestJSON:test_server_security_groups): 200 GET http://10.180.1.21/compute/v2.1/servers/9da95edb-f9fb-40f3-9317-d27f1bae0ecf 0.052s
2024-10-31 11:51:15.405 62290 INFO tempest.lib.common.rest_client [req-5d51fa8b-6b9e-4da5-b7c9-64f1ae06a12b req-5d51fa8b-6b9e-4da5-b7c9-64f1ae06a12b ] Request (ValidationResourcesFixture:setUp): 201 POST http://10.180.1.21:9696/networking/v2.0/security-groups 0.164s
2024-10-31 11:51:15.423 62252 INFO tempest.lib.common.rest_client [req-682f4333-196b-4e23-9cf8-27b304a68957 req-682f4333-196b-4e23-9cf8-27b304a68957 ] Request (ServersTestBootFromVolume:setUpClass): 200 GET http://10.180.1.21/compute/v2.1/servers/9025d114-10da-4cf8-9e5f-2520bfd3b246 0.056s
2024-10-31 11:51:15.461 62276 INFO tempest.lib.common.rest_client [req-3f4fddf1-a08b-4c1d-8d24-0e40406bc566 req-3f4fddf1-a08b-4c1d-8d24-0e40406bc566 ] Request (ServerAddressesTestJSON:setUpClass): 200 GET http://10.180.1.21/compute/v2.1/servers/a8101e8d-55d0-4f70-9119-f5e176ba8212 0.049s
2024-10-31 11:51:15.509 62290 INFO tempest.lib.common.rest_client [req-bf88966d-cc1b-424d-9e92-6892ced5f419 req-bf88966d-cc1b-424d-9e92-6892ced5f419 ] Request (ValidationResourcesFixture:setUp): 201 POST http://10.180.1.21:9696/networking/v2.0/security-group-rules 0.104s
2024-10-31 11:51:15.518 62254 INFO tempest.lib.common.rest_client [req-f917c095-6c3a-4a3b-9094-b71888f1d50b req-f917c095-6c3a-4a3b-9094-b71888f1d50b ] Request (InstanceActionsTestJSON:setUpClass): 200 GET http://10.180.1.21/compute/v2.1/servers/f163fb1b-400f-4abb-8df6-0d9ea6449166 0.059s
2024-10-31 11:51:15.574 62260 INFO tempest.lib.common.rest_client [req-20109588-f2f8-4e01-9b93-3a09970d41da req-20109588-f2f8-4e01-9b93-3a09970d41da ] Request (ServerMetadataNegativeTestJSON:setUpClass): 200 GET http://10.180.1.21/compute/v2.1/servers/ad2f23df-c067-4d30-b143-e50ebcc50d4e 0.066s
2024-10-31 11:51:15.577 62258 INFO tempest.lib.common.rest_client [req-a587fdfa-3c4c-4cba-8b01-86d32f493769 req-a587fdfa-3c4c-4cba-8b01-86d32f493769 ] Request (ServersTestFqdnHostnames:test_create_server_with_fqdn_name): 200 GET http://10.180.1.21/compute/v2.1/servers/dce49aac-03f3-48ed-9bad-c5eb2d779bae 0.048s
2024-10-31 11:51:15.607 62290 INFO tempest.lib.common.rest_client [req-76c8785b-ec62-4220-bc4b-f63025bc1b25 req-76c8785b-ec62-4220-bc4b-f63025bc1b25 ] Request (ValidationResourcesFixture:setUp): 201 POST http://10.180.1.21:9696/networking/v2.0/security-group-rules 0.097s
2024-10-31 11:51:15.620 62267 INFO tempest.lib.common.rest_client [req-93b300e5-66dc-455c-b190-ff929d5bb2a5 req-93b300e5-66dc-455c-b190-ff929d5bb2a5 ] Request (ImagesOneServerTestJSON:setUpClass): 200 GET http://10.180.1.21/compute/v2.1/servers/fc1f08e8-fd0a-4b84-bc8f-fe3a27136c57 0.066s
2024-10-31 11:51:15.626 62267 INFO tempest.common.waiters [-] State transition "BUILD/None" ==> "BUILD/networking" after 57 second wait
2024-10-31 11:51:15.637 62256 INFO tempest.lib.common.rest_client [req-eca98e6a-1f13-468a-b701-ca099fbffcf0 req-eca98e6a-1f13-468a-b701-ca099fbffcf0 ] Request (ImagesTestJSON:test_create_image_from_suspended_server): 200 GET http://10.180.1.21/compute/v2.1/servers/df154c2a-3616-442d-abb0-83e68cf1141d 0.052s
2024-10-31 11:51:15.671 62292 INFO tempest.lib.common.rest_client [req-07ea697b-16a8-4c9d-b615-382dd6aeef6a req-07ea697b-16a8-4c9d-b615-382dd6aeef6a ] Request (ServersAaction247Test:test_create_backup): 200 GET http://10.180.1.21/compute/v2.1/servers/f0a011bb-4939-4384-885c-6ce482875b4e 0.068s
2024-10-31 11:51:15.709 62280 INFO tempest.lib.common.rest_client [req-ff10361a-56bf-4786-b278-caf38c03cb22 req-ff10361a-56bf-4786-b278-caf38c03cb22 ] Request (ServersNegativeTestJSON:setUpClass): 200 GET http://10.180.1.21/compute/v2.1/servers/59330fd4-c362-4593-824d-d40c00f3f5d2 0.060s
2024-10-31 11:51:15.718 62288 INFO tempest.lib.common.rest_client [req-1178e600-c246-4cb1-b0f6-cec943ef234f req-1178e600-c246-4cb1-b0f6-cec943ef234f ] Request (ServerShowV257Test:tearDownClass): 200 GET http://10.180.1.21/compute/v2.1/servers/a8f6254f-b867-4967-b4fa-bb70f471f89d 0.050s
2024-10-31 11:51:15.755 62244 INFO tempest.lib.common.rest_client [req-43d088b4-2670-4027-af83-c5dc8a635194 req-43d088b4-2670-4027-af83-c5dc8a635194 ] Request (ServersAdminTestJSON:setUpClass): 200 GET http://10.180.1.21/compute/v2.1/servers/41bc5a14-1d13-4730-80c5-a0bcfb1f0ad1 0.052s
2024-10-31 11:51:15.782 62296 INFO tempest.lib.common.rest_client [req-12410564-84ca-4097-a025-273f89a81cad req-12410564-84ca-4097-a025-273f89a81cad ] Request (ServerActionsV293TestJSON:setUpClass): 200 GET http://10.180.1.21/compute/v2.1/servers/5f205b7d-d93e-436d-9d7d-04c6f767f7ad 0.051s
2024-10-31 11:51:15.828 62294 INFO tempest.lib.common.rest_client [req-7cd19f11-6819-4928-98db-6283b62658f1 req-7cd19f11-6819-4928-98db-6283b62658f1 ] Request (ServerExternalEventsTest:test_create_server_external_events): 200 GET http://10.180.1.21/compute/v2.1/servers/e37ac276-8a3e-45b3-8176-d972eb4e6e3e 0.050s
2024-10-31 11:51:15.853 62286 INFO tempest.lib.common.rest_client [req-63b72b3e-2a95-4d46-b6cb-2b70eef92ebd req-63b72b3e-2a95-4d46-b6cb-2b70eef92ebd ] Request (DeleteServersAdminTestJSON:test_delete_server_while_in_error_state): 200 GET http://10.180.1.21/compute/v2.1/servers/70af5d32-254f-4819-8cca-c28346e48139 0.050s
2024-10-31 11:51:15.888 62238 INFO tempest.lib.common.rest_client [req-53fcaf6a-f1c5-4b87-b20c-da40f173c60a req-53fcaf6a-f1c5-4b87-b20c-da40f173c60a ] Request (ServersTestMultiNic:test_verify_duplicate_network_nics): 200 GET http://10.180.1.21/compute/v2.1/servers/6236c44a-e3c6-4302-8f15-4eb8dfaf5960 0.051s
2024-10-31 11:51:15.976 62270 INFO tempest.lib.common.rest_client [req-6985cb7c-8d0d-4c6f-931d-7e4e24ae35ee req-6985cb7c-8d0d-4c6f-931d-7e4e24ae35ee ] Request (ServerActionsTestJSON:setUpClass): 200 GET http://10.180.1.21/compute/v2.1/servers/4d167f54-c1fc-4eb0-a4cc-a5edb60fe78e 0.054s
2024-10-31 11:51:16.033 62283 INFO tempest.lib.common.rest_client [req-6060220a-f816-480f-803d-583aab823da5 req-6060220a-f816-480f-803d-583aab823da5 ] Request (ServerActionsTestOtherB:setUpClass): 200 GET http://10.180.1.21/compute/v2.1/servers/b4706725-5e28-4d2a-b4a8-7633ffa63afe 0.069s
2024-10-31 11:51:16.146 62284 INFO tempest.lib.common.rest_client [req-09c86318-b6d6-4e3c-8a08-a5b6d71dd167 req-09c86318-b6d6-4e3c-8a08-a5b6d71dd167 ] Request (ServersV294TestFqdnHostnames:setUpClass): 200 GET http://10.180.1.21/compute/v2.1/servers/62ebc97c-3f86-4ef2-b5c4-3d2fe563d179 0.282s
2024-10-31 11:51:16.196 62246 INFO tempest.lib.common.rest_client [req-00626e4e-af82-473a-9874-99f5f02ed6d0 req-00626e4e-af82-473a-9874-99f5f02ed6d0 ] Request (ListServersNegativeTestJSON:setUpClass): 200 GET http://10.180.1.21/compute/v2.1/servers/6643cc70-7e92-41e9-b2dc-c531a331086f 0.142s
2024-10-31 11:51:16.242 62298 INFO tempest.lib.common.rest_client [req-48896814-e23f-430a-b4a5-7a9a068927aa req-48896814-e23f-430a-b4a5-7a9a068927aa ] Request (VolumesAdminNegativeTest:test_update_attached_volume_with_nonexistent_volume_in_body): 200 GET http://10.180.1.21/compute/v2.1/servers/975b0c65-6f57-4c7c-ae46-b23920a039f7 0.231s
2024-10-31 11:51:16.248 62264 INFO tempest.lib.common.rest_client [req-011eaf9d-8938-41d7-9dde-d6dcbef0bb49 req-011eaf9d-8938-41d7-9dde-d6dcbef0bb49 ] Request (TenantUsagesTestJSON:setUpClass): 200 GET http://10.180.1.21/compute/v2.1/servers/35b6490b-eec9-4dc1-9de3-63c368bdc5d7 0.183s
2024-10-31 11:51:16.267 62290 INFO tempest.lib.common.rest_client [req-0f0480d1-06bd-4f4b-872f-7b3167eb15f8 req-0f0480d1-06bd-4f4b-872f-7b3167eb15f8 ] Request (ValidationResourcesFixture:setUp): 201 POST http://10.180.1.21:9696/networking/v2.0/floatingips 0.660s
2024-10-31 11:51:16.301 62274 INFO tempest.lib.common.rest_client [req-e1135583-0af9-44f3-a877-3eadf9fa4bf1 req-e1135583-0af9-44f3-a877-3eadf9fa4bf1 ] Request (InstanceActionsNegativeTestJSON:setUpClass): 200 GET http://10.180.1.21/compute/v2.1/servers/71248677-92fb-4f66-b089-2cbbdc808bb7 0.157s
2024-10-31 11:51:16.302 62242 INFO tempest.lib.common.rest_client [req-5562f827-acd1-4d2d-b90d-7a61ab9e9716 req-5562f827-acd1-4d2d-b90d-7a61ab9e9716 ] Request (ListImageFiltersTestJSON:setUpClass): 200 GET http://10.180.1.21/compute/v2.1/servers/0d680f38-bd47-4aeb-8845-efa20667623b 0.176s
2024-10-31 11:51:16.339 62290 INFO tempest.lib.common.rest_client [req-d3c1a236-24af-422e-bf1e-58e4085db62d req-d3c1a236-24af-422e-bf1e-58e4085db62d ] Request (AttachVolumeNegativeTest:test_attach_attached_volume_to_same_server): 201 POST http://10.180.1.21/identity/v3/auth/tokens 0.069s
2024-10-31 11:51:16.340 62290 INFO tempest.lib.common.fixed_network [-] (AttachVolumeNegativeTest:test_attach_attached_volume_to_same_server) Found network {'id': '9dcc2d50-24ed-410c-9c13-3d8d140b5cee', 'name': 'tempest-AttachVolumeNegativeTest-1965897712-network', 'tenant_id': 'df09ba4531ae4b1e8e83f9b382b82c5c', 'admin_state_up': True, 'mtu': 8950, 'status': 'ACTIVE', 'subnets': [], 'shared': False, 'project_id': 'df09ba4531ae4b1e8e83f9b382b82c5c', 'port_security_enabled': True, 'router:external': False, 'provider:network_type': 'vlan', 'provider:physical_network': 'default', 'provider:segmentation_id': 859, 'availability_zone_hints': [], 'availability_zones': [], 'ipv4_address_scope': None, 'ipv6_address_scope': None, 'description': '', 'tags': [], 'created_at': '2024-10-31T11:49:48Z', 'updated_at': '2024-10-31T11:49:48Z', 'revision_number': 1} available for tenant
2024-10-31 11:51:16.353 62240 INFO tempest.lib.common.rest_client [req-e0768c3d-539c-4ba6-a0f1-f1b1569fef5b req-e0768c3d-539c-4ba6-a0f1-f1b1569fef5b ] Request (AttachInterfacesUnderV243Test:test_add_remove_fixed_ip): 200 GET http://10.180.1.21/compute/v2.1/servers/87f859c6-7a96-4a48-adb8-814a134ad4c8 0.176s
2024-10-31 11:51:16.354 62268 INFO tempest.lib.common.rest_client [req-73919c9e-91d4-45ee-a4b9-987c0c3fc062 req-73919c9e-91d4-45ee-a4b9-987c0c3fc062 ] Request (DeleteServersTestJSON:test_delete_active_server): 200 GET http://10.180.1.21/compute/v2.1/servers/297c345a-a825-47b1-a9e4-a353758d32ce 0.151s
2024-10-31 11:51:16.403 62236 INFO tempest.lib.common.rest_client [req-320af86c-1c8f-4adc-9ce1-0e53923046ad req-320af86c-1c8f-4adc-9ce1-0e53923046ad ] Request (MigrationsAdminTest:test_resize_server_revert_deleted_flavor): 200 GET http://10.180.1.21/compute/v2.1/servers/8672c282-1a66-49b5-9c22-7136b567a52c 0.146s
2024-10-31 11:51:16.411 62250 INFO tempest.lib.common.rest_client [req-cdebdd2e-8b97-4436-a0a3-3f62b902f4f1 req-cdebdd2e-8b97-4436-a0a3-3f62b902f4f1 ] Request (ServersAdmin275Test:tearDownClass): 200 GET http://10.180.1.21/compute/v2.1/servers/e4ada227-b79a-457a-b063-dde99840aa14 0.076s
2024-10-31 11:51:16.470 62248 INFO tempest.lib.common.rest_client [req-7911ecbf-ff65-435c-a3e8-b96a34cd7ad9 req-7911ecbf-ff65-435c-a3e8-b96a34cd7ad9 ] Request (SecurityGroupsTestJSON:test_server_security_groups): 200 GET http://10.180.1.21/compute/v2.1/servers/9da95edb-f9fb-40f3-9317-d27f1bae0ecf 0.086s
2024-10-31 11:51:16.526 62252 INFO tempest.lib.common.rest_client [req-d47ab574-a620-4c09-8f9a-e57db6389a89 req-d47ab574-a620-4c09-8f9a-e57db6389a89 ] Request (ServersTestBootFromVolume:setUpClass): 200 GET http://10.180.1.21/compute/v2.1/servers/9025d114-10da-4cf8-9e5f-2520bfd3b246 0.095s
2024-10-31 11:51:16.571 62276 INFO tempest.lib.common.rest_client [req-72106f2d-3d1e-4f19-bca3-5db755492f7b req-72106f2d-3d1e-4f19-bca3-5db755492f7b ] Request (ServerAddressesTestJSON:setUpClass): 200 GET http://10.180.1.21/compute/v2.1/servers/a8101e8d-55d0-4f70-9119-f5e176ba8212 0.102s
2024-10-31 11:51:16.617 62254 INFO tempest.lib.common.rest_client [req-dac7c997-15c5-4617-8820-f1abacb98930 req-dac7c997-15c5-4617-8820-f1abacb98930 ] Request (InstanceActionsTestJSON:setUpClass): 200 GET http://10.180.1.21/compute/v2.1/servers/f163fb1b-400f-4abb-8df6-0d9ea6449166 0.092s
2024-10-31 11:51:16.668 62260 INFO tempest.lib.common.rest_client [req-a31932a2-75ce-4937-9b2c-5bacb97a3d34 req-a31932a2-75ce-4937-9b2c-5bacb97a3d34 ] Request (ServerMetadataNegativeTestJSON:setUpClass): 200 GET http://10.180.1.21/compute/v2.1/servers/ad2f23df-c067-4d30-b143-e50ebcc50d4e 0.086s
2024-10-31 11:51:16.718 62258 INFO tempest.lib.common.rest_client [req-e50aed03-7875-415b-8d7a-7b7256ed0fc0 req-e50aed03-7875-415b-8d7a-7b7256ed0fc0 ] Request (ServersTestFqdnHostnames:test_create_server_with_fqdn_name): 200 GET http://10.180.1.21/compute/v2.1/servers/dce49aac-03f3-48ed-9bad-c5eb2d779bae 0.134s
2024-10-31 11:51:16.832 62267 INFO tempest.lib.common.rest_client [req-009d913e-4d50-4d4a-8d89-ecb6bc364009 req-009d913e-4d50-4d4a-8d89-ecb6bc364009 ] Request (ImagesOneServerTestJSON:setUpClass): 200 GET http://10.180.1.21/compute/v2.1/servers/fc1f08e8-fd0a-4b84-bc8f-fe3a27136c57 0.205s
2024-10-31 11:51:16.838 62267 INFO tempest.common.waiters [-] State transition "BUILD/networking" ==> "BUILD/block_device_mapping" after 58 second wait
2024-10-31 11:51:16.877 62256 INFO tempest.lib.common.rest_client [req-6e2dcf37-8caf-454c-b74a-018d2d86fa1a req-6e2dcf37-8caf-454c-b74a-018d2d86fa1a ] Request (ImagesTestJSON:test_create_image_from_suspended_server): 200 GET http://10.180.1.21/compute/v2.1/servers/df154c2a-3616-442d-abb0-83e68cf1141d 0.232s
2024-10-31 11:51:16.886 62290 INFO tempest.lib.common.rest_client [req-4c296236-c4ea-4597-904a-3e8828f27fcb req-4c296236-c4ea-4597-904a-3e8828f27fcb ] Request (AttachVolumeNegativeTest:test_attach_attached_volume_to_same_server): 202 POST http://10.180.1.21/compute/v2.1/servers 0.546s
2024-10-31 11:51:16.927 62292 INFO tempest.lib.common.rest_client [req-2e19e258-e83c-4b68-b294-47c80caaa196 req-2e19e258-e83c-4b68-b294-47c80caaa196 ] Request (ServersAaction247Test:test_create_backup): 200 GET http://10.180.1.21/compute/v2.1/servers/f0a011bb-4939-4384-885c-6ce482875b4e 0.247s
2024-10-31 11:51:16.937 62280 INFO tempest.lib.common.rest_client [req-45bcb33a-2c46-4df1-a564-bbd8ff241b86 req-45bcb33a-2c46-4df1-a564-bbd8ff241b86 ] Request (ServersNegativeTestJSON:setUpClass): 200 GET http://10.180.1.21/compute/v2.1/servers/59330fd4-c362-4593-824d-d40c00f3f5d2 0.220s
2024-10-31 11:51:16.990 62288 INFO tempest.lib.common.rest_client [req-d44b9a77-5f5f-4a0f-ab3e-9403679cc20c req-d44b9a77-5f5f-4a0f-ab3e-9403679cc20c ] Request (ServerShowV257Test:tearDownClass): 200 GET http://10.180.1.21/compute/v2.1/servers/a8f6254f-b867-4967-b4fa-bb70f471f89d 0.263s
2024-10-31 11:51:17.011 62244 INFO tempest.lib.common.rest_client [req-e4b8c293-6789-4f88-aab1-1a5cf9248964 req-e4b8c293-6789-4f88-aab1-1a5cf9248964 ] Request (ServersAdminTestJSON:setUpClass): 200 GET http://10.180.1.21/compute/v2.1/servers/41bc5a14-1d13-4730-80c5-a0bcfb1f0ad1 0.249s
2024-10-31 11:51:17.044 62296 INFO tempest.lib.common.rest_client [req-2268984c-23a4-430e-b6e0-fb19770ca780 req-2268984c-23a4-430e-b6e0-fb19770ca780 ] Request (ServerActionsV293TestJSON:setUpClass): 200 GET http://10.180.1.21/compute/v2.1/servers/5f205b7d-d93e-436d-9d7d-04c6f767f7ad 0.253s
2024-10-31 11:51:17.072 62294 INFO tempest.lib.common.rest_client [req-a804d604-4eed-4f15-826a-930a220c5176 req-a804d604-4eed-4f15-826a-930a220c5176 ] Request (ServerExternalEventsTest:test_create_server_external_events): 200 GET http://10.180.1.21/compute/v2.1/servers/e37ac276-8a3e-45b3-8176-d972eb4e6e3e 0.235s
2024-10-31 11:51:17.088 62286 INFO tempest.lib.common.rest_client [req-653fac8d-e6ed-4dc2-bee8-09b8e0b2359c req-653fac8d-e6ed-4dc2-bee8-09b8e0b2359c ] Request (DeleteServersAdminTestJSON:test_delete_server_while_in_error_state): 200 GET http://10.180.1.21/compute/v2.1/servers/70af5d32-254f-4819-8cca-c28346e48139 0.228s
2024-10-31 11:51:17.118 62290 INFO tempest.lib.common.rest_client [req-4dc1c7cd-3643-4622-9884-a4e1576be0fa req-4dc1c7cd-3643-4622-9884-a4e1576be0fa ] Request (AttachVolumeNegativeTest:test_attach_attached_volume_to_same_server): 200 GET http://10.180.1.21/compute/v2.1/servers/bc1ef57d-457d-446a-8ad4-3bab6d331215 0.230s
2024-10-31 11:51:17.132 62238 INFO tempest.lib.common.rest_client [req-be7a99a7-2c49-444d-a62a-aecb7d5266e4 req-be7a99a7-2c49-444d-a62a-aecb7d5266e4 ] Request (ServersTestMultiNic:test_verify_duplicate_network_nics): 200 GET http://10.180.1.21/compute/v2.1/servers/6236c44a-e3c6-4302-8f15-4eb8dfaf5960 0.237s
2024-10-31 11:51:17.165 62270 INFO tempest.lib.common.rest_client [req-0bf4e91d-6cc4-4862-99b8-5d8b4afa4f3d req-0bf4e91d-6cc4-4862-99b8-5d8b4afa4f3d ] Request (ServerActionsTestJSON:setUpClass): 200 GET http://10.180.1.21/compute/v2.1/servers/4d167f54-c1fc-4eb0-a4cc-a5edb60fe78e 0.183s
2024-10-31 11:51:17.177 62283 INFO tempest.lib.common.rest_client [req-4ec4bed9-8c4d-4adb-863b-449108155896 req-4ec4bed9-8c4d-4adb-863b-449108155896 ] Request (ServerActionsTestOtherB:setUpClass): 200 GET http://10.180.1.21/compute/v2.1/servers/b4706725-5e28-4d2a-b4a8-7633ffa63afe 0.135s
2024-10-31 11:51:17.220 62284 INFO tempest.lib.common.rest_client [req-03043e46-7e63-4493-83f3-b25fcad4f04a req-03043e46-7e63-4493-83f3-b25fcad4f04a ] Request (ServersV294TestFqdnHostnames:setUpClass): 200 GET http://10.180.1.21/compute/v2.1/servers/62ebc97c-3f86-4ef2-b5c4-3d2fe563d179 0.065s
2024-10-31 11:51:17.248 62246 INFO tempest.lib.common.rest_client [req-b8ded9a8-ed07-41a9-b878-3d87ae8906d8 req-b8ded9a8-ed07-41a9-b878-3d87ae8906d8 ] Request (ListServersNegativeTestJSON:setUpClass): 200 GET http://10.180.1.21/compute/v2.1/servers/6643cc70-7e92-41e9-b2dc-c531a331086f 0.045s
2024-10-31 11:51:17.302 62264 INFO tempest.lib.common.rest_client [req-6cf6242b-83be-42e1-85db-8cff427414d3 req-6cf6242b-83be-42e1-85db-8cff427414d3 ] Request (TenantUsagesTestJSON:setUpClass): 200 GET http://10.180.1.21/compute/v2.1/servers/35b6490b-eec9-4dc1-9de3-63c368bdc5d7 0.044s
2024-10-31 11:51:17.304 62298 INFO tempest.lib.common.rest_client [req-b0f07857-6424-4ce1-89c9-72ed32a17a02 req-b0f07857-6424-4ce1-89c9-72ed32a17a02 ] Request (VolumesAdminNegativeTest:test_update_attached_volume_with_nonexistent_volume_in_body): 200 GET http://10.180.1.21/compute/v2.1/servers/975b0c65-6f57-4c7c-ae46-b23920a039f7 0.052s
2024-10-31 11:51:17.354 62242 INFO tempest.lib.common.rest_client [req-26d66cc2-af3e-4c8d-bca3-9403cbcdb900 req-26d66cc2-af3e-4c8d-bca3-9403cbcdb900 ] Request (ListImageFiltersTestJSON:setUpClass): 200 GET http://10.180.1.21/compute/v2.1/servers/0d680f38-bd47-4aeb-8845-efa20667623b 0.043s
2024-10-31 11:51:17.359 62274 INFO tempest.lib.common.rest_client [req-666f8b8a-e7c2-4606-9e44-d7df661e13f3 req-666f8b8a-e7c2-4606-9e44-d7df661e13f3 ] Request (InstanceActionsNegativeTestJSON:setUpClass): 200 GET http://10.180.1.21/compute/v2.1/servers/71248677-92fb-4f66-b089-2cbbdc808bb7 0.047s
2024-10-31 11:51:17.406 62240 INFO tempest.lib.common.rest_client [req-5bc153eb-bcaa-4e16-81ca-081c9ef6eee5 req-5bc153eb-bcaa-4e16-81ca-081c9ef6eee5 ] Request (AttachInterfacesUnderV243Test:test_add_remove_fixed_ip): 200 GET http://10.180.1.21/compute/v2.1/servers/87f859c6-7a96-4a48-adb8-814a134ad4c8 0.045s
2024-10-31 11:51:17.410 62268 INFO tempest.lib.common.rest_client [req-833ab1c1-b858-4be1-8dd1-bf4ece7f0c4d req-833ab1c1-b858-4be1-8dd1-bf4ece7f0c4d ] Request (DeleteServersTestJSON:test_delete_active_server): 200 GET http://10.180.1.21/compute/v2.1/servers/297c345a-a825-47b1-a9e4-a353758d32ce 0.048s
2024-10-31 11:51:17.458 62236 INFO tempest.lib.common.rest_client [req-4591d900-6855-432f-91d0-dbb9e578e124 req-4591d900-6855-432f-91d0-dbb9e578e124 ] Request (MigrationsAdminTest:test_resize_server_revert_deleted_flavor): 200 GET http://10.180.1.21/compute/v2.1/servers/8672c282-1a66-49b5-9c22-7136b567a52c 0.047s
2024-10-31 11:51:17.486 62250 INFO tempest.lib.common.rest_client [req-0bf9194d-b4b1-440e-bd4c-672b17ea1720 req-0bf9194d-b4b1-440e-bd4c-672b17ea1720 ] Request (ServersAdmin275Test:tearDownClass): 200 GET http://10.180.1.21/compute/v2.1/servers/e4ada227-b79a-457a-b063-dde99840aa14 0.067s
2024-10-31 11:51:17.536 62248 INFO tempest.lib.common.rest_client [req-83b71023-8401-4ef0-b418-51cda0157002 req-83b71023-8401-4ef0-b418-51cda0157002 ] Request (SecurityGroupsTestJSON:test_server_security_groups): 200 GET http://10.180.1.21/compute/v2.1/servers/9da95edb-f9fb-40f3-9317-d27f1bae0ecf 0.052s
2024-10-31 11:51:17.583 62252 INFO tempest.lib.common.rest_client [req-b6f1703c-99cc-4f04-92e7-ef3473fa0b5a req-b6f1703c-99cc-4f04-92e7-ef3473fa0b5a ] Request (ServersTestBootFromVolume:setUpClass): 200 GET http://10.180.1.21/compute/v2.1/servers/9025d114-10da-4cf8-9e5f-2520bfd3b246 0.050s
2024-10-31 11:51:17.629 62276 INFO tempest.lib.common.rest_client [req-39935e16-8049-40ec-8c0c-ad58eabba2f7 req-39935e16-8049-40ec-8c0c-ad58eabba2f7 ] Request (ServerAddressesTestJSON:setUpClass): 200 GET http://10.180.1.21/compute/v2.1/servers/a8101e8d-55d0-4f70-9119-f5e176ba8212 0.050s
2024-10-31 11:51:17.683 62254 INFO tempest.lib.common.rest_client [req-2ce9dc74-7d9e-4320-9f42-5c4caaee0904 req-2ce9dc74-7d9e-4320-9f42-5c4caaee0904 ] Request (InstanceActionsTestJSON:setUpClass): 200 GET http://10.180.1.21/compute/v2.1/servers/f163fb1b-400f-4abb-8df6-0d9ea6449166 0.058s
2024-10-31 11:51:17.727 62260 INFO tempest.lib.common.rest_client [req-57c1f988-22db-4a7b-a86a-5a29b97d7613 req-57c1f988-22db-4a7b-a86a-5a29b97d7613 ] Request (ServerMetadataNegativeTestJSON:setUpClass): 200 GET http://10.180.1.21/compute/v2.1/servers/ad2f23df-c067-4d30-b143-e50ebcc50d4e 0.050s
2024-10-31 11:51:17.768 62258 INFO tempest.lib.common.rest_client [req-de902350-b787-4a5b-9508-d4932f05e123 req-de902350-b787-4a5b-9508-d4932f05e123 ] Request (ServersTestFqdnHostnames:test_create_server_with_fqdn_name): 200 GET http://10.180.1.21/compute/v2.1/servers/dce49aac-03f3-48ed-9bad-c5eb2d779bae 0.043s
2024-10-31 11:51:17.883 62267 INFO tempest.lib.common.rest_client [req-a033e138-60eb-4378-b6f0-831266534bd7 req-a033e138-60eb-4378-b6f0-831266534bd7 ] Request (ImagesOneServerTestJSON:setUpClass): 200 GET http://10.180.1.21/compute/v2.1/servers/fc1f08e8-fd0a-4b84-bc8f-fe3a27136c57 0.044s
2024-10-31 11:51:17.889 62267 INFO tempest.common.waiters [-] State transition "BUILD/block_device_mapping" ==> "BUILD/spawning" after 59 second wait
2024-10-31 11:51:17.930 62256 INFO tempest.lib.common.rest_client [req-a4798dc0-583f-4f93-91a4-728b6d059220 req-a4798dc0-583f-4f93-91a4-728b6d059220 ] Request (ImagesTestJSON:test_create_image_from_suspended_server): 200 GET http://10.180.1.21/compute/v2.1/servers/df154c2a-3616-442d-abb0-83e68cf1141d 0.046s
2024-10-31 11:51:17.987 62292 INFO tempest.lib.common.rest_client [req-8c077b50-d034-4b28-8a89-3e0451f50403 req-8c077b50-d034-4b28-8a89-3e0451f50403 ] Request (ServersAaction247Test:test_create_backup): 200 GET http://10.180.1.21/compute/v2.1/servers/f0a011bb-4939-4384-885c-6ce482875b4e 0.048s
2024-10-31 11:51:17.993 62280 INFO tempest.lib.common.rest_client [req-73cb6386-d934-4279-a182-259fd269334f req-73cb6386-d934-4279-a182-259fd269334f ] Request (ServersNegativeTestJSON:setUpClass): 200 GET http://10.180.1.21/compute/v2.1/servers/59330fd4-c362-4593-824d-d40c00f3f5d2 0.047s
2024-10-31 11:51:18.047 62288 INFO tempest.lib.common.rest_client [req-724aee7d-a768-4cb4-bb6d-d18c802871fc req-724aee7d-a768-4cb4-bb6d-d18c802871fc ] Request (ServerShowV257Test:tearDownClass): 200 GET http://10.180.1.21/compute/v2.1/servers/a8f6254f-b867-4967-b4fa-bb70f471f89d 0.048s
2024-10-31 11:51:18.073 62244 INFO tempest.lib.common.rest_client [req-5abd49be-fb99-47aa-8789-de42586e8bbe req-5abd49be-fb99-47aa-8789-de42586e8bbe ] Request (ServersAdminTestJSON:setUpClass): 200 GET http://10.180.1.21/compute/v2.1/servers/41bc5a14-1d13-4730-80c5-a0bcfb1f0ad1 0.051s
2024-10-31 11:51:18.109 62296 INFO tempest.lib.common.rest_client [req-ab881cfd-a745-4aee-9fb2-bbab306bd40f req-ab881cfd-a745-4aee-9fb2-bbab306bd40f ] Request (ServerActionsV293TestJSON:setUpClass): 200 GET http://10.180.1.21/compute/v2.1/servers/5f205b7d-d93e-436d-9d7d-04c6f767f7ad 0.052s
2024-10-31 11:51:18.124 62294 INFO tempest.lib.common.rest_client [req-1725e29a-e69b-48c9-9dd5-616ecd7436ea req-1725e29a-e69b-48c9-9dd5-616ecd7436ea ] Request (ServerExternalEventsTest:test_create_server_external_events): 200 GET http://10.180.1.21/compute/v2.1/servers/e37ac276-8a3e-45b3-8176-d972eb4e6e3e 0.046s
2024-10-31 11:51:18.152 62286 INFO tempest.lib.common.rest_client [req-27596499-bb03-4c6a-98a5-4dc5a90d9e43 req-27596499-bb03-4c6a-98a5-4dc5a90d9e43 ] Request (DeleteServersAdminTestJSON:test_delete_server_while_in_error_state): 200 GET http://10.180.1.21/compute/v2.1/servers/70af5d32-254f-4819-8cca-c28346e48139 0.056s
2024-10-31 11:51:18.172 62290 INFO tempest.lib.common.rest_client [req-d85bbab5-3ee8-4b6c-bbf3-cc57ce9c6263 req-d85bbab5-3ee8-4b6c-bbf3-cc57ce9c6263 ] Request (AttachVolumeNegativeTest:test_attach_attached_volume_to_same_server): 200 GET http://10.180.1.21/compute/v2.1/servers/bc1ef57d-457d-446a-8ad4-3bab6d331215 0.045s
2024-10-31 11:51:18.196 62238 INFO tempest.lib.common.rest_client [req-c27d7897-2a1f-4600-b30a-fcb55ecb624e req-c27d7897-2a1f-4600-b30a-fcb55ecb624e ] Request (ServersTestMultiNic:test_verify_duplicate_network_nics): 200 GET http://10.180.1.21/compute/v2.1/servers/6236c44a-e3c6-4302-8f15-4eb8dfaf5960 0.053s
2024-10-31 11:51:18.223 62270 INFO tempest.lib.common.rest_client [req-2981a145-f24e-4464-9a46-a8fb2d4fa6ee req-2981a145-f24e-4464-9a46-a8fb2d4fa6ee ] Request (ServerActionsTestJSON:setUpClass): 200 GET http://10.180.1.21/compute/v2.1/servers/4d167f54-c1fc-4eb0-a4cc-a5edb60fe78e 0.051s
2024-10-31 11:51:18.236 62283 INFO tempest.lib.common.rest_client [req-b2d1d358-e731-4201-838b-560255f0a697 req-b2d1d358-e731-4201-838b-560255f0a697 ] Request (ServerActionsTestOtherB:setUpClass): 200 GET http://10.180.1.21/compute/v2.1/servers/b4706725-5e28-4d2a-b4a8-7633ffa63afe 0.051s
2024-10-31 11:51:18.290 62284 INFO tempest.lib.common.rest_client [req-5307c4b3-f919-415b-94de-5e5c5eafba87 req-5307c4b3-f919-415b-94de-5e5c5eafba87 ] Request (ServersV294TestFqdnHostnames:setUpClass): 200 GET http://10.180.1.21/compute/v2.1/servers/62ebc97c-3f86-4ef2-b5c4-3d2fe563d179 0.056s
2024-10-31 11:51:18.304 62246 INFO tempest.lib.common.rest_client [req-d8898dc7-6a5f-403a-ad06-7beffb843d96 req-d8898dc7-6a5f-403a-ad06-7beffb843d96 ] Request (ListServersNegativeTestJSON:setUpClass): 200 GET http://10.180.1.21/compute/v2.1/servers/6643cc70-7e92-41e9-b2dc-c531a331086f 0.049s
2024-10-31 11:51:18.355 62264 INFO tempest.lib.common.rest_client [req-55e73841-e5ea-42f4-93ba-18b101b5884e req-55e73841-e5ea-42f4-93ba-18b101b5884e ] Request (TenantUsagesTestJSON:setUpClass): 200 GET http://10.180.1.21/compute/v2.1/servers/35b6490b-eec9-4dc1-9de3-63c368bdc5d7 0.046s
2024-10-31 11:51:18.355 62298 INFO tempest.lib.common.rest_client [req-1f7de220-266b-4481-bad4-92ad5fa86ff9 req-1f7de220-266b-4481-bad4-92ad5fa86ff9 ] Request (VolumesAdminNegativeTest:test_update_attached_volume_with_nonexistent_volume_in_body): 200 GET http://10.180.1.21/compute/v2.1/servers/975b0c65-6f57-4c7c-ae46-b23920a039f7 0.044s
2024-10-31 11:51:18.403 62242 INFO tempest.lib.common.rest_client [req-8df441d9-ad8e-4e1f-a47d-7335fc934a0d req-8df441d9-ad8e-4e1f-a47d-7335fc934a0d ] Request (ListImageFiltersTestJSON:setUpClass): 200 GET http://10.180.1.21/compute/v2.1/servers/0d680f38-bd47-4aeb-8845-efa20667623b 0.043s
2024-10-31 11:51:18.410 62274 INFO tempest.lib.common.rest_client [req-7c1e9769-0154-452b-a5a3-f1ef982a42fd req-7c1e9769-0154-452b-a5a3-f1ef982a42fd ] Request (InstanceActionsNegativeTestJSON:setUpClass): 200 GET http://10.180.1.21/compute/v2.1/servers/71248677-92fb-4f66-b089-2cbbdc808bb7 0.044s
2024-10-31 11:51:18.459 62240 INFO tempest.lib.common.rest_client [req-6c925743-fff3-4bc2-9d4e-3a17f173db8c req-6c925743-fff3-4bc2-9d4e-3a17f173db8c ] Request (AttachInterfacesUnderV243Test:test_add_remove_fixed_ip): 200 GET http://10.180.1.21/compute/v2.1/servers/87f859c6-7a96-4a48-adb8-814a134ad4c8 0.044s
2024-10-31 11:51:18.461 62268 INFO tempest.lib.common.rest_client [req-03633144-4940-418e-9e0a-749c5d41d943 req-03633144-4940-418e-9e0a-749c5d41d943 ] Request (DeleteServersTestJSON:test_delete_active_server): 200 GET http://10.180.1.21/compute/v2.1/servers/297c345a-a825-47b1-a9e4-a353758d32ce 0.044s
2024-10-31 11:51:18.506 62236 INFO tempest.lib.common.rest_client [req-f62bc9a3-c142-46cf-9eca-1a548c81641c req-f62bc9a3-c142-46cf-9eca-1a548c81641c ] Request (MigrationsAdminTest:test_resize_server_revert_deleted_flavor): 200 GET http://10.180.1.21/compute/v2.1/servers/8672c282-1a66-49b5-9c22-7136b567a52c 0.041s
2024-10-31 11:51:18.550 62250 INFO tempest.lib.common.rest_client [req-7971623c-fdd8-4ecc-a5cf-2b21f0166bc6 req-7971623c-fdd8-4ecc-a5cf-2b21f0166bc6 ] Request (ServersAdmin275Test:tearDownClass): 200 GET http://10.180.1.21/compute/v2.1/servers/e4ada227-b79a-457a-b063-dde99840aa14 0.054s
2024-10-31 11:51:18.587 62248 INFO tempest.lib.common.rest_client [req-51d042f8-3d97-4f8d-a11f-daa589f57d26 req-51d042f8-3d97-4f8d-a11f-daa589f57d26 ] Request (SecurityGroupsTestJSON:test_server_security_groups): 200 GET http://10.180.1.21/compute/v2.1/servers/9da95edb-f9fb-40f3-9317-d27f1bae0ecf 0.044s
2024-10-31 11:51:18.634 62252 INFO tempest.lib.common.rest_client [req-3b1d0d60-6889-4dea-9f78-53d900ed435d req-3b1d0d60-6889-4dea-9f78-53d900ed435d ] Request (ServersTestBootFromVolume:setUpClass): 200 GET http://10.180.1.21/compute/v2.1/servers/9025d114-10da-4cf8-9e5f-2520bfd3b246 0.043s
2024-10-31 11:51:18.681 62276 INFO tempest.lib.common.rest_client [req-3f0cf2b8-0909-4e9e-8223-d01410c80ecf req-3f0cf2b8-0909-4e9e-8223-d01410c80ecf ] Request (ServerAddressesTestJSON:setUpClass): 200 GET http://10.180.1.21/compute/v2.1/servers/a8101e8d-55d0-4f70-9119-f5e176ba8212 0.044s
2024-10-31 11:51:18.732 62254 INFO tempest.lib.common.rest_client [req-41fc0513-9b46-41a6-a919-437f83f9d2b2 req-41fc0513-9b46-41a6-a919-437f83f9d2b2 ] Request (InstanceActionsTestJSON:setUpClass): 200 GET http://10.180.1.21/compute/v2.1/servers/f163fb1b-400f-4abb-8df6-0d9ea6449166 0.042s
2024-10-31 11:51:18.778 62260 INFO tempest.lib.common.rest_client [req-36ace95b-d113-4dcc-96c3-bc6aa1d46636 req-36ace95b-d113-4dcc-96c3-bc6aa1d46636 ] Request (ServerMetadataNegativeTestJSON:setUpClass): 200 GET http://10.180.1.21/compute/v2.1/servers/ad2f23df-c067-4d30-b143-e50ebcc50d4e 0.045s
2024-10-31 11:51:18.822 62258 INFO tempest.lib.common.rest_client [req-4c26b781-ad5a-44cc-acfd-bd53e1e87006 req-4c26b781-ad5a-44cc-acfd-bd53e1e87006 ] Request (ServersTestFqdnHostnames:test_create_server_with_fqdn_name): 200 GET http://10.180.1.21/compute/v2.1/servers/dce49aac-03f3-48ed-9bad-c5eb2d779bae 0.048s
2024-10-31 11:51:18.942 62267 INFO tempest.lib.common.rest_client [req-04c47ce0-2dbb-4df2-a100-89b6a56fed5c req-04c47ce0-2dbb-4df2-a100-89b6a56fed5c ] Request (ImagesOneServerTestJSON:setUpClass): 200 GET http://10.180.1.21/compute/v2.1/servers/fc1f08e8-fd0a-4b84-bc8f-fe3a27136c57 0.051s
2024-10-31 11:51:18.987 62256 INFO tempest.lib.common.rest_client [req-59e1d7f5-14d5-4f9a-8102-c1e2895fc37e req-59e1d7f5-14d5-4f9a-8102-c1e2895fc37e ] Request (ImagesTestJSON:test_create_image_from_suspended_server): 200 GET http://10.180.1.21/compute/v2.1/servers/df154c2a-3616-442d-abb0-83e68cf1141d 0.048s
2024-10-31 11:51:19.042 62292 INFO tempest.lib.common.rest_client [req-6d2bef47-f1d9-42c6-b13c-3007acbef485 req-6d2bef47-f1d9-42c6-b13c-3007acbef485 ] Request (ServersAaction247Test:test_create_backup): 200 GET http://10.180.1.21/compute/v2.1/servers/f0a011bb-4939-4384-885c-6ce482875b4e 0.048s
2024-10-31 11:51:19.045 62280 INFO tempest.lib.common.rest_client [req-2d109496-8621-469e-9610-63e94dda91e3 req-2d109496-8621-469e-9610-63e94dda91e3 ] Request (ServersNegativeTestJSON:setUpClass): 200 GET http://10.180.1.21/compute/v2.1/servers/59330fd4-c362-4593-824d-d40c00f3f5d2 0.045s
2024-10-31 11:51:19.107 62288 INFO tempest.lib.common.rest_client [req-f66a0ae1-fb5b-4184-8487-41ad413b7f5d req-f66a0ae1-fb5b-4184-8487-41ad413b7f5d ] Request (ServerShowV257Test:tearDownClass): 200 GET http://10.180.1.21/compute/v2.1/servers/a8f6254f-b867-4967-b4fa-bb70f471f89d 0.052s
2024-10-31 11:51:19.114 62288 INFO tempest.common.waiters [-] State transition "ACTIVE/deleting" ==> "DELETED/None" after 5 second wait
2024-10-31 11:51:19.125 62244 INFO tempest.lib.common.rest_client [req-6fd87f3e-2293-4067-8111-038765880c11 req-6fd87f3e-2293-4067-8111-038765880c11 ] Request (ServersAdminTestJSON:setUpClass): 200 GET http://10.180.1.21/compute/v2.1/servers/41bc5a14-1d13-4730-80c5-a0bcfb1f0ad1 0.045s
2024-10-31 11:51:19.170 62296 INFO tempest.lib.common.rest_client [req-e84211c3-b98b-4385-932b-846671a4065c req-e84211c3-b98b-4385-932b-846671a4065c ] Request (ServerActionsV293TestJSON:setUpClass): 200 GET http://10.180.1.21/compute/v2.1/servers/5f205b7d-d93e-436d-9d7d-04c6f767f7ad 0.051s
2024-10-31 11:51:19.176 62294 INFO tempest.lib.common.rest_client [req-5528cd04-bffd-4a97-b9df-4c2427c5db86 req-5528cd04-bffd-4a97-b9df-4c2427c5db86 ] Request (ServerExternalEventsTest:test_create_server_external_events): 200 GET http://10.180.1.21/compute/v2.1/servers/e37ac276-8a3e-45b3-8176-d972eb4e6e3e 0.045s
2024-10-31 11:51:19.213 62286 INFO tempest.lib.common.rest_client [req-1948d583-f1fa-4f5d-a978-29af22d6f389 req-1948d583-f1fa-4f5d-a978-29af22d6f389 ] Request (DeleteServersAdminTestJSON:test_delete_server_while_in_error_state): 200 GET http://10.180.1.21/compute/v2.1/servers/70af5d32-254f-4819-8cca-c28346e48139 0.054s
2024-10-31 11:51:19.223 62290 INFO tempest.lib.common.rest_client [req-37315361-ec8f-49ae-9d2c-ddf45904f087 req-37315361-ec8f-49ae-9d2c-ddf45904f087 ] Request (AttachVolumeNegativeTest:test_attach_attached_volume_to_same_server): 200 GET http://10.180.1.21/compute/v2.1/servers/bc1ef57d-457d-446a-8ad4-3bab6d331215 0.043s
2024-10-31 11:51:19.255 62238 INFO tempest.lib.common.rest_client [req-e4637ff7-dc34-4b57-856d-efdc5756ed06 req-e4637ff7-dc34-4b57-856d-efdc5756ed06 ] Request (ServersTestMultiNic:test_verify_duplicate_network_nics): 200 GET http://10.180.1.21/compute/v2.1/servers/6236c44a-e3c6-4302-8f15-4eb8dfaf5960 0.052s
2024-10-31 11:51:19.276 62270 INFO tempest.lib.common.rest_client [req-254cfd56-3a76-4700-9551-a0c57264c77d req-254cfd56-3a76-4700-9551-a0c57264c77d ] Request (ServerActionsTestJSON:setUpClass): 200 GET http://10.180.1.21/compute/v2.1/servers/4d167f54-c1fc-4eb0-a4cc-a5edb60fe78e 0.046s
2024-10-31 11:51:19.297 62283 INFO tempest.lib.common.rest_client [req-0d2ff6fe-6161-4f8c-a8f2-3449ee03b7d2 req-0d2ff6fe-6161-4f8c-a8f2-3449ee03b7d2 ] Request (ServerActionsTestOtherB:setUpClass): 200 GET http://10.180.1.21/compute/v2.1/servers/b4706725-5e28-4d2a-b4a8-7633ffa63afe 0.053s
2024-10-31 11:51:19.351 62284 INFO tempest.lib.common.rest_client [req-cd4d557e-b929-47fe-be43-347d9b5ad4cd req-cd4d557e-b929-47fe-be43-347d9b5ad4cd ] Request (ServersV294TestFqdnHostnames:setUpClass): 200 GET http://10.180.1.21/compute/v2.1/servers/62ebc97c-3f86-4ef2-b5c4-3d2fe563d179 0.052s
2024-10-31 11:51:19.355 62246 INFO tempest.lib.common.rest_client [req-d45fcf10-e235-4892-829c-728ae303311c req-d45fcf10-e235-4892-829c-728ae303311c ] Request (ListServersNegativeTestJSON:setUpClass): 200 GET http://10.180.1.21/compute/v2.1/servers/6643cc70-7e92-41e9-b2dc-c531a331086f 0.045s
2024-10-31 11:51:19.406 62264 INFO tempest.lib.common.rest_client [req-bcdfa5a1-7c4c-4fab-9c9c-3616a8efd9fe req-bcdfa5a1-7c4c-4fab-9c9c-3616a8efd9fe ] Request (TenantUsagesTestJSON:setUpClass): 200 GET http://10.180.1.21/compute/v2.1/servers/35b6490b-eec9-4dc1-9de3-63c368bdc5d7 0.045s
2024-10-31 11:51:19.407 62298 INFO tempest.lib.common.rest_client [req-e23c4431-f38d-4de0-9f34-c135367c764a req-e23c4431-f38d-4de0-9f34-c135367c764a ] Request (VolumesAdminNegativeTest:test_update_attached_volume_with_nonexistent_volume_in_body): 200 GET http://10.180.1.21/compute/v2.1/servers/975b0c65-6f57-4c7c-ae46-b23920a039f7 0.045s
2024-10-31 11:51:19.453 62242 INFO tempest.lib.common.rest_client [req-0d67fad4-b066-4c1d-a1a1-9910d1a5c627 req-0d67fad4-b066-4c1d-a1a1-9910d1a5c627 ] Request (ListImageFiltersTestJSON:setUpClass): 200 GET http://10.180.1.21/compute/v2.1/servers/0d680f38-bd47-4aeb-8845-efa20667623b 0.044s
2024-10-31 11:51:19.462 62274 INFO tempest.lib.common.rest_client [req-17573010-b3a9-4089-b5d8-e0fd7ad0a86c req-17573010-b3a9-4089-b5d8-e0fd7ad0a86c ] Request (InstanceActionsNegativeTestJSON:setUpClass): 200 GET http://10.180.1.21/compute/v2.1/servers/71248677-92fb-4f66-b089-2cbbdc808bb7 0.044s
2024-10-31 11:51:19.510 62240 INFO tempest.lib.common.rest_client [req-b77a784a-beb6-4ab3-a055-24970b675735 req-b77a784a-beb6-4ab3-a055-24970b675735 ] Request (AttachInterfacesUnderV243Test:test_add_remove_fixed_ip): 200 GET http://10.180.1.21/compute/v2.1/servers/87f859c6-7a96-4a48-adb8-814a134ad4c8 0.044s
2024-10-31 11:51:19.518 62268 INFO tempest.lib.common.rest_client [req-f5b62339-ace1-4f39-8aa8-42ae78118e7b req-f5b62339-ace1-4f39-8aa8-42ae78118e7b ] Request (DeleteServersTestJSON:test_delete_active_server): 200 GET http://10.180.1.21/compute/v2.1/servers/297c345a-a825-47b1-a9e4-a353758d32ce 0.049s
2024-10-31 11:51:19.555 62236 INFO tempest.lib.common.rest_client [req-06bfecc5-abcd-4c52-acab-7981988e8c9c req-06bfecc5-abcd-4c52-acab-7981988e8c9c ] Request (MigrationsAdminTest:test_resize_server_revert_deleted_flavor): 200 GET http://10.180.1.21/compute/v2.1/servers/8672c282-1a66-49b5-9c22-7136b567a52c 0.042s
2024-10-31 11:51:19.615 62250 INFO tempest.lib.common.rest_client [req-e166c952-fc22-4ea9-a03d-067eb643a840 req-e166c952-fc22-4ea9-a03d-067eb643a840 ] Request (ServersAdmin275Test:tearDownClass): 200 GET http://10.180.1.21/compute/v2.1/servers/e4ada227-b79a-457a-b063-dde99840aa14 0.055s
2024-10-31 11:51:19.640 62248 INFO tempest.lib.common.rest_client [req-eaab33ec-3246-4303-b539-41f0b1448e26 req-eaab33ec-3246-4303-b539-41f0b1448e26 ] Request (SecurityGroupsTestJSON:test_server_security_groups): 200 GET http://10.180.1.21/compute/v2.1/servers/9da95edb-f9fb-40f3-9317-d27f1bae0ecf 0.046s
2024-10-31 11:51:19.683 62252 INFO tempest.lib.common.rest_client [req-32b0f6a2-5388-4b54-98ae-1ae8bec60047 req-32b0f6a2-5388-4b54-98ae-1ae8bec60047 ] Request (ServersTestBootFromVolume:setUpClass): 200 GET http://10.180.1.21/compute/v2.1/servers/9025d114-10da-4cf8-9e5f-2520bfd3b246 0.044s
2024-10-31 11:51:19.734 62276 INFO tempest.lib.common.rest_client [req-67d9fe9c-eabf-4ef0-a2a8-0cff0b990b03 req-67d9fe9c-eabf-4ef0-a2a8-0cff0b990b03 ] Request (ServerAddressesTestJSON:setUpClass): 200 GET http://10.180.1.21/compute/v2.1/servers/a8101e8d-55d0-4f70-9119-f5e176ba8212 0.046s
2024-10-31 11:51:19.783 62254 INFO tempest.lib.common.rest_client [req-2c88fa66-cd59-4c15-8486-0993ff17c900 req-2c88fa66-cd59-4c15-8486-0993ff17c900 ] Request (InstanceActionsTestJSON:setUpClass): 200 GET http://10.180.1.21/compute/v2.1/servers/f163fb1b-400f-4abb-8df6-0d9ea6449166 0.044s
2024-10-31 11:51:19.830 62260 INFO tempest.lib.common.rest_client [req-4821ae16-ca73-4cca-af72-6eb0ff9e573d req-4821ae16-ca73-4cca-af72-6eb0ff9e573d ] Request (ServerMetadataNegativeTestJSON:setUpClass): 200 GET http://10.180.1.21/compute/v2.1/servers/ad2f23df-c067-4d30-b143-e50ebcc50d4e 0.044s
2024-10-31 11:51:19.875 62258 INFO tempest.lib.common.rest_client [req-a15aefe0-6a4b-4dd9-9b8f-7b2034e70078 req-a15aefe0-6a4b-4dd9-9b8f-7b2034e70078 ] Request (ServersTestFqdnHostnames:test_create_server_with_fqdn_name): 200 GET http://10.180.1.21/compute/v2.1/servers/dce49aac-03f3-48ed-9bad-c5eb2d779bae 0.045s
2024-10-31 11:51:19.995 62267 INFO tempest.lib.common.rest_client [req-115c14ab-9aa2-47a3-bd67-294c0b0914b4 req-115c14ab-9aa2-47a3-bd67-294c0b0914b4 ] Request (ImagesOneServerTestJSON:setUpClass): 200 GET http://10.180.1.21/compute/v2.1/servers/fc1f08e8-fd0a-4b84-bc8f-fe3a27136c57 0.046s
2024-10-31 11:51:20.042 62256 INFO tempest.lib.common.rest_client [req-45e4ea7a-e380-4d44-ab90-70b4e6777474 req-45e4ea7a-e380-4d44-ab90-70b4e6777474 ] Request (ImagesTestJSON:test_create_image_from_suspended_server): 200 GET http://10.180.1.21/compute/v2.1/servers/df154c2a-3616-442d-abb0-83e68cf1141d 0.048s
2024-10-31 11:51:20.094 62280 INFO tempest.lib.common.rest_client [req-64b72682-d789-4271-9da8-afe311528bff req-64b72682-d789-4271-9da8-afe311528bff ] Request (ServersNegativeTestJSON:setUpClass): 200 GET http://10.180.1.21/compute/v2.1/servers/59330fd4-c362-4593-824d-d40c00f3f5d2 0.043s
2024-10-31 11:51:20.097 62292 INFO tempest.lib.common.rest_client [req-7f73c6ad-c618-4210-a0f0-186e697bdc34 req-7f73c6ad-c618-4210-a0f0-186e697bdc34 ] Request (ServersAaction247Test:test_create_backup): 200 GET http://10.180.1.21/compute/v2.1/servers/f0a011bb-4939-4384-885c-6ce482875b4e 0.046s
2024-10-31 11:51:20.166 62288 INFO tempest.lib.common.rest_client [req-c3401dd1-dd04-4815-b751-9a69a3297dbe req-c3401dd1-dd04-4815-b751-9a69a3297dbe ] Request (ServerShowV257Test:tearDownClass): 200 GET http://10.180.1.21/compute/v2.1/servers/a8f6254f-b867-4967-b4fa-bb70f471f89d 0.051s
2024-10-31 11:51:20.175 62244 INFO tempest.lib.common.rest_client [req-6cc99d7b-0de2-4936-aaf7-d034e52c8cf4 req-6cc99d7b-0de2-4936-aaf7-d034e52c8cf4 ] Request (ServersAdminTestJSON:setUpClass): 200 GET http://10.180.1.21/compute/v2.1/servers/41bc5a14-1d13-4730-80c5-a0bcfb1f0ad1 0.045s
2024-10-31 11:51:20.227 62294 INFO tempest.lib.common.rest_client [req-d6b02449-9ed5-4d14-a9a9-65e8b35feba1 req-d6b02449-9ed5-4d14-a9a9-65e8b35feba1 ] Request (ServerExternalEventsTest:test_create_server_external_events): 200 GET http://10.180.1.21/compute/v2.1/servers/e37ac276-8a3e-45b3-8176-d972eb4e6e3e 0.044s
2024-10-31 11:51:20.227 62296 INFO tempest.lib.common.rest_client [req-83554785-8e8d-41cf-8261-32e1b5c37657 req-83554785-8e8d-41cf-8261-32e1b5c37657 ] Request (ServerActionsV293TestJSON:setUpClass): 200 GET http://10.180.1.21/compute/v2.1/servers/5f205b7d-d93e-436d-9d7d-04c6f767f7ad 0.048s
2024-10-31 11:51:20.271 62286 INFO tempest.lib.common.rest_client [req-ccca0c53-91d3-42c1-bdc3-8b3189e45daf req-ccca0c53-91d3-42c1-bdc3-8b3189e45daf ] Request (DeleteServersAdminTestJSON:test_delete_server_while_in_error_state): 200 GET http://10.180.1.21/compute/v2.1/servers/70af5d32-254f-4819-8cca-c28346e48139 0.052s
2024-10-31 11:51:20.273 62290 INFO tempest.lib.common.rest_client [req-7a2eac11-a25d-42fb-973c-3398337d9906 req-7a2eac11-a25d-42fb-973c-3398337d9906 ] Request (AttachVolumeNegativeTest:test_attach_attached_volume_to_same_server): 200 GET http://10.180.1.21/compute/v2.1/servers/bc1ef57d-457d-446a-8ad4-3bab6d331215 0.042s
2024-10-31 11:51:20.311 62238 INFO tempest.lib.common.rest_client [req-eec706fa-921e-42c1-bd5e-7f4ec83e1e3e req-eec706fa-921e-42c1-bd5e-7f4ec83e1e3e ] Request (ServersTestMultiNic:test_verify_duplicate_network_nics): 200 GET http://10.180.1.21/compute/v2.1/servers/6236c44a-e3c6-4302-8f15-4eb8dfaf5960 0.049s
2024-10-31 11:51:20.325 62270 INFO tempest.lib.common.rest_client [req-d3c54c1c-77a8-49ed-8b2d-95c114872445 req-d3c54c1c-77a8-49ed-8b2d-95c114872445 ] Request (ServerActionsTestJSON:setUpClass): 200 GET http://10.180.1.21/compute/v2.1/servers/4d167f54-c1fc-4eb0-a4cc-a5edb60fe78e 0.042s
2024-10-31 11:51:20.353 62283 INFO tempest.lib.common.rest_client [req-53ac010d-11c5-45b0-94ec-0abcb8fd57db req-53ac010d-11c5-45b0-94ec-0abcb8fd57db ] Request (ServerActionsTestOtherB:setUpClass): 200 GET http://10.180.1.21/compute/v2.1/servers/b4706725-5e28-4d2a-b4a8-7633ffa63afe 0.048s
2024-10-31 11:51:20.405 62246 INFO tempest.lib.common.rest_client [req-850f5aef-dbe3-49f2-bcda-86f9aa84a1b0 req-850f5aef-dbe3-49f2-bcda-86f9aa84a1b0 ] Request (ListServersNegativeTestJSON:setUpClass): 200 GET http://10.180.1.21/compute/v2.1/servers/6643cc70-7e92-41e9-b2dc-c531a331086f 0.042s
2024-10-31 11:51:20.410 62284 INFO tempest.lib.common.rest_client [req-9fcd470a-3c75-4d36-9fcb-eba4d126fc89 req-9fcd470a-3c75-4d36-9fcb-eba4d126fc89 ] Request (ServersV294TestFqdnHostnames:setUpClass): 200 GET http://10.180.1.21/compute/v2.1/servers/62ebc97c-3f86-4ef2-b5c4-3d2fe563d179 0.048s
2024-10-31 11:51:20.457 62264 INFO tempest.lib.common.rest_client [req-6a4c6904-c34e-4d69-be06-cbd8fde70ebd req-6a4c6904-c34e-4d69-be06-cbd8fde70ebd ] Request (TenantUsagesTestJSON:setUpClass): 200 GET http://10.180.1.21/compute/v2.1/servers/35b6490b-eec9-4dc1-9de3-63c368bdc5d7 0.043s
2024-10-31 11:51:20.458 62298 INFO tempest.lib.common.rest_client [req-1af8fcc3-56f6-40f2-a49d-5951159bdf85 req-1af8fcc3-56f6-40f2-a49d-5951159bdf85 ] Request (VolumesAdminNegativeTest:test_update_attached_volume_with_nonexistent_volume_in_body): 200 GET http://10.180.1.21/compute/v2.1/servers/975b0c65-6f57-4c7c-ae46-b23920a039f7 0.044s
2024-10-31 11:51:20.504 62242 INFO tempest.lib.common.rest_client [req-9e5d3f8f-6052-403a-9a93-e55925981246 req-9e5d3f8f-6052-403a-9a93-e55925981246 ] Request (ListImageFiltersTestJSON:setUpClass): 200 GET http://10.180.1.21/compute/v2.1/servers/0d680f38-bd47-4aeb-8845-efa20667623b 0.045s
2024-10-31 11:51:20.512 62274 INFO tempest.lib.common.rest_client [req-c1d54cb5-9a2d-4a95-b088-dfc71268d2ef req-c1d54cb5-9a2d-4a95-b088-dfc71268d2ef ] Request (InstanceActionsNegativeTestJSON:setUpClass): 200 GET http://10.180.1.21/compute/v2.1/servers/71248677-92fb-4f66-b089-2cbbdc808bb7 0.044s
2024-10-31 11:51:20.563 62240 INFO tempest.lib.common.rest_client [req-b767534d-9dda-4e80-a5d5-a7bd1c8be635 req-b767534d-9dda-4e80-a5d5-a7bd1c8be635 ] Request (AttachInterfacesUnderV243Test:test_add_remove_fixed_ip): 200 GET http://10.180.1.21/compute/v2.1/servers/87f859c6-7a96-4a48-adb8-814a134ad4c8 0.046s
2024-10-31 11:51:20.567 62268 INFO tempest.lib.common.rest_client [req-c5e09a00-b53f-46ec-ae72-5b2a1cdb8e91 req-c5e09a00-b53f-46ec-ae72-5b2a1cdb8e91 ] Request (DeleteServersTestJSON:test_delete_active_server): 200 GET http://10.180.1.21/compute/v2.1/servers/297c345a-a825-47b1-a9e4-a353758d32ce 0.042s
2024-10-31 11:51:20.604 62236 INFO tempest.lib.common.rest_client [req-0dfda665-a9a9-4032-83a3-fc3f1a978d44 req-0dfda665-a9a9-4032-83a3-fc3f1a978d44 ] Request (MigrationsAdminTest:test_resize_server_revert_deleted_flavor): 200 GET http://10.180.1.21/compute/v2.1/servers/8672c282-1a66-49b5-9c22-7136b567a52c 0.041s
2024-10-31 11:51:20.684 62250 INFO tempest.lib.common.rest_client [req-b92717dd-fa84-47db-ac86-51313c244262 req-b92717dd-fa84-47db-ac86-51313c244262 ] Request (ServersAdmin275Test:tearDownClass): 200 GET http://10.180.1.21/compute/v2.1/servers/e4ada227-b79a-457a-b063-dde99840aa14 0.060s
2024-10-31 11:51:20.695 62248 INFO tempest.lib.common.rest_client [req-1792e259-4899-417a-a85d-8b6cd92317bb req-1792e259-4899-417a-a85d-8b6cd92317bb ] Request (SecurityGroupsTestJSON:test_server_security_groups): 200 GET http://10.180.1.21/compute/v2.1/servers/9da95edb-f9fb-40f3-9317-d27f1bae0ecf 0.048s
2024-10-31 11:51:20.736 62252 INFO tempest.lib.common.rest_client [req-4b51b8bc-0299-4297-a179-c7b00bb21017 req-4b51b8bc-0299-4297-a179-c7b00bb21017 ] Request (ServersTestBootFromVolume:setUpClass): 200 GET http://10.180.1.21/compute/v2.1/servers/9025d114-10da-4cf8-9e5f-2520bfd3b246 0.047s
2024-10-31 11:51:20.788 62276 INFO tempest.lib.common.rest_client [req-6e57ba2c-0243-4ab8-948c-6e18af5ecae6 req-6e57ba2c-0243-4ab8-948c-6e18af5ecae6 ] Request (ServerAddressesTestJSON:setUpClass): 200 GET http://10.180.1.21/compute/v2.1/servers/a8101e8d-55d0-4f70-9119-f5e176ba8212 0.046s
2024-10-31 11:51:20.835 62254 INFO tempest.lib.common.rest_client [req-dde15992-9c5f-4463-ae40-d7b75442d7f4 req-dde15992-9c5f-4463-ae40-d7b75442d7f4 ] Request (InstanceActionsTestJSON:setUpClass): 200 GET http://10.180.1.21/compute/v2.1/servers/f163fb1b-400f-4abb-8df6-0d9ea6449166 0.046s
2024-10-31 11:51:20.885 62260 INFO tempest.lib.common.rest_client [req-e9c25469-c2ac-418d-8a28-077e5ae0eb3d req-e9c25469-c2ac-418d-8a28-077e5ae0eb3d ] Request (ServerMetadataNegativeTestJSON:setUpClass): 200 GET http://10.180.1.21/compute/v2.1/servers/ad2f23df-c067-4d30-b143-e50ebcc50d4e 0.047s
2024-10-31 11:51:20.925 62258 INFO tempest.lib.common.rest_client [req-98a40038-6310-4d2c-adea-6ea898a95b75 req-98a40038-6310-4d2c-adea-6ea898a95b75 ] Request (ServersTestFqdnHostnames:test_create_server_with_fqdn_name): 200 GET http://10.180.1.21/compute/v2.1/servers/dce49aac-03f3-48ed-9bad-c5eb2d779bae 0.044s
