2024-10-31 11:49:55.416 62290 INFO tempest.lib.common.dynamic_creds [-] Created isolated network resources for: credentials: Credentials: {'domain_id': 'default', 'domain_name': 'Default', 'username': 'tempest-AttachVolumeNegativeTest-831212951-project-member', 'project_domain_id': 'default', 'project_domain_name': 'Default', 'project_id': 'df09ba4531ae4b1e8e83f9b382b82c5c', 'project_name': 'tempest-AttachVolumeNegativeTest-831212951', 'tenant_id': 'df09ba4531ae4b1e8e83f9b382b82c5c', 'tenant_name': 'tempest-AttachVolumeNegativeTest-831212951', 'user_domain_id': 'default', 'user_domain_name': 'Default', 'user_id': '25919d91b6fe4f31a85b4109149e261b', 'system': None}, Network: {'id': '9dcc2d50-24ed-410c-9c13-3d8d140b5cee', 'name': 'tempest-AttachVolumeNegativeTest-1965897712-network', 'tenant_id': 'df09ba4531ae4b1e8e83f9b382b82c5c', 'admin_state_up': True, 'mtu': 8950, 'status': 'ACTIVE', 'subnets': [], 'shared': False, 'project_id': 'df09ba4531ae4b1e8e83f9b382b82c5c', 'port_security_enabled': True, 'router:external': False, 'provider:network_type': 'vlan', 'provider:physical_network': 'default', 'provider:segmentation_id': 859, 'availability_zone_hints': [], 'availability_zones': [], 'ipv4_address_scope': None, 'ipv6_address_scope': None, 'description': '', 'tags': [], 'created_at': '2024-10-31T11:49:48Z', 'updated_at': '2024-10-31T11:49:48Z', 'revision_number': 1}, Subnet: {'id': 'baa0e88a-16dc-4038-b414-286cec6269c5', 'name': 'tempest-AttachVolumeNegativeTest-1965897712-subnet', 'tenant_id': 'df09ba4531ae4b1e8e83f9b382b82c5c', 'network_id': '9dcc2d50-24ed-410c-9c13-3d8d140b5cee', 'ip_version': 4, 'subnetpool_id': None, 'enable_dhcp': True, 'ipv6_ra_mode': None, 'ipv6_address_mode': None, 'gateway_ip': '192.168.128.1', 'cidr': '192.168.128.0/28', 'allocation_pools': [{'start': '192.168.128.2', 'end': '192.168.128.14'}], 'host_routes': [], 'dns_nameservers': [], 'description': '', 'router:external': False, 'service_types': [], 'tags': [], 'created_at': '2024-10-31T11:49:49Z', 'updated_at': '2024-10-31T11:49:49Z', 'revision_number': 0, 'project_id': 'df09ba4531ae4b1e8e83f9b382b82c5c'}, Router: {'id': '7ae76454-a211-4b70-9d7f-6cdc21b25412', 'name': 'tempest-AttachVolumeNegativeTest-1965897712-router', 'tenant_id': 'df09ba4531ae4b1e8e83f9b382b82c5c', 'admin_state_up': True, 'status': 'ACTIVE', 'external_gateway_info': {'network_id': 'e45e321b-5c8a-44cd-8f04-32bc93749e22', 'external_fixed_ips': [{'subnet_id': 'e81e6502-5f72-4a3c-8cd5-259dd3262ff0', 'ip_address': '10.180.180.223'}], 'enable_snat': True}, 'description': '', 'availability_zones': [], 'distributed': False, 'ha': False, 'availability_zone_hints': [], 'routes': [], 'flavor_id': None, 'tags': [], 'created_at': '2024-10-31T11:49:49Z', 'updated_at': '2024-10-31T11:49:50Z', 'revision_number': 2, 'project_id': 'df09ba4531ae4b1e8e83f9b382b82c5c'}
2024-10-31 11:49:55.428 62284 INFO tempest.lib.common.rest_client [req-9e1cd2e9-b78a-4499-a232-57f2c9eb1475 req-9e1cd2e9-b78a-4499-a232-57f2c9eb1475 ] Request (FloatingIPsAssociationNegativeTestJSON:setUpClass): 201 POST http://10.180.1.21/identity/v3/auth/tokens 0.050s
2024-10-31 11:49:55.429 62284 INFO tempest.lib.common.fixed_network [-] (FloatingIPsAssociationNegativeTestJSON:setUpClass) Found network {'id': 'bcb2dda8-a304-41d9-a915-c3d8d86beeed', 'name': 'tempest-FloatingIPsAssociationNegativeTestJSON-3802968-network', 'tenant_id': '97c048d8631543ef99ec5fc8c2a67aee', 'admin_state_up': True, 'mtu': 8950, 'status': 'ACTIVE', 'subnets': [], 'shared': False, 'project_id': '97c048d8631543ef99ec5fc8c2a67aee', 'port_security_enabled': True, 'router:external': False, 'provider:network_type': 'vlan', 'provider:physical_network': 'default', 'provider:segmentation_id': 27, 'availability_zone_hints': [], 'availability_zones': [], 'ipv4_address_scope': None, 'ipv6_address_scope': None, 'description': '', 'tags': [], 'created_at': '2024-10-31T11:49:48Z', 'updated_at': '2024-10-31T11:49:48Z', 'revision_number': 1} available for tenant
2024-10-31 11:49:55.466 62288 INFO tempest.lib.common.rest_client [req-aafa0171-e5b3-4cbf-9a10-17a5c3b96706 req-aafa0171-e5b3-4cbf-9a10-17a5c3b96706 ] Request (HypervisorAdminNegativeTestJSON:tearDownClass): 200 GET http://10.180.1.21:9696/networking/v2.0/security-groups?tenant_id=0b5061cca30747c397374df8cdab4f22&name=default 0.556s
2024-10-31 11:49:55.488 62250 INFO tempest.lib.common.rest_client [req-2924c39f-633f-4e72-9dd6-fcf00ca2598a req-2924c39f-633f-4e72-9dd6-fcf00ca2598a ] Request (QuotaClassesAdminTestJSON:tearDownClass): 200 GET http://10.180.1.21:9696/networking/v2.0/security-groups?tenant_id=f9b40c3ca96e49518be9a4ab20e20fe1&name=default 0.545s
2024-10-31 11:49:55.518 62290 INFO tempest.lib.common.rest_client [req-033076db-be68-4898-b155-95602f5f0359 req-033076db-be68-4898-b155-95602f5f0359 ] Request (AttachVolumeNegativeTest:setUpClass): 201 POST http://10.180.1.21/identity/v3/auth/tokens 0.092s
2024-10-31 11:49:55.756 62250 INFO tempest.lib.common.rest_client [req-ea682656-7015-4723-aa50-2992a3cfc0d6 req-ea682656-7015-4723-aa50-2992a3cfc0d6 ] Request (QuotaClassesAdminTestJSON:tearDownClass): 204 DELETE http://10.180.1.21:9696/networking/v2.0/security-groups/d0aae8f3-aa51-4ab9-b472-25713d8e9b23 0.267s
2024-10-31 11:49:55.831 62258 INFO tempest.lib.common.rest_client [req-b2a61d9c-3460-4ce7-983e-d48ba0c76521 req-b2a61d9c-3460-4ce7-983e-d48ba0c76521 ] Request (VolumesAssistedSnapshotsTest:test_volume_assisted_snapshot_create_delete): 202 POST http://10.180.1.21/compute/v2.1/servers 2.442s
2024-10-31 11:49:55.880 62250 INFO tempest.lib.common.rest_client [req-a7075515-3186-4415-9dff-95fa200ae25d req-a7075515-3186-4415-9dff-95fa200ae25d ] Request (QuotaClassesAdminTestJSON:tearDownClass): 204 DELETE http://10.180.1.21/identity/v3/projects/f9b40c3ca96e49518be9a4ab20e20fe1 0.124s
2024-10-31 11:49:55.881 62250 INFO tempest.lib.common.dynamic_creds [-] Deleting project and security group for project: c60fba6588104c2188b9d67d291fd643
2024-10-31 11:49:56.038 62283 INFO tempest.lib.common.rest_client [req-e596c754-b96c-49ae-90d4-da8a3ac3574c req-e596c754-b96c-49ae-90d4-da8a3ac3574c ] Request (QuotasAdminNegativeTest:_run_cleanups): 200 PUT http://10.180.1.21/compute/v2.1/os-quota-sets/336327c311e44d09826e34718dc86e4d 2.105s
2024-10-31 11:49:56.077 62242 INFO tempest.lib.common.rest_client [req-0d4ea574-2bad-426a-b0d5-69c8ea746db6 req-0d4ea574-2bad-426a-b0d5-69c8ea746db6 ] Request (ImagesMetadataTestJSON:test_get_image_metadata_item): 200 GET http://10.180.1.21/compute/v2.1/images/8dc0fe81-2409-409c-a0b3-7d81d58ca4fc/metadata/os_distro 1.918s
2024-10-31 11:49:56.153 62288 INFO tempest.lib.common.rest_client [req-cf87bfab-2cef-47dc-a7c2-b690e02e3bbc req-cf87bfab-2cef-47dc-a7c2-b690e02e3bbc ] Request (HypervisorAdminNegativeTestJSON:tearDownClass): 204 DELETE http://10.180.1.21:9696/networking/v2.0/security-groups/b522b20d-cdc9-488d-993c-97f14f8bfa57 0.686s
2024-10-31 11:49:56.189 62270 INFO tempest.lib.common.rest_client [req-98742eee-2c70-4e34-ab49-a73f342b7f27 req-98742eee-2c70-4e34-ab49-a73f342b7f27 ] Request (ServerDiagnosticsTest:test_get_server_diagnostics): 200 GET http://10.180.1.21/compute/v2.1/servers/f9d92b1b-59ed-4f3c-9e5c-2b894b123e9e 1.998s
2024-10-31 11:49:56.255 62276 INFO tempest.lib.common.rest_client [req-87b71d22-bd99-4ca2-8e42-12d6a3ef779a req-87b71d22-bd99-4ca2-8e42-12d6a3ef779a ] Request (FloatingIPsTestJSON:setUpClass): 201 POST http://10.180.1.21:9696/networking/v2.0/subnets 1.353s
2024-10-31 11:49:56.277 62288 INFO tempest.lib.common.rest_client [req-88ceaa50-a769-4ef6-9270-bb15e3bf2331 req-88ceaa50-a769-4ef6-9270-bb15e3bf2331 ] Request (HypervisorAdminNegativeTestJSON:tearDownClass): 204 DELETE http://10.180.1.21/identity/v3/projects/0b5061cca30747c397374df8cdab4f22 0.124s
2024-10-31 11:49:56.277 62288 INFO tempest.lib.common.dynamic_creds [-] Deleting project and security group for project: 0dd1b9f265d34bdbb13d7fa51c486ef5
2024-10-31 11:49:56.279 62248 INFO tempest.lib.common.rest_client [req-046f7857-2152-40f6-b2a0-b708115a1bb9 req-046f7857-2152-40f6-b2a0-b708115a1bb9 ] Request (SecurityGroupsTestJSON:test_list_security_groups_by_server): 200 GET http://10.180.1.21/compute/v2.1/servers/81bbe6ae-87b2-414b-a872-4e03285abf92 1.990s
2024-10-31 11:49:56.305 62296 INFO tempest.lib.common.rest_client [req-be3c692c-bef8-4337-802b-c1de55fbeebc req-be3c692c-bef8-4337-802b-c1de55fbeebc ] Request (FlavorsAccessNegativeTestJSON:_run_cleanups): 202 DELETE http://10.180.1.21/compute/v2.1/flavors/673030227 1.997s
2024-10-31 11:49:56.333 62252 INFO tempest.lib.common.rest_client [req-61edd603-880d-4d57-9777-3cc06b5dd773 req-61edd603-880d-4d57-9777-3cc06b5dd773 ] Request (FlavorsExtraSpecsTestJSON:test_flavor_set_get_update_show_unset_keys): 200 DELETE http://10.180.1.21/compute/v2.1/flavors/1301809428/os-extra_specs/hw:numa_nodes 2.015s
2024-10-31 11:49:56.443 62250 INFO tempest.lib.common.rest_client [req-2318ff90-1a1a-44b4-8eb2-90301fbea799 req-2318ff90-1a1a-44b4-8eb2-90301fbea799 ] Request (QuotaClassesAdminTestJSON:tearDownClass): 200 GET http://10.180.1.21:9696/networking/v2.0/security-groups?tenant_id=c60fba6588104c2188b9d67d291fd643&name=default 0.562s
2024-10-31 11:49:56.505 62278 INFO tempest.lib.common.rest_client [req-f32868b0-5fdf-4b7a-8aa8-c9aaefbda528 req-f32868b0-5fdf-4b7a-8aa8-c9aaefbda528 ] Request (HostsAdminTestJSON:test_list_hosts): 200 GET http://10.180.1.21/compute/v2.1/os-hosts 1.954s
2024-10-31 11:49:56.512 62244 INFO tempest.lib.common.rest_client [req-cbdac3fd-1e54-4ca3-87f1-076fcf37ffb1 req-cbdac3fd-1e54-4ca3-87f1-076fcf37ffb1 ] Request (HostsAdminNegativeTestJSON:test_update_host_with_invalid_maintenance_mode): 400 PUT http://10.180.1.21/compute/v2.1/os-hosts/devstack 1.772s
2024-10-31 11:49:56.528 62268 INFO tempest.lib.common.rest_client [req-c2cd2cff-73fb-4d38-9fd5-7916c1ddf83f req-c2cd2cff-73fb-4d38-9fd5-7916c1ddf83f ] Request (FlavorsAdminTestJSON:_run_cleanups): 200 GET http://10.180.1.21/compute/v2.1/flavors/detail 1.759s
2024-10-31 11:49:56.558 62274 INFO tempest.lib.common.rest_client [req-7a9538ba-efa0-4780-8842-c2f903fea6ab req-7a9538ba-efa0-4780-8842-c2f903fea6ab ] Request (KeyPairsV2TestJSON:test_keypairs_create_list_delete): 200 POST http://10.180.1.21/compute/v2.1/os-keypairs 1.782s
2024-10-31 11:49:56.643 62288 INFO tempest.lib.common.rest_client [req-6e0bf462-1a85-4ede-bf17-750ceb4e53aa req-6e0bf462-1a85-4ede-bf17-750ceb4e53aa ] Request (HypervisorAdminNegativeTestJSON:tearDownClass): 200 GET http://10.180.1.21:9696/networking/v2.0/security-groups?tenant_id=0dd1b9f265d34bdbb13d7fa51c486ef5&name=default 0.366s
2024-10-31 11:49:56.732 62294 INFO tempest.lib.common.rest_client [req-e4e75ff4-b1f0-4bcb-b472-5da7a72ba10f req-e4e75ff4-b1f0-4bcb-b472-5da7a72ba10f ] Request (QuotasAdminTestV236:test_get_updated_quotas): 200 PUT http://10.180.1.21/compute/v2.1/os-quota-sets/ea1a548a56874ff6b4cb7bed831847f5 1.882s
2024-10-31 11:49:56.778 62292 INFO tempest.lib.common.rest_client [req-60eb634b-6a31-49bd-9166-e6f0c9348f7e req-60eb634b-6a31-49bd-9166-e6f0c9348f7e ] Request (AggregatesAdminNegativeTestJSON:test_aggregate_add_non_exist_host): 200 POST http://10.180.1.21/compute/v2.1/os-aggregates 1.647s
2024-10-31 11:49:56.782 62238 INFO tempest.lib.common.rest_client [req-fa7b04c9-c6f1-4ee2-aff2-ba4b696db755 req-fa7b04c9-c6f1-4ee2-aff2-ba4b696db755 ] Request (FloatingIPDetailsTestJSON:tearDownClass): 202 DELETE http://10.180.1.21/compute/v2.1/os-floating-ips/1d025b32-c457-442a-a659-85efb3aa1e54 3.215s
2024-10-31 11:49:56.818 62260 INFO tempest.lib.common.rest_client [req-00fe6616-cba1-4d0c-b34f-23faffe760aa req-00fe6616-cba1-4d0c-b34f-23faffe760aa ] Request (KeyPairsNegativeTestJSON:test_keypair_create_with_invalid_pub_key): 400 POST http://10.180.1.21/compute/v2.1/os-keypairs 1.680s
2024-10-31 11:49:56.859 62250 INFO tempest.lib.common.rest_client [req-5f5fe8b8-5695-4e84-8711-03210a696c58 req-5f5fe8b8-5695-4e84-8711-03210a696c58 ] Request (QuotaClassesAdminTestJSON:tearDownClass): 204 DELETE http://10.180.1.21:9696/networking/v2.0/security-groups/fa680572-29ea-4069-8db6-d3b3b269f9cc 0.416s
2024-10-31 11:49:56.886 62264 INFO tempest.lib.common.rest_client [req-541d5277-0c3c-4c57-9b06-0d37bc891b82 req-541d5277-0c3c-4c57-9b06-0d37bc891b82 ] Request (ServersAdminNegativeTestJSON:setUpClass): 200 GET http://10.180.1.21/compute/v2.1/servers/687eaa4d-012a-4dd9-9033-16fad3650a56 1.549s
2024-10-31 11:49:56.905 62288 INFO tempest.lib.common.rest_client [req-56dd3c6c-cc0c-491b-9b98-328140945656 req-56dd3c6c-cc0c-491b-9b98-328140945656 ] Request (HypervisorAdminNegativeTestJSON:tearDownClass): 204 DELETE http://10.180.1.21:9696/networking/v2.0/security-groups/f80d6abb-ca23-4923-afec-be860cc34965 0.262s
2024-10-31 11:49:56.976 62250 INFO tempest.lib.common.rest_client [req-b5605893-c778-4f4e-9691-a960a5f36882 req-b5605893-c778-4f4e-9691-a960a5f36882 ] Request (QuotaClassesAdminTestJSON:tearDownClass): 204 DELETE http://10.180.1.21/identity/v3/projects/c60fba6588104c2188b9d67d291fd643 0.117s
2024-10-31 11:49:57.000 62288 INFO tempest.lib.common.rest_client [req-f9a1e80e-86a7-4fd7-bcfd-5dea90a19266 req-f9a1e80e-86a7-4fd7-bcfd-5dea90a19266 ] Request (HypervisorAdminNegativeTestJSON:tearDownClass): 204 DELETE http://10.180.1.21/identity/v3/projects/0dd1b9f265d34bdbb13d7fa51c486ef5 0.094s
2024-10-31 11:49:57.001 62298 INFO tempest.lib.common.rest_client [req-90a72b88-4a83-43e4-be51-c503fdf395a5 req-90a72b88-4a83-43e4-be51-c503fdf395a5 ] Request (VolumesAdminNegativeTest:setUpClass): 200 PUT http://10.180.1.21:9696/networking/v2.0/routers/76c8bcd2-bf55-4bca-8d41-7e7c8ffb56d8/add_router_interface 3.531s
2024-10-31 11:49:57.001 62298 INFO tempest.lib.common.dynamic_creds [-] Created isolated network resources for: credentials: Credentials: {'domain_id': 'default', 'domain_name': 'Default', 'username': 'tempest-VolumesAdminNegativeTest-194489036-project-member', 'project_domain_id': 'default', 'project_domain_name': 'Default', 'project_id': 'ad0aa62c68274ebd9dc50e07a08a3e76', 'project_name': 'tempest-VolumesAdminNegativeTest-194489036', 'tenant_id': 'ad0aa62c68274ebd9dc50e07a08a3e76', 'tenant_name': 'tempest-VolumesAdminNegativeTest-194489036', 'user_domain_id': 'default', 'user_domain_name': 'Default', 'user_id': 'ea7bc069037447c4bd9451e0f9106689', 'system': None}, Network: {'id': '28cf39ac-e8dd-417b-93f5-c892690cf892', 'name': 'tempest-VolumesAdminNegativeTest-682891263-network', 'tenant_id': 'ad0aa62c68274ebd9dc50e07a08a3e76', 'admin_state_up': True, 'mtu': 8950, 'status': 'ACTIVE', 'subnets': [], 'shared': False, 'project_id': 'ad0aa62c68274ebd9dc50e07a08a3e76', 'port_security_enabled': True, 'router:external': False, 'provider:network_type': 'vlan', 'provider:physical_network': 'default', 'provider:segmentation_id': 575, 'availability_zone_hints': [], 'availability_zones': [], 'ipv4_address_scope': None, 'ipv6_address_scope': None, 'description': '', 'tags': [], 'created_at': '2024-10-31T11:49:49Z', 'updated_at': '2024-10-31T11:49:49Z', 'revision_number': 1}, Subnet: {'id': '41ea9042-ee01-4cbf-b905-3d661490e255', 'name': 'tempest-VolumesAdminNegativeTest-682891263-subnet', 'tenant_id': 'ad0aa62c68274ebd9dc50e07a08a3e76', 'network_id': '28cf39ac-e8dd-417b-93f5-c892690cf892', 'ip_version': 4, 'subnetpool_id': None, 'enable_dhcp': True, 'ipv6_ra_mode': None, 'ipv6_address_mode': None, 'gateway_ip': '192.168.128.1', 'cidr': '192.168.128.0/28', 'allocation_pools': [{'start': '192.168.128.2', 'end': '192.168.128.14'}], 'host_routes': [], 'dns_nameservers': [], 'description': '', 'router:external': False, 'service_types': [], 'tags': [], 'created_at': '2024-10-31T11:49:49Z', 'updated_at': '2024-10-31T11:49:49Z', 'revision_number': 0, 'project_id': 'ad0aa62c68274ebd9dc50e07a08a3e76'}, Router: {'id': '76c8bcd2-bf55-4bca-8d41-7e7c8ffb56d8', 'name': 'tempest-VolumesAdminNegativeTest-682891263-router', 'tenant_id': 'ad0aa62c68274ebd9dc50e07a08a3e76', 'admin_state_up': True, 'status': 'ACTIVE', 'external_gateway_info': {'network_id': 'e45e321b-5c8a-44cd-8f04-32bc93749e22', 'external_fixed_ips': [{'subnet_id': 'e81e6502-5f72-4a3c-8cd5-259dd3262ff0', 'ip_address': '10.180.180.203'}], 'enable_snat': True}, 'description': '', 'availability_zones': [], 'distributed': False, 'ha': False, 'availability_zone_hints': [], 'routes': [], 'flavor_id': None, 'tags': [], 'created_at': '2024-10-31T11:49:50Z', 'updated_at': '2024-10-31T11:49:51Z', 'revision_number': 2, 'project_id': 'ad0aa62c68274ebd9dc50e07a08a3e76'}
2024-10-31 11:49:57.045 62250 INFO tempest.lib.common.rest_client [req-1247011c-dbd9-478e-945c-f432d8afef5b req-1247011c-dbd9-478e-945c-f432d8afef5b ] Request (ServersAdmin275Test:setUpClass): 201 POST http://10.180.1.21/identity/v3/auth/tokens 0.066s
2024-10-31 11:49:57.070 62288 INFO tempest.lib.common.rest_client [req-fa5d3323-0553-4dff-8c37-886e51ea8d66 req-fa5d3323-0553-4dff-8c37-886e51ea8d66 ] Request (TenantUsagesNegativeTestJSON:setUpClass): 201 POST http://10.180.1.21/identity/v3/auth/tokens 0.069s
2024-10-31 11:49:57.109 62250 INFO tempest.lib.common.rest_client [req-70092301-a5c4-415d-b599-12b02ce7ab7f req-70092301-a5c4-415d-b599-12b02ce7ab7f ] Request (ServersAdmin275Test:setUpClass): 201 POST http://10.180.1.21/identity/v3/auth/tokens 0.060s
2024-10-31 11:49:57.141 62298 INFO tempest.lib.common.rest_client [req-6b73d335-fdf4-4b41-8c00-6e2b29409013 req-6b73d335-fdf4-4b41-8c00-6e2b29409013 ] Request (VolumesAdminNegativeTest:setUpClass): 201 POST http://10.180.1.21/identity/v3/auth/tokens 0.135s
2024-10-31 11:49:57.143 62288 INFO tempest.lib.common.rest_client [req-0960e6b1-65a1-4e2f-8876-15254a12c448 req-0960e6b1-65a1-4e2f-8876-15254a12c448 ] Request (TenantUsagesNegativeTestJSON:setUpClass): 201 POST http://10.180.1.21/identity/v3/auth/tokens 0.067s
2024-10-31 11:49:57.159 62250 INFO tempest.lib.common.rest_client [req-97530414-feef-43c8-9dd0-8094cd858647 req-97530414-feef-43c8-9dd0-8094cd858647 ] Request (ServersAdmin275Test:setUpClass): 200 GET http://10.180.1.21/identity/v3/domains?name=Default 0.049s
2024-10-31 11:49:57.175 62298 INFO tempest.lib.common.rest_client [req-c730e592-9e4a-48be-a4cd-1e0454056124 req-c730e592-9e4a-48be-a4cd-1e0454056124 ] Request (VolumesAdminNegativeTest:setUpClass): 201 POST http://10.180.1.21/identity/v3/projects 0.033s
2024-10-31 11:49:57.177 62288 INFO tempest.lib.common.rest_client [req-7ce4674b-a8ca-4266-bb03-31c467e70d3b req-7ce4674b-a8ca-4266-bb03-31c467e70d3b ] Request (TenantUsagesNegativeTestJSON:setUpClass): 200 GET http://10.180.1.21/identity/v3/domains?name=Default 0.033s
2024-10-31 11:49:57.200 62240 INFO tempest.lib.common.rest_client [req-89e62b13-c35d-45bf-824e-2b8341882e4c req-89e62b13-c35d-45bf-824e-2b8341882e4c ] Request (ValidationResourcesFixture:setUp): 201 POST http://10.180.1.21:9696/networking/v2.0/floatingips 2.243s
2024-10-31 11:49:57.242 62250 INFO tempest.lib.common.rest_client [req-634bfa44-1eeb-475c-8a0a-5127eebfa3f4 req-634bfa44-1eeb-475c-8a0a-5127eebfa3f4 ] Request (ServersAdmin275Test:setUpClass): 201 POST http://10.180.1.21/identity/v3/projects 0.082s
2024-10-31 11:49:57.259 62236 INFO tempest.lib.common.rest_client [req-e9609343-b35c-4a63-9643-7922db2d82e3 req-e9609343-b35c-4a63-9643-7922db2d82e3 ] Request (MigrationsAdminTest:test_list_migrations_in_flavor_resize_situation): 200 GET http://10.180.1.21/compute/v2.1/servers/4cafaebd-b577-4a7e-92b8-151445f66a0d 1.801s
2024-10-31 11:49:57.265 62236 INFO tempest.common.waiters [-] State transition "BUILD/networking" ==> "BUILD/spawning" after 11 second wait
2024-10-31 11:49:57.267 62298 INFO tempest.lib.common.rest_client [req-82d12acd-1758-4ef5-81e1-3392e1623768 req-82d12acd-1758-4ef5-81e1-3392e1623768 ] Request (VolumesAdminNegativeTest:setUpClass): 201 POST http://10.180.1.21/identity/v3/users 0.092s
2024-10-31 11:49:57.298 62288 INFO tempest.lib.common.rest_client [req-8d0a4c92-82dc-44bf-b738-f35241b14648 req-8d0a4c92-82dc-44bf-b738-f35241b14648 ] Request (TenantUsagesNegativeTestJSON:setUpClass): 201 POST http://10.180.1.21/identity/v3/projects 0.120s
2024-10-31 11:49:57.352 62240 INFO tempest.lib.common.rest_client [req-33e65aa3-1765-4a8a-ae72-df55c90d5fe1 req-33e65aa3-1765-4a8a-ae72-df55c90d5fe1 ] Request (ServersWithSpecificFlavorTestJSON:test_verify_created_server_ephemeral_disk): 201 POST http://10.180.1.21/identity/v3/auth/tokens 0.105s
2024-10-31 11:49:57.352 62240 INFO tempest.lib.common.fixed_network [-] (ServersWithSpecificFlavorTestJSON:test_verify_created_server_ephemeral_disk) Found network {'id': '8092a573-de81-4a7f-b291-7b0bc3fbbd26', 'name': 'tempest-ServersWithSpecificFlavorTestJSON-1719191601-network', 'tenant_id': '009c58d30ac2420c94539ca063e22012', 'admin_state_up': True, 'mtu': 8950, 'status': 'ACTIVE', 'subnets': [], 'shared': False, 'project_id': '009c58d30ac2420c94539ca063e22012', 'port_security_enabled': True, 'router:external': False, 'provider:network_type': 'vlan', 'provider:physical_network': 'default', 'provider:segmentation_id': 574, 'availability_zone_hints': [], 'availability_zones': [], 'ipv4_address_scope': None, 'ipv6_address_scope': None, 'description': '', 'tags': [], 'created_at': '2024-10-31T11:49:29Z', 'updated_at': '2024-10-31T11:49:29Z', 'revision_number': 1} available for tenant
2024-10-31 11:49:57.354 62250 INFO tempest.lib.common.rest_client [req-5a1b9d8d-1542-45e6-8ac6-5fee40ab2385 req-5a1b9d8d-1542-45e6-8ac6-5fee40ab2385 ] Request (ServersAdmin275Test:setUpClass): 201 POST http://10.180.1.21/identity/v3/users 0.112s
2024-10-31 11:49:57.371 62298 INFO tempest.lib.common.rest_client [req-613d5cf5-6df4-438a-9b93-04aed69d34c1 req-613d5cf5-6df4-438a-9b93-04aed69d34c1 ] Request (VolumesAdminNegativeTest:setUpClass): 200 GET http://10.180.1.21/identity/v3/roles 0.102s
2024-10-31 11:49:57.429 62288 INFO tempest.lib.common.rest_client [req-75c96d11-baa4-4f70-9a96-d7480859ae90 req-75c96d11-baa4-4f70-9a96-d7480859ae90 ] Request (TenantUsagesNegativeTestJSON:setUpClass): 201 POST http://10.180.1.21/identity/v3/users 0.131s
2024-10-31 11:49:57.444 62250 INFO tempest.lib.common.rest_client [req-df8259af-237b-421f-be56-a760f8ae8fa6 req-df8259af-237b-421f-be56-a760f8ae8fa6 ] Request (ServersAdmin275Test:setUpClass): 200 GET http://10.180.1.21/identity/v3/roles 0.089s
2024-10-31 11:49:57.457 62288 INFO tempest.lib.common.rest_client [req-d110015d-2d11-4afd-930c-c0924715d401 req-d110015d-2d11-4afd-930c-c0924715d401 ] Request (TenantUsagesNegativeTestJSON:setUpClass): 200 GET http://10.180.1.21/identity/v3/roles 0.026s
2024-10-31 11:49:57.463 62298 INFO tempest.lib.common.rest_client [req-29586f80-7d89-4176-87e2-54d43c71bebe req-29586f80-7d89-4176-87e2-54d43c71bebe ] Request (VolumesAdminNegativeTest:setUpClass): 204 PUT http://10.180.1.21/identity/v3/projects/c1c8540977ef41e8864eb646ba2a3329/users/5b231c3627b340c8ba52e89c6a6425f0/roles/adcfb39c36964ff89fe2171bb0564be0 0.092s
2024-10-31 11:49:57.467 62284 INFO tempest.lib.common.rest_client [req-527372e2-5791-4d24-b66b-c50eb05e638f req-527372e2-5791-4d24-b66b-c50eb05e638f ] Request (FloatingIPsAssociationNegativeTestJSON:setUpClass): 202 POST http://10.180.1.21/compute/v2.1/servers 2.037s
2024-10-31 11:49:57.492 62290 INFO tempest.lib.common.rest_client [req-921408df-c45b-4077-96dc-abbf427616d2 req-921408df-c45b-4077-96dc-abbf427616d2 ] Request (ValidationResourcesFixture:setUp): 200 POST http://10.180.1.21/compute/v2.1/os-keypairs 1.970s
2024-10-31 11:49:57.516 62250 INFO tempest.lib.common.rest_client [req-c3f87e08-c449-4cd6-9adb-8714d1993b05 req-c3f87e08-c449-4cd6-9adb-8714d1993b05 ] Request (ServersAdmin275Test:setUpClass): 204 PUT http://10.180.1.21/identity/v3/projects/f41db78d015a4fe3a630a95f941c66ef/users/d6e2d83b74a247b981c336f7ca271fd3/roles/d48f916443694e2c85b4e9bbe1b022a5 0.071s
2024-10-31 11:49:57.517 62250 INFO tempest.lib.common.dynamic_creds [-] Dynamic test user d6e2d83b74a247b981c336f7ca271fd3 is created with scope project and roles: ['member']
2024-10-31 11:49:57.521 62288 INFO tempest.lib.common.rest_client [req-7056d7b9-ab2a-4f90-ae03-80bc4738a21e req-7056d7b9-ab2a-4f90-ae03-80bc4738a21e ] Request (TenantUsagesNegativeTestJSON:setUpClass): 204 PUT http://10.180.1.21/identity/v3/projects/0676739c8bc549a5b9d3f09ec79a133e/users/9e06a2eb9b9143e38d92cff549ed7453/roles/d48f916443694e2c85b4e9bbe1b022a5 0.064s
2024-10-31 11:49:57.521 62288 INFO tempest.lib.common.dynamic_creds [-] Dynamic test user 9e06a2eb9b9143e38d92cff549ed7453 is created with scope project and roles: ['member']
2024-10-31 11:49:57.521 62288 INFO tempest.lib.common.dynamic_creds [-] Acquired dynamic creds: credentials: Credentials: {'domain_id': 'default', 'domain_name': 'Default', 'username': 'tempest-TenantUsagesNegativeTestJSON-728938763-project-member', 'project_domain_id': 'default', 'project_domain_name': 'Default', 'project_id': '0676739c8bc549a5b9d3f09ec79a133e', 'project_name': 'tempest-TenantUsagesNegativeTestJSON-728938763', 'tenant_id': '0676739c8bc549a5b9d3f09ec79a133e', 'tenant_name': 'tempest-TenantUsagesNegativeTestJSON-728938763', 'user_domain_id': 'default', 'user_domain_name': 'Default', 'user_id': '9e06a2eb9b9143e38d92cff549ed7453', 'system': None}, Network: None, Subnet: None, Router: None
2024-10-31 11:49:57.521 62288 INFO tempest.lib.common.dynamic_creds [-] Created isolated network resources for: credentials: Credentials: {'domain_id': 'default', 'domain_name': 'Default', 'username': 'tempest-TenantUsagesNegativeTestJSON-728938763-project-member', 'project_domain_id': 'default', 'project_domain_name': 'Default', 'project_id': '0676739c8bc549a5b9d3f09ec79a133e', 'project_name': 'tempest-TenantUsagesNegativeTestJSON-728938763', 'tenant_id': '0676739c8bc549a5b9d3f09ec79a133e', 'tenant_name': 'tempest-TenantUsagesNegativeTestJSON-728938763', 'user_domain_id': 'default', 'user_domain_name': 'Default', 'user_id': '9e06a2eb9b9143e38d92cff549ed7453', 'system': None}, Network: None, Subnet: None, Router: None
2024-10-31 11:49:57.517 62250 INFO tempest.lib.common.dynamic_creds [-] Acquired dynamic creds: credentials: Credentials: {'domain_id': 'default', 'domain_name': 'Default', 'username': 'tempest-ServersAdmin275Test-1350323747-project-member', 'project_domain_id': 'default', 'project_domain_name': 'Default', 'project_id': 'f41db78d015a4fe3a630a95f941c66ef', 'project_name': 'tempest-ServersAdmin275Test-1350323747', 'tenant_id': 'f41db78d015a4fe3a630a95f941c66ef', 'tenant_name': 'tempest-ServersAdmin275Test-1350323747', 'user_domain_id': 'default', 'user_domain_name': 'Default', 'user_id': 'd6e2d83b74a247b981c336f7ca271fd3', 'system': None}, Network: None, Subnet: None, Router: None
2024-10-31 11:49:57.522 62250 INFO tempest.lib.common.dynamic_creds [-] Created isolated network resources for: credentials: Credentials: {'domain_id': 'default', 'domain_name': 'Default', 'username': 'tempest-ServersAdmin275Test-1350323747-project-member', 'project_domain_id': 'default', 'project_domain_name': 'Default', 'project_id': 'f41db78d015a4fe3a630a95f941c66ef', 'project_name': 'tempest-ServersAdmin275Test-1350323747', 'tenant_id': 'f41db78d015a4fe3a630a95f941c66ef', 'tenant_name': 'tempest-ServersAdmin275Test-1350323747', 'user_domain_id': 'default', 'user_domain_name': 'Default', 'user_id': 'd6e2d83b74a247b981c336f7ca271fd3', 'system': None}, Network: None, Subnet: None, Router: None
2024-10-31 11:49:57.575 62262 INFO tempest.lib.common.rest_client [req-2694eb3c-4e9a-4e59-8105-2f3e7e816482 req-2694eb3c-4e9a-4e59-8105-2f3e7e816482 ] Request (ServerDiagnosticsV248Test:test_get_server_diagnostics): 200 GET http://10.180.1.21/compute/v2.1/servers/2aabbd53-4c4d-4b53-8135-34cc5a17fd47 1.996s
2024-10-31 11:49:57.598 62254 INFO tempest.lib.common.rest_client [req-40701e4e-17c1-4a90-99b3-74ad5b0a591a req-40701e4e-17c1-4a90-99b3-74ad5b0a591a ] Request (ImagesOneServerNegativeTestJSON:setUpClass): 200 GET http://10.180.1.21/compute/v2.1/servers/d2e4c9d6-7dec-4a54-bc26-84cfbdab6d8f 1.908s
2024-10-31 11:49:57.601 62298 INFO tempest.lib.common.rest_client [req-08b0517b-0358-4582-9574-d7449dde600b req-08b0517b-0358-4582-9574-d7449dde600b ] Request (VolumesAdminNegativeTest:setUpClass): 200 GET http://10.180.1.21/identity/v3/roles 0.137s
2024-10-31 11:49:57.621 62250 INFO tempest.lib.common.rest_client [req-aeb4d07b-c5a6-4856-8d71-aa3dd29db238 req-aeb4d07b-c5a6-4856-8d71-aa3dd29db238 ] Request (ServersAdmin275Test:setUpClass): 201 POST http://10.180.1.21/identity/v3/auth/tokens 0.096s
2024-10-31 11:49:57.641 62298 INFO tempest.lib.common.rest_client [req-31fc0638-25e1-4458-89df-b75b4b7f6978 req-31fc0638-25e1-4458-89df-b75b4b7f6978 ] Request (VolumesAdminNegativeTest:setUpClass): 204 PUT http://10.180.1.21/identity/v3/projects/c1c8540977ef41e8864eb646ba2a3329/users/5b231c3627b340c8ba52e89c6a6425f0/roles/adcfb39c36964ff89fe2171bb0564be0 0.039s
2024-10-31 11:49:57.641 62298 INFO tempest.lib.common.dynamic_creds [-] Dynamic test user 5b231c3627b340c8ba52e89c6a6425f0 is created with scope project and roles: ['admin']
2024-10-31 11:49:57.641 62298 INFO tempest.lib.common.dynamic_creds [-] Acquired dynamic creds: credentials: Credentials: {'domain_id': 'default', 'domain_name': 'Default', 'username': 'tempest-VolumesAdminNegativeTest-1981042867-project-admin', 'project_domain_id': 'default', 'project_domain_name': 'Default', 'project_id': 'c1c8540977ef41e8864eb646ba2a3329', 'project_name': 'tempest-VolumesAdminNegativeTest-1981042867', 'tenant_id': 'c1c8540977ef41e8864eb646ba2a3329', 'tenant_name': 'tempest-VolumesAdminNegativeTest-1981042867', 'user_domain_id': 'default', 'user_domain_name': 'Default', 'user_id': '5b231c3627b340c8ba52e89c6a6425f0', 'system': None}, Network: None, Subnet: None, Router: None
2024-10-31 11:49:57.681 62288 INFO tempest.lib.common.rest_client [req-0452729c-58f2-460a-81cf-bd68646d19dd req-0452729c-58f2-460a-81cf-bd68646d19dd ] Request (TenantUsagesNegativeTestJSON:setUpClass): 201 POST http://10.180.1.21/identity/v3/auth/tokens 0.154s
2024-10-31 11:49:57.704 62250 INFO tempest.lib.common.rest_client [req-111d2d84-ed21-4e61-8d7a-731c6da1a2b2 req-111d2d84-ed21-4e61-8d7a-731c6da1a2b2 ] Request (ServersAdmin275Test:setUpClass): 201 POST http://10.180.1.21/identity/v3/projects 0.081s
2024-10-31 11:49:57.713 62288 INFO tempest.lib.common.rest_client [req-891d2eb9-ebb3-48e9-bf97-768d5d01ab02 req-891d2eb9-ebb3-48e9-bf97-768d5d01ab02 ] Request (TenantUsagesNegativeTestJSON:setUpClass): 201 POST http://10.180.1.21/identity/v3/projects 0.031s
2024-10-31 11:49:57.721 62258 INFO tempest.lib.common.rest_client [req-b635b590-eb4a-4ccf-88cb-996f60b20cdc req-b635b590-eb4a-4ccf-88cb-996f60b20cdc ] Request (VolumesAssistedSnapshotsTest:test_volume_assisted_snapshot_create_delete): 200 GET http://10.180.1.21/compute/v2.1/servers/782f1eba-459c-4249-b74a-128b22c64ca3 1.888s
2024-10-31 11:49:57.772 62288 INFO tempest.lib.common.rest_client [req-22a6c76f-0739-4275-80b3-53f20a144061 req-22a6c76f-0739-4275-80b3-53f20a144061 ] Request (TenantUsagesNegativeTestJSON:setUpClass): 201 POST http://10.180.1.21/identity/v3/users 0.059s
2024-10-31 11:49:57.790 62288 INFO tempest.lib.common.rest_client [req-99cb066f-fb15-4a1f-bebe-9140ebcaf84e req-99cb066f-fb15-4a1f-bebe-9140ebcaf84e ] Request (TenantUsagesNegativeTestJSON:setUpClass): 200 GET http://10.180.1.21/identity/v3/roles 0.018s
2024-10-31 11:49:57.795 62250 INFO tempest.lib.common.rest_client [req-b864b4a1-1dfc-4ab9-85c8-720395646f02 req-b864b4a1-1dfc-4ab9-85c8-720395646f02 ] Request (ServersAdmin275Test:setUpClass): 201 POST http://10.180.1.21/identity/v3/users 0.088s
2024-10-31 11:49:57.819 62288 INFO tempest.lib.common.rest_client [req-83ae17d2-ff44-436d-b297-41efbe23a792 req-83ae17d2-ff44-436d-b297-41efbe23a792 ] Request (TenantUsagesNegativeTestJSON:setUpClass): 204 PUT http://10.180.1.21/identity/v3/projects/dc1d9b7e16a84874aef9ffad5c1e2be9/users/541698895820450a9dc4874dbeab680e/roles/adcfb39c36964ff89fe2171bb0564be0 0.028s
2024-10-31 11:49:57.870 62250 INFO tempest.lib.common.rest_client [req-c51e3d2f-d7d1-48f2-8ea3-1c273416f825 req-c51e3d2f-d7d1-48f2-8ea3-1c273416f825 ] Request (ServersAdmin275Test:setUpClass): 200 GET http://10.180.1.21/identity/v3/roles 0.074s
2024-10-31 11:49:57.882 62288 INFO tempest.lib.common.rest_client [req-14528a35-b61f-4238-9fb3-43d106ed88b7 req-14528a35-b61f-4238-9fb3-43d106ed88b7 ] Request (TenantUsagesNegativeTestJSON:setUpClass): 200 GET http://10.180.1.21/identity/v3/roles 0.063s
2024-10-31 11:49:57.906 62250 INFO tempest.lib.common.rest_client [req-14570080-8e82-435f-a686-5080b6c0649b req-14570080-8e82-435f-a686-5080b6c0649b ] Request (ServersAdmin275Test:setUpClass): 204 PUT http://10.180.1.21/identity/v3/projects/d761d0a40392427e93ffee793c0512e6/users/3ef81171658d405bae9fdce62717d298/roles/adcfb39c36964ff89fe2171bb0564be0 0.035s
2024-10-31 11:49:57.924 62283 INFO tempest.lib.common.rest_client [req-cf92c286-b96f-46fd-9c5b-962774a65bbf req-cf92c286-b96f-46fd-9c5b-962774a65bbf ] Request (QuotasAdminNegativeTest:test_create_server_when_memory_quota_is_full): 200 GET http://10.180.1.21/compute/v2.1/os-quota-sets/336327c311e44d09826e34718dc86e4d 1.880s
2024-10-31 11:49:57.959 62250 INFO tempest.lib.common.rest_client [req-2b97cd5e-a062-4ab9-9e96-1f1e8857604c req-2b97cd5e-a062-4ab9-9e96-1f1e8857604c ] Request (ServersAdmin275Test:setUpClass): 200 GET http://10.180.1.21/identity/v3/roles 0.053s
2024-10-31 11:49:57.964 62280 INFO tempest.lib.common.rest_client [req-2b15b0d9-0ce1-4f84-a907-7aa015397795 req-2b15b0d9-0ce1-4f84-a907-7aa015397795 ] Request (ServersNegativeTestJSON:setUpClass): 201 POST http://10.180.1.21:9696/networking/v2.0/routers 2.960s
2024-10-31 11:49:57.976 62288 INFO tempest.lib.common.rest_client [req-0cba367e-3c40-45a5-97fd-c14ea6e16ef9 req-0cba367e-3c40-45a5-97fd-c14ea6e16ef9 ] Request (TenantUsagesNegativeTestJSON:setUpClass): 204 PUT http://10.180.1.21/identity/v3/projects/dc1d9b7e16a84874aef9ffad5c1e2be9/users/541698895820450a9dc4874dbeab680e/roles/adcfb39c36964ff89fe2171bb0564be0 0.093s
2024-10-31 11:49:57.977 62288 INFO tempest.lib.common.dynamic_creds [-] Dynamic test user 541698895820450a9dc4874dbeab680e is created with scope project and roles: ['admin']
2024-10-31 11:49:57.977 62288 INFO tempest.lib.common.dynamic_creds [-] Acquired dynamic creds: credentials: Credentials: {'domain_id': 'default', 'domain_name': 'Default', 'username': 'tempest-TenantUsagesNegativeTestJSON-466534553-project-admin', 'project_domain_id': 'default', 'project_domain_name': 'Default', 'project_id': 'dc1d9b7e16a84874aef9ffad5c1e2be9', 'project_name': 'tempest-TenantUsagesNegativeTestJSON-466534553', 'tenant_id': 'dc1d9b7e16a84874aef9ffad5c1e2be9', 'tenant_name': 'tempest-TenantUsagesNegativeTestJSON-466534553', 'user_domain_id': 'default', 'user_domain_name': 'Default', 'user_id': '541698895820450a9dc4874dbeab680e', 'system': None}, Network: None, Subnet: None, Router: None
2024-10-31 11:49:57.977 62288 INFO tempest.lib.common.dynamic_creds [-] Created isolated network resources for: credentials: Credentials: {'domain_id': 'default', 'domain_name': 'Default', 'username': 'tempest-TenantUsagesNegativeTestJSON-466534553-project-admin', 'project_domain_id': 'default', 'project_domain_name': 'Default', 'project_id': 'dc1d9b7e16a84874aef9ffad5c1e2be9', 'project_name': 'tempest-TenantUsagesNegativeTestJSON-466534553', 'tenant_id': 'dc1d9b7e16a84874aef9ffad5c1e2be9', 'tenant_name': 'tempest-TenantUsagesNegativeTestJSON-466534553', 'user_domain_id': 'default', 'user_domain_name': 'Default', 'user_id': '541698895820450a9dc4874dbeab680e', 'system': None}, Network: None, Subnet: None, Router: None
2024-10-31 11:49:57.978 62250 INFO tempest.lib.common.rest_client [req-b33dec6b-3490-4856-97c7-4de906685531 req-b33dec6b-3490-4856-97c7-4de906685531 ] Request (ServersAdmin275Test:setUpClass): 204 PUT http://10.180.1.21/identity/v3/projects/d761d0a40392427e93ffee793c0512e6/users/3ef81171658d405bae9fdce62717d298/roles/adcfb39c36964ff89fe2171bb0564be0 0.016s
2024-10-31 11:49:57.978 62250 INFO tempest.lib.common.dynamic_creds [-] Dynamic test user 3ef81171658d405bae9fdce62717d298 is created with scope project and roles: ['admin']
2024-10-31 11:49:57.978 62250 INFO tempest.lib.common.dynamic_creds [-] Acquired dynamic creds: credentials: Credentials: {'domain_id': 'default', 'domain_name': 'Default', 'username': 'tempest-ServersAdmin275Test-481212997-project-admin', 'project_domain_id': 'default', 'project_domain_name': 'Default', 'project_id': 'd761d0a40392427e93ffee793c0512e6', 'project_name': 'tempest-ServersAdmin275Test-481212997', 'tenant_id': 'd761d0a40392427e93ffee793c0512e6', 'tenant_name': 'tempest-ServersAdmin275Test-481212997', 'user_domain_id': 'default', 'user_domain_name': 'Default', 'user_id': '3ef81171658d405bae9fdce62717d298', 'system': None}, Network: None, Subnet: None, Router: None
2024-10-31 11:49:57.978 62250 INFO tempest.lib.common.dynamic_creds [-] Created isolated network resources for: credentials: Credentials: {'domain_id': 'default', 'domain_name': 'Default', 'username': 'tempest-ServersAdmin275Test-481212997-project-admin', 'project_domain_id': 'default', 'project_domain_name': 'Default', 'project_id': 'd761d0a40392427e93ffee793c0512e6', 'project_name': 'tempest-ServersAdmin275Test-481212997', 'tenant_id': 'd761d0a40392427e93ffee793c0512e6', 'tenant_name': 'tempest-ServersAdmin275Test-481212997', 'user_domain_id': 'default', 'user_domain_name': 'Default', 'user_id': '3ef81171658d405bae9fdce62717d298', 'system': None}, Network: None, Subnet: None, Router: None
2024-10-31 11:49:58.063 62246 INFO tempest.lib.common.rest_client [req-937263c1-912e-49c9-ad89-8a5b518d0c97 req-937263c1-912e-49c9-ad89-8a5b518d0c97 ] Request (ServerDiagnosticsNegativeTest:test_get_server_diagnostics_by_non_admin): 200 GET http://10.180.1.21/compute/v2.1/servers/5a590ae6-eb88-433d-81b4-33e7b6ace868 2.344s
2024-10-31 11:49:58.072 62288 INFO tempest.lib.common.rest_client [req-cbe85d76-46e8-41c2-90ec-067d46735b0d req-cbe85d76-46e8-41c2-90ec-067d46735b0d ] Request (TenantUsagesNegativeTestJSON:setUpClass): 201 POST http://10.180.1.21/identity/v3/auth/tokens 0.090s
2024-10-31 11:49:58.076 62250 INFO tempest.lib.common.rest_client [req-2ddb36ef-01ed-4ba5-a9d4-e998896134d7 req-2ddb36ef-01ed-4ba5-a9d4-e998896134d7 ] Request (ServersAdmin275Test:setUpClass): 201 POST http://10.180.1.21/identity/v3/auth/tokens 0.094s
2024-10-31 11:49:58.084 62290 INFO tempest.lib.common.rest_client [req-a0010bc9-4949-402a-a849-862d97344992 req-a0010bc9-4949-402a-a849-862d97344992 ] Request (ValidationResourcesFixture:setUp): 201 POST http://10.180.1.21:9696/networking/v2.0/security-groups 0.589s
2024-10-31 11:49:58.129 62242 INFO tempest.lib.common.rest_client [req-5a0ae1a8-a923-480e-9677-7175e74d48c3 req-5a0ae1a8-a923-480e-9677-7175e74d48c3 ] Request (ImagesMetadataTestJSON:setUp): 200 PUT http://10.180.1.21/compute/v2.1/images/8dc0fe81-2409-409c-a0b3-7d81d58ca4fc/metadata 2.050s
2024-10-31 11:49:58.164 62250 INFO tempest.lib.common.rest_client [req-65e0587d-afc2-4b51-b0a1-9c13146dc427 req-65e0587d-afc2-4b51-b0a1-9c13146dc427 ] Request (ServersAdmin275Test:test_rebuild_update_server_275): 201 POST http://10.180.1.21/identity/v3/auth/tokens 0.076s
2024-10-31 11:49:58.165 62250 INFO tempest.lib.common.fixed_network [-] (ServersAdmin275Test:test_rebuild_update_server_275) Found network None available for tenant
2024-10-31 11:49:58.185 62286 INFO tempest.lib.common.rest_client [req-17e9fe36-9dff-4dea-aec7-949eb50a8410 req-17e9fe36-9dff-4dea-aec7-949eb50a8410 ] Request (DeleteServersAdminTestJSON:test_admin_delete_servers_of_others): 200 GET http://10.180.1.21/compute/v2.1/servers/2a24c5ce-9b52-49ae-b847-6280cef02eb5 2.073s
2024-10-31 11:49:58.244 62296 INFO tempest.lib.common.rest_client [req-3355ccd9-618c-445c-b82f-eccc86b6ec36 req-3355ccd9-618c-445c-b82f-eccc86b6ec36 ] Request (FlavorsAccessNegativeTestJSON:_run_cleanups): 200 GET http://10.180.1.21/compute/v2.1/flavors/detail 1.939s
2024-10-31 11:49:58.264 62256 INFO tempest.lib.common.rest_client [req-91a4f194-5753-464a-a879-435fd7e885ae req-91a4f194-5753-464a-a879-435fd7e885ae ] Request (ImagesTestJSON:test_create_image_from_stopped_server): 200 GET http://10.180.1.21/compute/v2.1/servers/9a13d0a1-849c-428f-ab63-29d2bd4cd60c 2.011s
2024-10-31 11:49:58.284 62252 INFO tempest.lib.common.rest_client [req-913cd86e-0901-4ba4-93c3-61994d3185f2 req-913cd86e-0901-4ba4-93c3-61994d3185f2 ] Request (FlavorsExtraSpecsTestJSON:test_flavor_set_get_update_show_unset_keys): 200 DELETE http://10.180.1.21/compute/v2.1/flavors/1301809428/os-extra_specs/hw:cpu_policy 1.951s
2024-10-31 11:49:58.290 62244 INFO tempest.lib.common.rest_client [req-7f7d440d-43eb-474d-9742-eff634dff047 req-7f7d440d-43eb-474d-9742-eff634dff047 ] Request (HostsAdminNegativeTestJSON:test_update_host_with_invalid_status): 400 PUT http://10.180.1.21/compute/v2.1/os-hosts/devstack 1.777s
2024-10-31 11:49:58.295 62278 INFO tempest.lib.common.rest_client [req-f95233b5-368f-4c38-b1a7-eb7ddff9f9fc req-f95233b5-368f-4c38-b1a7-eb7ddff9f9fc ] Request (HostsAdminTestJSON:test_list_hosts_with_a_blank_zone): 200 GET http://10.180.1.21/compute/v2.1/os-hosts?zone= 1.788s
2024-10-31 11:49:58.314 62268 INFO tempest.lib.common.rest_client [req-02879cee-89e6-48db-a978-9c97a4afd272 req-02879cee-89e6-48db-a978-9c97a4afd272 ] Request (FlavorsAdminTestJSON:test_create_flavor_with_none_id): 200 POST http://10.180.1.21/compute/v2.1/flavors 1.778s
2024-10-31 11:49:58.350 62274 INFO tempest.lib.common.rest_client [req-69d0b139-db98-4ca7-9670-aceea93450b3 req-69d0b139-db98-4ca7-9670-aceea93450b3 ] Request (KeyPairsV2TestJSON:test_keypairs_create_list_delete): 200 POST http://10.180.1.21/compute/v2.1/os-keypairs 1.791s
2024-10-31 11:49:58.388 62292 INFO tempest.lib.common.rest_client [req-0f95888a-7925-456f-99e3-938cac229849 req-0f95888a-7925-456f-99e3-938cac229849 ] Request (AggregatesAdminNegativeTestJSON:test_aggregate_add_non_exist_host): 404 POST http://10.180.1.21/compute/v2.1/os-aggregates/3/action 1.608s
2024-10-31 11:49:58.436 62290 INFO tempest.lib.common.rest_client [req-9b242e56-3afa-4f21-8a49-9bc75886fc18 req-9b242e56-3afa-4f21-8a49-9bc75886fc18 ] Request (ValidationResourcesFixture:setUp): 201 POST http://10.180.1.21:9696/networking/v2.0/security-group-rules 0.351s
2024-10-31 11:49:58.479 62294 INFO tempest.lib.common.rest_client [req-6954c26b-1d98-4110-8400-299e7be35a25 req-6954c26b-1d98-4110-8400-299e7be35a25 ] Request (QuotasAdminTestV236:test_get_updated_quotas): 200 GET http://10.180.1.21/compute/v2.1/os-quota-sets/ea1a548a56874ff6b4cb7bed831847f5/detail 1.745s
2024-10-31 11:49:58.490 62260 INFO tempest.lib.common.rest_client [req-edaaeadf-1014-4799-8034-92f75f4f998d req-edaaeadf-1014-4799-8034-92f75f4f998d ] Request (KeyPairsNegativeTestJSON:test_keypair_delete_nonexistent_key): 404 DELETE http://10.180.1.21/compute/v2.1/os-keypairs/tempest-keypair-non-existent-706636863 1.669s
2024-10-31 11:49:58.502 62298 INFO tempest.lib.common.rest_client [req-2d23896a-737b-4063-b218-e7e748905c8f req-2d23896a-737b-4063-b218-e7e748905c8f ] Request (VolumesAdminNegativeTest:setUpClass): 201 POST http://10.180.1.21:9696/networking/v2.0/networks 0.860s
2024-10-31 11:49:58.515 62294 INFO tempest.lib.common.rest_client [req-79dceba4-dd76-4865-810d-bf47b542cf8f req-79dceba4-dd76-4865-810d-bf47b542cf8f ] Request (QuotasAdminTestV236:test_get_updated_quotas): 200 GET http://10.180.1.21/identity/v3/domains?name=Default 0.031s
2024-10-31 11:49:58.564 62270 INFO tempest.lib.common.rest_client [req-45d28a90-5d12-4cde-8550-25dac618404c req-45d28a90-5d12-4cde-8550-25dac618404c ] Request (ServerDiagnosticsTest:test_get_server_diagnostics): 200 GET http://10.180.1.21/compute/v2.1/servers/f9d92b1b-59ed-4f3c-9e5c-2b894b123e9e 1.366s
2024-10-31 11:49:58.572 62294 INFO tempest.lib.common.rest_client [req-0f9aeeb5-cbab-49ef-86fd-55a781a00897 req-0f9aeeb5-cbab-49ef-86fd-55a781a00897 ] Request (QuotasAdminTestV236:test_get_updated_quotas): 201 POST http://10.180.1.21/identity/v3/users 0.056s
2024-10-31 11:49:58.612 62294 INFO tempest.lib.common.rest_client [req-fc82dba1-0957-4f52-8d42-b65d75a3d843 req-fc82dba1-0957-4f52-8d42-b65d75a3d843 ] Request (QuotasAdminTestV236:test_get_updated_quotas): 200 GET http://10.180.1.21/identity/v3/domains?name=Default 0.037s
2024-10-31 11:49:58.650 62276 INFO tempest.lib.common.rest_client [req-86e6bce2-b22b-4b13-b06e-a2efa0c3fe5e req-86e6bce2-b22b-4b13-b06e-a2efa0c3fe5e ] Request (FloatingIPsTestJSON:setUpClass): 201 POST http://10.180.1.21:9696/networking/v2.0/routers 2.395s
2024-10-31 11:49:58.665 62248 INFO tempest.lib.common.rest_client [req-dd19c15d-36ed-4772-9b6c-aa87de1fd192 req-dd19c15d-36ed-4772-9b6c-aa87de1fd192 ] Request (SecurityGroupsTestJSON:test_list_security_groups_by_server): 200 GET http://10.180.1.21/compute/v2.1/servers/81bbe6ae-87b2-414b-a872-4e03285abf92 1.375s
2024-10-31 11:49:58.676 62248 INFO tempest.common.waiters [-] State transition "BUILD/None" ==> "BUILD/networking" after 5 second wait
2024-10-31 11:49:58.692 62260 INFO tempest.lib.common.rest_client [req-ba1885c0-c9eb-49d5-82ec-ff403b5731b4 req-ba1885c0-c9eb-49d5-82ec-ff403b5731b4 ] Request (KeyPairsNegativeTestJSON:tearDownClass): 204 DELETE http://10.180.1.21/identity/v3/users/ef3aa06072084497b35316ce43cdc6b5 0.200s
2024-10-31 11:49:58.693 62260 INFO tempest.lib.common.dynamic_creds [-] Deleting project and security group for project: c704972b0d124a01b6bdadb869793a1c
2024-10-31 11:49:58.728 62290 INFO tempest.lib.common.rest_client [req-a2d5892a-e3b7-4820-a8fa-3999613ee1b3 req-a2d5892a-e3b7-4820-a8fa-3999613ee1b3 ] Request (ValidationResourcesFixture:setUp): 201 POST http://10.180.1.21:9696/networking/v2.0/security-group-rules 0.291s
2024-10-31 11:49:58.785 62260 INFO tempest.lib.common.rest_client [req-42d00d27-e731-4ab6-acbd-8854bce06672 req-42d00d27-e731-4ab6-acbd-8854bce06672 ] Request (KeyPairsNegativeTestJSON:tearDownClass): 201 POST http://10.180.1.21/identity/v3/auth/tokens 0.092s
2024-10-31 11:49:58.860 62267 INFO tempest.lib.common.rest_client [req-ea5b7f69-feec-4365-9a85-40f157fcf508 req-ea5b7f69-feec-4365-9a85-40f157fcf508 ] Request (FloatingIPsNegativeTestJSON:setUpClass): 200 PUT http://10.180.1.21:9696/networking/v2.0/routers/522cee62-08c4-4179-9887-f0892a05a0ed/add_router_interface 3.698s
2024-10-31 11:49:58.860 62267 INFO tempest.lib.common.dynamic_creds [-] Created isolated network resources for: credentials: Credentials: {'domain_id': 'default', 'domain_name': 'Default', 'username': 'tempest-FloatingIPsNegativeTestJSON-819445418-project-member', 'project_domain_id': 'default', 'project_domain_name': 'Default', 'project_id': '8a56810c9fa246db852bd82de31dd5fd', 'project_name': 'tempest-FloatingIPsNegativeTestJSON-819445418', 'tenant_id': '8a56810c9fa246db852bd82de31dd5fd', 'tenant_name': 'tempest-FloatingIPsNegativeTestJSON-819445418', 'user_domain_id': 'default', 'user_domain_name': 'Default', 'user_id': 'b848724fc1d04bab8dbcdad2dccffd7c', 'system': None}, Network: {'id': 'ce958c18-3569-48b9-9a63-6e4a55a66745', 'name': 'tempest-FloatingIPsNegativeTestJSON-1985694133-network', 'tenant_id': '8a56810c9fa246db852bd82de31dd5fd', 'admin_state_up': True, 'mtu': 8950, 'status': 'ACTIVE', 'subnets': [], 'shared': False, 'project_id': '8a56810c9fa246db852bd82de31dd5fd', 'port_security_enabled': True, 'router:external': False, 'provider:network_type': 'vlan', 'provider:physical_network': 'default', 'provider:segmentation_id': 332, 'availability_zone_hints': [], 'availability_zones': [], 'ipv4_address_scope': None, 'ipv6_address_scope': None, 'description': '', 'tags': [], 'created_at': '2024-10-31T11:49:50Z', 'updated_at': '2024-10-31T11:49:50Z', 'revision_number': 1}, Subnet: {'id': 'a4965120-3f59-440e-8223-ab6773b043b5', 'name': 'tempest-FloatingIPsNegativeTestJSON-1985694133-subnet', 'tenant_id': '8a56810c9fa246db852bd82de31dd5fd', 'network_id': 'ce958c18-3569-48b9-9a63-6e4a55a66745', 'ip_version': 4, 'subnetpool_id': None, 'enable_dhcp': True, 'ipv6_ra_mode': None, 'ipv6_address_mode': None, 'gateway_ip': '192.168.128.1', 'cidr': '192.168.128.0/28', 'allocation_pools': [{'start': '192.168.128.2', 'end': '192.168.128.14'}], 'host_routes': [], 'dns_nameservers': [], 'description': '', 'router:external': False, 'service_types': [], 'tags': [], 'created_at': '2024-10-31T11:49:51Z', 'updated_at': '2024-10-31T11:49:51Z', 'revision_number': 0, 'project_id': '8a56810c9fa246db852bd82de31dd5fd'}, Router: {'id': '522cee62-08c4-4179-9887-f0892a05a0ed', 'name': 'tempest-FloatingIPsNegativeTestJSON-1985694133-router', 'tenant_id': '8a56810c9fa246db852bd82de31dd5fd', 'admin_state_up': True, 'status': 'ACTIVE', 'external_gateway_info': {'network_id': 'e45e321b-5c8a-44cd-8f04-32bc93749e22', 'external_fixed_ips': [{'subnet_id': 'e81e6502-5f72-4a3c-8cd5-259dd3262ff0', 'ip_address': '10.180.180.129'}], 'enable_snat': True}, 'description': '', 'availability_zones': [], 'distributed': False, 'ha': False, 'availability_zone_hints': [], 'routes': [], 'flavor_id': None, 'tags': [], 'created_at': '2024-10-31T11:49:51Z', 'updated_at': '2024-10-31T11:49:53Z', 'revision_number': 2, 'project_id': '8a56810c9fa246db852bd82de31dd5fd'}
2024-10-31 11:49:58.951 62267 INFO tempest.lib.common.rest_client [req-92295431-d2e2-4b69-bd9d-9418a3a17965 req-92295431-d2e2-4b69-bd9d-9418a3a17965 ] Request (FloatingIPsNegativeTestJSON:setUpClass): 201 POST http://10.180.1.21/identity/v3/auth/tokens 0.087s
2024-10-31 11:49:59.262 62298 INFO tempest.lib.common.rest_client [req-f16c3890-7a03-4633-a02a-fb69d88ac424 req-f16c3890-7a03-4633-a02a-fb69d88ac424 ] Request (VolumesAdminNegativeTest:setUpClass): 201 POST http://10.180.1.21:9696/networking/v2.0/subnets 0.760s
2024-10-31 11:49:59.287 62260 INFO tempest.lib.common.rest_client [req-fe2cfaca-1d90-42a7-93fc-88de25bc2782 req-fe2cfaca-1d90-42a7-93fc-88de25bc2782 ] Request (KeyPairsNegativeTestJSON:tearDownClass): 200 GET http://10.180.1.21:9696/networking/v2.0/security-groups?tenant_id=c704972b0d124a01b6bdadb869793a1c&name=default 0.501s
