2024-10-31 11:51:34.817 62236 INFO tempest.lib.common.rest_client [req-f93e51df-c423-4fb0-8040-80fdb552d804 req-f93e51df-c423-4fb0-8040-80fdb552d804 ] Request (MigrationsAdminTest:test_resize_server_revert_deleted_flavor): 200 GET http://10.180.1.21/compute/v2.1/servers/8672c282-1a66-49b5-9c22-7136b567a52c 0.085s
2024-10-31 11:51:34.867 62248 INFO tempest.lib.common.rest_client [req-8a7319b3-745b-4a55-8dd1-15044d78b0db req-8a7319b3-745b-4a55-8dd1-15044d78b0db ] Request (SecurityGroupsTestJSON:test_server_security_groups): 200 GET http://10.180.1.21/compute/v2.1/servers/9da95edb-f9fb-40f3-9317-d27f1bae0ecf 0.087s
2024-10-31 11:51:34.889 62250 INFO tempest.lib.common.rest_client [req-f106c10d-5624-4023-8d34-1d316b48f498 req-f106c10d-5624-4023-8d34-1d316b48f498 ] Request (ServersAdmin275Test:tearDownClass): 204 DELETE http://10.180.1.21/identity/v3/projects/f41db78d015a4fe3a630a95f941c66ef 0.106s
2024-10-31 11:51:34.919 62252 INFO tempest.lib.common.rest_client [req-b8147d37-0bfe-40f6-994e-2dfd27227826 req-b8147d37-0bfe-40f6-994e-2dfd27227826 ] Request (ServersTestBootFromVolume:setUpClass): 200 GET http://10.180.1.21/compute/v2.1/servers/9025d114-10da-4cf8-9e5f-2520bfd3b246 0.117s
2024-10-31 11:51:34.945 62250 INFO tempest.lib.common.rest_client [req-9fc3a598-5e2d-407b-b6bc-1f2eae32fef8 req-9fc3a598-5e2d-407b-b6bc-1f2eae32fef8 ] Request (ImagesNegativeTestJSON:setUpClass): 201 POST http://10.180.1.21/identity/v3/auth/tokens 0.053s
2024-10-31 11:51:34.965 62254 INFO tempest.lib.common.rest_client [req-686f37ec-d542-4523-8c3a-cbf30474a300 req-686f37ec-d542-4523-8c3a-cbf30474a300 ] Request (InstanceActionsTestJSON:setUpClass): 200 GET http://10.180.1.21/compute/v2.1/servers/f163fb1b-400f-4abb-8df6-0d9ea6449166 0.132s
2024-10-31 11:51:34.972 62250 INFO tempest.lib.common.rest_client [req-675fbf62-3535-4ec1-a3ef-1066c5d915b0 req-675fbf62-3535-4ec1-a3ef-1066c5d915b0 ] Request (ImagesNegativeTestJSON:setUpClass): 201 POST http://10.180.1.21/identity/v3/auth/tokens 0.024s
2024-10-31 11:51:34.991 62250 INFO tempest.lib.common.rest_client [req-07a4e524-e065-4c23-b8c5-51d16b9ec6cb req-07a4e524-e065-4c23-b8c5-51d16b9ec6cb ] Request (ImagesNegativeTestJSON:setUpClass): 200 GET http://10.180.1.21/identity/v3/domains?name=Default 0.019s
2024-10-31 11:51:35.007 62276 INFO tempest.lib.common.rest_client [req-efca3d4c-4401-44d7-a688-2d55393ff860 req-efca3d4c-4401-44d7-a688-2d55393ff860 ] Request (ServerAddressesTestJSON:setUpClass): 200 GET http://10.180.1.21/compute/v2.1/servers/a8101e8d-55d0-4f70-9119-f5e176ba8212 0.124s
2024-10-31 11:51:35.016 62250 INFO tempest.lib.common.rest_client [req-eaa4640b-ff88-4a8f-bfad-a585da32778b req-eaa4640b-ff88-4a8f-bfad-a585da32778b ] Request (ImagesNegativeTestJSON:setUpClass): 201 POST http://10.180.1.21/identity/v3/projects 0.025s
2024-10-31 11:51:35.047 62258 INFO tempest.lib.common.rest_client [req-4e770a7c-0d12-4b9b-8518-3e152603e9d1 req-4e770a7c-0d12-4b9b-8518-3e152603e9d1 ] Request (ServersTestFqdnHostnames:test_create_server_with_fqdn_name): 200 GET http://10.180.1.21/compute/v2.1/servers/dce49aac-03f3-48ed-9bad-c5eb2d779bae 0.141s
2024-10-31 11:51:35.071 62250 INFO tempest.lib.common.rest_client [req-46cb3e64-2c79-4678-bade-d062c3d16d28 req-46cb3e64-2c79-4678-bade-d062c3d16d28 ] Request (ImagesNegativeTestJSON:setUpClass): 201 POST http://10.180.1.21/identity/v3/users 0.055s
2024-10-31 11:51:35.090 62250 INFO tempest.lib.common.rest_client [req-222567b4-09b6-4f4f-b067-40036d4d993e req-222567b4-09b6-4f4f-b067-40036d4d993e ] Request (ImagesNegativeTestJSON:setUpClass): 200 GET http://10.180.1.21/identity/v3/roles 0.018s
2024-10-31 11:51:35.094 62267 INFO tempest.lib.common.rest_client [req-e96fe263-f599-4d76-892f-21e5014b522a req-e96fe263-f599-4d76-892f-21e5014b522a ] Request (ImagesOneServerTestJSON:setUpClass): 200 GET http://10.180.1.21/compute/v2.1/servers/fc1f08e8-fd0a-4b84-bc8f-fe3a27136c57 0.154s
2024-10-31 11:51:35.118 62250 INFO tempest.lib.common.rest_client [req-c97a10a3-9db2-4336-b72d-85524f7e4f2a req-c97a10a3-9db2-4336-b72d-85524f7e4f2a ] Request (ImagesNegativeTestJSON:setUpClass): 204 PUT http://10.180.1.21/identity/v3/projects/e6af19c6aedd463d8a1fa6a6b00ff852/users/479ce49eee9849d48f7683f8232b69c3/roles/d48f916443694e2c85b4e9bbe1b022a5 0.028s
2024-10-31 11:51:35.119 62250 INFO tempest.lib.common.dynamic_creds [-] Dynamic test user 479ce49eee9849d48f7683f8232b69c3 is created with scope project and roles: ['member']
2024-10-31 11:51:35.119 62250 INFO tempest.lib.common.dynamic_creds [-] Acquired dynamic creds: credentials: Credentials: {'domain_id': 'default', 'domain_name': 'Default', 'username': 'tempest-ImagesNegativeTestJSON-132255802-project-member', 'project_domain_id': 'default', 'project_domain_name': 'Default', 'project_id': 'e6af19c6aedd463d8a1fa6a6b00ff852', 'project_name': 'tempest-ImagesNegativeTestJSON-132255802', 'tenant_id': 'e6af19c6aedd463d8a1fa6a6b00ff852', 'tenant_name': 'tempest-ImagesNegativeTestJSON-132255802', 'user_domain_id': 'default', 'user_domain_name': 'Default', 'user_id': '479ce49eee9849d48f7683f8232b69c3', 'system': None}, Network: None, Subnet: None, Router: None
2024-10-31 11:51:35.161 62288 INFO tempest.lib.common.rest_client [req-50ab02da-247c-430d-aad0-9147be0d3a3f req-50ab02da-247c-430d-aad0-9147be0d3a3f ] Request (ServerShowV257Test:tearDownClass): 200 GET http://10.180.1.21/compute/v2.1/servers/a8f6254f-b867-4967-b4fa-bb70f471f89d 0.096s
2024-10-31 11:51:35.183 62250 INFO tempest.lib.common.rest_client [req-c9b7b1d6-682c-461e-9a3f-edfe98696571 req-c9b7b1d6-682c-461e-9a3f-edfe98696571 ] Request (ImagesNegativeTestJSON:setUpClass): 201 POST http://10.180.1.21/identity/v3/auth/tokens 0.064s
2024-10-31 11:51:35.188 62294 INFO tempest.lib.common.rest_client [req-f297096f-0bda-436a-9abb-06dbb065f26c req-f297096f-0bda-436a-9abb-06dbb065f26c ] Request (MultipleCreateTestJSON:test_multiple_create): 202 POST http://10.180.1.21/compute/v2.1/servers 0.420s
2024-10-31 11:51:35.255 62294 INFO tempest.lib.common.rest_client [req-582901a7-0f45-443e-9c63-064559a6275b req-582901a7-0f45-443e-9c63-064559a6275b ] Request (MultipleCreateTestJSON:test_multiple_create): 200 GET http://10.180.1.21/compute/v2.1/servers 0.065s
2024-10-31 11:51:35.255 62292 INFO tempest.lib.common.rest_client [req-9b35277f-9531-4001-a44f-0c8089fe7d80 req-9b35277f-9531-4001-a44f-0c8089fe7d80 ] Request (ServersAaction247Test:test_create_backup): 200 GET http://10.180.1.21/compute/v2.1/servers/f0a011bb-4939-4384-885c-6ce482875b4e 0.061s
2024-10-31 11:51:35.309 62244 INFO tempest.lib.common.rest_client [req-c3382cb0-9e4d-4c95-b908-3d16af97fca4 req-c3382cb0-9e4d-4c95-b908-3d16af97fca4 ] Request (ServersAdminTestJSON:setUpClass): 200 GET http://10.180.1.21/compute/v2.1/servers/41bc5a14-1d13-4730-80c5-a0bcfb1f0ad1 0.066s
2024-10-31 11:51:35.311 62294 INFO tempest.lib.common.rest_client [req-04c4837a-a8c2-4c2b-95a1-57c498d791eb req-04c4837a-a8c2-4c2b-95a1-57c498d791eb ] Request (MultipleCreateTestJSON:test_multiple_create): 200 GET http://10.180.1.21/compute/v2.1/servers/b9ec575c-034b-46bc-afbd-7a8a07a8e005 0.054s
2024-10-31 11:51:35.364 62286 INFO tempest.lib.common.rest_client [req-9db4de8d-3a46-4657-a2cb-7cb2cf753249 req-9db4de8d-3a46-4657-a2cb-7cb2cf753249 ] Request (DeleteServersAdminTestJSON:test_delete_server_while_in_error_state): 200 GET http://10.180.1.21/compute/v2.1/servers/70af5d32-254f-4819-8cca-c28346e48139 0.069s
2024-10-31 11:51:35.424 62296 INFO tempest.lib.common.rest_client [req-b593a3e7-6aae-40c2-a684-9039c1eb8c29 req-b593a3e7-6aae-40c2-a684-9039c1eb8c29 ] Request (ServerActionsV293TestJSON:setUpClass): 200 GET http://10.180.1.21/compute/v2.1/servers/5f205b7d-d93e-436d-9d7d-04c6f767f7ad 0.066s
2024-10-31 11:51:35.485 62238 INFO tempest.lib.common.rest_client [req-2f29e6bd-1278-4a4e-ae4b-130045aaa9c2 req-2f29e6bd-1278-4a4e-ae4b-130045aaa9c2 ] Request (ServersTestMultiNic:test_verify_duplicate_network_nics): 200 GET http://10.180.1.21/compute/v2.1/servers/6236c44a-e3c6-4302-8f15-4eb8dfaf5960 0.077s
2024-10-31 11:51:35.498 62250 INFO tempest.lib.common.rest_client [req-0c858a46-53a5-48d9-b275-9ce3d884f121 req-0c858a46-53a5-48d9-b275-9ce3d884f121 ] Request (ImagesNegativeTestJSON:setUpClass): 201 POST http://10.180.1.21:9696/networking/v2.0/networks 0.314s
2024-10-31 11:51:35.546 62298 INFO tempest.lib.common.rest_client [req-b7925c92-5dab-4e6b-b9cb-0b1c58a1d9cc req-b7925c92-5dab-4e6b-b9cb-0b1c58a1d9cc ] Request (VolumesAdminNegativeTest:test_update_attached_volume_with_nonexistent_volume_in_uri): 200 GET http://10.180.1.21/compute/v2.1/servers/56e74975-e4fa-4ff8-ab87-aa74125dab78 0.113s
2024-10-31 11:51:35.611 62270 INFO tempest.lib.common.rest_client [req-bb8e0621-dfac-455a-92f7-0d174ab1326b req-bb8e0621-dfac-455a-92f7-0d174ab1326b ] Request (ServerActionsTestJSON:setUpClass): 200 GET http://10.180.1.21/compute/v2.1/servers/4d167f54-c1fc-4eb0-a4cc-a5edb60fe78e 0.142s
2024-10-31 11:51:35.626 62290 INFO tempest.lib.common.rest_client [req-861267e1-4643-4217-9693-8a990ec128cf req-861267e1-4643-4217-9693-8a990ec128cf ] Request (AttachVolumeNegativeTest:test_attach_attached_volume_to_same_server): 200 GET http://10.180.1.21/compute/v2.1/servers/bc1ef57d-457d-446a-8ad4-3bab6d331215 0.236s
2024-10-31 11:51:35.669 62283 INFO tempest.lib.common.rest_client [req-b211dd9b-1764-4ea5-b4cf-68e18547e688 req-b211dd9b-1764-4ea5-b4cf-68e18547e688 ] Request (ServerActionsTestOtherB:setUpClass): 200 GET http://10.180.1.21/compute/v2.1/servers/b4706725-5e28-4d2a-b4a8-7633ffa63afe 0.173s
2024-10-31 11:51:35.678 62264 INFO tempest.lib.common.rest_client [req-eb403764-1da0-4d1d-98a5-f8cfd31c2bb6 req-eb403764-1da0-4d1d-98a5-f8cfd31c2bb6 ] Request (TenantUsagesTestJSON:setUpClass): 200 GET http://10.180.1.21/compute/v2.1/servers/35b6490b-eec9-4dc1-9de3-63c368bdc5d7 0.162s
2024-10-31 11:51:35.729 62250 INFO tempest.lib.common.rest_client [req-902801a0-e21a-403a-afbc-07769b35049e req-902801a0-e21a-403a-afbc-07769b35049e ] Request (ImagesNegativeTestJSON:setUpClass): 201 POST http://10.180.1.21:9696/networking/v2.0/subnets 0.230s
2024-10-31 11:51:35.732 62246 INFO tempest.lib.common.rest_client [req-65395914-09d6-479c-8028-aa5fc196d46e req-65395914-09d6-479c-8028-aa5fc196d46e ] Request (ListServersNegativeTestJSON:setUpClass): 200 GET http://10.180.1.21/compute/v2.1/servers/6643cc70-7e92-41e9-b2dc-c531a331086f 0.189s
2024-10-31 11:51:35.742 62284 INFO tempest.lib.common.rest_client [req-b7619087-fab3-4c45-8213-baab432a03a5 req-b7619087-fab3-4c45-8213-baab432a03a5 ] Request (ServersV294TestFqdnHostnames:setUpClass): 200 GET http://10.180.1.21/compute/v2.1/servers/62ebc97c-3f86-4ef2-b5c4-3d2fe563d179 0.168s
2024-10-31 11:51:35.781 62242 INFO tempest.lib.common.rest_client [req-8877058b-7611-4f00-b45b-52391f93c7bd req-8877058b-7611-4f00-b45b-52391f93c7bd ] Request (ListImageFiltersTestJSON:setUpClass): 200 GET http://10.180.1.21/compute/v2.1/servers/0d680f38-bd47-4aeb-8845-efa20667623b 0.183s
2024-10-31 11:51:35.787 62256 INFO tempest.lib.common.rest_client [req-540daa7c-3e6f-45c1-b08c-d2738ced2b1d req-540daa7c-3e6f-45c1-b08c-d2738ced2b1d ] Request (ImagesTestJSON:test_create_server_from_snapshot): 200 GET http://10.180.1.21/compute/v2.1/servers/a733a167-9713-43b7-bcc0-b0af47879ffc 0.145s
2024-10-31 11:51:35.834 62240 INFO tempest.lib.common.rest_client [req-693dc1a5-d600-4ecf-9409-9531da442f4e req-693dc1a5-d600-4ecf-9409-9531da442f4e ] Request (AttachInterfacesUnderV243Test:test_add_remove_fixed_ip): 200 GET http://10.180.1.21/compute/v2.1/servers/87f859c6-7a96-4a48-adb8-814a134ad4c8 0.084s
2024-10-31 11:51:35.841 62274 INFO tempest.lib.common.rest_client [req-514e7006-a5c2-4ae7-9ffc-39a919a16f50 req-514e7006-a5c2-4ae7-9ffc-39a919a16f50 ] Request (InstanceActionsNegativeTestJSON:setUpClass): 200 GET http://10.180.1.21/compute/v2.1/servers/71248677-92fb-4f66-b089-2cbbdc808bb7 0.141s
2024-10-31 11:51:35.890 62268 INFO tempest.lib.common.rest_client [req-222a4c9d-49ee-4a51-b128-da2a4626a54a req-222a4c9d-49ee-4a51-b128-da2a4626a54a ] Request (DeleteServersTestJSON:test_delete_active_server): 200 GET http://10.180.1.21/compute/v2.1/servers/297c345a-a825-47b1-a9e4-a353758d32ce 0.073s
2024-10-31 11:51:35.891 62236 INFO tempest.lib.common.rest_client [req-3c2b8f62-5a1b-4f34-9fce-8758c416b66b req-3c2b8f62-5a1b-4f34-9fce-8758c416b66b ] Request (MigrationsAdminTest:test_resize_server_revert_deleted_flavor): 200 GET http://10.180.1.21/compute/v2.1/servers/8672c282-1a66-49b5-9c22-7136b567a52c 0.068s
2024-10-31 11:51:35.937 62248 INFO tempest.lib.common.rest_client [req-b2aca34f-78ba-4bf2-ad10-f7a099d4019f req-b2aca34f-78ba-4bf2-ad10-f7a099d4019f ] Request (SecurityGroupsTestJSON:test_server_security_groups): 200 GET http://10.180.1.21/compute/v2.1/servers/9da95edb-f9fb-40f3-9317-d27f1bae0ecf 0.064s
2024-10-31 11:51:35.977 62252 INFO tempest.lib.common.rest_client [req-b945d172-18ee-44bc-acc4-9606a212fcbf req-b945d172-18ee-44bc-acc4-9606a212fcbf ] Request (ServersTestBootFromVolume:setUpClass): 200 GET http://10.180.1.21/compute/v2.1/servers/9025d114-10da-4cf8-9e5f-2520bfd3b246 0.051s
2024-10-31 11:51:36.020 62254 INFO tempest.lib.common.rest_client [req-9c0c551e-e213-46f0-809e-89bc2dabad36 req-9c0c551e-e213-46f0-809e-89bc2dabad36 ] Request (InstanceActionsTestJSON:setUpClass): 200 GET http://10.180.1.21/compute/v2.1/servers/f163fb1b-400f-4abb-8df6-0d9ea6449166 0.049s
2024-10-31 11:51:36.067 62276 INFO tempest.lib.common.rest_client [req-6381a5b8-c508-4dba-973d-4663cd4cc348 req-6381a5b8-c508-4dba-973d-4663cd4cc348 ] Request (ServerAddressesTestJSON:setUpClass): 200 GET http://10.180.1.21/compute/v2.1/servers/a8101e8d-55d0-4f70-9119-f5e176ba8212 0.054s
2024-10-31 11:51:36.115 62258 INFO tempest.lib.common.rest_client [req-5f772105-d8ad-4e52-aecc-5daeb2a19a6e req-5f772105-d8ad-4e52-aecc-5daeb2a19a6e ] Request (ServersTestFqdnHostnames:test_create_server_with_fqdn_name): 200 GET http://10.180.1.21/compute/v2.1/servers/dce49aac-03f3-48ed-9bad-c5eb2d779bae 0.061s
2024-10-31 11:51:36.226 62288 INFO tempest.lib.common.rest_client [req-e73dcb5d-d821-44be-903c-6c58f5bbfaf2 req-e73dcb5d-d821-44be-903c-6c58f5bbfaf2 ] Request (ServerShowV257Test:tearDownClass): 200 GET http://10.180.1.21/compute/v2.1/servers/a8f6254f-b867-4967-b4fa-bb70f471f89d 0.057s
2024-10-31 11:51:36.253 62267 INFO tempest.lib.common.rest_client [req-aafe232f-5a12-43a3-83aa-97d02011afe8 req-aafe232f-5a12-43a3-83aa-97d02011afe8 ] Request (ImagesOneServerTestJSON:setUpClass): 200 GET http://10.180.1.21/compute/v2.1/servers/fc1f08e8-fd0a-4b84-bc8f-fe3a27136c57 0.151s
2024-10-31 11:51:36.320 62292 INFO tempest.lib.common.rest_client [req-d0cbdf14-5c8f-416c-89cf-0479474cba1f req-d0cbdf14-5c8f-416c-89cf-0479474cba1f ] Request (ServersAaction247Test:test_create_backup): 200 GET http://10.180.1.21/compute/v2.1/servers/f0a011bb-4939-4384-885c-6ce482875b4e 0.053s
2024-10-31 11:51:36.389 62244 INFO tempest.lib.common.rest_client [req-584c58d2-2847-498c-9f93-fc281cb76772 req-584c58d2-2847-498c-9f93-fc281cb76772 ] Request (ServersAdminTestJSON:setUpClass): 200 GET http://10.180.1.21/compute/v2.1/servers/41bc5a14-1d13-4730-80c5-a0bcfb1f0ad1 0.074s
2024-10-31 11:51:36.390 62294 INFO tempest.lib.common.rest_client [req-2868b608-6502-4029-ba92-54d67fb10ffa req-2868b608-6502-4029-ba92-54d67fb10ffa ] Request (MultipleCreateTestJSON:test_multiple_create): 200 GET http://10.180.1.21/compute/v2.1/servers/b9ec575c-034b-46bc-afbd-7a8a07a8e005 0.070s
2024-10-31 11:51:36.454 62286 INFO tempest.lib.common.rest_client [req-400e4c43-4a85-43f7-a44d-1cbbfdca2eb9 req-400e4c43-4a85-43f7-a44d-1cbbfdca2eb9 ] Request (DeleteServersAdminTestJSON:test_delete_server_while_in_error_state): 200 GET http://10.180.1.21/compute/v2.1/servers/70af5d32-254f-4819-8cca-c28346e48139 0.083s
2024-10-31 11:51:36.460 62286 INFO tempest.common.waiters [-] State transition "BUILD/None" ==> "BUILD/networking" after 77 second wait
2024-10-31 11:51:36.494 62296 INFO tempest.lib.common.rest_client [req-9fe7458e-f9c8-4c02-8aa0-3d47a645c6d3 req-9fe7458e-f9c8-4c02-8aa0-3d47a645c6d3 ] Request (ServerActionsV293TestJSON:setUpClass): 200 GET http://10.180.1.21/compute/v2.1/servers/5f205b7d-d93e-436d-9d7d-04c6f767f7ad 0.061s
2024-10-31 11:51:36.560 62238 INFO tempest.lib.common.rest_client [req-ab0fa276-8082-4bda-a6af-0ac52cbed099 req-ab0fa276-8082-4bda-a6af-0ac52cbed099 ] Request (ServersTestMultiNic:test_verify_duplicate_network_nics): 200 GET http://10.180.1.21/compute/v2.1/servers/6236c44a-e3c6-4302-8f15-4eb8dfaf5960 0.066s
2024-10-31 11:51:36.606 62298 INFO tempest.lib.common.rest_client [req-510dff0f-7ba9-4c09-b003-d86c46123467 req-510dff0f-7ba9-4c09-b003-d86c46123467 ] Request (VolumesAdminNegativeTest:test_update_attached_volume_with_nonexistent_volume_in_uri): 200 GET http://10.180.1.21/compute/v2.1/servers/56e74975-e4fa-4ff8-ab87-aa74125dab78 0.048s
2024-10-31 11:51:36.689 62270 INFO tempest.lib.common.rest_client [req-06a4b224-a790-42b4-9849-78b49ed34741 req-06a4b224-a790-42b4-9849-78b49ed34741 ] Request (ServerActionsTestJSON:setUpClass): 200 GET http://10.180.1.21/compute/v2.1/servers/4d167f54-c1fc-4eb0-a4cc-a5edb60fe78e 0.071s
2024-10-31 11:51:36.694 62290 INFO tempest.lib.common.rest_client [req-ca036380-8711-43e3-9b14-78c8053a52e8 req-ca036380-8711-43e3-9b14-78c8053a52e8 ] Request (AttachVolumeNegativeTest:test_attach_attached_volume_to_same_server): 200 GET http://10.180.1.21/compute/v2.1/servers/bc1ef57d-457d-446a-8ad4-3bab6d331215 0.059s
2024-10-31 11:51:36.751 62264 INFO tempest.lib.common.rest_client [req-dbe2c68d-8399-4ec2-bd48-2dd4793cbb56 req-dbe2c68d-8399-4ec2-bd48-2dd4793cbb56 ] Request (TenantUsagesTestJSON:setUpClass): 200 GET http://10.180.1.21/compute/v2.1/servers/35b6490b-eec9-4dc1-9de3-63c368bdc5d7 0.067s
2024-10-31 11:51:36.763 62283 INFO tempest.lib.common.rest_client [req-d2020165-5182-4430-aabc-883089d08f71 req-d2020165-5182-4430-aabc-883089d08f71 ] Request (ServerActionsTestOtherB:setUpClass): 200 GET http://10.180.1.21/compute/v2.1/servers/b4706725-5e28-4d2a-b4a8-7633ffa63afe 0.087s
2024-10-31 11:51:36.806 62246 INFO tempest.lib.common.rest_client [req-c99cd483-3ba9-4dda-816c-8c7d3a1eb279 req-c99cd483-3ba9-4dda-816c-8c7d3a1eb279 ] Request (ListServersNegativeTestJSON:setUpClass): 200 GET http://10.180.1.21/compute/v2.1/servers/6643cc70-7e92-41e9-b2dc-c531a331086f 0.064s
2024-10-31 11:51:36.839 62284 INFO tempest.lib.common.rest_client [req-20a3be4c-44a8-47cc-9b24-533efacf221f req-20a3be4c-44a8-47cc-9b24-533efacf221f ] Request (ServersV294TestFqdnHostnames:setUpClass): 200 GET http://10.180.1.21/compute/v2.1/servers/62ebc97c-3f86-4ef2-b5c4-3d2fe563d179 0.088s
2024-10-31 11:51:36.857 62242 INFO tempest.lib.common.rest_client [req-3c65f1f9-b382-46f9-9a37-97029bb0453c req-3c65f1f9-b382-46f9-9a37-97029bb0453c ] Request (ListImageFiltersTestJSON:setUpClass): 200 GET http://10.180.1.21/compute/v2.1/servers/0d680f38-bd47-4aeb-8845-efa20667623b 0.069s
2024-10-31 11:51:36.896 62256 INFO tempest.lib.common.rest_client [req-29613ca9-052a-43fa-a2a1-f2786260c7c2 req-29613ca9-052a-43fa-a2a1-f2786260c7c2 ] Request (ImagesTestJSON:test_create_server_from_snapshot): 200 GET http://10.180.1.21/compute/v2.1/servers/a733a167-9713-43b7-bcc0-b0af47879ffc 0.101s
2024-10-31 11:51:36.914 62240 INFO tempest.lib.common.rest_client [req-4e7d80ec-a63f-4242-b7fe-b2247d61e77b req-4e7d80ec-a63f-4242-b7fe-b2247d61e77b ] Request (AttachInterfacesUnderV243Test:test_add_remove_fixed_ip): 200 GET http://10.180.1.21/compute/v2.1/servers/87f859c6-7a96-4a48-adb8-814a134ad4c8 0.073s
2024-10-31 11:51:36.964 62274 INFO tempest.lib.common.rest_client [req-0b6c2b67-a7d3-4774-b994-b677e226a748 req-0b6c2b67-a7d3-4774-b994-b677e226a748 ] Request (InstanceActionsNegativeTestJSON:setUpClass): 200 GET http://10.180.1.21/compute/v2.1/servers/71248677-92fb-4f66-b089-2cbbdc808bb7 0.108s
2024-10-31 11:51:36.972 62236 INFO tempest.lib.common.rest_client [req-cbfafdb9-3afc-49ac-b1a4-65e966752a8f req-cbfafdb9-3afc-49ac-b1a4-65e966752a8f ] Request (MigrationsAdminTest:test_resize_server_revert_deleted_flavor): 200 GET http://10.180.1.21/compute/v2.1/servers/8672c282-1a66-49b5-9c22-7136b567a52c 0.074s
2024-10-31 11:51:37.019 62268 INFO tempest.lib.common.rest_client [req-6c7d4085-c42d-4ce7-934a-c6cf6912d432 req-6c7d4085-c42d-4ce7-934a-c6cf6912d432 ] Request (DeleteServersTestJSON:test_delete_active_server): 200 GET http://10.180.1.21/compute/v2.1/servers/297c345a-a825-47b1-a9e4-a353758d32ce 0.120s
2024-10-31 11:51:37.023 62250 INFO tempest.lib.common.rest_client [req-1fc12348-8f48-4e74-8019-aafb039a5807 req-1fc12348-8f48-4e74-8019-aafb039a5807 ] Request (ImagesNegativeTestJSON:setUpClass): 201 POST http://10.180.1.21:9696/networking/v2.0/routers 1.294s
2024-10-31 11:51:37.024 62248 INFO tempest.lib.common.rest_client [req-e93853ca-3670-4e58-a625-126fee246749 req-e93853ca-3670-4e58-a625-126fee246749 ] Request (SecurityGroupsTestJSON:test_server_security_groups): 200 GET http://10.180.1.21/compute/v2.1/servers/9da95edb-f9fb-40f3-9317-d27f1bae0ecf 0.080s
2024-10-31 11:51:37.072 62252 INFO tempest.lib.common.rest_client [req-33eb0601-e24b-4fde-a90a-f981556ca330 req-33eb0601-e24b-4fde-a90a-f981556ca330 ] Request (ServersTestBootFromVolume:setUpClass): 200 GET http://10.180.1.21/compute/v2.1/servers/9025d114-10da-4cf8-9e5f-2520bfd3b246 0.083s
2024-10-31 11:51:37.086 62254 INFO tempest.lib.common.rest_client [req-8996e5a9-e804-406f-8835-746ab0fc686e req-8996e5a9-e804-406f-8835-746ab0fc686e ] Request (InstanceActionsTestJSON:setUpClass): 200 GET http://10.180.1.21/compute/v2.1/servers/f163fb1b-400f-4abb-8df6-0d9ea6449166 0.058s
2024-10-31 11:51:37.137 62276 INFO tempest.lib.common.rest_client [req-583b6078-3950-4abe-9ef6-3019be183753 req-583b6078-3950-4abe-9ef6-3019be183753 ] Request (ServerAddressesTestJSON:setUpClass): 200 GET http://10.180.1.21/compute/v2.1/servers/a8101e8d-55d0-4f70-9119-f5e176ba8212 0.061s
2024-10-31 11:51:37.173 62258 INFO tempest.lib.common.rest_client [req-3af274e7-cfae-4281-9a86-3d5207c83ed1 req-3af274e7-cfae-4281-9a86-3d5207c83ed1 ] Request (ServersTestFqdnHostnames:test_create_server_with_fqdn_name): 200 GET http://10.180.1.21/compute/v2.1/servers/dce49aac-03f3-48ed-9bad-c5eb2d779bae 0.047s
2024-10-31 11:51:37.303 62288 INFO tempest.lib.common.rest_client [req-9d1573b7-d854-4a9b-a836-8e4b56084b93 req-9d1573b7-d854-4a9b-a836-8e4b56084b93 ] Request (ServerShowV257Test:tearDownClass): 200 GET http://10.180.1.21/compute/v2.1/servers/a8f6254f-b867-4967-b4fa-bb70f471f89d 0.069s
2024-10-31 11:51:37.313 62267 INFO tempest.lib.common.rest_client [req-bf754493-a221-4a7e-9697-9b74efc747a5 req-bf754493-a221-4a7e-9697-9b74efc747a5 ] Request (ImagesOneServerTestJSON:setUpClass): 200 GET http://10.180.1.21/compute/v2.1/servers/fc1f08e8-fd0a-4b84-bc8f-fe3a27136c57 0.053s
2024-10-31 11:51:37.382 62292 INFO tempest.lib.common.rest_client [req-7e963475-065c-4845-9e29-3e8486793475 req-7e963475-065c-4845-9e29-3e8486793475 ] Request (ServersAaction247Test:test_create_backup): 200 GET http://10.180.1.21/compute/v2.1/servers/f0a011bb-4939-4384-885c-6ce482875b4e 0.053s
2024-10-31 11:51:37.448 62244 INFO tempest.lib.common.rest_client [req-c1b23ceb-51eb-409b-8e6b-18492880a2b4 req-c1b23ceb-51eb-409b-8e6b-18492880a2b4 ] Request (ServersAdminTestJSON:setUpClass): 200 GET http://10.180.1.21/compute/v2.1/servers/41bc5a14-1d13-4730-80c5-a0bcfb1f0ad1 0.052s
2024-10-31 11:51:37.452 62294 INFO tempest.lib.common.rest_client [req-d6ac0527-daba-40aa-8380-72841448aeaa req-d6ac0527-daba-40aa-8380-72841448aeaa ] Request (MultipleCreateTestJSON:test_multiple_create): 200 GET http://10.180.1.21/compute/v2.1/servers/b9ec575c-034b-46bc-afbd-7a8a07a8e005 0.055s
2024-10-31 11:51:37.574 62296 INFO tempest.lib.common.rest_client [req-93a14969-9bf0-4f20-a43f-40ae232f0c40 req-93a14969-9bf0-4f20-a43f-40ae232f0c40 ] Request (ServerActionsV293TestJSON:setUpClass): 200 GET http://10.180.1.21/compute/v2.1/servers/5f205b7d-d93e-436d-9d7d-04c6f767f7ad 0.070s
2024-10-31 11:51:37.592 62286 INFO tempest.lib.common.rest_client [req-f0904f5f-d803-4152-9bbf-3f99365df234 req-f0904f5f-d803-4152-9bbf-3f99365df234 ] Request (DeleteServersAdminTestJSON:test_delete_server_while_in_error_state): 200 GET http://10.180.1.21/compute/v2.1/servers/70af5d32-254f-4819-8cca-c28346e48139 0.130s
2024-10-31 11:51:37.598 62286 INFO tempest.common.waiters [-] State transition "BUILD/networking" ==> "BUILD/spawning" after 78 second wait
2024-10-31 11:51:37.636 62238 INFO tempest.lib.common.rest_client [req-dc260079-76ad-486e-a9b1-889b9bf8e01c req-dc260079-76ad-486e-a9b1-889b9bf8e01c ] Request (ServersTestMultiNic:test_verify_duplicate_network_nics): 200 GET http://10.180.1.21/compute/v2.1/servers/6236c44a-e3c6-4302-8f15-4eb8dfaf5960 0.067s
2024-10-31 11:51:37.675 62298 INFO tempest.lib.common.rest_client [req-5a75eb72-d0bc-464c-aff3-e62a454bbd79 req-5a75eb72-d0bc-464c-aff3-e62a454bbd79 ] Request (VolumesAdminNegativeTest:test_update_attached_volume_with_nonexistent_volume_in_uri): 200 GET http://10.180.1.21/compute/v2.1/servers/56e74975-e4fa-4ff8-ab87-aa74125dab78 0.062s
2024-10-31 11:51:37.766 62290 INFO tempest.lib.common.rest_client [req-0fa0cc3e-625a-4cf0-a44e-d595cf1c8b57 req-0fa0cc3e-625a-4cf0-a44e-d595cf1c8b57 ] Request (AttachVolumeNegativeTest:test_attach_attached_volume_to_same_server): 200 GET http://10.180.1.21/compute/v2.1/servers/bc1ef57d-457d-446a-8ad4-3bab6d331215 0.061s
2024-10-31 11:51:37.773 62270 INFO tempest.lib.common.rest_client [req-f0c762d9-fdc8-42d1-b1b6-48b5df783118 req-f0c762d9-fdc8-42d1-b1b6-48b5df783118 ] Request (ServerActionsTestJSON:setUpClass): 200 GET http://10.180.1.21/compute/v2.1/servers/4d167f54-c1fc-4eb0-a4cc-a5edb60fe78e 0.072s
2024-10-31 11:51:37.822 62264 INFO tempest.lib.common.rest_client [req-3cd2041e-9d12-4e46-8fcf-3652fe2d08e5 req-3cd2041e-9d12-4e46-8fcf-3652fe2d08e5 ] Request (TenantUsagesTestJSON:setUpClass): 200 GET http://10.180.1.21/compute/v2.1/servers/35b6490b-eec9-4dc1-9de3-63c368bdc5d7 0.060s
2024-10-31 11:51:37.837 62283 INFO tempest.lib.common.rest_client [req-f7da9936-38f1-48ec-9d5c-4e1ecaefc9d5 req-f7da9936-38f1-48ec-9d5c-4e1ecaefc9d5 ] Request (ServerActionsTestOtherB:setUpClass): 200 GET http://10.180.1.21/compute/v2.1/servers/b4706725-5e28-4d2a-b4a8-7633ffa63afe 0.064s
2024-10-31 11:51:37.869 62246 INFO tempest.lib.common.rest_client [req-faec80bd-8da6-491e-b2c7-4fb91d553a27 req-faec80bd-8da6-491e-b2c7-4fb91d553a27 ] Request (ListServersNegativeTestJSON:setUpClass): 200 GET http://10.180.1.21/compute/v2.1/servers/6643cc70-7e92-41e9-b2dc-c531a331086f 0.053s
2024-10-31 11:51:37.915 62242 INFO tempest.lib.common.rest_client [req-20c9f582-1f01-4aec-91c9-5a63ed24b32a req-20c9f582-1f01-4aec-91c9-5a63ed24b32a ] Request (ListImageFiltersTestJSON:setUpClass): 200 GET http://10.180.1.21/compute/v2.1/servers/0d680f38-bd47-4aeb-8845-efa20667623b 0.051s
2024-10-31 11:51:37.932 62284 INFO tempest.lib.common.rest_client [req-cd4d2639-200e-416b-90da-c43aa5ad1101 req-cd4d2639-200e-416b-90da-c43aa5ad1101 ] Request (ServersV294TestFqdnHostnames:setUpClass): 200 GET http://10.180.1.21/compute/v2.1/servers/62ebc97c-3f86-4ef2-b5c4-3d2fe563d179 0.079s
2024-10-31 11:51:37.959 62256 INFO tempest.lib.common.rest_client [req-88345182-9512-4405-8a1a-523599cd3650 req-88345182-9512-4405-8a1a-523599cd3650 ] Request (ImagesTestJSON:test_create_server_from_snapshot): 200 GET http://10.180.1.21/compute/v2.1/servers/a733a167-9713-43b7-bcc0-b0af47879ffc 0.054s
2024-10-31 11:51:38.006 62240 INFO tempest.lib.common.rest_client [req-bd92125f-3190-41aa-99f5-8d8091f479c0 req-bd92125f-3190-41aa-99f5-8d8091f479c0 ] Request (AttachInterfacesUnderV243Test:test_add_remove_fixed_ip): 200 GET http://10.180.1.21/compute/v2.1/servers/87f859c6-7a96-4a48-adb8-814a134ad4c8 0.084s
2024-10-31 11:51:38.028 62274 INFO tempest.lib.common.rest_client [req-6af882ba-0b71-40e7-9ec8-4673110f2c6c req-6af882ba-0b71-40e7-9ec8-4673110f2c6c ] Request (InstanceActionsNegativeTestJSON:setUpClass): 200 GET http://10.180.1.21/compute/v2.1/servers/71248677-92fb-4f66-b089-2cbbdc808bb7 0.056s
2024-10-31 11:51:38.075 62236 INFO tempest.lib.common.rest_client [req-dd1495ab-582f-4343-924c-7500b3284a48 req-dd1495ab-582f-4343-924c-7500b3284a48 ] Request (MigrationsAdminTest:test_resize_server_revert_deleted_flavor): 200 GET http://10.180.1.21/compute/v2.1/servers/8672c282-1a66-49b5-9c22-7136b567a52c 0.095s
2024-10-31 11:51:38.104 62268 INFO tempest.lib.common.rest_client [req-3379beeb-143b-4ec8-bef0-1234e4a6775c req-3379beeb-143b-4ec8-bef0-1234e4a6775c ] Request (DeleteServersTestJSON:test_delete_active_server): 200 GET http://10.180.1.21/compute/v2.1/servers/297c345a-a825-47b1-a9e4-a353758d32ce 0.074s
2024-10-31 11:51:38.155 62248 INFO tempest.lib.common.rest_client [req-e5400c11-1ae9-4787-9579-a271a050fd7f req-e5400c11-1ae9-4787-9579-a271a050fd7f ] Request (SecurityGroupsTestJSON:test_server_security_groups): 200 GET http://10.180.1.21/compute/v2.1/servers/9da95edb-f9fb-40f3-9317-d27f1bae0ecf 0.123s
2024-10-31 11:51:38.162 62252 INFO tempest.lib.common.rest_client [req-d2a9a4ce-fc13-4641-a114-88d306feb156 req-d2a9a4ce-fc13-4641-a114-88d306feb156 ] Request (ServersTestBootFromVolume:setUpClass): 200 GET http://10.180.1.21/compute/v2.1/servers/9025d114-10da-4cf8-9e5f-2520bfd3b246 0.080s
2024-10-31 11:51:38.208 62276 INFO tempest.lib.common.rest_client [req-3a2b0901-51fb-481d-9e22-d503b90ca73a req-3a2b0901-51fb-481d-9e22-d503b90ca73a ] Request (ServerAddressesTestJSON:setUpClass): 200 GET http://10.180.1.21/compute/v2.1/servers/a8101e8d-55d0-4f70-9119-f5e176ba8212 0.062s
2024-10-31 11:51:38.221 62254 INFO tempest.lib.common.rest_client [req-33457f54-655f-4d3b-ad0a-8f813ec2586a req-33457f54-655f-4d3b-ad0a-8f813ec2586a ] Request (InstanceActionsTestJSON:setUpClass): 200 GET http://10.180.1.21/compute/v2.1/servers/f163fb1b-400f-4abb-8df6-0d9ea6449166 0.126s
2024-10-31 11:51:38.298 62258 INFO tempest.lib.common.rest_client [req-43ca693b-a795-4bd6-b246-d217fd792b4f req-43ca693b-a795-4bd6-b246-d217fd792b4f ] Request (ServersTestFqdnHostnames:test_create_server_with_fqdn_name): 200 GET http://10.180.1.21/compute/v2.1/servers/dce49aac-03f3-48ed-9bad-c5eb2d779bae 0.118s
2024-10-31 11:51:38.383 62288 INFO tempest.lib.common.rest_client [req-5774034b-55ea-40b6-94e0-e0a7a472986c req-5774034b-55ea-40b6-94e0-e0a7a472986c ] Request (ServerShowV257Test:tearDownClass): 200 GET http://10.180.1.21/compute/v2.1/servers/a8f6254f-b867-4967-b4fa-bb70f471f89d 0.072s
2024-10-31 11:51:38.383 62267 INFO tempest.lib.common.rest_client [req-091aa21c-9610-4e9b-acf6-7c225fccb664 req-091aa21c-9610-4e9b-acf6-7c225fccb664 ] Request (ImagesOneServerTestJSON:setUpClass): 200 GET http://10.180.1.21/compute/v2.1/servers/fc1f08e8-fd0a-4b84-bc8f-fe3a27136c57 0.061s
2024-10-31 11:51:38.441 62292 INFO tempest.lib.common.rest_client [req-d7b71c1d-5981-4ef0-9748-76e631b14e73 req-d7b71c1d-5981-4ef0-9748-76e631b14e73 ] Request (ServersAaction247Test:test_create_backup): 200 GET http://10.180.1.21/compute/v2.1/servers/f0a011bb-4939-4384-885c-6ce482875b4e 0.050s
2024-10-31 11:51:38.462 62250 INFO tempest.lib.common.rest_client [req-8a8d00e6-f18f-43c2-9dc3-b8be1604ca5f req-8a8d00e6-f18f-43c2-9dc3-b8be1604ca5f ] Request (ImagesNegativeTestJSON:setUpClass): 200 PUT http://10.180.1.21:9696/networking/v2.0/routers/ad5083a5-728a-48c6-ab60-12c2faaaec9d/add_router_interface 1.439s
2024-10-31 11:51:38.463 62250 INFO tempest.lib.common.dynamic_creds [-] Created isolated network resources for: credentials: Credentials: {'domain_id': 'default', 'domain_name': 'Default', 'username': 'tempest-ImagesNegativeTestJSON-132255802-project-member', 'project_domain_id': 'default', 'project_domain_name': 'Default', 'project_id': 'e6af19c6aedd463d8a1fa6a6b00ff852', 'project_name': 'tempest-ImagesNegativeTestJSON-132255802', 'tenant_id': 'e6af19c6aedd463d8a1fa6a6b00ff852', 'tenant_name': 'tempest-ImagesNegativeTestJSON-132255802', 'user_domain_id': 'default', 'user_domain_name': 'Default', 'user_id': '479ce49eee9849d48f7683f8232b69c3', 'system': None}, Network: {'id': 'e59cb55b-c79c-4af7-b818-acde2e00eea0', 'name': 'tempest-ImagesNegativeTestJSON-610102166-network', 'tenant_id': 'e6af19c6aedd463d8a1fa6a6b00ff852', 'admin_state_up': True, 'mtu': 8950, 'status': 'ACTIVE', 'subnets': [], 'shared': False, 'project_id': 'e6af19c6aedd463d8a1fa6a6b00ff852', 'port_security_enabled': True, 'router:external': False, 'provider:network_type': 'vlan', 'provider:physical_network': 'default', 'provider:segmentation_id': 114, 'availability_zone_hints': [], 'availability_zones': [], 'ipv4_address_scope': None, 'ipv6_address_scope': None, 'description': '', 'tags': [], 'created_at': '2024-10-31T11:51:35Z', 'updated_at': '2024-10-31T11:51:35Z', 'revision_number': 1}, Subnet: {'id': 'aecd20a6-cbb8-4bc8-82ca-c7da5cc52f36', 'name': 'tempest-ImagesNegativeTestJSON-610102166-subnet', 'tenant_id': 'e6af19c6aedd463d8a1fa6a6b00ff852', 'network_id': 'e59cb55b-c79c-4af7-b818-acde2e00eea0', 'ip_version': 4, 'subnetpool_id': None, 'enable_dhcp': True, 'ipv6_ra_mode': None, 'ipv6_address_mode': None, 'gateway_ip': '192.168.128.1', 'cidr': '192.168.128.0/28', 'allocation_pools': [{'start': '192.168.128.2', 'end': '192.168.128.14'}], 'host_routes': [], 'dns_nameservers': [], 'description': '', 'router:external': False, 'service_types': [], 'tags': [], 'created_at': '2024-10-31T11:51:35Z', 'updated_at': '2024-10-31T11:51:35Z', 'revision_number': 0, 'project_id': 'e6af19c6aedd463d8a1fa6a6b00ff852'}, Router: {'id': 'ad5083a5-728a-48c6-ab60-12c2faaaec9d', 'name': 'tempest-ImagesNegativeTestJSON-610102166-router', 'tenant_id': 'e6af19c6aedd463d8a1fa6a6b00ff852', 'admin_state_up': True, 'status': 'ACTIVE', 'external_gateway_info': {'network_id': 'e45e321b-5c8a-44cd-8f04-32bc93749e22', 'external_fixed_ips': [{'subnet_id': 'e81e6502-5f72-4a3c-8cd5-259dd3262ff0', 'ip_address': '10.180.180.252'}], 'enable_snat': True}, 'description': '', 'availability_zones': [], 'distributed': False, 'ha': False, 'availability_zone_hints': [], 'routes': [], 'flavor_id': None, 'tags': [], 'created_at': '2024-10-31T11:51:35Z', 'updated_at': '2024-10-31T11:51:36Z', 'revision_number': 2, 'project_id': 'e6af19c6aedd463d8a1fa6a6b00ff852'}
2024-10-31 11:51:38.520 62294 INFO tempest.lib.common.rest_client [req-7b961f6e-c5f4-4dd8-8b4a-5acd68563b8e req-7b961f6e-c5f4-4dd8-8b4a-5acd68563b8e ] Request (MultipleCreateTestJSON:test_multiple_create): 200 GET http://10.180.1.21/compute/v2.1/servers/b9ec575c-034b-46bc-afbd-7a8a07a8e005 0.060s
2024-10-31 11:51:38.521 62244 INFO tempest.lib.common.rest_client [req-66d58bc0-9c34-409e-9480-650668e701e7 req-66d58bc0-9c34-409e-9480-650668e701e7 ] Request (ServersAdminTestJSON:setUpClass): 200 GET http://10.180.1.21/compute/v2.1/servers/41bc5a14-1d13-4730-80c5-a0bcfb1f0ad1 0.063s
2024-10-31 11:51:38.568 62250 INFO tempest.lib.common.rest_client [req-b06df663-4095-4704-986a-f817e523451b req-b06df663-4095-4704-986a-f817e523451b ] Request (ImagesNegativeTestJSON:setUpClass): 201 POST http://10.180.1.21/identity/v3/auth/tokens 0.102s
2024-10-31 11:51:38.602 62250 INFO tempest.lib.common.rest_client [req-14cb652a-b988-4cfe-b73a-00e7eb4fb571 req-14cb652a-b988-4cfe-b73a-00e7eb4fb571 ] Request (ImagesNegativeTestJSON:test_create_image_from_deleted_server): 201 POST http://10.180.1.21/identity/v3/auth/tokens 0.028s
2024-10-31 11:51:38.602 62250 INFO tempest.lib.common.fixed_network [-] (ImagesNegativeTestJSON:test_create_image_from_deleted_server) Found network {'id': 'e59cb55b-c79c-4af7-b818-acde2e00eea0', 'name': 'tempest-ImagesNegativeTestJSON-610102166-network', 'tenant_id': 'e6af19c6aedd463d8a1fa6a6b00ff852', 'admin_state_up': True, 'mtu': 8950, 'status': 'ACTIVE', 'subnets': [], 'shared': False, 'project_id': 'e6af19c6aedd463d8a1fa6a6b00ff852', 'port_security_enabled': True, 'router:external': False, 'provider:network_type': 'vlan', 'provider:physical_network': 'default', 'provider:segmentation_id': 114, 'availability_zone_hints': [], 'availability_zones': [], 'ipv4_address_scope': None, 'ipv6_address_scope': None, 'description': '', 'tags': [], 'created_at': '2024-10-31T11:51:35Z', 'updated_at': '2024-10-31T11:51:35Z', 'revision_number': 1} available for tenant
2024-10-31 11:51:38.641 62296 INFO tempest.lib.common.rest_client [req-aacb4ca2-8a75-4e1c-b7c3-f9d0ad965cd0 req-aacb4ca2-8a75-4e1c-b7c3-f9d0ad965cd0 ] Request (ServerActionsV293TestJSON:setUpClass): 200 GET http://10.180.1.21/compute/v2.1/servers/5f205b7d-d93e-436d-9d7d-04c6f767f7ad 0.055s
2024-10-31 11:51:38.649 62286 INFO tempest.lib.common.rest_client [req-3421d8eb-966e-42b1-80cb-ff6db6b30982 req-3421d8eb-966e-42b1-80cb-ff6db6b30982 ] Request (DeleteServersAdminTestJSON:test_delete_server_while_in_error_state): 200 GET http://10.180.1.21/compute/v2.1/servers/70af5d32-254f-4819-8cca-c28346e48139 0.050s
2024-10-31 11:51:38.697 62238 INFO tempest.lib.common.rest_client [req-098c5135-6adf-4e67-837f-00a2ef410c5f req-098c5135-6adf-4e67-837f-00a2ef410c5f ] Request (ServersTestMultiNic:test_verify_duplicate_network_nics): 200 GET http://10.180.1.21/compute/v2.1/servers/6236c44a-e3c6-4302-8f15-4eb8dfaf5960 0.053s
2024-10-31 11:51:38.745 62298 INFO tempest.lib.common.rest_client [req-df8f4457-6d27-42fb-91a2-77473d7a21ea req-df8f4457-6d27-42fb-91a2-77473d7a21ea ] Request (VolumesAdminNegativeTest:test_update_attached_volume_with_nonexistent_volume_in_uri): 200 GET http://10.180.1.21/compute/v2.1/servers/56e74975-e4fa-4ff8-ab87-aa74125dab78 0.063s
2024-10-31 11:51:38.820 62290 INFO tempest.lib.common.rest_client [req-1599bdb2-abd9-4b17-8fd4-ea021238cd38 req-1599bdb2-abd9-4b17-8fd4-ea021238cd38 ] Request (AttachVolumeNegativeTest:test_attach_attached_volume_to_same_server): 200 GET http://10.180.1.21/compute/v2.1/servers/bc1ef57d-457d-446a-8ad4-3bab6d331215 0.046s
2024-10-31 11:51:38.862 62270 INFO tempest.lib.common.rest_client [req-cda0cd46-391d-4cf3-94a2-26f6aad0a6af req-cda0cd46-391d-4cf3-94a2-26f6aad0a6af ] Request (ServerActionsTestJSON:setUpClass): 200 GET http://10.180.1.21/compute/v2.1/servers/4d167f54-c1fc-4eb0-a4cc-a5edb60fe78e 0.078s
2024-10-31 11:51:38.904 62264 INFO tempest.lib.common.rest_client [req-df014897-3f81-4345-b3cf-b3e6f74575b8 req-df014897-3f81-4345-b3cf-b3e6f74575b8 ] Request (TenantUsagesTestJSON:setUpClass): 200 GET http://10.180.1.21/compute/v2.1/servers/35b6490b-eec9-4dc1-9de3-63c368bdc5d7 0.072s
2024-10-31 11:51:38.948 62283 INFO tempest.lib.common.rest_client [req-f39f2dbd-1a83-4b75-83a1-ccb9d04447cb req-f39f2dbd-1a83-4b75-83a1-ccb9d04447cb ] Request (ServerActionsTestOtherB:setUpClass): 200 GET http://10.180.1.21/compute/v2.1/servers/b4706725-5e28-4d2a-b4a8-7633ffa63afe 0.105s
2024-10-31 11:51:38.990 62246 INFO tempest.lib.common.rest_client [req-c0f39946-c344-48f4-a581-34af5b7f3c1e req-c0f39946-c344-48f4-a581-34af5b7f3c1e ] Request (ListServersNegativeTestJSON:setUpClass): 200 GET http://10.180.1.21/compute/v2.1/servers/6643cc70-7e92-41e9-b2dc-c531a331086f 0.114s
2024-10-31 11:51:39.014 62250 INFO tempest.lib.common.rest_client [req-5c89ba28-84c3-4d9b-874c-5ce911f527a4 req-5c89ba28-84c3-4d9b-874c-5ce911f527a4 ] Request (ImagesNegativeTestJSON:test_create_image_from_deleted_server): 202 POST http://10.180.1.21/compute/v2.1/servers 0.411s
2024-10-31 11:51:39.037 62242 INFO tempest.lib.common.rest_client [req-5842aa7e-79e5-4fb3-ad0f-e150886b0b2b req-5842aa7e-79e5-4fb3-ad0f-e150886b0b2b ] Request (ListImageFiltersTestJSON:setUpClass): 200 GET http://10.180.1.21/compute/v2.1/servers/0d680f38-bd47-4aeb-8845-efa20667623b 0.115s
2024-10-31 11:51:39.068 62284 INFO tempest.lib.common.rest_client [req-c5102f7c-7c2d-4547-930e-f51c7cb06236 req-c5102f7c-7c2d-4547-930e-f51c7cb06236 ] Request (ServersV294TestFqdnHostnames:setUpClass): 200 GET http://10.180.1.21/compute/v2.1/servers/62ebc97c-3f86-4ef2-b5c4-3d2fe563d179 0.124s
2024-10-31 11:51:39.078 62256 INFO tempest.lib.common.rest_client [req-cb4c0857-18d1-469a-9c23-9ba7f14ef5af req-cb4c0857-18d1-469a-9c23-9ba7f14ef5af ] Request (ImagesTestJSON:test_create_server_from_snapshot): 200 GET http://10.180.1.21/compute/v2.1/servers/a733a167-9713-43b7-bcc0-b0af47879ffc 0.112s
2024-10-31 11:51:39.109 62250 INFO tempest.lib.common.rest_client [req-2e36bfb1-7621-483d-902e-cc4ef5353b41 req-2e36bfb1-7621-483d-902e-cc4ef5353b41 ] Request (ImagesNegativeTestJSON:test_create_image_from_deleted_server): 200 GET http://10.180.1.21/compute/v2.1/servers/e49e77d6-8d5e-4d89-b129-ac34cd1969c1 0.093s
2024-10-31 11:51:39.121 62240 INFO tempest.lib.common.rest_client [req-620a5a5d-1826-4652-9bc0-675d2a8de2d3 req-620a5a5d-1826-4652-9bc0-675d2a8de2d3 ] Request (AttachInterfacesUnderV243Test:test_add_remove_fixed_ip): 200 GET http://10.180.1.21/compute/v2.1/servers/87f859c6-7a96-4a48-adb8-814a134ad4c8 0.104s
2024-10-31 11:51:39.166 62236 INFO tempest.lib.common.rest_client [req-d307894d-8079-4d9b-9068-66268aec61ae req-d307894d-8079-4d9b-9068-66268aec61ae ] Request (MigrationsAdminTest:test_resize_server_revert_deleted_flavor): 200 GET http://10.180.1.21/compute/v2.1/servers/8672c282-1a66-49b5-9c22-7136b567a52c 0.083s
2024-10-31 11:51:39.166 62274 INFO tempest.lib.common.rest_client [req-60925c27-f32b-4b6d-8dd1-9961d884ea5b req-60925c27-f32b-4b6d-8dd1-9961d884ea5b ] Request (InstanceActionsNegativeTestJSON:setUpClass): 200 GET http://10.180.1.21/compute/v2.1/servers/71248677-92fb-4f66-b089-2cbbdc808bb7 0.132s
2024-10-31 11:51:39.217 62268 INFO tempest.lib.common.rest_client [req-71b9200d-f49b-4c2e-be0d-64001da2b60c req-71b9200d-f49b-4c2e-be0d-64001da2b60c ] Request (DeleteServersTestJSON:test_delete_active_server): 200 GET http://10.180.1.21/compute/v2.1/servers/297c345a-a825-47b1-a9e4-a353758d32ce 0.104s
2024-10-31 11:51:39.227 62248 INFO tempest.lib.common.rest_client [req-f48fc05a-946e-44f5-a50b-d16e29364f9a req-f48fc05a-946e-44f5-a50b-d16e29364f9a ] Request (SecurityGroupsTestJSON:test_server_security_groups): 200 GET http://10.180.1.21/compute/v2.1/servers/9da95edb-f9fb-40f3-9317-d27f1bae0ecf 0.062s
2024-10-31 11:51:39.264 62252 INFO tempest.lib.common.rest_client [req-cd90f376-060d-4190-a021-fc108741870d req-cd90f376-060d-4190-a021-fc108741870d ] Request (ServersTestBootFromVolume:setUpClass): 200 GET http://10.180.1.21/compute/v2.1/servers/9025d114-10da-4cf8-9e5f-2520bfd3b246 0.093s
2024-10-31 11:51:39.269 62276 INFO tempest.lib.common.rest_client [req-f534460b-0189-41e3-af06-daad108a4687 req-f534460b-0189-41e3-af06-daad108a4687 ] Request (ServerAddressesTestJSON:setUpClass): 200 GET http://10.180.1.21/compute/v2.1/servers/a8101e8d-55d0-4f70-9119-f5e176ba8212 0.055s
2024-10-31 11:51:39.305 62254 INFO tempest.lib.common.rest_client [req-69c7ccdd-55d8-401e-92c9-1bca7e292b6d req-69c7ccdd-55d8-401e-92c9-1bca7e292b6d ] Request (InstanceActionsTestJSON:setUpClass): 200 GET http://10.180.1.21/compute/v2.1/servers/f163fb1b-400f-4abb-8df6-0d9ea6449166 0.076s
2024-10-31 11:51:39.352 62258 INFO tempest.lib.common.rest_client [req-6f7dd2ba-4f92-4dcf-90ef-ccfdef221c9a req-6f7dd2ba-4f92-4dcf-90ef-ccfdef221c9a ] Request (ServersTestFqdnHostnames:test_create_server_with_fqdn_name): 200 GET http://10.180.1.21/compute/v2.1/servers/dce49aac-03f3-48ed-9bad-c5eb2d779bae 0.045s
2024-10-31 11:51:39.441 62267 INFO tempest.lib.common.rest_client [req-2f2bfb85-3cf6-480f-ba4c-48b500815d40 req-2f2bfb85-3cf6-480f-ba4c-48b500815d40 ] Request (ImagesOneServerTestJSON:setUpClass): 200 GET http://10.180.1.21/compute/v2.1/servers/fc1f08e8-fd0a-4b84-bc8f-fe3a27136c57 0.050s
2024-10-31 11:51:39.451 62288 INFO tempest.lib.common.rest_client [req-d36c6a5c-de9c-4648-9a61-470059b49a62 req-d36c6a5c-de9c-4648-9a61-470059b49a62 ] Request (ServerShowV257Test:tearDownClass): 200 GET http://10.180.1.21/compute/v2.1/servers/a8f6254f-b867-4967-b4fa-bb70f471f89d 0.056s
2024-10-31 11:51:39.496 62292 INFO tempest.lib.common.rest_client [req-4724b961-8569-4006-bb01-643c2c530274 req-4724b961-8569-4006-bb01-643c2c530274 ] Request (ServersAaction247Test:test_create_backup): 200 GET http://10.180.1.21/compute/v2.1/servers/f0a011bb-4939-4384-885c-6ce482875b4e 0.045s
2024-10-31 11:51:39.575 62294 INFO tempest.lib.common.rest_client [req-20483d29-e856-400b-b3be-522cbf4f2d96 req-20483d29-e856-400b-b3be-522cbf4f2d96 ] Request (MultipleCreateTestJSON:test_multiple_create): 200 GET http://10.180.1.21/compute/v2.1/servers/b9ec575c-034b-46bc-afbd-7a8a07a8e005 0.046s
2024-10-31 11:51:39.576 62244 INFO tempest.lib.common.rest_client [req-f2df69c0-692e-4a98-aebc-d2bf0ab838d2 req-f2df69c0-692e-4a98-aebc-d2bf0ab838d2 ] Request (ServersAdminTestJSON:setUpClass): 200 GET http://10.180.1.21/compute/v2.1/servers/41bc5a14-1d13-4730-80c5-a0bcfb1f0ad1 0.048s
2024-10-31 11:51:39.712 62296 INFO tempest.lib.common.rest_client [req-468c5d22-7300-4ddb-8903-55ed5e10daf9 req-468c5d22-7300-4ddb-8903-55ed5e10daf9 ] Request (ServerActionsV293TestJSON:setUpClass): 200 GET http://10.180.1.21/compute/v2.1/servers/5f205b7d-d93e-436d-9d7d-04c6f767f7ad 0.060s
2024-10-31 11:51:39.713 62286 INFO tempest.lib.common.rest_client [req-4871c79e-458f-42d2-b3b2-d41f7323bb32 req-4871c79e-458f-42d2-b3b2-d41f7323bb32 ] Request (DeleteServersAdminTestJSON:test_delete_server_while_in_error_state): 200 GET http://10.180.1.21/compute/v2.1/servers/70af5d32-254f-4819-8cca-c28346e48139 0.057s
2024-10-31 11:51:39.763 62238 INFO tempest.lib.common.rest_client [req-c8985d72-fdb1-4846-9ae1-1d9a8df04baa req-c8985d72-fdb1-4846-9ae1-1d9a8df04baa ] Request (ServersTestMultiNic:test_verify_duplicate_network_nics): 200 GET http://10.180.1.21/compute/v2.1/servers/6236c44a-e3c6-4302-8f15-4eb8dfaf5960 0.057s
2024-10-31 11:51:39.799 62298 INFO tempest.lib.common.rest_client [req-b608b838-7b64-43e3-96df-f0fdf8f2bcdf req-b608b838-7b64-43e3-96df-f0fdf8f2bcdf ] Request (VolumesAdminNegativeTest:test_update_attached_volume_with_nonexistent_volume_in_uri): 200 GET http://10.180.1.21/compute/v2.1/servers/56e74975-e4fa-4ff8-ab87-aa74125dab78 0.047s
2024-10-31 11:51:39.877 62290 INFO tempest.lib.common.rest_client [req-b49b23b8-dd6c-4365-8d81-4a67c2597758 req-b49b23b8-dd6c-4365-8d81-4a67c2597758 ] Request (AttachVolumeNegativeTest:test_attach_attached_volume_to_same_server): 200 GET http://10.180.1.21/compute/v2.1/servers/bc1ef57d-457d-446a-8ad4-3bab6d331215 0.049s
2024-10-31 11:51:39.918 62270 INFO tempest.lib.common.rest_client [req-0661a4b8-7c80-4587-950c-4b861fbadf7d req-0661a4b8-7c80-4587-950c-4b861fbadf7d ] Request (ServerActionsTestJSON:setUpClass): 200 GET http://10.180.1.21/compute/v2.1/servers/4d167f54-c1fc-4eb0-a4cc-a5edb60fe78e 0.050s
2024-10-31 11:51:39.958 62264 INFO tempest.lib.common.rest_client [req-a3e87628-ffe6-4d7a-9d40-f490e186a4e7 req-a3e87628-ffe6-4d7a-9d40-f490e186a4e7 ] Request (TenantUsagesTestJSON:setUpClass): 200 GET http://10.180.1.21/compute/v2.1/servers/35b6490b-eec9-4dc1-9de3-63c368bdc5d7 0.048s
2024-10-31 11:51:40.007 62283 INFO tempest.lib.common.rest_client [req-be44affb-af25-433d-9701-a3ed46405698 req-be44affb-af25-433d-9701-a3ed46405698 ] Request (ServerActionsTestOtherB:setUpClass): 200 GET http://10.180.1.21/compute/v2.1/servers/b4706725-5e28-4d2a-b4a8-7633ffa63afe 0.051s
2024-10-31 11:51:40.051 62246 INFO tempest.lib.common.rest_client [req-790932b3-2942-483b-99b2-6689c4d9914b req-790932b3-2942-483b-99b2-6689c4d9914b ] Request (ListServersNegativeTestJSON:setUpClass): 200 GET http://10.180.1.21/compute/v2.1/servers/6643cc70-7e92-41e9-b2dc-c531a331086f 0.055s
2024-10-31 11:51:40.094 62242 INFO tempest.lib.common.rest_client [req-e2cf8443-3e1c-4cbf-b646-4025636240c5 req-e2cf8443-3e1c-4cbf-b646-4025636240c5 ] Request (ListImageFiltersTestJSON:setUpClass): 200 GET http://10.180.1.21/compute/v2.1/servers/0d680f38-bd47-4aeb-8845-efa20667623b 0.046s
2024-10-31 11:51:40.127 62284 INFO tempest.lib.common.rest_client [req-5cf3b005-731a-4026-9ce3-8ee88194be4c req-5cf3b005-731a-4026-9ce3-8ee88194be4c ] Request (ServersV294TestFqdnHostnames:setUpClass): 200 GET http://10.180.1.21/compute/v2.1/servers/62ebc97c-3f86-4ef2-b5c4-3d2fe563d179 0.050s
2024-10-31 11:51:40.136 62256 INFO tempest.lib.common.rest_client [req-5a8532ae-6a50-4a58-a804-a0f334581294 req-5a8532ae-6a50-4a58-a804-a0f334581294 ] Request (ImagesTestJSON:test_create_server_from_snapshot): 200 GET http://10.180.1.21/compute/v2.1/servers/a733a167-9713-43b7-bcc0-b0af47879ffc 0.049s
2024-10-31 11:51:40.178 62240 INFO tempest.lib.common.rest_client [req-64ddb185-e6ea-4363-b762-e7d7800b91b6 req-64ddb185-e6ea-4363-b762-e7d7800b91b6 ] Request (AttachInterfacesUnderV243Test:test_add_remove_fixed_ip): 200 GET http://10.180.1.21/compute/v2.1/servers/87f859c6-7a96-4a48-adb8-814a134ad4c8 0.048s
2024-10-31 11:51:40.179 62250 INFO tempest.lib.common.rest_client [req-5afa0675-f108-4f0a-95d9-b2390d42eb4d req-5afa0675-f108-4f0a-95d9-b2390d42eb4d ] Request (ImagesNegativeTestJSON:test_create_image_from_deleted_server): 200 GET http://10.180.1.21/compute/v2.1/servers/e49e77d6-8d5e-4d89-b129-ac34cd1969c1 0.064s
2024-10-31 11:51:40.221 62274 INFO tempest.lib.common.rest_client [req-06cf0388-b9e7-43f8-a4e9-40e1e12d72da req-06cf0388-b9e7-43f8-a4e9-40e1e12d72da ] Request (InstanceActionsNegativeTestJSON:setUpClass): 200 GET http://10.180.1.21/compute/v2.1/servers/71248677-92fb-4f66-b089-2cbbdc808bb7 0.048s
2024-10-31 11:51:40.236 62236 INFO tempest.lib.common.rest_client [req-76baae73-5f26-47a9-84a0-04dea52c1862 req-76baae73-5f26-47a9-84a0-04dea52c1862 ] Request (MigrationsAdminTest:test_resize_server_revert_deleted_flavor): 200 GET http://10.180.1.21/compute/v2.1/servers/8672c282-1a66-49b5-9c22-7136b567a52c 0.061s
2024-10-31 11:51:40.273 62268 INFO tempest.lib.common.rest_client [req-5b98b03b-1670-4378-8509-09714f2e91e6 req-5b98b03b-1670-4378-8509-09714f2e91e6 ] Request (DeleteServersTestJSON:test_delete_active_server): 200 GET http://10.180.1.21/compute/v2.1/servers/297c345a-a825-47b1-a9e4-a353758d32ce 0.048s
2024-10-31 11:51:40.281 62248 INFO tempest.lib.common.rest_client [req-d62b9702-dd7c-4b48-aa26-8a0ca946b46d req-d62b9702-dd7c-4b48-aa26-8a0ca946b46d ] Request (SecurityGroupsTestJSON:test_server_security_groups): 200 GET http://10.180.1.21/compute/v2.1/servers/9da95edb-f9fb-40f3-9317-d27f1bae0ecf 0.046s
