2024-10-31 11:51:04.801 62246 INFO tempest.lib.common.rest_client [req-207b939b-26d3-4c63-82c1-ba13cc3cdf8e req-207b939b-26d3-4c63-82c1-ba13cc3cdf8e ] Request (ListServersNegativeTestJSON:setUpClass): 200 GET http://10.180.1.21/compute/v2.1/servers/6643cc70-7e92-41e9-b2dc-c531a331086f 0.073s
2024-10-31 11:51:04.810 62298 INFO tempest.lib.common.rest_client [req-9b5858c1-fbb7-4297-8de7-ad94fdb204c1 req-9b5858c1-fbb7-4297-8de7-ad94fdb204c1 ] Request (VolumesAdminNegativeTest:test_update_attached_volume_with_nonexistent_volume_in_body): 200 GET http://10.180.1.21/compute/v2.1/servers/975b0c65-6f57-4c7c-ae46-b23920a039f7 0.065s
2024-10-31 11:51:04.865 62270 INFO tempest.lib.common.rest_client [req-06f01307-9bb1-46b6-86f8-4acff489f6c6 req-06f01307-9bb1-46b6-86f8-4acff489f6c6 ] Request (ServerActionsTestJSON:setUpClass): 200 GET http://10.180.1.21/compute/v2.1/servers/4d167f54-c1fc-4eb0-a4cc-a5edb60fe78e 0.075s
2024-10-31 11:51:04.913 62274 INFO tempest.lib.common.rest_client [req-690096ec-989c-4297-9ad3-8a2e69e30ff8 req-690096ec-989c-4297-9ad3-8a2e69e30ff8 ] Request (InstanceActionsNegativeTestJSON:setUpClass): 200 GET http://10.180.1.21/compute/v2.1/servers/71248677-92fb-4f66-b089-2cbbdc808bb7 0.103s
2024-10-31 11:51:04.937 62240 INFO tempest.lib.common.rest_client [req-09ab8044-9f20-4388-90ec-c5b9e1fc8078 req-09ab8044-9f20-4388-90ec-c5b9e1fc8078 ] Request (KeyPairsV22TestJSON:tearDownClass): 200 GET http://10.180.1.21:9696/networking/v2.0/security-groups?tenant_id=f15fb6253c494e4c9b55a5b1864fe686&name=default 0.210s
2024-10-31 11:51:04.961 62288 INFO tempest.lib.common.rest_client [req-8454e179-1ce4-488f-ad6b-3f915cd4ccdf req-8454e179-1ce4-488f-ad6b-3f915cd4ccdf ] Request (ServerShowV257Test:test_rebuild_server): 202 POST http://10.180.1.21/compute/v2.1/servers/a8f6254f-b867-4967-b4fa-bb70f471f89d/action 0.208s
2024-10-31 11:51:04.967 62264 INFO tempest.lib.common.rest_client [req-5bce0792-3037-4d99-9c71-22a2bb22c0ac req-5bce0792-3037-4d99-9c71-22a2bb22c0ac ] Request (TenantUsagesTestJSON:setUpClass): 200 GET http://10.180.1.21/compute/v2.1/servers/35b6490b-eec9-4dc1-9de3-63c368bdc5d7 0.118s
2024-10-31 11:51:05.014 62242 INFO tempest.lib.common.rest_client [req-96643efc-f8f3-42cd-802e-09dd94952223 req-96643efc-f8f3-42cd-802e-09dd94952223 ] Request (ListImageFiltersTestJSON:setUpClass): 200 GET http://10.180.1.21/compute/v2.1/servers/0d680f38-bd47-4aeb-8845-efa20667623b 0.127s
2024-10-31 11:51:05.031 62268 INFO tempest.lib.common.rest_client [req-b737d710-42a3-4ec3-b1d3-f9616a8c6368 req-b737d710-42a3-4ec3-b1d3-f9616a8c6368 ] Request (DeleteServersTestJSON:test_delete_active_server): 200 GET http://10.180.1.21/compute/v2.1/servers/297c345a-a825-47b1-a9e4-a353758d32ce 0.115s
2024-10-31 11:51:05.034 62240 INFO tempest.lib.common.rest_client [req-0d2791c8-6cf0-4a77-b061-32b99431d483 req-0d2791c8-6cf0-4a77-b061-32b99431d483 ] Request (KeyPairsV22TestJSON:tearDownClass): 204 DELETE http://10.180.1.21:9696/networking/v2.0/security-groups/34b05079-6c4b-42f5-96c0-da4beeacf73a 0.096s
2024-10-31 11:51:05.067 62290 INFO tempest.lib.common.rest_client [req-a3ac0339-906a-4fb7-b56f-ca6a7d529f3c req-a3ac0339-906a-4fb7-b56f-ca6a7d529f3c ] Request (AttachVolumeNegativeTest:test_attach_attached_volume_to_different_server): 200 GET http://10.180.1.21/compute/v2.1/servers/ef129347-9ea0-4615-b897-f51e664da1a7 0.119s
2024-10-31 11:51:05.087 62288 INFO tempest.lib.common.rest_client [req-1df28ab1-482e-4a7e-a1c0-e194a256d59b req-1df28ab1-482e-4a7e-a1c0-e194a256d59b ] Request (ServerShowV257Test:test_rebuild_server): 200 GET http://10.180.1.21/compute/v2.1/servers/a8f6254f-b867-4967-b4fa-bb70f471f89d 0.120s
2024-10-31 11:51:05.105 62240 INFO tempest.lib.common.rest_client [req-f95890fb-f37e-49a5-b5f5-4a4238f99a05 req-f95890fb-f37e-49a5-b5f5-4a4238f99a05 ] Request (KeyPairsV22TestJSON:tearDownClass): 204 DELETE http://10.180.1.21/identity/v3/projects/f15fb6253c494e4c9b55a5b1864fe686 0.071s
2024-10-31 11:51:05.110 62236 INFO tempest.lib.common.rest_client [req-eb926d86-dc4d-4519-9a3a-0a6602d6b2e6 req-eb926d86-dc4d-4519-9a3a-0a6602d6b2e6 ] Request (MigrationsAdminTest:test_resize_server_revert_deleted_flavor): 200 GET http://10.180.1.21/compute/v2.1/servers/8672c282-1a66-49b5-9c22-7136b567a52c 0.124s
2024-10-31 11:51:05.141 62248 INFO tempest.lib.common.rest_client [req-e8ab0c3b-6f31-46b0-addc-03d2dac7abdf req-e8ab0c3b-6f31-46b0-addc-03d2dac7abdf ] Request (SecurityGroupsTestJSON:test_server_security_groups): 200 GET http://10.180.1.21/compute/v2.1/servers/9da95edb-f9fb-40f3-9317-d27f1bae0ecf 0.094s
2024-10-31 11:51:05.157 62252 INFO tempest.lib.common.rest_client [req-11d24efb-d93b-4dd9-a4d1-a72d7ece9344 req-11d24efb-d93b-4dd9-a4d1-a72d7ece9344 ] Request (ServersTestBootFromVolume:setUpClass): 200 GET http://10.180.1.21/compute/v2.1/servers/9025d114-10da-4cf8-9e5f-2520bfd3b246 0.050s
2024-10-31 11:51:05.164 62240 INFO tempest.lib.common.rest_client [req-80c9ed23-be0d-4faf-9ab3-6f49cc0f3357 req-80c9ed23-be0d-4faf-9ab3-6f49cc0f3357 ] Request (AttachInterfacesUnderV243Test:setUpClass): 201 POST http://10.180.1.21/identity/v3/auth/tokens 0.057s
2024-10-31 11:51:05.196 62240 INFO tempest.lib.common.rest_client [req-b9457f5e-055d-44a8-9567-c0c3c0f10e39 req-b9457f5e-055d-44a8-9567-c0c3c0f10e39 ] Request (AttachInterfacesUnderV243Test:setUpClass): 201 POST http://10.180.1.21/identity/v3/auth/tokens 0.029s
2024-10-31 11:51:05.215 62240 INFO tempest.lib.common.rest_client [req-3c900f10-3693-413a-8d23-e07e5aa403d8 req-3c900f10-3693-413a-8d23-e07e5aa403d8 ] Request (AttachInterfacesUnderV243Test:setUpClass): 200 GET http://10.180.1.21/identity/v3/domains?name=Default 0.018s
2024-10-31 11:51:05.223 62276 INFO tempest.lib.common.rest_client [req-9f066f1b-d01d-48b7-a3fd-9be0990ee659 req-9f066f1b-d01d-48b7-a3fd-9be0990ee659 ] Request (ServerAddressesTestJSON:setUpClass): 200 GET http://10.180.1.21/compute/v2.1/servers/a8101e8d-55d0-4f70-9119-f5e176ba8212 0.053s
2024-10-31 11:51:05.243 62240 INFO tempest.lib.common.rest_client [req-c96dcae6-a645-4e4b-8d91-8e551d390b80 req-c96dcae6-a645-4e4b-8d91-8e551d390b80 ] Request (AttachInterfacesUnderV243Test:setUpClass): 201 POST http://10.180.1.21/identity/v3/projects 0.028s
2024-10-31 11:51:05.278 62260 INFO tempest.lib.common.rest_client [req-d34fa111-f4df-4ec7-833d-5cf6d86414df req-d34fa111-f4df-4ec7-833d-5cf6d86414df ] Request (ServerMetadataNegativeTestJSON:setUpClass): 200 GET http://10.180.1.21/compute/v2.1/servers/ad2f23df-c067-4d30-b143-e50ebcc50d4e 0.051s
2024-10-31 11:51:05.307 62240 INFO tempest.lib.common.rest_client [req-a77cc4aa-7340-4aa6-b45b-e374ad906426 req-a77cc4aa-7340-4aa6-b45b-e374ad906426 ] Request (AttachInterfacesUnderV243Test:setUpClass): 201 POST http://10.180.1.21/identity/v3/users 0.063s
2024-10-31 11:51:05.329 62240 INFO tempest.lib.common.rest_client [req-c58d1f49-a7b2-4fc3-b90a-eae81611c344 req-c58d1f49-a7b2-4fc3-b90a-eae81611c344 ] Request (AttachInterfacesUnderV243Test:setUpClass): 200 GET http://10.180.1.21/identity/v3/roles 0.021s
2024-10-31 11:51:05.343 62254 INFO tempest.lib.common.rest_client [req-98e54bac-e3da-4099-9f89-61b07d12fd2d req-98e54bac-e3da-4099-9f89-61b07d12fd2d ] Request (InstanceActionsTestJSON:setUpClass): 200 GET http://10.180.1.21/compute/v2.1/servers/f163fb1b-400f-4abb-8df6-0d9ea6449166 0.062s
2024-10-31 11:51:05.359 62240 INFO tempest.lib.common.rest_client [req-30aa6535-95e9-4d5f-9a88-7531b43ad73c req-30aa6535-95e9-4d5f-9a88-7531b43ad73c ] Request (AttachInterfacesUnderV243Test:setUpClass): 204 PUT http://10.180.1.21/identity/v3/projects/e50edf6017d84278bf6680fdd73a9639/users/9f249ad827b244a8891233183bed4a38/roles/d48f916443694e2c85b4e9bbe1b022a5 0.030s
2024-10-31 11:51:05.360 62240 INFO tempest.lib.common.dynamic_creds [-] Dynamic test user 9f249ad827b244a8891233183bed4a38 is created with scope project and roles: ['member']
2024-10-31 11:51:05.360 62240 INFO tempest.lib.common.dynamic_creds [-] Acquired dynamic creds: credentials: Credentials: {'domain_id': 'default', 'domain_name': 'Default', 'username': 'tempest-AttachInterfacesUnderV243Test-1386038916-project-member', 'project_domain_id': 'default', 'project_domain_name': 'Default', 'project_id': 'e50edf6017d84278bf6680fdd73a9639', 'project_name': 'tempest-AttachInterfacesUnderV243Test-1386038916', 'tenant_id': 'e50edf6017d84278bf6680fdd73a9639', 'tenant_name': 'tempest-AttachInterfacesUnderV243Test-1386038916', 'user_domain_id': 'default', 'user_domain_name': 'Default', 'user_id': '9f249ad827b244a8891233183bed4a38', 'system': None}, Network: None, Subnet: None, Router: None
2024-10-31 11:51:05.392 62267 INFO tempest.lib.common.rest_client [req-5062f168-5849-445f-9a5e-cd2661932dcd req-5062f168-5849-445f-9a5e-cd2661932dcd ] Request (ImagesOneServerTestJSON:setUpClass): 200 GET http://10.180.1.21/compute/v2.1/servers/fc1f08e8-fd0a-4b84-bc8f-fe3a27136c57 0.058s
2024-10-31 11:51:05.404 62258 INFO tempest.lib.common.rest_client [req-a841e25a-ccb5-43f2-8257-6eaf1293d96f req-a841e25a-ccb5-43f2-8257-6eaf1293d96f ] Request (ServersTestFqdnHostnames:setUpClass): 200 PUT http://10.180.1.21:9696/networking/v2.0/routers/09854c0a-dbd7-49b8-9d70-98f77ef529ae/add_router_interface 1.022s
2024-10-31 11:51:05.405 62258 INFO tempest.lib.common.dynamic_creds [-] Created isolated network resources for: credentials: Credentials: {'domain_id': 'default', 'domain_name': 'Default', 'username': 'tempest-ServersTestFqdnHostnames-871339318-project-member', 'project_domain_id': 'default', 'project_domain_name': 'Default', 'project_id': '08e97324fd454c64baa0cde923a27612', 'project_name': 'tempest-ServersTestFqdnHostnames-871339318', 'tenant_id': '08e97324fd454c64baa0cde923a27612', 'tenant_name': 'tempest-ServersTestFqdnHostnames-871339318', 'user_domain_id': 'default', 'user_domain_name': 'Default', 'user_id': 'daa8327bd6424f48801bd9479aa1a9d5', 'system': None}, Network: {'id': '40a5d698-16a9-4586-93e2-b6d00a9e95fa', 'name': 'tempest-ServersTestFqdnHostnames-127131901-network', 'tenant_id': '08e97324fd454c64baa0cde923a27612', 'admin_state_up': True, 'mtu': 8950, 'status': 'ACTIVE', 'subnets': [], 'shared': False, 'project_id': '08e97324fd454c64baa0cde923a27612', 'port_security_enabled': True, 'router:external': False, 'provider:network_type': 'vlan', 'provider:physical_network': 'default', 'provider:segmentation_id': 935, 'availability_zone_hints': [], 'availability_zones': [], 'ipv4_address_scope': None, 'ipv6_address_scope': None, 'description': '', 'tags': [], 'created_at': '2024-10-31T11:51:03Z', 'updated_at': '2024-10-31T11:51:03Z', 'revision_number': 1}, Subnet: {'id': '458dc400-c918-494b-a435-1265c9aea58c', 'name': 'tempest-ServersTestFqdnHostnames-127131901-subnet', 'tenant_id': '08e97324fd454c64baa0cde923a27612', 'network_id': '40a5d698-16a9-4586-93e2-b6d00a9e95fa', 'ip_version': 4, 'subnetpool_id': None, 'enable_dhcp': True, 'ipv6_ra_mode': None, 'ipv6_address_mode': None, 'gateway_ip': '192.168.128.1', 'cidr': '192.168.128.0/28', 'allocation_pools': [{'start': '192.168.128.2', 'end': '192.168.128.14'}], 'host_routes': [], 'dns_nameservers': [], 'description': '', 'router:external': False, 'service_types': [], 'tags': [], 'created_at': '2024-10-31T11:51:03Z', 'updated_at': '2024-10-31T11:51:03Z', 'revision_number': 0, 'project_id': '08e97324fd454c64baa0cde923a27612'}, Router: {'id': '09854c0a-dbd7-49b8-9d70-98f77ef529ae', 'name': 'tempest-ServersTestFqdnHostnames-127131901-router', 'tenant_id': '08e97324fd454c64baa0cde923a27612', 'admin_state_up': True, 'status': 'ACTIVE', 'external_gateway_info': {'network_id': 'e45e321b-5c8a-44cd-8f04-32bc93749e22', 'external_fixed_ips': [{'subnet_id': 'e81e6502-5f72-4a3c-8cd5-259dd3262ff0', 'ip_address': '10.180.180.167'}], 'enable_snat': True}, 'description': '', 'availability_zones': [], 'distributed': False, 'ha': False, 'availability_zone_hints': [], 'routes': [], 'flavor_id': None, 'tags': [], 'created_at': '2024-10-31T11:51:03Z', 'updated_at': '2024-10-31T11:51:04Z', 'revision_number': 2, 'project_id': '08e97324fd454c64baa0cde923a27612'}
2024-10-31 11:51:05.430 62240 INFO tempest.lib.common.rest_client [req-6b986af5-ca9f-4b99-ae73-c91e7441f6ed req-6b986af5-ca9f-4b99-ae73-c91e7441f6ed ] Request (AttachInterfacesUnderV243Test:setUpClass): 201 POST http://10.180.1.21/identity/v3/auth/tokens 0.070s
2024-10-31 11:51:05.460 62292 INFO tempest.lib.common.rest_client [req-9b427f80-4187-4f6b-8a90-4750284b5c32 req-9b427f80-4187-4f6b-8a90-4750284b5c32 ] Request (ServersAaction247Test:test_create_backup): 200 GET http://10.180.1.21/compute/v2.1/servers/f0a011bb-4939-4384-885c-6ce482875b4e 0.079s
2024-10-31 11:51:05.519 62258 INFO tempest.lib.common.rest_client [req-00105459-3e3f-4358-b1a2-1cb263910ab9 req-00105459-3e3f-4358-b1a2-1cb263910ab9 ] Request (ServersTestFqdnHostnames:setUpClass): 201 POST http://10.180.1.21/identity/v3/auth/tokens 0.106s
2024-10-31 11:51:05.532 62256 INFO tempest.lib.common.rest_client [req-b3de7b8b-3c50-40cd-b968-da24680f8d58 req-b3de7b8b-3c50-40cd-b968-da24680f8d58 ] Request (ImagesTestJSON:test_create_image_from_suspended_server): 200 GET http://10.180.1.21/compute/v2.1/servers/df154c2a-3616-442d-abb0-83e68cf1141d 0.103s
2024-10-31 11:51:05.546 62238 INFO tempest.lib.common.rest_client [req-6aecb4cf-05fb-4753-bafb-61219e2c4922 req-6aecb4cf-05fb-4753-bafb-61219e2c4922 ] Request (ServersTestMultiNic:test_verify_duplicate_network_nics): 200 GET http://10.180.1.21/compute/v2.1/servers/6236c44a-e3c6-4302-8f15-4eb8dfaf5960 0.062s
2024-10-31 11:51:05.599 62296 INFO tempest.lib.common.rest_client [req-ac115a7c-28bf-4db2-a9a4-31da0a365cfc req-ac115a7c-28bf-4db2-a9a4-31da0a365cfc ] Request (ServerActionsV293TestJSON:setUpClass): 200 GET http://10.180.1.21/compute/v2.1/servers/5f205b7d-d93e-436d-9d7d-04c6f767f7ad 0.108s
2024-10-31 11:51:05.656 62258 INFO tempest.lib.common.rest_client [req-957a8a45-3512-46ab-b246-41e6ba50a8da req-957a8a45-3512-46ab-b246-41e6ba50a8da ] Request (ServersTestFqdnHostnames:test_create_server_with_fqdn_name): 200 POST http://10.180.1.21/compute/v2.1/os-keypairs 0.135s
2024-10-31 11:51:05.657 62280 INFO tempest.lib.common.rest_client [req-128b53c2-f78d-4ef7-a182-018ffdb1afbf req-128b53c2-f78d-4ef7-a182-018ffdb1afbf ] Request (ServersNegativeTestJSON:setUpClass): 200 GET http://10.180.1.21/compute/v2.1/servers/59330fd4-c362-4593-824d-d40c00f3f5d2 0.117s
2024-10-31 11:51:05.729 62244 INFO tempest.lib.common.rest_client [req-d31ffd76-0fd2-4413-8cfc-8ddcf7ec932a req-d31ffd76-0fd2-4413-8cfc-8ddcf7ec932a ] Request (ServersAdminTestJSON:setUpClass): 200 GET http://10.180.1.21/compute/v2.1/servers/41bc5a14-1d13-4730-80c5-a0bcfb1f0ad1 0.185s
2024-10-31 11:51:05.736 62250 INFO tempest.lib.common.rest_client [req-b6d8d783-b065-42a2-802f-c9f704757e35 req-b6d8d783-b065-42a2-802f-c9f704757e35 ] Request (ServersAdmin275Test:_run_cleanups): 200 GET http://10.180.1.21/compute/v2.1/servers/e4ada227-b79a-457a-b063-dde99840aa14 0.132s
2024-10-31 11:51:05.793 62286 INFO tempest.lib.common.rest_client [req-bd9176f5-27aa-4f92-ae8f-fececbaf531d req-bd9176f5-27aa-4f92-ae8f-fececbaf531d ] Request (DeleteServersAdminTestJSON:test_delete_server_while_in_error_state): 200 GET http://10.180.1.21/compute/v2.1/servers/70af5d32-254f-4819-8cca-c28346e48139 0.140s
2024-10-31 11:51:05.796 62294 INFO tempest.lib.common.rest_client [req-b90929cb-76b9-45ec-9e6e-31beff7ba71a req-b90929cb-76b9-45ec-9e6e-31beff7ba71a ] Request (ServerExternalEventsTest:test_create_server_external_events): 200 GET http://10.180.1.21/compute/v2.1/servers/e37ac276-8a3e-45b3-8176-d972eb4e6e3e 0.175s
2024-10-31 11:51:05.821 62258 INFO tempest.lib.common.rest_client [req-24eea9b4-b57b-4352-b6c7-70738ab3af04 req-24eea9b4-b57b-4352-b6c7-70738ab3af04 ] Request (ServersTestFqdnHostnames:test_create_server_with_fqdn_name): 201 POST http://10.180.1.21:9696/networking/v2.0/security-groups 0.163s
2024-10-31 11:51:05.852 62283 INFO tempest.lib.common.rest_client [req-3af5c9e8-038e-41b4-97d3-ba2447d146ee req-3af5c9e8-038e-41b4-97d3-ba2447d146ee ] Request (ServerActionsTestOtherB:setUpClass): 200 GET http://10.180.1.21/compute/v2.1/servers/b4706725-5e28-4d2a-b4a8-7633ffa63afe 0.098s
2024-10-31 11:51:05.858 62284 INFO tempest.lib.common.rest_client [req-a380d011-e235-412e-967a-870cd15acebd req-a380d011-e235-412e-967a-870cd15acebd ] Request (ServersV294TestFqdnHostnames:setUpClass): 200 GET http://10.180.1.21/compute/v2.1/servers/62ebc97c-3f86-4ef2-b5c4-3d2fe563d179 0.171s
2024-10-31 11:51:05.865 62240 INFO tempest.lib.common.rest_client [req-e5c61519-835c-4aa6-80aa-518ed6313350 req-e5c61519-835c-4aa6-80aa-518ed6313350 ] Request (AttachInterfacesUnderV243Test:setUpClass): 201 POST http://10.180.1.21:9696/networking/v2.0/networks 0.434s
2024-10-31 11:51:05.914 62246 INFO tempest.lib.common.rest_client [req-ecde4cb7-45a6-4b04-b92e-870918cd9d4b req-ecde4cb7-45a6-4b04-b92e-870918cd9d4b ] Request (ListServersNegativeTestJSON:setUpClass): 200 GET http://10.180.1.21/compute/v2.1/servers/6643cc70-7e92-41e9-b2dc-c531a331086f 0.101s
2024-10-31 11:51:06.002 62270 INFO tempest.lib.common.rest_client [req-12e6dcde-12ed-4a75-b58f-cd7309f6ee83 req-12e6dcde-12ed-4a75-b58f-cd7309f6ee83 ] Request (ServerActionsTestJSON:setUpClass): 200 GET http://10.180.1.21/compute/v2.1/servers/4d167f54-c1fc-4eb0-a4cc-a5edb60fe78e 0.128s
2024-10-31 11:51:06.010 62258 INFO tempest.lib.common.rest_client [req-912181ad-a937-4db6-aef8-49f142529261 req-912181ad-a937-4db6-aef8-49f142529261 ] Request (ServersTestFqdnHostnames:test_create_server_with_fqdn_name): 201 POST http://10.180.1.21:9696/networking/v2.0/security-group-rules 0.187s
2024-10-31 11:51:06.062 62298 INFO tempest.lib.common.rest_client [req-6357a93e-683d-4960-b6e6-3034ebb8a219 req-6357a93e-683d-4960-b6e6-3034ebb8a219 ] Request (VolumesAdminNegativeTest:test_update_attached_volume_with_nonexistent_volume_in_body): 200 GET http://10.180.1.21/compute/v2.1/servers/975b0c65-6f57-4c7c-ae46-b23920a039f7 0.241s
2024-10-31 11:51:06.068 62298 INFO tempest.common.waiters [-] State transition "BUILD/None" ==> "BUILD/block_device_mapping" after 54 second wait
2024-10-31 11:51:06.070 62274 INFO tempest.lib.common.rest_client [req-9fff25e5-d41c-4bfd-a164-43754d3abcae req-9fff25e5-d41c-4bfd-a164-43754d3abcae ] Request (InstanceActionsNegativeTestJSON:setUpClass): 200 GET http://10.180.1.21/compute/v2.1/servers/71248677-92fb-4f66-b089-2cbbdc808bb7 0.150s
2024-10-31 11:51:06.120 62264 INFO tempest.lib.common.rest_client [req-091b62cc-d86c-48ac-8eae-301c691ca2d3 req-091b62cc-d86c-48ac-8eae-301c691ca2d3 ] Request (TenantUsagesTestJSON:setUpClass): 200 GET http://10.180.1.21/compute/v2.1/servers/35b6490b-eec9-4dc1-9de3-63c368bdc5d7 0.141s
2024-10-31 11:51:06.142 62242 INFO tempest.lib.common.rest_client [req-ee90abe2-e037-4ca2-95da-1ae7deaeeb79 req-ee90abe2-e037-4ca2-95da-1ae7deaeeb79 ] Request (ListImageFiltersTestJSON:setUpClass): 200 GET http://10.180.1.21/compute/v2.1/servers/0d680f38-bd47-4aeb-8845-efa20667623b 0.121s
2024-10-31 11:51:06.184 62268 INFO tempest.lib.common.rest_client [req-3607c5f2-59ac-4910-93ee-28bc426319e4 req-3607c5f2-59ac-4910-93ee-28bc426319e4 ] Request (DeleteServersTestJSON:test_delete_active_server): 200 GET http://10.180.1.21/compute/v2.1/servers/297c345a-a825-47b1-a9e4-a353758d32ce 0.144s
2024-10-31 11:51:06.197 62258 INFO tempest.lib.common.rest_client [req-7c4f315b-df77-408a-a22f-2673be79cad5 req-7c4f315b-df77-408a-a22f-2673be79cad5 ] Request (ServersTestFqdnHostnames:test_create_server_with_fqdn_name): 201 POST http://10.180.1.21:9696/networking/v2.0/security-group-rules 0.187s
2024-10-31 11:51:06.209 62240 INFO tempest.lib.common.rest_client [req-13f66219-6ecb-465f-8da4-183c6bf7ec6d req-13f66219-6ecb-465f-8da4-183c6bf7ec6d ] Request (AttachInterfacesUnderV243Test:setUpClass): 201 POST http://10.180.1.21:9696/networking/v2.0/subnets 0.343s
2024-10-31 11:51:06.213 62290 INFO tempest.lib.common.rest_client [req-84696337-dad4-4a9e-98a2-e648798220a8 req-84696337-dad4-4a9e-98a2-e648798220a8 ] Request (AttachVolumeNegativeTest:test_attach_attached_volume_to_different_server): 200 GET http://10.180.1.21/compute/v2.1/servers/ef129347-9ea0-4615-b897-f51e664da1a7 0.139s
2024-10-31 11:51:06.276 62236 INFO tempest.lib.common.rest_client [req-02ed3215-d541-4373-b13c-ef3ece00a0d3 req-02ed3215-d541-4373-b13c-ef3ece00a0d3 ] Request (MigrationsAdminTest:test_resize_server_revert_deleted_flavor): 200 GET http://10.180.1.21/compute/v2.1/servers/8672c282-1a66-49b5-9c22-7136b567a52c 0.158s
2024-10-31 11:51:06.284 62288 INFO tempest.lib.common.rest_client [req-0baf75b3-07dd-42a8-a9b2-9020994b2310 req-0baf75b3-07dd-42a8-a9b2-9020994b2310 ] Request (ServerShowV257Test:test_rebuild_server): 200 GET http://10.180.1.21/compute/v2.1/servers/a8f6254f-b867-4967-b4fa-bb70f471f89d 0.183s
2024-10-31 11:51:06.362 62252 INFO tempest.lib.common.rest_client [req-a5c49265-a369-4e7c-9e77-5d8405173461 req-a5c49265-a369-4e7c-9e77-5d8405173461 ] Request (ServersTestBootFromVolume:setUpClass): 200 GET http://10.180.1.21/compute/v2.1/servers/9025d114-10da-4cf8-9e5f-2520bfd3b246 0.197s
2024-10-31 11:51:06.366 62248 INFO tempest.lib.common.rest_client [req-cbbe4238-78db-4d3c-bb87-39af0f15781a req-cbbe4238-78db-4d3c-bb87-39af0f15781a ] Request (SecurityGroupsTestJSON:test_server_security_groups): 200 GET http://10.180.1.21/compute/v2.1/servers/9da95edb-f9fb-40f3-9317-d27f1bae0ecf 0.218s
2024-10-31 11:51:06.425 62276 INFO tempest.lib.common.rest_client [req-89afcc6a-973a-43bf-8c9c-73675ccca822 req-89afcc6a-973a-43bf-8c9c-73675ccca822 ] Request (ServerAddressesTestJSON:setUpClass): 200 GET http://10.180.1.21/compute/v2.1/servers/a8101e8d-55d0-4f70-9119-f5e176ba8212 0.195s
2024-10-31 11:51:06.460 62260 INFO tempest.lib.common.rest_client [req-b8969a43-3d58-4043-ae86-3836dcd44f40 req-b8969a43-3d58-4043-ae86-3836dcd44f40 ] Request (ServerMetadataNegativeTestJSON:setUpClass): 200 GET http://10.180.1.21/compute/v2.1/servers/ad2f23df-c067-4d30-b143-e50ebcc50d4e 0.170s
2024-10-31 11:51:06.480 62254 INFO tempest.lib.common.rest_client [req-0368d72a-f4ce-4b7f-8e6b-577b5a6bb44c req-0368d72a-f4ce-4b7f-8e6b-577b5a6bb44c ] Request (InstanceActionsTestJSON:setUpClass): 200 GET http://10.180.1.21/compute/v2.1/servers/f163fb1b-400f-4abb-8df6-0d9ea6449166 0.127s
2024-10-31 11:51:06.516 62267 INFO tempest.lib.common.rest_client [req-c066f31f-67a2-417e-b608-621644debc49 req-c066f31f-67a2-417e-b608-621644debc49 ] Request (ImagesOneServerTestJSON:setUpClass): 200 GET http://10.180.1.21/compute/v2.1/servers/fc1f08e8-fd0a-4b84-bc8f-fe3a27136c57 0.117s
2024-10-31 11:51:06.542 62292 INFO tempest.lib.common.rest_client [req-92b90ea1-7918-404d-b57c-f962647c6ac3 req-92b90ea1-7918-404d-b57c-f962647c6ac3 ] Request (ServersAaction247Test:test_create_backup): 200 GET http://10.180.1.21/compute/v2.1/servers/f0a011bb-4939-4384-885c-6ce482875b4e 0.068s
2024-10-31 11:51:06.606 62256 INFO tempest.lib.common.rest_client [req-6d5efe12-3c05-4b0b-b55f-e34750175018 req-6d5efe12-3c05-4b0b-b55f-e34750175018 ] Request (ImagesTestJSON:test_create_image_from_suspended_server): 200 GET http://10.180.1.21/compute/v2.1/servers/df154c2a-3616-442d-abb0-83e68cf1141d 0.065s
2024-10-31 11:51:06.613 62238 INFO tempest.lib.common.rest_client [req-d11f59e5-b7be-4ff5-990f-ce72cfe97777 req-d11f59e5-b7be-4ff5-990f-ce72cfe97777 ] Request (ServersTestMultiNic:test_verify_duplicate_network_nics): 200 GET http://10.180.1.21/compute/v2.1/servers/6236c44a-e3c6-4302-8f15-4eb8dfaf5960 0.060s
2024-10-31 11:51:06.685 62296 INFO tempest.lib.common.rest_client [req-145a0437-8afd-4d4d-8d68-0e80366badc7 req-145a0437-8afd-4d4d-8d68-0e80366badc7 ] Request (ServerActionsV293TestJSON:setUpClass): 200 GET http://10.180.1.21/compute/v2.1/servers/5f205b7d-d93e-436d-9d7d-04c6f767f7ad 0.075s
2024-10-31 11:51:06.752 62280 INFO tempest.lib.common.rest_client [req-6fefdd9a-75b5-4cf4-a0fb-7b18740150c1 req-6fefdd9a-75b5-4cf4-a0fb-7b18740150c1 ] Request (ServersNegativeTestJSON:setUpClass): 200 GET http://10.180.1.21/compute/v2.1/servers/59330fd4-c362-4593-824d-d40c00f3f5d2 0.085s
2024-10-31 11:51:06.795 62244 INFO tempest.lib.common.rest_client [req-b72ad921-7122-46d5-847e-2d5fa69dd39d req-b72ad921-7122-46d5-847e-2d5fa69dd39d ] Request (ServersAdminTestJSON:setUpClass): 200 GET http://10.180.1.21/compute/v2.1/servers/41bc5a14-1d13-4730-80c5-a0bcfb1f0ad1 0.058s
2024-10-31 11:51:06.823 62250 INFO tempest.lib.common.rest_client [req-0edc9a46-c0d7-4b67-8c6b-bd439099d5f4 req-0edc9a46-c0d7-4b67-8c6b-bd439099d5f4 ] Request (ServersAdmin275Test:_run_cleanups): 200 GET http://10.180.1.21/compute/v2.1/servers/e4ada227-b79a-457a-b063-dde99840aa14 0.072s
2024-10-31 11:51:06.888 62294 INFO tempest.lib.common.rest_client [req-bf0e08a9-4cd5-4dc1-b83c-efe7eb7d3b1f req-bf0e08a9-4cd5-4dc1-b83c-efe7eb7d3b1f ] Request (ServerExternalEventsTest:test_create_server_external_events): 200 GET http://10.180.1.21/compute/v2.1/servers/e37ac276-8a3e-45b3-8176-d972eb4e6e3e 0.083s
2024-10-31 11:51:06.942 62283 INFO tempest.lib.common.rest_client [req-4026c092-db6a-4fb8-ba23-60de76ef7835 req-4026c092-db6a-4fb8-ba23-60de76ef7835 ] Request (ServerActionsTestOtherB:setUpClass): 200 GET http://10.180.1.21/compute/v2.1/servers/b4706725-5e28-4d2a-b4a8-7633ffa63afe 0.080s
2024-10-31 11:51:06.948 62283 INFO tempest.common.waiters [-] State transition "BUILD/scheduling" ==> "BUILD/None" after 47 second wait
2024-10-31 11:51:06.989 62258 INFO tempest.lib.common.rest_client [req-7bd594e9-891e-4559-b51e-fa219ec4f047 req-7bd594e9-891e-4559-b51e-fa219ec4f047 ] Request (ServersTestFqdnHostnames:test_create_server_with_fqdn_name): 201 POST http://10.180.1.21:9696/networking/v2.0/floatingips 0.792s
2024-10-31 11:51:06.994 62286 INFO tempest.lib.common.rest_client [req-fa0b0349-0317-44d3-aa27-86ddba62ed24 req-fa0b0349-0317-44d3-aa27-86ddba62ed24 ] Request (DeleteServersAdminTestJSON:test_delete_server_while_in_error_state): 200 GET http://10.180.1.21/compute/v2.1/servers/70af5d32-254f-4819-8cca-c28346e48139 0.190s
2024-10-31 11:51:07.015 62284 INFO tempest.lib.common.rest_client [req-a04edbc4-c6ac-48cc-803d-7015540d3570 req-a04edbc4-c6ac-48cc-803d-7015540d3570 ] Request (ServersV294TestFqdnHostnames:setUpClass): 200 GET http://10.180.1.21/compute/v2.1/servers/62ebc97c-3f86-4ef2-b5c4-3d2fe563d179 0.142s
2024-10-31 11:51:07.039 62258 INFO tempest.lib.common.rest_client [req-346c9579-4a2d-4b8c-8d26-81e695ebac59 req-346c9579-4a2d-4b8c-8d26-81e695ebac59 ] Request (ServersTestFqdnHostnames:test_create_server_with_fqdn_name): 201 POST http://10.180.1.21/identity/v3/auth/tokens 0.047s
2024-10-31 11:51:07.039 62258 INFO tempest.lib.common.fixed_network [-] (ServersTestFqdnHostnames:test_create_server_with_fqdn_name) Found network {'id': '40a5d698-16a9-4586-93e2-b6d00a9e95fa', 'name': 'tempest-ServersTestFqdnHostnames-127131901-network', 'tenant_id': '08e97324fd454c64baa0cde923a27612', 'admin_state_up': True, 'mtu': 8950, 'status': 'ACTIVE', 'subnets': [], 'shared': False, 'project_id': '08e97324fd454c64baa0cde923a27612', 'port_security_enabled': True, 'router:external': False, 'provider:network_type': 'vlan', 'provider:physical_network': 'default', 'provider:segmentation_id': 935, 'availability_zone_hints': [], 'availability_zones': [], 'ipv4_address_scope': None, 'ipv6_address_scope': None, 'description': '', 'tags': [], 'created_at': '2024-10-31T11:51:03Z', 'updated_at': '2024-10-31T11:51:03Z', 'revision_number': 1} available for tenant
2024-10-31 11:51:07.063 62246 INFO tempest.lib.common.rest_client [req-a0102b34-04e8-4dce-9ba1-ea76aa59e65f req-a0102b34-04e8-4dce-9ba1-ea76aa59e65f ] Request (ListServersNegativeTestJSON:setUpClass): 200 GET http://10.180.1.21/compute/v2.1/servers/6643cc70-7e92-41e9-b2dc-c531a331086f 0.139s
2024-10-31 11:51:07.071 62270 INFO tempest.lib.common.rest_client [req-a08d6ea5-c8cb-452f-97a7-65ec4d6adb35 req-a08d6ea5-c8cb-452f-97a7-65ec4d6adb35 ] Request (ServerActionsTestJSON:setUpClass): 200 GET http://10.180.1.21/compute/v2.1/servers/4d167f54-c1fc-4eb0-a4cc-a5edb60fe78e 0.059s
2024-10-31 11:51:07.221 62298 INFO tempest.lib.common.rest_client [req-6548b902-99bc-4654-beab-c14bd1bfd467 req-6548b902-99bc-4654-beab-c14bd1bfd467 ] Request (VolumesAdminNegativeTest:test_update_attached_volume_with_nonexistent_volume_in_body): 200 GET http://10.180.1.21/compute/v2.1/servers/975b0c65-6f57-4c7c-ae46-b23920a039f7 0.152s
2024-10-31 11:51:07.230 62298 INFO tempest.common.waiters [-] State transition "BUILD/block_device_mapping" ==> "BUILD/spawning" after 55 second wait
2024-10-31 11:51:07.281 62274 INFO tempest.lib.common.rest_client [req-98ce8f4d-5e5b-4ae8-a001-d127288e5845 req-98ce8f4d-5e5b-4ae8-a001-d127288e5845 ] Request (InstanceActionsNegativeTestJSON:setUpClass): 200 GET http://10.180.1.21/compute/v2.1/servers/71248677-92fb-4f66-b089-2cbbdc808bb7 0.198s
2024-10-31 11:51:07.337 62264 INFO tempest.lib.common.rest_client [req-b25106e8-081c-40b2-a3d8-17de70e6f877 req-b25106e8-081c-40b2-a3d8-17de70e6f877 ] Request (TenantUsagesTestJSON:setUpClass): 200 GET http://10.180.1.21/compute/v2.1/servers/35b6490b-eec9-4dc1-9de3-63c368bdc5d7 0.207s
2024-10-31 11:51:07.352 62240 INFO tempest.lib.common.rest_client [req-acb42564-8028-4980-a9d5-a392a764436e req-acb42564-8028-4980-a9d5-a392a764436e ] Request (AttachInterfacesUnderV243Test:setUpClass): 201 POST http://10.180.1.21:9696/networking/v2.0/routers 1.142s
2024-10-31 11:51:07.396 62242 INFO tempest.lib.common.rest_client [req-47c5aeb7-efdd-40b7-86b8-b6c5039b9737 req-47c5aeb7-efdd-40b7-86b8-b6c5039b9737 ] Request (ListImageFiltersTestJSON:setUpClass): 200 GET http://10.180.1.21/compute/v2.1/servers/0d680f38-bd47-4aeb-8845-efa20667623b 0.242s
2024-10-31 11:51:07.458 62268 INFO tempest.lib.common.rest_client [req-7a1d7e4f-9917-496e-99af-43842e43204c req-7a1d7e4f-9917-496e-99af-43842e43204c ] Request (DeleteServersTestJSON:test_delete_active_server): 200 GET http://10.180.1.21/compute/v2.1/servers/297c345a-a825-47b1-a9e4-a353758d32ce 0.261s
2024-10-31 11:51:07.508 62290 INFO tempest.lib.common.rest_client [req-f62ec20b-4614-4b97-897a-8b0d5fbb8c3c req-f62ec20b-4614-4b97-897a-8b0d5fbb8c3c ] Request (AttachVolumeNegativeTest:test_attach_attached_volume_to_different_server): 200 GET http://10.180.1.21/compute/v2.1/servers/ef129347-9ea0-4615-b897-f51e664da1a7 0.280s
2024-10-31 11:51:07.513 62258 INFO tempest.lib.common.rest_client [req-aa6c2ec3-d739-4bac-87f0-ebbad3d9388c req-aa6c2ec3-d739-4bac-87f0-ebbad3d9388c ] Request (ServersTestFqdnHostnames:test_create_server_with_fqdn_name): 202 POST http://10.180.1.21/compute/v2.1/servers 0.472s
2024-10-31 11:51:07.571 62236 INFO tempest.lib.common.rest_client [req-c8b44fda-abb0-4c5d-b214-21b1777ec78a req-c8b44fda-abb0-4c5d-b214-21b1777ec78a ] Request (MigrationsAdminTest:test_resize_server_revert_deleted_flavor): 200 GET http://10.180.1.21/compute/v2.1/servers/8672c282-1a66-49b5-9c22-7136b567a52c 0.286s
2024-10-31 11:51:07.575 62288 INFO tempest.lib.common.rest_client [req-d1cda5d4-372f-4c7e-8866-f593b2add38d req-d1cda5d4-372f-4c7e-8866-f593b2add38d ] Request (ServerShowV257Test:test_rebuild_server): 200 GET http://10.180.1.21/compute/v2.1/servers/a8f6254f-b867-4967-b4fa-bb70f471f89d 0.278s
2024-10-31 11:51:07.624 62252 INFO tempest.lib.common.rest_client [req-29f91c1d-982a-4ff7-a60c-15cc8c5be644 req-29f91c1d-982a-4ff7-a60c-15cc8c5be644 ] Request (ServersTestBootFromVolume:setUpClass): 200 GET http://10.180.1.21/compute/v2.1/servers/9025d114-10da-4cf8-9e5f-2520bfd3b246 0.253s
2024-10-31 11:51:07.639 62248 INFO tempest.lib.common.rest_client [req-3afa7bd4-4648-445a-ab77-733cdcadf755 req-3afa7bd4-4648-445a-ab77-733cdcadf755 ] Request (SecurityGroupsTestJSON:test_server_security_groups): 200 GET http://10.180.1.21/compute/v2.1/servers/9da95edb-f9fb-40f3-9317-d27f1bae0ecf 0.264s
2024-10-31 11:51:07.683 62276 INFO tempest.lib.common.rest_client [req-7334bef7-7064-4686-8687-82ac468c51d3 req-7334bef7-7064-4686-8687-82ac468c51d3 ] Request (ServerAddressesTestJSON:setUpClass): 200 GET http://10.180.1.21/compute/v2.1/servers/a8101e8d-55d0-4f70-9119-f5e176ba8212 0.249s
2024-10-31 11:51:07.717 62260 INFO tempest.lib.common.rest_client [req-bf55967a-ad9d-4b26-a58c-ef3767faf1f6 req-bf55967a-ad9d-4b26-a58c-ef3767faf1f6 ] Request (ServerMetadataNegativeTestJSON:setUpClass): 200 GET http://10.180.1.21/compute/v2.1/servers/ad2f23df-c067-4d30-b143-e50ebcc50d4e 0.249s
2024-10-31 11:51:07.750 62254 INFO tempest.lib.common.rest_client [req-78982a57-8133-4df6-8b57-6b7e98aca2eb req-78982a57-8133-4df6-8b57-6b7e98aca2eb ] Request (InstanceActionsTestJSON:setUpClass): 200 GET http://10.180.1.21/compute/v2.1/servers/f163fb1b-400f-4abb-8df6-0d9ea6449166 0.259s
2024-10-31 11:51:07.757 62258 INFO tempest.lib.common.rest_client [req-c52f4d3d-4e08-42b0-84e0-4448761f9628 req-c52f4d3d-4e08-42b0-84e0-4448761f9628 ] Request (ServersTestFqdnHostnames:test_create_server_with_fqdn_name): 200 GET http://10.180.1.21/compute/v2.1/servers/dce49aac-03f3-48ed-9bad-c5eb2d779bae 0.242s
2024-10-31 11:51:07.803 62267 INFO tempest.lib.common.rest_client [req-f054879e-ecb1-4056-8860-6ac567e3e5d4 req-f054879e-ecb1-4056-8860-6ac567e3e5d4 ] Request (ImagesOneServerTestJSON:setUpClass): 200 GET http://10.180.1.21/compute/v2.1/servers/fc1f08e8-fd0a-4b84-bc8f-fe3a27136c57 0.278s
2024-10-31 11:51:07.811 62292 INFO tempest.lib.common.rest_client [req-51fe2cd1-828c-4c3f-b64b-aa6abd1dddf6 req-51fe2cd1-828c-4c3f-b64b-aa6abd1dddf6 ] Request (ServersAaction247Test:test_create_backup): 200 GET http://10.180.1.21/compute/v2.1/servers/f0a011bb-4939-4384-885c-6ce482875b4e 0.260s
2024-10-31 11:51:07.853 62256 INFO tempest.lib.common.rest_client [req-f8f6d29c-006e-4cac-8a12-099204d54f55 req-f8f6d29c-006e-4cac-8a12-099204d54f55 ] Request (ImagesTestJSON:test_create_image_from_suspended_server): 200 GET http://10.180.1.21/compute/v2.1/servers/df154c2a-3616-442d-abb0-83e68cf1141d 0.235s
2024-10-31 11:51:07.859 62238 INFO tempest.lib.common.rest_client [req-89a51b64-f51d-4021-886a-91df52677df6 req-89a51b64-f51d-4021-886a-91df52677df6 ] Request (ServersTestMultiNic:test_verify_duplicate_network_nics): 200 GET http://10.180.1.21/compute/v2.1/servers/6236c44a-e3c6-4302-8f15-4eb8dfaf5960 0.238s
2024-10-31 11:51:07.909 62296 INFO tempest.lib.common.rest_client [req-2bf66ba4-e8c2-4c3d-bd55-b29948359bb4 req-2bf66ba4-e8c2-4c3d-bd55-b29948359bb4 ] Request (ServerActionsV293TestJSON:setUpClass): 200 GET http://10.180.1.21/compute/v2.1/servers/5f205b7d-d93e-436d-9d7d-04c6f767f7ad 0.213s
2024-10-31 11:51:07.910 62280 INFO tempest.lib.common.rest_client [req-5954c849-23c9-46e8-b0bd-481a4f67bd05 req-5954c849-23c9-46e8-b0bd-481a4f67bd05 ] Request (ServersNegativeTestJSON:setUpClass): 200 GET http://10.180.1.21/compute/v2.1/servers/59330fd4-c362-4593-824d-d40c00f3f5d2 0.148s
2024-10-31 11:51:07.960 62244 INFO tempest.lib.common.rest_client [req-931d7b0a-fbd9-4872-a1ef-7463d1abaa5c req-931d7b0a-fbd9-4872-a1ef-7463d1abaa5c ] Request (ServersAdminTestJSON:setUpClass): 200 GET http://10.180.1.21/compute/v2.1/servers/41bc5a14-1d13-4730-80c5-a0bcfb1f0ad1 0.155s
2024-10-31 11:51:07.973 62250 INFO tempest.lib.common.rest_client [req-6d92a769-4c1b-4575-9ba9-b6969e764ba5 req-6d92a769-4c1b-4575-9ba9-b6969e764ba5 ] Request (ServersAdmin275Test:_run_cleanups): 200 GET http://10.180.1.21/compute/v2.1/servers/e4ada227-b79a-457a-b063-dde99840aa14 0.140s
2024-10-31 11:51:08.006 62294 INFO tempest.lib.common.rest_client [req-f52940fb-e1cb-4712-8fb3-08895be92172 req-f52940fb-e1cb-4712-8fb3-08895be92172 ] Request (ServerExternalEventsTest:test_create_server_external_events): 200 GET http://10.180.1.21/compute/v2.1/servers/e37ac276-8a3e-45b3-8176-d972eb4e6e3e 0.107s
2024-10-31 11:51:08.065 62286 INFO tempest.lib.common.rest_client [req-204c8592-5e0a-4db2-a190-1d043fdf4b02 req-204c8592-5e0a-4db2-a190-1d043fdf4b02 ] Request (DeleteServersAdminTestJSON:test_delete_server_while_in_error_state): 200 GET http://10.180.1.21/compute/v2.1/servers/70af5d32-254f-4819-8cca-c28346e48139 0.058s
2024-10-31 11:51:08.129 62284 INFO tempest.lib.common.rest_client [req-054b6e40-ed6d-444c-b7d6-56cef58606b9 req-054b6e40-ed6d-444c-b7d6-56cef58606b9 ] Request (ServersV294TestFqdnHostnames:setUpClass): 200 GET http://10.180.1.21/compute/v2.1/servers/62ebc97c-3f86-4ef2-b5c4-3d2fe563d179 0.100s
2024-10-31 11:51:08.176 62246 INFO tempest.lib.common.rest_client [req-84f67ea4-e4e5-4a29-9642-543d81e67e58 req-84f67ea4-e4e5-4a29-9642-543d81e67e58 ] Request (ListServersNegativeTestJSON:setUpClass): 200 GET http://10.180.1.21/compute/v2.1/servers/6643cc70-7e92-41e9-b2dc-c531a331086f 0.107s
2024-10-31 11:51:08.193 62283 INFO tempest.lib.common.rest_client [req-237f9c23-d9c1-4c18-b111-846239df6796 req-237f9c23-d9c1-4c18-b111-846239df6796 ] Request (ServerActionsTestOtherB:setUpClass): 200 GET http://10.180.1.21/compute/v2.1/servers/b4706725-5e28-4d2a-b4a8-7633ffa63afe 0.243s
2024-10-31 11:51:08.221 62270 INFO tempest.lib.common.rest_client [req-e804777c-c464-4576-8905-4fb20124e6ee req-e804777c-c464-4576-8905-4fb20124e6ee ] Request (ServerActionsTestJSON:setUpClass): 200 GET http://10.180.1.21/compute/v2.1/servers/4d167f54-c1fc-4eb0-a4cc-a5edb60fe78e 0.139s
2024-10-31 11:51:08.295 62298 INFO tempest.lib.common.rest_client [req-f6f7623a-8e2e-4a7f-a8d4-48b5b23aba09 req-f6f7623a-8e2e-4a7f-a8d4-48b5b23aba09 ] Request (VolumesAdminNegativeTest:test_update_attached_volume_with_nonexistent_volume_in_body): 200 GET http://10.180.1.21/compute/v2.1/servers/975b0c65-6f57-4c7c-ae46-b23920a039f7 0.063s
2024-10-31 11:51:08.352 62274 INFO tempest.lib.common.rest_client [req-1a3615ac-1414-4727-9000-3e01b65673e7 req-1a3615ac-1414-4727-9000-3e01b65673e7 ] Request (InstanceActionsNegativeTestJSON:setUpClass): 200 GET http://10.180.1.21/compute/v2.1/servers/71248677-92fb-4f66-b089-2cbbdc808bb7 0.054s
2024-10-31 11:51:08.410 62264 INFO tempest.lib.common.rest_client [req-40b7db5f-6e17-48da-8f8e-728c6cc63aa2 req-40b7db5f-6e17-48da-8f8e-728c6cc63aa2 ] Request (TenantUsagesTestJSON:setUpClass): 200 GET http://10.180.1.21/compute/v2.1/servers/35b6490b-eec9-4dc1-9de3-63c368bdc5d7 0.066s
2024-10-31 11:51:08.465 62242 INFO tempest.lib.common.rest_client [req-bde87798-940c-4486-894b-f4032646bfba req-bde87798-940c-4486-894b-f4032646bfba ] Request (ListImageFiltersTestJSON:setUpClass): 200 GET http://10.180.1.21/compute/v2.1/servers/0d680f38-bd47-4aeb-8845-efa20667623b 0.060s
2024-10-31 11:51:08.525 62268 INFO tempest.lib.common.rest_client [req-0384cb59-d0d2-4203-9793-7892130d82c2 req-0384cb59-d0d2-4203-9793-7892130d82c2 ] Request (DeleteServersTestJSON:test_delete_active_server): 200 GET http://10.180.1.21/compute/v2.1/servers/297c345a-a825-47b1-a9e4-a353758d32ce 0.059s
2024-10-31 11:51:08.568 62290 INFO tempest.lib.common.rest_client [req-40380da3-71b2-4974-adfe-3f10237b7554 req-40380da3-71b2-4974-adfe-3f10237b7554 ] Request (AttachVolumeNegativeTest:test_attach_attached_volume_to_different_server): 200 GET http://10.180.1.21/compute/v2.1/servers/ef129347-9ea0-4615-b897-f51e664da1a7 0.049s
2024-10-31 11:51:08.573 62240 INFO tempest.lib.common.rest_client [req-f090ebcd-c087-42bb-ba80-0d20a270f138 req-f090ebcd-c087-42bb-ba80-0d20a270f138 ] Request (AttachInterfacesUnderV243Test:setUpClass): 200 PUT http://10.180.1.21:9696/networking/v2.0/routers/ee75f8fd-99af-463e-8ebf-368d322976bc/add_router_interface 1.221s
2024-10-31 11:51:08.574 62240 INFO tempest.lib.common.dynamic_creds [-] Created isolated network resources for: credentials: Credentials: {'domain_id': 'default', 'domain_name': 'Default', 'username': 'tempest-AttachInterfacesUnderV243Test-1386038916-project-member', 'project_domain_id': 'default', 'project_domain_name': 'Default', 'project_id': 'e50edf6017d84278bf6680fdd73a9639', 'project_name': 'tempest-AttachInterfacesUnderV243Test-1386038916', 'tenant_id': 'e50edf6017d84278bf6680fdd73a9639', 'tenant_name': 'tempest-AttachInterfacesUnderV243Test-1386038916', 'user_domain_id': 'default', 'user_domain_name': 'Default', 'user_id': '9f249ad827b244a8891233183bed4a38', 'system': None}, Network: {'id': '26b140aa-a284-4e8c-b042-a2f9ee8bffc6', 'name': 'tempest-AttachInterfacesUnderV243Test-161333090-network', 'tenant_id': 'e50edf6017d84278bf6680fdd73a9639', 'admin_state_up': True, 'mtu': 8950, 'status': 'ACTIVE', 'subnets': [], 'shared': False, 'project_id': 'e50edf6017d84278bf6680fdd73a9639', 'port_security_enabled': True, 'router:external': False, 'provider:network_type': 'vlan', 'provider:physical_network': 'default', 'provider:segmentation_id': 290, 'availability_zone_hints': [], 'availability_zones': [], 'ipv4_address_scope': None, 'ipv6_address_scope': None, 'description': '', 'tags': [], 'created_at': '2024-10-31T11:51:05Z', 'updated_at': '2024-10-31T11:51:05Z', 'revision_number': 1}, Subnet: {'id': 'f40d2638-9afa-4918-9358-bfe778d91e88', 'name': 'tempest-AttachInterfacesUnderV243Test-161333090-subnet', 'tenant_id': 'e50edf6017d84278bf6680fdd73a9639', 'network_id': '26b140aa-a284-4e8c-b042-a2f9ee8bffc6', 'ip_version': 4, 'subnetpool_id': None, 'enable_dhcp': True, 'ipv6_ra_mode': None, 'ipv6_address_mode': None, 'gateway_ip': '192.168.128.1', 'cidr': '192.168.128.0/28', 'allocation_pools': [{'start': '192.168.128.2', 'end': '192.168.128.14'}], 'host_routes': [], 'dns_nameservers': [], 'description': '', 'router:external': False, 'service_types': [], 'tags': [], 'created_at': '2024-10-31T11:51:05Z', 'updated_at': '2024-10-31T11:51:05Z', 'revision_number': 0, 'project_id': 'e50edf6017d84278bf6680fdd73a9639'}, Router: {'id': 'ee75f8fd-99af-463e-8ebf-368d322976bc', 'name': 'tempest-AttachInterfacesUnderV243Test-161333090-router', 'tenant_id': 'e50edf6017d84278bf6680fdd73a9639', 'admin_state_up': True, 'status': 'ACTIVE', 'external_gateway_info': {'network_id': 'e45e321b-5c8a-44cd-8f04-32bc93749e22', 'external_fixed_ips': [{'subnet_id': 'e81e6502-5f72-4a3c-8cd5-259dd3262ff0', 'ip_address': '10.180.180.159'}], 'enable_snat': True}, 'description': '', 'availability_zones': [], 'distributed': False, 'ha': False, 'availability_zone_hints': [], 'routes': [], 'flavor_id': None, 'tags': [], 'created_at': '2024-10-31T11:51:06Z', 'updated_at': '2024-10-31T11:51:06Z', 'revision_number': 2, 'project_id': 'e50edf6017d84278bf6680fdd73a9639'}
2024-10-31 11:51:08.629 62236 INFO tempest.lib.common.rest_client [req-2e22f246-78e3-46bf-b03d-c85dc58bd0b8 req-2e22f246-78e3-46bf-b03d-c85dc58bd0b8 ] Request (MigrationsAdminTest:test_resize_server_revert_deleted_flavor): 200 GET http://10.180.1.21/compute/v2.1/servers/8672c282-1a66-49b5-9c22-7136b567a52c 0.049s
2024-10-31 11:51:08.641 62288 INFO tempest.lib.common.rest_client [req-1d97307b-4113-4d87-b275-96cb89129e7f req-1d97307b-4113-4d87-b275-96cb89129e7f ] Request (ServerShowV257Test:test_rebuild_server): 200 GET http://10.180.1.21/compute/v2.1/servers/a8f6254f-b867-4967-b4fa-bb70f471f89d 0.054s
2024-10-31 11:51:08.649 62288 INFO tempest.common.waiters [-] State transition "REBUILD/rebuilding" ==> "REBUILD/rebuild_block_device_mapping" after 3 second wait
2024-10-31 11:51:08.676 62240 INFO tempest.lib.common.rest_client [req-a9265e05-d547-421b-9ec8-748e0e0eb9cb req-a9265e05-d547-421b-9ec8-748e0e0eb9cb ] Request (AttachInterfacesUnderV243Test:setUpClass): 201 POST http://10.180.1.21/identity/v3/auth/tokens 0.098s
2024-10-31 11:51:08.699 62252 INFO tempest.lib.common.rest_client [req-234e75c6-4983-432e-8c5a-57846b55c236 req-234e75c6-4983-432e-8c5a-57846b55c236 ] Request (ServersTestBootFromVolume:setUpClass): 200 GET http://10.180.1.21/compute/v2.1/servers/9025d114-10da-4cf8-9e5f-2520bfd3b246 0.066s
2024-10-31 11:51:08.708 62248 INFO tempest.lib.common.rest_client [req-ae28655b-9951-4de0-8e7a-bc13dc3a519c req-ae28655b-9951-4de0-8e7a-bc13dc3a519c ] Request (SecurityGroupsTestJSON:test_server_security_groups): 200 GET http://10.180.1.21/compute/v2.1/servers/9da95edb-f9fb-40f3-9317-d27f1bae0ecf 0.062s
2024-10-31 11:51:08.762 62276 INFO tempest.lib.common.rest_client [req-41eaac00-bc15-4dca-a07a-7d827e194008 req-41eaac00-bc15-4dca-a07a-7d827e194008 ] Request (ServerAddressesTestJSON:setUpClass): 200 GET http://10.180.1.21/compute/v2.1/servers/a8101e8d-55d0-4f70-9119-f5e176ba8212 0.067s
2024-10-31 11:51:08.767 62240 INFO tempest.lib.common.rest_client [req-1242e388-9f14-4008-a96d-678905628e2d req-1242e388-9f14-4008-a96d-678905628e2d ] Request (ValidationResourcesFixture:setUp): 200 POST http://10.180.1.21/compute/v2.1/os-keypairs 0.084s
2024-10-31 11:51:08.823 62254 INFO tempest.lib.common.rest_client [req-4a37bfad-9300-4fd7-a20a-936052634a73 req-4a37bfad-9300-4fd7-a20a-936052634a73 ] Request (InstanceActionsTestJSON:setUpClass): 200 GET http://10.180.1.21/compute/v2.1/servers/f163fb1b-400f-4abb-8df6-0d9ea6449166 0.067s
2024-10-31 11:51:08.852 62260 INFO tempest.lib.common.rest_client [req-e1b3ed97-9d17-45d5-82db-6a10cab5387a req-e1b3ed97-9d17-45d5-82db-6a10cab5387a ] Request (ServerMetadataNegativeTestJSON:setUpClass): 200 GET http://10.180.1.21/compute/v2.1/servers/ad2f23df-c067-4d30-b143-e50ebcc50d4e 0.127s
2024-10-31 11:51:08.880 62258 INFO tempest.lib.common.rest_client [req-89138ce6-e05b-480e-a9e9-40a52c660d46 req-89138ce6-e05b-480e-a9e9-40a52c660d46 ] Request (ServersTestFqdnHostnames:test_create_server_with_fqdn_name): 200 GET http://10.180.1.21/compute/v2.1/servers/dce49aac-03f3-48ed-9bad-c5eb2d779bae 0.117s
2024-10-31 11:51:08.913 62267 INFO tempest.lib.common.rest_client [req-f88a455f-f451-495f-8349-05064fca7a97 req-f88a455f-f451-495f-8349-05064fca7a97 ] Request (ImagesOneServerTestJSON:setUpClass): 200 GET http://10.180.1.21/compute/v2.1/servers/fc1f08e8-fd0a-4b84-bc8f-fe3a27136c57 0.100s
2024-10-31 11:51:08.942 62292 INFO tempest.lib.common.rest_client [req-dba8357a-f411-4c50-83b4-a1780d368beb req-dba8357a-f411-4c50-83b4-a1780d368beb ] Request (ServersAaction247Test:test_create_backup): 200 GET http://10.180.1.21/compute/v2.1/servers/f0a011bb-4939-4384-885c-6ce482875b4e 0.119s
2024-10-31 11:51:08.952 62240 INFO tempest.lib.common.rest_client [req-a272248b-c3f7-4740-abc7-c184d097e5ab req-a272248b-c3f7-4740-abc7-c184d097e5ab ] Request (ValidationResourcesFixture:setUp): 201 POST http://10.180.1.21:9696/networking/v2.0/security-groups 0.183s
2024-10-31 11:51:08.974 62256 INFO tempest.lib.common.rest_client [req-87e8a275-7ae0-4075-ab00-0e3d383f8f5f req-87e8a275-7ae0-4075-ab00-0e3d383f8f5f ] Request (ImagesTestJSON:test_create_image_from_suspended_server): 200 GET http://10.180.1.21/compute/v2.1/servers/df154c2a-3616-442d-abb0-83e68cf1141d 0.115s
2024-10-31 11:51:09.011 62238 INFO tempest.lib.common.rest_client [req-eff76b8f-c0ab-471b-b5d6-797802594069 req-eff76b8f-c0ab-471b-b5d6-797802594069 ] Request (ServersTestMultiNic:test_verify_duplicate_network_nics): 200 GET http://10.180.1.21/compute/v2.1/servers/6236c44a-e3c6-4302-8f15-4eb8dfaf5960 0.143s
2024-10-31 11:51:09.020 62238 INFO tempest.common.waiters [-] State transition "BUILD/None" ==> "BUILD/networking" after 52 second wait
2024-10-31 11:51:09.027 62280 INFO tempest.lib.common.rest_client [req-38322306-4f60-40f0-ad8d-e620e6e480da req-38322306-4f60-40f0-ad8d-e620e6e480da ] Request (ServersNegativeTestJSON:setUpClass): 200 GET http://10.180.1.21/compute/v2.1/servers/59330fd4-c362-4593-824d-d40c00f3f5d2 0.109s
2024-10-31 11:51:09.074 62244 INFO tempest.lib.common.rest_client [req-e1c1a7b1-09bd-4147-9345-dc51b62d6bb2 req-e1c1a7b1-09bd-4147-9345-dc51b62d6bb2 ] Request (ServersAdminTestJSON:setUpClass): 200 GET http://10.180.1.21/compute/v2.1/servers/41bc5a14-1d13-4730-80c5-a0bcfb1f0ad1 0.106s
2024-10-31 11:51:09.080 62296 INFO tempest.lib.common.rest_client [req-974b495a-b651-400c-9ed9-335b0d3f388c req-974b495a-b651-400c-9ed9-335b0d3f388c ] Request (ServerActionsV293TestJSON:setUpClass): 200 GET http://10.180.1.21/compute/v2.1/servers/5f205b7d-d93e-436d-9d7d-04c6f767f7ad 0.156s
2024-10-31 11:51:09.138 62250 INFO tempest.lib.common.rest_client [req-95e82685-2a1a-499a-a4a1-eaba907a7a27 req-95e82685-2a1a-499a-a4a1-eaba907a7a27 ] Request (ServersAdmin275Test:_run_cleanups): 200 GET http://10.180.1.21/compute/v2.1/servers/e4ada227-b79a-457a-b063-dde99840aa14 0.154s
2024-10-31 11:51:09.142 62240 INFO tempest.lib.common.rest_client [req-5236fcda-746e-4a4f-a4a3-4491cd999e5e req-5236fcda-746e-4a4f-a4a3-4491cd999e5e ] Request (ValidationResourcesFixture:setUp): 201 POST http://10.180.1.21:9696/networking/v2.0/security-group-rules 0.189s
2024-10-31 11:51:09.145 62294 INFO tempest.lib.common.rest_client [req-ddfcee71-99ed-4090-805a-d1614a0afab4 req-ddfcee71-99ed-4090-805a-d1614a0afab4 ] Request (ServerExternalEventsTest:test_create_server_external_events): 200 GET http://10.180.1.21/compute/v2.1/servers/e37ac276-8a3e-45b3-8176-d972eb4e6e3e 0.129s
2024-10-31 11:51:09.191 62286 INFO tempest.lib.common.rest_client [req-840c1b6b-01e7-45af-87a0-875835e9c162 req-840c1b6b-01e7-45af-87a0-875835e9c162 ] Request (DeleteServersAdminTestJSON:test_delete_server_while_in_error_state): 200 GET http://10.180.1.21/compute/v2.1/servers/70af5d32-254f-4819-8cca-c28346e48139 0.112s
2024-10-31 11:51:09.229 62284 INFO tempest.lib.common.rest_client [req-7296e1de-d956-42fd-9509-54925b287a60 req-7296e1de-d956-42fd-9509-54925b287a60 ] Request (ServersV294TestFqdnHostnames:setUpClass): 200 GET http://10.180.1.21/compute/v2.1/servers/62ebc97c-3f86-4ef2-b5c4-3d2fe563d179 0.090s
2024-10-31 11:51:09.252 62246 INFO tempest.lib.common.rest_client [req-febd33f5-f714-4b84-81a4-eb2509035427 req-febd33f5-f714-4b84-81a4-eb2509035427 ] Request (ListServersNegativeTestJSON:setUpClass): 200 GET http://10.180.1.21/compute/v2.1/servers/6643cc70-7e92-41e9-b2dc-c531a331086f 0.067s
2024-10-31 11:51:09.289 62283 INFO tempest.lib.common.rest_client [req-afe16497-c4f8-431e-ac84-dd6e3b51c40d req-afe16497-c4f8-431e-ac84-dd6e3b51c40d ] Request (ServerActionsTestOtherB:setUpClass): 200 GET http://10.180.1.21/compute/v2.1/servers/b4706725-5e28-4d2a-b4a8-7633ffa63afe 0.089s
2024-10-31 11:51:09.302 62270 INFO tempest.lib.common.rest_client [req-a523a9c0-9cce-4412-a2b4-d76136c7a7e1 req-a523a9c0-9cce-4412-a2b4-d76136c7a7e1 ] Request (ServerActionsTestJSON:setUpClass): 200 GET http://10.180.1.21/compute/v2.1/servers/4d167f54-c1fc-4eb0-a4cc-a5edb60fe78e 0.074s
