2024-10-31 11:51:40.329 62252 INFO tempest.lib.common.rest_client [req-2255994f-7e7f-47b9-bde5-70f397db07a1 req-2255994f-7e7f-47b9-bde5-70f397db07a1 ] Request (ServersTestBootFromVolume:setUpClass): 200 GET http://10.180.1.21/compute/v2.1/servers/9025d114-10da-4cf8-9e5f-2520bfd3b246 0.058s
2024-10-31 11:51:40.339 62276 INFO tempest.lib.common.rest_client [req-8e3fe3b7-1adc-4f80-b117-d7219428df35 req-8e3fe3b7-1adc-4f80-b117-d7219428df35 ] Request (ServerAddressesTestJSON:setUpClass): 200 GET http://10.180.1.21/compute/v2.1/servers/a8101e8d-55d0-4f70-9119-f5e176ba8212 0.062s
2024-10-31 11:51:40.374 62254 INFO tempest.lib.common.rest_client [req-eff19b7d-2ff6-4fff-9bc0-f9e01a6a46d9 req-eff19b7d-2ff6-4fff-9bc0-f9e01a6a46d9 ] Request (InstanceActionsTestJSON:setUpClass): 200 GET http://10.180.1.21/compute/v2.1/servers/f163fb1b-400f-4abb-8df6-0d9ea6449166 0.061s
2024-10-31 11:51:40.404 62258 INFO tempest.lib.common.rest_client [req-3053030d-09b9-4bce-95a1-e6c282568136 req-3053030d-09b9-4bce-95a1-e6c282568136 ] Request (ServersTestFqdnHostnames:test_create_server_with_fqdn_name): 200 GET http://10.180.1.21/compute/v2.1/servers/dce49aac-03f3-48ed-9bad-c5eb2d779bae 0.046s
2024-10-31 11:51:40.496 62267 INFO tempest.lib.common.rest_client [req-4c0a03ac-1d13-43c3-a80b-509db9e27d30 req-4c0a03ac-1d13-43c3-a80b-509db9e27d30 ] Request (ImagesOneServerTestJSON:setUpClass): 200 GET http://10.180.1.21/compute/v2.1/servers/fc1f08e8-fd0a-4b84-bc8f-fe3a27136c57 0.048s
2024-10-31 11:51:40.519 62288 INFO tempest.lib.common.rest_client [req-1c2db85b-5eb7-4dec-8bde-1a430d542fb7 req-1c2db85b-5eb7-4dec-8bde-1a430d542fb7 ] Request (ServerShowV257Test:tearDownClass): 200 GET http://10.180.1.21/compute/v2.1/servers/a8f6254f-b867-4967-b4fa-bb70f471f89d 0.059s
2024-10-31 11:51:40.550 62292 INFO tempest.lib.common.rest_client [req-d5cde08e-77fb-436c-b555-cfa74e1df957 req-d5cde08e-77fb-436c-b555-cfa74e1df957 ] Request (ServersAaction247Test:test_create_backup): 200 GET http://10.180.1.21/compute/v2.1/servers/f0a011bb-4939-4384-885c-6ce482875b4e 0.046s
2024-10-31 11:51:40.626 62244 INFO tempest.lib.common.rest_client [req-e077e60c-7140-4a66-928f-1f47ff19ade7 req-e077e60c-7140-4a66-928f-1f47ff19ade7 ] Request (ServersAdminTestJSON:setUpClass): 200 GET http://10.180.1.21/compute/v2.1/servers/41bc5a14-1d13-4730-80c5-a0bcfb1f0ad1 0.043s
2024-10-31 11:51:40.627 62294 INFO tempest.lib.common.rest_client [req-25a60dc7-2d42-4b7a-a463-595b2ab9187a req-25a60dc7-2d42-4b7a-a463-595b2ab9187a ] Request (MultipleCreateTestJSON:test_multiple_create): 200 GET http://10.180.1.21/compute/v2.1/servers/b9ec575c-034b-46bc-afbd-7a8a07a8e005 0.045s
2024-10-31 11:51:40.774 62286 INFO tempest.lib.common.rest_client [req-c03bbe01-6ce9-4c88-9df0-a520039365f7 req-c03bbe01-6ce9-4c88-9df0-a520039365f7 ] Request (DeleteServersAdminTestJSON:test_delete_server_while_in_error_state): 200 GET http://10.180.1.21/compute/v2.1/servers/70af5d32-254f-4819-8cca-c28346e48139 0.053s
2024-10-31 11:51:40.775 62296 INFO tempest.lib.common.rest_client [req-4b975116-117e-40fd-b530-49036d080146 req-4b975116-117e-40fd-b530-49036d080146 ] Request (ServerActionsV293TestJSON:setUpClass): 200 GET http://10.180.1.21/compute/v2.1/servers/5f205b7d-d93e-436d-9d7d-04c6f767f7ad 0.054s
2024-10-31 11:51:40.823 62238 INFO tempest.lib.common.rest_client [req-43913a4a-65e0-4473-8842-8002c9b73e20 req-43913a4a-65e0-4473-8842-8002c9b73e20 ] Request (ServersTestMultiNic:test_verify_duplicate_network_nics): 200 GET http://10.180.1.21/compute/v2.1/servers/6236c44a-e3c6-4302-8f15-4eb8dfaf5960 0.053s
2024-10-31 11:51:40.829 62238 INFO tempest.common.waiters [-] State transition "BUILD/spawning" ==> "ERROR/None" after 83 second wait
2024-10-31 11:51:40.850 62298 INFO tempest.lib.common.rest_client [req-5ed47b70-7dfc-4b79-b73c-8c14a9cd1d1c req-5ed47b70-7dfc-4b79-b73c-8c14a9cd1d1c ] Request (VolumesAdminNegativeTest:test_update_attached_volume_with_nonexistent_volume_in_uri): 200 GET http://10.180.1.21/compute/v2.1/servers/56e74975-e4fa-4ff8-ab87-aa74125dab78 0.045s
2024-10-31 11:51:40.931 62290 INFO tempest.lib.common.rest_client [req-3bdad01d-a2a3-4cdc-b7ee-3a87cb9d9ce0 req-3bdad01d-a2a3-4cdc-b7ee-3a87cb9d9ce0 ] Request (AttachVolumeNegativeTest:test_attach_attached_volume_to_same_server): 200 GET http://10.180.1.21/compute/v2.1/servers/bc1ef57d-457d-446a-8ad4-3bab6d331215 0.046s
2024-10-31 11:51:40.974 62270 INFO tempest.lib.common.rest_client [req-a72297df-d052-49a8-b0d5-59d84b13396a req-a72297df-d052-49a8-b0d5-59d84b13396a ] Request (ServerActionsTestJSON:setUpClass): 200 GET http://10.180.1.21/compute/v2.1/servers/4d167f54-c1fc-4eb0-a4cc-a5edb60fe78e 0.049s
2024-10-31 11:51:40.982 62238 INFO tempest.lib.common.rest_client [req-e577f150-c899-4251-975c-5e35eb7fafab req-e577f150-c899-4251-975c-5e35eb7fafab ] Request (ServersTestMultiNic:test_verify_duplicate_network_nics): 204 DELETE http://10.180.1.21/compute/v2.1/servers/6236c44a-e3c6-4302-8f15-4eb8dfaf5960 0.153s
2024-10-31 11:51:41.003 62238 INFO tempest.lib.common.rest_client [req-220c84d5-9095-4eac-803c-fc66c53bdb81 req-220c84d5-9095-4eac-803c-fc66c53bdb81 ] Request (ServersTestMultiNic:test_verify_duplicate_network_nics): 404 GET http://10.180.1.21/compute/v2.1/servers/6236c44a-e3c6-4302-8f15-4eb8dfaf5960 0.020s
2024-10-31 11:51:41.019 62264 INFO tempest.lib.common.rest_client [req-86b21b32-7a11-439e-a3fb-b84d4e5a8077 req-86b21b32-7a11-439e-a3fb-b84d4e5a8077 ] Request (TenantUsagesTestJSON:setUpClass): 200 GET http://10.180.1.21/compute/v2.1/servers/35b6490b-eec9-4dc1-9de3-63c368bdc5d7 0.054s
2024-10-31 11:51:41.063 62283 INFO tempest.lib.common.rest_client [req-d975c8aa-f0c0-4b75-b51b-351a3950432f req-d975c8aa-f0c0-4b75-b51b-351a3950432f ] Request (ServerActionsTestOtherB:setUpClass): 200 GET http://10.180.1.21/compute/v2.1/servers/b4706725-5e28-4d2a-b4a8-7633ffa63afe 0.050s
2024-10-31 11:51:41.107 62246 INFO tempest.lib.common.rest_client [req-4409d991-e3aa-4852-92fb-55e5932cb11a req-4409d991-e3aa-4852-92fb-55e5932cb11a ] Request (ListServersNegativeTestJSON:setUpClass): 200 GET http://10.180.1.21/compute/v2.1/servers/6643cc70-7e92-41e9-b2dc-c531a331086f 0.048s
2024-10-31 11:51:41.138 62238 INFO tempest.lib.common.rest_client [req-f5997602-1481-4e2b-b2e0-774ef1730589 req-f5997602-1481-4e2b-b2e0-774ef1730589 ] Request (ServersTestMultiNic:_run_cleanups): 204 DELETE http://10.180.1.21:9696/networking/v2.0/subnets/5e0b7e6a-c244-4442-adbd-a2218beb7ecd 0.133s
2024-10-31 11:51:41.157 62242 INFO tempest.lib.common.rest_client [req-571a54eb-751c-4e2b-9160-55c99f77ba3e req-571a54eb-751c-4e2b-9160-55c99f77ba3e ] Request (ListImageFiltersTestJSON:setUpClass): 200 GET http://10.180.1.21/compute/v2.1/servers/0d680f38-bd47-4aeb-8845-efa20667623b 0.057s
2024-10-31 11:51:41.193 62284 INFO tempest.lib.common.rest_client [req-2f7488de-dd1a-4c67-ab5f-80e007d6d119 req-2f7488de-dd1a-4c67-ab5f-80e007d6d119 ] Request (ServersV294TestFqdnHostnames:setUpClass): 200 GET http://10.180.1.21/compute/v2.1/servers/62ebc97c-3f86-4ef2-b5c4-3d2fe563d179 0.057s
2024-10-31 11:51:41.246 62240 INFO tempest.lib.common.rest_client [req-849e4803-e3bd-44db-bc1a-55c8341fd3b0 req-849e4803-e3bd-44db-bc1a-55c8341fd3b0 ] Request (AttachInterfacesUnderV243Test:test_add_remove_fixed_ip): 200 GET http://10.180.1.21/compute/v2.1/servers/87f859c6-7a96-4a48-adb8-814a134ad4c8 0.061s
2024-10-31 11:51:41.292 62250 INFO tempest.lib.common.rest_client [req-0c5ef8c8-5347-4937-b5a1-c86c7d1ad91a req-0c5ef8c8-5347-4937-b5a1-c86c7d1ad91a ] Request (ImagesNegativeTestJSON:test_create_image_from_deleted_server): 200 GET http://10.180.1.21/compute/v2.1/servers/e49e77d6-8d5e-4d89-b129-ac34cd1969c1 0.107s
2024-10-31 11:51:41.349 62274 INFO tempest.lib.common.rest_client [req-f3b05fac-ee3b-4345-a491-526fb5f7703d req-f3b05fac-ee3b-4345-a491-526fb5f7703d ] Request (InstanceActionsNegativeTestJSON:setUpClass): 200 GET http://10.180.1.21/compute/v2.1/servers/71248677-92fb-4f66-b089-2cbbdc808bb7 0.121s
2024-10-31 11:51:41.350 62256 INFO tempest.lib.common.rest_client [req-4eee2c2a-dcd5-4575-81d9-e4948faaf026 req-4eee2c2a-dcd5-4575-81d9-e4948faaf026 ] Request (ImagesTestJSON:test_create_server_from_snapshot): 200 GET http://10.180.1.21/compute/v2.1/servers/a733a167-9713-43b7-bcc0-b0af47879ffc 0.208s
2024-10-31 11:51:41.392 62268 INFO tempest.lib.common.rest_client [req-dd776492-442a-46c6-ac72-db0e061e2477 req-dd776492-442a-46c6-ac72-db0e061e2477 ] Request (DeleteServersTestJSON:test_delete_active_server): 200 GET http://10.180.1.21/compute/v2.1/servers/297c345a-a825-47b1-a9e4-a353758d32ce 0.112s
2024-10-31 11:51:41.401 62236 INFO tempest.lib.common.rest_client [req-26a34ff9-6f53-4d02-b223-7c517e6b8481 req-26a34ff9-6f53-4d02-b223-7c517e6b8481 ] Request (MigrationsAdminTest:test_resize_server_revert_deleted_flavor): 200 GET http://10.180.1.21/compute/v2.1/servers/8672c282-1a66-49b5-9c22-7136b567a52c 0.158s
2024-10-31 11:51:41.422 62238 INFO tempest.lib.common.rest_client [req-9a89eb94-b3d8-4ece-ab58-a9d1a9f9d6bd req-9a89eb94-b3d8-4ece-ab58-a9d1a9f9d6bd ] Request (ServersTestMultiNic:_run_cleanups): 204 DELETE http://10.180.1.21:9696/networking/v2.0/networks/d97f6243-6a97-4bcf-890f-aab093ddabff 0.284s
2024-10-31 11:51:41.437 62248 INFO tempest.lib.common.rest_client [req-ce7d8bad-5dc1-4e04-8d83-b09b589d6d50 req-ce7d8bad-5dc1-4e04-8d83-b09b589d6d50 ] Request (SecurityGroupsTestJSON:test_server_security_groups): 200 GET http://10.180.1.21/compute/v2.1/servers/9da95edb-f9fb-40f3-9317-d27f1bae0ecf 0.149s
2024-10-31 11:51:41.447 62252 INFO tempest.lib.common.rest_client [req-cdd37ca5-18a6-4b5c-8e6e-e6271ccaddad req-cdd37ca5-18a6-4b5c-8e6e-e6271ccaddad ] Request (ServersTestBootFromVolume:setUpClass): 200 GET http://10.180.1.21/compute/v2.1/servers/9025d114-10da-4cf8-9e5f-2520bfd3b246 0.111s
2024-10-31 11:51:41.486 62276 INFO tempest.lib.common.rest_client [req-f94c2144-26aa-4926-a324-5e60f2301a8a req-f94c2144-26aa-4926-a324-5e60f2301a8a ] Request (ServerAddressesTestJSON:setUpClass): 200 GET http://10.180.1.21/compute/v2.1/servers/a8101e8d-55d0-4f70-9119-f5e176ba8212 0.140s
2024-10-31 11:51:41.497 62254 INFO tempest.lib.common.rest_client [req-3e309f33-fa7b-45be-bb51-ec08a05710a7 req-3e309f33-fa7b-45be-bb51-ec08a05710a7 ] Request (InstanceActionsTestJSON:setUpClass): 200 GET http://10.180.1.21/compute/v2.1/servers/f163fb1b-400f-4abb-8df6-0d9ea6449166 0.115s
2024-10-31 11:51:41.534 62258 INFO tempest.lib.common.rest_client [req-845f201b-61ff-4c85-b232-09dfe40f60aa req-845f201b-61ff-4c85-b232-09dfe40f60aa ] Request (ServersTestFqdnHostnames:test_create_server_with_fqdn_name): 200 GET http://10.180.1.21/compute/v2.1/servers/dce49aac-03f3-48ed-9bad-c5eb2d779bae 0.123s
2024-10-31 11:51:41.553 62267 INFO tempest.lib.common.rest_client [req-4fcebdfe-26c7-4d62-8a6c-e0093632c5a0 req-4fcebdfe-26c7-4d62-8a6c-e0093632c5a0 ] Request (ImagesOneServerTestJSON:setUpClass): 200 GET http://10.180.1.21/compute/v2.1/servers/fc1f08e8-fd0a-4b84-bc8f-fe3a27136c57 0.049s
2024-10-31 11:51:41.571 62238 INFO tempest.lib.common.rest_client [req-c2402006-020b-446d-bb2a-06c8838048c3 req-c2402006-020b-446d-bb2a-06c8838048c3 ] Request (ServersTestMultiNic:_run_cleanups): 204 DELETE http://10.180.1.21:9696/networking/v2.0/subnets/e1c827fb-a510-466b-afd3-e3bed7bc594d 0.149s
2024-10-31 11:51:41.590 62288 INFO tempest.lib.common.rest_client [req-9e4be1f8-b0f8-4668-8bcd-a53d59f77dbb req-9e4be1f8-b0f8-4668-8bcd-a53d59f77dbb ] Request (ServerShowV257Test:tearDownClass): 200 GET http://10.180.1.21/compute/v2.1/servers/a8f6254f-b867-4967-b4fa-bb70f471f89d 0.063s
2024-10-31 11:51:41.618 62292 INFO tempest.lib.common.rest_client [req-4782b46f-a877-4ad4-bbaa-9106d93058b7 req-4782b46f-a877-4ad4-bbaa-9106d93058b7 ] Request (ServersAaction247Test:test_create_backup): 200 GET http://10.180.1.21/compute/v2.1/servers/f0a011bb-4939-4384-885c-6ce482875b4e 0.060s
2024-10-31 11:51:41.693 62244 INFO tempest.lib.common.rest_client [req-d2226699-65ed-4231-ae3a-aa8520ebd637 req-d2226699-65ed-4231-ae3a-aa8520ebd637 ] Request (ServersAdminTestJSON:setUpClass): 200 GET http://10.180.1.21/compute/v2.1/servers/41bc5a14-1d13-4730-80c5-a0bcfb1f0ad1 0.062s
2024-10-31 11:51:41.695 62294 INFO tempest.lib.common.rest_client [req-ef891901-0c61-488d-b8ba-de058b62e038 req-ef891901-0c61-488d-b8ba-de058b62e038 ] Request (MultipleCreateTestJSON:test_multiple_create): 200 GET http://10.180.1.21/compute/v2.1/servers/b9ec575c-034b-46bc-afbd-7a8a07a8e005 0.060s
2024-10-31 11:51:41.834 62286 INFO tempest.lib.common.rest_client [req-9316d8ad-68e4-4f80-b8cb-f8433de0de49 req-9316d8ad-68e4-4f80-b8cb-f8433de0de49 ] Request (DeleteServersAdminTestJSON:test_delete_server_while_in_error_state): 200 GET http://10.180.1.21/compute/v2.1/servers/70af5d32-254f-4819-8cca-c28346e48139 0.053s
2024-10-31 11:51:41.845 62296 INFO tempest.lib.common.rest_client [req-6ff99803-4511-4f5e-91a9-ada3af1e9523 req-6ff99803-4511-4f5e-91a9-ada3af1e9523 ] Request (ServerActionsV293TestJSON:setUpClass): 200 GET http://10.180.1.21/compute/v2.1/servers/5f205b7d-d93e-436d-9d7d-04c6f767f7ad 0.060s
2024-10-31 11:51:41.888 62238 INFO tempest.lib.common.rest_client [req-08ca5f8f-1e3a-4e4d-b9b9-6ef33a350788 req-08ca5f8f-1e3a-4e4d-b9b9-6ef33a350788 ] Request (ServersTestMultiNic:_run_cleanups): 204 DELETE http://10.180.1.21:9696/networking/v2.0/networks/f6017891-4694-4c21-8fb4-8d4263e1c3fe 0.316s
2024-10-31 11:51:41.908 62298 INFO tempest.lib.common.rest_client [req-dc297d21-e878-42e3-9f00-28a68cecfef0 req-dc297d21-e878-42e3-9f00-28a68cecfef0 ] Request (VolumesAdminNegativeTest:test_update_attached_volume_with_nonexistent_volume_in_uri): 200 GET http://10.180.1.21/compute/v2.1/servers/56e74975-e4fa-4ff8-ab87-aa74125dab78 0.051s
2024-10-31 11:51:41.983 62290 INFO tempest.lib.common.rest_client [req-72ca176f-e035-4c0b-82b8-6a51eadfa10d req-72ca176f-e035-4c0b-82b8-6a51eadfa10d ] Request (AttachVolumeNegativeTest:test_attach_attached_volume_to_same_server): 200 GET http://10.180.1.21/compute/v2.1/servers/bc1ef57d-457d-446a-8ad4-3bab6d331215 0.046s
2024-10-31 11:51:41.989 62238 INFO tempest.lib.common.rest_client [req-8505652f-da3a-48af-8836-e4d9429f04da req-8505652f-da3a-48af-8836-e4d9429f04da ] Request (ServersTestMultiNic:test_verify_multiple_nics_order): 201 POST http://10.180.1.21:9696/networking/v2.0/networks 0.099s
2024-10-31 11:51:42.030 62270 INFO tempest.lib.common.rest_client [req-5ff752b8-91fd-4eaf-aa18-768f10090b08 req-5ff752b8-91fd-4eaf-aa18-768f10090b08 ] Request (ServerActionsTestJSON:setUpClass): 200 GET http://10.180.1.21/compute/v2.1/servers/4d167f54-c1fc-4eb0-a4cc-a5edb60fe78e 0.049s
2024-10-31 11:51:42.082 62264 INFO tempest.lib.common.rest_client [req-7c9e8748-68a3-4b2e-8a56-063240503b53 req-7c9e8748-68a3-4b2e-8a56-063240503b53 ] Request (TenantUsagesTestJSON:setUpClass): 200 GET http://10.180.1.21/compute/v2.1/servers/35b6490b-eec9-4dc1-9de3-63c368bdc5d7 0.056s
2024-10-31 11:51:42.129 62283 INFO tempest.lib.common.rest_client [req-7fb5c276-ce47-4814-91e5-87fc94c51d6b req-7fb5c276-ce47-4814-91e5-87fc94c51d6b ] Request (ServerActionsTestOtherB:setUpClass): 200 GET http://10.180.1.21/compute/v2.1/servers/b4706725-5e28-4d2a-b4a8-7633ffa63afe 0.059s
2024-10-31 11:51:42.182 62246 INFO tempest.lib.common.rest_client [req-003ce520-e803-47a3-babc-fe0305c26090 req-003ce520-e803-47a3-babc-fe0305c26090 ] Request (ListServersNegativeTestJSON:setUpClass): 200 GET http://10.180.1.21/compute/v2.1/servers/6643cc70-7e92-41e9-b2dc-c531a331086f 0.068s
2024-10-31 11:51:42.190 62246 INFO tempest.common.waiters [-] State transition "BUILD/scheduling" ==> "BUILD/None" after 72 second wait
2024-10-31 11:51:42.216 62238 INFO tempest.lib.common.rest_client [req-b3417580-ef94-43e5-999a-61f294a64b09 req-b3417580-ef94-43e5-999a-61f294a64b09 ] Request (ServersTestMultiNic:test_verify_multiple_nics_order): 201 POST http://10.180.1.21:9696/networking/v2.0/subnets 0.227s
2024-10-31 11:51:42.217 62242 INFO tempest.lib.common.rest_client [req-9586437c-eb0b-4c7f-870e-270c957e5acb req-9586437c-eb0b-4c7f-870e-270c957e5acb ] Request (ListImageFiltersTestJSON:setUpClass): 200 GET http://10.180.1.21/compute/v2.1/servers/0d680f38-bd47-4aeb-8845-efa20667623b 0.053s
2024-10-31 11:51:42.274 62284 INFO tempest.lib.common.rest_client [req-807e390e-b5c4-4c3f-a6fa-8acd66d1e367 req-807e390e-b5c4-4c3f-a6fa-8acd66d1e367 ] Request (ServersV294TestFqdnHostnames:setUpClass): 200 GET http://10.180.1.21/compute/v2.1/servers/62ebc97c-3f86-4ef2-b5c4-3d2fe563d179 0.072s
2024-10-31 11:51:42.306 62240 INFO tempest.lib.common.rest_client [req-b23ea779-9aab-4789-a228-57529e355b65 req-b23ea779-9aab-4789-a228-57529e355b65 ] Request (AttachInterfacesUnderV243Test:test_add_remove_fixed_ip): 200 GET http://10.180.1.21/compute/v2.1/servers/87f859c6-7a96-4a48-adb8-814a134ad4c8 0.053s
2024-10-31 11:51:42.328 62238 INFO tempest.lib.common.rest_client [req-0ec97389-38a5-4198-81ea-4bb6220ae985 req-0ec97389-38a5-4198-81ea-4bb6220ae985 ] Request (ServersTestMultiNic:test_verify_multiple_nics_order): 201 POST http://10.180.1.21:9696/networking/v2.0/networks 0.111s
2024-10-31 11:51:42.353 62250 INFO tempest.lib.common.rest_client [req-e5b9f671-aea7-4b2e-b6a4-91bdb9318047 req-e5b9f671-aea7-4b2e-b6a4-91bdb9318047 ] Request (ImagesNegativeTestJSON:test_create_image_from_deleted_server): 200 GET http://10.180.1.21/compute/v2.1/servers/e49e77d6-8d5e-4d89-b129-ac34cd1969c1 0.049s
2024-10-31 11:51:42.405 62256 INFO tempest.lib.common.rest_client [req-8ef99fac-c577-427a-9471-68a35b0cb2a0 req-8ef99fac-c577-427a-9471-68a35b0cb2a0 ] Request (ImagesTestJSON:test_create_server_from_snapshot): 200 GET http://10.180.1.21/compute/v2.1/servers/a733a167-9713-43b7-bcc0-b0af47879ffc 0.047s
2024-10-31 11:51:42.406 62274 INFO tempest.lib.common.rest_client [req-680b600a-ce16-4ab4-bc51-e0a8a3cc2525 req-680b600a-ce16-4ab4-bc51-e0a8a3cc2525 ] Request (InstanceActionsNegativeTestJSON:setUpClass): 200 GET http://10.180.1.21/compute/v2.1/servers/71248677-92fb-4f66-b089-2cbbdc808bb7 0.050s
2024-10-31 11:51:42.412 62274 INFO tempest.common.waiters [-] State transition "BUILD/spawning" ==> "BUILD/scheduling" after 84 second wait
2024-10-31 11:51:42.450 62268 INFO tempest.lib.common.rest_client [req-768cf55b-74cd-40e5-8b82-74aeddd905ef req-768cf55b-74cd-40e5-8b82-74aeddd905ef ] Request (DeleteServersTestJSON:test_delete_active_server): 200 GET http://10.180.1.21/compute/v2.1/servers/297c345a-a825-47b1-a9e4-a353758d32ce 0.052s
2024-10-31 11:51:42.453 62236 INFO tempest.lib.common.rest_client [req-fbb2ffb6-f7e3-427e-842f-880cc2ad20d8 req-fbb2ffb6-f7e3-427e-842f-880cc2ad20d8 ] Request (MigrationsAdminTest:test_resize_server_revert_deleted_flavor): 200 GET http://10.180.1.21/compute/v2.1/servers/8672c282-1a66-49b5-9c22-7136b567a52c 0.044s
2024-10-31 11:51:42.498 62248 INFO tempest.lib.common.rest_client [req-99ea2c70-25d0-48a7-9f36-0d7a44ca178c req-99ea2c70-25d0-48a7-9f36-0d7a44ca178c ] Request (SecurityGroupsTestJSON:test_server_security_groups): 200 GET http://10.180.1.21/compute/v2.1/servers/9da95edb-f9fb-40f3-9317-d27f1bae0ecf 0.054s
2024-10-31 11:51:42.508 62252 INFO tempest.lib.common.rest_client [req-ffc145fe-031c-4853-b745-233e20749986 req-ffc145fe-031c-4853-b745-233e20749986 ] Request (ServersTestBootFromVolume:setUpClass): 200 GET http://10.180.1.21/compute/v2.1/servers/9025d114-10da-4cf8-9e5f-2520bfd3b246 0.050s
2024-10-31 11:51:42.543 62238 INFO tempest.lib.common.rest_client [req-efb98cf8-a5ff-49cf-b17b-16217ffac572 req-efb98cf8-a5ff-49cf-b17b-16217ffac572 ] Request (ServersTestMultiNic:test_verify_multiple_nics_order): 201 POST http://10.180.1.21:9696/networking/v2.0/subnets 0.214s
2024-10-31 11:51:42.547 62276 INFO tempest.lib.common.rest_client [req-479ab0c6-61bb-408e-986c-a0e3890a1060 req-479ab0c6-61bb-408e-986c-a0e3890a1060 ] Request (ServerAddressesTestJSON:setUpClass): 200 GET http://10.180.1.21/compute/v2.1/servers/a8101e8d-55d0-4f70-9119-f5e176ba8212 0.054s
2024-10-31 11:51:42.550 62254 INFO tempest.lib.common.rest_client [req-3f3f63c3-ae93-48ea-9d26-d532a05af77f req-3f3f63c3-ae93-48ea-9d26-d532a05af77f ] Request (InstanceActionsTestJSON:setUpClass): 200 GET http://10.180.1.21/compute/v2.1/servers/f163fb1b-400f-4abb-8df6-0d9ea6449166 0.046s
2024-10-31 11:51:42.592 62258 INFO tempest.lib.common.rest_client [req-565ee989-b204-4fee-be90-a9a5ccd3790d req-565ee989-b204-4fee-be90-a9a5ccd3790d ] Request (ServersTestFqdnHostnames:test_create_server_with_fqdn_name): 200 GET http://10.180.1.21/compute/v2.1/servers/dce49aac-03f3-48ed-9bad-c5eb2d779bae 0.051s
2024-10-31 11:51:42.604 62267 INFO tempest.lib.common.rest_client [req-3f0e2b09-80b1-430b-b8f6-9a2d39a39f22 req-3f0e2b09-80b1-430b-b8f6-9a2d39a39f22 ] Request (ImagesOneServerTestJSON:setUpClass): 200 GET http://10.180.1.21/compute/v2.1/servers/fc1f08e8-fd0a-4b84-bc8f-fe3a27136c57 0.044s
2024-10-31 11:51:42.604 62238 INFO tempest.lib.common.rest_client [req-fc8a5d90-e744-419a-92e4-a746e1bf853d req-fc8a5d90-e744-419a-92e4-a746e1bf853d ] Request (ServersTestMultiNic:test_verify_multiple_nics_order): 201 POST http://10.180.1.21/identity/v3/auth/tokens 0.058s
2024-10-31 11:51:42.605 62238 INFO tempest.lib.common.fixed_network [-] (ServersTestMultiNic:test_verify_multiple_nics_order) Found network {'id': '752bfeb9-7718-4a7a-8861-e325854a08d0', 'name': 'tempest-ServersTestMultiNic-1170468297-network', 'tenant_id': '7f9d84ad259f469881b6d87317f7c26c', 'admin_state_up': True, 'mtu': 8950, 'status': 'ACTIVE', 'subnets': [], 'shared': False, 'project_id': '7f9d84ad259f469881b6d87317f7c26c', 'port_security_enabled': True, 'router:external': False, 'provider:network_type': 'vlan', 'provider:physical_network': 'default', 'provider:segmentation_id': 277, 'availability_zone_hints': [], 'availability_zones': [], 'ipv4_address_scope': None, 'ipv6_address_scope': None, 'description': '', 'tags': [], 'created_at': '2024-10-31T11:50:07Z', 'updated_at': '2024-10-31T11:50:07Z', 'revision_number': 1} available for tenant
2024-10-31 11:51:42.623 62288 INFO tempest.lib.common.rest_client [req-24bab61e-940d-4cd0-870a-ec3496add4d7 req-24bab61e-940d-4cd0-870a-ec3496add4d7 ] Request (ServerShowV257Test:tearDownClass): 404 GET http://10.180.1.21/compute/v2.1/servers/a8f6254f-b867-4967-b4fa-bb70f471f89d 0.020s
2024-10-31 11:51:42.674 62292 INFO tempest.lib.common.rest_client [req-0e1f33ab-afa2-411a-9e5a-5388a4fff3e6 req-0e1f33ab-afa2-411a-9e5a-5388a4fff3e6 ] Request (ServersAaction247Test:test_create_backup): 200 GET http://10.180.1.21/compute/v2.1/servers/f0a011bb-4939-4384-885c-6ce482875b4e 0.047s
2024-10-31 11:51:42.692 62288 INFO tempest.lib.common.rest_client [req-8c33c227-accc-4900-b8a8-b8872abc1920 req-8c33c227-accc-4900-b8a8-b8872abc1920 ] Request (ServerShowV257Test:tearDownClass): 204 DELETE http://10.180.1.21/identity/v3/users/cbf9575466604bf48df6dcf25f9457a3 0.068s
2024-10-31 11:51:42.692 62288 INFO tempest.lib.common.dynamic_creds [-] Deleting project and security group for project: 5d0e752a9ff64f2bb8e138e76c5c258d
2024-10-31 11:51:42.753 62288 INFO tempest.lib.common.rest_client [req-2fadf782-5d42-4ce3-b30c-d4fb3ed895ac req-2fadf782-5d42-4ce3-b30c-d4fb3ed895ac ] Request (ServerShowV257Test:tearDownClass): 201 POST http://10.180.1.21/identity/v3/auth/tokens 0.061s
2024-10-31 11:51:42.756 62244 INFO tempest.lib.common.rest_client [req-a14242ce-dd17-404a-9ade-a36d6017fb74 req-a14242ce-dd17-404a-9ade-a36d6017fb74 ] Request (ServersAdminTestJSON:setUpClass): 200 GET http://10.180.1.21/compute/v2.1/servers/41bc5a14-1d13-4730-80c5-a0bcfb1f0ad1 0.055s
2024-10-31 11:51:42.803 62294 INFO tempest.lib.common.rest_client [req-65654163-976c-4580-81ff-956da8afbddf req-65654163-976c-4580-81ff-956da8afbddf ] Request (MultipleCreateTestJSON:test_multiple_create): 200 GET http://10.180.1.21/compute/v2.1/servers/b9ec575c-034b-46bc-afbd-7a8a07a8e005 0.101s
2024-10-31 11:51:42.892 62286 INFO tempest.lib.common.rest_client [req-4944e168-2575-478c-a1b7-b13e31a5d7b6 req-4944e168-2575-478c-a1b7-b13e31a5d7b6 ] Request (DeleteServersAdminTestJSON:test_delete_server_while_in_error_state): 200 GET http://10.180.1.21/compute/v2.1/servers/70af5d32-254f-4819-8cca-c28346e48139 0.052s
2024-10-31 11:51:42.916 62288 INFO tempest.lib.common.rest_client [req-e699d1c6-6bab-407c-a94e-e1bcf62bba9f req-e699d1c6-6bab-407c-a94e-e1bcf62bba9f ] Request (ServerShowV257Test:tearDownClass): 200 GET http://10.180.1.21:9696/networking/v2.0/security-groups?tenant_id=5d0e752a9ff64f2bb8e138e76c5c258d&name=default 0.163s
2024-10-31 11:51:42.948 62296 INFO tempest.lib.common.rest_client [req-6d8e819b-a2ca-4101-9c69-8259a7025e6e req-6d8e819b-a2ca-4101-9c69-8259a7025e6e ] Request (ServerActionsV293TestJSON:setUpClass): 200 GET http://10.180.1.21/compute/v2.1/servers/5f205b7d-d93e-436d-9d7d-04c6f767f7ad 0.093s
2024-10-31 11:51:42.981 62238 INFO tempest.lib.common.rest_client [req-6304b730-45c1-4be8-abd9-b72ba63b9987 req-6304b730-45c1-4be8-abd9-b72ba63b9987 ] Request (ServersTestMultiNic:test_verify_multiple_nics_order): 202 POST http://10.180.1.21/compute/v2.1/servers 0.376s
2024-10-31 11:51:42.993 62298 INFO tempest.lib.common.rest_client [req-eb6a5e98-dbf6-4d46-aca3-bc9c524a3dbe req-eb6a5e98-dbf6-4d46-aca3-bc9c524a3dbe ] Request (VolumesAdminNegativeTest:test_update_attached_volume_with_nonexistent_volume_in_uri): 200 GET http://10.180.1.21/compute/v2.1/servers/56e74975-e4fa-4ff8-ab87-aa74125dab78 0.077s
2024-10-31 11:51:43.012 62288 INFO tempest.lib.common.rest_client [req-88b790cf-abd6-41e4-b557-87c542b2db68 req-88b790cf-abd6-41e4-b557-87c542b2db68 ] Request (ServerShowV257Test:tearDownClass): 204 DELETE http://10.180.1.21:9696/networking/v2.0/security-groups/71c4bc31-19de-482b-a130-7714e4afdb52 0.095s
2024-10-31 11:51:43.019 62238 INFO tempest.lib.common.rest_client [req-94cbffcc-38e1-4518-9a84-c25b6b6d7c69 req-94cbffcc-38e1-4518-9a84-c25b6b6d7c69 ] Request (ServersTestMultiNic:test_verify_multiple_nics_order): 200 GET http://10.180.1.21/compute/v2.1/servers/3f2ed06f-27d0-4a73-a678-430db5334147 0.036s
2024-10-31 11:51:43.040 62290 INFO tempest.lib.common.rest_client [req-cae79e83-4f63-4633-8371-4f6f99b99970 req-cae79e83-4f63-4633-8371-4f6f99b99970 ] Request (AttachVolumeNegativeTest:test_attach_attached_volume_to_same_server): 200 GET http://10.180.1.21/compute/v2.1/servers/bc1ef57d-457d-446a-8ad4-3bab6d331215 0.050s
2024-10-31 11:51:43.079 62288 INFO tempest.lib.common.rest_client [req-2b8b7e38-5a71-418e-be0b-adf64e990498 req-2b8b7e38-5a71-418e-be0b-adf64e990498 ] Request (ServerShowV257Test:tearDownClass): 204 DELETE http://10.180.1.21/identity/v3/projects/5d0e752a9ff64f2bb8e138e76c5c258d 0.066s
2024-10-31 11:51:43.086 62270 INFO tempest.lib.common.rest_client [req-ebcce7af-afc2-4681-8651-edc946cad814 req-ebcce7af-afc2-4681-8651-edc946cad814 ] Request (ServerActionsTestJSON:setUpClass): 200 GET http://10.180.1.21/compute/v2.1/servers/4d167f54-c1fc-4eb0-a4cc-a5edb60fe78e 0.050s
2024-10-31 11:51:43.135 62264 INFO tempest.lib.common.rest_client [req-a74537c8-c0e7-4c1c-9b0e-44136f55a2c7 req-a74537c8-c0e7-4c1c-9b0e-44136f55a2c7 ] Request (TenantUsagesTestJSON:setUpClass): 200 GET http://10.180.1.21/compute/v2.1/servers/35b6490b-eec9-4dc1-9de3-63c368bdc5d7 0.045s
2024-10-31 11:51:43.184 62283 INFO tempest.lib.common.rest_client [req-8c13a48c-bd3a-49d5-b0da-1b9a6141efbf req-8c13a48c-bd3a-49d5-b0da-1b9a6141efbf ] Request (ServerActionsTestOtherB:setUpClass): 200 GET http://10.180.1.21/compute/v2.1/servers/b4706725-5e28-4d2a-b4a8-7633ffa63afe 0.045s
2024-10-31 11:51:43.235 62246 INFO tempest.lib.common.rest_client [req-42d579fd-109e-4a75-b442-d1c4f148b5f8 req-42d579fd-109e-4a75-b442-d1c4f148b5f8 ] Request (ListServersNegativeTestJSON:setUpClass): 200 GET http://10.180.1.21/compute/v2.1/servers/6643cc70-7e92-41e9-b2dc-c531a331086f 0.045s
2024-10-31 11:51:43.272 62242 INFO tempest.lib.common.rest_client [req-57893e74-a618-4c53-ad4a-617b93d217d5 req-57893e74-a618-4c53-ad4a-617b93d217d5 ] Request (ListImageFiltersTestJSON:setUpClass): 200 GET http://10.180.1.21/compute/v2.1/servers/0d680f38-bd47-4aeb-8845-efa20667623b 0.047s
2024-10-31 11:51:43.332 62284 INFO tempest.lib.common.rest_client [req-a4af7372-99dd-430c-952a-5843dc809ff2 req-a4af7372-99dd-430c-952a-5843dc809ff2 ] Request (ServersV294TestFqdnHostnames:setUpClass): 200 GET http://10.180.1.21/compute/v2.1/servers/62ebc97c-3f86-4ef2-b5c4-3d2fe563d179 0.049s
2024-10-31 11:51:43.360 62240 INFO tempest.lib.common.rest_client [req-2f4d4dca-c832-4496-ab04-fc7bc23adae0 req-2f4d4dca-c832-4496-ab04-fc7bc23adae0 ] Request (AttachInterfacesUnderV243Test:test_add_remove_fixed_ip): 200 GET http://10.180.1.21/compute/v2.1/servers/87f859c6-7a96-4a48-adb8-814a134ad4c8 0.044s
2024-10-31 11:51:43.411 62250 INFO tempest.lib.common.rest_client [req-ea1161f8-647d-46aa-8d44-e2a60a59b8fc req-ea1161f8-647d-46aa-8d44-e2a60a59b8fc ] Request (ImagesNegativeTestJSON:test_create_image_from_deleted_server): 200 GET http://10.180.1.21/compute/v2.1/servers/e49e77d6-8d5e-4d89-b129-ac34cd1969c1 0.046s
2024-10-31 11:51:43.463 62256 INFO tempest.lib.common.rest_client [req-d85a0aca-6c09-42f8-894b-0e35a5916fdf req-d85a0aca-6c09-42f8-894b-0e35a5916fdf ] Request (ImagesTestJSON:test_create_server_from_snapshot): 200 GET http://10.180.1.21/compute/v2.1/servers/a733a167-9713-43b7-bcc0-b0af47879ffc 0.050s
2024-10-31 11:51:43.469 62274 INFO tempest.lib.common.rest_client [req-caf403b3-4c1d-49f8-9c1a-4d3918beded1 req-caf403b3-4c1d-49f8-9c1a-4d3918beded1 ] Request (InstanceActionsNegativeTestJSON:setUpClass): 200 GET http://10.180.1.21/compute/v2.1/servers/71248677-92fb-4f66-b089-2cbbdc808bb7 0.054s
2024-10-31 11:51:43.475 62274 INFO tempest.common.waiters [-] State transition "BUILD/scheduling" ==> "ERROR/None" after 85 second wait
2024-10-31 11:51:43.506 62268 INFO tempest.lib.common.rest_client [req-80abca42-6664-44d1-a6cd-072f098f3173 req-80abca42-6664-44d1-a6cd-072f098f3173 ] Request (DeleteServersTestJSON:test_delete_active_server): 200 GET http://10.180.1.21/compute/v2.1/servers/297c345a-a825-47b1-a9e4-a353758d32ce 0.047s
2024-10-31 11:51:43.511 62236 INFO tempest.lib.common.rest_client [req-9870e2e2-0346-4e6e-a12f-a1d0b2a31ea8 req-9870e2e2-0346-4e6e-a12f-a1d0b2a31ea8 ] Request (MigrationsAdminTest:test_resize_server_revert_deleted_flavor): 200 GET http://10.180.1.21/compute/v2.1/servers/8672c282-1a66-49b5-9c22-7136b567a52c 0.049s
2024-10-31 11:51:43.555 62248 INFO tempest.lib.common.rest_client [req-861cb7d3-15d9-4395-b1e8-2f702fb9866e req-861cb7d3-15d9-4395-b1e8-2f702fb9866e ] Request (SecurityGroupsTestJSON:test_server_security_groups): 200 GET http://10.180.1.21/compute/v2.1/servers/9da95edb-f9fb-40f3-9317-d27f1bae0ecf 0.047s
2024-10-31 11:51:43.612 62252 INFO tempest.lib.common.rest_client [req-d2bdead0-7037-41d7-b1ae-b5afcbefad73 req-d2bdead0-7037-41d7-b1ae-b5afcbefad73 ] Request (ServersTestBootFromVolume:setUpClass): 200 GET http://10.180.1.21/compute/v2.1/servers/9025d114-10da-4cf8-9e5f-2520bfd3b246 0.093s
2024-10-31 11:51:43.662 62276 INFO tempest.lib.common.rest_client [req-8276dcef-05f1-43b0-bd89-04bb348e3687 req-8276dcef-05f1-43b0-bd89-04bb348e3687 ] Request (ServerAddressesTestJSON:setUpClass): 200 GET http://10.180.1.21/compute/v2.1/servers/a8101e8d-55d0-4f70-9119-f5e176ba8212 0.108s
2024-10-31 11:51:43.675 62274 INFO tempest.lib.common.rest_client [req-74660edd-19f7-4a08-9f84-ead949dd8222 req-74660edd-19f7-4a08-9f84-ead949dd8222 ] Request (InstanceActionsNegativeTestJSON:setUpClass): 204 DELETE http://10.180.1.21/compute/v2.1/servers/71248677-92fb-4f66-b089-2cbbdc808bb7 0.199s
2024-10-31 11:51:43.721 62258 INFO tempest.lib.common.rest_client [req-c00d8818-4177-47a8-a39b-010bbe872604 req-c00d8818-4177-47a8-a39b-010bbe872604 ] Request (ServersTestFqdnHostnames:test_create_server_with_fqdn_name): 200 GET http://10.180.1.21/compute/v2.1/servers/dce49aac-03f3-48ed-9bad-c5eb2d779bae 0.123s
2024-10-31 11:51:43.722 62254 INFO tempest.lib.common.rest_client [req-b38408de-803b-4117-b59f-18c2466c154c req-b38408de-803b-4117-b59f-18c2466c154c ] Request (InstanceActionsTestJSON:setUpClass): 200 GET http://10.180.1.21/compute/v2.1/servers/f163fb1b-400f-4abb-8df6-0d9ea6449166 0.165s
2024-10-31 11:51:43.739 62274 INFO tempest.lib.common.rest_client [req-fda65071-367f-4ea1-846e-02e838ce341e req-fda65071-367f-4ea1-846e-02e838ce341e ] Request (InstanceActionsNegativeTestJSON:setUpClass): 404 GET http://10.180.1.21/compute/v2.1/servers/71248677-92fb-4f66-b089-2cbbdc808bb7 0.064s
2024-10-31 11:51:43.740 62274 INFO tempest.test [-] raised in InstanceActionsNegativeTestJSON.setUpClass. Invoking tearDownClass.
2024-10-31 11:51:43.772 62267 INFO tempest.lib.common.rest_client [req-2a344635-ab0b-44da-92f6-27bdbbdbde2d req-2a344635-ab0b-44da-92f6-27bdbbdbde2d ] Request (ImagesOneServerTestJSON:setUpClass): 200 GET http://10.180.1.21/compute/v2.1/servers/fc1f08e8-fd0a-4b84-bc8f-fe3a27136c57 0.159s
2024-10-31 11:51:43.789 62292 INFO tempest.lib.common.rest_client [req-416b3428-ca38-425e-b5a4-7f1994992194 req-416b3428-ca38-425e-b5a4-7f1994992194 ] Request (ServersAaction247Test:test_create_backup): 200 GET http://10.180.1.21/compute/v2.1/servers/f0a011bb-4939-4384-885c-6ce482875b4e 0.108s
2024-10-31 11:51:43.830 62244 INFO tempest.lib.common.rest_client [req-9a5a98e0-d0fe-45d4-aac7-6e6f52bb0ba1 req-9a5a98e0-d0fe-45d4-aac7-6e6f52bb0ba1 ] Request (ServersAdminTestJSON:setUpClass): 200 GET http://10.180.1.21/compute/v2.1/servers/41bc5a14-1d13-4730-80c5-a0bcfb1f0ad1 0.067s
2024-10-31 11:51:43.858 62294 INFO tempest.lib.common.rest_client [req-273e23c9-1bc6-407b-9805-ecd97a239317 req-273e23c9-1bc6-407b-9805-ecd97a239317 ] Request (MultipleCreateTestJSON:test_multiple_create): 200 GET http://10.180.1.21/compute/v2.1/servers/b9ec575c-034b-46bc-afbd-7a8a07a8e005 0.048s
2024-10-31 11:51:43.953 62286 INFO tempest.lib.common.rest_client [req-e5e917d1-6312-49cd-b057-c8eac1507e99 req-e5e917d1-6312-49cd-b057-c8eac1507e99 ] Request (DeleteServersAdminTestJSON:test_delete_server_while_in_error_state): 200 GET http://10.180.1.21/compute/v2.1/servers/70af5d32-254f-4819-8cca-c28346e48139 0.054s
2024-10-31 11:51:44.015 62296 INFO tempest.lib.common.rest_client [req-8df21aac-55a5-4cc6-96ca-9fe451111d50 req-8df21aac-55a5-4cc6-96ca-9fe451111d50 ] Request (ServerActionsV293TestJSON:setUpClass): 200 GET http://10.180.1.21/compute/v2.1/servers/5f205b7d-d93e-436d-9d7d-04c6f767f7ad 0.058s
2024-10-31 11:51:44.054 62298 INFO tempest.lib.common.rest_client [req-c94af1d2-5de2-4551-b588-db1ba44dcecd req-c94af1d2-5de2-4551-b588-db1ba44dcecd ] Request (VolumesAdminNegativeTest:test_update_attached_volume_with_nonexistent_volume_in_uri): 200 GET http://10.180.1.21/compute/v2.1/servers/56e74975-e4fa-4ff8-ab87-aa74125dab78 0.053s
2024-10-31 11:51:44.079 62238 INFO tempest.lib.common.rest_client [req-483d0974-e487-4aed-8ea6-244f210f7b1c req-483d0974-e487-4aed-8ea6-244f210f7b1c ] Request (ServersTestMultiNic:test_verify_multiple_nics_order): 200 GET http://10.180.1.21/compute/v2.1/servers/3f2ed06f-27d0-4a73-a678-430db5334147 0.053s
2024-10-31 11:51:44.111 62290 INFO tempest.lib.common.rest_client [req-f0189337-5dea-40a0-96a3-8f0b45a9fc64 req-f0189337-5dea-40a0-96a3-8f0b45a9fc64 ] Request (AttachVolumeNegativeTest:test_attach_attached_volume_to_same_server): 200 GET http://10.180.1.21/compute/v2.1/servers/bc1ef57d-457d-446a-8ad4-3bab6d331215 0.065s
2024-10-31 11:51:44.143 62270 INFO tempest.lib.common.rest_client [req-a5994a9d-f1bd-4968-bc20-2474d58975ad req-a5994a9d-f1bd-4968-bc20-2474d58975ad ] Request (ServerActionsTestJSON:setUpClass): 200 GET http://10.180.1.21/compute/v2.1/servers/4d167f54-c1fc-4eb0-a4cc-a5edb60fe78e 0.050s
2024-10-31 11:51:44.186 62264 INFO tempest.lib.common.rest_client [req-3a5dd78c-dd6f-46d2-b18a-2c90321c10ca req-3a5dd78c-dd6f-46d2-b18a-2c90321c10ca ] Request (TenantUsagesTestJSON:setUpClass): 200 GET http://10.180.1.21/compute/v2.1/servers/35b6490b-eec9-4dc1-9de3-63c368bdc5d7 0.044s
2024-10-31 11:51:44.242 62283 INFO tempest.lib.common.rest_client [req-4f9d6e7c-87b6-45a5-b67d-f663eb66e0ac req-4f9d6e7c-87b6-45a5-b67d-f663eb66e0ac ] Request (ServerActionsTestOtherB:setUpClass): 200 GET http://10.180.1.21/compute/v2.1/servers/b4706725-5e28-4d2a-b4a8-7633ffa63afe 0.051s
2024-10-31 11:51:44.294 62246 INFO tempest.lib.common.rest_client [req-b15cfe80-3cae-4a92-9119-94ee61430140 req-b15cfe80-3cae-4a92-9119-94ee61430140 ] Request (ListServersNegativeTestJSON:setUpClass): 200 GET http://10.180.1.21/compute/v2.1/servers/6643cc70-7e92-41e9-b2dc-c531a331086f 0.052s
2024-10-31 11:51:44.332 62242 INFO tempest.lib.common.rest_client [req-208b08d9-a246-408d-b65b-6d87b79d272c req-208b08d9-a246-408d-b65b-6d87b79d272c ] Request (ListImageFiltersTestJSON:setUpClass): 200 GET http://10.180.1.21/compute/v2.1/servers/0d680f38-bd47-4aeb-8845-efa20667623b 0.054s
2024-10-31 11:51:44.393 62284 INFO tempest.lib.common.rest_client [req-460d13fa-c2d9-46d2-9713-e9d5065f3fe9 req-460d13fa-c2d9-46d2-9713-e9d5065f3fe9 ] Request (ServersV294TestFqdnHostnames:setUpClass): 200 GET http://10.180.1.21/compute/v2.1/servers/62ebc97c-3f86-4ef2-b5c4-3d2fe563d179 0.052s
2024-10-31 11:51:44.423 62240 INFO tempest.lib.common.rest_client [req-0444a635-857b-4b2d-9a36-5d99824faaef req-0444a635-857b-4b2d-9a36-5d99824faaef ] Request (AttachInterfacesUnderV243Test:test_add_remove_fixed_ip): 200 GET http://10.180.1.21/compute/v2.1/servers/87f859c6-7a96-4a48-adb8-814a134ad4c8 0.057s
2024-10-31 11:51:44.447 62274 INFO tempest.lib.common.rest_client [req-c6018ada-6770-4361-aca3-1d2e044c2311 req-c6018ada-6770-4361-aca3-1d2e044c2311 ] Request (InstanceActionsNegativeTestJSON:tearDownClass): 200 PUT http://10.180.1.21:9696/networking/v2.0/routers/6951c3dc-3861-4c95-9227-da93084f9496/remove_router_interface 0.707s
2024-10-31 11:51:44.466 62250 INFO tempest.lib.common.rest_client [req-3bc9f4ae-d559-4026-8f3a-c5c1b7dee58b req-3bc9f4ae-d559-4026-8f3a-c5c1b7dee58b ] Request (ImagesNegativeTestJSON:test_create_image_from_deleted_server): 200 GET http://10.180.1.21/compute/v2.1/servers/e49e77d6-8d5e-4d89-b129-ac34cd1969c1 0.046s
2024-10-31 11:51:44.534 62256 INFO tempest.lib.common.rest_client [req-c9f0943d-3738-41d0-b6c6-c3b8a5c68974 req-c9f0943d-3738-41d0-b6c6-c3b8a5c68974 ] Request (ImagesTestJSON:test_create_server_from_snapshot): 200 GET http://10.180.1.21/compute/v2.1/servers/a733a167-9713-43b7-bcc0-b0af47879ffc 0.065s
2024-10-31 11:51:44.582 62236 INFO tempest.lib.common.rest_client [req-db78f195-295b-4049-b4d0-98bee35fcb71 req-db78f195-295b-4049-b4d0-98bee35fcb71 ] Request (MigrationsAdminTest:test_resize_server_revert_deleted_flavor): 200 GET http://10.180.1.21/compute/v2.1/servers/8672c282-1a66-49b5-9c22-7136b567a52c 0.064s
2024-10-31 11:51:44.601 62268 INFO tempest.lib.common.rest_client [req-08869ee5-df63-4faf-acc2-7757fe323773 req-08869ee5-df63-4faf-acc2-7757fe323773 ] Request (DeleteServersTestJSON:test_delete_active_server): 200 GET http://10.180.1.21/compute/v2.1/servers/297c345a-a825-47b1-a9e4-a353758d32ce 0.081s
2024-10-31 11:51:44.631 62248 INFO tempest.lib.common.rest_client [req-eae48751-b318-4bae-a0d0-19b5bbaaafe1 req-eae48751-b318-4bae-a0d0-19b5bbaaafe1 ] Request (SecurityGroupsTestJSON:test_server_security_groups): 200 GET http://10.180.1.21/compute/v2.1/servers/9da95edb-f9fb-40f3-9317-d27f1bae0ecf 0.066s
2024-10-31 11:51:44.681 62252 INFO tempest.lib.common.rest_client [req-d9c1b6c0-f070-474e-8f37-3789085b20cd req-d9c1b6c0-f070-474e-8f37-3789085b20cd ] Request (ServersTestBootFromVolume:setUpClass): 200 GET http://10.180.1.21/compute/v2.1/servers/9025d114-10da-4cf8-9e5f-2520bfd3b246 0.059s
2024-10-31 11:51:44.722 62276 INFO tempest.lib.common.rest_client [req-fc5507e0-2c39-4410-99e1-5596df86e7b4 req-fc5507e0-2c39-4410-99e1-5596df86e7b4 ] Request (ServerAddressesTestJSON:setUpClass): 200 GET http://10.180.1.21/compute/v2.1/servers/a8101e8d-55d0-4f70-9119-f5e176ba8212 0.051s
2024-10-31 11:51:44.785 62254 INFO tempest.lib.common.rest_client [req-702f04ad-abef-469b-ac68-de31c9b96d43 req-702f04ad-abef-469b-ac68-de31c9b96d43 ] Request (InstanceActionsTestJSON:setUpClass): 200 GET http://10.180.1.21/compute/v2.1/servers/f163fb1b-400f-4abb-8df6-0d9ea6449166 0.055s
2024-10-31 11:51:44.788 62258 INFO tempest.lib.common.rest_client [req-fe930370-3279-46d2-b57e-21edbd62409f req-fe930370-3279-46d2-b57e-21edbd62409f ] Request (ServersTestFqdnHostnames:test_create_server_with_fqdn_name): 200 GET http://10.180.1.21/compute/v2.1/servers/dce49aac-03f3-48ed-9bad-c5eb2d779bae 0.058s
2024-10-31 11:51:44.832 62267 INFO tempest.lib.common.rest_client [req-669353fb-b144-46db-8277-462624d5b935 req-669353fb-b144-46db-8277-462624d5b935 ] Request (ImagesOneServerTestJSON:setUpClass): 200 GET http://10.180.1.21/compute/v2.1/servers/fc1f08e8-fd0a-4b84-bc8f-fe3a27136c57 0.053s
2024-10-31 11:51:44.876 62292 INFO tempest.lib.common.rest_client [req-bf4c7498-7c79-4f00-9808-6ed2e43972bf req-bf4c7498-7c79-4f00-9808-6ed2e43972bf ] Request (ServersAaction247Test:test_create_backup): 200 GET http://10.180.1.21/compute/v2.1/servers/f0a011bb-4939-4384-885c-6ce482875b4e 0.077s
2024-10-31 11:51:44.882 62244 INFO tempest.lib.common.rest_client [req-b8165894-7e7f-4069-8292-ebe625ad0c20 req-b8165894-7e7f-4069-8292-ebe625ad0c20 ] Request (ServersAdminTestJSON:setUpClass): 200 GET http://10.180.1.21/compute/v2.1/servers/41bc5a14-1d13-4730-80c5-a0bcfb1f0ad1 0.046s
2024-10-31 11:51:44.905 62274 INFO tempest.lib.common.rest_client [req-2102aaff-5141-400c-ac22-6049a31a9390 req-2102aaff-5141-400c-ac22-6049a31a9390 ] Request (InstanceActionsNegativeTestJSON:tearDownClass): 204 DELETE http://10.180.1.21:9696/networking/v2.0/routers/6951c3dc-3861-4c95-9227-da93084f9496 0.457s
2024-10-31 11:51:44.929 62294 INFO tempest.lib.common.rest_client [req-9d64dde3-b1bb-4f8d-a50c-94e8526d7c1a req-9d64dde3-b1bb-4f8d-a50c-94e8526d7c1a ] Request (MultipleCreateTestJSON:test_multiple_create): 200 GET http://10.180.1.21/compute/v2.1/servers/b9ec575c-034b-46bc-afbd-7a8a07a8e005 0.065s
2024-10-31 11:51:45.020 62286 INFO tempest.lib.common.rest_client [req-de74dde7-54a7-4db0-9786-5375e1180167 req-de74dde7-54a7-4db0-9786-5375e1180167 ] Request (DeleteServersAdminTestJSON:test_delete_server_while_in_error_state): 200 GET http://10.180.1.21/compute/v2.1/servers/70af5d32-254f-4819-8cca-c28346e48139 0.059s
2024-10-31 11:51:45.023 62274 INFO tempest.lib.common.rest_client [req-f779b456-e497-4f31-aebd-2fc3b4deb290 req-f779b456-e497-4f31-aebd-2fc3b4deb290 ] Request (InstanceActionsNegativeTestJSON:tearDownClass): 204 DELETE http://10.180.1.21:9696/networking/v2.0/subnets/f6348418-426e-4e0e-a5fa-dd34b48ee61f 0.118s
2024-10-31 11:51:45.082 62296 INFO tempest.lib.common.rest_client [req-848289b6-d13c-49a3-b7ce-bc56b5f956b7 req-848289b6-d13c-49a3-b7ce-bc56b5f956b7 ] Request (ServerActionsV293TestJSON:setUpClass): 200 GET http://10.180.1.21/compute/v2.1/servers/5f205b7d-d93e-436d-9d7d-04c6f767f7ad 0.059s
2024-10-31 11:51:45.116 62298 INFO tempest.lib.common.rest_client [req-02de071c-8c23-4e87-bca0-bcda329b8bed req-02de071c-8c23-4e87-bca0-bcda329b8bed ] Request (VolumesAdminNegativeTest:test_update_attached_volume_with_nonexistent_volume_in_uri): 200 GET http://10.180.1.21/compute/v2.1/servers/56e74975-e4fa-4ff8-ab87-aa74125dab78 0.054s
2024-10-31 11:51:45.133 62238 INFO tempest.lib.common.rest_client [req-91cae052-c105-4d26-b96d-666adf3266bd req-91cae052-c105-4d26-b96d-666adf3266bd ] Request (ServersTestMultiNic:test_verify_multiple_nics_order): 200 GET http://10.180.1.21/compute/v2.1/servers/3f2ed06f-27d0-4a73-a678-430db5334147 0.046s
2024-10-31 11:51:45.165 62290 INFO tempest.lib.common.rest_client [req-68a6228e-c573-4855-b9ee-27a11b71a0ee req-68a6228e-c573-4855-b9ee-27a11b71a0ee ] Request (AttachVolumeNegativeTest:test_attach_attached_volume_to_same_server): 200 GET http://10.180.1.21/compute/v2.1/servers/bc1ef57d-457d-446a-8ad4-3bab6d331215 0.046s
2024-10-31 11:51:45.202 62270 INFO tempest.lib.common.rest_client [req-6427025a-d434-4b0e-8268-aa3128dcf9d3 req-6427025a-d434-4b0e-8268-aa3128dcf9d3 ] Request (ServerActionsTestJSON:setUpClass): 200 GET http://10.180.1.21/compute/v2.1/servers/4d167f54-c1fc-4eb0-a4cc-a5edb60fe78e 0.052s
2024-10-31 11:51:45.246 62264 INFO tempest.lib.common.rest_client [req-89916155-fc6d-4d89-8107-39c6a02e4b2a req-89916155-fc6d-4d89-8107-39c6a02e4b2a ] Request (TenantUsagesTestJSON:setUpClass): 200 GET http://10.180.1.21/compute/v2.1/servers/35b6490b-eec9-4dc1-9de3-63c368bdc5d7 0.054s
2024-10-31 11:51:45.266 62274 INFO tempest.lib.common.rest_client [req-c26054f4-1324-4483-b94a-04127a706bb0 req-c26054f4-1324-4483-b94a-04127a706bb0 ] Request (InstanceActionsNegativeTestJSON:tearDownClass): 204 DELETE http://10.180.1.21:9696/networking/v2.0/networks/e6187ed3-ab69-4b32-a782-eef408fae7af 0.243s
2024-10-31 11:51:45.302 62283 INFO tempest.lib.common.rest_client [req-a11efc16-9d3d-4eef-9f50-cdc2411074a6 req-a11efc16-9d3d-4eef-9f50-cdc2411074a6 ] Request (ServerActionsTestOtherB:setUpClass): 200 GET http://10.180.1.21/compute/v2.1/servers/b4706725-5e28-4d2a-b4a8-7633ffa63afe 0.053s
2024-10-31 11:51:45.353 62246 INFO tempest.lib.common.rest_client [req-5b173da4-c603-4a42-9563-4fada4b435d6 req-5b173da4-c603-4a42-9563-4fada4b435d6 ] Request (ListServersNegativeTestJSON:setUpClass): 200 GET http://10.180.1.21/compute/v2.1/servers/6643cc70-7e92-41e9-b2dc-c531a331086f 0.052s
2024-10-31 11:51:45.375 62274 INFO tempest.lib.common.rest_client [req-861f737c-f8b5-4813-9327-92c57c4b4018 req-861f737c-f8b5-4813-9327-92c57c4b4018 ] Request (InstanceActionsNegativeTestJSON:tearDownClass): 204 DELETE http://10.180.1.21/identity/v3/users/89a976a9671f4ed1a0f768721b1b2d20 0.108s
2024-10-31 11:51:45.375 62274 INFO tempest.lib.common.dynamic_creds [-] Deleting project and security group for project: f5018bbe6dfa452a92e1b72b0247d82f
2024-10-31 11:51:45.388 62242 INFO tempest.lib.common.rest_client [req-4141bc32-8266-44f9-846c-0668721d8e8e req-4141bc32-8266-44f9-846c-0668721d8e8e ] Request (ListImageFiltersTestJSON:setUpClass): 200 GET http://10.180.1.21/compute/v2.1/servers/0d680f38-bd47-4aeb-8845-efa20667623b 0.049s
2024-10-31 11:51:45.403 62274 INFO tempest.lib.common.rest_client [req-e9b61114-86a3-43b3-938e-a5c4af592a21 req-e9b61114-86a3-43b3-938e-a5c4af592a21 ] Request (InstanceActionsNegativeTestJSON:tearDownClass): 200 GET http://10.180.1.21:9696/networking/v2.0/security-groups?tenant_id=f5018bbe6dfa452a92e1b72b0247d82f&name=default 0.028s
2024-10-31 11:51:45.458 62284 INFO tempest.lib.common.rest_client [req-d797d4af-cc90-4952-9d7f-432cf5285671 req-d797d4af-cc90-4952-9d7f-432cf5285671 ] Request (ServersV294TestFqdnHostnames:setUpClass): 200 GET http://10.180.1.21/compute/v2.1/servers/62ebc97c-3f86-4ef2-b5c4-3d2fe563d179 0.056s
2024-10-31 11:51:45.474 62240 INFO tempest.lib.common.rest_client [req-4afc8df4-82f0-430c-9cb3-773832564fe0 req-4afc8df4-82f0-430c-9cb3-773832564fe0 ] Request (AttachInterfacesUnderV243Test:test_add_remove_fixed_ip): 200 GET http://10.180.1.21/compute/v2.1/servers/87f859c6-7a96-4a48-adb8-814a134ad4c8 0.044s
2024-10-31 11:51:45.500 62274 INFO tempest.lib.common.rest_client [req-2e8dcc7a-ea11-47f5-bf54-9293d1e6164a req-2e8dcc7a-ea11-47f5-bf54-9293d1e6164a ] Request (InstanceActionsNegativeTestJSON:tearDownClass): 204 DELETE http://10.180.1.21:9696/networking/v2.0/security-groups/3665b5ab-8a2d-44df-9234-46fe3b89321c 0.096s
2024-10-31 11:51:45.526 62250 INFO tempest.lib.common.rest_client [req-0675da9b-ee8a-487a-a246-791af97039c6 req-0675da9b-ee8a-487a-a246-791af97039c6 ] Request (ImagesNegativeTestJSON:test_create_image_from_deleted_server): 200 GET http://10.180.1.21/compute/v2.1/servers/e49e77d6-8d5e-4d89-b129-ac34cd1969c1 0.053s
2024-10-31 11:51:45.586 62274 INFO tempest.lib.common.rest_client [req-29ffdf3c-0605-4684-bdc3-ef55cbf170c7 req-29ffdf3c-0605-4684-bdc3-ef55cbf170c7 ] Request (InstanceActionsNegativeTestJSON:tearDownClass): 204 DELETE http://10.180.1.21/identity/v3/projects/f5018bbe6dfa452a92e1b72b0247d82f 0.086s
2024-10-31 11:51:45.592 62256 INFO tempest.lib.common.rest_client [req-b27b5963-96ca-4d1d-839e-958ad930bdba req-b27b5963-96ca-4d1d-839e-958ad930bdba ] Request (ImagesTestJSON:test_create_server_from_snapshot): 200 GET http://10.180.1.21/compute/v2.1/servers/a733a167-9713-43b7-bcc0-b0af47879ffc 0.048s
2024-10-31 11:51:45.643 62236 INFO tempest.lib.common.rest_client [req-6a6ff879-7165-4e52-a8d9-8dfb664d17b1 req-6a6ff879-7165-4e52-a8d9-8dfb664d17b1 ] Request (MigrationsAdminTest:test_resize_server_revert_deleted_flavor): 200 GET http://10.180.1.21/compute/v2.1/servers/8672c282-1a66-49b5-9c22-7136b567a52c 0.055s
2024-10-31 11:51:45.656 62268 INFO tempest.lib.common.rest_client [req-4920c111-c849-428c-95f4-de440492cd33 req-4920c111-c849-428c-95f4-de440492cd33 ] Request (DeleteServersTestJSON:test_delete_active_server): 200 GET http://10.180.1.21/compute/v2.1/servers/297c345a-a825-47b1-a9e4-a353758d32ce 0.047s
2024-10-31 11:51:45.694 62248 INFO tempest.lib.common.rest_client [req-19e6ca57-69ea-4df0-98dc-56d122ae2bb1 req-19e6ca57-69ea-4df0-98dc-56d122ae2bb1 ] Request (SecurityGroupsTestJSON:test_server_security_groups): 200 GET http://10.180.1.21/compute/v2.1/servers/9da95edb-f9fb-40f3-9317-d27f1bae0ecf 0.057s
2024-10-31 11:51:45.749 62252 INFO tempest.lib.common.rest_client [req-5b779e7a-c642-4adc-a1ac-efcd892cae88 req-5b779e7a-c642-4adc-a1ac-efcd892cae88 ] Request (ServersTestBootFromVolume:setUpClass): 200 GET http://10.180.1.21/compute/v2.1/servers/9025d114-10da-4cf8-9e5f-2520bfd3b246 0.058s
2024-10-31 11:51:45.781 62276 INFO tempest.lib.common.rest_client [req-3572d761-22d7-42b3-99dc-d21e5612c42f req-3572d761-22d7-42b3-99dc-d21e5612c42f ] Request (ServerAddressesTestJSON:setUpClass): 200 GET http://10.180.1.21/compute/v2.1/servers/a8101e8d-55d0-4f70-9119-f5e176ba8212 0.052s
2024-10-31 11:51:45.839 62254 INFO tempest.lib.common.rest_client [req-1777b26b-e027-4907-a846-56111730a9b0 req-1777b26b-e027-4907-a846-56111730a9b0 ] Request (InstanceActionsTestJSON:setUpClass): 200 GET http://10.180.1.21/compute/v2.1/servers/f163fb1b-400f-4abb-8df6-0d9ea6449166 0.047s
