2024-10-31 11:50:16.067 62283 INFO tempest.lib.common.rest_client [req-e318b30e-9525-498e-8d8b-cf8370b0dd09 req-e318b30e-9525-498e-8d8b-cf8370b0dd09 ] Request (ServerActionsTestOtherB:setUpClass): 201 POST http://10.180.1.21:9696/networking/v2.0/security-group-rules 0.162s
2024-10-31 11:50:16.115 62256 INFO tempest.lib.common.rest_client [req-0787c258-2bf2-4c39-b442-ed5df9a3fbe4 req-0787c258-2bf2-4c39-b442-ed5df9a3fbe4 ] Request (ImagesTestJSON:test_create_image_from_suspended_server): 200 GET http://10.180.1.21/compute/v2.1/servers/df154c2a-3616-442d-abb0-83e68cf1141d 0.939s
2024-10-31 11:50:16.148 62242 INFO tempest.lib.common.rest_client [req-883319e3-da48-4849-97ce-bf4497261e91 req-883319e3-da48-4849-97ce-bf4497261e91 ] Request (ListImageFiltersTestJSON:setUpClass): 201 POST http://10.180.1.21/image/v2/images 0.491s
2024-10-31 11:50:16.730 62283 INFO tempest.lib.common.rest_client [req-d45858a1-9f6c-4795-877f-de04d374f23a req-d45858a1-9f6c-4795-877f-de04d374f23a ] Request (ServerActionsTestOtherB:setUpClass): 201 POST http://10.180.1.21:9696/networking/v2.0/floatingips 0.662s
2024-10-31 11:50:16.751 62274 INFO tempest.lib.common.rest_client [req-766a3c1e-4e5e-4b67-84f8-1daf06ef8c9b req-766a3c1e-4e5e-4b67-84f8-1daf06ef8c9b ] Request (InstanceActionsNegativeTestJSON:setUpClass): 202 POST http://10.180.1.21/compute/v2.1/servers 1.540s
2024-10-31 11:50:16.810 62283 INFO tempest.lib.common.rest_client [req-389dfd77-4e92-43e6-a1ac-215b5cd2cce2 req-389dfd77-4e92-43e6-a1ac-215b5cd2cce2 ] Request (ServerActionsTestOtherB:setUpClass): 201 POST http://10.180.1.21/identity/v3/auth/tokens 0.075s
2024-10-31 11:50:16.811 62283 INFO tempest.lib.common.fixed_network [-] (ServerActionsTestOtherB:setUpClass) Found network {'id': '27568dd6-0f0d-46a5-9c8f-adb8cb8e7835', 'name': 'tempest-ServerActionsTestOtherB-1724942934-network', 'tenant_id': '2a6b03a12b5b4aeaaff1be7c50269b9f', 'admin_state_up': True, 'mtu': 8950, 'status': 'ACTIVE', 'subnets': [], 'shared': False, 'project_id': '2a6b03a12b5b4aeaaff1be7c50269b9f', 'port_security_enabled': True, 'router:external': False, 'provider:network_type': 'vlan', 'provider:physical_network': 'default', 'provider:segmentation_id': 102, 'availability_zone_hints': [], 'availability_zones': [], 'ipv4_address_scope': None, 'ipv6_address_scope': None, 'description': '', 'tags': [], 'created_at': '2024-10-31T11:50:09Z', 'updated_at': '2024-10-31T11:50:09Z', 'revision_number': 1} available for tenant
2024-10-31 11:50:16.811 62280 INFO tempest.lib.common.rest_client [req-e193019d-138a-4ce8-bd04-a0c0493de238 req-e193019d-138a-4ce8-bd04-a0c0493de238 ] Request (ServersNegativeTestJSON:setUpClass): 200 GET http://10.180.1.21/compute/v2.1/servers/59330fd4-c362-4593-824d-d40c00f3f5d2 1.567s
2024-10-31 11:50:16.871 62240 INFO tempest.lib.common.rest_client [req-0a530f0d-514b-47d2-af8c-817df9035089 req-0a530f0d-514b-47d2-af8c-817df9035089 ] Request (ServersWithSpecificFlavorTestJSON:test_verify_created_server_ephemeral_disk): 200 GET http://10.180.1.21/compute/v2.1/servers/0fd8d146-79fe-4e2a-90a3-67d457fc570f 1.466s
2024-10-31 11:50:16.885 62240 INFO tempest.common.waiters [-] State transition "BUILD/None" ==> "BUILD/networking" after 16 second wait
2024-10-31 11:50:16.928 62270 INFO tempest.lib.common.rest_client [req-0272b3ec-0248-4c4d-ac77-c55d443c5ac5 req-0272b3ec-0248-4c4d-ac77-c55d443c5ac5 ] Request (ServerDiagnosticsTest:test_get_server_diagnostics): 200 GET http://10.180.1.21/compute/v2.1/servers/f9d92b1b-59ed-4f3c-9e5c-2b894b123e9e 1.511s
2024-10-31 11:50:16.988 62248 INFO tempest.lib.common.rest_client [req-eaed670f-30df-414c-b108-a608f067500c req-eaed670f-30df-414c-b108-a608f067500c ] Request (SecurityGroupsTestJSON:test_list_security_groups_by_server): 200 GET http://10.180.1.21/compute/v2.1/servers/81bbe6ae-87b2-414b-a872-4e03285abf92 1.531s
2024-10-31 11:50:17.051 62238 INFO tempest.lib.common.rest_client [req-4172700d-445d-4faf-997b-4addf98414e8 req-4172700d-445d-4faf-997b-4addf98414e8 ] Request (ServersTestMultiNic:test_verify_duplicate_network_nics): 200 GET http://10.180.1.21/compute/v2.1/servers/6236c44a-e3c6-4302-8f15-4eb8dfaf5960 1.565s
2024-10-31 11:50:17.096 62290 INFO tempest.lib.common.rest_client [req-e4467b03-4163-4218-a086-5add9ed3a2d4 req-e4467b03-4163-4218-a086-5add9ed3a2d4 ] Request (AttachVolumeNegativeTest:test_attach_attached_volume_to_different_server): 200 GET http://10.180.1.21/compute/v2.1/servers/ef129347-9ea0-4615-b897-f51e664da1a7 1.609s
2024-10-31 11:50:17.156 62294 INFO tempest.lib.common.rest_client [req-27d53f1d-9098-43e2-8378-96f260b72512 req-27d53f1d-9098-43e2-8378-96f260b72512 ] Request (ServerExternalEventsTest:test_create_server_external_events): 200 GET http://10.180.1.21/compute/v2.1/servers/e37ac276-8a3e-45b3-8176-d972eb4e6e3e 1.646s
2024-10-31 11:50:17.206 62264 INFO tempest.lib.common.rest_client [req-d7db2069-db0c-444c-a05c-801b74e967ce req-d7db2069-db0c-444c-a05c-801b74e967ce ] Request (ServersAdminNegativeTestJSON:setUpClass): 200 GET http://10.180.1.21/compute/v2.1/servers/687eaa4d-012a-4dd9-9033-16fad3650a56 1.637s
2024-10-31 11:50:17.237 62276 INFO tempest.lib.common.rest_client [req-57874cf1-9cdb-4794-9967-c0108c1e437f req-57874cf1-9cdb-4794-9967-c0108c1e437f ] Request (FloatingIPsTestJSON:test_delete_floating_ip): 404 GET http://10.180.1.21/compute/v2.1/os-floating-ips/e6953f19-011b-46da-a267-91d31427746b 1.590s
2024-10-31 11:50:17.250 62268 INFO tempest.lib.common.rest_client [req-9fe2b0b3-9e81-4a22-8eda-8cff3dba4106 req-9fe2b0b3-9e81-4a22-8eda-8cff3dba4106 ] Request (FlavorsAdminTestJSON:test_create_server_with_non_public_flavor): 400 POST http://10.180.1.21/compute/v2.1/servers 1.557s
2024-10-31 11:50:17.356 62296 INFO tempest.lib.common.rest_client [req-ae6e2301-401c-4e9f-b346-bc1974e1132c req-ae6e2301-401c-4e9f-b346-bc1974e1132c ] Request (FlavorsAccessNegativeTestJSON:test_remove_flavor_access_not_found): 404 POST http://10.180.1.21/compute/v2.1/flavors/779644472/action 1.647s
2024-10-31 11:50:17.383 62292 INFO tempest.lib.common.rest_client [req-1f07bd31-7668-4702-87ef-8542d5f0c52a req-1f07bd31-7668-4702-87ef-8542d5f0c52a ] Request (AggregatesAdminNegativeTestJSON:test_aggregate_get_details_as_user): 200 POST http://10.180.1.21/compute/v2.1/os-aggregates 1.664s
2024-10-31 11:50:17.717 62244 INFO tempest.lib.common.rest_client [req-fc4182b2-68b3-4556-a5c9-a89037896e85 req-fc4182b2-68b3-4556-a5c9-a89037896e85 ] Request (SecurityGroupsTestAdminJSON:test_list_security_groups_list_all_tenants_filter): 200 GET http://10.180.1.21/compute/v2.1/os-security-groups?all_tenants=true 2.735s
2024-10-31 11:50:17.784 62288 INFO tempest.lib.common.rest_client [req-c8f27252-dfae-49d1-a5dd-c141f1f98a76 req-c8f27252-dfae-49d1-a5dd-c141f1f98a76 ] Request (ServerShowV257Test:test_rebuild_server): 200 GET http://10.180.1.21/compute/v2.1/servers/a8f6254f-b867-4967-b4fa-bb70f471f89d 2.036s
2024-10-31 11:50:17.795 62242 INFO tempest.lib.common.rest_client [req-58f27870-60d0-49ba-b017-a8ae982ea21a req-58f27870-60d0-49ba-b017-a8ae982ea21a ] Request (ListImageFiltersTestJSON:setUpClass): 204 PUT http://10.180.1.21/image/v2/images/3aec8efd-e3b2-458d-bba7-06bdf9ddcc46/file 0.646s
2024-10-31 11:50:17.833 62267 INFO tempest.lib.common.rest_client [req-b49348a6-2479-402e-aa1d-c614614db13e req-b49348a6-2479-402e-aa1d-c614614db13e ] Request (ImagesOneServerTestJSON:setUpClass): 202 POST http://10.180.1.21/compute/v2.1/servers 2.102s
2024-10-31 11:50:17.849 62284 INFO tempest.lib.common.rest_client [req-64c369da-6eec-4b1e-a1f2-c8c9d7a7490d req-64c369da-6eec-4b1e-a1f2-c8c9d7a7490d ] Request (FloatingIPsAssociationNegativeTestJSON:setUpClass): 200 GET http://10.180.1.21/compute/v2.1/servers/ac0209e5-66d0-4a04-892d-85eba3c3663a 2.076s
2024-10-31 11:50:17.868 62252 INFO tempest.lib.common.rest_client [req-470f74d6-98cf-4d74-b931-bc8796e33497 req-470f74d6-98cf-4d74-b931-bc8796e33497 ] Request (KeyPairsV210TestJSON:_run_cleanups): 204 DELETE http://10.180.1.21/compute/v2.1/os-keypairs/tempest-KeyPairsV210TestJSON-keypair-632465843 2.072s
2024-10-31 11:50:17.875 62278 INFO tempest.lib.common.rest_client [req-6361abec-fc87-4f27-a137-3e321975667a req-6361abec-fc87-4f27-a137-3e321975667a ] Request (HypervisorAdminNegativeUnderV252Test:test_show_servers_with_non_admin_user): 403 GET http://10.180.1.21/compute/v2.1/os-hypervisors/1/servers 2.047s
2024-10-31 11:50:17.898 62262 INFO tempest.lib.common.rest_client [req-0dd13c46-ff4e-460e-8c88-c05e9cdc4aa9 req-0dd13c46-ff4e-460e-8c88-c05e9cdc4aa9 ] Request (ServerDiagnosticsV248Test:tearDownClass): 200 GET http://10.180.1.21/compute/v2.1/servers/2aabbd53-4c4d-4b53-8135-34cc5a17fd47 2.117s
2024-10-31 11:50:17.920 62286 INFO tempest.lib.common.rest_client [req-eb339abb-6d3b-49f8-a117-a0270f7806e0 req-eb339abb-6d3b-49f8-a117-a0270f7806e0 ] Request (DeleteServersAdminTestJSON:test_admin_delete_servers_of_others): 404 GET http://10.180.1.21/compute/v2.1/servers/2a24c5ce-9b52-49ae-b847-6280cef02eb5 1.993s
2024-10-31 11:50:17.937 62236 INFO tempest.lib.common.rest_client [req-dc8fe3df-c873-4351-94e0-7063dd6453f9 req-dc8fe3df-c873-4351-94e0-7063dd6453f9 ] Request (MigrationsAdminTest:test_list_migrations_in_flavor_resize_situation): 200 GET http://10.180.1.21/compute/v2.1/servers/4cafaebd-b577-4a7e-92b8-151445f66a0d 2.077s
2024-10-31 11:50:17.981 62298 INFO tempest.lib.common.rest_client [req-f13690fd-81e4-46ff-baa7-ddcdd0c28edb req-f13690fd-81e4-46ff-baa7-ddcdd0c28edb ] Request (VolumesAdminNegativeTest:test_update_attached_volume_with_nonexistent_volume_in_body): 200 GET http://10.180.1.21/compute/v2.1/servers/975b0c65-6f57-4c7c-ae46-b23920a039f7 2.002s
2024-10-31 11:50:17.991 62274 INFO tempest.lib.common.rest_client [req-2278b7c3-0bd7-459d-99b3-686847fbfcc7 req-2278b7c3-0bd7-459d-99b3-686847fbfcc7 ] Request (InstanceActionsNegativeTestJSON:setUpClass): 200 GET http://10.180.1.21/compute/v2.1/servers/71248677-92fb-4f66-b089-2cbbdc808bb7 1.237s
2024-10-31 11:50:17.993 62286 INFO tempest.lib.common.rest_client [req-d96d99e0-c99a-4fb4-ab58-a2a4c226ac5a req-d96d99e0-c99a-4fb4-ab58-a2a4c226ac5a ] Request (DeleteServersAdminTestJSON:test_delete_server_while_in_error_state): 201 POST http://10.180.1.21/identity/v3/auth/tokens 0.063s
2024-10-31 11:50:17.993 62286 INFO tempest.lib.common.fixed_network [-] (DeleteServersAdminTestJSON:test_delete_server_while_in_error_state) Found network None available for tenant
2024-10-31 11:50:18.040 62254 INFO tempest.lib.common.rest_client [req-134fd7c2-e493-4f90-aa5c-c8f97c597a18 req-134fd7c2-e493-4f90-aa5c-c8f97c597a18 ] Request (ImagesOneServerNegativeTestJSON:setUpClass): 200 GET http://10.180.1.21/compute/v2.1/servers/d2e4c9d6-7dec-4a54-bc26-84cfbdab6d8f 1.151s
2024-10-31 11:50:18.111 62246 INFO tempest.lib.common.rest_client [req-b7753902-b04c-4363-b889-0ca30bd0738d req-b7753902-b04c-4363-b889-0ca30bd0738d ] Request (ServerDiagnosticsNegativeTest:test_get_server_diagnostics_by_non_admin): 200 GET http://10.180.1.21/compute/v2.1/servers/5a590ae6-eb88-433d-81b4-33e7b6ace868 1.159s
2024-10-31 11:50:18.119 62246 INFO tempest.common.waiters [-] State transition "BUILD/spawning" ==> "ERROR/None" after 32 second wait
2024-10-31 11:50:18.155 62258 INFO tempest.lib.common.rest_client [req-f8536de8-1420-4f0a-9bbc-463ca763336d req-f8536de8-1420-4f0a-9bbc-463ca763336d ] Request (VolumesAssistedSnapshotsTest:test_volume_assisted_snapshot_create_delete): 200 GET http://10.180.1.21/compute/v2.1/servers/782f1eba-459c-4249-b74a-128b22c64ca3 1.156s
2024-10-31 11:50:18.201 62250 INFO tempest.lib.common.rest_client [req-da458e99-346e-4439-a9e0-be6d73a06219 req-da458e99-346e-4439-a9e0-be6d73a06219 ] Request (ServersAdmin275Test:test_rebuild_update_server_275): 200 GET http://10.180.1.21/compute/v2.1/servers/e4ada227-b79a-457a-b063-dde99840aa14 1.194s
2024-10-31 11:50:18.242 62260 INFO tempest.lib.common.rest_client [req-8eee1288-63ef-462f-ba0f-cabb9e352df1 req-8eee1288-63ef-462f-ba0f-cabb9e352df1 ] Request (ServerMetadataNegativeTestJSON:setUpClass): 200 GET http://10.180.1.21/compute/v2.1/servers/ad2f23df-c067-4d30-b143-e50ebcc50d4e 1.178s
2024-10-31 11:50:18.293 62256 INFO tempest.lib.common.rest_client [req-d80ed1d6-c78f-4c44-8968-691c08a0c156 req-d80ed1d6-c78f-4c44-8968-691c08a0c156 ] Request (ImagesTestJSON:test_create_image_from_suspended_server): 200 GET http://10.180.1.21/compute/v2.1/servers/df154c2a-3616-442d-abb0-83e68cf1141d 1.168s
2024-10-31 11:50:18.320 62276 INFO tempest.lib.common.rest_client [req-ba4372b0-348b-4b0d-8445-7b1c3746dd83 req-ba4372b0-348b-4b0d-8445-7b1c3746dd83 ] Request (FloatingIPsTestJSON:_run_cleanups): 404 DELETE http://10.180.1.21/compute/v2.1/os-floating-ips/e6953f19-011b-46da-a267-91d31427746b 1.083s
2024-10-31 11:50:18.336 62268 INFO tempest.lib.common.rest_client [req-b17de055-460f-41d3-a459-6c32f1f7f9db req-b17de055-460f-41d3-a459-6c32f1f7f9db ] Request (FlavorsAdminTestJSON:_run_cleanups): 202 DELETE http://10.180.1.21/compute/v2.1/flavors/11337820 1.084s
2024-10-31 11:50:18.347 62296 INFO tempest.lib.common.rest_client [req-3408d4e3-84ac-4562-bdc2-adef11144d11 req-3408d4e3-84ac-4562-bdc2-adef11144d11 ] Request (FlavorsAccessNegativeTestJSON:_run_cleanups): 202 DELETE http://10.180.1.21/compute/v2.1/flavors/779644472 0.990s
2024-10-31 11:50:18.354 62292 INFO tempest.lib.common.rest_client [req-c21216d3-6869-41cd-906a-977a350406cd req-c21216d3-6869-41cd-906a-977a350406cd ] Request (AggregatesAdminNegativeTestJSON:test_aggregate_get_details_as_user): 403 GET http://10.180.1.21/compute/v2.1/os-aggregates/6 0.968s
2024-10-31 11:50:18.453 62283 INFO tempest.lib.common.rest_client [req-6a2c9675-90f7-4393-9c5f-191b444f8510 req-6a2c9675-90f7-4393-9c5f-191b444f8510 ] Request (ServerActionsTestOtherB:setUpClass): 202 POST http://10.180.1.21/compute/v2.1/servers 1.641s
2024-10-31 11:50:18.494 62242 INFO tempest.lib.common.rest_client [req-3610b42f-c784-4523-9be0-37e5e79ce036 req-3610b42f-c784-4523-9be0-37e5e79ce036 ] Request (ListImageFiltersTestJSON:setUpClass): 200 GET http://10.180.1.21/compute/v2.1/images/3aec8efd-e3b2-458d-bba7-06bdf9ddcc46 0.698s
2024-10-31 11:50:18.511 62244 INFO tempest.lib.common.rest_client [req-eec6f3fe-051d-40ca-82a1-f9d7e9f51cf7 req-eec6f3fe-051d-40ca-82a1-f9d7e9f51cf7 ] Request (SecurityGroupsTestAdminJSON:test_list_security_groups_list_all_tenants_filter): 200 GET http://10.180.1.21/compute/v2.1/os-security-groups?all_tenants=true 0.783s
2024-10-31 11:50:18.558 62280 INFO tempest.lib.common.rest_client [req-6d6c35ad-fd6c-489a-903a-82ebf1905932 req-6d6c35ad-fd6c-489a-903a-82ebf1905932 ] Request (ServersNegativeTestJSON:setUpClass): 200 GET http://10.180.1.21/compute/v2.1/servers/59330fd4-c362-4593-824d-d40c00f3f5d2 0.738s
2024-10-31 11:50:18.575 62252 INFO tempest.lib.common.rest_client [req-19d1a335-d991-4528-9207-499a4b7cbfd7 req-19d1a335-d991-4528-9207-499a4b7cbfd7 ] Request (KeyPairsV210TestJSON:_run_cleanups): 204 DELETE http://10.180.1.21/compute/v2.1/os-keypairs/tempest-keypair-958121711?user_id=8d459083482c4a88932d55776c6dabcb 0.706s
2024-10-31 11:50:18.586 62267 INFO tempest.lib.common.rest_client [req-bb5e4288-f856-4df0-bc91-7eecb542aa24 req-bb5e4288-f856-4df0-bc91-7eecb542aa24 ] Request (ImagesOneServerTestJSON:setUpClass): 200 GET http://10.180.1.21/compute/v2.1/servers/fc1f08e8-fd0a-4b84-bc8f-fe3a27136c57 0.751s
2024-10-31 11:50:18.591 62278 INFO tempest.lib.common.rest_client [req-16c4501a-a783-4d0e-8466-699dff152e31 req-16c4501a-a783-4d0e-8466-699dff152e31 ] Request (HypervisorAdminNegativeUnderV252Test:test_show_servers_with_nonexistent_hypervisor): 404 GET http://10.180.1.21/compute/v2.1/os-hypervisors/677a3f3b-ad7c-45bc-9f41-b03ff1f9c707/servers 0.715s
2024-10-31 11:50:18.650 62270 INFO tempest.lib.common.rest_client [req-939604cd-1b03-496e-a6cf-80898f85c5aa req-939604cd-1b03-496e-a6cf-80898f85c5aa ] Request (ServerDiagnosticsTest:test_get_server_diagnostics): 200 GET http://10.180.1.21/compute/v2.1/servers/f9d92b1b-59ed-4f3c-9e5c-2b894b123e9e 0.714s
2024-10-31 11:50:18.654 62240 INFO tempest.lib.common.rest_client [req-723e8e59-72b2-4037-a925-8a43009f800f req-723e8e59-72b2-4037-a925-8a43009f800f ] Request (ServersWithSpecificFlavorTestJSON:test_verify_created_server_ephemeral_disk): 200 GET http://10.180.1.21/compute/v2.1/servers/0fd8d146-79fe-4e2a-90a3-67d457fc570f 0.769s
2024-10-31 11:50:18.661 62240 INFO tempest.common.waiters [-] State transition "BUILD/networking" ==> "BUILD/spawning" after 18 second wait
2024-10-31 11:50:18.717 62248 INFO tempest.lib.common.rest_client [req-74042761-5763-425e-b2d0-9f4271bd7558 req-74042761-5763-425e-b2d0-9f4271bd7558 ] Request (SecurityGroupsTestJSON:test_list_security_groups_by_server): 200 GET http://10.180.1.21/compute/v2.1/servers/81bbe6ae-87b2-414b-a872-4e03285abf92 0.717s
2024-10-31 11:50:18.729 62278 INFO tempest.lib.common.rest_client [req-4e1def36-bdca-4dcc-85c4-6cd32a72b5e7 req-4e1def36-bdca-4dcc-85c4-6cd32a72b5e7 ] Request (HypervisorAdminNegativeUnderV252Test:tearDownClass): 204 DELETE http://10.180.1.21/identity/v3/users/eb1f504f01d04ba081c35eb491e9f02f 0.133s
2024-10-31 11:50:18.771 62238 INFO tempest.lib.common.rest_client [req-e441d627-082d-47f3-89e9-40374d1fac28 req-e441d627-082d-47f3-89e9-40374d1fac28 ] Request (ServersTestMultiNic:test_verify_duplicate_network_nics): 200 GET http://10.180.1.21/compute/v2.1/servers/6236c44a-e3c6-4302-8f15-4eb8dfaf5960 0.711s
2024-10-31 11:50:18.816 62278 INFO tempest.lib.common.rest_client [req-66fe1b73-4475-4d6b-86a5-2c4ea07e88bf req-66fe1b73-4475-4d6b-86a5-2c4ea07e88bf ] Request (HypervisorAdminNegativeUnderV252Test:tearDownClass): 204 DELETE http://10.180.1.21/identity/v3/users/11df3d15d5404a03af05e4380790eddd 0.086s
2024-10-31 11:50:18.816 62278 INFO tempest.lib.common.dynamic_creds [-] Deleting project and security group for project: 0636dc0a5e45464d8dc969d40699c68b
2024-10-31 11:50:18.821 62290 INFO tempest.lib.common.rest_client [req-6511a985-07af-4978-b319-0061197be629 req-6511a985-07af-4978-b319-0061197be629 ] Request (AttachVolumeNegativeTest:test_attach_attached_volume_to_different_server): 200 GET http://10.180.1.21/compute/v2.1/servers/ef129347-9ea0-4615-b897-f51e664da1a7 0.717s
2024-10-31 11:50:18.827 62290 INFO tempest.common.waiters [-] State transition "BUILD/scheduling" ==> "BUILD/None" after 14 second wait
2024-10-31 11:50:18.844 62286 INFO tempest.lib.common.rest_client [req-71643155-6db5-4d2f-86e4-0ef8f904b56d req-71643155-6db5-4d2f-86e4-0ef8f904b56d ] Request (DeleteServersAdminTestJSON:test_delete_server_while_in_error_state): 202 POST http://10.180.1.21/compute/v2.1/servers 0.850s
2024-10-31 11:50:18.877 62278 INFO tempest.lib.common.rest_client [req-e5147a7f-326f-48d0-a61e-a476c57e2e97 req-e5147a7f-326f-48d0-a61e-a476c57e2e97 ] Request (HypervisorAdminNegativeUnderV252Test:tearDownClass): 201 POST http://10.180.1.21/identity/v3/auth/tokens 0.058s
2024-10-31 11:50:19.039 62294 INFO tempest.lib.common.rest_client [req-ae97dba8-4ea1-48b7-82dd-86a3412cf692 req-ae97dba8-4ea1-48b7-82dd-86a3412cf692 ] Request (ServerExternalEventsTest:test_create_server_external_events): 200 GET http://10.180.1.21/compute/v2.1/servers/e37ac276-8a3e-45b3-8176-d972eb4e6e3e 0.872s
2024-10-31 11:50:19.048 62246 INFO tempest.lib.common.rest_client [req-65c70edf-005b-4483-99ea-5903efc50618 req-65c70edf-005b-4483-99ea-5903efc50618 ] Request (ServerDiagnosticsNegativeTest:test_get_server_diagnostics_by_non_admin): 204 DELETE http://10.180.1.21/compute/v2.1/servers/5a590ae6-eb88-433d-81b4-33e7b6ace868 0.929s
2024-10-31 11:50:19.062 62268 INFO tempest.lib.common.rest_client [req-da98c640-ab38-46f4-a17e-fd51779cd8dd req-da98c640-ab38-46f4-a17e-fd51779cd8dd ] Request (FlavorsAdminTestJSON:_run_cleanups): 200 GET http://10.180.1.21/compute/v2.1/flavors/detail 0.725s
2024-10-31 11:50:19.075 62296 INFO tempest.lib.common.rest_client [req-15488962-ed24-4191-9b3c-53bd4b175eac req-15488962-ed24-4191-9b3c-53bd4b175eac ] Request (FlavorsAccessNegativeTestJSON:_run_cleanups): 200 GET http://10.180.1.21/compute/v2.1/flavors/detail 0.728s
2024-10-31 11:50:19.095 62264 INFO tempest.lib.common.rest_client [req-5cfac2b8-4636-425e-ad39-6403afe0f908 req-5cfac2b8-4636-425e-ad39-6403afe0f908 ] Request (ServersAdminNegativeTestJSON:setUpClass): 200 GET http://10.180.1.21/compute/v2.1/servers/687eaa4d-012a-4dd9-9033-16fad3650a56 0.873s
2024-10-31 11:50:19.096 62292 INFO tempest.lib.common.rest_client [req-fb8183fb-586c-4f69-90a6-befd7285aba8 req-fb8183fb-586c-4f69-90a6-befd7285aba8 ] Request (AggregatesAdminNegativeTestJSON:_run_cleanups): 200 DELETE http://10.180.1.21/compute/v2.1/os-aggregates/6 0.742s
2024-10-31 11:50:19.130 62242 INFO tempest.lib.common.rest_client [req-d2d29111-29d1-448e-98a2-6e8a67725f42 req-d2d29111-29d1-448e-98a2-6e8a67725f42 ] Request (ListImageFiltersTestJSON:setUpClass): 200 GET http://10.180.1.21/compute/v2.1/images/3aec8efd-e3b2-458d-bba7-06bdf9ddcc46 0.632s
2024-10-31 11:50:19.149 62283 INFO tempest.lib.common.rest_client [req-ed476d9f-4dd2-4866-8a8f-25b8d611db11 req-ed476d9f-4dd2-4866-8a8f-25b8d611db11 ] Request (ServerActionsTestOtherB:setUpClass): 200 GET http://10.180.1.21/compute/v2.1/servers/b4706725-5e28-4d2a-b4a8-7633ffa63afe 0.694s
2024-10-31 11:50:19.166 62252 INFO tempest.lib.common.rest_client [req-41b87602-60bf-4ccb-b897-06978445666e req-41b87602-60bf-4ccb-b897-06978445666e ] Request (KeyPairsV210TestJSON:_run_cleanups): 204 DELETE http://10.180.1.21/compute/v2.1/os-keypairs/tempest-keypair-12448708?user_id=8d459083482c4a88932d55776c6dabcb 0.590s
2024-10-31 11:50:19.167 62296 INFO tempest.lib.common.rest_client [req-179de3f3-f921-4975-965b-693a1fc980ff req-179de3f3-f921-4975-965b-693a1fc980ff ] Request (FlavorsAccessNegativeTestJSON:tearDownClass): 204 DELETE http://10.180.1.21/identity/v3/users/eac1a4adce3f4385a94be090a9ce2244 0.086s
2024-10-31 11:50:19.182 62276 INFO tempest.lib.common.rest_client [req-1b9f3613-4b78-49f7-b042-50805868382a req-1b9f3613-4b78-49f7-b042-50805868382a ] Request (FloatingIPsTestJSON:tearDownClass): 200 PUT http://10.180.1.21:9696/networking/v2.0/routers/ffabb7c9-4cd2-418d-9ec6-132e271209ce/remove_router_interface 0.860s
2024-10-31 11:50:19.237 62288 INFO tempest.lib.common.rest_client [req-5071863b-1666-4872-991c-cd9c101a8e24 req-5071863b-1666-4872-991c-cd9c101a8e24 ] Request (ServerShowV257Test:test_rebuild_server): 200 GET http://10.180.1.21/compute/v2.1/servers/a8f6254f-b867-4967-b4fa-bb70f471f89d 0.443s
2024-10-31 11:50:19.259 62244 INFO tempest.lib.common.rest_client [req-76b3e117-1954-4755-b250-d0d925b5ad92 req-76b3e117-1954-4755-b250-d0d925b5ad92 ] Request (SecurityGroupsTestAdminJSON:_run_cleanups): 202 DELETE http://10.180.1.21/compute/v2.1/os-security-groups/c59b0f90-86f7-4899-b84f-8e9f471acb0d 0.744s
2024-10-31 11:50:19.272 62296 INFO tempest.lib.common.rest_client [req-ebedfa51-b5d0-45da-9144-ea8f20d5d5f4 req-ebedfa51-b5d0-45da-9144-ea8f20d5d5f4 ] Request (FlavorsAccessNegativeTestJSON:tearDownClass): 204 DELETE http://10.180.1.21/identity/v3/users/64764cec7a6741f38bd2a7809a108606 0.104s
2024-10-31 11:50:19.292 62286 INFO tempest.lib.common.rest_client [req-6fa2d974-1ea6-440f-acae-b496198e0dcd req-6fa2d974-1ea6-440f-acae-b496198e0dcd ] Request (DeleteServersAdminTestJSON:test_delete_server_while_in_error_state): 200 GET http://10.180.1.21/compute/v2.1/servers/70af5d32-254f-4819-8cca-c28346e48139 0.446s
2024-10-31 11:50:19.311 62278 INFO tempest.lib.common.rest_client [req-c0434931-7d01-460e-ab45-6d9b35cafda5 req-c0434931-7d01-460e-ab45-6d9b35cafda5 ] Request (HypervisorAdminNegativeUnderV252Test:tearDownClass): 200 GET http://10.180.1.21:9696/networking/v2.0/security-groups?tenant_id=0636dc0a5e45464d8dc969d40699c68b&name=default 0.433s
2024-10-31 11:50:19.322 62284 INFO tempest.lib.common.rest_client [req-adf373ad-b5de-41e7-bb96-90f04a8bfbc7 req-adf373ad-b5de-41e7-bb96-90f04a8bfbc7 ] Request (FloatingIPsAssociationNegativeTestJSON:setUpClass): 200 GET http://10.180.1.21/compute/v2.1/servers/ac0209e5-66d0-4a04-892d-85eba3c3663a 0.464s
2024-10-31 11:50:19.363 62262 INFO tempest.lib.common.rest_client [req-1426c4f7-f83c-4385-8bac-154d8ae56495 req-1426c4f7-f83c-4385-8bac-154d8ae56495 ] Request (ServerDiagnosticsV248Test:tearDownClass): 200 GET http://10.180.1.21/compute/v2.1/servers/2aabbd53-4c4d-4b53-8135-34cc5a17fd47 0.455s
2024-10-31 11:50:19.373 62236 INFO tempest.lib.common.rest_client [req-b0d3140a-f7f8-43f5-a019-cdb38557211c req-b0d3140a-f7f8-43f5-a019-cdb38557211c ] Request (MigrationsAdminTest:test_list_migrations_in_flavor_resize_situation): 200 GET http://10.180.1.21/compute/v2.1/servers/4cafaebd-b577-4a7e-92b8-151445f66a0d 0.426s
2024-10-31 11:50:19.384 62252 INFO tempest.lib.common.rest_client [req-d532bfd2-d02b-489a-9575-f67bd0d27d79 req-d532bfd2-d02b-489a-9575-f67bd0d27d79 ] Request (KeyPairsV210TestJSON:tearDownClass): 204 DELETE http://10.180.1.21/identity/v3/users/8d459083482c4a88932d55776c6dabcb 0.216s
2024-10-31 11:50:19.410 62296 INFO tempest.lib.common.rest_client [req-93c5c6ca-2e49-4184-8a59-67f8a88b1f43 req-93c5c6ca-2e49-4184-8a59-67f8a88b1f43 ] Request (FlavorsAccessNegativeTestJSON:tearDownClass): 204 DELETE http://10.180.1.21/identity/v3/users/e39e358323ab43108299f92239049de2 0.138s
2024-10-31 11:50:19.411 62296 INFO tempest.lib.common.dynamic_creds [-] Deleting project and security group for project: 0217b1cf085f4c24802c7f259583662c
2024-10-31 11:50:19.429 62274 INFO tempest.lib.common.rest_client [req-7d08ceec-8d8e-4df3-afee-ecf94a2abc21 req-7d08ceec-8d8e-4df3-afee-ecf94a2abc21 ] Request (InstanceActionsNegativeTestJSON:setUpClass): 200 GET http://10.180.1.21/compute/v2.1/servers/71248677-92fb-4f66-b089-2cbbdc808bb7 0.423s
2024-10-31 11:50:19.437 62298 INFO tempest.lib.common.rest_client [req-eafb77d8-5b94-4680-b5f7-9181f1318174 req-eafb77d8-5b94-4680-b5f7-9181f1318174 ] Request (VolumesAdminNegativeTest:test_update_attached_volume_with_nonexistent_volume_in_body): 200 GET http://10.180.1.21/compute/v2.1/servers/975b0c65-6f57-4c7c-ae46-b23920a039f7 0.444s
2024-10-31 11:50:19.442 62278 INFO tempest.lib.common.rest_client [req-58de10f5-acf8-4c76-b7e4-0d78c8872ee3 req-58de10f5-acf8-4c76-b7e4-0d78c8872ee3 ] Request (HypervisorAdminNegativeUnderV252Test:tearDownClass): 204 DELETE http://10.180.1.21:9696/networking/v2.0/security-groups/251f8f53-2235-401e-95df-8cde5c8f1ae3 0.130s
2024-10-31 11:50:19.451 62246 INFO tempest.lib.common.rest_client [req-3955311e-3712-4f2f-9945-5f650f774296 req-3955311e-3712-4f2f-9945-5f650f774296 ] Request (ServerDiagnosticsNegativeTest:test_get_server_diagnostics_by_non_admin): 404 GET http://10.180.1.21/compute/v2.1/servers/5a590ae6-eb88-433d-81b4-33e7b6ace868 0.402s
2024-10-31 11:50:19.469 62268 INFO tempest.lib.common.rest_client [req-91f3dea7-2aa5-42df-ae95-4dc7d4929231 req-91f3dea7-2aa5-42df-ae95-4dc7d4929231 ] Request (FlavorsAdminTestJSON:test_is_public_string_variations): 200 POST http://10.180.1.21/compute/v2.1/flavors 0.400s
2024-10-31 11:50:19.482 62292 INFO tempest.lib.common.rest_client [req-4c4a3861-edcf-4b94-88a5-ed817501be41 req-4c4a3861-edcf-4b94-88a5-ed817501be41 ] Request (AggregatesAdminNegativeTestJSON:test_aggregate_get_details_with_invalid_id): 404 GET http://10.180.1.21/compute/v2.1/os-aggregates/-1 0.384s
2024-10-31 11:50:19.484 62296 INFO tempest.lib.common.rest_client [req-0aa2a2dd-2f6a-476d-bd1c-66f523fbd56e req-0aa2a2dd-2f6a-476d-bd1c-66f523fbd56e ] Request (FlavorsAccessNegativeTestJSON:tearDownClass): 201 POST http://10.180.1.21/identity/v3/auth/tokens 0.073s
2024-10-31 11:50:19.508 62254 INFO tempest.lib.common.rest_client [req-2082929f-c36b-4bd6-ad31-31e54f75b835 req-2082929f-c36b-4bd6-ad31-31e54f75b835 ] Request (ImagesOneServerNegativeTestJSON:setUpClass): 200 GET http://10.180.1.21/compute/v2.1/servers/d2e4c9d6-7dec-4a54-bc26-84cfbdab6d8f 0.458s
2024-10-31 11:50:19.518 62252 INFO tempest.lib.common.rest_client [req-95214deb-9d0f-41d2-9b11-f9f123a97322 req-95214deb-9d0f-41d2-9b11-f9f123a97322 ] Request (KeyPairsV210TestJSON:tearDownClass): 204 DELETE http://10.180.1.21/identity/v3/users/a40d6b6ffe6348669aafd0c376b041fb 0.133s
2024-10-31 11:50:19.518 62252 INFO tempest.lib.common.dynamic_creds [-] Deleting project and security group for project: cf995c817db149db8a5d5cfd8f118a9b
2024-10-31 11:50:19.532 62258 INFO tempest.lib.common.rest_client [req-c5105da0-cd7c-4e36-aa3d-24a9ded6676e req-c5105da0-cd7c-4e36-aa3d-24a9ded6676e ] Request (VolumesAssistedSnapshotsTest:test_volume_assisted_snapshot_create_delete): 200 GET http://10.180.1.21/compute/v2.1/servers/782f1eba-459c-4249-b74a-128b22c64ca3 0.369s
2024-10-31 11:50:19.569 62250 INFO tempest.lib.common.rest_client [req-8f69437b-470b-4025-9c48-1ce98712ef0b req-8f69437b-470b-4025-9c48-1ce98712ef0b ] Request (ServersAdmin275Test:test_rebuild_update_server_275): 200 GET http://10.180.1.21/compute/v2.1/servers/e4ada227-b79a-457a-b063-dde99840aa14 0.358s
2024-10-31 11:50:19.573 62278 INFO tempest.lib.common.rest_client [req-3179c3e3-26e7-4292-869f-b8de4d5e157b req-3179c3e3-26e7-4292-869f-b8de4d5e157b ] Request (HypervisorAdminNegativeUnderV252Test:tearDownClass): 204 DELETE http://10.180.1.21/identity/v3/projects/0636dc0a5e45464d8dc969d40699c68b 0.129s
2024-10-31 11:50:19.573 62278 INFO tempest.lib.common.dynamic_creds [-] Deleting project and security group for project: 4a1728ac7c38453e9e93e3463e1b28d5
2024-10-31 11:50:19.584 62260 INFO tempest.lib.common.rest_client [req-0ddf7436-9b65-471c-a277-b861eca53ab7 req-0ddf7436-9b65-471c-a277-b861eca53ab7 ] Request (ServerMetadataNegativeTestJSON:setUpClass): 200 GET http://10.180.1.21/compute/v2.1/servers/ad2f23df-c067-4d30-b143-e50ebcc50d4e 0.334s
2024-10-31 11:50:19.643 62256 INFO tempest.lib.common.rest_client [req-f25768c1-0e0a-46f9-b7af-68154c2c9dea req-f25768c1-0e0a-46f9-b7af-68154c2c9dea ] Request (ImagesTestJSON:test_create_image_from_suspended_server): 200 GET http://10.180.1.21/compute/v2.1/servers/df154c2a-3616-442d-abb0-83e68cf1141d 0.343s
2024-10-31 11:50:19.663 62268 INFO tempest.lib.common.rest_client [req-5e7e57cc-d08e-4614-aa22-7fb7e72cc426 req-5e7e57cc-d08e-4614-aa22-7fb7e72cc426 ] Request (FlavorsAdminTestJSON:test_is_public_string_variations): 200 POST http://10.180.1.21/compute/v2.1/flavors 0.191s
2024-10-31 11:50:19.669 62246 INFO tempest.lib.common.rest_client [req-9e65b723-d64d-4c37-9599-453da439b9fd req-9e65b723-d64d-4c37-9599-453da439b9fd ] Request (ServerDiagnosticsNegativeTest:tearDownClass): 204 DELETE http://10.180.1.21/identity/v3/users/0f30af2dbdd0406095767d4c5a2d38a3 0.213s
2024-10-31 11:50:19.670 62292 INFO tempest.lib.common.rest_client [req-bf9e052f-d78e-4529-b85f-e1492f666110 req-bf9e052f-d78e-4529-b85f-e1492f666110 ] Request (AggregatesAdminNegativeTestJSON:test_aggregate_list_as_user): 403 GET http://10.180.1.21/compute/v2.1/os-aggregates 0.186s
2024-10-31 11:50:19.732 62280 INFO tempest.lib.common.rest_client [req-71ed30a4-bf82-477d-af7c-e6cb5fc7dd81 req-71ed30a4-bf82-477d-af7c-e6cb5fc7dd81 ] Request (ServersNegativeTestJSON:setUpClass): 200 GET http://10.180.1.21/compute/v2.1/servers/59330fd4-c362-4593-824d-d40c00f3f5d2 0.163s
2024-10-31 11:50:19.733 62242 INFO tempest.lib.common.rest_client [req-d57cbd19-a873-4069-9308-0673a7a77130 req-d57cbd19-a873-4069-9308-0673a7a77130 ] Request (ListImageFiltersTestJSON:setUpClass): 201 POST http://10.180.1.21/image/v2/images 0.601s
2024-10-31 11:50:19.770 62252 INFO tempest.lib.common.rest_client [req-220fddff-7a6b-4a9e-850d-9879b29549f8 req-220fddff-7a6b-4a9e-850d-9879b29549f8 ] Request (KeyPairsV210TestJSON:tearDownClass): 201 POST http://10.180.1.21/identity/v3/auth/tokens 0.252s
2024-10-31 11:50:19.784 62267 INFO tempest.lib.common.rest_client [req-5052b433-f1e8-42c2-8625-eebaa8a18ec9 req-5052b433-f1e8-42c2-8625-eebaa8a18ec9 ] Request (ImagesOneServerTestJSON:setUpClass): 200 GET http://10.180.1.21/compute/v2.1/servers/fc1f08e8-fd0a-4b84-bc8f-fe3a27136c57 0.181s
2024-10-31 11:50:19.795 62278 INFO tempest.lib.common.rest_client [req-ec7fd7b3-270b-45c7-919a-3ff460cf3aa6 req-ec7fd7b3-270b-45c7-919a-3ff460cf3aa6 ] Request (HypervisorAdminNegativeUnderV252Test:tearDownClass): 200 GET http://10.180.1.21:9696/networking/v2.0/security-groups?tenant_id=4a1728ac7c38453e9e93e3463e1b28d5&name=default 0.222s
2024-10-31 11:50:19.813 62244 INFO tempest.lib.common.rest_client [req-7570f184-562f-48ba-a9e3-cf3069a97c2c req-7570f184-562f-48ba-a9e3-cf3069a97c2c ] Request (SecurityGroupsTestAdminJSON:_run_cleanups): 202 DELETE http://10.180.1.21/compute/v2.1/os-security-groups/303d4203-e0b4-4af7-a0da-33dfc221dce0 0.554s
2024-10-31 11:50:19.832 62246 INFO tempest.lib.common.rest_client [req-d2d128cc-fedd-4500-939f-40cef4bfb222 req-d2d128cc-fedd-4500-939f-40cef4bfb222 ] Request (ServerDiagnosticsNegativeTest:tearDownClass): 204 DELETE http://10.180.1.21/identity/v3/users/66ef0b73a1544b4ca05779dae6c53c32 0.163s
2024-10-31 11:50:19.832 62246 INFO tempest.lib.common.dynamic_creds [-] Deleting project and security group for project: 5d5d75286e1a46e08ed86c5a3ae84545
2024-10-31 11:50:19.850 62270 INFO tempest.lib.common.rest_client [req-ad4a5f74-f189-4944-ad72-24fb8c35374a req-ad4a5f74-f189-4944-ad72-24fb8c35374a ] Request (ServerDiagnosticsTest:test_get_server_diagnostics): 200 GET http://10.180.1.21/compute/v2.1/servers/f9d92b1b-59ed-4f3c-9e5c-2b894b123e9e 0.190s
2024-10-31 11:50:19.886 62246 INFO tempest.lib.common.rest_client [req-91441193-bc4d-4dc2-a3f6-74a6793df390 req-91441193-bc4d-4dc2-a3f6-74a6793df390 ] Request (ServerDiagnosticsNegativeTest:tearDownClass): 201 POST http://10.180.1.21/identity/v3/auth/tokens 0.054s
2024-10-31 11:50:19.905 62276 INFO tempest.lib.common.rest_client [req-e25b2644-731d-4570-a906-5c62a61ba3ca req-e25b2644-731d-4570-a906-5c62a61ba3ca ] Request (FloatingIPsTestJSON:tearDownClass): 204 DELETE http://10.180.1.21:9696/networking/v2.0/routers/ffabb7c9-4cd2-418d-9ec6-132e271209ce 0.722s
2024-10-31 11:50:19.906 62240 INFO tempest.lib.common.rest_client [req-d9724f7c-7807-45d2-b6ae-1274a8784332 req-d9724f7c-7807-45d2-b6ae-1274a8784332 ] Request (ServersWithSpecificFlavorTestJSON:test_verify_created_server_ephemeral_disk): 200 GET http://10.180.1.21/compute/v2.1/servers/0fd8d146-79fe-4e2a-90a3-67d457fc570f 0.244s
2024-10-31 11:50:19.936 62292 INFO tempest.lib.common.rest_client [req-5350c439-a072-4c6b-b691-2944bfd5fa33 req-5350c439-a072-4c6b-b691-2944bfd5fa33 ] Request (AggregatesAdminNegativeTestJSON:test_aggregate_remove_host_as_user): 200 POST http://10.180.1.21/compute/v2.1/os-aggregates 0.264s
2024-10-31 11:50:19.938 62296 INFO tempest.lib.common.rest_client [req-5abadcd5-e08f-4551-ab36-27e9c8022daf req-5abadcd5-e08f-4551-ab36-27e9c8022daf ] Request (FlavorsAccessNegativeTestJSON:tearDownClass): 200 GET http://10.180.1.21:9696/networking/v2.0/security-groups?tenant_id=0217b1cf085f4c24802c7f259583662c&name=default 0.454s
2024-10-31 11:50:19.957 62278 INFO tempest.lib.common.rest_client [req-a1764cac-49da-4dd1-bf1a-7bc9572cda01 req-a1764cac-49da-4dd1-bf1a-7bc9572cda01 ] Request (HypervisorAdminNegativeUnderV252Test:tearDownClass): 204 DELETE http://10.180.1.21:9696/networking/v2.0/security-groups/c3b1d3d2-364c-408e-a9c0-f87d156f4688 0.161s
2024-10-31 11:50:20.002 62248 INFO tempest.lib.common.rest_client [req-5bee7d6e-5104-4923-b718-e8de818f556c req-5bee7d6e-5104-4923-b718-e8de818f556c ] Request (SecurityGroupsTestJSON:test_list_security_groups_by_server): 200 GET http://10.180.1.21/compute/v2.1/servers/81bbe6ae-87b2-414b-a872-4e03285abf92 0.277s
2024-10-31 11:50:20.004 62246 INFO tempest.lib.common.rest_client [req-b39bad35-2ad7-4c58-b780-008b17d745f0 req-b39bad35-2ad7-4c58-b780-008b17d745f0 ] Request (ServerDiagnosticsNegativeTest:tearDownClass): 200 GET http://10.180.1.21:9696/networking/v2.0/security-groups?tenant_id=5d5d75286e1a46e08ed86c5a3ae84545&name=default 0.117s
2024-10-31 11:50:20.028 62278 INFO tempest.lib.common.rest_client [req-4fe8f992-c31e-4c85-9c1f-41cf9ce96911 req-4fe8f992-c31e-4c85-9c1f-41cf9ce96911 ] Request (HypervisorAdminNegativeUnderV252Test:tearDownClass): 204 DELETE http://10.180.1.21/identity/v3/projects/4a1728ac7c38453e9e93e3463e1b28d5 0.069s
2024-10-31 11:50:20.043 62252 INFO tempest.lib.common.rest_client [req-9a0c68d5-55c2-4ca8-b001-4d030256875f req-9a0c68d5-55c2-4ca8-b001-4d030256875f ] Request (KeyPairsV210TestJSON:tearDownClass): 200 GET http://10.180.1.21:9696/networking/v2.0/security-groups?tenant_id=cf995c817db149db8a5d5cfd8f118a9b&name=default 0.272s
2024-10-31 11:50:20.052 62268 INFO tempest.lib.common.rest_client [req-a70b1dd7-11f0-4e48-b89b-cb78e5d34f58 req-a70b1dd7-11f0-4e48-b89b-cb78e5d34f58 ] Request (FlavorsAdminTestJSON:test_is_public_string_variations): 200 GET http://10.180.1.21/compute/v2.1/flavors/detail?is_public=f 0.385s
2024-10-31 11:50:20.081 62238 INFO tempest.lib.common.rest_client [req-7948a2eb-5b32-4302-a0fb-f451e2a3090a req-7948a2eb-5b32-4302-a0fb-f451e2a3090a ] Request (ServersTestMultiNic:test_verify_duplicate_network_nics): 200 GET http://10.180.1.21/compute/v2.1/servers/6236c44a-e3c6-4302-8f15-4eb8dfaf5960 0.303s
2024-10-31 11:50:20.106 62278 INFO tempest.lib.common.rest_client [req-4c9abbad-c5c7-4c1f-826d-12ce7bd1734c req-4c9abbad-c5c7-4c1f-826d-12ce7bd1734c ] Request (VolumesGetTestJSON:setUpClass): 201 POST http://10.180.1.21/identity/v3/auth/tokens 0.076s
2024-10-31 11:50:20.113 62296 INFO tempest.lib.common.rest_client [req-001ab997-60a0-4368-bbd2-9b12dfa937ef req-001ab997-60a0-4368-bbd2-9b12dfa937ef ] Request (FlavorsAccessNegativeTestJSON:tearDownClass): 204 DELETE http://10.180.1.21:9696/networking/v2.0/security-groups/893438a8-75ed-4598-a675-515324b7d474 0.173s
2024-10-31 11:50:20.134 62276 INFO tempest.lib.common.rest_client [req-5c482ae6-b2f0-47cf-9db5-1b7912d2e48e req-5c482ae6-b2f0-47cf-9db5-1b7912d2e48e ] Request (FloatingIPsTestJSON:tearDownClass): 204 DELETE http://10.180.1.21:9696/networking/v2.0/subnets/3ebaadb1-8cda-45b5-bc71-e81d52532039 0.228s
2024-10-31 11:50:20.138 62290 INFO tempest.lib.common.rest_client [req-1f389f7a-4427-40e6-8e0e-93c440129252 req-1f389f7a-4427-40e6-8e0e-93c440129252 ] Request (AttachVolumeNegativeTest:test_attach_attached_volume_to_different_server): 200 GET http://10.180.1.21/compute/v2.1/servers/ef129347-9ea0-4615-b897-f51e664da1a7 0.310s
2024-10-31 11:50:20.139 62278 INFO tempest.lib.common.rest_client [req-6785d231-1ae3-46ce-b1b0-2149c725f5bd req-6785d231-1ae3-46ce-b1b0-2149c725f5bd ] Request (VolumesGetTestJSON:setUpClass): 201 POST http://10.180.1.21/identity/v3/auth/tokens 0.030s
2024-10-31 11:50:20.169 62296 INFO tempest.lib.common.rest_client [req-2db1ed00-f14a-4c98-af37-de9d433db9a3 req-2db1ed00-f14a-4c98-af37-de9d433db9a3 ] Request (FlavorsAccessNegativeTestJSON:tearDownClass): 204 DELETE http://10.180.1.21/identity/v3/projects/0217b1cf085f4c24802c7f259583662c 0.056s
2024-10-31 11:50:20.169 62296 INFO tempest.lib.common.dynamic_creds [-] Deleting project and security group for project: 3b5d2fa307ee4481b0736249048eb1b3
2024-10-31 11:50:20.190 62278 INFO tempest.lib.common.rest_client [req-72a51249-03d9-4327-8943-5e41a3477d39 req-72a51249-03d9-4327-8943-5e41a3477d39 ] Request (VolumesGetTestJSON:setUpClass): 200 GET http://10.180.1.21/identity/v3/domains?name=Default 0.051s
2024-10-31 11:50:20.202 62246 INFO tempest.lib.common.rest_client [req-6506f08b-23e8-4cec-8925-409bb781dc6d req-6506f08b-23e8-4cec-8925-409bb781dc6d ] Request (ServerDiagnosticsNegativeTest:tearDownClass): 204 DELETE http://10.180.1.21:9696/networking/v2.0/security-groups/ad14fed8-f536-4762-bb90-3cc673b1fe24 0.196s
2024-10-31 11:50:20.225 62252 INFO tempest.lib.common.rest_client [req-5833840b-5530-4674-abaa-2ce793b6a42d req-5833840b-5530-4674-abaa-2ce793b6a42d ] Request (KeyPairsV210TestJSON:tearDownClass): 204 DELETE http://10.180.1.21:9696/networking/v2.0/security-groups/b0b444e3-eb79-4ea5-ba77-2d545b0116da 0.181s
2024-10-31 11:50:20.229 62278 INFO tempest.lib.common.rest_client [req-62b20d2c-2ea5-4695-ad7e-8e106320a12a req-62b20d2c-2ea5-4695-ad7e-8e106320a12a ] Request (VolumesGetTestJSON:setUpClass): 201 POST http://10.180.1.21/identity/v3/projects 0.038s
2024-10-31 11:50:20.240 62244 INFO tempest.lib.common.rest_client [req-fe2741f8-82f7-4a86-8091-cabab1cb784e req-fe2741f8-82f7-4a86-8091-cabab1cb784e ] Request (SecurityGroupsTestAdminJSON:_run_cleanups): 202 DELETE http://10.180.1.21/compute/v2.1/os-security-groups/e991d89d-26ce-4a38-90eb-4eee55b48f8f 0.425s
2024-10-31 11:50:20.257 62292 INFO tempest.lib.common.rest_client [req-1d28ff70-e8d3-4e2a-821a-18881f88bf20 req-1d28ff70-e8d3-4e2a-821a-18881f88bf20 ] Request (AggregatesAdminNegativeTestJSON:test_aggregate_remove_host_as_user): 200 POST http://10.180.1.21/compute/v2.1/os-aggregates/7/action 0.319s
2024-10-31 11:50:20.268 62246 INFO tempest.lib.common.rest_client [req-bead40a1-1ad1-437a-a534-542eda2eb46d req-bead40a1-1ad1-437a-a534-542eda2eb46d ] Request (ServerDiagnosticsNegativeTest:tearDownClass): 204 DELETE http://10.180.1.21/identity/v3/projects/5d5d75286e1a46e08ed86c5a3ae84545 0.065s
2024-10-31 11:50:20.268 62246 INFO tempest.lib.common.dynamic_creds [-] Deleting project and security group for project: 0d42900a2ac24537b9d151567ddf9c51
2024-10-31 11:50:20.275 62268 INFO tempest.lib.common.rest_client [req-972bbae4-be00-4da9-9572-c820afb70929 req-972bbae4-be00-4da9-9572-c820afb70929 ] Request (FlavorsAdminTestJSON:test_is_public_string_variations): 200 GET http://10.180.1.21/compute/v2.1/flavors/detail?is_public=false 0.220s
2024-10-31 11:50:20.305 62294 INFO tempest.lib.common.rest_client [req-a736b5b5-34f7-4d06-8bd0-8c9928f4cbb3 req-a736b5b5-34f7-4d06-8bd0-8c9928f4cbb3 ] Request (ServerExternalEventsTest:test_create_server_external_events): 200 GET http://10.180.1.21/compute/v2.1/servers/e37ac276-8a3e-45b3-8176-d972eb4e6e3e 0.255s
2024-10-31 11:50:20.353 62296 INFO tempest.lib.common.rest_client [req-7890b65b-1f89-444c-971d-87ac99a2a1c8 req-7890b65b-1f89-444c-971d-87ac99a2a1c8 ] Request (FlavorsAccessNegativeTestJSON:tearDownClass): 200 GET http://10.180.1.21:9696/networking/v2.0/security-groups?tenant_id=3b5d2fa307ee4481b0736249048eb1b3&name=default 0.184s
2024-10-31 11:50:20.362 62264 INFO tempest.lib.common.rest_client [req-2ab2250b-189d-4f79-a356-fd23ec773c83 req-2ab2250b-189d-4f79-a356-fd23ec773c83 ] Request (ServersAdminNegativeTestJSON:setUpClass): 200 GET http://10.180.1.21/compute/v2.1/servers/687eaa4d-012a-4dd9-9033-16fad3650a56 0.255s
2024-10-31 11:50:20.366 62278 INFO tempest.lib.common.rest_client [req-e8264175-8c8f-429d-a7b1-c54c7cdbecd7 req-e8264175-8c8f-429d-a7b1-c54c7cdbecd7 ] Request (VolumesGetTestJSON:setUpClass): 201 POST http://10.180.1.21/identity/v3/users 0.137s
2024-10-31 11:50:20.371 62283 INFO tempest.lib.common.rest_client [req-6f36bfbc-605d-4b5e-a11c-8345392c9d8a req-6f36bfbc-605d-4b5e-a11c-8345392c9d8a ] Request (ServerActionsTestOtherB:setUpClass): 200 GET http://10.180.1.21/compute/v2.1/servers/b4706725-5e28-4d2a-b4a8-7633ffa63afe 0.212s
2024-10-31 11:50:20.396 62252 INFO tempest.lib.common.rest_client [req-b47b6024-8f05-456c-9a09-8e681b705109 req-b47b6024-8f05-456c-9a09-8e681b705109 ] Request (KeyPairsV210TestJSON:tearDownClass): 204 DELETE http://10.180.1.21/identity/v3/projects/cf995c817db149db8a5d5cfd8f118a9b 0.171s
2024-10-31 11:50:20.396 62252 INFO tempest.lib.common.dynamic_creds [-] Deleting project and security group for project: d73eefca621644a9ae867944cd691cc7
2024-10-31 11:50:20.396 62246 INFO tempest.lib.common.rest_client [req-453de1cd-30a9-4bc8-a825-b03763ec1c11 req-453de1cd-30a9-4bc8-a825-b03763ec1c11 ] Request (ServerDiagnosticsNegativeTest:tearDownClass): 200 GET http://10.180.1.21:9696/networking/v2.0/security-groups?tenant_id=0d42900a2ac24537b9d151567ddf9c51&name=default 0.128s
2024-10-31 11:50:20.413 62278 INFO tempest.lib.common.rest_client [req-f6382df1-08d4-4f90-a5b5-b9b7b790714d req-f6382df1-08d4-4f90-a5b5-b9b7b790714d ] Request (VolumesGetTestJSON:setUpClass): 200 GET http://10.180.1.21/identity/v3/roles 0.046s
2024-10-31 11:50:20.442 62278 INFO tempest.lib.common.rest_client [req-7d96472c-25fd-476d-a5a7-5f97aa845c2e req-7d96472c-25fd-476d-a5a7-5f97aa845c2e ] Request (VolumesGetTestJSON:setUpClass): 204 PUT http://10.180.1.21/identity/v3/projects/1d41dda7b4134e3cb52a08ca1e9371b4/users/686cfff510c04331a8cfcc930f0b2453/roles/d48f916443694e2c85b4e9bbe1b022a5 0.029s
2024-10-31 11:50:20.442 62278 INFO tempest.lib.common.dynamic_creds [-] Dynamic test user 686cfff510c04331a8cfcc930f0b2453 is created with scope project and roles: ['member']
2024-10-31 11:50:20.443 62278 INFO tempest.lib.common.dynamic_creds [-] Acquired dynamic creds: credentials: Credentials: {'domain_id': 'default', 'domain_name': 'Default', 'username': 'tempest-VolumesGetTestJSON-737905077-project-member', 'project_domain_id': 'default', 'project_domain_name': 'Default', 'project_id': '1d41dda7b4134e3cb52a08ca1e9371b4', 'project_name': 'tempest-VolumesGetTestJSON-737905077', 'tenant_id': '1d41dda7b4134e3cb52a08ca1e9371b4', 'tenant_name': 'tempest-VolumesGetTestJSON-737905077', 'user_domain_id': 'default', 'user_domain_name': 'Default', 'user_id': '686cfff510c04331a8cfcc930f0b2453', 'system': None}, Network: None, Subnet: None, Router: None
2024-10-31 11:50:20.443 62278 INFO tempest.lib.common.dynamic_creds [-] Created isolated network resources for: credentials: Credentials: {'domain_id': 'default', 'domain_name': 'Default', 'username': 'tempest-VolumesGetTestJSON-737905077-project-member', 'project_domain_id': 'default', 'project_domain_name': 'Default', 'project_id': '1d41dda7b4134e3cb52a08ca1e9371b4', 'project_name': 'tempest-VolumesGetTestJSON-737905077', 'tenant_id': '1d41dda7b4134e3cb52a08ca1e9371b4', 'tenant_name': 'tempest-VolumesGetTestJSON-737905077', 'user_domain_id': 'default', 'user_domain_name': 'Default', 'user_id': '686cfff510c04331a8cfcc930f0b2453', 'system': None}, Network: None, Subnet: None, Router: None
2024-10-31 11:50:20.451 62288 INFO tempest.lib.common.rest_client [req-c93b031a-51a9-4e69-a6b3-abcb40632bc4 req-c93b031a-51a9-4e69-a6b3-abcb40632bc4 ] Request (ServerShowV257Test:test_rebuild_server): 200 GET http://10.180.1.21/compute/v2.1/servers/a8f6254f-b867-4967-b4fa-bb70f471f89d 0.199s
2024-10-31 11:50:20.458 62292 INFO tempest.lib.common.rest_client [req-34be57d1-bc33-4a71-9ef9-da0edf623a96 req-34be57d1-bc33-4a71-9ef9-da0edf623a96 ] Request (AggregatesAdminNegativeTestJSON:test_aggregate_remove_host_as_user): 403 POST http://10.180.1.21/compute/v2.1/os-aggregates/7/action 0.199s
2024-10-31 11:50:20.467 62268 INFO tempest.lib.common.rest_client [req-c946e17a-942c-4b55-b2e4-d2432c57b32d req-c946e17a-942c-4b55-b2e4-d2432c57b32d ] Request (FlavorsAdminTestJSON:test_is_public_string_variations): 200 GET http://10.180.1.21/compute/v2.1/flavors/detail?is_public=no 0.189s
2024-10-31 11:50:20.509 62252 INFO tempest.lib.common.rest_client [req-2813f7d1-ce13-4da0-9b4d-8b7e87dd0d60 req-2813f7d1-ce13-4da0-9b4d-8b7e87dd0d60 ] Request (KeyPairsV210TestJSON:tearDownClass): 200 GET http://10.180.1.21:9696/networking/v2.0/security-groups?tenant_id=d73eefca621644a9ae867944cd691cc7&name=default 0.113s
2024-10-31 11:50:20.513 62286 INFO tempest.lib.common.rest_client [req-251e501d-0343-4ab8-9823-f6710c82f5ae req-251e501d-0343-4ab8-9823-f6710c82f5ae ] Request (DeleteServersAdminTestJSON:test_delete_server_while_in_error_state): 200 GET http://10.180.1.21/compute/v2.1/servers/70af5d32-254f-4819-8cca-c28346e48139 0.208s
2024-10-31 11:50:20.526 62278 INFO tempest.lib.common.rest_client [req-7a1a306c-46b1-4e41-b484-c74b1fbe8ade req-7a1a306c-46b1-4e41-b484-c74b1fbe8ade ] Request (VolumesGetTestJSON:setUpClass): 201 POST http://10.180.1.21/identity/v3/auth/tokens 0.078s
2024-10-31 11:50:20.562 62284 INFO tempest.lib.common.rest_client [req-780c4c5a-5408-4068-b28a-9e035cff5b70 req-780c4c5a-5408-4068-b28a-9e035cff5b70 ] Request (FloatingIPsAssociationNegativeTestJSON:setUpClass): 200 GET http://10.180.1.21/compute/v2.1/servers/ac0209e5-66d0-4a04-892d-85eba3c3663a 0.231s
2024-10-31 11:50:20.593 62252 INFO tempest.lib.common.rest_client [req-d9bb1a4a-70e5-4f3d-9156-462673bed9d9 req-d9bb1a4a-70e5-4f3d-9156-462673bed9d9 ] Request (KeyPairsV210TestJSON:tearDownClass): 204 DELETE http://10.180.1.21:9696/networking/v2.0/security-groups/6ec45d67-46c5-41d1-905f-d9bf777a2469 0.083s
2024-10-31 11:50:20.605 62296 INFO tempest.lib.common.rest_client [req-2aeddd28-9b73-4c72-a374-104dad011b31 req-2aeddd28-9b73-4c72-a374-104dad011b31 ] Request (FlavorsAccessNegativeTestJSON:tearDownClass): 204 DELETE http://10.180.1.21:9696/networking/v2.0/security-groups/ee5ebe7b-c939-46b5-9365-348cb73218d0 0.251s
2024-10-31 11:50:20.618 62244 INFO tempest.lib.common.rest_client [req-a5b8df20-a657-4fdc-ab82-2ea5b9da3aa0 req-a5b8df20-a657-4fdc-ab82-2ea5b9da3aa0 ] Request (SecurityGroupsTestAdminJSON:_run_cleanups): 202 DELETE http://10.180.1.21/compute/v2.1/os-security-groups/177a9632-830a-4d9b-bdca-b4df8ecae816 0.377s
2024-10-31 11:50:20.620 62276 INFO tempest.lib.common.rest_client [req-caa5667e-6eca-4076-9949-cee367a07c8b req-caa5667e-6eca-4076-9949-cee367a07c8b ] Request (FloatingIPsTestJSON:tearDownClass): 204 DELETE http://10.180.1.21:9696/networking/v2.0/networks/eb6d9237-b97d-41f7-8f3c-c9352aeb5904 0.485s
2024-10-31 11:50:20.622 62262 INFO tempest.lib.common.rest_client [req-6d3c377b-3ca7-4b3b-b15c-34d455548ea2 req-6d3c377b-3ca7-4b3b-b15c-34d455548ea2 ] Request (ServerDiagnosticsV248Test:tearDownClass): 200 GET http://10.180.1.21/compute/v2.1/servers/2aabbd53-4c4d-4b53-8135-34cc5a17fd47 0.245s
2024-10-31 11:50:20.628 62246 INFO tempest.lib.common.rest_client [req-465c82b8-d24d-4c44-8558-237f490f4984 req-465c82b8-d24d-4c44-8558-237f490f4984 ] Request (ServerDiagnosticsNegativeTest:tearDownClass): 204 DELETE http://10.180.1.21:9696/networking/v2.0/security-groups/1ed14b7e-9290-4d85-be4c-d522ef0e1089 0.232s
2024-10-31 11:50:20.630 62262 INFO tempest.common.waiters [-] State transition "ACTIVE/deleting" ==> "DELETED/None" after 3 second wait
