2024-10-31 11:49:51.323 62283 INFO tempest.lib.common.rest_client [req-68e7f448-63cd-442c-9cf1-ba61415e110c req-68e7f448-63cd-442c-9cf1-ba61415e110c ] Request (QuotasAdminNegativeTest:test_create_server_when_instances_quota_is_full): 200 PUT http://10.180.1.21/compute/v2.1/os-quota-sets/336327c311e44d09826e34718dc86e4d 1.592s
2024-10-31 11:49:51.379 62270 INFO tempest.lib.common.rest_client [req-65000a18-3a45-451f-8a7e-7f0e44c09fcb req-65000a18-3a45-451f-8a7e-7f0e44c09fcb ] Request (ServerDiagnosticsTest:test_get_server_diagnostics): 201 POST http://10.180.1.21/identity/v3/auth/tokens 0.197s
2024-10-31 11:49:51.380 62270 INFO tempest.lib.common.fixed_network [-] (ServerDiagnosticsTest:test_get_server_diagnostics) Found network None available for tenant
2024-10-31 11:49:51.417 62246 INFO tempest.lib.common.rest_client [req-87868b42-299a-405f-9d7d-3eb4442f2e1e req-87868b42-299a-405f-9d7d-3eb4442f2e1e ] Request (ServerDiagnosticsNegativeTest:test_get_server_diagnostics_by_non_admin): 200 GET http://10.180.1.21/compute/v2.1/servers/5a590ae6-eb88-433d-81b4-33e7b6ace868 1.559s
2024-10-31 11:49:51.426 62246 INFO tempest.common.waiters [-] State transition "BUILD/None" ==> "BUILD/networking" after 5 second wait
2024-10-31 11:49:51.442 62278 INFO tempest.lib.common.rest_client [req-e164f840-9b21-47f4-aab7-0669d2556e6f req-e164f840-9b21-47f4-aab7-0669d2556e6f ] Request (FlavorsV255TestJSON:tearDownClass): 204 DELETE http://10.180.1.21/identity/v3/users/77be5c33e750400698b2ad1240509bc8 0.120s
2024-10-31 11:49:51.443 62278 INFO tempest.lib.common.dynamic_creds [-] Deleting project and security group for project: 12a714c6bac94336b2b055d68ed13d79
2024-10-31 11:49:51.444 62280 INFO tempest.lib.common.rest_client [req-a22da5ce-20c5-4f4d-80fe-498ccc73d8fa req-a22da5ce-20c5-4f4d-80fe-498ccc73d8fa ] Request (HypervisorAdminV253TestBase:tearDownClass): 204 DELETE http://10.180.1.21/identity/v3/projects/9a9197fe08e740ad98a41e33021d9f1e 0.171s
2024-10-31 11:49:51.444 62280 INFO tempest.lib.common.dynamic_creds [-] Deleting project and security group for project: 1b3217c611f9485585b436c7e6f52c5d
2024-10-31 11:49:51.493 62283 INFO tempest.lib.common.rest_client [req-4f2aa615-ab44-4be4-8612-db099a66c5ec req-4f2aa615-ab44-4be4-8612-db099a66c5ec ] Request (QuotasAdminNegativeTest:test_create_server_when_instances_quota_is_full): 201 POST http://10.180.1.21/identity/v3/auth/tokens 0.164s
2024-10-31 11:49:51.493 62283 INFO tempest.lib.common.fixed_network [-] (QuotasAdminNegativeTest:test_create_server_when_instances_quota_is_full) Found network None available for tenant
2024-10-31 11:49:51.506 62278 INFO tempest.lib.common.rest_client [req-3a489cb7-c547-46e5-b320-a8106711bcbc req-3a489cb7-c547-46e5-b320-a8106711bcbc ] Request (FlavorsV255TestJSON:tearDownClass): 201 POST http://10.180.1.21/identity/v3/auth/tokens 0.063s
2024-10-31 11:49:51.513 62236 INFO tempest.lib.common.rest_client [req-59b01379-a24e-48c6-b73b-e0f1afe1db30 req-59b01379-a24e-48c6-b73b-e0f1afe1db30 ] Request (MigrationsAdminTest:test_list_migrations_in_flavor_resize_situation): 200 GET http://10.180.1.21/compute/v2.1/servers/4cafaebd-b577-4a7e-92b8-151445f66a0d 1.586s
2024-10-31 11:49:51.525 62290 INFO tempest.lib.common.rest_client [req-74d9b64a-7ac1-43ea-94cf-d502351f59a7 req-74d9b64a-7ac1-43ea-94cf-d502351f59a7 ] Request (AttachVolumeNegativeTest:setUpClass): 201 POST http://10.180.1.21:9696/networking/v2.0/routers 2.087s
2024-10-31 11:49:51.553 62242 INFO tempest.lib.common.rest_client [req-e9b85487-f6fa-4b58-9bc6-f3c802355e4c req-e9b85487-f6fa-4b58-9bc6-f3c802355e4c ] Request (ImagesMetadataTestJSON:test_delete_image_metadata_item): 200 GET http://10.180.1.21/compute/v2.1/images/8dc0fe81-2409-409c-a0b3-7d81d58ca4fc/metadata 1.575s
2024-10-31 11:49:51.594 62276 INFO tempest.lib.common.rest_client [req-fd1d103a-ea76-4e1e-be3e-61b93efa2757 req-fd1d103a-ea76-4e1e-be3e-61b93efa2757 ] Request (ServicesAdminNegativeTestJSON:tearDownClass): 200 GET http://10.180.1.21:9696/networking/v2.0/security-groups?tenant_id=c026c9f059c3405da86f6fdbbd42ea4d&name=default 0.650s
2024-10-31 11:49:51.643 62258 INFO tempest.lib.common.rest_client [req-838fa42b-1c7b-40dd-8a2f-95241f3e9271 req-838fa42b-1c7b-40dd-8a2f-95241f3e9271 ] Request (VolumesAssistedSnapshotsTest:test_volume_assisted_snapshot_create_delete): 201 POST http://10.180.1.21:9696/networking/v2.0/security-group-rules 0.452s
2024-10-31 11:49:51.669 62262 INFO tempest.lib.common.rest_client [req-c09341b3-993b-46c4-88e6-98aff7600ec6 req-c09341b3-993b-46c4-88e6-98aff7600ec6 ] Request (ServerDiagnosticsV248Test:test_get_server_diagnostics): 200 GET http://10.180.1.21/compute/v2.1/servers/2aabbd53-4c4d-4b53-8135-34cc5a17fd47 1.375s
2024-10-31 11:49:51.724 62264 INFO tempest.lib.common.rest_client [req-d6c2fb88-aed4-43e9-a470-de6460589e9e req-d6c2fb88-aed4-43e9-a470-de6460589e9e ] Request (ServersAdminNegativeTestJSON:setUpClass): 202 POST http://10.180.1.21/compute/v2.1/servers 1.928s
2024-10-31 11:49:51.728 62267 INFO tempest.lib.common.rest_client [req-09f7e42e-0488-462d-851e-0172463673ae req-09f7e42e-0488-462d-851e-0172463673ae ] Request (FloatingIPsNegativeTestJSON:setUpClass): 201 POST http://10.180.1.21:9696/networking/v2.0/subnets 0.614s
2024-10-31 11:49:51.738 62250 INFO tempest.lib.common.rest_client [req-052ce15a-cf4c-4f8d-8f1f-5712a7d73b86 req-052ce15a-cf4c-4f8d-8f1f-5712a7d73b86 ] Request (QuotaClassesAdminTestJSON:test_update_default_quotas): 200 GET http://10.180.1.21/compute/v2.1/os-quota-class-sets/default 1.333s
2024-10-31 11:49:51.769 62296 INFO tempest.lib.common.rest_client [req-1be9fd01-bb8a-4b41-8c61-0b23620836bb req-1be9fd01-bb8a-4b41-8c61-0b23620836bb ] Request (FlavorsAccessNegativeTestJSON:test_flavor_access_list_with_public_flavor): 200 POST http://10.180.1.21/compute/v2.1/flavors 1.340s
2024-10-31 11:49:51.794 62252 INFO tempest.lib.common.rest_client [req-a0612f4f-0685-4cb0-b5a3-5851715f6975 req-a0612f4f-0685-4cb0-b5a3-5851715f6975 ] Request (FlavorsExtraSpecsTestJSON:test_flavor_set_get_update_show_unset_keys): 200 PUT http://10.180.1.21/compute/v2.1/flavors/1301809428/os-extra_specs/hw:numa_nodes 1.360s
2024-10-31 11:49:51.942 62280 INFO tempest.lib.common.rest_client [req-2619f78a-ae61-4559-a1fc-fade2c1d7e0a req-2619f78a-ae61-4559-a1fc-fade2c1d7e0a ] Request (HypervisorAdminV253TestBase:tearDownClass): 200 GET http://10.180.1.21:9696/networking/v2.0/security-groups?tenant_id=1b3217c611f9485585b436c7e6f52c5d&name=default 0.497s
2024-10-31 11:49:52.003 62278 INFO tempest.lib.common.rest_client [req-d57c9f50-a335-44b3-85f2-a6bb3da61ace req-d57c9f50-a335-44b3-85f2-a6bb3da61ace ] Request (FlavorsV255TestJSON:tearDownClass): 200 GET http://10.180.1.21:9696/networking/v2.0/security-groups?tenant_id=12a714c6bac94336b2b055d68ed13d79&name=default 0.496s
2024-10-31 11:49:52.085 62276 INFO tempest.lib.common.rest_client [req-08d6af1e-4a91-4802-b4d0-5ae5666232d6 req-08d6af1e-4a91-4802-b4d0-5ae5666232d6 ] Request (ServicesAdminNegativeTestJSON:tearDownClass): 204 DELETE http://10.180.1.21:9696/networking/v2.0/security-groups/21d87a6b-69fb-41d5-a3c7-70eb920aba67 0.490s
2024-10-31 11:49:52.162 62276 INFO tempest.lib.common.rest_client [req-f971679c-bfc2-4281-a037-f65051534f38 req-f971679c-bfc2-4281-a037-f65051534f38 ] Request (ServicesAdminNegativeTestJSON:tearDownClass): 204 DELETE http://10.180.1.21/identity/v3/projects/c026c9f059c3405da86f6fdbbd42ea4d 0.077s
2024-10-31 11:49:52.163 62276 INFO tempest.lib.common.dynamic_creds [-] Deleting project and security group for project: 4b57298488f54eb594b8a2af5118329b
2024-10-31 11:49:52.331 62286 INFO tempest.lib.common.rest_client [req-75dee860-1057-4a65-8c5b-36e9b51249e1 req-75dee860-1057-4a65-8c5b-36e9b51249e1 ] Request (DeleteServersAdminTestJSON:test_admin_delete_servers_of_others): 200 GET http://10.180.1.21/compute/v2.1/servers/2a24c5ce-9b52-49ae-b847-6280cef02eb5 1.895s
2024-10-31 11:49:52.337 62288 INFO tempest.lib.common.rest_client [req-42e91e5b-d123-4859-a4f6-5d9c4c47010b req-42e91e5b-d123-4859-a4f6-5d9c4c47010b ] Request (HypervisorAdminNegativeTestJSON:test_show_hypervisor_with_non_admin_user): 403 GET http://10.180.1.21/compute/v2.1/os-hypervisors/1 1.881s
2024-10-31 11:49:52.340 62286 INFO tempest.common.waiters [-] State transition "BUILD/networking" ==> "BUILD/spawning" after 8 second wait
2024-10-31 11:49:52.368 62272 INFO tempest.lib.common.rest_client [req-1562f2c5-79f8-42e9-896a-c931db1566b8 req-1562f2c5-79f8-42e9-896a-c931db1566b8 ] Request (FlavorsV261TestJSON:_run_cleanups): 200 GET http://10.180.1.21/compute/v2.1/flavors/detail 1.900s
2024-10-31 11:49:52.439 62256 INFO tempest.lib.common.rest_client [req-c582b598-9fa7-4d6d-bfea-15922c50f62e req-c582b598-9fa7-4d6d-bfea-15922c50f62e ] Request (ImagesTestJSON:test_create_image_from_stopped_server): 200 GET http://10.180.1.21/compute/v2.1/servers/9a13d0a1-849c-428f-ab63-29d2bd4cd60c 1.622s
2024-10-31 11:49:52.452 62280 INFO tempest.lib.common.rest_client [req-748610a5-3ecc-4493-83cc-3051ba62f3db req-748610a5-3ecc-4493-83cc-3051ba62f3db ] Request (HypervisorAdminV253TestBase:tearDownClass): 204 DELETE http://10.180.1.21:9696/networking/v2.0/security-groups/3c9c4d70-26d3-4b73-af7c-67491b333af6 0.509s
2024-10-31 11:49:52.499 62272 INFO tempest.lib.common.rest_client [req-a1fc48b6-e0f6-4e2b-b5c6-f93b3034d805 req-a1fc48b6-e0f6-4e2b-b5c6-f93b3034d805 ] Request (FlavorsV261TestJSON:tearDownClass): 204 DELETE http://10.180.1.21/identity/v3/users/c9b5c444483f46b3915e5d2f1ef136ef 0.120s
2024-10-31 11:49:52.572 62280 INFO tempest.lib.common.rest_client [req-f4b3326b-2e78-4cfd-8d12-0d88ba651731 req-f4b3326b-2e78-4cfd-8d12-0d88ba651731 ] Request (HypervisorAdminV253TestBase:tearDownClass): 204 DELETE http://10.180.1.21/identity/v3/projects/1b3217c611f9485585b436c7e6f52c5d 0.120s
2024-10-31 11:49:52.573 62280 INFO tempest.test [-] raised in ServersOnMultiNodesTest.setUpClass. Invoking tearDownClass.
2024-10-31 11:49:52.614 62280 INFO tempest.lib.common.rest_client [req-61cf1bd5-cd51-4bdf-9936-cfaecc344986 req-61cf1bd5-cd51-4bdf-9936-cfaecc344986 ] Request (ServersNegativeTestJSON:setUpClass): 201 POST http://10.180.1.21/identity/v3/auth/tokens 0.037s
2024-10-31 11:49:52.633 62278 INFO tempest.lib.common.rest_client [req-56f5b00e-319d-4d48-bced-522fa0260987 req-56f5b00e-319d-4d48-bced-522fa0260987 ] Request (FlavorsV255TestJSON:tearDownClass): 204 DELETE http://10.180.1.21:9696/networking/v2.0/security-groups/36cd50bb-2581-4531-aca2-160d5224b854 0.629s
2024-10-31 11:49:52.663 62272 INFO tempest.lib.common.rest_client [req-c17d80e6-4b8f-4742-90cb-981845ea7ccc req-c17d80e6-4b8f-4742-90cb-981845ea7ccc ] Request (FlavorsV261TestJSON:tearDownClass): 204 DELETE http://10.180.1.21/identity/v3/users/97096cca70844812a7a5f54af50d850c 0.163s
2024-10-31 11:49:52.663 62272 INFO tempest.lib.common.dynamic_creds [-] Deleting project and security group for project: 4e0c46724be04d998728a9a107405cb7
2024-10-31 11:49:52.698 62280 INFO tempest.lib.common.rest_client [req-7da2c8a2-400c-4675-8ee5-84bd2a863393 req-7da2c8a2-400c-4675-8ee5-84bd2a863393 ] Request (ServersNegativeTestJSON:setUpClass): 201 POST http://10.180.1.21/identity/v3/auth/tokens 0.082s
2024-10-31 11:49:52.776 62278 INFO tempest.lib.common.rest_client [req-23352952-53b7-44ad-88cd-3c53c28ed176 req-23352952-53b7-44ad-88cd-3c53c28ed176 ] Request (FlavorsV255TestJSON:tearDownClass): 204 DELETE http://10.180.1.21/identity/v3/projects/12a714c6bac94336b2b055d68ed13d79 0.142s
2024-10-31 11:49:52.776 62278 INFO tempest.lib.common.dynamic_creds [-] Deleting project and security group for project: 972acf197388494693aed5900ac276b2
2024-10-31 11:49:52.784 62272 INFO tempest.lib.common.rest_client [req-f026f553-67c4-4144-9fac-5b2ce79bc1d4 req-f026f553-67c4-4144-9fac-5b2ce79bc1d4 ] Request (FlavorsV261TestJSON:tearDownClass): 201 POST http://10.180.1.21/identity/v3/auth/tokens 0.120s
2024-10-31 11:49:52.802 62280 INFO tempest.lib.common.rest_client [req-f0b36aba-2855-4496-8f71-d2aa4c03d835 req-f0b36aba-2855-4496-8f71-d2aa4c03d835 ] Request (ServersNegativeTestJSON:setUpClass): 200 GET http://10.180.1.21/identity/v3/domains?name=Default 0.103s
2024-10-31 11:49:52.833 62276 INFO tempest.lib.common.rest_client [req-14cd7128-23be-4266-aaaf-ee22386eb20f req-14cd7128-23be-4266-aaaf-ee22386eb20f ] Request (ServicesAdminNegativeTestJSON:tearDownClass): 200 GET http://10.180.1.21:9696/networking/v2.0/security-groups?tenant_id=4b57298488f54eb594b8a2af5118329b&name=default 0.670s
2024-10-31 11:49:52.836 62280 INFO tempest.lib.common.rest_client [req-004bf962-a9ca-4a53-aeef-e70d84c2ecbd req-004bf962-a9ca-4a53-aeef-e70d84c2ecbd ] Request (ServersNegativeTestJSON:setUpClass): 201 POST http://10.180.1.21/identity/v3/projects 0.033s
2024-10-31 11:49:52.900 62280 INFO tempest.lib.common.rest_client [req-63a03162-a0b4-4308-963e-ede533855741 req-63a03162-a0b4-4308-963e-ede533855741 ] Request (ServersNegativeTestJSON:setUpClass): 201 POST http://10.180.1.21/identity/v3/users 0.064s
2024-10-31 11:49:52.917 62280 INFO tempest.lib.common.rest_client [req-f92248ad-754d-40b4-bc36-b1349d30ad8d req-f92248ad-754d-40b4-bc36-b1349d30ad8d ] Request (ServersNegativeTestJSON:setUpClass): 200 GET http://10.180.1.21/identity/v3/roles 0.016s
2024-10-31 11:49:52.947 62280 INFO tempest.lib.common.rest_client [req-40c4a074-e104-4de8-bcad-f56021f586d5 req-40c4a074-e104-4de8-bcad-f56021f586d5 ] Request (ServersNegativeTestJSON:setUpClass): 204 PUT http://10.180.1.21/identity/v3/projects/b328ec6d95d140d3bb99bff5bddb58c6/users/edc90c24b0b540bd977449377d9477b2/roles/d48f916443694e2c85b4e9bbe1b022a5 0.030s
2024-10-31 11:49:52.948 62280 INFO tempest.lib.common.dynamic_creds [-] Dynamic test user edc90c24b0b540bd977449377d9477b2 is created with scope project and roles: ['member']
2024-10-31 11:49:52.948 62280 INFO tempest.lib.common.dynamic_creds [-] Acquired dynamic creds: credentials: Credentials: {'domain_id': 'default', 'domain_name': 'Default', 'username': 'tempest-ServersNegativeTestJSON-2127816395-project-member', 'project_domain_id': 'default', 'project_domain_name': 'Default', 'project_id': 'b328ec6d95d140d3bb99bff5bddb58c6', 'project_name': 'tempest-ServersNegativeTestJSON-2127816395', 'tenant_id': 'b328ec6d95d140d3bb99bff5bddb58c6', 'tenant_name': 'tempest-ServersNegativeTestJSON-2127816395', 'user_domain_id': 'default', 'user_domain_name': 'Default', 'user_id': 'edc90c24b0b540bd977449377d9477b2', 'system': None}, Network: None, Subnet: None, Router: None
2024-10-31 11:49:53.022 62280 INFO tempest.lib.common.rest_client [req-aed91c51-ec16-4969-ac1a-21eb2fae0ace req-aed91c51-ec16-4969-ac1a-21eb2fae0ace ] Request (ServersNegativeTestJSON:setUpClass): 201 POST http://10.180.1.21/identity/v3/auth/tokens 0.074s
2024-10-31 11:49:53.131 62254 INFO tempest.lib.common.rest_client [req-17d52734-ff3f-458b-9c1d-259ee3d4f1e5 req-17d52734-ff3f-458b-9c1d-259ee3d4f1e5 ] Request (ImagesOneServerNegativeTestJSON:setUpClass): 202 POST http://10.180.1.21/compute/v2.1/servers 2.737s
2024-10-31 11:49:53.159 62278 INFO tempest.lib.common.rest_client [req-21d6aa53-b5ae-4683-8522-309fc0aa4f2f req-21d6aa53-b5ae-4683-8522-309fc0aa4f2f ] Request (FlavorsV255TestJSON:tearDownClass): 200 GET http://10.180.1.21:9696/networking/v2.0/security-groups?tenant_id=972acf197388494693aed5900ac276b2&name=default 0.382s
2024-10-31 11:49:53.161 62274 INFO tempest.lib.common.rest_client [req-f104cd27-817f-4d8e-a7f6-377ebe23e9cc req-f104cd27-817f-4d8e-a7f6-377ebe23e9cc ] Request (KeyPairsV2TestJSON:_run_cleanups): 202 DELETE http://10.180.1.21/compute/v2.1/os-keypairs/tempest-keypair-169488608 2.152s
2024-10-31 11:49:53.169 62244 INFO tempest.lib.common.rest_client [req-a7e5da6c-daa1-4f00-96fb-d5abbb05a5ed req-a7e5da6c-daa1-4f00-96fb-d5abbb05a5ed ] Request (HostsAdminNegativeTestJSON:test_startup_host_with_non_admin_user): 403 GET http://10.180.1.21/compute/v2.1/os-hosts/devstack/startup 2.146s
2024-10-31 11:49:53.180 62276 INFO tempest.lib.common.rest_client [req-1c28d78a-eff8-4015-aac5-4e3a0a9d0a93 req-1c28d78a-eff8-4015-aac5-4e3a0a9d0a93 ] Request (ServicesAdminNegativeTestJSON:tearDownClass): 204 DELETE http://10.180.1.21:9696/networking/v2.0/security-groups/b9d5598e-2aef-4a6e-8bda-e95ac9c1b529 0.347s
2024-10-31 11:49:53.263 62276 INFO tempest.lib.common.rest_client [req-18301830-ef35-4bd6-839e-b0d6ad5b4001 req-18301830-ef35-4bd6-839e-b0d6ad5b4001 ] Request (ServicesAdminNegativeTestJSON:tearDownClass): 204 DELETE http://10.180.1.21/identity/v3/projects/4b57298488f54eb594b8a2af5118329b 0.082s
2024-10-31 11:49:53.281 62248 INFO tempest.lib.common.rest_client [req-fa5dffd7-795b-4ca7-84cb-819a2400e4cb req-fa5dffd7-795b-4ca7-84cb-819a2400e4cb ] Request (SecurityGroupsTestJSON:test_list_security_groups_by_server): 200 GET http://10.180.1.21/compute/v2.1/servers/81bbe6ae-87b2-414b-a872-4e03285abf92 2.207s
2024-10-31 11:49:53.304 62268 INFO tempest.lib.common.rest_client [req-74e8ae72-bb13-43ec-8422-ad115390247a req-74e8ae72-bb13-43ec-8422-ad115390247a ] Request (FlavorsAdminTestJSON:test_create_flavor_with_int_id): 200 POST http://10.180.1.21/compute/v2.1/flavors 2.227s
2024-10-31 11:49:53.314 62258 INFO tempest.lib.common.rest_client [req-2768416a-7cff-47d5-a784-0a1687944e3e req-2768416a-7cff-47d5-a784-0a1687944e3e ] Request (VolumesAssistedSnapshotsTest:test_volume_assisted_snapshot_create_delete): 201 POST http://10.180.1.21:9696/networking/v2.0/floatingips 1.670s
2024-10-31 11:49:53.343 62276 INFO tempest.lib.common.rest_client [req-0c2496dc-bb4a-429b-8e64-61132ec9ea6f req-0c2496dc-bb4a-429b-8e64-61132ec9ea6f ] Request (FloatingIPsTestJSON:setUpClass): 201 POST http://10.180.1.21/identity/v3/auth/tokens 0.078s
2024-10-31 11:49:53.369 62272 INFO tempest.lib.common.rest_client [req-69caea1c-143c-4216-92fa-803993a0ff89 req-69caea1c-143c-4216-92fa-803993a0ff89 ] Request (FlavorsV261TestJSON:tearDownClass): 200 GET http://10.180.1.21:9696/networking/v2.0/security-groups?tenant_id=4e0c46724be04d998728a9a107405cb7&name=default 0.585s
2024-10-31 11:49:53.388 62258 INFO tempest.lib.common.rest_client [req-2abbc908-6036-4ef5-ac64-e58067bc6a05 req-2abbc908-6036-4ef5-ac64-e58067bc6a05 ] Request (VolumesAssistedSnapshotsTest:test_volume_assisted_snapshot_create_delete): 201 POST http://10.180.1.21/identity/v3/auth/tokens 0.071s
2024-10-31 11:49:53.388 62258 INFO tempest.lib.common.fixed_network [-] (VolumesAssistedSnapshotsTest:test_volume_assisted_snapshot_create_delete) Found network {'id': 'cf3d3149-838f-4d81-bcaf-41a372bc9944', 'name': 'tempest-VolumesAssistedSnapshotsTest-2099384416-network', 'tenant_id': '46a71ba06342454ebd5578ff646cea6a', 'admin_state_up': True, 'mtu': 8950, 'status': 'ACTIVE', 'subnets': [], 'shared': False, 'project_id': '46a71ba06342454ebd5578ff646cea6a', 'port_security_enabled': True, 'router:external': False, 'provider:network_type': 'vlan', 'provider:physical_network': 'default', 'provider:segmentation_id': 631, 'availability_zone_hints': [], 'availability_zones': [], 'ipv4_address_scope': None, 'ipv6_address_scope': None, 'description': '', 'tags': [], 'created_at': '2024-10-31T11:49:34Z', 'updated_at': '2024-10-31T11:49:34Z', 'revision_number': 1} available for tenant
2024-10-31 11:49:53.410 62292 INFO tempest.lib.common.rest_client [req-887b5bed-c170-491e-b900-d35ca841c0ff req-887b5bed-c170-491e-b900-d35ca841c0ff ] Request (AggregatesAdminNegativeTestJSON:test_aggregate_add_host_as_user): 403 POST http://10.180.1.21/compute/v2.1/os-aggregates/2/action 2.300s
2024-10-31 11:49:53.413 62276 INFO tempest.lib.common.rest_client [req-ec1b38e0-f0d9-49c1-9107-0f16f3b322eb req-ec1b38e0-f0d9-49c1-9107-0f16f3b322eb ] Request (FloatingIPsTestJSON:setUpClass): 201 POST http://10.180.1.21/identity/v3/auth/tokens 0.067s
2024-10-31 11:49:53.432 62276 INFO tempest.lib.common.rest_client [req-3f732eb8-ea0e-427d-8735-fc32cfb9429f req-3f732eb8-ea0e-427d-8735-fc32cfb9429f ] Request (FloatingIPsTestJSON:setUpClass): 200 GET http://10.180.1.21/identity/v3/domains?name=Default 0.018s
2024-10-31 11:49:53.447 62260 INFO tempest.lib.common.rest_client [req-d5e4840f-a1dc-4f98-a4b2-dba88dc2dd8a req-d5e4840f-a1dc-4f98-a4b2-dba88dc2dd8a ] Request (KeyPairsNegativeTestJSON:test_create_keypair_with_empty_public_key): 400 POST http://10.180.1.21/compute/v2.1/os-keypairs 2.330s
2024-10-31 11:49:53.467 62276 INFO tempest.lib.common.rest_client [req-5a369b93-bc52-4911-a39c-815d47878fa3 req-5a369b93-bc52-4911-a39c-815d47878fa3 ] Request (FloatingIPsTestJSON:setUpClass): 201 POST http://10.180.1.21/identity/v3/projects 0.034s
2024-10-31 11:49:53.469 62298 INFO tempest.lib.common.rest_client [req-0335f347-0a1b-407c-9319-4f5e091ab9dc req-0335f347-0a1b-407c-9319-4f5e091ab9dc ] Request (VolumesAdminNegativeTest:setUpClass): 201 POST http://10.180.1.21:9696/networking/v2.0/routers 3.221s
2024-10-31 11:49:53.482 62240 INFO tempest.lib.common.rest_client [req-142d4788-ae42-4fe6-9a27-d1fb6694a079 req-142d4788-ae42-4fe6-9a27-d1fb6694a079 ] Request (ValidationResourcesFixture:setUp): 200 POST http://10.180.1.21/compute/v2.1/os-keypairs 2.335s
2024-10-31 11:49:53.506 62278 INFO tempest.lib.common.rest_client [req-ebbb129e-8f51-4d92-9253-9fd0e2d73919 req-ebbb129e-8f51-4d92-9253-9fd0e2d73919 ] Request (FlavorsV255TestJSON:tearDownClass): 204 DELETE http://10.180.1.21:9696/networking/v2.0/security-groups/d847e658-91e8-4d77-894f-fbaae9556e66 0.347s
2024-10-31 11:49:53.531 62276 INFO tempest.lib.common.rest_client [req-f1a10b9f-4502-46d3-b65d-3c365cd9bd04 req-f1a10b9f-4502-46d3-b65d-3c365cd9bd04 ] Request (FloatingIPsTestJSON:setUpClass): 201 POST http://10.180.1.21/identity/v3/users 0.063s
2024-10-31 11:49:53.566 62238 INFO tempest.lib.common.rest_client [req-512671ca-9293-45e5-aac6-3b43726f4ba3 req-512671ca-9293-45e5-aac6-3b43726f4ba3 ] Request (FloatingIPDetailsTestJSON:tearDownClass): 202 DELETE http://10.180.1.21/compute/v2.1/os-floating-ips/26257572-fad0-49d2-8ebd-30468c99727a 2.595s
2024-10-31 11:49:53.599 62278 INFO tempest.lib.common.rest_client [req-a9a3ca48-17f4-4f57-b0d4-3b74dc9aa670 req-a9a3ca48-17f4-4f57-b0d4-3b74dc9aa670 ] Request (FlavorsV255TestJSON:tearDownClass): 204 DELETE http://10.180.1.21/identity/v3/projects/972acf197388494693aed5900ac276b2 0.093s
2024-10-31 11:49:53.639 62278 INFO tempest.lib.common.rest_client [req-5ffbedd9-2547-41e8-bc26-7c67b3a1bf11 req-5ffbedd9-2547-41e8-bc26-7c67b3a1bf11 ] Request (HostsAdminTestJSON:setUpClass): 201 POST http://10.180.1.21/identity/v3/auth/tokens 0.035s
2024-10-31 11:49:53.641 62276 INFO tempest.lib.common.rest_client [req-38409180-7237-4cfc-86cf-45130127f064 req-38409180-7237-4cfc-86cf-45130127f064 ] Request (FloatingIPsTestJSON:setUpClass): 200 GET http://10.180.1.21/identity/v3/roles 0.110s
2024-10-31 11:49:53.672 62278 INFO tempest.lib.common.rest_client [req-a0469f64-cb86-44f4-9278-d508d1e27d4c req-a0469f64-cb86-44f4-9278-d508d1e27d4c ] Request (HostsAdminTestJSON:setUpClass): 201 POST http://10.180.1.21/identity/v3/auth/tokens 0.030s
2024-10-31 11:49:53.689 62276 INFO tempest.lib.common.rest_client [req-41a11535-271e-465a-bd98-c89fdda41425 req-41a11535-271e-465a-bd98-c89fdda41425 ] Request (FloatingIPsTestJSON:setUpClass): 204 PUT http://10.180.1.21/identity/v3/projects/fdcbdb5bfe6548a8aac23dab634a581b/users/c230ccccc60d46cbb3578b3e77e1abec/roles/d48f916443694e2c85b4e9bbe1b022a5 0.047s
2024-10-31 11:49:53.690 62276 INFO tempest.lib.common.dynamic_creds [-] Dynamic test user c230ccccc60d46cbb3578b3e77e1abec is created with scope project and roles: ['member']
2024-10-31 11:49:53.690 62276 INFO tempest.lib.common.dynamic_creds [-] Acquired dynamic creds: credentials: Credentials: {'domain_id': 'default', 'domain_name': 'Default', 'username': 'tempest-FloatingIPsTestJSON-1191396208-project-member', 'project_domain_id': 'default', 'project_domain_name': 'Default', 'project_id': 'fdcbdb5bfe6548a8aac23dab634a581b', 'project_name': 'tempest-FloatingIPsTestJSON-1191396208', 'tenant_id': 'fdcbdb5bfe6548a8aac23dab634a581b', 'tenant_name': 'tempest-FloatingIPsTestJSON-1191396208', 'user_domain_id': 'default', 'user_domain_name': 'Default', 'user_id': 'c230ccccc60d46cbb3578b3e77e1abec', 'system': None}, Network: None, Subnet: None, Router: None
2024-10-31 11:49:53.696 62278 INFO tempest.lib.common.rest_client [req-1e06676c-7065-411d-9eb2-d856c7c5e42a req-1e06676c-7065-411d-9eb2-d856c7c5e42a ] Request (HostsAdminTestJSON:setUpClass): 200 GET http://10.180.1.21/identity/v3/domains?name=Default 0.024s
2024-10-31 11:49:53.747 62272 INFO tempest.lib.common.rest_client [req-3053f85a-7470-4b85-a296-fd386b52681f req-3053f85a-7470-4b85-a296-fd386b52681f ] Request (FlavorsV261TestJSON:tearDownClass): 204 DELETE http://10.180.1.21:9696/networking/v2.0/security-groups/900c795b-8475-4977-b4b8-1ed9644afbf9 0.377s
2024-10-31 11:49:53.753 62276 INFO tempest.lib.common.rest_client [req-821795d8-1b3c-4300-9a8b-a0611474b1ac req-821795d8-1b3c-4300-9a8b-a0611474b1ac ] Request (FloatingIPsTestJSON:setUpClass): 201 POST http://10.180.1.21/identity/v3/auth/tokens 0.063s
2024-10-31 11:49:53.767 62278 INFO tempest.lib.common.rest_client [req-e488ed16-0767-4a84-8c08-63e7f772261f req-e488ed16-0767-4a84-8c08-63e7f772261f ] Request (HostsAdminTestJSON:setUpClass): 201 POST http://10.180.1.21/identity/v3/projects 0.070s
2024-10-31 11:49:53.813 62272 INFO tempest.lib.common.rest_client [req-5a05bed3-478c-4990-84ba-f27f840878ba req-5a05bed3-478c-4990-84ba-f27f840878ba ] Request (FlavorsV261TestJSON:tearDownClass): 204 DELETE http://10.180.1.21/identity/v3/projects/4e0c46724be04d998728a9a107405cb7 0.065s
2024-10-31 11:49:53.817 62272 INFO tempest.lib.common.dynamic_creds [-] Deleting project and security group for project: e1c1a35929864791822dfb1abf95a944
2024-10-31 11:49:53.852 62280 INFO tempest.lib.common.rest_client [req-3a4aff82-655b-4854-a272-3c8911fde81a req-3a4aff82-655b-4854-a272-3c8911fde81a ] Request (ServersNegativeTestJSON:setUpClass): 201 POST http://10.180.1.21:9696/networking/v2.0/networks 0.830s
2024-10-31 11:49:53.865 62240 INFO tempest.lib.common.rest_client [req-fb94e0e1-4236-4a0b-814a-87667c779093 req-fb94e0e1-4236-4a0b-814a-87667c779093 ] Request (ValidationResourcesFixture:setUp): 201 POST http://10.180.1.21:9696/networking/v2.0/security-groups 0.379s
2024-10-31 11:49:53.883 62278 INFO tempest.lib.common.rest_client [req-cd2839f0-7af9-4d1a-b920-6d9df75f38bb req-cd2839f0-7af9-4d1a-b920-6d9df75f38bb ] Request (HostsAdminTestJSON:setUpClass): 201 POST http://10.180.1.21/identity/v3/users 0.115s
2024-10-31 11:49:53.908 62278 INFO tempest.lib.common.rest_client [req-878e50bc-1bda-484f-bc3c-f6d12db85039 req-878e50bc-1bda-484f-bc3c-f6d12db85039 ] Request (HostsAdminTestJSON:setUpClass): 200 GET http://10.180.1.21/identity/v3/roles 0.024s
2024-10-31 11:49:53.932 62283 INFO tempest.lib.common.rest_client [req-cbcd73f2-8c33-4308-bbf3-ac4ce0ee6abb req-cbcd73f2-8c33-4308-bbf3-ac4ce0ee6abb ] Request (QuotasAdminNegativeTest:test_create_server_when_instances_quota_is_full): 403 POST http://10.180.1.21/compute/v2.1/servers 2.438s
2024-10-31 11:49:53.932 62278 INFO tempest.lib.common.rest_client [req-b5666c03-fb3a-4a8e-a5c2-116f9e08935f req-b5666c03-fb3a-4a8e-a5c2-116f9e08935f ] Request (HostsAdminTestJSON:setUpClass): 204 PUT http://10.180.1.21/identity/v3/projects/fd6962d1cf914dbc952eb51f41a48e21/users/602296e058da43d48d06a0f3eb4a8320/roles/d48f916443694e2c85b4e9bbe1b022a5 0.023s
2024-10-31 11:49:53.933 62278 INFO tempest.lib.common.dynamic_creds [-] Dynamic test user 602296e058da43d48d06a0f3eb4a8320 is created with scope project and roles: ['member']
2024-10-31 11:49:53.933 62278 INFO tempest.lib.common.dynamic_creds [-] Acquired dynamic creds: credentials: Credentials: {'domain_id': 'default', 'domain_name': 'Default', 'username': 'tempest-HostsAdminTestJSON-1177259336-project-member', 'project_domain_id': 'default', 'project_domain_name': 'Default', 'project_id': 'fd6962d1cf914dbc952eb51f41a48e21', 'project_name': 'tempest-HostsAdminTestJSON-1177259336', 'tenant_id': 'fd6962d1cf914dbc952eb51f41a48e21', 'tenant_name': 'tempest-HostsAdminTestJSON-1177259336', 'user_domain_id': 'default', 'user_domain_name': 'Default', 'user_id': '602296e058da43d48d06a0f3eb4a8320', 'system': None}, Network: None, Subnet: None, Router: None
2024-10-31 11:49:53.933 62278 INFO tempest.lib.common.dynamic_creds [-] Created isolated network resources for: credentials: Credentials: {'domain_id': 'default', 'domain_name': 'Default', 'username': 'tempest-HostsAdminTestJSON-1177259336-project-member', 'project_domain_id': 'default', 'project_domain_name': 'Default', 'project_id': 'fd6962d1cf914dbc952eb51f41a48e21', 'project_name': 'tempest-HostsAdminTestJSON-1177259336', 'tenant_id': 'fd6962d1cf914dbc952eb51f41a48e21', 'tenant_name': 'tempest-HostsAdminTestJSON-1177259336', 'user_domain_id': 'default', 'user_domain_name': 'Default', 'user_id': '602296e058da43d48d06a0f3eb4a8320', 'system': None}, Network: None, Subnet: None, Router: None
2024-10-31 11:49:54.016 62278 INFO tempest.lib.common.rest_client [req-76085337-cbec-4ff6-bdec-d1ee049f53bd req-76085337-cbec-4ff6-bdec-d1ee049f53bd ] Request (HostsAdminTestJSON:setUpClass): 201 POST http://10.180.1.21/identity/v3/auth/tokens 0.080s
2024-10-31 11:49:54.087 62278 INFO tempest.lib.common.rest_client [req-203ea93a-2ea9-4eee-963d-52f445ca91d2 req-203ea93a-2ea9-4eee-963d-52f445ca91d2 ] Request (HostsAdminTestJSON:setUpClass): 201 POST http://10.180.1.21/identity/v3/projects 0.070s
2024-10-31 11:49:54.158 62242 INFO tempest.lib.common.rest_client [req-33191fbe-2f60-4f0e-aee7-0e4542c0b391 req-33191fbe-2f60-4f0e-aee7-0e4542c0b391 ] Request (ImagesMetadataTestJSON:setUp): 200 PUT http://10.180.1.21/compute/v2.1/images/8dc0fe81-2409-409c-a0b3-7d81d58ca4fc/metadata 2.602s
2024-10-31 11:49:54.166 62278 INFO tempest.lib.common.rest_client [req-e2ee2ed0-fc75-44bd-a925-989feb03c52d req-e2ee2ed0-fc75-44bd-a925-989feb03c52d ] Request (HostsAdminTestJSON:setUpClass): 201 POST http://10.180.1.21/identity/v3/users 0.079s
2024-10-31 11:49:54.189 62270 INFO tempest.lib.common.rest_client [req-6dccb2d3-b3e9-4fb8-a351-401ae726b156 req-6dccb2d3-b3e9-4fb8-a351-401ae726b156 ] Request (ServerDiagnosticsTest:test_get_server_diagnostics): 202 POST http://10.180.1.21/compute/v2.1/servers 2.809s
2024-10-31 11:49:54.204 62278 INFO tempest.lib.common.rest_client [req-1524077e-fbe5-4ce4-ad2a-19901920ffbe req-1524077e-fbe5-4ce4-ad2a-19901920ffbe ] Request (HostsAdminTestJSON:setUpClass): 200 GET http://10.180.1.21/identity/v3/roles 0.037s
2024-10-31 11:49:54.245 62278 INFO tempest.lib.common.rest_client [req-f1d87660-cbdc-464c-853e-c96d2ff46b82 req-f1d87660-cbdc-464c-853e-c96d2ff46b82 ] Request (HostsAdminTestJSON:setUpClass): 204 PUT http://10.180.1.21/identity/v3/projects/80f26e4575a5466cbfac7631e933a5bd/users/cb07f5d3041044339e9c492403add9ec/roles/adcfb39c36964ff89fe2171bb0564be0 0.041s
2024-10-31 11:49:54.296 62250 INFO tempest.lib.common.rest_client [req-3337fb19-8efc-4cf1-b18c-032bd315a5ad req-3337fb19-8efc-4cf1-b18c-032bd315a5ad ] Request (QuotaClassesAdminTestJSON:_run_cleanups): 200 PUT http://10.180.1.21/compute/v2.1/os-quota-class-sets/default 2.551s
2024-10-31 11:49:54.303 62278 INFO tempest.lib.common.rest_client [req-ceb3a6d2-a686-4f30-81a5-f5f5488adfdd req-ceb3a6d2-a686-4f30-81a5-f5f5488adfdd ] Request (HostsAdminTestJSON:setUpClass): 200 GET http://10.180.1.21/identity/v3/roles 0.057s
2024-10-31 11:49:54.307 62296 INFO tempest.lib.common.rest_client [req-8401d17a-bdba-4d44-9093-b7246f73fcb8 req-8401d17a-bdba-4d44-9093-b7246f73fcb8 ] Request (FlavorsAccessNegativeTestJSON:test_flavor_access_list_with_public_flavor): 404 GET http://10.180.1.21/compute/v2.1/flavors/673030227/os-flavor-access 2.532s
2024-10-31 11:49:54.317 62252 INFO tempest.lib.common.rest_client [req-fd551ba0-9a1b-4e59-be37-5e6760d007a5 req-fd551ba0-9a1b-4e59-be37-5e6760d007a5 ] Request (FlavorsExtraSpecsTestJSON:test_flavor_set_get_update_show_unset_keys): 200 GET http://10.180.1.21/compute/v2.1/flavors/1301809428/os-extra_specs 2.522s
2024-10-31 11:49:54.321 62264 INFO tempest.lib.common.rest_client [req-735edfc2-d45b-4a0c-b27a-abe4519f2ed4 req-735edfc2-d45b-4a0c-b27a-abe4519f2ed4 ] Request (ServersAdminNegativeTestJSON:setUpClass): 200 GET http://10.180.1.21/compute/v2.1/servers/687eaa4d-012a-4dd9-9033-16fad3650a56 2.595s
2024-10-31 11:49:54.333 62288 INFO tempest.lib.common.rest_client [req-25fc555e-7350-4553-9d20-d6eadeaec742 req-25fc555e-7350-4553-9d20-d6eadeaec742 ] Request (HypervisorAdminNegativeTestJSON:test_show_nonexistent_hypervisor): 404 GET http://10.180.1.21/compute/v2.1/os-hypervisors/bfdda878-9a6d-4381-b9cb-48e667203c82 1.995s
2024-10-31 11:49:54.347 62278 INFO tempest.lib.common.rest_client [req-824d485d-0d8e-4b4d-acf7-82a3e97b92dc req-824d485d-0d8e-4b4d-acf7-82a3e97b92dc ] Request (HostsAdminTestJSON:setUpClass): 204 PUT http://10.180.1.21/identity/v3/projects/80f26e4575a5466cbfac7631e933a5bd/users/cb07f5d3041044339e9c492403add9ec/roles/adcfb39c36964ff89fe2171bb0564be0 0.044s
2024-10-31 11:49:54.347 62278 INFO tempest.lib.common.dynamic_creds [-] Dynamic test user cb07f5d3041044339e9c492403add9ec is created with scope project and roles: ['admin']
2024-10-31 11:49:54.347 62278 INFO tempest.lib.common.dynamic_creds [-] Acquired dynamic creds: credentials: Credentials: {'domain_id': 'default', 'domain_name': 'Default', 'username': 'tempest-HostsAdminTestJSON-852473572-project-admin', 'project_domain_id': 'default', 'project_domain_name': 'Default', 'project_id': '80f26e4575a5466cbfac7631e933a5bd', 'project_name': 'tempest-HostsAdminTestJSON-852473572', 'tenant_id': '80f26e4575a5466cbfac7631e933a5bd', 'tenant_name': 'tempest-HostsAdminTestJSON-852473572', 'user_domain_id': 'default', 'user_domain_name': 'Default', 'user_id': 'cb07f5d3041044339e9c492403add9ec', 'system': None}, Network: None, Subnet: None, Router: None
2024-10-31 11:49:54.347 62278 INFO tempest.lib.common.dynamic_creds [-] Created isolated network resources for: credentials: Credentials: {'domain_id': 'default', 'domain_name': 'Default', 'username': 'tempest-HostsAdminTestJSON-852473572-project-admin', 'project_domain_id': 'default', 'project_domain_name': 'Default', 'project_id': '80f26e4575a5466cbfac7631e933a5bd', 'project_name': 'tempest-HostsAdminTestJSON-852473572', 'tenant_id': '80f26e4575a5466cbfac7631e933a5bd', 'tenant_name': 'tempest-HostsAdminTestJSON-852473572', 'user_domain_id': 'default', 'user_domain_name': 'Default', 'user_id': 'cb07f5d3041044339e9c492403add9ec', 'system': None}, Network: None, Subnet: None, Router: None
2024-10-31 11:49:54.399 62240 INFO tempest.lib.common.rest_client [req-6067fa3c-ed7f-4de4-9f7f-b2b945b70904 req-6067fa3c-ed7f-4de4-9f7f-b2b945b70904 ] Request (ValidationResourcesFixture:setUp): 201 POST http://10.180.1.21:9696/networking/v2.0/security-group-rules 0.533s
2024-10-31 11:49:54.433 62294 INFO tempest.lib.common.rest_client [req-04097b55-24b0-4203-9b74-a5e49664fcbe req-04097b55-24b0-4203-9b74-a5e49664fcbe ] Request (QuotasAdminTestV236:test_get_updated_quotas): 200 GET http://10.180.1.21/identity/v3/domains?name=Default 0.114s
2024-10-31 11:49:54.448 62236 INFO tempest.lib.common.rest_client [req-bf988011-1d67-4787-9432-f58883a43790 req-bf988011-1d67-4787-9432-f58883a43790 ] Request (MigrationsAdminTest:test_list_migrations_in_flavor_resize_situation): 200 GET http://10.180.1.21/compute/v2.1/servers/4cafaebd-b577-4a7e-92b8-151445f66a0d 1.927s
2024-10-31 11:49:54.456 62236 INFO tempest.common.waiters [-] State transition "BUILD/None" ==> "BUILD/networking" after 8 second wait
2024-10-31 11:49:54.463 62288 INFO tempest.lib.common.rest_client [req-fdd57b24-f2b1-4ad1-9f82-7cfe594ab3c6 req-fdd57b24-f2b1-4ad1-9f82-7cfe594ab3c6 ] Request (HypervisorAdminNegativeTestJSON:tearDownClass): 204 DELETE http://10.180.1.21/identity/v3/users/fcbad8f4ca1e4877a15c7d67e148c3f9 0.127s
2024-10-31 11:49:54.549 62278 INFO tempest.lib.common.rest_client [req-d09f5cf0-dfe1-44b8-b380-ed2b9d50eae7 req-d09f5cf0-dfe1-44b8-b380-ed2b9d50eae7 ] Request (HostsAdminTestJSON:setUpClass): 201 POST http://10.180.1.21/identity/v3/auth/tokens 0.192s
2024-10-31 11:49:54.556 62272 INFO tempest.lib.common.rest_client [req-79a2f1d6-04c1-42c1-8a19-7b344b51a4e6 req-79a2f1d6-04c1-42c1-8a19-7b344b51a4e6 ] Request (FlavorsV261TestJSON:tearDownClass): 200 GET http://10.180.1.21:9696/networking/v2.0/security-groups?tenant_id=e1c1a35929864791822dfb1abf95a944&name=default 0.738s
2024-10-31 11:49:54.563 62262 INFO tempest.lib.common.rest_client [req-5e04ce40-fb90-4a7c-bce9-34be5f55f093 req-5e04ce40-fb90-4a7c-bce9-34be5f55f093 ] Request (ServerDiagnosticsV248Test:test_get_server_diagnostics): 200 GET http://10.180.1.21/compute/v2.1/servers/2aabbd53-4c4d-4b53-8135-34cc5a17fd47 1.884s
2024-10-31 11:49:54.580 62250 INFO tempest.lib.common.rest_client [req-0b27a922-34fa-4598-9f08-861c9922324d req-0b27a922-34fa-4598-9f08-861c9922324d ] Request (QuotaClassesAdminTestJSON:tearDownClass): 204 DELETE http://10.180.1.21/identity/v3/users/ed215762b64844a595599e0c768ff783 0.209s
2024-10-31 11:49:54.679 62254 INFO tempest.lib.common.rest_client [req-a93f7f60-7530-4755-bd7e-865b190dd266 req-a93f7f60-7530-4755-bd7e-865b190dd266 ] Request (ImagesOneServerNegativeTestJSON:setUpClass): 200 GET http://10.180.1.21/compute/v2.1/servers/d2e4c9d6-7dec-4a54-bc26-84cfbdab6d8f 1.546s
2024-10-31 11:49:54.687 62294 INFO tempest.lib.common.rest_client [req-bfdca1c7-1cc6-419e-9aaa-cec1b911c730 req-bfdca1c7-1cc6-419e-9aaa-cec1b911c730 ] Request (QuotasAdminTestV236:test_get_updated_quotas): 201 POST http://10.180.1.21/identity/v3/projects 0.253s
2024-10-31 11:49:54.706 62246 INFO tempest.lib.common.rest_client [req-b9460910-eb19-4879-b35e-5b8274de2a49 req-b9460910-eb19-4879-b35e-5b8274de2a49 ] Request (ServerDiagnosticsNegativeTest:test_get_server_diagnostics_by_non_admin): 200 GET http://10.180.1.21/compute/v2.1/servers/5a590ae6-eb88-433d-81b4-33e7b6ace868 2.280s
2024-10-31 11:49:54.718 62246 INFO tempest.common.waiters [-] State transition "BUILD/networking" ==> "BUILD/spawning" after 8 second wait
2024-10-31 11:49:54.738 62244 INFO tempest.lib.common.rest_client [req-3964f2b4-0d78-498d-9ec6-d46c8e5f3201 req-3964f2b4-0d78-498d-9ec6-d46c8e5f3201 ] Request (HostsAdminNegativeTestJSON:test_startup_nonexistent_host): 404 GET http://10.180.1.21/compute/v2.1/os-hosts/nonexistent_hostname/startup 1.567s
2024-10-31 11:49:54.751 62288 INFO tempest.lib.common.rest_client [req-10273263-1f39-4a91-b223-81bd5cd8633b req-10273263-1f39-4a91-b223-81bd5cd8633b ] Request (HypervisorAdminNegativeTestJSON:tearDownClass): 204 DELETE http://10.180.1.21/identity/v3/users/e2b584d0db0d4048bf8d28478a8921a8 0.288s
2024-10-31 11:49:54.752 62288 INFO tempest.lib.common.dynamic_creds [-] Deleting project and security group for project: 0b5061cca30747c397374df8cdab4f22
2024-10-31 11:49:54.767 62268 INFO tempest.lib.common.rest_client [req-82f74161-2247-4629-8074-9f2f9f34b213 req-82f74161-2247-4629-8074-9f2f9f34b213 ] Request (FlavorsAdminTestJSON:_run_cleanups): 202 DELETE http://10.180.1.21/compute/v2.1/flavors/617194657 1.461s
2024-10-31 11:49:54.773 62274 INFO tempest.lib.common.rest_client [req-b37dc511-9379-43e6-be24-3759ce923c55 req-b37dc511-9379-43e6-be24-3759ce923c55 ] Request (KeyPairsV2TestJSON:test_keypairs_create_list_delete): 200 POST http://10.180.1.21/compute/v2.1/os-keypairs 1.611s
2024-10-31 11:49:54.849 62294 INFO tempest.lib.common.rest_client [req-efdfd7b9-b092-4a2a-a66b-4f726c30b0c2 req-efdfd7b9-b092-4a2a-a66b-4f726c30b0c2 ] Request (QuotasAdminTestV236:test_get_updated_quotas): 200 GET http://10.180.1.21/identity/v3/domains?name=Default 0.162s
2024-10-31 11:49:54.879 62250 INFO tempest.lib.common.rest_client [req-91aa97ef-905f-4fe9-8758-53e1ac98efc8 req-91aa97ef-905f-4fe9-8758-53e1ac98efc8 ] Request (QuotaClassesAdminTestJSON:tearDownClass): 204 DELETE http://10.180.1.21/identity/v3/users/7e25784c195947ad86f6a8f65c025302 0.298s
2024-10-31 11:49:54.879 62250 INFO tempest.lib.common.dynamic_creds [-] Deleting project and security group for project: f9b40c3ca96e49518be9a4ab20e20fe1
2024-10-31 11:49:54.901 62276 INFO tempest.lib.common.rest_client [req-60c9563f-5a6f-463a-9621-450e40bdccca req-60c9563f-5a6f-463a-9621-450e40bdccca ] Request (FloatingIPsTestJSON:setUpClass): 201 POST http://10.180.1.21:9696/networking/v2.0/networks 1.146s
2024-10-31 11:49:54.910 62288 INFO tempest.lib.common.rest_client [req-5d15c0d9-d4e5-4509-8c6b-83c55addb1ca req-5d15c0d9-d4e5-4509-8c6b-83c55addb1ca ] Request (HypervisorAdminNegativeTestJSON:tearDownClass): 201 POST http://10.180.1.21/identity/v3/auth/tokens 0.158s
2024-10-31 11:49:54.942 62250 INFO tempest.lib.common.rest_client [req-f7d4ad48-ce74-4442-898b-2c8beaf8d0fa req-f7d4ad48-ce74-4442-898b-2c8beaf8d0fa ] Request (QuotaClassesAdminTestJSON:tearDownClass): 201 POST http://10.180.1.21/identity/v3/auth/tokens 0.062s
2024-10-31 11:49:54.956 62240 INFO tempest.lib.common.rest_client [req-971109de-3b30-409b-9f22-19c8777dd9bc req-971109de-3b30-409b-9f22-19c8777dd9bc ] Request (ValidationResourcesFixture:setUp): 201 POST http://10.180.1.21:9696/networking/v2.0/security-group-rules 0.557s
2024-10-31 11:49:55.003 62280 INFO tempest.lib.common.rest_client [req-13c26e7b-8064-4901-97b3-ef1bb214d752 req-13c26e7b-8064-4901-97b3-ef1bb214d752 ] Request (ServersNegativeTestJSON:setUpClass): 201 POST http://10.180.1.21:9696/networking/v2.0/subnets 1.150s
2024-10-31 11:49:55.070 62272 INFO tempest.lib.common.rest_client [req-7b8ae237-448a-4f25-96f6-5a633620174d req-7b8ae237-448a-4f25-96f6-5a633620174d ] Request (FlavorsV261TestJSON:tearDownClass): 204 DELETE http://10.180.1.21:9696/networking/v2.0/security-groups/2e2d5ea6-df83-4601-8f1e-d4584ca997ab 0.514s
2024-10-31 11:49:55.103 62286 INFO tempest.lib.common.rest_client [req-1aa3a670-a4ae-47f9-8123-61fb25dda2f5 req-1aa3a670-a4ae-47f9-8123-61fb25dda2f5 ] Request (DeleteServersAdminTestJSON:test_admin_delete_servers_of_others): 200 GET http://10.180.1.21/compute/v2.1/servers/2a24c5ce-9b52-49ae-b847-6280cef02eb5 1.761s
2024-10-31 11:49:55.128 62292 INFO tempest.lib.common.rest_client [req-17d5a2d3-1e1b-4cc8-910c-16d3b4546cb3 req-17d5a2d3-1e1b-4cc8-910c-16d3b4546cb3 ] Request (AggregatesAdminNegativeTestJSON:_run_cleanups): 200 DELETE http://10.180.1.21/compute/v2.1/os-aggregates/2 1.718s
2024-10-31 11:49:55.136 62260 INFO tempest.lib.common.rest_client [req-d36a4d04-ff8e-4ba9-939d-b853538b220c req-d36a4d04-ff8e-4ba9-939d-b853538b220c ] Request (KeyPairsNegativeTestJSON:test_create_keypair_with_long_keynames): 400 POST http://10.180.1.21/compute/v2.1/os-keypairs 1.688s
2024-10-31 11:49:55.157 62272 INFO tempest.lib.common.rest_client [req-9d894022-9bcb-4874-9e08-9fba6c240392 req-9d894022-9bcb-4874-9e08-9fba6c240392 ] Request (FlavorsV261TestJSON:tearDownClass): 204 DELETE http://10.180.1.21/identity/v3/projects/e1c1a35929864791822dfb1abf95a944 0.086s
2024-10-31 11:49:55.158 62272 INFO tempest.test [-] raised in ServerStableDeviceRescueTest.setUpClass. Invoking tearDownClass.
2024-10-31 11:49:55.160 62272 INFO tempest.test [-] raised in AttachVolumeMultiAttachTest.setUpClass. Invoking tearDownClass.
2024-10-31 11:49:55.162 62267 INFO tempest.lib.common.rest_client [req-a1b374ad-d631-44f6-bb20-7f0345a22240 req-a1b374ad-d631-44f6-bb20-7f0345a22240 ] Request (FloatingIPsNegativeTestJSON:setUpClass): 201 POST http://10.180.1.21:9696/networking/v2.0/routers 3.432s
2024-10-31 11:49:55.244 62256 INFO tempest.lib.common.rest_client [req-509f6dbd-c3ef-4344-85c7-f6ad99efeac0 req-509f6dbd-c3ef-4344-85c7-f6ad99efeac0 ] Request (ImagesTestJSON:test_create_image_from_stopped_server): 200 GET http://10.180.1.21/compute/v2.1/servers/9a13d0a1-849c-428f-ab63-29d2bd4cd60c 1.795s
2024-10-31 11:49:55.289 62284 INFO tempest.lib.common.rest_client [req-56d925da-9247-4f7e-9fc1-68b754bc7526 req-56d925da-9247-4f7e-9fc1-68b754bc7526 ] Request (FloatingIPsAssociationNegativeTestJSON:setUpClass): 200 PUT http://10.180.1.21:9696/networking/v2.0/routers/d0e27b1b-c5cb-4d33-a6eb-aca14ed8c2ad/add_router_interface 4.370s
2024-10-31 11:49:55.289 62284 INFO tempest.lib.common.dynamic_creds [-] Created isolated network resources for: credentials: Credentials: {'domain_id': 'default', 'domain_name': 'Default', 'username': 'tempest-FloatingIPsAssociationNegativeTestJSON-1894237132-project-member', 'project_domain_id': 'default', 'project_domain_name': 'Default', 'project_id': '97c048d8631543ef99ec5fc8c2a67aee', 'project_name': 'tempest-FloatingIPsAssociationNegativeTestJSON-1894237132', 'tenant_id': '97c048d8631543ef99ec5fc8c2a67aee', 'tenant_name': 'tempest-FloatingIPsAssociationNegativeTestJSON-1894237132', 'user_domain_id': 'default', 'user_domain_name': 'Default', 'user_id': '270493996eaa4eb8b25b9f78f104c05e', 'system': None}, Network: {'id': 'bcb2dda8-a304-41d9-a915-c3d8d86beeed', 'name': 'tempest-FloatingIPsAssociationNegativeTestJSON-3802968-network', 'tenant_id': '97c048d8631543ef99ec5fc8c2a67aee', 'admin_state_up': True, 'mtu': 8950, 'status': 'ACTIVE', 'subnets': [], 'shared': False, 'project_id': '97c048d8631543ef99ec5fc8c2a67aee', 'port_security_enabled': True, 'router:external': False, 'provider:network_type': 'vlan', 'provider:physical_network': 'default', 'provider:segmentation_id': 27, 'availability_zone_hints': [], 'availability_zones': [], 'ipv4_address_scope': None, 'ipv6_address_scope': None, 'description': '', 'tags': [], 'created_at': '2024-10-31T11:49:48Z', 'updated_at': '2024-10-31T11:49:48Z', 'revision_number': 1}, Subnet: {'id': '9813acbe-099b-4096-8201-9e7eeb6b0910', 'name': 'tempest-FloatingIPsAssociationNegativeTestJSON-3802968-subnet', 'tenant_id': '97c048d8631543ef99ec5fc8c2a67aee', 'network_id': 'bcb2dda8-a304-41d9-a915-c3d8d86beeed', 'ip_version': 4, 'subnetpool_id': None, 'enable_dhcp': True, 'ipv6_ra_mode': None, 'ipv6_address_mode': None, 'gateway_ip': '192.168.128.1', 'cidr': '192.168.128.0/28', 'allocation_pools': [{'start': '192.168.128.2', 'end': '192.168.128.14'}], 'host_routes': [], 'dns_nameservers': [], 'description': '', 'router:external': False, 'service_types': [], 'tags': [], 'created_at': '2024-10-31T11:49:48Z', 'updated_at': '2024-10-31T11:49:48Z', 'revision_number': 0, 'project_id': '97c048d8631543ef99ec5fc8c2a67aee'}, Router: {'id': 'd0e27b1b-c5cb-4d33-a6eb-aca14ed8c2ad', 'name': 'tempest-FloatingIPsAssociationNegativeTestJSON-3802968-router', 'tenant_id': '97c048d8631543ef99ec5fc8c2a67aee', 'admin_state_up': True, 'status': 'ACTIVE', 'external_gateway_info': {'network_id': 'e45e321b-5c8a-44cd-8f04-32bc93749e22', 'external_fixed_ips': [{'subnet_id': 'e81e6502-5f72-4a3c-8cd5-259dd3262ff0', 'ip_address': '10.180.180.173'}], 'enable_snat': True}, 'description': '', 'availability_zones': [], 'distributed': False, 'ha': False, 'availability_zone_hints': [], 'routes': [], 'flavor_id': None, 'tags': [], 'created_at': '2024-10-31T11:49:49Z', 'updated_at': '2024-10-31T11:49:49Z', 'revision_number': 2, 'project_id': '97c048d8631543ef99ec5fc8c2a67aee'}
2024-10-31 11:49:55.374 62284 INFO tempest.lib.common.rest_client [req-27780eef-ed41-4183-bb50-369578a611b7 req-27780eef-ed41-4183-bb50-369578a611b7 ] Request (FloatingIPsAssociationNegativeTestJSON:setUpClass): 201 POST http://10.180.1.21/identity/v3/auth/tokens 0.081s
2024-10-31 11:49:55.415 62290 INFO tempest.lib.common.rest_client [req-aff3e98c-3bcf-4ad7-9f3f-1af7ab6f238d req-aff3e98c-3bcf-4ad7-9f3f-1af7ab6f238d ] Request (AttachVolumeNegativeTest:setUpClass): 200 PUT http://10.180.1.21:9696/networking/v2.0/routers/7ae76454-a211-4b70-9d7f-6cdc21b25412/add_router_interface 3.889s
