2024-09-22 23:46:15.242 62350 INFO tempest.lib.common.rest_client [req-5f892c3f-8393-4ab3-ba02-e4a5b370864f req-5f892c3f-8393-4ab3-ba02-e4a5b370864f ] Request (InstanceActionsTestJSON:setUpClass): 200 GET http://10.180.1.21/compute/v2.1/servers/89b7e60d-6669-41f0-937c-0e85a19e9eeb 0.157s
2024-09-22 23:46:15.294 62384 INFO tempest.lib.common.rest_client [req-f4ddc468-ab1c-4f9a-ac3c-22efdb127e36 req-f4ddc468-ab1c-4f9a-ac3c-22efdb127e36 ] Request (MultipleCreateTestJSON:test_multiple_create_with_reservation_return): 200 GET http://10.180.1.21/compute/v2.1/servers/5f816c6a-1996-455b-afb4-acaf9c2c48c0 0.158s
2024-09-22 23:46:15.306 62332 INFO tempest.lib.common.rest_client [req-02f02573-0f89-440d-81c6-18b87748b7f2 req-02f02573-0f89-440d-81c6-18b87748b7f2 ] Request (ImagesOneServerNegativeTestJSON:setUpClass): 200 GET http://10.180.1.21/compute/v2.1/servers/54a154e6-7b2c-4028-9d14-0731c9230ae2 0.159s
2024-09-22 23:46:15.347 62380 INFO tempest.lib.common.rest_client [req-ad51c4c8-01b2-4b0e-a6c6-9ee545f56350 req-ad51c4c8-01b2-4b0e-a6c6-9ee545f56350 ] Request (ImagesOneServerTestJSON:setUpClass): 200 GET http://10.180.1.21/compute/v2.1/servers/b237f0ce-fd4d-49af-b1e2-53969126e1f0 0.138s
2024-09-22 23:46:15.361 62372 INFO tempest.lib.common.rest_client [req-05e0fefe-be4b-495a-97a4-428851b8c7db req-05e0fefe-be4b-495a-97a4-428851b8c7db ] Request (SecurityGroupsTestJSON:test_server_security_groups): 200 GET http://10.180.1.21/compute/v2.1/servers/f7881063-546c-4dc2-8c38-6eeb7627b9cf 0.147s
2024-09-22 23:46:15.399 62328 INFO tempest.lib.common.rest_client [req-facfd1fb-70b0-4e8c-8c73-f08124b729bd req-facfd1fb-70b0-4e8c-8c73-f08124b729bd ] Request (ServersTestJSON:test_create_server_specify_multibyte_character_name): 200 GET http://10.180.1.21/compute/v2.1/servers/adb777b3-028a-4fc9-b07d-8e82d305f3ad 0.128s
2024-09-22 23:46:15.418 62388 INFO tempest.lib.common.rest_client [req-6f66911e-1893-4ed0-b8e5-673d4b102bf6 req-6f66911e-1893-4ed0-b8e5-673d4b102bf6 ] Request (AttachInterfacesUnderV243Test:test_add_remove_fixed_ip): 200 GET http://10.180.1.21/compute/v2.1/servers/6a24980f-d598-4882-b290-32e63d85a63b 0.136s
2024-09-22 23:46:15.471 62330 INFO tempest.lib.common.rest_client [req-41010538-db72-4fb8-9622-28bac7549d7e req-41010538-db72-4fb8-9622-28bac7549d7e ] Request (ServersAdmin275Test:test_rebuild_update_server_275): 200 GET http://10.180.1.21/compute/v2.1/servers/7973db21-a40b-495f-8381-bd28fb211ef3 0.132s
2024-09-22 23:46:15.479 62340 INFO tempest.lib.common.rest_client [req-a21f6f5c-1f75-4b5e-bc00-9bea890b9502 req-a21f6f5c-1f75-4b5e-bc00-9bea890b9502 ] Request (ListServerFiltersTestJSON:setUpClass): 200 GET http://10.180.1.21/compute/v2.1/servers/2b8a4ca7-6572-4389-a002-f2dd01c303d1 0.122s
2024-09-22 23:46:15.527 62386 INFO tempest.lib.common.rest_client [req-802e7ef2-0b08-4bf7-8f41-6d8eb0cf7baa req-802e7ef2-0b08-4bf7-8f41-6d8eb0cf7baa ] Request (InstanceActionsNegativeTestJSON:setUpClass): 200 GET http://10.180.1.21/compute/v2.1/servers/bb5e0489-749f-49ab-b6d1-58876730f077 0.117s
2024-09-22 23:46:15.558 62378 INFO tempest.lib.common.rest_client [req-52468649-ef10-45cc-a001-96b8d70e077e req-52468649-ef10-45cc-a001-96b8d70e077e ] Request (DeleteServersAdminTestJSON:test_delete_server_while_in_error_state): 200 GET http://10.180.1.21/compute/v2.1/servers/01d58e50-dfdd-4e80-b2fe-1ec8035e5a49 0.057s
2024-09-22 23:46:15.564 62378 INFO tempest.common.waiters [-] State transition "BUILD/block_device_mapping" ==> "BUILD/spawning" after 43 second wait
2024-09-22 23:46:15.582 62334 INFO tempest.lib.common.rest_client [req-5e119484-31d7-4142-b157-b19f6d9fe4d4 req-5e119484-31d7-4142-b157-b19f6d9fe4d4 ] Request (ListImageFiltersTestJSON:setUpClass): 200 GET http://10.180.1.21/compute/v2.1/servers/adce9239-b3af-4d58-8386-c2e7ff91bb30 0.048s
2024-09-22 23:46:15.585 62348 INFO tempest.lib.common.rest_client [req-e1a4ddc9-4bb6-41f3-9771-6417d9556012 req-e1a4ddc9-4bb6-41f3-9771-6417d9556012 ] Request (VolumesAssistedSnapshotsTest:tearDownClass): 200 PUT http://10.180.1.21:9696/networking/v2.0/routers/3df61957-19e5-41f9-bd77-346eb94e3278/remove_router_interface 1.095s
2024-09-22 23:46:15.665 62360 INFO tempest.lib.common.rest_client [req-1d8e31c2-287a-4f54-ad4a-64bebf8ee26e req-1d8e31c2-287a-4f54-ad4a-64bebf8ee26e ] Request (ServersAdminNegativeTestJSON:setUpClass): 200 GET http://10.180.1.21/compute/v2.1/servers/a6aea6a7-261a-4dd7-8a61-6f98865794b8 0.057s
2024-09-22 23:46:15.703 62376 INFO tempest.lib.common.rest_client [req-7ce3fb93-1d20-4839-a8c4-de66a6c00806 req-7ce3fb93-1d20-4839-a8c4-de66a6c00806 ] Request (ServersWithSpecificFlavorTestJSON:test_verify_created_server_ephemeral_disk): 200 GET http://10.180.1.21/compute/v2.1/servers/8557eaad-9ccb-4f51-9ace-dafa14eb4dcf 0.059s
2024-09-22 23:46:15.746 62362 INFO tempest.lib.common.rest_client [req-49e44518-9381-46eb-879f-ec37c17abaaf req-49e44518-9381-46eb-879f-ec37c17abaaf ] Request (ServerPasswordTestJSON:setUpClass): 200 GET http://10.180.1.21/compute/v2.1/servers/28dd34fe-4c66-42a4-b670-38c0a8a07267 0.060s
2024-09-22 23:46:15.795 62356 INFO tempest.lib.common.rest_client [req-343590f2-6b17-42f1-87be-0cadc245cca8 req-343590f2-6b17-42f1-87be-0cadc245cca8 ] Request (MigrationsAdminTest:test_list_migrations_in_flavor_resize_situation): 200 GET http://10.180.1.21/compute/v2.1/servers/b09c59fb-c0f7-4fd8-a73e-b21e29b04508 0.050s
2024-09-22 23:46:15.937 62348 INFO tempest.lib.common.rest_client [req-a66bac01-0b21-4fee-9e57-66837912af7d req-a66bac01-0b21-4fee-9e57-66837912af7d ] Request (VolumesAssistedSnapshotsTest:tearDownClass): 204 DELETE http://10.180.1.21:9696/networking/v2.0/routers/3df61957-19e5-41f9-bd77-346eb94e3278 0.351s
2024-09-22 23:46:15.990 62366 INFO tempest.lib.common.rest_client [req-c942fb8b-3c92-43b7-b9a6-a48d547d46f0 req-c942fb8b-3c92-43b7-b9a6-a48d547d46f0 ] Request (FloatingIPsAssociationTestJSON:setUpClass): 200 GET http://10.180.1.21/compute/v2.1/servers/dae477eb-9e5d-48c8-af68-4c9dead81ef2 0.060s
2024-09-22 23:46:15.994 62336 INFO tempest.lib.common.rest_client [req-603f3d5a-2fa6-4a16-8bec-a3fb986ac094 req-603f3d5a-2fa6-4a16-8bec-a3fb986ac094 ] Request (ServersTestBootFromVolume:setUpClass): 200 GET http://10.180.1.21/compute/v2.1/servers/6fe36792-d2c9-44cb-b313-32f213a31a14 0.062s
2024-09-22 23:46:16.051 62354 INFO tempest.lib.common.rest_client [req-0a7958fc-7ea1-4830-81ff-b18a984af171 req-0a7958fc-7ea1-4830-81ff-b18a984af171 ] Request (ServerDiagnosticsV248Test:test_get_server_diagnostics): 200 GET http://10.180.1.21/compute/v2.1/servers/c25ceef7-6491-44a7-a3f9-d2a2e1140eaf 0.059s
2024-09-22 23:46:16.052 62364 INFO tempest.lib.common.rest_client [req-f20d261f-88a2-4f5a-8640-1e1584a8db8c req-f20d261f-88a2-4f5a-8640-1e1584a8db8c ] Request (AttachInterfacesTestJSON:test_create_list_show_delete_interfaces_by_fixed_ip): 200 GET http://10.180.1.21/compute/v2.1/servers/8b0388b2-53f9-480d-b1ce-1015946e381c 0.055s
2024-09-22 23:46:16.080 62348 INFO tempest.lib.common.rest_client [req-dedad383-1b1f-4e29-a6c0-9bb1c5fe43fd req-dedad383-1b1f-4e29-a6c0-9bb1c5fe43fd ] Request (VolumesAssistedSnapshotsTest:tearDownClass): 204 DELETE http://10.180.1.21:9696/networking/v2.0/subnets/fb9f2434-9ff8-4629-9072-922923c22a82 0.142s
2024-09-22 23:46:16.104 62374 INFO tempest.lib.common.rest_client [req-dabb18f7-15c3-431c-b837-fb617fc4d092 req-dabb18f7-15c3-431c-b837-fb617fc4d092 ] Request (ImagesTestJSON:test_create_image_from_stopped_server): 200 GET http://10.180.1.21/compute/v2.1/servers/9e4baa84-b55c-4f05-a73a-15bfdf7bd70b 0.054s
2024-09-22 23:46:16.109 62326 INFO tempest.lib.common.rest_client [req-b9141871-5841-45bb-a3c2-4f5580434d50 req-b9141871-5841-45bb-a3c2-4f5580434d50 ] Request (VolumesAdminNegativeTest:test_update_attached_volume_with_nonexistent_volume_in_uri): 200 GET http://10.180.1.21/compute/v2.1/servers/d85c6c0a-e79b-408b-a57b-5302343db86a 0.070s
2024-09-22 23:46:16.187 62358 INFO tempest.lib.common.rest_client [req-10df1566-e597-490b-88a5-d23962c23b88 req-10df1566-e597-490b-88a5-d23962c23b88 ] Request (ServersTestFqdnHostnames:test_create_server_with_fqdn_name): 200 GET http://10.180.1.21/compute/v2.1/servers/bc84709b-d493-4da0-8ea7-8a94f55e8179 0.061s
2024-09-22 23:46:16.201 62338 INFO tempest.lib.common.rest_client [req-d38a9785-e81f-47d5-b28b-058ba0c3239e req-d38a9785-e81f-47d5-b28b-058ba0c3239e ] Request (ServersTestManualDisk:setUpClass): 200 GET http://10.180.1.21/compute/v2.1/servers/c2a3b322-1fdb-4eb2-a9f1-b896b1c0a6d1 0.077s
2024-09-22 23:46:16.266 62352 INFO tempest.lib.common.rest_client [req-0f315cb8-f5ba-4ddf-82f0-ac402a35e621 req-0f315cb8-f5ba-4ddf-82f0-ac402a35e621 ] Request (FloatingIPsAssociationNegativeTestJSON:setUpClass): 200 GET http://10.180.1.21/compute/v2.1/servers/c4bc5fdf-c733-414a-8189-359f21d2e15e 0.089s
2024-09-22 23:46:16.278 62346 INFO tempest.lib.common.rest_client [req-d4b6b30d-c116-461d-9222-bc222263a756 req-d4b6b30d-c116-461d-9222-bc222263a756 ] Request (ServerMetadataNegativeTestJSON:setUpClass): 200 GET http://10.180.1.21/compute/v2.1/servers/b02e45e8-7684-4683-b13e-0e5ef5b52f67 0.096s
2024-09-22 23:46:16.314 62344 INFO tempest.lib.common.rest_client [req-d95054ba-b960-4977-93d1-2d91a8ca1233 req-d95054ba-b960-4977-93d1-2d91a8ca1233 ] Request (DeleteServersTestJSON:test_delete_active_server): 200 GET http://10.180.1.21/compute/v2.1/servers/2fdbb9d3-016a-4230-a0f6-f11b3a34d726 0.066s
2024-09-22 23:46:16.332 62350 INFO tempest.lib.common.rest_client [req-a14f6750-8f9e-4b96-bea2-85b1ea5bede6 req-a14f6750-8f9e-4b96-bea2-85b1ea5bede6 ] Request (InstanceActionsTestJSON:setUpClass): 200 GET http://10.180.1.21/compute/v2.1/servers/89b7e60d-6669-41f0-937c-0e85a19e9eeb 0.084s
2024-09-22 23:46:16.392 62384 INFO tempest.lib.common.rest_client [req-cbdbbbae-58d3-4680-b817-a4af5be5ffae req-cbdbbbae-58d3-4680-b817-a4af5be5ffae ] Request (MultipleCreateTestJSON:test_multiple_create_with_reservation_return): 200 GET http://10.180.1.21/compute/v2.1/servers/5f816c6a-1996-455b-afb4-acaf9c2c48c0 0.087s
2024-09-22 23:46:16.399 62332 INFO tempest.lib.common.rest_client [req-3e899093-de6b-4da8-a160-92b5c865a105 req-3e899093-de6b-4da8-a160-92b5c865a105 ] Request (ImagesOneServerNegativeTestJSON:setUpClass): 200 GET http://10.180.1.21/compute/v2.1/servers/54a154e6-7b2c-4028-9d14-0731c9230ae2 0.086s
2024-09-22 23:46:16.447 62372 INFO tempest.lib.common.rest_client [req-b3f78b83-8a54-44b0-8dd7-cec33535aed3 req-b3f78b83-8a54-44b0-8dd7-cec33535aed3 ] Request (SecurityGroupsTestJSON:test_server_security_groups): 200 GET http://10.180.1.21/compute/v2.1/servers/f7881063-546c-4dc2-8c38-6eeb7627b9cf 0.079s
2024-09-22 23:46:16.458 62380 INFO tempest.lib.common.rest_client [req-755be61a-fb63-4129-8438-49aefbc9792f req-755be61a-fb63-4129-8438-49aefbc9792f ] Request (ImagesOneServerTestJSON:setUpClass): 200 GET http://10.180.1.21/compute/v2.1/servers/b237f0ce-fd4d-49af-b1e2-53969126e1f0 0.101s
2024-09-22 23:46:16.475 62348 INFO tempest.lib.common.rest_client [req-03da4cf9-e07b-4223-ae81-18514181d52f req-03da4cf9-e07b-4223-ae81-18514181d52f ] Request (VolumesAssistedSnapshotsTest:tearDownClass): 204 DELETE http://10.180.1.21:9696/networking/v2.0/networks/b34c8e4e-f98b-4a79-a3c1-5dc9a9ed2feb 0.395s
2024-09-22 23:46:16.521 62328 INFO tempest.lib.common.rest_client [req-b19aa75b-9011-4c9d-838e-227b2f4ed719 req-b19aa75b-9011-4c9d-838e-227b2f4ed719 ] Request (ServersTestJSON:test_create_server_specify_multibyte_character_name): 200 GET http://10.180.1.21/compute/v2.1/servers/adb777b3-028a-4fc9-b07d-8e82d305f3ad 0.115s
2024-09-22 23:46:16.523 62388 INFO tempest.lib.common.rest_client [req-897613c7-917a-4892-8bad-d607c92f1daa req-897613c7-917a-4892-8bad-d607c92f1daa ] Request (AttachInterfacesUnderV243Test:test_add_remove_fixed_ip): 200 GET http://10.180.1.21/compute/v2.1/servers/6a24980f-d598-4882-b290-32e63d85a63b 0.095s
2024-09-22 23:46:16.596 62330 INFO tempest.lib.common.rest_client [req-64e7e247-c091-4143-bdae-5ce0602cde49 req-64e7e247-c091-4143-bdae-5ce0602cde49 ] Request (ServersAdmin275Test:test_rebuild_update_server_275): 200 GET http://10.180.1.21/compute/v2.1/servers/7973db21-a40b-495f-8381-bd28fb211ef3 0.114s
2024-09-22 23:46:16.596 62340 INFO tempest.lib.common.rest_client [req-1bd50068-c4a9-43bc-a97e-abf0595da5e6 req-1bd50068-c4a9-43bc-a97e-abf0595da5e6 ] Request (ListServerFiltersTestJSON:setUpClass): 200 GET http://10.180.1.21/compute/v2.1/servers/2b8a4ca7-6572-4389-a002-f2dd01c303d1 0.105s
2024-09-22 23:46:16.665 62386 INFO tempest.lib.common.rest_client [req-b128c18e-0a75-40c4-a515-9ca43ae17b96 req-b128c18e-0a75-40c4-a515-9ca43ae17b96 ] Request (InstanceActionsNegativeTestJSON:setUpClass): 200 GET http://10.180.1.21/compute/v2.1/servers/bb5e0489-749f-49ab-b6d1-58876730f077 0.129s
2024-09-22 23:46:16.717 62334 INFO tempest.lib.common.rest_client [req-a909bb57-6007-4611-9ba7-6434474785af req-a909bb57-6007-4611-9ba7-6434474785af ] Request (ListImageFiltersTestJSON:setUpClass): 200 GET http://10.180.1.21/compute/v2.1/servers/adce9239-b3af-4d58-8386-c2e7ff91bb30 0.127s
2024-09-22 23:46:16.836 62378 INFO tempest.lib.common.rest_client [req-cd755c11-1fd0-45b6-b662-ef5d5c81e808 req-cd755c11-1fd0-45b6-b662-ef5d5c81e808 ] Request (DeleteServersAdminTestJSON:test_delete_server_while_in_error_state): 200 GET http://10.180.1.21/compute/v2.1/servers/01d58e50-dfdd-4e80-b2fe-1ec8035e5a49 0.271s
2024-09-22 23:46:16.885 62360 INFO tempest.lib.common.rest_client [req-58128a74-8abb-412d-bb6e-025ae175c3e6 req-58128a74-8abb-412d-bb6e-025ae175c3e6 ] Request (ServersAdminNegativeTestJSON:setUpClass): 200 GET http://10.180.1.21/compute/v2.1/servers/a6aea6a7-261a-4dd7-8a61-6f98865794b8 0.212s
2024-09-22 23:46:16.896 62376 INFO tempest.lib.common.rest_client [req-78c498fb-0534-4fb6-88b4-3351310ec690 req-78c498fb-0534-4fb6-88b4-3351310ec690 ] Request (ServersWithSpecificFlavorTestJSON:test_verify_created_server_ephemeral_disk): 200 GET http://10.180.1.21/compute/v2.1/servers/8557eaad-9ccb-4f51-9ace-dafa14eb4dcf 0.183s
2024-09-22 23:46:16.896 62360 INFO tempest.common.waiters [-] State transition "BUILD/None" ==> "BUILD/block_device_mapping" after 41 second wait
2024-09-22 23:46:16.961 62356 INFO tempest.lib.common.rest_client [req-26a9892b-196d-451f-adae-0c451134901b req-26a9892b-196d-451f-adae-0c451134901b ] Request (MigrationsAdminTest:test_list_migrations_in_flavor_resize_situation): 200 GET http://10.180.1.21/compute/v2.1/servers/b09c59fb-c0f7-4fd8-a73e-b21e29b04508 0.158s
2024-09-22 23:46:16.962 62362 INFO tempest.lib.common.rest_client [req-921a5f91-151f-4349-8cf4-446722dc9d90 req-921a5f91-151f-4349-8cf4-446722dc9d90 ] Request (ServerPasswordTestJSON:setUpClass): 200 GET http://10.180.1.21/compute/v2.1/servers/28dd34fe-4c66-42a4-b670-38c0a8a07267 0.209s
2024-09-22 23:46:17.071 62366 INFO tempest.lib.common.rest_client [req-18aaaa61-6313-4292-9206-dc58bfd720e7 req-18aaaa61-6313-4292-9206-dc58bfd720e7 ] Request (FloatingIPsAssociationTestJSON:setUpClass): 200 GET http://10.180.1.21/compute/v2.1/servers/dae477eb-9e5d-48c8-af68-4c9dead81ef2 0.066s
2024-09-22 23:46:17.072 62336 INFO tempest.lib.common.rest_client [req-9eb38c6b-d9a3-415c-afda-cd2078c9a375 req-9eb38c6b-d9a3-415c-afda-cd2078c9a375 ] Request (ServersTestBootFromVolume:setUpClass): 200 GET http://10.180.1.21/compute/v2.1/servers/6fe36792-d2c9-44cb-b313-32f213a31a14 0.066s
2024-09-22 23:46:17.126 62364 INFO tempest.lib.common.rest_client [req-ade4ca4f-a731-444d-acf4-8bf27b77f230 req-ade4ca4f-a731-444d-acf4-8bf27b77f230 ] Request (AttachInterfacesTestJSON:test_create_list_show_delete_interfaces_by_fixed_ip): 200 GET http://10.180.1.21/compute/v2.1/servers/8b0388b2-53f9-480d-b1ce-1015946e381c 0.067s
2024-09-22 23:46:17.135 62354 INFO tempest.lib.common.rest_client [req-3f651d66-a383-48ed-b00c-78479116b018 req-3f651d66-a383-48ed-b00c-78479116b018 ] Request (ServerDiagnosticsV248Test:test_get_server_diagnostics): 200 GET http://10.180.1.21/compute/v2.1/servers/c25ceef7-6491-44a7-a3f9-d2a2e1140eaf 0.075s
2024-09-22 23:46:17.199 62374 INFO tempest.lib.common.rest_client [req-f78585cb-f3c6-4933-b91c-442e9bb04f32 req-f78585cb-f3c6-4933-b91c-442e9bb04f32 ] Request (ImagesTestJSON:test_create_image_from_stopped_server): 200 GET http://10.180.1.21/compute/v2.1/servers/9e4baa84-b55c-4f05-a73a-15bfdf7bd70b 0.087s
2024-09-22 23:46:17.199 62326 INFO tempest.lib.common.rest_client [req-dea2304d-9614-4010-8b73-4543a84768ff req-dea2304d-9614-4010-8b73-4543a84768ff ] Request (VolumesAdminNegativeTest:test_update_attached_volume_with_nonexistent_volume_in_uri): 200 GET http://10.180.1.21/compute/v2.1/servers/d85c6c0a-e79b-408b-a57b-5302343db86a 0.083s
2024-09-22 23:46:17.274 62358 INFO tempest.lib.common.rest_client [req-ddfcd11b-c728-4623-a5d4-ce805ee424a1 req-ddfcd11b-c728-4623-a5d4-ce805ee424a1 ] Request (ServersTestFqdnHostnames:test_create_server_with_fqdn_name): 200 GET http://10.180.1.21/compute/v2.1/servers/bc84709b-d493-4da0-8ea7-8a94f55e8179 0.076s
2024-09-22 23:46:17.275 62338 INFO tempest.lib.common.rest_client [req-031bdb6f-185d-4009-a814-0fee59e40677 req-031bdb6f-185d-4009-a814-0fee59e40677 ] Request (ServersTestManualDisk:setUpClass): 200 GET http://10.180.1.21/compute/v2.1/servers/c2a3b322-1fdb-4eb2-a9f1-b896b1c0a6d1 0.066s
2024-09-22 23:46:17.330 62352 INFO tempest.lib.common.rest_client [req-385cc676-69ce-44fb-82a2-39261e2aba07 req-385cc676-69ce-44fb-82a2-39261e2aba07 ] Request (FloatingIPsAssociationNegativeTestJSON:setUpClass): 200 GET http://10.180.1.21/compute/v2.1/servers/c4bc5fdf-c733-414a-8189-359f21d2e15e 0.057s
2024-09-22 23:46:17.337 62346 INFO tempest.lib.common.rest_client [req-a857a61e-2439-4629-9613-103d0c82cc2e req-a857a61e-2439-4629-9613-103d0c82cc2e ] Request (ServerMetadataNegativeTestJSON:setUpClass): 200 GET http://10.180.1.21/compute/v2.1/servers/b02e45e8-7684-4683-b13e-0e5ef5b52f67 0.051s
2024-09-22 23:46:17.379 62344 INFO tempest.lib.common.rest_client [req-180516f4-f914-4c4a-bb72-0e4eb0f55064 req-180516f4-f914-4c4a-bb72-0e4eb0f55064 ] Request (DeleteServersTestJSON:test_delete_active_server): 200 GET http://10.180.1.21/compute/v2.1/servers/2fdbb9d3-016a-4230-a0f6-f11b3a34d726 0.054s
2024-09-22 23:46:17.392 62350 INFO tempest.lib.common.rest_client [req-ef840d2c-b80e-4cd8-8ad2-cd1da598fd2b req-ef840d2c-b80e-4cd8-8ad2-cd1da598fd2b ] Request (InstanceActionsTestJSON:setUpClass): 200 GET http://10.180.1.21/compute/v2.1/servers/89b7e60d-6669-41f0-937c-0e85a19e9eeb 0.053s
2024-09-22 23:46:17.459 62384 INFO tempest.lib.common.rest_client [req-8592fdb1-f51d-4338-8979-62bd8c33cdd6 req-8592fdb1-f51d-4338-8979-62bd8c33cdd6 ] Request (MultipleCreateTestJSON:test_multiple_create_with_reservation_return): 200 GET http://10.180.1.21/compute/v2.1/servers/5f816c6a-1996-455b-afb4-acaf9c2c48c0 0.055s
2024-09-22 23:46:17.463 62348 INFO tempest.lib.common.rest_client [req-f137ba9f-0804-49ba-abcb-0c51eeddbaa8 req-f137ba9f-0804-49ba-abcb-0c51eeddbaa8 ] Request (VolumesAssistedSnapshotsTest:tearDownClass): 200 PUT http://10.180.1.21:9696/networking/v2.0/routers/6af1af7d-5736-4395-8a07-7996be8e9bf0/remove_router_interface 0.987s
2024-09-22 23:46:17.468 62332 INFO tempest.lib.common.rest_client [req-57b2917e-803d-4c18-8d16-9d585bd77a9b req-57b2917e-803d-4c18-8d16-9d585bd77a9b ] Request (ImagesOneServerNegativeTestJSON:setUpClass): 200 GET http://10.180.1.21/compute/v2.1/servers/54a154e6-7b2c-4028-9d14-0731c9230ae2 0.060s
2024-09-22 23:46:17.514 62372 INFO tempest.lib.common.rest_client [req-2e866d8d-2e46-4e29-ac01-ed5a3d9a55f6 req-2e866d8d-2e46-4e29-ac01-ed5a3d9a55f6 ] Request (SecurityGroupsTestJSON:test_server_security_groups): 200 GET http://10.180.1.21/compute/v2.1/servers/f7881063-546c-4dc2-8c38-6eeb7627b9cf 0.050s
2024-09-22 23:46:17.524 62380 INFO tempest.lib.common.rest_client [req-1aed0ed1-8372-499b-8fb5-1f2184516c2e req-1aed0ed1-8372-499b-8fb5-1f2184516c2e ] Request (ImagesOneServerTestJSON:setUpClass): 200 GET http://10.180.1.21/compute/v2.1/servers/b237f0ce-fd4d-49af-b1e2-53969126e1f0 0.055s
2024-09-22 23:46:17.580 62328 INFO tempest.lib.common.rest_client [req-ac496973-8f88-4d6c-8c16-26af263f1913 req-ac496973-8f88-4d6c-8c16-26af263f1913 ] Request (ServersTestJSON:test_create_server_specify_multibyte_character_name): 200 GET http://10.180.1.21/compute/v2.1/servers/adb777b3-028a-4fc9-b07d-8e82d305f3ad 0.052s
2024-09-22 23:46:17.586 62388 INFO tempest.lib.common.rest_client [req-16480806-89a8-411e-b264-104bb260beb2 req-16480806-89a8-411e-b264-104bb260beb2 ] Request (AttachInterfacesUnderV243Test:test_add_remove_fixed_ip): 200 GET http://10.180.1.21/compute/v2.1/servers/6a24980f-d598-4882-b290-32e63d85a63b 0.054s
2024-09-22 23:46:17.656 62340 INFO tempest.lib.common.rest_client [req-d636a223-dbe3-4550-9c2e-4621634bdac3 req-d636a223-dbe3-4550-9c2e-4621634bdac3 ] Request (ListServerFiltersTestJSON:setUpClass): 200 GET http://10.180.1.21/compute/v2.1/servers/2b8a4ca7-6572-4389-a002-f2dd01c303d1 0.051s
2024-09-22 23:46:17.667 62330 INFO tempest.lib.common.rest_client [req-ed469349-d521-4407-a76e-3d6b0c65c919 req-ed469349-d521-4407-a76e-3d6b0c65c919 ] Request (ServersAdmin275Test:test_rebuild_update_server_275): 200 GET http://10.180.1.21/compute/v2.1/servers/7973db21-a40b-495f-8381-bd28fb211ef3 0.058s
2024-09-22 23:46:17.731 62386 INFO tempest.lib.common.rest_client [req-b65f69a8-fd4a-4cf3-aa67-e566f88b8c4c req-b65f69a8-fd4a-4cf3-aa67-e566f88b8c4c ] Request (InstanceActionsNegativeTestJSON:setUpClass): 200 GET http://10.180.1.21/compute/v2.1/servers/bb5e0489-749f-49ab-b6d1-58876730f077 0.058s
2024-09-22 23:46:17.777 62334 INFO tempest.lib.common.rest_client [req-7bf25ed5-0b0d-402f-95e3-5dd918ad6cc1 req-7bf25ed5-0b0d-402f-95e3-5dd918ad6cc1 ] Request (ListImageFiltersTestJSON:setUpClass): 200 GET http://10.180.1.21/compute/v2.1/servers/adce9239-b3af-4d58-8386-c2e7ff91bb30 0.053s
2024-09-22 23:46:17.840 62348 INFO tempest.lib.common.rest_client [req-42ee2a89-b527-4ea3-b1f4-9020df84695e req-42ee2a89-b527-4ea3-b1f4-9020df84695e ] Request (VolumesAssistedSnapshotsTest:tearDownClass): 204 DELETE http://10.180.1.21:9696/networking/v2.0/routers/6af1af7d-5736-4395-8a07-7996be8e9bf0 0.377s
2024-09-22 23:46:18.054 62378 INFO tempest.lib.common.rest_client [req-097fac03-0bf2-43d2-8058-bf4393a8d9be req-097fac03-0bf2-43d2-8058-bf4393a8d9be ] Request (DeleteServersAdminTestJSON:test_delete_server_while_in_error_state): 200 GET http://10.180.1.21/compute/v2.1/servers/01d58e50-dfdd-4e80-b2fe-1ec8035e5a49 0.210s
2024-09-22 23:46:18.054 62360 INFO tempest.lib.common.rest_client [req-2945b435-4443-4c5d-9711-e91aeca21d03 req-2945b435-4443-4c5d-9711-e91aeca21d03 ] Request (ServersAdminNegativeTestJSON:setUpClass): 200 GET http://10.180.1.21/compute/v2.1/servers/a6aea6a7-261a-4dd7-8a61-6f98865794b8 0.157s
2024-09-22 23:46:18.063 62360 INFO tempest.common.waiters [-] State transition "BUILD/block_device_mapping" ==> "BUILD/spawning" after 43 second wait
2024-09-22 23:46:18.118 62376 INFO tempest.lib.common.rest_client [req-f50e9c50-7d80-4f3f-88f0-cd4aa35d6695 req-f50e9c50-7d80-4f3f-88f0-cd4aa35d6695 ] Request (ServersWithSpecificFlavorTestJSON:test_verify_created_server_ephemeral_disk): 200 GET http://10.180.1.21/compute/v2.1/servers/8557eaad-9ccb-4f51-9ace-dafa14eb4dcf 0.213s
2024-09-22 23:46:18.117 62356 INFO tempest.lib.common.rest_client [req-9970f178-74c8-46d3-8bea-5765ce076cd3 req-9970f178-74c8-46d3-8bea-5765ce076cd3 ] Request (MigrationsAdminTest:test_list_migrations_in_flavor_resize_situation): 200 GET http://10.180.1.21/compute/v2.1/servers/b09c59fb-c0f7-4fd8-a73e-b21e29b04508 0.148s
2024-09-22 23:46:18.158 62348 INFO tempest.lib.common.rest_client [req-29abb9af-955a-4013-9343-595f51dd8ded req-29abb9af-955a-4013-9343-595f51dd8ded ] Request (VolumesAssistedSnapshotsTest:tearDownClass): 204 DELETE http://10.180.1.21:9696/networking/v2.0/subnets/ff42aba6-502b-425c-954f-987066fdc07b 0.317s
2024-09-22 23:46:18.171 62362 INFO tempest.lib.common.rest_client [req-78bf27bc-cea5-425d-a129-ea831988e2bb req-78bf27bc-cea5-425d-a129-ea831988e2bb ] Request (ServerPasswordTestJSON:setUpClass): 200 GET http://10.180.1.21/compute/v2.1/servers/28dd34fe-4c66-42a4-b670-38c0a8a07267 0.195s
2024-09-22 23:46:18.176 62336 INFO tempest.lib.common.rest_client [req-f36b6cea-95f8-4475-9f69-8adea3effc15 req-f36b6cea-95f8-4475-9f69-8adea3effc15 ] Request (ServersTestBootFromVolume:setUpClass): 200 GET http://10.180.1.21/compute/v2.1/servers/6fe36792-d2c9-44cb-b313-32f213a31a14 0.097s
2024-09-22 23:46:18.230 62366 INFO tempest.lib.common.rest_client [req-170cc37c-0ac2-42e5-bd12-1d4a7344e050 req-170cc37c-0ac2-42e5-bd12-1d4a7344e050 ] Request (FloatingIPsAssociationTestJSON:setUpClass): 200 GET http://10.180.1.21/compute/v2.1/servers/dae477eb-9e5d-48c8-af68-4c9dead81ef2 0.151s
2024-09-22 23:46:18.239 62364 INFO tempest.lib.common.rest_client [req-e2cc7ca0-4c44-4c46-9af8-3ba8dd45fdfb req-e2cc7ca0-4c44-4c46-9af8-3ba8dd45fdfb ] Request (AttachInterfacesTestJSON:test_create_list_show_delete_interfaces_by_fixed_ip): 200 GET http://10.180.1.21/compute/v2.1/servers/8b0388b2-53f9-480d-b1ce-1015946e381c 0.105s
2024-09-22 23:46:18.298 62354 INFO tempest.lib.common.rest_client [req-7a73b2d5-db70-4cb9-a6ec-7ceecff0537e req-7a73b2d5-db70-4cb9-a6ec-7ceecff0537e ] Request (ServerDiagnosticsV248Test:test_get_server_diagnostics): 200 GET http://10.180.1.21/compute/v2.1/servers/c25ceef7-6491-44a7-a3f9-d2a2e1140eaf 0.153s
2024-09-22 23:46:18.309 62374 INFO tempest.lib.common.rest_client [req-244e390b-be3e-4129-8480-6a8d362b2928 req-244e390b-be3e-4129-8480-6a8d362b2928 ] Request (ImagesTestJSON:test_create_image_from_stopped_server): 200 GET http://10.180.1.21/compute/v2.1/servers/9e4baa84-b55c-4f05-a73a-15bfdf7bd70b 0.101s
2024-09-22 23:46:18.347 62326 INFO tempest.lib.common.rest_client [req-45263102-c72d-43c4-a090-e9902b85bcbc req-45263102-c72d-43c4-a090-e9902b85bcbc ] Request (VolumesAdminNegativeTest:test_update_attached_volume_with_nonexistent_volume_in_uri): 200 GET http://10.180.1.21/compute/v2.1/servers/d85c6c0a-e79b-408b-a57b-5302343db86a 0.138s
2024-09-22 23:46:18.362 62338 INFO tempest.lib.common.rest_client [req-722f3104-8521-4f6d-8b97-21f950e91aa5 req-722f3104-8521-4f6d-8b97-21f950e91aa5 ] Request (ServersTestManualDisk:setUpClass): 200 GET http://10.180.1.21/compute/v2.1/servers/c2a3b322-1fdb-4eb2-a9f1-b896b1c0a6d1 0.076s
2024-09-22 23:46:18.401 62358 INFO tempest.lib.common.rest_client [req-8af1b113-18f8-463c-8c3c-055f87c21aac req-8af1b113-18f8-463c-8c3c-055f87c21aac ] Request (ServersTestFqdnHostnames:test_create_server_with_fqdn_name): 200 GET http://10.180.1.21/compute/v2.1/servers/bc84709b-d493-4da0-8ea7-8a94f55e8179 0.114s
2024-09-22 23:46:18.416 62352 INFO tempest.lib.common.rest_client [req-f1d826db-81b7-447f-8984-ec93b9a1917f req-f1d826db-81b7-447f-8984-ec93b9a1917f ] Request (FloatingIPsAssociationNegativeTestJSON:setUpClass): 200 GET http://10.180.1.21/compute/v2.1/servers/c4bc5fdf-c733-414a-8189-359f21d2e15e 0.078s
2024-09-22 23:46:18.455 62348 INFO tempest.lib.common.rest_client [req-233f15dd-87b0-40f1-a6aa-4e676873895d req-233f15dd-87b0-40f1-a6aa-4e676873895d ] Request (VolumesAssistedSnapshotsTest:tearDownClass): 204 DELETE http://10.180.1.21:9696/networking/v2.0/networks/52c9f26d-9c5b-4831-a746-bf3bc8aa62c1 0.296s
2024-09-22 23:46:18.460 62346 INFO tempest.lib.common.rest_client [req-a1cf7ef1-3255-4e58-833e-23f07e9a600b req-a1cf7ef1-3255-4e58-833e-23f07e9a600b ] Request (ServerMetadataNegativeTestJSON:setUpClass): 200 GET http://10.180.1.21/compute/v2.1/servers/b02e45e8-7684-4683-b13e-0e5ef5b52f67 0.116s
2024-09-22 23:46:18.482 62344 INFO tempest.lib.common.rest_client [req-4b433209-3212-46d7-9951-d4438e2d4bb1 req-4b433209-3212-46d7-9951-d4438e2d4bb1 ] Request (DeleteServersTestJSON:test_delete_active_server): 200 GET http://10.180.1.21/compute/v2.1/servers/2fdbb9d3-016a-4230-a0f6-f11b3a34d726 0.096s
2024-09-22 23:46:18.516 62350 INFO tempest.lib.common.rest_client [req-794a82af-b6f8-43c8-b4ff-52ad11a751f0 req-794a82af-b6f8-43c8-b4ff-52ad11a751f0 ] Request (InstanceActionsTestJSON:setUpClass): 200 GET http://10.180.1.21/compute/v2.1/servers/89b7e60d-6669-41f0-937c-0e85a19e9eeb 0.116s
2024-09-22 23:46:18.533 62384 INFO tempest.lib.common.rest_client [req-25f5c97b-4cc1-4843-94c6-1dd5bf27339b req-25f5c97b-4cc1-4843-94c6-1dd5bf27339b ] Request (MultipleCreateTestJSON:test_multiple_create_with_reservation_return): 200 GET http://10.180.1.21/compute/v2.1/servers/5f816c6a-1996-455b-afb4-acaf9c2c48c0 0.066s
2024-09-22 23:46:18.573 62332 INFO tempest.lib.common.rest_client [req-5aafbcde-a1ab-40de-b8a6-a3bcc29b9c0c req-5aafbcde-a1ab-40de-b8a6-a3bcc29b9c0c ] Request (ImagesOneServerNegativeTestJSON:setUpClass): 200 GET http://10.180.1.21/compute/v2.1/servers/54a154e6-7b2c-4028-9d14-0731c9230ae2 0.098s
2024-09-22 23:46:18.587 62372 INFO tempest.lib.common.rest_client [req-cd91d224-3285-4618-9974-a5c10b1c62e4 req-cd91d224-3285-4618-9974-a5c10b1c62e4 ] Request (SecurityGroupsTestJSON:test_server_security_groups): 200 GET http://10.180.1.21/compute/v2.1/servers/f7881063-546c-4dc2-8c38-6eeb7627b9cf 0.064s
2024-09-22 23:46:18.621 62380 INFO tempest.lib.common.rest_client [req-84e62b68-95d0-4c35-9abd-6ea628e72646 req-84e62b68-95d0-4c35-9abd-6ea628e72646 ] Request (ImagesOneServerTestJSON:setUpClass): 200 GET http://10.180.1.21/compute/v2.1/servers/b237f0ce-fd4d-49af-b1e2-53969126e1f0 0.090s
2024-09-22 23:46:18.641 62328 INFO tempest.lib.common.rest_client [req-9f676654-ea51-4149-ae4b-cf3b6dd4ee1e req-9f676654-ea51-4149-ae4b-cf3b6dd4ee1e ] Request (ServersTestJSON:test_create_server_specify_multibyte_character_name): 200 GET http://10.180.1.21/compute/v2.1/servers/adb777b3-028a-4fc9-b07d-8e82d305f3ad 0.053s
2024-09-22 23:46:18.666 62388 INFO tempest.lib.common.rest_client [req-6ee42383-6013-4659-884d-210a3f71f376 req-6ee42383-6013-4659-884d-210a3f71f376 ] Request (AttachInterfacesUnderV243Test:test_add_remove_fixed_ip): 200 GET http://10.180.1.21/compute/v2.1/servers/6a24980f-d598-4882-b290-32e63d85a63b 0.072s
2024-09-22 23:46:18.723 62340 INFO tempest.lib.common.rest_client [req-3c6167e5-b025-4ada-b1a2-c120f5f00e15 req-3c6167e5-b025-4ada-b1a2-c120f5f00e15 ] Request (ListServerFiltersTestJSON:setUpClass): 200 GET http://10.180.1.21/compute/v2.1/servers/2b8a4ca7-6572-4389-a002-f2dd01c303d1 0.060s
2024-09-22 23:46:18.741 62330 INFO tempest.lib.common.rest_client [req-23d24c95-c226-4c6a-bd60-3de581c164d4 req-23d24c95-c226-4c6a-bd60-3de581c164d4 ] Request (ServersAdmin275Test:test_rebuild_update_server_275): 200 GET http://10.180.1.21/compute/v2.1/servers/7973db21-a40b-495f-8381-bd28fb211ef3 0.065s
2024-09-22 23:46:18.786 62386 INFO tempest.lib.common.rest_client [req-bcd36b78-843d-41b8-aa71-d39b4068b755 req-bcd36b78-843d-41b8-aa71-d39b4068b755 ] Request (InstanceActionsNegativeTestJSON:setUpClass): 200 GET http://10.180.1.21/compute/v2.1/servers/bb5e0489-749f-49ab-b6d1-58876730f077 0.049s
2024-09-22 23:46:18.840 62334 INFO tempest.lib.common.rest_client [req-325b46da-0d7f-4782-b5c9-d8e478dd5bbf req-325b46da-0d7f-4782-b5c9-d8e478dd5bbf ] Request (ListImageFiltersTestJSON:setUpClass): 200 GET http://10.180.1.21/compute/v2.1/servers/adce9239-b3af-4d58-8386-c2e7ff91bb30 0.051s
2024-09-22 23:46:19.121 62378 INFO tempest.lib.common.rest_client [req-facc765f-8f8d-4bdd-836d-f77b38c3a204 req-facc765f-8f8d-4bdd-836d-f77b38c3a204 ] Request (DeleteServersAdminTestJSON:test_delete_server_while_in_error_state): 200 GET http://10.180.1.21/compute/v2.1/servers/01d58e50-dfdd-4e80-b2fe-1ec8035e5a49 0.059s
2024-09-22 23:46:19.124 62360 INFO tempest.lib.common.rest_client [req-6c1ed3f2-b8c0-49fb-bfbf-62b229adf928 req-6c1ed3f2-b8c0-49fb-bfbf-62b229adf928 ] Request (ServersAdminNegativeTestJSON:setUpClass): 200 GET http://10.180.1.21/compute/v2.1/servers/a6aea6a7-261a-4dd7-8a61-6f98865794b8 0.059s
2024-09-22 23:46:19.182 62356 INFO tempest.lib.common.rest_client [req-95b8b223-38ee-4c29-a077-eabfec3fd170 req-95b8b223-38ee-4c29-a077-eabfec3fd170 ] Request (MigrationsAdminTest:test_list_migrations_in_flavor_resize_situation): 200 GET http://10.180.1.21/compute/v2.1/servers/b09c59fb-c0f7-4fd8-a73e-b21e29b04508 0.055s
2024-09-22 23:46:19.189 62376 INFO tempest.lib.common.rest_client [req-cd7391ad-4c13-4e96-a4ac-9b7cd7888834 req-cd7391ad-4c13-4e96-a4ac-9b7cd7888834 ] Request (ServersWithSpecificFlavorTestJSON:test_verify_created_server_ephemeral_disk): 200 GET http://10.180.1.21/compute/v2.1/servers/8557eaad-9ccb-4f51-9ace-dafa14eb4dcf 0.062s
2024-09-22 23:46:19.206 62348 INFO tempest.lib.common.rest_client [req-ece0e622-a786-4727-8094-945a6f89e434 req-ece0e622-a786-4727-8094-945a6f89e434 ] Request (VolumesAssistedSnapshotsTest:tearDownClass): 200 PUT http://10.180.1.21:9696/networking/v2.0/routers/1806a42a-7de7-43fb-8988-46f4fc8da831/remove_router_interface 0.751s
2024-09-22 23:46:19.230 62362 INFO tempest.lib.common.rest_client [req-41c3bbb1-8c86-48f6-b917-27b90f2b09c5 req-41c3bbb1-8c86-48f6-b917-27b90f2b09c5 ] Request (ServerPasswordTestJSON:setUpClass): 200 GET http://10.180.1.21/compute/v2.1/servers/28dd34fe-4c66-42a4-b670-38c0a8a07267 0.052s
2024-09-22 23:46:19.238 62336 INFO tempest.lib.common.rest_client [req-9cf93d85-7970-41bd-8ead-4602405310fc req-9cf93d85-7970-41bd-8ead-4602405310fc ] Request (ServersTestBootFromVolume:setUpClass): 200 GET http://10.180.1.21/compute/v2.1/servers/6fe36792-d2c9-44cb-b313-32f213a31a14 0.054s
2024-09-22 23:46:19.299 62364 INFO tempest.lib.common.rest_client [req-598bd0cc-f066-4732-8d2a-778303d1c662 req-598bd0cc-f066-4732-8d2a-778303d1c662 ] Request (AttachInterfacesTestJSON:test_create_list_show_delete_interfaces_by_fixed_ip): 200 GET http://10.180.1.21/compute/v2.1/servers/8b0388b2-53f9-480d-b1ce-1015946e381c 0.051s
2024-09-22 23:46:19.300 62366 INFO tempest.lib.common.rest_client [req-67e5a419-4764-4369-bdfa-51f403b32c47 req-67e5a419-4764-4369-bdfa-51f403b32c47 ] Request (FloatingIPsAssociationTestJSON:setUpClass): 200 GET http://10.180.1.21/compute/v2.1/servers/dae477eb-9e5d-48c8-af68-4c9dead81ef2 0.063s
2024-09-22 23:46:19.387 62354 INFO tempest.lib.common.rest_client [req-8bc099e0-8737-4837-a65f-882b5c4be0f0 req-8bc099e0-8737-4837-a65f-882b5c4be0f0 ] Request (ServerDiagnosticsV248Test:test_get_server_diagnostics): 200 GET http://10.180.1.21/compute/v2.1/servers/c25ceef7-6491-44a7-a3f9-d2a2e1140eaf 0.076s
2024-09-22 23:46:19.389 62374 INFO tempest.lib.common.rest_client [req-fb3ce765-6a21-4277-a441-54a52d93f06e req-fb3ce765-6a21-4277-a441-54a52d93f06e ] Request (ImagesTestJSON:test_create_image_from_stopped_server): 200 GET http://10.180.1.21/compute/v2.1/servers/9e4baa84-b55c-4f05-a73a-15bfdf7bd70b 0.073s
2024-09-22 23:46:19.438 62338 INFO tempest.lib.common.rest_client [req-e713daf4-2420-4638-9ee7-0ba0bd3663c3 req-e713daf4-2420-4638-9ee7-0ba0bd3663c3 ] Request (ServersTestManualDisk:setUpClass): 200 GET http://10.180.1.21/compute/v2.1/servers/c2a3b322-1fdb-4eb2-a9f1-b896b1c0a6d1 0.069s
2024-09-22 23:46:19.446 62326 INFO tempest.lib.common.rest_client [req-9cd2ffe0-a3f2-49a6-94ab-075241aca44d req-9cd2ffe0-a3f2-49a6-94ab-075241aca44d ] Request (VolumesAdminNegativeTest:test_update_attached_volume_with_nonexistent_volume_in_uri): 200 GET http://10.180.1.21/compute/v2.1/servers/d85c6c0a-e79b-408b-a57b-5302343db86a 0.092s
2024-09-22 23:46:19.497 62358 INFO tempest.lib.common.rest_client [req-e447b268-5e6f-4272-a4bb-1c65a22721ac req-e447b268-5e6f-4272-a4bb-1c65a22721ac ] Request (ServersTestFqdnHostnames:test_create_server_with_fqdn_name): 200 GET http://10.180.1.21/compute/v2.1/servers/bc84709b-d493-4da0-8ea7-8a94f55e8179 0.088s
2024-09-22 23:46:19.498 62352 INFO tempest.lib.common.rest_client [req-6dd08861-23f7-4ed2-81ed-e34902994661 req-6dd08861-23f7-4ed2-81ed-e34902994661 ] Request (FloatingIPsAssociationNegativeTestJSON:setUpClass): 200 GET http://10.180.1.21/compute/v2.1/servers/c4bc5fdf-c733-414a-8189-359f21d2e15e 0.074s
2024-09-22 23:46:19.545 62346 INFO tempest.lib.common.rest_client [req-44f46356-9179-4a76-b2fd-e31ac1830c9f req-44f46356-9179-4a76-b2fd-e31ac1830c9f ] Request (ServerMetadataNegativeTestJSON:setUpClass): 200 GET http://10.180.1.21/compute/v2.1/servers/b02e45e8-7684-4683-b13e-0e5ef5b52f67 0.078s
2024-09-22 23:46:19.552 62344 INFO tempest.lib.common.rest_client [req-6a6c92f7-f5a1-4da9-bd93-411cc04b9e39 req-6a6c92f7-f5a1-4da9-bd93-411cc04b9e39 ] Request (DeleteServersTestJSON:test_delete_active_server): 200 GET http://10.180.1.21/compute/v2.1/servers/2fdbb9d3-016a-4230-a0f6-f11b3a34d726 0.063s
2024-09-22 23:46:19.588 62350 INFO tempest.lib.common.rest_client [req-ccd60409-1c93-4022-805a-0982b613887c req-ccd60409-1c93-4022-805a-0982b613887c ] Request (InstanceActionsTestJSON:setUpClass): 200 GET http://10.180.1.21/compute/v2.1/servers/89b7e60d-6669-41f0-937c-0e85a19e9eeb 0.064s
2024-09-22 23:46:19.602 62384 INFO tempest.lib.common.rest_client [req-fadb19bd-7000-408f-93d9-6bc01dbeaed7 req-fadb19bd-7000-408f-93d9-6bc01dbeaed7 ] Request (MultipleCreateTestJSON:test_multiple_create_with_reservation_return): 200 GET http://10.180.1.21/compute/v2.1/servers/5f816c6a-1996-455b-afb4-acaf9c2c48c0 0.063s
2024-09-22 23:46:19.630 62332 INFO tempest.lib.common.rest_client [req-d2639780-80b4-40de-aee4-3d675462fff6 req-d2639780-80b4-40de-aee4-3d675462fff6 ] Request (ImagesOneServerNegativeTestJSON:setUpClass): 200 GET http://10.180.1.21/compute/v2.1/servers/54a154e6-7b2c-4028-9d14-0731c9230ae2 0.048s
2024-09-22 23:46:19.643 62372 INFO tempest.lib.common.rest_client [req-adff0f92-dabf-45f5-a17e-fbb119c902b8 req-adff0f92-dabf-45f5-a17e-fbb119c902b8 ] Request (SecurityGroupsTestJSON:test_server_security_groups): 200 GET http://10.180.1.21/compute/v2.1/servers/f7881063-546c-4dc2-8c38-6eeb7627b9cf 0.049s
2024-09-22 23:46:19.675 62380 INFO tempest.lib.common.rest_client [req-72faa509-a864-433e-a381-b28fcf796a93 req-72faa509-a864-433e-a381-b28fcf796a93 ] Request (ImagesOneServerTestJSON:setUpClass): 200 GET http://10.180.1.21/compute/v2.1/servers/b237f0ce-fd4d-49af-b1e2-53969126e1f0 0.046s
2024-09-22 23:46:19.687 62348 INFO tempest.lib.common.rest_client [req-bd55a989-ee02-4579-8233-30af75c630e5 req-bd55a989-ee02-4579-8233-30af75c630e5 ] Request (VolumesAssistedSnapshotsTest:tearDownClass): 204 DELETE http://10.180.1.21:9696/networking/v2.0/routers/1806a42a-7de7-43fb-8988-46f4fc8da831 0.480s
2024-09-22 23:46:19.692 62328 INFO tempest.lib.common.rest_client [req-326b3cef-f84c-437d-b5d2-5fb0fae74a31 req-326b3cef-f84c-437d-b5d2-5fb0fae74a31 ] Request (ServersTestJSON:test_create_server_specify_multibyte_character_name): 200 GET http://10.180.1.21/compute/v2.1/servers/adb777b3-028a-4fc9-b07d-8e82d305f3ad 0.042s
2024-09-22 23:46:19.721 62388 INFO tempest.lib.common.rest_client [req-11ca8278-072f-40e4-98dd-f5281f5093fa req-11ca8278-072f-40e4-98dd-f5281f5093fa ] Request (AttachInterfacesUnderV243Test:test_add_remove_fixed_ip): 200 GET http://10.180.1.21/compute/v2.1/servers/6a24980f-d598-4882-b290-32e63d85a63b 0.046s
2024-09-22 23:46:19.784 62340 INFO tempest.lib.common.rest_client [req-6e841fdf-1e8a-4183-9ef9-b84466aa5ccf req-6e841fdf-1e8a-4183-9ef9-b84466aa5ccf ] Request (ListServerFiltersTestJSON:setUpClass): 200 GET http://10.180.1.21/compute/v2.1/servers/2b8a4ca7-6572-4389-a002-f2dd01c303d1 0.054s
2024-09-22 23:46:19.801 62348 INFO tempest.lib.common.rest_client [req-6c0d2ae3-4dc8-42b5-a096-425dc9a9ee71 req-6c0d2ae3-4dc8-42b5-a096-425dc9a9ee71 ] Request (VolumesAssistedSnapshotsTest:tearDownClass): 204 DELETE http://10.180.1.21:9696/networking/v2.0/subnets/ff0ed702-2f05-489c-b477-62fe546b602e 0.114s
2024-09-22 23:46:19.829 62330 INFO tempest.lib.common.rest_client [req-ec3e78f0-03cd-4c90-9555-feead177d06c req-ec3e78f0-03cd-4c90-9555-feead177d06c ] Request (ServersAdmin275Test:test_rebuild_update_server_275): 200 GET http://10.180.1.21/compute/v2.1/servers/7973db21-a40b-495f-8381-bd28fb211ef3 0.078s
2024-09-22 23:46:19.850 62386 INFO tempest.lib.common.rest_client [req-098f629f-58bf-4152-9ef9-537eff778081 req-098f629f-58bf-4152-9ef9-537eff778081 ] Request (InstanceActionsNegativeTestJSON:setUpClass): 200 GET http://10.180.1.21/compute/v2.1/servers/bb5e0489-749f-49ab-b6d1-58876730f077 0.055s
2024-09-22 23:46:19.901 62334 INFO tempest.lib.common.rest_client [req-aab063db-de82-4c31-8cb7-592f97a6f51b req-aab063db-de82-4c31-8cb7-592f97a6f51b ] Request (ListImageFiltersTestJSON:setUpClass): 200 GET http://10.180.1.21/compute/v2.1/servers/adce9239-b3af-4d58-8386-c2e7ff91bb30 0.054s
2024-09-22 23:46:20.033 62348 INFO tempest.lib.common.rest_client [req-1532a254-2f45-4c78-b8a4-8a4da0613373 req-1532a254-2f45-4c78-b8a4-8a4da0613373 ] Request (VolumesAssistedSnapshotsTest:tearDownClass): 204 DELETE http://10.180.1.21:9696/networking/v2.0/networks/6ee53960-b72f-43e2-be48-a6faaa990986 0.231s
2024-09-22 23:46:20.102 62348 INFO tempest.lib.common.rest_client [req-985650e0-3f18-43c0-b052-4f328258eeb7 req-985650e0-3f18-43c0-b052-4f328258eeb7 ] Request (VolumesAssistedSnapshotsTest:tearDownClass): 204 DELETE http://10.180.1.21/identity/v3/users/dda7fd9ec9744d8486362ab526d7b198 0.069s
2024-09-22 23:46:20.177 62378 INFO tempest.lib.common.rest_client [req-9e60dc89-16db-4e06-b7f9-cb4ebc5f62c8 req-9e60dc89-16db-4e06-b7f9-cb4ebc5f62c8 ] Request (DeleteServersAdminTestJSON:test_delete_server_while_in_error_state): 200 GET http://10.180.1.21/compute/v2.1/servers/01d58e50-dfdd-4e80-b2fe-1ec8035e5a49 0.049s
2024-09-22 23:46:20.179 62348 INFO tempest.lib.common.rest_client [req-ce903e27-50b0-43d1-bfaf-170ac9c9b51f req-ce903e27-50b0-43d1-bfaf-170ac9c9b51f ] Request (VolumesAssistedSnapshotsTest:tearDownClass): 204 DELETE http://10.180.1.21/identity/v3/users/e9fab485cee845cc9815238ed248f23d 0.077s
2024-09-22 23:46:20.188 62360 INFO tempest.lib.common.rest_client [req-43690576-9cb7-4086-aae3-d06f0c305813 req-43690576-9cb7-4086-aae3-d06f0c305813 ] Request (ServersAdminNegativeTestJSON:setUpClass): 200 GET http://10.180.1.21/compute/v2.1/servers/a6aea6a7-261a-4dd7-8a61-6f98865794b8 0.056s
2024-09-22 23:46:20.243 62356 INFO tempest.lib.common.rest_client [req-e1002fe7-4aeb-44b5-9c14-1b02ad1de292 req-e1002fe7-4aeb-44b5-9c14-1b02ad1de292 ] Request (MigrationsAdminTest:test_list_migrations_in_flavor_resize_situation): 200 GET http://10.180.1.21/compute/v2.1/servers/b09c59fb-c0f7-4fd8-a73e-b21e29b04508 0.054s
2024-09-22 23:46:20.249 62376 INFO tempest.lib.common.rest_client [req-2aebf609-5480-4f09-90e3-8847aa160d69 req-2aebf609-5480-4f09-90e3-8847aa160d69 ] Request (ServersWithSpecificFlavorTestJSON:test_verify_created_server_ephemeral_disk): 200 GET http://10.180.1.21/compute/v2.1/servers/8557eaad-9ccb-4f51-9ace-dafa14eb4dcf 0.054s
2024-09-22 23:46:20.262 62348 INFO tempest.lib.common.rest_client [req-589c2d2d-5525-40fb-9dd1-1a911432a691 req-589c2d2d-5525-40fb-9dd1-1a911432a691 ] Request (VolumesAssistedSnapshotsTest:tearDownClass): 204 DELETE http://10.180.1.21/identity/v3/users/0733db0e767c474f8094b36570d617f0 0.083s
2024-09-22 23:46:20.263 62348 INFO tempest.lib.common.dynamic_creds [-] Deleting project and security group for project: 672a62ac20ed4102b16ac7fad039d76a
2024-09-22 23:46:20.300 62362 INFO tempest.lib.common.rest_client [req-151f0c5e-54b7-4420-8b28-f8d015bc3908 req-151f0c5e-54b7-4420-8b28-f8d015bc3908 ] Request (ServerPasswordTestJSON:setUpClass): 200 GET http://10.180.1.21/compute/v2.1/servers/28dd34fe-4c66-42a4-b670-38c0a8a07267 0.063s
2024-09-22 23:46:20.315 62336 INFO tempest.lib.common.rest_client [req-5c5ff5cf-631c-46e2-b4ab-4963b1e92306 req-5c5ff5cf-631c-46e2-b4ab-4963b1e92306 ] Request (ServersTestBootFromVolume:setUpClass): 200 GET http://10.180.1.21/compute/v2.1/servers/6fe36792-d2c9-44cb-b313-32f213a31a14 0.069s
2024-09-22 23:46:20.342 62348 INFO tempest.lib.common.rest_client [req-0ae56090-2536-44d0-85ff-c9a41996b91e req-0ae56090-2536-44d0-85ff-c9a41996b91e ] Request (VolumesAssistedSnapshotsTest:tearDownClass): 200 GET http://10.180.1.21:9696/networking/v2.0/security-groups?tenant_id=672a62ac20ed4102b16ac7fad039d76a&name=default 0.079s
2024-09-22 23:46:20.374 62364 INFO tempest.lib.common.rest_client [req-5e82bdd3-65a6-4f4d-9b5d-5106631911d7 req-5e82bdd3-65a6-4f4d-9b5d-5106631911d7 ] Request (AttachInterfacesTestJSON:test_create_list_show_delete_interfaces_by_fixed_ip): 200 GET http://10.180.1.21/compute/v2.1/servers/8b0388b2-53f9-480d-b1ce-1015946e381c 0.067s
2024-09-22 23:46:20.376 62366 INFO tempest.lib.common.rest_client [req-d4f9066a-11d3-4f4f-a6cc-56b08099036b req-d4f9066a-11d3-4f4f-a6cc-56b08099036b ] Request (FloatingIPsAssociationTestJSON:setUpClass): 200 GET http://10.180.1.21/compute/v2.1/servers/dae477eb-9e5d-48c8-af68-4c9dead81ef2 0.070s
2024-09-22 23:46:20.440 62348 INFO tempest.lib.common.rest_client [req-0cb76b9f-e9ec-4b32-9a1d-2b2aaa8e4d48 req-0cb76b9f-e9ec-4b32-9a1d-2b2aaa8e4d48 ] Request (VolumesAssistedSnapshotsTest:tearDownClass): 204 DELETE http://10.180.1.21:9696/networking/v2.0/security-groups/a1e28123-a3f0-47eb-b99a-3969f30031fc 0.098s
2024-09-22 23:46:20.452 62354 INFO tempest.lib.common.rest_client [req-7a4a31d8-cb88-422c-b6f6-d0ec727f5019 req-7a4a31d8-cb88-422c-b6f6-d0ec727f5019 ] Request (ServerDiagnosticsV248Test:test_get_server_diagnostics): 200 GET http://10.180.1.21/compute/v2.1/servers/c25ceef7-6491-44a7-a3f9-d2a2e1140eaf 0.055s
2024-09-22 23:46:20.454 62374 INFO tempest.lib.common.rest_client [req-067ef55f-f04a-4935-b1e1-577b3eb1bd49 req-067ef55f-f04a-4935-b1e1-577b3eb1bd49 ] Request (ImagesTestJSON:test_create_image_from_stopped_server): 200 GET http://10.180.1.21/compute/v2.1/servers/9e4baa84-b55c-4f05-a73a-15bfdf7bd70b 0.057s
2024-09-22 23:46:20.503 62326 INFO tempest.lib.common.rest_client [req-9334cf3d-f8e1-4bbc-9330-7b839f4ac583 req-9334cf3d-f8e1-4bbc-9330-7b839f4ac583 ] Request (VolumesAdminNegativeTest:test_update_attached_volume_with_nonexistent_volume_in_uri): 200 GET http://10.180.1.21/compute/v2.1/servers/d85c6c0a-e79b-408b-a57b-5302343db86a 0.049s
2024-09-22 23:46:20.507 62338 INFO tempest.lib.common.rest_client [req-9549b6b7-6b01-493e-821c-12cbc180f5b6 req-9549b6b7-6b01-493e-821c-12cbc180f5b6 ] Request (ServersTestManualDisk:setUpClass): 200 GET http://10.180.1.21/compute/v2.1/servers/c2a3b322-1fdb-4eb2-a9f1-b896b1c0a6d1 0.057s
2024-09-22 23:46:20.526 62348 INFO tempest.lib.common.rest_client [req-228dd8f8-f0e9-4eab-8af0-8b6b82b31bf9 req-228dd8f8-f0e9-4eab-8af0-8b6b82b31bf9 ] Request (VolumesAssistedSnapshotsTest:tearDownClass): 204 DELETE http://10.180.1.21/identity/v3/projects/672a62ac20ed4102b16ac7fad039d76a 0.083s
2024-09-22 23:46:20.526 62348 INFO tempest.lib.common.dynamic_creds [-] Deleting project and security group for project: 5fd08a40588a4757b226a8eb061b5622
2024-09-22 23:46:20.565 62358 INFO tempest.lib.common.rest_client [req-38714d68-617c-41e0-af40-668315cd8879 req-38714d68-617c-41e0-af40-668315cd8879 ] Request (ServersTestFqdnHostnames:test_create_server_with_fqdn_name): 200 GET http://10.180.1.21/compute/v2.1/servers/bc84709b-d493-4da0-8ea7-8a94f55e8179 0.058s
2024-09-22 23:46:20.567 62352 INFO tempest.lib.common.rest_client [req-efaf81e6-e6dc-425b-b1c0-344417ece3a5 req-efaf81e6-e6dc-425b-b1c0-344417ece3a5 ] Request (FloatingIPsAssociationNegativeTestJSON:setUpClass): 200 GET http://10.180.1.21/compute/v2.1/servers/c4bc5fdf-c733-414a-8189-359f21d2e15e 0.059s
2024-09-22 23:46:20.578 62348 INFO tempest.lib.common.rest_client [req-da5d80cd-ed85-4f7a-a525-442bb8c7a728 req-da5d80cd-ed85-4f7a-a525-442bb8c7a728 ] Request (VolumesAssistedSnapshotsTest:tearDownClass): 200 GET http://10.180.1.21:9696/networking/v2.0/security-groups?tenant_id=5fd08a40588a4757b226a8eb061b5622&name=default 0.051s
2024-09-22 23:46:20.620 62346 INFO tempest.lib.common.rest_client [req-a78ff5a9-249e-45d7-8c0e-b493b61e4285 req-a78ff5a9-249e-45d7-8c0e-b493b61e4285 ] Request (ServerMetadataNegativeTestJSON:setUpClass): 200 GET http://10.180.1.21/compute/v2.1/servers/b02e45e8-7684-4683-b13e-0e5ef5b52f67 0.068s
2024-09-22 23:46:20.623 62344 INFO tempest.lib.common.rest_client [req-79ad131e-3809-4755-9438-0623259a64c4 req-79ad131e-3809-4755-9438-0623259a64c4 ] Request (DeleteServersTestJSON:test_delete_active_server): 200 GET http://10.180.1.21/compute/v2.1/servers/2fdbb9d3-016a-4230-a0f6-f11b3a34d726 0.060s
2024-09-22 23:46:20.677 62350 INFO tempest.lib.common.rest_client [req-52791c88-97c5-4b07-b736-e3d5f1169b9c req-52791c88-97c5-4b07-b736-e3d5f1169b9c ] Request (InstanceActionsTestJSON:setUpClass): 200 GET http://10.180.1.21/compute/v2.1/servers/89b7e60d-6669-41f0-937c-0e85a19e9eeb 0.082s
2024-09-22 23:46:20.679 62384 INFO tempest.lib.common.rest_client [req-7dddd51c-63d8-4c06-9260-5dc6e7806377 req-7dddd51c-63d8-4c06-9260-5dc6e7806377 ] Request (MultipleCreateTestJSON:test_multiple_create_with_reservation_return): 200 GET http://10.180.1.21/compute/v2.1/servers/5f816c6a-1996-455b-afb4-acaf9c2c48c0 0.071s
2024-09-22 23:46:20.697 62348 INFO tempest.lib.common.rest_client [req-6055108f-6932-4b7c-8e3c-c78d15a77064 req-6055108f-6932-4b7c-8e3c-c78d15a77064 ] Request (VolumesAssistedSnapshotsTest:tearDownClass): 204 DELETE http://10.180.1.21:9696/networking/v2.0/security-groups/2388873a-d933-463b-ab49-bfcf25141ee1 0.119s
2024-09-22 23:46:20.727 62332 INFO tempest.lib.common.rest_client [req-9096d05e-ffa4-49f3-aaaa-23f59547b938 req-9096d05e-ffa4-49f3-aaaa-23f59547b938 ] Request (ImagesOneServerNegativeTestJSON:setUpClass): 200 GET http://10.180.1.21/compute/v2.1/servers/54a154e6-7b2c-4028-9d14-0731c9230ae2 0.090s
2024-09-22 23:46:20.728 62372 INFO tempest.lib.common.rest_client [req-b17918ff-f7ac-47f3-99c5-3b29fccc8664 req-b17918ff-f7ac-47f3-99c5-3b29fccc8664 ] Request (SecurityGroupsTestJSON:test_server_security_groups): 200 GET http://10.180.1.21/compute/v2.1/servers/f7881063-546c-4dc2-8c38-6eeb7627b9cf 0.078s
2024-09-22 23:46:20.779 62380 INFO tempest.lib.common.rest_client [req-8c8aa2e5-c908-44a4-bc66-d30c537dfb93 req-8c8aa2e5-c908-44a4-bc66-d30c537dfb93 ] Request (ImagesOneServerTestJSON:setUpClass): 200 GET http://10.180.1.21/compute/v2.1/servers/b237f0ce-fd4d-49af-b1e2-53969126e1f0 0.097s
