2024-09-22 23:45:02.773 62384 INFO tempest.lib.common.rest_client [req-040e3464-d28d-4cce-95a9-dfd8b730a3a7 req-040e3464-d28d-4cce-95a9-dfd8b730a3a7 ] Request (MultipleCreateTestJSON:test_multiple_create): 201 POST http://10.180.1.21/identity/v3/auth/tokens 0.317s
2024-09-22 23:45:02.773 62384 INFO tempest.lib.common.fixed_network [-] (MultipleCreateTestJSON:test_multiple_create) Found network {'id': 'f8a13507-087a-40c9-aa60-3e2b54c59eea', 'name': 'tempest-MultipleCreateTestJSON-1385847730-network', 'tenant_id': 'b2633f3d30074430aabed45fb8c5d5be', 'admin_state_up': True, 'mtu': 8950, 'status': 'ACTIVE', 'subnets': [], 'shared': False, 'project_id': 'b2633f3d30074430aabed45fb8c5d5be', 'port_security_enabled': True, 'router:external': False, 'provider:network_type': 'vlan', 'provider:physical_network': 'default', 'provider:segmentation_id': 629, 'is_default': False, 'availability_zone_hints': [], 'availability_zones': [], 'ipv4_address_scope': None, 'ipv6_address_scope': None, 'description': '', 'tags': [], 'created_at': '2024-09-22T23:44:58Z', 'updated_at': '2024-09-22T23:44:58Z', 'revision_number': 1} available for tenant
2024-09-22 23:45:02.780 62340 INFO tempest.lib.common.rest_client [req-a8d0965e-b928-4320-a9c3-7e196c636bc0 req-a8d0965e-b928-4320-a9c3-7e196c636bc0 ] Request (ImagesNegativeTestJSON:test_create_image_from_deleted_server): 201 POST http://10.180.1.21/identity/v3/auth/tokens 0.408s
2024-09-22 23:45:02.780 62340 INFO tempest.lib.common.fixed_network [-] (ImagesNegativeTestJSON:test_create_image_from_deleted_server) Found network {'id': '1e29e0b9-e6c6-4a8c-bdac-9ccaa193790a', 'name': 'tempest-ImagesNegativeTestJSON-1673527607-network', 'tenant_id': 'a55a7168aee4476e997d006d027bdc75', 'admin_state_up': True, 'mtu': 8950, 'status': 'ACTIVE', 'subnets': [], 'shared': False, 'project_id': 'a55a7168aee4476e997d006d027bdc75', 'port_security_enabled': True, 'router:external': False, 'provider:network_type': 'vlan', 'provider:physical_network': 'default', 'provider:segmentation_id': 722, 'is_default': False, 'availability_zone_hints': [], 'availability_zones': [], 'ipv4_address_scope': None, 'ipv6_address_scope': None, 'description': '', 'tags': [], 'created_at': '2024-09-22T23:44:57Z', 'updated_at': '2024-09-22T23:44:57Z', 'revision_number': 1} available for tenant
2024-09-22 23:45:02.843 62348 INFO tempest.lib.common.rest_client [req-ebd1da56-adf2-4220-a1f8-fe9dbf319cc5 req-ebd1da56-adf2-4220-a1f8-fe9dbf319cc5 ] Request (VolumesAssistedSnapshotsTest:setUpClass): 201 POST http://10.180.1.21:9696/networking/v2.0/subnets 0.226s
2024-09-22 23:45:02.904 62376 INFO tempest.lib.common.rest_client [req-98888989-7991-4b98-a279-9cdfe1abb66b req-98888989-7991-4b98-a279-9cdfe1abb66b ] Request (ServersWithSpecificFlavorTestJSON:setUpClass): 201 POST http://10.180.1.21/identity/v3/projects 0.280s
2024-09-22 23:45:02.921 62350 INFO tempest.lib.common.rest_client [req-6fed9773-0c0c-4167-b663-11feefb897f7 req-6fed9773-0c0c-4167-b663-11feefb897f7 ] Request (AZAdminNegativeTestJSON:tearDownClass): 204 DELETE http://10.180.1.21/identity/v3/projects/951147b761134f339d66f69ee2b1429e 0.317s
2024-09-22 23:45:02.928 62388 INFO tempest.lib.common.rest_client [req-b6871fe4-3f34-40ed-b611-6204f866cb5a req-b6871fe4-3f34-40ed-b611-6204f866cb5a ] Request (KeyPairsV210TestJSON:test_admin_manage_keypairs_for_other_users): 201 POST http://10.180.1.21/compute/v2.1/os-keypairs 1.863s
2024-09-22 23:45:02.976 62342 INFO tempest.lib.common.rest_client [req-d124f4ab-7bc2-4dfc-bbfd-a0104cca8e50 req-d124f4ab-7bc2-4dfc-bbfd-a0104cca8e50 ] Request (FlavorsV2NegativeTest:setUpClass): 201 POST http://10.180.1.21/identity/v3/projects 0.282s
2024-09-22 23:45:02.989 62326 INFO tempest.lib.common.rest_client [req-9cf09b85-f766-4f74-9a81-85db143e038a req-9cf09b85-f766-4f74-9a81-85db143e038a ] Request (VolumesAdminNegativeTest:setUpClass): 201 POST http://10.180.1.21/identity/v3/projects 0.275s
2024-09-22 23:45:03.020 62338 INFO tempest.lib.common.rest_client [req-c3d36d3b-3bce-4970-a153-2f8e775b9f92 req-c3d36d3b-3bce-4970-a153-2f8e775b9f92 ] Request (HypervisorAdminV228Test:tearDownClass): 200 GET http://10.180.1.21:9696/networking/v2.0/security-groups?tenant_id=cabf9d5925de4e4ea74759d5cc8da0e5&name=default 0.469s
2024-09-22 23:45:03.030 62372 INFO tempest.lib.common.rest_client [req-a5620da5-38fb-4cdf-b1ca-9ae5420d882a req-a5620da5-38fb-4cdf-b1ca-9ae5420d882a ] Request (SecurityGroupsTestJSON:setUpClass): 201 POST http://10.180.1.21:9696/networking/v2.0/subnets 0.347s
2024-09-22 23:45:03.048 62376 INFO tempest.lib.common.rest_client [req-bc793d4e-baa1-437f-9a4e-52ef78fc486f req-bc793d4e-baa1-437f-9a4e-52ef78fc486f ] Request (ServersWithSpecificFlavorTestJSON:setUpClass): 201 POST http://10.180.1.21/identity/v3/users 0.143s
2024-09-22 23:45:03.076 62350 INFO tempest.lib.common.rest_client [req-93a112dc-0250-4911-9c23-1a446aa1369d req-93a112dc-0250-4911-9c23-1a446aa1369d ] Request (QuotasAdminTestV236:setUpClass): 201 POST http://10.180.1.21/identity/v3/auth/tokens 0.152s
2024-09-22 23:45:03.174 62326 INFO tempest.lib.common.rest_client [req-34589ce6-611d-40f3-ab44-8dcab22e1191 req-34589ce6-611d-40f3-ab44-8dcab22e1191 ] Request (VolumesAdminNegativeTest:setUpClass): 201 POST http://10.180.1.21/identity/v3/users 0.185s
2024-09-22 23:45:03.176 62344 INFO tempest.lib.common.rest_client [req-6f0d95b2-5f64-4c35-9c6e-ec99e4223a30 req-6f0d95b2-5f64-4c35-9c6e-ec99e4223a30 ] Request (FlavorsV261TestJSON:test_crud_flavor): 200 POST http://10.180.1.21/compute/v2.1/flavors 2.018s
2024-09-22 23:45:03.180 62342 INFO tempest.lib.common.rest_client [req-377e505b-bfac-4b34-bdcd-00faca85743c req-377e505b-bfac-4b34-bdcd-00faca85743c ] Request (FlavorsV2NegativeTest:setUpClass): 201 POST http://10.180.1.21/identity/v3/users 0.203s
2024-09-22 23:45:03.195 62376 INFO tempest.lib.common.rest_client [req-b9ba58bc-811f-4def-8452-e69becfaa173 req-b9ba58bc-811f-4def-8452-e69becfaa173 ] Request (ServersWithSpecificFlavorTestJSON:setUpClass): 200 GET http://10.180.1.21/identity/v3/roles 0.146s
2024-09-22 23:45:03.215 62350 INFO tempest.lib.common.rest_client [req-c87bed10-e18c-4a9b-acee-6d8a28025f60 req-c87bed10-e18c-4a9b-acee-6d8a28025f60 ] Request (QuotasAdminTestV236:setUpClass): 201 POST http://10.180.1.21/identity/v3/auth/tokens 0.085s
2024-09-22 23:45:03.231 62326 INFO tempest.lib.common.rest_client [req-b6741922-41a5-4015-87d5-f20c11d35731 req-b6741922-41a5-4015-87d5-f20c11d35731 ] Request (VolumesAdminNegativeTest:setUpClass): 200 GET http://10.180.1.21/identity/v3/roles 0.056s
2024-09-22 23:45:03.251 62342 INFO tempest.lib.common.rest_client [req-7b963f49-98aa-4a9e-855d-5add546e7839 req-7b963f49-98aa-4a9e-855d-5add546e7839 ] Request (FlavorsV2NegativeTest:setUpClass): 200 GET http://10.180.1.21/identity/v3/roles 0.070s
2024-09-22 23:45:03.304 62376 INFO tempest.lib.common.rest_client [req-c097b2f9-160f-4c7d-819d-354686938411 req-c097b2f9-160f-4c7d-819d-354686938411 ] Request (ServersWithSpecificFlavorTestJSON:setUpClass): 204 PUT http://10.180.1.21/identity/v3/projects/28fcfee712d04773a33f095bf479ec95/users/88a8b66d8adf4bb98215268ad2951eb9/roles/482793698bcf4124b4ec465c6c4969a8 0.108s
2024-09-22 23:45:03.331 62360 INFO tempest.lib.common.rest_client [req-c2ea0e1c-1359-49de-81d1-aa18d97e3089 req-c2ea0e1c-1359-49de-81d1-aa18d97e3089 ] Request (QuotasAdminNegativeTest:test_create_server_when_cpu_quota_is_full): 200 GET http://10.180.1.21/compute/v2.1/os-quota-sets/13f8af8910184f9bb15b708b0c8d1187 2.247s
2024-09-22 23:45:03.391 62386 INFO tempest.lib.common.rest_client [req-f22a6487-c02e-4235-88f9-b6cb4f182d8d req-f22a6487-c02e-4235-88f9-b6cb4f182d8d ] Request (FlavorsAdminTestJSON:_run_cleanups): 202 DELETE http://10.180.1.21/compute/v2.1/flavors/1563770301 1.967s
2024-09-22 23:45:03.396 62338 INFO tempest.lib.common.rest_client [req-83c62583-5461-4423-9996-577bbf873dd4 req-83c62583-5461-4423-9996-577bbf873dd4 ] Request (HypervisorAdminV228Test:tearDownClass): 204 DELETE http://10.180.1.21:9696/networking/v2.0/security-groups/93179340-1d52-4698-80b8-c214852f3e56 0.376s
2024-09-22 23:45:03.404 62350 INFO tempest.lib.common.rest_client [req-43c15104-19f2-4c10-92c7-168ca4386a30 req-43c15104-19f2-4c10-92c7-168ca4386a30 ] Request (QuotasAdminTestV236:setUpClass): 200 GET http://10.180.1.21/identity/v3/domains?name=Default 0.187s
2024-09-22 23:45:03.426 62326 INFO tempest.lib.common.rest_client [req-bba446b5-26f3-4da4-84c3-56942c00563b req-bba446b5-26f3-4da4-84c3-56942c00563b ] Request (VolumesAdminNegativeTest:setUpClass): 204 PUT http://10.180.1.21/identity/v3/projects/f950f2f575264de9947ace980220227b/users/c393efca980f4082b2a0f7602c7e831c/roles/482793698bcf4124b4ec465c6c4969a8 0.195s
2024-09-22 23:45:03.426 62342 INFO tempest.lib.common.rest_client [req-23def0e9-c339-4f96-8d75-7c2b121b6353 req-23def0e9-c339-4f96-8d75-7c2b121b6353 ] Request (FlavorsV2NegativeTest:setUpClass): 204 PUT http://10.180.1.21/identity/v3/projects/3ee900c0e2e64ad48dfcc6f8ed446ff4/users/f1599c6af0dd4a24878adc11b8307a30/roles/8e723cecee2e4b3fb991e84e8e92dbe0 0.174s
2024-09-22 23:45:03.428 62342 INFO tempest.lib.common.dynamic_creds [-] Dynamic test user f1599c6af0dd4a24878adc11b8307a30 is created with scope project and roles: ['member']
2024-09-22 23:45:03.429 62342 INFO tempest.lib.common.dynamic_creds [-] Acquired dynamic creds: credentials: Credentials: {'domain_id': 'default', 'domain_name': 'Default', 'username': 'tempest-FlavorsV2NegativeTest-727752324-project-member', 'project_domain_id': 'default', 'project_domain_name': 'Default', 'project_id': '3ee900c0e2e64ad48dfcc6f8ed446ff4', 'project_name': 'tempest-FlavorsV2NegativeTest-727752324', 'tenant_id': '3ee900c0e2e64ad48dfcc6f8ed446ff4', 'tenant_name': 'tempest-FlavorsV2NegativeTest-727752324', 'user_domain_id': 'default', 'user_domain_name': 'Default', 'user_id': 'f1599c6af0dd4a24878adc11b8307a30', 'system': None}, Network: None, Subnet: None, Router: None
2024-09-22 23:45:03.430 62342 INFO tempest.lib.common.dynamic_creds [-] Created isolated network resources for: credentials: Credentials: {'domain_id': 'default', 'domain_name': 'Default', 'username': 'tempest-FlavorsV2NegativeTest-727752324-project-member', 'project_domain_id': 'default', 'project_domain_name': 'Default', 'project_id': '3ee900c0e2e64ad48dfcc6f8ed446ff4', 'project_name': 'tempest-FlavorsV2NegativeTest-727752324', 'tenant_id': '3ee900c0e2e64ad48dfcc6f8ed446ff4', 'tenant_name': 'tempest-FlavorsV2NegativeTest-727752324', 'user_domain_id': 'default', 'user_domain_name': 'Default', 'user_id': 'f1599c6af0dd4a24878adc11b8307a30', 'system': None}, Network: None, Subnet: None, Router: None
2024-09-22 23:45:03.545 62362 INFO tempest.lib.common.rest_client [req-3399b409-1199-454d-8a49-9f07234282b2 req-3399b409-1199-454d-8a49-9f07234282b2 ] Request (AggregatesAdminNegativeTestJSON:setUpClass): 200 GET http://10.180.1.21/compute/v2.1/os-services?binary=nova-compute 2.117s
2024-09-22 23:45:03.582 62376 INFO tempest.lib.common.rest_client [req-5d035636-a4ec-4b4f-98ca-adef6ff638c5 req-5d035636-a4ec-4b4f-98ca-adef6ff638c5 ] Request (ServersWithSpecificFlavorTestJSON:setUpClass): 200 GET http://10.180.1.21/identity/v3/roles 0.278s
2024-09-22 23:45:03.604 62338 INFO tempest.lib.common.rest_client [req-6cab459e-1ea5-4678-8de3-d67acebf4162 req-6cab459e-1ea5-4678-8de3-d67acebf4162 ] Request (HypervisorAdminV228Test:tearDownClass): 204 DELETE http://10.180.1.21/identity/v3/projects/cabf9d5925de4e4ea74759d5cc8da0e5 0.207s
2024-09-22 23:45:03.604 62338 INFO tempest.lib.common.dynamic_creds [-] Deleting project and security group for project: 24c1ca46d24049389afeeb039a87c827
2024-09-22 23:45:03.643 62350 INFO tempest.lib.common.rest_client [req-5528bd27-68d2-4eaa-b45e-ca908ee240de req-5528bd27-68d2-4eaa-b45e-ca908ee240de ] Request (QuotasAdminTestV236:setUpClass): 201 POST http://10.180.1.21/identity/v3/projects 0.238s
2024-09-22 23:45:03.685 62326 INFO tempest.lib.common.rest_client [req-0d4d00b3-dea9-46c9-896a-873376f43c61 req-0d4d00b3-dea9-46c9-896a-873376f43c61 ] Request (VolumesAdminNegativeTest:setUpClass): 200 GET http://10.180.1.21/identity/v3/roles 0.257s
2024-09-22 23:45:03.757 62342 INFO tempest.lib.common.rest_client [req-d0f3f1c2-4787-42c1-93c5-bca25e2f4a7e req-d0f3f1c2-4787-42c1-93c5-bca25e2f4a7e ] Request (FlavorsV2NegativeTest:setUpClass): 201 POST http://10.180.1.21/identity/v3/auth/tokens 0.278s
2024-09-22 23:45:03.768 62376 INFO tempest.lib.common.rest_client [req-8179089d-f467-4c23-90b3-fececdb908c1 req-8179089d-f467-4c23-90b3-fececdb908c1 ] Request (ServersWithSpecificFlavorTestJSON:setUpClass): 204 PUT http://10.180.1.21/identity/v3/projects/28fcfee712d04773a33f095bf479ec95/users/88a8b66d8adf4bb98215268ad2951eb9/roles/482793698bcf4124b4ec465c6c4969a8 0.185s
2024-09-22 23:45:03.768 62376 INFO tempest.lib.common.dynamic_creds [-] Dynamic test user 88a8b66d8adf4bb98215268ad2951eb9 is created with scope project and roles: ['admin']
2024-09-22 23:45:03.768 62338 INFO tempest.lib.common.rest_client [req-3a927922-ab8f-475d-910c-92c317d17d1c req-3a927922-ab8f-475d-910c-92c317d17d1c ] Request (HypervisorAdminV228Test:tearDownClass): 200 GET http://10.180.1.21:9696/networking/v2.0/security-groups?tenant_id=24c1ca46d24049389afeeb039a87c827&name=default 0.163s
2024-09-22 23:45:03.769 62376 INFO tempest.lib.common.dynamic_creds [-] Acquired dynamic creds: credentials: Credentials: {'domain_id': 'default', 'domain_name': 'Default', 'username': 'tempest-ServersWithSpecificFlavorTestJSON-2144841521-project-admin', 'project_domain_id': 'default', 'project_domain_name': 'Default', 'project_id': '28fcfee712d04773a33f095bf479ec95', 'project_name': 'tempest-ServersWithSpecificFlavorTestJSON-2144841521', 'tenant_id': '28fcfee712d04773a33f095bf479ec95', 'tenant_name': 'tempest-ServersWithSpecificFlavorTestJSON-2144841521', 'user_domain_id': 'default', 'user_domain_name': 'Default', 'user_id': '88a8b66d8adf4bb98215268ad2951eb9', 'system': None}, Network: None, Subnet: None, Router: None
2024-09-22 23:45:03.771 62346 INFO tempest.lib.common.rest_client [req-755b3c8c-e9b3-4f2f-b985-230aaf5b85fc req-755b3c8c-e9b3-4f2f-b985-230aaf5b85fc ] Request (FlavorsV255TestJSON:test_crud_flavor): 200 POST http://10.180.1.21/compute/v2.1/flavors 2.056s
2024-09-22 23:45:03.811 62326 INFO tempest.lib.common.rest_client [req-ed5f67f5-b196-4ac0-938f-bf6802e61d29 req-ed5f67f5-b196-4ac0-938f-bf6802e61d29 ] Request (VolumesAdminNegativeTest:setUpClass): 204 PUT http://10.180.1.21/identity/v3/projects/f950f2f575264de9947ace980220227b/users/c393efca980f4082b2a0f7602c7e831c/roles/482793698bcf4124b4ec465c6c4969a8 0.124s
2024-09-22 23:45:03.811 62326 INFO tempest.lib.common.dynamic_creds [-] Dynamic test user c393efca980f4082b2a0f7602c7e831c is created with scope project and roles: ['admin']
2024-09-22 23:45:03.811 62326 INFO tempest.lib.common.dynamic_creds [-] Acquired dynamic creds: credentials: Credentials: {'domain_id': 'default', 'domain_name': 'Default', 'username': 'tempest-VolumesAdminNegativeTest-1929590249-project-admin', 'project_domain_id': 'default', 'project_domain_name': 'Default', 'project_id': 'f950f2f575264de9947ace980220227b', 'project_name': 'tempest-VolumesAdminNegativeTest-1929590249', 'tenant_id': 'f950f2f575264de9947ace980220227b', 'tenant_name': 'tempest-VolumesAdminNegativeTest-1929590249', 'user_domain_id': 'default', 'user_domain_name': 'Default', 'user_id': 'c393efca980f4082b2a0f7602c7e831c', 'system': None}, Network: None, Subnet: None, Router: None
2024-09-22 23:45:03.816 62350 INFO tempest.lib.common.rest_client [req-664d6f64-38d6-4883-abc8-96f02eeb4787 req-664d6f64-38d6-4883-abc8-96f02eeb4787 ] Request (QuotasAdminTestV236:setUpClass): 201 POST http://10.180.1.21/identity/v3/users 0.173s
2024-09-22 23:45:03.939 62350 INFO tempest.lib.common.rest_client [req-6f287dac-0925-48d7-aaf0-2610a3bc505d req-6f287dac-0925-48d7-aaf0-2610a3bc505d ] Request (QuotasAdminTestV236:setUpClass): 200 GET http://10.180.1.21/identity/v3/roles 0.122s
2024-09-22 23:45:03.952 62358 INFO tempest.lib.common.rest_client [req-e08ea271-d798-4964-925d-5431bfe3c857 req-e08ea271-d798-4964-925d-5431bfe3c857 ] Request (FloatingIPDetailsNegativeTestJSON:test_get_nonexistent_floating_ip_details): 404 GET http://10.180.1.21/compute/v2.1/os-floating-ips/284e0540-3c13-4a1e-881f-01d06f75d3a6 2.584s
2024-09-22 23:45:03.967 62350 INFO tempest.lib.common.rest_client [req-90e01e7f-b186-4ad5-9ded-c9da5c4ed2b5 req-90e01e7f-b186-4ad5-9ded-c9da5c4ed2b5 ] Request (QuotasAdminTestV236:setUpClass): 204 PUT http://10.180.1.21/identity/v3/projects/9e8290a5cdc646a9b5555d80b380fa5a/users/d54cbcd42d3a45ed99ecb301aa4fc9c2/roles/8e723cecee2e4b3fb991e84e8e92dbe0 0.027s
2024-09-22 23:45:03.967 62350 INFO tempest.lib.common.dynamic_creds [-] Dynamic test user d54cbcd42d3a45ed99ecb301aa4fc9c2 is created with scope project and roles: ['member']
2024-09-22 23:45:03.968 62350 INFO tempest.lib.common.dynamic_creds [-] Acquired dynamic creds: credentials: Credentials: {'domain_id': 'default', 'domain_name': 'Default', 'username': 'tempest-QuotasAdminTestV236-1502535345-project-member', 'project_domain_id': 'default', 'project_domain_name': 'Default', 'project_id': '9e8290a5cdc646a9b5555d80b380fa5a', 'project_name': 'tempest-QuotasAdminTestV236-1502535345', 'tenant_id': '9e8290a5cdc646a9b5555d80b380fa5a', 'tenant_name': 'tempest-QuotasAdminTestV236-1502535345', 'user_domain_id': 'default', 'user_domain_name': 'Default', 'user_id': 'd54cbcd42d3a45ed99ecb301aa4fc9c2', 'system': None}, Network: None, Subnet: None, Router: None
2024-09-22 23:45:03.968 62350 INFO tempest.lib.common.dynamic_creds [-] Created isolated network resources for: credentials: Credentials: {'domain_id': 'default', 'domain_name': 'Default', 'username': 'tempest-QuotasAdminTestV236-1502535345-project-member', 'project_domain_id': 'default', 'project_domain_name': 'Default', 'project_id': '9e8290a5cdc646a9b5555d80b380fa5a', 'project_name': 'tempest-QuotasAdminTestV236-1502535345', 'tenant_id': '9e8290a5cdc646a9b5555d80b380fa5a', 'tenant_name': 'tempest-QuotasAdminTestV236-1502535345', 'user_domain_id': 'default', 'user_domain_name': 'Default', 'user_id': 'd54cbcd42d3a45ed99ecb301aa4fc9c2', 'system': None}, Network: None, Subnet: None, Router: None
2024-09-22 23:45:04.001 62356 INFO tempest.lib.common.rest_client [req-f6e3f118-18c4-4498-acbd-aa428671630d req-f6e3f118-18c4-4498-acbd-aa428671630d ] Request (FlavorMetadataValidation:test_flavor_update_with_custom_namespace): 200 POST http://10.180.1.21/compute/v2.1/flavors 2.138s
2024-09-22 23:45:04.022 62348 INFO tempest.lib.common.rest_client [req-8f469c75-efb5-40ab-b894-71d68341224e req-8f469c75-efb5-40ab-b894-71d68341224e ] Request (VolumesAssistedSnapshotsTest:setUpClass): 201 POST http://10.180.1.21:9696/networking/v2.0/routers 1.178s
2024-09-22 23:45:04.058 62334 INFO tempest.lib.common.rest_client [req-13dc8f37-025e-4f17-8197-bb79360d4bf8 req-13dc8f37-025e-4f17-8197-bb79360d4bf8 ] Request (HypervisorAdminNegativeTestJSON:test_get_hypervisor_list_details_with_non_admin_user): 403 GET http://10.180.1.21/compute/v2.1/os-hypervisors/detail 2.115s
2024-09-22 23:45:04.078 62350 INFO tempest.lib.common.rest_client [req-16059e4d-7571-461e-8ae1-50e2036bc244 req-16059e4d-7571-461e-8ae1-50e2036bc244 ] Request (QuotasAdminTestV236:setUpClass): 201 POST http://10.180.1.21/identity/v3/auth/tokens 0.106s
2024-09-22 23:45:04.163 62350 INFO tempest.lib.common.rest_client [req-a96af4c4-8218-45a0-aa01-bd5867b0af5f req-a96af4c4-8218-45a0-aa01-bd5867b0af5f ] Request (QuotasAdminTestV236:setUpClass): 201 POST http://10.180.1.21/identity/v3/projects 0.085s
2024-09-22 23:45:04.218 62378 INFO tempest.lib.common.rest_client [req-8b0e3160-931c-4988-938b-30a0b0c210cf req-8b0e3160-931c-4988-938b-30a0b0c210cf ] Request (DeleteServersAdminTestJSON:test_admin_delete_servers_of_others): 200 GET http://10.180.1.21/compute/v2.1/servers/ef9b40d1-736a-420f-8cca-c053487a360d 2.126s
2024-09-22 23:45:04.226 62338 INFO tempest.lib.common.rest_client [req-cd63fa79-c9b6-4040-a131-7eb899d0d1ab req-cd63fa79-c9b6-4040-a131-7eb899d0d1ab ] Request (HypervisorAdminV228Test:tearDownClass): 204 DELETE http://10.180.1.21:9696/networking/v2.0/security-groups/9bdbf696-52b8-4d83-8b45-36f6c269eecc 0.457s
2024-09-22 23:45:04.237 62382 INFO tempest.lib.common.rest_client [req-304ed111-10fe-421f-a4c4-ce1108352fd0 req-304ed111-10fe-421f-a4c4-ce1108352fd0 ] Request (ServicesAdminNegativeTestJSON:test_get_service_with_valid_service_and_invalid_host): 200 GET http://10.180.1.21/compute/v2.1/os-services 2.119s
2024-09-22 23:45:04.256 62350 INFO tempest.lib.common.rest_client [req-d75f3dfb-6b09-4431-8a01-deab7ba031d2 req-d75f3dfb-6b09-4431-8a01-deab7ba031d2 ] Request (QuotasAdminTestV236:setUpClass): 201 POST http://10.180.1.21/identity/v3/users 0.092s
2024-09-22 23:45:04.307 62338 INFO tempest.lib.common.rest_client [req-aa336b7e-d82e-4321-b061-777e065a8fd5 req-aa336b7e-d82e-4321-b061-777e065a8fd5 ] Request (HypervisorAdminV228Test:tearDownClass): 204 DELETE http://10.180.1.21/identity/v3/projects/24c1ca46d24049389afeeb039a87c827 0.081s
2024-09-22 23:45:04.359 62350 INFO tempest.lib.common.rest_client [req-f97cfbca-aea3-4aea-b201-0f8f3b286714 req-f97cfbca-aea3-4aea-b201-0f8f3b286714 ] Request (QuotasAdminTestV236:setUpClass): 200 GET http://10.180.1.21/identity/v3/roles 0.102s
2024-09-22 23:45:04.384 62338 INFO tempest.lib.common.rest_client [req-6ee25f03-d99b-4e6d-8f2f-1ef088432782 req-6ee25f03-d99b-4e6d-8f2f-1ef088432782 ] Request (TenantUsagesTestJSON:setUpClass): 201 POST http://10.180.1.21/identity/v3/auth/tokens 0.074s
2024-09-22 23:45:04.390 62352 INFO tempest.lib.common.rest_client [req-939f23e6-4c0d-4f5c-85b9-6d3fd4d54871 req-939f23e6-4c0d-4f5c-85b9-6d3fd4d54871 ] Request (InstanceUsageAuditLogNegativeTestJSON:test_get_instance_usage_audit_logs_with_invalid_time): 400 GET http://10.180.1.21/compute/v2.1/os-instance_usage_audit_log/invalid_time 2.261s
2024-09-22 23:45:04.410 62350 INFO tempest.lib.common.rest_client [req-f42c521e-87aa-4de1-b2b6-f9d7f7b54379 req-f42c521e-87aa-4de1-b2b6-f9d7f7b54379 ] Request (QuotasAdminTestV236:setUpClass): 204 PUT http://10.180.1.21/identity/v3/projects/855c510921254ea3af5fc47633790cde/users/d526addbfd6e47da9ddb3aac2cb166ee/roles/482793698bcf4124b4ec465c6c4969a8 0.051s
2024-09-22 23:45:04.422 62376 INFO tempest.lib.common.rest_client [req-10cbe257-f792-473e-b229-53a84a78b7d5 req-10cbe257-f792-473e-b229-53a84a78b7d5 ] Request (ServersWithSpecificFlavorTestJSON:setUpClass): 201 POST http://10.180.1.21:9696/networking/v2.0/networks 0.653s
2024-09-22 23:45:04.457 62368 INFO tempest.lib.common.rest_client [req-6168e60d-5cf1-4c17-9ad5-8fc126108d3f req-6168e60d-5cf1-4c17-9ad5-8fc126108d3f ] Request (ServerDiagnosticsNegativeTest:test_get_server_diagnostics_by_non_admin): 202 POST http://10.180.1.21/compute/v2.1/servers 2.472s
2024-09-22 23:45:04.468 62338 INFO tempest.lib.common.rest_client [req-93bc8721-864b-4fb2-9470-eea7174b33fb req-93bc8721-864b-4fb2-9470-eea7174b33fb ] Request (TenantUsagesTestJSON:setUpClass): 201 POST http://10.180.1.21/identity/v3/auth/tokens 0.082s
2024-09-22 23:45:04.486 62350 INFO tempest.lib.common.rest_client [req-57e7ab00-bae8-4b12-8344-dc502cd7f8ae req-57e7ab00-bae8-4b12-8344-dc502cd7f8ae ] Request (QuotasAdminTestV236:setUpClass): 200 GET http://10.180.1.21/identity/v3/roles 0.075s
2024-09-22 23:45:04.509 62338 INFO tempest.lib.common.rest_client [req-a06fd3fe-b1b1-4376-aef5-5b3161ff95c6 req-a06fd3fe-b1b1-4376-aef5-5b3161ff95c6 ] Request (TenantUsagesTestJSON:setUpClass): 200 GET http://10.180.1.21/identity/v3/domains?name=Default 0.040s
2024-09-22 23:45:04.522 62350 INFO tempest.lib.common.rest_client [req-1e816edf-b80d-47a6-bf0f-73adda55150a req-1e816edf-b80d-47a6-bf0f-73adda55150a ] Request (QuotasAdminTestV236:setUpClass): 204 PUT http://10.180.1.21/identity/v3/projects/855c510921254ea3af5fc47633790cde/users/d526addbfd6e47da9ddb3aac2cb166ee/roles/482793698bcf4124b4ec465c6c4969a8 0.035s
2024-09-22 23:45:04.522 62350 INFO tempest.lib.common.dynamic_creds [-] Dynamic test user d526addbfd6e47da9ddb3aac2cb166ee is created with scope project and roles: ['admin']
2024-09-22 23:45:04.522 62350 INFO tempest.lib.common.dynamic_creds [-] Acquired dynamic creds: credentials: Credentials: {'domain_id': 'default', 'domain_name': 'Default', 'username': 'tempest-QuotasAdminTestV236-358450227-project-admin', 'project_domain_id': 'default', 'project_domain_name': 'Default', 'project_id': '855c510921254ea3af5fc47633790cde', 'project_name': 'tempest-QuotasAdminTestV236-358450227', 'tenant_id': '855c510921254ea3af5fc47633790cde', 'tenant_name': 'tempest-QuotasAdminTestV236-358450227', 'user_domain_id': 'default', 'user_domain_name': 'Default', 'user_id': 'd526addbfd6e47da9ddb3aac2cb166ee', 'system': None}, Network: None, Subnet: None, Router: None
2024-09-22 23:45:04.522 62350 INFO tempest.lib.common.dynamic_creds [-] Created isolated network resources for: credentials: Credentials: {'domain_id': 'default', 'domain_name': 'Default', 'username': 'tempest-QuotasAdminTestV236-358450227-project-admin', 'project_domain_id': 'default', 'project_domain_name': 'Default', 'project_id': '855c510921254ea3af5fc47633790cde', 'project_name': 'tempest-QuotasAdminTestV236-358450227', 'tenant_id': '855c510921254ea3af5fc47633790cde', 'tenant_name': 'tempest-QuotasAdminTestV236-358450227', 'user_domain_id': 'default', 'user_domain_name': 'Default', 'user_id': 'd526addbfd6e47da9ddb3aac2cb166ee', 'system': None}, Network: None, Subnet: None, Router: None
2024-09-22 23:45:04.534 62338 INFO tempest.lib.common.rest_client [req-0e4afa0a-9ae0-46c9-b668-da8f67e90bd6 req-0e4afa0a-9ae0-46c9-b668-da8f67e90bd6 ] Request (TenantUsagesTestJSON:setUpClass): 201 POST http://10.180.1.21/identity/v3/projects 0.024s
2024-09-22 23:45:04.547 62372 INFO tempest.lib.common.rest_client [req-5f3081c7-e11b-4d50-ab4a-5a0f2cb41f4d req-5f3081c7-e11b-4d50-ab4a-5a0f2cb41f4d ] Request (SecurityGroupsTestJSON:setUpClass): 201 POST http://10.180.1.21:9696/networking/v2.0/routers 1.516s
2024-09-22 23:45:04.654 62350 INFO tempest.lib.common.rest_client [req-3a3f7e5c-3e70-4c75-bd83-1e0442d002f2 req-3a3f7e5c-3e70-4c75-bd83-1e0442d002f2 ] Request (QuotasAdminTestV236:setUpClass): 201 POST http://10.180.1.21/identity/v3/auth/tokens 0.128s
2024-09-22 23:45:04.655 62350 WARNING tempest.lib.common.rest_client [-] Deprecated: "tenant_id" property is deprecated for removal, use "project_id" instead
2024-09-22 23:45:04.660 62338 INFO tempest.lib.common.rest_client [req-cae702fe-bc8f-46e2-a2eb-f3b5fa1bed8f req-cae702fe-bc8f-46e2-a2eb-f3b5fa1bed8f ] Request (TenantUsagesTestJSON:setUpClass): 201 POST http://10.180.1.21/identity/v3/users 0.125s
2024-09-22 23:45:04.686 62338 INFO tempest.lib.common.rest_client [req-c3b719ce-55ad-4152-90e0-7d6ba45becda req-c3b719ce-55ad-4152-90e0-7d6ba45becda ] Request (TenantUsagesTestJSON:setUpClass): 200 GET http://10.180.1.21/identity/v3/roles 0.026s
2024-09-22 23:45:04.721 62338 INFO tempest.lib.common.rest_client [req-46568ad2-1e44-4d1a-b50d-11778be7da5a req-46568ad2-1e44-4d1a-b50d-11778be7da5a ] Request (TenantUsagesTestJSON:setUpClass): 204 PUT http://10.180.1.21/identity/v3/projects/a99f7b51e70f4b9dba5102fa2b8032ce/users/73ec287f674c491c8b64efd71079a7ad/roles/8e723cecee2e4b3fb991e84e8e92dbe0 0.034s
2024-09-22 23:45:04.721 62338 INFO tempest.lib.common.dynamic_creds [-] Dynamic test user 73ec287f674c491c8b64efd71079a7ad is created with scope project and roles: ['member']
2024-09-22 23:45:04.721 62338 INFO tempest.lib.common.dynamic_creds [-] Acquired dynamic creds: credentials: Credentials: {'domain_id': 'default', 'domain_name': 'Default', 'username': 'tempest-TenantUsagesTestJSON-443061301-project-member', 'project_domain_id': 'default', 'project_domain_name': 'Default', 'project_id': 'a99f7b51e70f4b9dba5102fa2b8032ce', 'project_name': 'tempest-TenantUsagesTestJSON-443061301', 'tenant_id': 'a99f7b51e70f4b9dba5102fa2b8032ce', 'tenant_name': 'tempest-TenantUsagesTestJSON-443061301', 'user_domain_id': 'default', 'user_domain_name': 'Default', 'user_id': '73ec287f674c491c8b64efd71079a7ad', 'system': None}, Network: None, Subnet: None, Router: None
2024-09-22 23:45:04.721 62338 INFO tempest.lib.common.dynamic_creds [-] Created isolated network resources for: credentials: Credentials: {'domain_id': 'default', 'domain_name': 'Default', 'username': 'tempest-TenantUsagesTestJSON-443061301-project-member', 'project_domain_id': 'default', 'project_domain_name': 'Default', 'project_id': 'a99f7b51e70f4b9dba5102fa2b8032ce', 'project_name': 'tempest-TenantUsagesTestJSON-443061301', 'tenant_id': 'a99f7b51e70f4b9dba5102fa2b8032ce', 'tenant_name': 'tempest-TenantUsagesTestJSON-443061301', 'user_domain_id': 'default', 'user_domain_name': 'Default', 'user_id': '73ec287f674c491c8b64efd71079a7ad', 'system': None}, Network: None, Subnet: None, Router: None
2024-09-22 23:45:04.771 62332 INFO tempest.lib.common.rest_client [req-24696c26-a9b3-4aa2-a52f-100f9d99623b req-24696c26-a9b3-4aa2-a52f-100f9d99623b ] Request (ImagesMetadataTestJSON:setUp): 200 PUT http://10.180.1.21/compute/v2.1/images/e27406a2-f5bb-43c1-b995-5bc663f76438/metadata 2.589s
2024-09-22 23:45:04.781 62326 INFO tempest.lib.common.rest_client [req-44bb80f7-41dd-431b-9b60-580d22cdd263 req-44bb80f7-41dd-431b-9b60-580d22cdd263 ] Request (VolumesAdminNegativeTest:setUpClass): 201 POST http://10.180.1.21:9696/networking/v2.0/networks 0.970s
2024-09-22 23:45:04.812 62338 INFO tempest.lib.common.rest_client [req-7dd9dc97-50aa-44dc-be14-cc114a61d173 req-7dd9dc97-50aa-44dc-be14-cc114a61d173 ] Request (TenantUsagesTestJSON:setUpClass): 201 POST http://10.180.1.21/identity/v3/auth/tokens 0.088s
2024-09-22 23:45:04.905 62338 INFO tempest.lib.common.rest_client [req-5acc9ad7-f6d5-4146-adc0-3164b8391efc req-5acc9ad7-f6d5-4146-adc0-3164b8391efc ] Request (TenantUsagesTestJSON:setUpClass): 201 POST http://10.180.1.21/identity/v3/projects 0.092s
2024-09-22 23:45:04.906 62330 INFO tempest.lib.common.rest_client [req-45435ca4-56df-4a3d-950b-f8551f15226d req-45435ca4-56df-4a3d-950b-f8551f15226d ] Request (AZAdminV2TestJSON:test_get_availability_zone_list): 200 GET http://10.180.1.21/compute/v2.1/os-availability-zone 2.703s
2024-09-22 23:45:04.953 62364 INFO tempest.lib.common.rest_client [req-b9851d02-2699-4985-92de-0a29f732dc5d req-b9851d02-2699-4985-92de-0a29f732dc5d ] Request (SecurityGroupsTestAdminJSON:test_list_security_groups_list_all_tenants_filter): 200 POST http://10.180.1.21/compute/v2.1/os-security-groups 2.796s
2024-09-22 23:45:04.979 62338 INFO tempest.lib.common.rest_client [req-53ad34ec-5e44-4b7e-9fd2-99b8adbaaa00 req-53ad34ec-5e44-4b7e-9fd2-99b8adbaaa00 ] Request (TenantUsagesTestJSON:setUpClass): 201 POST http://10.180.1.21/identity/v3/users 0.074s
2024-09-22 23:45:05.026 62338 INFO tempest.lib.common.rest_client [req-c9b7ae14-86b7-4ce7-b41e-146276c9d2d5 req-c9b7ae14-86b7-4ce7-b41e-146276c9d2d5 ] Request (TenantUsagesTestJSON:setUpClass): 200 GET http://10.180.1.21/identity/v3/roles 0.046s
2024-09-22 23:45:05.039 62380 INFO tempest.lib.common.rest_client [req-531943d2-d7b7-49ab-9ba5-538c56673909 req-531943d2-d7b7-49ab-9ba5-538c56673909 ] Request (InstanceUsageAuditLogTestJSON:test_get_instance_usage_audit_log): 200 GET http://10.180.1.21/compute/v2.1/os-instance_usage_audit_log/2024-09-22%2023%3A45%3A02 2.816s
2024-09-22 23:45:05.057 62338 INFO tempest.lib.common.rest_client [req-f4a825aa-0508-4c98-a2fe-26e6db525fa6 req-f4a825aa-0508-4c98-a2fe-26e6db525fa6 ] Request (TenantUsagesTestJSON:setUpClass): 204 PUT http://10.180.1.21/identity/v3/projects/7accf9404cd040cbaea433aa19a15276/users/7439becbd24943928893ae85204304c8/roles/482793698bcf4124b4ec465c6c4969a8 0.031s
2024-09-22 23:45:05.099 62370 INFO tempest.lib.common.rest_client [req-a1eada4c-5b05-43b6-8b93-f8a22adb4854 req-a1eada4c-5b05-43b6-8b93-f8a22adb4854 ] Request (HostsAdminNegativeTestJSON:setUpClass): 200 GET http://10.180.1.21/compute/v2.1/os-hosts 2.833s
2024-09-22 23:45:05.133 62376 INFO tempest.lib.common.rest_client [req-50e1bf37-e697-4f28-96c8-38ffe8845631 req-50e1bf37-e697-4f28-96c8-38ffe8845631 ] Request (ServersWithSpecificFlavorTestJSON:setUpClass): 201 POST http://10.180.1.21:9696/networking/v2.0/subnets 0.710s
2024-09-22 23:45:05.155 62338 INFO tempest.lib.common.rest_client [req-260b6e51-7668-45e5-a176-acda138a59be req-260b6e51-7668-45e5-a176-acda138a59be ] Request (TenantUsagesTestJSON:setUpClass): 200 GET http://10.180.1.21/identity/v3/roles 0.098s
2024-09-22 23:45:05.210 62338 INFO tempest.lib.common.rest_client [req-e8a68b5e-ff2b-4d80-b9bf-e77386053287 req-e8a68b5e-ff2b-4d80-b9bf-e77386053287 ] Request (TenantUsagesTestJSON:setUpClass): 204 PUT http://10.180.1.21/identity/v3/projects/7accf9404cd040cbaea433aa19a15276/users/7439becbd24943928893ae85204304c8/roles/482793698bcf4124b4ec465c6c4969a8 0.054s
2024-09-22 23:45:05.210 62338 INFO tempest.lib.common.dynamic_creds [-] Dynamic test user 7439becbd24943928893ae85204304c8 is created with scope project and roles: ['admin']
2024-09-22 23:45:05.210 62338 INFO tempest.lib.common.dynamic_creds [-] Acquired dynamic creds: credentials: Credentials: {'domain_id': 'default', 'domain_name': 'Default', 'username': 'tempest-TenantUsagesTestJSON-509146075-project-admin', 'project_domain_id': 'default', 'project_domain_name': 'Default', 'project_id': '7accf9404cd040cbaea433aa19a15276', 'project_name': 'tempest-TenantUsagesTestJSON-509146075', 'tenant_id': '7accf9404cd040cbaea433aa19a15276', 'tenant_name': 'tempest-TenantUsagesTestJSON-509146075', 'user_domain_id': 'default', 'user_domain_name': 'Default', 'user_id': '7439becbd24943928893ae85204304c8', 'system': None}, Network: None, Subnet: None, Router: None
2024-09-22 23:45:05.210 62338 INFO tempest.lib.common.dynamic_creds [-] Created isolated network resources for: credentials: Credentials: {'domain_id': 'default', 'domain_name': 'Default', 'username': 'tempest-TenantUsagesTestJSON-509146075-project-admin', 'project_domain_id': 'default', 'project_domain_name': 'Default', 'project_id': '7accf9404cd040cbaea433aa19a15276', 'project_name': 'tempest-TenantUsagesTestJSON-509146075', 'tenant_id': '7accf9404cd040cbaea433aa19a15276', 'tenant_name': 'tempest-TenantUsagesTestJSON-509146075', 'user_domain_id': 'default', 'user_domain_name': 'Default', 'user_id': '7439becbd24943928893ae85204304c8', 'system': None}, Network: None, Subnet: None, Router: None
2024-09-22 23:45:05.219 62374 INFO tempest.lib.common.rest_client [req-15f1a6c7-e373-400a-9afe-0a5421f5fbb3 req-15f1a6c7-e373-400a-9afe-0a5421f5fbb3 ] Request (HypervisorAdminNegativeUnderV252Test:test_search_hypervisor_with_non_admin_user): 200 GET http://10.180.1.21/compute/v2.1/os-hypervisors 2.834s
2024-09-22 23:45:05.237 62326 INFO tempest.lib.common.rest_client [req-aab4417c-7d0d-4a8e-8202-523f3b0fa1fb req-aab4417c-7d0d-4a8e-8202-523f3b0fa1fb ] Request (VolumesAdminNegativeTest:setUpClass): 201 POST http://10.180.1.21:9696/networking/v2.0/subnets 0.455s
2024-09-22 23:45:05.320 62338 INFO tempest.lib.common.rest_client [req-798a9c6f-c395-49ad-a2a5-cb35d9067b7c req-798a9c6f-c395-49ad-a2a5-cb35d9067b7c ] Request (TenantUsagesTestJSON:setUpClass): 201 POST http://10.180.1.21/identity/v3/auth/tokens 0.103s
2024-09-22 23:45:05.324 62338 WARNING tempest.lib.common.rest_client [-] Deprecated: "tenant_id" property is deprecated for removal, use "project_id" instead
2024-09-22 23:45:05.336 62328 INFO tempest.lib.common.rest_client [req-d938961d-4a4c-4161-ab9a-fa55ab62aac3 req-d938961d-4a4c-4161-ab9a-fa55ab62aac3 ] Request (FlavorsAccessTestJSON:test_flavor_access_add_remove): 200 GET http://10.180.1.21/compute/v2.1/flavors/detail 2.797s
2024-09-22 23:45:05.388 62338 INFO tempest.lib.common.rest_client [req-d95b1253-3e53-4934-abe7-66c299128886 req-d95b1253-3e53-4934-abe7-66c299128886 ] Request (TenantUsagesTestJSON:setUpClass): 201 POST http://10.180.1.21/identity/v3/auth/tokens 0.061s
2024-09-22 23:45:05.389 62338 INFO tempest.lib.common.fixed_network [-] (TenantUsagesTestJSON:setUpClass) Found network None available for tenant
2024-09-22 23:45:05.468 62336 INFO tempest.lib.common.rest_client [req-8edea69e-8563-4bfe-b9a5-05d6f953d43d req-8edea69e-8563-4bfe-b9a5-05d6f953d43d ] Request (QuotasAdminTestV257:test_get_updated_quotas): 200 PUT http://10.180.1.21/compute/v2.1/os-quota-sets/4236cace599a4080b66a216e7f9250df 2.906s
2024-09-22 23:45:05.532 62366 INFO tempest.lib.common.rest_client [req-4ee8c898-92f1-480e-a573-7fbc9c6636d7 req-4ee8c898-92f1-480e-a573-7fbc9c6636d7 ] Request (HypervisorAdminUnderV252Test:test_get_hypervisor_show_servers): 200 GET http://10.180.1.21/compute/v2.1/os-hypervisors/domain-c8.fc996f14-c53b-4953-92e3-bdfa48f5cc28/servers 2.814s
2024-09-22 23:45:05.616 62354 INFO tempest.lib.common.rest_client [req-284a0fc9-c2ac-4a2d-a3e8-e04caa719263 req-284a0fc9-c2ac-4a2d-a3e8-e04caa719263 ] Request (ServerDiagnosticsTest:test_get_server_diagnostics): 202 POST http://10.180.1.21/compute/v2.1/servers 3.118s
2024-09-22 23:45:05.741 62348 INFO tempest.lib.common.rest_client [req-6cfa6479-8729-4ab7-9316-9e1d1a45e6b3 req-6cfa6479-8729-4ab7-9316-9e1d1a45e6b3 ] Request (VolumesAssistedSnapshotsTest:setUpClass): 200 PUT http://10.180.1.21:9696/networking/v2.0/routers/6af1af7d-5736-4395-8a07-7996be8e9bf0/add_router_interface 1.718s
2024-09-22 23:45:05.741 62348 INFO tempest.lib.common.dynamic_creds [-] Created isolated network resources for: credentials: Credentials: {'domain_id': 'default', 'domain_name': 'Default', 'username': 'tempest-VolumesAssistedSnapshotsTest-844300247-project-admin', 'project_domain_id': 'default', 'project_domain_name': 'Default', 'project_id': '5fd08a40588a4757b226a8eb061b5622', 'project_name': 'tempest-VolumesAssistedSnapshotsTest-844300247', 'tenant_id': '5fd08a40588a4757b226a8eb061b5622', 'tenant_name': 'tempest-VolumesAssistedSnapshotsTest-844300247', 'user_domain_id': 'default', 'user_domain_name': 'Default', 'user_id': 'e9fab485cee845cc9815238ed248f23d', 'system': None}, Network: {'id': '52c9f26d-9c5b-4831-a746-bf3bc8aa62c1', 'name': 'tempest-VolumesAssistedSnapshotsTest-1322886043-network', 'tenant_id': '5fd08a40588a4757b226a8eb061b5622', 'admin_state_up': True, 'mtu': 8950, 'status': 'ACTIVE', 'subnets': [], 'shared': False, 'project_id': '5fd08a40588a4757b226a8eb061b5622', 'port_security_enabled': True, 'router:external': False, 'provider:network_type': 'vlan', 'provider:physical_network': 'default', 'provider:segmentation_id': 401, 'is_default': False, 'availability_zone_hints': [], 'availability_zones': [], 'ipv4_address_scope': None, 'ipv6_address_scope': None, 'description': '', 'tags': [], 'created_at': '2024-09-22T23:45:02Z', 'updated_at': '2024-09-22T23:45:02Z', 'revision_number': 1}, Subnet: {'id': 'ff42aba6-502b-425c-954f-987066fdc07b', 'name': 'tempest-VolumesAssistedSnapshotsTest-1322886043-subnet', 'tenant_id': '5fd08a40588a4757b226a8eb061b5622', 'network_id': '52c9f26d-9c5b-4831-a746-bf3bc8aa62c1', 'ip_version': 4, 'subnetpool_id': None, 'enable_dhcp': True, 'ipv6_ra_mode': None, 'ipv6_address_mode': None, 'gateway_ip': '192.168.128.1', 'cidr': '192.168.128.0/28', 'allocation_pools': [{'start': '192.168.128.2', 'end': '192.168.128.14'}], 'host_routes': [], 'dns_nameservers': [], 'description': '', 'router:external': False, 'service_types': [], 'tags': [], 'created_at': '2024-09-22T23:45:02Z', 'updated_at': '2024-09-22T23:45:02Z', 'revision_number': 0, 'project_id': '5fd08a40588a4757b226a8eb061b5622'}, Router: {'id': '6af1af7d-5736-4395-8a07-7996be8e9bf0', 'name': 'tempest-VolumesAssistedSnapshotsTest-1322886043-router', 'tenant_id': '5fd08a40588a4757b226a8eb061b5622', 'admin_state_up': True, 'status': 'ACTIVE', 'external_gateway_info': {'network_id': 'b2cbca36-2b8e-4852-bb56-f99a3cd9a6ea', 'external_fixed_ips': [{'subnet_id': 'ab9b19c4-e307-4528-923f-48b87b3ebea7', 'ip_address': '10.180.180.210'}], 'enable_snat': True}, 'description': '', 'availability_zones': [], 'distributed': False, 'ha': False, 'availability_zone_hints': [], 'routes': [], 'flavor_id': None, 'tags': [], 'created_at': '2024-09-22T23:45:02Z', 'updated_at': '2024-09-22T23:45:03Z', 'revision_number': 2, 'project_id': '5fd08a40588a4757b226a8eb061b5622'}
2024-09-22 23:45:05.825 62348 INFO tempest.lib.common.rest_client [req-d2ab34e5-9ec7-4a3f-bcd0-c272497b6a86 req-d2ab34e5-9ec7-4a3f-bcd0-c272497b6a86 ] Request (VolumesAssistedSnapshotsTest:setUpClass): 201 POST http://10.180.1.21/identity/v3/auth/tokens 0.081s
2024-09-22 23:45:05.897 62348 INFO tempest.lib.common.rest_client [req-88ab4731-5c23-4676-8ce7-81595f7c38c7 req-88ab4731-5c23-4676-8ce7-81595f7c38c7 ] Request (VolumesAssistedSnapshotsTest:setUpClass): 201 POST http://10.180.1.21/identity/v3/projects 0.072s
2024-09-22 23:45:05.964 62348 INFO tempest.lib.common.rest_client [req-da6aed25-c1c0-490c-9057-da81b7eeec2c req-da6aed25-c1c0-490c-9057-da81b7eeec2c ] Request (VolumesAssistedSnapshotsTest:setUpClass): 201 POST http://10.180.1.21/identity/v3/users 0.066s
2024-09-22 23:45:05.989 62348 INFO tempest.lib.common.rest_client [req-6350e502-7323-4c47-b04d-7a2acd24c67d req-6350e502-7323-4c47-b04d-7a2acd24c67d ] Request (VolumesAssistedSnapshotsTest:setUpClass): 200 GET http://10.180.1.21/identity/v3/roles 0.024s
2024-09-22 23:45:06.021 62348 INFO tempest.lib.common.rest_client [req-471acdc1-e683-43b7-bcb7-cc51f488e138 req-471acdc1-e683-43b7-bcb7-cc51f488e138 ] Request (VolumesAssistedSnapshotsTest:setUpClass): 204 PUT http://10.180.1.21/identity/v3/projects/e497c65b42a74dc792dbca05d878d7e0/users/0733db0e767c474f8094b36570d617f0/roles/482793698bcf4124b4ec465c6c4969a8 0.032s
2024-09-22 23:45:06.085 62348 INFO tempest.lib.common.rest_client [req-ea4cb9a7-45b0-41e6-9317-0e018f9a693a req-ea4cb9a7-45b0-41e6-9317-0e018f9a693a ] Request (VolumesAssistedSnapshotsTest:setUpClass): 200 GET http://10.180.1.21/identity/v3/roles 0.063s
2024-09-22 23:45:06.117 62348 INFO tempest.lib.common.rest_client [req-d15264c4-31fc-4c8a-a1aa-c78cc51bdeb7 req-d15264c4-31fc-4c8a-a1aa-c78cc51bdeb7 ] Request (VolumesAssistedSnapshotsTest:setUpClass): 204 PUT http://10.180.1.21/identity/v3/projects/e497c65b42a74dc792dbca05d878d7e0/users/0733db0e767c474f8094b36570d617f0/roles/4c00f3cbe12e4db2a8472cdf811676e3 0.032s
2024-09-22 23:45:06.117 62348 INFO tempest.lib.common.dynamic_creds [-] Dynamic test user 0733db0e767c474f8094b36570d617f0 is created with scope project and roles: ['admin', 'service']
2024-09-22 23:45:06.118 62348 INFO tempest.lib.common.dynamic_creds [-] Acquired dynamic creds: credentials: Credentials: {'domain_id': 'default', 'domain_name': 'Default', 'username': 'tempest-VolumesAssistedSnapshotsTest-885469492-project', 'project_domain_id': 'default', 'project_domain_name': 'Default', 'project_id': 'e497c65b42a74dc792dbca05d878d7e0', 'project_name': 'tempest-VolumesAssistedSnapshotsTest-885469492', 'tenant_id': 'e497c65b42a74dc792dbca05d878d7e0', 'tenant_name': 'tempest-VolumesAssistedSnapshotsTest-885469492', 'user_domain_id': 'default', 'user_domain_name': 'Default', 'user_id': '0733db0e767c474f8094b36570d617f0', 'system': None}, Network: None, Subnet: None, Router: None
2024-09-22 23:45:06.288 62358 INFO tempest.lib.common.rest_client [req-e80d949f-26e0-4637-96bb-ac92e48d1c4b req-e80d949f-26e0-4637-96bb-ac92e48d1c4b ] Request (FloatingIPDetailsNegativeTestJSON:tearDownClass): 200 PUT http://10.180.1.21:9696/networking/v2.0/routers/8391e61c-eb60-4997-9fe5-e89a154d06d9/remove_router_interface 2.329s
2024-09-22 23:45:06.550 62340 INFO tempest.lib.common.rest_client [req-fdfb942b-039d-4f4e-9ad5-9735ddbf3c2f req-fdfb942b-039d-4f4e-9ad5-9735ddbf3c2f ] Request (ImagesNegativeTestJSON:test_create_image_from_deleted_server): 202 POST http://10.180.1.21/compute/v2.1/servers 3.769s
2024-09-22 23:45:06.570 62348 INFO tempest.lib.common.rest_client [req-f07d0344-b831-47b3-9a4b-f1a7f0d1f66d req-f07d0344-b831-47b3-9a4b-f1a7f0d1f66d ] Request (VolumesAssistedSnapshotsTest:setUpClass): 201 POST http://10.180.1.21:9696/networking/v2.0/networks 0.452s
2024-09-22 23:45:06.570 62384 INFO tempest.lib.common.rest_client [req-c0ed300c-7fbf-473b-a9eb-0243aada6f69 req-c0ed300c-7fbf-473b-a9eb-0243aada6f69 ] Request (MultipleCreateTestJSON:test_multiple_create): 202 POST http://10.180.1.21/compute/v2.1/servers 3.796s
2024-09-22 23:45:06.590 62388 INFO tempest.lib.common.rest_client [req-93947be6-dbbf-44c4-ad46-3e779cbc7e76 req-93947be6-dbbf-44c4-ad46-3e779cbc7e76 ] Request (KeyPairsV210TestJSON:test_admin_manage_keypairs_for_other_users): 201 POST http://10.180.1.21/compute/v2.1/os-keypairs 3.658s
2024-09-22 23:45:06.614 62386 INFO tempest.lib.common.rest_client [req-9d667512-4d48-4f8e-b376-0e6b2281e3f4 req-9d667512-4d48-4f8e-b376-0e6b2281e3f4 ] Request (FlavorsAdminTestJSON:_run_cleanups): 200 GET http://10.180.1.21/compute/v2.1/flavors/detail 3.222s
2024-09-22 23:45:06.705 62344 INFO tempest.lib.common.rest_client [req-e7540614-f574-474e-a931-1db8a12e6681 req-e7540614-f574-474e-a931-1db8a12e6681 ] Request (FlavorsV261TestJSON:test_crud_flavor): 200 GET http://10.180.1.21/compute/v2.1/flavors/1530764620 3.525s
2024-09-22 23:45:06.743 62362 INFO tempest.lib.common.rest_client [req-88cd4aee-35b0-448f-9810-cc3bc2086a9b req-88cd4aee-35b0-448f-9810-cc3bc2086a9b ] Request (AggregatesAdminNegativeTestJSON:test_aggregate_add_existent_host): 200 POST http://10.180.1.21/compute/v2.1/os-aggregates 3.193s
2024-09-22 23:45:06.752 62326 INFO tempest.lib.common.rest_client [req-31e721ef-ec84-45b9-a6e3-64fcc709ddcd req-31e721ef-ec84-45b9-a6e3-64fcc709ddcd ] Request (VolumesAdminNegativeTest:setUpClass): 201 POST http://10.180.1.21:9696/networking/v2.0/routers 1.513s
2024-09-22 23:45:06.767 62360 INFO tempest.lib.common.rest_client [req-f53d4ad1-7eb5-4a69-bae6-a1ae88deaa2d req-f53d4ad1-7eb5-4a69-bae6-a1ae88deaa2d ] Request (QuotasAdminNegativeTest:test_create_server_when_cpu_quota_is_full): 200 PUT http://10.180.1.21/compute/v2.1/os-quota-sets/13f8af8910184f9bb15b708b0c8d1187 3.365s
2024-09-22 23:45:06.837 62342 INFO tempest.lib.common.rest_client [req-3158e308-c414-4c87-b42f-7ac6c356534d req-3158e308-c414-4c87-b42f-7ac6c356534d ] Request (FlavorsV2NegativeTest:test_boot_with_low_ram): 200 GET http://10.180.1.21/compute/v2.1/flavors/42 3.076s
2024-09-22 23:45:06.850 62348 INFO tempest.lib.common.rest_client [req-e152198a-121c-48ba-bff0-84b12ade7a52 req-e152198a-121c-48ba-bff0-84b12ade7a52 ] Request (VolumesAssistedSnapshotsTest:setUpClass): 201 POST http://10.180.1.21:9696/networking/v2.0/subnets 0.280s
2024-09-22 23:45:06.876 62346 INFO tempest.lib.common.rest_client [req-c4be1da9-0f47-4d55-a06b-37eba479fada req-c4be1da9-0f47-4d55-a06b-37eba479fada ] Request (FlavorsV255TestJSON:test_crud_flavor): 200 GET http://10.180.1.21/compute/v2.1/flavors/565194951 3.100s
2024-09-22 23:45:06.881 62360 INFO tempest.lib.common.rest_client [req-ea6d502a-fb45-4f28-b3af-27d138990add req-ea6d502a-fb45-4f28-b3af-27d138990add ] Request (QuotasAdminNegativeTest:test_create_server_when_cpu_quota_is_full): 201 POST http://10.180.1.21/identity/v3/auth/tokens 0.108s
2024-09-22 23:45:06.881 62360 INFO tempest.lib.common.fixed_network [-] (QuotasAdminNegativeTest:test_create_server_when_cpu_quota_is_full) Found network None available for tenant
2024-09-22 23:45:06.886 62334 INFO tempest.lib.common.rest_client [req-f77f0001-26e6-420f-be62-7ccdbc84637f req-f77f0001-26e6-420f-be62-7ccdbc84637f ] Request (HypervisorAdminNegativeTestJSON:test_get_hypervisor_list_with_non_admin_user): 403 GET http://10.180.1.21/compute/v2.1/os-hypervisors 2.757s
2024-09-22 23:45:06.906 62382 INFO tempest.lib.common.rest_client [req-a40656da-f75b-47ec-8843-05711f7fcc58 req-a40656da-f75b-47ec-8843-05711f7fcc58 ] Request (ServicesAdminNegativeTestJSON:test_get_service_with_valid_service_and_invalid_host): 200 GET http://10.180.1.21/compute/v2.1/os-services?host=xxx&binary=nova-scheduler 2.666s
2024-09-22 23:45:06.967 62356 INFO tempest.lib.common.rest_client [req-61077e9e-9c89-486a-9b06-e0493f9bdd80 req-61077e9e-9c89-486a-9b06-e0493f9bdd80 ] Request (FlavorMetadataValidation:test_flavor_update_with_custom_namespace): 200 POST http://10.180.1.21/compute/v2.1/flavors/1450250016/os-extra_specs 2.964s
2024-09-22 23:45:07.005 62352 INFO tempest.lib.common.rest_client [req-628a0352-0e32-4de3-a197-619640eae399 req-628a0352-0e32-4de3-a197-619640eae399 ] Request (InstanceUsageAuditLogNegativeTestJSON:test_instance_usage_audit_logs_with_nonadmin_user): 403 GET http://10.180.1.21/compute/v2.1/os-instance_usage_audit_log 2.557s
2024-09-22 23:45:07.049 62376 INFO tempest.lib.common.rest_client [req-23caab88-114b-4f33-acd6-f29b9a0b77b8 req-23caab88-114b-4f33-acd6-f29b9a0b77b8 ] Request (ServersWithSpecificFlavorTestJSON:setUpClass): 201 POST http://10.180.1.21:9696/networking/v2.0/routers 1.915s
2024-09-22 23:45:07.138 62368 INFO tempest.lib.common.rest_client [req-82b67a78-7652-4ac9-bda2-f1aee4b42fac req-82b67a78-7652-4ac9-bda2-f1aee4b42fac ] Request (ServerDiagnosticsNegativeTest:test_get_server_diagnostics_by_non_admin): 200 GET http://10.180.1.21/compute/v2.1/servers/a8c54503-1be7-4a28-9e2f-b31d546bfc10 2.679s
2024-09-22 23:45:07.176 62372 INFO tempest.lib.common.rest_client [req-5c5da725-2db0-41ed-bb4b-e1350b140f53 req-5c5da725-2db0-41ed-bb4b-e1350b140f53 ] Request (SecurityGroupsTestJSON:setUpClass): 200 PUT http://10.180.1.21:9696/networking/v2.0/routers/da656128-c761-4b89-9ef1-250e4d193fa1/add_router_interface 2.628s
