2024-09-22 23:46:35.560 62346 INFO tempest.lib.common.rest_client [req-86fb7c7b-5e21-4ecc-8400-f0e0feb12427 req-86fb7c7b-5e21-4ecc-8400-f0e0feb12427 ] Request (ServerMetadataNegativeTestJSON:setUpClass): 200 GET http://10.180.1.21/compute/v2.1/servers/b02e45e8-7684-4683-b13e-0e5ef5b52f67 0.046s
2024-09-22 23:46:35.569 62384 INFO tempest.lib.common.rest_client [req-251774ed-c02d-4e4b-aea8-24576af7d36c req-251774ed-c02d-4e4b-aea8-24576af7d36c ] Request (MultipleCreateTestJSON:test_multiple_create_with_reservation_return): 200 GET http://10.180.1.21/compute/v2.1/servers/5f816c6a-1996-455b-afb4-acaf9c2c48c0 0.044s
2024-09-22 23:46:35.608 62372 INFO tempest.lib.common.rest_client [req-573a8b2e-8fc3-41ca-bdde-ca25d29ceccf req-573a8b2e-8fc3-41ca-bdde-ca25d29ceccf ] Request (SecurityGroupsTestJSON:test_server_security_groups): 200 GET http://10.180.1.21/compute/v2.1/servers/f7881063-546c-4dc2-8c38-6eeb7627b9cf 0.041s
2024-09-22 23:46:35.625 62332 INFO tempest.lib.common.rest_client [req-297c6866-d537-41e9-9cac-d11e78c5574e req-297c6866-d537-41e9-9cac-d11e78c5574e ] Request (ImagesOneServerNegativeTestJSON:setUpClass): 200 GET http://10.180.1.21/compute/v2.1/servers/54a154e6-7b2c-4028-9d14-0731c9230ae2 0.044s
2024-09-22 23:46:35.669 62366 INFO tempest.lib.common.rest_client [req-029e52ed-cd79-4ac3-bf2c-99a715112a55 req-029e52ed-cd79-4ac3-bf2c-99a715112a55 ] Request (AttachInterfacesV270Test:test_create_get_list_interfaces): 200 GET http://10.180.1.21/compute/v2.1/servers/c2cd7d41-ffa5-4aa8-93b1-9ff54751ee69 0.058s
2024-09-22 23:46:35.674 62352 INFO tempest.lib.common.rest_client [req-7b248bdc-45b1-42fb-8cf5-c1433c707abd req-7b248bdc-45b1-42fb-8cf5-c1433c707abd ] Request (FloatingIPsAssociationNegativeTestJSON:setUpClass): 200 GET http://10.180.1.21/compute/v2.1/servers/c4bc5fdf-c733-414a-8189-359f21d2e15e 0.051s
2024-09-22 23:46:35.718 62328 INFO tempest.lib.common.rest_client [req-c1eb3147-74ab-4a9f-9b1c-cef075a76b43 req-c1eb3147-74ab-4a9f-9b1c-cef075a76b43 ] Request (ServersTestJSON:test_create_server_specify_multibyte_character_name): 200 GET http://10.180.1.21/compute/v2.1/servers/adb777b3-028a-4fc9-b07d-8e82d305f3ad 0.063s
2024-09-22 23:46:35.723 62340 INFO tempest.lib.common.rest_client [req-da13f610-8774-42dc-bb70-b254cefa2968 req-da13f610-8774-42dc-bb70-b254cefa2968 ] Request (ListServerFiltersTestJSON:setUpClass): 200 GET http://10.180.1.21/compute/v2.1/servers/2b8a4ca7-6572-4389-a002-f2dd01c303d1 0.060s
2024-09-22 23:46:35.769 62388 INFO tempest.lib.common.rest_client [req-cb26825c-b0fb-4302-8b4f-1ec95947c604 req-cb26825c-b0fb-4302-8b4f-1ec95947c604 ] Request (AttachInterfacesUnderV243Test:test_add_remove_fixed_ip): 200 GET http://10.180.1.21/compute/v2.1/servers/6a24980f-d598-4882-b290-32e63d85a63b 0.070s
2024-09-22 23:46:35.772 62330 INFO tempest.lib.common.rest_client [req-0bc76ba3-c5f5-4a84-a082-f11790e4072a req-0bc76ba3-c5f5-4a84-a082-f11790e4072a ] Request (ServersAdmin275Test:test_rebuild_update_server_275): 200 GET http://10.180.1.21/compute/v2.1/servers/7973db21-a40b-495f-8381-bd28fb211ef3 0.059s
2024-09-22 23:46:35.820 62386 INFO tempest.lib.common.rest_client [req-10aae82e-fb69-4e6d-807b-19e75baf4ce7 req-10aae82e-fb69-4e6d-807b-19e75baf4ce7 ] Request (InstanceActionsNegativeTestJSON:setUpClass): 200 GET http://10.180.1.21/compute/v2.1/servers/bb5e0489-749f-49ab-b6d1-58876730f077 0.079s
2024-09-22 23:46:35.821 62334 INFO tempest.lib.common.rest_client [req-d8088b88-9936-4593-ba37-4f7d90789e3d req-d8088b88-9936-4593-ba37-4f7d90789e3d ] Request (ListImageFiltersTestJSON:setUpClass): 200 GET http://10.180.1.21/compute/v2.1/servers/adce9239-b3af-4d58-8386-c2e7ff91bb30 0.070s
2024-09-22 23:46:35.866 62356 INFO tempest.lib.common.rest_client [req-17c0eb52-9dd8-4461-b1e4-fd074387d1c3 req-17c0eb52-9dd8-4461-b1e4-fd074387d1c3 ] Request (MigrationsAdminTest:test_resize_server_revert_deleted_flavor): 200 GET http://10.180.1.21/compute/v2.1/servers/5d8c0db1-93db-49de-abb7-e44b87317b33 0.083s
2024-09-22 23:46:35.872 62348 INFO tempest.lib.common.rest_client [req-8cf2bd6b-0a57-43f1-ba6a-f85e38daf221 req-8cf2bd6b-0a57-43f1-ba6a-f85e38daf221 ] Request (ServersAdminTestJSON:setUpClass): 200 GET http://10.180.1.21/compute/v2.1/servers/f5ca4584-8b69-402d-85fb-0063560f39bf 0.059s
2024-09-22 23:46:35.911 62360 INFO tempest.lib.common.rest_client [req-63d4341c-287f-448e-9cf2-19452967b9c1 req-63d4341c-287f-448e-9cf2-19452967b9c1 ] Request (ServersAdminNegativeTestJSON:setUpClass): 200 GET http://10.180.1.21/compute/v2.1/servers/a6aea6a7-261a-4dd7-8a61-6f98865794b8 0.083s
2024-09-22 23:46:35.917 62380 INFO tempest.lib.common.rest_client [req-bd543afd-33b2-4cc1-9d18-133da0ada274 req-bd543afd-33b2-4cc1-9d18-133da0ada274 ] Request (ServersAaction247Test:test_create_backup): 200 GET http://10.180.1.21/compute/v2.1/servers/279083e0-6262-485a-9c3e-d6458d7f45d1 0.052s
2024-09-22 23:46:35.952 62378 INFO tempest.lib.common.rest_client [req-1996ac45-f479-4c1c-ab33-669beea16ce2 req-1996ac45-f479-4c1c-ab33-669beea16ce2 ] Request (DeleteServersAdminTestJSON:test_delete_server_while_in_error_state): 200 GET http://10.180.1.21/compute/v2.1/servers/01d58e50-dfdd-4e80-b2fe-1ec8035e5a49 0.073s
2024-09-22 23:46:35.962 62374 INFO tempest.lib.common.rest_client [req-3d9e3f49-3564-4d2b-abfc-44bd67d86d80 req-3d9e3f49-3564-4d2b-abfc-44bd67d86d80 ] Request (ImagesTestJSON:test_create_image_from_suspended_server): 200 GET http://10.180.1.21/compute/v2.1/servers/502cdb11-cfcf-4124-9ab4-fa873e4c95d7 0.052s
2024-09-22 23:46:36.003 62376 INFO tempest.lib.common.rest_client [req-785b968d-8b3a-4433-8a95-ad8fd576443f req-785b968d-8b3a-4433-8a95-ad8fd576443f ] Request (ServersWithSpecificFlavorTestJSON:test_verify_created_server_ephemeral_disk): 200 GET http://10.180.1.21/compute/v2.1/servers/8557eaad-9ccb-4f51-9ace-dafa14eb4dcf 0.083s
2024-09-22 23:46:36.005 62362 INFO tempest.lib.common.rest_client [req-927d68e3-15e3-4999-8a5c-b2910aea068f req-927d68e3-15e3-4999-8a5c-b2910aea068f ] Request (ServerPasswordTestJSON:setUpClass): 200 GET http://10.180.1.21/compute/v2.1/servers/28dd34fe-4c66-42a4-b670-38c0a8a07267 0.049s
2024-09-22 23:46:36.047 62336 INFO tempest.lib.common.rest_client [req-38330692-ac9c-4007-b841-c92d737e564c req-38330692-ac9c-4007-b841-c92d737e564c ] Request (ServersTestBootFromVolume:setUpClass): 200 GET http://10.180.1.21/compute/v2.1/servers/6fe36792-d2c9-44cb-b313-32f213a31a14 0.081s
2024-09-22 23:46:36.052 62364 INFO tempest.lib.common.rest_client [req-11a2a1c7-3ae4-4b05-b8d7-447a116223d8 req-11a2a1c7-3ae4-4b05-b8d7-447a116223d8 ] Request (AttachInterfacesTestJSON:test_create_list_show_delete_interfaces_by_fixed_ip): 200 GET http://10.180.1.21/compute/v2.1/servers/8b0388b2-53f9-480d-b1ce-1015946e381c 0.053s
2024-09-22 23:46:36.098 62354 INFO tempest.lib.common.rest_client [req-da617a96-1969-46a1-aa60-ebe8063dc0e3 req-da617a96-1969-46a1-aa60-ebe8063dc0e3 ] Request (ServerDiagnosticsV248Test:test_get_server_diagnostics): 200 GET http://10.180.1.21/compute/v2.1/servers/c25ceef7-6491-44a7-a3f9-d2a2e1140eaf 0.046s
2024-09-22 23:46:36.186 62326 INFO tempest.lib.common.rest_client [req-4ea9bce8-5716-46b4-b160-98f9ecf02fd7 req-4ea9bce8-5716-46b4-b160-98f9ecf02fd7 ] Request (VolumesAdminNegativeTest:test_update_attached_volume_with_nonexistent_volume_in_uri): 200 GET http://10.180.1.21/compute/v2.1/servers/d85c6c0a-e79b-408b-a57b-5302343db86a 0.054s
2024-09-22 23:46:36.254 62338 INFO tempest.lib.common.rest_client [req-5e7390ab-7574-45c2-815b-591f5f1fd257 req-5e7390ab-7574-45c2-815b-591f5f1fd257 ] Request (ServersTestManualDisk:setUpClass): 200 GET http://10.180.1.21/compute/v2.1/servers/c2a3b322-1fdb-4eb2-a9f1-b896b1c0a6d1 0.047s
2024-09-22 23:46:36.298 62358 INFO tempest.lib.common.rest_client [req-2dab4feb-02d1-4db0-bb3f-ce90abee0c37 req-2dab4feb-02d1-4db0-bb3f-ce90abee0c37 ] Request (ServersTestFqdnHostnames:test_create_server_with_fqdn_name): 200 GET http://10.180.1.21/compute/v2.1/servers/bc84709b-d493-4da0-8ea7-8a94f55e8179 0.046s
2024-09-22 23:46:36.378 62344 INFO tempest.lib.common.rest_client [req-82149d0a-b9d6-4893-9dec-aa22ba63b07e req-82149d0a-b9d6-4893-9dec-aa22ba63b07e ] Request (DeleteServersTestJSON:test_delete_active_server): 200 GET http://10.180.1.21/compute/v2.1/servers/2fdbb9d3-016a-4230-a0f6-f11b3a34d726 0.044s
2024-09-22 23:46:36.446 62350 INFO tempest.lib.common.rest_client [req-3f6392d2-9b77-46c9-b2b7-17c622f5f4c6 req-3f6392d2-9b77-46c9-b2b7-17c622f5f4c6 ] Request (InstanceActionsTestJSON:setUpClass): 200 GET http://10.180.1.21/compute/v2.1/servers/89b7e60d-6669-41f0-937c-0e85a19e9eeb 0.045s
2024-09-22 23:46:36.617 62346 INFO tempest.lib.common.rest_client [req-b0f04728-c64b-4f78-8748-bb948a691ce7 req-b0f04728-c64b-4f78-8748-bb948a691ce7 ] Request (ServerMetadataNegativeTestJSON:setUpClass): 200 GET http://10.180.1.21/compute/v2.1/servers/b02e45e8-7684-4683-b13e-0e5ef5b52f67 0.050s
2024-09-22 23:46:36.622 62384 INFO tempest.lib.common.rest_client [req-b69b48d6-532b-4b66-82e4-6a4f2cb22ea4 req-b69b48d6-532b-4b66-82e4-6a4f2cb22ea4 ] Request (MultipleCreateTestJSON:test_multiple_create_with_reservation_return): 200 GET http://10.180.1.21/compute/v2.1/servers/5f816c6a-1996-455b-afb4-acaf9c2c48c0 0.047s
2024-09-22 23:46:36.659 62372 INFO tempest.lib.common.rest_client [req-ac11d302-06ef-4ef4-88c8-2ef41243b572 req-ac11d302-06ef-4ef4-88c8-2ef41243b572 ] Request (SecurityGroupsTestJSON:test_server_security_groups): 200 GET http://10.180.1.21/compute/v2.1/servers/f7881063-546c-4dc2-8c38-6eeb7627b9cf 0.044s
2024-09-22 23:46:36.672 62332 INFO tempest.lib.common.rest_client [req-cd5edb11-f24c-4aa6-b8ab-9b84f8ed0e72 req-cd5edb11-f24c-4aa6-b8ab-9b84f8ed0e72 ] Request (ImagesOneServerNegativeTestJSON:setUpClass): 200 GET http://10.180.1.21/compute/v2.1/servers/54a154e6-7b2c-4028-9d14-0731c9230ae2 0.041s
2024-09-22 23:46:36.739 62366 INFO tempest.lib.common.rest_client [req-754aa2be-dd59-4086-b99a-cc82517a88bf req-754aa2be-dd59-4086-b99a-cc82517a88bf ] Request (AttachInterfacesV270Test:test_create_get_list_interfaces): 200 GET http://10.180.1.21/compute/v2.1/servers/c2cd7d41-ffa5-4aa8-93b1-9ff54751ee69 0.062s
2024-09-22 23:46:36.739 62352 INFO tempest.lib.common.rest_client [req-17787945-d418-4a51-87d1-2c0d86ea5077 req-17787945-d418-4a51-87d1-2c0d86ea5077 ] Request (FloatingIPsAssociationNegativeTestJSON:setUpClass): 200 GET http://10.180.1.21/compute/v2.1/servers/c4bc5fdf-c733-414a-8189-359f21d2e15e 0.059s
2024-09-22 23:46:36.788 62328 INFO tempest.lib.common.rest_client [req-1c929ef8-2e90-412f-97f1-d045675ea892 req-1c929ef8-2e90-412f-97f1-d045675ea892 ] Request (ServersTestJSON:test_create_server_specify_multibyte_character_name): 200 GET http://10.180.1.21/compute/v2.1/servers/adb777b3-028a-4fc9-b07d-8e82d305f3ad 0.063s
2024-09-22 23:46:36.797 62340 INFO tempest.lib.common.rest_client [req-eeeec9c6-ce44-418f-82b7-1f73e01b4df2 req-eeeec9c6-ce44-418f-82b7-1f73e01b4df2 ] Request (ListServerFiltersTestJSON:setUpClass): 200 GET http://10.180.1.21/compute/v2.1/servers/2b8a4ca7-6572-4389-a002-f2dd01c303d1 0.066s
2024-09-22 23:46:36.835 62388 INFO tempest.lib.common.rest_client [req-aaaa8b98-4192-46fb-8515-de44a7f4263b req-aaaa8b98-4192-46fb-8515-de44a7f4263b ] Request (AttachInterfacesUnderV243Test:test_add_remove_fixed_ip): 200 GET http://10.180.1.21/compute/v2.1/servers/6a24980f-d598-4882-b290-32e63d85a63b 0.058s
2024-09-22 23:46:36.850 62330 INFO tempest.lib.common.rest_client [req-eb2f5a64-9eb9-4682-8b26-65a81b6cc0a7 req-eb2f5a64-9eb9-4682-8b26-65a81b6cc0a7 ] Request (ServersAdmin275Test:test_rebuild_update_server_275): 200 GET http://10.180.1.21/compute/v2.1/servers/7973db21-a40b-495f-8381-bd28fb211ef3 0.068s
2024-09-22 23:46:36.877 62386 INFO tempest.lib.common.rest_client [req-f3310b03-2f5b-4356-8212-4ca9e72c9b04 req-f3310b03-2f5b-4356-8212-4ca9e72c9b04 ] Request (InstanceActionsNegativeTestJSON:setUpClass): 200 GET http://10.180.1.21/compute/v2.1/servers/bb5e0489-749f-49ab-b6d1-58876730f077 0.051s
2024-09-22 23:46:36.890 62334 INFO tempest.lib.common.rest_client [req-41d0d052-fc7b-4691-954d-9e316a9c5722 req-41d0d052-fc7b-4691-954d-9e316a9c5722 ] Request (ListImageFiltersTestJSON:setUpClass): 200 GET http://10.180.1.21/compute/v2.1/servers/adce9239-b3af-4d58-8386-c2e7ff91bb30 0.063s
2024-09-22 23:46:36.926 62356 INFO tempest.lib.common.rest_client [req-3948a0b1-7131-4434-add8-d6841c276fca req-3948a0b1-7131-4434-add8-d6841c276fca ] Request (MigrationsAdminTest:test_resize_server_revert_deleted_flavor): 200 GET http://10.180.1.21/compute/v2.1/servers/5d8c0db1-93db-49de-abb7-e44b87317b33 0.053s
2024-09-22 23:46:36.930 62348 INFO tempest.lib.common.rest_client [req-4c8a2691-9406-4504-925b-d8c1d4225431 req-4c8a2691-9406-4504-925b-d8c1d4225431 ] Request (ServersAdminTestJSON:setUpClass): 200 GET http://10.180.1.21/compute/v2.1/servers/f5ca4584-8b69-402d-85fb-0063560f39bf 0.051s
2024-09-22 23:46:36.975 62360 INFO tempest.lib.common.rest_client [req-69d8a95a-b7ea-4ab6-8dbe-05a4f5d61cc5 req-69d8a95a-b7ea-4ab6-8dbe-05a4f5d61cc5 ] Request (ServersAdminNegativeTestJSON:setUpClass): 200 GET http://10.180.1.21/compute/v2.1/servers/a6aea6a7-261a-4dd7-8a61-6f98865794b8 0.057s
2024-09-22 23:46:36.981 62380 INFO tempest.lib.common.rest_client [req-2f2d3c9c-062d-49b6-8df3-e08a7c1ede69 req-2f2d3c9c-062d-49b6-8df3-e08a7c1ede69 ] Request (ServersAaction247Test:test_create_backup): 200 GET http://10.180.1.21/compute/v2.1/servers/279083e0-6262-485a-9c3e-d6458d7f45d1 0.056s
2024-09-22 23:46:37.020 62378 INFO tempest.lib.common.rest_client [req-7c43ec0e-1e7d-4c12-935d-7e47096edcea req-7c43ec0e-1e7d-4c12-935d-7e47096edcea ] Request (DeleteServersAdminTestJSON:test_delete_server_while_in_error_state): 200 GET http://10.180.1.21/compute/v2.1/servers/01d58e50-dfdd-4e80-b2fe-1ec8035e5a49 0.061s
2024-09-22 23:46:37.025 62374 INFO tempest.lib.common.rest_client [req-99dc1ad0-6748-438d-b86a-fd8449e161c0 req-99dc1ad0-6748-438d-b86a-fd8449e161c0 ] Request (ImagesTestJSON:test_create_image_from_suspended_server): 200 GET http://10.180.1.21/compute/v2.1/servers/502cdb11-cfcf-4124-9ab4-fa873e4c95d7 0.055s
2024-09-22 23:46:37.074 62376 INFO tempest.lib.common.rest_client [req-8ba95bf9-87f9-4ea1-8337-0871aa5a0c08 req-8ba95bf9-87f9-4ea1-8337-0871aa5a0c08 ] Request (ServersWithSpecificFlavorTestJSON:test_verify_created_server_ephemeral_disk): 200 GET http://10.180.1.21/compute/v2.1/servers/8557eaad-9ccb-4f51-9ace-dafa14eb4dcf 0.064s
2024-09-22 23:46:37.075 62362 INFO tempest.lib.common.rest_client [req-466a2d13-6b6b-4437-8daf-ff937ddba76d req-466a2d13-6b6b-4437-8daf-ff937ddba76d ] Request (ServerPasswordTestJSON:setUpClass): 200 GET http://10.180.1.21/compute/v2.1/servers/28dd34fe-4c66-42a4-b670-38c0a8a07267 0.064s
2024-09-22 23:46:37.080 62376 INFO tempest.common.waiters [-] State transition "BUILD/spawning" ==> "ERROR/None" after 67 second wait
2024-09-22 23:46:37.125 62336 INFO tempest.lib.common.rest_client [req-533178ae-d694-44dc-b9a4-8ea91e6ed665 req-533178ae-d694-44dc-b9a4-8ea91e6ed665 ] Request (ServersTestBootFromVolume:setUpClass): 200 GET http://10.180.1.21/compute/v2.1/servers/6fe36792-d2c9-44cb-b313-32f213a31a14 0.071s
2024-09-22 23:46:37.126 62364 INFO tempest.lib.common.rest_client [req-955b83cd-4860-458d-9437-cabf053fb150 req-955b83cd-4860-458d-9437-cabf053fb150 ] Request (AttachInterfacesTestJSON:test_create_list_show_delete_interfaces_by_fixed_ip): 200 GET http://10.180.1.21/compute/v2.1/servers/8b0388b2-53f9-480d-b1ce-1015946e381c 0.067s
2024-09-22 23:46:37.192 62354 INFO tempest.lib.common.rest_client [req-46560801-1444-4378-91f0-3b4104a286d0 req-46560801-1444-4378-91f0-3b4104a286d0 ] Request (ServerDiagnosticsV248Test:test_get_server_diagnostics): 200 GET http://10.180.1.21/compute/v2.1/servers/c25ceef7-6491-44a7-a3f9-d2a2e1140eaf 0.086s
2024-09-22 23:46:37.241 62326 INFO tempest.lib.common.rest_client [req-8e74159b-877f-44ec-8d3e-9919acb5ceec req-8e74159b-877f-44ec-8d3e-9919acb5ceec ] Request (VolumesAdminNegativeTest:test_update_attached_volume_with_nonexistent_volume_in_uri): 200 GET http://10.180.1.21/compute/v2.1/servers/d85c6c0a-e79b-408b-a57b-5302343db86a 0.047s
2024-09-22 23:46:37.301 62376 INFO tempest.lib.common.rest_client [req-23cbe642-7dbe-4b86-af81-e49feda838e8 req-23cbe642-7dbe-4b86-af81-e49feda838e8 ] Request (ServersWithSpecificFlavorTestJSON:test_verify_created_server_ephemeral_disk): 204 DELETE http://10.180.1.21/compute/v2.1/servers/8557eaad-9ccb-4f51-9ace-dafa14eb4dcf 0.220s
2024-09-22 23:46:37.305 62338 INFO tempest.lib.common.rest_client [req-35b91503-0c7e-4fec-9ef4-3eb2523faeb2 req-35b91503-0c7e-4fec-9ef4-3eb2523faeb2 ] Request (ServersTestManualDisk:setUpClass): 200 GET http://10.180.1.21/compute/v2.1/servers/c2a3b322-1fdb-4eb2-a9f1-b896b1c0a6d1 0.045s
2024-09-22 23:46:37.322 62376 INFO tempest.lib.common.rest_client [req-49c54e86-bc79-43af-9f37-1c1f2cfe84f5 req-49c54e86-bc79-43af-9f37-1c1f2cfe84f5 ] Request (ServersWithSpecificFlavorTestJSON:test_verify_created_server_ephemeral_disk): 404 GET http://10.180.1.21/compute/v2.1/servers/8557eaad-9ccb-4f51-9ace-dafa14eb4dcf 0.020s
2024-09-22 23:46:37.337 62376 INFO tempest.lib.common.rest_client [req-d18e8c9f-395c-42f0-8305-68ca11354d0b req-d18e8c9f-395c-42f0-8305-68ca11354d0b ] Request (ServersWithSpecificFlavorTestJSON:_run_cleanups): 202 DELETE http://10.180.1.21/compute/v2.1/os-keypairs/tempest-keypair-1476520912 0.014s
2024-09-22 23:46:37.347 62358 INFO tempest.lib.common.rest_client [req-087dab94-2a1e-4509-87a3-83c8029c9e5b req-087dab94-2a1e-4509-87a3-83c8029c9e5b ] Request (ServersTestFqdnHostnames:test_create_server_with_fqdn_name): 200 GET http://10.180.1.21/compute/v2.1/servers/bc84709b-d493-4da0-8ea7-8a94f55e8179 0.043s
2024-09-22 23:46:37.434 62344 INFO tempest.lib.common.rest_client [req-ad4a1d7c-77b1-471e-a2f3-b50e48ba1912 req-ad4a1d7c-77b1-471e-a2f3-b50e48ba1912 ] Request (DeleteServersTestJSON:test_delete_active_server): 200 GET http://10.180.1.21/compute/v2.1/servers/2fdbb9d3-016a-4230-a0f6-f11b3a34d726 0.048s
2024-09-22 23:46:37.434 62376 INFO tempest.lib.common.rest_client [req-3379efcb-65af-428f-8015-7816b1045874 req-3379efcb-65af-428f-8015-7816b1045874 ] Request (ServersWithSpecificFlavorTestJSON:_run_cleanups): 204 DELETE http://10.180.1.21:9696/networking/v2.0/security-groups/939bad97-06e3-49f0-8b59-614319fda5ad 0.096s
2024-09-22 23:46:37.442 62376 INFO tempest.lib.common.rest_client [req-2042928f-9958-4249-9334-1897db3534ab req-2042928f-9958-4249-9334-1897db3534ab ] Request (ServersWithSpecificFlavorTestJSON:_run_cleanups): 404 GET http://10.180.1.21:9696/networking/v2.0/security-groups/939bad97-06e3-49f0-8b59-614319fda5ad 0.007s
2024-09-22 23:46:37.499 62350 INFO tempest.lib.common.rest_client [req-d0fe795a-6b95-4f4e-9654-1e36bfc1265c req-d0fe795a-6b95-4f4e-9654-1e36bfc1265c ] Request (InstanceActionsTestJSON:setUpClass): 200 GET http://10.180.1.21/compute/v2.1/servers/89b7e60d-6669-41f0-937c-0e85a19e9eeb 0.046s
2024-09-22 23:46:37.623 62376 INFO tempest.lib.common.rest_client [req-a4e3d9ad-4fe7-491f-8df4-bdcce4e80cfd req-a4e3d9ad-4fe7-491f-8df4-bdcce4e80cfd ] Request (ServersWithSpecificFlavorTestJSON:_run_cleanups): 204 DELETE http://10.180.1.21:9696/networking/v2.0/floatingips/69763e1d-e439-49ef-812c-4226af0fe8c4 0.181s
2024-09-22 23:46:37.641 62376 INFO tempest.lib.common.rest_client [req-bb046d1a-7528-4266-b16d-3c3485dda30e req-bb046d1a-7528-4266-b16d-3c3485dda30e ] Request (ServersWithSpecificFlavorTestJSON:_run_cleanups): 202 DELETE http://10.180.1.21/compute/v2.1/flavors/37105460 0.017s
2024-09-22 23:46:37.687 62384 INFO tempest.lib.common.rest_client [req-636b3056-6e0d-47a7-bb90-6a5efb941f49 req-636b3056-6e0d-47a7-bb90-6a5efb941f49 ] Request (MultipleCreateTestJSON:test_multiple_create_with_reservation_return): 200 GET http://10.180.1.21/compute/v2.1/servers/5f816c6a-1996-455b-afb4-acaf9c2c48c0 0.058s
2024-09-22 23:46:37.700 62376 INFO tempest.lib.common.rest_client [req-cbce78f6-4949-4926-b50b-c7b580b60781 req-cbce78f6-4949-4926-b50b-c7b580b60781 ] Request (ServersWithSpecificFlavorTestJSON:_run_cleanups): 200 GET http://10.180.1.21/compute/v2.1/flavors/detail 0.059s
2024-09-22 23:46:37.744 62372 INFO tempest.lib.common.rest_client [req-b12d5c36-df9a-4f25-8c2b-d62458f77726 req-b12d5c36-df9a-4f25-8c2b-d62458f77726 ] Request (SecurityGroupsTestJSON:test_server_security_groups): 200 GET http://10.180.1.21/compute/v2.1/servers/f7881063-546c-4dc2-8c38-6eeb7627b9cf 0.078s
2024-09-22 23:46:37.788 62332 INFO tempest.lib.common.rest_client [req-0b031197-8000-418b-82b5-994b763f328e req-0b031197-8000-418b-82b5-994b763f328e ] Request (ImagesOneServerNegativeTestJSON:setUpClass): 200 GET http://10.180.1.21/compute/v2.1/servers/54a154e6-7b2c-4028-9d14-0731c9230ae2 0.109s
2024-09-22 23:46:37.801 62376 INFO tempest.lib.common.rest_client [req-fdb40995-5323-42d8-b07b-a099ee7fa5b0 req-fdb40995-5323-42d8-b07b-a099ee7fa5b0 ] Request (ServersWithSpecificFlavorTestJSON:_run_cleanups): 202 DELETE http://10.180.1.21/compute/v2.1/flavors/1682893654 0.097s
2024-09-22 23:46:37.848 62352 INFO tempest.lib.common.rest_client [req-5d91440b-0d47-4e01-b493-a58234a0ca81 req-5d91440b-0d47-4e01-b493-a58234a0ca81 ] Request (FloatingIPsAssociationNegativeTestJSON:setUpClass): 200 GET http://10.180.1.21/compute/v2.1/servers/c4bc5fdf-c733-414a-8189-359f21d2e15e 0.101s
2024-09-22 23:46:37.861 62346 INFO tempest.lib.common.rest_client [req-e4e5c6ac-fd5a-49c2-9539-67816fdcb40e req-e4e5c6ac-fd5a-49c2-9539-67816fdcb40e ] Request (ServerMetadataNegativeTestJSON:setUpClass): 200 GET http://10.180.1.21/compute/v2.1/servers/b02e45e8-7684-4683-b13e-0e5ef5b52f67 0.237s
2024-09-22 23:46:37.897 62366 INFO tempest.lib.common.rest_client [req-fbae5bbf-cffb-4f8d-b0e7-e636566d3992 req-fbae5bbf-cffb-4f8d-b0e7-e636566d3992 ] Request (AttachInterfacesV270Test:test_create_get_list_interfaces): 200 GET http://10.180.1.21/compute/v2.1/servers/c2cd7d41-ffa5-4aa8-93b1-9ff54751ee69 0.149s
2024-09-22 23:46:37.906 62328 INFO tempest.lib.common.rest_client [req-ab8a2093-4ac6-4215-82b0-26518a04ea4a req-ab8a2093-4ac6-4215-82b0-26518a04ea4a ] Request (ServersTestJSON:test_create_server_specify_multibyte_character_name): 200 GET http://10.180.1.21/compute/v2.1/servers/adb777b3-028a-4fc9-b07d-8e82d305f3ad 0.110s
2024-09-22 23:46:37.909 62376 INFO tempest.lib.common.rest_client [req-b8467acd-a3df-4d07-949c-1846bfce55be req-b8467acd-a3df-4d07-949c-1846bfce55be ] Request (ServersWithSpecificFlavorTestJSON:_run_cleanups): 200 GET http://10.180.1.21/compute/v2.1/flavors/detail 0.108s
2024-09-22 23:46:37.969 62340 INFO tempest.lib.common.rest_client [req-34b87b3b-f0be-4949-8454-6cbb181be29d req-34b87b3b-f0be-4949-8454-6cbb181be29d ] Request (ListServerFiltersTestJSON:setUpClass): 200 GET http://10.180.1.21/compute/v2.1/servers/2b8a4ca7-6572-4389-a002-f2dd01c303d1 0.164s
2024-09-22 23:46:37.971 62388 INFO tempest.lib.common.rest_client [req-f4d224ea-5311-4b56-a846-557a78070e06 req-f4d224ea-5311-4b56-a846-557a78070e06 ] Request (AttachInterfacesUnderV243Test:test_add_remove_fixed_ip): 200 GET http://10.180.1.21/compute/v2.1/servers/6a24980f-d598-4882-b290-32e63d85a63b 0.129s
2024-09-22 23:46:38.027 62386 INFO tempest.lib.common.rest_client [req-670e91b2-6553-4738-ab5c-2e061319c0e7 req-670e91b2-6553-4738-ab5c-2e061319c0e7 ] Request (InstanceActionsNegativeTestJSON:setUpClass): 200 GET http://10.180.1.21/compute/v2.1/servers/bb5e0489-749f-49ab-b6d1-58876730f077 0.142s
2024-09-22 23:46:38.038 62330 INFO tempest.lib.common.rest_client [req-00f79fe1-f2bc-4e96-a40d-f8b478eeea10 req-00f79fe1-f2bc-4e96-a40d-f8b478eeea10 ] Request (ServersAdmin275Test:test_rebuild_update_server_275): 200 GET http://10.180.1.21/compute/v2.1/servers/7973db21-a40b-495f-8381-bd28fb211ef3 0.179s
2024-09-22 23:46:38.088 62334 INFO tempest.lib.common.rest_client [req-e03be914-7451-4aa9-b82a-553f9dbdc9ac req-e03be914-7451-4aa9-b82a-553f9dbdc9ac ] Request (ListImageFiltersTestJSON:setUpClass): 200 GET http://10.180.1.21/compute/v2.1/servers/adce9239-b3af-4d58-8386-c2e7ff91bb30 0.189s
2024-09-22 23:46:38.093 62334 INFO tempest.common.waiters [-] State transition "BUILD/scheduling" ==> "BUILD/None" after 57 second wait
2024-09-22 23:46:38.101 62356 INFO tempest.lib.common.rest_client [req-639a9bc9-f356-499c-83c6-a88c440a9f5e req-639a9bc9-f356-499c-83c6-a88c440a9f5e ] Request (MigrationsAdminTest:test_resize_server_revert_deleted_flavor): 200 GET http://10.180.1.21/compute/v2.1/servers/5d8c0db1-93db-49de-abb7-e44b87317b33 0.168s
2024-09-22 23:46:38.152 62348 INFO tempest.lib.common.rest_client [req-8df8c420-adf7-4aaf-b33d-5aeb2c44b83e req-8df8c420-adf7-4aaf-b33d-5aeb2c44b83e ] Request (ServersAdminTestJSON:setUpClass): 200 GET http://10.180.1.21/compute/v2.1/servers/f5ca4584-8b69-402d-85fb-0063560f39bf 0.215s
2024-09-22 23:46:38.166 62360 INFO tempest.lib.common.rest_client [req-a05fd1de-a4aa-427a-8901-f7938b585407 req-a05fd1de-a4aa-427a-8901-f7938b585407 ] Request (ServersAdminNegativeTestJSON:setUpClass): 200 GET http://10.180.1.21/compute/v2.1/servers/a6aea6a7-261a-4dd7-8a61-6f98865794b8 0.182s
2024-09-22 23:46:38.227 62378 INFO tempest.lib.common.rest_client [req-0c5993e3-7bb7-4d25-aabf-5c63e0d2ed8e req-0c5993e3-7bb7-4d25-aabf-5c63e0d2ed8e ] Request (DeleteServersAdminTestJSON:test_delete_server_while_in_error_state): 200 GET http://10.180.1.21/compute/v2.1/servers/01d58e50-dfdd-4e80-b2fe-1ec8035e5a49 0.197s
2024-09-22 23:46:38.228 62380 INFO tempest.lib.common.rest_client [req-422c9634-f571-42cf-9c43-f181b76d327d req-422c9634-f571-42cf-9c43-f181b76d327d ] Request (ServersAaction247Test:test_create_backup): 200 GET http://10.180.1.21/compute/v2.1/servers/279083e0-6262-485a-9c3e-d6458d7f45d1 0.239s
2024-09-22 23:46:38.287 62362 INFO tempest.lib.common.rest_client [req-f3ea1683-13d2-4459-b671-e5e8b96cf8bf req-f3ea1683-13d2-4459-b671-e5e8b96cf8bf ] Request (ServerPasswordTestJSON:setUpClass): 200 GET http://10.180.1.21/compute/v2.1/servers/28dd34fe-4c66-42a4-b670-38c0a8a07267 0.204s
2024-09-22 23:46:38.292 62374 INFO tempest.lib.common.rest_client [req-aab7a37a-1d24-4b33-8d67-865d16435a89 req-aab7a37a-1d24-4b33-8d67-865d16435a89 ] Request (ImagesTestJSON:test_create_image_from_suspended_server): 200 GET http://10.180.1.21/compute/v2.1/servers/502cdb11-cfcf-4124-9ab4-fa873e4c95d7 0.261s
2024-09-22 23:46:38.341 62336 INFO tempest.lib.common.rest_client [req-b05abb3c-c069-4e22-8d79-b2a234a29467 req-b05abb3c-c069-4e22-8d79-b2a234a29467 ] Request (ServersTestBootFromVolume:setUpClass): 200 GET http://10.180.1.21/compute/v2.1/servers/6fe36792-d2c9-44cb-b313-32f213a31a14 0.209s
2024-09-22 23:46:38.347 62364 INFO tempest.lib.common.rest_client [req-21130bc9-943b-48f8-ad31-ddc513ce8980 req-21130bc9-943b-48f8-ad31-ddc513ce8980 ] Request (AttachInterfacesTestJSON:test_create_list_show_delete_interfaces_by_fixed_ip): 200 GET http://10.180.1.21/compute/v2.1/servers/8b0388b2-53f9-480d-b1ce-1015946e381c 0.213s
2024-09-22 23:46:38.393 62354 INFO tempest.lib.common.rest_client [req-ef931197-be7e-4b65-87db-334b0baa240d req-ef931197-be7e-4b65-87db-334b0baa240d ] Request (ServerDiagnosticsV248Test:test_get_server_diagnostics): 200 GET http://10.180.1.21/compute/v2.1/servers/c25ceef7-6491-44a7-a3f9-d2a2e1140eaf 0.193s
2024-09-22 23:46:38.400 62326 INFO tempest.lib.common.rest_client [req-22b68274-4256-47bc-a7db-89e047ebed63 req-22b68274-4256-47bc-a7db-89e047ebed63 ] Request (VolumesAdminNegativeTest:test_update_attached_volume_with_nonexistent_volume_in_uri): 200 GET http://10.180.1.21/compute/v2.1/servers/d85c6c0a-e79b-408b-a57b-5302343db86a 0.151s
2024-09-22 23:46:38.455 62338 INFO tempest.lib.common.rest_client [req-b137ff27-e0f1-4644-a4cc-674b733e00f8 req-b137ff27-e0f1-4644-a4cc-674b733e00f8 ] Request (ServersTestManualDisk:setUpClass): 200 GET http://10.180.1.21/compute/v2.1/servers/c2a3b322-1fdb-4eb2-a9f1-b896b1c0a6d1 0.142s
2024-09-22 23:46:38.461 62358 INFO tempest.lib.common.rest_client [req-c4425b3a-9512-41f4-a252-3b0b43b16f3c req-c4425b3a-9512-41f4-a252-3b0b43b16f3c ] Request (ServersTestFqdnHostnames:test_create_server_with_fqdn_name): 200 GET http://10.180.1.21/compute/v2.1/servers/bc84709b-d493-4da0-8ea7-8a94f55e8179 0.106s
2024-09-22 23:46:38.508 62344 INFO tempest.lib.common.rest_client [req-81fabb2f-c1ed-401f-b4a4-ac06fc6d300c req-81fabb2f-c1ed-401f-b4a4-ac06fc6d300c ] Request (DeleteServersTestJSON:test_delete_active_server): 200 GET http://10.180.1.21/compute/v2.1/servers/2fdbb9d3-016a-4230-a0f6-f11b3a34d726 0.067s
2024-09-22 23:46:38.560 62350 INFO tempest.lib.common.rest_client [req-f49a123e-946a-4eca-8521-bc6ed7c56d99 req-f49a123e-946a-4eca-8521-bc6ed7c56d99 ] Request (InstanceActionsTestJSON:setUpClass): 200 GET http://10.180.1.21/compute/v2.1/servers/89b7e60d-6669-41f0-937c-0e85a19e9eeb 0.054s
2024-09-22 23:46:38.749 62384 INFO tempest.lib.common.rest_client [req-3f37a753-b498-45a2-a397-5c9647d39a6c req-3f37a753-b498-45a2-a397-5c9647d39a6c ] Request (MultipleCreateTestJSON:test_multiple_create_with_reservation_return): 200 GET http://10.180.1.21/compute/v2.1/servers/5f816c6a-1996-455b-afb4-acaf9c2c48c0 0.056s
2024-09-22 23:46:38.813 62372 INFO tempest.lib.common.rest_client [req-68a9d977-30a2-4e92-ad1a-ccaa69ca8cd0 req-68a9d977-30a2-4e92-ad1a-ccaa69ca8cd0 ] Request (SecurityGroupsTestJSON:test_server_security_groups): 200 GET http://10.180.1.21/compute/v2.1/servers/f7881063-546c-4dc2-8c38-6eeb7627b9cf 0.062s
2024-09-22 23:46:38.816 62376 INFO tempest.lib.common.rest_client [req-4cfeacaa-5740-455e-8c19-d93e76b76381 req-4cfeacaa-5740-455e-8c19-d93e76b76381 ] Request (ServersWithSpecificFlavorTestJSON:tearDownClass): 200 PUT http://10.180.1.21:9696/networking/v2.0/routers/01be0dee-bbfd-47ca-81ba-06908ac3eab9/remove_router_interface 0.897s
2024-09-22 23:46:38.848 62332 INFO tempest.lib.common.rest_client [req-0c7b53b2-fd6e-4c39-a1d2-4d72024b2045 req-0c7b53b2-fd6e-4c39-a1d2-4d72024b2045 ] Request (ImagesOneServerNegativeTestJSON:setUpClass): 200 GET http://10.180.1.21/compute/v2.1/servers/54a154e6-7b2c-4028-9d14-0731c9230ae2 0.052s
2024-09-22 23:46:38.905 62352 INFO tempest.lib.common.rest_client [req-0f39df25-7b24-478d-b0d1-430a3c838629 req-0f39df25-7b24-478d-b0d1-430a3c838629 ] Request (FloatingIPsAssociationNegativeTestJSON:setUpClass): 200 GET http://10.180.1.21/compute/v2.1/servers/c4bc5fdf-c733-414a-8189-359f21d2e15e 0.049s
2024-09-22 23:46:38.921 62346 INFO tempest.lib.common.rest_client [req-2941b81a-d048-4ff1-8b08-156acfef6e8d req-2941b81a-d048-4ff1-8b08-156acfef6e8d ] Request (ServerMetadataNegativeTestJSON:setUpClass): 200 GET http://10.180.1.21/compute/v2.1/servers/b02e45e8-7684-4683-b13e-0e5ef5b52f67 0.045s
2024-09-22 23:46:38.961 62366 INFO tempest.lib.common.rest_client [req-783cd016-4552-472e-ba29-deb3c715ea94 req-783cd016-4552-472e-ba29-deb3c715ea94 ] Request (AttachInterfacesV270Test:test_create_get_list_interfaces): 200 GET http://10.180.1.21/compute/v2.1/servers/c2cd7d41-ffa5-4aa8-93b1-9ff54751ee69 0.053s
2024-09-22 23:46:38.971 62328 INFO tempest.lib.common.rest_client [req-4202f6b3-83d9-4230-ad90-f200059cbd99 req-4202f6b3-83d9-4230-ad90-f200059cbd99 ] Request (ServersTestJSON:test_create_server_specify_multibyte_character_name): 200 GET http://10.180.1.21/compute/v2.1/servers/adb777b3-028a-4fc9-b07d-8e82d305f3ad 0.055s
2024-09-22 23:46:39.028 62340 INFO tempest.lib.common.rest_client [req-31a0111f-6cb6-4a17-af1a-e38fc9434653 req-31a0111f-6cb6-4a17-af1a-e38fc9434653 ] Request (ListServerFiltersTestJSON:setUpClass): 200 GET http://10.180.1.21/compute/v2.1/servers/2b8a4ca7-6572-4389-a002-f2dd01c303d1 0.051s
2024-09-22 23:46:39.041 62388 INFO tempest.lib.common.rest_client [req-a1450926-25c3-4b93-85d3-a6333034f1f6 req-a1450926-25c3-4b93-85d3-a6333034f1f6 ] Request (AttachInterfacesUnderV243Test:test_add_remove_fixed_ip): 200 GET http://10.180.1.21/compute/v2.1/servers/6a24980f-d598-4882-b290-32e63d85a63b 0.063s
2024-09-22 23:46:39.087 62386 INFO tempest.lib.common.rest_client [req-5e151ad9-387f-4688-a5b5-e1cf89859682 req-5e151ad9-387f-4688-a5b5-e1cf89859682 ] Request (InstanceActionsNegativeTestJSON:setUpClass): 200 GET http://10.180.1.21/compute/v2.1/servers/bb5e0489-749f-49ab-b6d1-58876730f077 0.051s
2024-09-22 23:46:39.103 62330 INFO tempest.lib.common.rest_client [req-4df756de-3c4b-43c2-9737-c0945348f310 req-4df756de-3c4b-43c2-9737-c0945348f310 ] Request (ServersAdmin275Test:test_rebuild_update_server_275): 200 GET http://10.180.1.21/compute/v2.1/servers/7973db21-a40b-495f-8381-bd28fb211ef3 0.052s
2024-09-22 23:46:39.146 62334 INFO tempest.lib.common.rest_client [req-f0fc77d6-f488-459a-af35-023cf42d328f req-f0fc77d6-f488-459a-af35-023cf42d328f ] Request (ListImageFiltersTestJSON:setUpClass): 200 GET http://10.180.1.21/compute/v2.1/servers/adce9239-b3af-4d58-8386-c2e7ff91bb30 0.052s
2024-09-22 23:46:39.158 62356 INFO tempest.lib.common.rest_client [req-c49b8344-2ab1-475d-87e7-58ba69fbbec4 req-c49b8344-2ab1-475d-87e7-58ba69fbbec4 ] Request (MigrationsAdminTest:test_resize_server_revert_deleted_flavor): 200 GET http://10.180.1.21/compute/v2.1/servers/5d8c0db1-93db-49de-abb7-e44b87317b33 0.050s
2024-09-22 23:46:39.158 62376 INFO tempest.lib.common.rest_client [req-f2091dc0-070d-42c9-819e-234f7b381a1f req-f2091dc0-070d-42c9-819e-234f7b381a1f ] Request (ServersWithSpecificFlavorTestJSON:tearDownClass): 204 DELETE http://10.180.1.21:9696/networking/v2.0/routers/01be0dee-bbfd-47ca-81ba-06908ac3eab9 0.341s
2024-09-22 23:46:39.215 62348 INFO tempest.lib.common.rest_client [req-1e4a143a-25ff-4b3c-824c-567cda64e992 req-1e4a143a-25ff-4b3c-824c-567cda64e992 ] Request (ServersAdminTestJSON:setUpClass): 200 GET http://10.180.1.21/compute/v2.1/servers/f5ca4584-8b69-402d-85fb-0063560f39bf 0.050s
2024-09-22 23:46:39.225 62360 INFO tempest.lib.common.rest_client [req-c6852b1c-f1ee-45a9-9bf2-40371c6613e8 req-c6852b1c-f1ee-45a9-9bf2-40371c6613e8 ] Request (ServersAdminNegativeTestJSON:setUpClass): 200 GET http://10.180.1.21/compute/v2.1/servers/a6aea6a7-261a-4dd7-8a61-6f98865794b8 0.050s
2024-09-22 23:46:39.258 62376 INFO tempest.lib.common.rest_client [req-767c7496-9a3a-4550-b2fe-2c1856d90761 req-767c7496-9a3a-4550-b2fe-2c1856d90761 ] Request (ServersWithSpecificFlavorTestJSON:tearDownClass): 204 DELETE http://10.180.1.21:9696/networking/v2.0/subnets/bcec236a-6b35-4877-9c6f-361dd5469e0e 0.100s
2024-09-22 23:46:39.301 62380 INFO tempest.lib.common.rest_client [req-662ccc5c-492f-45d0-b72b-4198ba432823 req-662ccc5c-492f-45d0-b72b-4198ba432823 ] Request (ServersAaction247Test:test_create_backup): 200 GET http://10.180.1.21/compute/v2.1/servers/279083e0-6262-485a-9c3e-d6458d7f45d1 0.064s
2024-09-22 23:46:39.305 62378 INFO tempest.lib.common.rest_client [req-09ebcae9-d915-41f5-88f7-b7a61f9c74c8 req-09ebcae9-d915-41f5-88f7-b7a61f9c74c8 ] Request (DeleteServersAdminTestJSON:test_delete_server_while_in_error_state): 200 GET http://10.180.1.21/compute/v2.1/servers/01d58e50-dfdd-4e80-b2fe-1ec8035e5a49 0.070s
2024-09-22 23:46:39.311 62378 INFO tempest.common.waiters [-] State transition "BUILD/spawning" ==> "ERROR/None" after 67 second wait
2024-09-22 23:46:39.352 62362 INFO tempest.lib.common.rest_client [req-b6aece91-0eff-4932-bf4f-547fbed6f9e3 req-b6aece91-0eff-4932-bf4f-547fbed6f9e3 ] Request (ServerPasswordTestJSON:setUpClass): 200 GET http://10.180.1.21/compute/v2.1/servers/28dd34fe-4c66-42a4-b670-38c0a8a07267 0.058s
2024-09-22 23:46:39.358 62374 INFO tempest.lib.common.rest_client [req-9078d349-6895-4165-a15c-09da7b6a3e4e req-9078d349-6895-4165-a15c-09da7b6a3e4e ] Request (ImagesTestJSON:test_create_image_from_suspended_server): 200 GET http://10.180.1.21/compute/v2.1/servers/502cdb11-cfcf-4124-9ab4-fa873e4c95d7 0.058s
2024-09-22 23:46:39.408 62336 INFO tempest.lib.common.rest_client [req-b50ba8f1-8164-4d1a-8fae-21833c422cfd req-b50ba8f1-8164-4d1a-8fae-21833c422cfd ] Request (ServersTestBootFromVolume:setUpClass): 200 GET http://10.180.1.21/compute/v2.1/servers/6fe36792-d2c9-44cb-b313-32f213a31a14 0.060s
2024-09-22 23:46:39.453 62364 INFO tempest.lib.common.rest_client [req-1b28afc2-a8da-4ef3-bc5a-98db289f013d req-1b28afc2-a8da-4ef3-bc5a-98db289f013d ] Request (AttachInterfacesTestJSON:test_create_list_show_delete_interfaces_by_fixed_ip): 200 GET http://10.180.1.21/compute/v2.1/servers/8b0388b2-53f9-480d-b1ce-1015946e381c 0.098s
2024-09-22 23:46:39.493 62376 INFO tempest.lib.common.rest_client [req-c4e82ce8-c46c-436d-81cf-55a89ff83b82 req-c4e82ce8-c46c-436d-81cf-55a89ff83b82 ] Request (ServersWithSpecificFlavorTestJSON:tearDownClass): 204 DELETE http://10.180.1.21:9696/networking/v2.0/networks/499a477a-e0fe-448a-926b-59bacd803301 0.234s
2024-09-22 23:46:39.516 62354 INFO tempest.lib.common.rest_client [req-af4928be-6184-4d5b-823f-3d97aa101886 req-af4928be-6184-4d5b-823f-3d97aa101886 ] Request (ServerDiagnosticsV248Test:test_get_server_diagnostics): 200 GET http://10.180.1.21/compute/v2.1/servers/c25ceef7-6491-44a7-a3f9-d2a2e1140eaf 0.115s
2024-09-22 23:46:39.547 62378 INFO tempest.lib.common.rest_client [req-bc26f082-5a85-4b94-abab-ba9bdba816b0 req-bc26f082-5a85-4b94-abab-ba9bdba816b0 ] Request (DeleteServersAdminTestJSON:test_delete_server_while_in_error_state): 204 DELETE http://10.180.1.21/compute/v2.1/servers/01d58e50-dfdd-4e80-b2fe-1ec8035e5a49 0.236s
2024-09-22 23:46:39.573 62326 INFO tempest.lib.common.rest_client [req-c6d83d9c-67f4-4ce5-bd97-eed4f08d92dc req-c6d83d9c-67f4-4ce5-bd97-eed4f08d92dc ] Request (VolumesAdminNegativeTest:test_update_attached_volume_with_nonexistent_volume_in_uri): 200 GET http://10.180.1.21/compute/v2.1/servers/d85c6c0a-e79b-408b-a57b-5302343db86a 0.166s
2024-09-22 23:46:39.594 62338 INFO tempest.lib.common.rest_client [req-5f645ad9-9016-447d-b94e-21628cad70cf req-5f645ad9-9016-447d-b94e-21628cad70cf ] Request (ServersTestManualDisk:setUpClass): 200 GET http://10.180.1.21/compute/v2.1/servers/c2a3b322-1fdb-4eb2-a9f1-b896b1c0a6d1 0.129s
2024-09-22 23:46:39.625 62358 INFO tempest.lib.common.rest_client [req-4f7aa96b-026e-48b6-b13b-42097017f7bf req-4f7aa96b-026e-48b6-b13b-42097017f7bf ] Request (ServersTestFqdnHostnames:test_create_server_with_fqdn_name): 200 GET http://10.180.1.21/compute/v2.1/servers/bc84709b-d493-4da0-8ea7-8a94f55e8179 0.156s
2024-09-22 23:46:39.642 62344 INFO tempest.lib.common.rest_client [req-d1fcee60-dba2-4806-8541-c1be82b95c82 req-d1fcee60-dba2-4806-8541-c1be82b95c82 ] Request (DeleteServersTestJSON:test_delete_active_server): 200 GET http://10.180.1.21/compute/v2.1/servers/2fdbb9d3-016a-4230-a0f6-f11b3a34d726 0.124s
2024-09-22 23:46:39.648 62378 INFO tempest.lib.common.rest_client [req-4e8d18ff-c27c-4ee8-9931-0c13e8ceb0e3 req-4e8d18ff-c27c-4ee8-9931-0c13e8ceb0e3 ] Request (DeleteServersAdminTestJSON:test_delete_server_while_in_error_state): 404 GET http://10.180.1.21/compute/v2.1/servers/01d58e50-dfdd-4e80-b2fe-1ec8035e5a49 0.100s
2024-09-22 23:46:39.689 62350 INFO tempest.lib.common.rest_client [req-d1339526-f4b0-4ed4-ac5a-aba153a91638 req-d1339526-f4b0-4ed4-ac5a-aba153a91638 ] Request (InstanceActionsTestJSON:setUpClass): 200 GET http://10.180.1.21/compute/v2.1/servers/89b7e60d-6669-41f0-937c-0e85a19e9eeb 0.122s
2024-09-22 23:46:39.772 62378 INFO tempest.lib.common.rest_client [req-227876e5-4a29-4e34-9165-03608bb2652e req-227876e5-4a29-4e34-9165-03608bb2652e ] Request (DeleteServersAdminTestJSON:tearDownClass): 204 DELETE http://10.180.1.21/identity/v3/users/188c2f9251ac4911828a614a5a9d21ff 0.122s
2024-09-22 23:46:39.812 62384 INFO tempest.lib.common.rest_client [req-0b9407a4-c0c2-4ac0-ab43-2459841275a5 req-0b9407a4-c0c2-4ac0-ab43-2459841275a5 ] Request (MultipleCreateTestJSON:test_multiple_create_with_reservation_return): 200 GET http://10.180.1.21/compute/v2.1/servers/5f816c6a-1996-455b-afb4-acaf9c2c48c0 0.055s
2024-09-22 23:46:39.871 62372 INFO tempest.lib.common.rest_client [req-e9f30c72-8835-4fbc-9c8b-2f1cae20a0cd req-e9f30c72-8835-4fbc-9c8b-2f1cae20a0cd ] Request (SecurityGroupsTestJSON:test_server_security_groups): 200 GET http://10.180.1.21/compute/v2.1/servers/f7881063-546c-4dc2-8c38-6eeb7627b9cf 0.051s
2024-09-22 23:46:39.878 62378 INFO tempest.lib.common.rest_client [req-516d9ed5-fc1a-422c-9050-4a4bd7d3c71d req-516d9ed5-fc1a-422c-9050-4a4bd7d3c71d ] Request (DeleteServersAdminTestJSON:tearDownClass): 204 DELETE http://10.180.1.21/identity/v3/users/d0edbc67073b45518fb9bc27cb826d73 0.105s
2024-09-22 23:46:39.878 62378 INFO tempest.lib.common.dynamic_creds [-] Deleting project and security group for project: 4903445fed0840718fd0b5a34ef7490e
2024-09-22 23:46:39.911 62332 INFO tempest.lib.common.rest_client [req-677c390e-61a9-4397-b613-879fe364fe27 req-677c390e-61a9-4397-b613-879fe364fe27 ] Request (ImagesOneServerNegativeTestJSON:setUpClass): 200 GET http://10.180.1.21/compute/v2.1/servers/54a154e6-7b2c-4028-9d14-0731c9230ae2 0.056s
2024-09-22 23:46:39.946 62378 INFO tempest.lib.common.rest_client [req-ff20c0f9-1edc-4f0e-93d7-f15d0a128eb2 req-ff20c0f9-1edc-4f0e-93d7-f15d0a128eb2 ] Request (DeleteServersAdminTestJSON:tearDownClass): 201 POST http://10.180.1.21/identity/v3/auth/tokens 0.067s
2024-09-22 23:46:39.976 62352 INFO tempest.lib.common.rest_client [req-60d1f9cd-f528-406f-9bcd-67b2d9da64d9 req-60d1f9cd-f528-406f-9bcd-67b2d9da64d9 ] Request (FloatingIPsAssociationNegativeTestJSON:setUpClass): 200 GET http://10.180.1.21/compute/v2.1/servers/c4bc5fdf-c733-414a-8189-359f21d2e15e 0.059s
2024-09-22 23:46:39.982 62346 INFO tempest.lib.common.rest_client [req-0b963e00-a2b4-425a-8dbc-01e819b02580 req-0b963e00-a2b4-425a-8dbc-01e819b02580 ] Request (ServerMetadataNegativeTestJSON:setUpClass): 200 GET http://10.180.1.21/compute/v2.1/servers/b02e45e8-7684-4683-b13e-0e5ef5b52f67 0.054s
2024-09-22 23:46:40.050 62328 INFO tempest.lib.common.rest_client [req-2128a3ea-974f-4126-af08-0c16288774b5 req-2128a3ea-974f-4126-af08-0c16288774b5 ] Request (ServersTestJSON:test_create_server_specify_multibyte_character_name): 200 GET http://10.180.1.21/compute/v2.1/servers/adb777b3-028a-4fc9-b07d-8e82d305f3ad 0.065s
2024-09-22 23:46:40.051 62366 INFO tempest.lib.common.rest_client [req-90024bc3-2f85-4c95-9733-d99cb543037e req-90024bc3-2f85-4c95-9733-d99cb543037e ] Request (AttachInterfacesV270Test:test_create_get_list_interfaces): 200 GET http://10.180.1.21/compute/v2.1/servers/c2cd7d41-ffa5-4aa8-93b1-9ff54751ee69 0.079s
2024-09-22 23:46:40.136 62388 INFO tempest.lib.common.rest_client [req-5610b485-abe2-4597-9d72-1c833f1ae8d3 req-5610b485-abe2-4597-9d72-1c833f1ae8d3 ] Request (AttachInterfacesUnderV243Test:test_add_remove_fixed_ip): 200 GET http://10.180.1.21/compute/v2.1/servers/6a24980f-d598-4882-b290-32e63d85a63b 0.083s
2024-09-22 23:46:40.139 62340 INFO tempest.lib.common.rest_client [req-c68ad75a-d685-4382-9dbd-535991871121 req-c68ad75a-d685-4382-9dbd-535991871121 ] Request (ListServerFiltersTestJSON:setUpClass): 200 GET http://10.180.1.21/compute/v2.1/servers/2b8a4ca7-6572-4389-a002-f2dd01c303d1 0.103s
2024-09-22 23:46:40.162 62378 INFO tempest.lib.common.rest_client [req-a57b4f9e-e5fc-4333-8cdd-214f06fa066d req-a57b4f9e-e5fc-4333-8cdd-214f06fa066d ] Request (DeleteServersAdminTestJSON:tearDownClass): 200 GET http://10.180.1.21:9696/networking/v2.0/security-groups?tenant_id=4903445fed0840718fd0b5a34ef7490e&name=default 0.216s
2024-09-22 23:46:40.185 62386 INFO tempest.lib.common.rest_client [req-0bbabdb6-1706-405f-862e-739004901e79 req-0bbabdb6-1706-405f-862e-739004901e79 ] Request (InstanceActionsNegativeTestJSON:setUpClass): 200 GET http://10.180.1.21/compute/v2.1/servers/bb5e0489-749f-49ab-b6d1-58876730f077 0.092s
2024-09-22 23:46:40.196 62330 INFO tempest.lib.common.rest_client [req-54852069-1b5e-4f3a-b5e9-34179f121aef req-54852069-1b5e-4f3a-b5e9-34179f121aef ] Request (ServersAdmin275Test:test_rebuild_update_server_275): 200 GET http://10.180.1.21/compute/v2.1/servers/7973db21-a40b-495f-8381-bd28fb211ef3 0.083s
2024-09-22 23:46:40.236 62334 INFO tempest.lib.common.rest_client [req-fbc3c52c-53d5-4170-a2aa-f1ace7e07818 req-fbc3c52c-53d5-4170-a2aa-f1ace7e07818 ] Request (ListImageFiltersTestJSON:setUpClass): 200 GET http://10.180.1.21/compute/v2.1/servers/adce9239-b3af-4d58-8386-c2e7ff91bb30 0.081s
2024-09-22 23:46:40.243 62356 INFO tempest.lib.common.rest_client [req-9e94f43d-1c9c-4bf4-8705-e1885de7ac2c req-9e94f43d-1c9c-4bf4-8705-e1885de7ac2c ] Request (MigrationsAdminTest:test_resize_server_revert_deleted_flavor): 200 GET http://10.180.1.21/compute/v2.1/servers/5d8c0db1-93db-49de-abb7-e44b87317b33 0.079s
2024-09-22 23:46:40.340 62376 INFO tempest.lib.common.rest_client [req-602a3e35-e313-4ebb-b122-612ccee9e466 req-602a3e35-e313-4ebb-b122-612ccee9e466 ] Request (ServersWithSpecificFlavorTestJSON:tearDownClass): 200 PUT http://10.180.1.21:9696/networking/v2.0/routers/508bbae7-bf96-42ce-bc70-1228433659f0/remove_router_interface 0.847s
2024-09-22 23:46:40.350 62378 INFO tempest.lib.common.rest_client [req-558678b7-eedd-437a-afe4-3b4a0a5e124d req-558678b7-eedd-437a-afe4-3b4a0a5e124d ] Request (DeleteServersAdminTestJSON:tearDownClass): 204 DELETE http://10.180.1.21:9696/networking/v2.0/security-groups/0e93fd66-643d-48a7-b5a6-ac9a5e475ee6 0.187s
2024-09-22 23:46:40.408 62378 INFO tempest.lib.common.rest_client [req-ddd5c7a5-04be-48c9-aa3d-4d2a59c3f440 req-ddd5c7a5-04be-48c9-aa3d-4d2a59c3f440 ] Request (DeleteServersAdminTestJSON:tearDownClass): 204 DELETE http://10.180.1.21/identity/v3/projects/4903445fed0840718fd0b5a34ef7490e 0.058s
2024-09-22 23:46:40.409 62378 INFO tempest.lib.common.dynamic_creds [-] Deleting project and security group for project: f9832ad983604d57be31a2b453a7a93d
2024-09-22 23:46:40.461 62378 INFO tempest.lib.common.rest_client [req-f4808d7f-417a-4d1e-a80b-29bb84f9d058 req-f4808d7f-417a-4d1e-a80b-29bb84f9d058 ] Request (DeleteServersAdminTestJSON:tearDownClass): 200 GET http://10.180.1.21:9696/networking/v2.0/security-groups?tenant_id=f9832ad983604d57be31a2b453a7a93d&name=default 0.052s
2024-09-22 23:46:40.465 62348 INFO tempest.lib.common.rest_client [req-fc8b2657-9046-4ddd-bc88-9fb3cbf0f1b0 req-fc8b2657-9046-4ddd-bc88-9fb3cbf0f1b0 ] Request (ServersAdminTestJSON:setUpClass): 200 GET http://10.180.1.21/compute/v2.1/servers/f5ca4584-8b69-402d-85fb-0063560f39bf 0.242s
2024-09-22 23:46:40.471 62360 INFO tempest.lib.common.rest_client [req-09979875-61a2-4688-a705-54f8aa5d8899 req-09979875-61a2-4688-a705-54f8aa5d8899 ] Request (ServersAdminNegativeTestJSON:setUpClass): 200 GET http://10.180.1.21/compute/v2.1/servers/a6aea6a7-261a-4dd7-8a61-6f98865794b8 0.239s
2024-09-22 23:46:40.540 62362 INFO tempest.lib.common.rest_client [req-98569bd4-14fa-4d1f-89e1-266a1af12be7 req-98569bd4-14fa-4d1f-89e1-266a1af12be7 ] Request (ServerPasswordTestJSON:setUpClass): 200 GET http://10.180.1.21/compute/v2.1/servers/28dd34fe-4c66-42a4-b670-38c0a8a07267 0.180s
2024-09-22 23:46:40.543 62380 INFO tempest.lib.common.rest_client [req-0a7d1882-2fca-4952-a423-3e2d265cd8d8 req-0a7d1882-2fca-4952-a423-3e2d265cd8d8 ] Request (ServersAaction247Test:test_create_backup): 200 GET http://10.180.1.21/compute/v2.1/servers/279083e0-6262-485a-9c3e-d6458d7f45d1 0.234s
2024-09-22 23:46:40.613 62374 INFO tempest.lib.common.rest_client [req-4633bbfc-cba1-48dd-90c2-92c0fa2751a6 req-4633bbfc-cba1-48dd-90c2-92c0fa2751a6 ] Request (ImagesTestJSON:test_create_image_from_suspended_server): 200 GET http://10.180.1.21/compute/v2.1/servers/502cdb11-cfcf-4124-9ab4-fa873e4c95d7 0.246s
2024-09-22 23:46:40.623 62336 INFO tempest.lib.common.rest_client [req-75908581-5e62-4e82-afdd-1ac2746dd0d4 req-75908581-5e62-4e82-afdd-1ac2746dd0d4 ] Request (ServersTestBootFromVolume:setUpClass): 200 GET http://10.180.1.21/compute/v2.1/servers/6fe36792-d2c9-44cb-b313-32f213a31a14 0.207s
2024-09-22 23:46:40.650 62378 INFO tempest.lib.common.rest_client [req-0ec6e8f7-3d9f-4720-a4fd-73d900a4c963 req-0ec6e8f7-3d9f-4720-a4fd-73d900a4c963 ] Request (DeleteServersAdminTestJSON:tearDownClass): 204 DELETE http://10.180.1.21:9696/networking/v2.0/security-groups/4b2c114d-6a86-439c-ad16-17831374d90f 0.188s
2024-09-22 23:46:40.674 62364 INFO tempest.lib.common.rest_client [req-dcef6fbd-d920-4e12-8893-461c32dce4e6 req-dcef6fbd-d920-4e12-8893-461c32dce4e6 ] Request (AttachInterfacesTestJSON:test_create_list_show_delete_interfaces_by_fixed_ip): 200 GET http://10.180.1.21/compute/v2.1/servers/8b0388b2-53f9-480d-b1ce-1015946e381c 0.213s
2024-09-22 23:46:40.683 62354 INFO tempest.lib.common.rest_client [req-e53fb3da-d9f7-4b6e-b43e-cba97f4556a1 req-e53fb3da-d9f7-4b6e-b43e-cba97f4556a1 ] Request (ServerDiagnosticsV248Test:test_get_server_diagnostics): 200 GET http://10.180.1.21/compute/v2.1/servers/c25ceef7-6491-44a7-a3f9-d2a2e1140eaf 0.155s
2024-09-22 23:46:40.691 62354 INFO tempest.common.waiters [-] State transition "BUILD/scheduling" ==> "BUILD/None" after 57 second wait
2024-09-22 23:46:40.714 62376 INFO tempest.lib.common.rest_client [req-a1715bf6-f116-4882-a9cd-993b799b9315 req-a1715bf6-f116-4882-a9cd-993b799b9315 ] Request (ServersWithSpecificFlavorTestJSON:tearDownClass): 204 DELETE http://10.180.1.21:9696/networking/v2.0/routers/508bbae7-bf96-42ce-bc70-1228433659f0 0.374s
2024-09-22 23:46:40.740 62326 INFO tempest.lib.common.rest_client [req-7218f299-9ee5-4047-bdda-6ba748762fc0 req-7218f299-9ee5-4047-bdda-6ba748762fc0 ] Request (VolumesAdminNegativeTest:test_update_attached_volume_with_nonexistent_volume_in_uri): 200 GET http://10.180.1.21/compute/v2.1/servers/d85c6c0a-e79b-408b-a57b-5302343db86a 0.160s
2024-09-22 23:46:40.742 62338 INFO tempest.lib.common.rest_client [req-e22900c9-59a8-40b7-92d1-78d796d65e78 req-e22900c9-59a8-40b7-92d1-78d796d65e78 ] Request (ServersTestManualDisk:setUpClass): 200 GET http://10.180.1.21/compute/v2.1/servers/c2a3b322-1fdb-4eb2-a9f1-b896b1c0a6d1 0.138s
2024-09-22 23:46:40.745 62378 INFO tempest.lib.common.rest_client [req-af893b51-0740-43a2-85c0-a8ddb33ec93f req-af893b51-0740-43a2-85c0-a8ddb33ec93f ] Request (DeleteServersAdminTestJSON:tearDownClass): 204 DELETE http://10.180.1.21/identity/v3/projects/f9832ad983604d57be31a2b453a7a93d 0.095s
2024-09-22 23:46:40.806 62344 INFO tempest.lib.common.rest_client [req-333dd8ac-64af-4b86-bbc1-a24db9a0a9d7 req-333dd8ac-64af-4b86-bbc1-a24db9a0a9d7 ] Request (DeleteServersTestJSON:test_delete_active_server): 200 GET http://10.180.1.21/compute/v2.1/servers/2fdbb9d3-016a-4230-a0f6-f11b3a34d726 0.157s
