2024-09-22 23:45:32.517 62370 INFO tempest.lib.common.dynamic_creds [-] Created isolated network resources for: credentials: Credentials: {'domain_id': 'default', 'domain_name': 'Default', 'username': 'tempest-HypervisorAdminV253TestBase-680283290-project-member', 'project_domain_id': 'default', 'project_domain_name': 'Default', 'project_id': '0f1de36077254abcb7aed31616d33bcb', 'project_name': 'tempest-HypervisorAdminV253TestBase-680283290', 'tenant_id': '0f1de36077254abcb7aed31616d33bcb', 'tenant_name': 'tempest-HypervisorAdminV253TestBase-680283290', 'user_domain_id': 'default', 'user_domain_name': 'Default', 'user_id': '0bebfbff83b143c387d977909fa57dc9', 'system': None}, Network: None, Subnet: None, Router: None
2024-09-22 23:45:32.557 62332 INFO tempest.lib.common.rest_client [req-a8a3d2fc-6352-4bf6-9f06-816edaa044b0 req-a8a3d2fc-6352-4bf6-9f06-816edaa044b0 ] Request (ImagesMetadataTestJSON:tearDownClass): 200 GET http://10.180.1.21:9696/networking/v2.0/security-groups?tenant_id=a360574526734f778ae8d0bed9d42407&name=default 0.758s
2024-09-22 23:45:32.561 62358 INFO tempest.lib.common.rest_client [req-1cee7af9-645f-410c-b2a5-2166c970051c req-1cee7af9-645f-410c-b2a5-2166c970051c ] Request (SecurityGroupRulesNegativeTestJSON:test_create_security_group_rule_duplicate): 200 POST http://10.180.1.21/compute/v2.1/os-security-group-rules 1.783s
2024-09-22 23:45:32.570 62338 INFO tempest.lib.common.rest_client [req-31add31b-9cdd-478f-a362-6ef34cc4d945 req-31add31b-9cdd-478f-a362-6ef34cc4d945 ] Request (TenantUsagesTestJSON:setUpClass): 200 GET http://10.180.1.21/compute/v2.1/servers/e8e89b90-1e12-4bf6-ba99-f9ab41968807 1.702s
2024-09-22 23:45:32.580 62360 INFO tempest.lib.common.rest_client [req-378fc907-98f0-4186-8754-b3bc000053d8 req-378fc907-98f0-4186-8754-b3bc000053d8 ] Request (ServersAdminNegativeTestJSON:setUpClass): 200 GET http://10.180.1.21/identity/v3/roles 0.077s
2024-09-22 23:45:32.585 62386 INFO tempest.lib.common.rest_client [req-0d889dce-7209-4789-ac63-d80626d4b127 req-0d889dce-7209-4789-ac63-d80626d4b127 ] Request (FlavorsAdminTestJSON:test_create_list_flavor_without_extra_data): 200 GET http://10.180.1.21/compute/v2.1/flavors/773315116 1.673s
2024-09-22 23:45:32.593 62370 INFO tempest.lib.common.rest_client [req-8a6dd36b-26e6-4abb-ba00-66d2a5ef8c22 req-8a6dd36b-26e6-4abb-ba00-66d2a5ef8c22 ] Request (HypervisorAdminV253TestBase:setUpClass): 201 POST http://10.180.1.21/identity/v3/auth/tokens 0.072s
2024-09-22 23:45:32.608 62360 INFO tempest.lib.common.rest_client [req-00ffa6d8-c11f-41f8-8f71-08cd0f4729f5 req-00ffa6d8-c11f-41f8-8f71-08cd0f4729f5 ] Request (ServersAdminNegativeTestJSON:setUpClass): 204 PUT http://10.180.1.21/identity/v3/projects/840dca3834df4d9c9e72f0ae853899c0/users/02e6dd208712491793c95617409d0fb6/roles/482793698bcf4124b4ec465c6c4969a8 0.027s
2024-09-22 23:45:32.608 62360 INFO tempest.lib.common.dynamic_creds [-] Dynamic test user 02e6dd208712491793c95617409d0fb6 is created with scope project and roles: ['admin']
2024-09-22 23:45:32.608 62360 INFO tempest.lib.common.dynamic_creds [-] Acquired dynamic creds: credentials: Credentials: {'domain_id': 'default', 'domain_name': 'Default', 'username': 'tempest-ServersAdminNegativeTestJSON-1763763200-project-admin', 'project_domain_id': 'default', 'project_domain_name': 'Default', 'project_id': '840dca3834df4d9c9e72f0ae853899c0', 'project_name': 'tempest-ServersAdminNegativeTestJSON-1763763200', 'tenant_id': '840dca3834df4d9c9e72f0ae853899c0', 'tenant_name': 'tempest-ServersAdminNegativeTestJSON-1763763200', 'user_domain_id': 'default', 'user_domain_name': 'Default', 'user_id': '02e6dd208712491793c95617409d0fb6', 'system': None}, Network: None, Subnet: None, Router: None
2024-09-22 23:45:32.608 62360 INFO tempest.lib.common.dynamic_creds [-] Created isolated network resources for: credentials: Credentials: {'domain_id': 'default', 'domain_name': 'Default', 'username': 'tempest-ServersAdminNegativeTestJSON-1763763200-project-admin', 'project_domain_id': 'default', 'project_domain_name': 'Default', 'project_id': '840dca3834df4d9c9e72f0ae853899c0', 'project_name': 'tempest-ServersAdminNegativeTestJSON-1763763200', 'tenant_id': '840dca3834df4d9c9e72f0ae853899c0', 'tenant_name': 'tempest-ServersAdminNegativeTestJSON-1763763200', 'user_domain_id': 'default', 'user_domain_name': 'Default', 'user_id': '02e6dd208712491793c95617409d0fb6', 'system': None}, Network: None, Subnet: None, Router: None
2024-09-22 23:45:32.623 62370 INFO tempest.lib.common.rest_client [req-4cb2ad1a-99a5-4e0d-b744-8aed1c00ec9a req-4cb2ad1a-99a5-4e0d-b744-8aed1c00ec9a ] Request (HypervisorAdminV253TestBase:setUpClass): 201 POST http://10.180.1.21/identity/v3/projects 0.029s
2024-09-22 23:45:32.662 62348 INFO tempest.lib.common.rest_client [req-a3310257-496b-4435-8d68-f194f9012fec req-a3310257-496b-4435-8d68-f194f9012fec ] Request (VolumesAssistedSnapshotsTest:test_volume_assisted_snapshot_create_delete): 200 GET http://10.180.1.21/compute/v2.1/servers/50efe99d-b09b-40b1-8a48-76eb7bc694de 1.721s
2024-09-22 23:45:32.672 62370 INFO tempest.lib.common.rest_client [req-0ec8196a-87f0-4652-808c-9f45802e41ac req-0ec8196a-87f0-4652-808c-9f45802e41ac ] Request (HypervisorAdminV253TestBase:setUpClass): 201 POST http://10.180.1.21/identity/v3/users 0.048s
2024-09-22 23:45:32.686 62370 INFO tempest.lib.common.rest_client [req-dd93d2a2-5d95-4e86-9f1f-64ffc90b66a2 req-dd93d2a2-5d95-4e86-9f1f-64ffc90b66a2 ] Request (HypervisorAdminV253TestBase:setUpClass): 200 GET http://10.180.1.21/identity/v3/roles 0.014s
2024-09-22 23:45:32.688 62344 INFO tempest.lib.common.rest_client [req-d976ec30-307d-49eb-8778-f65006d59d03 req-d976ec30-307d-49eb-8778-f65006d59d03 ] Request (HostsAdminTestJSON:tearDownClass): 204 DELETE http://10.180.1.21:9696/networking/v2.0/security-groups/a6272cd2-dc7d-453d-891e-047d17df0871 0.450s
2024-09-22 23:45:32.696 62378 INFO tempest.lib.common.rest_client [req-9b145571-c306-4377-a764-3a071a717318 req-9b145571-c306-4377-a764-3a071a717318 ] Request (DeleteServersAdminTestJSON:test_delete_server_while_in_error_state): 200 GET http://10.180.1.21/compute/v2.1/servers/01d58e50-dfdd-4e80-b2fe-1ec8035e5a49 1.738s
2024-09-22 23:45:32.705 62346 INFO tempest.lib.common.rest_client [req-a9ba34b5-771c-43db-936a-f5a6ea47489a req-a9ba34b5-771c-43db-936a-f5a6ea47489a ] Request (ServerMetadataNegativeTestJSON:setUpClass): 201 POST http://10.180.1.21:9696/networking/v2.0/routers 3.213s
2024-09-22 23:45:32.716 62362 INFO tempest.lib.common.rest_client [req-4a0af620-cc4d-4bde-848b-1cc6e06a07d3 req-4a0af620-cc4d-4bde-848b-1cc6e06a07d3 ] Request (AggregatesAdminNegativeTestJSON:test_aggregate_create_with_existent_aggregate_name): 409 POST http://10.180.1.21/compute/v2.1/os-aggregates 1.726s
2024-09-22 23:45:32.721 62370 INFO tempest.lib.common.rest_client [req-44bc4fe0-6dad-4d64-9c01-d2f122e00387 req-44bc4fe0-6dad-4d64-9c01-d2f122e00387 ] Request (HypervisorAdminV253TestBase:setUpClass): 204 PUT http://10.180.1.21/identity/v3/projects/2cc94f309c0c4311836c20e96b83af02/users/a8a6a03881a848d3a2de853a78ccd916/roles/482793698bcf4124b4ec465c6c4969a8 0.035s
2024-09-22 23:45:32.728 62360 INFO tempest.lib.common.rest_client [req-9cc9ca88-02d4-4436-b742-b0cff6385d0c req-9cc9ca88-02d4-4436-b742-b0cff6385d0c ] Request (ServersAdminNegativeTestJSON:setUpClass): 201 POST http://10.180.1.21/identity/v3/auth/tokens 0.114s
2024-09-22 23:45:32.732 62328 INFO tempest.lib.common.rest_client [req-1246ff26-9997-40b5-9ff8-5d85c0bb60ed req-1246ff26-9997-40b5-9ff8-5d85c0bb60ed ] Request (FlavorsAccessNegativeTestJSON:_run_cleanups): 202 DELETE http://10.180.1.21/compute/v2.1/flavors/108884837 1.507s
2024-09-22 23:45:32.775 62334 INFO tempest.lib.common.rest_client [req-a8dbbe6a-d280-44f2-b750-4ce862419923 req-a8dbbe6a-d280-44f2-b750-4ce862419923 ] Request (ListImageFiltersTestJSON:setUpClass): 200 GET http://10.180.1.21/compute/v2.1/images/b15e82a9-e168-408a-baf2-43817de7691a 1.489s
2024-09-22 23:45:32.797 62330 INFO tempest.lib.common.rest_client [req-29a4ada1-a229-4828-ac73-0c35343a74e2 req-29a4ada1-a229-4828-ac73-0c35343a74e2 ] Request (FlavorsExtraSpecsTestJSON:tearDownClass): 202 DELETE http://10.180.1.21/compute/v2.1/flavors/1212465559 1.471s
2024-09-22 23:45:32.798 62370 INFO tempest.lib.common.rest_client [req-61c2ad4e-a1d0-477d-8dca-ada398159ab0 req-61c2ad4e-a1d0-477d-8dca-ada398159ab0 ] Request (HypervisorAdminV253TestBase:setUpClass): 200 GET http://10.180.1.21/identity/v3/roles 0.077s
2024-09-22 23:45:32.812 62356 INFO tempest.lib.common.rest_client [req-cdab937d-c007-486c-a8b8-0b498d531e07 req-cdab937d-c007-486c-a8b8-0b498d531e07 ] Request (MigrationsAdminTest:test_list_migrations_in_flavor_resize_situation): 200 GET http://10.180.1.21/compute/v2.1/servers/b09c59fb-c0f7-4fd8-a73e-b21e29b04508 1.827s
2024-09-22 23:45:32.814 62382 INFO tempest.lib.common.rest_client [req-50b071be-f9a0-499d-8da1-81a34ba28681 req-50b071be-f9a0-499d-8da1-81a34ba28681 ] Request (ServicesAdminNegativeV253TestJSON:tearDownClass): 204 DELETE http://10.180.1.21:9696/networking/v2.0/security-groups/c337ee7a-61f3-492c-96b2-bb09d6df03dd 0.423s
2024-09-22 23:45:32.835 62344 INFO tempest.lib.common.rest_client [req-008ceef1-3db2-4d2d-9fc2-7ef012e890e3 req-008ceef1-3db2-4d2d-9fc2-7ef012e890e3 ] Request (HostsAdminTestJSON:tearDownClass): 204 DELETE http://10.180.1.21/identity/v3/projects/43b92e7fa1a047e284c1c17ec2c21d9a 0.146s
2024-09-22 23:45:32.836 62344 INFO tempest.test [-] raised in LiveAutoBlockMigrationV225Test.setUpClass. Invoking tearDownClass.
2024-09-22 23:45:32.877 62360 INFO tempest.lib.common.rest_client [req-2e432523-c92b-4eb5-8ee2-45fe0967008b req-2e432523-c92b-4eb5-8ee2-45fe0967008b ] Request (ServersAdminNegativeTestJSON:setUpClass): 201 POST http://10.180.1.21/identity/v3/auth/tokens 0.144s
2024-09-22 23:45:32.878 62360 INFO tempest.lib.common.fixed_network [-] (ServersAdminNegativeTestJSON:setUpClass) Found network None available for tenant
2024-09-22 23:45:32.888 62370 INFO tempest.lib.common.rest_client [req-68d42341-b7d9-43ee-968f-98e182f16c07 req-68d42341-b7d9-43ee-968f-98e182f16c07 ] Request (HypervisorAdminV253TestBase:setUpClass): 204 PUT http://10.180.1.21/identity/v3/projects/2cc94f309c0c4311836c20e96b83af02/users/a8a6a03881a848d3a2de853a78ccd916/roles/482793698bcf4124b4ec465c6c4969a8 0.089s
2024-09-22 23:45:32.888 62370 INFO tempest.lib.common.dynamic_creds [-] Dynamic test user a8a6a03881a848d3a2de853a78ccd916 is created with scope project and roles: ['admin']
2024-09-22 23:45:32.888 62370 INFO tempest.lib.common.dynamic_creds [-] Acquired dynamic creds: credentials: Credentials: {'domain_id': 'default', 'domain_name': 'Default', 'username': 'tempest-HypervisorAdminV253TestBase-530494876-project-admin', 'project_domain_id': 'default', 'project_domain_name': 'Default', 'project_id': '2cc94f309c0c4311836c20e96b83af02', 'project_name': 'tempest-HypervisorAdminV253TestBase-530494876', 'tenant_id': '2cc94f309c0c4311836c20e96b83af02', 'tenant_name': 'tempest-HypervisorAdminV253TestBase-530494876', 'user_domain_id': 'default', 'user_domain_name': 'Default', 'user_id': 'a8a6a03881a848d3a2de853a78ccd916', 'system': None}, Network: None, Subnet: None, Router: None
2024-09-22 23:45:32.888 62370 INFO tempest.lib.common.dynamic_creds [-] Created isolated network resources for: credentials: Credentials: {'domain_id': 'default', 'domain_name': 'Default', 'username': 'tempest-HypervisorAdminV253TestBase-530494876-project-admin', 'project_domain_id': 'default', 'project_domain_name': 'Default', 'project_id': '2cc94f309c0c4311836c20e96b83af02', 'project_name': 'tempest-HypervisorAdminV253TestBase-530494876', 'tenant_id': '2cc94f309c0c4311836c20e96b83af02', 'tenant_name': 'tempest-HypervisorAdminV253TestBase-530494876', 'user_domain_id': 'default', 'user_domain_name': 'Default', 'user_id': 'a8a6a03881a848d3a2de853a78ccd916', 'system': None}, Network: None, Subnet: None, Router: None
2024-09-22 23:45:32.940 62376 INFO tempest.lib.common.rest_client [req-84d3e018-3c03-4f79-8c96-c00fa2a4a32c req-84d3e018-3c03-4f79-8c96-c00fa2a4a32c ] Request (ServersWithSpecificFlavorTestJSON:test_verify_created_server_ephemeral_disk): 200 GET http://10.180.1.21/compute/v2.1/servers/8557eaad-9ccb-4f51-9ace-dafa14eb4dcf 1.046s
2024-09-22 23:45:32.949 62344 INFO tempest.lib.common.rest_client [req-3df4edee-7b51-4e7e-9eaf-7e1c14b303d9 req-3df4edee-7b51-4e7e-9eaf-7e1c14b303d9 ] Request (ImagesDeleteNegativeTestJSON:setUpClass): 201 POST http://10.180.1.21/identity/v3/auth/tokens 0.108s
2024-09-22 23:45:33.020 62382 INFO tempest.lib.common.rest_client [req-00311444-6e53-4743-abd8-f4a70d5516ef req-00311444-6e53-4743-abd8-f4a70d5516ef ] Request (ServicesAdminNegativeV253TestJSON:tearDownClass): 204 DELETE http://10.180.1.21/identity/v3/projects/bce18dede3fe42c2b30636f952fb7fd5 0.206s
2024-09-22 23:45:33.020 62382 INFO tempest.lib.common.dynamic_creds [-] Deleting project and security group for project: 7c67a62541d245bebc1e7d22d6724834
2024-09-22 23:45:33.041 62370 INFO tempest.lib.common.rest_client [req-d3137d45-ee72-40ae-a2ba-e89bab9b2230 req-d3137d45-ee72-40ae-a2ba-e89bab9b2230 ] Request (HypervisorAdminV253TestBase:setUpClass): 201 POST http://10.180.1.21/identity/v3/auth/tokens 0.145s
2024-09-22 23:45:33.096 62332 INFO tempest.lib.common.rest_client [req-e7006344-62b3-41d2-b001-275baecfae06 req-e7006344-62b3-41d2-b001-275baecfae06 ] Request (ImagesMetadataTestJSON:tearDownClass): 204 DELETE http://10.180.1.21:9696/networking/v2.0/security-groups/b912f290-1e25-4904-aefa-67091fa9e940 0.539s
2024-09-22 23:45:33.134 62364 INFO tempest.lib.common.rest_client [req-f54be57d-67a5-4adb-97b2-7ed7e71f51cd req-f54be57d-67a5-4adb-97b2-7ed7e71f51cd ] Request (KeyPairsNegativeTestJSON:test_create_keypair_invalid_name): 400 POST http://10.180.1.21/compute/v2.1/os-keypairs 1.077s
2024-09-22 23:45:33.139 62368 INFO tempest.lib.common.rest_client [req-2e26bf4c-05c0-46cd-a8ba-c18bb208a385 req-2e26bf4c-05c0-46cd-a8ba-c18bb208a385 ] Request (ServerDiagnosticsNegativeTest:test_get_server_diagnostics_by_non_admin): 204 DELETE http://10.180.1.21/compute/v2.1/servers/a8c54503-1be7-4a28-9e2f-b31d546bfc10 1.661s
2024-09-22 23:45:33.151 62344 INFO tempest.lib.common.rest_client [req-84049395-175e-41ac-bcd5-c19182c6d891 req-84049395-175e-41ac-bcd5-c19182c6d891 ] Request (ImagesDeleteNegativeTestJSON:setUpClass): 201 POST http://10.180.1.21/identity/v3/auth/tokens 0.195s
2024-09-22 23:45:33.185 62344 INFO tempest.lib.common.rest_client [req-352cebf6-3458-47bf-b50a-9a38956a48b3 req-352cebf6-3458-47bf-b50a-9a38956a48b3 ] Request (ImagesDeleteNegativeTestJSON:setUpClass): 200 GET http://10.180.1.21/identity/v3/domains?name=Default 0.033s
2024-09-22 23:45:33.220 62352 INFO tempest.lib.common.rest_client [req-c0cb3886-6677-4efa-8331-5c1f5166dacd req-c0cb3886-6677-4efa-8331-5c1f5166dacd ] Request (FloatingIPsAssociationNegativeTestJSON:setUpClass): 200 PUT http://10.180.1.21:9696/networking/v2.0/routers/7bf81341-5da7-4759-8eb2-0fc0aa4d8055/add_router_interface 4.545s
2024-09-22 23:45:33.221 62352 INFO tempest.lib.common.dynamic_creds [-] Created isolated network resources for: credentials: Credentials: {'domain_id': 'default', 'domain_name': 'Default', 'username': 'tempest-FloatingIPsAssociationNegativeTestJSON-462596310-project-member', 'project_domain_id': 'default', 'project_domain_name': 'Default', 'project_id': 'd19f436246be44478576556f4f6c97f2', 'project_name': 'tempest-FloatingIPsAssociationNegativeTestJSON-462596310', 'tenant_id': 'd19f436246be44478576556f4f6c97f2', 'tenant_name': 'tempest-FloatingIPsAssociationNegativeTestJSON-462596310', 'user_domain_id': 'default', 'user_domain_name': 'Default', 'user_id': '5a49d31d0ded4e42bd6eaba91877c22e', 'system': None}, Network: {'id': '531678b5-b02c-4d5c-b796-13c249164e3b', 'name': 'tempest-FloatingIPsAssociationNegativeTestJSON-471466873-network', 'tenant_id': 'd19f436246be44478576556f4f6c97f2', 'admin_state_up': True, 'mtu': 8950, 'status': 'ACTIVE', 'subnets': [], 'shared': False, 'project_id': 'd19f436246be44478576556f4f6c97f2', 'port_security_enabled': True, 'router:external': False, 'provider:network_type': 'vlan', 'provider:physical_network': 'default', 'provider:segmentation_id': 640, 'is_default': False, 'availability_zone_hints': [], 'availability_zones': [], 'ipv4_address_scope': None, 'ipv6_address_scope': None, 'description': '', 'tags': [], 'created_at': '2024-09-22T23:45:25Z', 'updated_at': '2024-09-22T23:45:25Z', 'revision_number': 1}, Subnet: {'id': '77a9ebeb-b8ec-41d2-8e33-0b84161a42bf', 'name': 'tempest-FloatingIPsAssociationNegativeTestJSON-471466873-subnet', 'tenant_id': 'd19f436246be44478576556f4f6c97f2', 'network_id': '531678b5-b02c-4d5c-b796-13c249164e3b', 'ip_version': 4, 'subnetpool_id': None, 'enable_dhcp': True, 'ipv6_ra_mode': None, 'ipv6_address_mode': None, 'gateway_ip': '192.168.128.1', 'cidr': '192.168.128.0/28', 'allocation_pools': [{'start': '192.168.128.2', 'end': '192.168.128.14'}], 'host_routes': [], 'dns_nameservers': [], 'description': '', 'router:external': False, 'service_types': [], 'tags': [], 'created_at': '2024-09-22T23:45:26Z', 'updated_at': '2024-09-22T23:45:26Z', 'revision_number': 0, 'project_id': 'd19f436246be44478576556f4f6c97f2'}, Router: {'id': '7bf81341-5da7-4759-8eb2-0fc0aa4d8055', 'name': 'tempest-FloatingIPsAssociationNegativeTestJSON-471466873-router', 'tenant_id': 'd19f436246be44478576556f4f6c97f2', 'admin_state_up': True, 'status': 'ACTIVE', 'external_gateway_info': {'network_id': 'b2cbca36-2b8e-4852-bb56-f99a3cd9a6ea', 'external_fixed_ips': [{'subnet_id': 'ab9b19c4-e307-4528-923f-48b87b3ebea7', 'ip_address': '10.180.180.151'}], 'enable_snat': True}, 'description': '', 'availability_zones': [], 'distributed': False, 'ha': False, 'availability_zone_hints': [], 'routes': [], 'flavor_id': None, 'tags': [], 'created_at': '2024-09-22T23:45:26Z', 'updated_at': '2024-09-22T23:45:27Z', 'revision_number': 2, 'project_id': 'd19f436246be44478576556f4f6c97f2'}
2024-09-22 23:45:33.227 62344 INFO tempest.lib.common.rest_client [req-063f1bb9-6e49-448a-9665-2e5360f0162d req-063f1bb9-6e49-448a-9665-2e5360f0162d ] Request (ImagesDeleteNegativeTestJSON:setUpClass): 201 POST http://10.180.1.21/identity/v3/projects 0.042s
2024-09-22 23:45:33.236 62384 INFO tempest.lib.common.rest_client [req-949b0b6c-5bd8-4e02-ae37-dbc13e7d1a64 req-949b0b6c-5bd8-4e02-ae37-dbc13e7d1a64 ] Request (MultipleCreateTestJSON:test_multiple_create): 200 GET http://10.180.1.21/compute/v2.1/servers/297a8ff7-6bf1-44c0-9c0b-b4abaed77d19 0.871s
2024-09-22 23:45:33.240 62332 INFO tempest.lib.common.rest_client [req-46011600-4249-413b-93d9-60317a13c52e req-46011600-4249-413b-93d9-60317a13c52e ] Request (ImagesMetadataTestJSON:tearDownClass): 204 DELETE http://10.180.1.21/identity/v3/projects/a360574526734f778ae8d0bed9d42407 0.143s
2024-09-22 23:45:33.247 62372 INFO tempest.lib.common.rest_client [req-831d9a85-d445-4333-bd21-8fb4bd3bb02a req-831d9a85-d445-4333-bd21-8fb4bd3bb02a ] Request (SecurityGroupsTestJSON:test_list_security_groups_by_server): 200 GET http://10.180.1.21/compute/v2.1/servers/64ef9759-3c2a-48ad-b034-75448f7b9f43 0.968s
2024-09-22 23:45:33.314 62352 INFO tempest.lib.common.rest_client [req-9a29f3bf-26ed-4afc-878c-f419963b2b82 req-9a29f3bf-26ed-4afc-878c-f419963b2b82 ] Request (FloatingIPsAssociationNegativeTestJSON:setUpClass): 201 POST http://10.180.1.21/identity/v3/auth/tokens 0.088s
2024-09-22 23:45:33.327 62354 INFO tempest.lib.common.rest_client [req-ec0bcf6c-2d02-4f37-a475-a8007478f167 req-ec0bcf6c-2d02-4f37-a475-a8007478f167 ] Request (ServerDiagnosticsTest:test_get_server_diagnostics): 200 GET http://10.180.1.21/compute/v2.1/servers/ae351785-82c4-40cb-a625-7ec9b6257c92 0.960s
2024-09-22 23:45:33.335 62344 INFO tempest.lib.common.rest_client [req-446abef4-72be-49dc-8e49-c0e7492df7d1 req-446abef4-72be-49dc-8e49-c0e7492df7d1 ] Request (ImagesDeleteNegativeTestJSON:setUpClass): 201 POST http://10.180.1.21/identity/v3/users 0.107s
2024-09-22 23:45:33.373 62332 INFO tempest.lib.common.rest_client [req-de0702a0-c545-4e07-b372-0843fc95a05d req-de0702a0-c545-4e07-b372-0843fc95a05d ] Request (ImagesOneServerNegativeTestJSON:setUpClass): 201 POST http://10.180.1.21/identity/v3/auth/tokens 0.129s
2024-09-22 23:45:33.402 62340 INFO tempest.lib.common.rest_client [req-332ebe62-607e-43b8-9e8d-cde387ca95b9 req-332ebe62-607e-43b8-9e8d-cde387ca95b9 ] Request (ImagesNegativeTestJSON:test_create_image_from_deleted_server): 200 GET http://10.180.1.21/compute/v2.1/servers/7f8fd3b5-2d78-4a30-afaa-6145d9e8ab19 0.916s
2024-09-22 23:45:33.417 62352 INFO tempest.lib.common.rest_client [req-313ba383-d234-42ff-99d9-c284d5c349c7 req-313ba383-d234-42ff-99d9-c284d5c349c7 ] Request (FloatingIPsAssociationNegativeTestJSON:setUpClass): 201 POST http://10.180.1.21/identity/v3/auth/tokens 0.095s
2024-09-22 23:45:33.418 62352 INFO tempest.lib.common.fixed_network [-] (FloatingIPsAssociationNegativeTestJSON:setUpClass) Found network {'id': '531678b5-b02c-4d5c-b796-13c249164e3b', 'name': 'tempest-FloatingIPsAssociationNegativeTestJSON-471466873-network', 'tenant_id': 'd19f436246be44478576556f4f6c97f2', 'admin_state_up': True, 'mtu': 8950, 'status': 'ACTIVE', 'subnets': [], 'shared': False, 'project_id': 'd19f436246be44478576556f4f6c97f2', 'port_security_enabled': True, 'router:external': False, 'provider:network_type': 'vlan', 'provider:physical_network': 'default', 'provider:segmentation_id': 640, 'is_default': False, 'availability_zone_hints': [], 'availability_zones': [], 'ipv4_address_scope': None, 'ipv6_address_scope': None, 'description': '', 'tags': [], 'created_at': '2024-09-22T23:45:25Z', 'updated_at': '2024-09-22T23:45:25Z', 'revision_number': 1} available for tenant
2024-09-22 23:45:33.435 62344 INFO tempest.lib.common.rest_client [req-18262a9d-fa32-426c-816d-af977a91df6c req-18262a9d-fa32-426c-816d-af977a91df6c ] Request (ImagesDeleteNegativeTestJSON:setUpClass): 200 GET http://10.180.1.21/identity/v3/roles 0.099s
2024-09-22 23:45:33.460 62332 INFO tempest.lib.common.rest_client [req-496e8643-5eb8-4c74-8d37-b0b53a12196d req-496e8643-5eb8-4c74-8d37-b0b53a12196d ] Request (ImagesOneServerNegativeTestJSON:setUpClass): 201 POST http://10.180.1.21/identity/v3/auth/tokens 0.082s
2024-09-22 23:45:33.462 62342 INFO tempest.lib.common.rest_client [req-a1cfe4f2-08b4-489f-bc7d-5bea9fe824c3 req-a1cfe4f2-08b4-489f-bc7d-5bea9fe824c3 ] Request (VolumesNegativeTest:test_create_volume_with_invalid_size): 400 POST http://10.180.1.21/compute/v2.1/os-volumes 1.048s
2024-09-22 23:45:33.484 62332 INFO tempest.lib.common.rest_client [req-18b2d5ad-ba7e-4671-8377-c47986b6e8f5 req-18b2d5ad-ba7e-4671-8377-c47986b6e8f5 ] Request (ImagesOneServerNegativeTestJSON:setUpClass): 200 GET http://10.180.1.21/identity/v3/domains?name=Default 0.023s
2024-09-22 23:45:33.484 62344 INFO tempest.lib.common.rest_client [req-666bf3d7-25f4-4531-802e-5cd0741f8df7 req-666bf3d7-25f4-4531-802e-5cd0741f8df7 ] Request (ImagesDeleteNegativeTestJSON:setUpClass): 204 PUT http://10.180.1.21/identity/v3/projects/b42b5ce0f92d4daaba77f29c4ce0f810/users/254d354f205142299bd79439d62948ae/roles/8e723cecee2e4b3fb991e84e8e92dbe0 0.049s
2024-09-22 23:45:33.484 62344 INFO tempest.lib.common.dynamic_creds [-] Dynamic test user 254d354f205142299bd79439d62948ae is created with scope project and roles: ['member']
2024-09-22 23:45:33.485 62344 INFO tempest.lib.common.dynamic_creds [-] Acquired dynamic creds: credentials: Credentials: {'domain_id': 'default', 'domain_name': 'Default', 'username': 'tempest-ImagesDeleteNegativeTestJSON-437860565-project-member', 'project_domain_id': 'default', 'project_domain_name': 'Default', 'project_id': 'b42b5ce0f92d4daaba77f29c4ce0f810', 'project_name': 'tempest-ImagesDeleteNegativeTestJSON-437860565', 'tenant_id': 'b42b5ce0f92d4daaba77f29c4ce0f810', 'tenant_name': 'tempest-ImagesDeleteNegativeTestJSON-437860565', 'user_domain_id': 'default', 'user_domain_name': 'Default', 'user_id': '254d354f205142299bd79439d62948ae', 'system': None}, Network: None, Subnet: None, Router: None
2024-09-22 23:45:33.485 62344 INFO tempest.lib.common.dynamic_creds [-] Created isolated network resources for: credentials: Credentials: {'domain_id': 'default', 'domain_name': 'Default', 'username': 'tempest-ImagesDeleteNegativeTestJSON-437860565-project-member', 'project_domain_id': 'default', 'project_domain_name': 'Default', 'project_id': 'b42b5ce0f92d4daaba77f29c4ce0f810', 'project_name': 'tempest-ImagesDeleteNegativeTestJSON-437860565', 'tenant_id': 'b42b5ce0f92d4daaba77f29c4ce0f810', 'tenant_name': 'tempest-ImagesDeleteNegativeTestJSON-437860565', 'user_domain_id': 'default', 'user_domain_name': 'Default', 'user_id': '254d354f205142299bd79439d62948ae', 'system': None}, Network: None, Subnet: None, Router: None
2024-09-22 23:45:33.501 62358 INFO tempest.lib.common.rest_client [req-50bf6482-a891-4526-b937-c65d048b626a req-50bf6482-a891-4526-b937-c65d048b626a ] Request (SecurityGroupRulesNegativeTestJSON:test_create_security_group_rule_duplicate): 400 POST http://10.180.1.21/compute/v2.1/os-security-group-rules 0.938s
2024-09-22 23:45:33.528 62362 INFO tempest.lib.common.rest_client [req-f30990fd-024b-45b4-bc1b-fa6ab1b394a5 req-f30990fd-024b-45b4-bc1b-fa6ab1b394a5 ] Request (AggregatesAdminNegativeTestJSON:_run_cleanups): 200 DELETE http://10.180.1.21/compute/v2.1/os-aggregates/4 0.812s
2024-09-22 23:45:33.548 62332 INFO tempest.lib.common.rest_client [req-3b043200-5b47-4c6d-84bf-b554fc4d6cae req-3b043200-5b47-4c6d-84bf-b554fc4d6cae ] Request (ImagesOneServerNegativeTestJSON:setUpClass): 201 POST http://10.180.1.21/identity/v3/projects 0.063s
2024-09-22 23:45:33.552 62328 INFO tempest.lib.common.rest_client [req-e5d21015-5997-44ef-a23a-ada407c27306 req-e5d21015-5997-44ef-a23a-ada407c27306 ] Request (FlavorsAccessNegativeTestJSON:_run_cleanups): 200 GET http://10.180.1.21/compute/v2.1/flavors/detail 0.819s
2024-09-22 23:45:33.608 62386 INFO tempest.lib.common.rest_client [req-83c35990-cc21-4219-b19a-945f9f37cd73 req-83c35990-cc21-4219-b19a-945f9f37cd73 ] Request (FlavorsAdminTestJSON:test_create_list_flavor_without_extra_data): 200 GET http://10.180.1.21/compute/v2.1/flavors/detail 1.021s
2024-09-22 23:45:33.628 62366 INFO tempest.lib.common.rest_client [req-fbe28829-230b-4e48-8c69-131f15c6d7ea req-fbe28829-230b-4e48-8c69-131f15c6d7ea ] Request (FloatingIPsAssociationTestJSON:setUpClass): 200 GET http://10.180.1.21/compute/v2.1/servers/dae477eb-9e5d-48c8-af68-4c9dead81ef2 0.896s
2024-09-22 23:45:33.645 62344 INFO tempest.lib.common.rest_client [req-cb5f319d-2d5a-454e-81a8-f31c9a57894d req-cb5f319d-2d5a-454e-81a8-f31c9a57894d ] Request (ImagesDeleteNegativeTestJSON:setUpClass): 201 POST http://10.180.1.21/identity/v3/auth/tokens 0.157s
2024-09-22 23:45:33.646 62332 INFO tempest.lib.common.rest_client [req-aab4d763-73ff-4c36-91a3-ad86a695a29a req-aab4d763-73ff-4c36-91a3-ad86a695a29a ] Request (ImagesOneServerNegativeTestJSON:setUpClass): 201 POST http://10.180.1.21/identity/v3/users 0.098s
2024-09-22 23:45:33.649 62330 INFO tempest.lib.common.rest_client [req-d2653665-5ecc-4433-bd3d-8aa504222e0b req-d2653665-5ecc-4433-bd3d-8aa504222e0b ] Request (FlavorsExtraSpecsTestJSON:tearDownClass): 200 GET http://10.180.1.21/compute/v2.1/flavors/detail 0.852s
2024-09-22 23:45:33.656 62334 INFO tempest.lib.common.rest_client [req-5129ca4b-5490-4213-b069-d405bf32f766 req-5129ca4b-5490-4213-b069-d405bf32f766 ] Request (ListImageFiltersTestJSON:setUpClass): 200 GET http://10.180.1.21/compute/v2.1/images/b15e82a9-e168-408a-baf2-43817de7691a 0.876s
2024-09-22 23:45:33.680 62332 INFO tempest.lib.common.rest_client [req-d6f387fc-d424-4f1e-96eb-b77f74c074fb req-d6f387fc-d424-4f1e-96eb-b77f74c074fb ] Request (ImagesOneServerNegativeTestJSON:setUpClass): 200 GET http://10.180.1.21/identity/v3/roles 0.032s
2024-09-22 23:45:33.705 62382 INFO tempest.lib.common.rest_client [req-ccf17e00-2dd0-4a75-a538-8a97a0405172 req-ccf17e00-2dd0-4a75-a538-8a97a0405172 ] Request (ServicesAdminNegativeV253TestJSON:tearDownClass): 200 GET http://10.180.1.21:9696/networking/v2.0/security-groups?tenant_id=7c67a62541d245bebc1e7d22d6724834&name=default 0.684s
2024-09-22 23:45:33.787 62330 INFO tempest.lib.common.rest_client [req-13f0055d-05bf-4c51-b9e7-5e5d0f7d41ca req-13f0055d-05bf-4c51-b9e7-5e5d0f7d41ca ] Request (FlavorsExtraSpecsTestJSON:tearDownClass): 204 DELETE http://10.180.1.21/identity/v3/users/8b05cbb53d0444d4918c336ce39acc88 0.130s
2024-09-22 23:45:33.862 62332 INFO tempest.lib.common.rest_client [req-91eac15d-a789-4a24-876d-76970bbc3a17 req-91eac15d-a789-4a24-876d-76970bbc3a17 ] Request (ImagesOneServerNegativeTestJSON:setUpClass): 204 PUT http://10.180.1.21/identity/v3/projects/39fd45d73be841939244a9f356dcb09a/users/afd76ac3b42344bca449c4dfc841a39e/roles/8e723cecee2e4b3fb991e84e8e92dbe0 0.181s
2024-09-22 23:45:33.863 62332 INFO tempest.lib.common.dynamic_creds [-] Dynamic test user afd76ac3b42344bca449c4dfc841a39e is created with scope project and roles: ['member']
2024-09-22 23:45:33.863 62332 INFO tempest.lib.common.dynamic_creds [-] Acquired dynamic creds: credentials: Credentials: {'domain_id': 'default', 'domain_name': 'Default', 'username': 'tempest-ImagesOneServerNegativeTestJSON-2009808024-project-member', 'project_domain_id': 'default', 'project_domain_name': 'Default', 'project_id': '39fd45d73be841939244a9f356dcb09a', 'project_name': 'tempest-ImagesOneServerNegativeTestJSON-2009808024', 'tenant_id': '39fd45d73be841939244a9f356dcb09a', 'tenant_name': 'tempest-ImagesOneServerNegativeTestJSON-2009808024', 'user_domain_id': 'default', 'user_domain_name': 'Default', 'user_id': 'afd76ac3b42344bca449c4dfc841a39e', 'system': None}, Network: None, Subnet: None, Router: None
2024-09-22 23:45:33.936 62370 INFO tempest.lib.common.rest_client [req-89c36fb4-1b6f-4898-a2e0-af653348bc38 req-89c36fb4-1b6f-4898-a2e0-af653348bc38 ] Request (HypervisorAdminV253TestBase:test_list_show_detail_hypervisors): 200 GET http://10.180.1.21/compute/v2.1/os-hypervisors/detail?with_servers=True 0.892s
2024-09-22 23:45:33.956 62332 INFO tempest.lib.common.rest_client [req-e77dfb5f-f263-40ef-9d72-aba5643f15a5 req-e77dfb5f-f263-40ef-9d72-aba5643f15a5 ] Request (ImagesOneServerNegativeTestJSON:setUpClass): 201 POST http://10.180.1.21/identity/v3/auth/tokens 0.092s
2024-09-22 23:45:33.985 62364 INFO tempest.lib.common.rest_client [req-8687a1a9-d2de-4213-a113-6a57ca2db64d req-8687a1a9-d2de-4213-a113-6a57ca2db64d ] Request (KeyPairsNegativeTestJSON:test_create_keypair_when_public_key_bits_exceeds_maximum): 400 POST http://10.180.1.21/compute/v2.1/os-keypairs 0.848s
2024-09-22 23:45:33.990 62388 INFO tempest.lib.common.rest_client [req-d0d1faef-a3c1-41b7-8ff1-91da3c7741f1 req-d0d1faef-a3c1-41b7-8ff1-91da3c7741f1 ] Request (ValidationResourcesFixture:setUp): 201 POST http://10.180.1.21:9696/networking/v2.0/floatingips 1.719s
2024-09-22 23:45:34.013 62368 INFO tempest.lib.common.rest_client [req-629e6d25-066c-43f7-b6e3-be199b647278 req-629e6d25-066c-43f7-b6e3-be199b647278 ] Request (ServerDiagnosticsNegativeTest:test_get_server_diagnostics_by_non_admin): 404 GET http://10.180.1.21/compute/v2.1/servers/a8c54503-1be7-4a28-9e2f-b31d546bfc10 0.874s
2024-09-22 23:45:34.023 62330 INFO tempest.lib.common.rest_client [req-5c3d1b21-4525-4404-b704-610328e4fbff req-5c3d1b21-4525-4404-b704-610328e4fbff ] Request (FlavorsExtraSpecsTestJSON:tearDownClass): 204 DELETE http://10.180.1.21/identity/v3/users/5754cf0ac2a84cc2942a021bd6391165 0.235s
2024-09-22 23:45:34.023 62330 INFO tempest.lib.common.dynamic_creds [-] Deleting project and security group for project: bfd1378314e54ffe847e875c0ee27a72
2024-09-22 23:45:34.064 62360 INFO tempest.lib.common.rest_client [req-cb06941a-69a1-43ad-a085-1fd2423c247a req-cb06941a-69a1-43ad-a085-1fd2423c247a ] Request (ServersAdminNegativeTestJSON:setUpClass): 202 POST http://10.180.1.21/compute/v2.1/servers 1.185s
2024-09-22 23:45:34.089 62388 INFO tempest.lib.common.rest_client [req-c2bcac6b-67cc-42e5-9877-8b6efd2bd9b7 req-c2bcac6b-67cc-42e5-9877-8b6efd2bd9b7 ] Request (AttachInterfacesUnderV243Test:test_add_remove_fixed_ip): 201 POST http://10.180.1.21/identity/v3/auth/tokens 0.095s
2024-09-22 23:45:34.090 62388 INFO tempest.lib.common.fixed_network [-] (AttachInterfacesUnderV243Test:test_add_remove_fixed_ip) Found network {'id': 'eff3c919-e5ba-4fb1-90a8-0d2ea4b12ad2', 'name': 'tempest-AttachInterfacesUnderV243Test-1594749835-network', 'tenant_id': '519e03aeaea84e349e804cf9e67b7133', 'admin_state_up': True, 'mtu': 8950, 'status': 'ACTIVE', 'subnets': [], 'shared': False, 'project_id': '519e03aeaea84e349e804cf9e67b7133', 'port_security_enabled': True, 'router:external': False, 'provider:network_type': 'vlan', 'provider:physical_network': 'default', 'provider:segmentation_id': 894, 'is_default': False, 'availability_zone_hints': [], 'availability_zones': [], 'ipv4_address_scope': None, 'ipv6_address_scope': None, 'description': '', 'tags': [], 'created_at': '2024-09-22T23:45:21Z', 'updated_at': '2024-09-22T23:45:21Z', 'revision_number': 1} available for tenant
2024-09-22 23:45:34.147 62330 INFO tempest.lib.common.rest_client [req-2841ee18-9fb0-4a9b-ba3e-51ba242a2f4b req-2841ee18-9fb0-4a9b-ba3e-51ba242a2f4b ] Request (FlavorsExtraSpecsTestJSON:tearDownClass): 201 POST http://10.180.1.21/identity/v3/auth/tokens 0.124s
2024-09-22 23:45:34.213 62374 INFO tempest.lib.common.rest_client [req-3df07c3f-0b77-40bd-b0ab-3cdc199f44b8 req-3df07c3f-0b77-40bd-b0ab-3cdc199f44b8 ] Request (ImagesTestJSON:test_create_image_from_stopped_server): 200 GET http://10.180.1.21/compute/v2.1/servers/9e4baa84-b55c-4f05-a73a-15bfdf7bd70b 0.807s
2024-09-22 23:45:34.234 62368 INFO tempest.lib.common.rest_client [req-1dec5b05-482b-4147-94d6-418cf3d6c865 req-1dec5b05-482b-4147-94d6-418cf3d6c865 ] Request (ServerDiagnosticsNegativeTest:tearDownClass): 204 DELETE http://10.180.1.21/identity/v3/users/4da690e95c404581ab4b88dc075b5e27 0.204s
2024-09-22 23:45:34.390 62368 INFO tempest.lib.common.rest_client [req-b475b79e-ecfd-4eb4-99ee-45e029d3f031 req-b475b79e-ecfd-4eb4-99ee-45e029d3f031 ] Request (ServerDiagnosticsNegativeTest:tearDownClass): 204 DELETE http://10.180.1.21/identity/v3/users/f82ecacf125140159cc2afa082c913e3 0.155s
2024-09-22 23:45:34.390 62368 INFO tempest.lib.common.dynamic_creds [-] Deleting project and security group for project: b00427918e4442a894359ff5e401d754
2024-09-22 23:45:34.404 62326 INFO tempest.lib.common.rest_client [req-4a86e54a-ae34-46b4-8441-48033f533003 req-4a86e54a-ae34-46b4-8441-48033f533003 ] Request (VolumesAdminNegativeTest:test_update_attached_volume_with_nonexistent_volume_in_body): 200 GET http://10.180.1.21/compute/v2.1/servers/e93677bb-4755-4635-8fec-69c0d093964a 1.123s
2024-09-22 23:45:34.411 62342 INFO tempest.lib.common.rest_client [req-d99468a6-f4b3-4b89-875a-ed298400fea7 req-d99468a6-f4b3-4b89-875a-ed298400fea7 ] Request (VolumesNegativeTest:test_create_volume_with_size_zero): 400 POST http://10.180.1.21/compute/v2.1/os-volumes 0.943s
2024-09-22 23:45:34.460 62368 INFO tempest.lib.common.rest_client [req-900c0268-c51f-4305-8789-ff766ea31cc0 req-900c0268-c51f-4305-8789-ff766ea31cc0 ] Request (ServerDiagnosticsNegativeTest:tearDownClass): 201 POST http://10.180.1.21/identity/v3/auth/tokens 0.069s
2024-09-22 23:45:34.487 62334 INFO tempest.lib.common.rest_client [req-a751b4d8-0000-45c7-a6c0-5be6192b7687 req-a751b4d8-0000-45c7-a6c0-5be6192b7687 ] Request (ListImageFiltersTestJSON:setUpClass): 201 POST http://10.180.1.21/image/v2/images 0.824s
2024-09-22 23:45:34.503 62382 INFO tempest.lib.common.rest_client [req-41d6758d-0abb-4e82-b788-1a8c321d3233 req-41d6758d-0abb-4e82-b788-1a8c321d3233 ] Request (ServicesAdminNegativeV253TestJSON:tearDownClass): 204 DELETE http://10.180.1.21:9696/networking/v2.0/security-groups/78c8e427-5f5c-4875-b410-91c256598370 0.798s
2024-09-22 23:45:34.516 62380 INFO tempest.lib.common.rest_client [req-25095902-32ce-4d4f-99cd-0d5d8a96fd3a req-25095902-32ce-4d4f-99cd-0d5d8a96fd3a ] Request (ImagesOneServerTestJSON:setUpClass): 200 GET http://10.180.1.21/compute/v2.1/servers/b237f0ce-fd4d-49af-b1e2-53969126e1f0 1.016s
2024-09-22 23:45:34.569 62336 INFO tempest.lib.common.rest_client [req-e797996f-6449-423c-8ee2-cdb9fbd1e477 req-e797996f-6449-423c-8ee2-cdb9fbd1e477 ] Request (ServersTestBootFromVolume:setUpClass): 200 PUT http://10.180.1.21:9696/networking/v2.0/routers/bbe8be09-17ba-4492-aa7a-eaa64cba01b4/add_router_interface 4.078s
2024-09-22 23:45:34.570 62336 INFO tempest.lib.common.dynamic_creds [-] Created isolated network resources for: credentials: Credentials: {'domain_id': 'default', 'domain_name': 'Default', 'username': 'tempest-ServersTestBootFromVolume-185912494-project-member', 'project_domain_id': 'default', 'project_domain_name': 'Default', 'project_id': 'd71768d8084247d4ae1df15fd3ae04ec', 'project_name': 'tempest-ServersTestBootFromVolume-185912494', 'tenant_id': 'd71768d8084247d4ae1df15fd3ae04ec', 'tenant_name': 'tempest-ServersTestBootFromVolume-185912494', 'user_domain_id': 'default', 'user_domain_name': 'Default', 'user_id': '71dde4b2e97e4083801b3c427fb383f5', 'system': None}, Network: {'id': '6948626d-2534-4a08-81a4-086deabdbb4b', 'name': 'tempest-ServersTestBootFromVolume-1542414801-network', 'tenant_id': 'd71768d8084247d4ae1df15fd3ae04ec', 'admin_state_up': True, 'mtu': 8950, 'status': 'ACTIVE', 'subnets': [], 'shared': False, 'project_id': 'd71768d8084247d4ae1df15fd3ae04ec', 'port_security_enabled': True, 'router:external': False, 'provider:network_type': 'vlan', 'provider:physical_network': 'default', 'provider:segmentation_id': 660, 'is_default': False, 'availability_zone_hints': [], 'availability_zones': [], 'ipv4_address_scope': None, 'ipv6_address_scope': None, 'description': '', 'tags': [], 'created_at': '2024-09-22T23:45:26Z', 'updated_at': '2024-09-22T23:45:26Z', 'revision_number': 1}, Subnet: {'id': '2440e1f4-bb7e-4e72-99a9-d3629378e2b1', 'name': 'tempest-ServersTestBootFromVolume-1542414801-subnet', 'tenant_id': 'd71768d8084247d4ae1df15fd3ae04ec', 'network_id': '6948626d-2534-4a08-81a4-086deabdbb4b', 'ip_version': 4, 'subnetpool_id': None, 'enable_dhcp': True, 'ipv6_ra_mode': None, 'ipv6_address_mode': None, 'gateway_ip': '192.168.128.1', 'cidr': '192.168.128.0/28', 'allocation_pools': [{'start': '192.168.128.2', 'end': '192.168.128.14'}], 'host_routes': [], 'dns_nameservers': [], 'description': '', 'router:external': False, 'service_types': [], 'tags': [], 'created_at': '2024-09-22T23:45:26Z', 'updated_at': '2024-09-22T23:45:26Z', 'revision_number': 0, 'project_id': 'd71768d8084247d4ae1df15fd3ae04ec'}, Router: {'id': 'bbe8be09-17ba-4492-aa7a-eaa64cba01b4', 'name': 'tempest-ServersTestBootFromVolume-1542414801-router', 'tenant_id': 'd71768d8084247d4ae1df15fd3ae04ec', 'admin_state_up': True, 'status': 'ACTIVE', 'external_gateway_info': {'network_id': 'b2cbca36-2b8e-4852-bb56-f99a3cd9a6ea', 'external_fixed_ips': [{'subnet_id': 'ab9b19c4-e307-4528-923f-48b87b3ebea7', 'ip_address': '10.180.180.141'}], 'enable_snat': True}, 'description': '', 'availability_zones': [], 'distributed': False, 'ha': False, 'availability_zone_hints': [], 'routes': [], 'flavor_id': None, 'tags': [], 'created_at': '2024-09-22T23:45:27Z', 'updated_at': '2024-09-22T23:45:28Z', 'revision_number': 2, 'project_id': 'd71768d8084247d4ae1df15fd3ae04ec'}
2024-09-22 23:45:34.591 62382 INFO tempest.lib.common.rest_client [req-c434ba42-17b9-4cba-9999-ac83cd8d3add req-c434ba42-17b9-4cba-9999-ac83cd8d3add ] Request (ServicesAdminNegativeV253TestJSON:tearDownClass): 204 DELETE http://10.180.1.21/identity/v3/projects/7c67a62541d245bebc1e7d22d6724834 0.087s
2024-09-22 23:45:34.653 62382 INFO tempest.lib.common.rest_client [req-cb02f60e-2562-4126-a989-620743f10d9a req-cb02f60e-2562-4126-a989-620743f10d9a ] Request (ListImageFiltersNegativeTestJSON:setUpClass): 201 POST http://10.180.1.21/identity/v3/auth/tokens 0.059s
2024-09-22 23:45:34.659 62336 INFO tempest.lib.common.rest_client [req-35ed057c-bf32-4ebc-96d9-190e8b592cd1 req-35ed057c-bf32-4ebc-96d9-190e8b592cd1 ] Request (ServersTestBootFromVolume:setUpClass): 201 POST http://10.180.1.21/identity/v3/auth/tokens 0.084s
2024-09-22 23:45:34.661 62368 INFO tempest.lib.common.rest_client [req-928891b8-eee5-4537-bfab-194826d686ea req-928891b8-eee5-4537-bfab-194826d686ea ] Request (ServerDiagnosticsNegativeTest:tearDownClass): 200 GET http://10.180.1.21:9696/networking/v2.0/security-groups?tenant_id=b00427918e4442a894359ff5e401d754&name=default 0.201s
2024-09-22 23:45:34.684 62382 INFO tempest.lib.common.rest_client [req-1521dbfd-1b56-4b5c-8541-6703310f8e38 req-1521dbfd-1b56-4b5c-8541-6703310f8e38 ] Request (ListImageFiltersNegativeTestJSON:setUpClass): 201 POST http://10.180.1.21/identity/v3/auth/tokens 0.029s
2024-09-22 23:45:34.709 62382 INFO tempest.lib.common.rest_client [req-a1c553bf-5503-4a28-b369-c160555ad610 req-a1c553bf-5503-4a28-b369-c160555ad610 ] Request (ListImageFiltersNegativeTestJSON:setUpClass): 200 GET http://10.180.1.21/identity/v3/domains?name=Default 0.025s
2024-09-22 23:45:34.744 62382 INFO tempest.lib.common.rest_client [req-9572e914-e53e-4dff-bd47-795c40cf1bee req-9572e914-e53e-4dff-bd47-795c40cf1bee ] Request (ListImageFiltersNegativeTestJSON:setUpClass): 201 POST http://10.180.1.21/identity/v3/projects 0.034s
2024-09-22 23:45:34.762 62332 INFO tempest.lib.common.rest_client [req-332ae28e-dee3-4cff-b391-070056b150ac req-332ae28e-dee3-4cff-b391-070056b150ac ] Request (ImagesOneServerNegativeTestJSON:setUpClass): 201 POST http://10.180.1.21:9696/networking/v2.0/networks 0.806s
2024-09-22 23:45:34.777 62330 INFO tempest.lib.common.rest_client [req-8f7366c5-e597-4b4f-ae08-f34a9c8ba9a3 req-8f7366c5-e597-4b4f-ae08-f34a9c8ba9a3 ] Request (FlavorsExtraSpecsTestJSON:tearDownClass): 200 GET http://10.180.1.21:9696/networking/v2.0/security-groups?tenant_id=bfd1378314e54ffe847e875c0ee27a72&name=default 0.629s
2024-09-22 23:45:34.814 62382 INFO tempest.lib.common.rest_client [req-025a99a1-bccb-4976-aaf6-fc13d3b800fa req-025a99a1-bccb-4976-aaf6-fc13d3b800fa ] Request (ListImageFiltersNegativeTestJSON:setUpClass): 201 POST http://10.180.1.21/identity/v3/users 0.070s
2024-09-22 23:45:34.837 62382 INFO tempest.lib.common.rest_client [req-3aa7dbed-7f5d-42c1-b9bf-660db6f03ca7 req-3aa7dbed-7f5d-42c1-b9bf-660db6f03ca7 ] Request (ListImageFiltersNegativeTestJSON:setUpClass): 200 GET http://10.180.1.21/identity/v3/roles 0.022s
2024-09-22 23:45:34.870 62382 INFO tempest.lib.common.rest_client [req-d1e3dd3a-47c4-4477-bbc8-63ed6f1e3360 req-d1e3dd3a-47c4-4477-bbc8-63ed6f1e3360 ] Request (ListImageFiltersNegativeTestJSON:setUpClass): 204 PUT http://10.180.1.21/identity/v3/projects/f3d4696c30f14c748dc60b5e74d24f50/users/f8d2c49242784a64afc39b01018c5570/roles/8e723cecee2e4b3fb991e84e8e92dbe0 0.032s
2024-09-22 23:45:34.870 62382 INFO tempest.lib.common.dynamic_creds [-] Dynamic test user f8d2c49242784a64afc39b01018c5570 is created with scope project and roles: ['member']
2024-09-22 23:45:34.871 62382 INFO tempest.lib.common.dynamic_creds [-] Acquired dynamic creds: credentials: Credentials: {'domain_id': 'default', 'domain_name': 'Default', 'username': 'tempest-ListImageFiltersNegativeTestJSON-1073606576-project-member', 'project_domain_id': 'default', 'project_domain_name': 'Default', 'project_id': 'f3d4696c30f14c748dc60b5e74d24f50', 'project_name': 'tempest-ListImageFiltersNegativeTestJSON-1073606576', 'tenant_id': 'f3d4696c30f14c748dc60b5e74d24f50', 'tenant_name': 'tempest-ListImageFiltersNegativeTestJSON-1073606576', 'user_domain_id': 'default', 'user_domain_name': 'Default', 'user_id': 'f8d2c49242784a64afc39b01018c5570', 'system': None}, Network: None, Subnet: None, Router: None
2024-09-22 23:45:34.871 62382 INFO tempest.lib.common.dynamic_creds [-] Created isolated network resources for: credentials: Credentials: {'domain_id': 'default', 'domain_name': 'Default', 'username': 'tempest-ListImageFiltersNegativeTestJSON-1073606576-project-member', 'project_domain_id': 'default', 'project_domain_name': 'Default', 'project_id': 'f3d4696c30f14c748dc60b5e74d24f50', 'project_name': 'tempest-ListImageFiltersNegativeTestJSON-1073606576', 'tenant_id': 'f3d4696c30f14c748dc60b5e74d24f50', 'tenant_name': 'tempest-ListImageFiltersNegativeTestJSON-1073606576', 'user_domain_id': 'default', 'user_domain_name': 'Default', 'user_id': 'f8d2c49242784a64afc39b01018c5570', 'system': None}, Network: None, Subnet: None, Router: None
2024-09-22 23:45:34.883 62358 INFO tempest.lib.common.rest_client [req-7fc35e82-9d51-4f23-bcaf-810002ac187b req-7fc35e82-9d51-4f23-bcaf-810002ac187b ] Request (SecurityGroupRulesNegativeTestJSON:_run_cleanups): 202 DELETE http://10.180.1.21/compute/v2.1/os-security-group-rules/52615d65-8f54-4c5b-8f13-8d0cf5af529e 1.380s
2024-09-22 23:45:34.910 62362 INFO tempest.lib.common.rest_client [req-09265c70-fed7-4b53-9ded-7d2a1cb44d5d req-09265c70-fed7-4b53-9ded-7d2a1cb44d5d ] Request (AggregatesAdminNegativeTestJSON:test_aggregate_delete_as_user): 200 POST http://10.180.1.21/compute/v2.1/os-aggregates 1.377s
2024-09-22 23:45:34.938 62328 INFO tempest.lib.common.rest_client [req-c3d65b55-12dd-4b1d-aeac-7ceeac253a6f req-c3d65b55-12dd-4b1d-aeac-7ceeac253a6f ] Request (FlavorsAccessNegativeTestJSON:test_flavor_access_list_with_public_flavor): 200 POST http://10.180.1.21/compute/v2.1/flavors 1.378s
2024-09-22 23:45:34.982 62382 INFO tempest.lib.common.rest_client [req-f60e10a4-bf0f-4aed-a321-81b863cff82f req-f60e10a4-bf0f-4aed-a321-81b863cff82f ] Request (ListImageFiltersNegativeTestJSON:setUpClass): 201 POST http://10.180.1.21/identity/v3/auth/tokens 0.108s
2024-09-22 23:45:35.020 62368 INFO tempest.lib.common.rest_client [req-ba5a3bdd-68ad-4d6c-b3ce-8292933715c2 req-ba5a3bdd-68ad-4d6c-b3ce-8292933715c2 ] Request (ServerDiagnosticsNegativeTest:tearDownClass): 204 DELETE http://10.180.1.21:9696/networking/v2.0/security-groups/435f9d09-b723-4547-a36c-7d07c75782f3 0.359s
2024-09-22 23:45:35.026 62330 INFO tempest.lib.common.rest_client [req-6be30c93-ec70-4cea-98da-d5cf8bffb61e req-6be30c93-ec70-4cea-98da-d5cf8bffb61e ] Request (FlavorsExtraSpecsTestJSON:tearDownClass): 204 DELETE http://10.180.1.21:9696/networking/v2.0/security-groups/2ef78d66-6a84-4fab-ba3c-4fdd3d405ed2 0.248s
2024-09-22 23:45:35.045 62338 INFO tempest.lib.common.rest_client [req-ee137922-eba0-4a2d-86cc-c3d8ff332629 req-ee137922-eba0-4a2d-86cc-c3d8ff332629 ] Request (TenantUsagesTestJSON:setUpClass): 200 GET http://10.180.1.21/compute/v2.1/servers/e8e89b90-1e12-4bf6-ba99-f9ab41968807 1.464s
2024-09-22 23:45:35.065 62386 INFO tempest.lib.common.rest_client [req-f48e9d82-4857-4f9f-bc2f-f41ca0c044f6 req-f48e9d82-4857-4f9f-bc2f-f41ca0c044f6 ] Request (FlavorsAdminTestJSON:_run_cleanups): 202 DELETE http://10.180.1.21/compute/v2.1/flavors/773315116 1.449s
2024-09-22 23:45:35.145 62368 INFO tempest.lib.common.rest_client [req-19b168f3-ffd0-4f48-8967-9513e5ccabe1 req-19b168f3-ffd0-4f48-8967-9513e5ccabe1 ] Request (ServerDiagnosticsNegativeTest:tearDownClass): 204 DELETE http://10.180.1.21/identity/v3/projects/b00427918e4442a894359ff5e401d754 0.124s
2024-09-22 23:45:35.145 62368 INFO tempest.lib.common.dynamic_creds [-] Deleting project and security group for project: 30ef107fe0af4c2b83c45c20b4e46a39
2024-09-22 23:45:35.158 62330 INFO tempest.lib.common.rest_client [req-4f5e44ef-e8d7-43ee-b989-cf3855c1a996 req-4f5e44ef-e8d7-43ee-b989-cf3855c1a996 ] Request (FlavorsExtraSpecsTestJSON:tearDownClass): 204 DELETE http://10.180.1.21/identity/v3/projects/bfd1378314e54ffe847e875c0ee27a72 0.132s
2024-09-22 23:45:35.159 62330 INFO tempest.lib.common.dynamic_creds [-] Deleting project and security group for project: 34da0b5e26f6424eb5fbc823eb27940f
2024-09-22 23:45:35.253 62352 INFO tempest.lib.common.rest_client [req-17c1831f-1c4a-474d-9ef5-ab056a4a686a req-17c1831f-1c4a-474d-9ef5-ab056a4a686a ] Request (FloatingIPsAssociationNegativeTestJSON:setUpClass): 202 POST http://10.180.1.21/compute/v2.1/servers 1.834s
2024-09-22 23:45:35.320 62332 INFO tempest.lib.common.rest_client [req-88b1124d-700b-43c7-ae96-9f88dda795f5 req-88b1124d-700b-43c7-ae96-9f88dda795f5 ] Request (ImagesOneServerNegativeTestJSON:setUpClass): 201 POST http://10.180.1.21:9696/networking/v2.0/subnets 0.557s
2024-09-22 23:45:35.321 62344 INFO tempest.lib.common.rest_client [req-6f044570-a0e9-4678-992c-7bda490b1408 req-6f044570-a0e9-4678-992c-7bda490b1408 ] Request (ImagesDeleteNegativeTestJSON:test_delete_image_blank_id): 404 DELETE http://10.180.1.21/compute/v2.1/images/ 1.675s
2024-09-22 23:45:35.368 62348 INFO tempest.lib.common.rest_client [req-d327af0d-dd64-4ed7-91ab-c920fec22bd4 req-d327af0d-dd64-4ed7-91ab-c920fec22bd4 ] Request (VolumesAssistedSnapshotsTest:test_volume_assisted_snapshot_create_delete): 200 GET http://10.180.1.21/compute/v2.1/servers/50efe99d-b09b-40b1-8a48-76eb7bc694de 1.694s
2024-09-22 23:45:35.376 62348 INFO tempest.common.waiters [-] State transition "BUILD/None" ==> "BUILD/networking" after 12 second wait
2024-09-22 23:45:35.380 62368 INFO tempest.lib.common.rest_client [req-513344ac-0db9-4750-829a-c4b29c9bcd00 req-513344ac-0db9-4750-829a-c4b29c9bcd00 ] Request (ServerDiagnosticsNegativeTest:tearDownClass): 200 GET http://10.180.1.21:9696/networking/v2.0/security-groups?tenant_id=30ef107fe0af4c2b83c45c20b4e46a39&name=default 0.235s
2024-09-22 23:45:35.410 62378 INFO tempest.lib.common.rest_client [req-51fe7a61-936b-4289-bfae-07d4b933b61b req-51fe7a61-936b-4289-bfae-07d4b933b61b ] Request (DeleteServersAdminTestJSON:test_delete_server_while_in_error_state): 200 GET http://10.180.1.21/compute/v2.1/servers/01d58e50-dfdd-4e80-b2fe-1ec8035e5a49 1.704s
2024-09-22 23:45:35.428 62346 INFO tempest.lib.common.rest_client [req-6d51c70c-ff83-4fba-8c41-de91b43b4eca req-6d51c70c-ff83-4fba-8c41-de91b43b4eca ] Request (ServerMetadataNegativeTestJSON:setUpClass): 200 PUT http://10.180.1.21:9696/networking/v2.0/routers/9bc29b80-7088-4723-9929-efdb2b287c03/add_router_interface 2.722s
