2024-09-22 23:45:21.256 62388 INFO tempest.lib.common.rest_client [req-227d4fc3-a226-4ab9-bcad-056ebe853e4e req-227d4fc3-a226-4ab9-bcad-056ebe853e4e ] Request (AttachInterfacesUnderV243Test:setUpClass): 204 PUT http://10.180.1.21/identity/v3/projects/519e03aeaea84e349e804cf9e67b7133/users/6f272119a9ee4564960a8ebf474fbe69/roles/8e723cecee2e4b3fb991e84e8e92dbe0 0.040s
2024-09-22 23:45:21.256 62388 INFO tempest.lib.common.dynamic_creds [-] Dynamic test user 6f272119a9ee4564960a8ebf474fbe69 is created with scope project and roles: ['member']
2024-09-22 23:45:21.256 62388 INFO tempest.lib.common.dynamic_creds [-] Acquired dynamic creds: credentials: Credentials: {'domain_id': 'default', 'domain_name': 'Default', 'username': 'tempest-AttachInterfacesUnderV243Test-844758217-project-member', 'project_domain_id': 'default', 'project_domain_name': 'Default', 'project_id': '519e03aeaea84e349e804cf9e67b7133', 'project_name': 'tempest-AttachInterfacesUnderV243Test-844758217', 'tenant_id': '519e03aeaea84e349e804cf9e67b7133', 'tenant_name': 'tempest-AttachInterfacesUnderV243Test-844758217', 'user_domain_id': 'default', 'user_domain_name': 'Default', 'user_id': '6f272119a9ee4564960a8ebf474fbe69', 'system': None}, Network: None, Subnet: None, Router: None
2024-09-22 23:45:21.316 62388 INFO tempest.lib.common.rest_client [req-6a0e4302-118e-49f8-b6f0-da504d6226ed req-6a0e4302-118e-49f8-b6f0-da504d6226ed ] Request (AttachInterfacesUnderV243Test:setUpClass): 201 POST http://10.180.1.21/identity/v3/auth/tokens 0.059s
2024-09-22 23:45:21.330 62342 INFO tempest.lib.common.rest_client [req-1bd1c476-bab7-4eed-a55a-331004590268 req-1bd1c476-bab7-4eed-a55a-331004590268 ] Request (FloatingIPsNegativeTestJSON:setUpClass): 200 GET http://10.180.1.21/compute/v2.1/os-floating-ips 2.256s
2024-09-22 23:45:21.347 62386 INFO tempest.lib.common.rest_client [req-f46f62ca-4bb1-411a-bd81-4c7a370ffabb req-f46f62ca-4bb1-411a-bd81-4c7a370ffabb ] Request (FlavorsAdminTestJSON:_run_cleanups): 200 GET http://10.180.1.21/compute/v2.1/flavors/detail 1.604s
2024-09-22 23:45:21.352 62354 INFO tempest.lib.common.rest_client [req-88e755f8-67de-4fa9-b30b-a66f342ab3ec req-88e755f8-67de-4fa9-b30b-a66f342ab3ec ] Request (ServerDiagnosticsTest:test_get_server_diagnostics): 200 GET http://10.180.1.21/compute/v2.1/servers/ae351785-82c4-40cb-a625-7ec9b6257c92 1.758s
2024-09-22 23:45:21.359 62334 INFO tempest.lib.common.rest_client [req-93cb9f5f-cf9f-4bb5-95ff-f6d78f126dc8 req-93cb9f5f-cf9f-4bb5-95ff-f6d78f126dc8 ] Request (HypervisorAdminNegativeTestJSON:test_show_nonexistent_hypervisor): 404 GET http://10.180.1.21/compute/v2.1/os-hypervisors/890563f5-9b24-4737-82db-77b6e0e4d1fa 1.609s
2024-09-22 23:45:21.369 62382 INFO tempest.lib.common.rest_client [req-75737c29-806a-410e-8ac2-27c1e9ce67aa req-75737c29-806a-410e-8ac2-27c1e9ce67aa ] Request (ServicesAdminNegativeV253TestJSON:test_enable_service_with_invalid_service_id): 404 PUT http://10.180.1.21/compute/v2.1/os-services/56d7b784-3dd4-4f96-ae73-ab1ee71016fe 1.606s
2024-09-22 23:45:21.380 62370 INFO tempest.lib.common.rest_client [req-e530f66f-dc5c-4b29-8c40-f4e8dac2c4f3 req-e530f66f-dc5c-4b29-8c40-f4e8dac2c4f3 ] Request (HostsAdminNegativeTestJSON:test_startup_host_with_non_admin_user): 403 GET http://10.180.1.21/compute/v2.1/os-hosts/devstack/startup 1.501s
2024-09-22 23:45:21.438 62334 INFO tempest.lib.common.rest_client [req-080f7c97-013d-4790-9342-6ded573892b6 req-080f7c97-013d-4790-9342-6ded573892b6 ] Request (HypervisorAdminNegativeTestJSON:tearDownClass): 204 DELETE http://10.180.1.21/identity/v3/users/4c66fee003ef4c6690bd846bea2d9a36 0.077s
2024-09-22 23:45:21.524 62352 INFO tempest.lib.common.rest_client [req-c9b409e9-adf0-4cbf-9034-91caf3612ec6 req-c9b409e9-adf0-4cbf-9034-91caf3612ec6 ] Request (NetworksTest:test_list_all_networks): 200 GET http://10.180.1.21/compute/v2.1/os-networks 1.661s
2024-09-22 23:45:21.524 62334 INFO tempest.lib.common.rest_client [req-caa3596b-8fe9-4efd-96ec-2cf43a8df886 req-caa3596b-8fe9-4efd-96ec-2cf43a8df886 ] Request (HypervisorAdminNegativeTestJSON:tearDownClass): 204 DELETE http://10.180.1.21/identity/v3/users/10efe7f5b22a4b6bbe865c77964e774a 0.085s
2024-09-22 23:45:21.524 62334 INFO tempest.lib.common.dynamic_creds [-] Deleting project and security group for project: 40373842237145589f7663f3f242cf85
2024-09-22 23:45:21.567 62362 INFO tempest.lib.common.rest_client [req-91dc79cf-011e-4601-9f61-99b4e5e8952a req-91dc79cf-011e-4601-9f61-99b4e5e8952a ] Request (AggregatesAdminNegativeTestJSON:_run_cleanups): 200 DELETE http://10.180.1.21/compute/v2.1/os-aggregates/2 1.529s
2024-09-22 23:45:21.594 62334 INFO tempest.lib.common.rest_client [req-aee53c21-ae6d-4af6-bb67-769c7e43156d req-aee53c21-ae6d-4af6-bb67-769c7e43156d ] Request (HypervisorAdminNegativeTestJSON:tearDownClass): 201 POST http://10.180.1.21/identity/v3/auth/tokens 0.069s
2024-09-22 23:45:21.670 62350 INFO tempest.lib.common.rest_client [req-1a8f96f3-91d8-4365-8826-9c2e866a0061 req-1a8f96f3-91d8-4365-8826-9c2e866a0061 ] Request (QuotasAdminTestV236:test_get_updated_quotas): 200 PUT http://10.180.1.21/compute/v2.1/os-quota-sets/9c311f2da2a5430faf6e32825473e9fb?user_id=04c39f44dc5c4339be3dc5b25919d7cf 1.652s
2024-09-22 23:45:21.680 62352 INFO tempest.lib.common.rest_client [req-db74c5b0-4244-4601-abe9-81bfe5c86575 req-db74c5b0-4244-4601-abe9-81bfe5c86575 ] Request (NetworksTest:tearDownClass): 204 DELETE http://10.180.1.21/identity/v3/users/7ad11cb0f06846dca923ddbd46f97e3b 0.154s
2024-09-22 23:45:21.690 62328 INFO tempest.lib.common.rest_client [req-2f6f9b91-916a-4d35-bbb4-b5e57a5b792c req-2f6f9b91-916a-4d35-bbb4-b5e57a5b792c ] Request (FlavorsAccessTestJSON:_run_cleanups): 200 GET http://10.180.1.21/compute/v2.1/flavors/detail 1.569s
2024-09-22 23:45:21.800 62352 INFO tempest.lib.common.rest_client [req-0c7aed4a-6ade-465a-99ed-ed100fd23610 req-0c7aed4a-6ade-465a-99ed-ed100fd23610 ] Request (NetworksTest:tearDownClass): 204 DELETE http://10.180.1.21/identity/v3/users/51183604b44f45f39d28db271aa3a9b4 0.120s
2024-09-22 23:45:21.800 62352 INFO tempest.lib.common.dynamic_creds [-] Deleting project and security group for project: c248940a3a8a41f8b165ea62f8d0de9e
2024-09-22 23:45:21.816 62340 INFO tempest.lib.common.rest_client [req-7c38c54b-c395-4cb1-b265-39f574b9b638 req-7c38c54b-c395-4cb1-b265-39f574b9b638 ] Request (ImagesNegativeTestJSON:test_create_image_from_deleted_server): 200 GET http://10.180.1.21/compute/v2.1/servers/7f8fd3b5-2d78-4a30-afaa-6145d9e8ab19 1.695s
2024-09-22 23:45:21.835 62328 INFO tempest.lib.common.rest_client [req-53739c54-a4de-4422-9ad3-5e006c79ca5b req-53739c54-a4de-4422-9ad3-5e006c79ca5b ] Request (FlavorsAccessTestJSON:tearDownClass): 204 DELETE http://10.180.1.21/identity/v3/users/3cb10ee8ba24495fb3eed84effe89313 0.135s
2024-09-22 23:45:21.838 62376 INFO tempest.lib.common.rest_client [req-1c379065-b71f-410e-8f08-e8d588252ad0 req-1c379065-b71f-410e-8f08-e8d588252ad0 ] Request (ServersWithSpecificFlavorTestJSON:test_verify_created_server_ephemeral_disk): 200 GET http://10.180.1.21/compute/v2.1/flavors/42/os-extra_specs 1.693s
2024-09-22 23:45:21.860 62358 INFO tempest.lib.common.rest_client [req-39cf7c6a-c16e-4eec-ad85-efb9261b3af0 req-39cf7c6a-c16e-4eec-ad85-efb9261b3af0 ] Request (ImagesMetadataNegativeTestJSON:test_update_nonexistent_image_metadata): 404 POST http://10.180.1.21/compute/v2.1/images/b53f827b-c176-4ef0-b964-ed7be0f0b78e/metadata 1.693s
2024-09-22 23:45:21.878 62352 INFO tempest.lib.common.rest_client [req-42f960c0-f554-46ea-89e7-485a781f342b req-42f960c0-f554-46ea-89e7-485a781f342b ] Request (NetworksTest:tearDownClass): 201 POST http://10.180.1.21/identity/v3/auth/tokens 0.077s
2024-09-22 23:45:21.936 62358 INFO tempest.lib.common.rest_client [req-23956148-6bf8-442e-a47f-f7763e5393ff req-23956148-6bf8-442e-a47f-f7763e5393ff ] Request (ImagesMetadataNegativeTestJSON:tearDownClass): 204 DELETE http://10.180.1.21/identity/v3/users/ac32f13358a34c8c9a3b5c55b6561789 0.073s
2024-09-22 23:45:21.936 62358 INFO tempest.lib.common.dynamic_creds [-] Deleting project and security group for project: dc86e9ff2c444e91acbb1772fb5aa295
2024-09-22 23:45:21.958 62328 INFO tempest.lib.common.rest_client [req-58d1e575-56a5-4f0e-978f-55299fdbb0ba req-58d1e575-56a5-4f0e-978f-55299fdbb0ba ] Request (FlavorsAccessTestJSON:tearDownClass): 204 DELETE http://10.180.1.21/identity/v3/users/26ba0821066b4464b3f841919344fb84 0.122s
2024-09-22 23:45:21.959 62328 INFO tempest.lib.common.dynamic_creds [-] Deleting project and security group for project: a07b46b1ce4f4b81b66d6f4848ad5474
2024-09-22 23:45:22.011 62358 INFO tempest.lib.common.rest_client [req-4c66349c-9ec8-43cb-9836-37fc4d74c865 req-4c66349c-9ec8-43cb-9836-37fc4d74c865 ] Request (ImagesMetadataNegativeTestJSON:tearDownClass): 201 POST http://10.180.1.21/identity/v3/auth/tokens 0.075s
2024-09-22 23:45:22.036 62328 INFO tempest.lib.common.rest_client [req-38d7bb2d-c122-4747-8a68-65f89a8f0f49 req-38d7bb2d-c122-4747-8a68-65f89a8f0f49 ] Request (FlavorsAccessTestJSON:tearDownClass): 201 POST http://10.180.1.21/identity/v3/auth/tokens 0.077s
2024-09-22 23:45:22.101 62332 INFO tempest.lib.common.rest_client [req-1a41b1d9-8254-4839-99af-9ffef51f7f81 req-1a41b1d9-8254-4839-99af-9ffef51f7f81 ] Request (ImagesMetadataTestJSON:test_set_image_metadata): 200 PUT http://10.180.1.21/compute/v2.1/images/e27406a2-f5bb-43c1-b995-5bc663f76438/metadata 1.892s
2024-09-22 23:45:22.264 62368 INFO tempest.lib.common.rest_client [req-b476d644-a144-43a2-bd8e-ecfccd46d73c req-b476d644-a144-43a2-bd8e-ecfccd46d73c ] Request (ServerDiagnosticsNegativeTest:test_get_server_diagnostics_by_non_admin): 200 GET http://10.180.1.21/compute/v2.1/servers/a8c54503-1be7-4a28-9e2f-b31d546bfc10 1.839s
2024-09-22 23:45:22.280 62388 INFO tempest.lib.common.rest_client [req-613eb1a3-c75c-44f9-b8fd-971d5c0b787d req-613eb1a3-c75c-44f9-b8fd-971d5c0b787d ] Request (AttachInterfacesUnderV243Test:setUpClass): 201 POST http://10.180.1.21:9696/networking/v2.0/networks 0.964s
2024-09-22 23:45:22.290 62334 INFO tempest.lib.common.rest_client [req-a6c3ec66-8e8b-4114-a685-9209d447996a req-a6c3ec66-8e8b-4114-a685-9209d447996a ] Request (HypervisorAdminNegativeTestJSON:tearDownClass): 200 GET http://10.180.1.21:9696/networking/v2.0/security-groups?tenant_id=40373842237145589f7663f3f242cf85&name=default 0.696s
2024-09-22 23:45:22.303 62364 INFO tempest.lib.common.rest_client [req-2d3ff335-d811-47cd-9807-728937ce63b1 req-2d3ff335-d811-47cd-9807-728937ce63b1 ] Request (SecurityGroupsTestAdminJSON:test_list_security_groups_list_all_tenants_filter): 200 GET http://10.180.1.21/compute/v2.1/os-security-groups?all_tenants=true 2.198s
2024-09-22 23:45:22.330 62358 INFO tempest.lib.common.rest_client [req-30f954b9-1499-4037-b936-0becb3f37946 req-30f954b9-1499-4037-b936-0becb3f37946 ] Request (ImagesMetadataNegativeTestJSON:tearDownClass): 200 GET http://10.180.1.21:9696/networking/v2.0/security-groups?tenant_id=dc86e9ff2c444e91acbb1772fb5aa295&name=default 0.318s
2024-09-22 23:45:22.392 62338 INFO tempest.lib.common.rest_client [req-efa3d031-5b4d-422e-aff4-e23087bb7222 req-efa3d031-5b4d-422e-aff4-e23087bb7222 ] Request (TenantUsagesTestJSON:setUpClass): 200 GET http://10.180.1.21/compute/v2.1/servers/e8e89b90-1e12-4bf6-ba99-f9ab41968807 1.890s
2024-09-22 23:45:22.403 62338 INFO tempest.common.waiters [-] State transition "BUILD/None" ==> "BUILD/spawning" after 12 second wait
2024-09-22 23:45:22.432 62344 INFO tempest.lib.common.rest_client [req-18c2e754-f0ec-4811-85e1-aec4a97c0643 req-18c2e754-f0ec-4811-85e1-aec4a97c0643 ] Request (HostsAdminTestJSON:test_list_hosts): 200 GET http://10.180.1.21/compute/v2.1/os-hosts 1.953s
2024-09-22 23:45:22.489 62346 INFO tempest.lib.common.rest_client [req-966760c0-35f7-4261-a8e0-9e89ee63e91d req-966760c0-35f7-4261-a8e0-9e89ee63e91d ] Request (TenantUsagesNegativeTestJSON:test_get_usage_tenant_with_empty_tenant_id): 404 GET http://10.180.1.21/compute/v2.1/os-simple-tenant-usage/?start=2024-09-21T23%3A45%3A20.545309&end=2024-09-23T23%3A45%3A20.545309 1.944s
2024-09-22 23:45:22.491 62346 WARNING tempest.lib.common.rest_client [-] Deprecated: "tenant_id" property is deprecated for removal, use "project_id" instead
2024-09-22 23:45:22.515 62328 INFO tempest.lib.common.rest_client [req-7444bc9f-b739-464e-9076-73cc726ff664 req-7444bc9f-b739-464e-9076-73cc726ff664 ] Request (FlavorsAccessTestJSON:tearDownClass): 200 GET http://10.180.1.21:9696/networking/v2.0/security-groups?tenant_id=a07b46b1ce4f4b81b66d6f4848ad5474&name=default 0.478s
2024-09-22 23:45:22.517 62326 INFO tempest.lib.common.rest_client [req-d0e81bc3-8a34-40f5-bd37-84bd43092f4a req-d0e81bc3-8a34-40f5-bd37-84bd43092f4a ] Request (VolumesAdminNegativeTest:test_update_attached_volume_with_nonexistent_volume_in_body): 200 GET http://10.180.1.21/compute/v2.1/servers/e93677bb-4755-4635-8fec-69c0d093964a 1.927s
2024-09-22 23:45:22.532 62330 INFO tempest.lib.common.rest_client [req-687a501b-ebad-4222-9adc-c3be03c9f624 req-687a501b-ebad-4222-9adc-c3be03c9f624 ] Request (FlavorsExtraSpecsTestJSON:test_flavor_non_admin_get_specific_key): 200 GET http://10.180.1.21/compute/v2.1/flavors/1212465559/os-extra_specs/hw:numa_nodes 1.666s
2024-09-22 23:45:22.546 62352 INFO tempest.lib.common.rest_client [req-060014b5-0785-412d-940b-fbcf6d1edc2e req-060014b5-0785-412d-940b-fbcf6d1edc2e ] Request (NetworksTest:tearDownClass): 200 GET http://10.180.1.21:9696/networking/v2.0/security-groups?tenant_id=c248940a3a8a41f8b165ea62f8d0de9e&name=default 0.668s
2024-09-22 23:45:22.577 62360 INFO tempest.lib.common.rest_client [req-514321fb-84c1-4344-a62c-0cc0308a325a req-514321fb-84c1-4344-a62c-0cc0308a325a ] Request (QuotasAdminNegativeTest:test_create_server_when_memory_quota_is_full): 200 GET http://10.180.1.21/compute/v2.1/os-quota-sets/13f8af8910184f9bb15b708b0c8d1187 1.731s
2024-09-22 23:45:22.623 62334 INFO tempest.lib.common.rest_client [req-0d8d8efa-5625-44b6-8b83-1f89db8b3f01 req-0d8d8efa-5625-44b6-8b83-1f89db8b3f01 ] Request (HypervisorAdminNegativeTestJSON:tearDownClass): 204 DELETE http://10.180.1.21:9696/networking/v2.0/security-groups/b9bc97e6-e172-4bcd-a969-aec705bdfe87 0.333s
2024-09-22 23:45:22.677 62358 INFO tempest.lib.common.rest_client [req-49170eaf-598f-44dc-a2d0-e6372656135d req-49170eaf-598f-44dc-a2d0-e6372656135d ] Request (ImagesMetadataNegativeTestJSON:tearDownClass): 204 DELETE http://10.180.1.21:9696/networking/v2.0/security-groups/1bef622c-21b5-4248-8b84-afff56153e4e 0.347s
2024-09-22 23:45:22.713 62334 INFO tempest.lib.common.rest_client [req-ec4ba629-2314-4d82-811a-9b68a48c11e0 req-ec4ba629-2314-4d82-811a-9b68a48c11e0 ] Request (HypervisorAdminNegativeTestJSON:tearDownClass): 204 DELETE http://10.180.1.21/identity/v3/projects/40373842237145589f7663f3f242cf85 0.089s
2024-09-22 23:45:22.713 62334 INFO tempest.lib.common.dynamic_creds [-] Deleting project and security group for project: 6123fd9518c048b6a56a9ac7d253be79
2024-09-22 23:45:22.774 62358 INFO tempest.lib.common.rest_client [req-e106699d-c743-47f7-81af-a3f563a1057a req-e106699d-c743-47f7-81af-a3f563a1057a ] Request (ImagesMetadataNegativeTestJSON:tearDownClass): 204 DELETE http://10.180.1.21/identity/v3/projects/dc86e9ff2c444e91acbb1772fb5aa295 0.096s
2024-09-22 23:45:22.808 62328 INFO tempest.lib.common.rest_client [req-a79311e8-9088-45f1-8315-b41684bfa4b2 req-a79311e8-9088-45f1-8315-b41684bfa4b2 ] Request (FlavorsAccessTestJSON:tearDownClass): 204 DELETE http://10.180.1.21:9696/networking/v2.0/security-groups/a85c344b-66d8-4d48-ba44-a70089757820 0.293s
2024-09-22 23:45:22.847 62358 INFO tempest.lib.common.rest_client [req-c7dfe178-0625-49e1-b2af-819ccf3aeb31 req-c7dfe178-0625-49e1-b2af-819ccf3aeb31 ] Request (SecurityGroupRulesNegativeTestJSON:setUpClass): 201 POST http://10.180.1.21/identity/v3/auth/tokens 0.072s
2024-09-22 23:45:22.861 62352 INFO tempest.lib.common.rest_client [req-26b00be2-16ee-4015-9904-32ae81f8dfe6 req-26b00be2-16ee-4015-9904-32ae81f8dfe6 ] Request (NetworksTest:tearDownClass): 204 DELETE http://10.180.1.21:9696/networking/v2.0/security-groups/a8b9d9d9-caff-40ce-9514-bca4c58472a3 0.314s
2024-09-22 23:45:22.864 62388 INFO tempest.lib.common.rest_client [req-32242702-31bd-444d-99f0-a291c4e84909 req-32242702-31bd-444d-99f0-a291c4e84909 ] Request (AttachInterfacesUnderV243Test:setUpClass): 201 POST http://10.180.1.21:9696/networking/v2.0/subnets 0.583s
2024-09-22 23:45:22.907 62328 INFO tempest.lib.common.rest_client [req-b77bde49-4d5d-429e-a29f-93fb3c4d97da req-b77bde49-4d5d-429e-a29f-93fb3c4d97da ] Request (FlavorsAccessTestJSON:tearDownClass): 204 DELETE http://10.180.1.21/identity/v3/projects/a07b46b1ce4f4b81b66d6f4848ad5474 0.098s
2024-09-22 23:45:22.907 62328 INFO tempest.lib.common.dynamic_creds [-] Deleting project and security group for project: ef2054e7db724aa6ab0d6444f193da71
2024-09-22 23:45:22.926 62358 INFO tempest.lib.common.rest_client [req-8c1ceae9-e54a-425b-bc82-ae8fa74805f2 req-8c1ceae9-e54a-425b-bc82-ae8fa74805f2 ] Request (SecurityGroupRulesNegativeTestJSON:setUpClass): 201 POST http://10.180.1.21/identity/v3/auth/tokens 0.076s
2024-09-22 23:45:22.949 62358 INFO tempest.lib.common.rest_client [req-efa4b26f-1b57-490f-b6f5-1e141b8bb9dd req-efa4b26f-1b57-490f-b6f5-1e141b8bb9dd ] Request (SecurityGroupRulesNegativeTestJSON:setUpClass): 200 GET http://10.180.1.21/identity/v3/domains?name=Default 0.022s
2024-09-22 23:45:22.974 62334 INFO tempest.lib.common.rest_client [req-062342bf-ec4a-478c-a0d6-ec2fb6fdb93f req-062342bf-ec4a-478c-a0d6-ec2fb6fdb93f ] Request (HypervisorAdminNegativeTestJSON:tearDownClass): 200 GET http://10.180.1.21:9696/networking/v2.0/security-groups?tenant_id=6123fd9518c048b6a56a9ac7d253be79&name=default 0.260s
2024-09-22 23:45:22.987 62358 INFO tempest.lib.common.rest_client [req-92856549-11c9-411e-a3f4-c411f701b901 req-92856549-11c9-411e-a3f4-c411f701b901 ] Request (SecurityGroupRulesNegativeTestJSON:setUpClass): 201 POST http://10.180.1.21/identity/v3/projects 0.037s
2024-09-22 23:45:22.997 62352 INFO tempest.lib.common.rest_client [req-ad4ee600-a7b9-47de-8eb1-567af96e2961 req-ad4ee600-a7b9-47de-8eb1-567af96e2961 ] Request (NetworksTest:tearDownClass): 204 DELETE http://10.180.1.21/identity/v3/projects/c248940a3a8a41f8b165ea62f8d0de9e 0.133s
2024-09-22 23:45:22.997 62352 INFO tempest.lib.common.dynamic_creds [-] Deleting project and security group for project: 0968f9b8aa2b4f7eb8459ea749fc6c51
2024-09-22 23:45:23.056 62358 INFO tempest.lib.common.rest_client [req-4851f330-ef23-4215-bd3f-98f2cd7d7bba req-4851f330-ef23-4215-bd3f-98f2cd7d7bba ] Request (SecurityGroupRulesNegativeTestJSON:setUpClass): 201 POST http://10.180.1.21/identity/v3/users 0.068s
2024-09-22 23:45:23.114 62358 INFO tempest.lib.common.rest_client [req-d7b9cc1d-75e0-4e94-b02d-4aaec08299a7 req-d7b9cc1d-75e0-4e94-b02d-4aaec08299a7 ] Request (SecurityGroupRulesNegativeTestJSON:setUpClass): 200 GET http://10.180.1.21/identity/v3/roles 0.057s
2024-09-22 23:45:23.153 62358 INFO tempest.lib.common.rest_client [req-40496473-81ac-4209-b666-894189e4fcfa req-40496473-81ac-4209-b666-894189e4fcfa ] Request (SecurityGroupRulesNegativeTestJSON:setUpClass): 204 PUT http://10.180.1.21/identity/v3/projects/7144dfaad942488e8dbe885e365482f0/users/bb2ee68435a24f26a990babc21521d9e/roles/8e723cecee2e4b3fb991e84e8e92dbe0 0.039s
2024-09-22 23:45:23.153 62358 INFO tempest.lib.common.dynamic_creds [-] Dynamic test user bb2ee68435a24f26a990babc21521d9e is created with scope project and roles: ['member']
2024-09-22 23:45:23.154 62358 INFO tempest.lib.common.dynamic_creds [-] Acquired dynamic creds: credentials: Credentials: {'domain_id': 'default', 'domain_name': 'Default', 'username': 'tempest-SecurityGroupRulesNegativeTestJSON-735200890-project-member', 'project_domain_id': 'default', 'project_domain_name': 'Default', 'project_id': '7144dfaad942488e8dbe885e365482f0', 'project_name': 'tempest-SecurityGroupRulesNegativeTestJSON-735200890', 'tenant_id': '7144dfaad942488e8dbe885e365482f0', 'tenant_name': 'tempest-SecurityGroupRulesNegativeTestJSON-735200890', 'user_domain_id': 'default', 'user_domain_name': 'Default', 'user_id': 'bb2ee68435a24f26a990babc21521d9e', 'system': None}, Network: None, Subnet: None, Router: None
2024-09-22 23:45:23.224 62358 INFO tempest.lib.common.rest_client [req-f9787722-07c0-4741-b801-fbca6dc1feaf req-f9787722-07c0-4741-b801-fbca6dc1feaf ] Request (SecurityGroupRulesNegativeTestJSON:setUpClass): 201 POST http://10.180.1.21/identity/v3/auth/tokens 0.070s
2024-09-22 23:45:23.227 62328 INFO tempest.lib.common.rest_client [req-1d552940-c709-4c3d-9352-b2cd6862a392 req-1d552940-c709-4c3d-9352-b2cd6862a392 ] Request (FlavorsAccessTestJSON:tearDownClass): 200 GET http://10.180.1.21:9696/networking/v2.0/security-groups?tenant_id=ef2054e7db724aa6ab0d6444f193da71&name=default 0.320s
2024-09-22 23:45:23.276 62334 INFO tempest.lib.common.rest_client [req-ae735f3d-b2eb-4920-9c43-fdad189a8f90 req-ae735f3d-b2eb-4920-9c43-fdad189a8f90 ] Request (HypervisorAdminNegativeTestJSON:tearDownClass): 204 DELETE http://10.180.1.21:9696/networking/v2.0/security-groups/0da323aa-c7c8-433c-9d87-bbdb7dabbb6c 0.301s
2024-09-22 23:45:23.362 62334 INFO tempest.lib.common.rest_client [req-9bab27de-cc81-457e-bddf-6a19d5afc687 req-9bab27de-cc81-457e-bddf-6a19d5afc687 ] Request (HypervisorAdminNegativeTestJSON:tearDownClass): 204 DELETE http://10.180.1.21/identity/v3/projects/6123fd9518c048b6a56a9ac7d253be79 0.086s
2024-09-22 23:45:23.434 62334 INFO tempest.lib.common.rest_client [req-93e7e967-1f5d-4b88-9a04-4d04fb3120ea req-93e7e967-1f5d-4b88-9a04-4d04fb3120ea ] Request (ListImageFiltersTestJSON:setUpClass): 201 POST http://10.180.1.21/identity/v3/auth/tokens 0.068s
2024-09-22 23:45:23.469 62334 INFO tempest.lib.common.rest_client [req-76238f7e-5217-4585-ae77-b05c35ac7c3a req-76238f7e-5217-4585-ae77-b05c35ac7c3a ] Request (ListImageFiltersTestJSON:setUpClass): 201 POST http://10.180.1.21/identity/v3/auth/tokens 0.033s
2024-09-22 23:45:23.496 62334 INFO tempest.lib.common.rest_client [req-141b492b-a1ff-4ec6-abff-b7a411f60c47 req-141b492b-a1ff-4ec6-abff-b7a411f60c47 ] Request (ListImageFiltersTestJSON:setUpClass): 200 GET http://10.180.1.21/identity/v3/domains?name=Default 0.027s
2024-09-22 23:45:23.507 62366 INFO tempest.lib.common.rest_client [req-93d43387-1995-47d1-9b2b-6d5a4703702b req-93d43387-1995-47d1-9b2b-6d5a4703702b ] Request (FloatingIPsAssociationTestJSON:setUpClass): 202 POST http://10.180.1.21/compute/v2.1/servers 2.620s
2024-09-22 23:45:23.512 62328 INFO tempest.lib.common.rest_client [req-20718919-95fc-482b-b442-13b05c67d78c req-20718919-95fc-482b-b442-13b05c67d78c ] Request (FlavorsAccessTestJSON:tearDownClass): 204 DELETE http://10.180.1.21:9696/networking/v2.0/security-groups/412479fe-80f8-4e98-af89-7cc76169ceac 0.284s
2024-09-22 23:45:23.529 62334 INFO tempest.lib.common.rest_client [req-1d6e568a-1371-4592-a62f-ec7e6be81067 req-1d6e568a-1371-4592-a62f-ec7e6be81067 ] Request (ListImageFiltersTestJSON:setUpClass): 201 POST http://10.180.1.21/identity/v3/projects 0.032s
2024-09-22 23:45:23.549 62352 INFO tempest.lib.common.rest_client [req-b556827d-50e2-47fd-b6a7-6890611797a1 req-b556827d-50e2-47fd-b6a7-6890611797a1 ] Request (NetworksTest:tearDownClass): 200 GET http://10.180.1.21:9696/networking/v2.0/security-groups?tenant_id=0968f9b8aa2b4f7eb8459ea749fc6c51&name=default 0.552s
2024-09-22 23:45:23.552 62374 INFO tempest.lib.common.rest_client [req-adb3884d-83e9-49b0-894a-049e15ae101c req-adb3884d-83e9-49b0-894a-049e15ae101c ] Request (ImagesTestJSON:setUpClass): 200 PUT http://10.180.1.21:9696/networking/v2.0/routers/0c64f167-dac2-4ff7-ab85-11d29282cd78/add_router_interface 2.305s
2024-09-22 23:45:23.552 62374 INFO tempest.lib.common.dynamic_creds [-] Created isolated network resources for: credentials: Credentials: {'domain_id': 'default', 'domain_name': 'Default', 'username': 'tempest-ImagesTestJSON-1587533209-project-member', 'project_domain_id': 'default', 'project_domain_name': 'Default', 'project_id': '50588a3898b04fceaa489d0c35053fee', 'project_name': 'tempest-ImagesTestJSON-1587533209', 'tenant_id': '50588a3898b04fceaa489d0c35053fee', 'tenant_name': 'tempest-ImagesTestJSON-1587533209', 'user_domain_id': 'default', 'user_domain_name': 'Default', 'user_id': 'b72bc3fa0e944989b5bd9e3e55cb03c4', 'system': None}, Network: {'id': '2dd9a572-939c-4a07-8b8f-7ac65af03aba', 'name': 'tempest-ImagesTestJSON-655959594-network', 'tenant_id': '50588a3898b04fceaa489d0c35053fee', 'admin_state_up': True, 'mtu': 8950, 'status': 'ACTIVE', 'subnets': [], 'shared': False, 'project_id': '50588a3898b04fceaa489d0c35053fee', 'port_security_enabled': True, 'router:external': False, 'provider:network_type': 'vlan', 'provider:physical_network': 'default', 'provider:segmentation_id': 486, 'is_default': False, 'availability_zone_hints': [], 'availability_zones': [], 'ipv4_address_scope': None, 'ipv6_address_scope': None, 'description': '', 'tags': [], 'created_at': '2024-09-22T23:45:18Z', 'updated_at': '2024-09-22T23:45:18Z', 'revision_number': 1}, Subnet: {'id': 'f254f11d-9f3b-40c2-9eb6-00f15cb9121c', 'name': 'tempest-ImagesTestJSON-655959594-subnet', 'tenant_id': '50588a3898b04fceaa489d0c35053fee', 'network_id': '2dd9a572-939c-4a07-8b8f-7ac65af03aba', 'ip_version': 4, 'subnetpool_id': None, 'enable_dhcp': True, 'ipv6_ra_mode': None, 'ipv6_address_mode': None, 'gateway_ip': '192.168.128.1', 'cidr': '192.168.128.0/28', 'allocation_pools': [{'start': '192.168.128.2', 'end': '192.168.128.14'}], 'host_routes': [], 'dns_nameservers': [], 'description': '', 'router:external': False, 'service_types': [], 'tags': [], 'created_at': '2024-09-22T23:45:18Z', 'updated_at': '2024-09-22T23:45:18Z', 'revision_number': 0, 'project_id': '50588a3898b04fceaa489d0c35053fee'}, Router: {'id': '0c64f167-dac2-4ff7-ab85-11d29282cd78', 'name': 'tempest-ImagesTestJSON-655959594-router', 'tenant_id': '50588a3898b04fceaa489d0c35053fee', 'admin_state_up': True, 'status': 'ACTIVE', 'external_gateway_info': {'network_id': 'b2cbca36-2b8e-4852-bb56-f99a3cd9a6ea', 'external_fixed_ips': [{'subnet_id': 'ab9b19c4-e307-4528-923f-48b87b3ebea7', 'ip_address': '10.180.180.157'}], 'enable_snat': True}, 'description': '', 'availability_zones': [], 'distributed': False, 'ha': False, 'availability_zone_hints': [], 'routes': [], 'flavor_id': None, 'tags': [], 'created_at': '2024-09-22T23:45:19Z', 'updated_at': '2024-09-22T23:45:20Z', 'revision_number': 2, 'project_id': '50588a3898b04fceaa489d0c35053fee'}
2024-09-22 23:45:23.562 62380 INFO tempest.lib.common.rest_client [req-66f09939-3ab5-4b6d-b81b-c8ccd0270948 req-66f09939-3ab5-4b6d-b81b-c8ccd0270948 ] Request (ImagesOneServerTestJSON:setUpClass): 202 POST http://10.180.1.21/compute/v2.1/servers 2.579s
2024-09-22 23:45:23.598 62348 INFO tempest.lib.common.rest_client [req-5ac1e117-0cf6-4cd8-a69c-a78df352e9b3 req-5ac1e117-0cf6-4cd8-a69c-a78df352e9b3 ] Request (VolumesAssistedSnapshotsTest:test_volume_assisted_snapshot_create_delete): 200 GET http://10.180.1.21/compute/v2.1/servers/50efe99d-b09b-40b1-8a48-76eb7bc694de 2.557s
2024-09-22 23:45:23.647 62356 INFO tempest.lib.common.rest_client [req-5590d001-b754-4d2f-86c5-05c1d5ef14f2 req-5590d001-b754-4d2f-86c5-05c1d5ef14f2 ] Request (MigrationsAdminTest:test_list_migrations_in_flavor_resize_situation): 200 GET http://10.180.1.21/compute/v2.1/servers/b09c59fb-c0f7-4fd8-a73e-b21e29b04508 2.463s
2024-09-22 23:45:23.667 62334 INFO tempest.lib.common.rest_client [req-2a06153a-0ff9-49ff-b506-25daf5c83601 req-2a06153a-0ff9-49ff-b506-25daf5c83601 ] Request (ListImageFiltersTestJSON:setUpClass): 201 POST http://10.180.1.21/identity/v3/users 0.137s
2024-09-22 23:45:23.683 62336 INFO tempest.lib.common.rest_client [req-c289ee5a-8290-4a3e-b110-1eadf564f331 req-c289ee5a-8290-4a3e-b110-1eadf564f331 ] Request (ListImagesTestJSON:test_list_images_with_detail): 200 GET http://10.180.1.21/compute/v2.1/images/detail 2.433s
2024-09-22 23:45:23.698 62328 INFO tempest.lib.common.rest_client [req-3b8f30fc-247b-4e70-91c3-952f79a251c2 req-3b8f30fc-247b-4e70-91c3-952f79a251c2 ] Request (FlavorsAccessTestJSON:tearDownClass): 204 DELETE http://10.180.1.21/identity/v3/projects/ef2054e7db724aa6ab0d6444f193da71 0.185s
2024-09-22 23:45:23.748 62342 INFO tempest.lib.common.rest_client [req-565a8d9e-53ba-4459-9519-81366d52b5d2 req-565a8d9e-53ba-4459-9519-81366d52b5d2 ] Request (FloatingIPsNegativeTestJSON:test_allocate_floating_ip_from_nonexistent_pool): 404 POST http://10.180.1.21/compute/v2.1/os-floating-ips 2.415s
2024-09-22 23:45:23.757 62358 INFO tempest.lib.common.rest_client [req-88d8f977-6b15-4762-b181-f6d41a4d4f3a req-88d8f977-6b15-4762-b181-f6d41a4d4f3a ] Request (SecurityGroupRulesNegativeTestJSON:setUpClass): 201 POST http://10.180.1.21:9696/networking/v2.0/networks 0.533s
2024-09-22 23:45:23.761 62372 INFO tempest.lib.common.rest_client [req-ccf19110-e7d1-45fd-82f8-d9d7f7058ee5 req-ccf19110-e7d1-45fd-82f8-d9d7f7058ee5 ] Request (SecurityGroupsTestJSON:test_list_security_groups_by_server): 200 GET http://10.180.1.21/compute/v2.1/servers/64ef9759-3c2a-48ad-b034-75448f7b9f43 2.494s
2024-09-22 23:45:23.767 62334 INFO tempest.lib.common.rest_client [req-980c9196-95f5-4ac8-93a1-fdb27fca613f req-980c9196-95f5-4ac8-93a1-fdb27fca613f ] Request (ListImageFiltersTestJSON:setUpClass): 200 GET http://10.180.1.21/identity/v3/roles 0.099s
2024-09-22 23:45:23.771 62386 INFO tempest.lib.common.rest_client [req-0aadd8f5-f8ef-4cd2-829c-93d36ba70636 req-0aadd8f5-f8ef-4cd2-829c-93d36ba70636 ] Request (FlavorsAdminTestJSON:test_create_flavor_with_none_id): 200 POST http://10.180.1.21/compute/v2.1/flavors 2.418s
2024-09-22 23:45:23.785 62374 INFO tempest.lib.common.rest_client [req-ce83e807-b75e-4224-9fcc-e662b29c4b84 req-ce83e807-b75e-4224-9fcc-e662b29c4b84 ] Request (ImagesTestJSON:setUpClass): 201 POST http://10.180.1.21/identity/v3/auth/tokens 0.228s
2024-09-22 23:45:23.789 62370 INFO tempest.lib.common.rest_client [req-300eca47-33bc-4572-8da9-d9ba0bb8971a req-300eca47-33bc-4572-8da9-d9ba0bb8971a ] Request (HostsAdminNegativeTestJSON:test_startup_nonexistent_host): 404 GET http://10.180.1.21/compute/v2.1/os-hosts/nonexistent_hostname/startup 2.406s
2024-09-22 23:45:23.796 62382 INFO tempest.lib.common.rest_client [req-b4d9b521-e0ed-4fe8-83d1-789c1ba8b74d req-b4d9b521-e0ed-4fe8-83d1-789c1ba8b74d ] Request (ServicesAdminNegativeV253TestJSON:test_get_service_by_invalid_params): 200 GET http://10.180.1.21/compute/v2.1/os-services 2.425s
2024-09-22 23:45:23.816 62328 INFO tempest.lib.common.rest_client [req-31ab9cb7-d174-4e0e-867f-fee905c0683a req-31ab9cb7-d174-4e0e-867f-fee905c0683a ] Request (FlavorsAccessNegativeTestJSON:setUpClass): 201 POST http://10.180.1.21/identity/v3/auth/tokens 0.116s
2024-09-22 23:45:23.819 62362 INFO tempest.lib.common.rest_client [req-5e43d4b4-8332-4046-ac1b-28c90d95198c req-5e43d4b4-8332-4046-ac1b-28c90d95198c ] Request (AggregatesAdminNegativeTestJSON:test_aggregate_add_non_exist_host): 200 POST http://10.180.1.21/compute/v2.1/os-aggregates 2.252s
2024-09-22 23:45:23.847 62336 INFO tempest.lib.common.rest_client [req-e82fffc5-2cf8-4766-acc7-1254de3f197e req-e82fffc5-2cf8-4766-acc7-1254de3f197e ] Request (ListImagesTestJSON:tearDownClass): 204 DELETE http://10.180.1.21/identity/v3/users/abe8366089d442c781286bce87d402d3 0.157s
2024-09-22 23:45:23.847 62334 INFO tempest.lib.common.rest_client [req-72be73a2-9e82-40ea-85d2-a9fe6622f506 req-72be73a2-9e82-40ea-85d2-a9fe6622f506 ] Request (ListImageFiltersTestJSON:setUpClass): 204 PUT http://10.180.1.21/identity/v3/projects/d6add7b5588e4ff792208e5f4a9c3c70/users/2d4c06ea1ac346d7a17a36d8f63484c3/roles/8e723cecee2e4b3fb991e84e8e92dbe0 0.079s
2024-09-22 23:45:23.847 62336 INFO tempest.lib.common.dynamic_creds [-] Deleting project and security group for project: 9594dfb44b0d41caa789203e3df53fc6
2024-09-22 23:45:23.847 62334 INFO tempest.lib.common.dynamic_creds [-] Dynamic test user 2d4c06ea1ac346d7a17a36d8f63484c3 is created with scope project and roles: ['member']
2024-09-22 23:45:23.848 62334 INFO tempest.lib.common.dynamic_creds [-] Acquired dynamic creds: credentials: Credentials: {'domain_id': 'default', 'domain_name': 'Default', 'username': 'tempest-ListImageFiltersTestJSON-1557026600-project-member', 'project_domain_id': 'default', 'project_domain_name': 'Default', 'project_id': 'd6add7b5588e4ff792208e5f4a9c3c70', 'project_name': 'tempest-ListImageFiltersTestJSON-1557026600', 'tenant_id': 'd6add7b5588e4ff792208e5f4a9c3c70', 'tenant_name': 'tempest-ListImageFiltersTestJSON-1557026600', 'user_domain_id': 'default', 'user_domain_name': 'Default', 'user_id': '2d4c06ea1ac346d7a17a36d8f63484c3', 'system': None}, Network: None, Subnet: None, Router: None
2024-09-22 23:45:23.848 62334 INFO tempest.lib.common.dynamic_creds [-] Created isolated network resources for: credentials: Credentials: {'domain_id': 'default', 'domain_name': 'Default', 'username': 'tempest-ListImageFiltersTestJSON-1557026600-project-member', 'project_domain_id': 'default', 'project_domain_name': 'Default', 'project_id': 'd6add7b5588e4ff792208e5f4a9c3c70', 'project_name': 'tempest-ListImageFiltersTestJSON-1557026600', 'tenant_id': 'd6add7b5588e4ff792208e5f4a9c3c70', 'tenant_name': 'tempest-ListImageFiltersTestJSON-1557026600', 'user_domain_id': 'default', 'user_domain_name': 'Default', 'user_id': '2d4c06ea1ac346d7a17a36d8f63484c3', 'system': None}, Network: None, Subnet: None, Router: None
2024-09-22 23:45:23.858 62352 INFO tempest.lib.common.rest_client [req-b009d21e-9b16-4f49-98fc-1bed57680d41 req-b009d21e-9b16-4f49-98fc-1bed57680d41 ] Request (NetworksTest:tearDownClass): 204 DELETE http://10.180.1.21:9696/networking/v2.0/security-groups/bc6e0c0e-c0f5-40e0-b79a-12df8028eda8 0.308s
2024-09-22 23:45:23.895 62384 INFO tempest.lib.common.rest_client [req-b8023074-d1cc-435a-8fed-51349743fedb req-b8023074-d1cc-435a-8fed-51349743fedb ] Request (MultipleCreateTestJSON:test_multiple_create): 200 GET http://10.180.1.21/compute/v2.1/servers/297a8ff7-6bf1-44c0-9c0b-b4abaed77d19 2.184s
2024-09-22 23:45:23.901 62328 INFO tempest.lib.common.rest_client [req-4812afbe-baee-4777-a752-a6994e6fa201 req-4812afbe-baee-4777-a752-a6994e6fa201 ] Request (FlavorsAccessNegativeTestJSON:setUpClass): 201 POST http://10.180.1.21/identity/v3/auth/tokens 0.083s
2024-09-22 23:45:23.904 62374 INFO tempest.lib.common.rest_client [req-c2a3a87d-56eb-4484-b243-25364280691e req-c2a3a87d-56eb-4484-b243-25364280691e ] Request (ImagesTestJSON:test_create_image_from_stopped_server): 201 POST http://10.180.1.21/identity/v3/auth/tokens 0.107s
2024-09-22 23:45:23.904 62374 INFO tempest.lib.common.fixed_network [-] (ImagesTestJSON:test_create_image_from_stopped_server) Found network {'id': '2dd9a572-939c-4a07-8b8f-7ac65af03aba', 'name': 'tempest-ImagesTestJSON-655959594-network', 'tenant_id': '50588a3898b04fceaa489d0c35053fee', 'admin_state_up': True, 'mtu': 8950, 'status': 'ACTIVE', 'subnets': [], 'shared': False, 'project_id': '50588a3898b04fceaa489d0c35053fee', 'port_security_enabled': True, 'router:external': False, 'provider:network_type': 'vlan', 'provider:physical_network': 'default', 'provider:segmentation_id': 486, 'is_default': False, 'availability_zone_hints': [], 'availability_zones': [], 'ipv4_address_scope': None, 'ipv6_address_scope': None, 'description': '', 'tags': [], 'created_at': '2024-09-22T23:45:18Z', 'updated_at': '2024-09-22T23:45:18Z', 'revision_number': 1} available for tenant
2024-09-22 23:45:23.914 62376 INFO tempest.lib.common.rest_client [req-6795e0a6-1da9-4cf6-8d75-233285e5009a req-6795e0a6-1da9-4cf6-8d75-233285e5009a ] Request (ServersWithSpecificFlavorTestJSON:test_verify_created_server_ephemeral_disk): 200 POST http://10.180.1.21/compute/v2.1/flavors/37105460/os-extra_specs 2.076s
2024-09-22 23:45:23.930 62336 INFO tempest.lib.common.rest_client [req-5ba2f50a-1a33-4485-b10d-b4bb5bacafee req-5ba2f50a-1a33-4485-b10d-b4bb5bacafee ] Request (ListImagesTestJSON:tearDownClass): 201 POST http://10.180.1.21/identity/v3/auth/tokens 0.082s
2024-09-22 23:45:23.933 62358 INFO tempest.lib.common.rest_client [req-daa463f0-2d12-4619-aa45-7dc510353ef3 req-daa463f0-2d12-4619-aa45-7dc510353ef3 ] Request (SecurityGroupRulesNegativeTestJSON:setUpClass): 201 POST http://10.180.1.21:9696/networking/v2.0/subnets 0.175s
2024-09-22 23:45:23.962 62332 INFO tempest.lib.common.rest_client [req-15c82d14-7d58-4d88-a5fe-c60afc892b6e req-15c82d14-7d58-4d88-a5fe-c60afc892b6e ] Request (ImagesMetadataTestJSON:test_set_image_metadata): 200 GET http://10.180.1.21/compute/v2.1/images/e27406a2-f5bb-43c1-b995-5bc663f76438/metadata 1.861s
2024-09-22 23:45:23.994 62334 INFO tempest.lib.common.rest_client [req-d1ed53f3-c8d1-424c-be22-e8af0fce0816 req-d1ed53f3-c8d1-424c-be22-e8af0fce0816 ] Request (ListImageFiltersTestJSON:setUpClass): 201 POST http://10.180.1.21/identity/v3/auth/tokens 0.142s
2024-09-22 23:45:24.013 62350 INFO tempest.lib.common.rest_client [req-d88788c9-a49b-4cc6-b9bd-e52fee351c16 req-d88788c9-a49b-4cc6-b9bd-e52fee351c16 ] Request (QuotasAdminTestV236:test_get_updated_quotas): 200 GET http://10.180.1.21/compute/v2.1/os-quota-sets/9c311f2da2a5430faf6e32825473e9fb?user_id=04c39f44dc5c4339be3dc5b25919d7cf 2.342s
2024-09-22 23:45:24.017 62328 INFO tempest.lib.common.rest_client [req-05eaecf7-3c00-48eb-9489-932af8949a15 req-05eaecf7-3c00-48eb-9489-932af8949a15 ] Request (FlavorsAccessNegativeTestJSON:setUpClass): 200 GET http://10.180.1.21/identity/v3/domains?name=Default 0.115s
2024-09-22 23:45:24.020 62378 INFO tempest.lib.common.rest_client [req-1c91beb4-85cf-407a-909f-9959292523ee req-1c91beb4-85cf-407a-909f-9959292523ee ] Request (DeleteServersAdminTestJSON:test_admin_delete_servers_of_others): 200 GET http://10.180.1.21/compute/v2.1/servers/ef9b40d1-736a-420f-8cca-c053487a360d 1.864s
2024-09-22 23:45:24.051 62352 INFO tempest.lib.common.rest_client [req-6e5b1347-62f1-44c3-92f3-3268ea4d1075 req-6e5b1347-62f1-44c3-92f3-3268ea4d1075 ] Request (NetworksTest:tearDownClass): 204 DELETE http://10.180.1.21/identity/v3/projects/0968f9b8aa2b4f7eb8459ea749fc6c51 0.193s
2024-09-22 23:45:24.089 62354 INFO tempest.lib.common.rest_client [req-b324d880-2df1-4f79-930a-abb4cf1b5d47 req-b324d880-2df1-4f79-930a-abb4cf1b5d47 ] Request (ServerDiagnosticsTest:test_get_server_diagnostics): 200 GET http://10.180.1.21/compute/v2.1/servers/ae351785-82c4-40cb-a625-7ec9b6257c92 1.726s
2024-09-22 23:45:24.118 62344 INFO tempest.lib.common.rest_client [req-2cd8fd46-7d17-4766-9d63-091930c4b658 req-2cd8fd46-7d17-4766-9d63-091930c4b658 ] Request (HostsAdminTestJSON:test_list_hosts_with_a_blank_zone): 200 GET http://10.180.1.21/compute/v2.1/os-hosts?zone= 1.684s
2024-09-22 23:45:24.124 62346 INFO tempest.lib.common.rest_client [req-5515f4b4-e2b0-4710-aa9f-be50decf8356 req-5515f4b4-e2b0-4710-aa9f-be50decf8356 ] Request (TenantUsagesNegativeTestJSON:test_get_usage_tenant_with_invalid_date): 400 GET http://10.180.1.21/compute/v2.1/os-simple-tenant-usage/0c2adc913cb6472890b82dbaf4f21b63?start=2024-09-23T23%3A45%3A20.545309&end=2024-09-21T23%3A45%3A20.545309 1.633s
2024-09-22 23:45:24.147 62330 INFO tempest.lib.common.rest_client [req-6b73d805-054e-47e8-b89c-ba0ae326f71a req-6b73d805-054e-47e8-b89c-ba0ae326f71a ] Request (FlavorsExtraSpecsTestJSON:test_flavor_set_get_update_show_unset_keys): 200 POST http://10.180.1.21/compute/v2.1/flavors/1212465559/os-extra_specs 1.613s
2024-09-22 23:45:24.180 62328 INFO tempest.lib.common.rest_client [req-caa58173-1cd7-4a84-b29a-8230b936d2af req-caa58173-1cd7-4a84-b29a-8230b936d2af ] Request (FlavorsAccessNegativeTestJSON:setUpClass): 201 POST http://10.180.1.21/identity/v3/projects 0.162s
2024-09-22 23:45:24.244 62352 INFO tempest.lib.common.rest_client [req-1ba666a2-e0cb-46dc-a1db-ebe61b518227 req-1ba666a2-e0cb-46dc-a1db-ebe61b518227 ] Request (FloatingIPsAssociationNegativeTestJSON:setUpClass): 201 POST http://10.180.1.21/identity/v3/auth/tokens 0.191s
2024-09-22 23:45:24.311 62364 INFO tempest.lib.common.rest_client [req-a23c88dd-0ef2-4ec8-bfb1-5af0e94323ea req-a23c88dd-0ef2-4ec8-bfb1-5af0e94323ea ] Request (SecurityGroupsTestAdminJSON:_run_cleanups): 202 DELETE http://10.180.1.21/compute/v2.1/os-security-groups/55e52864-b988-4b38-8c7e-4360b2e2fc5d 2.005s
2024-09-22 23:45:24.334 62336 INFO tempest.lib.common.rest_client [req-41f7e65c-41b0-475f-9121-f0701aecdc22 req-41f7e65c-41b0-475f-9121-f0701aecdc22 ] Request (ListImagesTestJSON:tearDownClass): 200 GET http://10.180.1.21:9696/networking/v2.0/security-groups?tenant_id=9594dfb44b0d41caa789203e3df53fc6&name=default 0.403s
2024-09-22 23:45:24.342 62350 INFO tempest.lib.common.rest_client [req-fb4a758e-4a96-4c7c-9d54-7505bb679d8b req-fb4a758e-4a96-4c7c-9d54-7505bb679d8b ] Request (QuotasAdminTestV236:_run_cleanups): 204 DELETE http://10.180.1.21/identity/v3/users/04c39f44dc5c4339be3dc5b25919d7cf 0.327s
2024-09-22 23:45:24.396 62328 INFO tempest.lib.common.rest_client [req-be85b181-8b42-435a-80a7-35b0fddf0bbf req-be85b181-8b42-435a-80a7-35b0fddf0bbf ] Request (FlavorsAccessNegativeTestJSON:setUpClass): 201 POST http://10.180.1.21/identity/v3/users 0.214s
2024-09-22 23:45:24.409 62340 INFO tempest.lib.common.rest_client [req-d4039f70-78b1-4ed3-ab8d-b5ee42148c04 req-d4039f70-78b1-4ed3-ab8d-b5ee42148c04 ] Request (ImagesNegativeTestJSON:test_create_image_from_deleted_server): 200 GET http://10.180.1.21/compute/v2.1/servers/7f8fd3b5-2d78-4a30-afaa-6145d9e8ab19 1.583s
2024-09-22 23:45:24.421 62352 INFO tempest.lib.common.rest_client [req-a202a35a-cdc3-4429-84fa-7de4c3263fd0 req-a202a35a-cdc3-4429-84fa-7de4c3263fd0 ] Request (FloatingIPsAssociationNegativeTestJSON:setUpClass): 201 POST http://10.180.1.21/identity/v3/auth/tokens 0.172s
2024-09-22 23:45:24.485 62360 INFO tempest.lib.common.rest_client [req-579c59cc-a3c0-4770-b0aa-57e2336d84aa req-579c59cc-a3c0-4770-b0aa-57e2336d84aa ] Request (QuotasAdminNegativeTest:test_create_server_when_memory_quota_is_full): 200 PUT http://10.180.1.21/compute/v2.1/os-quota-sets/13f8af8910184f9bb15b708b0c8d1187 1.906s
2024-09-22 23:45:24.501 62368 INFO tempest.lib.common.rest_client [req-4437a35d-bd04-41e2-bb8f-4c1933110e00 req-4437a35d-bd04-41e2-bb8f-4c1933110e00 ] Request (ServerDiagnosticsNegativeTest:test_get_server_diagnostics_by_non_admin): 200 GET http://10.180.1.21/compute/v2.1/servers/a8c54503-1be7-4a28-9e2f-b31d546bfc10 1.224s
2024-09-22 23:45:24.514 62350 INFO tempest.lib.common.rest_client [req-0d6691f2-9bae-4e8b-ba0e-c5e1e206463a req-0d6691f2-9bae-4e8b-ba0e-c5e1e206463a ] Request (QuotasAdminTestV236:_run_cleanups): 204 DELETE http://10.180.1.21/identity/v3/projects/9c311f2da2a5430faf6e32825473e9fb 0.171s
2024-09-22 23:45:24.553 62328 INFO tempest.lib.common.rest_client [req-4919a67c-8654-48c0-bb37-7eb41ec1b28e req-4919a67c-8654-48c0-bb37-7eb41ec1b28e ] Request (FlavorsAccessNegativeTestJSON:setUpClass): 200 GET http://10.180.1.21/identity/v3/roles 0.157s
2024-09-22 23:45:24.569 62352 INFO tempest.lib.common.rest_client [req-2cd7a765-54b2-4d58-8950-2d443ee52edc req-2cd7a765-54b2-4d58-8950-2d443ee52edc ] Request (FloatingIPsAssociationNegativeTestJSON:setUpClass): 200 GET http://10.180.1.21/identity/v3/domains?name=Default 0.148s
2024-09-22 23:45:24.570 62366 INFO tempest.lib.common.rest_client [req-94789762-f44a-4014-8957-3438734f968b req-94789762-f44a-4014-8957-3438734f968b ] Request (FloatingIPsAssociationTestJSON:setUpClass): 200 GET http://10.180.1.21/compute/v2.1/servers/dae477eb-9e5d-48c8-af68-4c9dead81ef2 1.061s
2024-09-22 23:45:24.615 62360 INFO tempest.lib.common.rest_client [req-d00e3b4f-5b22-4023-8479-dcc295b72ec4 req-d00e3b4f-5b22-4023-8479-dcc295b72ec4 ] Request (QuotasAdminNegativeTest:test_create_server_when_memory_quota_is_full): 201 POST http://10.180.1.21/identity/v3/auth/tokens 0.124s
2024-09-22 23:45:24.615 62360 INFO tempest.lib.common.fixed_network [-] (QuotasAdminNegativeTest:test_create_server_when_memory_quota_is_full) Found network None available for tenant
2024-09-22 23:45:24.632 62336 INFO tempest.lib.common.rest_client [req-072275dc-88ec-4f64-8d7a-091d6ace2c92 req-072275dc-88ec-4f64-8d7a-091d6ace2c92 ] Request (ListImagesTestJSON:tearDownClass): 204 DELETE http://10.180.1.21:9696/networking/v2.0/security-groups/5eb2ae28-74df-474c-9c5a-3dfd5e75cac0 0.298s
2024-09-22 23:45:24.650 62326 INFO tempest.lib.common.rest_client [req-2c83e839-17c1-43ea-846c-22d5c00591b8 req-2c83e839-17c1-43ea-846c-22d5c00591b8 ] Request (VolumesAdminNegativeTest:test_update_attached_volume_with_nonexistent_volume_in_body): 200 GET http://10.180.1.21/compute/v2.1/servers/e93677bb-4755-4635-8fec-69c0d093964a 1.126s
2024-09-22 23:45:24.673 62350 INFO tempest.lib.common.rest_client [req-0800d3b7-d98f-4c15-9104-e0f4da166d9b req-0800d3b7-d98f-4c15-9104-e0f4da166d9b ] Request (QuotasAdminTestV236:tearDownClass): 204 DELETE http://10.180.1.21/identity/v3/users/d54cbcd42d3a45ed99ecb301aa4fc9c2 0.157s
2024-09-22 23:45:24.709 62328 INFO tempest.lib.common.rest_client [req-c84e0704-b782-472a-a6c9-e20a95dbd9d5 req-c84e0704-b782-472a-a6c9-e20a95dbd9d5 ] Request (FlavorsAccessNegativeTestJSON:setUpClass): 204 PUT http://10.180.1.21/identity/v3/projects/a631b856f51a48f09ea12527da2feee7/users/1fa0d4d100d749efafe08930649555e6/roles/8e723cecee2e4b3fb991e84e8e92dbe0 0.155s
2024-09-22 23:45:24.710 62328 INFO tempest.lib.common.dynamic_creds [-] Dynamic test user 1fa0d4d100d749efafe08930649555e6 is created with scope project and roles: ['member']
2024-09-22 23:45:24.710 62328 INFO tempest.lib.common.dynamic_creds [-] Acquired dynamic creds: credentials: Credentials: {'domain_id': 'default', 'domain_name': 'Default', 'username': 'tempest-FlavorsAccessNegativeTestJSON-1290611959-project-member', 'project_domain_id': 'default', 'project_domain_name': 'Default', 'project_id': 'a631b856f51a48f09ea12527da2feee7', 'project_name': 'tempest-FlavorsAccessNegativeTestJSON-1290611959', 'tenant_id': 'a631b856f51a48f09ea12527da2feee7', 'tenant_name': 'tempest-FlavorsAccessNegativeTestJSON-1290611959', 'user_domain_id': 'default', 'user_domain_name': 'Default', 'user_id': '1fa0d4d100d749efafe08930649555e6', 'system': None}, Network: None, Subnet: None, Router: None
2024-09-22 23:45:24.710 62328 INFO tempest.lib.common.dynamic_creds [-] Created isolated network resources for: credentials: Credentials: {'domain_id': 'default', 'domain_name': 'Default', 'username': 'tempest-FlavorsAccessNegativeTestJSON-1290611959-project-member', 'project_domain_id': 'default', 'project_domain_name': 'Default', 'project_id': 'a631b856f51a48f09ea12527da2feee7', 'project_name': 'tempest-FlavorsAccessNegativeTestJSON-1290611959', 'tenant_id': 'a631b856f51a48f09ea12527da2feee7', 'tenant_name': 'tempest-FlavorsAccessNegativeTestJSON-1290611959', 'user_domain_id': 'default', 'user_domain_name': 'Default', 'user_id': '1fa0d4d100d749efafe08930649555e6', 'system': None}, Network: None, Subnet: None, Router: None
2024-09-22 23:45:24.715 62380 INFO tempest.lib.common.rest_client [req-25ef04a9-050b-4e04-91ed-799a03d1d27d req-25ef04a9-050b-4e04-91ed-799a03d1d27d ] Request (ImagesOneServerTestJSON:setUpClass): 200 GET http://10.180.1.21/compute/v2.1/servers/b237f0ce-fd4d-49af-b1e2-53969126e1f0 1.151s
2024-09-22 23:45:24.759 62342 INFO tempest.lib.common.rest_client [req-ef9e72fa-6983-4178-911a-e659e1eb0188 req-ef9e72fa-6983-4178-911a-e659e1eb0188 ] Request (FloatingIPsNegativeTestJSON:test_delete_nonexistent_floating_ip): 404 DELETE http://10.180.1.21/compute/v2.1/os-floating-ips/ac5e8843-9a7d-4510-9337-ea12f0d7ae74 1.006s
2024-09-22 23:45:24.764 62388 INFO tempest.lib.common.rest_client [req-1af62500-f49d-4886-bdaf-ac77f105e17c req-1af62500-f49d-4886-bdaf-ac77f105e17c ] Request (AttachInterfacesUnderV243Test:setUpClass): 201 POST http://10.180.1.21:9696/networking/v2.0/routers 1.899s
2024-09-22 23:45:24.776 62352 INFO tempest.lib.common.rest_client [req-0a17c7d3-0e5c-45af-8174-f323d9f30971 req-0a17c7d3-0e5c-45af-8174-f323d9f30971 ] Request (FloatingIPsAssociationNegativeTestJSON:setUpClass): 201 POST http://10.180.1.21/identity/v3/projects 0.206s
2024-09-22 23:45:24.780 62386 INFO tempest.lib.common.rest_client [req-ea1aa5e1-0735-42fb-9b63-bc6f4dcb5237 req-ea1aa5e1-0735-42fb-9b63-bc6f4dcb5237 ] Request (FlavorsAdminTestJSON:_run_cleanups): 202 DELETE http://10.180.1.21/compute/v2.1/flavors/97a6f69a-524b-435b-ae2b-9bfb6bcc4c4e 1.007s
2024-09-22 23:45:24.784 62370 INFO tempest.lib.common.rest_client [req-59f74174-2fdf-4d9f-85ec-dde449ad4221 req-59f74174-2fdf-4d9f-85ec-dde449ad4221 ] Request (HostsAdminNegativeTestJSON:test_update_host_with_invalid_maintenance_mode): 400 PUT http://10.180.1.21/compute/v2.1/os-hosts/devstack 0.992s
2024-09-22 23:45:24.802 62336 INFO tempest.lib.common.rest_client [req-70eac40a-fc4c-41c2-bffe-ec3e0ad6d7ca req-70eac40a-fc4c-41c2-bffe-ec3e0ad6d7ca ] Request (ListImagesTestJSON:tearDownClass): 204 DELETE http://10.180.1.21/identity/v3/projects/9594dfb44b0d41caa789203e3df53fc6 0.169s
2024-09-22 23:45:24.805 62338 INFO tempest.lib.common.rest_client [req-b36c137d-a07e-4250-aa3f-f8b7138f664a req-b36c137d-a07e-4250-aa3f-f8b7138f664a ] Request (TenantUsagesTestJSON:setUpClass): 200 GET http://10.180.1.21/compute/v2.1/servers/e8e89b90-1e12-4bf6-ba99-f9ab41968807 1.402s
2024-09-22 23:45:24.807 62382 INFO tempest.lib.common.rest_client [req-83b93d51-3044-48ec-aed1-09b4e5d466f6 req-83b93d51-3044-48ec-aed1-09b4e5d466f6 ] Request (ServicesAdminNegativeV253TestJSON:test_get_service_by_invalid_params): 200 GET http://10.180.1.21/compute/v2.1/os-services?xxx=nova-compute 1.005s
2024-09-22 23:45:24.832 62358 INFO tempest.lib.common.rest_client [req-869a840f-c389-4ca0-8c23-ad819084f29b req-869a840f-c389-4ca0-8c23-ad819084f29b ] Request (SecurityGroupRulesNegativeTestJSON:setUpClass): 201 POST http://10.180.1.21:9696/networking/v2.0/routers 0.899s
2024-09-22 23:45:24.843 62362 INFO tempest.lib.common.rest_client [req-ce102a26-9076-4655-8cc7-5be18af27ef5 req-ce102a26-9076-4655-8cc7-5be18af27ef5 ] Request (AggregatesAdminNegativeTestJSON:test_aggregate_add_non_exist_host): 404 POST http://10.180.1.21/compute/v2.1/os-aggregates/3/action 1.021s
