2024-09-22 23:44:51.964 62372 INFO tempest.lib.common.dynamic_creds [-] Created isolated network resources for: credentials: Credentials: {'domain_id': 'default', 'domain_name': 'Default', 'username': 'tempest-ServicesAdminTestJSON-1677956374-project-admin', 'project_domain_id': 'default', 'project_domain_name': 'Default', 'project_id': '83b0e4efef594c3f84e5752015ab294c', 'project_name': 'tempest-ServicesAdminTestJSON-1677956374', 'tenant_id': '83b0e4efef594c3f84e5752015ab294c', 'tenant_name': 'tempest-ServicesAdminTestJSON-1677956374', 'user_domain_id': 'default', 'user_domain_name': 'Default', 'user_id': '6184dcd1b4974a19aa3926e63cc455c2', 'system': None}, Network: None, Subnet: None, Router: None
2024-09-22 23:44:51.969 62376 INFO tempest [-] Using tempest config file /opt/stack/testrun/etc/tempest.conf
2024-09-22 23:44:51.982 62376 WARNING oslo_config.cfg [-] Deprecated: Option "auth_version" from group "identity" is deprecated for removal (Identity v2 API was removed and v3 is the only available identity API version now). Its value may be silently ignored in the future.
2024-09-22 23:44:51.989 62376 WARNING oslo_config.cfg [-] Deprecated: Option "access_rules" from group "identity-feature-enabled" is deprecated for removal (Access rules for application credentials is a default feature since Train). Its value may be silently ignored in the future.
2024-09-22 23:44:52.000 62376 WARNING oslo_config.cfg [-] Deprecated: Option "import_image" from group "image-feature-enabled" is deprecated for removal (Issue with image import in WSGI mode was fixed in Victoria, and this feature works in any deployment architecture now.). Its value may be silently ignored in the future.
2024-09-22 23:44:52.001 62376 WARNING oslo_config.cfg [-] Deprecated: Option "os_glance_reserved" from group "image-feature-enabled" is deprecated for removal (os_glance namespace is always reserved since Wallaby). Its value may be silently ignored in the future.
2024-09-22 23:44:52.006 62382 INFO tempest.lib.common.rest_client [req-801624ce-eb35-4a08-8534-9dae8c752aa1 req-801624ce-eb35-4a08-8534-9dae8c752aa1 ] Request (ServicesAdminNegativeTestJSON:setUpClass): 201 POST http://10.180.1.21/identity/v3/auth/tokens 0.087s
2024-09-22 23:44:52.013 62350 INFO tempest.lib.common.rest_client [req-13264bd9-82ec-4d0e-a082-fb01cf31a48b req-13264bd9-82ec-4d0e-a082-fb01cf31a48b ] Request (AZAdminNegativeTestJSON:setUpClass): 200 GET http://10.180.1.21/identity/v3/domains?name=Default 0.086s
2024-09-22 23:44:52.021 62332 INFO tempest.lib.common.rest_client [req-11880bd9-1bb0-4ba0-a67c-3a0bd7248d59 req-11880bd9-1bb0-4ba0-a67c-3a0bd7248d59 ] Request (ImagesMetadataTestJSON:setUpClass): 200 GET http://10.180.1.21/identity/v3/roles 0.086s
2024-09-22 23:44:52.039 62378 INFO tempest.lib.common.rest_client [req-7e17de0c-2f8b-4440-98e9-3242ba7e6daa req-7e17de0c-2f8b-4440-98e9-3242ba7e6daa ] Request (DeleteServersAdminTestJSON:setUpClass): 200 GET http://10.180.1.21/identity/v3/domains?name=Default 0.083s
2024-09-22 23:44:52.057 62328 INFO tempest.lib.common.rest_client [req-b55ac0cf-2348-416b-8523-24e65d5c03d3 req-b55ac0cf-2348-416b-8523-24e65d5c03d3 ] Request (FlavorsAccessTestJSON:setUpClass): 201 POST http://10.180.1.21/identity/v3/auth/tokens 0.116s
2024-09-22 23:44:52.083 62338 INFO tempest.lib.common.rest_client [req-8df40732-ad37-4b91-9ebc-c73e2d80117d req-8df40732-ad37-4b91-9ebc-c73e2d80117d ] Request (HypervisorAdminV228Test:setUpClass): 201 POST http://10.180.1.21/identity/v3/auth/tokens 0.107s
2024-09-22 23:44:52.090 62372 INFO tempest.lib.common.rest_client [req-69c0148d-86b8-459f-a300-d72c30f4700e req-69c0148d-86b8-459f-a300-d72c30f4700e ] Request (ServicesAdminTestJSON:setUpClass): 201 POST http://10.180.1.21/identity/v3/auth/tokens 0.116s
2024-09-22 23:44:52.100 62382 INFO tempest.lib.common.rest_client [req-e984aca5-837b-441f-b21b-42b7e1d6404f req-e984aca5-837b-441f-b21b-42b7e1d6404f ] Request (ServicesAdminNegativeTestJSON:setUpClass): 200 GET http://10.180.1.21/identity/v3/domains?name=Default 0.093s
2024-09-22 23:44:52.112 62332 INFO tempest.lib.common.rest_client [req-17da2f64-ffc9-49dd-9aa6-9437e70be140 req-17da2f64-ffc9-49dd-9aa6-9437e70be140 ] Request (ImagesMetadataTestJSON:setUpClass): 204 PUT http://10.180.1.21/identity/v3/projects/a360574526734f778ae8d0bed9d42407/users/6228d0988cc6403fa2f932b33e7c4879/roles/8e723cecee2e4b3fb991e84e8e92dbe0 0.089s
2024-09-22 23:44:52.112 62332 INFO tempest.lib.common.dynamic_creds [-] Dynamic test user 6228d0988cc6403fa2f932b33e7c4879 is created with scope project and roles: ['member']
2024-09-22 23:44:52.112 62332 INFO tempest.lib.common.dynamic_creds [-] Acquired dynamic creds: credentials: Credentials: {'domain_id': 'default', 'domain_name': 'Default', 'username': 'tempest-ImagesMetadataTestJSON-1131731699-project-member', 'project_domain_id': 'default', 'project_domain_name': 'Default', 'project_id': 'a360574526734f778ae8d0bed9d42407', 'project_name': 'tempest-ImagesMetadataTestJSON-1131731699', 'tenant_id': 'a360574526734f778ae8d0bed9d42407', 'tenant_name': 'tempest-ImagesMetadataTestJSON-1131731699', 'user_domain_id': 'default', 'user_domain_name': 'Default', 'user_id': '6228d0988cc6403fa2f932b33e7c4879', 'system': None}, Network: None, Subnet: None, Router: None
2024-09-22 23:44:52.112 62332 INFO tempest.lib.common.dynamic_creds [-] Created isolated network resources for: credentials: Credentials: {'domain_id': 'default', 'domain_name': 'Default', 'username': 'tempest-ImagesMetadataTestJSON-1131731699-project-member', 'project_domain_id': 'default', 'project_domain_name': 'Default', 'project_id': 'a360574526734f778ae8d0bed9d42407', 'project_name': 'tempest-ImagesMetadataTestJSON-1131731699', 'tenant_id': 'a360574526734f778ae8d0bed9d42407', 'tenant_name': 'tempest-ImagesMetadataTestJSON-1131731699', 'user_domain_id': 'default', 'user_domain_name': 'Default', 'user_id': '6228d0988cc6403fa2f932b33e7c4879', 'system': None}, Network: None, Subnet: None, Router: None
2024-09-22 23:44:52.122 62350 INFO tempest.lib.common.rest_client [req-ff3fa3cf-fc3e-466c-a55b-877bf31afb71 req-ff3fa3cf-fc3e-466c-a55b-877bf31afb71 ] Request (AZAdminNegativeTestJSON:setUpClass): 201 POST http://10.180.1.21/identity/v3/projects 0.098s
2024-09-22 23:44:52.169 62342 INFO tempest.test [-] raised in ServersOnMultiNodesTest.setUpClass. Invoking tearDownClass.
2024-09-22 23:44:52.179 62386 INFO tempest.lib.common.rest_client [req-c4b6f586-6586-4d91-8d22-fd356cab66e0 req-c4b6f586-6586-4d91-8d22-fd356cab66e0 ] Request (FlavorsAdminTestJSON:setUpClass): 201 POST http://10.180.1.21/identity/v3/auth/tokens 0.131s
2024-09-22 23:44:52.188 62378 INFO tempest.lib.common.rest_client [req-0e10e237-d5ef-4a3f-8fd1-e54386f31eda req-0e10e237-d5ef-4a3f-8fd1-e54386f31eda ] Request (DeleteServersAdminTestJSON:setUpClass): 201 POST http://10.180.1.21/identity/v3/projects 0.141s
2024-09-22 23:44:52.227 62338 INFO tempest.lib.common.rest_client [req-e439b1e7-2f29-4b39-ade3-02fd610cb15f req-e439b1e7-2f29-4b39-ade3-02fd610cb15f ] Request (HypervisorAdminV228Test:setUpClass): 200 GET http://10.180.1.21/identity/v3/domains?name=Default 0.144s
2024-09-22 23:44:52.236 62328 INFO tempest.lib.common.rest_client [req-828fbbd5-350b-4a21-a540-96dd74fa38f2 req-828fbbd5-350b-4a21-a540-96dd74fa38f2 ] Request (FlavorsAccessTestJSON:setUpClass): 201 POST http://10.180.1.21/identity/v3/auth/tokens 0.162s
2024-09-22 23:44:52.255 62382 INFO tempest.lib.common.rest_client [req-eefdb165-0b27-498a-8817-b9a2fc4164f2 req-eefdb165-0b27-498a-8817-b9a2fc4164f2 ] Request (ServicesAdminNegativeTestJSON:setUpClass): 201 POST http://10.180.1.21/identity/v3/projects 0.149s
2024-09-22 23:44:52.306 62350 INFO tempest.lib.common.rest_client [req-5eb7e395-7b70-48f8-b954-897b75141111 req-5eb7e395-7b70-48f8-b954-897b75141111 ] Request (AZAdminNegativeTestJSON:setUpClass): 201 POST http://10.180.1.21/identity/v3/users 0.184s
2024-09-22 23:44:52.309 62360 INFO tempest.test [-] raised in LiveMigrationNegativeTest.setUpClass. Invoking tearDownClass.
2024-09-22 23:44:52.335 62348 INFO tempest.lib.common.rest_client [req-f68782c6-9fe0-4944-9965-c8689de71fa2 req-f68782c6-9fe0-4944-9965-c8689de71fa2 ] Request (VolumesAssistedSnapshotsTest:setUpClass): 201 POST http://10.180.1.21/identity/v3/auth/tokens 0.214s
2024-09-22 23:44:52.353 62372 INFO tempest.lib.common.rest_client [req-61dd72b0-c530-47e0-a9c1-5af9bab2effb req-61dd72b0-c530-47e0-a9c1-5af9bab2effb ] Request (ServicesAdminTestJSON:test_get_service_by_host_name): 200 GET http://10.180.1.21/compute/v2.1/os-services 0.256s
2024-09-22 23:44:52.354 62340 INFO tempest.test [-] raised in UnshelveToHostMultiNodesTest.setUpClass. Invoking tearDownClass.
2024-09-22 23:44:52.357 62336 INFO tempest.lib.common.rest_client [req-8077cec5-70f0-469f-9f62-c6a240f24b3d req-8077cec5-70f0-469f-9f62-c6a240f24b3d ] Request (QuotasAdminTestV257:setUpClass): 201 POST http://10.180.1.21/identity/v3/auth/tokens 0.229s
2024-09-22 23:44:52.386 62386 INFO tempest.lib.common.rest_client [req-e37c10f2-63f0-4309-85e8-3524594c0c4f req-e37c10f2-63f0-4309-85e8-3524594c0c4f ] Request (FlavorsAdminTestJSON:setUpClass): 201 POST http://10.180.1.21/identity/v3/auth/tokens 0.197s
2024-09-22 23:44:52.398 62372 INFO tempest.lib.common.rest_client [req-b38889ef-9e72-415d-96e3-fd7ac90f564a req-b38889ef-9e72-415d-96e3-fd7ac90f564a ] Request (ServicesAdminTestJSON:test_get_service_by_host_name): 200 GET http://10.180.1.21/compute/v2.1/os-services?host=devstack 0.039s
2024-09-22 23:44:52.400 62332 INFO tempest.lib.common.rest_client [req-f00e5f9b-26c3-431b-a1ce-e19ce298a48a req-f00e5f9b-26c3-431b-a1ce-e19ce298a48a ] Request (ImagesMetadataTestJSON:setUpClass): 201 POST http://10.180.1.21/identity/v3/auth/tokens 0.279s
2024-09-22 23:44:52.403 62378 INFO tempest.lib.common.rest_client [req-33878d88-6e2f-45ed-a4f9-08ea8603322c req-33878d88-6e2f-45ed-a4f9-08ea8603322c ] Request (DeleteServersAdminTestJSON:setUpClass): 201 POST http://10.180.1.21/identity/v3/users 0.214s
2024-09-22 23:44:52.426 62342 INFO tempest.lib.common.rest_client [req-2efe5cd8-b25d-4450-9d28-90c5a9739ef0 req-2efe5cd8-b25d-4450-9d28-90c5a9739ef0 ] Request (FlavorsV2TestJSON:setUpClass): 201 POST http://10.180.1.21/identity/v3/auth/tokens 0.240s
2024-09-22 23:44:52.428 62366 INFO tempest.lib.common.rest_client [req-d6337b81-d810-4c28-a58b-8cc0d648b066 req-d6337b81-d810-4c28-a58b-8cc0d648b066 ] Request (HypervisorAdminUnderV252Test:setUpClass): 201 POST http://10.180.1.21/identity/v3/auth/tokens 0.222s
2024-09-22 23:44:52.445 62338 INFO tempest.lib.common.rest_client [req-3a7c85f7-a92a-40a0-8c33-df5c1d2690b1 req-3a7c85f7-a92a-40a0-8c33-df5c1d2690b1 ] Request (HypervisorAdminV228Test:setUpClass): 201 POST http://10.180.1.21/identity/v3/projects 0.212s
2024-09-22 23:44:52.446 62328 INFO tempest.lib.common.rest_client [req-9e0ad913-d379-42df-8136-f2f1a2b5ac55 req-9e0ad913-d379-42df-8136-f2f1a2b5ac55 ] Request (FlavorsAccessTestJSON:setUpClass): 200 GET http://10.180.1.21/identity/v3/domains?name=Default 0.206s
2024-09-22 23:44:52.488 62350 INFO tempest.lib.common.rest_client [req-001af1b6-fa42-4b8b-a1b8-b8b04320317c req-001af1b6-fa42-4b8b-a1b8-b8b04320317c ] Request (AZAdminNegativeTestJSON:setUpClass): 200 GET http://10.180.1.21/identity/v3/roles 0.180s
2024-09-22 23:44:52.496 62382 INFO tempest.lib.common.rest_client [req-2ea5e5ac-9724-4dd7-bcbd-1cf5b3d2aea3 req-2ea5e5ac-9724-4dd7-bcbd-1cf5b3d2aea3 ] Request (ServicesAdminNegativeTestJSON:setUpClass): 201 POST http://10.180.1.21/identity/v3/users 0.239s
2024-09-22 23:44:52.512 62388 INFO tempest.lib.common.rest_client [req-d3372305-15dd-4e4e-84cb-3cca9637071b req-d3372305-15dd-4e4e-84cb-3cca9637071b ] Request (KeyPairsV210TestJSON:setUpClass): 201 POST http://10.180.1.21/identity/v3/auth/tokens 0.195s
2024-09-22 23:44:52.525 62360 INFO tempest.lib.common.rest_client [req-1299ffc3-05dd-4e96-98b6-3ca93a625f32 req-1299ffc3-05dd-4e96-98b6-3ca93a625f32 ] Request (QuotasAdminNegativeTest:setUpClass): 201 POST http://10.180.1.21/identity/v3/auth/tokens 0.202s
2024-09-22 23:44:52.536 62344 INFO tempest.lib.common.rest_client [req-c96153d9-8358-4207-a103-6da36d73b15f req-c96153d9-8358-4207-a103-6da36d73b15f ] Request (FlavorsV261TestJSON:setUpClass): 201 POST http://10.180.1.21/identity/v3/auth/tokens 0.200s
2024-09-22 23:44:52.545 62384 INFO tempest.test [-] raised in TestVolumeSwap.setUpClass. Invoking tearDownClass.
2024-09-22 23:44:52.552 62348 INFO tempest.lib.common.rest_client [req-4eb46c42-e148-48ab-861f-9bb047798274 req-4eb46c42-e148-48ab-861f-9bb047798274 ] Request (VolumesAssistedSnapshotsTest:setUpClass): 201 POST http://10.180.1.21/identity/v3/auth/tokens 0.207s
2024-09-22 23:44:52.552 62372 INFO tempest.lib.common.rest_client [req-6f799664-2848-4d10-b6d8-7dfd944ddb08 req-6f799664-2848-4d10-b6d8-7dfd944ddb08 ] Request (ServicesAdminTestJSON:test_get_service_by_service_binary_name): 200 GET http://10.180.1.21/compute/v2.1/os-services?binary=nova-compute 0.031s
2024-09-22 23:44:52.563 62358 INFO tempest.lib.common.rest_client [req-edb8bc77-09e2-4245-a0ec-5cdc8056e176 req-edb8bc77-09e2-4245-a0ec-5cdc8056e176 ] Request (FloatingIPDetailsNegativeTestJSON:setUpClass): 201 POST http://10.180.1.21/identity/v3/auth/tokens 0.218s
2024-09-22 23:44:52.586 62336 INFO tempest.lib.common.rest_client [req-26a69328-98df-4560-bd2c-5cd2d788029f req-26a69328-98df-4560-bd2c-5cd2d788029f ] Request (QuotasAdminTestV257:setUpClass): 201 POST http://10.180.1.21/identity/v3/auth/tokens 0.224s
2024-09-22 23:44:52.588 62368 INFO tempest.lib.common.rest_client [req-bb576d8a-7255-4904-a457-35e632b1aff2 req-bb576d8a-7255-4904-a457-35e632b1aff2 ] Request (ServerDiagnosticsNegativeTest:setUpClass): 201 POST http://10.180.1.21/identity/v3/auth/tokens 0.236s
2024-09-22 23:44:52.588 62372 INFO tempest.lib.common.rest_client [req-9b121b89-1ad3-4d91-8d1b-7a06f41a15e3 req-9b121b89-1ad3-4d91-8d1b-7a06f41a15e3 ] Request (ServicesAdminTestJSON:test_list_services): 200 GET http://10.180.1.21/compute/v2.1/os-services 0.029s
2024-09-22 23:44:52.607 62386 INFO tempest.lib.common.rest_client [req-34712670-d9f6-405f-8ec6-ad858b75d4c7 req-34712670-d9f6-405f-8ec6-ad858b75d4c7 ] Request (FlavorsAdminTestJSON:setUpClass): 200 GET http://10.180.1.21/identity/v3/domains?name=Default 0.220s
2024-09-22 23:44:52.617 62362 INFO tempest.lib.common.rest_client [req-6edc3fac-657a-403c-8ece-852b192f3e73 req-6edc3fac-657a-403c-8ece-852b192f3e73 ] Request (AggregatesAdminNegativeTestJSON:setUpClass): 201 POST http://10.180.1.21/identity/v3/auth/tokens 0.250s
2024-09-22 23:44:52.625 62378 INFO tempest.lib.common.rest_client [req-c3cd40ec-b1a3-4b65-80bc-384a50c640ae req-c3cd40ec-b1a3-4b65-80bc-384a50c640ae ] Request (DeleteServersAdminTestJSON:setUpClass): 200 GET http://10.180.1.21/identity/v3/roles 0.222s
2024-09-22 23:44:52.631 62340 INFO tempest.lib.common.rest_client [req-fae2038c-4b71-4947-a201-3faaf96a46cd req-fae2038c-4b71-4947-a201-3faaf96a46cd ] Request (ImagesNegativeTestJSON:setUpClass): 201 POST http://10.180.1.21/identity/v3/auth/tokens 0.230s
2024-09-22 23:44:52.647 62342 INFO tempest.lib.common.rest_client [req-b20334d8-b5a8-48b6-abab-af2f9e1768da req-b20334d8-b5a8-48b6-abab-af2f9e1768da ] Request (FlavorsV2TestJSON:setUpClass): 201 POST http://10.180.1.21/identity/v3/auth/tokens 0.213s
2024-09-22 23:44:52.669 62338 INFO tempest.lib.common.rest_client [req-0d4194ce-c73b-4895-af0c-3b0c5258e109 req-0d4194ce-c73b-4895-af0c-3b0c5258e109 ] Request (HypervisorAdminV228Test:setUpClass): 201 POST http://10.180.1.21/identity/v3/users 0.221s
2024-09-22 23:44:52.684 62366 INFO tempest.lib.common.rest_client [req-acf7825d-7791-4add-949a-c0f3450df59e req-acf7825d-7791-4add-949a-c0f3450df59e ] Request (HypervisorAdminUnderV252Test:setUpClass): 201 POST http://10.180.1.21/identity/v3/auth/tokens 0.231s
2024-09-22 23:44:52.710 62350 INFO tempest.lib.common.rest_client [req-165f23f0-2ff7-4917-b2ee-f11d5e925873 req-165f23f0-2ff7-4917-b2ee-f11d5e925873 ] Request (AZAdminNegativeTestJSON:setUpClass): 204 PUT http://10.180.1.21/identity/v3/projects/9696ba858e7a4f81a5c9aa45624db07b/users/63ff04225dae45e884f93429a2d2e901/roles/8e723cecee2e4b3fb991e84e8e92dbe0 0.221s
2024-09-22 23:44:52.710 62328 INFO tempest.lib.common.rest_client [req-c2ebe39e-eb99-40e3-abe9-a0ba28dc379c req-c2ebe39e-eb99-40e3-abe9-a0ba28dc379c ] Request (FlavorsAccessTestJSON:setUpClass): 201 POST http://10.180.1.21/identity/v3/projects 0.253s
2024-09-22 23:44:52.710 62350 INFO tempest.lib.common.dynamic_creds [-] Dynamic test user 63ff04225dae45e884f93429a2d2e901 is created with scope project and roles: ['member']
2024-09-22 23:44:52.711 62350 INFO tempest.lib.common.dynamic_creds [-] Acquired dynamic creds: credentials: Credentials: {'domain_id': 'default', 'domain_name': 'Default', 'username': 'tempest-AZAdminNegativeTestJSON-663706732-project-member', 'project_domain_id': 'default', 'project_domain_name': 'Default', 'project_id': '9696ba858e7a4f81a5c9aa45624db07b', 'project_name': 'tempest-AZAdminNegativeTestJSON-663706732', 'tenant_id': '9696ba858e7a4f81a5c9aa45624db07b', 'tenant_name': 'tempest-AZAdminNegativeTestJSON-663706732', 'user_domain_id': 'default', 'user_domain_name': 'Default', 'user_id': '63ff04225dae45e884f93429a2d2e901', 'system': None}, Network: None, Subnet: None, Router: None
2024-09-22 23:44:52.711 62350 INFO tempest.lib.common.dynamic_creds [-] Created isolated network resources for: credentials: Credentials: {'domain_id': 'default', 'domain_name': 'Default', 'username': 'tempest-AZAdminNegativeTestJSON-663706732-project-member', 'project_domain_id': 'default', 'project_domain_name': 'Default', 'project_id': '9696ba858e7a4f81a5c9aa45624db07b', 'project_name': 'tempest-AZAdminNegativeTestJSON-663706732', 'tenant_id': '9696ba858e7a4f81a5c9aa45624db07b', 'tenant_name': 'tempest-AZAdminNegativeTestJSON-663706732', 'user_domain_id': 'default', 'user_domain_name': 'Default', 'user_id': '63ff04225dae45e884f93429a2d2e901', 'system': None}, Network: None, Subnet: None, Router: None
2024-09-22 23:44:52.755 62346 INFO tempest.lib.common.rest_client [req-cde83e5b-2a95-4ef3-83bf-e477d66f6bab req-cde83e5b-2a95-4ef3-83bf-e477d66f6bab ] Request (FlavorsV255TestJSON:setUpClass): 201 POST http://10.180.1.21/identity/v3/auth/tokens 0.243s
2024-09-22 23:44:52.772 62382 INFO tempest.lib.common.rest_client [req-1540ba2d-a6b5-48fe-a4f7-55796b213632 req-1540ba2d-a6b5-48fe-a4f7-55796b213632 ] Request (ServicesAdminNegativeTestJSON:setUpClass): 200 GET http://10.180.1.21/identity/v3/roles 0.276s
2024-09-22 23:44:52.774 62388 INFO tempest.lib.common.rest_client [req-4ed5e29e-982b-4cfa-bc94-44f77f0bfe4a req-4ed5e29e-982b-4cfa-bc94-44f77f0bfe4a ] Request (KeyPairsV210TestJSON:setUpClass): 201 POST http://10.180.1.21/identity/v3/auth/tokens 0.247s
2024-09-22 23:44:52.794 62360 INFO tempest.lib.common.rest_client [req-535b633d-aad5-4165-9023-16def8a2d9be req-535b633d-aad5-4165-9023-16def8a2d9be ] Request (QuotasAdminNegativeTest:setUpClass): 201 POST http://10.180.1.21/identity/v3/auth/tokens 0.261s
2024-09-22 23:44:52.794 62356 INFO tempest.lib.common.rest_client [req-f0abd9ee-ac95-4357-9580-d6b7706a8ccc req-f0abd9ee-ac95-4357-9580-d6b7706a8ccc ] Request (FlavorMetadataValidation:setUpClass): 201 POST http://10.180.1.21/identity/v3/auth/tokens 0.253s
2024-09-22 23:44:52.813 62344 INFO tempest.lib.common.rest_client [req-07f94ae3-72af-4165-986e-a9b8355727d7 req-07f94ae3-72af-4165-986e-a9b8355727d7 ] Request (FlavorsV261TestJSON:setUpClass): 201 POST http://10.180.1.21/identity/v3/auth/tokens 0.269s
2024-09-22 23:44:52.814 62384 INFO tempest.lib.common.rest_client [req-5c3689dd-6fae-4db1-8b6f-0118108de3d4 req-5c3689dd-6fae-4db1-8b6f-0118108de3d4 ] Request (MultipleCreateTestJSON:setUpClass): 201 POST http://10.180.1.21/identity/v3/auth/tokens 0.262s
2024-09-22 23:44:52.828 62348 INFO tempest.lib.common.rest_client [req-5dac85e6-dc83-4092-b80f-84c7bc52862f req-5dac85e6-dc83-4092-b80f-84c7bc52862f ] Request (VolumesAssistedSnapshotsTest:setUpClass): 200 GET http://10.180.1.21/identity/v3/domains?name=Default 0.272s
2024-09-22 23:44:52.835 62354 INFO tempest.lib.common.rest_client [req-368f9532-f7b8-4495-858b-9022c4813444 req-368f9532-f7b8-4495-858b-9022c4813444 ] Request (ServerDiagnosticsTest:setUpClass): 201 POST http://10.180.1.21/identity/v3/auth/tokens 0.279s
2024-09-22 23:44:52.848 62358 INFO tempest.lib.common.rest_client [req-4abdb5fb-074b-443c-b9c3-05c11b280695 req-4abdb5fb-074b-443c-b9c3-05c11b280695 ] Request (FloatingIPDetailsNegativeTestJSON:setUpClass): 201 POST http://10.180.1.21/identity/v3/auth/tokens 0.278s
2024-09-22 23:44:52.849 62336 INFO tempest.lib.common.rest_client [req-5ca04237-5f1c-4a32-a2ac-9e8afd876f8e req-5ca04237-5f1c-4a32-a2ac-9e8afd876f8e ] Request (QuotasAdminTestV257:setUpClass): 200 GET http://10.180.1.21/identity/v3/domains?name=Default 0.258s
2024-09-22 23:44:52.868 62368 INFO tempest.lib.common.rest_client [req-5eefd4cb-dc6a-4a45-95a0-e57f3d682d45 req-5eefd4cb-dc6a-4a45-95a0-e57f3d682d45 ] Request (ServerDiagnosticsNegativeTest:setUpClass): 201 POST http://10.180.1.21/identity/v3/auth/tokens 0.275s
2024-09-22 23:44:52.893 62372 INFO tempest.lib.common.rest_client [req-bf591ff4-36ed-46c0-b49e-151df302ce23 req-bf591ff4-36ed-46c0-b49e-151df302ce23 ] Request (ServicesAdminTestJSON:tearDownClass): 204 DELETE http://10.180.1.21/identity/v3/users/442ee079894d487aabf2aaa000aaaf9e 0.296s
2024-09-22 23:44:52.912 62334 INFO tempest.lib.common.rest_client [req-3ad2c293-2665-44f9-a54d-f39292bf8aad req-3ad2c293-2665-44f9-a54d-f39292bf8aad ] Request (HypervisorAdminNegativeTestJSON:setUpClass): 201 POST http://10.180.1.21/identity/v3/auth/tokens 0.305s
2024-09-22 23:44:52.938 62376 INFO tempest.lib.common.rest_client [req-cd44103e-856c-4dff-abad-48c3ec083fa2 req-cd44103e-856c-4dff-abad-48c3ec083fa2 ] Request (ServersWithSpecificFlavorTestJSON:setUpClass): 201 POST http://10.180.1.21/identity/v3/auth/tokens 0.329s
2024-09-22 23:44:52.959 62352 INFO tempest.lib.common.rest_client [req-3742856c-0d13-487c-95df-dca473d1de4d req-3742856c-0d13-487c-95df-dca473d1de4d ] Request (InstanceUsageAuditLogNegativeTestJSON:setUpClass): 201 POST http://10.180.1.21/identity/v3/auth/tokens 0.343s
2024-09-22 23:44:52.963 62386 INFO tempest.lib.common.rest_client [req-c1c7928d-d5a8-4740-a75c-f994c3a1a2f9 req-c1c7928d-d5a8-4740-a75c-f994c3a1a2f9 ] Request (FlavorsAdminTestJSON:setUpClass): 201 POST http://10.180.1.21/identity/v3/projects 0.351s
2024-09-22 23:44:53.004 62364 INFO tempest.lib.common.rest_client [req-0b900804-f7cd-47d2-8632-21e7c7b20766 req-0b900804-f7cd-47d2-8632-21e7c7b20766 ] Request (SecurityGroupsTestAdminJSON:setUpClass): 201 POST http://10.180.1.21/identity/v3/auth/tokens 0.385s
2024-09-22 23:44:53.007 62362 INFO tempest.lib.common.rest_client [req-5326ad62-81dc-4afa-a417-e0864c670064 req-5326ad62-81dc-4afa-a417-e0864c670064 ] Request (AggregatesAdminNegativeTestJSON:setUpClass): 201 POST http://10.180.1.21/identity/v3/auth/tokens 0.385s
2024-09-22 23:44:53.026 62378 INFO tempest.lib.common.rest_client [req-720aa221-1e5e-4758-981c-047ebc2cad27 req-720aa221-1e5e-4758-981c-047ebc2cad27 ] Request (DeleteServersAdminTestJSON:setUpClass): 204 PUT http://10.180.1.21/identity/v3/projects/f9832ad983604d57be31a2b453a7a93d/users/188c2f9251ac4911828a614a5a9d21ff/roles/8e723cecee2e4b3fb991e84e8e92dbe0 0.401s
2024-09-22 23:44:53.027 62378 INFO tempest.lib.common.dynamic_creds [-] Dynamic test user 188c2f9251ac4911828a614a5a9d21ff is created with scope project and roles: ['member']
2024-09-22 23:44:53.027 62326 INFO tempest.lib.common.rest_client [req-313a23fc-d2c5-4631-b99f-14acf3e34486 req-313a23fc-d2c5-4631-b99f-14acf3e34486 ] Request (VolumesAdminNegativeTest:setUpClass): 201 POST http://10.180.1.21/identity/v3/auth/tokens 0.392s
2024-09-22 23:44:53.027 62378 INFO tempest.lib.common.dynamic_creds [-] Acquired dynamic creds: credentials: Credentials: {'domain_id': 'default', 'domain_name': 'Default', 'username': 'tempest-DeleteServersAdminTestJSON-1699366545-project-member', 'project_domain_id': 'default', 'project_domain_name': 'Default', 'project_id': 'f9832ad983604d57be31a2b453a7a93d', 'project_name': 'tempest-DeleteServersAdminTestJSON-1699366545', 'tenant_id': 'f9832ad983604d57be31a2b453a7a93d', 'tenant_name': 'tempest-DeleteServersAdminTestJSON-1699366545', 'user_domain_id': 'default', 'user_domain_name': 'Default', 'user_id': '188c2f9251ac4911828a614a5a9d21ff', 'system': None}, Network: None, Subnet: None, Router: None
2024-09-22 23:44:53.027 62378 INFO tempest.lib.common.dynamic_creds [-] Created isolated network resources for: credentials: Credentials: {'domain_id': 'default', 'domain_name': 'Default', 'username': 'tempest-DeleteServersAdminTestJSON-1699366545-project-member', 'project_domain_id': 'default', 'project_domain_name': 'Default', 'project_id': 'f9832ad983604d57be31a2b453a7a93d', 'project_name': 'tempest-DeleteServersAdminTestJSON-1699366545', 'tenant_id': 'f9832ad983604d57be31a2b453a7a93d', 'tenant_name': 'tempest-DeleteServersAdminTestJSON-1699366545', 'user_domain_id': 'default', 'user_domain_name': 'Default', 'user_id': '188c2f9251ac4911828a614a5a9d21ff', 'system': None}, Network: None, Subnet: None, Router: None
2024-09-22 23:44:53.071 62340 INFO tempest.lib.common.rest_client [req-23e5b927-f499-4700-82ba-41958ea4e881 req-23e5b927-f499-4700-82ba-41958ea4e881 ] Request (ImagesNegativeTestJSON:setUpClass): 201 POST http://10.180.1.21/identity/v3/auth/tokens 0.434s
2024-09-22 23:44:53.071 62330 INFO tempest.lib.common.rest_client [req-4194d526-1c56-4ff3-a58f-0f1a104af96a req-4194d526-1c56-4ff3-a58f-0f1a104af96a ] Request (AZAdminV2TestJSON:setUpClass): 201 POST http://10.180.1.21/identity/v3/auth/tokens 0.427s
2024-09-22 23:44:53.087 62342 INFO tempest.lib.common.rest_client [req-84c8cdc3-6a69-4f1d-a058-c7e03fb1328e req-84c8cdc3-6a69-4f1d-a058-c7e03fb1328e ] Request (FlavorsV2TestJSON:setUpClass): 200 GET http://10.180.1.21/identity/v3/domains?name=Default 0.439s
2024-09-22 23:44:53.092 62370 INFO tempest.lib.common.rest_client [req-267d758f-5eb5-45a9-8153-13accba35bde req-267d758f-5eb5-45a9-8153-13accba35bde ] Request (HostsAdminNegativeTestJSON:setUpClass): 201 POST http://10.180.1.21/identity/v3/auth/tokens 0.441s
2024-09-22 23:44:53.106 62380 INFO tempest.lib.common.rest_client [req-d1017a1c-fb60-4eeb-933d-be747c6c4e75 req-d1017a1c-fb60-4eeb-933d-be747c6c4e75 ] Request (InstanceUsageAuditLogTestJSON:setUpClass): 201 POST http://10.180.1.21/identity/v3/auth/tokens 0.438s
2024-09-22 23:44:53.108 62338 INFO tempest.lib.common.rest_client [req-668538a7-2667-489c-9d0b-87351748dde3 req-668538a7-2667-489c-9d0b-87351748dde3 ] Request (HypervisorAdminV228Test:setUpClass): 200 GET http://10.180.1.21/identity/v3/roles 0.438s
2024-09-22 23:44:53.121 62366 INFO tempest.lib.common.rest_client [req-02ea3b87-624b-40fe-a69b-e93417037e37 req-02ea3b87-624b-40fe-a69b-e93417037e37 ] Request (HypervisorAdminUnderV252Test:setUpClass): 200 GET http://10.180.1.21/identity/v3/domains?name=Default 0.437s
2024-09-22 23:44:53.131 62328 INFO tempest.lib.common.rest_client [req-3d30c08f-95a3-49d0-a929-f5ee58f0a087 req-3d30c08f-95a3-49d0-a929-f5ee58f0a087 ] Request (FlavorsAccessTestJSON:setUpClass): 201 POST http://10.180.1.21/identity/v3/users 0.420s
2024-09-22 23:44:53.152 62374 INFO tempest.lib.common.rest_client [req-5cb9de68-eec3-4e7e-8c08-7c740b507ebf req-5cb9de68-eec3-4e7e-8c08-7c740b507ebf ] Request (HypervisorAdminNegativeUnderV252Test:setUpClass): 201 POST http://10.180.1.21/identity/v3/auth/tokens 0.433s
2024-09-22 23:44:53.172 62350 INFO tempest.lib.common.rest_client [req-9ff9cfef-8e2e-4b7d-9012-27fa1532fe04 req-9ff9cfef-8e2e-4b7d-9012-27fa1532fe04 ] Request (AZAdminNegativeTestJSON:setUpClass): 201 POST http://10.180.1.21/identity/v3/auth/tokens 0.458s
2024-09-22 23:44:53.192 62346 INFO tempest.lib.common.rest_client [req-8d96b997-d505-40da-85b7-63390952d598 req-8d96b997-d505-40da-85b7-63390952d598 ] Request (FlavorsV255TestJSON:setUpClass): 201 POST http://10.180.1.21/identity/v3/auth/tokens 0.432s
2024-09-22 23:44:53.215 62382 INFO tempest.lib.common.rest_client [req-b24f20fe-2f04-4852-bcc8-4bd207aeff47 req-b24f20fe-2f04-4852-bcc8-4bd207aeff47 ] Request (ServicesAdminNegativeTestJSON:setUpClass): 204 PUT http://10.180.1.21/identity/v3/projects/f5e4618102a940aea8055f72c0c30106/users/143b6c724d6c4472a4344ade65bc6045/roles/8e723cecee2e4b3fb991e84e8e92dbe0 0.442s
2024-09-22 23:44:53.216 62382 INFO tempest.lib.common.dynamic_creds [-] Dynamic test user 143b6c724d6c4472a4344ade65bc6045 is created with scope project and roles: ['member']
2024-09-22 23:44:53.216 62382 INFO tempest.lib.common.dynamic_creds [-] Acquired dynamic creds: credentials: Credentials: {'domain_id': 'default', 'domain_name': 'Default', 'username': 'tempest-ServicesAdminNegativeTestJSON-111511731-project-member', 'project_domain_id': 'default', 'project_domain_name': 'Default', 'project_id': 'f5e4618102a940aea8055f72c0c30106', 'project_name': 'tempest-ServicesAdminNegativeTestJSON-111511731', 'tenant_id': 'f5e4618102a940aea8055f72c0c30106', 'tenant_name': 'tempest-ServicesAdminNegativeTestJSON-111511731', 'user_domain_id': 'default', 'user_domain_name': 'Default', 'user_id': '143b6c724d6c4472a4344ade65bc6045', 'system': None}, Network: None, Subnet: None, Router: None
2024-09-22 23:44:53.216 62382 INFO tempest.lib.common.dynamic_creds [-] Created isolated network resources for: credentials: Credentials: {'domain_id': 'default', 'domain_name': 'Default', 'username': 'tempest-ServicesAdminNegativeTestJSON-111511731-project-member', 'project_domain_id': 'default', 'project_domain_name': 'Default', 'project_id': 'f5e4618102a940aea8055f72c0c30106', 'project_name': 'tempest-ServicesAdminNegativeTestJSON-111511731', 'tenant_id': 'f5e4618102a940aea8055f72c0c30106', 'tenant_name': 'tempest-ServicesAdminNegativeTestJSON-111511731', 'user_domain_id': 'default', 'user_domain_name': 'Default', 'user_id': '143b6c724d6c4472a4344ade65bc6045', 'system': None}, Network: None, Subnet: None, Router: None
2024-09-22 23:44:53.251 62388 INFO tempest.lib.common.rest_client [req-09595b62-ac30-49cf-8a2a-a458f1e61c32 req-09595b62-ac30-49cf-8a2a-a458f1e61c32 ] Request (KeyPairsV210TestJSON:setUpClass): 200 GET http://10.180.1.21/identity/v3/domains?name=Default 0.476s
2024-09-22 23:44:53.259 62360 INFO tempest.lib.common.rest_client [req-f7745778-8b1d-49e2-893c-5147e8b94870 req-f7745778-8b1d-49e2-893c-5147e8b94870 ] Request (QuotasAdminNegativeTest:setUpClass): 200 GET http://10.180.1.21/identity/v3/domains?name=Default 0.464s
2024-09-22 23:44:53.270 62356 INFO tempest.lib.common.rest_client [req-3eed2bd2-b39d-4d2b-b161-37a439bb3d96 req-3eed2bd2-b39d-4d2b-b161-37a439bb3d96 ] Request (FlavorMetadataValidation:setUpClass): 201 POST http://10.180.1.21/identity/v3/auth/tokens 0.472s
2024-09-22 23:44:53.276 62344 INFO tempest.lib.common.rest_client [req-3b8ce51f-8b50-412d-a1d5-1a6fcc7da80a req-3b8ce51f-8b50-412d-a1d5-1a6fcc7da80a ] Request (FlavorsV261TestJSON:setUpClass): 200 GET http://10.180.1.21/identity/v3/domains?name=Default 0.463s
2024-09-22 23:44:53.293 62384 INFO tempest.lib.common.rest_client [req-f9560e31-f6ee-4c88-b5ff-7d359fa163b7 req-f9560e31-f6ee-4c88-b5ff-7d359fa163b7 ] Request (MultipleCreateTestJSON:setUpClass): 201 POST http://10.180.1.21/identity/v3/auth/tokens 0.474s
2024-09-22 23:44:53.300 62348 INFO tempest.lib.common.rest_client [req-85238081-7853-4ae6-a189-96576e142d6a req-85238081-7853-4ae6-a189-96576e142d6a ] Request (VolumesAssistedSnapshotsTest:setUpClass): 201 POST http://10.180.1.21/identity/v3/projects 0.469s
2024-09-22 23:44:53.338 62354 INFO tempest.lib.common.rest_client [req-c959ac6f-5616-4313-99ba-3058f333e845 req-c959ac6f-5616-4313-99ba-3058f333e845 ] Request (ServerDiagnosticsTest:setUpClass): 201 POST http://10.180.1.21/identity/v3/auth/tokens 0.498s
2024-09-22 23:44:53.341 62358 INFO tempest.lib.common.rest_client [req-37014981-0fe9-4e43-9f98-cee094cd6ed5 req-37014981-0fe9-4e43-9f98-cee094cd6ed5 ] Request (FloatingIPDetailsNegativeTestJSON:setUpClass): 200 GET http://10.180.1.21/identity/v3/domains?name=Default 0.492s
2024-09-22 23:44:53.357 62368 INFO tempest.lib.common.rest_client [req-63798abc-c3cf-4c66-8361-61f4777f455c req-63798abc-c3cf-4c66-8361-61f4777f455c ] Request (ServerDiagnosticsNegativeTest:setUpClass): 200 GET http://10.180.1.21/identity/v3/domains?name=Default 0.488s
2024-09-22 23:44:53.363 62336 INFO tempest.lib.common.rest_client [req-d5c9d80e-f4b0-45af-b2cf-f207190d0fc5 req-d5c9d80e-f4b0-45af-b2cf-f207190d0fc5 ] Request (QuotasAdminTestV257:setUpClass): 201 POST http://10.180.1.21/identity/v3/projects 0.511s
2024-09-22 23:44:53.406 62334 INFO tempest.lib.common.rest_client [req-1e39e6bd-0b77-4f97-8cee-5ddde80590e2 req-1e39e6bd-0b77-4f97-8cee-5ddde80590e2 ] Request (HypervisorAdminNegativeTestJSON:setUpClass): 201 POST http://10.180.1.21/identity/v3/auth/tokens 0.489s
2024-09-22 23:44:53.428 62372 INFO tempest.lib.common.rest_client [req-83306648-d49d-4efd-8943-17e18413a8bb req-83306648-d49d-4efd-8943-17e18413a8bb ] Request (ServicesAdminTestJSON:tearDownClass): 204 DELETE http://10.180.1.21/identity/v3/users/6184dcd1b4974a19aa3926e63cc455c2 0.534s
2024-09-22 23:44:53.428 62372 INFO tempest.lib.common.dynamic_creds [-] Deleting project and security group for project: 83b0e4efef594c3f84e5752015ab294c
2024-09-22 23:44:53.450 62376 INFO tempest.lib.common.rest_client [req-99e4cfc8-f18b-4e18-9185-a60a2175077e req-99e4cfc8-f18b-4e18-9185-a60a2175077e ] Request (ServersWithSpecificFlavorTestJSON:setUpClass): 201 POST http://10.180.1.21/identity/v3/auth/tokens 0.507s
2024-09-22 23:44:53.470 62352 INFO tempest.lib.common.rest_client [req-78767919-3cbc-4e7e-a034-dc6cd413a182 req-78767919-3cbc-4e7e-a034-dc6cd413a182 ] Request (InstanceUsageAuditLogNegativeTestJSON:setUpClass): 201 POST http://10.180.1.21/identity/v3/auth/tokens 0.506s
2024-09-22 23:44:53.473 62386 INFO tempest.lib.common.rest_client [req-5564153d-972a-4e9a-847f-83e25a465a3e req-5564153d-972a-4e9a-847f-83e25a465a3e ] Request (FlavorsAdminTestJSON:setUpClass): 201 POST http://10.180.1.21/identity/v3/users 0.509s
2024-09-22 23:44:53.487 62362 INFO tempest.lib.common.rest_client [req-516c372d-09a1-44f4-8e0b-6f63e963f7df req-516c372d-09a1-44f4-8e0b-6f63e963f7df ] Request (AggregatesAdminNegativeTestJSON:setUpClass): 200 GET http://10.180.1.21/identity/v3/domains?name=Default 0.479s
2024-09-22 23:44:53.493 62364 INFO tempest.lib.common.rest_client [req-8445fd20-bbb3-4b4b-ab04-df3f716eab40 req-8445fd20-bbb3-4b4b-ab04-df3f716eab40 ] Request (SecurityGroupsTestAdminJSON:setUpClass): 201 POST http://10.180.1.21/identity/v3/auth/tokens 0.484s
2024-09-22 23:44:53.511 62326 INFO tempest.lib.common.rest_client [req-5d469684-6925-43b6-9741-49feb7ec5c58 req-5d469684-6925-43b6-9741-49feb7ec5c58 ] Request (VolumesAdminNegativeTest:setUpClass): 201 POST http://10.180.1.21/identity/v3/auth/tokens 0.480s
2024-09-22 23:44:53.526 62340 INFO tempest.lib.common.rest_client [req-5db5569f-bd4c-4950-b40a-9da4823a369e req-5db5569f-bd4c-4950-b40a-9da4823a369e ] Request (ImagesNegativeTestJSON:setUpClass): 200 GET http://10.180.1.21/identity/v3/domains?name=Default 0.454s
2024-09-22 23:44:53.536 62378 INFO tempest.lib.common.rest_client [req-601579ec-8cb0-4655-ad3d-692438794219 req-601579ec-8cb0-4655-ad3d-692438794219 ] Request (DeleteServersAdminTestJSON:setUpClass): 201 POST http://10.180.1.21/identity/v3/auth/tokens 0.505s
2024-09-22 23:44:53.545 62330 INFO tempest.lib.common.rest_client [req-d0861c72-353a-4165-82b8-8e348e2e2f3b req-d0861c72-353a-4165-82b8-8e348e2e2f3b ] Request (AZAdminV2TestJSON:setUpClass): 201 POST http://10.180.1.21/identity/v3/auth/tokens 0.469s
2024-09-22 23:44:53.559 62342 INFO tempest.lib.common.rest_client [req-e31f5d0c-51d0-42f0-aaf3-8d97e70a9252 req-e31f5d0c-51d0-42f0-aaf3-8d97e70a9252 ] Request (FlavorsV2TestJSON:setUpClass): 201 POST http://10.180.1.21/identity/v3/projects 0.469s
2024-09-22 23:44:53.586 62370 INFO tempest.lib.common.rest_client [req-bf98aff2-85d2-4b14-8ca2-4c2667f2f3d5 req-bf98aff2-85d2-4b14-8ca2-4c2667f2f3d5 ] Request (HostsAdminNegativeTestJSON:setUpClass): 201 POST http://10.180.1.21/identity/v3/auth/tokens 0.490s
2024-09-22 23:44:53.604 62338 INFO tempest.lib.common.rest_client [req-3b3b73ac-7878-4e77-961f-bd8cabb23aae req-3b3b73ac-7878-4e77-961f-bd8cabb23aae ] Request (HypervisorAdminV228Test:setUpClass): 204 PUT http://10.180.1.21/identity/v3/projects/24c1ca46d24049389afeeb039a87c827/users/023cfa65ff0749899d7cfbd27a66b991/roles/8e723cecee2e4b3fb991e84e8e92dbe0 0.496s
2024-09-22 23:44:53.605 62338 INFO tempest.lib.common.dynamic_creds [-] Dynamic test user 023cfa65ff0749899d7cfbd27a66b991 is created with scope project and roles: ['member']
2024-09-22 23:44:53.605 62338 INFO tempest.lib.common.dynamic_creds [-] Acquired dynamic creds: credentials: Credentials: {'domain_id': 'default', 'domain_name': 'Default', 'username': 'tempest-HypervisorAdminV228Test-580973745-project-member', 'project_domain_id': 'default', 'project_domain_name': 'Default', 'project_id': '24c1ca46d24049389afeeb039a87c827', 'project_name': 'tempest-HypervisorAdminV228Test-580973745', 'tenant_id': '24c1ca46d24049389afeeb039a87c827', 'tenant_name': 'tempest-HypervisorAdminV228Test-580973745', 'user_domain_id': 'default', 'user_domain_name': 'Default', 'user_id': '023cfa65ff0749899d7cfbd27a66b991', 'system': None}, Network: None, Subnet: None, Router: None
2024-09-22 23:44:53.606 62338 INFO tempest.lib.common.dynamic_creds [-] Created isolated network resources for: credentials: Credentials: {'domain_id': 'default', 'domain_name': 'Default', 'username': 'tempest-HypervisorAdminV228Test-580973745-project-member', 'project_domain_id': 'default', 'project_domain_name': 'Default', 'project_id': '24c1ca46d24049389afeeb039a87c827', 'project_name': 'tempest-HypervisorAdminV228Test-580973745', 'tenant_id': '24c1ca46d24049389afeeb039a87c827', 'tenant_name': 'tempest-HypervisorAdminV228Test-580973745', 'user_domain_id': 'default', 'user_domain_name': 'Default', 'user_id': '023cfa65ff0749899d7cfbd27a66b991', 'system': None}, Network: None, Subnet: None, Router: None
2024-09-22 23:44:53.628 62380 INFO tempest.lib.common.rest_client [req-9389b8bd-7503-4b47-b42b-bba55a5c350e req-9389b8bd-7503-4b47-b42b-bba55a5c350e ] Request (InstanceUsageAuditLogTestJSON:setUpClass): 201 POST http://10.180.1.21/identity/v3/auth/tokens 0.517s
2024-09-22 23:44:53.642 62328 INFO tempest.lib.common.rest_client [req-f9c63c15-a855-46e9-93f1-e05441bb4210 req-f9c63c15-a855-46e9-93f1-e05441bb4210 ] Request (FlavorsAccessTestJSON:setUpClass): 200 GET http://10.180.1.21/identity/v3/roles 0.511s
2024-09-22 23:44:53.652 62366 INFO tempest.lib.common.rest_client [req-477645a3-07d1-47a5-bf31-e87a28869e17 req-477645a3-07d1-47a5-bf31-e87a28869e17 ] Request (HypervisorAdminUnderV252Test:setUpClass): 201 POST http://10.180.1.21/identity/v3/projects 0.527s
2024-09-22 23:44:53.685 62374 INFO tempest.lib.common.rest_client [req-a19188ba-b685-4b07-9a01-4560b64556f0 req-a19188ba-b685-4b07-9a01-4560b64556f0 ] Request (HypervisorAdminNegativeUnderV252Test:setUpClass): 201 POST http://10.180.1.21/identity/v3/auth/tokens 0.528s
2024-09-22 23:44:53.700 62350 INFO tempest.lib.common.rest_client [req-eda80366-5de9-438b-9877-2b77f80fea01 req-eda80366-5de9-438b-9877-2b77f80fea01 ] Request (AZAdminNegativeTestJSON:setUpClass): 201 POST http://10.180.1.21/identity/v3/projects 0.527s
2024-09-22 23:44:53.700 62346 INFO tempest.lib.common.rest_client [req-334ac010-3cca-4df4-ac32-2dd0fc06fb76 req-334ac010-3cca-4df4-ac32-2dd0fc06fb76 ] Request (FlavorsV255TestJSON:setUpClass): 200 GET http://10.180.1.21/identity/v3/domains?name=Default 0.508s
2024-09-22 23:44:53.749 62382 INFO tempest.lib.common.rest_client [req-ce074401-f297-4901-9b2f-58a29e291623 req-ce074401-f297-4901-9b2f-58a29e291623 ] Request (ServicesAdminNegativeTestJSON:setUpClass): 201 POST http://10.180.1.21/identity/v3/auth/tokens 0.529s
2024-09-22 23:44:53.797 62388 INFO tempest.lib.common.rest_client [req-008c2680-2e00-467f-a8d9-7b3749aa55d4 req-008c2680-2e00-467f-a8d9-7b3749aa55d4 ] Request (KeyPairsV210TestJSON:setUpClass): 201 POST http://10.180.1.21/identity/v3/projects 0.544s
2024-09-22 23:44:53.805 62360 INFO tempest.lib.common.rest_client [req-2dffecc9-f355-4487-a33e-af8c79fca092 req-2dffecc9-f355-4487-a33e-af8c79fca092 ] Request (QuotasAdminNegativeTest:setUpClass): 201 POST http://10.180.1.21/identity/v3/projects 0.543s
2024-09-22 23:44:53.854 62344 INFO tempest.lib.common.rest_client [req-d509ace6-bff2-41ee-b2a1-444d65e2642f req-d509ace6-bff2-41ee-b2a1-444d65e2642f ] Request (FlavorsV261TestJSON:setUpClass): 201 POST http://10.180.1.21/identity/v3/projects 0.575s
2024-09-22 23:44:53.863 62356 INFO tempest.lib.common.rest_client [req-75d90ed1-857d-4549-b8e8-d7250f2b65bc req-75d90ed1-857d-4549-b8e8-d7250f2b65bc ] Request (FlavorMetadataValidation:setUpClass): 200 GET http://10.180.1.21/identity/v3/domains?name=Default 0.592s
2024-09-22 23:44:53.897 62384 INFO tempest.lib.common.rest_client [req-6c60a87b-6e50-45eb-9cdc-e8691d0e75c8 req-6c60a87b-6e50-45eb-9cdc-e8691d0e75c8 ] Request (MultipleCreateTestJSON:setUpClass): 200 GET http://10.180.1.21/identity/v3/domains?name=Default 0.603s
2024-09-22 23:44:53.910 62348 INFO tempest.lib.common.rest_client [req-9bdc2820-00e8-4604-b085-d0ceba958741 req-9bdc2820-00e8-4604-b085-d0ceba958741 ] Request (VolumesAssistedSnapshotsTest:setUpClass): 201 POST http://10.180.1.21/identity/v3/users 0.609s
2024-09-22 23:44:53.913 62354 INFO tempest.lib.common.rest_client [req-84ce6368-7d51-453c-b447-08065aa36172 req-84ce6368-7d51-453c-b447-08065aa36172 ] Request (ServerDiagnosticsTest:setUpClass): 200 GET http://10.180.1.21/identity/v3/domains?name=Default 0.575s
2024-09-22 23:44:53.933 62358 INFO tempest.lib.common.rest_client [req-5faee8cf-77db-4faa-aecc-1a40bfe7e583 req-5faee8cf-77db-4faa-aecc-1a40bfe7e583 ] Request (FloatingIPDetailsNegativeTestJSON:setUpClass): 201 POST http://10.180.1.21/identity/v3/projects 0.589s
2024-09-22 23:44:53.937 62368 INFO tempest.lib.common.rest_client [req-4c519836-b6a4-483d-9953-d50ed2c3229b req-4c519836-b6a4-483d-9953-d50ed2c3229b ] Request (ServerDiagnosticsNegativeTest:setUpClass): 201 POST http://10.180.1.21/identity/v3/projects 0.577s
2024-09-22 23:44:53.978 62334 INFO tempest.lib.common.rest_client [req-630e1612-aa7b-4ef7-8935-354e8c9a8e5c req-630e1612-aa7b-4ef7-8935-354e8c9a8e5c ] Request (HypervisorAdminNegativeTestJSON:setUpClass): 200 GET http://10.180.1.21/identity/v3/domains?name=Default 0.571s
2024-09-22 23:44:53.982 62336 INFO tempest.lib.common.rest_client [req-aaa1540e-36f2-46d2-89a2-c402b961b670 req-aaa1540e-36f2-46d2-89a2-c402b961b670 ] Request (QuotasAdminTestV257:setUpClass): 201 POST http://10.180.1.21/identity/v3/users 0.618s
2024-09-22 23:44:53.994 62376 INFO tempest.lib.common.rest_client [req-3d340077-5f53-49f0-b434-78d1afe22f6a req-3d340077-5f53-49f0-b434-78d1afe22f6a ] Request (ServersWithSpecificFlavorTestJSON:setUpClass): 200 GET http://10.180.1.21/identity/v3/domains?name=Default 0.543s
2024-09-22 23:44:53.998 62372 INFO tempest.lib.common.rest_client [req-f77d9297-4423-4dde-a6b2-00a4a28111d8 req-f77d9297-4423-4dde-a6b2-00a4a28111d8 ] Request (ServicesAdminTestJSON:tearDownClass): 201 POST http://10.180.1.21/identity/v3/auth/tokens 0.569s
2024-09-22 23:44:54.009 62386 INFO tempest.lib.common.rest_client [req-f8bae57f-3ce5-4b13-b647-92bd1d283931 req-f8bae57f-3ce5-4b13-b647-92bd1d283931 ] Request (FlavorsAdminTestJSON:setUpClass): 200 GET http://10.180.1.21/identity/v3/roles 0.535s
2024-09-22 23:44:54.010 62352 INFO tempest.lib.common.rest_client [req-0202c6d7-bd01-4a19-bfc7-f39d196b4405 req-0202c6d7-bd01-4a19-bfc7-f39d196b4405 ] Request (InstanceUsageAuditLogNegativeTestJSON:setUpClass): 200 GET http://10.180.1.21/identity/v3/domains?name=Default 0.540s
2024-09-22 23:44:54.026 62364 INFO tempest.lib.common.rest_client [req-764e3751-14ec-4755-9ced-c2877331956b req-764e3751-14ec-4755-9ced-c2877331956b ] Request (SecurityGroupsTestAdminJSON:setUpClass): 200 GET http://10.180.1.21/identity/v3/domains?name=Default 0.533s
2024-09-22 23:44:54.032 62362 INFO tempest.lib.common.rest_client [req-7b639098-0c82-44cb-9062-029e49f4fa2f req-7b639098-0c82-44cb-9062-029e49f4fa2f ] Request (AggregatesAdminNegativeTestJSON:setUpClass): 201 POST http://10.180.1.21/identity/v3/projects 0.543s
2024-09-22 23:44:54.041 62326 INFO tempest.lib.common.rest_client [req-2d34ec85-b95e-4f29-ab0d-2d1cb574704f req-2d34ec85-b95e-4f29-ab0d-2d1cb574704f ] Request (VolumesAdminNegativeTest:setUpClass): 200 GET http://10.180.1.21/identity/v3/domains?name=Default 0.529s
2024-09-22 23:44:54.077 62340 INFO tempest.lib.common.rest_client [req-ecc9501d-0e9c-46b9-8ba2-1373a1ba32b0 req-ecc9501d-0e9c-46b9-8ba2-1373a1ba32b0 ] Request (ImagesNegativeTestJSON:setUpClass): 201 POST http://10.180.1.21/identity/v3/projects 0.549s
2024-09-22 23:44:54.091 62378 INFO tempest.lib.common.rest_client [req-65ec34c3-64fa-431c-915d-1981931897ef req-65ec34c3-64fa-431c-915d-1981931897ef ] Request (DeleteServersAdminTestJSON:setUpClass): 201 POST http://10.180.1.21/identity/v3/projects 0.554s
2024-09-22 23:44:54.132 62342 INFO tempest.lib.common.rest_client [req-0a5428a8-57be-49a4-9673-363d3e7a0091 req-0a5428a8-57be-49a4-9673-363d3e7a0091 ] Request (FlavorsV2TestJSON:setUpClass): 201 POST http://10.180.1.21/identity/v3/users 0.573s
2024-09-22 23:44:54.141 62330 INFO tempest.lib.common.rest_client [req-f5c2f039-06d5-45df-b1d3-487fc199c3e3 req-f5c2f039-06d5-45df-b1d3-487fc199c3e3 ] Request (AZAdminV2TestJSON:setUpClass): 200 GET http://10.180.1.21/identity/v3/domains?name=Default 0.595s
2024-09-22 23:44:54.147 62370 INFO tempest.lib.common.rest_client [req-1792be93-78d5-4579-8fc0-4f25b9bb165a req-1792be93-78d5-4579-8fc0-4f25b9bb165a ] Request (HostsAdminNegativeTestJSON:setUpClass): 200 GET http://10.180.1.21/identity/v3/domains?name=Default 0.560s
2024-09-22 23:44:54.163 62380 INFO tempest.lib.common.rest_client [req-f442ce9b-ed16-4988-a451-071ea09fecf5 req-f442ce9b-ed16-4988-a451-071ea09fecf5 ] Request (InstanceUsageAuditLogTestJSON:setUpClass): 200 GET http://10.180.1.21/identity/v3/domains?name=Default 0.534s
2024-09-22 23:44:54.181 62328 INFO tempest.lib.common.rest_client [req-7f26fc45-e53a-4f6b-ba5f-48dff4adc65b req-7f26fc45-e53a-4f6b-ba5f-48dff4adc65b ] Request (FlavorsAccessTestJSON:setUpClass): 204 PUT http://10.180.1.21/identity/v3/projects/ef2054e7db724aa6ab0d6444f193da71/users/3cb10ee8ba24495fb3eed84effe89313/roles/8e723cecee2e4b3fb991e84e8e92dbe0 0.538s
2024-09-22 23:44:54.181 62328 INFO tempest.lib.common.dynamic_creds [-] Dynamic test user 3cb10ee8ba24495fb3eed84effe89313 is created with scope project and roles: ['member']
2024-09-22 23:44:54.181 62328 INFO tempest.lib.common.dynamic_creds [-] Acquired dynamic creds: credentials: Credentials: {'domain_id': 'default', 'domain_name': 'Default', 'username': 'tempest-FlavorsAccessTestJSON-866342121-project-member', 'project_domain_id': 'default', 'project_domain_name': 'Default', 'project_id': 'ef2054e7db724aa6ab0d6444f193da71', 'project_name': 'tempest-FlavorsAccessTestJSON-866342121', 'tenant_id': 'ef2054e7db724aa6ab0d6444f193da71', 'tenant_name': 'tempest-FlavorsAccessTestJSON-866342121', 'user_domain_id': 'default', 'user_domain_name': 'Default', 'user_id': '3cb10ee8ba24495fb3eed84effe89313', 'system': None}, Network: None, Subnet: None, Router: None
2024-09-22 23:44:54.182 62328 INFO tempest.lib.common.dynamic_creds [-] Created isolated network resources for: credentials: Credentials: {'domain_id': 'default', 'domain_name': 'Default', 'username': 'tempest-FlavorsAccessTestJSON-866342121-project-member', 'project_domain_id': 'default', 'project_domain_name': 'Default', 'project_id': 'ef2054e7db724aa6ab0d6444f193da71', 'project_name': 'tempest-FlavorsAccessTestJSON-866342121', 'tenant_id': 'ef2054e7db724aa6ab0d6444f193da71', 'tenant_name': 'tempest-FlavorsAccessTestJSON-866342121', 'user_domain_id': 'default', 'user_domain_name': 'Default', 'user_id': '3cb10ee8ba24495fb3eed84effe89313', 'system': None}, Network: None, Subnet: None, Router: None
2024-09-22 23:44:54.192 62338 INFO tempest.lib.common.rest_client [req-91cd76ef-664b-435c-957e-fbd2c1d10c21 req-91cd76ef-664b-435c-957e-fbd2c1d10c21 ] Request (HypervisorAdminV228Test:setUpClass): 201 POST http://10.180.1.21/identity/v3/auth/tokens 0.583s
2024-09-22 23:44:54.224 62366 INFO tempest.lib.common.rest_client [req-f919aa5c-eabc-465d-8b3b-08978ad6f92d req-f919aa5c-eabc-465d-8b3b-08978ad6f92d ] Request (HypervisorAdminUnderV252Test:setUpClass): 201 POST http://10.180.1.21/identity/v3/users 0.571s
2024-09-22 23:44:54.234 62374 INFO tempest.lib.common.rest_client [req-8de41cff-88ea-4e29-9c80-af58a219b8d7 req-8de41cff-88ea-4e29-9c80-af58a219b8d7 ] Request (HypervisorAdminNegativeUnderV252Test:setUpClass): 200 GET http://10.180.1.21/identity/v3/domains?name=Default 0.549s
2024-09-22 23:44:54.241 62350 INFO tempest.lib.common.rest_client [req-afc0ae15-9220-462d-83df-5cdb34986e1f req-afc0ae15-9220-462d-83df-5cdb34986e1f ] Request (AZAdminNegativeTestJSON:setUpClass): 201 POST http://10.180.1.21/identity/v3/users 0.541s
2024-09-22 23:44:54.254 62346 INFO tempest.lib.common.rest_client [req-2e85e1f1-3055-4e38-9222-f61c8a69d998 req-2e85e1f1-3055-4e38-9222-f61c8a69d998 ] Request (FlavorsV255TestJSON:setUpClass): 201 POST http://10.180.1.21/identity/v3/projects 0.551s
2024-09-22 23:44:54.264 62382 INFO tempest.lib.common.rest_client [req-c20a716b-cb45-48a0-89f0-73c3fc072488 req-c20a716b-cb45-48a0-89f0-73c3fc072488 ] Request (ServicesAdminNegativeTestJSON:setUpClass): 201 POST http://10.180.1.21/identity/v3/projects 0.514s
2024-09-22 23:44:54.306 62388 INFO tempest.lib.common.rest_client [req-a6a1643d-807e-4d5b-b232-98ab4b44a399 req-a6a1643d-807e-4d5b-b232-98ab4b44a399 ] Request (KeyPairsV210TestJSON:setUpClass): 201 POST http://10.180.1.21/identity/v3/users 0.509s
