2024-09-04 19:27:37.258 62727 INFO tempest.lib.common.rest_client [req-22b8054f-560a-40fe-8b4d-a4cc206d1fc5 req-22b8054f-560a-40fe-8b4d-a4cc206d1fc5 ] Request (FloatingIPsAssociationTestJSON:setUpClass): 200 GET http://10.180.1.21/compute/v2.1/servers/5dc2cfa6-1f70-49b0-9be4-3189556561b8 0.429s
2024-09-04 19:27:37.262 62684 INFO tempest.lib.common.rest_client [req-5f2e3744-44d1-4bae-b0b2-ceadf92b577f req-5f2e3744-44d1-4bae-b0b2-ceadf92b577f ] Request (ListServerFiltersTestJSON:setUpClass): 200 GET http://10.180.1.21/compute/v2.1/servers/eab490a3-7613-4ab2-8fd5-e4f4445c29eb 0.490s
2024-09-04 19:27:37.301 62732 INFO tempest.lib.common.rest_client [req-43b5945c-30dc-4469-8376-125392288a01 req-43b5945c-30dc-4469-8376-125392288a01 ] Request (ListImageFiltersTestJSON:setUpClass): 200 GET http://10.180.1.21/compute/v2.1/images/ee2ff7e0-27ee-4e25-bc2b-0f4fee0c1510 0.431s
2024-09-04 19:27:37.329 62722 INFO tempest.lib.common.rest_client [req-c6ff4479-9202-41b9-a4d7-34c12f1aa23a req-c6ff4479-9202-41b9-a4d7-34c12f1aa23a ] Request (TenantUsagesTestJSON:tearDownClass): 200 GET http://10.180.1.21/compute/v2.1/servers/c089d88c-f188-446f-af69-bfd8744f26e8 0.381s
2024-09-04 19:27:37.388 62674 INFO tempest.lib.common.rest_client [req-d7599de5-f60a-44ea-a45e-45f09affc979 req-d7599de5-f60a-44ea-a45e-45f09affc979 ] Request (DeleteServersAdminTestJSON:test_delete_server_while_in_error_state): 200 GET http://10.180.1.21/compute/v2.1/servers/57a01a6a-e2f6-4bab-b79e-1c7007fb7c98 0.371s
2024-09-04 19:27:37.440 62736 INFO tempest.lib.common.rest_client [req-137a6b1a-13f0-4488-a034-83cfc5c3609d req-137a6b1a-13f0-4488-a034-83cfc5c3609d ] Request (MigrationsAdminTest:test_list_migrations_in_flavor_resize_situation): 200 GET http://10.180.1.21/compute/v2.1/servers/37b04929-abb5-480d-8c50-07ce99226b06 0.443s
2024-09-04 19:27:37.558 62690 INFO tempest.lib.common.rest_client [req-bba72994-4391-4838-b6a7-55baba555dea req-bba72994-4391-4838-b6a7-55baba555dea ] Request (ValidationResourcesFixture:setUp): 201 POST http://10.180.1.21:9696/networking/v2.0/floatingips 0.910s
2024-09-04 19:27:37.601 62690 INFO tempest.lib.common.rest_client [req-a93fc9af-0142-48ca-880c-e7a6c57e33f7 req-a93fc9af-0142-48ca-880c-e7a6c57e33f7 ] Request (AttachInterfacesTestJSON:test_create_list_show_delete_interfaces_by_fixed_ip): 201 POST http://10.180.1.21/identity/v3/auth/tokens 0.039s
2024-09-04 19:27:37.601 62690 INFO tempest.lib.common.fixed_network [-] (AttachInterfacesTestJSON:test_create_list_show_delete_interfaces_by_fixed_ip) Found network {'id': '48dd4f51-1724-45de-9d1f-e520d02a5ce3', 'name': 'tempest-AttachInterfacesTestJSON-957268103-network', 'tenant_id': '6908a68974644a91839d6d0b1c3c9ed7', 'admin_state_up': True, 'mtu': 8950, 'status': 'ACTIVE', 'subnets': [], 'shared': False, 'project_id': '6908a68974644a91839d6d0b1c3c9ed7', 'port_security_enabled': True, 'router:external': False, 'provider:network_type': 'vlan', 'provider:physical_network': 'default', 'provider:segmentation_id': 578, 'is_default': False, 'availability_zone_hints': [], 'availability_zones': [], 'ipv4_address_scope': None, 'ipv6_address_scope': None, 'description': '', 'tags': [], 'created_at': '2024-09-04T19:27:33Z', 'updated_at': '2024-09-04T19:27:33Z', 'revision_number': 1} available for tenant
2024-09-04 19:27:37.639 62728 INFO tempest.lib.common.rest_client [req-f4200522-1d1e-43fb-a5f8-014fee1c1d5f req-f4200522-1d1e-43fb-a5f8-014fee1c1d5f ] Request (ServersAdminNegativeTestJSON:test_migrate_server_invalid_state): 200 GET http://10.180.1.21/compute/v2.1/servers/ce72c9cc-57db-4d86-bfc8-ad2caede5654 0.558s
2024-09-04 19:27:37.651 62682 INFO tempest.lib.common.rest_client [req-38f628f1-6b79-4029-87bc-d6a4f20c12d5 req-38f628f1-6b79-4029-87bc-d6a4f20c12d5 ] Request (ServerShowV257Test:tearDownClass): 200 GET http://10.180.1.21/compute/v2.1/servers/a95a96c4-23ae-40fa-996f-07afe59462fb 0.411s
2024-09-04 19:27:37.711 62699 INFO tempest.lib.common.rest_client [req-b83dfd1a-6a13-4206-b0a3-6eebd0c8fa8f req-b83dfd1a-6a13-4206-b0a3-6eebd0c8fa8f ] Request (SecurityGroupsTestJSON:test_list_security_groups_by_server): 200 GET http://10.180.1.21/compute/v2.1/servers/b50406ea-7264-4587-aa27-8bf4b867302e 0.275s
2024-09-04 19:27:37.769 62680 INFO tempest.lib.common.rest_client [req-450fffa2-efab-4684-a129-4e95b692e9a2 req-450fffa2-efab-4684-a129-4e95b692e9a2 ] Request (ServersTestMultiNic:test_verify_duplicate_network_nics): 200 GET http://10.180.1.21/compute/v2.1/servers/17bbc0b3-bd15-42df-8811-5052b97c0986 0.191s
2024-09-04 19:27:37.792 62718 INFO tempest.lib.common.rest_client [req-c0b9630c-ecc5-436d-902a-62d183d289ec req-c0b9630c-ecc5-436d-902a-62d183d289ec ] Request (DeleteServersTestJSON:test_delete_active_server): 200 GET http://10.180.1.21/compute/v2.1/servers/286f4f94-bab8-4307-a172-d8dee9888376 0.290s
2024-09-04 19:27:37.858 62702 INFO tempest.lib.common.rest_client [req-63e95639-96a5-497a-b991-d6ff02cf5eca req-63e95639-96a5-497a-b991-d6ff02cf5eca ] Request (ServerRescueTestJSON:setUpClass): 200 GET http://10.180.1.21/compute/v2.1/servers/04ded576-b215-4afe-96b0-c697d579ce38 0.210s
2024-09-04 19:27:37.928 62706 INFO tempest.lib.common.rest_client [req-5ce092d7-f508-4b10-a794-f3cbcb183169 req-5ce092d7-f508-4b10-a794-f3cbcb183169 ] Request (ServerGroupTestJSON:_run_cleanups): 200 GET http://10.180.1.21/compute/v2.1/servers/b1101035-a038-4690-a09e-08b4109e06b1 0.169s
2024-09-04 19:27:38.068 62704 INFO tempest.lib.common.rest_client [req-4a788023-60fb-456f-87a5-639f2e27e4bb req-4a788023-60fb-456f-87a5-639f2e27e4bb ] Request (AttachInterfacesV270Test:tearDownClass): 200 GET http://10.180.1.21/compute/v2.1/servers/abd482ff-fc07-4410-9178-375b6a2c0197 0.212s
2024-09-04 19:27:38.304 62734 INFO tempest.lib.common.rest_client [req-29115920-0d9a-458a-bbc3-110f25bfcb2f req-29115920-0d9a-458a-bbc3-110f25bfcb2f ] Request (ServerActionsTestJSON:setUpClass): 200 GET http://10.180.1.21/compute/v2.1/servers/d174fe97-1d79-4c61-b285-dd860097505e 0.433s
2024-09-04 19:27:38.364 62678 INFO tempest.lib.common.rest_client [req-223f5c2c-447d-424c-a44f-0a93571a145f req-223f5c2c-447d-424c-a44f-0a93571a145f ] Request (ServersAdminTestJSON:test_create_server_with_scheduling_hint): 200 GET http://10.180.1.21/compute/v2.1/servers/3bbed079-ffe6-46d7-83ef-293634f51c14 0.380s
2024-09-04 19:27:38.373 62690 INFO tempest.lib.common.rest_client [req-bda083a4-d78e-4eb1-9d9a-6d13869303a7 req-bda083a4-d78e-4eb1-9d9a-6d13869303a7 ] Request (AttachInterfacesTestJSON:test_create_list_show_delete_interfaces_by_fixed_ip): 202 POST http://10.180.1.21/compute/v2.1/servers 0.771s
2024-09-04 19:27:38.422 62676 INFO tempest.lib.common.rest_client [req-453b4bc7-d566-44af-a5d8-906909038de6 req-453b4bc7-d566-44af-a5d8-906909038de6 ] Request (ServerPasswordTestJSON:setUpClass): 200 GET http://10.180.1.21/compute/v2.1/servers/565c6a64-d366-49a8-9d1b-cbe620d71bd2 0.372s
2024-09-04 19:27:38.505 62716 INFO tempest.lib.common.rest_client [req-c7b77645-421f-4d07-be58-3d68e43fc0db req-c7b77645-421f-4d07-be58-3d68e43fc0db ] Request (ServersNegativeTestMultiTenantJSON:setUpClass): 200 GET http://10.180.1.21/compute/v2.1/servers/b4a8ce1d-74b8-46dd-bd56-d6ee854cb9e3 0.374s
2024-09-04 19:27:38.515 62716 INFO tempest.common.waiters [-] State transition "BUILD/scheduling" ==> "BUILD/None" after 34 second wait
2024-09-04 19:27:38.537 62700 INFO tempest.lib.common.rest_client [req-5c7ae16b-cf60-43ef-ba86-69288440812d req-5c7ae16b-cf60-43ef-ba86-69288440812d ] Request (ImagesTestJSON:test_create_image_from_stopped_server): 200 GET http://10.180.1.21/compute/v2.1/servers/5a569514-e724-49ff-ba8c-01ebae59a423 0.412s
2024-09-04 19:27:38.543 62700 INFO tempest.common.waiters [-] State transition "BUILD/block_device_mapping" ==> "BUILD/spawning" after 42 second wait
2024-09-04 19:27:38.556 62710 INFO tempest.lib.common.rest_client [req-f4da7aaa-c970-4e3e-8c71-93b231a4ec2f req-f4da7aaa-c970-4e3e-8c71-93b231a4ec2f ] Request (ServerDiskConfigTestJSON:test_rebuild_server_with_manual_disk_config): 200 GET http://10.180.1.21/compute/v2.1/servers/39666946-c9b3-40fe-beb7-0eeb6fe6b9c7 0.350s
2024-09-04 19:27:38.590 62688 INFO tempest.lib.common.rest_client [req-3c1b0f2d-7c53-49f0-b0b0-051f35feae4d req-3c1b0f2d-7c53-49f0-b0b0-051f35feae4d ] Request (ServerActionsTestOtherA:setUpClass): 200 GET http://10.180.1.21/compute/v2.1/servers/3f563057-69e6-4941-a450-069491b8eef3 0.381s
2024-09-04 19:27:38.609 62727 INFO tempest.lib.common.rest_client [req-1b5ad61a-646e-4a6d-9f35-615762469702 req-1b5ad61a-646e-4a6d-9f35-615762469702 ] Request (FloatingIPsAssociationTestJSON:setUpClass): 200 GET http://10.180.1.21/compute/v2.1/servers/5dc2cfa6-1f70-49b0-9be4-3189556561b8 0.344s
2024-09-04 19:27:38.616 62727 INFO tempest.common.waiters [-] State transition "BUILD/None" ==> "BUILD/networking" after 41 second wait
2024-09-04 19:27:38.638 62684 INFO tempest.lib.common.rest_client [req-0ba2342c-d36f-4d5b-ad46-ad48c257dc6b req-0ba2342c-d36f-4d5b-ad46-ad48c257dc6b ] Request (ListServerFiltersTestJSON:setUpClass): 200 GET http://10.180.1.21/compute/v2.1/servers/eab490a3-7613-4ab2-8fd5-e4f4445c29eb 0.366s
2024-09-04 19:27:38.655 62732 INFO tempest.lib.common.rest_client [req-7b91b30f-4220-434e-b208-342c1afd3d1c req-7b91b30f-4220-434e-b208-342c1afd3d1c ] Request (ListImageFiltersTestJSON:setUpClass): 200 GET http://10.180.1.21/compute/v2.1/images/ee2ff7e0-27ee-4e25-bc2b-0f4fee0c1510 0.349s
2024-09-04 19:27:38.716 62722 INFO tempest.lib.common.rest_client [req-97739693-e34b-43c2-8458-96f44fe5124c req-97739693-e34b-43c2-8458-96f44fe5124c ] Request (TenantUsagesTestJSON:tearDownClass): 200 GET http://10.180.1.21/compute/v2.1/servers/c089d88c-f188-446f-af69-bfd8744f26e8 0.375s
2024-09-04 19:27:38.729 62690 INFO tempest.lib.common.rest_client [req-61d56cdb-7674-45bb-b6d1-79e042f3152c req-61d56cdb-7674-45bb-b6d1-79e042f3152c ] Request (AttachInterfacesTestJSON:test_create_list_show_delete_interfaces_by_fixed_ip): 200 GET http://10.180.1.21/compute/v2.1/servers/c01aad14-c583-44b7-951a-e00ee08e923d 0.354s
2024-09-04 19:27:38.790 62674 INFO tempest.lib.common.rest_client [req-0f02e39d-4cd8-49c0-8daf-2372503393c3 req-0f02e39d-4cd8-49c0-8daf-2372503393c3 ] Request (DeleteServersAdminTestJSON:test_delete_server_while_in_error_state): 200 GET http://10.180.1.21/compute/v2.1/servers/57a01a6a-e2f6-4bab-b79e-1c7007fb7c98 0.393s
2024-09-04 19:27:38.856 62728 INFO tempest.lib.common.rest_client [req-2cc86ef4-1d68-4259-a7b4-c108eedb49fe req-2cc86ef4-1d68-4259-a7b4-c108eedb49fe ] Request (ServersAdminNegativeTestJSON:test_migrate_server_invalid_state): 200 GET http://10.180.1.21/compute/v2.1/servers/ce72c9cc-57db-4d86-bfc8-ad2caede5654 0.208s
2024-09-04 19:27:38.878 62736 INFO tempest.lib.common.rest_client [req-c0d93ba5-0b1f-4e2a-9a08-b1d931a37f2d req-c0d93ba5-0b1f-4e2a-9a08-b1d931a37f2d ] Request (MigrationsAdminTest:test_list_migrations_in_flavor_resize_situation): 200 GET http://10.180.1.21/compute/v2.1/servers/37b04929-abb5-480d-8c50-07ce99226b06 0.431s
2024-09-04 19:27:38.929 62682 INFO tempest.lib.common.rest_client [req-53c0004b-f628-4ccd-9e84-5b8e6e7711ab req-53c0004b-f628-4ccd-9e84-5b8e6e7711ab ] Request (ServerShowV257Test:tearDownClass): 200 GET http://10.180.1.21/compute/v2.1/servers/a95a96c4-23ae-40fa-996f-07afe59462fb 0.269s
2024-09-04 19:27:38.933 62699 INFO tempest.lib.common.rest_client [req-dfd52169-8047-4ac7-95fd-ddbafe12e74d req-dfd52169-8047-4ac7-95fd-ddbafe12e74d ] Request (SecurityGroupsTestJSON:test_list_security_groups_by_server): 200 GET http://10.180.1.21/compute/v2.1/servers/b50406ea-7264-4587-aa27-8bf4b867302e 0.211s
2024-09-04 19:27:38.985 62680 INFO tempest.lib.common.rest_client [req-ed1ed25d-e368-4ecd-bbfc-7439bd28d1ec req-ed1ed25d-e368-4ecd-bbfc-7439bd28d1ec ] Request (ServersTestMultiNic:test_verify_duplicate_network_nics): 200 GET http://10.180.1.21/compute/v2.1/servers/17bbc0b3-bd15-42df-8811-5052b97c0986 0.209s
2024-09-04 19:27:39.031 62702 INFO tempest.lib.common.rest_client [req-81fb5488-0898-4223-8923-9d48680a5a0e req-81fb5488-0898-4223-8923-9d48680a5a0e ] Request (ServerRescueTestJSON:setUpClass): 200 GET http://10.180.1.21/compute/v2.1/servers/04ded576-b215-4afe-96b0-c697d579ce38 0.163s
2024-09-04 19:27:39.063 62718 INFO tempest.lib.common.rest_client [req-ade880f9-0106-4959-9403-67fd40f65785 req-ade880f9-0106-4959-9403-67fd40f65785 ] Request (DeleteServersTestJSON:test_delete_active_server): 200 GET http://10.180.1.21/compute/v2.1/servers/286f4f94-bab8-4307-a172-d8dee9888376 0.264s
2024-09-04 19:27:39.071 62718 INFO tempest.common.waiters [-] State transition "BUILD/spawning" ==> "ACTIVE/None" after 48 second wait
2024-09-04 19:27:39.091 62706 INFO tempest.lib.common.rest_client [req-03303fa3-f749-456f-8a0f-a6e3dae97354 req-03303fa3-f749-456f-8a0f-a6e3dae97354 ] Request (ServerGroupTestJSON:_run_cleanups): 200 GET http://10.180.1.21/compute/v2.1/servers/b1101035-a038-4690-a09e-08b4109e06b1 0.153s
2024-09-04 19:27:39.100 62706 INFO tempest.common.waiters [-] State transition "ACTIVE/deleting" ==> "DELETED/None" after 4 second wait
2024-09-04 19:27:39.118 62720 WARNING tempest.lib.common.ssh [-] Failed to establish authenticated ssh connection to cirros@10.180.180.238 ([Errno None] Unable to connect to port 22 on 10.180.180.238). Number attempts: 5. Retry after 6 seconds.: paramiko.ssh_exception.NoValidConnectionsError: [Errno None] Unable to connect to port 22 on 10.180.180.238
2024-09-04 19:27:39.152 62718 INFO tempest.lib.common.rest_client [req-3adb71c7-f29c-40bb-a8c9-63690653cb56 req-3adb71c7-f29c-40bb-a8c9-63690653cb56 ] Request (DeleteServersTestJSON:test_delete_active_server): 204 DELETE http://10.180.1.21/compute/v2.1/servers/286f4f94-bab8-4307-a172-d8dee9888376 0.080s
2024-09-04 19:27:39.160 62704 INFO tempest.lib.common.rest_client [req-f4cbf784-f373-4a79-91cd-3449b3650474 req-f4cbf784-f373-4a79-91cd-3449b3650474 ] Request (AttachInterfacesV270Test:tearDownClass): 200 GET http://10.180.1.21/compute/v2.1/servers/abd482ff-fc07-4410-9178-375b6a2c0197 0.083s
2024-09-04 19:27:39.300 62718 INFO tempest.lib.common.rest_client [req-b3ebcc47-89c5-4c1d-bbc3-e1afed1f7e6e req-b3ebcc47-89c5-4c1d-bbc3-e1afed1f7e6e ] Request (DeleteServersTestJSON:test_delete_active_server): 200 GET http://10.180.1.21/compute/v2.1/servers/286f4f94-bab8-4307-a172-d8dee9888376 0.147s
2024-09-04 19:27:39.438 62678 INFO tempest.lib.common.rest_client [req-759be0df-fc62-4474-9b6a-ba523dde1edb req-759be0df-fc62-4474-9b6a-ba523dde1edb ] Request (ServersAdminTestJSON:test_create_server_with_scheduling_hint): 200 GET http://10.180.1.21/compute/v2.1/servers/3bbed079-ffe6-46d7-83ef-293634f51c14 0.066s
2024-09-04 19:27:39.464 62734 INFO tempest.lib.common.rest_client [req-7b1afa0b-4fb1-45ea-b01b-9f87d4663fca req-7b1afa0b-4fb1-45ea-b01b-9f87d4663fca ] Request (ServerActionsTestJSON:setUpClass): 200 GET http://10.180.1.21/compute/v2.1/servers/d174fe97-1d79-4c61-b285-dd860097505e 0.144s
2024-09-04 19:27:39.500 62676 INFO tempest.lib.common.rest_client [req-e2adca22-b8aa-4479-8324-8bc916a4491d req-e2adca22-b8aa-4479-8324-8bc916a4491d ] Request (ServerPasswordTestJSON:setUpClass): 200 GET http://10.180.1.21/compute/v2.1/servers/565c6a64-d366-49a8-9d1b-cbe620d71bd2 0.069s
2024-09-04 19:27:39.564 62716 INFO tempest.lib.common.rest_client [req-4dda3bbb-050f-447f-a1f5-750b3169489e req-4dda3bbb-050f-447f-a1f5-750b3169489e ] Request (ServersNegativeTestMultiTenantJSON:setUpClass): 200 GET http://10.180.1.21/compute/v2.1/servers/b4a8ce1d-74b8-46dd-bd56-d6ee854cb9e3 0.047s
2024-09-04 19:27:39.607 62710 INFO tempest.lib.common.rest_client [req-2dfa982f-92ef-457e-af18-962cbf06c6e4 req-2dfa982f-92ef-457e-af18-962cbf06c6e4 ] Request (ServerDiskConfigTestJSON:test_rebuild_server_with_manual_disk_config): 200 GET http://10.180.1.21/compute/v2.1/servers/39666946-c9b3-40fe-beb7-0eeb6fe6b9c7 0.044s
2024-09-04 19:27:39.661 62688 INFO tempest.lib.common.rest_client [req-9c823242-1887-49d6-865e-f84b7439dc5a req-9c823242-1887-49d6-865e-f84b7439dc5a ] Request (ServerActionsTestOtherA:setUpClass): 200 GET http://10.180.1.21/compute/v2.1/servers/3f563057-69e6-4941-a450-069491b8eef3 0.062s
2024-09-04 19:27:39.664 62700 INFO tempest.lib.common.rest_client [req-1e579452-716c-4ef1-8319-3e7f1de37802 req-1e579452-716c-4ef1-8319-3e7f1de37802 ] Request (ImagesTestJSON:test_create_image_from_stopped_server): 200 GET http://10.180.1.21/compute/v2.1/servers/5a569514-e724-49ff-ba8c-01ebae59a423 0.119s
2024-09-04 19:27:39.720 62684 INFO tempest.lib.common.rest_client [req-1018a180-a9b5-47ba-bf29-522755836d81 req-1018a180-a9b5-47ba-bf29-522755836d81 ] Request (ListServerFiltersTestJSON:setUpClass): 200 GET http://10.180.1.21/compute/v2.1/servers/eab490a3-7613-4ab2-8fd5-e4f4445c29eb 0.075s
2024-09-04 19:27:39.752 62732 INFO tempest.lib.common.rest_client [req-2d0b1c6e-ccc2-4a8e-bac0-6ba69adc4023 req-2d0b1c6e-ccc2-4a8e-bac0-6ba69adc4023 ] Request (ListImageFiltersTestJSON:setUpClass): 200 GET http://10.180.1.21/compute/v2.1/images/ee2ff7e0-27ee-4e25-bc2b-0f4fee0c1510 0.093s
2024-09-04 19:27:39.816 62722 INFO tempest.lib.common.rest_client [req-4afaeb81-29dc-4fa7-b987-cbd2be88e800 req-4afaeb81-29dc-4fa7-b987-cbd2be88e800 ] Request (TenantUsagesTestJSON:tearDownClass): 200 GET http://10.180.1.21/compute/v2.1/servers/c089d88c-f188-446f-af69-bfd8744f26e8 0.093s
2024-09-04 19:27:39.818 62727 INFO tempest.lib.common.rest_client [req-5621c875-03aa-4599-8889-4c95f88a35cc req-5621c875-03aa-4599-8889-4c95f88a35cc ] Request (FloatingIPsAssociationTestJSON:setUpClass): 200 GET http://10.180.1.21/compute/v2.1/servers/5dc2cfa6-1f70-49b0-9be4-3189556561b8 0.201s
2024-09-04 19:27:39.824 62727 INFO tempest.common.waiters [-] State transition "BUILD/networking" ==> "BUILD/block_device_mapping" after 42 second wait
2024-09-04 19:27:39.888 62690 INFO tempest.lib.common.rest_client [req-7a1bf919-7b6b-4c0b-8717-4d9d81f39527 req-7a1bf919-7b6b-4c0b-8717-4d9d81f39527 ] Request (AttachInterfacesTestJSON:test_create_list_show_delete_interfaces_by_fixed_ip): 200 GET http://10.180.1.21/compute/v2.1/servers/c01aad14-c583-44b7-951a-e00ee08e923d 0.152s
2024-09-04 19:27:39.888 62674 INFO tempest.lib.common.rest_client [req-ecadbca5-0893-402b-aa73-db0e1e59bfba req-ecadbca5-0893-402b-aa73-db0e1e59bfba ] Request (DeleteServersAdminTestJSON:test_delete_server_while_in_error_state): 200 GET http://10.180.1.21/compute/v2.1/servers/57a01a6a-e2f6-4bab-b79e-1c7007fb7c98 0.088s
2024-09-04 19:27:39.943 62728 INFO tempest.lib.common.rest_client [req-50b3fab3-d147-4495-9949-990284dfb2d4 req-50b3fab3-d147-4495-9949-990284dfb2d4 ] Request (ServersAdminNegativeTestJSON:test_migrate_server_invalid_state): 200 GET http://10.180.1.21/compute/v2.1/servers/ce72c9cc-57db-4d86-bfc8-ad2caede5654 0.078s
2024-09-04 19:27:40.010 62682 INFO tempest.lib.common.rest_client [req-e91dfb54-2e54-4cb5-a4e0-c7274139a76b req-e91dfb54-2e54-4cb5-a4e0-c7274139a76b ] Request (ServerShowV257Test:tearDownClass): 200 GET http://10.180.1.21/compute/v2.1/servers/a95a96c4-23ae-40fa-996f-07afe59462fb 0.068s
2024-09-04 19:27:40.056 62699 INFO tempest.lib.common.rest_client [req-c4b90c8b-88cb-4a94-8d0c-68e2f6e43faa req-c4b90c8b-88cb-4a94-8d0c-68e2f6e43faa ] Request (SecurityGroupsTestJSON:test_list_security_groups_by_server): 200 GET http://10.180.1.21/compute/v2.1/servers/b50406ea-7264-4587-aa27-8bf4b867302e 0.109s
2024-09-04 19:27:40.091 62736 INFO tempest.lib.common.rest_client [req-60298162-9fe7-4057-ad2f-c2a153605a34 req-60298162-9fe7-4057-ad2f-c2a153605a34 ] Request (MigrationsAdminTest:test_list_migrations_in_flavor_resize_situation): 200 GET http://10.180.1.21/compute/v2.1/servers/37b04929-abb5-480d-8c50-07ce99226b06 0.205s
2024-09-04 19:27:40.105 62680 INFO tempest.lib.common.rest_client [req-cc900248-1240-4f2a-8771-f0391cecbc67 req-cc900248-1240-4f2a-8771-f0391cecbc67 ] Request (ServersTestMultiNic:test_verify_duplicate_network_nics): 200 GET http://10.180.1.21/compute/v2.1/servers/17bbc0b3-bd15-42df-8811-5052b97c0986 0.114s
2024-09-04 19:27:40.137 62702 INFO tempest.lib.common.rest_client [req-8593464f-7d7f-4a09-939a-7890ffbc013f req-8593464f-7d7f-4a09-939a-7890ffbc013f ] Request (ServerRescueTestJSON:setUpClass): 200 GET http://10.180.1.21/compute/v2.1/servers/04ded576-b215-4afe-96b0-c697d579ce38 0.097s
2024-09-04 19:27:40.152 62706 INFO tempest.lib.common.rest_client [req-c39ebf54-b984-4a2c-86a0-8bd4619548e2 req-c39ebf54-b984-4a2c-86a0-8bd4619548e2 ] Request (ServerGroupTestJSON:_run_cleanups): 200 GET http://10.180.1.21/compute/v2.1/servers/b1101035-a038-4690-a09e-08b4109e06b1 0.051s
2024-09-04 19:27:40.207 62714 WARNING tempest.lib.common.ssh [-] Failed to establish authenticated ssh connection to cirros@10.180.180.141 ([Errno None] Unable to connect to port 22 on 10.180.180.141). Number attempts: 5. Retry after 6 seconds.: paramiko.ssh_exception.NoValidConnectionsError: [Errno None] Unable to connect to port 22 on 10.180.180.141
2024-09-04 19:27:40.225 62704 INFO tempest.lib.common.rest_client [req-b02682c7-6c92-48f9-9afe-827ff7a9805b req-b02682c7-6c92-48f9-9afe-827ff7a9805b ] Request (AttachInterfacesV270Test:tearDownClass): 200 GET http://10.180.1.21/compute/v2.1/servers/abd482ff-fc07-4410-9178-375b6a2c0197 0.057s
2024-09-04 19:27:40.437 62718 INFO tempest.lib.common.rest_client [req-1c91695c-a35f-4eca-b030-1b1073132dfa req-1c91695c-a35f-4eca-b030-1b1073132dfa ] Request (DeleteServersTestJSON:test_delete_active_server): 200 GET http://10.180.1.21/compute/v2.1/servers/286f4f94-bab8-4307-a172-d8dee9888376 0.125s
2024-09-04 19:27:40.509 62678 INFO tempest.lib.common.rest_client [req-2b89bf28-5eb2-40f9-8a90-c32ec3749b23 req-2b89bf28-5eb2-40f9-8a90-c32ec3749b23 ] Request (ServersAdminTestJSON:test_create_server_with_scheduling_hint): 200 GET http://10.180.1.21/compute/v2.1/servers/3bbed079-ffe6-46d7-83ef-293634f51c14 0.059s
2024-09-04 19:27:40.573 62676 INFO tempest.lib.common.rest_client [req-823a04ee-94b8-41f6-a718-b152fc5530ff req-823a04ee-94b8-41f6-a718-b152fc5530ff ] Request (ServerPasswordTestJSON:setUpClass): 200 GET http://10.180.1.21/compute/v2.1/servers/565c6a64-d366-49a8-9d1b-cbe620d71bd2 0.066s
2024-09-04 19:27:40.615 62734 INFO tempest.lib.common.rest_client [req-6700e239-f4d3-486f-83bf-79a5560c82f5 req-6700e239-f4d3-486f-83bf-79a5560c82f5 ] Request (ServerActionsTestJSON:setUpClass): 200 GET http://10.180.1.21/compute/v2.1/servers/d174fe97-1d79-4c61-b285-dd860097505e 0.142s
2024-09-04 19:27:40.647 62716 INFO tempest.lib.common.rest_client [req-593cb6a4-50e3-4b81-bcbe-b20b8d164bb2 req-593cb6a4-50e3-4b81-bcbe-b20b8d164bb2 ] Request (ServersNegativeTestMultiTenantJSON:setUpClass): 200 GET http://10.180.1.21/compute/v2.1/servers/b4a8ce1d-74b8-46dd-bd56-d6ee854cb9e3 0.076s
2024-09-04 19:27:40.670 62710 INFO tempest.lib.common.rest_client [req-a0db3973-19a7-4f6a-b175-8ba119a67f72 req-a0db3973-19a7-4f6a-b175-8ba119a67f72 ] Request (ServerDiskConfigTestJSON:test_rebuild_server_with_manual_disk_config): 200 GET http://10.180.1.21/compute/v2.1/servers/39666946-c9b3-40fe-beb7-0eeb6fe6b9c7 0.056s
2024-09-04 19:27:40.677 62710 INFO tempest.common.waiters [-] State transition "BUILD/scheduling" ==> "BUILD/None" after 33 second wait
2024-09-04 19:27:40.732 62688 INFO tempest.lib.common.rest_client [req-6495988a-9ef2-4808-a9c2-7ce3fb2a2d8d req-6495988a-9ef2-4808-a9c2-7ce3fb2a2d8d ] Request (ServerActionsTestOtherA:setUpClass): 200 GET http://10.180.1.21/compute/v2.1/servers/3f563057-69e6-4941-a450-069491b8eef3 0.064s
2024-09-04 19:27:40.807 62700 INFO tempest.lib.common.rest_client [req-427bf052-48ac-43df-86a9-e63159113888 req-427bf052-48ac-43df-86a9-e63159113888 ] Request (ImagesTestJSON:test_create_image_from_stopped_server): 200 GET http://10.180.1.21/compute/v2.1/servers/5a569514-e724-49ff-ba8c-01ebae59a423 0.137s
2024-09-04 19:27:40.809 62684 INFO tempest.lib.common.rest_client [req-2dda865d-77b0-4a25-8aac-2d05784346c3 req-2dda865d-77b0-4a25-8aac-2d05784346c3 ] Request (ListServerFiltersTestJSON:setUpClass): 200 GET http://10.180.1.21/compute/v2.1/servers/eab490a3-7613-4ab2-8fd5-e4f4445c29eb 0.082s
2024-09-04 19:27:40.843 62732 INFO tempest.lib.common.rest_client [req-3bac837f-166c-4132-b6e4-9535fd556873 req-3bac837f-166c-4132-b6e4-9535fd556873 ] Request (ListImageFiltersTestJSON:setUpClass): 200 GET http://10.180.1.21/compute/v2.1/images/ee2ff7e0-27ee-4e25-bc2b-0f4fee0c1510 0.088s
2024-09-04 19:27:40.893 62722 INFO tempest.lib.common.rest_client [req-5ba3c0d2-e4cb-4e04-aa57-94687205e69e req-5ba3c0d2-e4cb-4e04-aa57-94687205e69e ] Request (TenantUsagesTestJSON:tearDownClass): 200 GET http://10.180.1.21/compute/v2.1/servers/c089d88c-f188-446f-af69-bfd8744f26e8 0.069s
2024-09-04 19:27:40.965 62690 INFO tempest.lib.common.rest_client [req-c199b448-015a-43ba-9bf6-aa42a3b2d0c7 req-c199b448-015a-43ba-9bf6-aa42a3b2d0c7 ] Request (AttachInterfacesTestJSON:test_create_list_show_delete_interfaces_by_fixed_ip): 200 GET http://10.180.1.21/compute/v2.1/servers/c01aad14-c583-44b7-951a-e00ee08e923d 0.070s
2024-09-04 19:27:41.006 62727 INFO tempest.lib.common.rest_client [req-3779cfb7-e928-4958-aedf-cddc939ef477 req-3779cfb7-e928-4958-aedf-cddc939ef477 ] Request (FloatingIPsAssociationTestJSON:setUpClass): 200 GET http://10.180.1.21/compute/v2.1/servers/5dc2cfa6-1f70-49b0-9be4-3189556561b8 0.181s
2024-09-04 19:27:41.015 62727 INFO tempest.common.waiters [-] State transition "BUILD/block_device_mapping" ==> "BUILD/spawning" after 44 second wait
2024-09-04 19:27:41.038 62674 INFO tempest.lib.common.rest_client [req-26436428-1fdd-4fba-8fe0-4ffadb61d9da req-26436428-1fdd-4fba-8fe0-4ffadb61d9da ] Request (DeleteServersAdminTestJSON:test_delete_server_while_in_error_state): 200 GET http://10.180.1.21/compute/v2.1/servers/57a01a6a-e2f6-4bab-b79e-1c7007fb7c98 0.140s
2024-09-04 19:27:41.061 62728 INFO tempest.lib.common.rest_client [req-648cbe27-f881-49a9-bf99-881cc26a037a req-648cbe27-f881-49a9-bf99-881cc26a037a ] Request (ServersAdminNegativeTestJSON:test_migrate_server_invalid_state): 200 GET http://10.180.1.21/compute/v2.1/servers/ce72c9cc-57db-4d86-bfc8-ad2caede5654 0.111s
2024-09-04 19:27:41.107 62682 INFO tempest.lib.common.rest_client [req-87c2fa76-87b2-4761-b4fa-3cb14c2701ec req-87c2fa76-87b2-4761-b4fa-3cb14c2701ec ] Request (ServerShowV257Test:tearDownClass): 200 GET http://10.180.1.21/compute/v2.1/servers/a95a96c4-23ae-40fa-996f-07afe59462fb 0.088s
2024-09-04 19:27:41.124 62699 INFO tempest.lib.common.rest_client [req-0de6f8a5-4a82-4338-a24d-a8f599799d81 req-0de6f8a5-4a82-4338-a24d-a8f599799d81 ] Request (SecurityGroupsTestJSON:test_list_security_groups_by_server): 200 GET http://10.180.1.21/compute/v2.1/servers/b50406ea-7264-4587-aa27-8bf4b867302e 0.060s
2024-09-04 19:27:41.183 62680 INFO tempest.lib.common.rest_client [req-f9715a2c-8a2e-4c4f-9878-506c71d51bb1 req-f9715a2c-8a2e-4c4f-9878-506c71d51bb1 ] Request (ServersTestMultiNic:test_verify_duplicate_network_nics): 200 GET http://10.180.1.21/compute/v2.1/servers/17bbc0b3-bd15-42df-8811-5052b97c0986 0.071s
2024-09-04 19:27:41.238 62702 INFO tempest.lib.common.rest_client [req-00a21590-abc0-45a4-b5db-8511d0b552ce req-00a21590-abc0-45a4-b5db-8511d0b552ce ] Request (ServerRescueTestJSON:setUpClass): 200 GET http://10.180.1.21/compute/v2.1/servers/04ded576-b215-4afe-96b0-c697d579ce38 0.094s
2024-09-04 19:27:41.251 62736 INFO tempest.lib.common.rest_client [req-26aeaea6-846e-4261-89a9-1e5243ac60f2 req-26aeaea6-846e-4261-89a9-1e5243ac60f2 ] Request (MigrationsAdminTest:test_list_migrations_in_flavor_resize_situation): 200 GET http://10.180.1.21/compute/v2.1/servers/37b04929-abb5-480d-8c50-07ce99226b06 0.152s
2024-09-04 19:27:41.273 62704 INFO tempest.lib.common.rest_client [req-4a3daf38-1ef0-474a-94fe-72696e24e936 req-4a3daf38-1ef0-474a-94fe-72696e24e936 ] Request (AttachInterfacesV270Test:tearDownClass): 404 GET http://10.180.1.21/compute/v2.1/servers/abd482ff-fc07-4410-9178-375b6a2c0197 0.039s
2024-09-04 19:27:41.308 62706 INFO tempest.lib.common.rest_client [req-f69acb74-9e4f-4a43-bb96-6de3f9436e91 req-f69acb74-9e4f-4a43-bb96-6de3f9436e91 ] Request (ServerGroupTestJSON:_run_cleanups): 200 GET http://10.180.1.21/compute/v2.1/servers/b1101035-a038-4690-a09e-08b4109e06b1 0.150s
2024-09-04 19:27:41.505 62718 INFO tempest.lib.common.rest_client [req-a9508c08-052b-46cd-a113-1d8f8110d951 req-a9508c08-052b-46cd-a113-1d8f8110d951 ] Request (DeleteServersTestJSON:test_delete_active_server): 200 GET http://10.180.1.21/compute/v2.1/servers/286f4f94-bab8-4307-a172-d8dee9888376 0.059s
2024-09-04 19:27:41.574 62678 INFO tempest.lib.common.rest_client [req-5dabe9a7-6be1-47ce-81da-4d406ee04313 req-5dabe9a7-6be1-47ce-81da-4d406ee04313 ] Request (ServersAdminTestJSON:test_create_server_with_scheduling_hint): 200 GET http://10.180.1.21/compute/v2.1/servers/3bbed079-ffe6-46d7-83ef-293634f51c14 0.057s
2024-09-04 19:27:41.638 62676 INFO tempest.lib.common.rest_client [req-70606d25-8cc0-4376-b737-89d5cf70bc2c req-70606d25-8cc0-4376-b737-89d5cf70bc2c ] Request (ServerPasswordTestJSON:setUpClass): 200 GET http://10.180.1.21/compute/v2.1/servers/565c6a64-d366-49a8-9d1b-cbe620d71bd2 0.054s
2024-09-04 19:27:41.721 62716 INFO tempest.lib.common.rest_client [req-43dd8916-1903-4252-ad65-5a5d99f963a4 req-43dd8916-1903-4252-ad65-5a5d99f963a4 ] Request (ServersNegativeTestMultiTenantJSON:setUpClass): 200 GET http://10.180.1.21/compute/v2.1/servers/b4a8ce1d-74b8-46dd-bd56-d6ee854cb9e3 0.067s
2024-09-04 19:27:41.789 62710 INFO tempest.lib.common.rest_client [req-f6010240-4ca2-4e17-b501-f79bd98d5264 req-f6010240-4ca2-4e17-b501-f79bd98d5264 ] Request (ServerDiskConfigTestJSON:test_rebuild_server_with_manual_disk_config): 200 GET http://10.180.1.21/compute/v2.1/servers/39666946-c9b3-40fe-beb7-0eeb6fe6b9c7 0.109s
2024-09-04 19:27:41.797 62734 INFO tempest.lib.common.rest_client [req-b94883c7-a3a1-4b5d-881f-be973fb41e49 req-b94883c7-a3a1-4b5d-881f-be973fb41e49 ] Request (ServerActionsTestJSON:setUpClass): 200 GET http://10.180.1.21/compute/v2.1/servers/d174fe97-1d79-4c61-b285-dd860097505e 0.172s
2024-09-04 19:27:41.840 62688 INFO tempest.lib.common.rest_client [req-1145c5a9-b058-4e1b-a587-56bb1ea831ba req-1145c5a9-b058-4e1b-a587-56bb1ea831ba ] Request (ServerActionsTestOtherA:setUpClass): 200 GET http://10.180.1.21/compute/v2.1/servers/3f563057-69e6-4941-a450-069491b8eef3 0.101s
2024-09-04 19:27:41.905 62684 INFO tempest.lib.common.rest_client [req-1902fd05-1c54-43ea-827c-ff0c7966cddf req-1902fd05-1c54-43ea-827c-ff0c7966cddf ] Request (ListServerFiltersTestJSON:setUpClass): 200 GET http://10.180.1.21/compute/v2.1/servers/eab490a3-7613-4ab2-8fd5-e4f4445c29eb 0.088s
2024-09-04 19:27:41.935 62708 WARNING tempest.lib.common.ssh [-] Failed to establish authenticated ssh connection to cirros@10.180.180.251 ([Errno None] Unable to connect to port 22 on 10.180.180.251). Number attempts: 1. Retry after 2 seconds.: paramiko.ssh_exception.NoValidConnectionsError: [Errno None] Unable to connect to port 22 on 10.180.180.251
2024-09-04 19:27:41.950 62732 INFO tempest.lib.common.rest_client [req-6a61f619-facb-4454-b4b1-40d98ad846e1 req-6a61f619-facb-4454-b4b1-40d98ad846e1 ] Request (ListImageFiltersTestJSON:setUpClass): 200 GET http://10.180.1.21/compute/v2.1/images/ee2ff7e0-27ee-4e25-bc2b-0f4fee0c1510 0.103s
2024-09-04 19:27:41.995 62700 INFO tempest.lib.common.rest_client [req-34298c07-16fe-4bd4-9cc9-45e9825295e5 req-34298c07-16fe-4bd4-9cc9-45e9825295e5 ] Request (ImagesTestJSON:test_create_image_from_stopped_server): 200 GET http://10.180.1.21/compute/v2.1/servers/5a569514-e724-49ff-ba8c-01ebae59a423 0.181s
2024-09-04 19:27:42.031 62722 INFO tempest.lib.common.rest_client [req-d8697248-a16d-458f-9fcc-0a2fd55901ba req-d8697248-a16d-458f-9fcc-0a2fd55901ba ] Request (TenantUsagesTestJSON:tearDownClass): 200 GET http://10.180.1.21/compute/v2.1/servers/c089d88c-f188-446f-af69-bfd8744f26e8 0.128s
2024-09-04 19:27:42.061 62690 INFO tempest.lib.common.rest_client [req-706b7c55-6b4f-4d66-96cc-7bc06288d604 req-706b7c55-6b4f-4d66-96cc-7bc06288d604 ] Request (AttachInterfacesTestJSON:test_create_list_show_delete_interfaces_by_fixed_ip): 200 GET http://10.180.1.21/compute/v2.1/servers/c01aad14-c583-44b7-951a-e00ee08e923d 0.087s
2024-09-04 19:27:42.143 62674 INFO tempest.lib.common.rest_client [req-9c2d7aaf-f4f5-4cf5-aa03-bf48f7fb95a7 req-9c2d7aaf-f4f5-4cf5-aa03-bf48f7fb95a7 ] Request (DeleteServersAdminTestJSON:test_delete_server_while_in_error_state): 200 GET http://10.180.1.21/compute/v2.1/servers/57a01a6a-e2f6-4bab-b79e-1c7007fb7c98 0.097s
2024-09-04 19:27:42.163 62704 INFO tempest.lib.common.rest_client [req-246513ca-b3d7-4fb8-bb1a-67bc0483cfe2 req-246513ca-b3d7-4fb8-bb1a-67bc0483cfe2 ] Request (AttachInterfacesV270Test:tearDownClass): 200 PUT http://10.180.1.21:9696/networking/v2.0/routers/4d1911c9-8044-43c9-b7a8-97d5923d899d/remove_router_interface 0.889s
2024-09-04 19:27:42.204 62728 INFO tempest.lib.common.rest_client [req-25e82f98-ac23-4371-b866-c2dfb72e1a4b req-25e82f98-ac23-4371-b866-c2dfb72e1a4b ] Request (ServersAdminNegativeTestJSON:test_migrate_server_invalid_state): 200 GET http://10.180.1.21/compute/v2.1/servers/ce72c9cc-57db-4d86-bfc8-ad2caede5654 0.134s
2024-09-04 19:27:42.221 62727 INFO tempest.lib.common.rest_client [req-46f30cdb-5733-4c1b-bc64-9521c7b28592 req-46f30cdb-5733-4c1b-bc64-9521c7b28592 ] Request (FloatingIPsAssociationTestJSON:setUpClass): 200 GET http://10.180.1.21/compute/v2.1/servers/5dc2cfa6-1f70-49b0-9be4-3189556561b8 0.201s
2024-09-04 19:27:42.269 62682 INFO tempest.lib.common.rest_client [req-c7ee5eb8-26d2-4044-a601-b894cbca0b0f req-c7ee5eb8-26d2-4044-a601-b894cbca0b0f ] Request (ServerShowV257Test:tearDownClass): 200 GET http://10.180.1.21/compute/v2.1/servers/a95a96c4-23ae-40fa-996f-07afe59462fb 0.149s
2024-09-04 19:27:42.275 62699 INFO tempest.lib.common.rest_client [req-006d94d9-fbb8-43d1-b3e6-a9bc2eed5a0e req-006d94d9-fbb8-43d1-b3e6-a9bc2eed5a0e ] Request (SecurityGroupsTestJSON:test_list_security_groups_by_server): 200 GET http://10.180.1.21/compute/v2.1/servers/b50406ea-7264-4587-aa27-8bf4b867302e 0.140s
2024-09-04 19:27:42.331 62680 INFO tempest.lib.common.rest_client [req-77395229-dca8-4d26-b45c-411755cdb554 req-77395229-dca8-4d26-b45c-411755cdb554 ] Request (ServersTestMultiNic:test_verify_duplicate_network_nics): 200 GET http://10.180.1.21/compute/v2.1/servers/17bbc0b3-bd15-42df-8811-5052b97c0986 0.137s
2024-09-04 19:27:42.335 62702 INFO tempest.lib.common.rest_client [req-a6e38935-6c33-49ca-8db5-f7a89a2ef1c1 req-a6e38935-6c33-49ca-8db5-f7a89a2ef1c1 ] Request (ServerRescueTestJSON:setUpClass): 200 GET http://10.180.1.21/compute/v2.1/servers/04ded576-b215-4afe-96b0-c697d579ce38 0.086s
2024-09-04 19:27:42.382 62730 WARNING tempest.lib.common.ssh [-] Failed to establish authenticated ssh connection to cirros@10.180.180.214 ([Errno None] Unable to connect to port 22 on 10.180.180.214). Number attempts: 6. Retry after 7 seconds.: paramiko.ssh_exception.NoValidConnectionsError: [Errno None] Unable to connect to port 22 on 10.180.180.214
2024-09-04 19:27:42.400 62706 INFO tempest.lib.common.rest_client [req-a2d3d625-d777-4bae-b51e-786715df819e req-a2d3d625-d777-4bae-b51e-786715df819e ] Request (ServerGroupTestJSON:_run_cleanups): 200 GET http://10.180.1.21/compute/v2.1/servers/b1101035-a038-4690-a09e-08b4109e06b1 0.084s
2024-09-04 19:27:42.453 62736 INFO tempest.lib.common.rest_client [req-7f2c6b4c-5bfa-478a-829c-ed325b29300b req-7f2c6b4c-5bfa-478a-829c-ed325b29300b ] Request (MigrationsAdminTest:test_list_migrations_in_flavor_resize_situation): 200 GET http://10.180.1.21/compute/v2.1/servers/37b04929-abb5-480d-8c50-07ce99226b06 0.194s
2024-09-04 19:27:42.543 62704 INFO tempest.lib.common.rest_client [req-9ea25920-05bf-4021-bb12-a9d713eba63c req-9ea25920-05bf-4021-bb12-a9d713eba63c ] Request (AttachInterfacesV270Test:tearDownClass): 204 DELETE http://10.180.1.21:9696/networking/v2.0/routers/4d1911c9-8044-43c9-b7a8-97d5923d899d 0.380s
2024-09-04 19:27:42.597 62718 INFO tempest.lib.common.rest_client [req-928bafd3-f19b-43f0-baeb-8a3b2048679c req-928bafd3-f19b-43f0-baeb-8a3b2048679c ] Request (DeleteServersTestJSON:test_delete_active_server): 200 GET http://10.180.1.21/compute/v2.1/servers/286f4f94-bab8-4307-a172-d8dee9888376 0.085s
2024-09-04 19:27:42.603 62718 INFO tempest.common.waiters [-] State transition "ACTIVE/deleting" ==> "DELETED/None" after 3 second wait
2024-09-04 19:27:42.653 62678 INFO tempest.lib.common.rest_client [req-9754c7bf-dca8-4766-8c65-c3d875866830 req-9754c7bf-dca8-4766-8c65-c3d875866830 ] Request (ServersAdminTestJSON:test_create_server_with_scheduling_hint): 200 GET http://10.180.1.21/compute/v2.1/servers/3bbed079-ffe6-46d7-83ef-293634f51c14 0.067s
2024-09-04 19:27:42.698 62704 INFO tempest.lib.common.rest_client [req-b82b6753-107f-44c2-a335-f822a11d256f req-b82b6753-107f-44c2-a335-f822a11d256f ] Request (AttachInterfacesV270Test:tearDownClass): 204 DELETE http://10.180.1.21:9696/networking/v2.0/subnets/dfaab3e5-246a-4229-8549-168e0a70c819 0.154s
2024-09-04 19:27:42.701 62676 INFO tempest.lib.common.rest_client [req-7778fd47-cd34-4425-86e2-1d7add23113c req-7778fd47-cd34-4425-86e2-1d7add23113c ] Request (ServerPasswordTestJSON:setUpClass): 200 GET http://10.180.1.21/compute/v2.1/servers/565c6a64-d366-49a8-9d1b-cbe620d71bd2 0.055s
2024-09-04 19:27:42.785 62716 INFO tempest.lib.common.rest_client [req-62cc756c-ff5a-4076-935e-b9253d0c23d6 req-62cc756c-ff5a-4076-935e-b9253d0c23d6 ] Request (ServersNegativeTestMultiTenantJSON:setUpClass): 200 GET http://10.180.1.21/compute/v2.1/servers/b4a8ce1d-74b8-46dd-bd56-d6ee854cb9e3 0.055s
2024-09-04 19:27:42.867 62710 INFO tempest.lib.common.rest_client [req-8700f4f7-e8af-4625-8a72-45737f586683 req-8700f4f7-e8af-4625-8a72-45737f586683 ] Request (ServerDiskConfigTestJSON:test_rebuild_server_with_manual_disk_config): 200 GET http://10.180.1.21/compute/v2.1/servers/39666946-c9b3-40fe-beb7-0eeb6fe6b9c7 0.066s
2024-09-04 19:27:42.946 62688 INFO tempest.lib.common.rest_client [req-491d8121-564a-4986-84fb-0062023e188e req-491d8121-564a-4986-84fb-0062023e188e ] Request (ServerActionsTestOtherA:setUpClass): 200 GET http://10.180.1.21/compute/v2.1/servers/3f563057-69e6-4941-a450-069491b8eef3 0.096s
2024-09-04 19:27:42.946 62734 INFO tempest.lib.common.rest_client [req-b19c3045-623f-4294-a74f-933fca6d44ad req-b19c3045-623f-4294-a74f-933fca6d44ad ] Request (ServerActionsTestJSON:setUpClass): 200 GET http://10.180.1.21/compute/v2.1/servers/d174fe97-1d79-4c61-b285-dd860097505e 0.138s
2024-09-04 19:27:42.953 62734 INFO tempest.common.waiters [-] State transition "BUILD/spawning" ==> "ACTIVE/None" after 48 second wait
2024-09-04 19:27:42.972 62704 INFO tempest.lib.common.rest_client [req-02a511f6-045d-47bd-9597-477919bfd2bf req-02a511f6-045d-47bd-9597-477919bfd2bf ] Request (AttachInterfacesV270Test:tearDownClass): 204 DELETE http://10.180.1.21:9696/networking/v2.0/networks/2ab61639-fd61-47a4-9f02-3c18af9a7b1d 0.273s
2024-09-04 19:27:42.995 62732 INFO tempest.lib.common.rest_client [req-b6e2c19c-7c52-4c85-bab1-9b2b0b9dd8ea req-b6e2c19c-7c52-4c85-bab1-9b2b0b9dd8ea ] Request (ListImageFiltersTestJSON:setUpClass): 200 GET http://10.180.1.21/compute/v2.1/images/ee2ff7e0-27ee-4e25-bc2b-0f4fee0c1510 0.041s
2024-09-04 19:27:43.003 62684 INFO tempest.lib.common.rest_client [req-1a85eb88-f8a8-44c1-8683-0996f95ac49a req-1a85eb88-f8a8-44c1-8683-0996f95ac49a ] Request (ListServerFiltersTestJSON:setUpClass): 200 GET http://10.180.1.21/compute/v2.1/servers/eab490a3-7613-4ab2-8fd5-e4f4445c29eb 0.084s
2024-09-04 19:27:43.051 62704 INFO tempest.lib.common.rest_client [req-9d12b995-d8b6-4590-8d66-bf78132480b5 req-9d12b995-d8b6-4590-8d66-bf78132480b5 ] Request (AttachInterfacesV270Test:tearDownClass): 204 DELETE http://10.180.1.21/identity/v3/users/0ace7423c79f456da9b6296b52620a8e 0.078s
2024-09-04 19:27:43.051 62704 INFO tempest.lib.common.dynamic_creds [-] Deleting project and security group for project: 2dd6a49f73c8477ba80acbc8c00b2feb
2024-09-04 19:27:43.083 62734 INFO tempest.lib.common.rest_client [req-94b17ccf-d1cb-4779-86ef-6ed9f1a0612f req-94b17ccf-d1cb-4779-86ef-6ed9f1a0612f ] Request (ServerActionsTestJSON:setUpClass): 200 GET http://10.180.1.21/compute/v2.1/servers/d174fe97-1d79-4c61-b285-dd860097505e/os-interface 0.129s
2024-09-04 19:27:43.106 62704 INFO tempest.lib.common.rest_client [req-ffdc831d-220c-4e6f-ae15-c1543e5a2c47 req-ffdc831d-220c-4e6f-ae15-c1543e5a2c47 ] Request (AttachInterfacesV270Test:tearDownClass): 200 GET http://10.180.1.21:9696/networking/v2.0/security-groups?tenant_id=2dd6a49f73c8477ba80acbc8c00b2feb&name=default 0.054s
2024-09-04 19:27:43.173 62722 INFO tempest.lib.common.rest_client [req-b14e8f04-7fb1-45df-aae0-8066d732fa44 req-b14e8f04-7fb1-45df-aae0-8066d732fa44 ] Request (TenantUsagesTestJSON:tearDownClass): 200 GET http://10.180.1.21/compute/v2.1/servers/c089d88c-f188-446f-af69-bfd8744f26e8 0.131s
2024-09-04 19:27:43.226 62700 INFO tempest.lib.common.rest_client [req-edcdf62b-e68d-49c7-8823-6c0f241c6aec req-edcdf62b-e68d-49c7-8823-6c0f241c6aec ] Request (ImagesTestJSON:test_create_image_from_stopped_server): 200 GET http://10.180.1.21/compute/v2.1/servers/5a569514-e724-49ff-ba8c-01ebae59a423 0.223s
2024-09-04 19:27:43.235 62690 INFO tempest.lib.common.rest_client [req-48fd5eb6-0bfe-43aa-9125-701a2b39adb7 req-48fd5eb6-0bfe-43aa-9125-701a2b39adb7 ] Request (AttachInterfacesTestJSON:test_create_list_show_delete_interfaces_by_fixed_ip): 200 GET http://10.180.1.21/compute/v2.1/servers/c01aad14-c583-44b7-951a-e00ee08e923d 0.165s
2024-09-04 19:27:43.251 62674 INFO tempest.lib.common.rest_client [req-6194455a-bb98-4559-bdd7-f42f07c0941b req-6194455a-bb98-4559-bdd7-f42f07c0941b ] Request (DeleteServersAdminTestJSON:test_delete_server_while_in_error_state): 404 GET http://10.180.1.21/compute/v2.1/servers/57a01a6a-e2f6-4bab-b79e-1c7007fb7c98 0.098s
2024-09-04 19:27:43.291 62728 INFO tempest.lib.common.rest_client [req-c298869c-0877-4e16-8d3f-931213230704 req-c298869c-0877-4e16-8d3f-931213230704 ] Request (ServersAdminNegativeTestJSON:test_migrate_server_invalid_state): 200 GET http://10.180.1.21/compute/v2.1/servers/ce72c9cc-57db-4d86-bfc8-ad2caede5654 0.077s
2024-09-04 19:27:43.308 62674 INFO tempest.lib.common.rest_client [req-c9a6ae71-9464-4c96-92c7-9c5167f8fc67 req-c9a6ae71-9464-4c96-92c7-9c5167f8fc67 ] Request (DeleteServersAdminTestJSON:tearDownClass): 404 DELETE http://10.180.1.21/compute/v2.1/servers/57a01a6a-e2f6-4bab-b79e-1c7007fb7c98 0.055s
2024-09-04 19:27:43.320 62704 INFO tempest.lib.common.rest_client [req-87eaf578-9ae8-4569-987a-be46af626341 req-87eaf578-9ae8-4569-987a-be46af626341 ] Request (AttachInterfacesV270Test:tearDownClass): 204 DELETE http://10.180.1.21:9696/networking/v2.0/security-groups/b12b3e0e-a396-4ecc-8b81-6901445eb82c 0.213s
2024-09-04 19:27:43.370 62727 INFO tempest.lib.common.rest_client [req-8472e27d-5501-4781-8e8f-d9eecc025849 req-8472e27d-5501-4781-8e8f-d9eecc025849 ] Request (FloatingIPsAssociationTestJSON:setUpClass): 200 GET http://10.180.1.21/compute/v2.1/servers/5dc2cfa6-1f70-49b0-9be4-3189556561b8 0.140s
2024-09-04 19:27:43.374 62682 INFO tempest.lib.common.rest_client [req-a3082803-6454-41de-a9bc-a6d019aeb1f2 req-a3082803-6454-41de-a9bc-a6d019aeb1f2 ] Request (ServerShowV257Test:tearDownClass): 200 GET http://10.180.1.21/compute/v2.1/servers/a95a96c4-23ae-40fa-996f-07afe59462fb 0.097s
2024-09-04 19:27:43.392 62674 INFO tempest.lib.common.rest_client [req-8640ceed-f40d-42ba-a4b1-c5399e4f7630 req-8640ceed-f40d-42ba-a4b1-c5399e4f7630 ] Request (DeleteServersAdminTestJSON:tearDownClass): 404 GET http://10.180.1.21/compute/v2.1/servers/57a01a6a-e2f6-4bab-b79e-1c7007fb7c98 0.084s
2024-09-04 19:27:43.426 62699 INFO tempest.lib.common.rest_client [req-c2a589c5-ac4e-49aa-bb77-eb16fc45e206 req-c2a589c5-ac4e-49aa-bb77-eb16fc45e206 ] Request (SecurityGroupsTestJSON:test_list_security_groups_by_server): 200 GET http://10.180.1.21/compute/v2.1/servers/b50406ea-7264-4587-aa27-8bf4b867302e 0.141s
2024-09-04 19:27:43.444 62680 INFO tempest.lib.common.rest_client [req-d3cbff76-c5f2-4552-891b-57c9d671cdd9 req-d3cbff76-c5f2-4552-891b-57c9d671cdd9 ] Request (ServersTestMultiNic:test_verify_duplicate_network_nics): 200 GET http://10.180.1.21/compute/v2.1/servers/17bbc0b3-bd15-42df-8811-5052b97c0986 0.104s
2024-09-04 19:27:43.457 62704 INFO tempest.lib.common.rest_client [req-f210a391-00ef-48a9-9c4b-14b6331c77a3 req-f210a391-00ef-48a9-9c4b-14b6331c77a3 ] Request (AttachInterfacesV270Test:tearDownClass): 204 DELETE http://10.180.1.21/identity/v3/projects/2dd6a49f73c8477ba80acbc8c00b2feb 0.137s
2024-09-04 19:27:43.483 62674 INFO tempest.lib.common.rest_client [req-81886d8b-2c85-47b8-a89d-d9b8b90596d4 req-81886d8b-2c85-47b8-a89d-d9b8b90596d4 ] Request (DeleteServersAdminTestJSON:tearDownClass): 204 DELETE http://10.180.1.21/identity/v3/users/39300f72c05549b7a317cee60813a777 0.090s
2024-09-04 19:27:43.501 62702 INFO tempest.lib.common.rest_client [req-f88bd1db-7e3f-46e7-878b-c4134c9824d2 req-f88bd1db-7e3f-46e7-878b-c4134c9824d2 ] Request (ServerRescueTestJSON:setUpClass): 200 GET http://10.180.1.21/compute/v2.1/servers/04ded576-b215-4afe-96b0-c697d579ce38 0.159s
2024-09-04 19:27:43.514 62706 INFO tempest.lib.common.rest_client [req-c0bb2250-a8d7-42eb-a6dd-a754ae34219d req-c0bb2250-a8d7-42eb-a6dd-a754ae34219d ] Request (ServerGroupTestJSON:_run_cleanups): 200 GET http://10.180.1.21/compute/v2.1/servers/b1101035-a038-4690-a09e-08b4109e06b1 0.106s
2024-09-04 19:27:43.550 62704 INFO tempest.lib.common.rest_client [req-87dc9181-5a8b-4f5e-9734-00590e38e10d req-87dc9181-5a8b-4f5e-9734-00590e38e10d ] Request (ServersV294TestFqdnHostnames:setUpClass): 201 POST http://10.180.1.21/identity/v3/auth/tokens 0.091s
2024-09-04 19:27:43.581 62674 INFO tempest.lib.common.rest_client [req-fb66110a-f94c-42b2-80ec-74d030c6ac69 req-fb66110a-f94c-42b2-80ec-74d030c6ac69 ] Request (DeleteServersAdminTestJSON:tearDownClass): 204 DELETE http://10.180.1.21/identity/v3/users/7692fa5aafd144b2a4df502cfed163cb 0.098s
2024-09-04 19:27:43.582 62674 INFO tempest.lib.common.dynamic_creds [-] Deleting project and security group for project: 9bec21143b26463bb7423cf6cc783479
2024-09-04 19:27:43.632 62704 INFO tempest.lib.common.rest_client [req-34bb082f-5367-4637-8b26-d8b0e6b36443 req-34bb082f-5367-4637-8b26-d8b0e6b36443 ] Request (ServersV294TestFqdnHostnames:setUpClass): 201 POST http://10.180.1.21/identity/v3/auth/tokens 0.077s
2024-09-04 19:27:43.636 62736 INFO tempest.lib.common.rest_client [req-400c7230-4e15-415e-a2cc-29aac0a8bb7a req-400c7230-4e15-415e-a2cc-29aac0a8bb7a ] Request (MigrationsAdminTest:test_list_migrations_in_flavor_resize_situation): 200 GET http://10.180.1.21/compute/v2.1/servers/37b04929-abb5-480d-8c50-07ce99226b06 0.172s
2024-09-04 19:27:43.650 62674 INFO tempest.lib.common.rest_client [req-260d2534-0930-4e37-9606-ad94bc399a2d req-260d2534-0930-4e37-9606-ad94bc399a2d ] Request (DeleteServersAdminTestJSON:tearDownClass): 201 POST http://10.180.1.21/identity/v3/auth/tokens 0.068s
2024-09-04 19:27:43.662 62704 INFO tempest.lib.common.rest_client [req-e06b4555-ad9c-4620-9cfb-8661d1706e24 req-e06b4555-ad9c-4620-9cfb-8661d1706e24 ] Request (ServersV294TestFqdnHostnames:setUpClass): 200 GET http://10.180.1.21/identity/v3/domains?name=Default 0.030s
2024-09-04 19:27:43.673 62718 INFO tempest.lib.common.rest_client [req-d26fabac-3066-452b-8f46-8c2dcda42987 req-d26fabac-3066-452b-8f46-8c2dcda42987 ] Request (DeleteServersTestJSON:test_delete_active_server): 200 GET http://10.180.1.21/compute/v2.1/servers/286f4f94-bab8-4307-a172-d8dee9888376 0.068s
2024-09-04 19:27:43.694 62704 INFO tempest.lib.common.rest_client [req-d4cd0762-bc95-4bb0-8f1f-fad70b2c155e req-d4cd0762-bc95-4bb0-8f1f-fad70b2c155e ] Request (ServersV294TestFqdnHostnames:setUpClass): 201 POST http://10.180.1.21/identity/v3/projects 0.031s
2024-09-04 19:27:43.696 62734 INFO tempest.lib.common.rest_client [req-46223546-7165-49a2-8ff1-c798dc5bfe84 req-46223546-7165-49a2-8ff1-c798dc5bfe84 ] Request (ServerActionsTestJSON:setUpClass): 200 PUT http://10.180.1.21:9696/networking/v2.0/floatingips/b5b85143-1b08-4c3b-a2c4-821b52b133a1 0.611s
2024-09-04 19:27:43.698 62734 INFO tempest.lib.common.ssh [-] Creating ssh connection to '10.180.180.243:22' as 'cirros' with public key authentication
2024-09-04 19:27:43.726 62678 INFO tempest.lib.common.rest_client [req-0be85fe6-9786-4ea3-bb12-ccf3d3615cac req-0be85fe6-9786-4ea3-bb12-ccf3d3615cac ] Request (ServersAdminTestJSON:test_create_server_with_scheduling_hint): 200 GET http://10.180.1.21/compute/v2.1/servers/3bbed079-ffe6-46d7-83ef-293634f51c14 0.064s
2024-09-04 19:27:43.760 62704 INFO tempest.lib.common.rest_client [req-5279af5f-5f8c-4af4-873c-ea8f32173f70 req-5279af5f-5f8c-4af4-873c-ea8f32173f70 ] Request (ServersV294TestFqdnHostnames:setUpClass): 201 POST http://10.180.1.21/identity/v3/users 0.066s
2024-09-04 19:27:43.763 62676 INFO tempest.lib.common.rest_client [req-7a0ce3b0-5f29-4b6f-8a9b-f90b2edd2849 req-7a0ce3b0-5f29-4b6f-8a9b-f90b2edd2849 ] Request (ServerPasswordTestJSON:setUpClass): 200 GET http://10.180.1.21/compute/v2.1/servers/565c6a64-d366-49a8-9d1b-cbe620d71bd2 0.054s
2024-09-04 19:27:43.777 62704 INFO tempest.lib.common.rest_client [req-f8e4f27c-296a-49b4-8fb9-25007adad44c req-f8e4f27c-296a-49b4-8fb9-25007adad44c ] Request (ServersV294TestFqdnHostnames:setUpClass): 200 GET http://10.180.1.21/identity/v3/roles 0.017s
2024-09-04 19:27:43.809 62704 INFO tempest.lib.common.rest_client [req-c1b79ec1-ad88-4af0-bffa-b88135ddf6b5 req-c1b79ec1-ad88-4af0-bffa-b88135ddf6b5 ] Request (ServersV294TestFqdnHostnames:setUpClass): 204 PUT http://10.180.1.21/identity/v3/projects/4ac02ddd1dc74ee78bc62a80365f0ac3/users/a550c3e079b444ecb4c6400441504b50/roles/6670f7105d2b47c49eb73258ad2290dc 0.032s
2024-09-04 19:27:43.810 62704 INFO tempest.lib.common.dynamic_creds [-] Dynamic test user a550c3e079b444ecb4c6400441504b50 is created with scope project and roles: ['member']
