2024-09-04 19:26:57.373 62699 INFO tempest.lib.common.fixed_network [-] (SecurityGroupsTestJSON:test_list_security_groups_by_server) Found network {'id': '9a1e12ff-2ab7-459c-ab0b-901a78934169', 'name': 'tempest-SecurityGroupsTestJSON-411006312-network', 'tenant_id': '443e2c29978046fbba0a13867d77ddb9', 'admin_state_up': True, 'mtu': 8950, 'status': 'ACTIVE', 'subnets': [], 'shared': False, 'project_id': '443e2c29978046fbba0a13867d77ddb9', 'port_security_enabled': True, 'router:external': False, 'provider:network_type': 'vlan', 'provider:physical_network': 'default', 'provider:segmentation_id': 348, 'is_default': False, 'availability_zone_hints': [], 'availability_zones': [], 'ipv4_address_scope': None, 'ipv6_address_scope': None, 'description': '', 'tags': [], 'created_at': '2024-09-04T19:26:43Z', 'updated_at': '2024-09-04T19:26:43Z', 'revision_number': 1} available for tenant
2024-09-04 19:26:57.434 62718 INFO tempest.lib.common.rest_client [req-11245a9f-e630-4e76-a583-23db4e08b5f6 req-11245a9f-e630-4e76-a583-23db4e08b5f6 ] Request (DeleteServersTestJSON:test_delete_active_server): 200 GET http://10.180.1.21/compute/v2.1/servers/286f4f94-bab8-4307-a172-d8dee9888376 1.653s
2024-09-04 19:26:57.605 62694 INFO tempest.lib.common.rest_client [req-d7447eed-b958-4f8f-8538-6eaf4c16ff26 req-d7447eed-b958-4f8f-8538-6eaf4c16ff26 ] Request (AttachInterfacesUnderV243Test:test_add_remove_fixed_ip): 200 GET http://10.180.1.21/compute/v2.1/servers/f8d7ed54-118c-4bba-a0ff-0864b648f7a4 1.984s
2024-09-04 19:26:57.687 62734 INFO tempest.lib.common.rest_client [req-feed9e1f-7e0d-4907-afd8-2b882301c470 req-feed9e1f-7e0d-4907-afd8-2b882301c470 ] Request (ServerActionsTestJSON:setUpClass): 200 GET http://10.180.1.21/compute/v2.1/servers/d174fe97-1d79-4c61-b285-dd860097505e 1.777s
2024-09-04 19:26:57.765 62728 INFO tempest.lib.common.rest_client [req-2df85e54-0b86-455b-bcb0-5b63760e8c9d req-2df85e54-0b86-455b-bcb0-5b63760e8c9d ] Request (ServersAdminNegativeTestJSON:test_migrate_server_invalid_state): 200 GET http://10.180.1.21/compute/v2.1/servers/ce72c9cc-57db-4d86-bfc8-ad2caede5654 1.851s
2024-09-04 19:26:57.793 62702 INFO tempest.lib.common.rest_client [req-b7461069-a33f-4aa7-a9b8-e814c8c36615 req-b7461069-a33f-4aa7-a9b8-e814c8c36615 ] Request (AggregatesAdminNegativeTestJSON:test_aggregate_remove_nonexistent_host): 200 POST http://10.180.1.21/compute/v2.1/os-aggregates 1.855s
2024-09-04 19:26:57.837 62688 INFO tempest.lib.common.rest_client [req-2f5bf3bc-3bf9-4bca-b841-cf6edb16b8b8 req-2f5bf3bc-3bf9-4bca-b841-cf6edb16b8b8 ] Request (HypervisorAdminTestJSON:tearDownClass): 200 GET http://10.180.1.21:9696/networking/v2.0/security-groups?tenant_id=9c9970347e56461085ec571c6afdb239&name=default 0.548s
2024-09-04 19:26:57.862 62710 INFO tempest.lib.common.rest_client [req-b545ffa1-23e0-48f6-ab05-a525e1edda93 req-b545ffa1-23e0-48f6-ab05-a525e1edda93 ] Request (ServerDiskConfigTestJSON:test_rebuild_server_with_auto_disk_config): 200 GET http://10.180.1.21/compute/v2.1/servers/d1fe6305-e472-42f4-a78c-76508daf3d37 2.040s
2024-09-04 19:26:57.883 62690 INFO tempest.lib.common.rest_client [req-1d846f8f-4f69-443a-a000-6415475708e5 req-1d846f8f-4f69-443a-a000-6415475708e5 ] Request (FlavorsAdminTestJSON:test_is_public_string_variations): 200 GET http://10.180.1.21/compute/v2.1/flavors/detail?is_public=yes 1.915s
2024-09-04 19:26:57.969 62722 INFO tempest.lib.common.rest_client [req-d6ccf5a5-4330-4ea6-ba2c-862f8a0efacf req-d6ccf5a5-4330-4ea6-ba2c-862f8a0efacf ] Request (TenantUsagesTestJSON:setUpClass): 200 GET http://10.180.1.21/compute/v2.1/servers/c089d88c-f188-446f-af69-bfd8744f26e8 1.907s
2024-09-04 19:26:57.977 62722 INFO tempest.common.waiters [-] State transition "BUILD/scheduling" ==> "BUILD/None" after 14 second wait
2024-09-04 19:26:58.041 62678 INFO tempest.lib.common.rest_client [req-ee3dbc12-3389-4100-9ee1-fff44029bc52 req-ee3dbc12-3389-4100-9ee1-fff44029bc52 ] Request (ServersAdminTestJSON:setUpClass): 200 GET http://10.180.1.21/compute/v2.1/servers/48fee428-9105-4058-8de7-183e389c6e77 1.898s
2024-09-04 19:26:58.079 62688 INFO tempest.lib.common.rest_client [req-fb9282e5-95c8-4f98-b520-3c414c5df167 req-fb9282e5-95c8-4f98-b520-3c414c5df167 ] Request (HypervisorAdminTestJSON:tearDownClass): 204 DELETE http://10.180.1.21:9696/networking/v2.0/security-groups/7e164e9d-f2d6-436f-9cf0-620d8b3af890 0.241s
2024-09-04 19:26:58.138 62676 INFO tempest.lib.common.rest_client [req-ff4eabc5-1412-4021-a0c5-a07edcde756e req-ff4eabc5-1412-4021-a0c5-a07edcde756e ] Request (SecurityGroupRulesTestJSON:test_security_group_rules_create): 200 POST http://10.180.1.21/compute/v2.1/os-security-group-rules 2.178s
2024-09-04 19:26:58.164 62688 INFO tempest.lib.common.rest_client [req-894b65b7-f9da-4764-9e89-0cd1ac916ea6 req-894b65b7-f9da-4764-9e89-0cd1ac916ea6 ] Request (HypervisorAdminTestJSON:tearDownClass): 204 DELETE http://10.180.1.21/identity/v3/projects/9c9970347e56461085ec571c6afdb239 0.084s
2024-09-04 19:26:58.164 62688 INFO tempest.lib.common.dynamic_creds [-] Deleting project and security group for project: 772d3875b85e4d3b81eb4488286716fd
2024-09-04 19:26:58.240 62730 INFO tempest.lib.common.rest_client [req-01688a31-f693-4c58-af7a-cc80cc218086 req-01688a31-f693-4c58-af7a-cc80cc218086 ] Request (ServersWithSpecificFlavorTestJSON:test_verify_created_server_ephemeral_disk): 200 GET http://10.180.1.21/compute/v2.1/servers/8b6c6ad7-cb82-4014-afc2-4689cdee033a/os-interface 1.635s
2024-09-04 19:26:58.342 62686 INFO tempest.lib.common.rest_client [req-da2d3ab5-2a19-450b-9cb5-5d1e560ef01e req-da2d3ab5-2a19-450b-9cb5-5d1e560ef01e ] Request (ServerAddressesTestJSON:tearDownClass): 200 GET http://10.180.1.21/compute/v2.1/servers/fd4d5f14-1333-428e-82c2-77c6dfadeb40 1.698s
2024-09-04 19:26:58.380 62688 INFO tempest.lib.common.rest_client [req-e057c767-2c12-423d-a201-bee5a8f2afed req-e057c767-2c12-423d-a201-bee5a8f2afed ] Request (HypervisorAdminTestJSON:tearDownClass): 200 GET http://10.180.1.21:9696/networking/v2.0/security-groups?tenant_id=772d3875b85e4d3b81eb4488286716fd&name=default 0.216s
2024-09-04 19:26:58.411 62724 INFO tempest.lib.common.rest_client [req-6e9a8c79-10f2-4a57-8769-73906b222a27 req-6e9a8c79-10f2-4a57-8769-73906b222a27 ] Request (VolumesGetTestJSON:tearDownClass): 404 GET http://10.180.1.21/compute/v2.1/os-volumes/16dc5ca8-e394-4750-ad6d-16ccc9d065fe 1.489s
2024-09-04 19:26:58.490 62708 INFO tempest.lib.common.rest_client [req-10826330-9a6c-4020-a760-d5faa85a2a62 req-10826330-9a6c-4020-a760-d5faa85a2a62 ] Request (VolumesAdminNegativeTest:test_update_attached_volume_with_nonexistent_volume_in_body): 200 GET http://10.180.1.21/compute/v2.1/servers/4b5345ac-85a8-4fbd-884a-025bde54082f 1.473s
2024-09-04 19:26:58.514 62684 INFO tempest.lib.common.rest_client [req-e9677939-57da-431c-adca-e157d2b8d73e req-e9677939-57da-431c-adca-e157d2b8d73e ] Request (ListServerFiltersTestJSON:setUpClass): 202 POST http://10.180.1.21/compute/v2.1/servers 1.967s
2024-09-04 19:26:58.574 62724 INFO tempest.lib.common.rest_client [req-8819261c-ae4f-4583-84a9-eb6bb28869a4 req-8819261c-ae4f-4583-84a9-eb6bb28869a4 ] Request (VolumesGetTestJSON:tearDownClass): 204 DELETE http://10.180.1.21/identity/v3/users/325b34fcb441486c9525cfc92c7624ad 0.162s
2024-09-04 19:26:58.574 62724 INFO tempest.lib.common.dynamic_creds [-] Deleting project and security group for project: c6b34bfe28914627ac1b724a81a78a58
2024-09-04 19:26:58.622 62684 INFO tempest.lib.common.rest_client [req-eb61c134-36f8-42f7-868e-cbb30a128ad9 req-eb61c134-36f8-42f7-868e-cbb30a128ad9 ] Request (ListServerFiltersTestJSON:setUpClass): 201 POST http://10.180.1.21/identity/v3/auth/tokens 0.103s
2024-09-04 19:26:58.622 62684 INFO tempest.lib.common.fixed_network [-] (ListServerFiltersTestJSON:setUpClass) Found network {'id': 'cf19858d-9ad7-48ef-9738-88a4c289aa18', 'name': 'tempest-ListServerFiltersTestJSON-1051283306-network', 'tenant_id': 'a71639c971e94a36bf538e2b8fc3e96b', 'admin_state_up': True, 'mtu': 8950, 'status': 'ACTIVE', 'subnets': [], 'shared': False, 'project_id': 'a71639c971e94a36bf538e2b8fc3e96b', 'port_security_enabled': True, 'router:external': False, 'provider:network_type': 'vlan', 'provider:physical_network': 'default', 'provider:segmentation_id': 837, 'is_default': False, 'availability_zone_hints': [], 'availability_zones': [], 'ipv4_address_scope': None, 'ipv6_address_scope': None, 'description': '', 'tags': [], 'created_at': '2024-09-04T19:26:53Z', 'updated_at': '2024-09-04T19:26:53Z', 'revision_number': 1} available for tenant
2024-09-04 19:26:58.645 62724 INFO tempest.lib.common.rest_client [req-ea3ea6d1-5f76-4da1-add5-89f40195966a req-ea3ea6d1-5f76-4da1-add5-89f40195966a ] Request (VolumesGetTestJSON:tearDownClass): 201 POST http://10.180.1.21/identity/v3/auth/tokens 0.071s
2024-09-04 19:26:58.756 62692 INFO tempest.lib.common.rest_client [req-b29ffb3e-fed4-4831-beff-075926b05ff0 req-b29ffb3e-fed4-4831-beff-075926b05ff0 ] Request (ServerDiagnosticsV248Test:tearDownClass): 200 GET http://10.180.1.21/compute/v2.1/servers/f5375f29-9da6-41a8-8ae6-060f44cb0a64 1.503s
2024-09-04 19:26:58.842 62700 INFO tempest.lib.common.rest_client [req-158436c4-fc43-4e4e-a780-fc704bf37b31 req-158436c4-fc43-4e4e-a780-fc704bf37b31 ] Request (ImagesTestJSON:test_create_image_from_stopped_server): 200 GET http://10.180.1.21/compute/v2.1/servers/5a569514-e724-49ff-ba8c-01ebae59a423 1.509s
2024-09-04 19:26:58.904 62704 INFO tempest.lib.common.rest_client [req-b7d6e214-6bd3-49b6-8735-d3959fb487ad req-b7d6e214-6bd3-49b6-8735-d3959fb487ad ] Request (AttachInterfacesV270Test:test_create_get_list_interfaces): 200 GET http://10.180.1.21/compute/v2.1/servers/abd482ff-fc07-4410-9178-375b6a2c0197 1.746s
2024-09-04 19:26:58.907 62688 INFO tempest.lib.common.rest_client [req-3f7829f2-9b0c-45eb-9317-7c4bd3fcbb38 req-3f7829f2-9b0c-45eb-9317-7c4bd3fcbb38 ] Request (HypervisorAdminTestJSON:tearDownClass): 204 DELETE http://10.180.1.21:9696/networking/v2.0/security-groups/f75caf16-07dd-4c02-ab93-018272b1406b 0.527s
2024-09-04 19:26:58.928 62696 WARNING tempest.lib.common.ssh [-] Failed to establish authenticated ssh connection to cirros@10.180.180.159 ([Errno None] Unable to connect to port 22 on 10.180.180.159). Number attempts: 1. Retry after 2 seconds.: paramiko.ssh_exception.NoValidConnectionsError: [Errno None] Unable to connect to port 22 on 10.180.180.159
2024-09-04 19:26:59.008 62688 INFO tempest.lib.common.rest_client [req-532c5810-b76e-4e04-9bb4-042f85475278 req-532c5810-b76e-4e04-9bb4-042f85475278 ] Request (HypervisorAdminTestJSON:tearDownClass): 204 DELETE http://10.180.1.21/identity/v3/projects/772d3875b85e4d3b81eb4488286716fd 0.099s
2024-09-04 19:26:59.093 62688 INFO tempest.lib.common.rest_client [req-d53eff24-bbdf-45d3-acef-04e1e9c181c8 req-d53eff24-bbdf-45d3-acef-04e1e9c181c8 ] Request (ServerActionsTestOtherA:setUpClass): 201 POST http://10.180.1.21/identity/v3/auth/tokens 0.083s
2024-09-04 19:26:59.129 62688 INFO tempest.lib.common.rest_client [req-9861e069-d1ab-4898-8022-3e9b3bfb9514 req-9861e069-d1ab-4898-8022-3e9b3bfb9514 ] Request (ServerActionsTestOtherA:setUpClass): 201 POST http://10.180.1.21/identity/v3/auth/tokens 0.032s
2024-09-04 19:26:59.165 62688 INFO tempest.lib.common.rest_client [req-d947e9bd-d63f-4e86-a174-0144275c78db req-d947e9bd-d63f-4e86-a174-0144275c78db ] Request (ServerActionsTestOtherA:setUpClass): 200 GET http://10.180.1.21/identity/v3/domains?name=Default 0.035s
2024-09-04 19:26:59.208 62688 INFO tempest.lib.common.rest_client [req-b49663bc-757d-4020-9cb9-cee7a32c2721 req-b49663bc-757d-4020-9cb9-cee7a32c2721 ] Request (ServerActionsTestOtherA:setUpClass): 201 POST http://10.180.1.21/identity/v3/projects 0.042s
2024-09-04 19:26:59.232 62674 INFO tempest.lib.common.rest_client [req-5315bc92-0842-484f-b50c-d2c2424a9853 req-5315bc92-0842-484f-b50c-d2c2424a9853 ] Request (DeleteServersAdminTestJSON:test_delete_server_while_in_error_state): 200 GET http://10.180.1.21/compute/v2.1/servers/57a01a6a-e2f6-4bab-b79e-1c7007fb7c98 1.586s
2024-09-04 19:26:59.264 62724 INFO tempest.lib.common.rest_client [req-c014e1b8-f251-46b1-b948-ae68eccd71ee req-c014e1b8-f251-46b1-b948-ae68eccd71ee ] Request (VolumesGetTestJSON:tearDownClass): 200 GET http://10.180.1.21:9696/networking/v2.0/security-groups?tenant_id=c6b34bfe28914627ac1b724a81a78a58&name=default 0.618s
2024-09-04 19:26:59.273 62688 INFO tempest.lib.common.rest_client [req-b5406417-818e-4aad-a945-733704c1e3d9 req-b5406417-818e-4aad-a945-733704c1e3d9 ] Request (ServerActionsTestOtherA:setUpClass): 201 POST http://10.180.1.21/identity/v3/users 0.063s
2024-09-04 19:26:59.290 62688 INFO tempest.lib.common.rest_client [req-9a751295-36e0-472f-beb9-a8ab32525187 req-9a751295-36e0-472f-beb9-a8ab32525187 ] Request (ServerActionsTestOtherA:setUpClass): 200 GET http://10.180.1.21/identity/v3/roles 0.016s
2024-09-04 19:26:59.318 62716 INFO tempest.lib.common.rest_client [req-b30a30a2-ab5d-4b1b-ad0a-28e1237a7d97 req-b30a30a2-ab5d-4b1b-ad0a-28e1237a7d97 ] Request (ServersNegativeTestMultiTenantJSON:setUpClass): 201 POST http://10.180.1.21:9696/networking/v2.0/routers 2.025s
2024-09-04 19:26:59.321 62688 INFO tempest.lib.common.rest_client [req-0a72e232-f427-4acf-ae12-be67a6c59cb3 req-0a72e232-f427-4acf-ae12-be67a6c59cb3 ] Request (ServerActionsTestOtherA:setUpClass): 204 PUT http://10.180.1.21/identity/v3/projects/5f61cf33662c48039eec4d3d2fdf4b0a/users/63e54a4b2eef442bb4afb3a00dfd0bbf/roles/6670f7105d2b47c49eb73258ad2290dc 0.030s
2024-09-04 19:26:59.321 62688 INFO tempest.lib.common.dynamic_creds [-] Dynamic test user 63e54a4b2eef442bb4afb3a00dfd0bbf is created with scope project and roles: ['member']
2024-09-04 19:26:59.321 62688 INFO tempest.lib.common.dynamic_creds [-] Acquired dynamic creds: credentials: Credentials: {'domain_id': 'default', 'domain_name': 'Default', 'username': 'tempest-ServerActionsTestOtherA-1115648991-project-member', 'project_domain_id': 'default', 'project_domain_name': 'Default', 'project_id': '5f61cf33662c48039eec4d3d2fdf4b0a', 'project_name': 'tempest-ServerActionsTestOtherA-1115648991', 'tenant_id': '5f61cf33662c48039eec4d3d2fdf4b0a', 'tenant_name': 'tempest-ServerActionsTestOtherA-1115648991', 'user_domain_id': 'default', 'user_domain_name': 'Default', 'user_id': '63e54a4b2eef442bb4afb3a00dfd0bbf', 'system': None}, Network: None, Subnet: None, Router: None
2024-09-04 19:26:59.373 62688 INFO tempest.lib.common.rest_client [req-4d3c7b42-b6d2-414a-b232-41a80b4b413c req-4d3c7b42-b6d2-414a-b232-41a80b4b413c ] Request (ServerActionsTestOtherA:setUpClass): 201 POST http://10.180.1.21/identity/v3/auth/tokens 0.052s
2024-09-04 19:26:59.528 62699 INFO tempest.lib.common.rest_client [req-70306937-ba85-4d03-bedd-6c3e5df21cb3 req-70306937-ba85-4d03-bedd-6c3e5df21cb3 ] Request (SecurityGroupsTestJSON:test_list_security_groups_by_server): 202 POST http://10.180.1.21/compute/v2.1/servers 2.154s
2024-09-04 19:26:59.594 62706 INFO tempest.lib.common.rest_client [req-684de810-e6a0-4d2a-86e3-cea9bdbb74de req-684de810-e6a0-4d2a-86e3-cea9bdbb74de ] Request (ServerGroupTestJSON:test_create_server_with_scheduler_hint_group): 200 GET http://10.180.1.21/compute/v2.1/servers/b1101035-a038-4690-a09e-08b4109e06b1 1.807s
2024-09-04 19:26:59.604 62720 INFO tempest.lib.common.rest_client [req-67726428-556b-4760-9f5d-9da12d394e94 req-67726428-556b-4760-9f5d-9da12d394e94 ] Request (ServersTestManualDisk:setUpClass): 200 GET http://10.180.1.21/compute/v2.1/servers/32b94ab2-defa-415d-aa64-8d10677b484f 1.894s
2024-09-04 19:26:59.614 62720 INFO tempest.common.waiters [-] State transition "BUILD/networking" ==> "BUILD/spawning" after 32 second wait
2024-09-04 19:26:59.614 62724 INFO tempest.lib.common.rest_client [req-78d3afe6-bf1f-4429-8080-925cc57840ab req-78d3afe6-bf1f-4429-8080-925cc57840ab ] Request (VolumesGetTestJSON:tearDownClass): 204 DELETE http://10.180.1.21:9696/networking/v2.0/security-groups/4629a44d-c0b8-4e4f-804e-fde00c460930 0.349s
2024-09-04 19:26:59.638 62730 INFO tempest.lib.common.rest_client [req-e3bb4498-3a39-4c8d-9cd2-5c363ee2a9a0 req-e3bb4498-3a39-4c8d-9cd2-5c363ee2a9a0 ] Request (ServersWithSpecificFlavorTestJSON:test_verify_created_server_ephemeral_disk): 200 PUT http://10.180.1.21:9696/networking/v2.0/floatingips/e01c4fc7-df79-4583-8517-11bb884f78fe 1.396s
2024-09-04 19:26:59.643 62702 INFO tempest.lib.common.rest_client [req-b3808ba1-a520-4352-8066-dd58d6077ef7 req-b3808ba1-a520-4352-8066-dd58d6077ef7 ] Request (AggregatesAdminNegativeTestJSON:test_aggregate_remove_nonexistent_host): 404 POST http://10.180.1.21/compute/v2.1/os-aggregates/8/action 1.846s
2024-09-04 19:26:59.679 62690 INFO tempest.lib.common.rest_client [req-4ef0afd9-03da-4908-8e31-fb1ef946e7b8 req-4ef0afd9-03da-4908-8e31-fb1ef946e7b8 ] Request (FlavorsAdminTestJSON:test_is_public_string_variations): 200 GET http://10.180.1.21/compute/v2.1/flavors/detail?is_public=1 1.792s
2024-09-04 19:26:59.702 62680 INFO tempest.lib.common.rest_client [req-907e7318-77d0-4e32-8769-aea0adaf0c2e req-907e7318-77d0-4e32-8769-aea0adaf0c2e ] Request (ImagesOneServerNegativeTestJSON:setUpClass): 200 GET http://10.180.1.21/compute/v2.1/servers/464f1536-e37c-4f55-aae0-f93213b22cf9 1.841s
2024-09-04 19:26:59.756 62724 INFO tempest.lib.common.rest_client [req-dee6d272-37b5-40b0-a0f3-688a49e61a16 req-dee6d272-37b5-40b0-a0f3-688a49e61a16 ] Request (VolumesGetTestJSON:tearDownClass): 204 DELETE http://10.180.1.21/identity/v3/projects/c6b34bfe28914627ac1b724a81a78a58 0.141s
2024-09-04 19:26:59.844 62682 INFO tempest.lib.common.rest_client [req-8340fec7-9c65-4edb-af37-53ba3101f8ff req-8340fec7-9c65-4edb-af37-53ba3101f8ff ] Request (ServerShowV257Test:test_rebuild_server): 200 GET http://10.180.1.21/compute/v2.1/servers/a95a96c4-23ae-40fa-996f-07afe59462fb 1.814s
2024-09-04 19:26:59.975 62714 INFO tempest.lib.common.rest_client [req-bb290fba-49b9-4358-96da-140475d7755a req-bb290fba-49b9-4358-96da-140475d7755a ] Request (ServersTestBootFromVolume:setUpClass): 200 GET http://10.180.1.21/compute/v2.1/servers/d06ff232-9bce-48bc-bb55-80dafc48b560 2.077s
2024-09-04 19:26:59.981 62714 INFO tempest.common.waiters [-] State transition "BUILD/block_device_mapping" ==> "BUILD/spawning" after 33 second wait
2024-09-04 19:27:00.003 62688 INFO tempest.lib.common.rest_client [req-a40b8f23-4663-4c62-9ac8-8e96834aeee0 req-a40b8f23-4663-4c62-9ac8-8e96834aeee0 ] Request (ServerActionsTestOtherA:setUpClass): 201 POST http://10.180.1.21:9696/networking/v2.0/networks 0.629s
2024-09-04 19:27:00.081 62676 INFO tempest.lib.common.rest_client [req-9f179c2e-86df-483f-b783-579341b4274f req-9f179c2e-86df-483f-b783-579341b4274f ] Request (SecurityGroupRulesTestJSON:test_security_group_rules_create_with_optional_cidr): 200 POST http://10.180.1.21/compute/v2.1/os-security-groups 1.940s
2024-09-04 19:27:00.135 62736 INFO tempest.lib.common.rest_client [req-170b1f57-cdac-4264-95ba-f9f439ded43b req-170b1f57-cdac-4264-95ba-f9f439ded43b ] Request (MigrationsAdminTest:test_list_migrations_in_flavor_resize_situation): 200 GET http://10.180.1.21/compute/v2.1/servers/37b04929-abb5-480d-8c50-07ce99226b06 1.952s
2024-09-04 19:27:00.163 62727 INFO tempest.lib.common.rest_client [req-249ffb91-5230-4fe5-b530-4f8948cbbb96 req-249ffb91-5230-4fe5-b530-4f8948cbbb96 ] Request (FloatingIPsAssociationTestJSON:setUpClass): 200 GET http://10.180.1.21/compute/v2.1/servers/5dc2cfa6-1f70-49b0-9be4-3189556561b8 1.907s
2024-09-04 19:27:00.189 62732 INFO tempest.lib.common.rest_client [req-7ecedde5-9d51-40c1-ae20-5f775df6ea03 req-7ecedde5-9d51-40c1-ae20-5f775df6ea03 ] Request (ListImageFiltersTestJSON:setUpClass): 200 GET http://10.180.1.21/compute/v2.1/images/bbd374ce-befb-4881-823d-20a80ca1dbd8 1.843s
2024-09-04 19:27:00.214 62718 INFO tempest.lib.common.rest_client [req-12821d90-afdd-45c8-80f3-61853d5e311b req-12821d90-afdd-45c8-80f3-61853d5e311b ] Request (DeleteServersTestJSON:test_delete_active_server): 200 GET http://10.180.1.21/compute/v2.1/servers/286f4f94-bab8-4307-a172-d8dee9888376 1.771s
2024-09-04 19:27:00.307 62688 INFO tempest.lib.common.rest_client [req-897fb7fd-e681-4669-9f01-d0070829a29e req-897fb7fd-e681-4669-9f01-d0070829a29e ] Request (ServerActionsTestOtherA:setUpClass): 201 POST http://10.180.1.21:9696/networking/v2.0/subnets 0.303s
2024-09-04 19:27:00.501 62716 INFO tempest.lib.common.rest_client [req-27a5e8e2-72e9-474f-86d4-2e3e87d510f3 req-27a5e8e2-72e9-474f-86d4-2e3e87d510f3 ] Request (ServersNegativeTestMultiTenantJSON:setUpClass): 200 PUT http://10.180.1.21:9696/networking/v2.0/routers/18f80916-6bfe-4333-9824-b09a9837a731/add_router_interface 1.182s
2024-09-04 19:27:00.501 62716 INFO tempest.lib.common.dynamic_creds [-] Created isolated network resources for: credentials: Credentials: {'domain_id': 'default', 'domain_name': 'Default', 'username': 'tempest-ServersNegativeTestMultiTenantJSON-2065445494-project-member', 'project_domain_id': 'default', 'project_domain_name': 'Default', 'project_id': '1016db8ae2c344709c7d9159379b343e', 'project_name': 'tempest-ServersNegativeTestMultiTenantJSON-2065445494', 'tenant_id': '1016db8ae2c344709c7d9159379b343e', 'tenant_name': 'tempest-ServersNegativeTestMultiTenantJSON-2065445494', 'user_domain_id': 'default', 'user_domain_name': 'Default', 'user_id': '98a81842a7fb4a25a49e5aa4665e9ca5', 'system': None}, Network: {'id': 'fd0e97fd-d437-4107-8f8d-f4e654499b42', 'name': 'tempest-ServersNegativeTestMultiTenantJSON-1947548231-network', 'tenant_id': '1016db8ae2c344709c7d9159379b343e', 'admin_state_up': True, 'mtu': 8950, 'status': 'ACTIVE', 'subnets': [], 'shared': False, 'project_id': '1016db8ae2c344709c7d9159379b343e', 'port_security_enabled': True, 'router:external': False, 'provider:network_type': 'vlan', 'provider:physical_network': 'default', 'provider:segmentation_id': 699, 'is_default': False, 'availability_zone_hints': [], 'availability_zones': [], 'ipv4_address_scope': None, 'ipv6_address_scope': None, 'description': '', 'tags': [], 'created_at': '2024-09-04T19:26:56Z', 'updated_at': '2024-09-04T19:26:56Z', 'revision_number': 1}, Subnet: {'id': '86073b0c-2696-4d70-bc0c-39fbc102a64e', 'name': 'tempest-ServersNegativeTestMultiTenantJSON-1947548231-subnet', 'tenant_id': '1016db8ae2c344709c7d9159379b343e', 'network_id': 'fd0e97fd-d437-4107-8f8d-f4e654499b42', 'ip_version': 4, 'subnetpool_id': None, 'enable_dhcp': True, 'ipv6_ra_mode': None, 'ipv6_address_mode': None, 'gateway_ip': '192.168.128.1', 'cidr': '192.168.128.0/28', 'allocation_pools': [{'start': '192.168.128.2', 'end': '192.168.128.14'}], 'host_routes': [], 'dns_nameservers': [], 'description': '', 'router:external': False, 'service_types': [], 'tags': [], 'created_at': '2024-09-04T19:26:56Z', 'updated_at': '2024-09-04T19:26:56Z', 'revision_number': 0, 'project_id': '1016db8ae2c344709c7d9159379b343e'}, Router: {'id': '18f80916-6bfe-4333-9824-b09a9837a731', 'name': 'tempest-ServersNegativeTestMultiTenantJSON-1947548231-router', 'tenant_id': '1016db8ae2c344709c7d9159379b343e', 'admin_state_up': True, 'status': 'ACTIVE', 'external_gateway_info': {'network_id': '2bce8e3d-f7b5-4f57-9073-c7d05555c950', 'external_fixed_ips': [{'subnet_id': 'e913b45c-b34a-49cb-bab9-02315daf1026', 'ip_address': '10.180.180.164'}], 'enable_snat': True}, 'description': '', 'availability_zones': [], 'distributed': False, 'ha': False, 'availability_zone_hints': [], 'routes': [], 'flavor_id': None, 'tags': [], 'created_at': '2024-09-04T19:26:57Z', 'updated_at': '2024-09-04T19:26:58Z', 'revision_number': 2, 'project_id': '1016db8ae2c344709c7d9159379b343e'}
2024-09-04 19:27:00.512 62694 INFO tempest.lib.common.rest_client [req-7d156398-8e9e-4f87-8f30-4c8b5fd8e07d req-7d156398-8e9e-4f87-8f30-4c8b5fd8e07d ] Request (AttachInterfacesUnderV243Test:test_add_remove_fixed_ip): 200 GET http://10.180.1.21/compute/v2.1/servers/f8d7ed54-118c-4bba-a0ff-0864b648f7a4 1.897s
2024-09-04 19:27:00.528 62694 INFO tempest.common.waiters [-] State transition "BUILD/spawning" ==> "ACTIVE/None" after 36 second wait
2024-09-04 19:27:00.584 62734 INFO tempest.lib.common.rest_client [req-da2e4c09-c409-4e54-b672-87804cae9691 req-da2e4c09-c409-4e54-b672-87804cae9691 ] Request (ServerActionsTestJSON:setUpClass): 200 GET http://10.180.1.21/compute/v2.1/servers/d174fe97-1d79-4c61-b285-dd860097505e 1.889s
2024-09-04 19:27:00.585 62716 INFO tempest.lib.common.rest_client [req-15831214-14f3-4ca8-8855-506f1a093fb3 req-15831214-14f3-4ca8-8855-506f1a093fb3 ] Request (ServersNegativeTestMultiTenantJSON:setUpClass): 201 POST http://10.180.1.21/identity/v3/auth/tokens 0.080s
2024-09-04 19:27:00.647 62728 INFO tempest.lib.common.rest_client [req-50b0fab7-78d7-478d-aae8-ba8cadf14151 req-50b0fab7-78d7-478d-aae8-ba8cadf14151 ] Request (ServersAdminNegativeTestJSON:test_migrate_server_invalid_state): 200 GET http://10.180.1.21/compute/v2.1/servers/ce72c9cc-57db-4d86-bfc8-ad2caede5654 1.873s
2024-09-04 19:27:00.656 62716 INFO tempest.lib.common.rest_client [req-0e457204-b57d-4561-b162-b1ef85f60059 req-0e457204-b57d-4561-b162-b1ef85f60059 ] Request (ServersNegativeTestMultiTenantJSON:setUpClass): 201 POST http://10.180.1.21/identity/v3/auth/tokens 0.067s
2024-09-04 19:27:00.657 62716 INFO tempest.lib.common.fixed_network [-] (ServersNegativeTestMultiTenantJSON:setUpClass) Found network {'id': 'dc12d4d4-dd12-4f53-b642-7a18e7619135', 'name': 'tempest-ServersNegativeTestMultiTenantJSON-1652525015-network', 'tenant_id': '4e6e7696b8fe4140990cfb0ccbbdfaad', 'admin_state_up': True, 'mtu': 8950, 'status': 'ACTIVE', 'subnets': [], 'shared': False, 'project_id': '4e6e7696b8fe4140990cfb0ccbbdfaad', 'port_security_enabled': True, 'router:external': False, 'provider:network_type': 'vlan', 'provider:physical_network': 'default', 'provider:segmentation_id': 574, 'is_default': False, 'availability_zone_hints': [], 'availability_zones': [], 'ipv4_address_scope': None, 'ipv6_address_scope': None, 'description': '', 'tags': [], 'created_at': '2024-09-04T19:26:53Z', 'updated_at': '2024-09-04T19:26:53Z', 'revision_number': 1} available for tenant
2024-09-04 19:27:00.798 62684 INFO tempest.lib.common.rest_client [req-00e2c119-ae01-41dc-b05d-c141ce271137 req-00e2c119-ae01-41dc-b05d-c141ce271137 ] Request (ListServerFiltersTestJSON:setUpClass): 202 POST http://10.180.1.21/compute/v2.1/servers 2.172s
2024-09-04 19:27:00.895 62722 INFO tempest.lib.common.rest_client [req-f7851aa8-6670-4660-a452-e208848c74f9 req-f7851aa8-6670-4660-a452-e208848c74f9 ] Request (TenantUsagesTestJSON:setUpClass): 200 GET http://10.180.1.21/compute/v2.1/servers/c089d88c-f188-446f-af69-bfd8744f26e8 1.916s
2024-09-04 19:27:00.919 62710 INFO tempest.lib.common.rest_client [req-9aaa2997-4714-4541-b65a-645b5f67050c req-9aaa2997-4714-4541-b65a-645b5f67050c ] Request (ServerDiskConfigTestJSON:test_rebuild_server_with_auto_disk_config): 200 GET http://10.180.1.21/compute/v2.1/servers/d1fe6305-e472-42f4-a78c-76508daf3d37 2.047s
2024-09-04 19:27:00.928 62710 INFO tempest.common.waiters [-] State transition "REBUILD/rebuild_spawning" ==> "ACTIVE/None" after 9 second wait
2024-09-04 19:27:00.984 62678 INFO tempest.lib.common.rest_client [req-946020e1-9778-4e2c-9dbd-935d9228deb2 req-946020e1-9778-4e2c-9dbd-935d9228deb2 ] Request (ServersAdminTestJSON:setUpClass): 200 GET http://10.180.1.21/compute/v2.1/servers/48fee428-9105-4058-8de7-183e389c6e77 1.931s
2024-09-04 19:27:01.018 62686 INFO tempest.lib.common.rest_client [req-9593c344-7b89-442d-ad86-cd8ff2116974 req-9593c344-7b89-442d-ad86-cd8ff2116974 ] Request (ServerAddressesTestJSON:tearDownClass): 200 GET http://10.180.1.21/compute/v2.1/servers/fd4d5f14-1333-428e-82c2-77c6dfadeb40 1.664s
2024-09-04 19:27:01.053 62708 INFO tempest.lib.common.rest_client [req-93e29be9-05bd-4d98-8fa2-a0d13e21c7c9 req-93e29be9-05bd-4d98-8fa2-a0d13e21c7c9 ] Request (VolumesAdminNegativeTest:test_update_attached_volume_with_nonexistent_volume_in_body): 200 GET http://10.180.1.21/compute/v2.1/servers/4b5345ac-85a8-4fbd-884a-025bde54082f 1.552s
2024-09-04 19:27:01.120 62699 INFO tempest.lib.common.rest_client [req-7c2cc8ea-4fb0-44bc-998a-a8d6f92d7cdf req-7c2cc8ea-4fb0-44bc-998a-a8d6f92d7cdf ] Request (SecurityGroupsTestJSON:test_list_security_groups_by_server): 200 GET http://10.180.1.21/compute/v2.1/servers/b50406ea-7264-4587-aa27-8bf4b867302e 1.589s
2024-09-04 19:27:01.144 62702 INFO tempest.lib.common.rest_client [req-c7a93743-52b0-4987-b26b-7359af9cb5ae req-c7a93743-52b0-4987-b26b-7359af9cb5ae ] Request (AggregatesAdminNegativeTestJSON:_run_cleanups): 200 DELETE http://10.180.1.21/compute/v2.1/os-aggregates/8 1.500s
2024-09-04 19:27:01.163 62690 INFO tempest.lib.common.rest_client [req-8affd0ad-db58-4313-9b89-024cb12f4fbc req-8affd0ad-db58-4313-9b89-024cb12f4fbc ] Request (FlavorsAdminTestJSON:_run_cleanups): 202 DELETE http://10.180.1.21/compute/v2.1/flavors/214886368 1.477s
2024-09-04 19:27:01.262 62730 INFO tempest.lib.common.rest_client [req-cbc10da9-ced8-4ca3-a326-dbde4735dad5 req-cbc10da9-ced8-4ca3-a326-dbde4735dad5 ] Request (ServersWithSpecificFlavorTestJSON:test_verify_created_server_ephemeral_disk): 200 GET http://10.180.1.21/compute/v2.1/servers/8b6c6ad7-cb82-4014-afc2-4689cdee033a 1.621s
2024-09-04 19:27:01.268 62692 INFO tempest.lib.common.rest_client [req-4718f380-32ad-4baf-9bc4-1505a469442b req-4718f380-32ad-4baf-9bc4-1505a469442b ] Request (ServerDiagnosticsV248Test:tearDownClass): 200 GET http://10.180.1.21/compute/v2.1/servers/f5375f29-9da6-41a8-8ae6-060f44cb0a64 1.496s
2024-09-04 19:27:01.277 62730 INFO tempest.lib.common.ssh [-] Creating ssh connection to '10.180.180.214:22' as 'cirros' with public key authentication
2024-09-04 19:27:01.310 62702 INFO tempest.lib.common.rest_client [req-786ce605-6983-4a32-b539-19d831495488 req-786ce605-6983-4a32-b539-19d831495488 ] Request (AggregatesAdminNegativeTestJSON:tearDownClass): 204 DELETE http://10.180.1.21/identity/v3/users/42f9413215f64910815dab5c06347d56 0.164s
2024-09-04 19:27:01.352 62700 INFO tempest.lib.common.rest_client [req-bf5fa741-f886-4dbb-bd59-a60bc6832674 req-bf5fa741-f886-4dbb-bd59-a60bc6832674 ] Request (ImagesTestJSON:test_create_image_from_stopped_server): 200 GET http://10.180.1.21/compute/v2.1/servers/5a569514-e724-49ff-ba8c-01ebae59a423 1.501s
2024-09-04 19:27:01.425 62702 INFO tempest.lib.common.rest_client [req-b02c9ddb-a7bb-46b1-b10b-9bf0e772a370 req-b02c9ddb-a7bb-46b1-b10b-9bf0e772a370 ] Request (AggregatesAdminNegativeTestJSON:tearDownClass): 204 DELETE http://10.180.1.21/identity/v3/users/ed4cf1cd302243a0aadb2e1a39b98e09 0.115s
2024-09-04 19:27:01.425 62702 INFO tempest.lib.common.dynamic_creds [-] Deleting project and security group for project: a02d7ccb6dd24e5e856ae00d598ff180
2024-09-04 19:27:01.492 62702 INFO tempest.lib.common.rest_client [req-c39c5a69-2ccf-4bf0-9166-422bd62902f5 req-c39c5a69-2ccf-4bf0-9166-422bd62902f5 ] Request (AggregatesAdminNegativeTestJSON:tearDownClass): 201 POST http://10.180.1.21/identity/v3/auth/tokens 0.067s
2024-09-04 19:27:01.570 62704 INFO tempest.lib.common.rest_client [req-4361db5b-275f-4a6b-81a2-9ebb24022522 req-4361db5b-275f-4a6b-81a2-9ebb24022522 ] Request (AttachInterfacesV270Test:test_create_get_list_interfaces): 200 GET http://10.180.1.21/compute/v2.1/servers/abd482ff-fc07-4410-9178-375b6a2c0197 1.649s
2024-09-04 19:27:01.583 62704 INFO tempest.common.waiters [-] State transition "BUILD/spawning" ==> "ACTIVE/None" after 35 second wait
2024-09-04 19:27:01.710 62702 INFO tempest.lib.common.rest_client [req-e14671e8-b706-4924-b15d-10d2ec774a62 req-e14671e8-b706-4924-b15d-10d2ec774a62 ] Request (AggregatesAdminNegativeTestJSON:tearDownClass): 200 GET http://10.180.1.21:9696/networking/v2.0/security-groups?tenant_id=a02d7ccb6dd24e5e856ae00d598ff180&name=default 0.217s
2024-09-04 19:27:01.742 62676 INFO tempest.lib.common.rest_client [req-a29c5417-ff4a-4ce9-bde2-163ee5d63233 req-a29c5417-ff4a-4ce9-bde2-163ee5d63233 ] Request (SecurityGroupRulesTestJSON:test_security_group_rules_create_with_optional_cidr): 200 POST http://10.180.1.21/compute/v2.1/os-security-group-rules 1.658s
2024-09-04 19:27:01.759 62674 INFO tempest.lib.common.rest_client [req-f84970d7-fa02-4b5a-9d61-be77913f9361 req-f84970d7-fa02-4b5a-9d61-be77913f9361 ] Request (DeleteServersAdminTestJSON:test_delete_server_while_in_error_state): 200 GET http://10.180.1.21/compute/v2.1/servers/57a01a6a-e2f6-4bab-b79e-1c7007fb7c98 1.519s
2024-09-04 19:27:01.832 62706 INFO tempest.lib.common.rest_client [req-da72c0e1-7686-4140-816f-10f413c68bbc req-da72c0e1-7686-4140-816f-10f413c68bbc ] Request (ServerGroupTestJSON:test_create_server_with_scheduler_hint_group): 200 GET http://10.180.1.21/compute/v2.1/servers/b1101035-a038-4690-a09e-08b4109e06b1 1.223s
2024-09-04 19:27:01.844 62694 INFO tempest.lib.common.rest_client [req-e51b88ad-5ba1-48a8-8d68-c57b5247628d req-e51b88ad-5ba1-48a8-8d68-c57b5247628d ] Request (AttachInterfacesUnderV243Test:test_add_remove_fixed_ip): 200 GET http://10.180.1.21/compute/v2.1/servers/f8d7ed54-118c-4bba-a0ff-0864b648f7a4/os-interface 1.315s
2024-09-04 19:27:01.845 62702 INFO tempest.lib.common.rest_client [req-dcc484c7-b13e-49b2-b95e-541c187cc5ec req-dcc484c7-b13e-49b2-b95e-541c187cc5ec ] Request (AggregatesAdminNegativeTestJSON:tearDownClass): 204 DELETE http://10.180.1.21:9696/networking/v2.0/security-groups/57fc5859-7c50-482e-8b1e-6a425095b787 0.134s
2024-09-04 19:27:01.853 62706 INFO tempest.common.waiters [-] State transition "BUILD/scheduling" ==> "BUILD/None" after 17 second wait
2024-09-04 19:27:01.880 62688 INFO tempest.lib.common.rest_client [req-8eb91f89-6d5a-43af-9434-7ba751a4b092 req-8eb91f89-6d5a-43af-9434-7ba751a4b092 ] Request (ServerActionsTestOtherA:setUpClass): 201 POST http://10.180.1.21:9696/networking/v2.0/routers 1.572s
2024-09-04 19:27:01.945 62702 INFO tempest.lib.common.rest_client [req-7c3d2356-ea05-46fb-9c6c-feaa59a6e7af req-7c3d2356-ea05-46fb-9c6c-feaa59a6e7af ] Request (AggregatesAdminNegativeTestJSON:tearDownClass): 204 DELETE http://10.180.1.21/identity/v3/projects/a02d7ccb6dd24e5e856ae00d598ff180 0.099s
2024-09-04 19:27:01.945 62702 INFO tempest.lib.common.dynamic_creds [-] Deleting project and security group for project: 66a51309817b4e1db29c3f4206049c6d
2024-09-04 19:27:01.998 62696 WARNING tempest.lib.common.ssh [-] Failed to establish authenticated ssh connection to cirros@10.180.180.159 ([Errno None] Unable to connect to port 22 on 10.180.180.159). Number attempts: 2. Retry after 3 seconds.: paramiko.ssh_exception.NoValidConnectionsError: [Errno None] Unable to connect to port 22 on 10.180.180.159
2024-09-04 19:27:02.037 62720 INFO tempest.lib.common.rest_client [req-d141af2c-2065-48a0-bea8-a8007ba46c81 req-d141af2c-2065-48a0-bea8-a8007ba46c81 ] Request (ServersTestManualDisk:setUpClass): 200 GET http://10.180.1.21/compute/v2.1/servers/32b94ab2-defa-415d-aa64-8d10677b484f 1.422s
2024-09-04 19:27:02.114 62680 INFO tempest.lib.common.rest_client [req-e94ab09d-139e-4a47-80e7-b592783e33ed req-e94ab09d-139e-4a47-80e7-b592783e33ed ] Request (ImagesOneServerNegativeTestJSON:setUpClass): 200 GET http://10.180.1.21/compute/v2.1/servers/464f1536-e37c-4f55-aae0-f93213b22cf9 1.396s
2024-09-04 19:27:02.155 62702 INFO tempest.lib.common.rest_client [req-842bbec8-3034-45de-9c4e-f1d8e528cf46 req-842bbec8-3034-45de-9c4e-f1d8e528cf46 ] Request (AggregatesAdminNegativeTestJSON:tearDownClass): 200 GET http://10.180.1.21:9696/networking/v2.0/security-groups?tenant_id=66a51309817b4e1db29c3f4206049c6d&name=default 0.210s
2024-09-04 19:27:02.181 62684 INFO tempest.lib.common.rest_client [req-0f70a940-a708-4210-b169-8d83246effd2 req-0f70a940-a708-4210-b169-8d83246effd2 ] Request (ListServerFiltersTestJSON:setUpClass): 200 GET http://10.180.1.21/compute/v2.1/servers/eab490a3-7613-4ab2-8fd5-e4f4445c29eb 1.381s
2024-09-04 19:27:02.239 62682 INFO tempest.lib.common.rest_client [req-a8dfa702-f8ae-45d1-a9ee-d64e75aa247d req-a8dfa702-f8ae-45d1-a9ee-d64e75aa247d ] Request (ServerShowV257Test:test_rebuild_server): 200 GET http://10.180.1.21/compute/v2.1/servers/a95a96c4-23ae-40fa-996f-07afe59462fb 1.381s
2024-09-04 19:27:02.344 62702 INFO tempest.lib.common.rest_client [req-fe89eaa7-5495-42c2-83e3-c7ac263d3c1c req-fe89eaa7-5495-42c2-83e3-c7ac263d3c1c ] Request (AggregatesAdminNegativeTestJSON:tearDownClass): 204 DELETE http://10.180.1.21:9696/networking/v2.0/security-groups/1709b70f-7b36-4e72-a9f8-a158192a61af 0.189s
2024-09-04 19:27:02.464 62702 INFO tempest.lib.common.rest_client [req-4e505a98-3b73-483b-a277-6b51843cd17d req-4e505a98-3b73-483b-a277-6b51843cd17d ] Request (AggregatesAdminNegativeTestJSON:tearDownClass): 204 DELETE http://10.180.1.21/identity/v3/projects/66a51309817b4e1db29c3f4206049c6d 0.119s
2024-09-04 19:27:02.505 62694 INFO tempest.lib.common.rest_client [req-b4cd3f29-a372-49ed-9e9e-1fabe88974e4 req-b4cd3f29-a372-49ed-9e9e-1fabe88974e4 ] Request (AttachInterfacesUnderV243Test:test_add_remove_fixed_ip): 200 PUT http://10.180.1.21:9696/networking/v2.0/floatingips/aa6da8d7-37fe-49f7-817b-1110dfafd6be 0.652s
2024-09-04 19:27:02.530 62702 INFO tempest.lib.common.rest_client [req-74bf9893-78b5-49ab-99de-f0d2fd9ad54c req-74bf9893-78b5-49ab-99de-f0d2fd9ad54c ] Request (FloatingIPsTestJSON:setUpClass): 201 POST http://10.180.1.21/identity/v3/auth/tokens 0.064s
2024-09-04 19:27:02.565 62702 INFO tempest.lib.common.rest_client [req-5801cb07-2964-4092-9ad4-255d2c1cfafe req-5801cb07-2964-4092-9ad4-255d2c1cfafe ] Request (FloatingIPsTestJSON:setUpClass): 201 POST http://10.180.1.21/identity/v3/auth/tokens 0.032s
2024-09-04 19:27:02.589 62702 INFO tempest.lib.common.rest_client [req-e4e65ed6-66d0-4685-8810-a126c1c24158 req-e4e65ed6-66d0-4685-8810-a126c1c24158 ] Request (FloatingIPsTestJSON:setUpClass): 200 GET http://10.180.1.21/identity/v3/domains?name=Default 0.023s
2024-09-04 19:27:02.610 62710 INFO tempest.lib.common.rest_client [req-a625d98f-c1de-4b78-96a1-15f62b126304 req-a625d98f-c1de-4b78-96a1-15f62b126304 ] Request (ServerDiskConfigTestJSON:test_rebuild_server_with_auto_disk_config): 200 GET http://10.180.1.21/compute/v2.1/servers/d1fe6305-e472-42f4-a78c-76508daf3d37 1.681s
2024-09-04 19:27:02.628 62702 INFO tempest.lib.common.rest_client [req-d0c3b55d-a565-42be-8f19-113c30fbdff1 req-d0c3b55d-a565-42be-8f19-113c30fbdff1 ] Request (FloatingIPsTestJSON:setUpClass): 201 POST http://10.180.1.21/identity/v3/projects 0.038s
2024-09-04 19:27:02.690 62702 INFO tempest.lib.common.rest_client [req-4e0dcdba-5eb7-4c64-841d-df8b5c48ac22 req-4e0dcdba-5eb7-4c64-841d-df8b5c48ac22 ] Request (FloatingIPsTestJSON:setUpClass): 201 POST http://10.180.1.21/identity/v3/users 0.061s
2024-09-04 19:27:02.708 62702 INFO tempest.lib.common.rest_client [req-8b8d0853-a3dd-4fea-8807-ffd8837c8861 req-8b8d0853-a3dd-4fea-8807-ffd8837c8861 ] Request (FloatingIPsTestJSON:setUpClass): 200 GET http://10.180.1.21/identity/v3/roles 0.018s
2024-09-04 19:27:02.743 62702 INFO tempest.lib.common.rest_client [req-c0a96cc9-967d-4832-a298-bf65e213209f req-c0a96cc9-967d-4832-a298-bf65e213209f ] Request (FloatingIPsTestJSON:setUpClass): 204 PUT http://10.180.1.21/identity/v3/projects/c57bf355978f47eb894a0a27afa127a6/users/52d82cf0b2c64a49a7c819769006d034/roles/6670f7105d2b47c49eb73258ad2290dc 0.035s
2024-09-04 19:27:02.743 62702 INFO tempest.lib.common.dynamic_creds [-] Dynamic test user 52d82cf0b2c64a49a7c819769006d034 is created with scope project and roles: ['member']
2024-09-04 19:27:02.744 62702 INFO tempest.lib.common.dynamic_creds [-] Acquired dynamic creds: credentials: Credentials: {'domain_id': 'default', 'domain_name': 'Default', 'username': 'tempest-FloatingIPsTestJSON-1021196556-project-member', 'project_domain_id': 'default', 'project_domain_name': 'Default', 'project_id': 'c57bf355978f47eb894a0a27afa127a6', 'project_name': 'tempest-FloatingIPsTestJSON-1021196556', 'tenant_id': 'c57bf355978f47eb894a0a27afa127a6', 'tenant_name': 'tempest-FloatingIPsTestJSON-1021196556', 'user_domain_id': 'default', 'user_domain_name': 'Default', 'user_id': '52d82cf0b2c64a49a7c819769006d034', 'system': None}, Network: None, Subnet: None, Router: None
2024-09-04 19:27:02.795 62716 INFO tempest.lib.common.rest_client [req-7aae080e-3ce7-482e-b1ee-6490788ca52c req-7aae080e-3ce7-482e-b1ee-6490788ca52c ] Request (ServersNegativeTestMultiTenantJSON:setUpClass): 202 POST http://10.180.1.21/compute/v2.1/servers 2.137s
2024-09-04 19:27:02.809 62702 INFO tempest.lib.common.rest_client [req-3fb3f784-cf0b-4acc-a071-4779d8f04953 req-3fb3f784-cf0b-4acc-a071-4779d8f04953 ] Request (FloatingIPsTestJSON:setUpClass): 201 POST http://10.180.1.21/identity/v3/auth/tokens 0.065s
2024-09-04 19:27:02.908 62714 INFO tempest.lib.common.rest_client [req-e9cd94b3-abb3-40f0-855d-c9279712938f req-e9cd94b3-abb3-40f0-855d-c9279712938f ] Request (ServersTestBootFromVolume:setUpClass): 200 GET http://10.180.1.21/compute/v2.1/servers/d06ff232-9bce-48bc-bb55-80dafc48b560 1.926s
2024-09-04 19:27:02.930 62690 INFO tempest.lib.common.rest_client [req-af422f6a-0cb1-4717-ab45-8426df483611 req-af422f6a-0cb1-4717-ab45-8426df483611 ] Request (FlavorsAdminTestJSON:_run_cleanups): 200 GET http://10.180.1.21/compute/v2.1/flavors/detail 1.766s
2024-09-04 19:27:03.012 62727 INFO tempest.lib.common.rest_client [req-f18bc8df-14d4-4fdf-b1fb-43ba0597c08e req-f18bc8df-14d4-4fdf-b1fb-43ba0597c08e ] Request (FloatingIPsAssociationTestJSON:setUpClass): 200 GET http://10.180.1.21/compute/v2.1/servers/5dc2cfa6-1f70-49b0-9be4-3189556561b8 1.841s
2024-09-04 19:27:03.033 62736 INFO tempest.lib.common.rest_client [req-036b6c7d-fd33-410c-b756-cf62a58d77a9 req-036b6c7d-fd33-410c-b756-cf62a58d77a9 ] Request (MigrationsAdminTest:test_list_migrations_in_flavor_resize_situation): 200 GET http://10.180.1.21/compute/v2.1/servers/37b04929-abb5-480d-8c50-07ce99226b06 1.891s
2024-09-04 19:27:03.042 62736 INFO tempest.common.waiters [-] State transition "RESIZE/resize_migrating" ==> "RESIZE/resize_migrated" after 23 second wait
2024-09-04 19:27:03.064 62732 INFO tempest.lib.common.rest_client [req-6d564daa-eb82-4307-8f3e-b2e04178f850 req-6d564daa-eb82-4307-8f3e-b2e04178f850 ] Request (ListImageFiltersTestJSON:setUpClass): 200 GET http://10.180.1.21/compute/v2.1/images/bbd374ce-befb-4881-823d-20a80ca1dbd8 1.870s
2024-09-04 19:27:03.130 62718 INFO tempest.lib.common.rest_client [req-715fe41b-5dac-4ff4-ae15-03f949af0805 req-715fe41b-5dac-4ff4-ae15-03f949af0805 ] Request (DeleteServersTestJSON:test_delete_active_server): 200 GET http://10.180.1.21/compute/v2.1/servers/286f4f94-bab8-4307-a172-d8dee9888376 1.907s
2024-09-04 19:27:03.209 62734 INFO tempest.lib.common.rest_client [req-5b593444-1629-4c41-9684-70b05cc2e7b9 req-5b593444-1629-4c41-9684-70b05cc2e7b9 ] Request (ServerActionsTestJSON:setUpClass): 200 GET http://10.180.1.21/compute/v2.1/servers/d174fe97-1d79-4c61-b285-dd860097505e 1.613s
2024-09-04 19:27:03.227 62702 INFO tempest.lib.common.rest_client [req-6753919e-1769-4a1b-9cae-6334099df733 req-6753919e-1769-4a1b-9cae-6334099df733 ] Request (FloatingIPsTestJSON:setUpClass): 201 POST http://10.180.1.21:9696/networking/v2.0/networks 0.417s
2024-09-04 19:27:03.274 62728 INFO tempest.lib.common.rest_client [req-461d1645-b757-4744-b98f-6655a117b1c1 req-461d1645-b757-4744-b98f-6655a117b1c1 ] Request (ServersAdminNegativeTestJSON:test_migrate_server_invalid_state): 200 GET http://10.180.1.21/compute/v2.1/servers/ce72c9cc-57db-4d86-bfc8-ad2caede5654 1.618s
2024-09-04 19:27:03.663 62676 INFO tempest.lib.common.rest_client [req-0fd2aca2-7040-4f83-a31d-7cd1114ea464 req-0fd2aca2-7040-4f83-a31d-7cd1114ea464 ] Request (SecurityGroupRulesTestJSON:test_security_group_rules_create_with_optional_group_id): 200 POST http://10.180.1.21/compute/v2.1/os-security-groups 1.917s
2024-09-04 19:27:03.747 62722 INFO tempest.lib.common.rest_client [req-f067420e-adf5-4376-aeb2-aeb95ad9f70a req-f067420e-adf5-4376-aeb2-aeb95ad9f70a ] Request (TenantUsagesTestJSON:setUpClass): 200 GET http://10.180.1.21/compute/v2.1/servers/c089d88c-f188-446f-af69-bfd8744f26e8 1.841s
2024-09-04 19:27:03.825 62702 INFO tempest.lib.common.rest_client [req-6af87f92-6676-4ab7-b32e-676fc437f47e req-6af87f92-6676-4ab7-b32e-676fc437f47e ] Request (FloatingIPsTestJSON:setUpClass): 201 POST http://10.180.1.21:9696/networking/v2.0/subnets 0.596s
2024-09-04 19:27:03.840 62678 INFO tempest.lib.common.rest_client [req-88667ee5-d8dd-45fa-a15a-3a8924c7e563 req-88667ee5-d8dd-45fa-a15a-3a8924c7e563 ] Request (ServersAdminTestJSON:setUpClass): 200 GET http://10.180.1.21/compute/v2.1/servers/48fee428-9105-4058-8de7-183e389c6e77 1.846s
2024-09-04 19:27:03.903 62688 INFO tempest.lib.common.rest_client [req-9e99d042-f3b7-40bc-98d2-2e2076c5e4d0 req-9e99d042-f3b7-40bc-98d2-2e2076c5e4d0 ] Request (ServerActionsTestOtherA:setUpClass): 200 PUT http://10.180.1.21:9696/networking/v2.0/routers/b04d8af5-1b87-4c85-9d55-3aa8e6e90907/add_router_interface 2.022s
2024-09-04 19:27:03.903 62688 INFO tempest.lib.common.dynamic_creds [-] Created isolated network resources for: credentials: Credentials: {'domain_id': 'default', 'domain_name': 'Default', 'username': 'tempest-ServerActionsTestOtherA-1115648991-project-member', 'project_domain_id': 'default', 'project_domain_name': 'Default', 'project_id': '5f61cf33662c48039eec4d3d2fdf4b0a', 'project_name': 'tempest-ServerActionsTestOtherA-1115648991', 'tenant_id': '5f61cf33662c48039eec4d3d2fdf4b0a', 'tenant_name': 'tempest-ServerActionsTestOtherA-1115648991', 'user_domain_id': 'default', 'user_domain_name': 'Default', 'user_id': '63e54a4b2eef442bb4afb3a00dfd0bbf', 'system': None}, Network: {'id': '8e9743ef-2513-467f-a48a-6d3315f6d7e4', 'name': 'tempest-ServerActionsTestOtherA-1967185153-network', 'tenant_id': '5f61cf33662c48039eec4d3d2fdf4b0a', 'admin_state_up': True, 'mtu': 8950, 'status': 'ACTIVE', 'subnets': [], 'shared': False, 'project_id': '5f61cf33662c48039eec4d3d2fdf4b0a', 'port_security_enabled': True, 'router:external': False, 'provider:network_type': 'vlan', 'provider:physical_network': 'default', 'provider:segmentation_id': 689, 'is_default': False, 'availability_zone_hints': [], 'availability_zones': [], 'ipv4_address_scope': None, 'ipv6_address_scope': None, 'description': '', 'tags': [], 'created_at': '2024-09-04T19:26:59Z', 'updated_at': '2024-09-04T19:26:59Z', 'revision_number': 1}, Subnet: {'id': '8f6a147a-5196-40dd-b24e-b07084da37f0', 'name': 'tempest-ServerActionsTestOtherA-1967185153-subnet', 'tenant_id': '5f61cf33662c48039eec4d3d2fdf4b0a', 'network_id': '8e9743ef-2513-467f-a48a-6d3315f6d7e4', 'ip_version': 4, 'subnetpool_id': None, 'enable_dhcp': True, 'ipv6_ra_mode': None, 'ipv6_address_mode': None, 'gateway_ip': '192.168.128.1', 'cidr': '192.168.128.0/28', 'allocation_pools': [{'start': '192.168.128.2', 'end': '192.168.128.14'}], 'host_routes': [], 'dns_nameservers': [], 'description': '', 'router:external': False, 'service_types': [], 'tags': [], 'created_at': '2024-09-04T19:27:00Z', 'updated_at': '2024-09-04T19:27:00Z', 'revision_number': 0, 'project_id': '5f61cf33662c48039eec4d3d2fdf4b0a'}, Router: {'id': 'b04d8af5-1b87-4c85-9d55-3aa8e6e90907', 'name': 'tempest-ServerActionsTestOtherA-1967185153-router', 'tenant_id': '5f61cf33662c48039eec4d3d2fdf4b0a', 'admin_state_up': True, 'status': 'ACTIVE', 'external_gateway_info': {'network_id': '2bce8e3d-f7b5-4f57-9073-c7d05555c950', 'external_fixed_ips': [{'subnet_id': 'e913b45c-b34a-49cb-bab9-02315daf1026', 'ip_address': '10.180.180.153'}], 'enable_snat': True}, 'description': '', 'availability_zones': [], 'distributed': False, 'ha': False, 'availability_zone_hints': [], 'routes': [], 'flavor_id': None, 'tags': [], 'created_at': '2024-09-04T19:27:00Z', 'updated_at': '2024-09-04T19:27:01Z', 'revision_number': 2, 'project_id': '5f61cf33662c48039eec4d3d2fdf4b0a'}
2024-09-04 19:27:03.933 62686 INFO tempest.lib.common.rest_client [req-4b54abfc-ef46-418a-b544-5d4092cd2c15 req-4b54abfc-ef46-418a-b544-5d4092cd2c15 ] Request (ServerAddressesTestJSON:tearDownClass): 200 GET http://10.180.1.21/compute/v2.1/servers/fd4d5f14-1333-428e-82c2-77c6dfadeb40 1.904s
2024-09-04 19:27:03.988 62708 INFO tempest.lib.common.rest_client [req-93fb8e7d-e239-45e9-82e4-2cfabd11e2d8 req-93fb8e7d-e239-45e9-82e4-2cfabd11e2d8 ] Request (VolumesAdminNegativeTest:test_update_attached_volume_with_nonexistent_volume_in_body): 200 GET http://10.180.1.21/compute/v2.1/servers/4b5345ac-85a8-4fbd-884a-025bde54082f 1.914s
2024-09-04 19:27:03.998 62708 INFO tempest.common.waiters [-] State transition "BUILD/scheduling" ==> "BUILD/None" after 14 second wait
2024-09-04 19:27:04.025 62688 INFO tempest.lib.common.rest_client [req-7aabcff8-7f05-4d4b-80bc-7bacf1e4d5d2 req-7aabcff8-7f05-4d4b-80bc-7bacf1e4d5d2 ] Request (ServerActionsTestOtherA:setUpClass): 201 POST http://10.180.1.21/identity/v3/auth/tokens 0.116s
2024-09-04 19:27:04.041 62699 INFO tempest.lib.common.rest_client [req-ae5c556e-8780-4d1f-8209-6cba503415bc req-ae5c556e-8780-4d1f-8209-6cba503415bc ] Request (SecurityGroupsTestJSON:test_list_security_groups_by_server): 200 GET http://10.180.1.21/compute/v2.1/servers/b50406ea-7264-4587-aa27-8bf4b867302e 1.914s
2024-09-04 19:27:04.102 62692 INFO tempest.lib.common.rest_client [req-4b2fda29-fd5a-4b87-807c-e57bea33eb1e req-4b2fda29-fd5a-4b87-807c-e57bea33eb1e ] Request (ServerDiagnosticsV248Test:tearDownClass): 200 GET http://10.180.1.21/compute/v2.1/servers/f5375f29-9da6-41a8-8ae6-060f44cb0a64 1.820s
2024-09-04 19:27:04.169 62700 INFO tempest.lib.common.rest_client [req-924aced8-7c12-4b7e-8fe7-ea6992068fa7 req-924aced8-7c12-4b7e-8fe7-ea6992068fa7 ] Request (ImagesTestJSON:test_create_image_from_stopped_server): 200 GET http://10.180.1.21/compute/v2.1/servers/5a569514-e724-49ff-ba8c-01ebae59a423 1.809s
2024-09-04 19:27:04.368 62694 INFO tempest.lib.common.rest_client [req-81448b86-2f65-42f0-bf85-5b041e43c4c9 req-81448b86-2f65-42f0-bf85-5b041e43c4c9 ] Request (AttachInterfacesUnderV243Test:test_add_remove_fixed_ip): 200 GET http://10.180.1.21/compute/v2.1/servers/f8d7ed54-118c-4bba-a0ff-0864b648f7a4 1.862s
2024-09-04 19:27:04.376 62694 INFO tempest.lib.common.ssh [-] Creating ssh connection to '10.180.180.151:22' as 'cirros' with public key authentication
