2024-09-04 19:27:30.939 62732 INFO tempest.lib.common.rest_client [req-d29d3166-21fe-4f7c-9823-27521d8624fb req-d29d3166-21fe-4f7c-9823-27521d8624fb ] Request (ListImageFiltersTestJSON:setUpClass): 200 GET http://10.180.1.21/compute/v2.1/images/7b89c7a9-c9a9-4d7e-b741-b07ed6ad2b24 0.570s
2024-09-04 19:27:30.967 62722 INFO tempest.lib.common.rest_client [req-9c61d4d3-2558-4db2-a7e7-44667d6cd54a req-9c61d4d3-2558-4db2-a7e7-44667d6cd54a ] Request (TenantUsagesTestJSON:test_get_usage_tenant): 200 GET http://10.180.1.21/compute/v2.1/os-simple-tenant-usage/7a70ae9d9aa646758e06a202ebd1052b?start=2024-09-03T19%3A27%3A30.239288&end=2024-09-05T19%3A27%3A30.239288 0.725s
2024-09-04 19:27:30.994 62727 INFO tempest.lib.common.rest_client [req-3c62af21-8b8b-42eb-9524-03b702678c51 req-3c62af21-8b8b-42eb-9524-03b702678c51 ] Request (FloatingIPsAssociationTestJSON:setUpClass): 200 GET http://10.180.1.21/compute/v2.1/servers/5dc2cfa6-1f70-49b0-9be4-3189556561b8 0.601s
2024-09-04 19:27:31.028 62674 INFO tempest.lib.common.rest_client [req-48f3aad6-66be-4cf4-b085-2df9f0f22b7a req-48f3aad6-66be-4cf4-b085-2df9f0f22b7a ] Request (DeleteServersAdminTestJSON:test_delete_server_while_in_error_state): 200 GET http://10.180.1.21/compute/v2.1/servers/57a01a6a-e2f6-4bab-b79e-1c7007fb7c98 0.584s
2024-09-04 19:27:31.068 62732 INFO tempest.lib.common.rest_client [req-5cd7315e-8295-4292-9198-5166102f0065 req-5cd7315e-8295-4292-9198-5166102f0065 ] Request (ListImageFiltersTestJSON:setUpClass): 200 GET http://10.180.1.21/compute/v2.1/images/7b89c7a9-c9a9-4d7e-b741-b07ed6ad2b24 0.126s
2024-09-04 19:27:31.244 62706 INFO tempest.lib.common.rest_client [req-80d39e65-d748-422c-8348-5a14452d6ddd req-80d39e65-d748-422c-8348-5a14452d6ddd ] Request (ServerGroupTestJSON:test_create_server_with_scheduler_hint_group): 200 GET http://10.180.1.21/compute/v2.1/servers/b1101035-a038-4690-a09e-08b4109e06b1 0.635s
2024-09-04 19:27:31.290 62718 INFO tempest.lib.common.rest_client [req-6ad4ce3e-ae0a-46ce-8f8e-aadefe158881 req-6ad4ce3e-ae0a-46ce-8f8e-aadefe158881 ] Request (DeleteServersTestJSON:test_delete_active_server): 200 GET http://10.180.1.21/compute/v2.1/servers/286f4f94-bab8-4307-a172-d8dee9888376 0.343s
2024-09-04 19:27:31.310 62734 INFO tempest.lib.common.rest_client [req-f58d4659-3645-4057-9003-d3c022fa2d09 req-f58d4659-3645-4057-9003-d3c022fa2d09 ] Request (ServerActionsTestJSON:setUpClass): 200 GET http://10.180.1.21/compute/v2.1/servers/d174fe97-1d79-4c61-b285-dd860097505e 0.360s
2024-09-04 19:27:31.317 62722 INFO tempest.lib.common.rest_client [req-a44913fb-4d22-43bf-a689-fac13b45e9dc req-a44913fb-4d22-43bf-a689-fac13b45e9dc ] Request (TenantUsagesTestJSON:test_get_usage_tenant_with_non_admin_user): 200 GET http://10.180.1.21/compute/v2.1/os-simple-tenant-usage/7a70ae9d9aa646758e06a202ebd1052b?start=2024-09-03T19%3A27%3A30.239288&end=2024-09-05T19%3A27%3A30.239288 0.345s
2024-09-04 19:27:31.324 62734 INFO tempest.common.waiters [-] State transition "BUILD/None" ==> "BUILD/networking" after 37 second wait
2024-09-04 19:27:31.377 62728 INFO tempest.lib.common.rest_client [req-9750a3b9-fcf1-414d-9f46-6063215ccda0 req-9750a3b9-fcf1-414d-9f46-6063215ccda0 ] Request (ServersAdminNegativeTestJSON:test_migrate_server_invalid_state): 200 GET http://10.180.1.21/compute/v2.1/servers/ce72c9cc-57db-4d86-bfc8-ad2caede5654 0.337s
2024-09-04 19:27:31.454 62682 INFO tempest.lib.common.rest_client [req-0bf00281-ca63-4586-9d1e-daa7529f4049 req-0bf00281-ca63-4586-9d1e-daa7529f4049 ] Request (ServerShowV257Test:tearDownClass): 200 GET http://10.180.1.21/compute/v2.1/servers/a95a96c4-23ae-40fa-996f-07afe59462fb 0.320s
2024-09-04 19:27:31.513 62690 INFO tempest.lib.common.rest_client [req-c0df06e5-f659-4b7b-b9e7-1a904bce2116 req-c0df06e5-f659-4b7b-b9e7-1a904bce2116 ] Request (FloatingIPsNegativeTestJSON:tearDownClass): 200 PUT http://10.180.1.21:9696/networking/v2.0/routers/dca5b143-c1f0-4335-8672-ba012f04d19a/remove_router_interface 1.540s
2024-09-04 19:27:31.518 62732 INFO tempest.lib.common.rest_client [req-c620915d-9843-41e6-8318-f23c6c2e363b req-c620915d-9843-41e6-8318-f23c6c2e363b ] Request (ListImageFiltersTestJSON:setUpClass): 200 GET http://10.180.1.21/compute/v2.1/servers/3cb62651-d156-488f-8acd-8b3e1a5157da 0.446s
2024-09-04 19:27:31.525 62699 INFO tempest.lib.common.rest_client [req-af9eff8b-5f68-4282-a388-ba2a2041b8e9 req-af9eff8b-5f68-4282-a388-ba2a2041b8e9 ] Request (SecurityGroupsTestJSON:test_list_security_groups_by_server): 200 GET http://10.180.1.21/compute/v2.1/servers/b50406ea-7264-4587-aa27-8bf4b867302e 0.290s
2024-09-04 19:27:31.531 62699 INFO tempest.common.waiters [-] State transition "BUILD/scheduling" ==> "BUILD/None" after 30 second wait
2024-09-04 19:27:31.575 62722 INFO tempest.lib.common.rest_client [req-61c12369-db9f-4eee-8349-6a0cee525137 req-61c12369-db9f-4eee-8349-6a0cee525137 ] Request (TenantUsagesTestJSON:test_list_usage_all_tenants): 200 GET http://10.180.1.21/compute/v2.1/os-simple-tenant-usage?start=2024-09-03T19%3A27%3A30.239288&end=2024-09-05T19%3A27%3A30.239288&detailed=1 0.252s
2024-09-04 19:27:31.606 62680 INFO tempest.lib.common.rest_client [req-cbdc625b-3989-436c-a527-cb1724ae562a req-cbdc625b-3989-436c-a527-cb1724ae562a ] Request (ServersTestMultiNic:test_verify_duplicate_network_nics): 200 GET http://10.180.1.21/compute/v2.1/servers/17bbc0b3-bd15-42df-8811-5052b97c0986 0.275s
2024-09-04 19:27:31.631 62702 INFO tempest.lib.common.rest_client [req-42bd15b3-54a1-4660-8bdd-ee65ac3f41d2 req-42bd15b3-54a1-4660-8bdd-ee65ac3f41d2 ] Request (ServerRescueTestJSON:setUpClass): 200 GET http://10.180.1.21/compute/v2.1/servers/04ded576-b215-4afe-96b0-c697d579ce38 0.214s
2024-09-04 19:27:31.631 62714 WARNING tempest.lib.common.ssh [-] Failed to establish authenticated ssh connection to cirros@10.180.180.141 ([Errno None] Unable to connect to port 22 on 10.180.180.141). Number attempts: 4. Retry after 5 seconds.: paramiko.ssh_exception.NoValidConnectionsError: [Errno None] Unable to connect to port 22 on 10.180.180.141
2024-09-04 19:27:31.704 62704 INFO tempest.lib.common.rest_client [req-b3d47ad7-0563-4b2b-a110-104cb2a02792 req-b3d47ad7-0563-4b2b-a110-104cb2a02792 ] Request (AttachInterfacesV270Test:tearDownClass): 200 GET http://10.180.1.21/compute/v2.1/servers/abd482ff-fc07-4410-9178-375b6a2c0197 0.189s
2024-09-04 19:27:31.774 62700 INFO tempest.lib.common.rest_client [req-7a2026d1-abef-47f7-9748-49d3a5e896b9 req-7a2026d1-abef-47f7-9748-49d3a5e896b9 ] Request (ImagesTestJSON:test_create_image_from_stopped_server): 200 GET http://10.180.1.21/compute/v2.1/servers/5a569514-e724-49ff-ba8c-01ebae59a423 0.211s
2024-09-04 19:27:31.778 62708 INFO tempest.lib.common.rest_client [req-d016c439-b480-494b-81e2-b074cf332c0d req-d016c439-b480-494b-81e2-b074cf332c0d ] Request (VolumesAdminNegativeTest:test_update_attached_volume_with_nonexistent_volume_in_body): 200 GET http://10.180.1.21/compute/v2.1/servers/4b5345ac-85a8-4fbd-884a-025bde54082f 0.300s
2024-09-04 19:27:31.842 62678 INFO tempest.lib.common.rest_client [req-3f1e6ec6-ba4b-4a17-b371-12e4e0c2d80b req-3f1e6ec6-ba4b-4a17-b371-12e4e0c2d80b ] Request (ServersAdminTestJSON:test_create_server_with_scheduling_hint): 200 GET http://10.180.1.21/compute/v2.1/servers/3bbed079-ffe6-46d7-83ef-293634f51c14 0.215s
2024-09-04 19:27:31.864 62722 INFO tempest.lib.common.rest_client [req-a7a5068a-1f70-4781-aff2-24978d7f6050 req-a7a5068a-1f70-4781-aff2-24978d7f6050 ] Request (TenantUsagesTestJSON:tearDownClass): 204 DELETE http://10.180.1.21/compute/v2.1/servers/c089d88c-f188-446f-af69-bfd8744f26e8 0.281s
2024-09-04 19:27:31.916 62676 INFO tempest.lib.common.rest_client [req-112c45c6-3cd4-4ce7-8ee0-4b57b00061f5 req-112c45c6-3cd4-4ce7-8ee0-4b57b00061f5 ] Request (ServerPasswordTestJSON:setUpClass): 200 GET http://10.180.1.21/compute/v2.1/servers/565c6a64-d366-49a8-9d1b-cbe620d71bd2 0.217s
2024-09-04 19:27:31.992 62716 INFO tempest.lib.common.rest_client [req-2457e222-01fb-4b89-9f42-1e101e786d91 req-2457e222-01fb-4b89-9f42-1e101e786d91 ] Request (ServersNegativeTestMultiTenantJSON:setUpClass): 200 GET http://10.180.1.21/compute/v2.1/servers/b4a8ce1d-74b8-46dd-bd56-d6ee854cb9e3 0.216s
2024-09-04 19:27:32.039 62736 INFO tempest.lib.common.rest_client [req-7ebdc4fa-6c8a-46a7-9f14-d176ce3eeb76 req-7ebdc4fa-6c8a-46a7-9f14-d176ce3eeb76 ] Request (MigrationsAdminTest:test_list_migrations_in_flavor_resize_situation): 200 GET http://10.180.1.21/compute/v2.1/servers/37b04929-abb5-480d-8c50-07ce99226b06 0.326s
2024-09-04 19:27:32.061 62690 INFO tempest.lib.common.rest_client [req-7f435253-8a75-46a8-bde4-81603cbc6c24 req-7f435253-8a75-46a8-bde4-81603cbc6c24 ] Request (FloatingIPsNegativeTestJSON:tearDownClass): 204 DELETE http://10.180.1.21:9696/networking/v2.0/routers/dca5b143-c1f0-4335-8672-ba012f04d19a 0.548s
2024-09-04 19:27:32.067 62688 INFO tempest.lib.common.rest_client [req-1d1d63af-d4f9-47bb-8fd5-8256284a126e req-1d1d63af-d4f9-47bb-8fd5-8256284a126e ] Request (ServerActionsTestOtherA:setUpClass): 200 GET http://10.180.1.21/compute/v2.1/servers/3f563057-69e6-4941-a450-069491b8eef3 0.283s
2024-09-04 19:27:32.094 62710 INFO tempest.lib.common.rest_client [req-925d776c-d9c4-4e96-bc49-17317ff29be7 req-925d776c-d9c4-4e96-bc49-17317ff29be7 ] Request (ServerDiskConfigTestJSON:test_rebuild_server_with_manual_disk_config): 200 GET http://10.180.1.21/compute/v2.1/servers/39666946-c9b3-40fe-beb7-0eeb6fe6b9c7 0.247s
2024-09-04 19:27:32.159 62684 INFO tempest.lib.common.rest_client [req-0a3e7c61-16ff-4b0a-9ad0-3e4f95f8beda req-0a3e7c61-16ff-4b0a-9ad0-3e4f95f8beda ] Request (ListServerFiltersTestJSON:setUpClass): 200 GET http://10.180.1.21/compute/v2.1/servers/eab490a3-7613-4ab2-8fd5-e4f4445c29eb 0.249s
2024-09-04 19:27:32.198 62690 INFO tempest.lib.common.rest_client [req-1f205263-a7ce-4322-8b83-0c417bae5b9b req-1f205263-a7ce-4322-8b83-0c417bae5b9b ] Request (FloatingIPsNegativeTestJSON:tearDownClass): 204 DELETE http://10.180.1.21:9696/networking/v2.0/subnets/4c37173e-8b77-4ac3-8e14-d1f305e3e31f 0.136s
2024-09-04 19:27:32.217 62722 INFO tempest.lib.common.rest_client [req-531b20cb-eeaf-4c4b-a0c4-ad69723ebb90 req-531b20cb-eeaf-4c4b-a0c4-ad69723ebb90 ] Request (TenantUsagesTestJSON:tearDownClass): 200 GET http://10.180.1.21/compute/v2.1/servers/c089d88c-f188-446f-af69-bfd8744f26e8 0.353s
2024-09-04 19:27:32.243 62727 INFO tempest.lib.common.rest_client [req-9e68735b-6baa-47e5-ad16-b2c87158de2b req-9e68735b-6baa-47e5-ad16-b2c87158de2b ] Request (FloatingIPsAssociationTestJSON:setUpClass): 200 GET http://10.180.1.21/compute/v2.1/servers/5dc2cfa6-1f70-49b0-9be4-3189556561b8 0.238s
2024-09-04 19:27:32.295 62674 INFO tempest.lib.common.rest_client [req-f46f8633-d0ab-44f6-9398-4a95b852d3c3 req-f46f8633-d0ab-44f6-9398-4a95b852d3c3 ] Request (DeleteServersAdminTestJSON:test_delete_server_while_in_error_state): 200 GET http://10.180.1.21/compute/v2.1/servers/57a01a6a-e2f6-4bab-b79e-1c7007fb7c98 0.253s
2024-09-04 19:27:32.454 62706 INFO tempest.lib.common.rest_client [req-71a6d501-c664-4ef3-a2d7-6e4eef3fccb0 req-71a6d501-c664-4ef3-a2d7-6e4eef3fccb0 ] Request (ServerGroupTestJSON:test_create_server_with_scheduler_hint_group): 200 GET http://10.180.1.21/compute/v2.1/servers/b1101035-a038-4690-a09e-08b4109e06b1 0.202s
2024-09-04 19:27:32.469 62690 INFO tempest.lib.common.rest_client [req-a68bcb36-1862-436c-8283-913595e61e7d req-a68bcb36-1862-436c-8283-913595e61e7d ] Request (FloatingIPsNegativeTestJSON:tearDownClass): 204 DELETE http://10.180.1.21:9696/networking/v2.0/networks/262b0286-f507-44bc-b666-8349c3f633d0 0.271s
2024-09-04 19:27:32.471 62718 INFO tempest.lib.common.rest_client [req-a1e9d606-a700-4225-96bc-54387077be4c req-a1e9d606-a700-4225-96bc-54387077be4c ] Request (DeleteServersTestJSON:test_delete_active_server): 200 GET http://10.180.1.21/compute/v2.1/servers/286f4f94-bab8-4307-a172-d8dee9888376 0.174s
2024-09-04 19:27:32.524 62728 INFO tempest.lib.common.rest_client [req-1a1887ae-da5e-437f-9dda-10b1de1c23ae req-1a1887ae-da5e-437f-9dda-10b1de1c23ae ] Request (ServersAdminNegativeTestJSON:test_migrate_server_invalid_state): 200 GET http://10.180.1.21/compute/v2.1/servers/ce72c9cc-57db-4d86-bfc8-ad2caede5654 0.135s
2024-09-04 19:27:32.590 62682 INFO tempest.lib.common.rest_client [req-06de3532-8d62-447a-a7da-a1f2733cc154 req-06de3532-8d62-447a-a7da-a1f2733cc154 ] Request (ServerShowV257Test:tearDownClass): 200 GET http://10.180.1.21/compute/v2.1/servers/a95a96c4-23ae-40fa-996f-07afe59462fb 0.126s
2024-09-04 19:27:32.590 62690 INFO tempest.lib.common.rest_client [req-350c3cfe-b7c8-4927-9d9b-d9f4bebd0330 req-350c3cfe-b7c8-4927-9d9b-d9f4bebd0330 ] Request (FloatingIPsNegativeTestJSON:tearDownClass): 204 DELETE http://10.180.1.21/identity/v3/users/e9ac3770847c4331b9e523d27875465b 0.120s
2024-09-04 19:27:32.590 62690 INFO tempest.lib.common.dynamic_creds [-] Deleting project and security group for project: 3ce991e6a4c9405a8ebd21f7c8c4ad51
2024-09-04 19:27:32.626 62734 INFO tempest.lib.common.rest_client [req-1df85f4e-c112-4c3e-ab3a-41aff27edb42 req-1df85f4e-c112-4c3e-ab3a-41aff27edb42 ] Request (ServerActionsTestJSON:setUpClass): 200 GET http://10.180.1.21/compute/v2.1/servers/d174fe97-1d79-4c61-b285-dd860097505e 0.302s
2024-09-04 19:27:32.633 62734 INFO tempest.common.waiters [-] State transition "BUILD/networking" ==> "BUILD/spawning" after 38 second wait
2024-09-04 19:27:32.662 62690 INFO tempest.lib.common.rest_client [req-205ef526-5371-4db5-b214-2a6fcdeaf374 req-205ef526-5371-4db5-b214-2a6fcdeaf374 ] Request (FloatingIPsNegativeTestJSON:tearDownClass): 200 GET http://10.180.1.21:9696/networking/v2.0/security-groups?tenant_id=3ce991e6a4c9405a8ebd21f7c8c4ad51&name=default 0.071s
2024-09-04 19:27:32.686 62699 INFO tempest.lib.common.rest_client [req-095b639f-f91f-40ee-adb2-acff169cfbd3 req-095b639f-f91f-40ee-adb2-acff169cfbd3 ] Request (SecurityGroupsTestJSON:test_list_security_groups_by_server): 200 GET http://10.180.1.21/compute/v2.1/servers/b50406ea-7264-4587-aa27-8bf4b867302e 0.153s
2024-09-04 19:27:32.720 62732 INFO tempest.lib.common.rest_client [req-b1d3ca47-5c35-4959-bc55-abd0cdf1c5a6 req-b1d3ca47-5c35-4959-bc55-abd0cdf1c5a6 ] Request (ListImageFiltersTestJSON:setUpClass): 200 GET http://10.180.1.21/compute/v2.1/servers/3cb62651-d156-488f-8acd-8b3e1a5157da 0.193s
2024-09-04 19:27:32.728 62732 INFO tempest.common.waiters [-] State transition "ACTIVE/image_uploading" ==> "ACTIVE/None" after 1 second wait
2024-09-04 19:27:32.735 62680 INFO tempest.lib.common.rest_client [req-4a4034d2-a07d-47f8-bec3-d67121747f05 req-4a4034d2-a07d-47f8-bec3-d67121747f05 ] Request (ServersTestMultiNic:test_verify_duplicate_network_nics): 200 GET http://10.180.1.21/compute/v2.1/servers/17bbc0b3-bd15-42df-8811-5052b97c0986 0.122s
2024-09-04 19:27:32.765 62702 INFO tempest.lib.common.rest_client [req-0f39095e-cf15-494b-bf9d-693566075928 req-0f39095e-cf15-494b-bf9d-693566075928 ] Request (ServerRescueTestJSON:setUpClass): 200 GET http://10.180.1.21/compute/v2.1/servers/04ded576-b215-4afe-96b0-c697d579ce38 0.125s
2024-09-04 19:27:32.783 62730 WARNING tempest.lib.common.ssh [-] Failed to establish authenticated ssh connection to cirros@10.180.180.214 ([Errno None] Unable to connect to port 22 on 10.180.180.214). Number attempts: 5. Retry after 6 seconds.: paramiko.ssh_exception.NoValidConnectionsError: [Errno None] Unable to connect to port 22 on 10.180.180.214
2024-09-04 19:27:32.802 62704 INFO tempest.lib.common.rest_client [req-c406486f-55a7-49f3-80e8-6a138e0837ed req-c406486f-55a7-49f3-80e8-6a138e0837ed ] Request (AttachInterfacesV270Test:tearDownClass): 200 GET http://10.180.1.21/compute/v2.1/servers/abd482ff-fc07-4410-9178-375b6a2c0197 0.083s
2024-09-04 19:27:32.832 62690 INFO tempest.lib.common.rest_client [req-1f8e64b9-a141-4462-a9a3-aac6e41270fc req-1f8e64b9-a141-4462-a9a3-aac6e41270fc ] Request (FloatingIPsNegativeTestJSON:tearDownClass): 204 DELETE http://10.180.1.21:9696/networking/v2.0/security-groups/db974165-4d9d-4e13-8264-b9ab9354aa16 0.169s
2024-09-04 19:27:32.871 62700 INFO tempest.lib.common.rest_client [req-c837d4d1-cee6-4904-8d6d-ee09b6d6b114 req-c837d4d1-cee6-4904-8d6d-ee09b6d6b114 ] Request (ImagesTestJSON:test_create_image_from_stopped_server): 200 GET http://10.180.1.21/compute/v2.1/servers/5a569514-e724-49ff-ba8c-01ebae59a423 0.087s
2024-09-04 19:27:32.982 62690 INFO tempest.lib.common.rest_client [req-f05ff2a3-c091-4e61-9dd1-c4038eea1fec req-f05ff2a3-c091-4e61-9dd1-c4038eea1fec ] Request (FloatingIPsNegativeTestJSON:tearDownClass): 204 DELETE http://10.180.1.21/identity/v3/projects/3ce991e6a4c9405a8ebd21f7c8c4ad51 0.149s
2024-09-04 19:27:33.058 62690 INFO tempest.lib.common.rest_client [req-6929ece5-3411-4ea8-8a89-280bc40b36fa req-6929ece5-3411-4ea8-8a89-280bc40b36fa ] Request (AttachInterfacesTestJSON:setUpClass): 201 POST http://10.180.1.21/identity/v3/auth/tokens 0.074s
2024-09-04 19:27:33.080 62708 INFO tempest.lib.common.rest_client [req-60c4d3ee-bf47-4bce-ac5e-d968659e91cc req-60c4d3ee-bf47-4bce-ac5e-d968659e91cc ] Request (VolumesAdminNegativeTest:test_update_attached_volume_with_nonexistent_volume_in_body): 200 GET http://10.180.1.21/compute/v2.1/servers/4b5345ac-85a8-4fbd-884a-025bde54082f 0.289s
2024-09-04 19:27:33.097 62690 INFO tempest.lib.common.rest_client [req-ae95507e-12ba-41ac-b5aa-d62e75fd5599 req-ae95507e-12ba-41ac-b5aa-d62e75fd5599 ] Request (AttachInterfacesTestJSON:setUpClass): 201 POST http://10.180.1.21/identity/v3/auth/tokens 0.035s
2024-09-04 19:27:33.125 62690 INFO tempest.lib.common.rest_client [req-6ec5d5ce-22b9-4efb-a335-3203dd1b363b req-6ec5d5ce-22b9-4efb-a335-3203dd1b363b ] Request (AttachInterfacesTestJSON:setUpClass): 200 GET http://10.180.1.21/identity/v3/domains?name=Default 0.027s
2024-09-04 19:27:33.147 62678 INFO tempest.lib.common.rest_client [req-d995b1b7-9626-4d65-8902-7b00a9fdfd5a req-d995b1b7-9626-4d65-8902-7b00a9fdfd5a ] Request (ServersAdminTestJSON:test_create_server_with_scheduling_hint): 200 GET http://10.180.1.21/compute/v2.1/servers/3bbed079-ffe6-46d7-83ef-293634f51c14 0.287s
2024-09-04 19:27:33.155 62690 INFO tempest.lib.common.rest_client [req-7d0f35d2-ee2e-461a-a5f7-7725eb0d8247 req-7d0f35d2-ee2e-461a-a5f7-7725eb0d8247 ] Request (AttachInterfacesTestJSON:setUpClass): 201 POST http://10.180.1.21/identity/v3/projects 0.029s
2024-09-04 19:27:33.198 62676 INFO tempest.lib.common.rest_client [req-8c3cd73c-784e-444a-a0fa-52e3830c79ec req-8c3cd73c-784e-444a-a0fa-52e3830c79ec ] Request (ServerPasswordTestJSON:setUpClass): 200 GET http://10.180.1.21/compute/v2.1/servers/565c6a64-d366-49a8-9d1b-cbe620d71bd2 0.268s
2024-09-04 19:27:33.216 62690 INFO tempest.lib.common.rest_client [req-7872fe9d-b792-42b2-b30c-a8a30b88cf28 req-7872fe9d-b792-42b2-b30c-a8a30b88cf28 ] Request (AttachInterfacesTestJSON:setUpClass): 201 POST http://10.180.1.21/identity/v3/users 0.060s
2024-09-04 19:27:33.236 62690 INFO tempest.lib.common.rest_client [req-4bfbb84a-357d-4b3a-80fe-de9cec652aee req-4bfbb84a-357d-4b3a-80fe-de9cec652aee ] Request (AttachInterfacesTestJSON:setUpClass): 200 GET http://10.180.1.21/identity/v3/roles 0.019s
2024-09-04 19:27:33.249 62716 INFO tempest.lib.common.rest_client [req-02b5690a-6db1-41a5-8fb6-35ef18d06183 req-02b5690a-6db1-41a5-8fb6-35ef18d06183 ] Request (ServersNegativeTestMultiTenantJSON:setUpClass): 200 GET http://10.180.1.21/compute/v2.1/servers/b4a8ce1d-74b8-46dd-bd56-d6ee854cb9e3 0.244s
2024-09-04 19:27:33.267 62690 INFO tempest.lib.common.rest_client [req-716efb8f-5c11-4182-b7e5-9da97071d558 req-716efb8f-5c11-4182-b7e5-9da97071d558 ] Request (AttachInterfacesTestJSON:setUpClass): 204 PUT http://10.180.1.21/identity/v3/projects/6908a68974644a91839d6d0b1c3c9ed7/users/ace0abf0f48344bb8cca0c08ec2fcdb9/roles/6670f7105d2b47c49eb73258ad2290dc 0.030s
2024-09-04 19:27:33.267 62690 INFO tempest.lib.common.dynamic_creds [-] Dynamic test user ace0abf0f48344bb8cca0c08ec2fcdb9 is created with scope project and roles: ['member']
2024-09-04 19:27:33.267 62690 INFO tempest.lib.common.dynamic_creds [-] Acquired dynamic creds: credentials: Credentials: {'domain_id': 'default', 'domain_name': 'Default', 'username': 'tempest-AttachInterfacesTestJSON-267789438-project-member', 'project_domain_id': 'default', 'project_domain_name': 'Default', 'project_id': '6908a68974644a91839d6d0b1c3c9ed7', 'project_name': 'tempest-AttachInterfacesTestJSON-267789438', 'tenant_id': '6908a68974644a91839d6d0b1c3c9ed7', 'tenant_name': 'tempest-AttachInterfacesTestJSON-267789438', 'user_domain_id': 'default', 'user_domain_name': 'Default', 'user_id': 'ace0abf0f48344bb8cca0c08ec2fcdb9', 'system': None}, Network: None, Subnet: None, Router: None
2024-09-04 19:27:33.283 62732 INFO tempest.lib.common.rest_client [req-8cb15f46-1383-4a70-9792-5cf0a08940d1 req-8cb15f46-1383-4a70-9792-5cf0a08940d1 ] Request (ListImageFiltersTestJSON:setUpClass): 202 POST http://10.180.1.21/compute/v2.1/servers/49126223-cf40-43fb-b3e7-878fc0224612/action 0.555s
2024-09-04 19:27:33.322 62690 INFO tempest.lib.common.rest_client [req-667a058f-64c1-475a-ba79-62c54bd5d77b req-667a058f-64c1-475a-ba79-62c54bd5d77b ] Request (AttachInterfacesTestJSON:setUpClass): 201 POST http://10.180.1.21/identity/v3/auth/tokens 0.054s
2024-09-04 19:27:33.339 62688 INFO tempest.lib.common.rest_client [req-8238d42e-3825-4f48-9ad1-b393f69f2ee1 req-8238d42e-3825-4f48-9ad1-b393f69f2ee1 ] Request (ServerActionsTestOtherA:setUpClass): 200 GET http://10.180.1.21/compute/v2.1/servers/3f563057-69e6-4941-a450-069491b8eef3 0.264s
2024-09-04 19:27:33.383 62736 INFO tempest.lib.common.rest_client [req-a8b2144c-5ea5-4059-880a-9033bb4e9589 req-a8b2144c-5ea5-4059-880a-9033bb4e9589 ] Request (MigrationsAdminTest:test_list_migrations_in_flavor_resize_situation): 200 GET http://10.180.1.21/compute/v2.1/servers/37b04929-abb5-480d-8c50-07ce99226b06 0.337s
2024-09-04 19:27:33.391 62710 INFO tempest.lib.common.rest_client [req-ba4ad788-633f-417c-b58e-cebb4b43a671 req-ba4ad788-633f-417c-b58e-cebb4b43a671 ] Request (ServerDiskConfigTestJSON:test_rebuild_server_with_manual_disk_config): 200 GET http://10.180.1.21/compute/v2.1/servers/39666946-c9b3-40fe-beb7-0eeb6fe6b9c7 0.287s
2024-09-04 19:27:33.425 62684 INFO tempest.lib.common.rest_client [req-2e4faf09-b423-4a6f-8876-2f5a2f81f66b req-2e4faf09-b423-4a6f-8876-2f5a2f81f66b ] Request (ListServerFiltersTestJSON:setUpClass): 200 GET http://10.180.1.21/compute/v2.1/servers/eab490a3-7613-4ab2-8fd5-e4f4445c29eb 0.245s
2024-09-04 19:27:33.485 62727 INFO tempest.lib.common.rest_client [req-b22e5f34-00e4-42ab-947a-02b61f33b3d3 req-b22e5f34-00e4-42ab-947a-02b61f33b3d3 ] Request (FloatingIPsAssociationTestJSON:setUpClass): 200 GET http://10.180.1.21/compute/v2.1/servers/5dc2cfa6-1f70-49b0-9be4-3189556561b8 0.232s
2024-09-04 19:27:33.514 62732 INFO tempest.lib.common.rest_client [req-de3c70e8-41e4-462c-8c5d-969b4485a79d req-de3c70e8-41e4-462c-8c5d-969b4485a79d ] Request (ListImageFiltersTestJSON:setUpClass): 200 GET http://10.180.1.21/compute/v2.1/images/ee2ff7e0-27ee-4e25-bc2b-0f4fee0c1510 0.229s
2024-09-04 19:27:33.527 62722 INFO tempest.lib.common.rest_client [req-3885661a-211c-47d7-a490-9205f1e37e5d req-3885661a-211c-47d7-a490-9205f1e37e5d ] Request (TenantUsagesTestJSON:tearDownClass): 200 GET http://10.180.1.21/compute/v2.1/servers/c089d88c-f188-446f-af69-bfd8744f26e8 0.303s
2024-09-04 19:27:33.574 62674 INFO tempest.lib.common.rest_client [req-9cc54fd1-761f-4fc3-a0fd-0b5461647504 req-9cc54fd1-761f-4fc3-a0fd-0b5461647504 ] Request (DeleteServersAdminTestJSON:test_delete_server_while_in_error_state): 200 GET http://10.180.1.21/compute/v2.1/servers/57a01a6a-e2f6-4bab-b79e-1c7007fb7c98 0.272s
2024-09-04 19:27:33.607 62690 INFO tempest.lib.common.rest_client [req-10fc1ab6-1878-4088-8fbb-4f476f1a5668 req-10fc1ab6-1878-4088-8fbb-4f476f1a5668 ] Request (AttachInterfacesTestJSON:setUpClass): 201 POST http://10.180.1.21:9696/networking/v2.0/networks 0.285s
2024-09-04 19:27:33.713 62706 INFO tempest.lib.common.rest_client [req-7cf3c767-3d90-444e-8805-504e8fddf821 req-7cf3c767-3d90-444e-8805-504e8fddf821 ] Request (ServerGroupTestJSON:test_create_server_with_scheduler_hint_group): 200 GET http://10.180.1.21/compute/v2.1/servers/b1101035-a038-4690-a09e-08b4109e06b1 0.253s
2024-09-04 19:27:33.943 62728 INFO tempest.lib.common.rest_client [req-506a3c13-cb07-408b-86e0-a0edb58d8b5e req-506a3c13-cb07-408b-86e0-a0edb58d8b5e ] Request (ServersAdminNegativeTestJSON:test_migrate_server_invalid_state): 200 GET http://10.180.1.21/compute/v2.1/servers/ce72c9cc-57db-4d86-bfc8-ad2caede5654 0.412s
2024-09-04 19:27:33.990 62718 INFO tempest.lib.common.rest_client [req-98b61636-3535-4914-8214-743a03c52743 req-98b61636-3535-4914-8214-743a03c52743 ] Request (DeleteServersTestJSON:test_delete_active_server): 200 GET http://10.180.1.21/compute/v2.1/servers/286f4f94-bab8-4307-a172-d8dee9888376 0.510s
2024-09-04 19:27:34.043 62682 INFO tempest.lib.common.rest_client [req-4ccd82c5-3f34-4b8f-8ae2-12b199fefd7f req-4ccd82c5-3f34-4b8f-8ae2-12b199fefd7f ] Request (ServerShowV257Test:tearDownClass): 200 GET http://10.180.1.21/compute/v2.1/servers/a95a96c4-23ae-40fa-996f-07afe59462fb 0.442s
2024-09-04 19:27:34.053 62682 INFO tempest.common.waiters [-] State transition "ACTIVE/deleting" ==> "DELETED/None" after 4 second wait
2024-09-04 19:27:34.103 62699 INFO tempest.lib.common.rest_client [req-97119036-2f54-45d8-a8f3-f09e8fc691b4 req-97119036-2f54-45d8-a8f3-f09e8fc691b4 ] Request (SecurityGroupsTestJSON:test_list_security_groups_by_server): 200 GET http://10.180.1.21/compute/v2.1/servers/b50406ea-7264-4587-aa27-8bf4b867302e 0.408s
2024-09-04 19:27:34.162 62680 INFO tempest.lib.common.rest_client [req-fb4008de-501a-43da-a7a9-216ae30870c4 req-fb4008de-501a-43da-a7a9-216ae30870c4 ] Request (ServersTestMultiNic:test_verify_duplicate_network_nics): 200 GET http://10.180.1.21/compute/v2.1/servers/17bbc0b3-bd15-42df-8811-5052b97c0986 0.420s
2024-09-04 19:27:34.178 62734 INFO tempest.lib.common.rest_client [req-cc308a06-4fc3-4921-bcbe-a51669ace657 req-cc308a06-4fc3-4921-bcbe-a51669ace657 ] Request (ServerActionsTestJSON:setUpClass): 200 GET http://10.180.1.21/compute/v2.1/servers/d174fe97-1d79-4c61-b285-dd860097505e 0.544s
2024-09-04 19:27:34.220 62702 INFO tempest.lib.common.rest_client [req-786a399e-5ba4-438f-913d-45c96cebcbb0 req-786a399e-5ba4-438f-913d-45c96cebcbb0 ] Request (ServerRescueTestJSON:setUpClass): 200 GET http://10.180.1.21/compute/v2.1/servers/04ded576-b215-4afe-96b0-c697d579ce38 0.447s
2024-09-04 19:27:34.239 62690 INFO tempest.lib.common.rest_client [req-e24caaa0-85bd-4d4a-93e9-15e7ce63d070 req-e24caaa0-85bd-4d4a-93e9-15e7ce63d070 ] Request (AttachInterfacesTestJSON:setUpClass): 201 POST http://10.180.1.21:9696/networking/v2.0/subnets 0.632s
2024-09-04 19:27:34.275 62704 INFO tempest.lib.common.rest_client [req-4092716f-b74c-4380-9ecc-94f59b02c494 req-4092716f-b74c-4380-9ecc-94f59b02c494 ] Request (AttachInterfacesV270Test:tearDownClass): 200 GET http://10.180.1.21/compute/v2.1/servers/abd482ff-fc07-4410-9178-375b6a2c0197 0.462s
2024-09-04 19:27:34.289 62700 INFO tempest.lib.common.rest_client [req-162b1331-2c82-415a-a279-9505dc2e6435 req-162b1331-2c82-415a-a279-9505dc2e6435 ] Request (ImagesTestJSON:test_create_image_from_stopped_server): 200 GET http://10.180.1.21/compute/v2.1/servers/5a569514-e724-49ff-ba8c-01ebae59a423 0.408s
2024-09-04 19:27:34.358 62678 INFO tempest.lib.common.rest_client [req-bce8e21e-3164-4f31-a636-4af40f0a8527 req-bce8e21e-3164-4f31-a636-4af40f0a8527 ] Request (ServersAdminTestJSON:test_create_server_with_scheduling_hint): 200 GET http://10.180.1.21/compute/v2.1/servers/3bbed079-ffe6-46d7-83ef-293634f51c14 0.204s
2024-09-04 19:27:34.384 62696 WARNING tempest.lib.common.ssh [-] Failed to establish authenticated ssh connection to cirros@10.180.180.159 ([Errno None] Unable to connect to port 22 on 10.180.180.159). Number attempts: 6. Retry after 7 seconds.: paramiko.ssh_exception.NoValidConnectionsError: [Errno None] Unable to connect to port 22 on 10.180.180.159
2024-09-04 19:27:34.423 62676 INFO tempest.lib.common.rest_client [req-ab92cd96-acc2-46a5-b18b-aedd15d4595a req-ab92cd96-acc2-46a5-b18b-aedd15d4595a ] Request (ServerPasswordTestJSON:setUpClass): 200 GET http://10.180.1.21/compute/v2.1/servers/565c6a64-d366-49a8-9d1b-cbe620d71bd2 0.217s
2024-09-04 19:27:34.447 62708 INFO tempest.lib.common.rest_client [req-35253611-f16a-4f46-b7bd-496ed9b00bb0 req-35253611-f16a-4f46-b7bd-496ed9b00bb0 ] Request (VolumesAdminNegativeTest:test_update_attached_volume_with_nonexistent_volume_in_body): 200 GET http://10.180.1.21/compute/v2.1/servers/4b5345ac-85a8-4fbd-884a-025bde54082f 0.354s
2024-09-04 19:27:34.475 62716 INFO tempest.lib.common.rest_client [req-08bd4cc5-fb4a-4995-8fe8-02fcea95037a req-08bd4cc5-fb4a-4995-8fe8-02fcea95037a ] Request (ServersNegativeTestMultiTenantJSON:setUpClass): 200 GET http://10.180.1.21/compute/v2.1/servers/b4a8ce1d-74b8-46dd-bd56-d6ee854cb9e3 0.220s
2024-09-04 19:27:34.508 62688 INFO tempest.lib.common.rest_client [req-a094db68-0c3f-4e08-b0c5-5d45ed987cb2 req-a094db68-0c3f-4e08-b0c5-5d45ed987cb2 ] Request (ServerActionsTestOtherA:setUpClass): 200 GET http://10.180.1.21/compute/v2.1/servers/3f563057-69e6-4941-a450-069491b8eef3 0.161s
2024-09-04 19:27:34.572 62710 INFO tempest.lib.common.rest_client [req-08bdb65d-6aed-4c47-9c47-4d3e75265d89 req-08bdb65d-6aed-4c47-9c47-4d3e75265d89 ] Request (ServerDiskConfigTestJSON:test_rebuild_server_with_manual_disk_config): 200 GET http://10.180.1.21/compute/v2.1/servers/39666946-c9b3-40fe-beb7-0eeb6fe6b9c7 0.174s
2024-09-04 19:27:34.636 62684 INFO tempest.lib.common.rest_client [req-98aacb8c-fab4-4a93-93d9-9eadeea66e7b req-98aacb8c-fab4-4a93-93d9-9eadeea66e7b ] Request (ListServerFiltersTestJSON:setUpClass): 200 GET http://10.180.1.21/compute/v2.1/servers/eab490a3-7613-4ab2-8fd5-e4f4445c29eb 0.204s
2024-09-04 19:27:34.702 62727 INFO tempest.lib.common.rest_client [req-a27c4cf8-20c9-4495-a789-bce4ecbc7b2f req-a27c4cf8-20c9-4495-a789-bce4ecbc7b2f ] Request (FloatingIPsAssociationTestJSON:setUpClass): 200 GET http://10.180.1.21/compute/v2.1/servers/5dc2cfa6-1f70-49b0-9be4-3189556561b8 0.209s
2024-09-04 19:27:34.720 62736 INFO tempest.lib.common.rest_client [req-3ebf38d6-d1e3-4505-b023-64313655cca9 req-3ebf38d6-d1e3-4505-b023-64313655cca9 ] Request (MigrationsAdminTest:test_list_migrations_in_flavor_resize_situation): 200 GET http://10.180.1.21/compute/v2.1/servers/37b04929-abb5-480d-8c50-07ce99226b06 0.330s
2024-09-04 19:27:34.743 62732 INFO tempest.lib.common.rest_client [req-659301af-03bf-4a27-af21-ce3c4dd95fa0 req-659301af-03bf-4a27-af21-ce3c4dd95fa0 ] Request (ListImageFiltersTestJSON:setUpClass): 200 GET http://10.180.1.21/compute/v2.1/images/ee2ff7e0-27ee-4e25-bc2b-0f4fee0c1510 0.225s
2024-09-04 19:27:34.784 62722 INFO tempest.lib.common.rest_client [req-0f0b9a1c-7b29-4651-a86b-b89cf837f817 req-0f0b9a1c-7b29-4651-a86b-b89cf837f817 ] Request (TenantUsagesTestJSON:tearDownClass): 200 GET http://10.180.1.21/compute/v2.1/servers/c089d88c-f188-446f-af69-bfd8744f26e8 0.248s
2024-09-04 19:27:34.812 62674 INFO tempest.lib.common.rest_client [req-e35798fb-1d7b-4d6b-9535-63a44588b63f req-e35798fb-1d7b-4d6b-9535-63a44588b63f ] Request (DeleteServersAdminTestJSON:test_delete_server_while_in_error_state): 200 GET http://10.180.1.21/compute/v2.1/servers/57a01a6a-e2f6-4bab-b79e-1c7007fb7c98 0.231s
2024-09-04 19:27:34.933 62706 INFO tempest.lib.common.rest_client [req-8a120678-e6ae-41a1-92ff-363fdf4b2bc3 req-8a120678-e6ae-41a1-92ff-363fdf4b2bc3 ] Request (ServerGroupTestJSON:test_create_server_with_scheduler_hint_group): 200 GET http://10.180.1.21/compute/v2.1/servers/b1101035-a038-4690-a09e-08b4109e06b1 0.210s
2024-09-04 19:27:34.940 62706 INFO tempest.common.waiters [-] State transition "BUILD/spawning" ==> "ACTIVE/None" after 50 second wait
2024-09-04 19:27:34.983 62706 INFO tempest.lib.common.rest_client [req-5ceeb3dd-80bd-421c-ad83-ecbaf585d232 req-5ceeb3dd-80bd-421c-ad83-ecbaf585d232 ] Request (ServerGroupTestJSON:test_create_server_with_scheduler_hint_group): 200 GET http://10.180.1.21/compute/v2.1/os-server-groups/f6d4e3c4-1aac-455b-aadc-e5a2aaa68ee2 0.043s
2024-09-04 19:27:35.007 62728 INFO tempest.lib.common.rest_client [req-c145328c-7d2d-429d-b2ca-050076a230cc req-c145328c-7d2d-429d-b2ca-050076a230cc ] Request (ServersAdminNegativeTestJSON:test_migrate_server_invalid_state): 200 GET http://10.180.1.21/compute/v2.1/servers/ce72c9cc-57db-4d86-bfc8-ad2caede5654 0.054s
2024-09-04 19:27:35.067 62706 INFO tempest.lib.common.rest_client [req-9eed06d3-bde7-4cb7-95ad-7a9f2008fa40 req-9eed06d3-bde7-4cb7-95ad-7a9f2008fa40 ] Request (ServerGroupTestJSON:_run_cleanups): 204 DELETE http://10.180.1.21/compute/v2.1/servers/b1101035-a038-4690-a09e-08b4109e06b1 0.082s
2024-09-04 19:27:35.137 62682 INFO tempest.lib.common.rest_client [req-92b822e7-44d2-42ec-bc48-01a55e266af5 req-92b822e7-44d2-42ec-bc48-01a55e266af5 ] Request (ServerShowV257Test:tearDownClass): 200 GET http://10.180.1.21/compute/v2.1/servers/a95a96c4-23ae-40fa-996f-07afe59462fb 0.080s
2024-09-04 19:27:35.235 62718 INFO tempest.lib.common.rest_client [req-7c58b8ae-7c3a-46ee-80c4-7a28909c3ac5 req-7c58b8ae-7c3a-46ee-80c4-7a28909c3ac5 ] Request (DeleteServersTestJSON:test_delete_active_server): 200 GET http://10.180.1.21/compute/v2.1/servers/286f4f94-bab8-4307-a172-d8dee9888376 0.235s
2024-09-04 19:27:35.305 62699 INFO tempest.lib.common.rest_client [req-8c93054a-3515-4acf-8491-8be8f2fa5fd0 req-8c93054a-3515-4acf-8491-8be8f2fa5fd0 ] Request (SecurityGroupsTestJSON:test_list_security_groups_by_server): 200 GET http://10.180.1.21/compute/v2.1/servers/b50406ea-7264-4587-aa27-8bf4b867302e 0.195s
2024-09-04 19:27:35.315 62706 INFO tempest.lib.common.rest_client [req-efe0f570-8305-44dd-8a81-4352621095d5 req-efe0f570-8305-44dd-8a81-4352621095d5 ] Request (ServerGroupTestJSON:_run_cleanups): 200 GET http://10.180.1.21/compute/v2.1/servers/b1101035-a038-4690-a09e-08b4109e06b1 0.247s
2024-09-04 19:27:35.358 62690 INFO tempest.lib.common.rest_client [req-caa7af57-5268-4ff5-8b84-e1ded9468152 req-caa7af57-5268-4ff5-8b84-e1ded9468152 ] Request (AttachInterfacesTestJSON:setUpClass): 201 POST http://10.180.1.21:9696/networking/v2.0/routers 1.118s
2024-09-04 19:27:35.374 62680 INFO tempest.lib.common.rest_client [req-f04c1fe9-1dee-4cb4-b516-59dde449ee8c req-f04c1fe9-1dee-4cb4-b516-59dde449ee8c ] Request (ServersTestMultiNic:test_verify_duplicate_network_nics): 200 GET http://10.180.1.21/compute/v2.1/servers/17bbc0b3-bd15-42df-8811-5052b97c0986 0.206s
2024-09-04 19:27:35.444 62702 INFO tempest.lib.common.rest_client [req-78d43184-2ba0-41f3-9aeb-79ca35f5a69f req-78d43184-2ba0-41f3-9aeb-79ca35f5a69f ] Request (ServerRescueTestJSON:setUpClass): 200 GET http://10.180.1.21/compute/v2.1/servers/04ded576-b215-4afe-96b0-c697d579ce38 0.210s
2024-09-04 19:27:35.481 62734 INFO tempest.lib.common.rest_client [req-8e39bbb8-fded-4875-9f3b-26eda09757c2 req-8e39bbb8-fded-4875-9f3b-26eda09757c2 ] Request (ServerActionsTestJSON:setUpClass): 200 GET http://10.180.1.21/compute/v2.1/servers/d174fe97-1d79-4c61-b285-dd860097505e 0.296s
2024-09-04 19:27:35.514 62704 INFO tempest.lib.common.rest_client [req-d527ad23-75fa-4c6b-840e-cf1470d1c341 req-d527ad23-75fa-4c6b-840e-cf1470d1c341 ] Request (AttachInterfacesV270Test:tearDownClass): 200 GET http://10.180.1.21/compute/v2.1/servers/abd482ff-fc07-4410-9178-375b6a2c0197 0.231s
2024-09-04 19:27:35.543 62700 INFO tempest.lib.common.rest_client [req-d51d305c-9bfc-4380-8a32-2119fb516fd3 req-d51d305c-9bfc-4380-8a32-2119fb516fd3 ] Request (ImagesTestJSON:test_create_image_from_stopped_server): 200 GET http://10.180.1.21/compute/v2.1/servers/5a569514-e724-49ff-ba8c-01ebae59a423 0.246s
2024-09-04 19:27:35.578 62678 INFO tempest.lib.common.rest_client [req-85fa6812-6d9c-4f78-b463-ce820aed02f0 req-85fa6812-6d9c-4f78-b463-ce820aed02f0 ] Request (ServersAdminTestJSON:test_create_server_with_scheduling_hint): 200 GET http://10.180.1.21/compute/v2.1/servers/3bbed079-ffe6-46d7-83ef-293634f51c14 0.208s
2024-09-04 19:27:35.599 62676 INFO tempest.lib.common.rest_client [req-6a339409-69c7-4b5c-921b-8cd2777390c4 req-6a339409-69c7-4b5c-921b-8cd2777390c4 ] Request (ServerPasswordTestJSON:setUpClass): 200 GET http://10.180.1.21/compute/v2.1/servers/565c6a64-d366-49a8-9d1b-cbe620d71bd2 0.169s
2024-09-04 19:27:35.651 62716 INFO tempest.lib.common.rest_client [req-e87a3111-cca3-4009-b5de-b010f7a30679 req-e87a3111-cca3-4009-b5de-b010f7a30679 ] Request (ServersNegativeTestMultiTenantJSON:setUpClass): 200 GET http://10.180.1.21/compute/v2.1/servers/b4a8ce1d-74b8-46dd-bd56-d6ee854cb9e3 0.164s
2024-09-04 19:27:35.695 62708 INFO tempest.lib.common.rest_client [req-50324954-093b-4b11-9f09-f466ea8f2126 req-50324954-093b-4b11-9f09-f466ea8f2126 ] Request (VolumesAdminNegativeTest:test_update_attached_volume_with_nonexistent_volume_in_body): 200 GET http://10.180.1.21/compute/v2.1/servers/4b5345ac-85a8-4fbd-884a-025bde54082f 0.241s
2024-09-04 19:27:35.707 62708 INFO tempest.common.waiters [-] State transition "BUILD/spawning" ==> "ACTIVE/None" after 46 second wait
2024-09-04 19:27:35.709 62688 INFO tempest.lib.common.rest_client [req-9cd077f8-f225-49fa-bbaf-3689475e7efd req-9cd077f8-f225-49fa-bbaf-3689475e7efd ] Request (ServerActionsTestOtherA:setUpClass): 200 GET http://10.180.1.21/compute/v2.1/servers/3f563057-69e6-4941-a450-069491b8eef3 0.193s
2024-09-04 19:27:35.757 62710 INFO tempest.lib.common.rest_client [req-93fcea3d-951b-4b49-86c6-0bfd20791f29 req-93fcea3d-951b-4b49-86c6-0bfd20791f29 ] Request (ServerDiskConfigTestJSON:test_rebuild_server_with_manual_disk_config): 200 GET http://10.180.1.21/compute/v2.1/servers/39666946-c9b3-40fe-beb7-0eeb6fe6b9c7 0.178s
2024-09-04 19:27:35.764 62684 INFO tempest.lib.common.rest_client [req-b247b1a1-eb5e-4f35-bfac-c53c8a7a5a02 req-b247b1a1-eb5e-4f35-bfac-c53c8a7a5a02 ] Request (ListServerFiltersTestJSON:setUpClass): 200 GET http://10.180.1.21/compute/v2.1/servers/eab490a3-7613-4ab2-8fd5-e4f4445c29eb 0.116s
2024-09-04 19:27:35.770 62684 INFO tempest.common.waiters [-] State transition "BUILD/scheduling" ==> "BUILD/None" after 33 second wait
2024-09-04 19:27:35.790 62694 WARNING tempest.lib.common.ssh [-] Failed to establish authenticated ssh connection to cirros@10.180.180.151 ([Errno None] Unable to connect to port 22 on 10.180.180.151). Number attempts: 5. Retry after 6 seconds.: paramiko.ssh_exception.NoValidConnectionsError: [Errno None] Unable to connect to port 22 on 10.180.180.151
2024-09-04 19:27:35.820 62727 INFO tempest.lib.common.rest_client [req-a7b4f7dd-b797-4d88-b57b-e87a4fb25d2c req-a7b4f7dd-b797-4d88-b57b-e87a4fb25d2c ] Request (FloatingIPsAssociationTestJSON:setUpClass): 200 GET http://10.180.1.21/compute/v2.1/servers/5dc2cfa6-1f70-49b0-9be4-3189556561b8 0.104s
2024-09-04 19:27:35.825 62708 INFO tempest.lib.common.rest_client [req-3456416a-9893-421e-96e8-94157252f3b4 req-3456416a-9893-421e-96e8-94157252f3b4 ] Request (VolumesAdminNegativeTest:test_update_attached_volume_with_nonexistent_volume_in_body): 200 GET http://10.180.1.21/compute/v2.1/servers/4b5345ac-85a8-4fbd-884a-025bde54082f/os-interface 0.117s
2024-09-04 19:27:35.866 62732 INFO tempest.lib.common.rest_client [req-8e6e6d6d-56cb-4a36-a982-c527383cb330 req-8e6e6d6d-56cb-4a36-a982-c527383cb330 ] Request (ListImageFiltersTestJSON:setUpClass): 200 GET http://10.180.1.21/compute/v2.1/images/ee2ff7e0-27ee-4e25-bc2b-0f4fee0c1510 0.119s
2024-09-04 19:27:35.941 62722 INFO tempest.lib.common.rest_client [req-63fdea26-9531-4c86-86b1-413fc33837dc req-63fdea26-9531-4c86-86b1-413fc33837dc ] Request (TenantUsagesTestJSON:tearDownClass): 200 GET http://10.180.1.21/compute/v2.1/servers/c089d88c-f188-446f-af69-bfd8744f26e8 0.145s
2024-09-04 19:27:35.947 62722 INFO tempest.common.waiters [-] State transition "ACTIVE/deleting" ==> "DELETED/None" after 3 second wait
2024-09-04 19:27:35.988 62736 INFO tempest.lib.common.rest_client [req-8f645c38-17d4-44c7-9bd7-347ee26fd4a5 req-8f645c38-17d4-44c7-9bd7-347ee26fd4a5 ] Request (MigrationsAdminTest:test_list_migrations_in_flavor_resize_situation): 200 GET http://10.180.1.21/compute/v2.1/servers/37b04929-abb5-480d-8c50-07ce99226b06 0.261s
2024-09-04 19:27:36.008 62674 INFO tempest.lib.common.rest_client [req-35543540-6209-469a-8f9a-bfcd63463725 req-35543540-6209-469a-8f9a-bfcd63463725 ] Request (DeleteServersAdminTestJSON:test_delete_server_while_in_error_state): 200 GET http://10.180.1.21/compute/v2.1/servers/57a01a6a-e2f6-4bab-b79e-1c7007fb7c98 0.189s
2024-09-04 19:27:36.073 62728 INFO tempest.lib.common.rest_client [req-30fd52cc-ea06-4090-a8b1-5e3d306ed9b7 req-30fd52cc-ea06-4090-a8b1-5e3d306ed9b7 ] Request (ServersAdminNegativeTestJSON:test_migrate_server_invalid_state): 200 GET http://10.180.1.21/compute/v2.1/servers/ce72c9cc-57db-4d86-bfc8-ad2caede5654 0.058s
2024-09-04 19:27:36.109 62690 INFO tempest.lib.common.rest_client [req-837f6b97-df97-4e0d-8c47-8594779310b2 req-837f6b97-df97-4e0d-8c47-8594779310b2 ] Request (AttachInterfacesTestJSON:setUpClass): 200 PUT http://10.180.1.21:9696/networking/v2.0/routers/3c1c5c3f-0d75-48fb-a83b-2db47327f726/add_router_interface 0.751s
2024-09-04 19:27:36.110 62690 INFO tempest.lib.common.dynamic_creds [-] Created isolated network resources for: credentials: Credentials: {'domain_id': 'default', 'domain_name': 'Default', 'username': 'tempest-AttachInterfacesTestJSON-267789438-project-member', 'project_domain_id': 'default', 'project_domain_name': 'Default', 'project_id': '6908a68974644a91839d6d0b1c3c9ed7', 'project_name': 'tempest-AttachInterfacesTestJSON-267789438', 'tenant_id': '6908a68974644a91839d6d0b1c3c9ed7', 'tenant_name': 'tempest-AttachInterfacesTestJSON-267789438', 'user_domain_id': 'default', 'user_domain_name': 'Default', 'user_id': 'ace0abf0f48344bb8cca0c08ec2fcdb9', 'system': None}, Network: {'id': '48dd4f51-1724-45de-9d1f-e520d02a5ce3', 'name': 'tempest-AttachInterfacesTestJSON-957268103-network', 'tenant_id': '6908a68974644a91839d6d0b1c3c9ed7', 'admin_state_up': True, 'mtu': 8950, 'status': 'ACTIVE', 'subnets': [], 'shared': False, 'project_id': '6908a68974644a91839d6d0b1c3c9ed7', 'port_security_enabled': True, 'router:external': False, 'provider:network_type': 'vlan', 'provider:physical_network': 'default', 'provider:segmentation_id': 578, 'is_default': False, 'availability_zone_hints': [], 'availability_zones': [], 'ipv4_address_scope': None, 'ipv6_address_scope': None, 'description': '', 'tags': [], 'created_at': '2024-09-04T19:27:33Z', 'updated_at': '2024-09-04T19:27:33Z', 'revision_number': 1}, Subnet: {'id': 'b4c449ff-f9a0-427c-93d3-8ebece606c9f', 'name': 'tempest-AttachInterfacesTestJSON-957268103-subnet', 'tenant_id': '6908a68974644a91839d6d0b1c3c9ed7', 'network_id': '48dd4f51-1724-45de-9d1f-e520d02a5ce3', 'ip_version': 4, 'subnetpool_id': None, 'enable_dhcp': True, 'ipv6_ra_mode': None, 'ipv6_address_mode': None, 'gateway_ip': '192.168.128.1', 'cidr': '192.168.128.0/28', 'allocation_pools': [{'start': '192.168.128.2', 'end': '192.168.128.14'}], 'host_routes': [], 'dns_nameservers': [], 'description': '', 'router:external': False, 'service_types': [], 'tags': [], 'created_at': '2024-09-04T19:27:33Z', 'updated_at': '2024-09-04T19:27:33Z', 'revision_number': 0, 'project_id': '6908a68974644a91839d6d0b1c3c9ed7'}, Router: {'id': '3c1c5c3f-0d75-48fb-a83b-2db47327f726', 'name': 'tempest-AttachInterfacesTestJSON-957268103-router', 'tenant_id': '6908a68974644a91839d6d0b1c3c9ed7', 'admin_state_up': True, 'status': 'ACTIVE', 'external_gateway_info': {'network_id': '2bce8e3d-f7b5-4f57-9073-c7d05555c950', 'external_fixed_ips': [{'subnet_id': 'e913b45c-b34a-49cb-bab9-02315daf1026', 'ip_address': '10.180.180.200'}], 'enable_snat': True}, 'description': '', 'availability_zones': [], 'distributed': False, 'ha': False, 'availability_zone_hints': [], 'routes': [], 'flavor_id': None, 'tags': [], 'created_at': '2024-09-04T19:27:34Z', 'updated_at': '2024-09-04T19:27:34Z', 'revision_number': 2, 'project_id': '6908a68974644a91839d6d0b1c3c9ed7'}
2024-09-04 19:27:36.193 62690 INFO tempest.lib.common.rest_client [req-98bd5e74-587a-487f-96cd-bf39b158c52d req-98bd5e74-587a-487f-96cd-bf39b158c52d ] Request (AttachInterfacesTestJSON:setUpClass): 201 POST http://10.180.1.21/identity/v3/auth/tokens 0.080s
2024-09-04 19:27:36.229 62682 INFO tempest.lib.common.rest_client [req-33bedd7a-891f-4df3-88f8-a630ebe4a8c6 req-33bedd7a-891f-4df3-88f8-a630ebe4a8c6 ] Request (ServerShowV257Test:tearDownClass): 200 GET http://10.180.1.21/compute/v2.1/servers/a95a96c4-23ae-40fa-996f-07afe59462fb 0.082s
2024-09-04 19:27:36.312 62690 INFO tempest.lib.common.rest_client [req-249c1c7b-757a-47fe-a291-d2d1a2dad402 req-249c1c7b-757a-47fe-a291-d2d1a2dad402 ] Request (ValidationResourcesFixture:setUp): 200 POST http://10.180.1.21/compute/v2.1/os-keypairs 0.116s
2024-09-04 19:27:36.429 62699 INFO tempest.lib.common.rest_client [req-aafa5015-acd9-40fb-81a1-3dac868356a1 req-aafa5015-acd9-40fb-81a1-3dac868356a1 ] Request (SecurityGroupsTestJSON:test_list_security_groups_by_server): 200 GET http://10.180.1.21/compute/v2.1/servers/b50406ea-7264-4587-aa27-8bf4b867302e 0.114s
2024-09-04 19:27:36.430 62690 INFO tempest.lib.common.rest_client [req-af1a0f38-2b51-4937-aa83-db912cd5f26b req-af1a0f38-2b51-4937-aa83-db912cd5f26b ] Request (ValidationResourcesFixture:setUp): 201 POST http://10.180.1.21:9696/networking/v2.0/security-groups 0.116s
2024-09-04 19:27:36.491 62718 INFO tempest.lib.common.rest_client [req-4a5be222-ffd0-4cb5-a196-747a6953efca req-4a5be222-ffd0-4cb5-a196-747a6953efca ] Request (DeleteServersTestJSON:test_delete_active_server): 200 GET http://10.180.1.21/compute/v2.1/servers/286f4f94-bab8-4307-a172-d8dee9888376 0.249s
2024-09-04 19:27:36.537 62690 INFO tempest.lib.common.rest_client [req-7a2d55b9-61b4-4937-bb4b-72418c957e6d req-7a2d55b9-61b4-4937-bb4b-72418c957e6d ] Request (ValidationResourcesFixture:setUp): 201 POST http://10.180.1.21:9696/networking/v2.0/security-group-rules 0.106s
2024-09-04 19:27:36.565 62680 INFO tempest.lib.common.rest_client [req-33c90a97-dc13-40be-904b-55e2684e3e82 req-33c90a97-dc13-40be-904b-55e2684e3e82 ] Request (ServersTestMultiNic:test_verify_duplicate_network_nics): 200 GET http://10.180.1.21/compute/v2.1/servers/17bbc0b3-bd15-42df-8811-5052b97c0986 0.181s
2024-09-04 19:27:36.640 62702 INFO tempest.lib.common.rest_client [req-74c2921e-649a-4d31-abbe-3ecf6069dc15 req-74c2921e-649a-4d31-abbe-3ecf6069dc15 ] Request (ServerRescueTestJSON:setUpClass): 200 GET http://10.180.1.21/compute/v2.1/servers/04ded576-b215-4afe-96b0-c697d579ce38 0.188s
2024-09-04 19:27:36.647 62690 INFO tempest.lib.common.rest_client [req-e960f472-975e-4614-92f5-4952a92b988f req-e960f472-975e-4614-92f5-4952a92b988f ] Request (ValidationResourcesFixture:setUp): 201 POST http://10.180.1.21:9696/networking/v2.0/security-group-rules 0.110s
2024-09-04 19:27:36.748 62706 INFO tempest.lib.common.rest_client [req-ce381d36-c26d-4a45-8958-1e2913632dc0 req-ce381d36-c26d-4a45-8958-1e2913632dc0 ] Request (ServerGroupTestJSON:_run_cleanups): 200 GET http://10.180.1.21/compute/v2.1/servers/b1101035-a038-4690-a09e-08b4109e06b1 0.421s
2024-09-04 19:27:36.819 62708 INFO tempest.lib.common.rest_client [req-8c3ce6da-365c-42b6-a448-31d054bdcc05 req-8c3ce6da-365c-42b6-a448-31d054bdcc05 ] Request (VolumesAdminNegativeTest:test_update_attached_volume_with_nonexistent_volume_in_body): 200 PUT http://10.180.1.21:9696/networking/v2.0/floatingips/bb71d691-0990-4667-a92c-c4e20ee01cc0 0.992s
2024-09-04 19:27:36.820 62708 INFO tempest.lib.common.ssh [-] Creating ssh connection to '10.180.180.251:22' as 'cirros' with public key authentication
2024-09-04 19:27:36.841 62704 INFO tempest.lib.common.rest_client [req-da81030f-4e44-4823-b540-238c746203e3 req-da81030f-4e44-4823-b540-238c746203e3 ] Request (AttachInterfacesV270Test:tearDownClass): 200 GET http://10.180.1.21/compute/v2.1/servers/abd482ff-fc07-4410-9178-375b6a2c0197 0.311s
2024-09-04 19:27:36.860 62734 INFO tempest.lib.common.rest_client [req-1fa1ccc1-25ec-4e23-9654-413bd8171309 req-1fa1ccc1-25ec-4e23-9654-413bd8171309 ] Request (ServerActionsTestJSON:setUpClass): 200 GET http://10.180.1.21/compute/v2.1/servers/d174fe97-1d79-4c61-b285-dd860097505e 0.364s
2024-09-04 19:27:36.971 62678 INFO tempest.lib.common.rest_client [req-7f0ea506-7029-4537-bc09-15d4ca1a4ef1 req-7f0ea506-7029-4537-bc09-15d4ca1a4ef1 ] Request (ServersAdminTestJSON:test_create_server_with_scheduling_hint): 200 GET http://10.180.1.21/compute/v2.1/servers/3bbed079-ffe6-46d7-83ef-293634f51c14 0.386s
2024-09-04 19:27:37.040 62676 INFO tempest.lib.common.rest_client [req-c6b3ea50-8d27-41d6-b138-03595274cab0 req-c6b3ea50-8d27-41d6-b138-03595274cab0 ] Request (ServerPasswordTestJSON:setUpClass): 200 GET http://10.180.1.21/compute/v2.1/servers/565c6a64-d366-49a8-9d1b-cbe620d71bd2 0.431s
2024-09-04 19:27:37.113 62700 INFO tempest.lib.common.rest_client [req-1a4fc0dd-00b9-495a-8265-9d8f7fe4a552 req-1a4fc0dd-00b9-495a-8265-9d8f7fe4a552 ] Request (ImagesTestJSON:test_create_image_from_stopped_server): 200 GET http://10.180.1.21/compute/v2.1/servers/5a569514-e724-49ff-ba8c-01ebae59a423 0.560s
2024-09-04 19:27:37.118 62716 INFO tempest.lib.common.rest_client [req-e0e6d3ab-04b6-4d7b-8dd9-fdad4bf3f931 req-e0e6d3ab-04b6-4d7b-8dd9-fdad4bf3f931 ] Request (ServersNegativeTestMultiTenantJSON:setUpClass): 200 GET http://10.180.1.21/compute/v2.1/servers/b4a8ce1d-74b8-46dd-bd56-d6ee854cb9e3 0.457s
2024-09-04 19:27:37.124 62700 INFO tempest.common.waiters [-] State transition "BUILD/None" ==> "BUILD/block_device_mapping" after 41 second wait
2024-09-04 19:27:37.194 62710 INFO tempest.lib.common.rest_client [req-84f2e3b2-8d85-4e03-9481-d83fd57e97b0 req-84f2e3b2-8d85-4e03-9481-d83fd57e97b0 ] Request (ServerDiskConfigTestJSON:test_rebuild_server_with_manual_disk_config): 200 GET http://10.180.1.21/compute/v2.1/servers/39666946-c9b3-40fe-beb7-0eeb6fe6b9c7 0.429s
2024-09-04 19:27:37.199 62688 INFO tempest.lib.common.rest_client [req-4baaf940-9a27-4161-b810-d4ebb2ed7c0b req-4baaf940-9a27-4161-b810-d4ebb2ed7c0b ] Request (ServerActionsTestOtherA:setUpClass): 200 GET http://10.180.1.21/compute/v2.1/servers/3f563057-69e6-4941-a450-069491b8eef3 0.482s
