2024-09-04 19:25:56.448 62674 INFO tempest.lib.common.rest_client [req-784fae6d-0a45-4d40-8e91-b9898ca60de6 req-784fae6d-0a45-4d40-8e91-b9898ca60de6 ] Request (DeleteServersAdminTestJSON:test_admin_delete_servers_of_others): 202 POST http://10.180.1.21/compute/v2.1/servers 4.386s
2024-09-04 19:25:56.468 62714 INFO tempest.lib.common.rest_client [req-07ef94e0-bd84-4b74-a87f-b87aab342ef2 req-07ef94e0-bd84-4b74-a87f-b87aab342ef2 ] Request (ServersTestBootFromVolume:setUpClass): 201 POST http://10.180.1.21:9696/networking/v2.0/subnets 0.376s
2024-09-04 19:25:56.473 62684 INFO tempest.lib.common.rest_client [req-f447d0cf-1f00-4047-b232-71c1e8e3de13 req-f447d0cf-1f00-4047-b232-71c1e8e3de13 ] Request (ServerDiagnosticsTest:setUpClass): 201 POST http://10.180.1.21/identity/v3/users 0.139s
2024-09-04 19:25:56.490 62684 INFO tempest.lib.common.rest_client [req-8a4c54f1-a9f8-4ca7-83a1-59c416c2c3e1 req-8a4c54f1-a9f8-4ca7-83a1-59c416c2c3e1 ] Request (ServerDiagnosticsTest:setUpClass): 200 GET http://10.180.1.21/identity/v3/roles 0.016s
2024-09-04 19:25:56.502 62718 INFO tempest.lib.common.rest_client [req-4b70f39c-6389-43a2-8e6b-10cb1ecfbd6a req-4b70f39c-6389-43a2-8e6b-10cb1ecfbd6a ] Request (ServersTestJSON:setUpClass): 200 PUT http://10.180.1.21:9696/networking/v2.0/routers/8f7236c0-2ec6-4303-a72d-e85672d17ce1/add_router_interface 1.170s
2024-09-04 19:25:56.502 62718 INFO tempest.lib.common.dynamic_creds [-] Created isolated network resources for: credentials: Credentials: {'domain_id': 'default', 'domain_name': 'Default', 'username': 'tempest-ServersTestJSON-226995080-project-member', 'project_domain_id': 'default', 'project_domain_name': 'Default', 'project_id': '234240a43feb4b9c84ce2ee20691aa57', 'project_name': 'tempest-ServersTestJSON-226995080', 'tenant_id': '234240a43feb4b9c84ce2ee20691aa57', 'tenant_name': 'tempest-ServersTestJSON-226995080', 'user_domain_id': 'default', 'user_domain_name': 'Default', 'user_id': 'af777093fc67492fb660cff9b121404c', 'system': None}, Network: {'id': '68b5144b-d9c0-4ccb-b761-67c6b2934f3c', 'name': 'tempest-ServersTestJSON-647483663-network', 'tenant_id': '234240a43feb4b9c84ce2ee20691aa57', 'admin_state_up': True, 'mtu': 8950, 'status': 'ACTIVE', 'subnets': [], 'shared': False, 'project_id': '234240a43feb4b9c84ce2ee20691aa57', 'port_security_enabled': True, 'router:external': False, 'provider:network_type': 'vlan', 'provider:physical_network': 'default', 'provider:segmentation_id': 731, 'is_default': False, 'availability_zone_hints': [], 'availability_zones': [], 'ipv4_address_scope': None, 'ipv6_address_scope': None, 'description': '', 'tags': [], 'created_at': '2024-09-04T19:25:54Z', 'updated_at': '2024-09-04T19:25:54Z', 'revision_number': 1}, Subnet: {'id': 'bd8708cc-ad01-4c08-a7af-0f6359ffbeaf', 'name': 'tempest-ServersTestJSON-647483663-subnet', 'tenant_id': '234240a43feb4b9c84ce2ee20691aa57', 'network_id': '68b5144b-d9c0-4ccb-b761-67c6b2934f3c', 'ip_version': 4, 'subnetpool_id': None, 'enable_dhcp': True, 'ipv6_ra_mode': None, 'ipv6_address_mode': None, 'gateway_ip': '192.168.128.1', 'cidr': '192.168.128.0/28', 'allocation_pools': [{'start': '192.168.128.2', 'end': '192.168.128.14'}], 'host_routes': [], 'dns_nameservers': [], 'description': '', 'router:external': False, 'service_types': [], 'tags': [], 'created_at': '2024-09-04T19:25:54Z', 'updated_at': '2024-09-04T19:25:54Z', 'revision_number': 0, 'project_id': '234240a43feb4b9c84ce2ee20691aa57'}, Router: {'id': '8f7236c0-2ec6-4303-a72d-e85672d17ce1', 'name': 'tempest-ServersTestJSON-647483663-router', 'tenant_id': '234240a43feb4b9c84ce2ee20691aa57', 'admin_state_up': True, 'status': 'ACTIVE', 'external_gateway_info': {'network_id': '2bce8e3d-f7b5-4f57-9073-c7d05555c950', 'external_fixed_ips': [{'subnet_id': 'e913b45c-b34a-49cb-bab9-02315daf1026', 'ip_address': '10.180.180.218'}], 'enable_snat': True}, 'description': '', 'availability_zones': [], 'distributed': False, 'ha': False, 'availability_zone_hints': [], 'routes': [], 'flavor_id': None, 'tags': [], 'created_at': '2024-09-04T19:25:54Z', 'updated_at': '2024-09-04T19:25:55Z', 'revision_number': 2, 'project_id': '234240a43feb4b9c84ce2ee20691aa57'}
2024-09-04 19:25:56.517 62684 INFO tempest.lib.common.rest_client [req-1276ed8c-a939-4bb6-9d27-6daaf876731b req-1276ed8c-a939-4bb6-9d27-6daaf876731b ] Request (ServerDiagnosticsTest:setUpClass): 204 PUT http://10.180.1.21/identity/v3/projects/a5f5bcf89cbd48fe8dc198dcf7925003/users/665f2110dac04d84893fca85fae79c79/roles/65519350085d46fcb897cfbcd7b6c6b4 0.027s
2024-09-04 19:25:56.553 62722 INFO tempest.lib.common.rest_client [req-b712d589-2d2c-4744-b444-d07f2b5454d7 req-b712d589-2d2c-4744-b444-d07f2b5454d7 ] Request (FlavorsV255TestJSON:test_crud_flavor): 200 POST http://10.180.1.21/compute/v2.1/flavors 2.208s
2024-09-04 19:25:56.573 62684 INFO tempest.lib.common.rest_client [req-7c78a15e-a8f8-4010-817b-baf586af41eb req-7c78a15e-a8f8-4010-817b-baf586af41eb ] Request (ServerDiagnosticsTest:setUpClass): 200 GET http://10.180.1.21/identity/v3/roles 0.055s
2024-09-04 19:25:56.636 62718 INFO tempest.lib.common.rest_client [req-e152f327-7bba-4c21-92c1-c08449a57697 req-e152f327-7bba-4c21-92c1-c08449a57697 ] Request (ServersTestJSON:setUpClass): 201 POST http://10.180.1.21/identity/v3/auth/tokens 0.089s
2024-09-04 19:25:56.657 62684 INFO tempest.lib.common.rest_client [req-5a726e5e-2589-4b0b-b7af-9d20e33ab0b0 req-5a726e5e-2589-4b0b-b7af-9d20e33ab0b0 ] Request (ServerDiagnosticsTest:setUpClass): 204 PUT http://10.180.1.21/identity/v3/projects/a5f5bcf89cbd48fe8dc198dcf7925003/users/665f2110dac04d84893fca85fae79c79/roles/65519350085d46fcb897cfbcd7b6c6b4 0.084s
2024-09-04 19:25:56.658 62684 INFO tempest.lib.common.dynamic_creds [-] Dynamic test user 665f2110dac04d84893fca85fae79c79 is created with scope project and roles: ['admin']
2024-09-04 19:25:56.658 62684 INFO tempest.lib.common.dynamic_creds [-] Acquired dynamic creds: credentials: Credentials: {'domain_id': 'default', 'domain_name': 'Default', 'username': 'tempest-ServerDiagnosticsTest-1756920869-project-admin', 'project_domain_id': 'default', 'project_domain_name': 'Default', 'project_id': 'a5f5bcf89cbd48fe8dc198dcf7925003', 'project_name': 'tempest-ServerDiagnosticsTest-1756920869', 'tenant_id': 'a5f5bcf89cbd48fe8dc198dcf7925003', 'tenant_name': 'tempest-ServerDiagnosticsTest-1756920869', 'user_domain_id': 'default', 'user_domain_name': 'Default', 'user_id': '665f2110dac04d84893fca85fae79c79', 'system': None}, Network: None, Subnet: None, Router: None
2024-09-04 19:25:56.658 62684 INFO tempest.lib.common.dynamic_creds [-] Created isolated network resources for: credentials: Credentials: {'domain_id': 'default', 'domain_name': 'Default', 'username': 'tempest-ServerDiagnosticsTest-1756920869-project-admin', 'project_domain_id': 'default', 'project_domain_name': 'Default', 'project_id': 'a5f5bcf89cbd48fe8dc198dcf7925003', 'project_name': 'tempest-ServerDiagnosticsTest-1756920869', 'tenant_id': 'a5f5bcf89cbd48fe8dc198dcf7925003', 'tenant_name': 'tempest-ServerDiagnosticsTest-1756920869', 'user_domain_id': 'default', 'user_domain_name': 'Default', 'user_id': '665f2110dac04d84893fca85fae79c79', 'system': None}, Network: None, Subnet: None, Router: None
2024-09-04 19:25:56.701 62699 INFO tempest.lib.common.rest_client [req-8e9206eb-5b89-4221-896e-532d9a31588c req-8e9206eb-5b89-4221-896e-532d9a31588c ] Request (QuotaClassesAdmin257Test:test_update_default_quotas): 200 GET http://10.180.1.21/compute/v2.1/os-quota-class-sets/default 2.202s
2024-09-04 19:25:56.716 62734 INFO tempest.lib.common.rest_client [req-2db0e355-dec8-44da-bd4e-fc8ed6c110bc req-2db0e355-dec8-44da-bd4e-fc8ed6c110bc ] Request (SecurityGroupRulesNegativeTestJSON:test_create_security_group_rule_duplicate): 200 POST http://10.180.1.21/compute/v2.1/os-security-groups 2.505s
2024-09-04 19:25:56.758 62684 INFO tempest.lib.common.rest_client [req-41397f65-3242-43fd-802d-c685c7b7572c req-41397f65-3242-43fd-802d-c685c7b7572c ] Request (ServerDiagnosticsTest:setUpClass): 201 POST http://10.180.1.21/identity/v3/auth/tokens 0.094s
2024-09-04 19:25:56.809 62730 INFO tempest.lib.common.rest_client [req-4d14e36c-ffdc-4774-8ddc-44e0e08cb2e3 req-4d14e36c-ffdc-4774-8ddc-44e0e08cb2e3 ] Request (ServersWithSpecificFlavorTestJSON:setUpClass): 201 POST http://10.180.1.21:9696/networking/v2.0/subnets 0.387s
2024-09-04 19:25:56.869 62712 INFO tempest.lib.common.rest_client [req-b726e94c-11f8-4d90-85f1-541fbf0ade9d req-b726e94c-11f8-4d90-85f1-541fbf0ade9d ] Request (AZAdminV2TestJSON:test_get_availability_zone_list): 200 GET http://10.180.1.21/compute/v2.1/os-availability-zone 2.230s
2024-09-04 19:25:56.888 62684 INFO tempest.lib.common.rest_client [req-1b1bcfae-cf66-41f2-bf90-c69c6563239d req-1b1bcfae-cf66-41f2-bf90-c69c6563239d ] Request (ServerDiagnosticsTest:test_get_server_diagnostics): 201 POST http://10.180.1.21/identity/v3/auth/tokens 0.126s
2024-09-04 19:25:56.889 62684 INFO tempest.lib.common.fixed_network [-] (ServerDiagnosticsTest:test_get_server_diagnostics) Found network None available for tenant
2024-09-04 19:25:56.953 62702 INFO tempest.lib.common.rest_client [req-a77e415c-1517-4937-8c3f-bf007624ee03 req-a77e415c-1517-4937-8c3f-bf007624ee03 ] Request (AggregatesAdminNegativeTestJSON:setUpClass): 200 GET http://10.180.1.21/compute/v2.1/os-services?binary=nova-compute 2.236s
2024-09-04 19:25:57.026 62682 INFO tempest.lib.common.rest_client [req-2f408fd8-82d5-4bf2-a999-6c6c6a6ac7bc req-2f408fd8-82d5-4bf2-a999-6c6c6a6ac7bc ] Request (FlavorsExtraSpecsTestJSON:setUpClass): 200 POST http://10.180.1.21/compute/v2.1/flavors 2.241s
2024-09-04 19:25:57.116 62706 INFO tempest.lib.common.rest_client [req-9a2226d8-969f-41c8-8463-5e313c5ab061 req-9a2226d8-969f-41c8-8463-5e313c5ab061 ] Request (ServicesAdminTestJSON:test_get_service_by_host_name): 200 GET http://10.180.1.21/compute/v2.1/os-services 2.262s
2024-09-04 19:25:57.125 62714 INFO tempest.lib.common.rest_client [req-e7ba0f19-4078-4077-b7ee-5dcee2eb8fa9 req-e7ba0f19-4078-4077-b7ee-5dcee2eb8fa9 ] Request (ServersTestBootFromVolume:setUpClass): 201 POST http://10.180.1.21:9696/networking/v2.0/routers 0.657s
2024-09-04 19:25:57.157 62676 INFO tempest.lib.common.rest_client [req-ebdc9cee-a8ef-4524-842f-09f829247819 req-ebdc9cee-a8ef-4524-842f-09f829247819 ] Request (ServerDiagnosticsNegativeTest:test_get_server_diagnostics_by_non_admin): 202 POST http://10.180.1.21/compute/v2.1/servers 2.611s
2024-09-04 19:25:57.168 62727 INFO tempest.lib.common.rest_client [req-42861b39-4966-4a37-a305-a68b06503df8 req-42861b39-4966-4a37-a305-a68b06503df8 ] Request (FlavorsV261TestJSON:test_crud_flavor): 200 PUT http://10.180.1.21/compute/v2.1/flavors/169764794 2.267s
2024-09-04 19:25:57.273 62686 INFO tempest.lib.common.rest_client [req-b3e52d10-91b5-4b3f-a16c-0ea468169b3b req-b3e52d10-91b5-4b3f-a16c-0ea468169b3b ] Request (AZAdminNegativeTestJSON:test_get_availability_zone_list_detail_with_non_admin_user): 403 GET http://10.180.1.21/compute/v2.1/os-availability-zone/detail 2.297s
2024-09-04 19:25:57.357 62694 INFO tempest.lib.common.rest_client [req-17e1ac6d-72ee-4e34-86ee-b2936c978684 req-17e1ac6d-72ee-4e34-86ee-b2936c978684 ] Request (ServicesAdminNegativeV253TestJSON:test_get_service_by_invalid_params): 200 GET http://10.180.1.21/compute/v2.1/os-services 2.446s
2024-09-04 19:25:57.410 62686 INFO tempest.lib.common.rest_client [req-2a39cc83-8fef-4d2f-84df-729a8a82a632 req-2a39cc83-8fef-4d2f-84df-729a8a82a632 ] Request (AZAdminNegativeTestJSON:tearDownClass): 204 DELETE http://10.180.1.21/identity/v3/users/2adacbd71e454993b390b48ad17124c9 0.129s
2024-09-04 19:25:57.448 62690 INFO tempest.lib.common.rest_client [req-31e74a4c-1575-463c-bdf1-4402b890f295 req-31e74a4c-1575-463c-bdf1-4402b890f295 ] Request (FlavorsAdminTestJSON:test_create_flavor_using_string_ram): 200 POST http://10.180.1.21/compute/v2.1/flavors 2.352s
2024-09-04 19:25:57.539 62686 INFO tempest.lib.common.rest_client [req-23581817-4113-4ebe-beb5-d2e585fa2320 req-23581817-4113-4ebe-beb5-d2e585fa2320 ] Request (AZAdminNegativeTestJSON:tearDownClass): 204 DELETE http://10.180.1.21/identity/v3/users/f5048e8888f24fd5a6845e1a912a71cc 0.129s
2024-09-04 19:25:57.539 62686 INFO tempest.lib.common.dynamic_creds [-] Deleting project and security group for project: fae90aa2d58f435899eff84f8359d882
2024-09-04 19:25:57.564 62704 INFO tempest.lib.common.rest_client [req-9c7a58d8-be23-4b72-a114-f77306d64544 req-9c7a58d8-be23-4b72-a114-f77306d64544 ] Request (HostsAdminTestJSON:test_list_hosts): 200 GET http://10.180.1.21/compute/v2.1/os-hosts 2.401s
2024-09-04 19:25:57.605 62686 INFO tempest.lib.common.rest_client [req-4b0de3f4-9e6b-4d3d-95a2-d660cd4917d1 req-4b0de3f4-9e6b-4d3d-95a2-d660cd4917d1 ] Request (AZAdminNegativeTestJSON:tearDownClass): 201 POST http://10.180.1.21/identity/v3/auth/tokens 0.065s
2024-09-04 19:25:57.666 62696 INFO tempest.lib.common.rest_client [req-e8c68fff-cf31-4f13-b79e-5bc7cdb6054f req-e8c68fff-cf31-4f13-b79e-5bc7cdb6054f ] Request (VolumesAssistedSnapshotsTest:setUpClass): 201 POST http://10.180.1.21:9696/networking/v2.0/routers 1.276s
2024-09-04 19:25:57.692 62728 INFO tempest.lib.common.rest_client [req-43c866e7-2b4b-495e-97f9-cd1fe3d709b6 req-43c866e7-2b4b-495e-97f9-cd1fe3d709b6 ] Request (InstanceUsageAuditLogTestJSON:test_get_instance_usage_audit_log): 200 GET http://10.180.1.21/compute/v2.1/os-instance_usage_audit_log/2024-09-04%2019%3A25%3A55 2.486s
2024-09-04 19:25:57.780 62708 INFO tempest.lib.common.rest_client [req-e3d20ec0-aa60-46d6-9d48-66fdcf8689af req-e3d20ec0-aa60-46d6-9d48-66fdcf8689af ] Request (FlavorsExtraSpecsNegativeTestJSON:setUpClass): 200 POST http://10.180.1.21/compute/v2.1/flavors 2.553s
2024-09-04 19:25:57.872 62678 INFO tempest.lib.common.rest_client [req-fe7ad4a3-159e-4c28-a923-573cf9d6e06e req-fe7ad4a3-159e-4c28-a923-573cf9d6e06e ] Request (SecurityGroupsTestAdminJSON:test_list_security_groups_list_all_tenants_filter): 200 POST http://10.180.1.21/compute/v2.1/os-security-groups 2.881s
2024-09-04 19:25:57.886 62716 INFO tempest.lib.common.rest_client [req-6489949e-86c5-465c-869f-58239a1ce051 req-6489949e-86c5-465c-869f-58239a1ce051 ] Request (ServicesAdminNegativeTestJSON:test_get_service_by_invalid_params): 200 GET http://10.180.1.21/compute/v2.1/os-services 2.595s
2024-09-04 19:25:57.944 62714 INFO tempest.lib.common.rest_client [req-5ff35249-1832-4deb-9623-e84828595a6b req-5ff35249-1832-4deb-9623-e84828595a6b ] Request (ServersTestBootFromVolume:setUpClass): 200 PUT http://10.180.1.21:9696/networking/v2.0/routers/50cba957-62a2-467b-a060-40dde2f1aa10/add_router_interface 0.818s
2024-09-04 19:25:57.944 62700 INFO tempest.lib.common.rest_client [req-e5bf33c1-62fd-40d1-a9e4-3c90936a7967 req-e5bf33c1-62fd-40d1-a9e4-3c90936a7967 ] Request (HostsAdminNegativeTestJSON:test_list_hosts_with_non_admin_user): 403 GET http://10.180.1.21/compute/v2.1/os-hosts 2.567s
2024-09-04 19:25:57.944 62714 INFO tempest.lib.common.dynamic_creds [-] Created isolated network resources for: credentials: Credentials: {'domain_id': 'default', 'domain_name': 'Default', 'username': 'tempest-ServersTestBootFromVolume-1679429195-project-member', 'project_domain_id': 'default', 'project_domain_name': 'Default', 'project_id': '5dd909f61f9240498bd88e590cce5931', 'project_name': 'tempest-ServersTestBootFromVolume-1679429195', 'tenant_id': '5dd909f61f9240498bd88e590cce5931', 'tenant_name': 'tempest-ServersTestBootFromVolume-1679429195', 'user_domain_id': 'default', 'user_domain_name': 'Default', 'user_id': '56cc68ba8e3741f09d5e2afaa722dda5', 'system': None}, Network: {'id': '0497f33e-a2cd-4009-9a78-d1e36cbd2127', 'name': 'tempest-ServersTestBootFromVolume-453986652-network', 'tenant_id': '5dd909f61f9240498bd88e590cce5931', 'admin_state_up': True, 'mtu': 8950, 'status': 'ACTIVE', 'subnets': [], 'shared': False, 'project_id': '5dd909f61f9240498bd88e590cce5931', 'port_security_enabled': True, 'router:external': False, 'provider:network_type': 'vlan', 'provider:physical_network': 'default', 'provider:segmentation_id': 939, 'is_default': False, 'availability_zone_hints': [], 'availability_zones': [], 'ipv4_address_scope': None, 'ipv6_address_scope': None, 'description': '', 'tags': [], 'created_at': '2024-09-04T19:25:55Z', 'updated_at': '2024-09-04T19:25:55Z', 'revision_number': 1}, Subnet: {'id': '28d2ed34-038c-4be6-82e8-8cb06e24d1be', 'name': 'tempest-ServersTestBootFromVolume-453986652-subnet', 'tenant_id': '5dd909f61f9240498bd88e590cce5931', 'network_id': '0497f33e-a2cd-4009-9a78-d1e36cbd2127', 'ip_version': 4, 'subnetpool_id': None, 'enable_dhcp': True, 'ipv6_ra_mode': None, 'ipv6_address_mode': None, 'gateway_ip': '192.168.128.1', 'cidr': '192.168.128.0/28', 'allocation_pools': [{'start': '192.168.128.2', 'end': '192.168.128.14'}], 'host_routes': [], 'dns_nameservers': [], 'description': '', 'router:external': False, 'service_types': [], 'tags': [], 'created_at': '2024-09-04T19:25:56Z', 'updated_at': '2024-09-04T19:25:56Z', 'revision_number': 0, 'project_id': '5dd909f61f9240498bd88e590cce5931'}, Router: {'id': '50cba957-62a2-467b-a060-40dde2f1aa10', 'name': 'tempest-ServersTestBootFromVolume-453986652-router', 'tenant_id': '5dd909f61f9240498bd88e590cce5931', 'admin_state_up': True, 'status': 'ACTIVE', 'external_gateway_info': {'network_id': '2bce8e3d-f7b5-4f57-9073-c7d05555c950', 'external_fixed_ips': [{'subnet_id': 'e913b45c-b34a-49cb-bab9-02315daf1026', 'ip_address': '10.180.180.204'}], 'enable_snat': True}, 'description': '', 'availability_zones': [], 'distributed': False, 'ha': False, 'availability_zone_hints': [], 'routes': [], 'flavor_id': None, 'tags': [], 'created_at': '2024-09-04T19:25:56Z', 'updated_at': '2024-09-04T19:25:56Z', 'revision_number': 2, 'project_id': '5dd909f61f9240498bd88e590cce5931'}
2024-09-04 19:25:57.950 62720 INFO tempest.lib.common.rest_client [req-12ed5c55-d1ad-4a89-8420-7e4d3e8d3dda req-12ed5c55-d1ad-4a89-8420-7e4d3e8d3dda ] Request (HypervisorAdminNegativeTestJSON:test_get_hypervisor_list_with_non_admin_user): 403 GET http://10.180.1.21/compute/v2.1/os-hypervisors 2.313s
2024-09-04 19:25:57.970 62736 INFO tempest.lib.common.rest_client [req-8f59d1f1-f98e-4400-ab60-a01203e485b4 req-8f59d1f1-f98e-4400-ab60-a01203e485b4 ] Request (HypervisorAdminNegativeUnderV252Test:test_search_hypervisor_with_non_admin_user): 200 GET http://10.180.1.21/compute/v2.1/os-hypervisors 2.647s
2024-09-04 19:25:58.012 62710 INFO tempest.lib.common.rest_client [req-c1a0b3fe-7f5b-4cb2-8cc4-36db50baca82 req-c1a0b3fe-7f5b-4cb2-8cc4-36db50baca82 ] Request (HypervisorAdminV253TestBase:test_list_show_detail_hypervisors): 200 GET http://10.180.1.21/compute/v2.1/os-hypervisors?with_servers=True 2.041s
2024-09-04 19:25:58.022 62714 INFO tempest.lib.common.rest_client [req-85b2589e-60d6-474a-a185-e474b776af9c req-85b2589e-60d6-474a-a185-e474b776af9c ] Request (ServersTestBootFromVolume:setUpClass): 201 POST http://10.180.1.21/identity/v3/auth/tokens 0.075s
2024-09-04 19:25:58.066 62688 INFO tempest.lib.common.rest_client [req-f7de43fa-a48c-4fbe-a2ba-7657e8bf912f req-f7de43fa-a48c-4fbe-a2ba-7657e8bf912f ] Request (FlavorsAccessNegativeTestJSON:test_add_flavor_access_duplicate): 200 POST http://10.180.1.21/compute/v2.1/flavors 2.089s
2024-09-04 19:25:58.128 62686 INFO tempest.lib.common.rest_client [req-17dd36b4-3d59-4ba5-9fa4-024567063c9e req-17dd36b4-3d59-4ba5-9fa4-024567063c9e ] Request (AZAdminNegativeTestJSON:tearDownClass): 200 GET http://10.180.1.21:9696/networking/v2.0/security-groups?tenant_id=fae90aa2d58f435899eff84f8359d882&name=default 0.522s
2024-09-04 19:25:58.147 62680 INFO tempest.lib.common.rest_client [req-04875692-5d8d-4d10-8f89-9361707af292 req-04875692-5d8d-4d10-8f89-9361707af292 ] Request (FlavorsAccessTestJSON:test_flavor_access_add_remove): 200 POST http://10.180.1.21/compute/v2.1/flavors/1278146968/action 2.053s
2024-09-04 19:25:58.162 62692 INFO tempest.lib.common.rest_client [req-a4345455-e3b8-4c33-b204-61654927c409 req-a4345455-e3b8-4c33-b204-61654927c409 ] Request (HypervisorAdminUnderV252Test:test_search_hypervisor): 200 GET http://10.180.1.21/compute/v2.1/os-hypervisors 1.837s
2024-09-04 19:25:58.194 62732 INFO tempest.lib.common.rest_client [req-b2fc1ff2-0970-4bb3-821b-13d609132457 req-b2fc1ff2-0970-4bb3-821b-13d609132457 ] Request (ListImageFiltersTestJSON:setUpClass): 200 GET http://10.180.1.21/compute/v2.1/images/63143ff4-5cef-47e4-be79-0db0d7998497 1.748s
2024-09-04 19:25:58.242 62686 INFO tempest.lib.common.rest_client [req-d93e2d59-3af8-451b-864d-ac475b628d44 req-d93e2d59-3af8-451b-864d-ac475b628d44 ] Request (AZAdminNegativeTestJSON:tearDownClass): 204 DELETE http://10.180.1.21:9696/networking/v2.0/security-groups/a101f075-00fb-4df8-a362-12840fb437fa 0.114s
2024-09-04 19:25:58.246 62724 INFO tempest.lib.common.rest_client [req-dc471101-ace3-4107-828b-e3223ed9786e req-dc471101-ace3-4107-828b-e3223ed9786e ] Request (FlavorsV2NegativeTest:test_boot_with_low_ram): 400 POST http://10.180.1.21/compute/v2.1/servers 2.163s
2024-09-04 19:25:58.313 62674 INFO tempest.lib.common.rest_client [req-4fabae26-12ce-47fe-918c-632fb852f261 req-4fabae26-12ce-47fe-918c-632fb852f261 ] Request (DeleteServersAdminTestJSON:test_admin_delete_servers_of_others): 200 GET http://10.180.1.21/compute/v2.1/servers/7c68eeed-c7af-49e9-9456-7bc68a1cfc49 1.862s
2024-09-04 19:25:58.322 62724 INFO tempest.lib.common.rest_client [req-ac97f088-4654-4e6a-ba30-8265b42bf93c req-ac97f088-4654-4e6a-ba30-8265b42bf93c ] Request (FlavorsV2NegativeTest:_run_cleanups): 204 DELETE http://10.180.1.21/image/v2/images/6dbbde65-aa25-4ae0-bc73-6b6aea913cdf 0.075s
2024-09-04 19:25:58.323 62722 INFO tempest.lib.common.rest_client [req-bdad5eed-aef3-48d0-8e3f-a65e46158e66 req-bdad5eed-aef3-48d0-8e3f-a65e46158e66 ] Request (FlavorsV255TestJSON:test_crud_flavor): 200 GET http://10.180.1.21/compute/v2.1/flavors/212020588 1.767s
2024-09-04 19:25:58.328 62686 INFO tempest.lib.common.rest_client [req-716a52b5-aa26-4a93-9058-8b4b6c4680b6 req-716a52b5-aa26-4a93-9058-8b4b6c4680b6 ] Request (AZAdminNegativeTestJSON:tearDownClass): 204 DELETE http://10.180.1.21/identity/v3/projects/fae90aa2d58f435899eff84f8359d882 0.085s
2024-09-04 19:25:58.328 62686 INFO tempest.lib.common.dynamic_creds [-] Deleting project and security group for project: 44792080433e49daa29b9ec5562c2a7f
2024-09-04 19:25:58.357 62730 INFO tempest.lib.common.rest_client [req-6876037d-550c-4458-9729-bdb37f729079 req-6876037d-550c-4458-9729-bdb37f729079 ] Request (ServersWithSpecificFlavorTestJSON:setUpClass): 201 POST http://10.180.1.21:9696/networking/v2.0/routers 1.548s
2024-09-04 19:25:58.429 62699 INFO tempest.lib.common.rest_client [req-6c3e2fa8-aac9-4984-9991-2e10748552b9 req-6c3e2fa8-aac9-4984-9991-2e10748552b9 ] Request (QuotaClassesAdmin257Test:test_update_default_quotas): 200 PUT http://10.180.1.21/compute/v2.1/os-quota-class-sets/default 1.725s
2024-09-04 19:25:58.471 62686 INFO tempest.lib.common.rest_client [req-b57b93f4-b37b-4ace-8ba7-d608421563a2 req-b57b93f4-b37b-4ace-8ba7-d608421563a2 ] Request (AZAdminNegativeTestJSON:tearDownClass): 200 GET http://10.180.1.21:9696/networking/v2.0/security-groups?tenant_id=44792080433e49daa29b9ec5562c2a7f&name=default 0.142s
2024-09-04 19:25:58.473 62724 INFO tempest.lib.common.rest_client [req-2b0b13ea-ca56-40ca-8012-2c53372a7ced req-2b0b13ea-ca56-40ca-8012-2c53372a7ced ] Request (FlavorsV2NegativeTest:tearDownClass): 204 DELETE http://10.180.1.21/identity/v3/users/d0374feb9d2841689aedb745ca1c164e 0.141s
2024-09-04 19:25:58.473 62724 INFO tempest.lib.common.dynamic_creds [-] Deleting project and security group for project: 0b3221cd4f294ebdaacf15010fd09e38
2024-09-04 19:25:58.481 62718 INFO tempest.lib.common.rest_client [req-dffc02c9-5826-4b31-9575-954342c26caf req-dffc02c9-5826-4b31-9575-954342c26caf ] Request (ServersTestJSON:setUpClass): 200 POST http://10.180.1.21/compute/v2.1/os-keypairs 1.843s
2024-09-04 19:25:58.537 62724 INFO tempest.lib.common.rest_client [req-e43f8f4b-1e27-4984-96a3-293b0579be7c req-e43f8f4b-1e27-4984-96a3-293b0579be7c ] Request (FlavorsV2NegativeTest:tearDownClass): 201 POST http://10.180.1.21/identity/v3/auth/tokens 0.063s
2024-09-04 19:25:58.653 62686 INFO tempest.lib.common.rest_client [req-a99f4442-6299-4ad1-ad90-1731be07a815 req-a99f4442-6299-4ad1-ad90-1731be07a815 ] Request (AZAdminNegativeTestJSON:tearDownClass): 204 DELETE http://10.180.1.21:9696/networking/v2.0/security-groups/bf76713f-dab7-495a-9f79-dbe28748200c 0.182s
2024-09-04 19:25:58.657 62718 INFO tempest.lib.common.rest_client [req-3cb2a98b-8226-4e08-8d68-ada86912d75b req-3cb2a98b-8226-4e08-8d68-ada86912d75b ] Request (ServersTestJSON:setUpClass): 201 POST http://10.180.1.21:9696/networking/v2.0/security-groups 0.172s
2024-09-04 19:25:58.720 62686 INFO tempest.lib.common.rest_client [req-d38abc86-e0ae-4f18-80e7-b60293f9fa6e req-d38abc86-e0ae-4f18-80e7-b60293f9fa6e ] Request (AZAdminNegativeTestJSON:tearDownClass): 204 DELETE http://10.180.1.21/identity/v3/projects/44792080433e49daa29b9ec5562c2a7f 0.067s
2024-09-04 19:25:58.722 62686 INFO tempest.test [-] raised in LiveAutoBlockMigrationV225Test.setUpClass. Invoking tearDownClass.
2024-09-04 19:25:58.770 62718 INFO tempest.lib.common.rest_client [req-5a0f3897-b0be-44bb-b2f6-78927de3164c req-5a0f3897-b0be-44bb-b2f6-78927de3164c ] Request (ServersTestJSON:setUpClass): 201 POST http://10.180.1.21:9696/networking/v2.0/security-group-rules 0.112s
2024-09-04 19:25:58.811 62686 INFO tempest.lib.common.rest_client [req-e9156f55-90ce-4a12-ae85-15825a2d6e32 req-e9156f55-90ce-4a12-ae85-15825a2d6e32 ] Request (QuotasSecurityGroupAdminNegativeTest:setUpClass): 201 POST http://10.180.1.21/identity/v3/auth/tokens 0.084s
2024-09-04 19:25:58.873 62718 INFO tempest.lib.common.rest_client [req-741a03dc-c5dd-484d-a18b-bae1defef2af req-741a03dc-c5dd-484d-a18b-bae1defef2af ] Request (ServersTestJSON:setUpClass): 201 POST http://10.180.1.21:9696/networking/v2.0/security-group-rules 0.102s
2024-09-04 19:25:58.885 62734 INFO tempest.lib.common.rest_client [req-b8b2a5a4-c35d-4689-8698-bca903189a19 req-b8b2a5a4-c35d-4689-8698-bca903189a19 ] Request (SecurityGroupRulesNegativeTestJSON:test_create_security_group_rule_duplicate): 200 POST http://10.180.1.21/compute/v2.1/os-security-group-rules 2.163s
2024-09-04 19:25:58.897 62686 INFO tempest.lib.common.rest_client [req-36cd80d9-8c38-4bfd-b100-fe65d2c5bbde req-36cd80d9-8c38-4bfd-b100-fe65d2c5bbde ] Request (QuotasSecurityGroupAdminNegativeTest:setUpClass): 201 POST http://10.180.1.21/identity/v3/auth/tokens 0.037s
2024-09-04 19:25:58.915 62712 INFO tempest.lib.common.rest_client [req-114acd00-cec8-434b-8db7-7cc73254cdef req-114acd00-cec8-434b-8db7-7cc73254cdef ] Request (AZAdminV2TestJSON:test_get_availability_zone_list_detail): 200 GET http://10.180.1.21/compute/v2.1/os-availability-zone/detail 2.037s
2024-09-04 19:25:58.935 62686 INFO tempest.lib.common.rest_client [req-ce7bccdb-912a-457c-a9f4-2ccde8680671 req-ce7bccdb-912a-457c-a9f4-2ccde8680671 ] Request (QuotasSecurityGroupAdminNegativeTest:setUpClass): 200 GET http://10.180.1.21/identity/v3/domains?name=Default 0.037s
2024-09-04 19:25:58.949 62702 INFO tempest.lib.common.rest_client [req-03f70285-3558-4822-90d6-fa37e8c05ad1 req-03f70285-3558-4822-90d6-fa37e8c05ad1 ] Request (AggregatesAdminNegativeTestJSON:test_aggregate_add_existent_host): 200 POST http://10.180.1.21/compute/v2.1/os-aggregates 1.992s
2024-09-04 19:25:58.977 62682 INFO tempest.lib.common.rest_client [req-83cbe88b-d945-4d11-a95e-f82521986bc7 req-83cbe88b-d945-4d11-a95e-f82521986bc7 ] Request (FlavorsExtraSpecsTestJSON:test_flavor_non_admin_get_all_keys): 200 POST http://10.180.1.21/compute/v2.1/flavors/254988005/os-extra_specs 1.948s
2024-09-04 19:25:58.987 62686 INFO tempest.lib.common.rest_client [req-5123dc4d-6899-4583-97c4-28df5391678c req-5123dc4d-6899-4583-97c4-28df5391678c ] Request (QuotasSecurityGroupAdminNegativeTest:setUpClass): 201 POST http://10.180.1.21/identity/v3/projects 0.052s
2024-09-04 19:25:58.995 62706 INFO tempest.lib.common.rest_client [req-5eec2e09-19f7-410b-b954-d3416e9ec059 req-5eec2e09-19f7-410b-b954-d3416e9ec059 ] Request (ServicesAdminTestJSON:test_get_service_by_host_name): 200 GET http://10.180.1.21/compute/v2.1/os-services?host=devstack 1.877s
2024-09-04 19:25:59.013 62724 INFO tempest.lib.common.rest_client [req-9d1f898e-9fb6-4a0a-91db-a49715549bbb req-9d1f898e-9fb6-4a0a-91db-a49715549bbb ] Request (FlavorsV2NegativeTest:tearDownClass): 200 GET http://10.180.1.21:9696/networking/v2.0/security-groups?tenant_id=0b3221cd4f294ebdaacf15010fd09e38&name=default 0.476s
2024-09-04 19:25:59.066 62712 INFO tempest.lib.common.rest_client [req-63b9e349-5bd9-4fb9-b454-42d06f51f7a0 req-63b9e349-5bd9-4fb9-b454-42d06f51f7a0 ] Request (AZAdminV2TestJSON:tearDownClass): 204 DELETE http://10.180.1.21/identity/v3/users/ccf1ea8d5e4a415d89c4f6400a7aae38 0.144s
2024-09-04 19:25:59.067 62684 INFO tempest.lib.common.rest_client [req-102b3741-df6d-4f24-8203-fde67da6be2f req-102b3741-df6d-4f24-8203-fde67da6be2f ] Request (ServerDiagnosticsTest:test_get_server_diagnostics): 202 POST http://10.180.1.21/compute/v2.1/servers 2.178s
2024-09-04 19:25:59.097 62727 INFO tempest.lib.common.rest_client [req-c3b32db3-c653-468d-b6f0-1691b3aa34b5 req-c3b32db3-c653-468d-b6f0-1691b3aa34b5 ] Request (FlavorsV261TestJSON:test_crud_flavor): 200 GET http://10.180.1.21/compute/v2.1/flavors/detail 1.925s
2024-09-04 19:25:59.130 62686 INFO tempest.lib.common.rest_client [req-397ccdb1-1e9a-4386-98c0-d5f4011bf75d req-397ccdb1-1e9a-4386-98c0-d5f4011bf75d ] Request (QuotasSecurityGroupAdminNegativeTest:setUpClass): 201 POST http://10.180.1.21/identity/v3/users 0.142s
2024-09-04 19:25:59.130 62694 INFO tempest.lib.common.rest_client [req-a666bf2c-dd72-4dce-8037-c658e57de35c req-a666bf2c-dd72-4dce-8037-c658e57de35c ] Request (ServicesAdminNegativeV253TestJSON:test_get_service_by_invalid_params): 200 GET http://10.180.1.21/compute/v2.1/os-services?xxx=nova-compute 1.770s
2024-09-04 19:25:59.131 62676 INFO tempest.lib.common.rest_client [req-0f95f506-99a8-464b-afb0-0ced0ff306d6 req-0f95f506-99a8-464b-afb0-0ced0ff306d6 ] Request (ServerDiagnosticsNegativeTest:test_get_server_diagnostics_by_non_admin): 200 GET http://10.180.1.21/compute/v2.1/servers/8b121565-37ff-4692-b5bc-67a243b9dbf8 1.972s
2024-09-04 19:25:59.165 62690 INFO tempest.lib.common.rest_client [req-c0eee07c-9850-4645-a9ed-4d7fea04f579 req-c0eee07c-9850-4645-a9ed-4d7fea04f579 ] Request (FlavorsAdminTestJSON:_run_cleanups): 202 DELETE http://10.180.1.21/compute/v2.1/flavors/447865243 1.715s
2024-09-04 19:25:59.169 62704 INFO tempest.lib.common.rest_client [req-7f0f6fe1-d760-4a9c-9cbc-3f6247a56265 req-7f0f6fe1-d760-4a9c-9cbc-3f6247a56265 ] Request (HostsAdminTestJSON:test_list_hosts_with_a_blank_zone): 200 GET http://10.180.1.21/compute/v2.1/os-hosts?zone= 1.596s
2024-09-04 19:25:59.175 62686 INFO tempest.lib.common.rest_client [req-dd0344ae-702e-4e82-98a9-0335c936e16b req-dd0344ae-702e-4e82-98a9-0335c936e16b ] Request (QuotasSecurityGroupAdminNegativeTest:setUpClass): 200 GET http://10.180.1.21/identity/v3/roles 0.045s
2024-09-04 19:25:59.196 62728 INFO tempest.lib.common.rest_client [req-9ba54982-65b9-41df-90cb-ecd2add785a4 req-9ba54982-65b9-41df-90cb-ecd2add785a4 ] Request (InstanceUsageAuditLogTestJSON:test_list_instance_usage_audit_logs): 200 GET http://10.180.1.21/compute/v2.1/os-instance_usage_audit_log 1.492s
2024-09-04 19:25:59.218 62712 INFO tempest.lib.common.rest_client [req-66f8e7e3-f4be-466b-bfbe-371f407bdc3c req-66f8e7e3-f4be-466b-bfbe-371f407bdc3c ] Request (AZAdminV2TestJSON:tearDownClass): 204 DELETE http://10.180.1.21/identity/v3/users/c4043a0705e04f0c92b18c4880996ffa 0.151s
2024-09-04 19:25:59.218 62712 INFO tempest.lib.common.dynamic_creds [-] Deleting project and security group for project: afcc7e10e935477993c15604e910b354
2024-09-04 19:25:59.289 62686 INFO tempest.lib.common.rest_client [req-428e0365-6100-4cb0-beb3-ec20eff9a13f req-428e0365-6100-4cb0-beb3-ec20eff9a13f ] Request (QuotasSecurityGroupAdminNegativeTest:setUpClass): 204 PUT http://10.180.1.21/identity/v3/projects/9e0cce9230e144fdb54b589416cd43d3/users/a397d08e5c044b748702c8a0eaf8bc5f/roles/6670f7105d2b47c49eb73258ad2290dc 0.113s
2024-09-04 19:25:59.289 62686 INFO tempest.lib.common.dynamic_creds [-] Dynamic test user a397d08e5c044b748702c8a0eaf8bc5f is created with scope project and roles: ['member']
2024-09-04 19:25:59.289 62686 INFO tempest.lib.common.dynamic_creds [-] Acquired dynamic creds: credentials: Credentials: {'domain_id': 'default', 'domain_name': 'Default', 'username': 'tempest-QuotasSecurityGroupAdminNegativeTest-1958527981-project-member', 'project_domain_id': 'default', 'project_domain_name': 'Default', 'project_id': '9e0cce9230e144fdb54b589416cd43d3', 'project_name': 'tempest-QuotasSecurityGroupAdminNegativeTest-1958527981', 'tenant_id': '9e0cce9230e144fdb54b589416cd43d3', 'tenant_name': 'tempest-QuotasSecurityGroupAdminNegativeTest-1958527981', 'user_domain_id': 'default', 'user_domain_name': 'Default', 'user_id': 'a397d08e5c044b748702c8a0eaf8bc5f', 'system': None}, Network: None, Subnet: None, Router: None
2024-09-04 19:25:59.289 62686 INFO tempest.lib.common.dynamic_creds [-] Created isolated network resources for: credentials: Credentials: {'domain_id': 'default', 'domain_name': 'Default', 'username': 'tempest-QuotasSecurityGroupAdminNegativeTest-1958527981-project-member', 'project_domain_id': 'default', 'project_domain_name': 'Default', 'project_id': '9e0cce9230e144fdb54b589416cd43d3', 'project_name': 'tempest-QuotasSecurityGroupAdminNegativeTest-1958527981', 'tenant_id': '9e0cce9230e144fdb54b589416cd43d3', 'tenant_name': 'tempest-QuotasSecurityGroupAdminNegativeTest-1958527981', 'user_domain_id': 'default', 'user_domain_name': 'Default', 'user_id': 'a397d08e5c044b748702c8a0eaf8bc5f', 'system': None}, Network: None, Subnet: None, Router: None
2024-09-04 19:25:59.329 62724 INFO tempest.lib.common.rest_client [req-10cd86af-86c4-47e8-9158-722ad9c526b9 req-10cd86af-86c4-47e8-9158-722ad9c526b9 ] Request (FlavorsV2NegativeTest:tearDownClass): 204 DELETE http://10.180.1.21:9696/networking/v2.0/security-groups/0c3e0ffb-26cb-44e4-95e7-81c348e8327b 0.316s
2024-09-04 19:25:59.341 62708 INFO tempest.lib.common.rest_client [req-e0aa15e9-8485-4d50-b0dd-d3fe64d2c94b req-e0aa15e9-8485-4d50-b0dd-d3fe64d2c94b ] Request (FlavorsExtraSpecsNegativeTestJSON:test_flavor_get_nonexistent_key): 404 GET http://10.180.1.21/compute/v2.1/flavors/1641218347/os-extra_specs/hw:cpu_thread_policy 1.557s
2024-09-04 19:25:59.369 62716 INFO tempest.lib.common.rest_client [req-67414450-088e-4516-8d60-aec1815a8f7b req-67414450-088e-4516-8d60-aec1815a8f7b ] Request (ServicesAdminNegativeTestJSON:test_get_service_by_invalid_params): 200 GET http://10.180.1.21/compute/v2.1/os-services?xxx=nova-compute 1.480s
2024-09-04 19:25:59.375 62720 INFO tempest.lib.common.rest_client [req-7d39faed-9e93-46dd-be77-a13d175abd3f req-7d39faed-9e93-46dd-be77-a13d175abd3f ] Request (HypervisorAdminNegativeTestJSON:test_get_hypervisor_stats_with_non_admin_user): 403 GET http://10.180.1.21/compute/v2.1/os-hypervisors/statistics 1.424s
2024-09-04 19:25:59.382 62712 INFO tempest.lib.common.rest_client [req-c0c92fb3-2c64-4417-8240-223fd35e8267 req-c0c92fb3-2c64-4417-8240-223fd35e8267 ] Request (AZAdminV2TestJSON:tearDownClass): 201 POST http://10.180.1.21/identity/v3/auth/tokens 0.164s
2024-09-04 19:25:59.418 62728 INFO tempest.lib.common.rest_client [req-dcd1f2b5-1b47-4de3-95c1-ebcf918b8d47 req-dcd1f2b5-1b47-4de3-95c1-ebcf918b8d47 ] Request (InstanceUsageAuditLogTestJSON:tearDownClass): 204 DELETE http://10.180.1.21/identity/v3/users/64fef1b092274d9590e3446ed8f005ed 0.216s
2024-09-04 19:25:59.480 62686 INFO tempest.lib.common.rest_client [req-47c3ee5f-e55c-4e83-bbe3-02fbe71a8ef4 req-47c3ee5f-e55c-4e83-bbe3-02fbe71a8ef4 ] Request (QuotasSecurityGroupAdminNegativeTest:setUpClass): 201 POST http://10.180.1.21/identity/v3/auth/tokens 0.186s
2024-09-04 19:25:59.498 62678 INFO tempest.lib.common.rest_client [req-891a01e9-0fff-4825-913e-ef7b1edb9662 req-891a01e9-0fff-4825-913e-ef7b1edb9662 ] Request (SecurityGroupsTestAdminJSON:test_list_security_groups_list_all_tenants_filter): 200 POST http://10.180.1.21/compute/v2.1/os-security-groups 1.622s
2024-09-04 19:25:59.506 62700 INFO tempest.lib.common.rest_client [req-7c0d7568-97d8-4ac7-8363-2cac94d85704 req-7c0d7568-97d8-4ac7-8363-2cac94d85704 ] Request (HostsAdminNegativeTestJSON:test_reboot_host_with_non_admin_user): 403 GET http://10.180.1.21/compute/v2.1/os-hosts/devstack/reboot 1.513s
2024-09-04 19:25:59.524 62718 INFO tempest.lib.common.rest_client [req-9a0c9c89-aef9-47cc-9727-9c838d35ef76 req-9a0c9c89-aef9-47cc-9727-9c838d35ef76 ] Request (ServersTestJSON:setUpClass): 201 POST http://10.180.1.21:9696/networking/v2.0/floatingips 0.650s
2024-09-04 19:25:59.532 62724 INFO tempest.lib.common.rest_client [req-dc14b1be-fa18-44cc-b36d-ab0d08a6093e req-dc14b1be-fa18-44cc-b36d-ab0d08a6093e ] Request (FlavorsV2NegativeTest:tearDownClass): 204 DELETE http://10.180.1.21/identity/v3/projects/0b3221cd4f294ebdaacf15010fd09e38 0.202s
2024-09-04 19:25:59.534 62710 INFO tempest.lib.common.rest_client [req-6c47e0c2-7270-4d9e-9ec4-64b2f2938b57 req-6c47e0c2-7270-4d9e-9ec4-64b2f2938b57 ] Request (HypervisorAdminV253TestBase:test_list_show_detail_hypervisors): 200 GET http://10.180.1.21/compute/v2.1/os-hypervisors/794731a1-f7e5-413e-9f0a-303cab9ac89f 1.519s
2024-09-04 19:25:59.649 62736 INFO tempest.lib.common.rest_client [req-0003878e-8fa6-40cf-9cbb-98b335ea6fc6 req-0003878e-8fa6-40cf-9cbb-98b335ea6fc6 ] Request (HypervisorAdminNegativeUnderV252Test:test_search_hypervisor_with_non_admin_user): 403 GET http://10.180.1.21/compute/v2.1/os-hypervisors/domain-c8.fc996f14-c53b-4953-92e3-bdfa48f5cc28/search 1.678s
2024-09-04 19:25:59.671 62686 INFO tempest.lib.common.rest_client [req-4b1df7f7-68c4-4402-89d6-b27d30171cfe req-4b1df7f7-68c4-4402-89d6-b27d30171cfe ] Request (QuotasSecurityGroupAdminNegativeTest:setUpClass): 201 POST http://10.180.1.21/identity/v3/projects 0.190s
2024-09-04 19:25:59.725 62728 INFO tempest.lib.common.rest_client [req-ce85e125-db57-44de-bdab-645beec45a5a req-ce85e125-db57-44de-bdab-645beec45a5a ] Request (InstanceUsageAuditLogTestJSON:tearDownClass): 204 DELETE http://10.180.1.21/identity/v3/users/17a15adbab60471fa05a1c6a0188f1ce 0.306s
2024-09-04 19:25:59.725 62728 INFO tempest.lib.common.dynamic_creds [-] Deleting project and security group for project: b80947a585344ce7a828e3986772c303
2024-09-04 19:25:59.729 62718 INFO tempest.lib.common.rest_client [req-a2a3ff5d-31a9-43e6-ba75-a8447a87aa59 req-a2a3ff5d-31a9-43e6-ba75-a8447a87aa59 ] Request (ServersTestJSON:setUpClass): 201 POST http://10.180.1.21/identity/v3/auth/tokens 0.202s
2024-09-04 19:25:59.729 62718 INFO tempest.lib.common.fixed_network [-] (ServersTestJSON:setUpClass) Found network {'id': '68b5144b-d9c0-4ccb-b761-67c6b2934f3c', 'name': 'tempest-ServersTestJSON-647483663-network', 'tenant_id': '234240a43feb4b9c84ce2ee20691aa57', 'admin_state_up': True, 'mtu': 8950, 'status': 'ACTIVE', 'subnets': [], 'shared': False, 'project_id': '234240a43feb4b9c84ce2ee20691aa57', 'port_security_enabled': True, 'router:external': False, 'provider:network_type': 'vlan', 'provider:physical_network': 'default', 'provider:segmentation_id': 731, 'is_default': False, 'availability_zone_hints': [], 'availability_zones': [], 'ipv4_address_scope': None, 'ipv6_address_scope': None, 'description': '', 'tags': [], 'created_at': '2024-09-04T19:25:54Z', 'updated_at': '2024-09-04T19:25:54Z', 'revision_number': 1} available for tenant
2024-09-04 19:25:59.785 62712 INFO tempest.lib.common.rest_client [req-6bd8854e-0cf3-4d11-b789-421b1be2effe req-6bd8854e-0cf3-4d11-b789-421b1be2effe ] Request (AZAdminV2TestJSON:tearDownClass): 200 GET http://10.180.1.21:9696/networking/v2.0/security-groups?tenant_id=afcc7e10e935477993c15604e910b354&name=default 0.402s
2024-09-04 19:25:59.816 62724 INFO tempest.lib.common.rest_client [req-ce20d6c7-ac1c-49eb-abf0-e24a209a43d6 req-ce20d6c7-ac1c-49eb-abf0-e24a209a43d6 ] Request (FloatingIPDetailsNegativeTestJSON:setUpClass): 201 POST http://10.180.1.21/identity/v3/auth/tokens 0.281s
2024-09-04 19:25:59.861 62686 INFO tempest.lib.common.rest_client [req-c02d1190-f7a7-405e-a637-6de3f53cdec9 req-c02d1190-f7a7-405e-a637-6de3f53cdec9 ] Request (QuotasSecurityGroupAdminNegativeTest:setUpClass): 201 POST http://10.180.1.21/identity/v3/users 0.189s
2024-09-04 19:25:59.886 62714 INFO tempest.lib.common.rest_client [req-5389dd1f-af5d-4f3b-bba8-43c30c5e1fe5 req-5389dd1f-af5d-4f3b-bba8-43c30c5e1fe5 ] Request (ServersTestBootFromVolume:setUpClass): 200 POST http://10.180.1.21/compute/v2.1/os-keypairs 1.858s
2024-09-04 19:25:59.902 62710 INFO tempest.lib.common.rest_client [req-fc5e6a0f-35a2-4810-b851-b054fb8aacfe req-fc5e6a0f-35a2-4810-b851-b054fb8aacfe ] Request (HypervisorAdminV253TestBase:tearDownClass): 204 DELETE http://10.180.1.21/identity/v3/users/b124cae3d3fe492b976efb5b965c39b2 0.308s
2024-09-04 19:25:59.918 62728 INFO tempest.lib.common.rest_client [req-602d8e4d-868f-4cce-870d-8433afdf671d req-602d8e4d-868f-4cce-870d-8433afdf671d ] Request (InstanceUsageAuditLogTestJSON:tearDownClass): 201 POST http://10.180.1.21/identity/v3/auth/tokens 0.192s
2024-09-04 19:25:59.929 62696 INFO tempest.lib.common.rest_client [req-82101912-d968-4ef1-b971-402884ca418e req-82101912-d968-4ef1-b971-402884ca418e ] Request (VolumesAssistedSnapshotsTest:setUpClass): 200 PUT http://10.180.1.21:9696/networking/v2.0/routers/7f81b6e1-25ac-4829-9f92-ab4c4c5ed6ad/add_router_interface 2.262s
2024-09-04 19:25:59.929 62696 INFO tempest.lib.common.dynamic_creds [-] Created isolated network resources for: credentials: Credentials: {'domain_id': 'default', 'domain_name': 'Default', 'username': 'tempest-VolumesAssistedSnapshotsTest-1688381075-project-admin', 'project_domain_id': 'default', 'project_domain_name': 'Default', 'project_id': 'eee80ff1a5774acba159a6f38873f795', 'project_name': 'tempest-VolumesAssistedSnapshotsTest-1688381075', 'tenant_id': 'eee80ff1a5774acba159a6f38873f795', 'tenant_name': 'tempest-VolumesAssistedSnapshotsTest-1688381075', 'user_domain_id': 'default', 'user_domain_name': 'Default', 'user_id': '4c2f0efd6dfc4ada8053f607e1324866', 'system': None}, Network: {'id': 'e61ac9fe-239d-4355-ac02-6daa0fb7f48d', 'name': 'tempest-VolumesAssistedSnapshotsTest-46574002-network', 'tenant_id': 'eee80ff1a5774acba159a6f38873f795', 'admin_state_up': True, 'mtu': 8950, 'status': 'ACTIVE', 'subnets': [], 'shared': False, 'project_id': 'eee80ff1a5774acba159a6f38873f795', 'port_security_enabled': True, 'router:external': False, 'provider:network_type': 'vlan', 'provider:physical_network': 'default', 'provider:segmentation_id': 629, 'is_default': False, 'availability_zone_hints': [], 'availability_zones': [], 'ipv4_address_scope': None, 'ipv6_address_scope': None, 'description': '', 'tags': [], 'created_at': '2024-09-04T19:25:56Z', 'updated_at': '2024-09-04T19:25:56Z', 'revision_number': 1}, Subnet: {'id': '0f36f193-4c00-4442-bc90-98af3da8d270', 'name': 'tempest-VolumesAssistedSnapshotsTest-46574002-subnet', 'tenant_id': 'eee80ff1a5774acba159a6f38873f795', 'network_id': 'e61ac9fe-239d-4355-ac02-6daa0fb7f48d', 'ip_version': 4, 'subnetpool_id': None, 'enable_dhcp': True, 'ipv6_ra_mode': None, 'ipv6_address_mode': None, 'gateway_ip': '192.168.128.1', 'cidr': '192.168.128.0/28', 'allocation_pools': [{'start': '192.168.128.2', 'end': '192.168.128.14'}], 'host_routes': [], 'dns_nameservers': [], 'description': '', 'router:external': False, 'service_types': [], 'tags': [], 'created_at': '2024-09-04T19:25:56Z', 'updated_at': '2024-09-04T19:25:56Z', 'revision_number': 0, 'project_id': 'eee80ff1a5774acba159a6f38873f795'}, Router: {'id': '7f81b6e1-25ac-4829-9f92-ab4c4c5ed6ad', 'name': 'tempest-VolumesAssistedSnapshotsTest-46574002-router', 'tenant_id': 'eee80ff1a5774acba159a6f38873f795', 'admin_state_up': True, 'status': 'ACTIVE', 'external_gateway_info': {'network_id': '2bce8e3d-f7b5-4f57-9073-c7d05555c950', 'external_fixed_ips': [{'subnet_id': 'e913b45c-b34a-49cb-bab9-02315daf1026', 'ip_address': '10.180.180.191'}], 'enable_snat': True}, 'description': '', 'availability_zones': [], 'distributed': False, 'ha': False, 'availability_zone_hints': [], 'routes': [], 'flavor_id': None, 'tags': [], 'created_at': '2024-09-04T19:25:56Z', 'updated_at': '2024-09-04T19:25:57Z', 'revision_number': 2, 'project_id': 'eee80ff1a5774acba159a6f38873f795'}
2024-09-04 19:25:59.944 62712 INFO tempest.lib.common.rest_client [req-a93be138-c868-4c00-af9b-3048a40de7cc req-a93be138-c868-4c00-af9b-3048a40de7cc ] Request (AZAdminV2TestJSON:tearDownClass): 204 DELETE http://10.180.1.21:9696/networking/v2.0/security-groups/5e4b28a2-5600-469e-844e-26073091c539 0.158s
2024-09-04 19:25:59.963 62724 INFO tempest.lib.common.rest_client [req-e557a3dc-8c97-40fe-9294-6ac8abf36af6 req-e557a3dc-8c97-40fe-9294-6ac8abf36af6 ] Request (FloatingIPDetailsNegativeTestJSON:setUpClass): 201 POST http://10.180.1.21/identity/v3/auth/tokens 0.142s
2024-09-04 19:25:59.989 62686 INFO tempest.lib.common.rest_client [req-d6a988ac-a4af-44e4-9386-48cd039f5347 req-d6a988ac-a4af-44e4-9386-48cd039f5347 ] Request (QuotasSecurityGroupAdminNegativeTest:setUpClass): 200 GET http://10.180.1.21/identity/v3/roles 0.128s
2024-09-04 19:26:00.041 62714 INFO tempest.lib.common.rest_client [req-7144bfa0-ba2f-4c2f-90b7-5b7c1a61512d req-7144bfa0-ba2f-4c2f-90b7-5b7c1a61512d ] Request (ServersTestBootFromVolume:setUpClass): 201 POST http://10.180.1.21:9696/networking/v2.0/security-groups 0.153s
2024-09-04 19:26:00.079 62688 INFO tempest.lib.common.rest_client [req-63af862d-bb2b-4c09-bb29-2247a9162622 req-63af862d-bb2b-4c09-bb29-2247a9162622 ] Request (FlavorsAccessNegativeTestJSON:test_add_flavor_access_duplicate): 200 POST http://10.180.1.21/compute/v2.1/flavors/2130596634/action 2.010s
2024-09-04 19:26:00.107 62680 INFO tempest.lib.common.rest_client [req-7e185019-f550-4cef-adfa-cd18ab7cec2c req-7e185019-f550-4cef-adfa-cd18ab7cec2c ] Request (FlavorsAccessTestJSON:test_flavor_access_add_remove): 200 GET http://10.180.1.21/compute/v2.1/flavors/detail 1.959s
2024-09-04 19:26:00.110 62692 INFO tempest.lib.common.rest_client [req-c9549d21-c906-4220-af97-c008e9f2130a req-c9549d21-c906-4220-af97-c008e9f2130a ] Request (HypervisorAdminUnderV252Test:test_search_hypervisor): 200 GET http://10.180.1.21/compute/v2.1/os-hypervisors/domain-c8.fc996f14-c53b-4953-92e3-bdfa48f5cc28/search 1.945s
2024-09-04 19:26:00.113 62710 INFO tempest.lib.common.rest_client [req-02a380b6-1327-449e-90a8-07ecf16a4db3 req-02a380b6-1327-449e-90a8-07ecf16a4db3 ] Request (HypervisorAdminV253TestBase:tearDownClass): 204 DELETE http://10.180.1.21/identity/v3/users/c239f6d6c8084500954eda0ca0dc3918 0.211s
2024-09-04 19:26:00.113 62710 INFO tempest.lib.common.dynamic_creds [-] Deleting project and security group for project: aba9efc58f5d4a0d9fcc7c4ab796d5b2
2024-09-04 19:26:00.146 62722 INFO tempest.lib.common.rest_client [req-461d5567-b243-4f60-8bee-9406302b6d19 req-461d5567-b243-4f60-8bee-9406302b6d19 ] Request (FlavorsV255TestJSON:test_crud_flavor): 200 PUT http://10.180.1.21/compute/v2.1/flavors/212020588 1.819s
2024-09-04 19:26:00.149 62732 INFO tempest.lib.common.rest_client [req-3ffb6f44-0441-4b4c-88f8-874870d3a92a req-3ffb6f44-0441-4b4c-88f8-874870d3a92a ] Request (ListImageFiltersTestJSON:setUpClass): 200 GET http://10.180.1.21/compute/v2.1/images/63143ff4-5cef-47e4-be79-0db0d7998497 1.951s
2024-09-04 19:26:00.162 62699 INFO tempest.lib.common.rest_client [req-e23e153c-cb62-4b9c-8f50-bf08a7fbebae req-e23e153c-cb62-4b9c-8f50-bf08a7fbebae ] Request (QuotaClassesAdmin257Test:test_update_default_quotas): 200 GET http://10.180.1.21/compute/v2.1/os-quota-class-sets/default 1.731s
2024-09-04 19:26:00.211 62714 INFO tempest.lib.common.rest_client [req-2168d144-4d90-4650-84f3-9f7f9c758dc5 req-2168d144-4d90-4650-84f3-9f7f9c758dc5 ] Request (ServersTestBootFromVolume:setUpClass): 201 POST http://10.180.1.21:9696/networking/v2.0/security-group-rules 0.170s
2024-09-04 19:26:00.226 62696 INFO tempest.lib.common.rest_client [req-60625eec-db28-4dc1-9d0d-66bde61c476d req-60625eec-db28-4dc1-9d0d-66bde61c476d ] Request (VolumesAssistedSnapshotsTest:setUpClass): 201 POST http://10.180.1.21/identity/v3/auth/tokens 0.293s
2024-09-04 19:26:00.229 62734 INFO tempest.lib.common.rest_client [req-165578b7-7323-4abe-800c-28479388fb45 req-165578b7-7323-4abe-800c-28479388fb45 ] Request (SecurityGroupRulesNegativeTestJSON:test_create_security_group_rule_duplicate): 400 POST http://10.180.1.21/compute/v2.1/os-security-group-rules 1.341s
2024-09-04 19:26:00.253 62724 INFO tempest.lib.common.rest_client [req-f7489556-0fed-4ef3-966b-ecaadf59ed0b req-f7489556-0fed-4ef3-966b-ecaadf59ed0b ] Request (FloatingIPDetailsNegativeTestJSON:setUpClass): 200 GET http://10.180.1.21/identity/v3/domains?name=Default 0.289s
2024-09-04 19:26:00.271 62730 INFO tempest.lib.common.rest_client [req-02a93efe-6cc8-4c71-a63e-f7ad72cb4981 req-02a93efe-6cc8-4c71-a63e-f7ad72cb4981 ] Request (ServersWithSpecificFlavorTestJSON:setUpClass): 200 PUT http://10.180.1.21:9696/networking/v2.0/routers/55ec2567-a222-47af-8079-400525a3071a/add_router_interface 1.913s
