2024-09-04 19:26:34.520 62682 INFO tempest.lib.common.rest_client [req-d827435a-c733-4a01-8a6c-4542e641b8e2 req-d827435a-c733-4a01-8a6c-4542e641b8e2 ] Request (ServerShowV257Test:test_rebuild_server): 201 POST http://10.180.1.21/identity/v3/auth/tokens 0.031s
2024-09-04 19:26:34.520 62682 INFO tempest.lib.common.fixed_network [-] (ServerShowV257Test:test_rebuild_server) Found network None available for tenant
2024-09-04 19:26:34.574 62730 INFO tempest.lib.common.rest_client [req-8b32f2c6-ce4f-4ca3-a3f5-8f581fbea432 req-8b32f2c6-ce4f-4ca3-a3f5-8f581fbea432 ] Request (ServersWithSpecificFlavorTestJSON:test_verify_created_server_ephemeral_disk): 200 GET http://10.180.1.21/compute/v2.1/servers/8b6c6ad7-cb82-4014-afc2-4689cdee033a 2.059s
2024-09-04 19:26:34.574 62722 INFO tempest.lib.common.rest_client [req-a25c70a8-1e67-41f0-b4ce-8acf01ddae69 req-a25c70a8-1e67-41f0-b4ce-8acf01ddae69 ] Request (QuotasAdminNegativeTest:_run_cleanups): 200 PUT http://10.180.1.21/compute/v2.1/os-quota-sets/b5af0ee55deb4d59bd6b7357d0fc17d7 2.493s
2024-09-04 19:26:34.656 62732 INFO tempest.lib.common.rest_client [req-6d5f6b23-9f01-4e74-933b-32b590025c0b req-6d5f6b23-9f01-4e74-933b-32b590025c0b ] Request (ListImageFiltersTestJSON:setUpClass): 200 GET http://10.180.1.21/compute/v2.1/servers/3cb62651-d156-488f-8acd-8b3e1a5157da 2.070s
2024-09-04 19:26:34.658 62704 INFO tempest.lib.common.rest_client [req-d7473012-76da-4587-9dcc-333489a4915e req-d7473012-76da-4587-9dcc-333489a4915e ] Request (AttachInterfacesV270Test:test_create_get_list_interfaces): 200 GET http://10.180.1.21/compute/v2.1/servers/abd482ff-fc07-4410-9178-375b6a2c0197 1.756s
2024-09-04 19:26:34.667 62704 INFO tempest.common.waiters [-] State transition "BUILD/scheduling" ==> "BUILD/None" after 8 second wait
2024-09-04 19:26:34.717 62674 INFO tempest.lib.common.rest_client [req-ed6f11fc-a710-43f2-817d-415bcb495c58 req-ed6f11fc-a710-43f2-817d-415bcb495c58 ] Request (DeleteServersAdminTestJSON:test_delete_server_while_in_error_state): 200 GET http://10.180.1.21/compute/v2.1/servers/57a01a6a-e2f6-4bab-b79e-1c7007fb7c98 1.718s
2024-09-04 19:26:34.724 62708 INFO tempest.lib.common.rest_client [req-aa3a2d93-2764-4d7d-895c-31fca4d8824d req-aa3a2d93-2764-4d7d-895c-31fca4d8824d ] Request (VolumesAdminNegativeTest:setUpClass): 201 POST http://10.180.1.21:9696/networking/v2.0/networks 0.809s
2024-09-04 19:26:34.724 62714 INFO tempest.lib.common.rest_client [req-4f37f497-f3ce-4be1-a698-cf01ceb1f27d req-4f37f497-f3ce-4be1-a698-cf01ceb1f27d ] Request (ServersTestBootFromVolume:setUpClass): 200 GET http://10.180.1.21/compute/v2.1/servers/d06ff232-9bce-48bc-bb55-80dafc48b560 1.610s
2024-09-04 19:26:34.795 62720 INFO tempest.lib.common.rest_client [req-0d9c1d6a-1914-4a3d-bf29-011743e32b68 req-0d9c1d6a-1914-4a3d-bf29-011743e32b68 ] Request (ServersTestManualDisk:setUpClass): 200 GET http://10.180.1.21/compute/v2.1/servers/32b94ab2-defa-415d-aa64-8d10677b484f 1.583s
2024-09-04 19:26:34.800 62694 INFO tempest.lib.common.rest_client [req-b6d40489-c328-4dc2-bec1-6364e7e3a8ec req-b6d40489-c328-4dc2-bec1-6364e7e3a8ec ] Request (AttachInterfacesUnderV243Test:test_add_remove_fixed_ip): 200 GET http://10.180.1.21/compute/v2.1/servers/f8d7ed54-118c-4bba-a0ff-0864b648f7a4 1.598s
2024-09-04 19:26:34.896 62728 INFO tempest.lib.common.rest_client [req-a239e627-8b25-4d82-8c43-b8b3171a7268 req-a239e627-8b25-4d82-8c43-b8b3171a7268 ] Request (ServersAdminNegativeTestJSON:setUpClass): 200 GET http://10.180.1.21/compute/v2.1/servers/e490c7b7-6354-480b-bdc3-e3b70eb6a67f 1.629s
2024-09-04 19:26:34.898 62680 INFO tempest.lib.common.rest_client [req-6ad0df4b-2da1-4549-9a51-670265a2d4ec req-6ad0df4b-2da1-4549-9a51-670265a2d4ec ] Request (ImagesOneServerNegativeTestJSON:setUpClass): 200 GET http://10.180.1.21/compute/v2.1/servers/464f1536-e37c-4f55-aae0-f93213b22cf9 1.641s
2024-09-04 19:26:34.926 62702 INFO tempest.lib.common.rest_client [req-610fc950-37b2-4d0f-98a3-54ad43e0c4e6 req-610fc950-37b2-4d0f-98a3-54ad43e0c4e6 ] Request (AggregatesAdminNegativeTestJSON:_run_cleanups): 200 DELETE http://10.180.1.21/compute/v2.1/os-aggregates/5 1.632s
2024-09-04 19:26:35.048 62708 INFO tempest.lib.common.rest_client [req-80c39137-2d7a-4855-ae6d-13971cdf4a30 req-80c39137-2d7a-4855-ae6d-13971cdf4a30 ] Request (VolumesAdminNegativeTest:setUpClass): 201 POST http://10.180.1.21:9696/networking/v2.0/subnets 0.322s
2024-09-04 19:26:35.117 62710 INFO tempest.lib.common.rest_client [req-67038fdd-6b27-4631-993e-d340697f8fb3 req-67038fdd-6b27-4631-993e-d340697f8fb3 ] Request (ServerDiskConfigTestJSON:test_rebuild_server_with_auto_disk_config): 200 GET http://10.180.1.21/compute/v2.1/servers/d1fe6305-e472-42f4-a78c-76508daf3d37 1.574s
2024-09-04 19:26:35.205 62684 INFO tempest.lib.common.rest_client [req-82b48b55-f37c-4c5a-8060-2a43ca90ebee req-82b48b55-f37c-4c5a-8060-2a43ca90ebee ] Request (SecurityGroupsNegativeTestJSON:test_delete_nonexistent_security_group): 404 DELETE http://10.180.1.21/compute/v2.1/os-security-groups/3eeaa557-6737-41f8-acf4-d49102ed7e6a 1.331s
2024-09-04 19:26:35.445 62716 INFO tempest.lib.common.rest_client [req-bfbfa92d-ce93-4a08-835d-7d8eecfa38a5 req-bfbfa92d-ce93-4a08-835d-7d8eecfa38a5 ] Request (FloatingIPDetailsTestJSON:test_list_floating_ips): 200 GET http://10.180.1.21/compute/v2.1/os-floating-ips 1.314s
2024-09-04 19:26:35.482 62699 INFO tempest.lib.common.rest_client [req-c14430bc-2f54-41d2-bcf1-e6678ffd83f8 req-c14430bc-2f54-41d2-bcf1-e6678ffd83f8 ] Request (ImagesMetadataTestJSON:test_set_image_metadata_item): 200 GET http://10.180.1.21/compute/v2.1/images/afd027ef-96e7-4374-a985-3cf653e9e040/metadata 1.339s
2024-09-04 19:26:35.502 62700 INFO tempest.lib.common.rest_client [req-a67cb13c-f4a8-4c6d-aafb-3f30ef00d576 req-a67cb13c-f4a8-4c6d-aafb-3f30ef00d576 ] Request (KeyPairsV210TestJSON:_run_cleanups): 204 DELETE http://10.180.1.21/compute/v2.1/os-keypairs/tempest-KeyPairsV210TestJSON-keypair-2043033744 1.355s
2024-09-04 19:26:35.507 62676 INFO tempest.lib.common.rest_client [req-1e0f09e8-b2a9-4df1-91c8-9916f5947a91 req-1e0f09e8-b2a9-4df1-91c8-9916f5947a91 ] Request (KeyPairsNegativeTestJSON:test_create_keypair_with_empty_name_string): 400 POST http://10.180.1.21/compute/v2.1/os-keypairs 1.344s
2024-09-04 19:26:35.542 62724 INFO tempest.lib.common.rest_client [req-de68cbd8-bef1-493b-b708-594bafd3fca5 req-de68cbd8-bef1-493b-b708-594bafd3fca5 ] Request (KeyPairsV2TestJSON:test_keypairs_create_list_delete): 200 POST http://10.180.1.21/compute/v2.1/os-keypairs 1.354s
2024-09-04 19:26:35.548 62734 INFO tempest.lib.common.rest_client [req-5215b13b-a33b-455a-a44c-8ea2a2535a7b req-5215b13b-a33b-455a-a44c-8ea2a2535a7b ] Request (SecurityGroupRulesNegativeTestJSON:tearDownClass): 200 PUT http://10.180.1.21:9696/networking/v2.0/routers/3055e142-24bd-4dde-830e-fd3ef8500212/remove_router_interface 2.506s
2024-09-04 19:26:35.557 62727 INFO tempest.lib.common.rest_client [req-fc67060e-8985-4a1c-9dcb-b96c7fa5bc09 req-fc67060e-8985-4a1c-9dcb-b96c7fa5bc09 ] Request (FlavorsV2TestJSON:test_list_flavors_limit_results): 200 GET http://10.180.1.21/compute/v2.1/flavors?limit=1 1.335s
2024-09-04 19:26:35.573 62690 INFO tempest.lib.common.rest_client [req-352fccbf-1b45-4f3c-a614-2b230e1556db req-352fccbf-1b45-4f3c-a614-2b230e1556db ] Request (FlavorsAdminTestJSON:test_create_server_with_non_public_flavor): 200 POST http://10.180.1.21/compute/v2.1/flavors 1.327s
2024-09-04 19:26:35.586 62688 INFO tempest.lib.common.rest_client [req-fcf1dfaa-b973-47c3-a0a7-c551126b497d req-fcf1dfaa-b973-47c3-a0a7-c551126b497d ] Request (FlavorsAccessNegativeTestJSON:test_remove_flavor_access_not_found): 200 POST http://10.180.1.21/compute/v2.1/flavors 1.321s
2024-09-04 19:26:35.641 62706 INFO tempest.lib.common.rest_client [req-3b0c8ba5-f7af-4d99-8dfe-ba630628be7b req-3b0c8ba5-f7af-4d99-8dfe-ba630628be7b ] Request (ServerGroupTestJSON:test_create_delete_server_group_with_anti_affinity_policy): 200 POST http://10.180.1.21/compute/v2.1/os-server-groups 1.365s
2024-09-04 19:26:35.722 62678 INFO tempest.lib.common.rest_client [req-fd603cde-b18f-4547-b909-958a2fcb5e0a req-fd603cde-b18f-4547-b909-958a2fcb5e0a ] Request (ServersAdminTestJSON:setUpClass): 202 POST http://10.180.1.21/compute/v2.1/servers 2.351s
2024-09-04 19:26:35.780 62678 INFO tempest.lib.common.rest_client [req-34a167b2-8298-4f79-a88e-d6cce91183bc req-34a167b2-8298-4f79-a88e-d6cce91183bc ] Request (ServersAdminTestJSON:setUpClass): 201 POST http://10.180.1.21/identity/v3/auth/tokens 0.052s
2024-09-04 19:26:35.780 62678 INFO tempest.lib.common.fixed_network [-] (ServersAdminTestJSON:setUpClass) Found network {'id': '7f53d79c-abb4-4220-b83a-2b354d6b9954', 'name': 'tempest-ServersAdminTestJSON-301267313-network', 'tenant_id': '8e274cf23fec407e95b457a7e717733e', 'admin_state_up': True, 'mtu': 8950, 'status': 'ACTIVE', 'subnets': [], 'shared': False, 'project_id': '8e274cf23fec407e95b457a7e717733e', 'port_security_enabled': True, 'router:external': False, 'provider:network_type': 'vlan', 'provider:physical_network': 'default', 'provider:segmentation_id': 24, 'is_default': False, 'availability_zone_hints': [], 'availability_zones': [], 'ipv4_address_scope': None, 'ipv6_address_scope': None, 'description': '', 'tags': [], 'created_at': '2024-09-04T19:26:23Z', 'updated_at': '2024-09-04T19:26:23Z', 'revision_number': 1} available for tenant
2024-09-04 19:26:35.929 62682 INFO tempest.lib.common.rest_client [req-82d6b7e9-ea34-46cc-a4e0-9bc3563394e7 req-82d6b7e9-ea34-46cc-a4e0-9bc3563394e7 ] Request (ServerShowV257Test:test_rebuild_server): 202 POST http://10.180.1.21/compute/v2.1/servers 1.408s
2024-09-04 19:26:35.937 62722 INFO tempest.lib.common.rest_client [req-83134630-52ba-42bb-9107-afd0e0d281c8 req-83134630-52ba-42bb-9107-afd0e0d281c8 ] Request (QuotasAdminNegativeTest:test_update_quota_normal_user): 403 PUT http://10.180.1.21/compute/v2.1/os-quota-sets/b5af0ee55deb4d59bd6b7357d0fc17d7 1.360s
2024-09-04 19:26:36.094 62722 INFO tempest.lib.common.rest_client [req-4b4399e9-8458-4cd7-b49a-b3fbb081c5a5 req-4b4399e9-8458-4cd7-b49a-b3fbb081c5a5 ] Request (QuotasAdminNegativeTest:tearDownClass): 204 DELETE http://10.180.1.21/identity/v3/users/0ce57f6475f7458d936583a874a2fdb5 0.155s
2024-09-04 19:26:36.163 62736 INFO tempest.lib.common.rest_client [req-b7886ea2-f3c0-4b90-90fd-d02d56412706 req-b7886ea2-f3c0-4b90-90fd-d02d56412706 ] Request (MigrationsAdminTest:test_list_migrations_in_flavor_resize_situation): 200 GET http://10.180.1.21/compute/v2.1/servers/37b04929-abb5-480d-8c50-07ce99226b06 1.397s
2024-09-04 19:26:36.171 62736 INFO tempest.common.waiters [-] State transition "BUILD/spawning" ==> "ACTIVE/None" after 21 second wait
2024-09-04 19:26:36.201 62708 INFO tempest.lib.common.rest_client [req-9984d308-ca15-4fd6-96e5-ff650cdf5b42 req-9984d308-ca15-4fd6-96e5-ff650cdf5b42 ] Request (VolumesAdminNegativeTest:setUpClass): 201 POST http://10.180.1.21:9696/networking/v2.0/routers 1.152s
2024-09-04 19:26:36.215 62722 INFO tempest.lib.common.rest_client [req-806b795b-f342-48ae-8331-15a694758a59 req-806b795b-f342-48ae-8331-15a694758a59 ] Request (QuotasAdminNegativeTest:tearDownClass): 204 DELETE http://10.180.1.21/identity/v3/users/2dc83230d3ab4e898b7b6e58928bf22c 0.118s
2024-09-04 19:26:36.215 62722 INFO tempest.lib.common.dynamic_creds [-] Deleting project and security group for project: b239af64a33e4f84ac942a2d6ffe67fd
2024-09-04 19:26:36.286 62722 INFO tempest.lib.common.rest_client [req-0a4a00cc-3146-4346-bae0-519be195ddd0 req-0a4a00cc-3146-4346-bae0-519be195ddd0 ] Request (QuotasAdminNegativeTest:tearDownClass): 201 POST http://10.180.1.21/identity/v3/auth/tokens 0.071s
2024-09-04 19:26:36.301 62718 INFO tempest.lib.common.rest_client [req-07f5ee41-85f5-4a27-8b2d-1f0ff9a8aee2 req-07f5ee41-85f5-4a27-8b2d-1f0ff9a8aee2 ] Request (ServersTestJSON:tearDownClass): 200 PUT http://10.180.1.21:9696/networking/v2.0/routers/8f7236c0-2ec6-4303-a72d-e85672d17ce1/remove_router_interface 1.844s
2024-09-04 19:26:36.322 62692 INFO tempest.lib.common.rest_client [req-8bf9a756-3518-4fe1-99be-bdf1c119a7ea req-8bf9a756-3518-4fe1-99be-bdf1c119a7ea ] Request (ServerDiagnosticsV248Test:test_get_server_diagnostics): 200 GET http://10.180.1.21/compute/v2.1/servers/f5375f29-9da6-41a8-8ae6-060f44cb0a64/diagnostics 1.909s
2024-09-04 19:26:36.342 62702 INFO tempest.lib.common.rest_client [req-bbac46be-1586-4637-8fcf-1d574be67961 req-bbac46be-1586-4637-8fcf-1d574be67961 ] Request (AggregatesAdminNegativeTestJSON:test_aggregate_delete_with_invalid_id): 404 DELETE http://10.180.1.21/compute/v2.1/os-aggregates/-1 1.414s
2024-09-04 19:26:36.348 62684 INFO tempest.lib.common.rest_client [req-53f0ea3f-9f12-42be-8b16-6c2d47eea401 req-53f0ea3f-9f12-42be-8b16-6c2d47eea401 ] Request (SecurityGroupsNegativeTestJSON:test_delete_security_group_without_passing_id): 404 DELETE http://10.180.1.21/compute/v2.1/os-security-groups/ 1.141s
2024-09-04 19:26:36.420 62734 INFO tempest.lib.common.rest_client [req-38ebcfd0-dd9e-487c-93bf-2918b591ea76 req-38ebcfd0-dd9e-487c-93bf-2918b591ea76 ] Request (SecurityGroupRulesNegativeTestJSON:tearDownClass): 204 DELETE http://10.180.1.21:9696/networking/v2.0/routers/3055e142-24bd-4dde-830e-fd3ef8500212 0.872s
2024-09-04 19:26:36.605 62734 INFO tempest.lib.common.rest_client [req-4850db5b-76dc-47eb-b8af-42faddac6aba req-4850db5b-76dc-47eb-b8af-42faddac6aba ] Request (SecurityGroupRulesNegativeTestJSON:tearDownClass): 204 DELETE http://10.180.1.21:9696/networking/v2.0/subnets/124cefb4-add0-435b-b538-b8da23e5d1c7 0.183s
2024-09-04 19:26:36.627 62696 INFO tempest.lib.common.rest_client [req-e16fac67-b6da-4828-b4b9-86d7367290ae req-e16fac67-b6da-4828-b4b9-86d7367290ae ] Request (VolumesAssistedSnapshotsTest:test_volume_assisted_snapshot_create_delete): 200 GET http://10.180.1.21/compute/v2.1/servers/575b14cb-d0ee-45e2-89bf-572303129de1 1.752s
2024-09-04 19:26:36.635 62696 INFO tempest.common.waiters [-] State transition "BUILD/networking" ==> "BUILD/spawning" after 17 second wait
2024-09-04 19:26:36.847 62699 INFO tempest.lib.common.rest_client [req-80e14734-9001-4ecf-98b3-4d7cabc04972 req-80e14734-9001-4ecf-98b3-4d7cabc04972 ] Request (ImagesMetadataTestJSON:setUp): 200 PUT http://10.180.1.21/compute/v2.1/images/afd027ef-96e7-4374-a985-3cf653e9e040/metadata 1.363s
2024-09-04 19:26:36.869 62700 INFO tempest.lib.common.rest_client [req-b96b64f6-f2f9-47ca-9cf0-ad6ce101deea req-b96b64f6-f2f9-47ca-9cf0-ad6ce101deea ] Request (KeyPairsV210TestJSON:_run_cleanups): 204 DELETE http://10.180.1.21/compute/v2.1/os-keypairs/tempest-keypair-1300001502?user_id=6aaa9f71bfe2482ebb3e0589e5874d7b 1.366s
2024-09-04 19:26:36.907 62676 INFO tempest.lib.common.rest_client [req-ce366074-bbbf-4bb4-b7ae-82b05f5d618b req-ce366074-bbbf-4bb4-b7ae-82b05f5d618b ] Request (KeyPairsNegativeTestJSON:test_create_keypair_with_empty_public_key): 400 POST http://10.180.1.21/compute/v2.1/os-keypairs 1.398s
2024-09-04 19:26:37.043 62722 INFO tempest.lib.common.rest_client [req-15d45d89-b8b6-4eea-8479-27b05c253d9c req-15d45d89-b8b6-4eea-8479-27b05c253d9c ] Request (QuotasAdminNegativeTest:tearDownClass): 200 GET http://10.180.1.21:9696/networking/v2.0/security-groups?tenant_id=b239af64a33e4f84ac942a2d6ffe67fd&name=default 0.756s
2024-09-04 19:26:37.080 62734 INFO tempest.lib.common.rest_client [req-dba95954-3318-4be8-a433-00ae2740a87a req-dba95954-3318-4be8-a433-00ae2740a87a ] Request (SecurityGroupRulesNegativeTestJSON:tearDownClass): 204 DELETE http://10.180.1.21:9696/networking/v2.0/networks/94df89f6-71f6-4519-a0d5-e63e0abca5da 0.475s
2024-09-04 19:26:37.157 62734 INFO tempest.lib.common.rest_client [req-30c1658f-76d3-4c4f-8b1c-60a88f2b7531 req-30c1658f-76d3-4c4f-8b1c-60a88f2b7531 ] Request (SecurityGroupRulesNegativeTestJSON:tearDownClass): 204 DELETE http://10.180.1.21/identity/v3/users/5f602f81a7994c1395098c8b5038c0f5 0.076s
2024-09-04 19:26:37.157 62734 INFO tempest.lib.common.dynamic_creds [-] Deleting project and security group for project: 1b454ec6ac274d3dbbcd2c25dcfe4b46
2024-09-04 19:26:37.226 62734 INFO tempest.lib.common.rest_client [req-4f2d6b1e-0b82-49cc-91d9-167c12203993 req-4f2d6b1e-0b82-49cc-91d9-167c12203993 ] Request (SecurityGroupRulesNegativeTestJSON:tearDownClass): 200 GET http://10.180.1.21:9696/networking/v2.0/security-groups?tenant_id=1b454ec6ac274d3dbbcd2c25dcfe4b46&name=default 0.068s
2024-09-04 19:26:37.246 62686 INFO tempest.lib.common.rest_client [req-617a8c92-db45-411c-bed6-10a8ddcb2edc req-617a8c92-db45-411c-bed6-10a8ddcb2edc ] Request (ServerAddressesTestJSON:setUpClass): 200 GET http://10.180.1.21/compute/v2.1/servers/fd4d5f14-1333-428e-82c2-77c6dfadeb40 1.717s
2024-09-04 19:26:37.278 62724 INFO tempest.lib.common.rest_client [req-5d208f6a-38ce-47bb-bd57-f4629a6a2777 req-5d208f6a-38ce-47bb-bd57-f4629a6a2777 ] Request (KeyPairsV2TestJSON:test_keypairs_create_list_delete): 200 POST http://10.180.1.21/compute/v2.1/os-keypairs 1.732s
2024-09-04 19:26:37.292 62727 INFO tempest.lib.common.rest_client [req-1e19f0fd-53af-4eea-9702-8a35aa7fa082 req-1e19f0fd-53af-4eea-9702-8a35aa7fa082 ] Request (FlavorsV2TestJSON:test_list_flavors_using_marker): 200 GET http://10.180.1.21/compute/v2.1/flavors/42 1.732s
2024-09-04 19:26:37.302 62690 INFO tempest.lib.common.rest_client [req-8022ec5b-b6e2-4164-8052-48b6148c7c0c req-8022ec5b-b6e2-4164-8052-48b6148c7c0c ] Request (FlavorsAdminTestJSON:test_create_server_with_non_public_flavor): 400 POST http://10.180.1.21/compute/v2.1/servers 1.726s
2024-09-04 19:26:37.350 62734 INFO tempest.lib.common.rest_client [req-2495d4b8-8249-421f-b2ba-b74273c513c7 req-2495d4b8-8249-421f-b2ba-b74273c513c7 ] Request (SecurityGroupRulesNegativeTestJSON:tearDownClass): 204 DELETE http://10.180.1.21:9696/networking/v2.0/security-groups/5bf34d66-39dc-47b8-99b5-9992b6945c2c 0.124s
2024-09-04 19:26:37.395 62730 INFO tempest.lib.common.rest_client [req-18d5b1fa-6a51-4781-9632-2c5942df1d8e req-18d5b1fa-6a51-4781-9632-2c5942df1d8e ] Request (ServersWithSpecificFlavorTestJSON:test_verify_created_server_ephemeral_disk): 200 GET http://10.180.1.21/compute/v2.1/servers/8b6c6ad7-cb82-4014-afc2-4689cdee033a 1.806s
2024-09-04 19:26:37.448 62734 INFO tempest.lib.common.rest_client [req-c25dcfb0-bc1c-4852-a4c5-35373561337f req-c25dcfb0-bc1c-4852-a4c5-35373561337f ] Request (SecurityGroupRulesNegativeTestJSON:tearDownClass): 204 DELETE http://10.180.1.21/identity/v3/projects/1b454ec6ac274d3dbbcd2c25dcfe4b46 0.097s
2024-09-04 19:26:37.513 62734 INFO tempest.lib.common.rest_client [req-81c701ee-4422-45b8-9a7d-efeb2dca58ca req-81c701ee-4422-45b8-9a7d-efeb2dca58ca ] Request (ServerActionsTestJSON:setUpClass): 201 POST http://10.180.1.21/identity/v3/auth/tokens 0.063s
2024-09-04 19:26:37.524 62722 INFO tempest.lib.common.rest_client [req-a5f8f70d-8335-467f-a40c-ace151904c35 req-a5f8f70d-8335-467f-a40c-ace151904c35 ] Request (QuotasAdminNegativeTest:tearDownClass): 204 DELETE http://10.180.1.21:9696/networking/v2.0/security-groups/6f35ab08-f515-4d80-a528-4f5644d4c1dc 0.481s
2024-09-04 19:26:37.555 62688 INFO tempest.lib.common.rest_client [req-a74e26bc-998e-44ca-a87c-62b57d159a77 req-a74e26bc-998e-44ca-a87c-62b57d159a77 ] Request (FlavorsAccessNegativeTestJSON:test_remove_flavor_access_not_found): 404 POST http://10.180.1.21/compute/v2.1/flavors/1826829290/action 1.967s
2024-09-04 19:26:37.589 62706 INFO tempest.lib.common.rest_client [req-1e50afab-8f8e-4528-a5c2-94bc59af8608 req-1e50afab-8f8e-4528-a5c2-94bc59af8608 ] Request (ServerGroupTestJSON:test_create_delete_server_group_with_anti_affinity_policy): 204 DELETE http://10.180.1.21/compute/v2.1/os-server-groups/755808e5-e3ff-4088-901b-1766045f2ab3 1.946s
2024-09-04 19:26:37.597 62722 INFO tempest.lib.common.rest_client [req-6e24c9ca-2529-4a6f-a744-1dbb9f4b54e9 req-6e24c9ca-2529-4a6f-a744-1dbb9f4b54e9 ] Request (QuotasAdminNegativeTest:tearDownClass): 204 DELETE http://10.180.1.21/identity/v3/projects/b239af64a33e4f84ac942a2d6ffe67fd 0.072s
2024-09-04 19:26:37.597 62722 INFO tempest.lib.common.dynamic_creds [-] Deleting project and security group for project: b5af0ee55deb4d59bd6b7357d0fc17d7
2024-09-04 19:26:37.626 62734 INFO tempest.lib.common.rest_client [req-35c4c200-f0c2-4ba1-b2f2-2c19e35f9d9b req-35c4c200-f0c2-4ba1-b2f2-2c19e35f9d9b ] Request (ServerActionsTestJSON:setUpClass): 201 POST http://10.180.1.21/identity/v3/auth/tokens 0.063s
2024-09-04 19:26:37.649 62734 INFO tempest.lib.common.rest_client [req-3d2529c0-5924-47e5-b04a-d8234071246b req-3d2529c0-5924-47e5-b04a-d8234071246b ] Request (ServerActionsTestJSON:setUpClass): 200 GET http://10.180.1.21/identity/v3/domains?name=Default 0.022s
2024-09-04 19:26:37.686 62734 INFO tempest.lib.common.rest_client [req-29e7e4c3-3306-46ba-b50e-9b9f682fbfc9 req-29e7e4c3-3306-46ba-b50e-9b9f682fbfc9 ] Request (ServerActionsTestJSON:setUpClass): 201 POST http://10.180.1.21/identity/v3/projects 0.036s
2024-09-04 19:26:37.737 62722 INFO tempest.lib.common.rest_client [req-49c9f2d8-09f3-4f9e-ae01-95b57a6d7835 req-49c9f2d8-09f3-4f9e-ae01-95b57a6d7835 ] Request (QuotasAdminNegativeTest:tearDownClass): 200 GET http://10.180.1.21:9696/networking/v2.0/security-groups?tenant_id=b5af0ee55deb4d59bd6b7357d0fc17d7&name=default 0.139s
2024-09-04 19:26:37.754 62734 INFO tempest.lib.common.rest_client [req-b3c852d7-e7c6-4f37-8b62-4ccbbdeae833 req-b3c852d7-e7c6-4f37-8b62-4ccbbdeae833 ] Request (ServerActionsTestJSON:setUpClass): 201 POST http://10.180.1.21/identity/v3/users 0.067s
2024-09-04 19:26:37.762 62716 INFO tempest.lib.common.rest_client [req-047cdd05-a6e4-4e61-9301-ca230436a4b7 req-047cdd05-a6e4-4e61-9301-ca230436a4b7 ] Request (FloatingIPDetailsTestJSON:tearDownClass): 202 DELETE http://10.180.1.21/compute/v2.1/os-floating-ips/49bbd162-ab2e-4638-b2a3-62395590121a 2.311s
2024-09-04 19:26:37.776 62734 INFO tempest.lib.common.rest_client [req-a63c554b-81e9-4d9b-83b2-a6beb07f6058 req-a63c554b-81e9-4d9b-83b2-a6beb07f6058 ] Request (ServerActionsTestJSON:setUpClass): 200 GET http://10.180.1.21/identity/v3/roles 0.022s
2024-09-04 19:26:37.807 62734 INFO tempest.lib.common.rest_client [req-411087fe-befa-4e71-89e7-d587c15a66b7 req-411087fe-befa-4e71-89e7-d587c15a66b7 ] Request (ServerActionsTestJSON:setUpClass): 204 PUT http://10.180.1.21/identity/v3/projects/01d6aa1f8d7f43e1b13e35a60f4b0847/users/10da404754b14eda846f2d52a466dc5a/roles/6670f7105d2b47c49eb73258ad2290dc 0.030s
2024-09-04 19:26:37.807 62734 INFO tempest.lib.common.dynamic_creds [-] Dynamic test user 10da404754b14eda846f2d52a466dc5a is created with scope project and roles: ['member']
2024-09-04 19:26:37.807 62734 INFO tempest.lib.common.dynamic_creds [-] Acquired dynamic creds: credentials: Credentials: {'domain_id': 'default', 'domain_name': 'Default', 'username': 'tempest-ServerActionsTestJSON-923691440-project-member', 'project_domain_id': 'default', 'project_domain_name': 'Default', 'project_id': '01d6aa1f8d7f43e1b13e35a60f4b0847', 'project_name': 'tempest-ServerActionsTestJSON-923691440', 'tenant_id': '01d6aa1f8d7f43e1b13e35a60f4b0847', 'tenant_name': 'tempest-ServerActionsTestJSON-923691440', 'user_domain_id': 'default', 'user_domain_name': 'Default', 'user_id': '10da404754b14eda846f2d52a466dc5a', 'system': None}, Network: None, Subnet: None, Router: None
2024-09-04 19:26:37.852 62718 INFO tempest.lib.common.rest_client [req-97b4ee7d-3fd4-49b2-87e4-7a77ee6f932b req-97b4ee7d-3fd4-49b2-87e4-7a77ee6f932b ] Request (ServersTestJSON:tearDownClass): 204 DELETE http://10.180.1.21:9696/networking/v2.0/routers/8f7236c0-2ec6-4303-a72d-e85672d17ce1 1.551s
2024-09-04 19:26:37.861 62704 INFO tempest.lib.common.rest_client [req-b0a17d7a-2cd5-46dd-820a-9c29f2b23828 req-b0a17d7a-2cd5-46dd-820a-9c29f2b23828 ] Request (AttachInterfacesV270Test:test_create_get_list_interfaces): 200 GET http://10.180.1.21/compute/v2.1/servers/abd482ff-fc07-4410-9178-375b6a2c0197 2.190s
2024-09-04 19:26:37.865 62732 INFO tempest.lib.common.rest_client [req-ab913f22-ac8f-473d-b3ee-ef4890937f7d req-ab913f22-ac8f-473d-b3ee-ef4890937f7d ] Request (ListImageFiltersTestJSON:setUpClass): 200 GET http://10.180.1.21/compute/v2.1/servers/3cb62651-d156-488f-8acd-8b3e1a5157da 2.197s
2024-09-04 19:26:37.879 62732 INFO tempest.common.waiters [-] State transition "BUILD/None" ==> "BUILD/spawning" after 17 second wait
2024-09-04 19:26:37.881 62734 INFO tempest.lib.common.rest_client [req-817577b6-b05d-40bd-9655-7482e0917b09 req-817577b6-b05d-40bd-9655-7482e0917b09 ] Request (ServerActionsTestJSON:setUpClass): 201 POST http://10.180.1.21/identity/v3/auth/tokens 0.073s
2024-09-04 19:26:37.919 62722 INFO tempest.lib.common.rest_client [req-276115a8-dd1a-4065-8d12-b5a98a7e19c2 req-276115a8-dd1a-4065-8d12-b5a98a7e19c2 ] Request (QuotasAdminNegativeTest:tearDownClass): 204 DELETE http://10.180.1.21:9696/networking/v2.0/security-groups/0ab9f055-ae91-4c7e-81f9-b907303224f9 0.181s
2024-09-04 19:26:37.968 62674 INFO tempest.lib.common.rest_client [req-234c6d2e-1310-4b05-bca0-0b4af72b8470 req-234c6d2e-1310-4b05-bca0-0b4af72b8470 ] Request (DeleteServersAdminTestJSON:test_delete_server_while_in_error_state): 200 GET http://10.180.1.21/compute/v2.1/servers/57a01a6a-e2f6-4bab-b79e-1c7007fb7c98 2.243s
2024-09-04 19:26:37.974 62674 INFO tempest.common.waiters [-] State transition "BUILD/scheduling" ==> "BUILD/None" after 11 second wait
2024-09-04 19:26:37.977 62714 INFO tempest.lib.common.rest_client [req-3749893f-f227-4b38-93b9-3e87170a2f42 req-3749893f-f227-4b38-93b9-3e87170a2f42 ] Request (ServersTestBootFromVolume:setUpClass): 200 GET http://10.180.1.21/compute/v2.1/servers/d06ff232-9bce-48bc-bb55-80dafc48b560 2.243s
2024-09-04 19:26:38.009 62722 INFO tempest.lib.common.rest_client [req-5e576760-499b-49b0-b77d-6477b0ddbc2c req-5e576760-499b-49b0-b77d-6477b0ddbc2c ] Request (QuotasAdminNegativeTest:tearDownClass): 204 DELETE http://10.180.1.21/identity/v3/projects/b5af0ee55deb4d59bd6b7357d0fc17d7 0.089s
2024-09-04 19:26:38.029 62718 INFO tempest.lib.common.rest_client [req-9545750a-5cf0-4a6e-9dcc-92dc96f0836c req-9545750a-5cf0-4a6e-9dcc-92dc96f0836c ] Request (ServersTestJSON:tearDownClass): 204 DELETE http://10.180.1.21:9696/networking/v2.0/subnets/bd8708cc-ad01-4c08-a7af-0f6359ffbeaf 0.177s
2024-09-04 19:26:38.073 62720 INFO tempest.lib.common.rest_client [req-8028f4a3-497e-4608-a6d9-a7ac46ed0b02 req-8028f4a3-497e-4608-a6d9-a7ac46ed0b02 ] Request (ServersTestManualDisk:setUpClass): 200 GET http://10.180.1.21/compute/v2.1/servers/32b94ab2-defa-415d-aa64-8d10677b484f 2.268s
2024-09-04 19:26:38.080 62722 INFO tempest.lib.common.rest_client [req-8bb0faac-1b15-4dfd-b368-1a4e62ef4286 req-8bb0faac-1b15-4dfd-b368-1a4e62ef4286 ] Request (TenantUsagesTestJSON:setUpClass): 201 POST http://10.180.1.21/identity/v3/auth/tokens 0.069s
2024-09-04 19:26:38.111 62722 INFO tempest.lib.common.rest_client [req-a130ba63-5359-40d1-ad86-7079b448458f req-a130ba63-5359-40d1-ad86-7079b448458f ] Request (TenantUsagesTestJSON:setUpClass): 201 POST http://10.180.1.21/identity/v3/auth/tokens 0.029s
2024-09-04 19:26:38.130 62722 INFO tempest.lib.common.rest_client [req-578751f4-6336-4201-8dc2-b7d6c03aaabd req-578751f4-6336-4201-8dc2-b7d6c03aaabd ] Request (TenantUsagesTestJSON:setUpClass): 200 GET http://10.180.1.21/identity/v3/domains?name=Default 0.018s
2024-09-04 19:26:38.146 62694 INFO tempest.lib.common.rest_client [req-ac5a5a9e-32bc-42d8-b5ce-6a75ffd0648c req-ac5a5a9e-32bc-42d8-b5ce-6a75ffd0648c ] Request (AttachInterfacesUnderV243Test:test_add_remove_fixed_ip): 200 GET http://10.180.1.21/compute/v2.1/servers/f8d7ed54-118c-4bba-a0ff-0864b648f7a4 2.338s
2024-09-04 19:26:38.160 62722 INFO tempest.lib.common.rest_client [req-4203ce16-68d2-4cb2-9944-0e4137f17ddf req-4203ce16-68d2-4cb2-9944-0e4137f17ddf ] Request (TenantUsagesTestJSON:setUpClass): 201 POST http://10.180.1.21/identity/v3/projects 0.029s
2024-09-04 19:26:38.222 62722 INFO tempest.lib.common.rest_client [req-7ce9640e-c3aa-4f41-ad57-72501de30033 req-7ce9640e-c3aa-4f41-ad57-72501de30033 ] Request (TenantUsagesTestJSON:setUpClass): 201 POST http://10.180.1.21/identity/v3/users 0.062s
2024-09-04 19:26:38.230 62728 INFO tempest.lib.common.rest_client [req-2dd37b15-06da-41b1-b3b8-d0731beb0c63 req-2dd37b15-06da-41b1-b3b8-d0731beb0c63 ] Request (ServersAdminNegativeTestJSON:setUpClass): 200 GET http://10.180.1.21/compute/v2.1/servers/e490c7b7-6354-480b-bdc3-e3b70eb6a67f 2.324s
2024-09-04 19:26:38.236 62728 INFO tempest.common.waiters [-] State transition "BUILD/None" ==> "BUILD/networking" after 17 second wait
2024-09-04 19:26:38.249 62722 INFO tempest.lib.common.rest_client [req-49f28dbf-d520-4c3a-9961-6c2688a8eccf req-49f28dbf-d520-4c3a-9961-6c2688a8eccf ] Request (TenantUsagesTestJSON:setUpClass): 200 GET http://10.180.1.21/identity/v3/roles 0.027s
2024-09-04 19:26:38.277 62722 INFO tempest.lib.common.rest_client [req-b0a7cfe2-549f-4e94-ac9b-a89184e7490e req-b0a7cfe2-549f-4e94-ac9b-a89184e7490e ] Request (TenantUsagesTestJSON:setUpClass): 204 PUT http://10.180.1.21/identity/v3/projects/7a70ae9d9aa646758e06a202ebd1052b/users/4202c3d0260d4ae7a48155eb10e74c32/roles/6670f7105d2b47c49eb73258ad2290dc 0.027s
2024-09-04 19:26:38.277 62722 INFO tempest.lib.common.dynamic_creds [-] Dynamic test user 4202c3d0260d4ae7a48155eb10e74c32 is created with scope project and roles: ['member']
2024-09-04 19:26:38.277 62722 INFO tempest.lib.common.dynamic_creds [-] Acquired dynamic creds: credentials: Credentials: {'domain_id': 'default', 'domain_name': 'Default', 'username': 'tempest-TenantUsagesTestJSON-437745684-project-member', 'project_domain_id': 'default', 'project_domain_name': 'Default', 'project_id': '7a70ae9d9aa646758e06a202ebd1052b', 'project_name': 'tempest-TenantUsagesTestJSON-437745684', 'tenant_id': '7a70ae9d9aa646758e06a202ebd1052b', 'tenant_name': 'tempest-TenantUsagesTestJSON-437745684', 'user_domain_id': 'default', 'user_domain_name': 'Default', 'user_id': '4202c3d0260d4ae7a48155eb10e74c32', 'system': None}, Network: None, Subnet: None, Router: None
2024-09-04 19:26:38.277 62722 INFO tempest.lib.common.dynamic_creds [-] Created isolated network resources for: credentials: Credentials: {'domain_id': 'default', 'domain_name': 'Default', 'username': 'tempest-TenantUsagesTestJSON-437745684-project-member', 'project_domain_id': 'default', 'project_domain_name': 'Default', 'project_id': '7a70ae9d9aa646758e06a202ebd1052b', 'project_name': 'tempest-TenantUsagesTestJSON-437745684', 'tenant_id': '7a70ae9d9aa646758e06a202ebd1052b', 'tenant_name': 'tempest-TenantUsagesTestJSON-437745684', 'user_domain_id': 'default', 'user_domain_name': 'Default', 'user_id': '4202c3d0260d4ae7a48155eb10e74c32', 'system': None}, Network: None, Subnet: None, Router: None
2024-09-04 19:26:38.310 62680 INFO tempest.lib.common.rest_client [req-16a3f86d-62ca-4220-9738-df25c333a538 req-16a3f86d-62ca-4220-9738-df25c333a538 ] Request (ImagesOneServerNegativeTestJSON:setUpClass): 200 GET http://10.180.1.21/compute/v2.1/servers/464f1536-e37c-4f55-aae0-f93213b22cf9 2.400s
2024-09-04 19:26:38.366 62722 INFO tempest.lib.common.rest_client [req-3ad2e259-68ea-43eb-bdf8-44ad82ec3223 req-3ad2e259-68ea-43eb-bdf8-44ad82ec3223 ] Request (TenantUsagesTestJSON:setUpClass): 201 POST http://10.180.1.21/identity/v3/auth/tokens 0.086s
2024-09-04 19:26:38.394 62682 INFO tempest.lib.common.rest_client [req-84925522-036a-4a4b-b349-7e13c8d6f6f0 req-84925522-036a-4a4b-b349-7e13c8d6f6f0 ] Request (ServerShowV257Test:test_rebuild_server): 200 GET http://10.180.1.21/compute/v2.1/servers/a95a96c4-23ae-40fa-996f-07afe59462fb 2.464s
2024-09-04 19:26:38.448 62722 INFO tempest.lib.common.rest_client [req-afa5302f-9c84-4a72-9a55-d6c2a0ddddc3 req-afa5302f-9c84-4a72-9a55-d6c2a0ddddc3 ] Request (TenantUsagesTestJSON:setUpClass): 201 POST http://10.180.1.21/identity/v3/projects 0.082s
2024-09-04 19:26:38.532 62722 INFO tempest.lib.common.rest_client [req-2bf57bc1-4a65-4cb6-a76d-b9ba906cccd3 req-2bf57bc1-4a65-4cb6-a76d-b9ba906cccd3 ] Request (TenantUsagesTestJSON:setUpClass): 201 POST http://10.180.1.21/identity/v3/users 0.083s
2024-09-04 19:26:38.548 62734 INFO tempest.lib.common.rest_client [req-03dec97b-b71f-4a4c-92e3-f09cafb8a046 req-03dec97b-b71f-4a4c-92e3-f09cafb8a046 ] Request (ServerActionsTestJSON:setUpClass): 201 POST http://10.180.1.21:9696/networking/v2.0/networks 0.666s
2024-09-04 19:26:38.553 62718 INFO tempest.lib.common.rest_client [req-3eeff5ab-31ea-43b1-9b5d-6df19241197f req-3eeff5ab-31ea-43b1-9b5d-6df19241197f ] Request (ServersTestJSON:tearDownClass): 204 DELETE http://10.180.1.21:9696/networking/v2.0/networks/68b5144b-d9c0-4ccb-b761-67c6b2934f3c 0.523s
2024-09-04 19:26:38.557 62722 INFO tempest.lib.common.rest_client [req-6092218c-6275-4ee8-8542-2d7cf8900563 req-6092218c-6275-4ee8-8542-2d7cf8900563 ] Request (TenantUsagesTestJSON:setUpClass): 200 GET http://10.180.1.21/identity/v3/roles 0.023s
2024-09-04 19:26:38.590 62722 INFO tempest.lib.common.rest_client [req-2dbadbaf-ad2e-4ea9-a0e5-51a1a3079314 req-2dbadbaf-ad2e-4ea9-a0e5-51a1a3079314 ] Request (TenantUsagesTestJSON:setUpClass): 204 PUT http://10.180.1.21/identity/v3/projects/9c1eaf2609f145b4b576da403b974885/users/944166a841d34644b08af272801ecd39/roles/65519350085d46fcb897cfbcd7b6c6b4 0.033s
2024-09-04 19:26:38.625 62678 INFO tempest.lib.common.rest_client [req-57098ec2-2e71-4744-9465-580b3655b258 req-57098ec2-2e71-4744-9465-580b3655b258 ] Request (ServersAdminTestJSON:setUpClass): 202 POST http://10.180.1.21/compute/v2.1/servers 2.844s
2024-09-04 19:26:38.662 62718 INFO tempest.lib.common.rest_client [req-34fc0714-35e9-475c-b2b4-f41633744b98 req-34fc0714-35e9-475c-b2b4-f41633744b98 ] Request (ServersTestJSON:tearDownClass): 204 DELETE http://10.180.1.21/identity/v3/users/af777093fc67492fb660cff9b121404c 0.109s
2024-09-04 19:26:38.663 62718 INFO tempest.lib.common.dynamic_creds [-] Deleting project and security group for project: 234240a43feb4b9c84ce2ee20691aa57
2024-09-04 19:26:38.696 62722 INFO tempest.lib.common.rest_client [req-ce142ceb-606d-4bdc-b3ff-4b7f7b3c2eb5 req-ce142ceb-606d-4bdc-b3ff-4b7f7b3c2eb5 ] Request (TenantUsagesTestJSON:setUpClass): 200 GET http://10.180.1.21/identity/v3/roles 0.105s
2024-09-04 19:26:38.719 62710 INFO tempest.lib.common.rest_client [req-59960670-787b-4482-b3e0-2b1d098a1e73 req-59960670-787b-4482-b3e0-2b1d098a1e73 ] Request (ServerDiskConfigTestJSON:test_rebuild_server_with_auto_disk_config): 200 GET http://10.180.1.21/compute/v2.1/servers/d1fe6305-e472-42f4-a78c-76508daf3d37 2.593s
2024-09-04 19:26:38.754 62702 INFO tempest.lib.common.rest_client [req-bbe5c615-1f11-4427-af9b-1aa8f2767d51 req-bbe5c615-1f11-4427-af9b-1aa8f2767d51 ] Request (AggregatesAdminNegativeTestJSON:test_aggregate_get_details_as_user): 200 POST http://10.180.1.21/compute/v2.1/os-aggregates 2.411s
2024-09-04 19:26:38.756 62718 INFO tempest.lib.common.rest_client [req-5c42c316-e49a-483c-a6c0-5c7f78d4bef0 req-5c42c316-e49a-483c-a6c0-5c7f78d4bef0 ] Request (ServersTestJSON:tearDownClass): 200 GET http://10.180.1.21:9696/networking/v2.0/security-groups?tenant_id=234240a43feb4b9c84ce2ee20691aa57&name=default 0.093s
2024-09-04 19:26:38.772 62722 INFO tempest.lib.common.rest_client [req-480df755-c658-48af-8b1b-fb559be776d3 req-480df755-c658-48af-8b1b-fb559be776d3 ] Request (TenantUsagesTestJSON:setUpClass): 204 PUT http://10.180.1.21/identity/v3/projects/9c1eaf2609f145b4b576da403b974885/users/944166a841d34644b08af272801ecd39/roles/65519350085d46fcb897cfbcd7b6c6b4 0.075s
2024-09-04 19:26:38.772 62722 INFO tempest.lib.common.dynamic_creds [-] Dynamic test user 944166a841d34644b08af272801ecd39 is created with scope project and roles: ['admin']
2024-09-04 19:26:38.773 62722 INFO tempest.lib.common.dynamic_creds [-] Acquired dynamic creds: credentials: Credentials: {'domain_id': 'default', 'domain_name': 'Default', 'username': 'tempest-TenantUsagesTestJSON-1804399226-project-admin', 'project_domain_id': 'default', 'project_domain_name': 'Default', 'project_id': '9c1eaf2609f145b4b576da403b974885', 'project_name': 'tempest-TenantUsagesTestJSON-1804399226', 'tenant_id': '9c1eaf2609f145b4b576da403b974885', 'tenant_name': 'tempest-TenantUsagesTestJSON-1804399226', 'user_domain_id': 'default', 'user_domain_name': 'Default', 'user_id': '944166a841d34644b08af272801ecd39', 'system': None}, Network: None, Subnet: None, Router: None
2024-09-04 19:26:38.773 62722 INFO tempest.lib.common.dynamic_creds [-] Created isolated network resources for: credentials: Credentials: {'domain_id': 'default', 'domain_name': 'Default', 'username': 'tempest-TenantUsagesTestJSON-1804399226-project-admin', 'project_domain_id': 'default', 'project_domain_name': 'Default', 'project_id': '9c1eaf2609f145b4b576da403b974885', 'project_name': 'tempest-TenantUsagesTestJSON-1804399226', 'tenant_id': '9c1eaf2609f145b4b576da403b974885', 'tenant_name': 'tempest-TenantUsagesTestJSON-1804399226', 'user_domain_id': 'default', 'user_domain_name': 'Default', 'user_id': '944166a841d34644b08af272801ecd39', 'system': None}, Network: None, Subnet: None, Router: None
2024-09-04 19:26:38.874 62722 INFO tempest.lib.common.rest_client [req-34053cb5-043c-4c34-b88a-b06d0a1fea4c req-34053cb5-043c-4c34-b88a-b06d0a1fea4c ] Request (TenantUsagesTestJSON:setUpClass): 201 POST http://10.180.1.21/identity/v3/auth/tokens 0.098s
2024-09-04 19:26:38.884 62736 INFO tempest.lib.common.rest_client [req-5681c2f0-68ca-4607-9d34-575e054a3cf0 req-5681c2f0-68ca-4607-9d34-575e054a3cf0 ] Request (MigrationsAdminTest:test_list_migrations_in_flavor_resize_situation): 202 POST http://10.180.1.21/compute/v2.1/servers/37b04929-abb5-480d-8c50-07ce99226b06/action 2.712s
2024-09-04 19:26:38.963 62722 INFO tempest.lib.common.rest_client [req-ea0dd6b9-3d09-4474-a11a-419d6bb92084 req-ea0dd6b9-3d09-4474-a11a-419d6bb92084 ] Request (TenantUsagesTestJSON:setUpClass): 201 POST http://10.180.1.21/identity/v3/auth/tokens 0.080s
2024-09-04 19:26:38.963 62722 INFO tempest.lib.common.fixed_network [-] (TenantUsagesTestJSON:setUpClass) Found network None available for tenant
2024-09-04 19:26:39.063 62734 INFO tempest.lib.common.rest_client [req-ef404e3a-ab17-4f92-a7df-6dac9eda2efa req-ef404e3a-ab17-4f92-a7df-6dac9eda2efa ] Request (ServerActionsTestJSON:setUpClass): 201 POST http://10.180.1.21:9696/networking/v2.0/subnets 0.514s
2024-09-04 19:26:39.098 62718 INFO tempest.lib.common.rest_client [req-1577784a-5e82-4a82-831e-2e59193eec2d req-1577784a-5e82-4a82-831e-2e59193eec2d ] Request (ServersTestJSON:tearDownClass): 204 DELETE http://10.180.1.21:9696/networking/v2.0/security-groups/20907154-523a-446f-b1a9-a8bee7723732 0.342s
2024-09-04 19:26:39.150 62684 INFO tempest.lib.common.rest_client [req-1f1eda4c-3040-4c2d-a7df-8e279bf3e3c7 req-1f1eda4c-3040-4c2d-a7df-8e279bf3e3c7 ] Request (SecurityGroupsNegativeTestJSON:test_delete_the_default_security_group): 200 GET http://10.180.1.21/compute/v2.1/os-security-groups 2.800s
2024-09-04 19:26:39.151 62699 INFO tempest.lib.common.rest_client [req-c604ad0c-1fda-4e16-b7f8-c1cd17e2842d req-c604ad0c-1fda-4e16-b7f8-c1cd17e2842d ] Request (ImagesMetadataTestJSON:test_update_image_metadata): 200 POST http://10.180.1.21/compute/v2.1/images/afd027ef-96e7-4374-a985-3cf653e9e040/metadata 2.303s
2024-09-04 19:26:39.165 62676 INFO tempest.lib.common.rest_client [req-182270f5-77bf-4ae9-ab49-e7a8f6b427e3 req-182270f5-77bf-4ae9-ab49-e7a8f6b427e3 ] Request (KeyPairsNegativeTestJSON:test_create_keypair_with_long_keynames): 400 POST http://10.180.1.21/compute/v2.1/os-keypairs 2.256s
2024-09-04 19:26:39.168 62700 INFO tempest.lib.common.rest_client [req-476ba960-fd2c-4525-9287-49bcddac79af req-476ba960-fd2c-4525-9287-49bcddac79af ] Request (KeyPairsV210TestJSON:_run_cleanups): 204 DELETE http://10.180.1.21/compute/v2.1/os-keypairs/tempest-keypair-52885596?user_id=6aaa9f71bfe2482ebb3e0589e5874d7b 2.297s
2024-09-04 19:26:39.182 62724 INFO tempest.lib.common.rest_client [req-5169200b-5601-4e99-a950-7868354f16eb req-5169200b-5601-4e99-a950-7868354f16eb ] Request (KeyPairsV2TestJSON:test_keypairs_create_list_delete): 200 GET http://10.180.1.21/compute/v2.1/os-keypairs 1.903s
2024-09-04 19:26:39.205 62708 INFO tempest.lib.common.rest_client [req-e3eadf56-ce06-41c3-b0df-059f36adb700 req-e3eadf56-ce06-41c3-b0df-059f36adb700 ] Request (VolumesAdminNegativeTest:setUpClass): 200 PUT http://10.180.1.21:9696/networking/v2.0/routers/92885eb0-14c6-4204-81e5-07692cf944f6/add_router_interface 3.004s
2024-09-04 19:26:39.205 62708 INFO tempest.lib.common.dynamic_creds [-] Created isolated network resources for: credentials: Credentials: {'domain_id': 'default', 'domain_name': 'Default', 'username': 'tempest-VolumesAdminNegativeTest-1066348846-project-admin', 'project_domain_id': 'default', 'project_domain_name': 'Default', 'project_id': '189c778254ca4f92b659deb027356c25', 'project_name': 'tempest-VolumesAdminNegativeTest-1066348846', 'tenant_id': '189c778254ca4f92b659deb027356c25', 'tenant_name': 'tempest-VolumesAdminNegativeTest-1066348846', 'user_domain_id': 'default', 'user_domain_name': 'Default', 'user_id': '6e210f358f6b435f8f7872a63c55c9f4', 'system': None}, Network: {'id': '5584e423-ecf5-4e31-8834-0a2658998ef2', 'name': 'tempest-VolumesAdminNegativeTest-601479445-network', 'tenant_id': '189c778254ca4f92b659deb027356c25', 'admin_state_up': True, 'mtu': 8950, 'status': 'ACTIVE', 'subnets': [], 'shared': False, 'project_id': '189c778254ca4f92b659deb027356c25', 'port_security_enabled': True, 'router:external': False, 'provider:network_type': 'vlan', 'provider:physical_network': 'default', 'provider:segmentation_id': 978, 'is_default': False, 'availability_zone_hints': [], 'availability_zones': [], 'ipv4_address_scope': None, 'ipv6_address_scope': None, 'description': '', 'tags': [], 'created_at': '2024-09-04T19:26:34Z', 'updated_at': '2024-09-04T19:26:34Z', 'revision_number': 1}, Subnet: {'id': '8887c23d-9cce-4119-b269-f30a44142b72', 'name': 'tempest-VolumesAdminNegativeTest-601479445-subnet', 'tenant_id': '189c778254ca4f92b659deb027356c25', 'network_id': '5584e423-ecf5-4e31-8834-0a2658998ef2', 'ip_version': 4, 'subnetpool_id': None, 'enable_dhcp': True, 'ipv6_ra_mode': None, 'ipv6_address_mode': None, 'gateway_ip': '192.168.128.1', 'cidr': '192.168.128.0/28', 'allocation_pools': [{'start': '192.168.128.2', 'end': '192.168.128.14'}], 'host_routes': [], 'dns_nameservers': [], 'description': '', 'router:external': False, 'service_types': [], 'tags': [], 'created_at': '2024-09-04T19:26:34Z', 'updated_at': '2024-09-04T19:26:34Z', 'revision_number': 0, 'project_id': '189c778254ca4f92b659deb027356c25'}, Router: {'id': '92885eb0-14c6-4204-81e5-07692cf944f6', 'name': 'tempest-VolumesAdminNegativeTest-601479445-router', 'tenant_id': '189c778254ca4f92b659deb027356c25', 'admin_state_up': True, 'status': 'ACTIVE', 'external_gateway_info': {'network_id': '2bce8e3d-f7b5-4f57-9073-c7d05555c950', 'external_fixed_ips': [{'subnet_id': 'e913b45c-b34a-49cb-bab9-02315daf1026', 'ip_address': '10.180.180.179'}], 'enable_snat': True}, 'description': '', 'availability_zones': [], 'distributed': False, 'ha': False, 'availability_zone_hints': [], 'routes': [], 'flavor_id': None, 'tags': [], 'created_at': '2024-09-04T19:26:35Z', 'updated_at': '2024-09-04T19:26:35Z', 'revision_number': 2, 'project_id': '189c778254ca4f92b659deb027356c25'}
2024-09-04 19:26:39.212 62690 INFO tempest.lib.common.rest_client [req-38280091-d81f-43da-9388-226a703d4161 req-38280091-d81f-43da-9388-226a703d4161 ] Request (FlavorsAdminTestJSON:_run_cleanups): 202 DELETE http://10.180.1.21/compute/v2.1/flavors/1917437832 1.909s
2024-09-04 19:26:39.217 62727 INFO tempest.lib.common.rest_client [req-ecebee35-fd1a-4819-8836-9622ab77dffc req-ecebee35-fd1a-4819-8836-9622ab77dffc ] Request (FlavorsV2TestJSON:test_list_flavors_using_marker): 200 GET http://10.180.1.21/compute/v2.1/flavors?marker=42 1.923s
2024-09-04 19:26:39.232 62688 INFO tempest.lib.common.rest_client [req-caf5e5b3-e08f-48de-95dc-e8219e5f256c req-caf5e5b3-e08f-48de-95dc-e8219e5f256c ] Request (FlavorsAccessNegativeTestJSON:_run_cleanups): 202 DELETE http://10.180.1.21/compute/v2.1/flavors/1826829290 1.676s
2024-09-04 19:26:39.239 62706 INFO tempest.lib.common.rest_client [req-faf3d3c6-9357-47c9-a497-b0cf38ba9bb4 req-faf3d3c6-9357-47c9-a497-b0cf38ba9bb4 ] Request (ServerGroupTestJSON:test_create_delete_server_group_with_anti_affinity_policy): 200 GET http://10.180.1.21/compute/v2.1/os-server-groups 1.649s
2024-09-04 19:26:39.266 62718 INFO tempest.lib.common.rest_client [req-eed6f3b7-cf86-4712-a710-424ceb5d2a96 req-eed6f3b7-cf86-4712-a710-424ceb5d2a96 ] Request (ServersTestJSON:tearDownClass): 204 DELETE http://10.180.1.21/identity/v3/projects/234240a43feb4b9c84ce2ee20691aa57 0.167s
2024-09-04 19:26:39.270 62700 INFO tempest.lib.common.rest_client [req-50b993f2-d2a7-4666-9156-ceba1c13d403 req-50b993f2-d2a7-4666-9156-ceba1c13d403 ] Request (KeyPairsV210TestJSON:tearDownClass): 204 DELETE http://10.180.1.21/identity/v3/users/6aaa9f71bfe2482ebb3e0589e5874d7b 0.097s
2024-09-04 19:26:39.347 62708 INFO tempest.lib.common.rest_client [req-2a5ab574-23a8-4573-9252-8f6e2e6140c6 req-2a5ab574-23a8-4573-9252-8f6e2e6140c6 ] Request (VolumesAdminNegativeTest:setUpClass): 201 POST http://10.180.1.21/identity/v3/auth/tokens 0.137s
2024-09-04 19:26:39.403 62706 INFO tempest.lib.common.rest_client [req-1b93c4f7-e1c9-4470-86c3-b62e2812574a req-1b93c4f7-e1c9-4470-86c3-b62e2812574a ] Request (ServerGroupTestJSON:test_create_server_with_scheduler_hint_group): 201 POST http://10.180.1.21/identity/v3/auth/tokens 0.153s
2024-09-04 19:26:39.403 62706 INFO tempest.lib.common.fixed_network [-] (ServerGroupTestJSON:test_create_server_with_scheduler_hint_group) Found network {'id': '3e4e4232-8f92-4700-a0d8-f2c4b1c8c0d7', 'name': 'tempest-ServerGroupTestJSON-864321479-network', 'tenant_id': 'c0be0f7c87c44aa29ea9e0bf61dd43c6', 'admin_state_up': True, 'mtu': 8950, 'status': 'ACTIVE', 'subnets': [], 'shared': False, 'project_id': 'c0be0f7c87c44aa29ea9e0bf61dd43c6', 'port_security_enabled': True, 'router:external': False, 'provider:network_type': 'vlan', 'provider:physical_network': 'default', 'provider:segmentation_id': 834, 'is_default': False, 'availability_zone_hints': [], 'availability_zones': [], 'ipv4_address_scope': None, 'ipv6_address_scope': None, 'description': '', 'tags': [], 'created_at': '2024-09-04T19:26:07Z', 'updated_at': '2024-09-04T19:26:08Z', 'revision_number': 1} available for tenant
2024-09-04 19:26:39.476 62718 INFO tempest.lib.common.rest_client [req-686d76ad-9a1a-4d13-b183-ce54012770a1 req-686d76ad-9a1a-4d13-b183-ce54012770a1 ] Request (DeleteServersTestJSON:setUpClass): 201 POST http://10.180.1.21/identity/v3/auth/tokens 0.205s
2024-09-04 19:26:39.496 62700 INFO tempest.lib.common.rest_client [req-62034ac7-fcb1-4454-bef6-83f999472c03 req-62034ac7-fcb1-4454-bef6-83f999472c03 ] Request (KeyPairsV210TestJSON:tearDownClass): 204 DELETE http://10.180.1.21/identity/v3/users/e48f50ae9bd24471b2ecf45eaaba5edf 0.225s
2024-09-04 19:26:39.496 62700 INFO tempest.lib.common.dynamic_creds [-] Deleting project and security group for project: 62072a316bca4386894ae38b7f96c6fe
2024-09-04 19:26:39.536 62718 INFO tempest.lib.common.rest_client [req-bce7c711-4afa-4adf-8980-c4accfe336ce req-bce7c711-4afa-4adf-8980-c4accfe336ce ] Request (DeleteServersTestJSON:setUpClass): 201 POST http://10.180.1.21/identity/v3/auth/tokens 0.056s
2024-09-04 19:26:39.540 62696 INFO tempest.lib.common.rest_client [req-15c49608-1c31-4677-ba1c-be3e5aa00857 req-15c49608-1c31-4677-ba1c-be3e5aa00857 ] Request (VolumesAssistedSnapshotsTest:test_volume_assisted_snapshot_create_delete): 200 GET http://10.180.1.21/compute/v2.1/servers/575b14cb-d0ee-45e2-89bf-572303129de1 1.905s
2024-09-04 19:26:39.557 62718 INFO tempest.lib.common.rest_client [req-18ad7221-a0f4-4bdf-9a1a-9881b959a870 req-18ad7221-a0f4-4bdf-9a1a-9881b959a870 ] Request (DeleteServersTestJSON:setUpClass): 200 GET http://10.180.1.21/identity/v3/domains?name=Default 0.020s
2024-09-04 19:26:39.564 62700 INFO tempest.lib.common.rest_client [req-7976700f-abf3-4d54-8f45-b0db333a1a5c req-7976700f-abf3-4d54-8f45-b0db333a1a5c ] Request (KeyPairsV210TestJSON:tearDownClass): 201 POST http://10.180.1.21/identity/v3/auth/tokens 0.068s
2024-09-04 19:26:39.596 62718 INFO tempest.lib.common.rest_client [req-74d7a1b2-da07-4450-80c8-570f3d7c8a8c req-74d7a1b2-da07-4450-80c8-570f3d7c8a8c ] Request (DeleteServersTestJSON:setUpClass): 201 POST http://10.180.1.21/identity/v3/projects 0.038s
2024-09-04 19:26:39.706 62718 INFO tempest.lib.common.rest_client [req-e2d93f1f-1722-4bf9-b213-b445c69cd4ab req-e2d93f1f-1722-4bf9-b213-b445c69cd4ab ] Request (DeleteServersTestJSON:setUpClass): 201 POST http://10.180.1.21/identity/v3/users 0.108s
2024-09-04 19:26:39.728 62718 INFO tempest.lib.common.rest_client [req-096dbe21-8cf4-4b5f-b40d-eb07a7677ddb req-096dbe21-8cf4-4b5f-b40d-eb07a7677ddb ] Request (DeleteServersTestJSON:setUpClass): 200 GET http://10.180.1.21/identity/v3/roles 0.021s
2024-09-04 19:26:39.758 62718 INFO tempest.lib.common.rest_client [req-abb90c81-9105-49cc-bf7f-c76d66d321fc req-abb90c81-9105-49cc-bf7f-c76d66d321fc ] Request (DeleteServersTestJSON:setUpClass): 204 PUT http://10.180.1.21/identity/v3/projects/f19989cadc854d149c921576bf931868/users/1ced0ab7fc3141ad9241c87d9e9305a4/roles/6670f7105d2b47c49eb73258ad2290dc 0.030s
2024-09-04 19:26:39.758 62718 INFO tempest.lib.common.dynamic_creds [-] Dynamic test user 1ced0ab7fc3141ad9241c87d9e9305a4 is created with scope project and roles: ['member']
2024-09-04 19:26:39.759 62718 INFO tempest.lib.common.dynamic_creds [-] Acquired dynamic creds: credentials: Credentials: {'domain_id': 'default', 'domain_name': 'Default', 'username': 'tempest-DeleteServersTestJSON-224860409-project-member', 'project_domain_id': 'default', 'project_domain_name': 'Default', 'project_id': 'f19989cadc854d149c921576bf931868', 'project_name': 'tempest-DeleteServersTestJSON-224860409', 'tenant_id': 'f19989cadc854d149c921576bf931868', 'tenant_name': 'tempest-DeleteServersTestJSON-224860409', 'user_domain_id': 'default', 'user_domain_name': 'Default', 'user_id': '1ced0ab7fc3141ad9241c87d9e9305a4', 'system': None}, Network: None, Subnet: None, Router: None
