2024-09-04 19:28:18.626 62680 INFO tempest.lib.common.rest_client [req-d6e7e790-7af8-4a2b-a62d-e0c2aaf6a601 req-d6e7e790-7af8-4a2b-a62d-e0c2aaf6a601 ] Request (ServersTestMultiNic:test_verify_duplicate_network_nics): 200 GET http://10.180.1.21/compute/v2.1/servers/17bbc0b3-bd15-42df-8811-5052b97c0986 0.206s
2024-09-04 19:28:18.658 62678 INFO tempest.lib.common.rest_client [req-8c730be3-6ebf-40d4-8d61-f393070efe8c req-8c730be3-6ebf-40d4-8d61-f393070efe8c ] Request (ServersAdminTestJSON:test_create_server_with_scheduling_hint): 200 GET http://10.180.1.21/compute/v2.1/servers/3bbed079-ffe6-46d7-83ef-293634f51c14 0.195s
2024-09-04 19:28:18.679 62704 INFO tempest.lib.common.rest_client [req-52d9e516-9bb7-4fe3-b976-c516b6e4ae16 req-52d9e516-9bb7-4fe3-b976-c516b6e4ae16 ] Request (ServersV294TestFqdnHostnames:setUpClass): 200 GET http://10.180.1.21/compute/v2.1/servers/384f8140-3de0-403f-913d-124a5c459559 0.166s
2024-09-04 19:28:18.733 62699 INFO tempest.lib.common.rest_client [req-6eb6c6b5-509f-4fb0-96f6-28d7997df42e req-6eb6c6b5-509f-4fb0-96f6-28d7997df42e ] Request (SecurityGroupsTestJSON:test_server_security_groups): 200 GET http://10.180.1.21/compute/v2.1/servers/164d78b2-4796-439c-98c7-818ea4260846 0.179s
2024-09-04 19:28:18.746 62716 INFO tempest.lib.common.rest_client [req-91ffc382-4aa6-4ea1-952b-6b2913c24327 req-91ffc382-4aa6-4ea1-952b-6b2913c24327 ] Request (ServersNegativeTestMultiTenantJSON:test_delete_a_server_of_another_tenant): 404 DELETE http://10.180.1.21/compute/v2.1/servers/b4a8ce1d-74b8-46dd-bd56-d6ee854cb9e3 0.219s
2024-09-04 19:28:18.785 62676 INFO tempest.lib.common.rest_client [req-40e389b6-75b9-4379-abaf-97e027e33125 req-40e389b6-75b9-4379-abaf-97e027e33125 ] Request (ServerPasswordTestJSON:setUpClass): 200 GET http://10.180.1.21/compute/v2.1/servers/565c6a64-d366-49a8-9d1b-cbe620d71bd2 0.194s
2024-09-04 19:28:18.800 62674 INFO tempest.lib.common.rest_client [req-35a1f480-474b-44e2-a121-48a9701e1fe6 req-35a1f480-474b-44e2-a121-48a9701e1fe6 ] Request (ServersAdmin275Test:test_rebuild_update_server_275): 200 GET http://10.180.1.21/compute/v2.1/servers/53f91275-8b3a-492f-9e5d-7be6aa92c1be 0.138s
2024-09-04 19:28:18.834 62728 INFO tempest.lib.common.rest_client [req-13259d52-5b47-487e-896e-9b2f2134b4a5 req-13259d52-5b47-487e-896e-9b2f2134b4a5 ] Request (ServersAdminNegativeTestJSON:tearDownClass): 200 GET http://10.180.1.21/compute/v2.1/servers/ce72c9cc-57db-4d86-bfc8-ad2caede5654 0.109s
2024-09-04 19:28:18.888 62700 INFO tempest.lib.common.rest_client [req-ed17e0b3-7dcf-48c5-990a-2962621cf8cd req-ed17e0b3-7dcf-48c5-990a-2962621cf8cd ] Request (ImagesTestJSON:test_create_image_from_suspended_server): 200 GET http://10.180.1.21/compute/v2.1/servers/4c34acfa-f045-478f-a235-be78d83531b8 0.110s
2024-09-04 19:28:18.944 62716 INFO tempest.lib.common.rest_client [req-4daa1e52-1795-42b6-9b8a-3f2e414a24f0 req-4daa1e52-1795-42b6-9b8a-3f2e414a24f0 ] Request (ServersNegativeTestMultiTenantJSON:setUp): 200 GET http://10.180.1.21/compute/v2.1/servers/b4a8ce1d-74b8-46dd-bd56-d6ee854cb9e3 0.191s
2024-09-04 19:28:18.989 62682 INFO tempest.lib.common.rest_client [req-b669b770-efc3-4571-a7cf-dfe3d5e713ca req-b669b770-efc3-4571-a7cf-dfe3d5e713ca ] Request (AttachVolumeNegativeTest:test_attach_attached_volume_to_different_server): 200 GET http://10.180.1.21/compute/v2.1/servers/dc2cb03c-6286-461e-8afb-485436523433 0.163s
2024-09-04 19:28:19.034 62706 INFO tempest.lib.common.rest_client [req-406a9246-745a-4411-9556-cdacd663d422 req-406a9246-745a-4411-9556-cdacd663d422 ] Request (ServerRescueTestJSONUnderV235:setUpClass): 200 GET http://10.180.1.21/compute/v2.1/servers/ba3a5652-948b-41f6-858b-1b6945b0cadf 0.170s
2024-09-04 19:28:19.047 62684 INFO tempest.lib.common.rest_client [req-593eb45b-da0b-4b1d-a73f-8c5d54c0f786 req-593eb45b-da0b-4b1d-a73f-8c5d54c0f786 ] Request (ListServerFiltersTestJSON:test_list_servers_filter_by_shutoff_status): 200 GET http://10.180.1.21/compute/v2.1/servers/85f82654-dd2e-409e-90cb-1babd05343d0 0.227s
2024-09-04 19:28:19.070 62716 INFO tempest.lib.common.rest_client [req-9ddb1413-ec70-4cbb-b293-71f3399e4a15 req-9ddb1413-ec70-4cbb-b293-71f3399e4a15 ] Request (ServersNegativeTestMultiTenantJSON:test_update_server_of_another_tenant): 404 PUT http://10.180.1.21/compute/v2.1/servers/b4a8ce1d-74b8-46dd-bd56-d6ee854cb9e3 0.120s
2024-09-04 19:28:19.095 62732 INFO tempest.lib.common.rest_client [req-b067def3-5e82-4e3e-8be5-07c69c87a7e6 req-b067def3-5e82-4e3e-8be5-07c69c87a7e6 ] Request (ListImageFiltersTestJSON:tearDownClass): 200 GET http://10.180.1.21/compute/v2.1/servers/3cb62651-d156-488f-8acd-8b3e1a5157da 0.162s
2024-09-04 19:28:19.163 62716 INFO tempest.lib.common.rest_client [req-f745b1af-917e-408b-b4ff-8a053e2937bd req-f745b1af-917e-408b-b4ff-8a053e2937bd ] Request (ServersNegativeTestMultiTenantJSON:tearDownClass): 204 DELETE http://10.180.1.21/compute/v2.1/servers/b4a8ce1d-74b8-46dd-bd56-d6ee854cb9e3 0.088s
2024-09-04 19:28:19.167 62688 INFO tempest.lib.common.rest_client [req-36e7aa02-8947-4c18-9706-4cab0179f564 req-36e7aa02-8947-4c18-9706-4cab0179f564 ] Request (ServerActionsTestOtherA:setUpClass): 200 GET http://10.180.1.21/compute/v2.1/servers/3f563057-69e6-4941-a450-069491b8eef3 0.168s
2024-09-04 19:28:19.173 62688 INFO tempest.common.waiters [-] State transition "BUILD/block_device_mapping" ==> "BUILD/spawning" after 70 second wait
2024-09-04 19:28:19.225 62690 INFO tempest.lib.common.rest_client [req-ea7c6578-d645-4624-917c-add8ab5269f8 req-ea7c6578-d645-4624-917c-add8ab5269f8 ] Request (AttachInterfacesTestJSON:test_create_list_show_delete_interfaces_by_fixed_ip): 200 GET http://10.180.1.21/compute/v2.1/servers/c01aad14-c583-44b7-951a-e00ee08e923d 0.061s
2024-09-04 19:28:19.271 62727 INFO tempest.lib.common.rest_client [req-a5b111da-2fdb-4534-9675-9e074bf27434 req-a5b111da-2fdb-4534-9675-9e074bf27434 ] Request (FloatingIPsAssociationTestJSON:test_associate_already_associated_floating_ip): 200 GET http://10.180.1.21/compute/v2.1/servers/ed3a1b9a-7523-489e-a340-60595501ec06 0.057s
2024-09-04 19:28:19.285 62716 INFO tempest.lib.common.rest_client [req-b2cc9cc2-3747-4388-94c7-fe20f67df86c req-b2cc9cc2-3747-4388-94c7-fe20f67df86c ] Request (ServersNegativeTestMultiTenantJSON:tearDownClass): 200 GET http://10.180.1.21/compute/v2.1/servers/b4a8ce1d-74b8-46dd-bd56-d6ee854cb9e3 0.121s
2024-09-04 19:28:19.314 62722 INFO tempest.lib.common.rest_client [req-08127805-0dc8-43c9-bb40-e4c6ab661909 req-08127805-0dc8-43c9-bb40-e4c6ab661909 ] Request (ImagesOneServerTestJSON:setUpClass): 200 GET http://10.180.1.21/compute/v2.1/servers/c3fcda6a-e95a-4860-946a-2c03ee9e1243 0.099s
2024-09-04 19:28:19.357 62702 INFO tempest.lib.common.rest_client [req-4400102b-8436-4614-b7f4-a62a52583a6a req-4400102b-8436-4614-b7f4-a62a52583a6a ] Request (ServerRescueTestJSON:setUpClass): 200 GET http://10.180.1.21/compute/v2.1/servers/04ded576-b215-4afe-96b0-c697d579ce38 0.046s
2024-09-04 19:28:19.645 62718 INFO tempest.lib.common.rest_client [req-7e28b45d-481b-46c5-9f32-f5f2057a24cc req-7e28b45d-481b-46c5-9f32-f5f2057a24cc ] Request (DeleteServersTestJSON:test_delete_server_while_in_attached_volume): 200 GET http://10.180.1.21/compute/v2.1/servers/ec36c0c4-ac0f-496a-a9ae-39f6fe42e3b3 0.070s
2024-09-04 19:28:19.699 62736 INFO tempest.lib.common.rest_client [req-0d0d8095-008a-436f-a988-27920788e3a4 req-0d0d8095-008a-436f-a988-27920788e3a4 ] Request (MigrationsAdminTest:test_resize_server_revert_deleted_flavor): 200 GET http://10.180.1.21/compute/v2.1/servers/29e7c2bd-63d1-4fd7-9dc1-79a5c8f04257 0.077s
2024-09-04 19:28:19.754 62680 INFO tempest.lib.common.rest_client [req-96cd3b81-727b-495b-a5cc-b06a00c35988 req-96cd3b81-727b-495b-a5cc-b06a00c35988 ] Request (ServersTestMultiNic:test_verify_duplicate_network_nics): 200 GET http://10.180.1.21/compute/v2.1/servers/17bbc0b3-bd15-42df-8811-5052b97c0986 0.119s
2024-09-04 19:28:19.780 62710 INFO tempest.lib.common.rest_client [req-192f278f-b947-47c2-ae9b-d75d582648ee req-192f278f-b947-47c2-ae9b-d75d582648ee ] Request (ServerDiskConfigTestJSON:test_rebuild_server_with_manual_disk_config): 200 GET http://10.180.1.21/compute/v2.1/servers/39666946-c9b3-40fe-beb7-0eeb6fe6b9c7 0.194s
2024-09-04 19:28:19.803 62678 INFO tempest.lib.common.rest_client [req-1d6bac52-25bd-469c-b0b0-09b64fe12a99 req-1d6bac52-25bd-469c-b0b0-09b64fe12a99 ] Request (ServersAdminTestJSON:test_create_server_with_scheduling_hint): 200 GET http://10.180.1.21/compute/v2.1/servers/3bbed079-ffe6-46d7-83ef-293634f51c14 0.134s
2024-09-04 19:28:19.838 62704 INFO tempest.lib.common.rest_client [req-cbd7130d-68bb-44cc-b4a5-99de6245cb10 req-cbd7130d-68bb-44cc-b4a5-99de6245cb10 ] Request (ServersV294TestFqdnHostnames:setUpClass): 200 GET http://10.180.1.21/compute/v2.1/servers/384f8140-3de0-403f-913d-124a5c459559 0.149s
2024-09-04 19:28:19.852 62699 INFO tempest.lib.common.rest_client [req-af2c8f1c-36d8-4f4a-85ee-6f9fe7627728 req-af2c8f1c-36d8-4f4a-85ee-6f9fe7627728 ] Request (SecurityGroupsTestJSON:test_server_security_groups): 200 GET http://10.180.1.21/compute/v2.1/servers/164d78b2-4796-439c-98c7-818ea4260846 0.112s
2024-09-04 19:28:19.890 62676 INFO tempest.lib.common.rest_client [req-0d32bd13-0cce-4fca-9754-763b02f4242e req-0d32bd13-0cce-4fca-9754-763b02f4242e ] Request (ServerPasswordTestJSON:setUpClass): 200 GET http://10.180.1.21/compute/v2.1/servers/565c6a64-d366-49a8-9d1b-cbe620d71bd2 0.096s
2024-09-04 19:28:19.906 62674 INFO tempest.lib.common.rest_client [req-c851fa12-3e5e-444b-8a4a-f827e0149b0f req-c851fa12-3e5e-444b-8a4a-f827e0149b0f ] Request (ServersAdmin275Test:test_rebuild_update_server_275): 200 GET http://10.180.1.21/compute/v2.1/servers/53f91275-8b3a-492f-9e5d-7be6aa92c1be 0.096s
2024-09-04 19:28:19.917 62674 INFO tempest.common.waiters [-] State transition "BUILD/scheduling" ==> "BUILD/None" after 30 second wait
2024-09-04 19:28:19.959 62728 INFO tempest.lib.common.rest_client [req-f11788b3-8775-4299-93ce-7d2ead4b96a7 req-f11788b3-8775-4299-93ce-7d2ead4b96a7 ] Request (ServersAdminNegativeTestJSON:tearDownClass): 200 GET http://10.180.1.21/compute/v2.1/servers/ce72c9cc-57db-4d86-bfc8-ad2caede5654 0.118s
2024-09-04 19:28:19.964 62700 INFO tempest.lib.common.rest_client [req-ff4ab90d-b424-4964-a945-dc93e7b7611d req-ff4ab90d-b424-4964-a945-dc93e7b7611d ] Request (ImagesTestJSON:test_create_image_from_suspended_server): 200 GET http://10.180.1.21/compute/v2.1/servers/4c34acfa-f045-478f-a235-be78d83531b8 0.067s
2024-09-04 19:28:20.042 62682 INFO tempest.lib.common.rest_client [req-7c5e6c47-25d2-475d-acc7-6230661984e8 req-7c5e6c47-25d2-475d-acc7-6230661984e8 ] Request (AttachVolumeNegativeTest:test_attach_attached_volume_to_different_server): 200 GET http://10.180.1.21/compute/v2.1/servers/dc2cb03c-6286-461e-8afb-485436523433 0.046s
2024-09-04 19:28:20.106 62706 INFO tempest.lib.common.rest_client [req-12a56fc6-75aa-4bec-916a-753888f89ec9 req-12a56fc6-75aa-4bec-916a-753888f89ec9 ] Request (ServerRescueTestJSONUnderV235:setUpClass): 200 GET http://10.180.1.21/compute/v2.1/servers/ba3a5652-948b-41f6-858b-1b6945b0cadf 0.064s
2024-09-04 19:28:20.179 62732 INFO tempest.lib.common.rest_client [req-f8a29a39-f0d4-4870-ab22-76b6031a3bb7 req-f8a29a39-f0d4-4870-ab22-76b6031a3bb7 ] Request (ListImageFiltersTestJSON:tearDownClass): 200 GET http://10.180.1.21/compute/v2.1/servers/3cb62651-d156-488f-8acd-8b3e1a5157da 0.077s
2024-09-04 19:28:20.192 62684 INFO tempest.lib.common.rest_client [req-b69776e6-2025-4eff-9520-21c6eea3efac req-b69776e6-2025-4eff-9520-21c6eea3efac ] Request (ListServerFiltersTestJSON:test_list_servers_filter_by_shutoff_status): 200 GET http://10.180.1.21/compute/v2.1/servers/85f82654-dd2e-409e-90cb-1babd05343d0 0.138s
2024-09-04 19:28:20.198 62684 INFO tempest.common.waiters [-] State transition "ACTIVE/powering-off" ==> "SHUTOFF/None" after 3 second wait
2024-09-04 19:28:20.287 62688 INFO tempest.lib.common.rest_client [req-80e5d5f6-bb52-47d4-8a04-1cfc3de4bd41 req-80e5d5f6-bb52-47d4-8a04-1cfc3de4bd41 ] Request (ServerActionsTestOtherA:setUpClass): 200 GET http://10.180.1.21/compute/v2.1/servers/3f563057-69e6-4941-a450-069491b8eef3 0.112s
2024-09-04 19:28:20.290 62684 INFO tempest.lib.common.rest_client [req-907e4452-4376-41ec-a7aa-666a60912eef req-907e4452-4376-41ec-a7aa-666a60912eef ] Request (ListServerFiltersTestJSON:test_list_servers_filter_by_shutoff_status): 200 GET http://10.180.1.21/compute/v2.1/servers?status=shutoff 0.091s
2024-09-04 19:28:20.335 62690 INFO tempest.lib.common.rest_client [req-9aa74e09-25e7-401f-ad17-9c887eec854b req-9aa74e09-25e7-401f-ad17-9c887eec854b ] Request (AttachInterfacesTestJSON:test_create_list_show_delete_interfaces_by_fixed_ip): 200 GET http://10.180.1.21/compute/v2.1/servers/c01aad14-c583-44b7-951a-e00ee08e923d 0.102s
2024-09-04 19:28:20.345 62727 INFO tempest.lib.common.rest_client [req-35ddfb34-4a47-4b28-8cf8-04eaa441ce19 req-35ddfb34-4a47-4b28-8cf8-04eaa441ce19 ] Request (FloatingIPsAssociationTestJSON:test_associate_already_associated_floating_ip): 200 GET http://10.180.1.21/compute/v2.1/servers/ed3a1b9a-7523-489e-a340-60595501ec06 0.067s
2024-09-04 19:28:20.374 62720 WARNING tempest.lib.common.ssh [-] Failed to establish authenticated ssh connection to cirros@10.180.180.238 ([Errno None] Unable to connect to port 22 on 10.180.180.238). Number attempts: 9. Retry after 10 seconds.: paramiko.ssh_exception.NoValidConnectionsError: [Errno None] Unable to connect to port 22 on 10.180.180.238
2024-09-04 19:28:20.387 62684 INFO tempest.lib.common.rest_client [req-d91c07bb-396f-4eb7-8c03-c33688ddb76e req-d91c07bb-396f-4eb7-8c03-c33688ddb76e ] Request (ListServerFiltersTestJSON:test_list_servers_filter_by_shutoff_status): 202 POST http://10.180.1.21/compute/v2.1/servers/85f82654-dd2e-409e-90cb-1babd05343d0/action 0.094s
2024-09-04 19:28:20.442 62722 INFO tempest.lib.common.rest_client [req-61fcdd59-09d5-4c14-a70f-20c0de1c6ef1 req-61fcdd59-09d5-4c14-a70f-20c0de1c6ef1 ] Request (ImagesOneServerTestJSON:setUpClass): 200 GET http://10.180.1.21/compute/v2.1/servers/c3fcda6a-e95a-4860-946a-2c03ee9e1243 0.120s
2024-09-04 19:28:20.467 62716 INFO tempest.lib.common.rest_client [req-df96f6da-6ff0-4b48-8258-e23a7f3206e6 req-df96f6da-6ff0-4b48-8258-e23a7f3206e6 ] Request (ServersNegativeTestMultiTenantJSON:tearDownClass): 200 GET http://10.180.1.21/compute/v2.1/servers/b4a8ce1d-74b8-46dd-bd56-d6ee854cb9e3 0.175s
2024-09-04 19:28:20.490 62702 INFO tempest.lib.common.rest_client [req-429e1ff5-4aa8-461b-a705-1fd545895bbd req-429e1ff5-4aa8-461b-a705-1fd545895bbd ] Request (ServerRescueTestJSON:setUpClass): 200 GET http://10.180.1.21/compute/v2.1/servers/04ded576-b215-4afe-96b0-c697d579ce38 0.125s
2024-09-04 19:28:20.560 62684 INFO tempest.lib.common.rest_client [req-815ccee5-5645-455c-b092-56ea8b1c8d7f req-815ccee5-5645-455c-b092-56ea8b1c8d7f ] Request (ListServerFiltersTestJSON:test_list_servers_filter_by_shutoff_status): 200 GET http://10.180.1.21/compute/v2.1/servers/85f82654-dd2e-409e-90cb-1babd05343d0 0.172s
2024-09-04 19:28:20.700 62718 INFO tempest.lib.common.rest_client [req-b48f0335-3d07-4dbb-9b24-83aefb3a710f req-b48f0335-3d07-4dbb-9b24-83aefb3a710f ] Request (DeleteServersTestJSON:test_delete_server_while_in_attached_volume): 200 GET http://10.180.1.21/compute/v2.1/servers/ec36c0c4-ac0f-496a-a9ae-39f6fe42e3b3 0.047s
2024-09-04 19:28:20.763 62736 INFO tempest.lib.common.rest_client [req-17cc243d-bfea-457a-9769-1fb7f7f74040 req-17cc243d-bfea-457a-9769-1fb7f7f74040 ] Request (MigrationsAdminTest:test_resize_server_revert_deleted_flavor): 200 GET http://10.180.1.21/compute/v2.1/servers/29e7c2bd-63d1-4fd7-9dc1-79a5c8f04257 0.052s
2024-09-04 19:28:20.814 62680 INFO tempest.lib.common.rest_client [req-a5394bd7-056b-4f33-921c-ad9cb71952fc req-a5394bd7-056b-4f33-921c-ad9cb71952fc ] Request (ServersTestMultiNic:test_verify_duplicate_network_nics): 200 GET http://10.180.1.21/compute/v2.1/servers/17bbc0b3-bd15-42df-8811-5052b97c0986 0.052s
2024-09-04 19:28:20.874 62678 INFO tempest.lib.common.rest_client [req-9af165e4-0a12-4fe8-8734-996b7c58aea5 req-9af165e4-0a12-4fe8-8734-996b7c58aea5 ] Request (ServersAdminTestJSON:test_create_server_with_scheduling_hint): 200 GET http://10.180.1.21/compute/v2.1/servers/3bbed079-ffe6-46d7-83ef-293634f51c14 0.061s
2024-09-04 19:28:20.912 62710 INFO tempest.lib.common.rest_client [req-2c82e2b0-5422-463b-a072-2086241cf68a req-2c82e2b0-5422-463b-a072-2086241cf68a ] Request (ServerDiskConfigTestJSON:test_rebuild_server_with_manual_disk_config): 200 GET http://10.180.1.21/compute/v2.1/servers/39666946-c9b3-40fe-beb7-0eeb6fe6b9c7 0.123s
2024-09-04 19:28:20.953 62704 INFO tempest.lib.common.rest_client [req-9fa6c6c8-31d2-4c28-8943-2c0de619d82b req-9fa6c6c8-31d2-4c28-8943-2c0de619d82b ] Request (ServersV294TestFqdnHostnames:setUpClass): 200 GET http://10.180.1.21/compute/v2.1/servers/384f8140-3de0-403f-913d-124a5c459559 0.104s
2024-09-04 19:28:20.968 62699 INFO tempest.lib.common.rest_client [req-e015282e-c7d8-4eff-a5a0-4867da59471c req-e015282e-c7d8-4eff-a5a0-4867da59471c ] Request (SecurityGroupsTestJSON:test_server_security_groups): 200 GET http://10.180.1.21/compute/v2.1/servers/164d78b2-4796-439c-98c7-818ea4260846 0.107s
2024-09-04 19:28:20.999 62676 INFO tempest.lib.common.rest_client [req-41e41e14-26dd-4bbb-b0fc-1ebe0ff15d05 req-41e41e14-26dd-4bbb-b0fc-1ebe0ff15d05 ] Request (ServerPasswordTestJSON:setUpClass): 200 GET http://10.180.1.21/compute/v2.1/servers/565c6a64-d366-49a8-9d1b-cbe620d71bd2 0.101s
2024-09-04 19:28:21.018 62674 INFO tempest.lib.common.rest_client [req-c9b2f1fa-10d3-4fac-9b4d-538851a0aa86 req-c9b2f1fa-10d3-4fac-9b4d-538851a0aa86 ] Request (ServersAdmin275Test:test_rebuild_update_server_275): 200 GET http://10.180.1.21/compute/v2.1/servers/53f91275-8b3a-492f-9e5d-7be6aa92c1be 0.099s
2024-09-04 19:28:21.068 62700 INFO tempest.lib.common.rest_client [req-a03d7d0e-270e-4404-9c7d-9d9c2043ced4 req-a03d7d0e-270e-4404-9c7d-9d9c2043ced4 ] Request (ImagesTestJSON:test_create_image_from_suspended_server): 200 GET http://10.180.1.21/compute/v2.1/servers/4c34acfa-f045-478f-a235-be78d83531b8 0.096s
2024-09-04 19:28:21.078 62728 INFO tempest.lib.common.rest_client [req-fa9af236-03b8-476b-992c-9d93c5d6baaf req-fa9af236-03b8-476b-992c-9d93c5d6baaf ] Request (ServersAdminNegativeTestJSON:tearDownClass): 200 GET http://10.180.1.21/compute/v2.1/servers/ce72c9cc-57db-4d86-bfc8-ad2caede5654 0.111s
2024-09-04 19:28:21.112 62682 INFO tempest.lib.common.rest_client [req-4310acf3-8247-439f-b5af-6a9de89b720f req-4310acf3-8247-439f-b5af-6a9de89b720f ] Request (AttachVolumeNegativeTest:test_attach_attached_volume_to_different_server): 200 GET http://10.180.1.21/compute/v2.1/servers/dc2cb03c-6286-461e-8afb-485436523433 0.061s
2024-09-04 19:28:21.164 62706 INFO tempest.lib.common.rest_client [req-b4b722ad-5f19-4345-b236-863a21fc227c req-b4b722ad-5f19-4345-b236-863a21fc227c ] Request (ServerRescueTestJSONUnderV235:setUpClass): 200 GET http://10.180.1.21/compute/v2.1/servers/ba3a5652-948b-41f6-858b-1b6945b0cadf 0.047s
2024-09-04 19:28:21.241 62732 INFO tempest.lib.common.rest_client [req-0f0f28e7-7e14-4142-bd23-89ada37b8d85 req-0f0f28e7-7e14-4142-bd23-89ada37b8d85 ] Request (ListImageFiltersTestJSON:tearDownClass): 200 GET http://10.180.1.21/compute/v2.1/servers/3cb62651-d156-488f-8acd-8b3e1a5157da 0.055s
2024-09-04 19:28:21.404 62690 INFO tempest.lib.common.rest_client [req-fd4a9ec1-ecfe-42c7-bc9f-ca0c3f97c0c9 req-fd4a9ec1-ecfe-42c7-bc9f-ca0c3f97c0c9 ] Request (AttachInterfacesTestJSON:test_create_list_show_delete_interfaces_by_fixed_ip): 200 GET http://10.180.1.21/compute/v2.1/servers/c01aad14-c583-44b7-951a-e00ee08e923d 0.062s
2024-09-04 19:28:21.415 62688 INFO tempest.lib.common.rest_client [req-dba83083-b337-4fbd-bc10-c92fd00cd9ce req-dba83083-b337-4fbd-bc10-c92fd00cd9ce ] Request (ServerActionsTestOtherA:setUpClass): 200 GET http://10.180.1.21/compute/v2.1/servers/3f563057-69e6-4941-a450-069491b8eef3 0.120s
2024-09-04 19:28:21.451 62727 INFO tempest.lib.common.rest_client [req-9a033a5a-239b-4e6c-ab01-967c0e90c88c req-9a033a5a-239b-4e6c-ab01-967c0e90c88c ] Request (FloatingIPsAssociationTestJSON:test_associate_already_associated_floating_ip): 200 GET http://10.180.1.21/compute/v2.1/servers/ed3a1b9a-7523-489e-a340-60595501ec06 0.098s
2024-09-04 19:28:21.462 62714 WARNING tempest.lib.common.ssh [-] Failed to establish authenticated ssh connection to cirros@10.180.180.141 ([Errno None] Unable to connect to port 22 on 10.180.180.141). Number attempts: 9. Retry after 10 seconds.: paramiko.ssh_exception.NoValidConnectionsError: [Errno None] Unable to connect to port 22 on 10.180.180.141
2024-09-04 19:28:21.499 62722 INFO tempest.lib.common.rest_client [req-13359202-0264-42d8-8da5-64b4bc7c8457 req-13359202-0264-42d8-8da5-64b4bc7c8457 ] Request (ImagesOneServerTestJSON:setUpClass): 200 GET http://10.180.1.21/compute/v2.1/servers/c3fcda6a-e95a-4860-946a-2c03ee9e1243 0.050s
2024-09-04 19:28:21.524 62716 INFO tempest.lib.common.rest_client [req-bf27364a-77d8-41ba-8315-bec6c9369342 req-bf27364a-77d8-41ba-8315-bec6c9369342 ] Request (ServersNegativeTestMultiTenantJSON:tearDownClass): 200 GET http://10.180.1.21/compute/v2.1/servers/b4a8ce1d-74b8-46dd-bd56-d6ee854cb9e3 0.049s
2024-09-04 19:28:21.551 62702 INFO tempest.lib.common.rest_client [req-944ef8d1-3ed4-4f7d-8bac-571a5d502585 req-944ef8d1-3ed4-4f7d-8bac-571a5d502585 ] Request (ServerRescueTestJSON:setUpClass): 200 GET http://10.180.1.21/compute/v2.1/servers/04ded576-b215-4afe-96b0-c697d579ce38 0.054s
2024-09-04 19:28:21.671 62684 INFO tempest.lib.common.rest_client [req-9a8cecf5-dd19-45e8-bd96-944ed11ebcb7 req-9a8cecf5-dd19-45e8-bd96-944ed11ebcb7 ] Request (ListServerFiltersTestJSON:test_list_servers_filter_by_shutoff_status): 200 GET http://10.180.1.21/compute/v2.1/servers/85f82654-dd2e-409e-90cb-1babd05343d0 0.103s
2024-09-04 19:28:21.761 62718 INFO tempest.lib.common.rest_client [req-b4510600-2edf-4737-9d13-0efdf26d1f1c req-b4510600-2edf-4737-9d13-0efdf26d1f1c ] Request (DeleteServersTestJSON:test_delete_server_while_in_attached_volume): 200 GET http://10.180.1.21/compute/v2.1/servers/ec36c0c4-ac0f-496a-a9ae-39f6fe42e3b3 0.053s
2024-09-04 19:28:21.821 62736 INFO tempest.lib.common.rest_client [req-4891f98d-d4b9-4f10-baa7-b2888299a643 req-4891f98d-d4b9-4f10-baa7-b2888299a643 ] Request (MigrationsAdminTest:test_resize_server_revert_deleted_flavor): 200 GET http://10.180.1.21/compute/v2.1/servers/29e7c2bd-63d1-4fd7-9dc1-79a5c8f04257 0.051s
2024-09-04 19:28:21.872 62680 INFO tempest.lib.common.rest_client [req-bd981648-192e-488f-92b5-255ca1e2d07d req-bd981648-192e-488f-92b5-255ca1e2d07d ] Request (ServersTestMultiNic:test_verify_duplicate_network_nics): 200 GET http://10.180.1.21/compute/v2.1/servers/17bbc0b3-bd15-42df-8811-5052b97c0986 0.050s
2024-09-04 19:28:21.952 62678 INFO tempest.lib.common.rest_client [req-c04b5480-896c-42b3-a51b-4d5ccc8e98c8 req-c04b5480-896c-42b3-a51b-4d5ccc8e98c8 ] Request (ServersAdminTestJSON:test_create_server_with_scheduling_hint): 200 GET http://10.180.1.21/compute/v2.1/servers/3bbed079-ffe6-46d7-83ef-293634f51c14 0.069s
2024-09-04 19:28:22.039 62704 INFO tempest.lib.common.rest_client [req-8c67dd59-811e-47c5-bb45-cd929669d854 req-8c67dd59-811e-47c5-bb45-cd929669d854 ] Request (ServersV294TestFqdnHostnames:setUpClass): 200 GET http://10.180.1.21/compute/v2.1/servers/384f8140-3de0-403f-913d-124a5c459559 0.077s
2024-09-04 19:28:22.060 62710 INFO tempest.lib.common.rest_client [req-11710d65-0025-4c09-90e5-6935c1579a01 req-11710d65-0025-4c09-90e5-6935c1579a01 ] Request (ServerDiskConfigTestJSON:test_rebuild_server_with_manual_disk_config): 200 GET http://10.180.1.21/compute/v2.1/servers/39666946-c9b3-40fe-beb7-0eeb6fe6b9c7 0.137s
2024-09-04 19:28:22.066 62710 INFO tempest.common.waiters [-] State transition "BUILD/spawning" ==> "ACTIVE/None" after 75 second wait
2024-09-04 19:28:22.103 62699 INFO tempest.lib.common.rest_client [req-711cb814-3c64-4b11-973e-e7351615a5d3 req-711cb814-3c64-4b11-973e-e7351615a5d3 ] Request (SecurityGroupsTestJSON:test_server_security_groups): 200 GET http://10.180.1.21/compute/v2.1/servers/164d78b2-4796-439c-98c7-818ea4260846 0.122s
2024-09-04 19:28:22.111 62676 INFO tempest.lib.common.rest_client [req-5ea41232-dcb9-43df-8ac9-cd8e6828210e req-5ea41232-dcb9-43df-8ac9-cd8e6828210e ] Request (ServerPasswordTestJSON:setUpClass): 200 GET http://10.180.1.21/compute/v2.1/servers/565c6a64-d366-49a8-9d1b-cbe620d71bd2 0.105s
2024-09-04 19:28:22.179 62674 INFO tempest.lib.common.rest_client [req-2555d9de-18e8-41de-9ad6-a1fee0f82756 req-2555d9de-18e8-41de-9ad6-a1fee0f82756 ] Request (ServersAdmin275Test:test_rebuild_update_server_275): 200 GET http://10.180.1.21/compute/v2.1/servers/53f91275-8b3a-492f-9e5d-7be6aa92c1be 0.149s
2024-09-04 19:28:22.236 62710 INFO tempest.lib.common.rest_client [req-62e510c4-b6c2-41be-83bf-f9ded68f335d req-62e510c4-b6c2-41be-83bf-f9ded68f335d ] Request (ServerDiskConfigTestJSON:test_rebuild_server_with_manual_disk_config): 200 GET http://10.180.1.21/compute/v2.1/servers/39666946-c9b3-40fe-beb7-0eeb6fe6b9c7 0.169s
2024-09-04 19:28:22.237 62700 INFO tempest.lib.common.rest_client [req-aa6d128b-19bc-44a8-963c-01c519934e4d req-aa6d128b-19bc-44a8-963c-01c519934e4d ] Request (ImagesTestJSON:test_create_image_from_suspended_server): 200 GET http://10.180.1.21/compute/v2.1/servers/4c34acfa-f045-478f-a235-be78d83531b8 0.162s
2024-09-04 19:28:22.284 62682 INFO tempest.lib.common.rest_client [req-0e09df1a-3e1b-4e6f-88ac-828b8bab5212 req-0e09df1a-3e1b-4e6f-88ac-828b8bab5212 ] Request (AttachVolumeNegativeTest:test_attach_attached_volume_to_different_server): 200 GET http://10.180.1.21/compute/v2.1/servers/dc2cb03c-6286-461e-8afb-485436523433 0.164s
2024-09-04 19:28:22.298 62728 INFO tempest.lib.common.rest_client [req-48b0a99d-c086-4797-a2fe-a345f03606d7 req-48b0a99d-c086-4797-a2fe-a345f03606d7 ] Request (ServersAdminNegativeTestJSON:tearDownClass): 200 GET http://10.180.1.21/compute/v2.1/servers/ce72c9cc-57db-4d86-bfc8-ad2caede5654 0.213s
2024-09-04 19:28:22.332 62706 INFO tempest.lib.common.rest_client [req-fe0bbb06-4496-4c29-adfc-64e311214ee5 req-fe0bbb06-4496-4c29-adfc-64e311214ee5 ] Request (ServerRescueTestJSONUnderV235:setUpClass): 200 GET http://10.180.1.21/compute/v2.1/servers/ba3a5652-948b-41f6-858b-1b6945b0cadf 0.161s
2024-09-04 19:28:22.376 62710 INFO tempest.lib.common.rest_client [req-516593ab-7e05-4063-81fc-c7312a658fa7 req-516593ab-7e05-4063-81fc-c7312a658fa7 ] Request (ServerDiskConfigTestJSON:test_rebuild_server_with_manual_disk_config): 200 PUT http://10.180.1.21/compute/v2.1/servers/39666946-c9b3-40fe-beb7-0eeb6fe6b9c7 0.130s
2024-09-04 19:28:22.400 62732 INFO tempest.lib.common.rest_client [req-d443172b-dd0c-44cc-a936-6a844a0d4b84 req-d443172b-dd0c-44cc-a936-6a844a0d4b84 ] Request (ListImageFiltersTestJSON:tearDownClass): 200 GET http://10.180.1.21/compute/v2.1/servers/3cb62651-d156-488f-8acd-8b3e1a5157da 0.152s
2024-09-04 19:28:22.486 62690 INFO tempest.lib.common.rest_client [req-24c21a73-5572-4399-902d-5a7d27f576e5 req-24c21a73-5572-4399-902d-5a7d27f576e5 ] Request (AttachInterfacesTestJSON:test_create_list_show_delete_interfaces_by_fixed_ip): 200 GET http://10.180.1.21/compute/v2.1/servers/c01aad14-c583-44b7-951a-e00ee08e923d 0.074s
2024-09-04 19:28:22.540 62710 INFO tempest.lib.common.rest_client [req-040bce6d-e3dc-4bb2-9585-27a641d7c1db req-040bce6d-e3dc-4bb2-9585-27a641d7c1db ] Request (ServerDiskConfigTestJSON:test_rebuild_server_with_manual_disk_config): 200 GET http://10.180.1.21/compute/v2.1/servers/39666946-c9b3-40fe-beb7-0eeb6fe6b9c7 0.155s
2024-09-04 19:28:22.606 62727 INFO tempest.lib.common.rest_client [req-dcaaf5fa-2deb-4fb1-9975-7f1965de60d4 req-dcaaf5fa-2deb-4fb1-9975-7f1965de60d4 ] Request (FloatingIPsAssociationTestJSON:test_associate_already_associated_floating_ip): 200 GET http://10.180.1.21/compute/v2.1/servers/ed3a1b9a-7523-489e-a340-60595501ec06 0.145s
2024-09-04 19:28:22.609 62688 INFO tempest.lib.common.rest_client [req-833ced59-2301-4b8a-9145-da5786aa2b62 req-833ced59-2301-4b8a-9145-da5786aa2b62 ] Request (ServerActionsTestOtherA:setUpClass): 200 GET http://10.180.1.21/compute/v2.1/servers/3f563057-69e6-4941-a450-069491b8eef3 0.187s
2024-09-04 19:28:22.667 62722 INFO tempest.lib.common.rest_client [req-de8541fc-5950-4137-9f84-4ea25ac3238b req-de8541fc-5950-4137-9f84-4ea25ac3238b ] Request (ImagesOneServerTestJSON:setUpClass): 200 GET http://10.180.1.21/compute/v2.1/servers/c3fcda6a-e95a-4860-946a-2c03ee9e1243 0.161s
2024-09-04 19:28:22.667 62716 INFO tempest.lib.common.rest_client [req-79b107e5-f364-4264-898f-8120e402cd0b req-79b107e5-f364-4264-898f-8120e402cd0b ] Request (ServersNegativeTestMultiTenantJSON:tearDownClass): 200 GET http://10.180.1.21/compute/v2.1/servers/b4a8ce1d-74b8-46dd-bd56-d6ee854cb9e3 0.135s
2024-09-04 19:28:22.673 62716 INFO tempest.common.waiters [-] State transition "ACTIVE/deleting" ==> "DELETED/None" after 3 second wait
2024-09-04 19:28:22.723 62702 INFO tempest.lib.common.rest_client [req-7ff6c5a1-7e50-441b-ae1c-8dece72a8421 req-7ff6c5a1-7e50-441b-ae1c-8dece72a8421 ] Request (ServerRescueTestJSON:setUpClass): 200 GET http://10.180.1.21/compute/v2.1/servers/04ded576-b215-4afe-96b0-c697d579ce38 0.166s
2024-09-04 19:28:22.785 62710 INFO tempest.lib.common.rest_client [req-adffd654-8c2a-4248-af59-6edaf647061c req-adffd654-8c2a-4248-af59-6edaf647061c ] Request (ServerDiskConfigTestJSON:test_rebuild_server_with_manual_disk_config): 200 GET http://10.180.1.21/compute/v2.1/servers/39666946-c9b3-40fe-beb7-0eeb6fe6b9c7 0.236s
2024-09-04 19:28:22.843 62718 INFO tempest.lib.common.rest_client [req-ac94cf01-8aae-44a6-bd2a-9bf48bcd2299 req-ac94cf01-8aae-44a6-bd2a-9bf48bcd2299 ] Request (DeleteServersTestJSON:test_delete_server_while_in_attached_volume): 200 GET http://10.180.1.21/compute/v2.1/servers/ec36c0c4-ac0f-496a-a9ae-39f6fe42e3b3 0.074s
2024-09-04 19:28:22.879 62684 INFO tempest.lib.common.rest_client [req-20a95643-47c3-4ec6-a87b-8d246bfae8a2 req-20a95643-47c3-4ec6-a87b-8d246bfae8a2 ] Request (ListServerFiltersTestJSON:test_list_servers_filter_by_shutoff_status): 200 GET http://10.180.1.21/compute/v2.1/servers/85f82654-dd2e-409e-90cb-1babd05343d0 0.201s
2024-09-04 19:28:22.939 62736 INFO tempest.lib.common.rest_client [req-69fec588-8f7d-4f36-b590-80593f03f021 req-69fec588-8f7d-4f36-b590-80593f03f021 ] Request (MigrationsAdminTest:test_resize_server_revert_deleted_flavor): 200 GET http://10.180.1.21/compute/v2.1/servers/29e7c2bd-63d1-4fd7-9dc1-79a5c8f04257 0.110s
2024-09-04 19:28:22.985 62680 INFO tempest.lib.common.rest_client [req-2ea341a3-bcbc-44ad-8c9d-e2b93e71861d req-2ea341a3-bcbc-44ad-8c9d-e2b93e71861d ] Request (ServersTestMultiNic:test_verify_duplicate_network_nics): 200 GET http://10.180.1.21/compute/v2.1/servers/17bbc0b3-bd15-42df-8811-5052b97c0986 0.105s
2024-09-04 19:28:22.989 62710 INFO tempest.lib.common.rest_client [req-edbfb2b6-dd24-4ab0-a3d7-68d8b3bed048 req-edbfb2b6-dd24-4ab0-a3d7-68d8b3bed048 ] Request (ServerDiskConfigTestJSON:test_rebuild_server_with_manual_disk_config): 202 POST http://10.180.1.21/compute/v2.1/servers/39666946-c9b3-40fe-beb7-0eeb6fe6b9c7/action 0.195s
2024-09-04 19:28:23.030 62678 INFO tempest.lib.common.rest_client [req-1a1716e3-2bb9-41b6-aa9c-c04a16a9d607 req-1a1716e3-2bb9-41b6-aa9c-c04a16a9d607 ] Request (ServersAdminTestJSON:test_create_server_with_scheduling_hint): 200 GET http://10.180.1.21/compute/v2.1/servers/3bbed079-ffe6-46d7-83ef-293634f51c14 0.071s
2024-09-04 19:28:23.127 62710 INFO tempest.lib.common.rest_client [req-cbea0e14-4123-444b-9861-31c76e1a19d2 req-cbea0e14-4123-444b-9861-31c76e1a19d2 ] Request (ServerDiskConfigTestJSON:test_rebuild_server_with_manual_disk_config): 200 GET http://10.180.1.21/compute/v2.1/servers/39666946-c9b3-40fe-beb7-0eeb6fe6b9c7 0.128s
2024-09-04 19:28:23.131 62704 INFO tempest.lib.common.rest_client [req-231d75ca-121f-4d86-8a5c-6e4240872072 req-231d75ca-121f-4d86-8a5c-6e4240872072 ] Request (ServersV294TestFqdnHostnames:setUpClass): 200 GET http://10.180.1.21/compute/v2.1/servers/384f8140-3de0-403f-913d-124a5c459559 0.080s
2024-09-04 19:28:23.181 62676 INFO tempest.lib.common.rest_client [req-5b7c1b62-aa97-4773-a4b4-7a79caf52960 req-5b7c1b62-aa97-4773-a4b4-7a79caf52960 ] Request (ServerPasswordTestJSON:setUpClass): 200 GET http://10.180.1.21/compute/v2.1/servers/565c6a64-d366-49a8-9d1b-cbe620d71bd2 0.063s
2024-09-04 19:28:23.183 62699 INFO tempest.lib.common.rest_client [req-52217fb4-108a-4e1f-a714-ed1d681bea00 req-52217fb4-108a-4e1f-a714-ed1d681bea00 ] Request (SecurityGroupsTestJSON:test_server_security_groups): 200 GET http://10.180.1.21/compute/v2.1/servers/164d78b2-4796-439c-98c7-818ea4260846 0.073s
2024-09-04 19:28:23.250 62674 INFO tempest.lib.common.rest_client [req-326efa15-d02a-48ba-84ff-4f2f990fa683 req-326efa15-d02a-48ba-84ff-4f2f990fa683 ] Request (ServersAdmin275Test:test_rebuild_update_server_275): 200 GET http://10.180.1.21/compute/v2.1/servers/53f91275-8b3a-492f-9e5d-7be6aa92c1be 0.057s
2024-09-04 19:28:23.278 62734 WARNING tempest.lib.common.ssh [-] Failed to establish authenticated ssh connection to cirros@10.180.180.243 ([Errno None] Unable to connect to port 22 on 10.180.180.243). Number attempts: 6. Retry after 7 seconds.: paramiko.ssh_exception.NoValidConnectionsError: [Errno None] Unable to connect to port 22 on 10.180.180.243
2024-09-04 19:28:23.293 62700 INFO tempest.lib.common.rest_client [req-895a334b-bbf5-455a-b7bb-9ee3768e06cf req-895a334b-bbf5-455a-b7bb-9ee3768e06cf ] Request (ImagesTestJSON:test_create_image_from_suspended_server): 200 GET http://10.180.1.21/compute/v2.1/servers/4c34acfa-f045-478f-a235-be78d83531b8 0.049s
2024-09-04 19:28:23.345 62682 INFO tempest.lib.common.rest_client [req-834d6fd7-5645-4f3a-8687-57935de6f6a2 req-834d6fd7-5645-4f3a-8687-57935de6f6a2 ] Request (AttachVolumeNegativeTest:test_attach_attached_volume_to_different_server): 200 GET http://10.180.1.21/compute/v2.1/servers/dc2cb03c-6286-461e-8afb-485436523433 0.054s
2024-09-04 19:28:23.373 62728 INFO tempest.lib.common.rest_client [req-1cc6975f-8ea1-442d-a920-d5a748667b48 req-1cc6975f-8ea1-442d-a920-d5a748667b48 ] Request (ServersAdminNegativeTestJSON:tearDownClass): 200 GET http://10.180.1.21/compute/v2.1/servers/ce72c9cc-57db-4d86-bfc8-ad2caede5654 0.063s
2024-09-04 19:28:23.394 62706 INFO tempest.lib.common.rest_client [req-2225ec57-5792-43b9-b3f9-2cdc82016a1a req-2225ec57-5792-43b9-b3f9-2cdc82016a1a ] Request (ServerRescueTestJSONUnderV235:setUpClass): 200 GET http://10.180.1.21/compute/v2.1/servers/ba3a5652-948b-41f6-858b-1b6945b0cadf 0.055s
2024-09-04 19:28:23.472 62732 INFO tempest.lib.common.rest_client [req-13fd4726-355e-4549-8081-81909922d9c3 req-13fd4726-355e-4549-8081-81909922d9c3 ] Request (ListImageFiltersTestJSON:tearDownClass): 200 GET http://10.180.1.21/compute/v2.1/servers/3cb62651-d156-488f-8acd-8b3e1a5157da 0.061s
2024-09-04 19:28:23.551 62690 INFO tempest.lib.common.rest_client [req-facdd13a-4473-4900-88f2-17d3996e727f req-facdd13a-4473-4900-88f2-17d3996e727f ] Request (AttachInterfacesTestJSON:test_create_list_show_delete_interfaces_by_fixed_ip): 200 GET http://10.180.1.21/compute/v2.1/servers/c01aad14-c583-44b7-951a-e00ee08e923d 0.058s
2024-09-04 19:28:23.689 62727 INFO tempest.lib.common.rest_client [req-69f57d2f-4d7d-4509-82ef-fe4b24fd15d0 req-69f57d2f-4d7d-4509-82ef-fe4b24fd15d0 ] Request (FloatingIPsAssociationTestJSON:test_associate_already_associated_floating_ip): 200 GET http://10.180.1.21/compute/v2.1/servers/ed3a1b9a-7523-489e-a340-60595501ec06 0.073s
2024-09-04 19:28:23.695 62727 INFO tempest.common.waiters [-] State transition "BUILD/scheduling" ==> "BUILD/None" after 33 second wait
2024-09-04 19:28:23.766 62716 INFO tempest.lib.common.rest_client [req-135701a2-1186-4d9a-aab1-0510194b0fb6 req-135701a2-1186-4d9a-aab1-0510194b0fb6 ] Request (ServersNegativeTestMultiTenantJSON:tearDownClass): 200 GET http://10.180.1.21/compute/v2.1/servers/b4a8ce1d-74b8-46dd-bd56-d6ee854cb9e3 0.091s
2024-09-04 19:28:23.778 62688 INFO tempest.lib.common.rest_client [req-b21185bc-0373-466e-9640-00d57feb5018 req-b21185bc-0373-466e-9640-00d57feb5018 ] Request (ServerActionsTestOtherA:setUpClass): 200 GET http://10.180.1.21/compute/v2.1/servers/3f563057-69e6-4941-a450-069491b8eef3 0.162s
2024-09-04 19:28:23.817 62722 INFO tempest.lib.common.rest_client [req-1484a183-9e2f-4279-b851-ff3419b37139 req-1484a183-9e2f-4279-b851-ff3419b37139 ] Request (ImagesOneServerTestJSON:setUpClass): 200 GET http://10.180.1.21/compute/v2.1/servers/c3fcda6a-e95a-4860-946a-2c03ee9e1243 0.141s
2024-09-04 19:28:23.835 62702 INFO tempest.lib.common.rest_client [req-63162d89-f46f-4d3d-b2c1-751463a8d077 req-63162d89-f46f-4d3d-b2c1-751463a8d077 ] Request (ServerRescueTestJSON:setUpClass): 200 GET http://10.180.1.21/compute/v2.1/servers/04ded576-b215-4afe-96b0-c697d579ce38 0.101s
2024-09-04 19:28:23.921 62718 INFO tempest.lib.common.rest_client [req-60199b07-6646-43ad-be1b-d5e4bc040b6c req-60199b07-6646-43ad-be1b-d5e4bc040b6c ] Request (DeleteServersTestJSON:test_delete_server_while_in_attached_volume): 200 GET http://10.180.1.21/compute/v2.1/servers/ec36c0c4-ac0f-496a-a9ae-39f6fe42e3b3 0.069s
2024-09-04 19:28:24.010 62736 INFO tempest.lib.common.rest_client [req-0aa9caa8-b256-4a6f-b582-7ebf474e6466 req-0aa9caa8-b256-4a6f-b582-7ebf474e6466 ] Request (MigrationsAdminTest:test_resize_server_revert_deleted_flavor): 200 GET http://10.180.1.21/compute/v2.1/servers/29e7c2bd-63d1-4fd7-9dc1-79a5c8f04257 0.060s
2024-09-04 19:28:24.035 62684 INFO tempest.lib.common.rest_client [req-49cafe75-69c2-4a68-8284-7f6a435f2e6b req-49cafe75-69c2-4a68-8284-7f6a435f2e6b ] Request (ListServerFiltersTestJSON:test_list_servers_filter_by_shutoff_status): 200 GET http://10.180.1.21/compute/v2.1/servers/85f82654-dd2e-409e-90cb-1babd05343d0 0.148s
2024-09-04 19:28:24.053 62680 INFO tempest.lib.common.rest_client [req-40dc7bec-c562-4f7a-93fd-7124c0f213e0 req-40dc7bec-c562-4f7a-93fd-7124c0f213e0 ] Request (ServersTestMultiNic:test_verify_duplicate_network_nics): 200 GET http://10.180.1.21/compute/v2.1/servers/17bbc0b3-bd15-42df-8811-5052b97c0986 0.051s
2024-09-04 19:28:24.088 62678 INFO tempest.lib.common.rest_client [req-87c3aff6-9323-476f-93c3-51fbfdaddafe req-87c3aff6-9323-476f-93c3-51fbfdaddafe ] Request (ServersAdminTestJSON:test_create_server_with_scheduling_hint): 200 GET http://10.180.1.21/compute/v2.1/servers/3bbed079-ffe6-46d7-83ef-293634f51c14 0.050s
2024-09-04 19:28:24.203 62704 INFO tempest.lib.common.rest_client [req-e878bb3b-662d-4c27-9c4a-08e5691fab6f req-e878bb3b-662d-4c27-9c4a-08e5691fab6f ] Request (ServersV294TestFqdnHostnames:setUpClass): 200 GET http://10.180.1.21/compute/v2.1/servers/384f8140-3de0-403f-913d-124a5c459559 0.063s
2024-09-04 19:28:24.261 62676 INFO tempest.lib.common.rest_client [req-b7590ba2-0b40-4976-bb7b-c99c790cfb7d req-b7590ba2-0b40-4976-bb7b-c99c790cfb7d ] Request (ServerPasswordTestJSON:setUpClass): 200 GET http://10.180.1.21/compute/v2.1/servers/565c6a64-d366-49a8-9d1b-cbe620d71bd2 0.072s
2024-09-04 19:28:24.270 62710 INFO tempest.lib.common.rest_client [req-bdffa81d-b564-40ba-af1e-7bbc7df2e77a req-bdffa81d-b564-40ba-af1e-7bbc7df2e77a ] Request (ServerDiskConfigTestJSON:test_rebuild_server_with_manual_disk_config): 200 GET http://10.180.1.21/compute/v2.1/servers/39666946-c9b3-40fe-beb7-0eeb6fe6b9c7 0.136s
2024-09-04 19:28:24.304 62699 INFO tempest.lib.common.rest_client [req-50c089c6-46cd-4464-9a7a-d4cce00f2604 req-50c089c6-46cd-4464-9a7a-d4cce00f2604 ] Request (SecurityGroupsTestJSON:test_server_security_groups): 200 GET http://10.180.1.21/compute/v2.1/servers/164d78b2-4796-439c-98c7-818ea4260846 0.114s
2024-09-04 19:28:24.333 62674 INFO tempest.lib.common.rest_client [req-389c898d-a27b-42fe-b0a7-ae08061768a3 req-389c898d-a27b-42fe-b0a7-ae08061768a3 ] Request (ServersAdmin275Test:test_rebuild_update_server_275): 200 GET http://10.180.1.21/compute/v2.1/servers/53f91275-8b3a-492f-9e5d-7be6aa92c1be 0.074s
2024-09-04 19:28:24.347 62700 INFO tempest.lib.common.rest_client [req-babfb14c-e353-45fd-bffd-8fe6d3056780 req-babfb14c-e353-45fd-bffd-8fe6d3056780 ] Request (ImagesTestJSON:test_create_image_from_suspended_server): 200 GET http://10.180.1.21/compute/v2.1/servers/4c34acfa-f045-478f-a235-be78d83531b8 0.047s
2024-09-04 19:28:24.405 62682 INFO tempest.lib.common.rest_client [req-9d044632-4bc4-45db-8557-bff029164857 req-9d044632-4bc4-45db-8557-bff029164857 ] Request (AttachVolumeNegativeTest:test_attach_attached_volume_to_different_server): 200 GET http://10.180.1.21/compute/v2.1/servers/dc2cb03c-6286-461e-8afb-485436523433 0.051s
2024-09-04 19:28:24.437 62728 INFO tempest.lib.common.rest_client [req-9f1a6910-ef78-4767-8937-1a0460ee790a req-9f1a6910-ef78-4767-8937-1a0460ee790a ] Request (ServersAdminNegativeTestJSON:tearDownClass): 200 GET http://10.180.1.21/compute/v2.1/servers/ce72c9cc-57db-4d86-bfc8-ad2caede5654 0.058s
2024-09-04 19:28:24.448 62706 INFO tempest.lib.common.rest_client [req-aaa78eae-3551-46a3-afd6-c6980f49ba2a req-aaa78eae-3551-46a3-afd6-c6980f49ba2a ] Request (ServerRescueTestJSONUnderV235:setUpClass): 200 GET http://10.180.1.21/compute/v2.1/servers/ba3a5652-948b-41f6-858b-1b6945b0cadf 0.044s
2024-09-04 19:28:24.551 62730 WARNING tempest.lib.common.ssh [-] Failed to establish authenticated ssh connection to cirros@10.180.180.214 ([Errno None] Unable to connect to port 22 on 10.180.180.214). Number attempts: 10. Retry after 11 seconds.: paramiko.ssh_exception.NoValidConnectionsError: [Errno None] Unable to connect to port 22 on 10.180.180.214
2024-09-04 19:28:24.608 62690 INFO tempest.lib.common.rest_client [req-210fc650-b302-4100-a33f-7ee4f691f916 req-210fc650-b302-4100-a33f-7ee4f691f916 ] Request (AttachInterfacesTestJSON:test_create_list_show_delete_interfaces_by_fixed_ip): 200 GET http://10.180.1.21/compute/v2.1/servers/c01aad14-c583-44b7-951a-e00ee08e923d 0.049s
2024-09-04 19:28:24.712 62708 WARNING tempest.lib.common.ssh [-] Failed to establish authenticated ssh connection to cirros@10.180.180.251 ([Errno None] Unable to connect to port 22 on 10.180.180.251). Number attempts: 7. Retry after 8 seconds.: paramiko.ssh_exception.NoValidConnectionsError: [Errno None] Unable to connect to port 22 on 10.180.180.251
2024-09-04 19:28:24.747 62727 INFO tempest.lib.common.rest_client [req-3743afe4-bfeb-45b2-995f-3e7c152e30f2 req-3743afe4-bfeb-45b2-995f-3e7c152e30f2 ] Request (FloatingIPsAssociationTestJSON:test_associate_already_associated_floating_ip): 200 GET http://10.180.1.21/compute/v2.1/servers/ed3a1b9a-7523-489e-a340-60595501ec06 0.050s
2024-09-04 19:28:24.764 62732 INFO tempest.lib.common.rest_client [req-e7c0a09b-4a66-44d7-9ebd-06acf12b95b1 req-e7c0a09b-4a66-44d7-9ebd-06acf12b95b1 ] Request (ListImageFiltersTestJSON:tearDownClass): 200 GET http://10.180.1.21/compute/v2.1/servers/3cb62651-d156-488f-8acd-8b3e1a5157da 0.285s
2024-09-04 19:28:24.841 62716 INFO tempest.lib.common.rest_client [req-f9e2c863-7ef8-45be-b3d0-4ea25c035f55 req-f9e2c863-7ef8-45be-b3d0-4ea25c035f55 ] Request (ServersNegativeTestMultiTenantJSON:tearDownClass): 200 GET http://10.180.1.21/compute/v2.1/servers/b4a8ce1d-74b8-46dd-bd56-d6ee854cb9e3 0.067s
2024-09-04 19:28:24.892 62722 INFO tempest.lib.common.rest_client [req-cbb83689-3a22-40cd-94cc-1e9c3a510430 req-cbb83689-3a22-40cd-94cc-1e9c3a510430 ] Request (ImagesOneServerTestJSON:setUpClass): 200 GET http://10.180.1.21/compute/v2.1/servers/c3fcda6a-e95a-4860-946a-2c03ee9e1243 0.066s
2024-09-04 19:28:24.903 62688 INFO tempest.lib.common.rest_client [req-5f19c899-13a5-4a82-a229-96a4a9b40886 req-5f19c899-13a5-4a82-a229-96a4a9b40886 ] Request (ServerActionsTestOtherA:setUpClass): 200 GET http://10.180.1.21/compute/v2.1/servers/3f563057-69e6-4941-a450-069491b8eef3 0.117s
2024-09-04 19:28:24.937 62702 INFO tempest.lib.common.rest_client [req-47ee39ab-dde1-4b4d-a561-b986234bdcff req-47ee39ab-dde1-4b4d-a561-b986234bdcff ] Request (ServerRescueTestJSON:setUpClass): 200 GET http://10.180.1.21/compute/v2.1/servers/04ded576-b215-4afe-96b0-c697d579ce38 0.094s
2024-09-04 19:28:24.983 62718 INFO tempest.lib.common.rest_client [req-10903df2-01c9-49b2-bc50-ea187fa190c0 req-10903df2-01c9-49b2-bc50-ea187fa190c0 ] Request (DeleteServersTestJSON:test_delete_server_while_in_attached_volume): 200 GET http://10.180.1.21/compute/v2.1/servers/ec36c0c4-ac0f-496a-a9ae-39f6fe42e3b3 0.055s
2024-09-04 19:28:25.067 62736 INFO tempest.lib.common.rest_client [req-9fe4fd27-1b27-4166-b49f-5f73c3b53699 req-9fe4fd27-1b27-4166-b49f-5f73c3b53699 ] Request (MigrationsAdminTest:test_resize_server_revert_deleted_flavor): 200 GET http://10.180.1.21/compute/v2.1/servers/29e7c2bd-63d1-4fd7-9dc1-79a5c8f04257 0.049s
2024-09-04 19:28:25.111 62680 INFO tempest.lib.common.rest_client [req-cf63fc96-7377-4e11-ad83-3c944b66f22f req-cf63fc96-7377-4e11-ad83-3c944b66f22f ] Request (ServersTestMultiNic:test_verify_duplicate_network_nics): 200 GET http://10.180.1.21/compute/v2.1/servers/17bbc0b3-bd15-42df-8811-5052b97c0986 0.052s
2024-09-04 19:28:25.159 62678 INFO tempest.lib.common.rest_client [req-5883835d-78cd-495f-b577-bb5407aae705 req-5883835d-78cd-495f-b577-bb5407aae705 ] Request (ServersAdminTestJSON:test_create_server_with_scheduling_hint): 200 GET http://10.180.1.21/compute/v2.1/servers/3bbed079-ffe6-46d7-83ef-293634f51c14 0.062s
2024-09-04 19:28:25.171 62684 INFO tempest.lib.common.rest_client [req-dceb7a73-593d-4952-8b91-5465f39b5103 req-dceb7a73-593d-4952-8b91-5465f39b5103 ] Request (ListServerFiltersTestJSON:test_list_servers_filter_by_shutoff_status): 200 GET http://10.180.1.21/compute/v2.1/servers/85f82654-dd2e-409e-90cb-1babd05343d0 0.128s
2024-09-04 19:28:25.177 62684 INFO tempest.common.waiters [-] State transition "SHUTOFF/powering-on" ==> "ACTIVE/None" after 5 second wait
2024-09-04 19:28:25.188 62684 INFO tempest.lib.common.rest_client [req-ee41ce02-13b2-4c3a-bcd8-855c5200c378 req-ee41ce02-13b2-4c3a-bcd8-855c5200c378 ] Request (ListServerFiltersTestJSON:test_list_servers_filter_by_zero_limit): 200 GET http://10.180.1.21/compute/v2.1/servers?limit=0 0.010s
2024-09-04 19:28:25.277 62704 INFO tempest.lib.common.rest_client [req-8896d0dc-7076-44e9-aab2-a0863a6bb230 req-8896d0dc-7076-44e9-aab2-a0863a6bb230 ] Request (ServersV294TestFqdnHostnames:setUpClass): 200 GET http://10.180.1.21/compute/v2.1/servers/384f8140-3de0-403f-913d-124a5c459559 0.059s
2024-09-04 19:28:25.298 62684 INFO tempest.lib.common.rest_client [req-f4f0c887-418f-4e80-b187-38b64ecb9031 req-f4f0c887-418f-4e80-b187-38b64ecb9031 ] Request (ListServerFiltersTestJSON:test_list_servers_filtered_by_ip): 200 GET http://10.180.1.21/compute/v2.1/servers/85f82654-dd2e-409e-90cb-1babd05343d0 0.107s
2024-09-04 19:28:25.321 62676 INFO tempest.lib.common.rest_client [req-fb0df887-060a-45f4-b96d-10b9b06e409b req-fb0df887-060a-45f4-b96d-10b9b06e409b ] Request (ServerPasswordTestJSON:setUpClass): 200 GET http://10.180.1.21/compute/v2.1/servers/565c6a64-d366-49a8-9d1b-cbe620d71bd2 0.050s
2024-09-04 19:28:25.457 62684 INFO tempest.lib.common.rest_client [req-1b0cd12a-48da-4de2-ae35-b0dc25aa89e3 req-1b0cd12a-48da-4de2-ae35-b0dc25aa89e3 ] Request (ListServerFiltersTestJSON:test_list_servers_filtered_by_ip): 200 GET http://10.180.1.21/compute/v2.1/servers/eba3dae5-bbf6-440f-83aa-e33add887182 0.152s
2024-09-04 19:28:25.473 62710 INFO tempest.lib.common.rest_client [req-1889bb03-dfad-499c-90e8-b58218a8e19c req-1889bb03-dfad-499c-90e8-b58218a8e19c ] Request (ServerDiskConfigTestJSON:test_rebuild_server_with_manual_disk_config): 200 GET http://10.180.1.21/compute/v2.1/servers/39666946-c9b3-40fe-beb7-0eeb6fe6b9c7 0.196s
2024-09-04 19:28:25.479 62710 INFO tempest.common.waiters [-] State transition "REBUILD/rebuilding" ==> "REBUILD/rebuild_block_device_mapping" after 2 second wait
2024-09-04 19:28:25.506 62699 INFO tempest.lib.common.rest_client [req-5ddb0797-f769-4c55-b11f-8b0d18b54ae6 req-5ddb0797-f769-4c55-b11f-8b0d18b54ae6 ] Request (SecurityGroupsTestJSON:test_server_security_groups): 200 GET http://10.180.1.21/compute/v2.1/servers/164d78b2-4796-439c-98c7-818ea4260846 0.195s
2024-09-04 19:28:25.529 62674 INFO tempest.lib.common.rest_client [req-45b413c8-5691-44c3-afbb-bc5ba39e76cc req-45b413c8-5691-44c3-afbb-bc5ba39e76cc ] Request (ServersAdmin275Test:test_rebuild_update_server_275): 200 GET http://10.180.1.21/compute/v2.1/servers/53f91275-8b3a-492f-9e5d-7be6aa92c1be 0.187s
2024-09-04 19:28:25.556 62700 INFO tempest.lib.common.rest_client [req-66ba4099-684b-4aa9-b9ca-7aaf792dd342 req-66ba4099-684b-4aa9-b9ca-7aaf792dd342 ] Request (ImagesTestJSON:test_create_image_from_suspended_server): 200 GET http://10.180.1.21/compute/v2.1/servers/4c34acfa-f045-478f-a235-be78d83531b8 0.200s
2024-09-04 19:28:25.587 62682 INFO tempest.lib.common.rest_client [req-48d06df2-b814-4957-8827-53fe1c028d66 req-48d06df2-b814-4957-8827-53fe1c028d66 ] Request (AttachVolumeNegativeTest:test_attach_attached_volume_to_different_server): 200 GET http://10.180.1.21/compute/v2.1/servers/dc2cb03c-6286-461e-8afb-485436523433 0.174s
2024-09-04 19:28:25.611 62728 INFO tempest.lib.common.rest_client [req-0146c555-8d87-4f7a-8f73-19646a15a59d req-0146c555-8d87-4f7a-8f73-19646a15a59d ] Request (ServersAdminNegativeTestJSON:tearDownClass): 200 GET http://10.180.1.21/compute/v2.1/servers/ce72c9cc-57db-4d86-bfc8-ad2caede5654 0.165s
2024-09-04 19:28:25.637 62706 INFO tempest.lib.common.rest_client [req-7569a874-302c-48cb-8699-ef6748f038d0 req-7569a874-302c-48cb-8699-ef6748f038d0 ] Request (ServerRescueTestJSONUnderV235:setUpClass): 200 GET http://10.180.1.21/compute/v2.1/servers/ba3a5652-948b-41f6-858b-1b6945b0cadf 0.183s
2024-09-04 19:28:25.696 62690 INFO tempest.lib.common.rest_client [req-576ce949-b726-4d9f-98ce-343c7c3f352e req-576ce949-b726-4d9f-98ce-343c7c3f352e ] Request (AttachInterfacesTestJSON:test_create_list_show_delete_interfaces_by_fixed_ip): 200 GET http://10.180.1.21/compute/v2.1/servers/c01aad14-c583-44b7-951a-e00ee08e923d 0.081s
