2024-09-04 19:27:12.517 62680 INFO tempest.lib.common.rest_client [req-c9c440b3-abbe-428a-aaf9-44a884988fe2 req-c9c440b3-abbe-428a-aaf9-44a884988fe2 ] Request (ServersTestMultiNic:setUpClass): 204 PUT http://10.180.1.21/identity/v3/projects/ad0d859f83cb45628d46a6c737f0c221/users/fa80386e66e143578ec3cbb734c2389c/roles/6670f7105d2b47c49eb73258ad2290dc 0.025s
2024-09-04 19:27:12.517 62680 INFO tempest.lib.common.dynamic_creds [-] Dynamic test user fa80386e66e143578ec3cbb734c2389c is created with scope project and roles: ['member']
2024-09-04 19:27:12.517 62680 INFO tempest.lib.common.dynamic_creds [-] Acquired dynamic creds: credentials: Credentials: {'domain_id': 'default', 'domain_name': 'Default', 'username': 'tempest-ServersTestMultiNic-926168816-project-member', 'project_domain_id': 'default', 'project_domain_name': 'Default', 'project_id': 'ad0d859f83cb45628d46a6c737f0c221', 'project_name': 'tempest-ServersTestMultiNic-926168816', 'tenant_id': 'ad0d859f83cb45628d46a6c737f0c221', 'tenant_name': 'tempest-ServersTestMultiNic-926168816', 'user_domain_id': 'default', 'user_domain_name': 'Default', 'user_id': 'fa80386e66e143578ec3cbb734c2389c', 'system': None}, Network: None, Subnet: None, Router: None
2024-09-04 19:27:12.525 62702 INFO tempest.lib.common.rest_client [req-0c1ec485-11b8-40ec-bc04-446e2fb42709 req-0c1ec485-11b8-40ec-bc04-446e2fb42709 ] Request (FloatingIPsTestJSON:test_delete_floating_ip): 200 POST http://10.180.1.21/compute/v2.1/os-floating-ips 1.065s
2024-09-04 19:27:12.529 62686 INFO tempest.lib.common.rest_client [req-75addd43-8c0b-491a-8c24-efc3dff479f0 req-75addd43-8c0b-491a-8c24-efc3dff479f0 ] Request (ServerAddressesTestJSON:tearDownClass): 200 GET http://10.180.1.21/compute/v2.1/servers/fd4d5f14-1333-428e-82c2-77c6dfadeb40 0.874s
2024-09-04 19:27:12.572 62708 INFO tempest.lib.common.rest_client [req-23af2837-3883-4c9b-bc65-09582bfaf8bb req-23af2837-3883-4c9b-bc65-09582bfaf8bb ] Request (VolumesAdminNegativeTest:test_update_attached_volume_with_nonexistent_volume_in_body): 200 GET http://10.180.1.21/compute/v2.1/servers/4b5345ac-85a8-4fbd-884a-025bde54082f 0.888s
2024-09-04 19:27:12.577 62699 INFO tempest.lib.common.rest_client [req-bb0d7be9-3221-4032-95b1-b0b1501d0d87 req-bb0d7be9-3221-4032-95b1-b0b1501d0d87 ] Request (SecurityGroupsTestJSON:test_list_security_groups_by_server): 200 GET http://10.180.1.21/compute/v2.1/servers/b50406ea-7264-4587-aa27-8bf4b867302e 0.862s
2024-09-04 19:27:12.582 62680 INFO tempest.lib.common.rest_client [req-9a9bfad0-9239-443d-9e9c-e1d3e7da3c74 req-9a9bfad0-9239-443d-9e9c-e1d3e7da3c74 ] Request (ServersTestMultiNic:setUpClass): 201 POST http://10.180.1.21/identity/v3/auth/tokens 0.064s
2024-09-04 19:27:12.609 62676 INFO tempest.lib.common.rest_client [req-edc7860f-9669-40b1-a0ef-bf79e5eb5fb8 req-edc7860f-9669-40b1-a0ef-bf79e5eb5fb8 ] Request (SecurityGroupRulesTestJSON:test_security_group_rules_delete_when_peer_group_deleted): 200 GET http://10.180.1.21/compute/v2.1/os-security-groups/e42ef494-609d-4a30-9126-a22f97d13a54 0.844s
2024-09-04 19:27:12.632 62692 INFO tempest.lib.common.rest_client [req-5370c3f4-bdbc-47ce-80c2-3063d1aa53f1 req-5370c3f4-bdbc-47ce-80c2-3063d1aa53f1 ] Request (ServerDiagnosticsV248Test:tearDownClass): 200 GET http://10.180.1.21/compute/v2.1/servers/f5375f29-9da6-41a8-8ae6-060f44cb0a64 0.787s
2024-09-04 19:27:12.673 62704 INFO tempest.lib.common.rest_client [req-16518181-4213-4252-a085-25f01a691443 req-16518181-4213-4252-a085-25f01a691443 ] Request (AttachInterfacesV270Test:tearDownClass): 200 GET http://10.180.1.21/compute/v2.1/servers/abd482ff-fc07-4410-9178-375b6a2c0197 0.756s
2024-09-04 19:27:12.695 62700 INFO tempest.lib.common.rest_client [req-1c78d351-6f80-460e-9ef5-e2125813c986 req-1c78d351-6f80-460e-9ef5-e2125813c986 ] Request (ImagesTestJSON:test_create_image_from_stopped_server): 200 GET http://10.180.1.21/compute/v2.1/servers/5a569514-e724-49ff-ba8c-01ebae59a423 0.722s
2024-09-04 19:27:12.722 62716 INFO tempest.lib.common.rest_client [req-f0821549-37c4-40eb-ad1d-91a7c3b4e1a6 req-f0821549-37c4-40eb-ad1d-91a7c3b4e1a6 ] Request (ServersNegativeTestMultiTenantJSON:setUpClass): 200 GET http://10.180.1.21/compute/v2.1/servers/b4a8ce1d-74b8-46dd-bd56-d6ee854cb9e3 0.687s
2024-09-04 19:27:12.735 62706 INFO tempest.lib.common.rest_client [req-31a6c8d9-e0d6-4eba-9ba2-ec36aab04fdd req-31a6c8d9-e0d6-4eba-9ba2-ec36aab04fdd ] Request (ServerGroupTestJSON:test_create_server_with_scheduler_hint_group): 200 GET http://10.180.1.21/compute/v2.1/servers/b1101035-a038-4690-a09e-08b4109e06b1 0.632s
2024-09-04 19:27:12.736 62690 INFO tempest.lib.common.rest_client [req-73285525-ad37-4d22-8853-134b2f0aa5e4 req-73285525-ad37-4d22-8853-134b2f0aa5e4 ] Request (FlavorsAdminTestJSON:_run_cleanups): 202 DELETE http://10.180.1.21/compute/v2.1/flavors/366013987 0.463s
2024-09-04 19:27:12.782 62688 INFO tempest.lib.common.rest_client [req-08524e67-6066-48ce-82a1-6cdcb31eb828 req-08524e67-6066-48ce-82a1-6cdcb31eb828 ] Request (ServerActionsTestOtherA:setUpClass): 200 GET http://10.180.1.21/compute/v2.1/servers/3f563057-69e6-4941-a450-069491b8eef3 0.428s
2024-09-04 19:27:12.787 62684 INFO tempest.lib.common.rest_client [req-00861dfe-9ad3-4be2-a8e7-190ff40950b2 req-00861dfe-9ad3-4be2-a8e7-190ff40950b2 ] Request (ListServerFiltersTestJSON:setUpClass): 200 GET http://10.180.1.21/compute/v2.1/servers/eab490a3-7613-4ab2-8fd5-e4f4445c29eb 0.377s
2024-09-04 19:27:12.828 62680 INFO tempest.lib.common.rest_client [req-42222634-3f6b-4d94-892e-57cba14989a6 req-42222634-3f6b-4d94-892e-57cba14989a6 ] Request (ServersTestMultiNic:setUpClass): 201 POST http://10.180.1.21:9696/networking/v2.0/networks 0.245s
2024-09-04 19:27:12.840 62682 INFO tempest.lib.common.rest_client [req-aee85df6-4ab1-43ab-b043-1ee337882dc7 req-aee85df6-4ab1-43ab-b043-1ee337882dc7 ] Request (ServerShowV257Test:test_rebuild_server): 200 GET http://10.180.1.21/compute/v2.1/servers/a95a96c4-23ae-40fa-996f-07afe59462fb 0.341s
2024-09-04 19:27:12.841 62710 INFO tempest.lib.common.rest_client [req-fbef1c05-3399-4a95-ad07-9aed3f05ba11 req-fbef1c05-3399-4a95-ad07-9aed3f05ba11 ] Request (ServerDiskConfigTestJSON:test_rebuild_server_with_manual_disk_config): 200 GET http://10.180.1.21/compute/v2.1/servers/39666946-c9b3-40fe-beb7-0eeb6fe6b9c7 0.317s
2024-09-04 19:27:12.898 62727 INFO tempest.lib.common.rest_client [req-2de74f5f-5c47-4bf9-ba15-721bc8623394 req-2de74f5f-5c47-4bf9-ba15-721bc8623394 ] Request (FloatingIPsAssociationTestJSON:setUpClass): 200 GET http://10.180.1.21/compute/v2.1/servers/5dc2cfa6-1f70-49b0-9be4-3189556561b8 0.345s
2024-09-04 19:27:12.930 62732 INFO tempest.lib.common.rest_client [req-a5120e10-b6f1-495e-9431-16ecdb31e113 req-a5120e10-b6f1-495e-9431-16ecdb31e113 ] Request (ListImageFiltersTestJSON:setUpClass): 200 GET http://10.180.1.21/compute/v2.1/images/bbd374ce-befb-4881-823d-20a80ca1dbd8 0.346s
2024-09-04 19:27:12.980 62680 INFO tempest.lib.common.rest_client [req-e5e0af93-a219-41f0-aefb-9b082b7fd5e4 req-e5e0af93-a219-41f0-aefb-9b082b7fd5e4 ] Request (ServersTestMultiNic:setUpClass): 201 POST http://10.180.1.21:9696/networking/v2.0/subnets 0.151s
2024-09-04 19:27:13.007 62694 WARNING tempest.lib.common.ssh [-] Failed to establish authenticated ssh connection to cirros@10.180.180.151 ([Errno None] Unable to connect to port 22 on 10.180.180.151). Number attempts: 2. Retry after 3 seconds.: paramiko.ssh_exception.NoValidConnectionsError: [Errno None] Unable to connect to port 22 on 10.180.180.151
2024-09-04 19:27:13.101 62676 INFO tempest.lib.common.rest_client [req-c8c777ec-4b75-4b70-b63d-b44c30c1d969 req-c8c777ec-4b75-4b70-b63d-b44c30c1d969 ] Request (SecurityGroupRulesTestJSON:test_security_group_rules_list): 200 POST http://10.180.1.21/compute/v2.1/os-security-groups 0.488s
2024-09-04 19:27:13.174 62674 INFO tempest.lib.common.rest_client [req-5da06f5f-97f7-4dae-b26d-c3007bb7e2cd req-5da06f5f-97f7-4dae-b26d-c3007bb7e2cd ] Request (DeleteServersAdminTestJSON:test_delete_server_while_in_error_state): 200 GET http://10.180.1.21/compute/v2.1/servers/57a01a6a-e2f6-4bab-b79e-1c7007fb7c98 0.488s
2024-09-04 19:27:13.182 62674 INFO tempest.common.waiters [-] State transition "ERROR/deleting" ==> "DELETED/None" after 3 second wait
2024-09-04 19:27:13.192 62690 INFO tempest.lib.common.rest_client [req-dcca19f7-03ab-4a6e-ac2b-250a38dd851d req-dcca19f7-03ab-4a6e-ac2b-250a38dd851d ] Request (FlavorsAdminTestJSON:_run_cleanups): 200 GET http://10.180.1.21/compute/v2.1/flavors/detail 0.455s
2024-09-04 19:27:13.242 62702 INFO tempest.lib.common.rest_client [req-b318515a-4c31-40a0-8009-c3f07d569f98 req-b318515a-4c31-40a0-8009-c3f07d569f98 ] Request (FloatingIPsTestJSON:test_delete_floating_ip): 202 DELETE http://10.180.1.21/compute/v2.1/os-floating-ips/c07b5396-4edc-4d12-9477-b3edc9fa1697 0.712s
2024-09-04 19:27:13.251 62732 INFO tempest.lib.common.rest_client [req-7b5e0cd8-9583-47ef-8703-3cd7d92b014c req-7b5e0cd8-9583-47ef-8703-3cd7d92b014c ] Request (ListImageFiltersTestJSON:setUpClass): 200 GET http://10.180.1.21/compute/v2.1/images/bbd374ce-befb-4881-823d-20a80ca1dbd8 0.318s
2024-09-04 19:27:13.265 62720 WARNING tempest.lib.common.ssh [-] Failed to establish authenticated ssh connection to cirros@10.180.180.238 ([Errno None] Unable to connect to port 22 on 10.180.180.238). Number attempts: 1. Retry after 2 seconds.: paramiko.ssh_exception.NoValidConnectionsError: [Errno None] Unable to connect to port 22 on 10.180.180.238
2024-09-04 19:27:13.283 62690 INFO tempest.lib.common.rest_client [req-800e0572-42b0-4185-9fee-aec6985e9cca req-800e0572-42b0-4185-9fee-aec6985e9cca ] Request (FlavorsAdminTestJSON:tearDownClass): 204 DELETE http://10.180.1.21/identity/v3/users/8dd609a0ded142d3821b9311ff7e1074 0.085s
2024-09-04 19:27:13.310 62718 INFO tempest.lib.common.rest_client [req-d8955073-7b19-41eb-b93c-78d0559674a0 req-d8955073-7b19-41eb-b93c-78d0559674a0 ] Request (DeleteServersTestJSON:test_delete_active_server): 200 GET http://10.180.1.21/compute/v2.1/servers/286f4f94-bab8-4307-a172-d8dee9888376 0.222s
2024-09-04 19:27:13.385 62690 INFO tempest.lib.common.rest_client [req-b2374c43-42a9-47b9-8bde-aae1b24446c5 req-b2374c43-42a9-47b9-8bde-aae1b24446c5 ] Request (FlavorsAdminTestJSON:tearDownClass): 204 DELETE http://10.180.1.21/identity/v3/users/6d755385c46e4a19826c10b66c8021b2 0.101s
2024-09-04 19:27:13.385 62690 INFO tempest.lib.common.dynamic_creds [-] Deleting project and security group for project: de2108c42d0e4815a0ea5cfa49234e1c
2024-09-04 19:27:13.404 62736 INFO tempest.lib.common.rest_client [req-708119ad-6e46-449b-a9ef-1b4b90c4647d req-708119ad-6e46-449b-a9ef-1b4b90c4647d ] Request (MigrationsAdminTest:test_list_migrations_in_flavor_resize_situation): 200 GET http://10.180.1.21/compute/v2.1/servers/37b04929-abb5-480d-8c50-07ce99226b06 0.394s
2024-09-04 19:27:13.457 62690 INFO tempest.lib.common.rest_client [req-c0735f2d-85b9-48f6-a15e-5f874a87b455 req-c0735f2d-85b9-48f6-a15e-5f874a87b455 ] Request (FlavorsAdminTestJSON:tearDownClass): 201 POST http://10.180.1.21/identity/v3/auth/tokens 0.071s
2024-09-04 19:27:13.462 62734 INFO tempest.lib.common.rest_client [req-7eadc770-f1c8-4e3a-b87b-83758611781b req-7eadc770-f1c8-4e3a-b87b-83758611781b ] Request (ServerActionsTestJSON:setUpClass): 200 GET http://10.180.1.21/compute/v2.1/servers/d174fe97-1d79-4c61-b285-dd860097505e 0.312s
2024-09-04 19:27:13.506 62676 INFO tempest.lib.common.rest_client [req-69a6ae77-af6a-4a22-8a1c-f3581eed2466 req-69a6ae77-af6a-4a22-8a1c-f3581eed2466 ] Request (SecurityGroupRulesTestJSON:test_security_group_rules_list): 200 POST http://10.180.1.21/compute/v2.1/os-security-group-rules 0.402s
2024-09-04 19:27:13.532 62728 INFO tempest.lib.common.rest_client [req-b98a0d2b-9a48-49b6-9b1d-18b34a0f746c req-b98a0d2b-9a48-49b6-9b1d-18b34a0f746c ] Request (ServersAdminNegativeTestJSON:test_migrate_server_invalid_state): 200 GET http://10.180.1.21/compute/v2.1/servers/ce72c9cc-57db-4d86-bfc8-ad2caede5654 0.328s
2024-09-04 19:27:13.548 62702 INFO tempest.lib.common.rest_client [req-05a3f05c-2296-4f78-b974-daef0ada76c5 req-05a3f05c-2296-4f78-b974-daef0ada76c5 ] Request (FloatingIPsTestJSON:test_delete_floating_ip): 404 GET http://10.180.1.21/compute/v2.1/os-floating-ips/c07b5396-4edc-4d12-9477-b3edc9fa1697 0.306s
2024-09-04 19:27:13.627 62722 INFO tempest.lib.common.rest_client [req-710985d5-88b3-417b-b5b0-2f958c11888f req-710985d5-88b3-417b-b5b0-2f958c11888f ] Request (TenantUsagesTestJSON:setUpClass): 200 GET http://10.180.1.21/compute/v2.1/servers/c089d88c-f188-446f-af69-bfd8744f26e8 0.361s
2024-09-04 19:27:13.765 62732 INFO tempest.lib.common.rest_client [req-87429189-1189-47f7-84c8-ab3d429d9b85 req-87429189-1189-47f7-84c8-ab3d429d9b85 ] Request (ListImageFiltersTestJSON:setUpClass): 200 GET http://10.180.1.21/compute/v2.1/servers/49126223-cf40-43fb-b3e7-878fc0224612 0.511s
2024-09-04 19:27:13.776 62690 INFO tempest.lib.common.rest_client [req-77e96ff2-4aa0-413c-b64e-ce1560bacf41 req-77e96ff2-4aa0-413c-b64e-ce1560bacf41 ] Request (FlavorsAdminTestJSON:tearDownClass): 200 GET http://10.180.1.21:9696/networking/v2.0/security-groups?tenant_id=de2108c42d0e4815a0ea5cfa49234e1c&name=default 0.318s
2024-09-04 19:27:13.833 62678 INFO tempest.lib.common.rest_client [req-eb81ca7e-46d9-43e7-95fe-0decfeb9cadf req-eb81ca7e-46d9-43e7-95fe-0decfeb9cadf ] Request (ServersAdminTestJSON:setUpClass): 200 GET http://10.180.1.21/compute/v2.1/servers/48fee428-9105-4058-8de7-183e389c6e77 0.358s
2024-09-04 19:27:13.840 62678 INFO tempest.common.waiters [-] State transition "BUILD/networking" ==> "BUILD/spawning" after 33 second wait
2024-09-04 19:27:13.861 62686 INFO tempest.lib.common.rest_client [req-08c14be0-8dac-4635-890e-0591f51d8840 req-08c14be0-8dac-4635-890e-0591f51d8840 ] Request (ServerAddressesTestJSON:tearDownClass): 404 GET http://10.180.1.21/compute/v2.1/servers/fd4d5f14-1333-428e-82c2-77c6dfadeb40 0.319s
2024-09-04 19:27:14.095 62702 INFO tempest.lib.common.rest_client [req-55a18244-0451-403e-924c-35b5c5c1ca68 req-55a18244-0451-403e-924c-35b5c5c1ca68 ] Request (FloatingIPsTestJSON:_run_cleanups): 404 DELETE http://10.180.1.21/compute/v2.1/os-floating-ips/c07b5396-4edc-4d12-9477-b3edc9fa1697 0.546s
2024-09-04 19:27:14.104 62690 INFO tempest.lib.common.rest_client [req-ec50a50f-898e-47c7-9710-006389f04d63 req-ec50a50f-898e-47c7-9710-006389f04d63 ] Request (FlavorsAdminTestJSON:tearDownClass): 204 DELETE http://10.180.1.21:9696/networking/v2.0/security-groups/10b6db08-73e7-4452-b7d7-48589168fab4 0.328s
2024-09-04 19:27:14.177 62708 INFO tempest.lib.common.rest_client [req-e64f0e65-e82a-41a3-914c-ed877e72eba8 req-e64f0e65-e82a-41a3-914c-ed877e72eba8 ] Request (VolumesAdminNegativeTest:test_update_attached_volume_with_nonexistent_volume_in_body): 200 GET http://10.180.1.21/compute/v2.1/servers/4b5345ac-85a8-4fbd-884a-025bde54082f 0.597s
2024-09-04 19:27:14.184 62680 INFO tempest.lib.common.rest_client [req-01b269c6-87d1-40ce-bc05-d5647e6e1236 req-01b269c6-87d1-40ce-bc05-d5647e6e1236 ] Request (ServersTestMultiNic:setUpClass): 201 POST http://10.180.1.21:9696/networking/v2.0/routers 1.203s
2024-09-04 19:27:14.198 62690 INFO tempest.lib.common.rest_client [req-2064835e-8c2b-4a7f-aca7-9a6bb45d5e16 req-2064835e-8c2b-4a7f-aca7-9a6bb45d5e16 ] Request (FlavorsAdminTestJSON:tearDownClass): 204 DELETE http://10.180.1.21/identity/v3/projects/de2108c42d0e4815a0ea5cfa49234e1c 0.094s
2024-09-04 19:27:14.198 62690 INFO tempest.lib.common.dynamic_creds [-] Deleting project and security group for project: f8ef3886b03c426f91adaf56b0d8c268
2024-09-04 19:27:14.265 62699 INFO tempest.lib.common.rest_client [req-072b3a73-1f30-4afb-8a36-56d71de7b84e req-072b3a73-1f30-4afb-8a36-56d71de7b84e ] Request (SecurityGroupsTestJSON:test_list_security_groups_by_server): 200 GET http://10.180.1.21/compute/v2.1/servers/b50406ea-7264-4587-aa27-8bf4b867302e 0.680s
2024-09-04 19:27:14.351 62692 INFO tempest.lib.common.rest_client [req-6134be2e-3903-4706-82af-0e8a37717b3b req-6134be2e-3903-4706-82af-0e8a37717b3b ] Request (ServerDiagnosticsV248Test:tearDownClass): 200 GET http://10.180.1.21/compute/v2.1/servers/f5375f29-9da6-41a8-8ae6-060f44cb0a64 0.709s
2024-09-04 19:27:14.354 62714 WARNING tempest.lib.common.ssh [-] Failed to establish authenticated ssh connection to cirros@10.180.180.141 ([Errno None] Unable to connect to port 22 on 10.180.180.141). Number attempts: 1. Retry after 2 seconds.: paramiko.ssh_exception.NoValidConnectionsError: [Errno None] Unable to connect to port 22 on 10.180.180.141
2024-09-04 19:27:14.387 62676 INFO tempest.lib.common.rest_client [req-1833b755-b799-4dc5-8f6f-2bdd7908b9dd req-1833b755-b799-4dc5-8f6f-2bdd7908b9dd ] Request (SecurityGroupRulesTestJSON:test_security_group_rules_list): 200 POST http://10.180.1.21/compute/v2.1/os-security-group-rules 0.878s
2024-09-04 19:27:14.442 62704 INFO tempest.lib.common.rest_client [req-a3ae8da5-88c0-4f9c-bffc-28d45fc2550e req-a3ae8da5-88c0-4f9c-bffc-28d45fc2550e ] Request (AttachInterfacesV270Test:tearDownClass): 200 GET http://10.180.1.21/compute/v2.1/servers/abd482ff-fc07-4410-9178-375b6a2c0197 0.760s
2024-09-04 19:27:14.464 62700 INFO tempest.lib.common.rest_client [req-944b362e-10a9-4bd6-88f2-299ba6abaf19 req-944b362e-10a9-4bd6-88f2-299ba6abaf19 ] Request (ImagesTestJSON:test_create_image_from_stopped_server): 200 GET http://10.180.1.21/compute/v2.1/servers/5a569514-e724-49ff-ba8c-01ebae59a423 0.760s
2024-09-04 19:27:14.525 62716 INFO tempest.lib.common.rest_client [req-691d2cb5-57db-4260-81c6-7a3f92146f0f req-691d2cb5-57db-4260-81c6-7a3f92146f0f ] Request (ServersNegativeTestMultiTenantJSON:setUpClass): 200 GET http://10.180.1.21/compute/v2.1/servers/b4a8ce1d-74b8-46dd-bd56-d6ee854cb9e3 0.797s
2024-09-04 19:27:14.559 62706 INFO tempest.lib.common.rest_client [req-63051e2e-3a76-461e-86e7-d8775b3a459e req-63051e2e-3a76-461e-86e7-d8775b3a459e ] Request (ServerGroupTestJSON:test_create_server_with_scheduler_hint_group): 200 GET http://10.180.1.21/compute/v2.1/servers/b1101035-a038-4690-a09e-08b4109e06b1 0.813s
2024-09-04 19:27:14.569 62690 INFO tempest.lib.common.rest_client [req-aafcedb8-2c2c-412a-8243-94910a30f72c req-aafcedb8-2c2c-412a-8243-94910a30f72c ] Request (FlavorsAdminTestJSON:tearDownClass): 200 GET http://10.180.1.21:9696/networking/v2.0/security-groups?tenant_id=f8ef3886b03c426f91adaf56b0d8c268&name=default 0.370s
2024-09-04 19:27:14.606 62688 INFO tempest.lib.common.rest_client [req-51071267-31b8-4fcb-9be7-ff5dbbcd3e38 req-51071267-31b8-4fcb-9be7-ff5dbbcd3e38 ] Request (ServerActionsTestOtherA:setUpClass): 200 GET http://10.180.1.21/compute/v2.1/servers/3f563057-69e6-4941-a450-069491b8eef3 0.815s
2024-09-04 19:27:14.638 62684 INFO tempest.lib.common.rest_client [req-56316072-a1a9-47ad-8911-2016a5e2490f req-56316072-a1a9-47ad-8911-2016a5e2490f ] Request (ListServerFiltersTestJSON:setUpClass): 200 GET http://10.180.1.21/compute/v2.1/servers/eab490a3-7613-4ab2-8fd5-e4f4445c29eb 0.840s
2024-09-04 19:27:14.680 62710 INFO tempest.lib.common.rest_client [req-74902a76-3920-4463-86f7-a72b2be04a69 req-74902a76-3920-4463-86f7-a72b2be04a69 ] Request (ServerDiskConfigTestJSON:test_rebuild_server_with_manual_disk_config): 200 GET http://10.180.1.21/compute/v2.1/servers/39666946-c9b3-40fe-beb7-0eeb6fe6b9c7 0.832s
2024-09-04 19:27:14.719 62682 INFO tempest.lib.common.rest_client [req-e4ce7ef1-ced2-4232-b6d9-fc86a82e8bbf req-e4ce7ef1-ced2-4232-b6d9-fc86a82e8bbf ] Request (ServerShowV257Test:test_rebuild_server): 200 GET http://10.180.1.21/compute/v2.1/servers/a95a96c4-23ae-40fa-996f-07afe59462fb 0.869s
2024-09-04 19:27:14.749 62727 INFO tempest.lib.common.rest_client [req-cecc82f9-d99a-4d6e-9800-224fa460fffa req-cecc82f9-d99a-4d6e-9800-224fa460fffa ] Request (FloatingIPsAssociationTestJSON:setUpClass): 200 GET http://10.180.1.21/compute/v2.1/servers/5dc2cfa6-1f70-49b0-9be4-3189556561b8 0.844s
2024-09-04 19:27:14.791 62674 INFO tempest.lib.common.rest_client [req-1b8f0847-f3db-4903-a7e9-faba01666f7e req-1b8f0847-f3db-4903-a7e9-faba01666f7e ] Request (DeleteServersAdminTestJSON:test_delete_server_while_in_error_state): 200 GET http://10.180.1.21/compute/v2.1/servers/57a01a6a-e2f6-4bab-b79e-1c7007fb7c98 0.608s
2024-09-04 19:27:14.807 62690 INFO tempest.lib.common.rest_client [req-7a5bb8ff-3420-4e74-a4cd-fdf244ec87eb req-7a5bb8ff-3420-4e74-a4cd-fdf244ec87eb ] Request (FlavorsAdminTestJSON:tearDownClass): 204 DELETE http://10.180.1.21:9696/networking/v2.0/security-groups/abecb599-c15a-4c72-aa24-7af020624409 0.237s
2024-09-04 19:27:14.832 62718 INFO tempest.lib.common.rest_client [req-5deb9a39-1bff-48c1-9f20-5b1983975946 req-5deb9a39-1bff-48c1-9f20-5b1983975946 ] Request (DeleteServersTestJSON:test_delete_active_server): 200 GET http://10.180.1.21/compute/v2.1/servers/286f4f94-bab8-4307-a172-d8dee9888376 0.512s
2024-09-04 19:27:14.907 62676 INFO tempest.lib.common.rest_client [req-5bfce849-7fd0-4d3c-982b-e1001105b46b req-5bfce849-7fd0-4d3c-982b-e1001105b46b ] Request (SecurityGroupRulesTestJSON:test_security_group_rules_list): 200 GET http://10.180.1.21/compute/v2.1/os-security-groups/d368ece3-4e7d-47c1-8513-5c5173b075bb 0.514s
2024-09-04 19:27:14.946 62690 INFO tempest.lib.common.rest_client [req-01f22f58-d47b-4f78-9fc7-f52f69952031 req-01f22f58-d47b-4f78-9fc7-f52f69952031 ] Request (FlavorsAdminTestJSON:tearDownClass): 204 DELETE http://10.180.1.21/identity/v3/projects/f8ef3886b03c426f91adaf56b0d8c268 0.138s
2024-09-04 19:27:14.997 62734 INFO tempest.lib.common.rest_client [req-3764dc10-8029-455d-911f-f3965911cdd6 req-3764dc10-8029-455d-911f-f3965911cdd6 ] Request (ServerActionsTestJSON:setUpClass): 200 GET http://10.180.1.21/compute/v2.1/servers/d174fe97-1d79-4c61-b285-dd860097505e 0.526s
2024-09-04 19:27:15.039 62690 INFO tempest.lib.common.rest_client [req-77f6d3ff-7b2e-492a-a6e9-1a247ea6a0ed req-77f6d3ff-7b2e-492a-a6e9-1a247ea6a0ed ] Request (QuotasAdminTestJSON:setUpClass): 201 POST http://10.180.1.21/identity/v3/auth/tokens 0.092s
2024-09-04 19:27:15.083 62690 INFO tempest.lib.common.rest_client [req-e95969d4-2bca-4668-9a03-2d3b70a1aaa9 req-e95969d4-2bca-4668-9a03-2d3b70a1aaa9 ] Request (QuotasAdminTestJSON:setUpClass): 201 POST http://10.180.1.21/identity/v3/auth/tokens 0.041s
2024-09-04 19:27:15.097 62728 INFO tempest.lib.common.rest_client [req-cb9b5a03-2306-484d-b5f3-3a6aa13151d8 req-cb9b5a03-2306-484d-b5f3-3a6aa13151d8 ] Request (ServersAdminNegativeTestJSON:test_migrate_server_invalid_state): 200 GET http://10.180.1.21/compute/v2.1/servers/ce72c9cc-57db-4d86-bfc8-ad2caede5654 0.555s
2024-09-04 19:27:15.109 62736 INFO tempest.lib.common.rest_client [req-fa8a44c7-d793-4f6f-b9b9-15cd4ce2d99e req-fa8a44c7-d793-4f6f-b9b9-15cd4ce2d99e ] Request (MigrationsAdminTest:test_list_migrations_in_flavor_resize_situation): 200 GET http://10.180.1.21/compute/v2.1/servers/37b04929-abb5-480d-8c50-07ce99226b06 0.693s
2024-09-04 19:27:15.115 62690 INFO tempest.lib.common.rest_client [req-540484c8-9a5c-4602-acf6-7405539bc56a req-540484c8-9a5c-4602-acf6-7405539bc56a ] Request (QuotasAdminTestJSON:setUpClass): 200 GET http://10.180.1.21/identity/v3/domains?name=Default 0.031s
2024-09-04 19:27:15.154 62690 INFO tempest.lib.common.rest_client [req-79349ec8-2100-4438-a180-81aebe3b44b7 req-79349ec8-2100-4438-a180-81aebe3b44b7 ] Request (QuotasAdminTestJSON:setUpClass): 201 POST http://10.180.1.21/identity/v3/projects 0.037s
2024-09-04 19:27:15.166 62722 INFO tempest.lib.common.rest_client [req-461fa95a-cce2-4bb1-8938-335e6b8983d8 req-461fa95a-cce2-4bb1-8938-335e6b8983d8 ] Request (TenantUsagesTestJSON:setUpClass): 200 GET http://10.180.1.21/compute/v2.1/servers/c089d88c-f188-446f-af69-bfd8744f26e8 0.523s
2024-09-04 19:27:15.230 62690 INFO tempest.lib.common.rest_client [req-956a0157-d82c-42c0-ab5b-b885d340e0ad req-956a0157-d82c-42c0-ab5b-b885d340e0ad ] Request (QuotasAdminTestJSON:setUpClass): 201 POST http://10.180.1.21/identity/v3/users 0.075s
2024-09-04 19:27:15.249 62690 INFO tempest.lib.common.rest_client [req-38d2e12a-2f76-4313-96cd-296b73b31439 req-38d2e12a-2f76-4313-96cd-296b73b31439 ] Request (QuotasAdminTestJSON:setUpClass): 200 GET http://10.180.1.21/identity/v3/roles 0.019s
2024-09-04 19:27:15.282 62690 INFO tempest.lib.common.rest_client [req-bf3fbc08-4160-4724-9050-1a117a9cfb96 req-bf3fbc08-4160-4724-9050-1a117a9cfb96 ] Request (QuotasAdminTestJSON:setUpClass): 204 PUT http://10.180.1.21/identity/v3/projects/8ea4eceed1574e1c89ea49c15a329b5e/users/5d3f6bf74fd9463c9691fd58b5b5bf68/roles/6670f7105d2b47c49eb73258ad2290dc 0.033s
2024-09-04 19:27:15.283 62690 INFO tempest.lib.common.dynamic_creds [-] Dynamic test user 5d3f6bf74fd9463c9691fd58b5b5bf68 is created with scope project and roles: ['member']
2024-09-04 19:27:15.283 62690 INFO tempest.lib.common.dynamic_creds [-] Acquired dynamic creds: credentials: Credentials: {'domain_id': 'default', 'domain_name': 'Default', 'username': 'tempest-QuotasAdminTestJSON-448729596-project-member', 'project_domain_id': 'default', 'project_domain_name': 'Default', 'project_id': '8ea4eceed1574e1c89ea49c15a329b5e', 'project_name': 'tempest-QuotasAdminTestJSON-448729596', 'tenant_id': '8ea4eceed1574e1c89ea49c15a329b5e', 'tenant_name': 'tempest-QuotasAdminTestJSON-448729596', 'user_domain_id': 'default', 'user_domain_name': 'Default', 'user_id': '5d3f6bf74fd9463c9691fd58b5b5bf68', 'system': None}, Network: None, Subnet: None, Router: None
2024-09-04 19:27:15.283 62690 INFO tempest.lib.common.dynamic_creds [-] Created isolated network resources for: credentials: Credentials: {'domain_id': 'default', 'domain_name': 'Default', 'username': 'tempest-QuotasAdminTestJSON-448729596-project-member', 'project_domain_id': 'default', 'project_domain_name': 'Default', 'project_id': '8ea4eceed1574e1c89ea49c15a329b5e', 'project_name': 'tempest-QuotasAdminTestJSON-448729596', 'tenant_id': '8ea4eceed1574e1c89ea49c15a329b5e', 'tenant_name': 'tempest-QuotasAdminTestJSON-448729596', 'user_domain_id': 'default', 'user_domain_name': 'Default', 'user_id': '5d3f6bf74fd9463c9691fd58b5b5bf68', 'system': None}, Network: None, Subnet: None, Router: None
2024-09-04 19:27:15.384 62690 INFO tempest.lib.common.rest_client [req-c2fe843f-0577-4970-925a-65796d36f0aa req-c2fe843f-0577-4970-925a-65796d36f0aa ] Request (QuotasAdminTestJSON:setUpClass): 201 POST http://10.180.1.21/identity/v3/auth/tokens 0.096s
2024-09-04 19:27:15.411 62732 INFO tempest.lib.common.rest_client [req-59806f4b-eb18-4b49-be89-f8838575ef00 req-59806f4b-eb18-4b49-be89-f8838575ef00 ] Request (ListImageFiltersTestJSON:setUpClass): 200 GET http://10.180.1.21/compute/v2.1/servers/49126223-cf40-43fb-b3e7-878fc0224612 0.638s
2024-09-04 19:27:15.418 62732 INFO tempest.common.waiters [-] State transition "ACTIVE/image_uploading" ==> "ACTIVE/None" after 2 second wait
2024-09-04 19:27:15.430 62678 INFO tempest.lib.common.rest_client [req-149cb5b2-24cb-4716-a74d-bbf05221a858 req-149cb5b2-24cb-4716-a74d-bbf05221a858 ] Request (ServersAdminTestJSON:setUpClass): 200 GET http://10.180.1.21/compute/v2.1/servers/48fee428-9105-4058-8de7-183e389c6e77 0.589s
2024-09-04 19:27:15.447 62690 INFO tempest.lib.common.rest_client [req-26d7b271-dbbf-40ad-a083-14e952bf1589 req-26d7b271-dbbf-40ad-a083-14e952bf1589 ] Request (QuotasAdminTestJSON:setUpClass): 201 POST http://10.180.1.21/identity/v3/projects 0.063s
2024-09-04 19:27:15.457 62680 INFO tempest.lib.common.rest_client [req-ba6ddeb6-e706-44f8-ab58-d9bf61295952 req-ba6ddeb6-e706-44f8-ab58-d9bf61295952 ] Request (ServersTestMultiNic:setUpClass): 200 PUT http://10.180.1.21:9696/networking/v2.0/routers/d3ebc01e-2324-4e16-9f97-d853f34afffa/add_router_interface 1.273s
2024-09-04 19:27:15.457 62680 INFO tempest.lib.common.dynamic_creds [-] Created isolated network resources for: credentials: Credentials: {'domain_id': 'default', 'domain_name': 'Default', 'username': 'tempest-ServersTestMultiNic-926168816-project-member', 'project_domain_id': 'default', 'project_domain_name': 'Default', 'project_id': 'ad0d859f83cb45628d46a6c737f0c221', 'project_name': 'tempest-ServersTestMultiNic-926168816', 'tenant_id': 'ad0d859f83cb45628d46a6c737f0c221', 'tenant_name': 'tempest-ServersTestMultiNic-926168816', 'user_domain_id': 'default', 'user_domain_name': 'Default', 'user_id': 'fa80386e66e143578ec3cbb734c2389c', 'system': None}, Network: {'id': 'f1ed7084-37a1-4c4c-920f-6aa52c7fdd81', 'name': 'tempest-ServersTestMultiNic-429299148-network', 'tenant_id': 'ad0d859f83cb45628d46a6c737f0c221', 'admin_state_up': True, 'mtu': 8950, 'status': 'ACTIVE', 'subnets': [], 'shared': False, 'project_id': 'ad0d859f83cb45628d46a6c737f0c221', 'port_security_enabled': True, 'router:external': False, 'provider:network_type': 'vlan', 'provider:physical_network': 'default', 'provider:segmentation_id': 442, 'is_default': False, 'availability_zone_hints': [], 'availability_zones': [], 'ipv4_address_scope': None, 'ipv6_address_scope': None, 'description': '', 'tags': [], 'created_at': '2024-09-04T19:27:12Z', 'updated_at': '2024-09-04T19:27:12Z', 'revision_number': 1}, Subnet: {'id': 'b50cee1e-1ad1-456d-b41e-af6f1d728999', 'name': 'tempest-ServersTestMultiNic-429299148-subnet', 'tenant_id': 'ad0d859f83cb45628d46a6c737f0c221', 'network_id': 'f1ed7084-37a1-4c4c-920f-6aa52c7fdd81', 'ip_version': 4, 'subnetpool_id': None, 'enable_dhcp': True, 'ipv6_ra_mode': None, 'ipv6_address_mode': None, 'gateway_ip': '192.168.128.1', 'cidr': '192.168.128.0/28', 'allocation_pools': [{'start': '192.168.128.2', 'end': '192.168.128.14'}], 'host_routes': [], 'dns_nameservers': [], 'description': '', 'router:external': False, 'service_types': [], 'tags': [], 'created_at': '2024-09-04T19:27:12Z', 'updated_at': '2024-09-04T19:27:12Z', 'revision_number': 0, 'project_id': 'ad0d859f83cb45628d46a6c737f0c221'}, Router: {'id': 'd3ebc01e-2324-4e16-9f97-d853f34afffa', 'name': 'tempest-ServersTestMultiNic-429299148-router', 'tenant_id': 'ad0d859f83cb45628d46a6c737f0c221', 'admin_state_up': True, 'status': 'ACTIVE', 'external_gateway_info': {'network_id': '2bce8e3d-f7b5-4f57-9073-c7d05555c950', 'external_fixed_ips': [{'subnet_id': 'e913b45c-b34a-49cb-bab9-02315daf1026', 'ip_address': '10.180.180.227'}], 'enable_snat': True}, 'description': '', 'availability_zones': [], 'distributed': False, 'ha': False, 'availability_zone_hints': [], 'routes': [], 'flavor_id': None, 'tags': [], 'created_at': '2024-09-04T19:27:13Z', 'updated_at': '2024-09-04T19:27:13Z', 'revision_number': 2, 'project_id': 'ad0d859f83cb45628d46a6c737f0c221'}
2024-09-04 19:27:15.512 62708 INFO tempest.lib.common.rest_client [req-099f8de1-678c-4c56-a961-2e4409dd57b4 req-099f8de1-678c-4c56-a961-2e4409dd57b4 ] Request (VolumesAdminNegativeTest:test_update_attached_volume_with_nonexistent_volume_in_body): 200 GET http://10.180.1.21/compute/v2.1/servers/4b5345ac-85a8-4fbd-884a-025bde54082f 0.325s
2024-09-04 19:27:15.522 62690 INFO tempest.lib.common.rest_client [req-8d2cdc5c-f3da-401a-bc5c-06527ef02995 req-8d2cdc5c-f3da-401a-bc5c-06527ef02995 ] Request (QuotasAdminTestJSON:setUpClass): 201 POST http://10.180.1.21/identity/v3/users 0.074s
2024-09-04 19:27:15.532 62680 INFO tempest.lib.common.rest_client [req-a5e954a2-13e9-48eb-8528-20e3618faefd req-a5e954a2-13e9-48eb-8528-20e3618faefd ] Request (ServersTestMultiNic:setUpClass): 201 POST http://10.180.1.21/identity/v3/auth/tokens 0.071s
2024-09-04 19:27:15.538 62690 INFO tempest.lib.common.rest_client [req-6d270e9b-0c07-4a79-a85a-24885ee25462 req-6d270e9b-0c07-4a79-a85a-24885ee25462 ] Request (QuotasAdminTestJSON:setUpClass): 200 GET http://10.180.1.21/identity/v3/roles 0.016s
2024-09-04 19:27:15.576 62690 INFO tempest.lib.common.rest_client [req-e1e46fd6-0a55-4e1a-a3e1-a3b10b77c065 req-e1e46fd6-0a55-4e1a-a3e1-a3b10b77c065 ] Request (QuotasAdminTestJSON:setUpClass): 204 PUT http://10.180.1.21/identity/v3/projects/3b128a63fa7a4b3f8a345e277b21ff88/users/7c35b43c0105418fb279d85d5260cdb0/roles/65519350085d46fcb897cfbcd7b6c6b4 0.037s
2024-09-04 19:27:15.576 62699 INFO tempest.lib.common.rest_client [req-a29cdcbc-2898-4481-8e2a-1a4c2eb7a819 req-a29cdcbc-2898-4481-8e2a-1a4c2eb7a819 ] Request (SecurityGroupsTestJSON:test_list_security_groups_by_server): 200 GET http://10.180.1.21/compute/v2.1/servers/b50406ea-7264-4587-aa27-8bf4b867302e 0.301s
2024-09-04 19:27:15.627 62690 INFO tempest.lib.common.rest_client [req-e1093397-e019-43a4-b818-803407b84042 req-e1093397-e019-43a4-b818-803407b84042 ] Request (QuotasAdminTestJSON:setUpClass): 200 GET http://10.180.1.21/identity/v3/roles 0.051s
2024-09-04 19:27:15.643 62690 INFO tempest.lib.common.rest_client [req-2109d29c-3a13-4edb-905e-e5df495e255c req-2109d29c-3a13-4edb-905e-e5df495e255c ] Request (QuotasAdminTestJSON:setUpClass): 204 PUT http://10.180.1.21/identity/v3/projects/3b128a63fa7a4b3f8a345e277b21ff88/users/7c35b43c0105418fb279d85d5260cdb0/roles/65519350085d46fcb897cfbcd7b6c6b4 0.015s
2024-09-04 19:27:15.643 62690 INFO tempest.lib.common.dynamic_creds [-] Dynamic test user 7c35b43c0105418fb279d85d5260cdb0 is created with scope project and roles: ['admin']
2024-09-04 19:27:15.643 62690 INFO tempest.lib.common.dynamic_creds [-] Acquired dynamic creds: credentials: Credentials: {'domain_id': 'default', 'domain_name': 'Default', 'username': 'tempest-QuotasAdminTestJSON-1665489902-project-admin', 'project_domain_id': 'default', 'project_domain_name': 'Default', 'project_id': '3b128a63fa7a4b3f8a345e277b21ff88', 'project_name': 'tempest-QuotasAdminTestJSON-1665489902', 'tenant_id': '3b128a63fa7a4b3f8a345e277b21ff88', 'tenant_name': 'tempest-QuotasAdminTestJSON-1665489902', 'user_domain_id': 'default', 'user_domain_name': 'Default', 'user_id': '7c35b43c0105418fb279d85d5260cdb0', 'system': None}, Network: None, Subnet: None, Router: None
2024-09-04 19:27:15.643 62690 INFO tempest.lib.common.dynamic_creds [-] Created isolated network resources for: credentials: Credentials: {'domain_id': 'default', 'domain_name': 'Default', 'username': 'tempest-QuotasAdminTestJSON-1665489902-project-admin', 'project_domain_id': 'default', 'project_domain_name': 'Default', 'project_id': '3b128a63fa7a4b3f8a345e277b21ff88', 'project_name': 'tempest-QuotasAdminTestJSON-1665489902', 'tenant_id': '3b128a63fa7a4b3f8a345e277b21ff88', 'tenant_name': 'tempest-QuotasAdminTestJSON-1665489902', 'user_domain_id': 'default', 'user_domain_name': 'Default', 'user_id': '7c35b43c0105418fb279d85d5260cdb0', 'system': None}, Network: None, Subnet: None, Router: None
2024-09-04 19:27:15.660 62692 INFO tempest.lib.common.rest_client [req-9e938db1-955c-435b-a3fd-01d2416a5821 req-9e938db1-955c-435b-a3fd-01d2416a5821 ] Request (ServerDiagnosticsV248Test:tearDownClass): 200 GET http://10.180.1.21/compute/v2.1/servers/f5375f29-9da6-41a8-8ae6-060f44cb0a64 0.295s
2024-09-04 19:27:15.714 62690 INFO tempest.lib.common.rest_client [req-d2e5d0e4-4826-4666-9b7e-1b135d8405c9 req-d2e5d0e4-4826-4666-9b7e-1b135d8405c9 ] Request (QuotasAdminTestJSON:setUpClass): 201 POST http://10.180.1.21/identity/v3/auth/tokens 0.068s
2024-09-04 19:27:15.715 62690 WARNING tempest.lib.common.rest_client [-] Deprecated: "tenant_id" property is deprecated for removal, use "project_id" instead
2024-09-04 19:27:15.774 62676 INFO tempest.lib.common.rest_client [req-10bb47ad-a932-46c9-b7c9-1fafe199cc90 req-10bb47ad-a932-46c9-b7c9-1fafe199cc90 ] Request (SecurityGroupRulesTestJSON:_run_cleanups): 202 DELETE http://10.180.1.21/compute/v2.1/os-security-group-rules/bb9eeacc-c873-4c73-98d1-0a0ac62500b3 0.864s
2024-09-04 19:27:15.798 62690 INFO tempest.lib.common.rest_client [req-5352bcd9-6b5d-4881-9e42-608df90dbeb9 req-5352bcd9-6b5d-4881-9e42-608df90dbeb9 ] Request (QuotasAdminTestJSON:test_delete_quota): 200 GET http://10.180.1.21/identity/v3/domains?name=Default 0.081s
2024-09-04 19:27:15.837 62690 INFO tempest.lib.common.rest_client [req-3fb6eae3-c410-4765-a68b-6f5305383160 req-3fb6eae3-c410-4765-a68b-6f5305383160 ] Request (QuotasAdminTestJSON:test_delete_quota): 201 POST http://10.180.1.21/identity/v3/projects 0.038s
2024-09-04 19:27:15.865 62704 INFO tempest.lib.common.rest_client [req-8fa38868-de95-4ed9-9771-b4c16814ca2b req-8fa38868-de95-4ed9-9771-b4c16814ca2b ] Request (AttachInterfacesV270Test:tearDownClass): 200 GET http://10.180.1.21/compute/v2.1/servers/abd482ff-fc07-4410-9178-375b6a2c0197 0.407s
2024-09-04 19:27:15.870 62686 INFO tempest.lib.common.rest_client [req-8eaded5d-3d11-4e4c-b592-03775f3e7f11 req-8eaded5d-3d11-4e4c-b592-03775f3e7f11 ] Request (ServerAddressesTestJSON:tearDownClass): 200 PUT http://10.180.1.21:9696/networking/v2.0/routers/879d7b66-8899-4dbb-bb57-8583c1db44e1/remove_router_interface 2.008s
2024-09-04 19:27:15.900 62690 INFO tempest.lib.common.rest_client [req-35d7ad8b-a937-4d86-95ff-53e01d961f20 req-35d7ad8b-a937-4d86-95ff-53e01d961f20 ] Request (QuotasAdminTestJSON:test_delete_quota): 200 GET http://10.180.1.21/identity/v3/domains?name=Default 0.062s
2024-09-04 19:27:15.951 62700 INFO tempest.lib.common.rest_client [req-646dac8f-98ea-4835-b18d-f3208bf66c4b req-646dac8f-98ea-4835-b18d-f3208bf66c4b ] Request (ImagesTestJSON:test_create_image_from_stopped_server): 200 GET http://10.180.1.21/compute/v2.1/servers/5a569514-e724-49ff-ba8c-01ebae59a423 0.476s
2024-09-04 19:27:16.010 62680 INFO tempest.lib.common.rest_client [req-98816f05-f4a6-4783-88c9-df4998df3728 req-98816f05-f4a6-4783-88c9-df4998df3728 ] Request (ServersTestMultiNic:test_verify_duplicate_network_nics): 201 POST http://10.180.1.21:9696/networking/v2.0/networks 0.476s
2024-09-04 19:27:16.012 62702 INFO tempest.lib.common.rest_client [req-72b75e62-829a-4fa8-907d-9294bfbea9a9 req-72b75e62-829a-4fa8-907d-9294bfbea9a9 ] Request (FloatingIPsTestJSON:tearDownClass): 200 PUT http://10.180.1.21:9696/networking/v2.0/routers/af892bdc-6cef-4759-83e4-c96dc68b70e6/remove_router_interface 1.916s
2024-09-04 19:27:16.019 62716 INFO tempest.lib.common.rest_client [req-d412fc3f-19f8-475a-877d-1db529d73590 req-d412fc3f-19f8-475a-877d-1db529d73590 ] Request (ServersNegativeTestMultiTenantJSON:setUpClass): 200 GET http://10.180.1.21/compute/v2.1/servers/b4a8ce1d-74b8-46dd-bd56-d6ee854cb9e3 0.483s
2024-09-04 19:27:16.065 62706 INFO tempest.lib.common.rest_client [req-12aa5363-cf75-4f95-812a-5c0f94f49c14 req-12aa5363-cf75-4f95-812a-5c0f94f49c14 ] Request (ServerGroupTestJSON:test_create_server_with_scheduler_hint_group): 200 GET http://10.180.1.21/compute/v2.1/servers/b1101035-a038-4690-a09e-08b4109e06b1 0.497s
2024-09-04 19:27:16.086 62732 INFO tempest.lib.common.rest_client [req-93d1fb14-b853-4d6b-898a-cb2a88f9feb5 req-93d1fb14-b853-4d6b-898a-cb2a88f9feb5 ] Request (ListImageFiltersTestJSON:setUpClass): 202 POST http://10.180.1.21/compute/v2.1/servers/3cb62651-d156-488f-8acd-8b3e1a5157da/action 0.668s
2024-09-04 19:27:16.117 62688 INFO tempest.lib.common.rest_client [req-dcc9f0b9-a301-49cb-a7c1-0fa0c79b973f req-dcc9f0b9-a301-49cb-a7c1-0fa0c79b973f ] Request (ServerActionsTestOtherA:setUpClass): 200 GET http://10.180.1.21/compute/v2.1/servers/3f563057-69e6-4941-a450-069491b8eef3 0.499s
2024-09-04 19:27:16.152 62684 INFO tempest.lib.common.rest_client [req-1d507895-6d9d-40d8-80d4-8170051406ad req-1d507895-6d9d-40d8-80d4-8170051406ad ] Request (ListServerFiltersTestJSON:setUpClass): 200 GET http://10.180.1.21/compute/v2.1/servers/eab490a3-7613-4ab2-8fd5-e4f4445c29eb 0.506s
2024-09-04 19:27:16.207 62696 WARNING tempest.lib.common.ssh [-] Failed to establish authenticated ssh connection to cirros@10.180.180.159 ([Errno None] Unable to connect to port 22 on 10.180.180.159). Number attempts: 4. Retry after 5 seconds.: paramiko.ssh_exception.NoValidConnectionsError: [Errno None] Unable to connect to port 22 on 10.180.180.159
2024-09-04 19:27:16.334 62720 WARNING tempest.lib.common.ssh [-] Failed to establish authenticated ssh connection to cirros@10.180.180.238 ([Errno None] Unable to connect to port 22 on 10.180.180.238). Number attempts: 2. Retry after 3 seconds.: paramiko.ssh_exception.NoValidConnectionsError: [Errno None] Unable to connect to port 22 on 10.180.180.238
2024-09-04 19:27:16.381 62710 INFO tempest.lib.common.rest_client [req-5fca0a09-21b7-4eeb-aaa3-1a19cf2d0f6a req-5fca0a09-21b7-4eeb-aaa3-1a19cf2d0f6a ] Request (ServerDiskConfigTestJSON:test_rebuild_server_with_manual_disk_config): 200 GET http://10.180.1.21/compute/v2.1/servers/39666946-c9b3-40fe-beb7-0eeb6fe6b9c7 0.694s
2024-09-04 19:27:16.387 62682 INFO tempest.lib.common.rest_client [req-bedd69d1-1154-42ea-84b5-41de73e47a4a req-bedd69d1-1154-42ea-84b5-41de73e47a4a ] Request (ServerShowV257Test:test_rebuild_server): 200 GET http://10.180.1.21/compute/v2.1/servers/a95a96c4-23ae-40fa-996f-07afe59462fb 0.657s
2024-09-04 19:27:16.455 62727 INFO tempest.lib.common.rest_client [req-96a3ca51-9987-4015-925c-26e66cf92faa req-96a3ca51-9987-4015-925c-26e66cf92faa ] Request (FloatingIPsAssociationTestJSON:setUpClass): 200 GET http://10.180.1.21/compute/v2.1/servers/5dc2cfa6-1f70-49b0-9be4-3189556561b8 0.697s
2024-09-04 19:27:16.534 62680 INFO tempest.lib.common.rest_client [req-847a45ca-292a-4954-81a4-d94eec46093c req-847a45ca-292a-4954-81a4-d94eec46093c ] Request (ServersTestMultiNic:test_verify_duplicate_network_nics): 201 POST http://10.180.1.21:9696/networking/v2.0/subnets 0.523s
2024-09-04 19:27:16.552 62674 INFO tempest.lib.common.rest_client [req-722ad92a-8d31-445b-ae29-5f76bc7ff4a7 req-722ad92a-8d31-445b-ae29-5f76bc7ff4a7 ] Request (DeleteServersAdminTestJSON:test_delete_server_while_in_error_state): 200 GET http://10.180.1.21/compute/v2.1/servers/57a01a6a-e2f6-4bab-b79e-1c7007fb7c98 0.751s
2024-09-04 19:27:16.591 62730 WARNING tempest.lib.common.ssh [-] Failed to establish authenticated ssh connection to cirros@10.180.180.214 ([Errno None] Unable to connect to port 22 on 10.180.180.214). Number attempts: 3. Retry after 4 seconds.: paramiko.ssh_exception.NoValidConnectionsError: [Errno None] Unable to connect to port 22 on 10.180.180.214
2024-09-04 19:27:16.632 62718 INFO tempest.lib.common.rest_client [req-1bdcaaff-964b-4c6a-a33c-f11a87506c24 req-1bdcaaff-964b-4c6a-a33c-f11a87506c24 ] Request (DeleteServersTestJSON:test_delete_active_server): 200 GET http://10.180.1.21/compute/v2.1/servers/286f4f94-bab8-4307-a172-d8dee9888376 0.792s
2024-09-04 19:27:16.676 62702 INFO tempest.lib.common.rest_client [req-d01a0335-7a93-45c6-8c20-a266c66798b2 req-d01a0335-7a93-45c6-8c20-a266c66798b2 ] Request (FloatingIPsTestJSON:tearDownClass): 204 DELETE http://10.180.1.21:9696/networking/v2.0/routers/af892bdc-6cef-4759-83e4-c96dc68b70e6 0.663s
2024-09-04 19:27:16.712 62676 INFO tempest.lib.common.rest_client [req-e817ee3f-3656-4ff4-8ec2-81ae13917985 req-e817ee3f-3656-4ff4-8ec2-81ae13917985 ] Request (SecurityGroupRulesTestJSON:tearDownClass): 202 DELETE http://10.180.1.21/compute/v2.1/os-security-groups/d368ece3-4e7d-47c1-8513-5c5173b075bb 0.937s
2024-09-04 19:27:16.719 62686 INFO tempest.lib.common.rest_client [req-ee5bfb4f-ed53-4725-a333-780623e6323c req-ee5bfb4f-ed53-4725-a333-780623e6323c ] Request (ServerAddressesTestJSON:tearDownClass): 204 DELETE http://10.180.1.21:9696/networking/v2.0/routers/879d7b66-8899-4dbb-bb57-8583c1db44e1 0.848s
2024-09-04 19:27:16.720 62680 INFO tempest.lib.common.rest_client [req-923bf886-cae9-419a-a952-d069107041d3 req-923bf886-cae9-419a-a952-d069107041d3 ] Request (ServersTestMultiNic:test_verify_duplicate_network_nics): 201 POST http://10.180.1.21:9696/networking/v2.0/networks 0.185s
2024-09-04 19:27:16.779 62690 INFO tempest.lib.common.rest_client [req-b6536794-169d-41f7-ad72-0392dc12dc63 req-b6536794-169d-41f7-ad72-0392dc12dc63 ] Request (QuotasAdminTestJSON:test_delete_quota): 200 GET http://10.180.1.21/compute/v2.1/os-quota-sets/95bf3d3f104f442fb1b8f03c3d22b43c 0.878s
2024-09-04 19:27:16.798 62734 INFO tempest.lib.common.rest_client [req-331ffa3a-eb11-482f-8d27-b6528560ab36 req-331ffa3a-eb11-482f-8d27-b6528560ab36 ] Request (ServerActionsTestJSON:setUpClass): 200 GET http://10.180.1.21/compute/v2.1/servers/d174fe97-1d79-4c61-b285-dd860097505e 0.793s
2024-09-04 19:27:16.800 62702 INFO tempest.lib.common.rest_client [req-37bf3746-46eb-4de8-bfb0-31feb75e951b req-37bf3746-46eb-4de8-bfb0-31feb75e951b ] Request (FloatingIPsTestJSON:tearDownClass): 204 DELETE http://10.180.1.21:9696/networking/v2.0/subnets/bbfeaec1-7f0d-441d-9381-250cddea8124 0.123s
2024-09-04 19:27:16.829 62732 INFO tempest.lib.common.rest_client [req-98bf5c37-66f9-47ed-bb02-dbf113db2607 req-98bf5c37-66f9-47ed-bb02-dbf113db2607 ] Request (ListImageFiltersTestJSON:setUpClass): 200 GET http://10.180.1.21/compute/v2.1/images/7b89c7a9-c9a9-4d7e-b741-b07ed6ad2b24 0.741s
2024-09-04 19:27:16.888 62728 INFO tempest.lib.common.rest_client [req-b2b87cc2-ffa1-4d3e-8272-aaf71a826651 req-b2b87cc2-ffa1-4d3e-8272-aaf71a826651 ] Request (ServersAdminNegativeTestJSON:test_migrate_server_invalid_state): 200 GET http://10.180.1.21/compute/v2.1/servers/ce72c9cc-57db-4d86-bfc8-ad2caede5654 0.779s
2024-09-04 19:27:16.954 62686 INFO tempest.lib.common.rest_client [req-2e13626d-df5a-442c-8c4f-7795b4cc4358 req-2e13626d-df5a-442c-8c4f-7795b4cc4358 ] Request (ServerAddressesTestJSON:tearDownClass): 204 DELETE http://10.180.1.21:9696/networking/v2.0/subnets/9ce9b263-4dbd-49c1-ade9-e0d340643147 0.235s
2024-09-04 19:27:16.971 62722 INFO tempest.lib.common.rest_client [req-8a84e618-50a2-44ee-9f14-07602523bf44 req-8a84e618-50a2-44ee-9f14-07602523bf44 ] Request (TenantUsagesTestJSON:setUpClass): 200 GET http://10.180.1.21/compute/v2.1/servers/c089d88c-f188-446f-af69-bfd8744f26e8 0.798s
2024-09-04 19:27:17.035 62702 INFO tempest.lib.common.rest_client [req-17418865-2a9b-4406-8404-b88c02ccd6a1 req-17418865-2a9b-4406-8404-b88c02ccd6a1 ] Request (FloatingIPsTestJSON:tearDownClass): 204 DELETE http://10.180.1.21:9696/networking/v2.0/networks/b544777b-bf83-4114-b1d4-cdab10e9819a 0.234s
2024-09-04 19:27:17.116 62680 INFO tempest.lib.common.rest_client [req-8c1ea0c7-f4ad-4f36-81ef-bd2a7edde3c0 req-8c1ea0c7-f4ad-4f36-81ef-bd2a7edde3c0 ] Request (ServersTestMultiNic:test_verify_duplicate_network_nics): 201 POST http://10.180.1.21:9696/networking/v2.0/subnets 0.395s
2024-09-04 19:27:17.118 62736 INFO tempest.lib.common.rest_client [req-7d47f6c3-8e2c-46ba-ad3f-97cb8e0847de req-7d47f6c3-8e2c-46ba-ad3f-97cb8e0847de ] Request (MigrationsAdminTest:test_list_migrations_in_flavor_resize_situation): 200 GET http://10.180.1.21/compute/v2.1/servers/37b04929-abb5-480d-8c50-07ce99226b06 1.001s
2024-09-04 19:27:17.146 62678 INFO tempest.lib.common.rest_client [req-9b8fea51-369f-4f19-be46-98f4f4e94b88 req-9b8fea51-369f-4f19-be46-98f4f4e94b88 ] Request (ServersAdminTestJSON:setUpClass): 200 GET http://10.180.1.21/compute/v2.1/servers/48fee428-9105-4058-8de7-183e389c6e77 0.709s
2024-09-04 19:27:17.163 62702 INFO tempest.lib.common.rest_client [req-0131e34d-1e65-47b1-99cc-9d419d1b0929 req-0131e34d-1e65-47b1-99cc-9d419d1b0929 ] Request (FloatingIPsTestJSON:tearDownClass): 204 DELETE http://10.180.1.21/identity/v3/users/52d82cf0b2c64a49a7c819769006d034 0.128s
2024-09-04 19:27:17.163 62702 INFO tempest.lib.common.dynamic_creds [-] Deleting project and security group for project: c57bf355978f47eb894a0a27afa127a6
2024-09-04 19:27:17.194 62680 INFO tempest.lib.common.rest_client [req-29457854-e502-48f0-b1e8-dfe7f11dd1c0 req-29457854-e502-48f0-b1e8-dfe7f11dd1c0 ] Request (ServersTestMultiNic:test_verify_duplicate_network_nics): 201 POST http://10.180.1.21/identity/v3/auth/tokens 0.072s
2024-09-04 19:27:17.194 62680 INFO tempest.lib.common.fixed_network [-] (ServersTestMultiNic:test_verify_duplicate_network_nics) Found network {'id': 'f1ed7084-37a1-4c4c-920f-6aa52c7fdd81', 'name': 'tempest-ServersTestMultiNic-429299148-network', 'tenant_id': 'ad0d859f83cb45628d46a6c737f0c221', 'admin_state_up': True, 'mtu': 8950, 'status': 'ACTIVE', 'subnets': [], 'shared': False, 'project_id': 'ad0d859f83cb45628d46a6c737f0c221', 'port_security_enabled': True, 'router:external': False, 'provider:network_type': 'vlan', 'provider:physical_network': 'default', 'provider:segmentation_id': 442, 'is_default': False, 'availability_zone_hints': [], 'availability_zones': [], 'ipv4_address_scope': None, 'ipv6_address_scope': None, 'description': '', 'tags': [], 'created_at': '2024-09-04T19:27:12Z', 'updated_at': '2024-09-04T19:27:12Z', 'revision_number': 1} available for tenant
2024-09-04 19:27:17.205 62708 INFO tempest.lib.common.rest_client [req-ba5fc58e-014c-4533-ab47-a7fa9791b902 req-ba5fc58e-014c-4533-ab47-a7fa9791b902 ] Request (VolumesAdminNegativeTest:test_update_attached_volume_with_nonexistent_volume_in_body): 200 GET http://10.180.1.21/compute/v2.1/servers/4b5345ac-85a8-4fbd-884a-025bde54082f 0.685s
2024-09-04 19:27:17.213 62699 INFO tempest.lib.common.rest_client [req-8d14db45-367f-44b6-a218-641caff3c055 req-8d14db45-367f-44b6-a218-641caff3c055 ] Request (SecurityGroupsTestJSON:test_list_security_groups_by_server): 200 GET http://10.180.1.21/compute/v2.1/servers/b50406ea-7264-4587-aa27-8bf4b867302e 0.624s
2024-09-04 19:27:17.230 62692 INFO tempest.lib.common.rest_client [req-0ed98be6-7406-42f3-a3fe-ea1a7ab49c30 req-0ed98be6-7406-42f3-a3fe-ea1a7ab49c30 ] Request (ServerDiagnosticsV248Test:tearDownClass): 404 GET http://10.180.1.21/compute/v2.1/servers/f5375f29-9da6-41a8-8ae6-060f44cb0a64 0.555s
2024-09-04 19:27:17.239 62676 INFO tempest.lib.common.rest_client [req-ce2299a7-dd46-47e0-8b79-14b20156e909 req-ce2299a7-dd46-47e0-8b79-14b20156e909 ] Request (SecurityGroupRulesTestJSON:tearDownClass): 404 DELETE http://10.180.1.21/compute/v2.1/os-security-groups/51fd9360-5b0c-42fd-a322-6eb7f2e34494 0.527s
2024-09-04 19:27:17.243 62702 INFO tempest.lib.common.rest_client [req-37f2e374-ec5c-49b9-9a35-ebc1c6880618 req-37f2e374-ec5c-49b9-9a35-ebc1c6880618 ] Request (FloatingIPsTestJSON:tearDownClass): 200 GET http://10.180.1.21:9696/networking/v2.0/security-groups?tenant_id=c57bf355978f47eb894a0a27afa127a6&name=default 0.079s
2024-09-04 19:27:17.270 62686 INFO tempest.lib.common.rest_client [req-70641458-fe9c-4d96-ba8b-9618b4a2e07a req-70641458-fe9c-4d96-ba8b-9618b4a2e07a ] Request (ServerAddressesTestJSON:tearDownClass): 204 DELETE http://10.180.1.21:9696/networking/v2.0/networks/e4de9431-012c-44e5-a300-4c6049712a5f 0.315s
