2025-12-09 02:47:56.057 66322 INFO tempest.lib.common.rest_client [req-a0174a0b-4086-4522-83db-92b727183bb4 req-a0174a0b-4086-4522-83db-92b727183bb4 ] Request (ServersNegativeTestMultiTenantJSON:setUpClass): 200 GET http://10.180.1.21/compute/v2.1/servers/c67295c9-3117-49fc-b322-ea104ef9f85f 0.069s
2025-12-09 02:47:56.078 66326 INFO tempest.lib.common.rest_client [req-e226dd0f-84df-4f23-aa2a-433df8a175ba req-e226dd0f-84df-4f23-aa2a-433df8a175ba ] Request (FloatingIPsAssociationTestJSON:tearDownClass): 200 GET http://10.180.1.21/networking/v2.0/security-groups?tenant_id=8c9c5d635dc44990b1dcff17fdf7c06e&name=default 0.035s
2025-12-09 02:47:56.114 66348 INFO tempest.lib.common.rest_client [req-e1f317a0-a106-4906-9f96-deee02562420 req-e1f317a0-a106-4906-9f96-deee02562420 ] Request (ImagesTestJSON:test_create_server_from_snapshot): 200 GET http://10.180.1.21/compute/v2.1/images/778f69f9-a986-45be-893e-7b350888f920 0.053s
2025-12-09 02:47:56.167 66338 INFO tempest.lib.common.rest_client [req-c2319078-95e3-4e91-8cbe-189baf79df85 req-c2319078-95e3-4e91-8cbe-189baf79df85 ] Request (ServerRescueTestJSON:test_rescue_unrescue_instance): 200 GET http://10.180.1.21/compute/v2.1/servers/f01c364e-0270-4a0a-bbaf-42ec992c5052 0.151s
2025-12-09 02:47:56.179 66338 INFO tempest.common.waiters [-] State transition "BUILD/spawning" ==> "ACTIVE/None" after 39 second wait
2025-12-09 02:47:56.196 66326 INFO tempest.lib.common.rest_client [req-9f542824-7cc1-4305-8852-ce4f7fd4893c req-9f542824-7cc1-4305-8852-ce4f7fd4893c ] Request (FloatingIPsAssociationTestJSON:tearDownClass): 204 DELETE http://10.180.1.21/networking/v2.0/security-groups/4b9533a4-5bf3-4126-bae5-bf20bd751e2c 0.118s
2025-12-09 02:47:56.202 66346 INFO tempest.lib.common.rest_client [req-c4e65e47-1008-49d1-9e9a-0dd65d03760f req-c4e65e47-1008-49d1-9e9a-0dd65d03760f ] Request (ListServerFiltersTestJSON:tearDownClass): 200 GET http://10.180.1.21/compute/v2.1/servers/a7885117-efd7-497e-b87d-e47e76210937 0.138s
2025-12-09 02:47:56.219 66348 INFO tempest.lib.common.rest_client [req-7308bc8b-f274-4fc8-bbd8-f6bca7556f07 req-7308bc8b-f274-4fc8-bbd8-f6bca7556f07 ] Request (ImagesTestJSON:test_create_server_from_snapshot): 200 GET http://10.180.1.21/compute/v2.1/images/778f69f9-a986-45be-893e-7b350888f920 0.102s
2025-12-09 02:47:56.276 66344 INFO tempest.lib.common.rest_client [req-a1365237-4295-49a2-846f-8745d56755ad req-a1365237-4295-49a2-846f-8745d56755ad ] Request (ServersAdminNegativeTestJSON:test_migrate_server_invalid_state): 200 GET http://10.180.1.21/compute/v2.1/servers/76d084a5-5a06-49ea-a42e-702ffbc485f6 0.139s
2025-12-09 02:47:56.298 66348 INFO tempest.lib.common.rest_client [req-ec23081f-0819-47db-b485-d425739f3d66 req-ec23081f-0819-47db-b485-d425739f3d66 ] Request (ImagesTestJSON:test_create_server_from_snapshot): 201 POST http://10.180.1.21/identity/v3/auth/tokens 0.071s
2025-12-09 02:47:56.299 66348 INFO tempest.lib.common.fixed_network [-] (ImagesTestJSON:test_create_server_from_snapshot) Found network {'id': '91f78758-0ce0-4730-a491-be4c030c49ac', 'name': 'tempest-ImagesTestJSON-1959372019-network', 'tenant_id': 'ca32f375424e48f2b2eab3b9cec179ab', 'project_id': 'ca32f375424e48f2b2eab3b9cec179ab', 'admin_state_up': True, 'mtu': 8950, 'status': 'ACTIVE', 'subnets': [], 'shared': False, 'port_security_enabled': True, 'router:external': False, 'provider:network_type': 'vlan', 'provider:physical_network': 'default', 'provider:segmentation_id': 46, 'availability_zone_hints': [], 'availability_zones': [], 'ipv4_address_scope': None, 'ipv6_address_scope': None, 'description': '', 'tags': [], 'created_at': '2025-12-09T02:43:58Z', 'updated_at': '2025-12-09T02:43:58Z', 'revision_number': 1} available for tenant
2025-12-09 02:47:56.300 66383 INFO tempest.lib.common.rest_client [req-8602eee7-bee2-4ae6-b93f-fed3d5db3893 req-8602eee7-bee2-4ae6-b93f-fed3d5db3893 ] Request (DeleteServersTestJSON:test_delete_active_server): 200 GET http://10.180.1.21/compute/v2.1/servers/39f31468-e250-45cf-bf04-df3aa1ca73bf 0.145s
2025-12-09 02:47:56.333 66326 INFO tempest.lib.common.rest_client [req-0b6c69fe-6e56-4cf9-9fa6-4ba875425b49 req-0b6c69fe-6e56-4cf9-9fa6-4ba875425b49 ] Request (FloatingIPsAssociationTestJSON:tearDownClass): 204 DELETE http://10.180.1.21/identity/v3/projects/8c9c5d635dc44990b1dcff17fdf7c06e 0.137s
2025-12-09 02:47:56.359 66338 INFO tempest.lib.common.rest_client [req-244d0ade-63e7-4166-b3e6-a76ba4fec11b req-244d0ade-63e7-4166-b3e6-a76ba4fec11b ] Request (ServerRescueTestJSON:test_rescue_unrescue_instance): 200 POST http://10.180.1.21/compute/v2.1/servers/f01c364e-0270-4a0a-bbaf-42ec992c5052/action 0.180s
2025-12-09 02:47:56.379 66376 INFO tempest.lib.common.rest_client [req-2d4950a4-63af-4adb-81b2-7ae0af86ec44 req-2d4950a4-63af-4adb-81b2-7ae0af86ec44 ] Request (ServersTestMultiNic:_run_cleanups): 200 GET http://10.180.1.21/compute/v2.1/servers/d425bd73-3051-4ed8-b1fa-a9e5f9599f7e 0.172s
2025-12-09 02:47:56.425 66326 INFO tempest.lib.common.rest_client [req-f5ad270e-da20-4cbc-bb30-6683ddb6631b req-f5ad270e-da20-4cbc-bb30-6683ddb6631b ] Request (FloatingIPsAssociationNegativeTestJSON:setUpClass): 201 POST http://10.180.1.21/identity/v3/auth/tokens 0.089s
2025-12-09 02:47:56.438 66340 INFO tempest.lib.common.rest_client [req-fad56683-61dc-4442-a008-af64baf45b81 req-fad56683-61dc-4442-a008-af64baf45b81 ] Request (ServersAaction247Test:test_create_backup): 200 GET http://10.180.1.21/compute/v2.1/servers/d1f79360-768c-4841-b3dd-4dd4d1811383 0.209s
2025-12-09 02:47:56.458 66360 INFO tempest.lib.common.rest_client [req-e96d5d39-e94f-4d5c-8ee0-e81319ea71c7 req-e96d5d39-e94f-4d5c-8ee0-e81319ea71c7 ] Request (ServerShowV257Test:test_rebuild_server): 200 GET http://10.180.1.21/compute/v2.1/servers/4949a9bb-7549-438b-8785-23463fce433b 0.184s
2025-12-09 02:47:56.460 66326 INFO tempest.lib.common.rest_client [req-816ca8e3-3d3d-43c6-9ed8-11099eefed47 req-816ca8e3-3d3d-43c6-9ed8-11099eefed47 ] Request (FloatingIPsAssociationNegativeTestJSON:setUpClass): 201 POST http://10.180.1.21/identity/v3/auth/tokens 0.033s
2025-12-09 02:47:56.491 66326 INFO tempest.lib.common.rest_client [req-1a3cf7bb-fabe-4d86-a16a-998dc8ba0555 req-1a3cf7bb-fabe-4d86-a16a-998dc8ba0555 ] Request (FloatingIPsAssociationNegativeTestJSON:setUpClass): 200 GET http://10.180.1.21/identity/v3/domains?name=Default 0.030s
2025-12-09 02:47:56.527 66328 INFO tempest.lib.common.rest_client [req-dca284fa-4aa1-45da-9795-9f84b10f8787 req-dca284fa-4aa1-45da-9795-9f84b10f8787 ] Request (InstanceActionsV221TestJSON:test_get_list_deleted_instance_actions): 200 GET http://10.180.1.21/compute/v2.1/servers/7640fb85-6282-4a98-8961-fa8b0c41cbc7 0.223s
2025-12-09 02:47:56.537 66326 INFO tempest.lib.common.rest_client [req-a9d3a6c2-f149-4653-bfe5-abb6661ba6af req-a9d3a6c2-f149-4653-bfe5-abb6661ba6af ] Request (FloatingIPsAssociationNegativeTestJSON:setUpClass): 201 POST http://10.180.1.21/identity/v3/projects 0.045s
2025-12-09 02:47:56.543 66328 INFO tempest.common.waiters [-] State transition "BUILD/None" ==> "BUILD/networking" after 26 second wait
2025-12-09 02:47:56.584 66353 INFO tempest.lib.common.rest_client [req-cca0883d-6024-4153-a659-7c1f36e10af6 req-cca0883d-6024-4153-a659-7c1f36e10af6 ] Request (AttachInterfacesUnderV243Test:test_add_remove_fixed_ip): 200 GET http://10.180.1.21/compute/v2.1/servers/4b5cfb47-d1c3-4541-87ef-2c751de380df 0.254s
2025-12-09 02:47:56.615 66326 INFO tempest.lib.common.rest_client [req-b779278d-e589-4d48-a47f-ce7ce91711d6 req-b779278d-e589-4d48-a47f-ce7ce91711d6 ] Request (FloatingIPsAssociationNegativeTestJSON:setUpClass): 201 POST http://10.180.1.21/identity/v3/users 0.075s
2025-12-09 02:47:56.640 66326 INFO tempest.lib.common.rest_client [req-8287db98-650b-4131-9da2-61dded517944 req-8287db98-650b-4131-9da2-61dded517944 ] Request (FloatingIPsAssociationNegativeTestJSON:setUpClass): 200 GET http://10.180.1.21/identity/v3/roles 0.025s
2025-12-09 02:47:56.675 66326 INFO tempest.lib.common.rest_client [req-0e733993-35e0-46e6-98b4-5af13f48f1fa req-0e733993-35e0-46e6-98b4-5af13f48f1fa ] Request (FloatingIPsAssociationNegativeTestJSON:setUpClass): 204 PUT http://10.180.1.21/identity/v3/projects/9188ecdd112445d48e62d877fcf3704b/users/79e8e17cad7946018870d59defa3c860/roles/60f7d8506966464586a94c2d51f4e7a6 0.034s
2025-12-09 02:47:56.675 66326 INFO tempest.lib.common.dynamic_creds [-] Dynamic test user 79e8e17cad7946018870d59defa3c860 is created with scope project and roles: ['member']
2025-12-09 02:47:56.675 66326 INFO tempest.lib.common.dynamic_creds [-] Acquired dynamic creds: credentials: Credentials: {'domain_id': 'default', 'domain_name': 'Default', 'username': 'tempest-FloatingIPsAssociationNegativeTestJSON-851306628-project-member', 'project_domain_id': 'default', 'project_domain_name': 'Default', 'project_id': '9188ecdd112445d48e62d877fcf3704b', 'project_name': 'tempest-FloatingIPsAssociationNegativeTestJSON-851306628', 'tenant_id': '9188ecdd112445d48e62d877fcf3704b', 'tenant_name': 'tempest-FloatingIPsAssociationNegativeTestJSON-851306628', 'user_domain_id': 'default', 'user_domain_name': 'Default', 'user_id': '79e8e17cad7946018870d59defa3c860', 'system': None}, Network: None, Subnet: None, Router: None
2025-12-09 02:47:56.729 66338 INFO tempest.lib.common.rest_client [req-1e3ffd0d-fba0-45a9-9e92-2b4a2a693ffb req-1e3ffd0d-fba0-45a9-9e92-2b4a2a693ffb ] Request (ServerRescueTestJSON:test_rescue_unrescue_instance): 200 GET http://10.180.1.21/compute/v2.1/servers/f01c364e-0270-4a0a-bbaf-42ec992c5052 0.368s
2025-12-09 02:47:56.745 66326 INFO tempest.lib.common.rest_client [req-0206832f-f391-4497-8d37-8f172264aba3 req-0206832f-f391-4497-8d37-8f172264aba3 ] Request (FloatingIPsAssociationNegativeTestJSON:setUpClass): 201 POST http://10.180.1.21/identity/v3/auth/tokens 0.070s
2025-12-09 02:47:56.883 66348 INFO tempest.lib.common.rest_client [req-95c3cc7a-f727-4d22-8dbc-23b9fdebbe0b req-95c3cc7a-f727-4d22-8dbc-23b9fdebbe0b ] Request (ImagesTestJSON:test_create_server_from_snapshot): 202 POST http://10.180.1.21/compute/v2.1/servers 0.584s
2025-12-09 02:47:57.111 66326 INFO tempest.lib.common.rest_client [req-0008c9db-1631-4323-8c09-b3231a7c13c9 req-0008c9db-1631-4323-8c09-b3231a7c13c9 ] Request (FloatingIPsAssociationNegativeTestJSON:setUpClass): 201 POST http://10.180.1.21/networking/v2.0/networks 0.365s
2025-12-09 02:47:57.141 66336 INFO tempest.lib.common.rest_client [req-c434e9ee-e6c3-45ef-8d0b-6b9d9ada961a req-c434e9ee-e6c3-45ef-8d0b-6b9d9ada961a ] Request (ServerRescueNegativeTestJSON:setUpClass): 200 GET http://10.180.1.21/compute/v2.1/servers/420cfa14-9b63-4409-8b19-f76b439e278a 0.779s
2025-12-09 02:47:57.154 66384 INFO tempest.lib.common.rest_client [req-11de9131-11d5-4ac3-a14b-bca12c8ddde0 req-11de9131-11d5-4ac3-a14b-bca12c8ddde0 ] Request (AttachInterfacesTestJSON:_run_cleanups): 200 GET http://10.180.1.21/compute/v2.1/servers/292b7a4c-c054-4fd3-a994-3fc432658a95 0.738s
2025-12-09 02:47:57.318 66326 INFO tempest.lib.common.rest_client [req-c8081f9b-9fa0-45bc-b2f4-7079d30822a2 req-c8081f9b-9fa0-45bc-b2f4-7079d30822a2 ] Request (FloatingIPsAssociationNegativeTestJSON:setUpClass): 201 POST http://10.180.1.21/networking/v2.0/subnets 0.206s
2025-12-09 02:47:57.344 66330 INFO tempest.lib.common.rest_client [req-d09932df-506d-4d82-9b4d-814ef4ddeeb4 req-d09932df-506d-4d82-9b4d-814ef4ddeeb4 ] Request (ServersNegativeTestJSON:setUpClass): 200 GET http://10.180.1.21/compute/v2.1/servers/4bd1ae78-6a6f-42a9-bf6a-9c0f1624e09d 0.832s
2025-12-09 02:47:57.359 66380 INFO tempest.lib.common.rest_client [req-a1842ac8-5770-41ab-a15f-db36ad47c77e req-a1842ac8-5770-41ab-a15f-db36ad47c77e ] Request (ListImageFiltersTestJSON:tearDownClass): 200 GET http://10.180.1.21/compute/v2.1/servers/03d67859-8f08-443a-8d15-4b25982537ff 0.906s
2025-12-09 02:47:58.167 66326 INFO tempest.lib.common.rest_client [req-76fb1c15-55fc-4024-bb9f-d6542bda49c5 req-76fb1c15-55fc-4024-bb9f-d6542bda49c5 ] Request (FloatingIPsAssociationNegativeTestJSON:setUpClass): 201 POST http://10.180.1.21/networking/v2.0/routers 0.848s
2025-12-09 02:47:58.438 66364 INFO tempest.lib.common.rest_client [req-2c6ff758-308b-43c6-ab55-c165ba2ac7a2 req-2c6ff758-308b-43c6-ab55-c165ba2ac7a2 ] Request (ServerActionsTestOtherB:test_resize_server_confirm_from_stopped): 200 GET http://10.180.1.21/compute/v2.1/servers/0759b710-7c02-4edf-9287-1ea0033a51ef 1.824s
2025-12-09 02:47:58.463 66370 INFO tempest.lib.common.rest_client [req-9c4c9a34-be96-4d8e-9e3b-6b87302f06f5 req-9c4c9a34-be96-4d8e-9e3b-6b87302f06f5 ] Request (MigrationsAdminTest:test_resize_server_revert_deleted_flavor): 200 GET http://10.180.1.21/compute/v2.1/servers/f52b0d34-f004-460f-bf32-68a1fb74ff20 1.764s
2025-12-09 02:47:58.523 66372 INFO tempest.lib.common.rest_client [req-07f28c33-011e-4624-ae71-c3132a1b3996 req-07f28c33-011e-4624-ae71-c3132a1b3996 ] Request (ServerShowV247Test:test_update_rebuild_list_server): 200 GET http://10.180.1.21/compute/v2.1/servers/2bcf6c15-b2e4-4f24-9941-00c11776bf91 1.750s
2025-12-09 02:47:58.537 66372 INFO tempest.common.waiters [-] State transition "BUILD/spawning" ==> "ACTIVE/None" after 32 second wait
2025-12-09 02:47:58.617 66348 INFO tempest.lib.common.rest_client [req-e036afb1-78bb-4b6c-b29a-331603b55c97 req-e036afb1-78bb-4b6c-b29a-331603b55c97 ] Request (ImagesTestJSON:test_create_server_from_snapshot): 200 GET http://10.180.1.21/compute/v2.1/servers/b379f9cf-0cfb-4736-900e-9edfcba21a01 1.732s
2025-12-09 02:47:58.650 66367 INFO tempest.lib.common.rest_client [req-0ae6ce6a-e865-4364-8131-2186e9aed3cb req-0ae6ce6a-e865-4364-8131-2186e9aed3cb ] Request (ImagesOneServerNegativeTestJSON:tearDown): 200 GET http://10.180.1.21/compute/v2.1/servers/1af29f9a-537c-4e30-b79a-4f392ca7a6d4 1.789s
2025-12-09 02:47:58.659 66367 INFO tempest.common.waiters [-] State transition "ACTIVE/image_uploading" ==> "ACTIVE/None" after 9 second wait
2025-12-09 02:47:58.837 66362 INFO tempest.lib.common.rest_client [req-ae97d4d7-6484-45f3-9f32-aa46268cd6b1 req-ae97d4d7-6484-45f3-9f32-aa46268cd6b1 ] Request (ServersListShow298Test:test_list_show_update_rebuild_server_298): 200 GET http://10.180.1.21/compute/v2.1/servers/68aaa41b-805a-43b6-829e-5ac28ec3fb29 1.873s
2025-12-09 02:47:58.867 66375 INFO tempest.lib.common.rest_client [req-35b17bbd-eb0c-4fa4-9d91-e796abe28dfe req-35b17bbd-eb0c-4fa4-9d91-e796abe28dfe ] Request (AttachVolumeShelveTestJSON:test_attach_volume_shelved_or_offload_server): 200 GET http://10.180.1.21/compute/v2.1/servers/7912c30b-6f47-4887-bf1f-99c5dc05daea 1.920s
2025-12-09 02:47:58.877 66375 INFO tempest.common.waiters [-] State transition "ACTIVE/shelving_image_pending_upload" ==> "ACTIVE/shelving_image_uploading" after 6 second wait
2025-12-09 02:47:58.901 66342 INFO tempest.lib.common.rest_client [req-8d4ab7af-2a11-4021-b391-d434b4b5f028 req-8d4ab7af-2a11-4021-b391-d434b4b5f028 ] Request (ServersAdminTestJSON:test_create_server_with_scheduling_hint): 200 GET http://10.180.1.21/compute/v2.1/servers/b579e354-a1fa-45ed-b5dd-371508e01341 1.886s
2025-12-09 02:47:58.933 66358 INFO tempest.lib.common.rest_client [req-d5fff36b-da29-4cab-b2fc-90f1e67196fa req-d5fff36b-da29-4cab-b2fc-90f1e67196fa ] Request (SecurityGroupsTestJSON:tearDownClass): 200 GET http://10.180.1.21/compute/v2.1/servers/e5ea9b7b-14ba-4ca6-84cd-86cdcd7df6d2 1.873s
2025-12-09 02:47:58.949 66322 INFO tempest.lib.common.rest_client [req-afd89738-dc20-4d98-8d21-5ffe0c4ae2fd req-afd89738-dc20-4d98-8d21-5ffe0c4ae2fd ] Request (ServersNegativeTestMultiTenantJSON:setUpClass): 200 GET http://10.180.1.21/compute/v2.1/servers/c67295c9-3117-49fc-b322-ea104ef9f85f 1.882s
2025-12-09 02:47:59.007 66346 INFO tempest.lib.common.rest_client [req-b96e6e04-509f-42dc-9918-d67c1dfe8516 req-b96e6e04-509f-42dc-9918-d67c1dfe8516 ] Request (ListServerFiltersTestJSON:tearDownClass): 200 GET http://10.180.1.21/compute/v2.1/servers/a7885117-efd7-497e-b87d-e47e76210937 1.797s
2025-12-09 02:47:59.023 66344 INFO tempest.lib.common.rest_client [req-ff29fb3d-dbee-4a5a-aeda-2c95f93f520b req-ff29fb3d-dbee-4a5a-aeda-2c95f93f520b ] Request (ServersAdminNegativeTestJSON:test_migrate_server_invalid_state): 200 GET http://10.180.1.21/compute/v2.1/servers/76d084a5-5a06-49ea-a42e-702ffbc485f6 1.732s
2025-12-09 02:47:59.085 66383 INFO tempest.lib.common.rest_client [req-a8d638e5-ced0-4b6e-9d46-6d54cd6a89c9 req-a8d638e5-ced0-4b6e-9d46-6d54cd6a89c9 ] Request (DeleteServersTestJSON:test_delete_active_server): 200 GET http://10.180.1.21/compute/v2.1/servers/39f31468-e250-45cf-bf04-df3aa1ca73bf 1.775s
2025-12-09 02:47:59.095 66383 INFO tempest.common.waiters [-] State transition "BUILD/scheduling" ==> "BUILD/None" after 15 second wait
2025-12-09 02:47:59.394 66376 INFO tempest.lib.common.rest_client [req-8425a970-b78b-455b-a4fe-9f52d05cca34 req-8425a970-b78b-455b-a4fe-9f52d05cca34 ] Request (ServersTestMultiNic:_run_cleanups): 200 GET http://10.180.1.21/compute/v2.1/servers/d425bd73-3051-4ed8-b1fa-a9e5f9599f7e 2.006s
2025-12-09 02:47:59.412 66340 INFO tempest.lib.common.rest_client [req-a1fe0964-f231-4dea-8131-cc563232551c req-a1fe0964-f231-4dea-8131-cc563232551c ] Request (ServersAaction247Test:test_create_backup): 200 GET http://10.180.1.21/compute/v2.1/servers/d1f79360-768c-4841-b3dd-4dd4d1811383 1.964s
2025-12-09 02:47:59.625 66326 INFO tempest.lib.common.rest_client [req-62b8d569-9988-425e-8800-1f7c985ada0a req-62b8d569-9988-425e-8800-1f7c985ada0a ] Request (FloatingIPsAssociationNegativeTestJSON:setUpClass): 200 PUT http://10.180.1.21/networking/v2.0/routers/a8b13dd8-465b-4378-8313-b120b747edb7/add_router_interface 1.458s
2025-12-09 02:47:59.626 66326 INFO tempest.lib.common.dynamic_creds [-] Created isolated network resources for: credentials: Credentials: {'domain_id': 'default', 'domain_name': 'Default', 'username': 'tempest-FloatingIPsAssociationNegativeTestJSON-851306628-project-member', 'project_domain_id': 'default', 'project_domain_name': 'Default', 'project_id': '9188ecdd112445d48e62d877fcf3704b', 'project_name': 'tempest-FloatingIPsAssociationNegativeTestJSON-851306628', 'tenant_id': '9188ecdd112445d48e62d877fcf3704b', 'tenant_name': 'tempest-FloatingIPsAssociationNegativeTestJSON-851306628', 'user_domain_id': 'default', 'user_domain_name': 'Default', 'user_id': '79e8e17cad7946018870d59defa3c860', 'system': None}, Network: {'id': '731ddf97-bbbf-49d5-afec-185363ddcf84', 'name': 'tempest-FloatingIPsAssociationNegativeTestJSON-1416308674-network', 'tenant_id': '9188ecdd112445d48e62d877fcf3704b', 'project_id': '9188ecdd112445d48e62d877fcf3704b', 'admin_state_up': True, 'mtu': 8950, 'status': 'ACTIVE', 'subnets': [], 'shared': False, 'port_security_enabled': True, 'router:external': False, 'provider:network_type': 'vlan', 'provider:physical_network': 'default', 'provider:segmentation_id': 766, 'availability_zone_hints': [], 'availability_zones': [], 'ipv4_address_scope': None, 'ipv6_address_scope': None, 'description': '', 'tags': [], 'created_at': '2025-12-09T02:47:57Z', 'updated_at': '2025-12-09T02:47:57Z', 'revision_number': 1}, Subnet: {'id': 'f3cf4af7-3c1a-4d01-a72d-e4d120d7c551', 'name': 'tempest-FloatingIPsAssociationNegativeTestJSON-1416308674-subnet', 'tenant_id': '9188ecdd112445d48e62d877fcf3704b', 'network_id': '731ddf97-bbbf-49d5-afec-185363ddcf84', 'ip_version': 4, 'subnetpool_id': None, 'enable_dhcp': True, 'ipv6_ra_mode': None, 'ipv6_address_mode': None, 'gateway_ip': '192.168.128.1', 'cidr': '192.168.128.0/28', 'allocation_pools': [{'start': '192.168.128.2', 'end': '192.168.128.14'}], 'host_routes': [], 'dns_nameservers': [], 'description': '', 'router:external': False, 'service_types': [], 'tags': [], 'created_at': '2025-12-09T02:47:57Z', 'updated_at': '2025-12-09T02:47:57Z', 'revision_number': 0, 'project_id': '9188ecdd112445d48e62d877fcf3704b'}, Router: {'id': 'a8b13dd8-465b-4378-8313-b120b747edb7', 'name': 'tempest-FloatingIPsAssociationNegativeTestJSON-1416308674-router', 'tenant_id': '9188ecdd112445d48e62d877fcf3704b', 'admin_state_up': True, 'status': 'ACTIVE', 'external_gateway_info': {'network_id': 'dcab48ae-bfa6-4e14-a403-bc881a656c70', 'external_fixed_ips': [{'subnet_id': 'de3d9558-14df-4aec-a60c-8f33e8098629', 'ip_address': '10.180.180.159'}], 'enable_snat': True}, 'description': '', 'availability_zones': [], 'distributed': False, 'ha': False, 'availability_zone_hints': [], 'routes': [], 'flavor_id': None, 'tags': [], 'created_at': '2025-12-09T02:47:57Z', 'updated_at': '2025-12-09T02:47:57Z', 'revision_number': 2, 'project_id': '9188ecdd112445d48e62d877fcf3704b'}
2025-12-09 02:47:59.687 66360 INFO tempest.lib.common.rest_client [req-70c16e67-4394-4da4-bea4-ccf1d4d173bd req-70c16e67-4394-4da4-bea4-ccf1d4d173bd ] Request (ServerShowV257Test:test_rebuild_server): 200 GET http://10.180.1.21/compute/v2.1/servers/4949a9bb-7549-438b-8785-23463fce433b 2.218s
2025-12-09 02:47:59.752 66326 INFO tempest.lib.common.rest_client [req-88f93c22-8a12-4716-aeee-1a9a0612bdd3 req-88f93c22-8a12-4716-aeee-1a9a0612bdd3 ] Request (FloatingIPsAssociationNegativeTestJSON:setUpClass): 201 POST http://10.180.1.21/identity/v3/auth/tokens 0.122s
2025-12-09 02:47:59.780 66328 INFO tempest.lib.common.rest_client [req-92c1c048-7022-4162-9496-c44b98f31bb5 req-92c1c048-7022-4162-9496-c44b98f31bb5 ] Request (InstanceActionsV221TestJSON:test_get_list_deleted_instance_actions): 200 GET http://10.180.1.21/compute/v2.1/servers/7640fb85-6282-4a98-8961-fa8b0c41cbc7 2.236s
2025-12-09 02:47:59.793 66328 INFO tempest.common.waiters [-] State transition "BUILD/networking" ==> "BUILD/spawning" after 29 second wait
2025-12-09 02:47:59.796 66353 INFO tempest.lib.common.rest_client [req-5e6d64ab-86a2-4f04-8dd7-b587eb2996f8 req-5e6d64ab-86a2-4f04-8dd7-b587eb2996f8 ] Request (AttachInterfacesUnderV243Test:test_add_remove_fixed_ip): 200 GET http://10.180.1.21/compute/v2.1/servers/4b5cfb47-d1c3-4541-87ef-2c751de380df 2.197s
2025-12-09 02:47:59.798 66326 INFO tempest.lib.common.rest_client [req-e4920ac6-e0db-4a0f-a2f6-727ee36a2790 req-e4920ac6-e0db-4a0f-a2f6-727ee36a2790 ] Request (FloatingIPsAssociationNegativeTestJSON:setUpClass): 201 POST http://10.180.1.21/identity/v3/auth/tokens 0.042s
2025-12-09 02:47:59.799 66326 INFO tempest.lib.common.fixed_network [-] (FloatingIPsAssociationNegativeTestJSON:setUpClass) Found network {'id': '731ddf97-bbbf-49d5-afec-185363ddcf84', 'name': 'tempest-FloatingIPsAssociationNegativeTestJSON-1416308674-network', 'tenant_id': '9188ecdd112445d48e62d877fcf3704b', 'project_id': '9188ecdd112445d48e62d877fcf3704b', 'admin_state_up': True, 'mtu': 8950, 'status': 'ACTIVE', 'subnets': [], 'shared': False, 'port_security_enabled': True, 'router:external': False, 'provider:network_type': 'vlan', 'provider:physical_network': 'default', 'provider:segmentation_id': 766, 'availability_zone_hints': [], 'availability_zones': [], 'ipv4_address_scope': None, 'ipv6_address_scope': None, 'description': '', 'tags': [], 'created_at': '2025-12-09T02:47:57Z', 'updated_at': '2025-12-09T02:47:57Z', 'revision_number': 1} available for tenant
2025-12-09 02:47:59.919 66336 INFO tempest.lib.common.rest_client [req-c53f63e0-0d38-40ec-948c-88a322d509ea req-c53f63e0-0d38-40ec-948c-88a322d509ea ] Request (ServerRescueNegativeTestJSON:setUpClass): 200 GET http://10.180.1.21/compute/v2.1/servers/420cfa14-9b63-4409-8b19-f76b439e278a 1.768s
2025-12-09 02:48:00.068 66384 INFO tempest.lib.common.rest_client [req-15d51dbf-7f1b-455b-9c36-df9dcfb5c261 req-15d51dbf-7f1b-455b-9c36-df9dcfb5c261 ] Request (AttachInterfacesTestJSON:_run_cleanups): 200 GET http://10.180.1.21/compute/v2.1/servers/292b7a4c-c054-4fd3-a994-3fc432658a95 1.901s
2025-12-09 02:48:00.106 66338 INFO tempest.lib.common.rest_client [req-b01a26fb-beb3-475d-ad4c-f97daee1c7d7 req-b01a26fb-beb3-475d-ad4c-f97daee1c7d7 ] Request (ServerRescueTestJSON:test_rescue_unrescue_instance): 200 GET http://10.180.1.21/compute/v2.1/servers/f01c364e-0270-4a0a-bbaf-42ec992c5052 2.364s
2025-12-09 02:48:00.228 66380 INFO tempest.lib.common.rest_client [req-ab270d1f-22e6-4174-b461-9ee43ec0cd01 req-ab270d1f-22e6-4174-b461-9ee43ec0cd01 ] Request (ListImageFiltersTestJSON:tearDownClass): 200 GET http://10.180.1.21/compute/v2.1/servers/03d67859-8f08-443a-8d15-4b25982537ff 1.856s
2025-12-09 02:48:00.271 66330 INFO tempest.lib.common.rest_client [req-6b715cb0-4344-490a-8e58-ace43403083f req-6b715cb0-4344-490a-8e58-ace43403083f ] Request (ServersNegativeTestJSON:setUpClass): 200 GET http://10.180.1.21/compute/v2.1/servers/4bd1ae78-6a6f-42a9-bf6a-9c0f1624e09d 1.916s
2025-12-09 02:48:00.282 66330 INFO tempest.common.waiters [-] State transition "BUILD/None" ==> "BUILD/spawning" after 29 second wait
2025-12-09 02:48:00.392 66367 INFO tempest.lib.common.rest_client [req-cfdcb40b-3e09-4926-bc41-37adf719ee08 req-cfdcb40b-3e09-4926-bc41-37adf719ee08 ] Request (ImagesOneServerNegativeTestJSON:_run_cleanups): 204 DELETE http://10.180.1.21/compute/v2.1/servers/1af29f9a-537c-4e30-b79a-4f392ca7a6d4 1.732s
2025-12-09 02:48:00.453 66372 INFO tempest.lib.common.rest_client [req-076abbb6-2645-4088-9c41-e5165003a843 req-076abbb6-2645-4088-9c41-e5165003a843 ] Request (ServerShowV247Test:test_update_rebuild_list_server): 202 POST http://10.180.1.21/compute/v2.1/servers/2bcf6c15-b2e4-4f24-9941-00c11776bf91/action 1.914s
2025-12-09 02:48:00.565 66364 INFO tempest.lib.common.rest_client [req-24813006-8ea3-496d-9f9e-7c52d8b1c033 req-24813006-8ea3-496d-9f9e-7c52d8b1c033 ] Request (ServerActionsTestOtherB:test_resize_server_confirm_from_stopped): 200 GET http://10.180.1.21/compute/v2.1/servers/0759b710-7c02-4edf-9287-1ea0033a51ef 1.116s
2025-12-09 02:48:00.594 66370 INFO tempest.lib.common.rest_client [req-ba0796ed-6c26-4d8d-a1bb-bbc12a3ab33b req-ba0796ed-6c26-4d8d-a1bb-bbc12a3ab33b ] Request (MigrationsAdminTest:test_resize_server_revert_deleted_flavor): 200 GET http://10.180.1.21/compute/v2.1/servers/f52b0d34-f004-460f-bf32-68a1fb74ff20 1.120s
2025-12-09 02:48:00.627 66348 INFO tempest.lib.common.rest_client [req-218ac49d-3e94-4ae7-8c29-56013e238fe5 req-218ac49d-3e94-4ae7-8c29-56013e238fe5 ] Request (ImagesTestJSON:test_create_server_from_snapshot): 200 GET http://10.180.1.21/compute/v2.1/servers/b379f9cf-0cfb-4736-900e-9edfcba21a01 0.997s
2025-12-09 02:48:00.695 66362 INFO tempest.lib.common.rest_client [req-2f593fa0-b0eb-4859-8bdc-d62e6e685a3d req-2f593fa0-b0eb-4859-8bdc-d62e6e685a3d ] Request (ServersListShow298Test:test_list_show_update_rebuild_server_298): 200 GET http://10.180.1.21/compute/v2.1/servers/68aaa41b-805a-43b6-829e-5ac28ec3fb29 0.847s
2025-12-09 02:48:00.880 66375 INFO tempest.lib.common.rest_client [req-47a62eb2-ba97-47aa-b274-afd8551fe36f req-47a62eb2-ba97-47aa-b274-afd8551fe36f ] Request (AttachVolumeShelveTestJSON:test_attach_volume_shelved_or_offload_server): 200 GET http://10.180.1.21/compute/v2.1/servers/7912c30b-6f47-4887-bf1f-99c5dc05daea 1.002s
2025-12-09 02:48:00.986 66342 INFO tempest.lib.common.rest_client [req-4e9b6531-0adf-4f5c-8451-3dbea2d01461 req-4e9b6531-0adf-4f5c-8451-3dbea2d01461 ] Request (ServersAdminTestJSON:test_create_server_with_scheduling_hint): 200 GET http://10.180.1.21/compute/v2.1/servers/b579e354-a1fa-45ed-b5dd-371508e01341 1.076s
2025-12-09 02:48:01.105 66358 INFO tempest.lib.common.rest_client [req-31aea034-d079-453c-a088-277bac57363e req-31aea034-d079-453c-a088-277bac57363e ] Request (SecurityGroupsTestJSON:tearDownClass): 200 GET http://10.180.1.21/compute/v2.1/servers/e5ea9b7b-14ba-4ca6-84cd-86cdcd7df6d2 1.162s
2025-12-09 02:48:01.190 66322 INFO tempest.lib.common.rest_client [req-0e6c06a9-cbad-4397-bfb9-1d35331fab5d req-0e6c06a9-cbad-4397-bfb9-1d35331fab5d ] Request (ServersNegativeTestMultiTenantJSON:setUpClass): 200 GET http://10.180.1.21/compute/v2.1/servers/c67295c9-3117-49fc-b322-ea104ef9f85f 1.231s
2025-12-09 02:48:01.201 66326 INFO tempest.lib.common.rest_client [req-7ea7a479-3ac8-4ab6-b59c-39e368079768 req-7ea7a479-3ac8-4ab6-b59c-39e368079768 ] Request (FloatingIPsAssociationNegativeTestJSON:setUpClass): 202 POST http://10.180.1.21/compute/v2.1/servers 1.401s
2025-12-09 02:48:01.263 66346 INFO tempest.lib.common.rest_client [req-1d28a142-a17a-4bc1-9fb5-429f2d5d3938 req-1d28a142-a17a-4bc1-9fb5-429f2d5d3938 ] Request (ListServerFiltersTestJSON:tearDownClass): 200 GET http://10.180.1.21/compute/v2.1/servers/a7885117-efd7-497e-b87d-e47e76210937 1.249s
2025-12-09 02:48:01.274 66344 INFO tempest.lib.common.rest_client [req-4ec1793b-6554-4555-98cd-de28a921c125 req-4ec1793b-6554-4555-98cd-de28a921c125 ] Request (ServersAdminNegativeTestJSON:test_migrate_server_invalid_state): 200 GET http://10.180.1.21/compute/v2.1/servers/76d084a5-5a06-49ea-a42e-702ffbc485f6 1.243s
2025-12-09 02:48:01.329 66383 INFO tempest.lib.common.rest_client [req-8ca956f5-d83d-43e9-807a-fbb2977f64c2 req-8ca956f5-d83d-43e9-807a-fbb2977f64c2 ] Request (DeleteServersTestJSON:test_delete_active_server): 200 GET http://10.180.1.21/compute/v2.1/servers/39f31468-e250-45cf-bf04-df3aa1ca73bf 1.232s
2025-12-09 02:48:01.419 66376 INFO tempest.lib.common.rest_client [req-3070cf10-39b9-42d7-8706-1f69f5ad419f req-3070cf10-39b9-42d7-8706-1f69f5ad419f ] Request (ServersTestMultiNic:_run_cleanups): 200 GET http://10.180.1.21/compute/v2.1/servers/d425bd73-3051-4ed8-b1fa-a9e5f9599f7e 1.016s
2025-12-09 02:48:01.459 66367 INFO tempest.lib.common.rest_client [req-bf0e1931-b6c2-42d8-9c28-1cb5c6030059 req-bf0e1931-b6c2-42d8-9c28-1cb5c6030059 ] Request (ImagesOneServerNegativeTestJSON:_run_cleanups): 200 GET http://10.180.1.21/compute/v2.1/servers/1af29f9a-537c-4e30-b79a-4f392ca7a6d4 1.066s
2025-12-09 02:48:01.479 66340 INFO tempest.lib.common.rest_client [req-e3ffbf95-01e3-40c2-ac0e-8420f60c4692 req-e3ffbf95-01e3-40c2-ac0e-8420f60c4692 ] Request (ServersAaction247Test:test_create_backup): 200 GET http://10.180.1.21/compute/v2.1/servers/d1f79360-768c-4841-b3dd-4dd4d1811383 1.055s
2025-12-09 02:48:01.526 66372 INFO tempest.lib.common.rest_client [req-4e10a075-1415-465d-8a2d-e37aa4ec4e69 req-4e10a075-1415-465d-8a2d-e37aa4ec4e69 ] Request (ServerShowV247Test:test_update_rebuild_list_server): 200 GET http://10.180.1.21/compute/v2.1/servers/2bcf6c15-b2e4-4f24-9941-00c11776bf91 1.061s
2025-12-09 02:48:01.541 66360 INFO tempest.lib.common.rest_client [req-4dd28dce-eab2-4d36-b1c2-70122ff080a6 req-4dd28dce-eab2-4d36-b1c2-70122ff080a6 ] Request (ServerShowV257Test:test_rebuild_server): 200 GET http://10.180.1.21/compute/v2.1/servers/4949a9bb-7549-438b-8785-23463fce433b 0.845s
2025-12-09 02:48:01.553 66360 INFO tempest.common.waiters [-] State transition "BUILD/spawning" ==> "ACTIVE/None" after 36 second wait
2025-12-09 02:48:01.601 66353 INFO tempest.lib.common.rest_client [req-a338925b-3b67-43d3-8b1b-cf3ac8e6a269 req-a338925b-3b67-43d3-8b1b-cf3ac8e6a269 ] Request (AttachInterfacesUnderV243Test:test_add_remove_fixed_ip): 200 GET http://10.180.1.21/compute/v2.1/servers/4b5cfb47-d1c3-4541-87ef-2c751de380df 0.797s
2025-12-09 02:48:01.643 66328 INFO tempest.lib.common.rest_client [req-ca6fe637-f578-4127-80f3-616c3cbee63e req-ca6fe637-f578-4127-80f3-616c3cbee63e ] Request (InstanceActionsV221TestJSON:test_get_list_deleted_instance_actions): 200 GET http://10.180.1.21/compute/v2.1/servers/7640fb85-6282-4a98-8961-fa8b0c41cbc7 0.849s
2025-12-09 02:48:01.672 66336 INFO tempest.lib.common.rest_client [req-b15d63b4-b547-4e41-a1d8-86b9dc7b5908 req-b15d63b4-b547-4e41-a1d8-86b9dc7b5908 ] Request (ServerRescueNegativeTestJSON:setUpClass): 200 GET http://10.180.1.21/compute/v2.1/servers/420cfa14-9b63-4409-8b19-f76b439e278a 0.743s
2025-12-09 02:48:01.731 66384 INFO tempest.lib.common.rest_client [req-e4925905-faf7-44f7-99f7-898abac78871 req-e4925905-faf7-44f7-99f7-898abac78871 ] Request (AttachInterfacesTestJSON:_run_cleanups): 200 GET http://10.180.1.21/compute/v2.1/servers/292b7a4c-c054-4fd3-a994-3fc432658a95 0.650s
2025-12-09 02:48:01.781 66338 INFO tempest.lib.common.rest_client [req-57c6bc9b-d68f-4ad7-8eba-226861a1d5d7 req-57c6bc9b-d68f-4ad7-8eba-226861a1d5d7 ] Request (ServerRescueTestJSON:test_rescue_unrescue_instance): 200 GET http://10.180.1.21/compute/v2.1/servers/f01c364e-0270-4a0a-bbaf-42ec992c5052 0.658s
2025-12-09 02:48:01.781 66326 INFO tempest.lib.common.rest_client [req-aaf1d484-9a57-4288-9428-df3b0be52efd req-aaf1d484-9a57-4288-9428-df3b0be52efd ] Request (FloatingIPsAssociationNegativeTestJSON:setUpClass): 200 GET http://10.180.1.21/compute/v2.1/servers/3011b8bf-7145-4b8a-af55-aae78d983872 0.578s
2025-12-09 02:48:01.873 66380 INFO tempest.lib.common.rest_client [req-e5f99f30-ab5b-472e-89a2-cd096dff1cd9 req-e5f99f30-ab5b-472e-89a2-cd096dff1cd9 ] Request (ListImageFiltersTestJSON:tearDownClass): 200 GET http://10.180.1.21/compute/v2.1/servers/03d67859-8f08-443a-8d15-4b25982537ff 0.635s
2025-12-09 02:48:01.938 66330 INFO tempest.lib.common.rest_client [req-52b1a049-1a03-46e3-b2a7-9ebcff4ea4b0 req-52b1a049-1a03-46e3-b2a7-9ebcff4ea4b0 ] Request (ServersNegativeTestJSON:setUpClass): 200 GET http://10.180.1.21/compute/v2.1/servers/4bd1ae78-6a6f-42a9-bf6a-9c0f1624e09d 0.655s
2025-12-09 02:48:02.141 66360 INFO tempest.lib.common.rest_client [req-a6d4041c-954a-47c7-91e9-29f52b1555c3 req-a6d4041c-954a-47c7-91e9-29f52b1555c3 ] Request (ServerShowV257Test:test_rebuild_server): 202 POST http://10.180.1.21/compute/v2.1/servers/4949a9bb-7549-438b-8785-23463fce433b/action 0.587s
2025-12-09 02:48:02.169 66364 INFO tempest.lib.common.rest_client [req-d0209bf3-9915-4cb9-b692-2521ad68d1d7 req-d0209bf3-9915-4cb9-b692-2521ad68d1d7 ] Request (ServerActionsTestOtherB:test_resize_server_confirm_from_stopped): 200 GET http://10.180.1.21/compute/v2.1/servers/0759b710-7c02-4edf-9287-1ea0033a51ef 0.591s
2025-12-09 02:48:02.312 66348 INFO tempest.lib.common.rest_client [req-00d99658-025e-4784-a94a-7e0e25881f13 req-00d99658-025e-4784-a94a-7e0e25881f13 ] Request (ImagesTestJSON:test_create_server_from_snapshot): 200 GET http://10.180.1.21/compute/v2.1/servers/b379f9cf-0cfb-4736-900e-9edfcba21a01 0.676s
2025-12-09 02:48:02.357 66370 INFO tempest.lib.common.rest_client [req-e4048ee8-5678-452c-ab40-e0340e54a97d req-e4048ee8-5678-452c-ab40-e0340e54a97d ] Request (MigrationsAdminTest:test_resize_server_revert_deleted_flavor): 200 GET http://10.180.1.21/compute/v2.1/servers/f52b0d34-f004-460f-bf32-68a1fb74ff20 0.754s
2025-12-09 02:48:02.400 66362 INFO tempest.lib.common.rest_client [req-a44a0970-b193-4106-9a8f-bef784cc6968 req-a44a0970-b193-4106-9a8f-bef784cc6968 ] Request (ServersListShow298Test:test_list_show_update_rebuild_server_298): 200 GET http://10.180.1.21/compute/v2.1/servers/68aaa41b-805a-43b6-829e-5ac28ec3fb29 0.689s
2025-12-09 02:48:02.412 66362 INFO tempest.common.waiters [-] State transition "BUILD/scheduling" ==> "BUILD/None" after 17 second wait
2025-12-09 02:48:02.559 66375 INFO tempest.lib.common.rest_client [req-5880431a-7ff7-4fbc-9557-5b16141cc55c req-5880431a-7ff7-4fbc-9557-5b16141cc55c ] Request (AttachVolumeShelveTestJSON:test_attach_volume_shelved_or_offload_server): 200 GET http://10.180.1.21/compute/v2.1/servers/7912c30b-6f47-4887-bf1f-99c5dc05daea 0.668s
2025-12-09 02:48:02.625 66342 INFO tempest.lib.common.rest_client [req-f0100592-f5d3-45e4-afcf-b2409de66d0d req-f0100592-f5d3-45e4-afcf-b2409de66d0d ] Request (ServersAdminTestJSON:test_create_server_with_scheduling_hint): 200 GET http://10.180.1.21/compute/v2.1/servers/b579e354-a1fa-45ed-b5dd-371508e01341 0.629s
2025-12-09 02:48:02.635 66342 INFO tempest.common.waiters [-] State transition "BUILD/None" ==> "BUILD/networking" after 31 second wait
2025-12-09 02:48:02.685 66358 INFO tempest.lib.common.rest_client [req-04480e18-ef21-4269-8adf-e10df03df719 req-04480e18-ef21-4269-8adf-e10df03df719 ] Request (SecurityGroupsTestJSON:tearDownClass): 200 GET http://10.180.1.21/compute/v2.1/servers/e5ea9b7b-14ba-4ca6-84cd-86cdcd7df6d2 0.570s
2025-12-09 02:48:02.954 66360 INFO tempest.lib.common.rest_client [req-727e6b20-16c9-4369-a212-1ca13e77869f req-727e6b20-16c9-4369-a212-1ca13e77869f ] Request (ServerShowV257Test:test_rebuild_server): 200 GET http://10.180.1.21/compute/v2.1/servers/4949a9bb-7549-438b-8785-23463fce433b 0.801s
2025-12-09 02:48:02.965 66322 INFO tempest.lib.common.rest_client [req-02d04441-380b-474f-965d-ad132e27c50b req-02d04441-380b-474f-965d-ad132e27c50b ] Request (ServersNegativeTestMultiTenantJSON:setUpClass): 200 GET http://10.180.1.21/compute/v2.1/servers/c67295c9-3117-49fc-b322-ea104ef9f85f 0.763s
2025-12-09 02:48:03.027 66346 INFO tempest.lib.common.rest_client [req-fb4371ec-ef71-4113-9519-3c2413d13404 req-fb4371ec-ef71-4113-9519-3c2413d13404 ] Request (ListServerFiltersTestJSON:tearDownClass): 200 GET http://10.180.1.21/compute/v2.1/servers/a7885117-efd7-497e-b87d-e47e76210937 0.755s
2025-12-09 02:48:03.043 66344 INFO tempest.lib.common.rest_client [req-2b5dc1f0-fb53-4cbd-af08-b8fd69ea1385 req-2b5dc1f0-fb53-4cbd-af08-b8fd69ea1385 ] Request (ServersAdminNegativeTestJSON:test_migrate_server_invalid_state): 200 GET http://10.180.1.21/compute/v2.1/servers/76d084a5-5a06-49ea-a42e-702ffbc485f6 0.760s
2025-12-09 02:48:03.084 66383 INFO tempest.lib.common.rest_client [req-5c3e5a11-7d3d-4ea3-b2bc-5c10af51bf05 req-5c3e5a11-7d3d-4ea3-b2bc-5c10af51bf05 ] Request (DeleteServersTestJSON:test_delete_active_server): 200 GET http://10.180.1.21/compute/v2.1/servers/39f31468-e250-45cf-bf04-df3aa1ca73bf 0.744s
2025-12-09 02:48:03.112 66376 INFO tempest.lib.common.rest_client [req-b909950c-03f0-4b81-9d2f-1e32aa6c99e7 req-b909950c-03f0-4b81-9d2f-1e32aa6c99e7 ] Request (ServersTestMultiNic:_run_cleanups): 200 GET http://10.180.1.21/compute/v2.1/servers/d425bd73-3051-4ed8-b1fa-a9e5f9599f7e 0.684s
2025-12-09 02:48:03.151 66367 INFO tempest.lib.common.rest_client [req-1f6383ce-f1da-4fbc-8fe5-ee1614c3288f req-1f6383ce-f1da-4fbc-8fe5-ee1614c3288f ] Request (ImagesOneServerNegativeTestJSON:_run_cleanups): 200 GET http://10.180.1.21/compute/v2.1/servers/1af29f9a-537c-4e30-b79a-4f392ca7a6d4 0.684s
2025-12-09 02:48:03.186 66340 INFO tempest.lib.common.rest_client [req-8c0f3c47-2cc0-4b64-afe8-1d1b528ff548 req-8c0f3c47-2cc0-4b64-afe8-1d1b528ff548 ] Request (ServersAaction247Test:test_create_backup): 200 GET http://10.180.1.21/compute/v2.1/servers/d1f79360-768c-4841-b3dd-4dd4d1811383 0.696s
2025-12-09 02:48:03.225 66372 INFO tempest.lib.common.rest_client [req-faccc078-1f19-4796-8326-cf84651fff2c req-faccc078-1f19-4796-8326-cf84651fff2c ] Request (ServerShowV247Test:test_update_rebuild_list_server): 200 GET http://10.180.1.21/compute/v2.1/servers/2bcf6c15-b2e4-4f24-9941-00c11776bf91 0.686s
2025-12-09 02:48:03.285 66353 INFO tempest.lib.common.rest_client [req-e976abb0-400f-4ace-8a96-e740ba9153ee req-e976abb0-400f-4ace-8a96-e740ba9153ee ] Request (AttachInterfacesUnderV243Test:test_add_remove_fixed_ip): 200 GET http://10.180.1.21/compute/v2.1/servers/4b5cfb47-d1c3-4541-87ef-2c751de380df 0.671s
2025-12-09 02:48:03.392 66336 INFO tempest.lib.common.rest_client [req-65d77d74-f98e-402a-874c-0289e667c66c req-65d77d74-f98e-402a-874c-0289e667c66c ] Request (ServerRescueNegativeTestJSON:setUpClass): 200 GET http://10.180.1.21/compute/v2.1/servers/420cfa14-9b63-4409-8b19-f76b439e278a 0.709s
2025-12-09 02:48:03.430 66328 INFO tempest.lib.common.rest_client [req-de876251-b0af-4c84-aeba-ec83b95c32f5 req-de876251-b0af-4c84-aeba-ec83b95c32f5 ] Request (InstanceActionsV221TestJSON:test_get_list_deleted_instance_actions): 200 GET http://10.180.1.21/compute/v2.1/servers/7640fb85-6282-4a98-8961-fa8b0c41cbc7 0.776s
2025-12-09 02:48:03.500 66384 INFO tempest.lib.common.rest_client [req-67b38e8a-8daa-4edf-a1fd-6cc06229a9bb req-67b38e8a-8daa-4edf-a1fd-6cc06229a9bb ] Request (AttachInterfacesTestJSON:_run_cleanups): 200 GET http://10.180.1.21/compute/v2.1/servers/292b7a4c-c054-4fd3-a994-3fc432658a95 0.761s
2025-12-09 02:48:03.517 66326 INFO tempest.lib.common.rest_client [req-4da1fd10-a02b-4859-9d40-6cbd62315e74 req-4da1fd10-a02b-4859-9d40-6cbd62315e74 ] Request (FloatingIPsAssociationNegativeTestJSON:setUpClass): 200 GET http://10.180.1.21/compute/v2.1/servers/3011b8bf-7145-4b8a-af55-aae78d983872 0.722s
2025-12-09 02:48:03.674 66380 INFO tempest.lib.common.rest_client [req-0921ef77-9e8e-4375-955c-69ef51cac75d req-0921ef77-9e8e-4375-955c-69ef51cac75d ] Request (ListImageFiltersTestJSON:tearDownClass): 200 GET http://10.180.1.21/compute/v2.1/servers/03d67859-8f08-443a-8d15-4b25982537ff 0.794s
2025-12-09 02:48:03.707 66338 INFO tempest.lib.common.rest_client [req-cafd7164-4183-4cf7-abaa-f4738f31da2c req-cafd7164-4183-4cf7-abaa-f4738f31da2c ] Request (ServerRescueTestJSON:test_rescue_unrescue_instance): 200 GET http://10.180.1.21/compute/v2.1/servers/f01c364e-0270-4a0a-bbaf-42ec992c5052 0.913s
2025-12-09 02:48:03.885 66330 INFO tempest.lib.common.rest_client [req-95b4a813-00c2-4fc6-a7ea-7a944a943a8c req-95b4a813-00c2-4fc6-a7ea-7a944a943a8c ] Request (ServersNegativeTestJSON:setUpClass): 200 GET http://10.180.1.21/compute/v2.1/servers/4bd1ae78-6a6f-42a9-bf6a-9c0f1624e09d 0.934s
2025-12-09 02:48:03.886 66350 WARNING tempest.lib.common.ssh [-] Failed to establish authenticated ssh connection to cirros@10.180.180.154 ([Errno None] Unable to connect to port 22 on 10.180.180.154). Number attempts: 5. Retry after 6 seconds.: paramiko.ssh_exception.NoValidConnectionsError: [Errno None] Unable to connect to port 22 on 10.180.180.154
2025-12-09 02:48:03.920 66364 INFO tempest.lib.common.rest_client [req-2730cecb-c8b4-433f-b81d-6e51e1bf743c req-2730cecb-c8b4-433f-b81d-6e51e1bf743c ] Request (ServerActionsTestOtherB:test_resize_server_confirm_from_stopped): 200 GET http://10.180.1.21/compute/v2.1/servers/0759b710-7c02-4edf-9287-1ea0033a51ef 0.738s
2025-12-09 02:48:03.994 66348 INFO tempest.lib.common.rest_client [req-15145cfa-c1fc-4941-bf08-f974beec8c06 req-15145cfa-c1fc-4941-bf08-f974beec8c06 ] Request (ImagesTestJSON:test_create_server_from_snapshot): 200 GET http://10.180.1.21/compute/v2.1/servers/b379f9cf-0cfb-4736-900e-9edfcba21a01 0.673s
2025-12-09 02:48:04.061 66370 INFO tempest.lib.common.rest_client [req-cf41d6b8-e574-4d78-9c7e-575e37672a5e req-cf41d6b8-e574-4d78-9c7e-575e37672a5e ] Request (MigrationsAdminTest:test_resize_server_revert_deleted_flavor): 200 GET http://10.180.1.21/compute/v2.1/servers/f52b0d34-f004-460f-bf32-68a1fb74ff20 0.695s
2025-12-09 02:48:04.086 66362 INFO tempest.lib.common.rest_client [req-c2151251-efb7-401a-ae33-a3cdf60d39b9 req-c2151251-efb7-401a-ae33-a3cdf60d39b9 ] Request (ServersListShow298Test:test_list_show_update_rebuild_server_298): 200 GET http://10.180.1.21/compute/v2.1/servers/68aaa41b-805a-43b6-829e-5ac28ec3fb29 0.673s
2025-12-09 02:48:04.228 66375 INFO tempest.lib.common.rest_client [req-c4b888f4-f55b-4d73-85a7-f2f48e245c4a req-c4b888f4-f55b-4d73-85a7-f2f48e245c4a ] Request (AttachVolumeShelveTestJSON:test_attach_volume_shelved_or_offload_server): 200 GET http://10.180.1.21/compute/v2.1/servers/7912c30b-6f47-4887-bf1f-99c5dc05daea 0.656s
2025-12-09 02:48:04.237 66342 INFO tempest.lib.common.rest_client [req-e28144e4-0108-4236-9622-35c9798fa80e req-e28144e4-0108-4236-9622-35c9798fa80e ] Request (ServersAdminTestJSON:test_create_server_with_scheduling_hint): 200 GET http://10.180.1.21/compute/v2.1/servers/b579e354-a1fa-45ed-b5dd-371508e01341 0.601s
2025-12-09 02:48:04.247 66342 INFO tempest.common.waiters [-] State transition "BUILD/networking" ==> "BUILD/spawning" after 33 second wait
2025-12-09 02:48:04.287 66358 INFO tempest.lib.common.rest_client [req-5ea63914-f550-463f-ada2-7db023d5c646 req-5ea63914-f550-463f-ada2-7db023d5c646 ] Request (SecurityGroupsTestJSON:tearDownClass): 200 GET http://10.180.1.21/compute/v2.1/servers/e5ea9b7b-14ba-4ca6-84cd-86cdcd7df6d2 0.592s
2025-12-09 02:48:04.292 66360 INFO tempest.lib.common.rest_client [req-e10c7786-72f3-4255-b429-b580c0467db5 req-e10c7786-72f3-4255-b429-b580c0467db5 ] Request (ServerShowV257Test:test_rebuild_server): 200 GET http://10.180.1.21/compute/v2.1/servers/4949a9bb-7549-438b-8785-23463fce433b 0.327s
2025-12-09 02:48:04.318 66346 INFO tempest.lib.common.rest_client [req-722a237f-1176-4504-911c-c1f656fdc22e req-722a237f-1176-4504-911c-c1f656fdc22e ] Request (ListServerFiltersTestJSON:tearDownClass): 404 GET http://10.180.1.21/compute/v2.1/servers/a7885117-efd7-497e-b87d-e47e76210937 0.284s
2025-12-09 02:48:04.352 66322 INFO tempest.lib.common.rest_client [req-c8684aa9-003f-449c-827e-f81e3b666cbd req-c8684aa9-003f-449c-827e-f81e3b666cbd ] Request (ServersNegativeTestMultiTenantJSON:setUpClass): 200 GET http://10.180.1.21/compute/v2.1/servers/c67295c9-3117-49fc-b322-ea104ef9f85f 0.378s
2025-12-09 02:48:04.416 66344 INFO tempest.lib.common.rest_client [req-5da39833-8e03-4b63-bd99-a8c49b7462ba req-5da39833-8e03-4b63-bd99-a8c49b7462ba ] Request (ServersAdminNegativeTestJSON:test_migrate_server_invalid_state): 200 GET http://10.180.1.21/compute/v2.1/servers/76d084a5-5a06-49ea-a42e-702ffbc485f6 0.361s
2025-12-09 02:48:04.421 66383 INFO tempest.lib.common.rest_client [req-bdc5424d-1744-4981-9d1b-7d2cac24ca23 req-bdc5424d-1744-4981-9d1b-7d2cac24ca23 ] Request (DeleteServersTestJSON:test_delete_active_server): 200 GET http://10.180.1.21/compute/v2.1/servers/39f31468-e250-45cf-bf04-df3aa1ca73bf 0.325s
2025-12-09 02:48:04.491 66367 INFO tempest.lib.common.rest_client [req-b7395645-a7aa-46ba-96ab-4f64fc693562 req-b7395645-a7aa-46ba-96ab-4f64fc693562 ] Request (ImagesOneServerNegativeTestJSON:_run_cleanups): 200 GET http://10.180.1.21/compute/v2.1/servers/1af29f9a-537c-4e30-b79a-4f392ca7a6d4 0.331s
2025-12-09 02:48:04.497 66376 INFO tempest.lib.common.rest_client [req-57aaa611-6bfd-4396-bd0a-b48c3cbca56e req-57aaa611-6bfd-4396-bd0a-b48c3cbca56e ] Request (ServersTestMultiNic:_run_cleanups): 200 GET http://10.180.1.21/compute/v2.1/servers/d425bd73-3051-4ed8-b1fa-a9e5f9599f7e 0.374s
2025-12-09 02:48:04.498 66367 INFO tempest.common.waiters [-] State transition "ACTIVE/deleting" ==> "DELETED/None" after 3 second wait
2025-12-09 02:48:04.558 66340 INFO tempest.lib.common.rest_client [req-d8e26424-f304-4a2a-bf5b-636778544ec7 req-d8e26424-f304-4a2a-bf5b-636778544ec7 ] Request (ServersAaction247Test:test_create_backup): 200 GET http://10.180.1.21/compute/v2.1/servers/d1f79360-768c-4841-b3dd-4dd4d1811383 0.362s
2025-12-09 02:48:04.561 66372 INFO tempest.lib.common.rest_client [req-1e2735b5-a6e8-4117-b28d-78b6a8639118 req-1e2735b5-a6e8-4117-b28d-78b6a8639118 ] Request (ServerShowV247Test:test_update_rebuild_list_server): 200 GET http://10.180.1.21/compute/v2.1/servers/2bcf6c15-b2e4-4f24-9941-00c11776bf91 0.322s
2025-12-09 02:48:04.571 66372 INFO tempest.common.waiters [-] State transition "REBUILD/rebuilding" ==> "REBUILD/rebuild_spawning" after 3 second wait
2025-12-09 02:48:04.617 66353 INFO tempest.lib.common.rest_client [req-68b7668d-0ffe-47f0-ac02-6cc623e91ba9 req-68b7668d-0ffe-47f0-ac02-6cc623e91ba9 ] Request (AttachInterfacesUnderV243Test:test_add_remove_fixed_ip): 200 GET http://10.180.1.21/compute/v2.1/servers/4b5cfb47-d1c3-4541-87ef-2c751de380df 0.322s
2025-12-09 02:48:04.666 66346 INFO tempest.lib.common.rest_client [req-fec6db09-ec41-43a9-91ad-34336f79ceff req-fec6db09-ec41-43a9-91ad-34336f79ceff ] Request (ListServerFiltersTestJSON:tearDownClass): 204 DELETE http://10.180.1.21/compute/v2.1/servers/61ebc543-d072-4488-a3fa-a54ec72a428a 0.347s
2025-12-09 02:48:04.684 66336 INFO tempest.lib.common.rest_client [req-a83cf6be-3a53-4740-8c23-7bbfbc4d096f req-a83cf6be-3a53-4740-8c23-7bbfbc4d096f ] Request (ServerRescueNegativeTestJSON:setUpClass): 200 GET http://10.180.1.21/compute/v2.1/servers/420cfa14-9b63-4409-8b19-f76b439e278a 0.280s
2025-12-09 02:48:04.751 66384 INFO tempest.lib.common.rest_client [req-6ea83731-3eb6-4c8f-8d7d-07470ec7ac4a req-6ea83731-3eb6-4c8f-8d7d-07470ec7ac4a ] Request (AttachInterfacesTestJSON:_run_cleanups): 200 GET http://10.180.1.21/compute/v2.1/servers/292b7a4c-c054-4fd3-a994-3fc432658a95 0.242s
2025-12-09 02:48:04.820 66326 INFO tempest.lib.common.rest_client [req-95b70078-f89c-42f9-a77c-4d70a85578af req-95b70078-f89c-42f9-a77c-4d70a85578af ] Request (FloatingIPsAssociationNegativeTestJSON:setUpClass): 200 GET http://10.180.1.21/compute/v2.1/servers/3011b8bf-7145-4b8a-af55-aae78d983872 0.292s
2025-12-09 02:48:04.851 66328 INFO tempest.lib.common.rest_client [req-04a3634a-7642-4aa7-8643-05771f010fb9 req-04a3634a-7642-4aa7-8643-05771f010fb9 ] Request (InstanceActionsV221TestJSON:test_get_list_deleted_instance_actions): 200 GET http://10.180.1.21/compute/v2.1/servers/7640fb85-6282-4a98-8961-fa8b0c41cbc7 0.407s
2025-12-09 02:48:04.953 66380 INFO tempest.lib.common.rest_client [req-155e4ec3-bbf6-4826-81d5-8e64c58f2087 req-155e4ec3-bbf6-4826-81d5-8e64c58f2087 ] Request (ListImageFiltersTestJSON:tearDownClass): 200 GET http://10.180.1.21/compute/v2.1/servers/03d67859-8f08-443a-8d15-4b25982537ff 0.263s
2025-12-09 02:48:04.987 66346 INFO tempest.lib.common.rest_client [req-b3062253-0a13-43c2-8800-3753307efa4f req-b3062253-0a13-43c2-8800-3753307efa4f ] Request (ListServerFiltersTestJSON:tearDownClass): 200 GET http://10.180.1.21/compute/v2.1/servers/61ebc543-d072-4488-a3fa-a54ec72a428a 0.320s
2025-12-09 02:48:05.097 66338 INFO tempest.lib.common.rest_client [req-fc9df16e-736d-4fee-bb20-f719f2f0e0cd req-fc9df16e-736d-4fee-bb20-f719f2f0e0cd ] Request (ServerRescueTestJSON:test_rescue_unrescue_instance): 200 GET http://10.180.1.21/compute/v2.1/servers/f01c364e-0270-4a0a-bbaf-42ec992c5052 0.380s
2025-12-09 02:48:05.112 66330 INFO tempest.lib.common.rest_client [req-7ac453be-b62f-4ee9-8af5-39788d830532 req-7ac453be-b62f-4ee9-8af5-39788d830532 ] Request (ServersNegativeTestJSON:setUpClass): 200 GET http://10.180.1.21/compute/v2.1/servers/4bd1ae78-6a6f-42a9-bf6a-9c0f1624e09d 0.218s
2025-12-09 02:48:05.176 66348 INFO tempest.lib.common.rest_client [req-89415179-74bf-49f0-82fd-2fca01988b75 req-89415179-74bf-49f0-82fd-2fca01988b75 ] Request (ImagesTestJSON:test_create_server_from_snapshot): 200 GET http://10.180.1.21/compute/v2.1/servers/b379f9cf-0cfb-4736-900e-9edfcba21a01 0.169s
2025-12-09 02:48:05.204 66364 INFO tempest.lib.common.rest_client [req-dba12790-712a-4e6e-b162-00de318a1924 req-dba12790-712a-4e6e-b162-00de318a1924 ] Request (ServerActionsTestOtherB:test_resize_server_confirm_from_stopped): 200 GET http://10.180.1.21/compute/v2.1/servers/0759b710-7c02-4edf-9287-1ea0033a51ef 0.270s
