2025-12-09 02:48:05.262 66362 INFO tempest.lib.common.rest_client [req-39ffc9f8-4e0f-4747-a780-66233ef0c0fc req-39ffc9f8-4e0f-4747-a780-66233ef0c0fc ] Request (ServersListShow298Test:test_list_show_update_rebuild_server_298): 200 GET http://10.180.1.21/compute/v2.1/servers/68aaa41b-805a-43b6-829e-5ac28ec3fb29 0.158s
2025-12-09 02:48:05.295 66370 INFO tempest.lib.common.rest_client [req-245c1ff9-4a5b-4976-8d91-a3a46eabc8c1 req-245c1ff9-4a5b-4976-8d91-a3a46eabc8c1 ] Request (MigrationsAdminTest:test_resize_server_revert_deleted_flavor): 200 GET http://10.180.1.21/compute/v2.1/servers/f52b0d34-f004-460f-bf32-68a1fb74ff20 0.222s
2025-12-09 02:48:05.358 66375 INFO tempest.lib.common.rest_client [req-1aa1ceca-b278-4cd5-923c-f99c7cb4c01a req-1aa1ceca-b278-4cd5-923c-f99c7cb4c01a ] Request (AttachVolumeShelveTestJSON:test_attach_volume_shelved_or_offload_server): 200 GET http://10.180.1.21/compute/v2.1/servers/7912c30b-6f47-4887-bf1f-99c5dc05daea 0.118s
2025-12-09 02:48:05.412 66342 INFO tempest.lib.common.rest_client [req-c96ff9fb-4695-490e-a135-775a03955743 req-c96ff9fb-4695-490e-a135-775a03955743 ] Request (ServersAdminTestJSON:test_create_server_with_scheduling_hint): 200 GET http://10.180.1.21/compute/v2.1/servers/b579e354-a1fa-45ed-b5dd-371508e01341 0.164s
2025-12-09 02:48:05.424 66358 INFO tempest.lib.common.rest_client [req-8baa2c31-d3de-44c1-b38d-dc3fd35d85c6 req-8baa2c31-d3de-44c1-b38d-dc3fd35d85c6 ] Request (SecurityGroupsTestJSON:tearDownClass): 200 GET http://10.180.1.21/compute/v2.1/servers/e5ea9b7b-14ba-4ca6-84cd-86cdcd7df6d2 0.127s
2025-12-09 02:48:05.471 66322 INFO tempest.lib.common.rest_client [req-6ee0b806-c6d3-4ae1-acce-e059f6e526e9 req-6ee0b806-c6d3-4ae1-acce-e059f6e526e9 ] Request (ServersNegativeTestMultiTenantJSON:setUpClass): 200 GET http://10.180.1.21/compute/v2.1/servers/c67295c9-3117-49fc-b322-ea104ef9f85f 0.111s
2025-12-09 02:48:05.507 66360 INFO tempest.lib.common.rest_client [req-174088f9-747c-46ad-b84c-4d559419fc4c req-174088f9-747c-46ad-b84c-4d559419fc4c ] Request (ServerShowV257Test:test_rebuild_server): 200 GET http://10.180.1.21/compute/v2.1/servers/4949a9bb-7549-438b-8785-23463fce433b 0.204s
2025-12-09 02:48:05.523 66360 INFO tempest.common.waiters [-] State transition "REBUILD/rebuilding" ==> "REBUILD/rebuild_block_device_mapping" after 3 second wait
2025-12-09 02:48:05.546 66344 INFO tempest.lib.common.rest_client [req-367634a9-8c0f-4400-a02a-f3179d58d06d req-367634a9-8c0f-4400-a02a-f3179d58d06d ] Request (ServersAdminNegativeTestJSON:test_migrate_server_invalid_state): 200 GET http://10.180.1.21/compute/v2.1/servers/76d084a5-5a06-49ea-a42e-702ffbc485f6 0.118s
2025-12-09 02:48:05.578 66383 INFO tempest.lib.common.rest_client [req-af70bc83-6afe-48fc-86ed-cd618bf7459e req-af70bc83-6afe-48fc-86ed-cd618bf7459e ] Request (DeleteServersTestJSON:test_delete_active_server): 200 GET http://10.180.1.21/compute/v2.1/servers/39f31468-e250-45cf-bf04-df3aa1ca73bf 0.141s
2025-12-09 02:48:05.622 66367 INFO tempest.lib.common.rest_client [req-c7e4a641-2929-4660-91a6-6f3202c384e2 req-c7e4a641-2929-4660-91a6-6f3202c384e2 ] Request (ImagesOneServerNegativeTestJSON:_run_cleanups): 200 GET http://10.180.1.21/compute/v2.1/servers/1af29f9a-537c-4e30-b79a-4f392ca7a6d4 0.122s
2025-12-09 02:48:05.647 66376 INFO tempest.lib.common.rest_client [req-74bde22f-6ec9-4e8b-b761-95af21904c81 req-74bde22f-6ec9-4e8b-b761-95af21904c81 ] Request (ServersTestMultiNic:_run_cleanups): 200 GET http://10.180.1.21/compute/v2.1/servers/d425bd73-3051-4ed8-b1fa-a9e5f9599f7e 0.140s
2025-12-09 02:48:05.694 66340 INFO tempest.lib.common.rest_client [req-bb1b11b2-9691-4fd0-8158-919e5a648e19 req-bb1b11b2-9691-4fd0-8158-919e5a648e19 ] Request (ServersAaction247Test:test_create_backup): 200 GET http://10.180.1.21/compute/v2.1/servers/d1f79360-768c-4841-b3dd-4dd4d1811383 0.124s
2025-12-09 02:48:05.732 66372 INFO tempest.lib.common.rest_client [req-f010357c-86a8-4878-a3f4-cb595f961a8b req-f010357c-86a8-4878-a3f4-cb595f961a8b ] Request (ServerShowV247Test:test_update_rebuild_list_server): 200 GET http://10.180.1.21/compute/v2.1/servers/2bcf6c15-b2e4-4f24-9941-00c11776bf91 0.160s
2025-12-09 02:48:05.760 66353 INFO tempest.lib.common.rest_client [req-febce301-6e69-4add-a4be-72d2cb85b098 req-febce301-6e69-4add-a4be-72d2cb85b098 ] Request (AttachInterfacesUnderV243Test:test_add_remove_fixed_ip): 200 GET http://10.180.1.21/compute/v2.1/servers/4b5cfb47-d1c3-4541-87ef-2c751de380df 0.134s
2025-12-09 02:48:05.802 66336 INFO tempest.lib.common.rest_client [req-d460a7af-6d68-45f4-8623-52d7660025f2 req-d460a7af-6d68-45f4-8623-52d7660025f2 ] Request (ServerRescueNegativeTestJSON:setUpClass): 200 GET http://10.180.1.21/compute/v2.1/servers/420cfa14-9b63-4409-8b19-f76b439e278a 0.110s
2025-12-09 02:48:05.844 66384 INFO tempest.lib.common.rest_client [req-2cd5a3a8-6826-4f4f-b256-cb8038511adf req-2cd5a3a8-6826-4f4f-b256-cb8038511adf ] Request (AttachInterfacesTestJSON:_run_cleanups): 200 GET http://10.180.1.21/compute/v2.1/servers/292b7a4c-c054-4fd3-a994-3fc432658a95 0.082s
2025-12-09 02:48:05.915 66326 INFO tempest.lib.common.rest_client [req-21a5eaf0-316a-47e0-8027-9bc0c8055dbf req-21a5eaf0-316a-47e0-8027-9bc0c8055dbf ] Request (FloatingIPsAssociationNegativeTestJSON:setUpClass): 200 GET http://10.180.1.21/compute/v2.1/servers/3011b8bf-7145-4b8a-af55-aae78d983872 0.082s
2025-12-09 02:48:06.002 66328 INFO tempest.lib.common.rest_client [req-15fdcf88-7c4d-4bd3-956f-4ab3b4e9c93c req-15fdcf88-7c4d-4bd3-956f-4ab3b4e9c93c ] Request (InstanceActionsV221TestJSON:test_get_list_deleted_instance_actions): 200 GET http://10.180.1.21/compute/v2.1/servers/7640fb85-6282-4a98-8961-fa8b0c41cbc7 0.135s
2025-12-09 02:48:06.039 66380 INFO tempest.lib.common.rest_client [req-284d171a-143b-4165-9cf7-2adb355ee0c0 req-284d171a-143b-4165-9cf7-2adb355ee0c0 ] Request (ListImageFiltersTestJSON:tearDownClass): 200 GET http://10.180.1.21/compute/v2.1/servers/03d67859-8f08-443a-8d15-4b25982537ff 0.077s
2025-12-09 02:48:06.117 66346 INFO tempest.lib.common.rest_client [req-3f5f2bd8-7d22-4b31-acb4-29c9074f16d4 req-3f5f2bd8-7d22-4b31-acb4-29c9074f16d4 ] Request (ListServerFiltersTestJSON:tearDownClass): 200 GET http://10.180.1.21/compute/v2.1/servers/61ebc543-d072-4488-a3fa-a54ec72a428a 0.118s
2025-12-09 02:48:06.221 66338 INFO tempest.lib.common.rest_client [req-1b764fae-2169-4451-8761-fceeadc3aa6a req-1b764fae-2169-4451-8761-fceeadc3aa6a ] Request (ServerRescueTestJSON:test_rescue_unrescue_instance): 200 GET http://10.180.1.21/compute/v2.1/servers/f01c364e-0270-4a0a-bbaf-42ec992c5052 0.115s
2025-12-09 02:48:06.279 66348 INFO tempest.lib.common.rest_client [req-a9228819-728e-4e41-9195-87b6a991767c req-a9228819-728e-4e41-9195-87b6a991767c ] Request (ImagesTestJSON:test_create_server_from_snapshot): 200 GET http://10.180.1.21/compute/v2.1/servers/b379f9cf-0cfb-4736-900e-9edfcba21a01 0.096s
2025-12-09 02:48:06.287 66330 INFO tempest.lib.common.rest_client [req-8df81937-81b1-4060-bdc9-28f4eaf0e452 req-8df81937-81b1-4060-bdc9-28f4eaf0e452 ] Request (ServersNegativeTestJSON:setUpClass): 200 GET http://10.180.1.21/compute/v2.1/servers/4bd1ae78-6a6f-42a9-bf6a-9c0f1624e09d 0.162s
2025-12-09 02:48:06.365 66362 INFO tempest.lib.common.rest_client [req-afba126d-12b7-4570-8c00-1bc4ff596fd4 req-afba126d-12b7-4570-8c00-1bc4ff596fd4 ] Request (ServersListShow298Test:test_list_show_update_rebuild_server_298): 200 GET http://10.180.1.21/compute/v2.1/servers/68aaa41b-805a-43b6-829e-5ac28ec3fb29 0.093s
2025-12-09 02:48:06.404 66364 INFO tempest.lib.common.rest_client [req-e1a594da-b295-4dff-ba6a-3678c3a01b61 req-e1a594da-b295-4dff-ba6a-3678c3a01b61 ] Request (ServerActionsTestOtherB:test_resize_server_confirm_from_stopped): 200 GET http://10.180.1.21/compute/v2.1/servers/0759b710-7c02-4edf-9287-1ea0033a51ef 0.192s
2025-12-09 02:48:06.468 66370 INFO tempest.lib.common.rest_client [req-ac0b01c3-8e85-4334-8bf7-1d19bb11a36f req-ac0b01c3-8e85-4334-8bf7-1d19bb11a36f ] Request (MigrationsAdminTest:test_resize_server_revert_deleted_flavor): 200 GET http://10.180.1.21/compute/v2.1/servers/f52b0d34-f004-460f-bf32-68a1fb74ff20 0.164s
2025-12-09 02:48:06.544 66375 INFO tempest.lib.common.rest_client [req-190cf584-9d9b-40e4-851d-33db0cc9bd75 req-190cf584-9d9b-40e4-851d-33db0cc9bd75 ] Request (AttachVolumeShelveTestJSON:test_attach_volume_shelved_or_offload_server): 200 GET http://10.180.1.21/compute/v2.1/servers/7912c30b-6f47-4887-bf1f-99c5dc05daea 0.176s
2025-12-09 02:48:06.580 66342 INFO tempest.lib.common.rest_client [req-d3d9be24-bd41-45e1-95f4-49afbde2ec44 req-d3d9be24-bd41-45e1-95f4-49afbde2ec44 ] Request (ServersAdminTestJSON:test_create_server_with_scheduling_hint): 200 GET http://10.180.1.21/compute/v2.1/servers/b579e354-a1fa-45ed-b5dd-371508e01341 0.154s
2025-12-09 02:48:06.611 66358 INFO tempest.lib.common.rest_client [req-552d3e72-4f3e-4e39-a313-7a89151160a7 req-552d3e72-4f3e-4e39-a313-7a89151160a7 ] Request (SecurityGroupsTestJSON:tearDownClass): 200 GET http://10.180.1.21/compute/v2.1/servers/e5ea9b7b-14ba-4ca6-84cd-86cdcd7df6d2 0.178s
2025-12-09 02:48:06.631 66322 INFO tempest.lib.common.rest_client [req-7d1d921e-bfee-4b2a-9a85-8d91829be7bd req-7d1d921e-bfee-4b2a-9a85-8d91829be7bd ] Request (ServersNegativeTestMultiTenantJSON:setUpClass): 200 GET http://10.180.1.21/compute/v2.1/servers/c67295c9-3117-49fc-b322-ea104ef9f85f 0.147s
2025-12-09 02:48:06.666 66360 INFO tempest.lib.common.rest_client [req-7b3e7007-611a-47f8-a28f-2cab42b8534a req-7b3e7007-611a-47f8-a28f-2cab42b8534a ] Request (ServerShowV257Test:test_rebuild_server): 200 GET http://10.180.1.21/compute/v2.1/servers/4949a9bb-7549-438b-8785-23463fce433b 0.141s
2025-12-09 02:48:06.676 66360 INFO tempest.common.waiters [-] State transition "REBUILD/rebuild_block_device_mapping" ==> "REBUILD/rebuild_spawning" after 4 second wait
2025-12-09 02:48:06.684 66344 INFO tempest.lib.common.rest_client [req-f0754318-c765-4232-b06b-c2177a02873a req-f0754318-c765-4232-b06b-c2177a02873a ] Request (ServersAdminNegativeTestJSON:test_migrate_server_invalid_state): 200 GET http://10.180.1.21/compute/v2.1/servers/76d084a5-5a06-49ea-a42e-702ffbc485f6 0.121s
2025-12-09 02:48:06.718 66383 INFO tempest.lib.common.rest_client [req-673974b0-9deb-416e-a228-7031d902bc1f req-673974b0-9deb-416e-a228-7031d902bc1f ] Request (DeleteServersTestJSON:test_delete_active_server): 200 GET http://10.180.1.21/compute/v2.1/servers/39f31468-e250-45cf-bf04-df3aa1ca73bf 0.129s
2025-12-09 02:48:06.743 66367 INFO tempest.lib.common.rest_client [req-caba9239-2b25-4a3a-9474-4c4f8633e13f req-caba9239-2b25-4a3a-9474-4c4f8633e13f ] Request (ImagesOneServerNegativeTestJSON:_run_cleanups): 200 GET http://10.180.1.21/compute/v2.1/servers/1af29f9a-537c-4e30-b79a-4f392ca7a6d4 0.111s
2025-12-09 02:48:06.776 66376 INFO tempest.lib.common.rest_client [req-c3172ab1-b29f-43df-ae7c-e2e2dad61030 req-c3172ab1-b29f-43df-ae7c-e2e2dad61030 ] Request (ServersTestMultiNic:_run_cleanups): 200 GET http://10.180.1.21/compute/v2.1/servers/d425bd73-3051-4ed8-b1fa-a9e5f9599f7e 0.114s
2025-12-09 02:48:06.801 66340 INFO tempest.lib.common.rest_client [req-76b49814-a61b-4733-a4ca-e938a854ba26 req-76b49814-a61b-4733-a4ca-e938a854ba26 ] Request (ServersAaction247Test:test_create_backup): 200 GET http://10.180.1.21/compute/v2.1/servers/d1f79360-768c-4841-b3dd-4dd4d1811383 0.091s
2025-12-09 02:48:06.849 66372 INFO tempest.lib.common.rest_client [req-08d75f7b-3198-4c9b-85a9-9ec0ab8e5d9a req-08d75f7b-3198-4c9b-85a9-9ec0ab8e5d9a ] Request (ServerShowV247Test:test_update_rebuild_list_server): 200 GET http://10.180.1.21/compute/v2.1/servers/2bcf6c15-b2e4-4f24-9941-00c11776bf91 0.107s
2025-12-09 02:48:06.865 66353 INFO tempest.lib.common.rest_client [req-beb857af-6891-43bf-a497-ff1a0f0b86db req-beb857af-6891-43bf-a497-ff1a0f0b86db ] Request (AttachInterfacesUnderV243Test:test_add_remove_fixed_ip): 200 GET http://10.180.1.21/compute/v2.1/servers/4b5cfb47-d1c3-4541-87ef-2c751de380df 0.096s
2025-12-09 02:48:06.905 66336 INFO tempest.lib.common.rest_client [req-0f839b92-3b44-4c11-b615-569ecabb8a34 req-0f839b92-3b44-4c11-b615-569ecabb8a34 ] Request (ServerRescueNegativeTestJSON:setUpClass): 200 GET http://10.180.1.21/compute/v2.1/servers/420cfa14-9b63-4409-8b19-f76b439e278a 0.093s
2025-12-09 02:48:06.942 66384 INFO tempest.lib.common.rest_client [req-67c195f3-a2df-45e8-b587-ae376555b8da req-67c195f3-a2df-45e8-b587-ae376555b8da ] Request (AttachInterfacesTestJSON:_run_cleanups): 200 GET http://10.180.1.21/compute/v2.1/servers/292b7a4c-c054-4fd3-a994-3fc432658a95 0.085s
2025-12-09 02:48:07.025 66326 INFO tempest.lib.common.rest_client [req-52391ab6-9f72-4f40-acef-011f71a719c3 req-52391ab6-9f72-4f40-acef-011f71a719c3 ] Request (FloatingIPsAssociationNegativeTestJSON:setUpClass): 200 GET http://10.180.1.21/compute/v2.1/servers/3011b8bf-7145-4b8a-af55-aae78d983872 0.098s
2025-12-09 02:48:07.070 66380 INFO tempest.lib.common.rest_client [req-275e6d06-3c0c-4c86-9486-7e71658c7773 req-275e6d06-3c0c-4c86-9486-7e71658c7773 ] Request (ListImageFiltersTestJSON:tearDownClass): 404 GET http://10.180.1.21/compute/v2.1/servers/03d67859-8f08-443a-8d15-4b25982537ff 0.023s
2025-12-09 02:48:07.130 66380 INFO tempest.lib.common.rest_client [req-b06cb19b-9ba2-405c-add6-70959412220f req-b06cb19b-9ba2-405c-add6-70959412220f ] Request (ListImageFiltersTestJSON:tearDownClass): 204 DELETE http://10.180.1.21/compute/v2.1/images/1aec8874-c941-4dfa-861e-6618930c7170 0.059s
2025-12-09 02:48:07.137 66328 INFO tempest.lib.common.rest_client [req-8a2b1fe4-16d0-4f64-91af-631beddf8b69 req-8a2b1fe4-16d0-4f64-91af-631beddf8b69 ] Request (InstanceActionsV221TestJSON:test_get_list_deleted_instance_actions): 200 GET http://10.180.1.21/compute/v2.1/servers/7640fb85-6282-4a98-8961-fa8b0c41cbc7 0.124s
2025-12-09 02:48:07.189 66380 INFO tempest.lib.common.rest_client [req-78555f89-6337-47d7-841c-a5d86e588704 req-78555f89-6337-47d7-841c-a5d86e588704 ] Request (ListImageFiltersTestJSON:tearDownClass): 204 DELETE http://10.180.1.21/compute/v2.1/images/24da6482-0c21-4c3f-8e30-7574c4d8a138 0.059s
2025-12-09 02:48:07.215 66346 INFO tempest.lib.common.rest_client [req-8f28de55-44f6-41f5-bb4e-efc998a51d2c req-8f28de55-44f6-41f5-bb4e-efc998a51d2c ] Request (ListServerFiltersTestJSON:tearDownClass): 200 GET http://10.180.1.21/compute/v2.1/servers/61ebc543-d072-4488-a3fa-a54ec72a428a 0.090s
2025-12-09 02:48:07.274 66380 INFO tempest.lib.common.rest_client [req-62a725a4-0ca6-4bb7-882b-8cbd81789254 req-62a725a4-0ca6-4bb7-882b-8cbd81789254 ] Request (ListImageFiltersTestJSON:tearDownClass): 204 DELETE http://10.180.1.21/compute/v2.1/images/c83b2f52-5c4c-4315-b0a0-91aa38ffe19f 0.084s
2025-12-09 02:48:07.365 66348 INFO tempest.lib.common.rest_client [req-22799535-780b-4863-8dad-2ce67ffb1020 req-22799535-780b-4863-8dad-2ce67ffb1020 ] Request (ImagesTestJSON:test_create_server_from_snapshot): 200 GET http://10.180.1.21/compute/v2.1/servers/b379f9cf-0cfb-4736-900e-9edfcba21a01 0.076s
2025-12-09 02:48:07.376 66338 INFO tempest.lib.common.rest_client [req-7337de1a-88c1-49ac-b4df-f50778295853 req-7337de1a-88c1-49ac-b4df-f50778295853 ] Request (ServerRescueTestJSON:test_rescue_unrescue_instance): 200 GET http://10.180.1.21/compute/v2.1/servers/f01c364e-0270-4a0a-bbaf-42ec992c5052 0.145s
2025-12-09 02:48:07.387 66338 INFO tempest.common.waiters [-] State transition "ACTIVE/rescuing" ==> "RESCUE/None" after 11 second wait
2025-12-09 02:48:07.393 66380 INFO tempest.lib.common.rest_client [req-1d8acb9b-9178-43c2-8ee2-950b8eb4b004 req-1d8acb9b-9178-43c2-8ee2-950b8eb4b004 ] Request (ListImageFiltersTestJSON:tearDownClass): 204 DELETE http://10.180.1.21/identity/v3/users/6504676b55f8433485a70f1546f90bc4 0.118s
2025-12-09 02:48:07.393 66380 INFO tempest.lib.common.dynamic_creds [-] Deleting project and security group for project: 4122fecc3fe44529806efc79deb65446
2025-12-09 02:48:07.453 66362 INFO tempest.lib.common.rest_client [req-5d1edbbe-e46b-401e-811f-c000b4670abd req-5d1edbbe-e46b-401e-811f-c000b4670abd ] Request (ServersListShow298Test:test_list_show_update_rebuild_server_298): 200 GET http://10.180.1.21/compute/v2.1/servers/68aaa41b-805a-43b6-829e-5ac28ec3fb29 0.077s
2025-12-09 02:48:07.465 66380 INFO tempest.lib.common.rest_client [req-7b6770ed-4bbc-4273-9ebc-448d2f624c3f req-7b6770ed-4bbc-4273-9ebc-448d2f624c3f ] Request (ListImageFiltersTestJSON:tearDownClass): 201 POST http://10.180.1.21/identity/v3/auth/tokens 0.071s
2025-12-09 02:48:07.509 66338 INFO tempest.lib.common.rest_client [req-4a1d4756-b46b-4096-b6b1-ad8a72137b67 req-4a1d4756-b46b-4096-b6b1-ad8a72137b67 ] Request (ServerRescueTestJSON:test_rescue_unrescue_instance): 202 POST http://10.180.1.21/compute/v2.1/servers/f01c364e-0270-4a0a-bbaf-42ec992c5052/action 0.121s
2025-12-09 02:48:07.531 66330 INFO tempest.lib.common.rest_client [req-15780e0a-9784-49ca-8fd2-0c2408b71d5f req-15780e0a-9784-49ca-8fd2-0c2408b71d5f ] Request (ServersNegativeTestJSON:setUpClass): 200 GET http://10.180.1.21/compute/v2.1/servers/4bd1ae78-6a6f-42a9-bf6a-9c0f1624e09d 0.234s
2025-12-09 02:48:07.596 66380 INFO tempest.lib.common.rest_client [req-454274b9-4bc6-4b78-908b-489bc143ddfd req-454274b9-4bc6-4b78-908b-489bc143ddfd ] Request (ListImageFiltersTestJSON:tearDownClass): 200 GET http://10.180.1.21/networking/v2.0/security-groups?tenant_id=4122fecc3fe44529806efc79deb65446&name=default 0.131s
2025-12-09 02:48:07.723 66364 INFO tempest.lib.common.rest_client [req-015a7da7-d2bf-4df2-8964-3dae5b8a5faf req-015a7da7-d2bf-4df2-8964-3dae5b8a5faf ] Request (ServerActionsTestOtherB:test_resize_server_confirm_from_stopped): 200 GET http://10.180.1.21/compute/v2.1/servers/0759b710-7c02-4edf-9287-1ea0033a51ef 0.310s
2025-12-09 02:48:07.739 66380 INFO tempest.lib.common.rest_client [req-6f14aa7b-32ce-4971-9e79-db05448895a1 req-6f14aa7b-32ce-4971-9e79-db05448895a1 ] Request (ListImageFiltersTestJSON:tearDownClass): 204 DELETE http://10.180.1.21/networking/v2.0/security-groups/fb0d0669-c207-4840-b677-6bb5eeb91870 0.143s
2025-12-09 02:48:07.751 66370 INFO tempest.lib.common.rest_client [req-cbdfb626-6e79-4c6e-bdb6-b824984aae49 req-cbdfb626-6e79-4c6e-bdb6-b824984aae49 ] Request (MigrationsAdminTest:test_resize_server_revert_deleted_flavor): 200 GET http://10.180.1.21/compute/v2.1/servers/f52b0d34-f004-460f-bf32-68a1fb74ff20 0.274s
2025-12-09 02:48:07.853 66338 INFO tempest.lib.common.rest_client [req-bf7bf514-e5e7-404e-b6f8-f46c363c0dc4 req-bf7bf514-e5e7-404e-b6f8-f46c363c0dc4 ] Request (ServerRescueTestJSON:test_rescue_unrescue_instance): 200 GET http://10.180.1.21/compute/v2.1/servers/f01c364e-0270-4a0a-bbaf-42ec992c5052 0.343s
2025-12-09 02:48:07.868 66380 INFO tempest.lib.common.rest_client [req-6b7b6a91-a770-42ed-b6f7-859f849463bf req-6b7b6a91-a770-42ed-b6f7-859f849463bf ] Request (ListImageFiltersTestJSON:tearDownClass): 204 DELETE http://10.180.1.21/identity/v3/projects/4122fecc3fe44529806efc79deb65446 0.128s
2025-12-09 02:48:07.940 66375 INFO tempest.lib.common.rest_client [req-80edc61a-c608-40a7-8a65-9484f4c66860 req-80edc61a-c608-40a7-8a65-9484f4c66860 ] Request (AttachVolumeShelveTestJSON:test_attach_volume_shelved_or_offload_server): 200 GET http://10.180.1.21/compute/v2.1/servers/7912c30b-6f47-4887-bf1f-99c5dc05daea 0.387s
2025-12-09 02:48:07.979 66380 INFO tempest.lib.common.rest_client [req-a2846616-8591-4b65-9d13-e165331d9947 req-a2846616-8591-4b65-9d13-e165331d9947 ] Request (ServerGroup264TestJSON:setUpClass): 201 POST http://10.180.1.21/identity/v3/auth/tokens 0.109s
2025-12-09 02:48:08.013 66380 INFO tempest.lib.common.rest_client [req-b7f9e06e-c92a-4849-b6d0-2da6ed5b2d5c req-b7f9e06e-c92a-4849-b6d0-2da6ed5b2d5c ] Request (ServerGroup264TestJSON:setUpClass): 201 POST http://10.180.1.21/identity/v3/auth/tokens 0.028s
2025-12-09 02:48:08.032 66358 INFO tempest.lib.common.rest_client [req-6af2da16-5ee2-4d7a-8d1a-971500bd192b req-6af2da16-5ee2-4d7a-8d1a-971500bd192b ] Request (SecurityGroupsTestJSON:tearDownClass): 200 GET http://10.180.1.21/compute/v2.1/servers/e5ea9b7b-14ba-4ca6-84cd-86cdcd7df6d2 0.412s
2025-12-09 02:48:08.042 66342 INFO tempest.lib.common.rest_client [req-4d24f2b8-d405-4984-94dd-e96650c1b6af req-4d24f2b8-d405-4984-94dd-e96650c1b6af ] Request (ServersAdminTestJSON:test_create_server_with_scheduling_hint): 200 GET http://10.180.1.21/compute/v2.1/servers/b579e354-a1fa-45ed-b5dd-371508e01341 0.454s
2025-12-09 02:48:08.045 66380 INFO tempest.lib.common.rest_client [req-7d8fce47-0522-42ac-8c41-8c59379b7b9b req-7d8fce47-0522-42ac-8c41-8c59379b7b9b ] Request (ServerGroup264TestJSON:setUpClass): 200 GET http://10.180.1.21/identity/v3/domains?name=Default 0.032s
2025-12-09 02:48:08.086 66322 INFO tempest.lib.common.rest_client [req-c7cf93c8-14ca-4640-bd4c-9999372015b0 req-c7cf93c8-14ca-4640-bd4c-9999372015b0 ] Request (ServersNegativeTestMultiTenantJSON:setUpClass): 200 GET http://10.180.1.21/compute/v2.1/servers/c67295c9-3117-49fc-b322-ea104ef9f85f 0.446s
2025-12-09 02:48:08.095 66380 INFO tempest.lib.common.rest_client [req-82a2beac-9ddf-47a7-bb4f-81719cf2b588 req-82a2beac-9ddf-47a7-bb4f-81719cf2b588 ] Request (ServerGroup264TestJSON:setUpClass): 201 POST http://10.180.1.21/identity/v3/projects 0.049s
2025-12-09 02:48:08.107 66360 INFO tempest.lib.common.rest_client [req-7536c416-bc1b-44de-95f4-1ad3cfcaaf7c req-7536c416-bc1b-44de-95f4-1ad3cfcaaf7c ] Request (ServerShowV257Test:test_rebuild_server): 200 GET http://10.180.1.21/compute/v2.1/servers/4949a9bb-7549-438b-8785-23463fce433b 0.430s
2025-12-09 02:48:08.147 66344 INFO tempest.lib.common.rest_client [req-637575fb-693b-4688-81e6-eaa498c09fca req-637575fb-693b-4688-81e6-eaa498c09fca ] Request (ServersAdminNegativeTestJSON:test_migrate_server_invalid_state): 200 GET http://10.180.1.21/compute/v2.1/servers/76d084a5-5a06-49ea-a42e-702ffbc485f6 0.453s
2025-12-09 02:48:08.165 66383 INFO tempest.lib.common.rest_client [req-93664d4a-3c39-462a-8624-2962dba71d85 req-93664d4a-3c39-462a-8624-2962dba71d85 ] Request (DeleteServersTestJSON:test_delete_active_server): 200 GET http://10.180.1.21/compute/v2.1/servers/39f31468-e250-45cf-bf04-df3aa1ca73bf 0.438s
2025-12-09 02:48:08.174 66380 INFO tempest.lib.common.rest_client [req-d7d39dad-5969-437a-942d-12a5b0894ee6 req-d7d39dad-5969-437a-942d-12a5b0894ee6 ] Request (ServerGroup264TestJSON:setUpClass): 201 POST http://10.180.1.21/identity/v3/users 0.078s
2025-12-09 02:48:08.197 66380 INFO tempest.lib.common.rest_client [req-7402e89e-c1ef-4140-857d-bb85c3f7ea0c req-7402e89e-c1ef-4140-857d-bb85c3f7ea0c ] Request (ServerGroup264TestJSON:setUpClass): 200 GET http://10.180.1.21/identity/v3/roles 0.023s
2025-12-09 02:48:08.223 66367 INFO tempest.lib.common.rest_client [req-0260138c-5b9f-468f-9bc8-638241426446 req-0260138c-5b9f-468f-9bc8-638241426446 ] Request (ImagesOneServerNegativeTestJSON:_run_cleanups): 200 GET http://10.180.1.21/compute/v2.1/servers/1af29f9a-537c-4e30-b79a-4f392ca7a6d4 0.470s
2025-12-09 02:48:08.237 66376 INFO tempest.lib.common.rest_client [req-867409fd-73de-404e-8ef0-eccd05412b6d req-867409fd-73de-404e-8ef0-eccd05412b6d ] Request (ServersTestMultiNic:_run_cleanups): 200 GET http://10.180.1.21/compute/v2.1/servers/d425bd73-3051-4ed8-b1fa-a9e5f9599f7e 0.452s
2025-12-09 02:48:08.239 66380 INFO tempest.lib.common.rest_client [req-928cd1fe-d7df-438a-86e1-758edaab784e req-928cd1fe-d7df-438a-86e1-758edaab784e ] Request (ServerGroup264TestJSON:setUpClass): 204 PUT http://10.180.1.21/identity/v3/projects/51695171fd2e49ab8fa77a5e950d2c23/users/605b7ee1de2240d6b54edee5dfd48ae0/roles/60f7d8506966464586a94c2d51f4e7a6 0.041s
2025-12-09 02:48:08.239 66380 INFO tempest.lib.common.dynamic_creds [-] Dynamic test user 605b7ee1de2240d6b54edee5dfd48ae0 is created with scope project and roles: ['member']
2025-12-09 02:48:08.239 66380 INFO tempest.lib.common.dynamic_creds [-] Acquired dynamic creds: credentials: Credentials: {'domain_id': 'default', 'domain_name': 'Default', 'username': 'tempest-ServerGroup264TestJSON-291420953-project-member', 'project_domain_id': 'default', 'project_domain_name': 'Default', 'project_id': '51695171fd2e49ab8fa77a5e950d2c23', 'project_name': 'tempest-ServerGroup264TestJSON-291420953', 'tenant_id': '51695171fd2e49ab8fa77a5e950d2c23', 'tenant_name': 'tempest-ServerGroup264TestJSON-291420953', 'user_domain_id': 'default', 'user_domain_name': 'Default', 'user_id': '605b7ee1de2240d6b54edee5dfd48ae0', 'system': None}, Network: None, Subnet: None, Router: None
2025-12-09 02:48:08.279 66340 INFO tempest.lib.common.rest_client [req-ba4d562f-124e-414f-9d3d-9b691c12b23f req-ba4d562f-124e-414f-9d3d-9b691c12b23f ] Request (ServersAaction247Test:test_create_backup): 200 GET http://10.180.1.21/compute/v2.1/servers/d1f79360-768c-4841-b3dd-4dd4d1811383 0.466s
2025-12-09 02:48:08.297 66372 INFO tempest.lib.common.rest_client [req-17541d8b-e909-405c-bbeb-8640ebaeae3e req-17541d8b-e909-405c-bbeb-8640ebaeae3e ] Request (ServerShowV247Test:test_update_rebuild_list_server): 200 GET http://10.180.1.21/compute/v2.1/servers/2bcf6c15-b2e4-4f24-9941-00c11776bf91 0.437s
2025-12-09 02:48:08.298 66380 INFO tempest.lib.common.rest_client [req-26c1568c-5b3a-4dbc-923c-2227146f7f53 req-26c1568c-5b3a-4dbc-923c-2227146f7f53 ] Request (ServerGroup264TestJSON:setUpClass): 201 POST http://10.180.1.21/identity/v3/auth/tokens 0.058s
2025-12-09 02:48:08.330 66353 INFO tempest.lib.common.rest_client [req-1b431d7a-acc5-43ed-8022-52fce045202b req-1b431d7a-acc5-43ed-8022-52fce045202b ] Request (AttachInterfacesUnderV243Test:test_add_remove_fixed_ip): 200 GET http://10.180.1.21/compute/v2.1/servers/4b5cfb47-d1c3-4541-87ef-2c751de380df 0.457s
2025-12-09 02:48:08.349 66336 INFO tempest.lib.common.rest_client [req-9df38565-5057-4659-b7af-336ed8c35a8f req-9df38565-5057-4659-b7af-336ed8c35a8f ] Request (ServerRescueNegativeTestJSON:setUpClass): 200 GET http://10.180.1.21/compute/v2.1/servers/420cfa14-9b63-4409-8b19-f76b439e278a 0.435s
2025-12-09 02:48:08.387 66384 INFO tempest.lib.common.rest_client [req-285a6d5a-3b4e-4d28-b982-9563555e7570 req-285a6d5a-3b4e-4d28-b982-9563555e7570 ] Request (AttachInterfacesTestJSON:_run_cleanups): 200 GET http://10.180.1.21/compute/v2.1/servers/292b7a4c-c054-4fd3-a994-3fc432658a95 0.434s
2025-12-09 02:48:08.402 66326 INFO tempest.lib.common.rest_client [req-21f2d3ea-ce88-4c3e-914b-f80ec0eab42e req-21f2d3ea-ce88-4c3e-914b-f80ec0eab42e ] Request (FloatingIPsAssociationNegativeTestJSON:setUpClass): 200 GET http://10.180.1.21/compute/v2.1/servers/3011b8bf-7145-4b8a-af55-aae78d983872 0.369s
2025-12-09 02:48:08.506 66346 INFO tempest.lib.common.rest_client [req-e74d4ecc-7fb2-4db6-9e12-68d892003d81 req-e74d4ecc-7fb2-4db6-9e12-68d892003d81 ] Request (ListServerFiltersTestJSON:tearDownClass): 200 GET http://10.180.1.21/compute/v2.1/servers/61ebc543-d072-4488-a3fa-a54ec72a428a 0.281s
2025-12-09 02:48:08.513 66346 INFO tempest.common.waiters [-] State transition "ACTIVE/deleting" ==> "DELETED/None" after 4 second wait
2025-12-09 02:48:08.530 66328 INFO tempest.lib.common.rest_client [req-b507e216-cc1f-430c-ade3-25736d2254e8 req-b507e216-cc1f-430c-ade3-25736d2254e8 ] Request (InstanceActionsV221TestJSON:test_get_list_deleted_instance_actions): 200 GET http://10.180.1.21/compute/v2.1/servers/7640fb85-6282-4a98-8961-fa8b0c41cbc7 0.382s
2025-12-09 02:48:08.579 66380 INFO tempest.lib.common.rest_client [req-58259b32-e597-4469-ac30-2ab7e70680b4 req-58259b32-e597-4469-ac30-2ab7e70680b4 ] Request (ServerGroup264TestJSON:setUpClass): 201 POST http://10.180.1.21/networking/v2.0/networks 0.280s
2025-12-09 02:48:08.582 66348 INFO tempest.lib.common.rest_client [req-1415ea94-f95d-4702-aace-e22540e2267d req-1415ea94-f95d-4702-aace-e22540e2267d ] Request (ImagesTestJSON:test_create_server_from_snapshot): 200 GET http://10.180.1.21/compute/v2.1/servers/b379f9cf-0cfb-4736-900e-9edfcba21a01 0.209s
2025-12-09 02:48:08.610 66362 INFO tempest.lib.common.rest_client [req-284757c2-53b1-4f6c-ad71-ba63a3f24c3d req-284757c2-53b1-4f6c-ad71-ba63a3f24c3d ] Request (ServersListShow298Test:test_list_show_update_rebuild_server_298): 200 GET http://10.180.1.21/compute/v2.1/servers/68aaa41b-805a-43b6-829e-5ac28ec3fb29 0.144s
2025-12-09 02:48:08.708 66330 INFO tempest.lib.common.rest_client [req-202a5f78-cdfd-4781-86dd-476fe4025c71 req-202a5f78-cdfd-4781-86dd-476fe4025c71 ] Request (ServersNegativeTestJSON:setUpClass): 200 GET http://10.180.1.21/compute/v2.1/servers/4bd1ae78-6a6f-42a9-bf6a-9c0f1624e09d 0.169s
2025-12-09 02:48:08.889 66380 INFO tempest.lib.common.rest_client [req-e3e81e1f-727c-40de-af4b-cd38af3a2fb7 req-e3e81e1f-727c-40de-af4b-cd38af3a2fb7 ] Request (ServerGroup264TestJSON:setUpClass): 201 POST http://10.180.1.21/networking/v2.0/subnets 0.309s
2025-12-09 02:48:08.971 66364 INFO tempest.lib.common.rest_client [req-9d05b58c-aae4-4217-b0e7-820aad0a7e5f req-9d05b58c-aae4-4217-b0e7-820aad0a7e5f ] Request (ServerActionsTestOtherB:test_resize_server_confirm_from_stopped): 200 GET http://10.180.1.21/compute/v2.1/servers/0759b710-7c02-4edf-9287-1ea0033a51ef 0.234s
2025-12-09 02:48:08.993 66370 INFO tempest.lib.common.rest_client [req-8b43b262-b04c-419d-9c16-6e1170ab2048 req-8b43b262-b04c-419d-9c16-6e1170ab2048 ] Request (MigrationsAdminTest:test_resize_server_revert_deleted_flavor): 200 GET http://10.180.1.21/compute/v2.1/servers/f52b0d34-f004-460f-bf32-68a1fb74ff20 0.230s
2025-12-09 02:48:09.253 66338 INFO tempest.lib.common.rest_client [req-32bcbe1b-126a-4193-88dd-68a7de7c213b req-32bcbe1b-126a-4193-88dd-68a7de7c213b ] Request (ServerRescueTestJSON:test_rescue_unrescue_instance): 200 GET http://10.180.1.21/compute/v2.1/servers/f01c364e-0270-4a0a-bbaf-42ec992c5052 0.389s
2025-12-09 02:48:09.282 66375 INFO tempest.lib.common.rest_client [req-9981d8b0-dac2-4750-a3bc-409e4cf49a61 req-9981d8b0-dac2-4750-a3bc-409e4cf49a61 ] Request (AttachVolumeShelveTestJSON:test_attach_volume_shelved_or_offload_server): 200 GET http://10.180.1.21/compute/v2.1/servers/7912c30b-6f47-4887-bf1f-99c5dc05daea 0.329s
2025-12-09 02:48:09.292 66375 INFO tempest.common.waiters [-] State transition "ACTIVE/shelving_image_uploading" ==> "SHELVED/shelving_offloading" after 17 second wait
2025-12-09 02:48:09.331 66358 INFO tempest.lib.common.rest_client [req-a47a53ec-1eeb-4834-a006-4c8b6c3bf5a3 req-a47a53ec-1eeb-4834-a006-4c8b6c3bf5a3 ] Request (SecurityGroupsTestJSON:tearDownClass): 200 GET http://10.180.1.21/compute/v2.1/servers/e5ea9b7b-14ba-4ca6-84cd-86cdcd7df6d2 0.291s
2025-12-09 02:48:09.415 66322 INFO tempest.lib.common.rest_client [req-d80aa939-74e4-4239-b676-4b84ed1c2f0b req-d80aa939-74e4-4239-b676-4b84ed1c2f0b ] Request (ServersNegativeTestMultiTenantJSON:setUpClass): 200 GET http://10.180.1.21/compute/v2.1/servers/c67295c9-3117-49fc-b322-ea104ef9f85f 0.318s
2025-12-09 02:48:09.446 66342 INFO tempest.lib.common.rest_client [req-961e1843-5984-4691-9e85-8c4d19186de6 req-961e1843-5984-4691-9e85-8c4d19186de6 ] Request (ServersAdminTestJSON:test_create_server_with_scheduling_hint): 200 GET http://10.180.1.21/compute/v2.1/servers/b579e354-a1fa-45ed-b5dd-371508e01341 0.396s
2025-12-09 02:48:09.472 66360 INFO tempest.lib.common.rest_client [req-4688c9f5-e303-4485-80f8-2e04232dfdcb req-4688c9f5-e303-4485-80f8-2e04232dfdcb ] Request (ServerShowV257Test:test_rebuild_server): 200 GET http://10.180.1.21/compute/v2.1/servers/4949a9bb-7549-438b-8785-23463fce433b 0.353s
2025-12-09 02:48:09.505 66344 INFO tempest.lib.common.rest_client [req-9fa93d5e-2def-4b64-a4b3-e85083c1d6a9 req-9fa93d5e-2def-4b64-a4b3-e85083c1d6a9 ] Request (ServersAdminNegativeTestJSON:test_migrate_server_invalid_state): 200 GET http://10.180.1.21/compute/v2.1/servers/76d084a5-5a06-49ea-a42e-702ffbc485f6 0.345s
2025-12-09 02:48:09.524 66383 INFO tempest.lib.common.rest_client [req-6887f8ea-582a-4665-b7fe-d1c7e5f3e86f req-6887f8ea-582a-4665-b7fe-d1c7e5f3e86f ] Request (DeleteServersTestJSON:test_delete_active_server): 200 GET http://10.180.1.21/compute/v2.1/servers/39f31468-e250-45cf-bf04-df3aa1ca73bf 0.350s
2025-12-09 02:48:09.567 66367 INFO tempest.lib.common.rest_client [req-0b970bf5-2e56-45eb-9f31-ea92aada7e91 req-0b970bf5-2e56-45eb-9f31-ea92aada7e91 ] Request (ImagesOneServerNegativeTestJSON:_run_cleanups): 200 GET http://10.180.1.21/compute/v2.1/servers/1af29f9a-537c-4e30-b79a-4f392ca7a6d4 0.335s
2025-12-09 02:48:09.585 66376 INFO tempest.lib.common.rest_client [req-45ea6622-835f-4ece-8c82-5a599189216a req-45ea6622-835f-4ece-8c82-5a599189216a ] Request (ServersTestMultiNic:_run_cleanups): 200 GET http://10.180.1.21/compute/v2.1/servers/d425bd73-3051-4ed8-b1fa-a9e5f9599f7e 0.339s
2025-12-09 02:48:09.640 66340 INFO tempest.lib.common.rest_client [req-a360ed60-b082-4740-a944-edaf1a06b012 req-a360ed60-b082-4740-a944-edaf1a06b012 ] Request (ServersAaction247Test:test_create_backup): 200 GET http://10.180.1.21/compute/v2.1/servers/d1f79360-768c-4841-b3dd-4dd4d1811383 0.352s
2025-12-09 02:48:09.654 66372 INFO tempest.lib.common.rest_client [req-609085de-a164-4af5-a138-6c37aa30379c req-609085de-a164-4af5-a138-6c37aa30379c ] Request (ServerShowV247Test:test_update_rebuild_list_server): 200 GET http://10.180.1.21/compute/v2.1/servers/2bcf6c15-b2e4-4f24-9941-00c11776bf91 0.344s
2025-12-09 02:48:09.709 66380 INFO tempest.lib.common.rest_client [req-180221dd-e0f7-48f3-a1e7-dd198678e25a req-180221dd-e0f7-48f3-a1e7-dd198678e25a ] Request (ServerGroup264TestJSON:setUpClass): 201 POST http://10.180.1.21/networking/v2.0/routers 0.819s
2025-12-09 02:48:09.713 66353 INFO tempest.lib.common.rest_client [req-32b43b63-0430-4067-8eaf-0e74953cea7d req-32b43b63-0430-4067-8eaf-0e74953cea7d ] Request (AttachInterfacesUnderV243Test:test_add_remove_fixed_ip): 200 GET http://10.180.1.21/compute/v2.1/servers/4b5cfb47-d1c3-4541-87ef-2c751de380df 0.374s
2025-12-09 02:48:09.728 66353 INFO tempest.common.waiters [-] State transition "BUILD/None" ==> "BUILD/networking" after 35 second wait
2025-12-09 02:48:09.732 66336 INFO tempest.lib.common.rest_client [req-606df4ff-22c5-476c-bfa7-cae325b2fda9 req-606df4ff-22c5-476c-bfa7-cae325b2fda9 ] Request (ServerRescueNegativeTestJSON:setUpClass): 200 GET http://10.180.1.21/compute/v2.1/servers/420cfa14-9b63-4409-8b19-f76b439e278a 0.373s
2025-12-09 02:48:09.785 66326 INFO tempest.lib.common.rest_client [req-068e3ed3-2eba-4973-bfab-49904dff4f54 req-068e3ed3-2eba-4973-bfab-49904dff4f54 ] Request (FloatingIPsAssociationNegativeTestJSON:setUpClass): 200 GET http://10.180.1.21/compute/v2.1/servers/3011b8bf-7145-4b8a-af55-aae78d983872 0.373s
2025-12-09 02:48:09.828 66384 INFO tempest.lib.common.rest_client [req-afebc546-8b6c-4155-9993-658921b9175c req-afebc546-8b6c-4155-9993-658921b9175c ] Request (AttachInterfacesTestJSON:_run_cleanups): 200 GET http://10.180.1.21/compute/v2.1/servers/292b7a4c-c054-4fd3-a994-3fc432658a95 0.432s
2025-12-09 02:48:09.882 66346 INFO tempest.lib.common.rest_client [req-4f3b3427-c2fe-4fb8-83d6-e7d751a84bbc req-4f3b3427-c2fe-4fb8-83d6-e7d751a84bbc ] Request (ListServerFiltersTestJSON:tearDownClass): 200 GET http://10.180.1.21/compute/v2.1/servers/61ebc543-d072-4488-a3fa-a54ec72a428a 0.369s
2025-12-09 02:48:10.032 66348 INFO tempest.lib.common.rest_client [req-1b72634a-ae7a-4606-9493-29f1ac898003 req-1b72634a-ae7a-4606-9493-29f1ac898003 ] Request (ImagesTestJSON:test_create_server_from_snapshot): 200 GET http://10.180.1.21/compute/v2.1/servers/b379f9cf-0cfb-4736-900e-9edfcba21a01 0.438s
2025-12-09 02:48:10.056 66328 INFO tempest.lib.common.rest_client [req-c6ee94c7-f2a1-4068-ad1d-e90fa2df4d56 req-c6ee94c7-f2a1-4068-ad1d-e90fa2df4d56 ] Request (InstanceActionsV221TestJSON:test_get_list_deleted_instance_actions): 200 GET http://10.180.1.21/compute/v2.1/servers/7640fb85-6282-4a98-8961-fa8b0c41cbc7 0.515s
2025-12-09 02:48:10.385 66362 INFO tempest.lib.common.rest_client [req-6bc02a1a-1468-4ad5-acdc-eebcadccf972 req-6bc02a1a-1468-4ad5-acdc-eebcadccf972 ] Request (ServersListShow298Test:test_list_show_update_rebuild_server_298): 200 GET http://10.180.1.21/compute/v2.1/servers/68aaa41b-805a-43b6-829e-5ac28ec3fb29 0.764s
2025-12-09 02:48:10.712 66380 INFO tempest.lib.common.rest_client [req-4aea19da-b532-4988-a535-0a34ce7b50d8 req-4aea19da-b532-4988-a535-0a34ce7b50d8 ] Request (ServerGroup264TestJSON:setUpClass): 200 PUT http://10.180.1.21/networking/v2.0/routers/a60b211f-a1d1-4359-998b-7d26503b658c/add_router_interface 1.002s
2025-12-09 02:48:10.712 66380 INFO tempest.lib.common.dynamic_creds [-] Created isolated network resources for: credentials: Credentials: {'domain_id': 'default', 'domain_name': 'Default', 'username': 'tempest-ServerGroup264TestJSON-291420953-project-member', 'project_domain_id': 'default', 'project_domain_name': 'Default', 'project_id': '51695171fd2e49ab8fa77a5e950d2c23', 'project_name': 'tempest-ServerGroup264TestJSON-291420953', 'tenant_id': '51695171fd2e49ab8fa77a5e950d2c23', 'tenant_name': 'tempest-ServerGroup264TestJSON-291420953', 'user_domain_id': 'default', 'user_domain_name': 'Default', 'user_id': '605b7ee1de2240d6b54edee5dfd48ae0', 'system': None}, Network: {'id': '73c126f9-6243-4af2-b8e3-5c9868874f79', 'name': 'tempest-ServerGroup264TestJSON-17012993-network', 'tenant_id': '51695171fd2e49ab8fa77a5e950d2c23', 'project_id': '51695171fd2e49ab8fa77a5e950d2c23', 'admin_state_up': True, 'mtu': 8950, 'status': 'ACTIVE', 'subnets': [], 'shared': False, 'port_security_enabled': True, 'router:external': False, 'provider:network_type': 'vlan', 'provider:physical_network': 'default', 'provider:segmentation_id': 472, 'availability_zone_hints': [], 'availability_zones': [], 'ipv4_address_scope': None, 'ipv6_address_scope': None, 'description': '', 'tags': [], 'created_at': '2025-12-09T02:48:08Z', 'updated_at': '2025-12-09T02:48:08Z', 'revision_number': 1}, Subnet: {'id': '0a8dafe0-bdb8-47a5-92d7-fea57d3c9068', 'name': 'tempest-ServerGroup264TestJSON-17012993-subnet', 'tenant_id': '51695171fd2e49ab8fa77a5e950d2c23', 'network_id': '73c126f9-6243-4af2-b8e3-5c9868874f79', 'ip_version': 4, 'subnetpool_id': None, 'enable_dhcp': True, 'ipv6_ra_mode': None, 'ipv6_address_mode': None, 'gateway_ip': '192.168.128.1', 'cidr': '192.168.128.0/28', 'allocation_pools': [{'start': '192.168.128.2', 'end': '192.168.128.14'}], 'host_routes': [], 'dns_nameservers': [], 'description': '', 'router:external': False, 'service_types': [], 'tags': [], 'created_at': '2025-12-09T02:48:08Z', 'updated_at': '2025-12-09T02:48:08Z', 'revision_number': 0, 'project_id': '51695171fd2e49ab8fa77a5e950d2c23'}, Router: {'id': 'a60b211f-a1d1-4359-998b-7d26503b658c', 'name': 'tempest-ServerGroup264TestJSON-17012993-router', 'tenant_id': '51695171fd2e49ab8fa77a5e950d2c23', 'admin_state_up': True, 'status': 'ACTIVE', 'external_gateway_info': {'network_id': 'dcab48ae-bfa6-4e14-a403-bc881a656c70', 'external_fixed_ips': [{'subnet_id': 'de3d9558-14df-4aec-a60c-8f33e8098629', 'ip_address': '10.180.180.138'}], 'enable_snat': True}, 'description': '', 'availability_zones': [], 'distributed': False, 'ha': False, 'availability_zone_hints': [], 'routes': [], 'flavor_id': None, 'tags': [], 'created_at': '2025-12-09T02:48:08Z', 'updated_at': '2025-12-09T02:48:09Z', 'revision_number': 2, 'project_id': '51695171fd2e49ab8fa77a5e950d2c23'}
2025-12-09 02:48:10.758 66330 INFO tempest.lib.common.rest_client [req-db8521eb-ac40-4a7c-8644-65f0cc618e04 req-db8521eb-ac40-4a7c-8644-65f0cc618e04 ] Request (ServersNegativeTestJSON:setUpClass): 200 GET http://10.180.1.21/compute/v2.1/servers/4bd1ae78-6a6f-42a9-bf6a-9c0f1624e09d 1.040s
2025-12-09 02:48:10.867 66380 INFO tempest.lib.common.rest_client [req-4da43697-47db-4e7c-8500-29ccc1c7fe32 req-4da43697-47db-4e7c-8500-29ccc1c7fe32 ] Request (ServerGroup264TestJSON:setUpClass): 201 POST http://10.180.1.21/identity/v3/auth/tokens 0.149s
2025-12-09 02:48:10.905 66364 INFO tempest.lib.common.rest_client [req-9c08f743-841c-49de-bb15-fdce616887b9 req-9c08f743-841c-49de-bb15-fdce616887b9 ] Request (ServerActionsTestOtherB:test_resize_server_confirm_from_stopped): 200 GET http://10.180.1.21/compute/v2.1/servers/0759b710-7c02-4edf-9287-1ea0033a51ef 0.924s
2025-12-09 02:48:11.092 66370 INFO tempest.lib.common.rest_client [req-24d16983-18a4-420c-808f-183da2d0ab9f req-24d16983-18a4-420c-808f-183da2d0ab9f ] Request (MigrationsAdminTest:test_resize_server_revert_deleted_flavor): 200 GET http://10.180.1.21/compute/v2.1/servers/f52b0d34-f004-460f-bf32-68a1fb74ff20 1.089s
2025-12-09 02:48:11.118 66338 INFO tempest.lib.common.rest_client [req-c313c5ee-f2a4-493d-83e2-731c665ebc7a req-c313c5ee-f2a4-493d-83e2-731c665ebc7a ] Request (ServerRescueTestJSON:test_rescue_unrescue_instance): 200 GET http://10.180.1.21/compute/v2.1/servers/f01c364e-0270-4a0a-bbaf-42ec992c5052 0.854s
2025-12-09 02:48:11.228 66358 INFO tempest.lib.common.rest_client [req-3c5b83a1-edff-4d5a-b7d3-7a61a487191c req-3c5b83a1-edff-4d5a-b7d3-7a61a487191c ] Request (SecurityGroupsTestJSON:tearDownClass): 200 GET http://10.180.1.21/compute/v2.1/servers/e5ea9b7b-14ba-4ca6-84cd-86cdcd7df6d2 0.881s
2025-12-09 02:48:11.252 66375 INFO tempest.lib.common.rest_client [req-46102830-7433-4fb7-81c1-9f99c2230cfb req-46102830-7433-4fb7-81c1-9f99c2230cfb ] Request (AttachVolumeShelveTestJSON:test_attach_volume_shelved_or_offload_server): 200 GET http://10.180.1.21/compute/v2.1/servers/7912c30b-6f47-4887-bf1f-99c5dc05daea 0.958s
2025-12-09 02:48:11.286 66322 INFO tempest.lib.common.rest_client [req-c64c978e-202e-4e7b-9a16-c3fa4118e967 req-c64c978e-202e-4e7b-9a16-c3fa4118e967 ] Request (ServersNegativeTestMultiTenantJSON:setUpClass): 200 GET http://10.180.1.21/compute/v2.1/servers/c67295c9-3117-49fc-b322-ea104ef9f85f 0.858s
2025-12-09 02:48:11.398 66360 INFO tempest.lib.common.rest_client [req-d1570881-c54e-4da7-8707-ec23589619a2 req-d1570881-c54e-4da7-8707-ec23589619a2 ] Request (ServerShowV257Test:test_rebuild_server): 200 GET http://10.180.1.21/compute/v2.1/servers/4949a9bb-7549-438b-8785-23463fce433b 0.912s
2025-12-09 02:48:11.423 66342 INFO tempest.lib.common.rest_client [req-654f3a33-d679-4826-bd0f-52db52b83f87 req-654f3a33-d679-4826-bd0f-52db52b83f87 ] Request (ServersAdminTestJSON:test_create_server_with_scheduling_hint): 200 GET http://10.180.1.21/compute/v2.1/servers/b579e354-a1fa-45ed-b5dd-371508e01341 0.962s
2025-12-09 02:48:11.486 66344 INFO tempest.lib.common.rest_client [req-0cf640e2-ab04-4f4f-a8b0-d640aa3b70a8 req-0cf640e2-ab04-4f4f-a8b0-d640aa3b70a8 ] Request (ServersAdminNegativeTestJSON:test_migrate_server_invalid_state): 200 GET http://10.180.1.21/compute/v2.1/servers/76d084a5-5a06-49ea-a42e-702ffbc485f6 0.972s
2025-12-09 02:48:11.501 66383 INFO tempest.lib.common.rest_client [req-8a3df02e-98a9-45fa-8920-8eafdb0ad3df req-8a3df02e-98a9-45fa-8920-8eafdb0ad3df ] Request (DeleteServersTestJSON:test_delete_active_server): 200 GET http://10.180.1.21/compute/v2.1/servers/39f31468-e250-45cf-bf04-df3aa1ca73bf 0.968s
2025-12-09 02:48:11.553 66367 INFO tempest.lib.common.rest_client [req-128b9d90-2e12-466b-826d-1127b6bf3154 req-128b9d90-2e12-466b-826d-1127b6bf3154 ] Request (ImagesOneServerNegativeTestJSON:_run_cleanups): 200 GET http://10.180.1.21/compute/v2.1/servers/1af29f9a-537c-4e30-b79a-4f392ca7a6d4 0.978s
2025-12-09 02:48:11.568 66376 INFO tempest.lib.common.rest_client [req-5944c4b7-3ad3-4492-a278-040843077f6f req-5944c4b7-3ad3-4492-a278-040843077f6f ] Request (ServersTestMultiNic:_run_cleanups): 200 GET http://10.180.1.21/compute/v2.1/servers/d425bd73-3051-4ed8-b1fa-a9e5f9599f7e 0.974s
2025-12-09 02:48:11.612 66340 INFO tempest.lib.common.rest_client [req-9792978d-e47f-480d-b46b-ef632d0dc460 req-9792978d-e47f-480d-b46b-ef632d0dc460 ] Request (ServersAaction247Test:test_create_backup): 200 GET http://10.180.1.21/compute/v2.1/servers/d1f79360-768c-4841-b3dd-4dd4d1811383 0.953s
2025-12-09 02:48:11.625 66372 INFO tempest.lib.common.rest_client [req-bc5ba94b-b74a-4085-b59f-e78ed665a60b req-bc5ba94b-b74a-4085-b59f-e78ed665a60b ] Request (ServerShowV247Test:test_update_rebuild_list_server): 200 GET http://10.180.1.21/compute/v2.1/servers/2bcf6c15-b2e4-4f24-9941-00c11776bf91 0.956s
2025-12-09 02:48:11.730 66336 INFO tempest.lib.common.rest_client [req-b1f56166-fc6a-4543-abad-38dee0972a34 req-b1f56166-fc6a-4543-abad-38dee0972a34 ] Request (ServerRescueNegativeTestJSON:setUpClass): 200 GET http://10.180.1.21/compute/v2.1/servers/420cfa14-9b63-4409-8b19-f76b439e278a 0.987s
2025-12-09 02:48:11.742 66336 INFO tempest.common.waiters [-] State transition "BUILD/scheduling" ==> "BUILD/None" after 25 second wait
2025-12-09 02:48:11.762 66353 INFO tempest.lib.common.rest_client [req-a1c1d481-d6e5-43c5-9178-b9dd7238151c req-a1c1d481-d6e5-43c5-9178-b9dd7238151c ] Request (AttachInterfacesUnderV243Test:test_add_remove_fixed_ip): 200 GET http://10.180.1.21/compute/v2.1/servers/4b5cfb47-d1c3-4541-87ef-2c751de380df 1.032s
2025-12-09 02:48:11.770 66353 INFO tempest.common.waiters [-] State transition "BUILD/networking" ==> "BUILD/spawning" after 37 second wait
2025-12-09 02:48:11.794 66326 INFO tempest.lib.common.rest_client [req-a6607cb1-aa74-4f76-a6af-720a5fb98913 req-a6607cb1-aa74-4f76-a6af-720a5fb98913 ] Request (FloatingIPsAssociationNegativeTestJSON:setUpClass): 200 GET http://10.180.1.21/compute/v2.1/servers/3011b8bf-7145-4b8a-af55-aae78d983872 0.991s
2025-12-09 02:48:11.841 66384 INFO tempest.lib.common.rest_client [req-8adddd5d-44b3-428d-9743-3e502a099a4a req-8adddd5d-44b3-428d-9743-3e502a099a4a ] Request (AttachInterfacesTestJSON:_run_cleanups): 200 GET http://10.180.1.21/compute/v2.1/servers/292b7a4c-c054-4fd3-a994-3fc432658a95 0.995s
2025-12-09 02:48:11.924 66346 INFO tempest.lib.common.rest_client [req-0ac40252-ac7d-4cd5-b370-d99bd176885f req-0ac40252-ac7d-4cd5-b370-d99bd176885f ] Request (ListServerFiltersTestJSON:tearDownClass): 200 GET http://10.180.1.21/compute/v2.1/servers/61ebc543-d072-4488-a3fa-a54ec72a428a 1.034s
2025-12-09 02:48:11.994 66348 INFO tempest.lib.common.rest_client [req-74c5b415-a7de-497d-a4ff-9d76533a56f0 req-74c5b415-a7de-497d-a4ff-9d76533a56f0 ] Request (ImagesTestJSON:test_create_server_from_snapshot): 200 GET http://10.180.1.21/compute/v2.1/servers/b379f9cf-0cfb-4736-900e-9edfcba21a01 0.952s
2025-12-09 02:48:11.999 66380 INFO tempest.lib.common.rest_client [req-b7bd94c4-c904-4e54-996d-f89a756d2fea req-b7bd94c4-c904-4e54-996d-f89a756d2fea ] Request (ServerGroup264TestJSON:test_create_get_server_group): 200 POST http://10.180.1.21/compute/v2.1/os-server-groups 1.130s
2025-12-09 02:48:12.168 66362 INFO tempest.lib.common.rest_client [req-bded5d54-c55c-4a60-8d29-07695d5df7e7 req-bded5d54-c55c-4a60-8d29-07695d5df7e7 ] Request (ServersListShow298Test:test_list_show_update_rebuild_server_298): 200 GET http://10.180.1.21/compute/v2.1/servers/68aaa41b-805a-43b6-829e-5ac28ec3fb29 0.765s
2025-12-09 02:48:12.209 66328 INFO tempest.lib.common.rest_client [req-70a42a4c-dc59-47dd-a20f-c2a62cdab3e7 req-70a42a4c-dc59-47dd-a20f-c2a62cdab3e7 ] Request (InstanceActionsV221TestJSON:test_get_list_deleted_instance_actions): 200 GET http://10.180.1.21/compute/v2.1/servers/7640fb85-6282-4a98-8961-fa8b0c41cbc7 1.144s
2025-12-09 02:48:12.222 66328 INFO tempest.common.waiters [-] State transition "BUILD/spawning" ==> "ACTIVE/None" after 42 second wait
2025-12-09 02:48:12.279 66330 INFO tempest.lib.common.rest_client [req-496c174f-5cb7-4857-9ef9-546c417f4bf6 req-496c174f-5cb7-4857-9ef9-546c417f4bf6 ] Request (ServersNegativeTestJSON:setUpClass): 200 GET http://10.180.1.21/compute/v2.1/servers/4bd1ae78-6a6f-42a9-bf6a-9c0f1624e09d 0.511s
2025-12-09 02:48:12.286 66330 INFO tempest.common.waiters [-] State transition "BUILD/spawning" ==> "ACTIVE/None" after 41 second wait
2025-12-09 02:48:12.295 66380 INFO tempest.lib.common.rest_client [req-f2e07d69-7c1c-4726-b331-0ad01697b83e req-f2e07d69-7c1c-4726-b331-0ad01697b83e ] Request (ServerGroup264TestJSON:test_create_get_server_group): 200 GET http://10.180.1.21/compute/v2.1/os-server-groups 0.294s
2025-12-09 02:48:12.350 66364 INFO tempest.lib.common.rest_client [req-9e84ba60-f447-4f3b-8136-badda6c2bd5e req-9e84ba60-f447-4f3b-8136-badda6c2bd5e ] Request (ServerActionsTestOtherB:test_resize_server_confirm_from_stopped): 200 GET http://10.180.1.21/compute/v2.1/servers/0759b710-7c02-4edf-9287-1ea0033a51ef 0.434s
2025-12-09 02:48:12.383 66330 INFO tempest.lib.common.rest_client [req-d4288142-3346-4e56-a203-9773972a2117 req-d4288142-3346-4e56-a203-9773972a2117 ] Request (ServersNegativeTestJSON:setUpClass): 201 POST http://10.180.1.21/identity/v3/auth/tokens 0.093s
2025-12-09 02:48:12.384 66330 INFO tempest.lib.common.fixed_network [-] (ServersNegativeTestJSON:setUpClass) Found network {'id': 'd9dfb42f-c50f-4302-a38c-ce91bcd814b8', 'name': 'tempest-ServersNegativeTestJSON-883224175-network', 'tenant_id': '265c6f40fafd4e8dbd2c625c4222b399', 'project_id': '265c6f40fafd4e8dbd2c625c4222b399', 'admin_state_up': True, 'mtu': 8950, 'status': 'ACTIVE', 'subnets': [], 'shared': False, 'port_security_enabled': True, 'router:external': False, 'provider:network_type': 'vlan', 'provider:physical_network': 'default', 'provider:segmentation_id': 615, 'availability_zone_hints': [], 'availability_zones': [], 'ipv4_address_scope': None, 'ipv6_address_scope': None, 'description': '', 'tags': [], 'created_at': '2025-12-09T02:47:21Z', 'updated_at': '2025-12-09T02:47:21Z', 'revision_number': 1} available for tenant
2025-12-09 02:48:12.492 66370 INFO tempest.lib.common.rest_client [req-259dda93-d87e-4152-a134-c5f1bade8568 req-259dda93-d87e-4152-a134-c5f1bade8568 ] Request (MigrationsAdminTest:test_resize_server_revert_deleted_flavor): 200 GET http://10.180.1.21/compute/v2.1/servers/f52b0d34-f004-460f-bf32-68a1fb74ff20 0.392s
2025-12-09 02:48:12.499 66338 INFO tempest.lib.common.rest_client [req-01a2948f-ef28-4cb4-9977-a1dfb3187cfb req-01a2948f-ef28-4cb4-9977-a1dfb3187cfb ] Request (ServerRescueTestJSON:test_rescue_unrescue_instance): 200 GET http://10.180.1.21/compute/v2.1/servers/f01c364e-0270-4a0a-bbaf-42ec992c5052 0.371s
2025-12-09 02:48:12.568 66358 INFO tempest.lib.common.rest_client [req-d04a8f45-9901-4fab-9031-1d71401e0cba req-d04a8f45-9901-4fab-9031-1d71401e0cba ] Request (SecurityGroupsTestJSON:tearDownClass): 200 GET http://10.180.1.21/compute/v2.1/servers/e5ea9b7b-14ba-4ca6-84cd-86cdcd7df6d2 0.332s
