2025-12-09 02:46:27.646 66344 INFO tempest.lib.common.rest_client [req-069e258b-bead-4e69-9281-ebb00d46bd94 req-069e258b-bead-4e69-9281-ebb00d46bd94 ] Request (ServerExternalEventsTest:tearDownClass): 204 DELETE http://10.180.1.21/identity/v3/users/db33e223fe8d4a7bb1ae34c61b6e9bc1 0.114s
2025-12-09 02:46:27.710 66330 INFO tempest.lib.common.rest_client [req-29231bc3-72f9-4a33-ac59-762eecef3cf9 req-29231bc3-72f9-4a33-ac59-762eecef3cf9 ] Request (VolumesAssistedSnapshotsTest:tearDownClass): 204 DELETE http://10.180.1.21/identity/v3/users/865ba75c2d694a79a061ae0cdebcd83d 0.186s
2025-12-09 02:46:27.731 66322 INFO tempest.lib.common.rest_client [req-646e7edf-e558-47d3-a36f-117238897714 req-646e7edf-e558-47d3-a36f-117238897714 ] Request (ServerGroupTestJSON:_run_cleanups): 200 GET http://10.180.1.21/compute/v2.1/servers/7025a495-1c82-4868-904f-fb93aaeb10e3 3.582s
2025-12-09 02:46:27.744 66322 INFO tempest.common.waiters [-] State transition "ACTIVE/deleting" ==> "DELETED/None" after 4 second wait
2025-12-09 02:46:27.865 66344 INFO tempest.lib.common.rest_client [req-75f18ff1-ad97-4c62-ae9e-e436b52da504 req-75f18ff1-ad97-4c62-ae9e-e436b52da504 ] Request (ServerExternalEventsTest:tearDownClass): 204 DELETE http://10.180.1.21/identity/v3/users/f480208803c14e64bf6e14215b72171b 0.219s
2025-12-09 02:46:27.865 66344 INFO tempest.lib.common.dynamic_creds [-] Deleting project and security group for project: e554900eaca34846b790e1b79d6d6f2b
2025-12-09 02:46:27.870 66332 INFO tempest.lib.common.rest_client [req-270b3ec8-cb92-4016-9f45-3523570bab94 req-270b3ec8-cb92-4016-9f45-3523570bab94 ] Request (AZV2TestJSON:test_get_availability_zone_list_with_non_admin_user): 200 GET http://10.180.1.21/compute/v2.1/os-availability-zone 4.630s
2025-12-09 02:46:27.993 66330 INFO tempest.lib.common.rest_client [req-4acdcb7a-a90d-49c6-94ce-499173c42061 req-4acdcb7a-a90d-49c6-94ce-499173c42061 ] Request (VolumesAssistedSnapshotsTest:tearDownClass): 204 DELETE http://10.180.1.21/identity/v3/users/d3b5ce1bbe684416be3b89bebc38c679 0.282s
2025-12-09 02:46:27.993 66330 INFO tempest.lib.common.dynamic_creds [-] Deleting project and security group for project: 1c5cf42be81c4deab9fed4780908ec92
2025-12-09 02:46:28.014 66340 INFO tempest.lib.common.rest_client [req-58d2086a-4f93-4d45-9e9e-d657a7cf3aab req-58d2086a-4f93-4d45-9e9e-d657a7cf3aab ] Request (ImagesOneServerTestJSON:test_create_delete_image): 204 DELETE http://10.180.1.21/compute/v2.1/images/d8deb775-858f-4106-8053-c92d951b2b0f 2.870s
2025-12-09 02:46:28.046 66344 INFO tempest.lib.common.rest_client [req-13ca29b5-adcc-4ff0-9f9a-c2a647f025e3 req-13ca29b5-adcc-4ff0-9f9a-c2a647f025e3 ] Request (ServerExternalEventsTest:tearDownClass): 201 POST http://10.180.1.21/identity/v3/auth/tokens 0.181s
2025-12-09 02:46:28.077 66330 INFO tempest.lib.common.rest_client [req-3d322325-699d-459e-ab72-42a9a7de71b5 req-3d322325-699d-459e-ab72-42a9a7de71b5 ] Request (VolumesAssistedSnapshotsTest:tearDownClass): 200 GET http://10.180.1.21/networking/v2.0/security-groups?tenant_id=1c5cf42be81c4deab9fed4780908ec92&name=default 0.083s
2025-12-09 02:46:28.116 66332 INFO tempest.lib.common.rest_client [req-28a97e9d-c3a2-46cb-bbaf-afb0f24a88d7 req-28a97e9d-c3a2-46cb-bbaf-afb0f24a88d7 ] Request (AZV2TestJSON:tearDownClass): 204 DELETE http://10.180.1.21/identity/v3/users/14b105b375594d9a9ab619f2619a1ced 0.235s
2025-12-09 02:46:28.116 66332 INFO tempest.lib.common.dynamic_creds [-] Deleting project and security group for project: 37e2caa792c84a648df096ebb49c3400
2025-12-09 02:46:28.176 66332 INFO tempest.lib.common.rest_client [req-fd94a847-4411-46fd-8b74-e052cd501e6e req-fd94a847-4411-46fd-8b74-e052cd501e6e ] Request (AZV2TestJSON:tearDownClass): 201 POST http://10.180.1.21/identity/v3/auth/tokens 0.059s
2025-12-09 02:46:28.347 66344 INFO tempest.lib.common.rest_client [req-96e2d00b-5ffc-4a55-bc67-bd3b6c88f26a req-96e2d00b-5ffc-4a55-bc67-bd3b6c88f26a ] Request (ServerExternalEventsTest:tearDownClass): 200 GET http://10.180.1.21/networking/v2.0/security-groups?tenant_id=e554900eaca34846b790e1b79d6d6f2b&name=default 0.300s
2025-12-09 02:46:28.434 66330 INFO tempest.lib.common.rest_client [req-de2128f7-bc6b-41f4-8185-1a6c4ab1c823 req-de2128f7-bc6b-41f4-8185-1a6c4ab1c823 ] Request (VolumesAssistedSnapshotsTest:tearDownClass): 204 DELETE http://10.180.1.21/networking/v2.0/security-groups/8a9638a2-e1b1-4898-92cb-1d0ecace709f 0.356s
2025-12-09 02:46:28.471 66360 INFO tempest.lib.common.rest_client [req-a2e09269-1b94-4938-8d8e-ec3bc37d5a3b req-a2e09269-1b94-4938-8d8e-ec3bc37d5a3b ] Request (ServersListShow2100Test:test_list_show_rebuild_update_server_2100): 200 GET http://10.180.1.21/compute/v2.1/servers/3d219085-4f91-44c7-a9bf-07165716a514 3.313s
2025-12-09 02:46:28.490 66370 INFO tempest.lib.common.rest_client [req-7013562b-0d06-469a-b1d5-aa8323c1a866 req-7013562b-0d06-469a-b1d5-aa8323c1a866 ] Request (MigrationsAdminTest:test_resize_server_revert_deleted_flavor): 200 GET http://10.180.1.21/compute/v2.1/flavors/42/os-extra_specs 3.325s
2025-12-09 02:46:28.524 66330 INFO tempest.lib.common.rest_client [req-b6c0e8cb-2230-4bc7-a0c6-bfce88e87e05 req-b6c0e8cb-2230-4bc7-a0c6-bfce88e87e05 ] Request (VolumesAssistedSnapshotsTest:tearDownClass): 204 DELETE http://10.180.1.21/identity/v3/projects/1c5cf42be81c4deab9fed4780908ec92 0.090s
2025-12-09 02:46:28.524 66330 INFO tempest.lib.common.dynamic_creds [-] Deleting project and security group for project: b16c52cba31d44d3b3902fac3fd7741b
2025-12-09 02:46:28.554 66380 INFO tempest.lib.common.rest_client [req-0a94c47c-0970-446e-b403-5d40247b4b98 req-0a94c47c-0970-446e-b403-5d40247b4b98 ] Request (ListImageFiltersTestJSON:test_list_images_with_detail_filter_by_changes_since): 200 GET http://10.180.1.21/compute/v2.1/images/detail?changes-since=2025-12-09T02%3A43%3A25Z 3.131s
2025-12-09 02:46:28.750 66332 INFO tempest.lib.common.rest_client [req-bfde95a4-d797-4509-8718-e29ffe96f9d1 req-bfde95a4-d797-4509-8718-e29ffe96f9d1 ] Request (AZV2TestJSON:tearDownClass): 200 GET http://10.180.1.21/networking/v2.0/security-groups?tenant_id=37e2caa792c84a648df096ebb49c3400&name=default 0.573s
2025-12-09 02:46:28.830 66330 INFO tempest.lib.common.rest_client [req-0c5b1832-e0a0-4067-83f1-a45c2d5033ff req-0c5b1832-e0a0-4067-83f1-a45c2d5033ff ] Request (VolumesAssistedSnapshotsTest:tearDownClass): 200 GET http://10.180.1.21/networking/v2.0/security-groups?tenant_id=b16c52cba31d44d3b3902fac3fd7741b&name=default 0.306s
2025-12-09 02:46:28.853 66344 INFO tempest.lib.common.rest_client [req-87e375d8-4391-4b6a-b393-bb45f99be77f req-87e375d8-4391-4b6a-b393-bb45f99be77f ] Request (ServerExternalEventsTest:tearDownClass): 204 DELETE http://10.180.1.21/networking/v2.0/security-groups/9e3ba492-31b5-4253-8e22-2f841b21be81 0.506s
2025-12-09 02:46:28.930 66344 INFO tempest.lib.common.rest_client [req-7cbce867-c9d7-49e1-87e0-d87e5d9f2b7b req-7cbce867-c9d7-49e1-87e0-d87e5d9f2b7b ] Request (ServerExternalEventsTest:tearDownClass): 204 DELETE http://10.180.1.21/identity/v3/projects/e554900eaca34846b790e1b79d6d6f2b 0.077s
2025-12-09 02:46:28.930 66344 INFO tempest.lib.common.dynamic_creds [-] Deleting project and security group for project: 34ce3bd35d534f9a9e3aa298d2a584c6
2025-12-09 02:46:28.935 66332 INFO tempest.lib.common.rest_client [req-4913ab47-ac0c-4064-95ce-adee9c61c318 req-4913ab47-ac0c-4064-95ce-adee9c61c318 ] Request (AZV2TestJSON:tearDownClass): 204 DELETE http://10.180.1.21/networking/v2.0/security-groups/542d05e5-417d-47df-8576-a37d63e812d6 0.184s
2025-12-09 02:46:29.031 66330 INFO tempest.lib.common.rest_client [req-ea83837f-db9c-4b03-add4-68147ea3972e req-ea83837f-db9c-4b03-add4-68147ea3972e ] Request (VolumesAssistedSnapshotsTest:tearDownClass): 204 DELETE http://10.180.1.21/networking/v2.0/security-groups/1a2a424b-4d4f-418d-94a3-060a7bcb7d4c 0.200s
2025-12-09 02:46:29.037 66332 INFO tempest.lib.common.rest_client [req-a370743a-acbb-4cdd-843c-6d80d9f5acb3 req-a370743a-acbb-4cdd-843c-6d80d9f5acb3 ] Request (AZV2TestJSON:tearDownClass): 204 DELETE http://10.180.1.21/identity/v3/projects/37e2caa792c84a648df096ebb49c3400 0.102s
2025-12-09 02:46:29.042 66354 INFO tempest.lib.common.rest_client [req-72361aeb-306a-4493-ad0c-56f5e1e712d1 req-72361aeb-306a-4493-ad0c-56f5e1e712d1 ] Request (ServersV294TestFqdnHostnames:setUpClass): 200 GET http://10.180.1.21/compute/v2.1/servers/a6055c57-9ea5-43d6-9ee8-c00d330561a4 3.436s
2025-12-09 02:46:29.156 66330 INFO tempest.lib.common.rest_client [req-9a4eebe4-96c5-47d1-920f-19259827991c req-9a4eebe4-96c5-47d1-920f-19259827991c ] Request (VolumesAssistedSnapshotsTest:tearDownClass): 204 DELETE http://10.180.1.21/identity/v3/projects/b16c52cba31d44d3b3902fac3fd7741b 0.125s
2025-12-09 02:46:29.157 66330 INFO tempest.lib.common.dynamic_creds [-] Deleting project and security group for project: cc90cb53d7f042e68dfd438798695b10
2025-12-09 02:46:29.163 66344 INFO tempest.lib.common.rest_client [req-d08b1bb2-5480-4667-b019-9b7a0822e895 req-d08b1bb2-5480-4667-b019-9b7a0822e895 ] Request (ServerExternalEventsTest:tearDownClass): 200 GET http://10.180.1.21/networking/v2.0/security-groups?tenant_id=34ce3bd35d534f9a9e3aa298d2a584c6&name=default 0.232s
2025-12-09 02:46:29.199 66324 INFO tempest.lib.common.rest_client [req-c4d7e015-9af5-488d-8b4c-1a0b0e35a242 req-c4d7e015-9af5-488d-8b4c-1a0b0e35a242 ] Request (ServerMetadataNegativeTestJSON:tearDownClass): 200 GET http://10.180.1.21/compute/v2.1/servers/4ea6a1af-86a5-4455-9760-38a21b4c9b74 3.359s
2025-12-09 02:46:29.245 66330 INFO tempest.lib.common.rest_client [req-7551b002-bfde-438a-b026-4087ad0afb1b req-7551b002-bfde-438a-b026-4087ad0afb1b ] Request (VolumesAssistedSnapshotsTest:tearDownClass): 200 GET http://10.180.1.21/networking/v2.0/security-groups?tenant_id=cc90cb53d7f042e68dfd438798695b10&name=default 0.088s
2025-12-09 02:46:29.337 66344 INFO tempest.lib.common.rest_client [req-2fa5a210-9cf5-4c5c-9116-8fc56c87fc47 req-2fa5a210-9cf5-4c5c-9116-8fc56c87fc47 ] Request (ServerExternalEventsTest:tearDownClass): 204 DELETE http://10.180.1.21/networking/v2.0/security-groups/e0e9e6a1-dbe0-4db0-be6f-56a7b82193e4 0.173s
2025-12-09 02:46:29.395 66334 INFO tempest.lib.common.rest_client [req-c5541413-e786-448c-af91-49a362fbc491 req-c5541413-e786-448c-af91-49a362fbc491 ] Request (ListServersNegativeTestJSON:tearDownClass): 200 GET http://10.180.1.21/compute/v2.1/servers/90549f67-abb3-49ed-be84-c4cafe33e85b 3.263s
2025-12-09 02:46:29.435 66330 INFO tempest.lib.common.rest_client [req-2d8eae39-b17c-4ec1-80f8-6a7b49fe266f req-2d8eae39-b17c-4ec1-80f8-6a7b49fe266f ] Request (VolumesAssistedSnapshotsTest:tearDownClass): 204 DELETE http://10.180.1.21/networking/v2.0/security-groups/0a7988ad-4dc2-4854-90d6-80b3d29b54a9 0.189s
2025-12-09 02:46:29.459 66344 INFO tempest.lib.common.rest_client [req-465baa6b-8f76-410a-8310-4fddc3a469f8 req-465baa6b-8f76-410a-8310-4fddc3a469f8 ] Request (ServerExternalEventsTest:tearDownClass): 204 DELETE http://10.180.1.21/identity/v3/projects/34ce3bd35d534f9a9e3aa298d2a584c6 0.118s
2025-12-09 02:46:29.459 66344 INFO tempest.lib.common.dynamic_creds [-] Deleting project and security group for project: b70f952104ad444fb290980f34c422c7
2025-12-09 02:46:29.470 66367 INFO tempest.lib.common.rest_client [req-2015ac44-7288-4c8c-a0ee-c3f4528a059a req-2015ac44-7288-4c8c-a0ee-c3f4528a059a ] Request (ImagesOneServerNegativeTestJSON:_run_cleanups): 200 GET http://10.180.1.21/compute/v2.1/servers/97c40a45-c939-4bae-bcc7-4889830efed8 3.106s
2025-12-09 02:46:29.496 66344 INFO tempest.lib.common.rest_client [req-98251eb1-47c8-45d9-adda-fa81078a10d9 req-98251eb1-47c8-45d9-adda-fa81078a10d9 ] Request (ServerExternalEventsTest:tearDownClass): 200 GET http://10.180.1.21/networking/v2.0/security-groups?tenant_id=b70f952104ad444fb290980f34c422c7&name=default 0.036s
2025-12-09 02:46:29.533 66330 INFO tempest.lib.common.rest_client [req-3f9ffbc4-1a8d-4cff-bd68-f53dd903ab49 req-3f9ffbc4-1a8d-4cff-bd68-f53dd903ab49 ] Request (VolumesAssistedSnapshotsTest:tearDownClass): 204 DELETE http://10.180.1.21/identity/v3/projects/cc90cb53d7f042e68dfd438798695b10 0.098s
2025-12-09 02:46:29.591 66344 INFO tempest.lib.common.rest_client [req-289bbd5e-f5f2-4656-b139-432543d38ebd req-289bbd5e-f5f2-4656-b139-432543d38ebd ] Request (ServerExternalEventsTest:tearDownClass): 204 DELETE http://10.180.1.21/networking/v2.0/security-groups/3853c7a7-8bb8-44da-8235-e2176fcddb81 0.095s
2025-12-09 02:46:29.615 66330 INFO tempest.lib.common.rest_client [req-60eaffa3-247e-4920-8054-dc250a988f06 req-60eaffa3-247e-4920-8054-dc250a988f06 ] Request (ImagesMetadataTestJSON:setUpClass): 201 POST http://10.180.1.21/identity/v3/auth/tokens 0.080s
2025-12-09 02:46:29.687 66344 INFO tempest.lib.common.rest_client [req-5deb9644-133f-4835-972d-7a9944ac1b51 req-5deb9644-133f-4835-972d-7a9944ac1b51 ] Request (ServerExternalEventsTest:tearDownClass): 204 DELETE http://10.180.1.21/identity/v3/projects/b70f952104ad444fb290980f34c422c7 0.095s
2025-12-09 02:46:29.737 66330 INFO tempest.lib.common.rest_client [req-d2298172-0bc0-4473-a58c-830e333969dd req-d2298172-0bc0-4473-a58c-830e333969dd ] Request (ImagesMetadataTestJSON:setUpClass): 201 POST http://10.180.1.21/identity/v3/auth/tokens 0.116s
2025-12-09 02:46:29.770 66384 WARNING tempest.lib.common.ssh [-] Failed to establish authenticated ssh connection to cirros@10.180.180.163 ([Errno None] Unable to connect to port 22 on 10.180.180.163). Number attempts: 13. Retry after 14 seconds.: paramiko.ssh_exception.NoValidConnectionsError: [Errno None] Unable to connect to port 22 on 10.180.180.163
2025-12-09 02:46:29.782 66344 INFO tempest.lib.common.rest_client [req-79a8494c-24d7-4853-be85-00f28cc230e1 req-79a8494c-24d7-4853-be85-00f28cc230e1 ] Request (ServersAdminNegativeTestJSON:setUpClass): 201 POST http://10.180.1.21/identity/v3/auth/tokens 0.092s
2025-12-09 02:46:29.818 66330 INFO tempest.lib.common.rest_client [req-9d2068ae-89e1-4da5-9bc6-70c85ff03778 req-9d2068ae-89e1-4da5-9bc6-70c85ff03778 ] Request (ImagesMetadataTestJSON:setUpClass): 200 GET http://10.180.1.21/identity/v3/domains?name=Default 0.080s
2025-12-09 02:46:29.851 66344 INFO tempest.lib.common.rest_client [req-5791a523-34f2-4b14-ae91-0370bc2b5213 req-5791a523-34f2-4b14-ae91-0370bc2b5213 ] Request (ServersAdminNegativeTestJSON:setUpClass): 201 POST http://10.180.1.21/identity/v3/auth/tokens 0.065s
2025-12-09 02:46:29.885 66330 INFO tempest.lib.common.rest_client [req-9c4553f0-abbd-40bb-8088-4372d4803918 req-9c4553f0-abbd-40bb-8088-4372d4803918 ] Request (ImagesMetadataTestJSON:setUpClass): 201 POST http://10.180.1.21/identity/v3/projects 0.067s
2025-12-09 02:46:29.961 66344 INFO tempest.lib.common.rest_client [req-495b0fbd-12ce-47fa-b294-01dbd9f59978 req-495b0fbd-12ce-47fa-b294-01dbd9f59978 ] Request (ServersAdminNegativeTestJSON:setUpClass): 200 GET http://10.180.1.21/identity/v3/domains?name=Default 0.109s
2025-12-09 02:46:29.970 66326 INFO tempest.lib.common.rest_client [req-3503a17f-a10a-44cb-8878-03130021f996 req-3503a17f-a10a-44cb-8878-03130021f996 ] Request (FloatingIPsAssociationTestJSON:test_associate_already_associated_floating_ip): 202 POST http://10.180.1.21/compute/v2.1/servers/e3021837-5c4a-49a9-a70e-8463f828faee/action 5.091s
2025-12-09 02:46:29.991 66330 INFO tempest.lib.common.rest_client [req-70d2e6e7-e950-4b75-9e8e-5fd5e6fb04cc req-70d2e6e7-e950-4b75-9e8e-5fd5e6fb04cc ] Request (ImagesMetadataTestJSON:setUpClass): 201 POST http://10.180.1.21/identity/v3/users 0.103s
2025-12-09 02:46:30.021 66344 INFO tempest.lib.common.rest_client [req-32d0c1a3-5a95-4454-9db0-bfa1ff6ef851 req-32d0c1a3-5a95-4454-9db0-bfa1ff6ef851 ] Request (ServersAdminNegativeTestJSON:setUpClass): 201 POST http://10.180.1.21/identity/v3/projects 0.058s
2025-12-09 02:46:30.090 66330 INFO tempest.lib.common.rest_client [req-ac040dac-1c65-4e76-9ec8-fff20bd83b10 req-ac040dac-1c65-4e76-9ec8-fff20bd83b10 ] Request (ImagesMetadataTestJSON:setUpClass): 200 GET http://10.180.1.21/identity/v3/roles 0.099s
2025-12-09 02:46:30.103 66372 INFO tempest.lib.common.rest_client [req-1f065e2f-578e-4fee-996b-1da578400077 req-1f065e2f-578e-4fee-996b-1da578400077 ] Request (ServerMetadataTestJSON:tearDownClass): 204 DELETE http://10.180.1.21/compute/v2.1/servers/45e3107e-011f-49bc-ac3f-4421c4708b5d 2.713s
2025-12-09 02:46:30.128 66330 INFO tempest.lib.common.rest_client [req-6553e933-197e-4d78-bd4f-01bc9165e6af req-6553e933-197e-4d78-bd4f-01bc9165e6af ] Request (ImagesMetadataTestJSON:setUpClass): 204 PUT http://10.180.1.21/identity/v3/projects/b04fd101505f456ab2b2046b5b4f0619/users/f55c06391603438db2e2a184d09f55a9/roles/60f7d8506966464586a94c2d51f4e7a6 0.037s
2025-12-09 02:46:30.128 66330 INFO tempest.lib.common.dynamic_creds [-] Dynamic test user f55c06391603438db2e2a184d09f55a9 is created with scope project and roles: ['member']
2025-12-09 02:46:30.129 66330 INFO tempest.lib.common.dynamic_creds [-] Acquired dynamic creds: credentials: Credentials: {'domain_id': 'default', 'domain_name': 'Default', 'username': 'tempest-ImagesMetadataTestJSON-130373073-project-member', 'project_domain_id': 'default', 'project_domain_name': 'Default', 'project_id': 'b04fd101505f456ab2b2046b5b4f0619', 'project_name': 'tempest-ImagesMetadataTestJSON-130373073', 'tenant_id': 'b04fd101505f456ab2b2046b5b4f0619', 'tenant_name': 'tempest-ImagesMetadataTestJSON-130373073', 'user_domain_id': 'default', 'user_domain_name': 'Default', 'user_id': 'f55c06391603438db2e2a184d09f55a9', 'system': None}, Network: None, Subnet: None, Router: None
2025-12-09 02:46:30.129 66330 INFO tempest.lib.common.dynamic_creds [-] Created isolated network resources for: credentials: Credentials: {'domain_id': 'default', 'domain_name': 'Default', 'username': 'tempest-ImagesMetadataTestJSON-130373073-project-member', 'project_domain_id': 'default', 'project_domain_name': 'Default', 'project_id': 'b04fd101505f456ab2b2046b5b4f0619', 'project_name': 'tempest-ImagesMetadataTestJSON-130373073', 'tenant_id': 'b04fd101505f456ab2b2046b5b4f0619', 'tenant_name': 'tempest-ImagesMetadataTestJSON-130373073', 'user_domain_id': 'default', 'user_domain_name': 'Default', 'user_id': 'f55c06391603438db2e2a184d09f55a9', 'system': None}, Network: None, Subnet: None, Router: None
2025-12-09 02:46:30.145 66344 INFO tempest.lib.common.rest_client [req-304f9f38-10de-4a1a-8e76-d443d5c9cb8e req-304f9f38-10de-4a1a-8e76-d443d5c9cb8e ] Request (ServersAdminNegativeTestJSON:setUpClass): 201 POST http://10.180.1.21/identity/v3/users 0.124s
2025-12-09 02:46:30.183 66364 INFO tempest.lib.common.rest_client [req-1e4e6725-fe14-432e-9a90-95d68f0e1e4a req-1e4e6725-fe14-432e-9a90-95d68f0e1e4a ] Request (ServerActionsTestOtherB:test_create_backup): 202 POST http://10.180.1.21/compute/v2.1/servers/0759b710-7c02-4edf-9287-1ea0033a51ef/action 2.855s
2025-12-09 02:46:30.204 66344 INFO tempest.lib.common.rest_client [req-56966d11-0046-47ad-bb79-b866869a9392 req-56966d11-0046-47ad-bb79-b866869a9392 ] Request (ServersAdminNegativeTestJSON:setUpClass): 200 GET http://10.180.1.21/identity/v3/roles 0.058s
2025-12-09 02:46:30.211 66364 INFO tempest.lib.common.rest_client [req-6b6df7c1-8f6c-442a-a857-d773e72d03a5 req-6b6df7c1-8f6c-442a-a857-d773e72d03a5 ] Request (ServerActionsTestOtherB:test_create_backup): 200 GET http://10.180.1.21/image/v2/images/0b29b0f4-1a60-4011-bed4-7010625f73bc 0.026s
2025-12-09 02:46:30.238 66344 INFO tempest.lib.common.rest_client [req-44e06d2b-63fa-4bc8-9c1f-ffd72fb26d3d req-44e06d2b-63fa-4bc8-9c1f-ffd72fb26d3d ] Request (ServersAdminNegativeTestJSON:setUpClass): 204 PUT http://10.180.1.21/identity/v3/projects/06dc83c3f60a433dad3ad4f5595ef41b/users/26fb2ce1f9194def93d2affa77873737/roles/60f7d8506966464586a94c2d51f4e7a6 0.034s
2025-12-09 02:46:30.239 66344 INFO tempest.lib.common.dynamic_creds [-] Dynamic test user 26fb2ce1f9194def93d2affa77873737 is created with scope project and roles: ['member']
2025-12-09 02:46:30.239 66344 INFO tempest.lib.common.dynamic_creds [-] Acquired dynamic creds: credentials: Credentials: {'domain_id': 'default', 'domain_name': 'Default', 'username': 'tempest-ServersAdminNegativeTestJSON-1663123252-project-member', 'project_domain_id': 'default', 'project_domain_name': 'Default', 'project_id': '06dc83c3f60a433dad3ad4f5595ef41b', 'project_name': 'tempest-ServersAdminNegativeTestJSON-1663123252', 'tenant_id': '06dc83c3f60a433dad3ad4f5595ef41b', 'tenant_name': 'tempest-ServersAdminNegativeTestJSON-1663123252', 'user_domain_id': 'default', 'user_domain_name': 'Default', 'user_id': '26fb2ce1f9194def93d2affa77873737', 'system': None}, Network: None, Subnet: None, Router: None
2025-12-09 02:46:30.239 66344 INFO tempest.lib.common.dynamic_creds [-] Created isolated network resources for: credentials: Credentials: {'domain_id': 'default', 'domain_name': 'Default', 'username': 'tempest-ServersAdminNegativeTestJSON-1663123252-project-member', 'project_domain_id': 'default', 'project_domain_name': 'Default', 'project_id': '06dc83c3f60a433dad3ad4f5595ef41b', 'project_name': 'tempest-ServersAdminNegativeTestJSON-1663123252', 'tenant_id': '06dc83c3f60a433dad3ad4f5595ef41b', 'tenant_name': 'tempest-ServersAdminNegativeTestJSON-1663123252', 'user_domain_id': 'default', 'user_domain_name': 'Default', 'user_id': '26fb2ce1f9194def93d2affa77873737', 'system': None}, Network: None, Subnet: None, Router: None
2025-12-09 02:46:30.240 66330 INFO tempest.lib.common.rest_client [req-4c9a5169-0f00-40bc-a28e-ca78258acb9f req-4c9a5169-0f00-40bc-a28e-ca78258acb9f ] Request (ImagesMetadataTestJSON:setUpClass): 201 POST http://10.180.1.21/identity/v3/auth/tokens 0.107s
2025-12-09 02:46:30.266 66346 INFO tempest.lib.common.rest_client [req-b8e5b1d5-e05a-4026-8740-bc2dca43e368 req-b8e5b1d5-e05a-4026-8740-bc2dca43e368 ] Request (ListServerFiltersTestJSON:test_list_servers_filter_by_shutoff_status): 202 POST http://10.180.1.21/compute/v2.1/servers/1412908a-8e00-452b-b8d4-117d7b3a329c/action 2.620s
2025-12-09 02:46:30.345 66344 INFO tempest.lib.common.rest_client [req-93cefede-bf70-432a-ada4-9b16244af02e req-93cefede-bf70-432a-ada4-9b16244af02e ] Request (ServersAdminNegativeTestJSON:setUpClass): 201 POST http://10.180.1.21/identity/v3/auth/tokens 0.101s
2025-12-09 02:46:30.414 66328 INFO tempest.lib.common.rest_client [req-f72c383c-91f4-4226-b225-efb4903c6c0d req-f72c383c-91f4-4226-b225-efb4903c6c0d ] Request (ServersTestJSON:test_list_servers_with_detail): 200 GET http://10.180.1.21/compute/v2.1/servers/detail 2.862s
2025-12-09 02:46:30.437 66344 INFO tempest.lib.common.rest_client [req-f32d3b48-c58b-4a87-94ee-c44d3eb3e00f req-f32d3b48-c58b-4a87-94ee-c44d3eb3e00f ] Request (ServersAdminNegativeTestJSON:setUpClass): 201 POST http://10.180.1.21/identity/v3/projects 0.091s
2025-12-09 02:46:30.457 66353 INFO tempest.lib.common.rest_client [req-6058961d-a888-4efa-9306-a2da078772b4 req-6058961d-a888-4efa-9306-a2da078772b4 ] Request (ServerDiagnosticsNegativeTest:test_get_server_diagnostics_by_non_admin): 200 GET http://10.180.1.21/compute/v2.1/servers/5ca05724-d59b-4240-965c-3b83bcdc1b6b 2.503s
2025-12-09 02:46:30.464 66353 INFO tempest.common.waiters [-] State transition "BUILD/block_device_mapping" ==> "BUILD/spawning" after 39 second wait
2025-12-09 02:46:30.498 66344 INFO tempest.lib.common.rest_client [req-559e5048-bae9-48ef-95d2-c8ad6d778198 req-559e5048-bae9-48ef-95d2-c8ad6d778198 ] Request (ServersAdminNegativeTestJSON:setUpClass): 201 POST http://10.180.1.21/identity/v3/users 0.060s
2025-12-09 02:46:30.526 66344 INFO tempest.lib.common.rest_client [req-a80d3288-834d-45b2-81dc-ab00c35ff07b req-a80d3288-834d-45b2-81dc-ab00c35ff07b ] Request (ServersAdminNegativeTestJSON:setUpClass): 200 GET http://10.180.1.21/identity/v3/roles 0.027s
2025-12-09 02:46:30.550 66356 INFO tempest.lib.common.rest_client [req-9bf5cf83-8889-434d-ab34-76ae0d132a62 req-9bf5cf83-8889-434d-ab34-76ae0d132a62 ] Request (AttachInterfacesV270Test:test_create_get_list_interfaces): 200 GET http://10.180.1.21/compute/v2.1/servers/a2067cce-bbd5-4115-9815-d1998e3fefce 2.569s
2025-12-09 02:46:30.555 66344 INFO tempest.lib.common.rest_client [req-3ae2911e-47c5-43cd-b883-f6c06a05fb3a req-3ae2911e-47c5-43cd-b883-f6c06a05fb3a ] Request (ServersAdminNegativeTestJSON:setUpClass): 204 PUT http://10.180.1.21/identity/v3/projects/e83d6dd4abc24045883af0422e8a3f3b/users/54b1e2ac2ece4499afb8da755b54b8b3/roles/6cf6c77be62b4378bed091e7dcd9bcc2 0.029s
2025-12-09 02:46:30.560 66356 INFO tempest.common.waiters [-] State transition "BUILD/spawning" ==> "ACTIVE/None" after 50 second wait
2025-12-09 02:46:30.604 66344 INFO tempest.lib.common.rest_client [req-4ea69469-3e24-404a-ab5c-b8931c280696 req-4ea69469-3e24-404a-ab5c-b8931c280696 ] Request (ServersAdminNegativeTestJSON:setUpClass): 200 GET http://10.180.1.21/identity/v3/roles 0.049s
2025-12-09 02:46:30.623 66344 INFO tempest.lib.common.rest_client [req-61681ba0-ec07-4f5d-b168-1af006b833d1 req-61681ba0-ec07-4f5d-b168-1af006b833d1 ] Request (ServersAdminNegativeTestJSON:setUpClass): 204 PUT http://10.180.1.21/identity/v3/projects/e83d6dd4abc24045883af0422e8a3f3b/users/54b1e2ac2ece4499afb8da755b54b8b3/roles/6cf6c77be62b4378bed091e7dcd9bcc2 0.018s
2025-12-09 02:46:30.623 66344 INFO tempest.lib.common.dynamic_creds [-] Dynamic test user 54b1e2ac2ece4499afb8da755b54b8b3 is created with scope project and roles: ['admin']
2025-12-09 02:46:30.624 66344 INFO tempest.lib.common.dynamic_creds [-] Acquired dynamic creds: credentials: Credentials: {'domain_id': 'default', 'domain_name': 'Default', 'username': 'tempest-ServersAdminNegativeTestJSON-184206481-project-admin', 'project_domain_id': 'default', 'project_domain_name': 'Default', 'project_id': 'e83d6dd4abc24045883af0422e8a3f3b', 'project_name': 'tempest-ServersAdminNegativeTestJSON-184206481', 'tenant_id': 'e83d6dd4abc24045883af0422e8a3f3b', 'tenant_name': 'tempest-ServersAdminNegativeTestJSON-184206481', 'user_domain_id': 'default', 'user_domain_name': 'Default', 'user_id': '54b1e2ac2ece4499afb8da755b54b8b3', 'system': None}, Network: None, Subnet: None, Router: None
2025-12-09 02:46:30.624 66344 INFO tempest.lib.common.dynamic_creds [-] Created isolated network resources for: credentials: Credentials: {'domain_id': 'default', 'domain_name': 'Default', 'username': 'tempest-ServersAdminNegativeTestJSON-184206481-project-admin', 'project_domain_id': 'default', 'project_domain_name': 'Default', 'project_id': 'e83d6dd4abc24045883af0422e8a3f3b', 'project_name': 'tempest-ServersAdminNegativeTestJSON-184206481', 'tenant_id': 'e83d6dd4abc24045883af0422e8a3f3b', 'tenant_name': 'tempest-ServersAdminNegativeTestJSON-184206481', 'user_domain_id': 'default', 'user_domain_name': 'Default', 'user_id': '54b1e2ac2ece4499afb8da755b54b8b3', 'system': None}, Network: None, Subnet: None, Router: None
2025-12-09 02:46:30.656 66358 INFO tempest.lib.common.rest_client [req-146637cc-346a-4a6b-9b55-6d8778ef60ee req-146637cc-346a-4a6b-9b55-6d8778ef60ee ] Request (SecurityGroupsTestJSON:test_server_security_groups): 200 GET http://10.180.1.21/compute/v2.1/servers/00b83262-827a-4f5d-bbfa-7fac002b81ff 2.609s
2025-12-09 02:46:30.668 66358 INFO tempest.common.waiters [-] State transition "BUILD/None" ==> "BUILD/block_device_mapping" after 39 second wait
2025-12-09 02:46:30.719 66330 INFO tempest.lib.common.rest_client [req-7210a136-1f4e-4f8a-a2ed-bd601d7c911d req-7210a136-1f4e-4f8a-a2ed-bd601d7c911d ] Request (ImagesMetadataTestJSON:setUpClass): 201 POST http://10.180.1.21/image/v2/images 0.478s
2025-12-09 02:46:30.724 66344 INFO tempest.lib.common.rest_client [req-4f9ab8cf-22ab-43ce-9ae0-1b460eb2ba38 req-4f9ab8cf-22ab-43ce-9ae0-1b460eb2ba38 ] Request (ServersAdminNegativeTestJSON:setUpClass): 201 POST http://10.180.1.21/identity/v3/auth/tokens 0.096s
2025-12-09 02:46:30.730 66376 INFO tempest.lib.common.rest_client [req-89d88ed2-8b96-4e8f-b49e-e5326397ea97 req-89d88ed2-8b96-4e8f-b49e-e5326397ea97 ] Request (ServersTestMultiNic:test_verify_multiple_nics_order): 200 GET http://10.180.1.21/compute/v2.1/servers/d425bd73-3051-4ed8-b1fa-a9e5f9599f7e 2.641s
2025-12-09 02:46:30.739 66340 INFO tempest.lib.common.rest_client [req-46993f04-723e-4211-bc1b-1546d4dce08f req-46993f04-723e-4211-bc1b-1546d4dce08f ] Request (ImagesOneServerTestJSON:test_create_delete_image): 404 GET http://10.180.1.21/compute/v2.1/images/d8deb775-858f-4106-8053-c92d951b2b0f 2.724s
2025-12-09 02:46:30.822 66344 INFO tempest.lib.common.rest_client [req-c6754288-3c51-40e0-aaa9-f92d7f40d0c2 req-c6754288-3c51-40e0-aaa9-f92d7f40d0c2 ] Request (ServersAdminNegativeTestJSON:setUpClass): 201 POST http://10.180.1.21/identity/v3/auth/tokens 0.090s
2025-12-09 02:46:30.822 66344 INFO tempest.lib.common.fixed_network [-] (ServersAdminNegativeTestJSON:setUpClass) Found network None available for tenant
2025-12-09 02:46:30.842 66375 INFO tempest.lib.common.rest_client [req-ee961d38-0818-406a-a10c-1cbc07093314 req-ee961d38-0818-406a-a10c-1cbc07093314 ] Request (AttachVolumeShelveTestJSON:test_attach_volume_shelved_or_offload_server): 200 GET http://10.180.1.21/compute/v2.1/servers/7912c30b-6f47-4887-bf1f-99c5dc05daea 2.714s
2025-12-09 02:46:30.855 66338 INFO tempest.lib.common.rest_client [req-664d4cdc-3940-46fa-8b7b-487c01e5ebde req-664d4cdc-3940-46fa-8b7b-487c01e5ebde ] Request (ServerRescueTestJSON:setUpClass): 200 GET http://10.180.1.21/compute/v2.1/servers/5ff7b86a-4ec8-4c1a-841c-f11acaac04a5 2.681s
2025-12-09 02:46:30.904 66336 INFO tempest.lib.common.rest_client [req-d98579d8-a931-4a22-8f18-71c69271e5bf req-d98579d8-a931-4a22-8f18-71c69271e5bf ] Request (MultipleCreateTestJSON:test_multiple_create_with_reservation_return): 200 GET http://10.180.1.21/compute/v2.1/servers/ab217784-b4c2-4e53-a85f-5bb158e09be2 2.610s
2025-12-09 02:46:30.957 66362 INFO tempest.lib.common.rest_client [req-62e5a36a-800e-49b0-a63f-a0787af20d1f req-62e5a36a-800e-49b0-a63f-a0787af20d1f ] Request (ServerAddressesNegativeTestJSON:setUpClass): 200 GET http://10.180.1.21/compute/v2.1/servers/ee629273-c5f8-4c48-b8a6-6eb08f5a89e8 2.592s
2025-12-09 02:46:31.019 66342 INFO tempest.lib.common.rest_client [req-a21e4ac4-bf48-41ed-9fba-4fd1568fe197 req-a21e4ac4-bf48-41ed-9fba-4fd1568fe197 ] Request (ServersAdminTestJSON:setUpClass): 200 GET http://10.180.1.21/compute/v2.1/servers/d3285451-a918-4ace-a84f-5b579af62d10 2.595s
2025-12-09 02:46:31.028 66342 INFO tempest.common.waiters [-] State transition "BUILD/scheduling" ==> "BUILD/None" after 12 second wait
2025-12-09 02:46:31.362 66330 INFO tempest.lib.common.rest_client [req-b1ca5e9b-6719-42c4-8eae-aeee608b9631 req-b1ca5e9b-6719-42c4-8eae-aeee608b9631 ] Request (ImagesMetadataTestJSON:setUpClass): 204 PUT http://10.180.1.21/image/v2/images/08e4bc95-8cee-4bb8-b955-7acc6d1ddf1e/file 0.642s
2025-12-09 02:46:31.407 66364 INFO tempest.lib.common.rest_client [req-90971afd-a42c-416b-b31c-b0f31e9e95a2 req-90971afd-a42c-416b-b31c-b0f31e9e95a2 ] Request (ServerActionsTestOtherB:test_create_backup): 200 GET http://10.180.1.21/image/v2/images/0b29b0f4-1a60-4011-bed4-7010625f73bc 0.195s
2025-12-09 02:46:31.418 66348 INFO tempest.lib.common.rest_client [req-9ba46234-ee7b-4ede-b29f-d1f65db618fa req-9ba46234-ee7b-4ede-b29f-d1f65db618fa ] Request (ImagesTestJSON:test_create_image_from_suspended_server): 200 GET http://10.180.1.21/compute/v2.1/images/9ad773fd-5280-4c8d-b3f0-8c97a3e000f2 3.060s
2025-12-09 02:46:31.484 66378 INFO tempest.lib.common.rest_client [req-be74b915-60d9-4d7a-b7c7-2f39b744e20c req-be74b915-60d9-4d7a-b7c7-2f39b744e20c ] Request (TenantUsagesTestJSON:tearDownClass): 200 GET http://10.180.1.21/compute/v2.1/servers/c2b9689e-d33d-4818-96d0-be90bb58cb40 2.998s
2025-12-09 02:46:31.511 66370 INFO tempest.lib.common.rest_client [req-bcaa4aa3-0d66-4b7e-a1f7-e9912eb413f3 req-bcaa4aa3-0d66-4b7e-a1f7-e9912eb413f3 ] Request (MigrationsAdminTest:test_resize_server_revert_deleted_flavor): 200 POST http://10.180.1.21/compute/v2.1/flavors/e015376c-6b64-40d8-9586-9a402c949d89/os-extra_specs 3.020s
2025-12-09 02:46:31.553 66380 INFO tempest.lib.common.rest_client [req-ae2371be-1e80-485a-8a77-b78a31f8aa3c req-ae2371be-1e80-485a-8a77-b78a31f8aa3c ] Request (ListImageFiltersTestJSON:test_list_images_with_detail_filter_by_name): 200 GET http://10.180.1.21/compute/v2.1/images/detail?name=tempest-ListImageFiltersTestJSON-image-1763989586 2.993s
2025-12-09 02:46:31.566 66360 INFO tempest.lib.common.rest_client [req-fcfb99d3-9a82-4ada-806b-7cbbe07b6315 req-fcfb99d3-9a82-4ada-806b-7cbbe07b6315 ] Request (ServersListShow2100Test:test_list_show_rebuild_update_server_2100): 202 POST http://10.180.1.21/compute/v2.1/servers/3d219085-4f91-44c7-a9bf-07165716a514/action 3.082s
2025-12-09 02:46:31.597 66370 INFO tempest.lib.common.rest_client [req-bc1dea15-1d32-45c0-b8e7-7bb589652a2a req-bc1dea15-1d32-45c0-b8e7-7bb589652a2a ] Request (MigrationsAdminTest:test_resize_server_revert_deleted_flavor): 201 POST http://10.180.1.21/identity/v3/auth/tokens 0.081s
2025-12-09 02:46:31.597 66370 INFO tempest.lib.common.fixed_network [-] (MigrationsAdminTest:test_resize_server_revert_deleted_flavor) Found network None available for tenant
2025-12-09 02:46:31.622 66350 INFO tempest.lib.common.rest_client [req-a9840f10-0e29-4480-8741-5ea5804aa152 req-a9840f10-0e29-4480-8741-5ea5804aa152 ] Request (ServersWithSpecificFlavorTestJSON:test_verify_created_server_ephemeral_disk): 200 GET http://10.180.1.21/compute/v2.1/servers/818683c1-3707-4843-ace5-f4d71923e5e4 3.032s
2025-12-09 02:46:31.638 66322 INFO tempest.lib.common.rest_client [req-0a3b7c35-f715-47ae-886e-0cf5692ab5f8 req-0a3b7c35-f715-47ae-886e-0cf5692ab5f8 ] Request (ServerGroupTestJSON:_run_cleanups): 200 GET http://10.180.1.21/compute/v2.1/servers/7025a495-1c82-4868-904f-fb93aaeb10e3 2.893s
2025-12-09 02:46:31.988 66354 INFO tempest.lib.common.rest_client [req-35880972-ae15-4350-9121-aa3d9ad153ee req-35880972-ae15-4350-9121-aa3d9ad153ee ] Request (ServersV294TestFqdnHostnames:setUpClass): 200 GET http://10.180.1.21/compute/v2.1/servers/a6055c57-9ea5-43d6-9ee8-c00d330561a4 1.931s
2025-12-09 02:46:32.025 66326 INFO tempest.lib.common.rest_client [req-268a1056-b79d-4f12-80de-d1c8bf586bdb req-268a1056-b79d-4f12-80de-d1c8bf586bdb ] Request (FloatingIPsAssociationTestJSON:test_associate_already_associated_floating_ip): 409 POST http://10.180.1.21/compute/v2.1/servers/4099aaf9-5cf6-47da-ae3f-17680b448e2e/action 2.054s
2025-12-09 02:46:32.110 66324 INFO tempest.lib.common.rest_client [req-8148be2d-6eb4-4cb6-a3e7-bf02c144aec4 req-8148be2d-6eb4-4cb6-a3e7-bf02c144aec4 ] Request (ServerMetadataNegativeTestJSON:tearDownClass): 200 GET http://10.180.1.21/compute/v2.1/servers/4ea6a1af-86a5-4455-9760-38a21b4c9b74 1.900s
2025-12-09 02:46:32.141 66372 INFO tempest.lib.common.rest_client [req-ac05950d-2d3c-49c7-a0ae-789be9824aa7 req-ac05950d-2d3c-49c7-a0ae-789be9824aa7 ] Request (ServerMetadataTestJSON:tearDownClass): 200 GET http://10.180.1.21/compute/v2.1/servers/45e3107e-011f-49bc-ac3f-4421c4708b5d 2.037s
2025-12-09 02:46:32.232 66334 INFO tempest.lib.common.rest_client [req-3b2dca6a-3fb3-44f8-ba4a-9ecaf96c6506 req-3b2dca6a-3fb3-44f8-ba4a-9ecaf96c6506 ] Request (ListServersNegativeTestJSON:tearDownClass): 200 GET http://10.180.1.21/compute/v2.1/servers/90549f67-abb3-49ed-be84-c4cafe33e85b 1.829s
2025-12-09 02:46:32.245 66328 INFO tempest.lib.common.rest_client [req-b4941730-c8aa-4cbf-94b0-2f2edd776a73 req-b4941730-c8aa-4cbf-94b0-2f2edd776a73 ] Request (ServersTestJSON:test_verify_created_server_vcpus): 200 GET http://10.180.1.21/compute/v2.1/flavors/42 1.819s
2025-12-09 02:46:32.249 66328 INFO tempest.lib.common.ssh [-] Creating ssh connection to '10.180.180.142:22' as 'cirros' with public key authentication
2025-12-09 02:46:32.261 66346 INFO tempest.lib.common.rest_client [req-5cc0efff-c6a5-4478-a5bd-c4edb5dacbe1 req-5cc0efff-c6a5-4478-a5bd-c4edb5dacbe1 ] Request (ListServerFiltersTestJSON:test_list_servers_filter_by_shutoff_status): 200 GET http://10.180.1.21/compute/v2.1/servers/1412908a-8e00-452b-b8d4-117d7b3a329c 1.995s
2025-12-09 02:46:32.264 66328 INFO paramiko.transport [-] Connected (version 2.0, client dropbear_2020.81)
2025-12-09 02:46:32.323 66367 INFO tempest.lib.common.rest_client [req-485c87fc-750c-4983-ab89-b17cf30f1701 req-485c87fc-750c-4983-ab89-b17cf30f1701 ] Request (ImagesOneServerNegativeTestJSON:_run_cleanups): 200 GET http://10.180.1.21/compute/v2.1/servers/97c40a45-c939-4bae-bcc7-4889830efed8 1.844s
2025-12-09 02:46:32.370 66328 INFO paramiko.transport [-] Authentication (publickey) successful!
2025-12-09 02:46:32.370 66328 INFO tempest.lib.common.ssh [-] ssh connection to cirros@10.180.180.142 successfully created
2025-12-09 02:46:32.773 66364 INFO tempest.lib.common.rest_client [req-7f9c0c2b-1e4f-48ff-b161-7079b39435bf req-7f9c0c2b-1e4f-48ff-b161-7079b39435bf ] Request (ServerActionsTestOtherB:test_create_backup): 200 GET http://10.180.1.21/image/v2/images/0b29b0f4-1a60-4011-bed4-7010625f73bc 0.362s
2025-12-09 02:46:32.814 66340 INFO tempest.lib.common.rest_client [req-3309bb95-a4c2-430a-8c54-182dd736624b req-3309bb95-a4c2-430a-8c54-182dd736624b ] Request (ImagesOneServerTestJSON:test_create_image_specify_multibyte_character_image_name): 202 POST http://10.180.1.21/compute/v2.1/servers/8347d523-b9d6-472b-93f5-cc1017162fdc/action 2.072s
2025-12-09 02:46:33.142 66344 INFO tempest.lib.common.rest_client [req-fceca78a-fcd0-4140-b500-e5a2bf35017b req-fceca78a-fcd0-4140-b500-e5a2bf35017b ] Request (ServersAdminNegativeTestJSON:setUpClass): 202 POST http://10.180.1.21/compute/v2.1/servers 2.319s
2025-12-09 02:46:33.182 66330 INFO tempest.lib.common.rest_client [req-15a35bd9-395f-4be5-b466-e701cfcefecc req-15a35bd9-395f-4be5-b466-e701cfcefecc ] Request (ImagesMetadataTestJSON:setUpClass): 200 GET http://10.180.1.21/compute/v2.1/images/08e4bc95-8cee-4bb8-b955-7acc6d1ddf1e 1.819s
2025-12-09 02:46:33.372 66353 INFO tempest.lib.common.rest_client [req-dea82c33-5c97-4563-8ccf-ac61794be232 req-dea82c33-5c97-4563-8ccf-ac61794be232 ] Request (ServerDiagnosticsNegativeTest:test_get_server_diagnostics_by_non_admin): 200 GET http://10.180.1.21/compute/v2.1/servers/5ca05724-d59b-4240-965c-3b83bcdc1b6b 1.905s
2025-12-09 02:46:33.421 66380 INFO tempest.lib.common.rest_client [req-b02f3e9e-b72e-44ea-8ed0-5d932fb1db3c req-b02f3e9e-b72e-44ea-8ed0-5d932fb1db3c ] Request (ListImageFiltersTestJSON:test_list_images_with_detail_filter_by_server_ref): 200 GET http://10.180.1.21/compute/v2.1/images/detail?server=http%3A%2F%2F10.180.1.21%2Fcompute%2Fv2.1%2Fservers%2F447aee87-9326-4d07-b2a3-c2295ada517a 1.863s
2025-12-09 02:46:33.499 66360 INFO tempest.lib.common.rest_client [req-3d490233-e07e-43db-a048-449ce2f868ff req-3d490233-e07e-43db-a048-449ce2f868ff ] Request (ServersListShow2100Test:test_list_show_rebuild_update_server_2100): 200 GET http://10.180.1.21/compute/v2.1/servers/3d219085-4f91-44c7-a9bf-07165716a514 1.914s
2025-12-09 02:46:33.797 66364 INFO tempest.lib.common.rest_client [req-cd41f85e-88ee-445a-9f62-6cc54010cd56 req-cd41f85e-88ee-445a-9f62-6cc54010cd56 ] Request (ServerActionsTestOtherB:test_create_backup): 200 GET http://10.180.1.21/image/v2/images/0b29b0f4-1a60-4011-bed4-7010625f73bc 0.023s
2025-12-09 02:46:33.799 66370 INFO tempest.lib.common.rest_client [req-922d2efd-5272-4a6a-ba77-f2021e007d1b req-922d2efd-5272-4a6a-ba77-f2021e007d1b ] Request (MigrationsAdminTest:test_resize_server_revert_deleted_flavor): 202 POST http://10.180.1.21/compute/v2.1/servers 2.201s
2025-12-09 02:46:33.944 66358 INFO tempest.lib.common.rest_client [req-2061ff30-582b-4d02-850a-ee1abdcbd6a3 req-2061ff30-582b-4d02-850a-ee1abdcbd6a3 ] Request (SecurityGroupsTestJSON:test_server_security_groups): 200 GET http://10.180.1.21/compute/v2.1/servers/00b83262-827a-4f5d-bbfa-7fac002b81ff 2.274s
2025-12-09 02:46:33.956 66358 INFO tempest.common.waiters [-] State transition "BUILD/block_device_mapping" ==> "BUILD/spawning" after 42 second wait
2025-12-09 02:46:34.001 66376 INFO tempest.lib.common.rest_client [req-6830c804-be33-4ab3-9c22-c853e313073e req-6830c804-be33-4ab3-9c22-c853e313073e ] Request (ServersTestMultiNic:test_verify_multiple_nics_order): 200 GET http://10.180.1.21/compute/v2.1/servers/d425bd73-3051-4ed8-b1fa-a9e5f9599f7e 2.262s
2025-12-09 02:46:34.061 66375 INFO tempest.lib.common.rest_client [req-b3a7e03e-a6db-4663-a949-8eafee63266b req-b3a7e03e-a6db-4663-a949-8eafee63266b ] Request (AttachVolumeShelveTestJSON:test_attach_volume_shelved_or_offload_server): 200 GET http://10.180.1.21/compute/v2.1/servers/7912c30b-6f47-4887-bf1f-99c5dc05daea 2.209s
2025-12-09 02:46:34.125 66338 INFO tempest.lib.common.rest_client [req-cc043932-30a5-43c9-a8c3-e390af374c7f req-cc043932-30a5-43c9-a8c3-e390af374c7f ] Request (ServerRescueTestJSON:setUpClass): 200 GET http://10.180.1.21/compute/v2.1/servers/5ff7b86a-4ec8-4c1a-841c-f11acaac04a5 2.260s
2025-12-09 02:46:34.180 66336 INFO tempest.lib.common.rest_client [req-b08c8a0d-8a3d-4ceb-bac9-47cb04982db3 req-b08c8a0d-8a3d-4ceb-bac9-47cb04982db3 ] Request (MultipleCreateTestJSON:test_multiple_create_with_reservation_return): 200 GET http://10.180.1.21/compute/v2.1/servers/ab217784-b4c2-4e53-a85f-5bb158e09be2 2.266s
2025-12-09 02:46:34.239 66362 INFO tempest.lib.common.rest_client [req-a8f1754d-1efa-4476-9a49-6ad210a70abf req-a8f1754d-1efa-4476-9a49-6ad210a70abf ] Request (ServerAddressesNegativeTestJSON:setUpClass): 200 GET http://10.180.1.21/compute/v2.1/servers/ee629273-c5f8-4c48-b8a6-6eb08f5a89e8 2.272s
2025-12-09 02:46:34.818 66364 INFO tempest.lib.common.rest_client [req-74e71688-f329-4c7c-8436-4b4d9f8db4f4 req-74e71688-f329-4c7c-8436-4b4d9f8db4f4 ] Request (ServerActionsTestOtherB:test_create_backup): 200 GET http://10.180.1.21/image/v2/images/0b29b0f4-1a60-4011-bed4-7010625f73bc 0.020s
2025-12-09 02:46:35.260 66326 INFO tempest.lib.common.rest_client [req-0e3a7354-6947-4029-b61d-0b1d8f3f96c5 req-0e3a7354-6947-4029-b61d-0b1d8f3f96c5 ] Request (FloatingIPsAssociationTestJSON:_run_cleanups): 202 POST http://10.180.1.21/compute/v2.1/servers/e3021837-5c4a-49a9-a70e-8463f828faee/action 3.234s
2025-12-09 02:46:35.316 66356 INFO tempest.lib.common.rest_client [req-d5564300-09e0-4db2-b0ff-2023dd0e0099 req-d5564300-09e0-4db2-b0ff-2023dd0e0099 ] Request (AttachInterfacesV270Test:test_create_get_list_interfaces): 400 POST http://10.180.1.21/compute/v2.1/servers/a2067cce-bbd5-4115-9815-d1998e3fefce/os-interface 4.756s
2025-12-09 02:46:35.316 66342 INFO tempest.lib.common.rest_client [req-792262a9-1b3a-4f7d-98e1-ea45ad66384c req-792262a9-1b3a-4f7d-98e1-ea45ad66384c ] Request (ServersAdminTestJSON:setUpClass): 200 GET http://10.180.1.21/compute/v2.1/servers/d3285451-a918-4ace-a84f-5b579af62d10 3.286s
2025-12-09 02:46:35.357 66348 INFO tempest.lib.common.rest_client [req-a7b1623e-63ec-4ad1-9983-db5dfaad8d05 req-a7b1623e-63ec-4ad1-9983-db5dfaad8d05 ] Request (ImagesTestJSON:test_create_image_from_suspended_server): 200 GET http://10.180.1.21/compute/v2.1/images/9ad773fd-5280-4c8d-b3f0-8c97a3e000f2 2.931s
2025-12-09 02:46:35.414 66328 INFO tempest.lib.common.rest_client [req-c9621b61-4878-4f48-879d-3ae3e29a6400 req-c9621b61-4878-4f48-879d-3ae3e29a6400 ] Request (ServersTestJSON:tearDownClass): 204 DELETE http://10.180.1.21/compute/v2.1/servers/465a431c-48ae-452e-b712-0f6d91d86539 3.032s
2025-12-09 02:46:35.431 66378 INFO tempest.lib.common.rest_client [req-8d0ebfc0-30d0-47cd-85cb-ba9929a59022 req-8d0ebfc0-30d0-47cd-85cb-ba9929a59022 ] Request (TenantUsagesTestJSON:tearDownClass): 200 GET http://10.180.1.21/compute/v2.1/servers/c2b9689e-d33d-4818-96d0-be90bb58cb40 2.939s
2025-12-09 02:46:35.480 66350 INFO tempest.lib.common.rest_client [req-95605e59-7690-4c26-ace6-4e3463cfbe99 req-95605e59-7690-4c26-ace6-4e3463cfbe99 ] Request (ServersWithSpecificFlavorTestJSON:test_verify_created_server_ephemeral_disk): 200 GET http://10.180.1.21/compute/v2.1/servers/818683c1-3707-4843-ace5-f4d71923e5e4 2.849s
2025-12-09 02:46:35.498 66322 INFO tempest.lib.common.rest_client [req-da55eb21-c7e2-4b8d-9b61-b3cd53d512a6 req-da55eb21-c7e2-4b8d-9b61-b3cd53d512a6 ] Request (ServerGroupTestJSON:_run_cleanups): 200 GET http://10.180.1.21/compute/v2.1/servers/7025a495-1c82-4868-904f-fb93aaeb10e3 2.852s
2025-12-09 02:46:35.525 66340 INFO tempest.lib.common.rest_client [req-8bbbba45-9e38-4a33-a5d4-b2820b87e64b req-8bbbba45-9e38-4a33-a5d4-b2820b87e64b ] Request (ImagesOneServerTestJSON:test_create_image_specify_multibyte_character_image_name): 200 GET http://10.180.1.21/compute/v2.1/images/4860aa5a-e06b-4627-ab2b-6ff348323522 2.708s
2025-12-09 02:46:35.600 66324 INFO tempest.lib.common.rest_client [req-42cc4bd9-f5e2-4c34-ba5b-3c58f39b3bd4 req-42cc4bd9-f5e2-4c34-ba5b-3c58f39b3bd4 ] Request (ServerMetadataNegativeTestJSON:tearDownClass): 200 GET http://10.180.1.21/compute/v2.1/servers/4ea6a1af-86a5-4455-9760-38a21b4c9b74 2.483s
2025-12-09 02:46:35.620 66383 WARNING tempest.lib.common.ssh [-] Failed to establish authenticated ssh connection to cirros@10.180.180.161 ([Errno None] Unable to connect to port 22 on 10.180.180.161). Number attempts: 11. Retry after 12 seconds.: paramiko.ssh_exception.NoValidConnectionsError: [Errno None] Unable to connect to port 22 on 10.180.180.161
2025-12-09 02:46:35.642 66354 INFO tempest.lib.common.rest_client [req-b3179a87-0c03-4b53-ac18-28ab9123a7ea req-b3179a87-0c03-4b53-ac18-28ab9123a7ea ] Request (ServersV294TestFqdnHostnames:setUpClass): 200 GET http://10.180.1.21/compute/v2.1/servers/a6055c57-9ea5-43d6-9ee8-c00d330561a4 2.643s
2025-12-09 02:46:35.660 66354 INFO tempest.common.waiters [-] State transition "BUILD/spawning" ==> "ACTIVE/None" after 45 second wait
2025-12-09 02:46:35.667 66344 INFO tempest.lib.common.rest_client [req-ee0f0752-f356-42c1-b126-ccdd26d72445 req-ee0f0752-f356-42c1-b126-ccdd26d72445 ] Request (ServersAdminNegativeTestJSON:setUpClass): 200 GET http://10.180.1.21/compute/v2.1/servers/029ec4d2-bb63-4482-8014-528a9644c986 2.523s
2025-12-09 02:46:35.724 66372 INFO tempest.lib.common.rest_client [req-37e66cb9-47d7-4bf5-895b-b8c929fa4c0b req-37e66cb9-47d7-4bf5-895b-b8c929fa4c0b ] Request (ServerMetadataTestJSON:tearDownClass): 200 GET http://10.180.1.21/compute/v2.1/servers/45e3107e-011f-49bc-ac3f-4421c4708b5d 2.572s
2025-12-09 02:46:35.733 66372 INFO tempest.common.waiters [-] State transition "ACTIVE/deleting" ==> "DELETED/None" after 3 second wait
2025-12-09 02:46:35.753 66334 INFO tempest.lib.common.rest_client [req-d2f4c518-68d4-42e1-9c4e-ed755190fc36 req-d2f4c518-68d4-42e1-9c4e-ed755190fc36 ] Request (ListServersNegativeTestJSON:tearDownClass): 404 GET http://10.180.1.21/compute/v2.1/servers/90549f67-abb3-49ed-be84-c4cafe33e85b 2.511s
2025-12-09 02:46:35.836 66364 INFO tempest.lib.common.rest_client [req-bf8c7bc7-ae23-4128-bbf6-d7df564869c0 req-bf8c7bc7-ae23-4128-bbf6-d7df564869c0 ] Request (ServerActionsTestOtherB:test_create_backup): 200 GET http://10.180.1.21/image/v2/images/0b29b0f4-1a60-4011-bed4-7010625f73bc 0.017s
2025-12-09 02:46:35.933 66346 INFO tempest.lib.common.rest_client [req-b613ced1-4bf6-4711-a724-fa47d6d9671a req-b613ced1-4bf6-4711-a724-fa47d6d9671a ] Request (ListServerFiltersTestJSON:test_list_servers_filter_by_shutoff_status): 200 GET http://10.180.1.21/compute/v2.1/servers/1412908a-8e00-452b-b8d4-117d7b3a329c 2.658s
2025-12-09 02:46:35.942 66346 INFO tempest.common.waiters [-] State transition "ACTIVE/powering-off" ==> "SHUTOFF/None" after 3 second wait
2025-12-09 02:46:35.969 66330 INFO tempest.lib.common.rest_client [req-a1710d35-cddf-4b3b-9d33-392f07b619ea req-a1710d35-cddf-4b3b-9d33-392f07b619ea ] Request (ImagesMetadataTestJSON:setUp): 200 PUT http://10.180.1.21/compute/v2.1/images/08e4bc95-8cee-4bb8-b955-7acc6d1ddf1e/metadata 2.781s
2025-12-09 02:46:35.997 66367 INFO tempest.lib.common.rest_client [req-50e7fcea-beff-4737-b410-05ac85fb6972 req-50e7fcea-beff-4737-b410-05ac85fb6972 ] Request (ImagesOneServerNegativeTestJSON:_run_cleanups): 200 GET http://10.180.1.21/compute/v2.1/servers/97c40a45-c939-4bae-bcc7-4889830efed8 2.663s
2025-12-09 02:46:36.018 66380 INFO tempest.lib.common.rest_client [req-c97b836d-8aba-4b2b-9821-ba37a40ee261 req-c97b836d-8aba-4b2b-9821-ba37a40ee261 ] Request (ListImageFiltersTestJSON:test_list_images_with_detail_filter_by_server_ref): 200 GET http://10.180.1.21/compute/v2.1/images/detail?server=http%3A%2F%2F10.180.1.21%2Fcompute%2Fservers%2F447aee87-9326-4d07-b2a3-c2295ada517a 2.592s
2025-12-09 02:46:36.080 66370 INFO tempest.lib.common.rest_client [req-cfa7e9ef-98e6-4a76-8495-1ea1c64eb81a req-cfa7e9ef-98e6-4a76-8495-1ea1c64eb81a ] Request (MigrationsAdminTest:test_resize_server_revert_deleted_flavor): 200 GET http://10.180.1.21/compute/v2.1/servers/f52b0d34-f004-460f-bf32-68a1fb74ff20 2.279s
2025-12-09 02:46:36.139 66353 INFO tempest.lib.common.rest_client [req-e96c71d7-bde5-4bfa-83c0-313ec924b6fb req-e96c71d7-bde5-4bfa-83c0-313ec924b6fb ] Request (ServerDiagnosticsNegativeTest:test_get_server_diagnostics_by_non_admin): 200 GET http://10.180.1.21/compute/v2.1/servers/5ca05724-d59b-4240-965c-3b83bcdc1b6b 1.758s
2025-12-09 02:46:36.147 66360 INFO tempest.lib.common.rest_client [req-90113017-08ac-41bb-a052-4e600c87c33a req-90113017-08ac-41bb-a052-4e600c87c33a ] Request (ServersListShow2100Test:test_list_show_rebuild_update_server_2100): 200 GET http://10.180.1.21/compute/v2.1/servers/3d219085-4f91-44c7-a9bf-07165716a514 1.632s
2025-12-09 02:46:36.148 66353 INFO tempest.common.waiters [-] State transition "BUILD/spawning" ==> "ACTIVE/None" after 45 second wait
2025-12-09 02:46:36.160 66360 INFO tempest.common.waiters [-] State transition "REBUILD/rebuilding" ==> "REBUILD/rebuild_spawning" after 3 second wait
2025-12-09 02:46:36.197 66376 INFO tempest.lib.common.rest_client [req-7a8f16fd-ef4f-4e09-89e8-1ff2626d5865 req-7a8f16fd-ef4f-4e09-89e8-1ff2626d5865 ] Request (ServersTestMultiNic:test_verify_multiple_nics_order): 200 GET http://10.180.1.21/compute/v2.1/servers/d425bd73-3051-4ed8-b1fa-a9e5f9599f7e 1.186s
2025-12-09 02:46:36.204 66376 INFO tempest.common.waiters [-] State transition "BUILD/scheduling" ==> "BUILD/None" after 9 second wait
