2025-12-09 02:44:25.855 66322 INFO tempest.lib.common.dynamic_creds [-] Acquired dynamic creds: credentials: Credentials: {'domain_id': 'default', 'domain_name': 'Default', 'username': 'tempest-ServerGroupTestJSON-606815795-project-member', 'project_domain_id': 'default', 'project_domain_name': 'Default', 'project_id': '0ba4c44b9c384c6fba460eee61bfaf7b', 'project_name': 'tempest-ServerGroupTestJSON-606815795', 'tenant_id': '0ba4c44b9c384c6fba460eee61bfaf7b', 'tenant_name': 'tempest-ServerGroupTestJSON-606815795', 'user_domain_id': 'default', 'user_domain_name': 'Default', 'user_id': '37017a5724504553b347887c0db292d1', 'system': None}, Network: None, Subnet: None, Router: None
2025-12-09 02:44:25.924 66322 INFO tempest.lib.common.rest_client [req-d8652b8f-a69b-4b61-b9ef-7eb3ba5c8fd3 req-d8652b8f-a69b-4b61-b9ef-7eb3ba5c8fd3 ] Request (ServerGroupTestJSON:setUpClass): 201 POST http://10.180.1.21/identity/v3/auth/tokens 0.069s
2025-12-09 02:44:25.978 66356 INFO tempest.lib.common.rest_client [req-b9af3978-d675-4027-bd1b-3571e78e8e74 req-b9af3978-d675-4027-bd1b-3571e78e8e74 ] Request (InstanceUsageAuditLogNegativeTestJSON:tearDownClass): 200 GET http://10.180.1.21/networking/v2.0/security-groups?tenant_id=0f94782687f54f7c9b82e7f232e42d89&name=default 0.530s
2025-12-09 02:44:26.274 66324 INFO tempest.lib.common.rest_client [req-0b9520cf-0d5f-483d-9249-926785a39305 req-0b9520cf-0d5f-483d-9249-926785a39305 ] Request (FloatingIPsTestJSON:tearDownClass): 200 PUT http://10.180.1.21/networking/v2.0/routers/da22ea1b-9d2a-4977-91f4-260b96a01363/remove_router_interface 1.148s
2025-12-09 02:44:26.301 66326 INFO tempest.lib.common.rest_client [req-abf0b740-7f29-4374-8ffe-38af33113112 req-abf0b740-7f29-4374-8ffe-38af33113112 ] Request (ServersAdmin275Test:_run_cleanups): 200 GET http://10.180.1.21/compute/v2.1/servers/da17a346-5f8e-4455-9784-3a4bbd4205a8 9.161s
2025-12-09 02:44:26.315 66326 INFO tempest.common.waiters [-] State transition "REBUILD/rebuild_spawning" ==> "ACTIVE/None" after 16 second wait
2025-12-09 02:44:26.327 66380 INFO tempest.lib.common.rest_client [req-00ae301a-3642-4e6a-971e-4b3b0269745a req-00ae301a-3642-4e6a-971e-4b3b0269745a ] Request (ListImageFiltersTestJSON:setUpClass): 200 GET http://10.180.1.21/compute/v2.1/servers/447aee87-9326-4d07-b2a3-c2295ada517a 9.220s
2025-12-09 02:44:26.336 66380 INFO tempest.common.waiters [-] State transition "BUILD/None" ==> "BUILD/spawning" after 16 second wait
2025-12-09 02:44:26.607 66322 INFO tempest.lib.common.rest_client [req-9ef7933d-be4c-4920-bbd2-d01efaaee919 req-9ef7933d-be4c-4920-bbd2-d01efaaee919 ] Request (ServerGroupTestJSON:setUpClass): 201 POST http://10.180.1.21/networking/v2.0/networks 0.682s
2025-12-09 02:44:26.701 66356 INFO tempest.lib.common.rest_client [req-7a9310aa-b02e-4a54-aa50-cdb8cd2e63f9 req-7a9310aa-b02e-4a54-aa50-cdb8cd2e63f9 ] Request (InstanceUsageAuditLogNegativeTestJSON:tearDownClass): 204 DELETE http://10.180.1.21/networking/v2.0/security-groups/e011e301-ff6a-4091-aa9d-9dd8c015f650 0.722s
2025-12-09 02:44:26.766 66356 INFO tempest.lib.common.rest_client [req-2dd68d41-c84d-412a-8246-7936c3197931 req-2dd68d41-c84d-412a-8246-7936c3197931 ] Request (InstanceUsageAuditLogNegativeTestJSON:tearDownClass): 204 DELETE http://10.180.1.21/identity/v3/projects/0f94782687f54f7c9b82e7f232e42d89 0.064s
2025-12-09 02:44:26.766 66356 INFO tempest.lib.common.dynamic_creds [-] Deleting project and security group for project: 68b1d677933e47af85134812645c1727
2025-12-09 02:44:27.093 66324 INFO tempest.lib.common.rest_client [req-a117f451-dab1-47d6-9dd4-428f7e15323a req-a117f451-dab1-47d6-9dd4-428f7e15323a ] Request (FloatingIPsTestJSON:tearDownClass): 204 DELETE http://10.180.1.21/networking/v2.0/routers/da22ea1b-9d2a-4977-91f4-260b96a01363 0.818s
2025-12-09 02:44:27.168 66328 INFO tempest.lib.common.rest_client [req-fa0c6417-0909-4421-80b5-12fc625f3b19 req-fa0c6417-0909-4421-80b5-12fc625f3b19 ] Request (ServerDiagnosticsTest:tearDownClass): 200 GET http://10.180.1.21/compute/v2.1/servers/9b6591d1-8177-4b63-9261-18f6f5c54063 9.825s
2025-12-09 02:44:27.189 66375 INFO tempest.lib.common.rest_client [req-13336c80-3929-4ab0-acae-122aac095be6 req-13336c80-3929-4ab0-acae-122aac095be6 ] Request (ServerTagsTestJSON:test_create_delete_tag): 200 GET http://10.180.1.21/compute/v2.1/servers/37389a5f-b3b3-4937-929c-a4e9d3bc0743/tags 9.519s
2025-12-09 02:44:27.413 66322 INFO tempest.lib.common.rest_client [req-735f10be-332d-438b-8cab-74114a5e814a req-735f10be-332d-438b-8cab-74114a5e814a ] Request (ServerGroupTestJSON:setUpClass): 201 POST http://10.180.1.21/networking/v2.0/subnets 0.805s
2025-12-09 02:44:27.510 66356 INFO tempest.lib.common.rest_client [req-997004d5-9455-4440-9785-0c4809c0a706 req-997004d5-9455-4440-9785-0c4809c0a706 ] Request (InstanceUsageAuditLogNegativeTestJSON:tearDownClass): 200 GET http://10.180.1.21/networking/v2.0/security-groups?tenant_id=68b1d677933e47af85134812645c1727&name=default 0.744s
2025-12-09 02:44:27.662 66324 INFO tempest.lib.common.rest_client [req-0f00a8ae-d4de-4926-b725-5636904c21c0 req-0f00a8ae-d4de-4926-b725-5636904c21c0 ] Request (FloatingIPsTestJSON:tearDownClass): 204 DELETE http://10.180.1.21/networking/v2.0/subnets/bb8405fc-e703-49d7-959b-8b3fef9eec6d 0.568s
2025-12-09 02:44:27.701 66338 INFO tempest.lib.common.rest_client [req-6caa4003-1631-4b5d-a1bf-891851e32aaa req-6caa4003-1631-4b5d-a1bf-891851e32aaa ] Request (ServersTestFqdnHostnames:test_create_server_with_fqdn_name): 200 GET http://10.180.1.21/compute/v2.1/servers/7ba400bd-2937-4a78-82e1-9f8d5449a445 10.094s
2025-12-09 02:44:27.709 66338 INFO tempest.common.waiters [-] State transition "BUILD/None" ==> "BUILD/spawning" after 16 second wait
2025-12-09 02:44:27.726 66376 INFO tempest.lib.common.rest_client [req-f583c946-f1e1-4fd5-8c9f-37cbbeab31b3 req-f583c946-f1e1-4fd5-8c9f-37cbbeab31b3 ] Request (VolumesAdminNegativeTest:tearDownClass): 200 GET http://10.180.1.21/compute/v2.1/servers/d818908b-a5c7-4f7a-a8c6-3dd44e2887a0 9.115s
2025-12-09 02:44:27.741 66364 INFO tempest.lib.common.rest_client [req-6872c71c-78ff-4de0-a874-00d116769087 req-6872c71c-78ff-4de0-a874-00d116769087 ] Request (HostsAdminNegativeTestJSON:test_update_nonexistent_host): 404 PUT http://10.180.1.21/compute/v2.1/os-hosts/nonexistent_hostname 8.212s
2025-12-09 02:44:27.988 66364 INFO tempest.lib.common.rest_client [req-c7c8d15e-c2a1-4d39-be65-ab93005de428 req-c7c8d15e-c2a1-4d39-be65-ab93005de428 ] Request (HostsAdminNegativeTestJSON:tearDownClass): 204 DELETE http://10.180.1.21/identity/v3/users/e9195767e4bb406ba2f6654e03920e6d 0.246s
2025-12-09 02:44:28.112 66364 INFO tempest.lib.common.rest_client [req-4e794412-d16a-4ba8-a6a8-1779d2631f0b req-4e794412-d16a-4ba8-a6a8-1779d2631f0b ] Request (HostsAdminNegativeTestJSON:tearDownClass): 204 DELETE http://10.180.1.21/identity/v3/users/f1dd85a336914a65b45465668dc73edb 0.123s
2025-12-09 02:44:28.112 66364 INFO tempest.lib.common.dynamic_creds [-] Deleting project and security group for project: 53c95ade3c5742918e78794da6b69265
2025-12-09 02:44:28.187 66356 INFO tempest.lib.common.rest_client [req-79025771-af4a-494f-903e-0350661d1c09 req-79025771-af4a-494f-903e-0350661d1c09 ] Request (InstanceUsageAuditLogNegativeTestJSON:tearDownClass): 204 DELETE http://10.180.1.21/networking/v2.0/security-groups/aa28e2c5-7454-4b1d-83ea-10d782d1781a 0.676s
2025-12-09 02:44:28.202 66364 INFO tempest.lib.common.rest_client [req-24bc1ebd-a958-4fee-8c07-c2def13d152b req-24bc1ebd-a958-4fee-8c07-c2def13d152b ] Request (HostsAdminNegativeTestJSON:tearDownClass): 201 POST http://10.180.1.21/identity/v3/auth/tokens 0.089s
2025-12-09 02:44:28.323 66356 INFO tempest.lib.common.rest_client [req-7469cafb-d4e0-44f3-817c-267fa5cf9c67 req-7469cafb-d4e0-44f3-817c-267fa5cf9c67 ] Request (InstanceUsageAuditLogNegativeTestJSON:tearDownClass): 204 DELETE http://10.180.1.21/identity/v3/projects/68b1d677933e47af85134812645c1727 0.136s
2025-12-09 02:44:28.393 66356 INFO tempest.lib.common.rest_client [req-0c2f2bcd-b5af-401b-8acc-5b4b304a3ec3 req-0c2f2bcd-b5af-401b-8acc-5b4b304a3ec3 ] Request (KeyPairsV2TestJSON:setUpClass): 201 POST http://10.180.1.21/identity/v3/auth/tokens 0.068s
2025-12-09 02:44:28.427 66356 INFO tempest.lib.common.rest_client [req-f40d63f7-96ad-44f1-a323-66052a634dcc req-f40d63f7-96ad-44f1-a323-66052a634dcc ] Request (KeyPairsV2TestJSON:setUpClass): 201 POST http://10.180.1.21/identity/v3/auth/tokens 0.030s
2025-12-09 02:44:28.450 66324 INFO tempest.lib.common.rest_client [req-fa016bec-409d-4cc0-9904-c1b102aa9dc0 req-fa016bec-409d-4cc0-9904-c1b102aa9dc0 ] Request (FloatingIPsTestJSON:tearDownClass): 204 DELETE http://10.180.1.21/networking/v2.0/networks/4a10f553-789d-43dc-a371-f86a86aae61d 0.788s
2025-12-09 02:44:28.458 66356 INFO tempest.lib.common.rest_client [req-e8627f2a-1a52-4d75-b7a9-fd3696a62640 req-e8627f2a-1a52-4d75-b7a9-fd3696a62640 ] Request (KeyPairsV2TestJSON:setUpClass): 200 GET http://10.180.1.21/identity/v3/domains?name=Default 0.030s
2025-12-09 02:44:28.462 66330 WARNING tempest.lib.common.ssh [-] Failed to establish authenticated ssh connection to cirros@10.180.180.159 ([Errno None] Unable to connect to port 22 on 10.180.180.159). Number attempts: 3. Retry after 4 seconds.: paramiko.ssh_exception.NoValidConnectionsError: [Errno None] Unable to connect to port 22 on 10.180.180.159
2025-12-09 02:44:28.491 66356 INFO tempest.lib.common.rest_client [req-a00cf281-6e82-4392-9d2d-f0e469443d04 req-a00cf281-6e82-4392-9d2d-f0e469443d04 ] Request (KeyPairsV2TestJSON:setUpClass): 201 POST http://10.180.1.21/identity/v3/projects 0.033s
2025-12-09 02:44:28.528 66324 INFO tempest.lib.common.rest_client [req-7991b58e-d260-4b8c-ab9a-911d27afe2a5 req-7991b58e-d260-4b8c-ab9a-911d27afe2a5 ] Request (FloatingIPsTestJSON:tearDownClass): 204 DELETE http://10.180.1.21/identity/v3/users/09638c9aad9444fc96ec86bcc1245501 0.077s
2025-12-09 02:44:28.528 66324 INFO tempest.lib.common.dynamic_creds [-] Deleting project and security group for project: 953281125f074c27b8f14824a2aecba1
2025-12-09 02:44:28.565 66360 INFO tempest.lib.common.rest_client [req-043df969-b466-4dfa-9820-a7aa6677e3ed req-043df969-b466-4dfa-9820-a7aa6677e3ed ] Request (ServerRescueTestJSONUnderV235:test_rescued_vm_add_remove_security_group): 200 POST http://10.180.1.21/compute/v2.1/os-security-groups 9.932s
2025-12-09 02:44:28.589 66372 INFO tempest.lib.common.rest_client [req-5fed24d5-a191-4c08-8c54-a8466ac3d84d req-5fed24d5-a191-4c08-8c54-a8466ac3d84d ] Request (KeyPairsV22TestJSON:_run_cleanups): 204 DELETE http://10.180.1.21/compute/v2.1/os-keypairs/tempest-KeyPairsV22TestJSON-keypair-944819003 8.994s
2025-12-09 02:44:28.634 66356 INFO tempest.lib.common.rest_client [req-baa52a49-3d49-4e75-a1c9-84c298db9b28 req-baa52a49-3d49-4e75-a1c9-84c298db9b28 ] Request (KeyPairsV2TestJSON:setUpClass): 201 POST http://10.180.1.21/identity/v3/users 0.142s
2025-12-09 02:44:28.652 66370 INFO tempest.lib.common.rest_client [req-7bdd5dae-5873-4db2-ad43-279c7fe3dd8e req-7bdd5dae-5873-4db2-ad43-279c7fe3dd8e ] Request (MigrationsAdminTest:test_list_migrations_in_flavor_resize_situation): 200 GET http://10.180.1.21/compute/v2.1/servers/30bf2b52-b31b-4767-9025-579caf615461 9.072s
2025-12-09 02:44:28.674 66356 INFO tempest.lib.common.rest_client [req-3a8dbc42-21c7-4dae-a3da-54208db611bb req-3a8dbc42-21c7-4dae-a3da-54208db611bb ] Request (KeyPairsV2TestJSON:setUpClass): 200 GET http://10.180.1.21/identity/v3/roles 0.039s
2025-12-09 02:44:28.680 66340 INFO tempest.lib.common.rest_client [req-331ed5cf-f1d9-4a34-9b74-e5e6c86f5f96 req-331ed5cf-f1d9-4a34-9b74-e5e6c86f5f96 ] Request (FlavorsV2TestJSON:test_list_flavors_detailed_using_marker): 200 GET http://10.180.1.21/compute/v2.1/flavors/42 8.878s
2025-12-09 02:44:28.711 66356 INFO tempest.lib.common.rest_client [req-59a8c1e6-2159-430b-9b4f-44a413186281 req-59a8c1e6-2159-430b-9b4f-44a413186281 ] Request (KeyPairsV2TestJSON:setUpClass): 204 PUT http://10.180.1.21/identity/v3/projects/4295cd15723846bf86a7bbab52ff3671/users/72a6d28981cc430cb5f9df477451877a/roles/60f7d8506966464586a94c2d51f4e7a6 0.037s
2025-12-09 02:44:28.712 66356 INFO tempest.lib.common.dynamic_creds [-] Dynamic test user 72a6d28981cc430cb5f9df477451877a is created with scope project and roles: ['member']
2025-12-09 02:44:28.712 66356 INFO tempest.lib.common.dynamic_creds [-] Acquired dynamic creds: credentials: Credentials: {'domain_id': 'default', 'domain_name': 'Default', 'username': 'tempest-KeyPairsV2TestJSON-1856152343-project-member', 'project_domain_id': 'default', 'project_domain_name': 'Default', 'project_id': '4295cd15723846bf86a7bbab52ff3671', 'project_name': 'tempest-KeyPairsV2TestJSON-1856152343', 'tenant_id': '4295cd15723846bf86a7bbab52ff3671', 'tenant_name': 'tempest-KeyPairsV2TestJSON-1856152343', 'user_domain_id': 'default', 'user_domain_name': 'Default', 'user_id': '72a6d28981cc430cb5f9df477451877a', 'system': None}, Network: None, Subnet: None, Router: None
2025-12-09 02:44:28.713 66356 INFO tempest.lib.common.dynamic_creds [-] Created isolated network resources for: credentials: Credentials: {'domain_id': 'default', 'domain_name': 'Default', 'username': 'tempest-KeyPairsV2TestJSON-1856152343-project-member', 'project_domain_id': 'default', 'project_domain_name': 'Default', 'project_id': '4295cd15723846bf86a7bbab52ff3671', 'project_name': 'tempest-KeyPairsV2TestJSON-1856152343', 'tenant_id': '4295cd15723846bf86a7bbab52ff3671', 'tenant_name': 'tempest-KeyPairsV2TestJSON-1856152343', 'user_domain_id': 'default', 'user_domain_name': 'Default', 'user_id': '72a6d28981cc430cb5f9df477451877a', 'system': None}, Network: None, Subnet: None, Router: None
2025-12-09 02:44:28.808 66356 INFO tempest.lib.common.rest_client [req-b17193a5-2113-442f-9e8c-93d04054f470 req-b17193a5-2113-442f-9e8c-93d04054f470 ] Request (KeyPairsV2TestJSON:setUpClass): 201 POST http://10.180.1.21/identity/v3/auth/tokens 0.092s
2025-12-09 02:44:28.853 66378 INFO tempest.lib.common.rest_client [req-c859a017-c0b3-4c16-b2f9-64509708563f req-c859a017-c0b3-4c16-b2f9-64509708563f ] Request (ServerDiagnosticsV248Test:test_get_server_diagnostics): 202 POST http://10.180.1.21/compute/v2.1/servers 9.102s
2025-12-09 02:44:28.933 66346 INFO tempest.lib.common.rest_client [req-a2e7257a-1d57-4d52-a27a-bd15e47a3812 req-a2e7257a-1d57-4d52-a27a-bd15e47a3812 ] Request (InstanceActionsTestJSON:test_list_instance_actions): 202 POST http://10.180.1.21/compute/v2.1/servers/d806f362-632d-4857-b401-9d37d82054a2/action 8.814s
2025-12-09 02:44:29.014 66369 INFO tempest.lib.common.rest_client [req-45de0129-5d99-4c4a-abc4-54540eadee3d req-45de0129-5d99-4c4a-abc4-54540eadee3d ] Request (QuotasAdminTestJSON:_run_cleanups): 200 PUT http://10.180.1.21/compute/v2.1/os-quota-sets/4d88042343784ca6ba453f6fde9ea042 8.940s
2025-12-09 02:44:29.037 66322 INFO tempest.lib.common.rest_client [req-26942687-24f2-4aca-9c67-6a3f4aed6393 req-26942687-24f2-4aca-9c67-6a3f4aed6393 ] Request (ServerGroupTestJSON:setUpClass): 201 POST http://10.180.1.21/networking/v2.0/routers 1.624s
2025-12-09 02:44:29.151 66369 INFO tempest.lib.common.rest_client [req-7f2f837a-a42b-471a-ac08-4f421391a381 req-7f2f837a-a42b-471a-ac08-4f421391a381 ] Request (QuotasAdminTestJSON:tearDownClass): 204 DELETE http://10.180.1.21/identity/v3/users/37edd527b7ce44a7a470260219a4bee0 0.129s
2025-12-09 02:44:29.221 66364 INFO tempest.lib.common.rest_client [req-be20942e-ff32-45de-88a2-7277cd0385ea req-be20942e-ff32-45de-88a2-7277cd0385ea ] Request (HostsAdminNegativeTestJSON:tearDownClass): 200 GET http://10.180.1.21/networking/v2.0/security-groups?tenant_id=53c95ade3c5742918e78794da6b69265&name=default 1.018s
2025-12-09 02:44:29.253 66324 INFO tempest.lib.common.rest_client [req-26535e89-a9e5-46ac-948c-bce6e6237a56 req-26535e89-a9e5-46ac-948c-bce6e6237a56 ] Request (FloatingIPsTestJSON:tearDownClass): 200 GET http://10.180.1.21/networking/v2.0/security-groups?tenant_id=953281125f074c27b8f14824a2aecba1&name=default 0.724s
2025-12-09 02:44:29.257 66369 INFO tempest.lib.common.rest_client [req-07e87cad-7bc2-444a-b75e-9be79e44df16 req-07e87cad-7bc2-444a-b75e-9be79e44df16 ] Request (QuotasAdminTestJSON:tearDownClass): 204 DELETE http://10.180.1.21/identity/v3/users/64d228cb77064a70bb496ec093826229 0.106s
2025-12-09 02:44:29.258 66369 INFO tempest.lib.common.dynamic_creds [-] Deleting project and security group for project: 4d88042343784ca6ba453f6fde9ea042
2025-12-09 02:44:29.345 66369 INFO tempest.lib.common.rest_client [req-bff8fe8e-1526-473c-9097-37e7213fa8f2 req-bff8fe8e-1526-473c-9097-37e7213fa8f2 ] Request (QuotasAdminTestJSON:tearDownClass): 201 POST http://10.180.1.21/identity/v3/auth/tokens 0.087s
2025-12-09 02:44:30.390 66322 INFO tempest.lib.common.rest_client [req-f49356f6-1f8e-4173-a583-08fe80a1974c req-f49356f6-1f8e-4173-a583-08fe80a1974c ] Request (ServerGroupTestJSON:setUpClass): 200 PUT http://10.180.1.21/networking/v2.0/routers/2995858e-e1d1-4e67-bd5a-22fc6a5e4819/add_router_interface 1.352s
2025-12-09 02:44:30.391 66322 INFO tempest.lib.common.dynamic_creds [-] Created isolated network resources for: credentials: Credentials: {'domain_id': 'default', 'domain_name': 'Default', 'username': 'tempest-ServerGroupTestJSON-606815795-project-member', 'project_domain_id': 'default', 'project_domain_name': 'Default', 'project_id': '0ba4c44b9c384c6fba460eee61bfaf7b', 'project_name': 'tempest-ServerGroupTestJSON-606815795', 'tenant_id': '0ba4c44b9c384c6fba460eee61bfaf7b', 'tenant_name': 'tempest-ServerGroupTestJSON-606815795', 'user_domain_id': 'default', 'user_domain_name': 'Default', 'user_id': '37017a5724504553b347887c0db292d1', 'system': None}, Network: {'id': 'f5b31f6d-5ff7-4f0d-9b0e-df648b912a16', 'name': 'tempest-ServerGroupTestJSON-1942287878-network', 'tenant_id': '0ba4c44b9c384c6fba460eee61bfaf7b', 'project_id': '0ba4c44b9c384c6fba460eee61bfaf7b', 'admin_state_up': True, 'mtu': 8950, 'status': 'ACTIVE', 'subnets': [], 'shared': False, 'port_security_enabled': True, 'router:external': False, 'provider:network_type': 'vlan', 'provider:physical_network': 'default', 'provider:segmentation_id': 474, 'availability_zone_hints': [], 'availability_zones': [], 'ipv4_address_scope': None, 'ipv6_address_scope': None, 'description': '', 'tags': [], 'created_at': '2025-12-09T02:44:26Z', 'updated_at': '2025-12-09T02:44:26Z', 'revision_number': 1}, Subnet: {'id': '875369af-7380-4c62-b386-e024145fb10a', 'name': 'tempest-ServerGroupTestJSON-1942287878-subnet', 'tenant_id': '0ba4c44b9c384c6fba460eee61bfaf7b', 'network_id': 'f5b31f6d-5ff7-4f0d-9b0e-df648b912a16', 'ip_version': 4, 'subnetpool_id': None, 'enable_dhcp': True, 'ipv6_ra_mode': None, 'ipv6_address_mode': None, 'gateway_ip': '192.168.128.1', 'cidr': '192.168.128.0/28', 'allocation_pools': [{'start': '192.168.128.2', 'end': '192.168.128.14'}], 'host_routes': [], 'dns_nameservers': [], 'description': '', 'router:external': False, 'service_types': [], 'tags': [], 'created_at': '2025-12-09T02:44:27Z', 'updated_at': '2025-12-09T02:44:27Z', 'revision_number': 0, 'project_id': '0ba4c44b9c384c6fba460eee61bfaf7b'}, Router: {'id': '2995858e-e1d1-4e67-bd5a-22fc6a5e4819', 'name': 'tempest-ServerGroupTestJSON-1942287878-router', 'tenant_id': '0ba4c44b9c384c6fba460eee61bfaf7b', 'admin_state_up': True, 'status': 'ACTIVE', 'external_gateway_info': {'network_id': 'dcab48ae-bfa6-4e14-a403-bc881a656c70', 'external_fixed_ips': [{'subnet_id': 'de3d9558-14df-4aec-a60c-8f33e8098629', 'ip_address': '10.180.180.215'}], 'enable_snat': True}, 'description': '', 'availability_zones': [], 'distributed': False, 'ha': False, 'availability_zone_hints': [], 'routes': [], 'flavor_id': None, 'tags': [], 'created_at': '2025-12-09T02:44:27Z', 'updated_at': '2025-12-09T02:44:28Z', 'revision_number': 2, 'project_id': '0ba4c44b9c384c6fba460eee61bfaf7b'}
2025-12-09 02:44:30.425 66364 INFO tempest.lib.common.rest_client [req-e20371e4-0ba6-4379-9a41-aeb17e980433 req-e20371e4-0ba6-4379-9a41-aeb17e980433 ] Request (HostsAdminNegativeTestJSON:tearDownClass): 204 DELETE http://10.180.1.21/networking/v2.0/security-groups/28f94f0a-ff99-4508-b717-2eaf6f5bbdff 1.203s
2025-12-09 02:44:30.475 66322 INFO tempest.lib.common.rest_client [req-ba93a8f3-0aae-402a-9ce5-d86266ff7cb2 req-ba93a8f3-0aae-402a-9ce5-d86266ff7cb2 ] Request (ServerGroupTestJSON:setUpClass): 201 POST http://10.180.1.21/identity/v3/auth/tokens 0.080s
2025-12-09 02:44:30.483 66324 INFO tempest.lib.common.rest_client [req-42c0ea55-396d-4aa1-bfc6-11ef01b5b4ac req-42c0ea55-396d-4aa1-bfc6-11ef01b5b4ac ] Request (FloatingIPsTestJSON:tearDownClass): 204 DELETE http://10.180.1.21/networking/v2.0/security-groups/b6b36628-a8a1-41a5-bfac-e35b2bd4e39b 1.229s
2025-12-09 02:44:30.498 66364 INFO tempest.lib.common.rest_client [req-36559e2a-57a2-4af6-9094-decbc50a1e57 req-36559e2a-57a2-4af6-9094-decbc50a1e57 ] Request (HostsAdminNegativeTestJSON:tearDownClass): 204 DELETE http://10.180.1.21/identity/v3/projects/53c95ade3c5742918e78794da6b69265 0.073s
2025-12-09 02:44:30.498 66364 INFO tempest.lib.common.dynamic_creds [-] Deleting project and security group for project: 8f2d29577a4a4c9980893e04f838c960
2025-12-09 02:44:30.585 66348 INFO tempest.lib.common.rest_client [req-3afdcf0c-20db-42c7-bc25-aa2b21daef47 req-3afdcf0c-20db-42c7-bc25-aa2b21daef47 ] Request (ImagesTestJSON:test_create_image_from_stopped_server): 200 GET http://10.180.1.21/compute/v2.1/servers/ad2f6873-5fe5-4909-af5c-c4a5049db96d 8.068s
2025-12-09 02:44:30.621 66324 INFO tempest.lib.common.rest_client [req-6c30b6d4-6f27-42fe-8e19-ee78e29bc732 req-6c30b6d4-6f27-42fe-8e19-ee78e29bc732 ] Request (FloatingIPsTestJSON:tearDownClass): 204 DELETE http://10.180.1.21/identity/v3/projects/953281125f074c27b8f14824a2aecba1 0.138s
2025-12-09 02:44:30.696 66324 INFO tempest.lib.common.rest_client [req-a97ed675-a951-4fcd-8422-8cf35b568148 req-a97ed675-a951-4fcd-8422-8cf35b568148 ] Request (ServerMetadataNegativeTestJSON:setUpClass): 201 POST http://10.180.1.21/identity/v3/auth/tokens 0.073s
2025-12-09 02:44:30.698 66350 INFO tempest.lib.common.rest_client [req-212379d6-ea1f-469a-9361-5e409d5ea8b6 req-212379d6-ea1f-469a-9361-5e409d5ea8b6 ] Request (ServersWithSpecificFlavorTestJSON:test_verify_created_server_ephemeral_disk): 200 GET http://10.180.1.21/compute/v2.1/servers/95e21edf-c4a4-4283-a81e-262b6a539ddf 7.387s
2025-12-09 02:44:30.707 66350 INFO tempest.common.waiters [-] State transition "BUILD/None" ==> "BUILD/spawning" after 18 second wait
2025-12-09 02:44:30.713 66369 INFO tempest.lib.common.rest_client [req-c7b8c79a-b9ac-463b-b5f4-856b9d4dc005 req-c7b8c79a-b9ac-463b-b5f4-856b9d4dc005 ] Request (QuotasAdminTestJSON:tearDownClass): 200 GET http://10.180.1.21/networking/v2.0/security-groups?tenant_id=4d88042343784ca6ba453f6fde9ea042&name=default 1.368s
2025-12-09 02:44:30.737 66324 INFO tempest.lib.common.rest_client [req-d791985f-9e9b-409c-a45e-3c7629c93df6 req-d791985f-9e9b-409c-a45e-3c7629c93df6 ] Request (ServerMetadataNegativeTestJSON:setUpClass): 201 POST http://10.180.1.21/identity/v3/auth/tokens 0.038s
2025-12-09 02:44:30.780 66324 INFO tempest.lib.common.rest_client [req-4a1a0334-b5c3-4b2f-9d5c-4dda6a9ff8ad req-4a1a0334-b5c3-4b2f-9d5c-4dda6a9ff8ad ] Request (ServerMetadataNegativeTestJSON:setUpClass): 200 GET http://10.180.1.21/identity/v3/domains?name=Default 0.042s
2025-12-09 02:44:30.824 66336 INFO tempest.lib.common.rest_client [req-6d2b4878-68d8-4108-ae69-df902291fb3e req-6d2b4878-68d8-4108-ae69-df902291fb3e ] Request (ListImageFiltersNegativeTestJSON:test_get_nonexistent_image): 404 GET http://10.180.1.21/compute/v2.1/images/a803489c-7828-455e-85d2-58a781870829 6.632s
2025-12-09 02:44:30.824 66324 INFO tempest.lib.common.rest_client [req-25047815-d9cc-4256-91b2-ad05717c3ea2 req-25047815-d9cc-4256-91b2-ad05717c3ea2 ] Request (ServerMetadataNegativeTestJSON:setUpClass): 201 POST http://10.180.1.21/identity/v3/projects 0.042s
2025-12-09 02:44:30.844 66364 INFO tempest.lib.common.rest_client [req-fca64dc1-4a18-4a3b-be2b-a04a3565a355 req-fca64dc1-4a18-4a3b-be2b-a04a3565a355 ] Request (HostsAdminNegativeTestJSON:tearDownClass): 200 GET http://10.180.1.21/networking/v2.0/security-groups?tenant_id=8f2d29577a4a4c9980893e04f838c960&name=default 0.345s
2025-12-09 02:44:30.905 66324 INFO tempest.lib.common.rest_client [req-3b441799-8b3e-4182-bd1e-44a9ad3bf6f5 req-3b441799-8b3e-4182-bd1e-44a9ad3bf6f5 ] Request (ServerMetadataNegativeTestJSON:setUpClass): 201 POST http://10.180.1.21/identity/v3/users 0.079s
2025-12-09 02:44:30.937 66369 INFO tempest.lib.common.rest_client [req-9762a4eb-a600-43d3-979b-af881f19ce7e req-9762a4eb-a600-43d3-979b-af881f19ce7e ] Request (QuotasAdminTestJSON:tearDownClass): 204 DELETE http://10.180.1.21/networking/v2.0/security-groups/5fa4bcda-5ceb-4d0f-b604-4ec6843891d1 0.223s
2025-12-09 02:44:30.950 66324 INFO tempest.lib.common.rest_client [req-a31024f8-e763-47e3-bb6e-7ffd46b0ed97 req-a31024f8-e763-47e3-bb6e-7ffd46b0ed97 ] Request (ServerMetadataNegativeTestJSON:setUpClass): 200 GET http://10.180.1.21/identity/v3/roles 0.044s
2025-12-09 02:44:30.989 66336 INFO tempest.lib.common.rest_client [req-c85b0b1a-df32-4c8c-966e-999f3c83f0dd req-c85b0b1a-df32-4c8c-966e-999f3c83f0dd ] Request (ListImageFiltersNegativeTestJSON:tearDownClass): 204 DELETE http://10.180.1.21/identity/v3/users/4c9b363639394c429e1a3947365b14fb 0.162s
2025-12-09 02:44:30.989 66336 INFO tempest.lib.common.dynamic_creds [-] Deleting project and security group for project: 2a3dbe59d71149ad8285691e1df9811e
2025-12-09 02:44:31.051 66364 INFO tempest.lib.common.rest_client [req-97ad8301-87f9-4907-9811-c95fc822f51e req-97ad8301-87f9-4907-9811-c95fc822f51e ] Request (HostsAdminNegativeTestJSON:tearDownClass): 204 DELETE http://10.180.1.21/networking/v2.0/security-groups/3780061f-86ff-45d6-8b52-6c7b9b43bbb8 0.207s
2025-12-09 02:44:31.058 66369 INFO tempest.lib.common.rest_client [req-cbfc8a78-b2b2-44be-921d-a9849dd470c8 req-cbfc8a78-b2b2-44be-921d-a9849dd470c8 ] Request (QuotasAdminTestJSON:tearDownClass): 204 DELETE http://10.180.1.21/identity/v3/projects/4d88042343784ca6ba453f6fde9ea042 0.120s
2025-12-09 02:44:31.058 66369 INFO tempest.lib.common.dynamic_creds [-] Deleting project and security group for project: 3f215f62657f4476a9b15dc38e5c5b2c
2025-12-09 02:44:31.090 66336 INFO tempest.lib.common.rest_client [req-30c7c781-1785-4b4d-aaa9-9b9473472e07 req-30c7c781-1785-4b4d-aaa9-9b9473472e07 ] Request (ListImageFiltersNegativeTestJSON:tearDownClass): 201 POST http://10.180.1.21/identity/v3/auth/tokens 0.100s
2025-12-09 02:44:31.102 66324 INFO tempest.lib.common.rest_client [req-a6e9288d-3650-455e-881e-111a652ca008 req-a6e9288d-3650-455e-881e-111a652ca008 ] Request (ServerMetadataNegativeTestJSON:setUpClass): 204 PUT http://10.180.1.21/identity/v3/projects/d7b564075ee6404dbf302369cf33758c/users/75016f67f291415f97e69fc9394a6ab6/roles/60f7d8506966464586a94c2d51f4e7a6 0.151s
2025-12-09 02:44:31.102 66324 INFO tempest.lib.common.dynamic_creds [-] Dynamic test user 75016f67f291415f97e69fc9394a6ab6 is created with scope project and roles: ['member']
2025-12-09 02:44:31.102 66324 INFO tempest.lib.common.dynamic_creds [-] Acquired dynamic creds: credentials: Credentials: {'domain_id': 'default', 'domain_name': 'Default', 'username': 'tempest-ServerMetadataNegativeTestJSON-1732358801-project-member', 'project_domain_id': 'default', 'project_domain_name': 'Default', 'project_id': 'd7b564075ee6404dbf302369cf33758c', 'project_name': 'tempest-ServerMetadataNegativeTestJSON-1732358801', 'tenant_id': 'd7b564075ee6404dbf302369cf33758c', 'tenant_name': 'tempest-ServerMetadataNegativeTestJSON-1732358801', 'user_domain_id': 'default', 'user_domain_name': 'Default', 'user_id': '75016f67f291415f97e69fc9394a6ab6', 'system': None}, Network: None, Subnet: None, Router: None
2025-12-09 02:44:31.159 66324 INFO tempest.lib.common.rest_client [req-b759f274-6907-4bdf-937c-b5abd3d25649 req-b759f274-6907-4bdf-937c-b5abd3d25649 ] Request (ServerMetadataNegativeTestJSON:setUpClass): 201 POST http://10.180.1.21/identity/v3/auth/tokens 0.056s
2025-12-09 02:44:31.167 66362 INFO tempest.lib.common.rest_client [req-d35d9a8e-6b1f-4715-85f5-6ede87b9761c req-d35d9a8e-6b1f-4715-85f5-6ede87b9761c ] Request (SecurityGroupRulesTestJSON:test_security_group_rules_create): 200 POST http://10.180.1.21/compute/v2.1/os-security-groups 6.573s
2025-12-09 02:44:31.187 66364 INFO tempest.lib.common.rest_client [req-6cea0e8c-7046-4403-8024-84a8a00573b2 req-6cea0e8c-7046-4403-8024-84a8a00573b2 ] Request (HostsAdminNegativeTestJSON:tearDownClass): 204 DELETE http://10.180.1.21/identity/v3/projects/8f2d29577a4a4c9980893e04f838c960 0.135s
2025-12-09 02:44:31.254 66364 INFO tempest.lib.common.rest_client [req-05ce2ed6-2300-438e-a783-0dfce849115f req-05ce2ed6-2300-438e-a783-0dfce849115f ] Request (QuotasSecurityGroupAdminNegativeTest:setUpClass): 201 POST http://10.180.1.21/identity/v3/auth/tokens 0.064s
2025-12-09 02:44:31.264 66369 INFO tempest.lib.common.rest_client [req-9f64d771-519c-4496-b0b6-773f4d04dc6d req-9f64d771-519c-4496-b0b6-773f4d04dc6d ] Request (QuotasAdminTestJSON:tearDownClass): 200 GET http://10.180.1.21/networking/v2.0/security-groups?tenant_id=3f215f62657f4476a9b15dc38e5c5b2c&name=default 0.206s
2025-12-09 02:44:31.289 66364 INFO tempest.lib.common.rest_client [req-45c0b8e9-15e4-4fef-b3f4-7688e88bb58e req-45c0b8e9-15e4-4fef-b3f4-7688e88bb58e ] Request (QuotasSecurityGroupAdminNegativeTest:setUpClass): 201 POST http://10.180.1.21/identity/v3/auth/tokens 0.032s
2025-12-09 02:44:31.319 66364 INFO tempest.lib.common.rest_client [req-4f9191ee-1079-440d-a44f-78c76fb23ef0 req-4f9191ee-1079-440d-a44f-78c76fb23ef0 ] Request (QuotasSecurityGroupAdminNegativeTest:setUpClass): 200 GET http://10.180.1.21/identity/v3/domains?name=Default 0.029s
2025-12-09 02:44:31.343 66384 WARNING tempest.lib.common.ssh [-] Failed to establish authenticated ssh connection to cirros@10.180.180.163 ([Errno None] Unable to connect to port 22 on 10.180.180.163). Number attempts: 3. Retry after 4 seconds.: paramiko.ssh_exception.NoValidConnectionsError: [Errno None] Unable to connect to port 22 on 10.180.180.163
2025-12-09 02:44:31.358 66364 INFO tempest.lib.common.rest_client [req-0e38e129-80be-4ea1-b8e2-b01de06611d7 req-0e38e129-80be-4ea1-b8e2-b01de06611d7 ] Request (QuotasSecurityGroupAdminNegativeTest:setUpClass): 201 POST http://10.180.1.21/identity/v3/projects 0.038s
2025-12-09 02:44:31.391 66336 INFO tempest.lib.common.rest_client [req-5b33ff8b-1056-4b47-86ed-830d7ad030c2 req-5b33ff8b-1056-4b47-86ed-830d7ad030c2 ] Request (ListImageFiltersNegativeTestJSON:tearDownClass): 200 GET http://10.180.1.21/networking/v2.0/security-groups?tenant_id=2a3dbe59d71149ad8285691e1df9811e&name=default 0.301s
2025-12-09 02:44:31.427 66364 INFO tempest.lib.common.rest_client [req-256e001d-3cb7-4d0f-860b-485541797699 req-256e001d-3cb7-4d0f-860b-485541797699 ] Request (QuotasSecurityGroupAdminNegativeTest:setUpClass): 201 POST http://10.180.1.21/identity/v3/users 0.068s
2025-12-09 02:44:31.448 66383 INFO tempest.lib.common.rest_client [req-c12f4338-9348-4cfb-9c3f-c87cac993c9c req-c12f4338-9348-4cfb-9c3f-c87cac993c9c ] Request (ServersTestBootFromVolume:setUpClass): 200 GET http://10.180.1.21/compute/v2.1/servers/84cc292d-fd23-4081-a30a-325a26e0d14c 6.553s
2025-12-09 02:44:31.449 66364 INFO tempest.lib.common.rest_client [req-d9c94297-1ae2-4a9f-90bd-7d5c32c154df req-d9c94297-1ae2-4a9f-90bd-7d5c32c154df ] Request (QuotasSecurityGroupAdminNegativeTest:setUpClass): 200 GET http://10.180.1.21/identity/v3/roles 0.021s
2025-12-09 02:44:31.480 66364 INFO tempest.lib.common.rest_client [req-3561001f-6bde-4f74-9ee9-335b3c776ac0 req-3561001f-6bde-4f74-9ee9-335b3c776ac0 ] Request (QuotasSecurityGroupAdminNegativeTest:setUpClass): 204 PUT http://10.180.1.21/identity/v3/projects/0af617a227294395b8e6c1a56cb60b4e/users/78b869a8170d4086a6e6a68a1b64bdc0/roles/60f7d8506966464586a94c2d51f4e7a6 0.031s
2025-12-09 02:44:31.480 66364 INFO tempest.lib.common.dynamic_creds [-] Dynamic test user 78b869a8170d4086a6e6a68a1b64bdc0 is created with scope project and roles: ['member']
2025-12-09 02:44:31.481 66364 INFO tempest.lib.common.dynamic_creds [-] Acquired dynamic creds: credentials: Credentials: {'domain_id': 'default', 'domain_name': 'Default', 'username': 'tempest-QuotasSecurityGroupAdminNegativeTest-229837206-project-member', 'project_domain_id': 'default', 'project_domain_name': 'Default', 'project_id': '0af617a227294395b8e6c1a56cb60b4e', 'project_name': 'tempest-QuotasSecurityGroupAdminNegativeTest-229837206', 'tenant_id': '0af617a227294395b8e6c1a56cb60b4e', 'tenant_name': 'tempest-QuotasSecurityGroupAdminNegativeTest-229837206', 'user_domain_id': 'default', 'user_domain_name': 'Default', 'user_id': '78b869a8170d4086a6e6a68a1b64bdc0', 'system': None}, Network: None, Subnet: None, Router: None
2025-12-09 02:44:31.481 66364 INFO tempest.lib.common.dynamic_creds [-] Created isolated network resources for: credentials: Credentials: {'domain_id': 'default', 'domain_name': 'Default', 'username': 'tempest-QuotasSecurityGroupAdminNegativeTest-229837206-project-member', 'project_domain_id': 'default', 'project_domain_name': 'Default', 'project_id': '0af617a227294395b8e6c1a56cb60b4e', 'project_name': 'tempest-QuotasSecurityGroupAdminNegativeTest-229837206', 'tenant_id': '0af617a227294395b8e6c1a56cb60b4e', 'tenant_name': 'tempest-QuotasSecurityGroupAdminNegativeTest-229837206', 'user_domain_id': 'default', 'user_domain_name': 'Default', 'user_id': '78b869a8170d4086a6e6a68a1b64bdc0', 'system': None}, Network: None, Subnet: None, Router: None
2025-12-09 02:44:31.520 66369 INFO tempest.lib.common.rest_client [req-ed596f0b-e5c5-470f-93bc-c7752e53cd8c req-ed596f0b-e5c5-470f-93bc-c7752e53cd8c ] Request (QuotasAdminTestJSON:tearDownClass): 204 DELETE http://10.180.1.21/networking/v2.0/security-groups/405313eb-2814-49fc-bba0-f234fbfb6233 0.255s
2025-12-09 02:44:31.565 66364 INFO tempest.lib.common.rest_client [req-2778d95a-b557-4455-a729-ff2acf887c82 req-2778d95a-b557-4455-a729-ff2acf887c82 ] Request (QuotasSecurityGroupAdminNegativeTest:setUpClass): 201 POST http://10.180.1.21/identity/v3/auth/tokens 0.080s
2025-12-09 02:44:31.675 66369 INFO tempest.lib.common.rest_client [req-bfdd8245-fb46-4117-b2ce-7a0a6a65f08f req-bfdd8245-fb46-4117-b2ce-7a0a6a65f08f ] Request (QuotasAdminTestJSON:tearDownClass): 204 DELETE http://10.180.1.21/identity/v3/projects/3f215f62657f4476a9b15dc38e5c5b2c 0.154s
2025-12-09 02:44:31.725 66324 INFO tempest.lib.common.rest_client [req-8bb6fd9c-9bc4-4efa-aa8e-0fb9cc430254 req-8bb6fd9c-9bc4-4efa-aa8e-0fb9cc430254 ] Request (ServerMetadataNegativeTestJSON:setUpClass): 201 POST http://10.180.1.21/networking/v2.0/networks 0.566s
2025-12-09 02:44:31.746 66369 INFO tempest.lib.common.rest_client [req-457bd63e-6ab8-434a-a330-5778c63f32a0 req-457bd63e-6ab8-434a-a330-5778c63f32a0 ] Request (ImagesDeleteNegativeTestJSON:setUpClass): 201 POST http://10.180.1.21/identity/v3/auth/tokens 0.069s
2025-12-09 02:44:31.777 66336 INFO tempest.lib.common.rest_client [req-57af91f5-6f37-4cb8-af18-c2b0b20dc61b req-57af91f5-6f37-4cb8-af18-c2b0b20dc61b ] Request (ListImageFiltersNegativeTestJSON:tearDownClass): 204 DELETE http://10.180.1.21/networking/v2.0/security-groups/a3b64840-2f46-437c-8974-8084806800a9 0.385s
2025-12-09 02:44:31.782 66369 INFO tempest.lib.common.rest_client [req-63454ad3-0ecf-4d43-b2af-2889751f1f87 req-63454ad3-0ecf-4d43-b2af-2889751f1f87 ] Request (ImagesDeleteNegativeTestJSON:setUpClass): 201 POST http://10.180.1.21/identity/v3/auth/tokens 0.032s
2025-12-09 02:44:31.816 66364 INFO tempest.lib.common.rest_client [req-578055a3-bc08-424d-971e-6ec8848a988b req-578055a3-bc08-424d-971e-6ec8848a988b ] Request (QuotasSecurityGroupAdminNegativeTest:setUpClass): 201 POST http://10.180.1.21/identity/v3/projects 0.250s
2025-12-09 02:44:31.844 66336 INFO tempest.lib.common.rest_client [req-a5aabd5c-bb62-4eaf-b832-79c5f7997748 req-a5aabd5c-bb62-4eaf-b832-79c5f7997748 ] Request (ListImageFiltersNegativeTestJSON:tearDownClass): 204 DELETE http://10.180.1.21/identity/v3/projects/2a3dbe59d71149ad8285691e1df9811e 0.066s
2025-12-09 02:44:31.911 66369 INFO tempest.lib.common.rest_client [req-86ed7d51-1f4d-4399-b025-c4fc54180467 req-86ed7d51-1f4d-4399-b025-c4fc54180467 ] Request (ImagesDeleteNegativeTestJSON:setUpClass): 200 GET http://10.180.1.21/identity/v3/domains?name=Default 0.129s
2025-12-09 02:44:31.940 66364 INFO tempest.lib.common.rest_client [req-6a133a7d-28d2-480b-9dda-baeb797feab5 req-6a133a7d-28d2-480b-9dda-baeb797feab5 ] Request (QuotasSecurityGroupAdminNegativeTest:setUpClass): 201 POST http://10.180.1.21/identity/v3/users 0.124s
2025-12-09 02:44:31.967 66336 INFO tempest.lib.common.rest_client [req-71c03607-960c-4232-9281-ca2771818f56 req-71c03607-960c-4232-9281-ca2771818f56 ] Request (MultipleCreateTestJSON:setUpClass): 201 POST http://10.180.1.21/identity/v3/auth/tokens 0.121s
2025-12-09 02:44:31.980 66369 INFO tempest.lib.common.rest_client [req-5a7cec16-65e4-4d2c-85bf-dd3fea3e8bd0 req-5a7cec16-65e4-4d2c-85bf-dd3fea3e8bd0 ] Request (ImagesDeleteNegativeTestJSON:setUpClass): 201 POST http://10.180.1.21/identity/v3/projects 0.068s
2025-12-09 02:44:31.988 66364 INFO tempest.lib.common.rest_client [req-1e884bc2-e8ea-425d-851d-cda58b3fcbfd req-1e884bc2-e8ea-425d-851d-cda58b3fcbfd ] Request (QuotasSecurityGroupAdminNegativeTest:setUpClass): 200 GET http://10.180.1.21/identity/v3/roles 0.048s
2025-12-09 02:44:32.029 66324 INFO tempest.lib.common.rest_client [req-2c57dd67-90f9-4dec-93c4-0e617f139958 req-2c57dd67-90f9-4dec-93c4-0e617f139958 ] Request (ServerMetadataNegativeTestJSON:setUpClass): 201 POST http://10.180.1.21/networking/v2.0/subnets 0.302s
2025-12-09 02:44:32.048 66336 INFO tempest.lib.common.rest_client [req-054e0240-0355-46dc-8aee-2285b6ccfd0f req-054e0240-0355-46dc-8aee-2285b6ccfd0f ] Request (MultipleCreateTestJSON:setUpClass): 201 POST http://10.180.1.21/identity/v3/auth/tokens 0.077s
2025-12-09 02:44:32.070 66369 INFO tempest.lib.common.rest_client [req-3d2fe624-6e00-4c4d-8ab6-dd15bf60e57b req-3d2fe624-6e00-4c4d-8ab6-dd15bf60e57b ] Request (ImagesDeleteNegativeTestJSON:setUpClass): 201 POST http://10.180.1.21/identity/v3/users 0.089s
2025-12-09 02:44:32.094 66364 INFO tempest.lib.common.rest_client [req-ae03fc66-a074-49c4-a89b-f43608b9f247 req-ae03fc66-a074-49c4-a89b-f43608b9f247 ] Request (QuotasSecurityGroupAdminNegativeTest:setUpClass): 204 PUT http://10.180.1.21/identity/v3/projects/4f9ac1980b8a4c48874103935006f89e/users/48940dc09ece4dbf80526fac03efb3ad/roles/6cf6c77be62b4378bed091e7dcd9bcc2 0.105s
2025-12-09 02:44:32.101 66336 INFO tempest.lib.common.rest_client [req-e8b313b6-a436-4428-8453-e97d74a9c7b8 req-e8b313b6-a436-4428-8453-e97d74a9c7b8 ] Request (MultipleCreateTestJSON:setUpClass): 200 GET http://10.180.1.21/identity/v3/domains?name=Default 0.053s
2025-12-09 02:44:32.153 66369 INFO tempest.lib.common.rest_client [req-a7fff4b7-9d5f-4ef1-939a-5ccc0cb87665 req-a7fff4b7-9d5f-4ef1-939a-5ccc0cb87665 ] Request (ImagesDeleteNegativeTestJSON:setUpClass): 200 GET http://10.180.1.21/identity/v3/roles 0.083s
2025-12-09 02:44:32.159 66364 INFO tempest.lib.common.rest_client [req-0b0d4295-c0d9-4e4b-b5f9-8785e40c46d1 req-0b0d4295-c0d9-4e4b-b5f9-8785e40c46d1 ] Request (QuotasSecurityGroupAdminNegativeTest:setUpClass): 200 GET http://10.180.1.21/identity/v3/roles 0.065s
2025-12-09 02:44:32.199 66336 INFO tempest.lib.common.rest_client [req-d0b484fa-9a60-4e11-8dea-02b609911617 req-d0b484fa-9a60-4e11-8dea-02b609911617 ] Request (MultipleCreateTestJSON:setUpClass): 201 POST http://10.180.1.21/identity/v3/projects 0.098s
2025-12-09 02:44:32.202 66369 INFO tempest.lib.common.rest_client [req-3ab2d3a5-dcae-42f7-b380-7fbdb1b5098d req-3ab2d3a5-dcae-42f7-b380-7fbdb1b5098d ] Request (ImagesDeleteNegativeTestJSON:setUpClass): 204 PUT http://10.180.1.21/identity/v3/projects/8a60ac8e00a943118e02e3aafc1bde0c/users/99d4fe4fe9304ec586761314574e5afc/roles/60f7d8506966464586a94c2d51f4e7a6 0.048s
2025-12-09 02:44:32.202 66369 INFO tempest.lib.common.dynamic_creds [-] Dynamic test user 99d4fe4fe9304ec586761314574e5afc is created with scope project and roles: ['member']
2025-12-09 02:44:32.202 66369 INFO tempest.lib.common.dynamic_creds [-] Acquired dynamic creds: credentials: Credentials: {'domain_id': 'default', 'domain_name': 'Default', 'username': 'tempest-ImagesDeleteNegativeTestJSON-1488192294-project-member', 'project_domain_id': 'default', 'project_domain_name': 'Default', 'project_id': '8a60ac8e00a943118e02e3aafc1bde0c', 'project_name': 'tempest-ImagesDeleteNegativeTestJSON-1488192294', 'tenant_id': '8a60ac8e00a943118e02e3aafc1bde0c', 'tenant_name': 'tempest-ImagesDeleteNegativeTestJSON-1488192294', 'user_domain_id': 'default', 'user_domain_name': 'Default', 'user_id': '99d4fe4fe9304ec586761314574e5afc', 'system': None}, Network: None, Subnet: None, Router: None
2025-12-09 02:44:32.202 66369 INFO tempest.lib.common.dynamic_creds [-] Created isolated network resources for: credentials: Credentials: {'domain_id': 'default', 'domain_name': 'Default', 'username': 'tempest-ImagesDeleteNegativeTestJSON-1488192294-project-member', 'project_domain_id': 'default', 'project_domain_name': 'Default', 'project_id': '8a60ac8e00a943118e02e3aafc1bde0c', 'project_name': 'tempest-ImagesDeleteNegativeTestJSON-1488192294', 'tenant_id': '8a60ac8e00a943118e02e3aafc1bde0c', 'tenant_name': 'tempest-ImagesDeleteNegativeTestJSON-1488192294', 'user_domain_id': 'default', 'user_domain_name': 'Default', 'user_id': '99d4fe4fe9304ec586761314574e5afc', 'system': None}, Network: None, Subnet: None, Router: None
2025-12-09 02:44:32.276 66364 INFO tempest.lib.common.rest_client [req-bedb858d-099b-4dfd-b9bb-ef0b39017ff4 req-bedb858d-099b-4dfd-b9bb-ef0b39017ff4 ] Request (QuotasSecurityGroupAdminNegativeTest:setUpClass): 204 PUT http://10.180.1.21/identity/v3/projects/4f9ac1980b8a4c48874103935006f89e/users/48940dc09ece4dbf80526fac03efb3ad/roles/6cf6c77be62b4378bed091e7dcd9bcc2 0.116s
2025-12-09 02:44:32.276 66364 INFO tempest.lib.common.dynamic_creds [-] Dynamic test user 48940dc09ece4dbf80526fac03efb3ad is created with scope project and roles: ['admin']
2025-12-09 02:44:32.276 66364 INFO tempest.lib.common.dynamic_creds [-] Acquired dynamic creds: credentials: Credentials: {'domain_id': 'default', 'domain_name': 'Default', 'username': 'tempest-QuotasSecurityGroupAdminNegativeTest-797932734-project-admin', 'project_domain_id': 'default', 'project_domain_name': 'Default', 'project_id': '4f9ac1980b8a4c48874103935006f89e', 'project_name': 'tempest-QuotasSecurityGroupAdminNegativeTest-797932734', 'tenant_id': '4f9ac1980b8a4c48874103935006f89e', 'tenant_name': 'tempest-QuotasSecurityGroupAdminNegativeTest-797932734', 'user_domain_id': 'default', 'user_domain_name': 'Default', 'user_id': '48940dc09ece4dbf80526fac03efb3ad', 'system': None}, Network: None, Subnet: None, Router: None
2025-12-09 02:44:32.276 66364 INFO tempest.lib.common.dynamic_creds [-] Created isolated network resources for: credentials: Credentials: {'domain_id': 'default', 'domain_name': 'Default', 'username': 'tempest-QuotasSecurityGroupAdminNegativeTest-797932734-project-admin', 'project_domain_id': 'default', 'project_domain_name': 'Default', 'project_id': '4f9ac1980b8a4c48874103935006f89e', 'project_name': 'tempest-QuotasSecurityGroupAdminNegativeTest-797932734', 'tenant_id': '4f9ac1980b8a4c48874103935006f89e', 'tenant_name': 'tempest-QuotasSecurityGroupAdminNegativeTest-797932734', 'user_domain_id': 'default', 'user_domain_name': 'Default', 'user_id': '48940dc09ece4dbf80526fac03efb3ad', 'system': None}, Network: None, Subnet: None, Router: None
2025-12-09 02:44:32.296 66336 INFO tempest.lib.common.rest_client [req-cf91495c-49b4-4e8f-ade9-7bea46802ca5 req-cf91495c-49b4-4e8f-ade9-7bea46802ca5 ] Request (MultipleCreateTestJSON:setUpClass): 201 POST http://10.180.1.21/identity/v3/users 0.096s
2025-12-09 02:44:32.302 66334 INFO tempest.lib.common.rest_client [req-80e17968-fda1-48e3-8e48-91f4dfc4bee3 req-80e17968-fda1-48e3-8e48-91f4dfc4bee3 ] Request (ListServersNegativeTestJSON:setUpClass): 202 POST http://10.180.1.21/compute/v2.1/servers 8.892s
2025-12-09 02:44:32.316 66353 INFO tempest.lib.common.rest_client [req-d6389ba5-cb06-48f4-b6b4-eb1d246e23c5 req-d6389ba5-cb06-48f4-b6b4-eb1d246e23c5 ] Request (AggregatesAdminNegativeTestJSON:test_aggregate_create_with_existent_aggregate_name): 409 POST http://10.180.1.21/compute/v2.1/os-aggregates 7.282s
2025-12-09 02:44:32.393 66369 INFO tempest.lib.common.rest_client [req-0660dab8-e6d7-4075-aafc-473fd1f3a2c5 req-0660dab8-e6d7-4075-aafc-473fd1f3a2c5 ] Request (ImagesDeleteNegativeTestJSON:setUpClass): 201 POST http://10.180.1.21/identity/v3/auth/tokens 0.187s
2025-12-09 02:44:32.410 66364 INFO tempest.lib.common.rest_client [req-29ed2bf0-ae9c-4ee6-b75e-7f1f09c9edb8 req-29ed2bf0-ae9c-4ee6-b75e-7f1f09c9edb8 ] Request (QuotasSecurityGroupAdminNegativeTest:setUpClass): 201 POST http://10.180.1.21/identity/v3/auth/tokens 0.128s
2025-12-09 02:44:32.411 66364 WARNING tempest.lib.common.rest_client [-] Deprecated: "tenant_id" property is deprecated for removal, use "project_id" instead
2025-12-09 02:44:32.491 66336 INFO tempest.lib.common.rest_client [req-b48e0b98-cf68-4f6b-9728-243c12c32f8b req-b48e0b98-cf68-4f6b-9728-243c12c32f8b ] Request (MultipleCreateTestJSON:setUpClass): 200 GET http://10.180.1.21/identity/v3/roles 0.194s
2025-12-09 02:44:32.579 66364 INFO tempest.lib.common.rest_client [req-c7c10157-0bce-4fef-a18b-25a79d789e07 req-c7c10157-0bce-4fef-a18b-25a79d789e07 ] Request (QuotasSecurityGroupAdminNegativeTest:tearDownClass): 204 DELETE http://10.180.1.21/identity/v3/users/78b869a8170d4086a6e6a68a1b64bdc0 0.162s
2025-12-09 02:44:32.624 66358 INFO tempest.lib.common.rest_client [req-96f713e5-eb0b-42a6-a0db-1e6caf0db58b req-96f713e5-eb0b-42a6-a0db-1e6caf0db58b ] Request (SecurityGroupsTestJSON:test_list_security_groups_by_server): 202 POST http://10.180.1.21/compute/v2.1/servers/e5ea9b7b-14ba-4ca6-84cd-86cdcd7df6d2/action 7.617s
2025-12-09 02:44:32.646 66342 INFO tempest.lib.common.rest_client [req-84ff7f4b-8ab2-43b4-9137-d4585eaa8cfc req-84ff7f4b-8ab2-43b4-9137-d4585eaa8cfc ] Request (FlavorsAdminTestJSON:test_create_list_flavor_without_extra_data): 200 GET http://10.180.1.21/compute/v2.1/flavors/1052470443 7.563s
2025-12-09 02:44:32.722 66336 INFO tempest.lib.common.rest_client [req-ca80a42b-937e-473e-87b6-c9d2c772dc59 req-ca80a42b-937e-473e-87b6-c9d2c772dc59 ] Request (MultipleCreateTestJSON:setUpClass): 204 PUT http://10.180.1.21/identity/v3/projects/5d4daa3a4bdc4ae0aa4af6643b59c135/users/6fded4dbcf62400c83973565238dcbdf/roles/60f7d8506966464586a94c2d51f4e7a6 0.228s
2025-12-09 02:44:32.722 66336 INFO tempest.lib.common.dynamic_creds [-] Dynamic test user 6fded4dbcf62400c83973565238dcbdf is created with scope project and roles: ['member']
2025-12-09 02:44:32.722 66336 INFO tempest.lib.common.dynamic_creds [-] Acquired dynamic creds: credentials: Credentials: {'domain_id': 'default', 'domain_name': 'Default', 'username': 'tempest-MultipleCreateTestJSON-648113911-project-member', 'project_domain_id': 'default', 'project_domain_name': 'Default', 'project_id': '5d4daa3a4bdc4ae0aa4af6643b59c135', 'project_name': 'tempest-MultipleCreateTestJSON-648113911', 'tenant_id': '5d4daa3a4bdc4ae0aa4af6643b59c135', 'tenant_name': 'tempest-MultipleCreateTestJSON-648113911', 'user_domain_id': 'default', 'user_domain_name': 'Default', 'user_id': '6fded4dbcf62400c83973565238dcbdf', 'system': None}, Network: None, Subnet: None, Router: None
2025-12-09 02:44:32.799 66326 INFO tempest.lib.common.rest_client [req-eb9fed7b-2d88-4e61-8b1f-68c6f6e366e9 req-eb9fed7b-2d88-4e61-8b1f-68c6f6e366e9 ] Request (ServersAdmin275Test:tearDownClass): 204 DELETE http://10.180.1.21/compute/v2.1/servers/da17a346-5f8e-4455-9784-3a4bbd4205a8 6.479s
2025-12-09 02:44:32.827 66344 INFO tempest.lib.common.rest_client [req-678dbb10-9012-498f-9759-3867f8c00178 req-678dbb10-9012-498f-9759-3867f8c00178 ] Request (FlavorsAccessNegativeTestJSON:test_flavor_non_admin_remove): 200 POST http://10.180.1.21/compute/v2.1/flavors/1703651262/action 7.769s
2025-12-09 02:44:32.873 66364 INFO tempest.lib.common.rest_client [req-f069613c-eab2-455a-9226-960b80f1cd1f req-f069613c-eab2-455a-9226-960b80f1cd1f ] Request (QuotasSecurityGroupAdminNegativeTest:tearDownClass): 204 DELETE http://10.180.1.21/identity/v3/users/48940dc09ece4dbf80526fac03efb3ad 0.293s
2025-12-09 02:44:32.873 66364 INFO tempest.lib.common.dynamic_creds [-] Deleting project and security group for project: 4f9ac1980b8a4c48874103935006f89e
2025-12-09 02:44:32.914 66336 INFO tempest.lib.common.rest_client [req-f66f13ea-8f73-481f-9310-1e36884d2bfc req-f66f13ea-8f73-481f-9310-1e36884d2bfc ] Request (MultipleCreateTestJSON:setUpClass): 201 POST http://10.180.1.21/identity/v3/auth/tokens 0.191s
2025-12-09 02:44:32.917 66375 INFO tempest.lib.common.rest_client [req-03664079-3ee2-4420-a01e-e07115dbfae9 req-03664079-3ee2-4420-a01e-e07115dbfae9 ] Request (ServerTagsTestJSON:test_create_delete_tag): 204 DELETE http://10.180.1.21/compute/v2.1/servers/37389a5f-b3b3-4937-929c-a4e9d3bc0743/tags/tempest-tag-1737889500 5.727s
2025-12-09 02:44:32.951 66364 INFO tempest.lib.common.rest_client [req-560e58bc-fde4-47e0-a4a0-c8a04e26b667 req-560e58bc-fde4-47e0-a4a0-c8a04e26b667 ] Request (QuotasSecurityGroupAdminNegativeTest:tearDownClass): 201 POST http://10.180.1.21/identity/v3/auth/tokens 0.078s
2025-12-09 02:44:32.967 66330 WARNING tempest.lib.common.ssh [-] Failed to establish authenticated ssh connection to cirros@10.180.180.159 ([Errno None] Unable to connect to port 22 on 10.180.180.159). Number attempts: 4. Retry after 5 seconds.: paramiko.ssh_exception.NoValidConnectionsError: [Errno None] Unable to connect to port 22 on 10.180.180.159
2025-12-09 02:44:33.301 66324 INFO tempest.lib.common.rest_client [req-c22cb977-8950-44df-a047-645b03efc5b0 req-c22cb977-8950-44df-a047-645b03efc5b0 ] Request (ServerMetadataNegativeTestJSON:setUpClass): 201 POST http://10.180.1.21/networking/v2.0/routers 1.271s
