2025-12-09 02:43:44.236 66367 INFO tempest.lib.common.rest_client [req-3e693476-2244-40b1-a644-d2ab043d7a80 req-3e693476-2244-40b1-a644-d2ab043d7a80 ] Request (FlavorMetadataValidation:_run_cleanups): 200 GET http://10.180.1.21/compute/v2.1/flavors/detail 8.998s
2025-12-09 02:43:44.259 66342 INFO tempest.lib.common.rest_client [req-4efc334d-7d66-464f-a7f6-6be81e2256f0 req-4efc334d-7d66-464f-a7f6-6be81e2256f0 ] Request (FlavorsAdminTestJSON:test_create_flavor_verify_entry_in_list_details): 200 GET http://10.180.1.21/compute/v2.1/flavors/detail 8.992s
2025-12-09 02:43:44.265 66346 INFO tempest.lib.common.rest_client [req-429bbd4e-48c1-411f-a62c-f03ef9fe2fa1 req-429bbd4e-48c1-411f-a62c-f03ef9fe2fa1 ] Request (InstanceActionsTestJSON:setUpClass): 204 PUT http://10.180.1.21/identity/v3/projects/fb44973af3364c61bf51e0f3c233dd7c/users/048207fd38104088af413686f51fed6f/roles/60f7d8506966464586a94c2d51f4e7a6 0.220s
2025-12-09 02:43:44.265 66346 INFO tempest.lib.common.dynamic_creds [-] Dynamic test user 048207fd38104088af413686f51fed6f is created with scope project and roles: ['member']
2025-12-09 02:43:44.265 66346 INFO tempest.lib.common.dynamic_creds [-] Acquired dynamic creds: credentials: Credentials: {'domain_id': 'default', 'domain_name': 'Default', 'username': 'tempest-InstanceActionsTestJSON-860917399-project-member', 'project_domain_id': 'default', 'project_domain_name': 'Default', 'project_id': 'fb44973af3364c61bf51e0f3c233dd7c', 'project_name': 'tempest-InstanceActionsTestJSON-860917399', 'tenant_id': 'fb44973af3364c61bf51e0f3c233dd7c', 'tenant_name': 'tempest-InstanceActionsTestJSON-860917399', 'user_domain_id': 'default', 'user_domain_name': 'Default', 'user_id': '048207fd38104088af413686f51fed6f', 'system': None}, Network: None, Subnet: None, Router: None
2025-12-09 02:43:44.285 66338 INFO tempest.lib.common.rest_client [req-4781edca-4117-498e-8b1f-3300eb480769 req-4781edca-4117-498e-8b1f-3300eb480769 ] Request (FlavorsV255TestJSON:test_crud_flavor): 200 GET http://10.180.1.21/compute/v2.1/flavors/detail 8.991s
2025-12-09 02:43:44.337 66346 INFO tempest.lib.common.rest_client [req-567e386f-a85b-4a30-8391-0731e5907e18 req-567e386f-a85b-4a30-8391-0731e5907e18 ] Request (InstanceActionsTestJSON:setUpClass): 201 POST http://10.180.1.21/identity/v3/auth/tokens 0.071s
2025-12-09 02:43:44.350 66353 INFO tempest.lib.common.rest_client [req-bf9e2051-29fe-4620-8418-a092891b0de6 req-bf9e2051-29fe-4620-8418-a092891b0de6 ] Request (AggregatesAdminNegativeTestJSON:test_aggregate_add_existent_host): 409 POST http://10.180.1.21/compute/v2.1/os-aggregates/1/action 8.910s
2025-12-09 02:43:44.363 66367 INFO tempest.lib.common.rest_client [req-b1113304-d626-41cb-9b28-36debbd24c9e req-b1113304-d626-41cb-9b28-36debbd24c9e ] Request (FlavorMetadataValidation:tearDownClass): 204 DELETE http://10.180.1.21/identity/v3/users/41a2e41776f244789d7d7fdb53ae4706 0.113s
2025-12-09 02:43:44.380 66334 INFO tempest.lib.common.rest_client [req-db409451-25e1-4af7-ab34-54d043ec69f6 req-db409451-25e1-4af7-ab34-54d043ec69f6 ] Request (QuotaClassesAdminTestJSON:tearDownClass): 200 GET http://10.180.1.21/networking/v2.0/security-groups?tenant_id=38ab669e8ebd4c22b9fa8ede69676630&name=default 0.434s
2025-12-09 02:43:44.401 66354 INFO tempest.lib.common.rest_client [req-3c8a0eb8-18f1-4466-9c99-3ec947e0aa4d req-3c8a0eb8-18f1-4466-9c99-3ec947e0aa4d ] Request (KeyPairsV210TestJSON:test_admin_manage_keypairs_for_other_users): 201 POST http://10.180.1.21/compute/v2.1/os-keypairs 8.905s
2025-12-09 02:43:44.418 66360 INFO tempest.lib.common.rest_client [req-0cb644c2-ff79-465a-acfd-2619859b8ad0 req-0cb644c2-ff79-465a-acfd-2619859b8ad0 ] Request (ServerRescueTestJSONUnderV235:setUpClass): 200 GET http://10.180.1.21/compute/v2.1/servers/43c8bcd7-5bcd-4834-91ff-11cb7ee460df 9.230s
2025-12-09 02:43:44.424 66348 INFO tempest.lib.common.rest_client [req-7e0ff2a1-4363-4286-8083-b8b459c2bf18 req-7e0ff2a1-4363-4286-8083-b8b459c2bf18 ] Request (ImagesMetadataNegativeTestJSON:test_list_nonexistent_image_metadata): 404 GET http://10.180.1.21/compute/v2.1/images/392f66be-ab52-4c87-b176-a1d2e0170d7f/metadata 8.912s
2025-12-09 02:43:44.430 66364 INFO tempest.lib.common.rest_client [req-f38deeb1-92df-4ad3-8173-058dee5188d8 req-f38deeb1-92df-4ad3-8173-058dee5188d8 ] Request (HostsAdminNegativeTestJSON:test_reboot_host_with_non_admin_user): 403 GET http://10.180.1.21/compute/v2.1/os-hosts/devstack/reboot 8.757s
2025-12-09 02:43:44.441 66350 INFO tempest.lib.common.rest_client [req-c7a0c5f7-78c2-49ce-a0d8-2ce3df6c1305 req-c7a0c5f7-78c2-49ce-a0d8-2ce3df6c1305 ] Request (ServersWithSpecificFlavorTestJSON:test_verify_created_server_ephemeral_disk): 200 GET http://10.180.1.21/compute/v2.1/flavors/42/os-extra_specs 8.196s
2025-12-09 02:43:44.486 66367 INFO tempest.lib.common.rest_client [req-fe9e756a-b095-4af6-aba0-27136f453cfc req-fe9e756a-b095-4af6-aba0-27136f453cfc ] Request (FlavorMetadataValidation:tearDownClass): 204 DELETE http://10.180.1.21/identity/v3/users/4ca5d37e66f1403cad757337cd75c7fb 0.122s
2025-12-09 02:43:44.486 66367 INFO tempest.lib.common.dynamic_creds [-] Deleting project and security group for project: 0c231e41c4d34d4d834b8eb6936b301a
2025-12-09 02:43:44.492 66380 INFO tempest.lib.common.rest_client [req-451ebb5b-bd0f-4b49-bde3-0c456ead484e req-451ebb5b-bd0f-4b49-bde3-0c456ead484e ] Request (ListImageFiltersTestJSON:setUpClass): 200 GET http://10.180.1.21/compute/v2.1/images/24da6482-0c21-4c3f-8e30-7574c4d8a138 6.805s
2025-12-09 02:43:44.528 66372 INFO tempest.lib.common.rest_client [req-9a79123f-c1cd-4770-afc3-b71069659aeb req-9a79123f-c1cd-4770-afc3-b71069659aeb ] Request (ServicesAdminTestJSON:tearDownClass): 200 GET http://10.180.1.21/networking/v2.0/security-groups?tenant_id=c315f0bd466c43a8b5c8e7a9de70e8c1&name=default 0.346s
2025-12-09 02:43:44.632 66334 INFO tempest.lib.common.rest_client [req-98b8a989-ea9e-4407-b305-1dc99ae51d3c req-98b8a989-ea9e-4407-b305-1dc99ae51d3c ] Request (QuotaClassesAdminTestJSON:tearDownClass): 204 DELETE http://10.180.1.21/networking/v2.0/security-groups/72e994fc-f9ef-47c2-aadd-e9722efd82c0 0.252s
2025-12-09 02:43:44.662 66384 INFO tempest.lib.common.rest_client [req-ff738a85-bb72-478d-9085-e73ed9da1ab7 req-ff738a85-bb72-478d-9085-e73ed9da1ab7 ] Request (ValidationResourcesFixture:setUp): 200 POST http://10.180.1.21/compute/v2.1/os-keypairs 7.382s
2025-12-09 02:43:44.679 66367 INFO tempest.lib.common.rest_client [req-92ef62e1-65c4-4cd0-8a8c-123b7bebd624 req-92ef62e1-65c4-4cd0-8a8c-123b7bebd624 ] Request (FlavorMetadataValidation:tearDownClass): 201 POST http://10.180.1.21/identity/v3/auth/tokens 0.193s
2025-12-09 02:43:44.693 66383 INFO tempest.lib.common.rest_client [req-753cc9f8-a7b5-4457-a711-701a664abe4e req-753cc9f8-a7b5-4457-a711-701a664abe4e ] Request (AZAdminNegativeTestJSON:test_get_availability_zone_list_detail_with_non_admin_user): 403 GET http://10.180.1.21/compute/v2.1/os-availability-zone/detail 6.428s
2025-12-09 02:43:44.724 66372 INFO tempest.lib.common.rest_client [req-5570af7e-6b34-412f-a3e6-0fec80b3885d req-5570af7e-6b34-412f-a3e6-0fec80b3885d ] Request (ServicesAdminTestJSON:tearDownClass): 204 DELETE http://10.180.1.21/networking/v2.0/security-groups/cd213f45-6bff-4a00-a084-e61ade6dce20 0.196s
2025-12-09 02:43:44.742 66334 INFO tempest.lib.common.rest_client [req-69a4e096-2a46-4498-9571-a794d6b865e3 req-69a4e096-2a46-4498-9571-a794d6b865e3 ] Request (QuotaClassesAdminTestJSON:tearDownClass): 204 DELETE http://10.180.1.21/identity/v3/projects/38ab669e8ebd4c22b9fa8ede69676630 0.109s
2025-12-09 02:43:44.743 66334 INFO tempest.lib.common.dynamic_creds [-] Deleting project and security group for project: 2e59fc108dd64fafb53e29bb50ced0b0
2025-12-09 02:43:44.812 66346 INFO tempest.lib.common.rest_client [req-6ee8928e-4f05-4350-acfd-0c30c7e3d5a1 req-6ee8928e-4f05-4350-acfd-0c30c7e3d5a1 ] Request (InstanceActionsTestJSON:setUpClass): 201 POST http://10.180.1.21/networking/v2.0/networks 0.474s
2025-12-09 02:43:44.841 66384 INFO tempest.lib.common.rest_client [req-6e7ffd96-1bdb-4772-8c42-bec17366a5cc req-6e7ffd96-1bdb-4772-8c42-bec17366a5cc ] Request (ValidationResourcesFixture:setUp): 201 POST http://10.180.1.21/networking/v2.0/security-groups 0.177s
2025-12-09 02:43:44.851 66372 INFO tempest.lib.common.rest_client [req-f573b1f8-a9cd-493c-bbac-4070b42672d7 req-f573b1f8-a9cd-493c-bbac-4070b42672d7 ] Request (ServicesAdminTestJSON:tearDownClass): 204 DELETE http://10.180.1.21/identity/v3/projects/c315f0bd466c43a8b5c8e7a9de70e8c1 0.127s
2025-12-09 02:43:44.861 66383 INFO tempest.lib.common.rest_client [req-30f3f1eb-e471-4fe5-89dd-9fdd08eab7ff req-30f3f1eb-e471-4fe5-89dd-9fdd08eab7ff ] Request (AZAdminNegativeTestJSON:tearDownClass): 204 DELETE http://10.180.1.21/identity/v3/users/0b6d7d95159a4b4294ca371d57af275e 0.164s
2025-12-09 02:43:44.922 66372 INFO tempest.lib.common.rest_client [req-f40778d1-4196-4b51-8e1b-46ac05665f55 req-f40778d1-4196-4b51-8e1b-46ac05665f55 ] Request (KeyPairsV22TestJSON:setUpClass): 201 POST http://10.180.1.21/identity/v3/auth/tokens 0.069s
2025-12-09 02:43:44.968 66372 INFO tempest.lib.common.rest_client [req-1d48f417-0f85-4152-bbe1-0b493aca158f req-1d48f417-0f85-4152-bbe1-0b493aca158f ] Request (KeyPairsV22TestJSON:setUpClass): 201 POST http://10.180.1.21/identity/v3/auth/tokens 0.042s
2025-12-09 02:43:44.987 66383 INFO tempest.lib.common.rest_client [req-a41819b7-03ef-427b-8fca-10e4e3a83d4c req-a41819b7-03ef-427b-8fca-10e4e3a83d4c ] Request (AZAdminNegativeTestJSON:tearDownClass): 204 DELETE http://10.180.1.21/identity/v3/users/3e057df946bf4012957245812dbd6d70 0.126s
2025-12-09 02:43:44.988 66383 INFO tempest.lib.common.dynamic_creds [-] Deleting project and security group for project: da64dc2f086c48c5bb90b33098bc4c22
2025-12-09 02:43:45.021 66334 INFO tempest.lib.common.rest_client [req-1d822b38-29a7-40a6-8007-6fa8db566217 req-1d822b38-29a7-40a6-8007-6fa8db566217 ] Request (QuotaClassesAdminTestJSON:tearDownClass): 200 GET http://10.180.1.21/networking/v2.0/security-groups?tenant_id=2e59fc108dd64fafb53e29bb50ced0b0&name=default 0.278s
2025-12-09 02:43:45.023 66372 INFO tempest.lib.common.rest_client [req-2182bcab-a2fe-40f2-b805-c49cb2e10f0d req-2182bcab-a2fe-40f2-b805-c49cb2e10f0d ] Request (KeyPairsV22TestJSON:setUpClass): 200 GET http://10.180.1.21/identity/v3/domains?name=Default 0.055s
2025-12-09 02:43:45.046 66383 INFO tempest.lib.common.rest_client [req-3e0ff651-31ca-449e-b20c-adef604e4493 req-3e0ff651-31ca-449e-b20c-adef604e4493 ] Request (AZAdminNegativeTestJSON:tearDownClass): 201 POST http://10.180.1.21/identity/v3/auth/tokens 0.058s
2025-12-09 02:43:45.062 66367 INFO tempest.lib.common.rest_client [req-255c3fac-4253-4b86-ae7f-a5c1cd18b573 req-255c3fac-4253-4b86-ae7f-a5c1cd18b573 ] Request (FlavorMetadataValidation:tearDownClass): 200 GET http://10.180.1.21/networking/v2.0/security-groups?tenant_id=0c231e41c4d34d4d834b8eb6936b301a&name=default 0.382s
2025-12-09 02:43:45.094 66372 INFO tempest.lib.common.rest_client [req-9c1c7e58-3a07-4d8b-b6a4-ac57952cc7f6 req-9c1c7e58-3a07-4d8b-b6a4-ac57952cc7f6 ] Request (KeyPairsV22TestJSON:setUpClass): 201 POST http://10.180.1.21/identity/v3/projects 0.070s
2025-12-09 02:43:45.149 66372 INFO tempest.lib.common.rest_client [req-1b1b66bb-3b59-479f-ad12-5e60991197ce req-1b1b66bb-3b59-479f-ad12-5e60991197ce ] Request (KeyPairsV22TestJSON:setUpClass): 201 POST http://10.180.1.21/identity/v3/users 0.055s
2025-12-09 02:43:45.153 66384 INFO tempest.lib.common.rest_client [req-cf4b98b5-0eea-400d-84c5-e8be24304219 req-cf4b98b5-0eea-400d-84c5-e8be24304219 ] Request (ValidationResourcesFixture:setUp): 201 POST http://10.180.1.21/networking/v2.0/security-group-rules 0.311s
2025-12-09 02:43:45.176 66372 INFO tempest.lib.common.rest_client [req-c8217005-d46c-455d-a02d-5bde8e534555 req-c8217005-d46c-455d-a02d-5bde8e534555 ] Request (KeyPairsV22TestJSON:setUpClass): 200 GET http://10.180.1.21/identity/v3/roles 0.026s
2025-12-09 02:43:45.183 66362 INFO tempest.lib.common.rest_client [req-05e9a9fe-f747-4474-b4c8-b870d65be028 req-05e9a9fe-f747-4474-b4c8-b870d65be028 ] Request (ImagesNegativeTestJSON:test_create_image_from_deleted_server): 200 GET http://10.180.1.21/compute/v2.1/servers/006e059c-a281-4402-9278-a85bdded1a5f 6.815s
2025-12-09 02:43:45.208 66372 INFO tempest.lib.common.rest_client [req-23310c71-8787-4851-b4b7-7c86c4b92e8f req-23310c71-8787-4851-b4b7-7c86c4b92e8f ] Request (KeyPairsV22TestJSON:setUpClass): 204 PUT http://10.180.1.21/identity/v3/projects/dce4d459d40941839880d80707e17dd1/users/44db8c0898274c099d940722ebd3702f/roles/60f7d8506966464586a94c2d51f4e7a6 0.031s
2025-12-09 02:43:45.209 66372 INFO tempest.lib.common.dynamic_creds [-] Dynamic test user 44db8c0898274c099d940722ebd3702f is created with scope project and roles: ['member']
2025-12-09 02:43:45.209 66372 INFO tempest.lib.common.dynamic_creds [-] Acquired dynamic creds: credentials: Credentials: {'domain_id': 'default', 'domain_name': 'Default', 'username': 'tempest-KeyPairsV22TestJSON-1549102261-project-member', 'project_domain_id': 'default', 'project_domain_name': 'Default', 'project_id': 'dce4d459d40941839880d80707e17dd1', 'project_name': 'tempest-KeyPairsV22TestJSON-1549102261', 'tenant_id': 'dce4d459d40941839880d80707e17dd1', 'tenant_name': 'tempest-KeyPairsV22TestJSON-1549102261', 'user_domain_id': 'default', 'user_domain_name': 'Default', 'user_id': '44db8c0898274c099d940722ebd3702f', 'system': None}, Network: None, Subnet: None, Router: None
2025-12-09 02:43:45.209 66372 INFO tempest.lib.common.dynamic_creds [-] Created isolated network resources for: credentials: Credentials: {'domain_id': 'default', 'domain_name': 'Default', 'username': 'tempest-KeyPairsV22TestJSON-1549102261-project-member', 'project_domain_id': 'default', 'project_domain_name': 'Default', 'project_id': 'dce4d459d40941839880d80707e17dd1', 'project_name': 'tempest-KeyPairsV22TestJSON-1549102261', 'tenant_id': 'dce4d459d40941839880d80707e17dd1', 'tenant_name': 'tempest-KeyPairsV22TestJSON-1549102261', 'user_domain_id': 'default', 'user_domain_name': 'Default', 'user_id': '44db8c0898274c099d940722ebd3702f', 'system': None}, Network: None, Subnet: None, Router: None
2025-12-09 02:43:45.231 66346 INFO tempest.lib.common.rest_client [req-80cf8b28-effb-419d-99d0-d0382ae4d175 req-80cf8b28-effb-419d-99d0-d0382ae4d175 ] Request (InstanceActionsTestJSON:setUpClass): 201 POST http://10.180.1.21/networking/v2.0/subnets 0.419s
2025-12-09 02:43:45.260 66334 INFO tempest.lib.common.rest_client [req-358d2e6a-9e50-4ffe-bdb5-352e1c21034d req-358d2e6a-9e50-4ffe-bdb5-352e1c21034d ] Request (QuotaClassesAdminTestJSON:tearDownClass): 204 DELETE http://10.180.1.21/networking/v2.0/security-groups/ac807bb9-54f7-406f-8efc-6cc00c1e6760 0.239s
2025-12-09 02:43:45.290 66372 INFO tempest.lib.common.rest_client [req-d162dec6-b677-4432-a8f5-6d92a2fc9ef0 req-d162dec6-b677-4432-a8f5-6d92a2fc9ef0 ] Request (KeyPairsV22TestJSON:setUpClass): 201 POST http://10.180.1.21/identity/v3/auth/tokens 0.078s
2025-12-09 02:43:45.383 66334 INFO tempest.lib.common.rest_client [req-72baf378-1175-4b14-a614-f921820ab5c5 req-72baf378-1175-4b14-a614-f921820ab5c5 ] Request (QuotaClassesAdminTestJSON:tearDownClass): 204 DELETE http://10.180.1.21/identity/v3/projects/2e59fc108dd64fafb53e29bb50ced0b0 0.122s
2025-12-09 02:43:45.388 66367 INFO tempest.lib.common.rest_client [req-9ce570de-bcab-4d93-a565-a1eb0fdcc4fc req-9ce570de-bcab-4d93-a565-a1eb0fdcc4fc ] Request (FlavorMetadataValidation:tearDownClass): 204 DELETE http://10.180.1.21/networking/v2.0/security-groups/e37b8819-dab5-413f-8654-cbdff2760205 0.326s
2025-12-09 02:43:45.479 66334 INFO tempest.lib.common.rest_client [req-f14dc872-e308-42dc-8fa5-da3206abf2ca req-f14dc872-e308-42dc-8fa5-da3206abf2ca ] Request (ServicesAdminNegativeV253TestJSON:setUpClass): 201 POST http://10.180.1.21/identity/v3/auth/tokens 0.094s
2025-12-09 02:43:45.506 66383 INFO tempest.lib.common.rest_client [req-dbac742a-ce4e-4ea7-9f23-2069ae79359a req-dbac742a-ce4e-4ea7-9f23-2069ae79359a ] Request (AZAdminNegativeTestJSON:tearDownClass): 200 GET http://10.180.1.21/networking/v2.0/security-groups?tenant_id=da64dc2f086c48c5bb90b33098bc4c22&name=default 0.459s
2025-12-09 02:43:45.546 66367 INFO tempest.lib.common.rest_client [req-4eeb6dd5-1936-45c4-b42b-00f344ce6816 req-4eeb6dd5-1936-45c4-b42b-00f344ce6816 ] Request (FlavorMetadataValidation:tearDownClass): 204 DELETE http://10.180.1.21/identity/v3/projects/0c231e41c4d34d4d834b8eb6936b301a 0.157s
2025-12-09 02:43:45.546 66367 INFO tempest.lib.common.dynamic_creds [-] Deleting project and security group for project: d663697bc8df4522ab42cec93ea9c839
2025-12-09 02:43:45.558 66334 INFO tempest.lib.common.rest_client [req-70279c4b-c74d-4f40-aaca-40c17a2db889 req-70279c4b-c74d-4f40-aaca-40c17a2db889 ] Request (ServicesAdminNegativeV253TestJSON:setUpClass): 201 POST http://10.180.1.21/identity/v3/auth/tokens 0.074s
2025-12-09 02:43:45.594 66334 INFO tempest.lib.common.rest_client [req-62e3268c-39dc-4e04-93ce-990b12eee03f req-62e3268c-39dc-4e04-93ce-990b12eee03f ] Request (ServicesAdminNegativeV253TestJSON:setUpClass): 200 GET http://10.180.1.21/identity/v3/domains?name=Default 0.036s
2025-12-09 02:43:45.618 66384 INFO tempest.lib.common.rest_client [req-77e9e900-a3b8-45a2-8cc9-efa9f77bbedf req-77e9e900-a3b8-45a2-8cc9-efa9f77bbedf ] Request (ValidationResourcesFixture:setUp): 201 POST http://10.180.1.21/networking/v2.0/security-group-rules 0.464s
2025-12-09 02:43:45.642 66334 INFO tempest.lib.common.rest_client [req-c3452852-dba5-4c2e-9ca3-d5dc3b1ede6c req-c3452852-dba5-4c2e-9ca3-d5dc3b1ede6c ] Request (ServicesAdminNegativeV253TestJSON:setUpClass): 201 POST http://10.180.1.21/identity/v3/projects 0.047s
2025-12-09 02:43:45.724 66334 INFO tempest.lib.common.rest_client [req-01e946bd-f62e-4e63-a648-2e893112fd07 req-01e946bd-f62e-4e63-a648-2e893112fd07 ] Request (ServicesAdminNegativeV253TestJSON:setUpClass): 201 POST http://10.180.1.21/identity/v3/users 0.080s
2025-12-09 02:43:45.749 66334 INFO tempest.lib.common.rest_client [req-bca1fe3c-2dd7-48d9-9e07-3d02c3d32440 req-bca1fe3c-2dd7-48d9-9e07-3d02c3d32440 ] Request (ServicesAdminNegativeV253TestJSON:setUpClass): 200 GET http://10.180.1.21/identity/v3/roles 0.024s
2025-12-09 02:43:45.780 66334 INFO tempest.lib.common.rest_client [req-d07df593-11a3-4ef6-977c-c8fea0926cc5 req-d07df593-11a3-4ef6-977c-c8fea0926cc5 ] Request (ServicesAdminNegativeV253TestJSON:setUpClass): 204 PUT http://10.180.1.21/identity/v3/projects/942922dcc70f4ae497f4b7c56d68e8ed/users/726562e9cd024571a04aac33f4dc51b4/roles/60f7d8506966464586a94c2d51f4e7a6 0.031s
2025-12-09 02:43:45.781 66334 INFO tempest.lib.common.dynamic_creds [-] Dynamic test user 726562e9cd024571a04aac33f4dc51b4 is created with scope project and roles: ['member']
2025-12-09 02:43:45.781 66334 INFO tempest.lib.common.dynamic_creds [-] Acquired dynamic creds: credentials: Credentials: {'domain_id': 'default', 'domain_name': 'Default', 'username': 'tempest-ServicesAdminNegativeV253TestJSON-540961008-project-member', 'project_domain_id': 'default', 'project_domain_name': 'Default', 'project_id': '942922dcc70f4ae497f4b7c56d68e8ed', 'project_name': 'tempest-ServicesAdminNegativeV253TestJSON-540961008', 'tenant_id': '942922dcc70f4ae497f4b7c56d68e8ed', 'tenant_name': 'tempest-ServicesAdminNegativeV253TestJSON-540961008', 'user_domain_id': 'default', 'user_domain_name': 'Default', 'user_id': '726562e9cd024571a04aac33f4dc51b4', 'system': None}, Network: None, Subnet: None, Router: None
2025-12-09 02:43:45.781 66334 INFO tempest.lib.common.dynamic_creds [-] Created isolated network resources for: credentials: Credentials: {'domain_id': 'default', 'domain_name': 'Default', 'username': 'tempest-ServicesAdminNegativeV253TestJSON-540961008-project-member', 'project_domain_id': 'default', 'project_domain_name': 'Default', 'project_id': '942922dcc70f4ae497f4b7c56d68e8ed', 'project_name': 'tempest-ServicesAdminNegativeV253TestJSON-540961008', 'tenant_id': '942922dcc70f4ae497f4b7c56d68e8ed', 'tenant_name': 'tempest-ServicesAdminNegativeV253TestJSON-540961008', 'user_domain_id': 'default', 'user_domain_name': 'Default', 'user_id': '726562e9cd024571a04aac33f4dc51b4', 'system': None}, Network: None, Subnet: None, Router: None
2025-12-09 02:43:45.867 66334 INFO tempest.lib.common.rest_client [req-44cb1b47-351f-4dbd-b39d-a8f3d54129f4 req-44cb1b47-351f-4dbd-b39d-a8f3d54129f4 ] Request (ServicesAdminNegativeV253TestJSON:setUpClass): 201 POST http://10.180.1.21/identity/v3/auth/tokens 0.083s
2025-12-09 02:43:45.936 66334 INFO tempest.lib.common.rest_client [req-c6633926-073d-4f42-a63d-759809faf059 req-c6633926-073d-4f42-a63d-759809faf059 ] Request (ServicesAdminNegativeV253TestJSON:setUpClass): 201 POST http://10.180.1.21/identity/v3/projects 0.067s
2025-12-09 02:43:45.991 66334 INFO tempest.lib.common.rest_client [req-42940d37-5bd6-4013-89cd-d9d5420722fc req-42940d37-5bd6-4013-89cd-d9d5420722fc ] Request (ServicesAdminNegativeV253TestJSON:setUpClass): 201 POST http://10.180.1.21/identity/v3/users 0.055s
2025-12-09 02:43:46.015 66334 INFO tempest.lib.common.rest_client [req-de620cf1-cb78-47ba-a493-0fe25c45fee6 req-de620cf1-cb78-47ba-a493-0fe25c45fee6 ] Request (ServicesAdminNegativeV253TestJSON:setUpClass): 200 GET http://10.180.1.21/identity/v3/roles 0.023s
2025-12-09 02:43:46.047 66334 INFO tempest.lib.common.rest_client [req-3ef5a255-6018-4af3-ac6c-710f1527ffdf req-3ef5a255-6018-4af3-ac6c-710f1527ffdf ] Request (ServicesAdminNegativeV253TestJSON:setUpClass): 204 PUT http://10.180.1.21/identity/v3/projects/ba468c278b0b4e3e8c8cbffeea9296c5/users/738d991c20c640e6b46301663f0f9eb8/roles/6cf6c77be62b4378bed091e7dcd9bcc2 0.031s
2025-12-09 02:43:46.120 66334 INFO tempest.lib.common.rest_client [req-e0be7925-a4df-4915-b22f-ef14a0433c81 req-e0be7925-a4df-4915-b22f-ef14a0433c81 ] Request (ServicesAdminNegativeV253TestJSON:setUpClass): 200 GET http://10.180.1.21/identity/v3/roles 0.072s
2025-12-09 02:43:46.139 66334 INFO tempest.lib.common.rest_client [req-b46a156d-87a6-4e38-bbc0-eb56c85cc5b2 req-b46a156d-87a6-4e38-bbc0-eb56c85cc5b2 ] Request (ServicesAdminNegativeV253TestJSON:setUpClass): 204 PUT http://10.180.1.21/identity/v3/projects/ba468c278b0b4e3e8c8cbffeea9296c5/users/738d991c20c640e6b46301663f0f9eb8/roles/6cf6c77be62b4378bed091e7dcd9bcc2 0.019s
2025-12-09 02:43:46.139 66334 INFO tempest.lib.common.dynamic_creds [-] Dynamic test user 738d991c20c640e6b46301663f0f9eb8 is created with scope project and roles: ['admin']
2025-12-09 02:43:46.139 66334 INFO tempest.lib.common.dynamic_creds [-] Acquired dynamic creds: credentials: Credentials: {'domain_id': 'default', 'domain_name': 'Default', 'username': 'tempest-ServicesAdminNegativeV253TestJSON-875357824-project-admin', 'project_domain_id': 'default', 'project_domain_name': 'Default', 'project_id': 'ba468c278b0b4e3e8c8cbffeea9296c5', 'project_name': 'tempest-ServicesAdminNegativeV253TestJSON-875357824', 'tenant_id': 'ba468c278b0b4e3e8c8cbffeea9296c5', 'tenant_name': 'tempest-ServicesAdminNegativeV253TestJSON-875357824', 'user_domain_id': 'default', 'user_domain_name': 'Default', 'user_id': '738d991c20c640e6b46301663f0f9eb8', 'system': None}, Network: None, Subnet: None, Router: None
2025-12-09 02:43:46.140 66334 INFO tempest.lib.common.dynamic_creds [-] Created isolated network resources for: credentials: Credentials: {'domain_id': 'default', 'domain_name': 'Default', 'username': 'tempest-ServicesAdminNegativeV253TestJSON-875357824-project-admin', 'project_domain_id': 'default', 'project_domain_name': 'Default', 'project_id': 'ba468c278b0b4e3e8c8cbffeea9296c5', 'project_name': 'tempest-ServicesAdminNegativeV253TestJSON-875357824', 'tenant_id': 'ba468c278b0b4e3e8c8cbffeea9296c5', 'tenant_name': 'tempest-ServicesAdminNegativeV253TestJSON-875357824', 'user_domain_id': 'default', 'user_domain_name': 'Default', 'user_id': '738d991c20c640e6b46301663f0f9eb8', 'system': None}, Network: None, Subnet: None, Router: None
2025-12-09 02:43:46.220 66334 INFO tempest.lib.common.rest_client [req-1d821b52-a680-433c-b300-2cb0eee4db7a req-1d821b52-a680-433c-b300-2cb0eee4db7a ] Request (ServicesAdminNegativeV253TestJSON:setUpClass): 201 POST http://10.180.1.21/identity/v3/auth/tokens 0.078s
2025-12-09 02:43:46.328 66346 INFO tempest.lib.common.rest_client [req-96cf961a-a120-4c2b-a622-6bedeea71f51 req-96cf961a-a120-4c2b-a622-6bedeea71f51 ] Request (InstanceActionsTestJSON:setUpClass): 201 POST http://10.180.1.21/networking/v2.0/routers 1.096s
2025-12-09 02:43:46.476 66383 INFO tempest.lib.common.rest_client [req-e234615e-818c-4a38-8a83-37761294ca65 req-e234615e-818c-4a38-8a83-37761294ca65 ] Request (AZAdminNegativeTestJSON:tearDownClass): 204 DELETE http://10.180.1.21/networking/v2.0/security-groups/fa2d4720-8596-412e-87c0-8ad4b2a21c0f 0.970s
2025-12-09 02:43:46.617 66367 INFO tempest.lib.common.rest_client [req-75c3e975-69e5-4cb1-af44-063c97347dfe req-75c3e975-69e5-4cb1-af44-063c97347dfe ] Request (FlavorMetadataValidation:tearDownClass): 200 GET http://10.180.1.21/networking/v2.0/security-groups?tenant_id=d663697bc8df4522ab42cec93ea9c839&name=default 1.071s
2025-12-09 02:43:46.624 66383 INFO tempest.lib.common.rest_client [req-90f5585a-120a-4ce4-aced-53ddf3ba73e7 req-90f5585a-120a-4ce4-aced-53ddf3ba73e7 ] Request (AZAdminNegativeTestJSON:tearDownClass): 204 DELETE http://10.180.1.21/identity/v3/projects/da64dc2f086c48c5bb90b33098bc4c22 0.147s
2025-12-09 02:43:46.626 66383 INFO tempest.lib.common.dynamic_creds [-] Deleting project and security group for project: 5a317e9e2b0c48fb99c6a128da7ae077
2025-12-09 02:43:46.968 66384 INFO tempest.lib.common.rest_client [req-986f37bd-8792-4714-b3ba-32b0e7022c3d req-986f37bd-8792-4714-b3ba-32b0e7022c3d ] Request (ValidationResourcesFixture:setUp): 201 POST http://10.180.1.21/networking/v2.0/floatingips 1.350s
2025-12-09 02:43:47.047 66384 INFO tempest.lib.common.rest_client [req-aeea9aee-6fe4-4c37-b4fd-c615f3aafa3b req-aeea9aee-6fe4-4c37-b4fd-c615f3aafa3b ] Request (AttachInterfacesTestJSON:test_create_list_show_delete_interfaces_by_fixed_ip): 201 POST http://10.180.1.21/identity/v3/auth/tokens 0.075s
2025-12-09 02:43:47.047 66384 INFO tempest.lib.common.fixed_network [-] (AttachInterfacesTestJSON:test_create_list_show_delete_interfaces_by_fixed_ip) Found network {'id': '44db03a1-5b70-482e-a7e7-8576c498bfb4', 'name': 'tempest-AttachInterfacesTestJSON-1524965794-network', 'tenant_id': '11b9a5a1438348c58552b5bad3fe421e', 'project_id': '11b9a5a1438348c58552b5bad3fe421e', 'admin_state_up': True, 'mtu': 8950, 'status': 'ACTIVE', 'subnets': [], 'shared': False, 'port_security_enabled': True, 'router:external': False, 'provider:network_type': 'vlan', 'provider:physical_network': 'default', 'provider:segmentation_id': 476, 'availability_zone_hints': [], 'availability_zones': [], 'ipv4_address_scope': None, 'ipv6_address_scope': None, 'description': '', 'tags': [], 'created_at': '2025-12-09T02:43:34Z', 'updated_at': '2025-12-09T02:43:34Z', 'revision_number': 1} available for tenant
2025-12-09 02:43:47.412 66346 INFO tempest.lib.common.rest_client [req-c86e9b40-b345-4190-94ab-61678ee17360 req-c86e9b40-b345-4190-94ab-61678ee17360 ] Request (InstanceActionsTestJSON:setUpClass): 200 PUT http://10.180.1.21/networking/v2.0/routers/e3bae8db-102c-4602-890f-88db4b314dc9/add_router_interface 1.083s
2025-12-09 02:43:47.412 66346 INFO tempest.lib.common.dynamic_creds [-] Created isolated network resources for: credentials: Credentials: {'domain_id': 'default', 'domain_name': 'Default', 'username': 'tempest-InstanceActionsTestJSON-860917399-project-member', 'project_domain_id': 'default', 'project_domain_name': 'Default', 'project_id': 'fb44973af3364c61bf51e0f3c233dd7c', 'project_name': 'tempest-InstanceActionsTestJSON-860917399', 'tenant_id': 'fb44973af3364c61bf51e0f3c233dd7c', 'tenant_name': 'tempest-InstanceActionsTestJSON-860917399', 'user_domain_id': 'default', 'user_domain_name': 'Default', 'user_id': '048207fd38104088af413686f51fed6f', 'system': None}, Network: {'id': 'ebbfca04-bc12-4c14-9a47-ed8081a78aa1', 'name': 'tempest-InstanceActionsTestJSON-1371609645-network', 'tenant_id': 'fb44973af3364c61bf51e0f3c233dd7c', 'project_id': 'fb44973af3364c61bf51e0f3c233dd7c', 'admin_state_up': True, 'mtu': 8950, 'status': 'ACTIVE', 'subnets': [], 'shared': False, 'port_security_enabled': True, 'router:external': False, 'provider:network_type': 'vlan', 'provider:physical_network': 'default', 'provider:segmentation_id': 571, 'availability_zone_hints': [], 'availability_zones': [], 'ipv4_address_scope': None, 'ipv6_address_scope': None, 'description': '', 'tags': [], 'created_at': '2025-12-09T02:43:44Z', 'updated_at': '2025-12-09T02:43:44Z', 'revision_number': 1}, Subnet: {'id': 'e65589e2-5e8d-4961-840c-4bd23b49fcc4', 'name': 'tempest-InstanceActionsTestJSON-1371609645-subnet', 'tenant_id': 'fb44973af3364c61bf51e0f3c233dd7c', 'network_id': 'ebbfca04-bc12-4c14-9a47-ed8081a78aa1', 'ip_version': 4, 'subnetpool_id': None, 'enable_dhcp': True, 'ipv6_ra_mode': None, 'ipv6_address_mode': None, 'gateway_ip': '192.168.128.1', 'cidr': '192.168.128.0/28', 'allocation_pools': [{'start': '192.168.128.2', 'end': '192.168.128.14'}], 'host_routes': [], 'dns_nameservers': [], 'description': '', 'router:external': False, 'service_types': [], 'tags': [], 'created_at': '2025-12-09T02:43:45Z', 'updated_at': '2025-12-09T02:43:45Z', 'revision_number': 0, 'project_id': 'fb44973af3364c61bf51e0f3c233dd7c'}, Router: {'id': 'e3bae8db-102c-4602-890f-88db4b314dc9', 'name': 'tempest-InstanceActionsTestJSON-1371609645-router', 'tenant_id': 'fb44973af3364c61bf51e0f3c233dd7c', 'admin_state_up': True, 'status': 'ACTIVE', 'external_gateway_info': {'network_id': 'dcab48ae-bfa6-4e14-a403-bc881a656c70', 'external_fixed_ips': [{'subnet_id': 'de3d9558-14df-4aec-a60c-8f33e8098629', 'ip_address': '10.180.180.201'}], 'enable_snat': True}, 'description': '', 'availability_zones': [], 'distributed': False, 'ha': False, 'availability_zone_hints': [], 'routes': [], 'flavor_id': None, 'tags': [], 'created_at': '2025-12-09T02:43:45Z', 'updated_at': '2025-12-09T02:43:46Z', 'revision_number': 2, 'project_id': 'fb44973af3364c61bf51e0f3c233dd7c'}
2025-12-09 02:43:47.536 66346 INFO tempest.lib.common.rest_client [req-7b86fadb-4ef0-4692-9629-a55e9ffe31b3 req-7b86fadb-4ef0-4692-9629-a55e9ffe31b3 ] Request (InstanceActionsTestJSON:setUpClass): 201 POST http://10.180.1.21/identity/v3/auth/tokens 0.116s
2025-12-09 02:43:47.541 66367 INFO tempest.lib.common.rest_client [req-a2dea1f2-0dd4-4bea-ae85-ca24542eafa3 req-a2dea1f2-0dd4-4bea-ae85-ca24542eafa3 ] Request (FlavorMetadataValidation:tearDownClass): 204 DELETE http://10.180.1.21/networking/v2.0/security-groups/290bf922-89b9-480e-8e02-ea8b59b701b1 0.923s
2025-12-09 02:43:47.584 66346 INFO tempest.lib.common.rest_client [req-ca430c93-e7d9-4110-93de-d12aa5a0fbf1 req-ca430c93-e7d9-4110-93de-d12aa5a0fbf1 ] Request (InstanceActionsTestJSON:setUpClass): 201 POST http://10.180.1.21/identity/v3/auth/tokens 0.044s
2025-12-09 02:43:47.585 66346 INFO tempest.lib.common.fixed_network [-] (InstanceActionsTestJSON:setUpClass) Found network {'id': 'ebbfca04-bc12-4c14-9a47-ed8081a78aa1', 'name': 'tempest-InstanceActionsTestJSON-1371609645-network', 'tenant_id': 'fb44973af3364c61bf51e0f3c233dd7c', 'project_id': 'fb44973af3364c61bf51e0f3c233dd7c', 'admin_state_up': True, 'mtu': 8950, 'status': 'ACTIVE', 'subnets': [], 'shared': False, 'port_security_enabled': True, 'router:external': False, 'provider:network_type': 'vlan', 'provider:physical_network': 'default', 'provider:segmentation_id': 571, 'availability_zone_hints': [], 'availability_zones': [], 'ipv4_address_scope': None, 'ipv6_address_scope': None, 'description': '', 'tags': [], 'created_at': '2025-12-09T02:43:44Z', 'updated_at': '2025-12-09T02:43:44Z', 'revision_number': 1} available for tenant
2025-12-09 02:43:47.658 66383 INFO tempest.lib.common.rest_client [req-073f4f1f-2d0b-44b4-a4e7-3d4e34f9c470 req-073f4f1f-2d0b-44b4-a4e7-3d4e34f9c470 ] Request (AZAdminNegativeTestJSON:tearDownClass): 200 GET http://10.180.1.21/networking/v2.0/security-groups?tenant_id=5a317e9e2b0c48fb99c6a128da7ae077&name=default 1.032s
2025-12-09 02:43:47.677 66367 INFO tempest.lib.common.rest_client [req-ee848cc0-49fc-4c1a-9ee6-a7deb40bfb3d req-ee848cc0-49fc-4c1a-9ee6-a7deb40bfb3d ] Request (FlavorMetadataValidation:tearDownClass): 204 DELETE http://10.180.1.21/identity/v3/projects/d663697bc8df4522ab42cec93ea9c839 0.136s
2025-12-09 02:43:47.758 66367 INFO tempest.lib.common.rest_client [req-548b4805-9a85-4364-9572-dcc48396ec8f req-548b4805-9a85-4364-9572-dcc48396ec8f ] Request (HypervisorAdminUnderV252Test:setUpClass): 201 POST http://10.180.1.21/identity/v3/auth/tokens 0.078s
2025-12-09 02:43:47.793 66367 INFO tempest.lib.common.rest_client [req-0afb5a82-95ec-47cf-b11d-f1fbf28812b3 req-0afb5a82-95ec-47cf-b11d-f1fbf28812b3 ] Request (HypervisorAdminUnderV252Test:setUpClass): 201 POST http://10.180.1.21/identity/v3/auth/tokens 0.031s
2025-12-09 02:43:47.818 66367 INFO tempest.lib.common.rest_client [req-ed798545-79fe-44fa-ba24-5550767c7133 req-ed798545-79fe-44fa-ba24-5550767c7133 ] Request (HypervisorAdminUnderV252Test:setUpClass): 200 GET http://10.180.1.21/identity/v3/domains?name=Default 0.025s
2025-12-09 02:43:47.850 66367 INFO tempest.lib.common.rest_client [req-dc732fb2-e12a-48f5-a53a-2d8731fb616f req-dc732fb2-e12a-48f5-a53a-2d8731fb616f ] Request (HypervisorAdminUnderV252Test:setUpClass): 201 POST http://10.180.1.21/identity/v3/projects 0.031s
2025-12-09 02:43:47.913 66367 INFO tempest.lib.common.rest_client [req-df07a790-2a40-4462-b86f-794f54e0e2c4 req-df07a790-2a40-4462-b86f-794f54e0e2c4 ] Request (HypervisorAdminUnderV252Test:setUpClass): 201 POST http://10.180.1.21/identity/v3/users 0.062s
2025-12-09 02:43:47.947 66367 INFO tempest.lib.common.rest_client [req-bda4c959-c91b-4d68-986a-a26d9ef5ea54 req-bda4c959-c91b-4d68-986a-a26d9ef5ea54 ] Request (HypervisorAdminUnderV252Test:setUpClass): 200 GET http://10.180.1.21/identity/v3/roles 0.033s
2025-12-09 02:43:47.947 66383 INFO tempest.lib.common.rest_client [req-6d9203ca-f8e0-4b64-a3df-a3e83c5e2ca0 req-6d9203ca-f8e0-4b64-a3df-a3e83c5e2ca0 ] Request (AZAdminNegativeTestJSON:tearDownClass): 204 DELETE http://10.180.1.21/networking/v2.0/security-groups/aefaf4a1-35da-4f48-a170-5987444c0fd1 0.288s
2025-12-09 02:43:47.958 66322 INFO tempest.lib.common.rest_client [req-73eb00fb-82f8-4e7f-afc1-4182de6003e6 req-73eb00fb-82f8-4e7f-afc1-4182de6003e6 ] Request (FloatingIPDetailsTestJSON:setUpClass): 200 POST http://10.180.1.21/compute/v2.1/os-floating-ips 9.447s
2025-12-09 02:43:47.985 66367 INFO tempest.lib.common.rest_client [req-f04d201f-971f-49dd-853c-a4711b3f40d6 req-f04d201f-971f-49dd-853c-a4711b3f40d6 ] Request (HypervisorAdminUnderV252Test:setUpClass): 204 PUT http://10.180.1.21/identity/v3/projects/1454686ca02a47918e345bdee814be0b/users/2206ec63d65f4a2e9bdd699270209445/roles/60f7d8506966464586a94c2d51f4e7a6 0.037s
2025-12-09 02:43:47.985 66367 INFO tempest.lib.common.dynamic_creds [-] Dynamic test user 2206ec63d65f4a2e9bdd699270209445 is created with scope project and roles: ['member']
2025-12-09 02:43:47.986 66367 INFO tempest.lib.common.dynamic_creds [-] Acquired dynamic creds: credentials: Credentials: {'domain_id': 'default', 'domain_name': 'Default', 'username': 'tempest-HypervisorAdminUnderV252Test-677673968-project-member', 'project_domain_id': 'default', 'project_domain_name': 'Default', 'project_id': '1454686ca02a47918e345bdee814be0b', 'project_name': 'tempest-HypervisorAdminUnderV252Test-677673968', 'tenant_id': '1454686ca02a47918e345bdee814be0b', 'tenant_name': 'tempest-HypervisorAdminUnderV252Test-677673968', 'user_domain_id': 'default', 'user_domain_name': 'Default', 'user_id': '2206ec63d65f4a2e9bdd699270209445', 'system': None}, Network: None, Subnet: None, Router: None
2025-12-09 02:43:47.986 66367 INFO tempest.lib.common.dynamic_creds [-] Created isolated network resources for: credentials: Credentials: {'domain_id': 'default', 'domain_name': 'Default', 'username': 'tempest-HypervisorAdminUnderV252Test-677673968-project-member', 'project_domain_id': 'default', 'project_domain_name': 'Default', 'project_id': '1454686ca02a47918e345bdee814be0b', 'project_name': 'tempest-HypervisorAdminUnderV252Test-677673968', 'tenant_id': '1454686ca02a47918e345bdee814be0b', 'tenant_name': 'tempest-HypervisorAdminUnderV252Test-677673968', 'user_domain_id': 'default', 'user_domain_name': 'Default', 'user_id': '2206ec63d65f4a2e9bdd699270209445', 'system': None}, Network: None, Subnet: None, Router: None
2025-12-09 02:43:48.021 66383 INFO tempest.lib.common.rest_client [req-6b94ee4a-6e06-4d5d-8213-b8964f3fd27d req-6b94ee4a-6e06-4d5d-8213-b8964f3fd27d ] Request (AZAdminNegativeTestJSON:tearDownClass): 204 DELETE http://10.180.1.21/identity/v3/projects/5a317e9e2b0c48fb99c6a128da7ae077 0.073s
2025-12-09 02:43:48.055 66367 INFO tempest.lib.common.rest_client [req-17ed6a58-8b38-4af2-886c-89b580d70a26 req-17ed6a58-8b38-4af2-886c-89b580d70a26 ] Request (HypervisorAdminUnderV252Test:setUpClass): 201 POST http://10.180.1.21/identity/v3/auth/tokens 0.063s
2025-12-09 02:43:48.077 66383 INFO tempest.lib.common.rest_client [req-d7171766-0e00-44d5-ac22-f1e8b0c749d4 req-d7171766-0e00-44d5-ac22-f1e8b0c749d4 ] Request (ServersTestBootFromVolume:setUpClass): 201 POST http://10.180.1.21/identity/v3/auth/tokens 0.055s
2025-12-09 02:43:48.120 66383 INFO tempest.lib.common.rest_client [req-00679008-86d8-4b3e-a95f-c9197667808d req-00679008-86d8-4b3e-a95f-c9197667808d ] Request (ServersTestBootFromVolume:setUpClass): 201 POST http://10.180.1.21/identity/v3/auth/tokens 0.038s
2025-12-09 02:43:48.133 66367 INFO tempest.lib.common.rest_client [req-bedcd501-313b-4f9c-a3a6-5b7ad8b299e2 req-bedcd501-313b-4f9c-a3a6-5b7ad8b299e2 ] Request (HypervisorAdminUnderV252Test:setUpClass): 201 POST http://10.180.1.21/identity/v3/projects 0.078s
2025-12-09 02:43:48.145 66383 INFO tempest.lib.common.rest_client [req-fe0ce74e-f611-4322-b149-8e3b29c499e4 req-fe0ce74e-f611-4322-b149-8e3b29c499e4 ] Request (ServersTestBootFromVolume:setUpClass): 200 GET http://10.180.1.21/identity/v3/domains?name=Default 0.024s
2025-12-09 02:43:48.191 66367 INFO tempest.lib.common.rest_client [req-0e58a1ee-f81e-47b1-ad2c-1ca8e7fb7efb req-0e58a1ee-f81e-47b1-ad2c-1ca8e7fb7efb ] Request (HypervisorAdminUnderV252Test:setUpClass): 201 POST http://10.180.1.21/identity/v3/users 0.057s
2025-12-09 02:43:48.208 66383 INFO tempest.lib.common.rest_client [req-10bf29df-bb9e-4f09-8bc8-8961abba9974 req-10bf29df-bb9e-4f09-8bc8-8961abba9974 ] Request (ServersTestBootFromVolume:setUpClass): 201 POST http://10.180.1.21/identity/v3/projects 0.062s
2025-12-09 02:43:48.210 66367 INFO tempest.lib.common.rest_client [req-16232504-fa04-4d7b-be8a-d47a00f62acf req-16232504-fa04-4d7b-be8a-d47a00f62acf ] Request (HypervisorAdminUnderV252Test:setUpClass): 200 GET http://10.180.1.21/identity/v3/roles 0.019s
2025-12-09 02:43:48.272 66367 INFO tempest.lib.common.rest_client [req-6211a997-cd1d-4993-ab23-ae0907e8d7db req-6211a997-cd1d-4993-ab23-ae0907e8d7db ] Request (HypervisorAdminUnderV252Test:setUpClass): 204 PUT http://10.180.1.21/identity/v3/projects/97f4503b25064e45a3dd6fe94c4ffeec/users/2ff98aae5458419d896855a2f7bd1468/roles/6cf6c77be62b4378bed091e7dcd9bcc2 0.061s
2025-12-09 02:43:48.282 66383 INFO tempest.lib.common.rest_client [req-e95b7f45-60ba-4858-b88f-3a9b063d1d49 req-e95b7f45-60ba-4858-b88f-3a9b063d1d49 ] Request (ServersTestBootFromVolume:setUpClass): 201 POST http://10.180.1.21/identity/v3/users 0.074s
2025-12-09 02:43:48.327 66367 INFO tempest.lib.common.rest_client [req-2bb47c89-18d6-40b8-a898-8ff307326028 req-2bb47c89-18d6-40b8-a898-8ff307326028 ] Request (HypervisorAdminUnderV252Test:setUpClass): 200 GET http://10.180.1.21/identity/v3/roles 0.054s
2025-12-09 02:43:48.329 66383 INFO tempest.lib.common.rest_client [req-3c305a69-5079-4d8e-ae6e-9f2466708050 req-3c305a69-5079-4d8e-ae6e-9f2466708050 ] Request (ServersTestBootFromVolume:setUpClass): 200 GET http://10.180.1.21/identity/v3/roles 0.046s
2025-12-09 02:43:48.345 66367 INFO tempest.lib.common.rest_client [req-6ae7b0f9-8856-48f0-acb4-5433d7f000b9 req-6ae7b0f9-8856-48f0-acb4-5433d7f000b9 ] Request (HypervisorAdminUnderV252Test:setUpClass): 204 PUT http://10.180.1.21/identity/v3/projects/97f4503b25064e45a3dd6fe94c4ffeec/users/2ff98aae5458419d896855a2f7bd1468/roles/6cf6c77be62b4378bed091e7dcd9bcc2 0.018s
2025-12-09 02:43:48.345 66367 INFO tempest.lib.common.dynamic_creds [-] Dynamic test user 2ff98aae5458419d896855a2f7bd1468 is created with scope project and roles: ['admin']
2025-12-09 02:43:48.345 66367 INFO tempest.lib.common.dynamic_creds [-] Acquired dynamic creds: credentials: Credentials: {'domain_id': 'default', 'domain_name': 'Default', 'username': 'tempest-HypervisorAdminUnderV252Test-637154193-project-admin', 'project_domain_id': 'default', 'project_domain_name': 'Default', 'project_id': '97f4503b25064e45a3dd6fe94c4ffeec', 'project_name': 'tempest-HypervisorAdminUnderV252Test-637154193', 'tenant_id': '97f4503b25064e45a3dd6fe94c4ffeec', 'tenant_name': 'tempest-HypervisorAdminUnderV252Test-637154193', 'user_domain_id': 'default', 'user_domain_name': 'Default', 'user_id': '2ff98aae5458419d896855a2f7bd1468', 'system': None}, Network: None, Subnet: None, Router: None
2025-12-09 02:43:48.346 66367 INFO tempest.lib.common.dynamic_creds [-] Created isolated network resources for: credentials: Credentials: {'domain_id': 'default', 'domain_name': 'Default', 'username': 'tempest-HypervisorAdminUnderV252Test-637154193-project-admin', 'project_domain_id': 'default', 'project_domain_name': 'Default', 'project_id': '97f4503b25064e45a3dd6fe94c4ffeec', 'project_name': 'tempest-HypervisorAdminUnderV252Test-637154193', 'tenant_id': '97f4503b25064e45a3dd6fe94c4ffeec', 'tenant_name': 'tempest-HypervisorAdminUnderV252Test-637154193', 'user_domain_id': 'default', 'user_domain_name': 'Default', 'user_id': '2ff98aae5458419d896855a2f7bd1468', 'system': None}, Network: None, Subnet: None, Router: None
2025-12-09 02:43:48.357 66383 INFO tempest.lib.common.rest_client [req-5d87118d-116f-4601-9a4c-3749af89904e req-5d87118d-116f-4601-9a4c-3749af89904e ] Request (ServersTestBootFromVolume:setUpClass): 204 PUT http://10.180.1.21/identity/v3/projects/30c3c7199c1c49baa76e90ea2fe102e3/users/75745ca466cd44c696b7a5d24d89781c/roles/60f7d8506966464586a94c2d51f4e7a6 0.027s
2025-12-09 02:43:48.357 66383 INFO tempest.lib.common.dynamic_creds [-] Dynamic test user 75745ca466cd44c696b7a5d24d89781c is created with scope project and roles: ['member']
2025-12-09 02:43:48.358 66383 INFO tempest.lib.common.dynamic_creds [-] Acquired dynamic creds: credentials: Credentials: {'domain_id': 'default', 'domain_name': 'Default', 'username': 'tempest-ServersTestBootFromVolume-1109738379-project-member', 'project_domain_id': 'default', 'project_domain_name': 'Default', 'project_id': '30c3c7199c1c49baa76e90ea2fe102e3', 'project_name': 'tempest-ServersTestBootFromVolume-1109738379', 'tenant_id': '30c3c7199c1c49baa76e90ea2fe102e3', 'tenant_name': 'tempest-ServersTestBootFromVolume-1109738379', 'user_domain_id': 'default', 'user_domain_name': 'Default', 'user_id': '75745ca466cd44c696b7a5d24d89781c', 'system': None}, Network: None, Subnet: None, Router: None
2025-12-09 02:43:48.436 66383 INFO tempest.lib.common.rest_client [req-137d5cf6-d637-46da-b08d-57c718ad1454 req-137d5cf6-d637-46da-b08d-57c718ad1454 ] Request (ServersTestBootFromVolume:setUpClass): 201 POST http://10.180.1.21/identity/v3/auth/tokens 0.078s
2025-12-09 02:43:48.446 66367 INFO tempest.lib.common.rest_client [req-5ada7b36-343b-45b0-bfb3-a7015c320c39 req-5ada7b36-343b-45b0-bfb3-a7015c320c39 ] Request (HypervisorAdminUnderV252Test:setUpClass): 201 POST http://10.180.1.21/identity/v3/auth/tokens 0.097s
2025-12-09 02:43:48.506 66375 INFO tempest.lib.common.rest_client [req-010a618c-cbd6-497f-887f-506e7d6f02b3 req-010a618c-cbd6-497f-887f-506e7d6f02b3 ] Request (ServerTagsTestJSON:setUpClass): 202 POST http://10.180.1.21/compute/v2.1/servers 7.125s
2025-12-09 02:43:48.647 66376 INFO tempest.lib.common.rest_client [req-1e034b1f-aa1b-4b83-8af7-3fadc18f9e40 req-1e034b1f-aa1b-4b83-8af7-3fadc18f9e40 ] Request (VolumesAdminNegativeTest:test_update_attached_volume_with_nonexistent_volume_in_uri): 200 GET http://10.180.1.21/compute/v2.1/servers/d818908b-a5c7-4f7a-a8c6-3dd44e2887a0 7.027s
2025-12-09 02:43:48.698 66356 INFO tempest.lib.common.rest_client [req-6e8f9759-6741-4127-b9bb-d66ac71786c3 req-6e8f9759-6741-4127-b9bb-d66ac71786c3 ] Request (FlavorsAccessTestJSON:test_flavor_access_add_remove): 200 POST http://10.180.1.21/compute/v2.1/flavors/1645253726/action 6.827s
2025-12-09 02:43:48.752 66340 INFO tempest.lib.common.rest_client [req-9f3f983e-0c90-47e5-834d-5fe3ab60834d req-9f3f983e-0c90-47e5-834d-5fe3ab60834d ] Request (TenantUsagesNegativeTestJSON:test_get_usage_tenant_with_empty_tenant_id): 404 GET http://10.180.1.21/compute/v2.1/os-simple-tenant-usage/?start=2025-12-08T02%3A43%3A42.369648&end=2025-12-10T02%3A43%3A42.369648 6.382s
2025-12-09 02:43:48.753 66340 WARNING tempest.lib.common.rest_client [-] Deprecated: "tenant_id" property is deprecated for removal, use "project_id" instead
2025-12-09 02:43:48.757 66336 INFO tempest.lib.common.rest_client [req-a131266e-3eb7-49ec-b33a-c666caa5c144 req-a131266e-3eb7-49ec-b33a-c666caa5c144 ] Request (HypervisorAdminNegativeTestJSON:test_get_nonexistent_hypervisor_uptime): 404 GET http://10.180.1.21/compute/v2.1/os-hypervisors/3a4dbd0e-475d-4622-b981-627401ae92d5/uptime 6.329s
2025-12-09 02:43:48.761 66370 INFO tempest.lib.common.rest_client [req-ababc971-637b-41e3-be26-20852179d2a6 req-ababc971-637b-41e3-be26-20852179d2a6 ] Request (FlavorsExtraSpecsNegativeTestJSON:test_flavor_non_admin_unset_keys): 403 DELETE http://10.180.1.21/compute/v2.1/flavors/1783886363/os-extra_specs/hw:numa_nodes 6.307s
2025-12-09 02:43:48.845 66378 INFO tempest.lib.common.rest_client [req-12f6f237-7c79-4d53-8181-380a4ae974e3 req-12f6f237-7c79-4d53-8181-380a4ae974e3 ] Request (QuotasAdminNegativeTest:_run_cleanups): 200 PUT http://10.180.1.21/compute/v2.1/os-quota-sets/fadc92c897bd4c008d1a6534bec07134 6.425s
2025-12-09 02:43:48.975 66383 INFO tempest.lib.common.rest_client [req-f7e7622f-4b1d-402d-9df9-c08778bc5fd7 req-f7e7622f-4b1d-402d-9df9-c08778bc5fd7 ] Request (ServersTestBootFromVolume:setUpClass): 201 POST http://10.180.1.21/networking/v2.0/networks 0.539s
2025-12-09 02:43:49.156 66358 INFO tempest.lib.common.rest_client [req-e747763f-e5b7-4720-8d0d-9abbfa82f9de req-e747763f-e5b7-4720-8d0d-9abbfa82f9de ] Request (SecurityGroupsTestJSON:test_list_security_groups_by_server): 200 POST http://10.180.1.21/compute/v2.1/os-security-groups 5.682s
2025-12-09 02:43:49.291 66369 INFO tempest.lib.common.rest_client [req-aa4ecfec-3936-4845-a49b-3608a0d9f4e6 req-aa4ecfec-3936-4845-a49b-3608a0d9f4e6 ] Request (QuotasAdminTestJSON:test_delete_quota): 200 GET http://10.180.1.21/compute/v2.1/os-quota-sets/d7cc07db80324e4bb2c32b3d05ff7347 5.182s
2025-12-09 02:43:49.350 66383 INFO tempest.lib.common.rest_client [req-5e118ae0-626f-4154-b2e6-243d4eb22a8e req-5e118ae0-626f-4154-b2e6-243d4eb22a8e ] Request (ServersTestBootFromVolume:setUpClass): 201 POST http://10.180.1.21/networking/v2.0/subnets 0.374s
2025-12-09 02:43:49.391 66344 INFO tempest.lib.common.rest_client [req-c15dc8bf-5a74-4acc-8d58-3cec28c3f94b req-c15dc8bf-5a74-4acc-8d58-3cec28c3f94b ] Request (FlavorsAccessNegativeTestJSON:_run_cleanups): 200 POST http://10.180.1.21/compute/v2.1/flavors/311436101/action 5.223s
2025-12-09 02:43:49.413 66324 INFO tempest.lib.common.rest_client [req-9599b3de-f2d2-46ff-93d4-2037589ff45b req-9599b3de-f2d2-46ff-93d4-2037589ff45b ] Request (HypervisorAdminTestJSON:test_get_hypervisor_stats): 200 GET http://10.180.1.21/compute/v2.1/os-hypervisors/statistics 5.209s
2025-12-09 02:43:49.433 66342 INFO tempest.lib.common.rest_client [req-6db7a168-51b1-40f5-9c36-ba0065654357 req-6db7a168-51b1-40f5-9c36-ba0065654357 ] Request (FlavorsAdminTestJSON:_run_cleanups): 202 DELETE http://10.180.1.21/compute/v2.1/flavors/443780959 5.169s
2025-12-09 02:43:49.457 66338 INFO tempest.lib.common.rest_client [req-2546d7c7-9cf0-4594-b234-b174c677174c req-2546d7c7-9cf0-4594-b234-b174c677174c ] Request (FlavorsV255TestJSON:test_crud_flavor): 200 GET http://10.180.1.21/compute/v2.1/flavors 5.165s
2025-12-09 02:43:49.518 66324 INFO tempest.lib.common.rest_client [req-e2eda854-6230-46a9-a48e-5a06b29d3134 req-e2eda854-6230-46a9-a48e-5a06b29d3134 ] Request (HypervisorAdminTestJSON:tearDownClass): 204 DELETE http://10.180.1.21/identity/v3/users/2533fcde072643fcb0d96d4cda78674e 0.102s
2025-12-09 02:43:49.584 66353 INFO tempest.lib.common.rest_client [req-f847c6ef-0b28-4013-836f-fdcd76c746cc req-f847c6ef-0b28-4013-836f-fdcd76c746cc ] Request (AggregatesAdminNegativeTestJSON:_run_cleanups): 200 POST http://10.180.1.21/compute/v2.1/os-aggregates/1/action 5.233s
2025-12-09 02:43:49.598 66354 INFO tempest.lib.common.rest_client [req-7996f8ae-1799-484f-a8cf-a9711b640fee req-7996f8ae-1799-484f-a8cf-a9711b640fee ] Request (KeyPairsV210TestJSON:test_admin_manage_keypairs_for_other_users): 200 GET http://10.180.1.21/compute/v2.1/os-keypairs?user_id=02c51ba67b924b5fa84db60c698a4a4c 5.194s
2025-12-09 02:43:49.620 66348 INFO tempest.lib.common.rest_client [req-b3d81537-d46d-4ee0-aced-5198cacf9e9b req-b3d81537-d46d-4ee0-aced-5198cacf9e9b ] Request (ImagesMetadataNegativeTestJSON:test_set_nonexistent_image_metadata): 404 PUT http://10.180.1.21/compute/v2.1/images/277a90c4-f366-41be-9777-3150a904b7ab/metadata 5.194s
2025-12-09 02:43:49.638 66364 INFO tempest.lib.common.rest_client [req-0abc452f-1fb4-4dcf-a9cd-7e58ff543a3c req-0abc452f-1fb4-4dcf-a9cd-7e58ff543a3c ] Request (HostsAdminNegativeTestJSON:test_reboot_nonexistent_host): 404 GET http://10.180.1.21/compute/v2.1/os-hosts/nonexistent_hostname/reboot 5.207s
