2025-04-04 03:33:28.705 69686 INFO tempest.lib.common.rest_client [req-ed00dfb8-3821-4b42-8dde-1d48a918fb5c req-ed00dfb8-3821-4b42-8dde-1d48a918fb5c ] Request (ServerDiagnosticsNegativeTest:test_get_server_diagnostics_by_non_admin): 200 GET http://10.180.1.21/compute/v2.1/servers/8531106f-854e-475d-9cb3-83e2890d3493 0.354s
2025-04-04 03:33:28.721 69722 INFO tempest.lib.common.rest_client [req-a94e66dd-2a02-444a-84e8-b8de07d20b55 req-a94e66dd-2a02-444a-84e8-b8de07d20b55 ] Request (ImagesMetadataNegativeTestJSON:setUpClass): 201 POST http://10.180.1.21/identity/v3/users 0.064s
2025-04-04 03:33:28.731 69732 INFO tempest.lib.common.rest_client [req-06a9e6a9-e0a4-48d3-8cf9-20d55f8c5cce req-06a9e6a9-e0a4-48d3-8cf9-20d55f8c5cce ] Request (ServerGroupTestJSON:test_create_delete_server_group_with_affinity_policy): 204 DELETE http://10.180.1.21/compute/v2.1/os-server-groups/838e3713-38bc-4d32-86b1-af8edcb7f226 0.274s
2025-04-04 03:33:28.743 69722 INFO tempest.lib.common.rest_client [req-fb89aaf8-f463-4066-a0d2-fe86ce58c478 req-fb89aaf8-f463-4066-a0d2-fe86ce58c478 ] Request (ImagesMetadataNegativeTestJSON:setUpClass): 200 GET http://10.180.1.21/identity/v3/roles 0.021s
2025-04-04 03:33:28.779 69722 INFO tempest.lib.common.rest_client [req-94b5f0a8-e5ef-4d4d-bc11-727d83a73af0 req-94b5f0a8-e5ef-4d4d-bc11-727d83a73af0 ] Request (ImagesMetadataNegativeTestJSON:setUpClass): 204 PUT http://10.180.1.21/identity/v3/projects/4aaa29634e654cb2a4489d9f69122484/users/31c18b35779142288bba2b9160c7bf26/roles/1ca8e2da171645caba01ec83df1ded4a 0.035s
2025-04-04 03:33:28.779 69722 INFO tempest.lib.common.dynamic_creds [-] Dynamic test user 31c18b35779142288bba2b9160c7bf26 is created with scope project and roles: ['member']
2025-04-04 03:33:28.779 69722 INFO tempest.lib.common.dynamic_creds [-] Acquired dynamic creds: credentials: Credentials: {'domain_id': 'default', 'domain_name': 'Default', 'username': 'tempest-ImagesMetadataNegativeTestJSON-1218699637-project-member', 'project_domain_id': 'default', 'project_domain_name': 'Default', 'project_id': '4aaa29634e654cb2a4489d9f69122484', 'project_name': 'tempest-ImagesMetadataNegativeTestJSON-1218699637', 'tenant_id': '4aaa29634e654cb2a4489d9f69122484', 'tenant_name': 'tempest-ImagesMetadataNegativeTestJSON-1218699637', 'user_domain_id': 'default', 'user_domain_name': 'Default', 'user_id': '31c18b35779142288bba2b9160c7bf26', 'system': None}, Network: None, Subnet: None, Router: None
2025-04-04 03:33:28.780 69722 INFO tempest.lib.common.dynamic_creds [-] Created isolated network resources for: credentials: Credentials: {'domain_id': 'default', 'domain_name': 'Default', 'username': 'tempest-ImagesMetadataNegativeTestJSON-1218699637-project-member', 'project_domain_id': 'default', 'project_domain_name': 'Default', 'project_id': '4aaa29634e654cb2a4489d9f69122484', 'project_name': 'tempest-ImagesMetadataNegativeTestJSON-1218699637', 'tenant_id': '4aaa29634e654cb2a4489d9f69122484', 'tenant_name': 'tempest-ImagesMetadataNegativeTestJSON-1218699637', 'user_domain_id': 'default', 'user_domain_name': 'Default', 'user_id': '31c18b35779142288bba2b9160c7bf26', 'system': None}, Network: None, Subnet: None, Router: None
2025-04-04 03:33:28.794 69690 INFO tempest.lib.common.rest_client [req-3bb3da07-7892-4b82-b069-4beec02a1849 req-3bb3da07-7892-4b82-b069-4beec02a1849 ] Request (AttachInterfacesTestJSON:test_create_list_show_delete_interfaces_by_fixed_ip): 200 GET http://10.180.1.21/compute/v2.1/servers/53cb2fdd-0478-426e-a4e0-e5cf24fffa2a/os-interface/15fd5320-dcff-4aa7-bfd0-07bd0db1491f 0.319s
2025-04-04 03:33:28.809 69710 INFO tempest.lib.common.rest_client [req-4d4f5196-9e72-4023-8442-bfcb9810d60f req-4d4f5196-9e72-4023-8442-bfcb9810d60f ] Request (MigrationsAdminTest:test_list_migrations_in_flavor_resize_situation): 200 GET http://10.180.1.21/compute/v2.1/servers/a71a4c5b-2874-450f-bc0b-1ac80c6f7655 0.342s
2025-04-04 03:33:28.860 69722 INFO tempest.lib.common.rest_client [req-67271b97-240f-450c-b53d-12b73d2e6ace req-67271b97-240f-450c-b53d-12b73d2e6ace ] Request (ImagesMetadataNegativeTestJSON:setUpClass): 201 POST http://10.180.1.21/identity/v3/auth/tokens 0.078s
2025-04-04 03:33:28.861 69736 INFO tempest.lib.common.rest_client [req-943477e6-a5ad-46f9-9fa7-00d9447a18f3 req-943477e6-a5ad-46f9-9fa7-00d9447a18f3 ] Request (ServerTagsTestJSON:test_delete_all_tags): 201 PUT http://10.180.1.21/compute/v2.1/servers/849e17e3-3933-49e5-a564-2afe368d7fc2/tags/tempest-tag-261108050 0.258s
2025-04-04 03:33:28.862 69684 INFO tempest.lib.common.rest_client [req-b76eda54-588e-4705-a1b1-17def1c4089e req-b76eda54-588e-4705-a1b1-17def1c4089e ] Request (ServersAdminTestJSON:setUpClass): 200 GET http://10.180.1.21/compute/v2.1/servers/9fe6816e-c62f-4eeb-9ed5-d2209686ddd8 0.246s
2025-04-04 03:33:28.872 69732 INFO tempest.lib.common.rest_client [req-196e4d0d-18f1-45a2-9468-bec33f7b6cab req-196e4d0d-18f1-45a2-9468-bec33f7b6cab ] Request (ServerGroupTestJSON:test_create_delete_server_group_with_affinity_policy): 200 GET http://10.180.1.21/compute/v2.1/os-server-groups 0.141s
2025-04-04 03:33:28.915 69718 INFO tempest.lib.common.rest_client [req-d5d3a1bf-92b5-490f-8684-95e909d8cdc8 req-d5d3a1bf-92b5-490f-8684-95e909d8cdc8 ] Request (ImagesOneServerTestJSON:tearDownClass): 200 GET http://10.180.1.21/compute/v2.1/servers/d0af16e1-ef91-409d-af71-2c57bd1c4aef 0.216s
2025-04-04 03:33:28.916 69730 INFO tempest.lib.common.rest_client [req-b21aa2a0-9fd2-41e2-83e9-f6d0c725fe95 req-b21aa2a0-9fd2-41e2-83e9-f6d0c725fe95 ] Request (FloatingIPsAssociationTestJSON:setUpClass): 200 GET http://10.180.1.21/compute/v2.1/servers/00f771da-7432-42cc-85d2-1eb1aa119e2f 0.157s
2025-04-04 03:33:28.971 69728 INFO tempest.lib.common.rest_client [req-fc601d1a-6bfa-4c2e-939a-dca99ea2d0b0 req-fc601d1a-6bfa-4c2e-939a-dca99ea2d0b0 ] Request (ServersNegativeTestMultiTenantJSON:setUpClass): 200 GET http://10.180.1.21/compute/v2.1/servers/0522f326-22ac-488f-9cc0-ee573eedefa9 0.155s
2025-04-04 03:33:28.976 69690 INFO tempest.lib.common.rest_client [req-e726ce57-762b-47a9-b8d1-c2047bdd1473 req-e726ce57-762b-47a9-b8d1-c2047bdd1473 ] Request (AttachInterfacesTestJSON:test_create_list_show_delete_interfaces_by_fixed_ip): 200 GET http://10.180.1.21/compute/v2.1/servers/53cb2fdd-0478-426e-a4e0-e5cf24fffa2a/os-interface 0.178s
2025-04-04 03:33:29.030 69736 INFO tempest.lib.common.rest_client [req-d2d82c88-46e0-43cb-86ba-333e50079595 req-d2d82c88-46e0-43cb-86ba-333e50079595 ] Request (ServerTagsTestJSON:test_delete_all_tags): 201 PUT http://10.180.1.21/compute/v2.1/servers/849e17e3-3933-49e5-a564-2afe368d7fc2/tags/tempest-tag-17340558 0.169s
2025-04-04 03:33:29.051 69722 INFO tempest.lib.common.rest_client [req-d88a7bb0-c33a-44fe-a81a-a2c2b5bd958f req-d88a7bb0-c33a-44fe-a81a-a2c2b5bd958f ] Request (ImagesMetadataNegativeTestJSON:test_delete_nonexistent_image_metadata_item): 404 DELETE http://10.180.1.21/compute/v2.1/images/714899b1-ee3f-4bc1-9aad-889a9a6c6b23/metadata/os_distro 0.190s
2025-04-04 03:33:29.078 69734 INFO tempest.lib.common.rest_client [req-a1e9bb9a-60cb-4e48-ba09-45e2601a131c req-a1e9bb9a-60cb-4e48-ba09-45e2601a131c ] Request (ServerMetadataTestJSON:setUpClass): 200 GET http://10.180.1.21/compute/v2.1/servers/bf3bce53-2116-4cf1-bf48-035851ed563e 0.212s
2025-04-04 03:33:29.105 69732 INFO tempest.lib.common.rest_client [req-81252789-12f6-4686-9132-66384b5af80d req-81252789-12f6-4686-9132-66384b5af80d ] Request (ServerGroupTestJSON:test_create_delete_server_group_with_anti_affinity_policy): 200 POST http://10.180.1.21/compute/v2.1/os-server-groups 0.229s
2025-04-04 03:33:29.165 69690 INFO tempest.lib.common.rest_client [req-e5361ecb-fa0e-4cc6-a95f-0856369737a0 req-e5361ecb-fa0e-4cc6-a95f-0856369737a0 ] Request (AttachInterfacesTestJSON:test_create_list_show_delete_interfaces_by_fixed_ip): 200 GET http://10.180.1.21/compute/v2.1/servers/53cb2fdd-0478-426e-a4e0-e5cf24fffa2a/os-interface/f1c05013-bafa-47bc-b037-17ac4cbc9530 0.186s
2025-04-04 03:33:29.208 69700 INFO tempest.lib.common.rest_client [req-e8253af7-0269-4521-8b38-bc56db46c092 req-e8253af7-0269-4521-8b38-bc56db46c092 ] Request (ServersTestFqdnHostnames:test_create_server_with_fqdn_name): 200 GET http://10.180.1.21/compute/v2.1/servers/a6c770c1-38c9-456c-ac52-79f02354de76 0.196s
2025-04-04 03:33:29.215 69700 INFO tempest.common.waiters [-] State transition "BUILD/spawning" ==> "ACTIVE/None" after 47 second wait
2025-04-04 03:33:29.227 69736 INFO tempest.lib.common.rest_client [req-30a27f99-c78f-4983-8368-4975f2f71368 req-30a27f99-c78f-4983-8368-4975f2f71368 ] Request (ServerTagsTestJSON:test_delete_all_tags): 204 DELETE http://10.180.1.21/compute/v2.1/servers/849e17e3-3933-49e5-a564-2afe368d7fc2/tags 0.196s
2025-04-04 03:33:29.231 69722 INFO tempest.lib.common.rest_client [req-276f9043-1cea-40a8-9faf-d819719b2b0c req-276f9043-1cea-40a8-9faf-d819719b2b0c ] Request (ImagesMetadataNegativeTestJSON:test_get_nonexistent_image_metadata_item): 404 GET http://10.180.1.21/compute/v2.1/images/12044040-c5d4-45de-8ddd-fefc8892aec2/metadata/os_version 0.178s
2025-04-04 03:33:29.251 69732 INFO tempest.lib.common.rest_client [req-b03029cd-ce8b-4a86-8de2-c13313f3bca0 req-b03029cd-ce8b-4a86-8de2-c13313f3bca0 ] Request (ServerGroupTestJSON:test_create_delete_server_group_with_anti_affinity_policy): 204 DELETE http://10.180.1.21/compute/v2.1/os-server-groups/d109ccdd-068c-4238-8e84-28f400db47e1 0.145s
2025-04-04 03:33:29.286 69694 INFO tempest.lib.common.rest_client [req-fca79a3c-eca5-4a4d-9dee-54e06fdf773c req-fca79a3c-eca5-4a4d-9dee-54e06fdf773c ] Request (ListImageFiltersTestJSON:setUpClass): 200 GET http://10.180.1.21/compute/v2.1/servers/b215212d-8db4-423d-9bf6-8480037708a5 0.211s
2025-04-04 03:33:29.295 69696 INFO tempest.lib.common.rest_client [req-17689fd6-6a8a-4f4b-98fe-d326cd3b3123 req-17689fd6-6a8a-4f4b-98fe-d326cd3b3123 ] Request (SecurityGroupsTestJSON:test_server_security_groups): 200 GET http://10.180.1.21/compute/v2.1/servers/606f0211-32d3-4fdf-8c4d-dd5879db98a6 0.139s
2025-04-04 03:33:29.338 69690 INFO tempest.lib.common.rest_client [req-1f96c4d6-3d10-4263-8392-dfa6ae0f0816 req-1f96c4d6-3d10-4263-8392-dfa6ae0f0816 ] Request (AttachInterfacesTestJSON:test_create_list_show_delete_interfaces_by_fixed_ip): 202 DELETE http://10.180.1.21/compute/v2.1/servers/53cb2fdd-0478-426e-a4e0-e5cf24fffa2a/os-interface/15fd5320-dcff-4aa7-bfd0-07bd0db1491f 0.171s
2025-04-04 03:33:29.347 69726 INFO tempest.lib.common.rest_client [req-98fb4699-a205-4a32-9468-f1a06fc0c0e8 req-98fb4699-a205-4a32-9468-f1a06fc0c0e8 ] Request (DeleteServersAdminTestJSON:test_delete_server_while_in_error_state): 200 GET http://10.180.1.21/compute/v2.1/servers/bd77f6de-9aa7-4bdf-bf9b-9bd935bc966a 0.138s
2025-04-04 03:33:29.362 69736 INFO tempest.lib.common.rest_client [req-e7ba4b7c-41b1-47ed-8cbb-e9101c02d120 req-e7ba4b7c-41b1-47ed-8cbb-e9101c02d120 ] Request (ServerTagsTestJSON:test_delete_all_tags): 200 GET http://10.180.1.21/compute/v2.1/servers/849e17e3-3933-49e5-a564-2afe368d7fc2/tags 0.135s
2025-04-04 03:33:29.382 69722 INFO tempest.lib.common.rest_client [req-92858fa9-35f1-4ae7-ab92-86c910e8886e req-92858fa9-35f1-4ae7-ab92-86c910e8886e ] Request (ImagesMetadataNegativeTestJSON:test_list_nonexistent_image_metadata): 404 GET http://10.180.1.21/compute/v2.1/images/476e1b92-49c1-49f0-92a9-f424534e3677/metadata 0.149s
2025-04-04 03:33:29.397 69732 INFO tempest.lib.common.rest_client [req-2c941d0d-3526-42f7-b722-4a711828ebb6 req-2c941d0d-3526-42f7-b722-4a711828ebb6 ] Request (ServerGroupTestJSON:test_create_delete_server_group_with_anti_affinity_policy): 200 GET http://10.180.1.21/compute/v2.1/os-server-groups 0.146s
2025-04-04 03:33:29.412 69700 INFO tempest.lib.common.rest_client [req-8745c2c3-720d-45fc-81de-3ece8d7427ba req-8745c2c3-720d-45fc-81de-3ece8d7427ba ] Request (ServersTestFqdnHostnames:test_create_server_with_fqdn_name): 200 GET http://10.180.1.21/compute/v2.1/servers/a6c770c1-38c9-456c-ac52-79f02354de76/os-interface 0.197s
2025-04-04 03:33:29.462 69702 INFO tempest.lib.common.rest_client [req-eea49058-050b-4bd6-931c-4e5f5c9c92e0 req-eea49058-050b-4bd6-931c-4e5f5c9c92e0 ] Request (TenantUsagesTestJSON:setUpClass): 200 GET http://10.180.1.21/compute/v2.1/servers/c6ebf8b9-b4d9-43e3-ac3c-be57592805a9 0.138s
2025-04-04 03:33:29.465 69732 INFO tempest.lib.common.rest_client [req-eaa3925e-b115-490a-bf32-c5cf972f580d req-eaa3925e-b115-490a-bf32-c5cf972f580d ] Request (ServerGroupTestJSON:test_create_server_with_scheduler_hint_group): 201 POST http://10.180.1.21/identity/v3/auth/tokens 0.063s
2025-04-04 03:33:29.465 69732 INFO tempest.lib.common.fixed_network [-] (ServerGroupTestJSON:test_create_server_with_scheduler_hint_group) Found network {'id': 'c5fc181e-72c9-4cc4-beb9-7e890b2fc0fc', 'name': 'tempest-ServerGroupTestJSON-125551795-network', 'tenant_id': '25673c6b970246dbafd906231de084ec', 'admin_state_up': True, 'mtu': 8950, 'status': 'ACTIVE', 'subnets': [], 'shared': False, 'project_id': '25673c6b970246dbafd906231de084ec', 'port_security_enabled': True, 'router:external': False, 'provider:network_type': 'vlan', 'provider:physical_network': 'default', 'provider:segmentation_id': 121, 'availability_zone_hints': [], 'availability_zones': [], 'ipv4_address_scope': None, 'ipv6_address_scope': None, 'description': '', 'tags': [], 'created_at': '2025-04-04T03:33:20Z', 'updated_at': '2025-04-04T03:33:20Z', 'revision_number': 1} available for tenant
2025-04-04 03:33:29.472 69720 INFO tempest.lib.common.rest_client [req-174ec481-eb49-4796-9b97-bf4387cb3189 req-174ec481-eb49-4796-9b97-bf4387cb3189 ] Request (ServerAddressesTestJSON:tearDownClass): 200 GET http://10.180.1.21/compute/v2.1/servers/0a93f224-a989-4320-924b-4ebe511df638 0.198s
2025-04-04 03:33:29.510 69736 INFO tempest.lib.common.rest_client [req-5c092c31-057c-444f-936c-0cda80616cc4 req-5c092c31-057c-444f-936c-0cda80616cc4 ] Request (ServerTagsTestJSON:_run_cleanups): 204 DELETE http://10.180.1.21/compute/v2.1/servers/849e17e3-3933-49e5-a564-2afe368d7fc2/tags 0.146s
2025-04-04 03:33:29.526 69690 INFO tempest.lib.common.rest_client [req-a1e6da95-da82-43f7-b705-b9f1c0a50f3b req-a1e6da95-da82-43f7-b705-b9f1c0a50f3b ] Request (AttachInterfacesTestJSON:test_create_list_show_delete_interfaces_by_fixed_ip): 200 GET http://10.180.1.21/compute/v2.1/servers/53cb2fdd-0478-426e-a4e0-e5cf24fffa2a/os-interface 0.187s
2025-04-04 03:33:29.526 69722 INFO tempest.lib.common.rest_client [req-58372a47-3ea0-4475-bbec-131ffe2cc6ad req-58372a47-3ea0-4475-bbec-131ffe2cc6ad ] Request (ImagesMetadataNegativeTestJSON:test_set_nonexistent_image_metadata): 404 PUT http://10.180.1.21/compute/v2.1/images/cc96bbce-1b75-41ea-b752-83c39d883ab9/metadata 0.143s
2025-04-04 03:33:29.572 69743 INFO tempest.lib.common.rest_client [req-50243302-4a15-4dac-b113-c63467c1b2f2 req-50243302-4a15-4dac-b113-c63467c1b2f2 ] Request (ImagesTestJSON:test_create_image_from_suspended_server): 200 GET http://10.180.1.21/compute/v2.1/servers/c473f1f3-31a5-4caf-a424-71871bbaa28e 0.180s
2025-04-04 03:33:29.624 69736 INFO tempest.lib.common.rest_client [req-3db69cd5-c340-4063-b8fe-cdf51e499d0b req-3db69cd5-c340-4063-b8fe-cdf51e499d0b ] Request (ServerTagsTestJSON:test_update_all_tags): 201 PUT http://10.180.1.21/compute/v2.1/servers/849e17e3-3933-49e5-a564-2afe368d7fc2/tags/tempest-tag-478460581 0.112s
2025-04-04 03:33:29.642 69722 INFO tempest.lib.common.rest_client [req-852ac0ec-bd4a-46ea-9aff-9015ff8768ef req-852ac0ec-bd4a-46ea-9aff-9015ff8768ef ] Request (ImagesMetadataNegativeTestJSON:test_set_nonexistent_image_metadata_item): 404 PUT http://10.180.1.21/compute/v2.1/images/b891532b-341e-4a86-b688-5e7e6458eb7f/metadata/os_distro 0.114s
2025-04-04 03:33:29.687 69704 INFO tempest.lib.common.rest_client [req-8010a51e-a5f2-47a2-aec0-ab3b2aeca837 req-8010a51e-a5f2-47a2-aec0-ab3b2aeca837 ] Request (AttachVolumeTestJSON:test_attach_detach_volume): 200 GET http://10.180.1.21/compute/v2.1/servers/12166253-9d0a-4ffa-ba27-4ff6e783d0ab 0.140s
2025-04-04 03:33:29.826 69688 INFO tempest.lib.common.rest_client [req-e8804955-6373-46b1-9ce5-e8f577b7eb58 req-e8804955-6373-46b1-9ce5-e8f577b7eb58 ] Request (VolumesAdminNegativeTest:test_update_attached_volume_with_nonexistent_volume_in_body): 200 GET http://10.180.1.21/compute/v2.1/servers/bb9e6f36-7178-4ecf-9fb5-4907aabe6c25 0.230s
2025-04-04 03:33:29.885 69736 INFO tempest.lib.common.rest_client [req-fa1a15c4-ec3b-42ee-8bf2-b41a8c3078f0 req-fa1a15c4-ec3b-42ee-8bf2-b41a8c3078f0 ] Request (ServerTagsTestJSON:test_update_all_tags): 201 PUT http://10.180.1.21/compute/v2.1/servers/849e17e3-3933-49e5-a564-2afe368d7fc2/tags/tempest-tag-1166234775 0.259s
2025-04-04 03:33:29.909 69722 INFO tempest.lib.common.rest_client [req-e51b14c0-2f3c-4528-a5de-b5c1ea3a7c8b req-e51b14c0-2f3c-4528-a5de-b5c1ea3a7c8b ] Request (ImagesMetadataNegativeTestJSON:test_update_nonexistent_image_metadata): 404 POST http://10.180.1.21/compute/v2.1/images/2af6cb4e-a41c-4b87-aeac-c68128b4d2d9/metadata 0.265s
2025-04-04 03:33:29.989 69700 INFO tempest.lib.common.rest_client [req-0c51f4bd-7265-463a-98d9-83f1efa398f0 req-0c51f4bd-7265-463a-98d9-83f1efa398f0 ] Request (ServersTestFqdnHostnames:test_create_server_with_fqdn_name): 200 PUT http://10.180.1.21:9696/networking/v2.0/floatingips/0153613b-5915-480b-a4db-41fffc06919a 0.575s
2025-04-04 03:33:29.991 69700 INFO tempest.lib.common.ssh [-] Creating ssh connection to '10.180.180.170:22' as 'cirros' with public key authentication
2025-04-04 03:33:29.997 69712 INFO tempest.lib.common.rest_client [req-b89c08c6-567d-44b9-8619-0900f6810371 req-b89c08c6-567d-44b9-8619-0900f6810371 ] Request (ServerDiagnosticsV248Test:tearDownClass): 200 GET http://10.180.1.21/compute/v2.1/servers/7999266e-8690-4570-a9c2-f5251c4ed2f4 0.338s
2025-04-04 03:33:30.017 69732 INFO tempest.lib.common.rest_client [req-7e9d9e2a-8839-459f-a59a-e4a9d701ad48 req-7e9d9e2a-8839-459f-a59a-e4a9d701ad48 ] Request (ServerGroupTestJSON:test_create_server_with_scheduler_hint_group): 202 POST http://10.180.1.21/compute/v2.1/servers 0.551s
2025-04-04 03:33:30.039 69722 INFO tempest.lib.common.rest_client [req-2e8134e6-c68f-4fe5-b331-58c34524b9d8 req-2e8134e6-c68f-4fe5-b331-58c34524b9d8 ] Request (ImagesMetadataNegativeTestJSON:tearDownClass): 204 DELETE http://10.180.1.21/identity/v3/users/31c18b35779142288bba2b9160c7bf26 0.129s
2025-04-04 03:33:30.040 69722 INFO tempest.lib.common.dynamic_creds [-] Deleting project and security group for project: 4aaa29634e654cb2a4489d9f69122484
2025-04-04 03:33:30.064 69724 INFO tempest.lib.common.rest_client [req-00b743f5-0d2c-4e40-8d87-d36c98c4fc00 req-00b743f5-0d2c-4e40-8d87-d36c98c4fc00 ] Request (ServerDiskConfigTestJSON:test_rebuild_server_with_auto_disk_config): 200 GET http://10.180.1.21/compute/v2.1/servers/c4ba7142-b548-498b-a11e-e62919e3aece 0.404s
2025-04-04 03:33:30.071 69686 INFO tempest.lib.common.rest_client [req-4ba857fd-004a-47e2-9175-c636f208e4bc req-4ba857fd-004a-47e2-9175-c636f208e4bc ] Request (ServerDiagnosticsNegativeTest:test_get_server_diagnostics_by_non_admin): 200 GET http://10.180.1.21/compute/v2.1/servers/8531106f-854e-475d-9cb3-83e2890d3493 0.358s
2025-04-04 03:33:30.107 69722 INFO tempest.lib.common.rest_client [req-f7e18090-eca2-47c4-9916-ef25603d3d27 req-f7e18090-eca2-47c4-9916-ef25603d3d27 ] Request (ImagesMetadataNegativeTestJSON:tearDownClass): 201 POST http://10.180.1.21/identity/v3/auth/tokens 0.067s
2025-04-04 03:33:30.132 69740 INFO tempest.lib.common.rest_client [req-f8b1b4b9-4da1-417f-bb47-9df43596f7dc req-f8b1b4b9-4da1-417f-bb47-9df43596f7dc ] Request (ListServersNegativeTestJSON:setUpClass): 200 GET http://10.180.1.21/compute/v2.1/servers/b40ab823-a68d-45ec-b451-9a8addecfcfe 0.418s
2025-04-04 03:33:30.180 69684 INFO tempest.lib.common.rest_client [req-a99d71c8-e328-4aad-ad8d-3ed2e0e6c1fc req-a99d71c8-e328-4aad-ad8d-3ed2e0e6c1fc ] Request (ServersAdminTestJSON:setUpClass): 200 GET http://10.180.1.21/compute/v2.1/servers/9fe6816e-c62f-4eeb-9ed5-d2209686ddd8 0.305s
2025-04-04 03:33:30.188 69710 INFO tempest.lib.common.rest_client [req-4af0ff00-eb2e-4011-a907-e79e610ae3c4 req-4af0ff00-eb2e-4011-a907-e79e610ae3c4 ] Request (MigrationsAdminTest:test_list_migrations_in_flavor_resize_situation): 200 GET http://10.180.1.21/compute/v2.1/servers/a71a4c5b-2874-450f-bc0b-1ac80c6f7655 0.371s
2025-04-04 03:33:30.195 69710 INFO tempest.common.waiters [-] State transition "VERIFY_RESIZE/None" ==> "ACTIVE/None" after 41 second wait
2025-04-04 03:33:30.235 69736 INFO tempest.lib.common.rest_client [req-f163239a-cd3d-431d-8ade-fbfdb32f0637 req-f163239a-cd3d-431d-8ade-fbfdb32f0637 ] Request (ServerTagsTestJSON:test_update_all_tags): 200 PUT http://10.180.1.21/compute/v2.1/servers/849e17e3-3933-49e5-a564-2afe368d7fc2/tags 0.350s
2025-04-04 03:33:30.246 69718 INFO tempest.lib.common.rest_client [req-c9968162-7792-46bd-ac4a-c9f91b55933e req-c9968162-7792-46bd-ac4a-c9f91b55933e ] Request (ImagesOneServerTestJSON:tearDownClass): 200 GET http://10.180.1.21/compute/v2.1/servers/d0af16e1-ef91-409d-af71-2c57bd1c4aef 0.323s
2025-04-04 03:33:30.296 69730 INFO tempest.lib.common.rest_client [req-0c56dfd2-ea59-4eac-ad51-e1049b860b6d req-0c56dfd2-ea59-4eac-ad51-e1049b860b6d ] Request (FloatingIPsAssociationTestJSON:setUpClass): 200 GET http://10.180.1.21/compute/v2.1/servers/00f771da-7432-42cc-85d2-1eb1aa119e2f 0.372s
2025-04-04 03:33:30.299 69728 INFO tempest.lib.common.rest_client [req-a5d6d08b-c85e-4a92-ae62-cf97d216f073 req-a5d6d08b-c85e-4a92-ae62-cf97d216f073 ] Request (ServersNegativeTestMultiTenantJSON:setUpClass): 200 GET http://10.180.1.21/compute/v2.1/servers/0522f326-22ac-488f-9cc0-ee573eedefa9 0.317s
2025-04-04 03:33:30.313 69722 INFO tempest.lib.common.rest_client [req-05f42cf8-bf05-4451-b2b4-477d1940d023 req-05f42cf8-bf05-4451-b2b4-477d1940d023 ] Request (ImagesMetadataNegativeTestJSON:tearDownClass): 200 GET http://10.180.1.21:9696/networking/v2.0/security-groups?tenant_id=4aaa29634e654cb2a4489d9f69122484&name=default 0.205s
2025-04-04 03:33:30.347 69732 INFO tempest.lib.common.rest_client [req-85f869b7-a3d3-4ba7-ab24-7a1b7ff199d0 req-85f869b7-a3d3-4ba7-ab24-7a1b7ff199d0 ] Request (ServerGroupTestJSON:test_create_server_with_scheduler_hint_group): 200 GET http://10.180.1.21/compute/v2.1/servers/a0de6319-99fe-4420-b042-6eea50509327 0.328s
2025-04-04 03:33:30.371 69734 INFO tempest.lib.common.rest_client [req-7093f364-054b-4caf-b109-da8e305109b0 req-7093f364-054b-4caf-b109-da8e305109b0 ] Request (ServerMetadataTestJSON:setUpClass): 200 GET http://10.180.1.21/compute/v2.1/servers/bf3bce53-2116-4cf1-bf48-035851ed563e 0.285s
2025-04-04 03:33:30.386 69736 INFO tempest.lib.common.rest_client [req-373623d0-1ef3-45eb-a206-69648c405fd2 req-373623d0-1ef3-45eb-a206-69648c405fd2 ] Request (ServerTagsTestJSON:test_update_all_tags): 200 GET http://10.180.1.21/compute/v2.1/servers/849e17e3-3933-49e5-a564-2afe368d7fc2/tags 0.150s
2025-04-04 03:33:30.433 69722 INFO tempest.lib.common.rest_client [req-2a9a3093-ba8b-4d9c-aa0c-0975e19f6948 req-2a9a3093-ba8b-4d9c-aa0c-0975e19f6948 ] Request (ImagesMetadataNegativeTestJSON:tearDownClass): 204 DELETE http://10.180.1.21:9696/networking/v2.0/security-groups/0a1bc7a0-1eaa-4f9e-b7e0-61a20b07624e 0.119s
2025-04-04 03:33:30.433 69694 INFO tempest.lib.common.rest_client [req-6bb81e2f-6a77-44fe-b5bd-9a0b7536df48 req-6bb81e2f-6a77-44fe-b5bd-9a0b7536df48 ] Request (ListImageFiltersTestJSON:setUpClass): 200 GET http://10.180.1.21/compute/v2.1/servers/b215212d-8db4-423d-9bf6-8480037708a5 0.137s
2025-04-04 03:33:30.465 69710 INFO tempest.lib.common.rest_client [req-45a2520a-904d-41d0-8157-bf430f34a85c req-45a2520a-904d-41d0-8157-bf430f34a85c ] Request (MigrationsAdminTest:test_list_migrations_in_flavor_resize_situation): 200 GET http://10.180.1.21/compute/v2.1/servers/a71a4c5b-2874-450f-bc0b-1ac80c6f7655 0.270s
2025-04-04 03:33:30.484 69696 INFO tempest.lib.common.rest_client [req-bd33e86f-c78d-480a-9524-3b71c679087e req-bd33e86f-c78d-480a-9524-3b71c679087e ] Request (SecurityGroupsTestJSON:test_server_security_groups): 200 GET http://10.180.1.21/compute/v2.1/servers/606f0211-32d3-4fdf-8c4d-dd5879db98a6 0.181s
2025-04-04 03:33:30.513 69726 INFO tempest.lib.common.rest_client [req-801ac2df-904d-4ba1-a194-db5a37a9644e req-801ac2df-904d-4ba1-a194-db5a37a9644e ] Request (DeleteServersAdminTestJSON:test_delete_server_while_in_error_state): 200 GET http://10.180.1.21/compute/v2.1/servers/bd77f6de-9aa7-4bdf-bf9b-9bd935bc966a 0.157s
2025-04-04 03:33:30.513 69722 INFO tempest.lib.common.rest_client [req-29a266ad-7900-4702-bc53-ea55ff0c432e req-29a266ad-7900-4702-bc53-ea55ff0c432e ] Request (ImagesMetadataNegativeTestJSON:tearDownClass): 204 DELETE http://10.180.1.21/identity/v3/projects/4aaa29634e654cb2a4489d9f69122484 0.080s
2025-04-04 03:33:30.524 69736 INFO tempest.lib.common.rest_client [req-cd242622-6562-4162-badd-225a1d8296a2 req-cd242622-6562-4162-badd-225a1d8296a2 ] Request (ServerTagsTestJSON:_run_cleanups): 204 DELETE http://10.180.1.21/compute/v2.1/servers/849e17e3-3933-49e5-a564-2afe368d7fc2/tags 0.136s
2025-04-04 03:33:30.557 69710 INFO tempest.lib.common.rest_client [req-fab118f8-4084-4a76-a478-300f96c80082 req-fab118f8-4084-4a76-a478-300f96c80082 ] Request (MigrationsAdminTest:test_list_migrations_in_flavor_resize_situation): 200 POST http://10.180.1.21/compute/v2.1/os-keypairs 0.080s
2025-04-04 03:33:30.563 69702 INFO tempest.lib.common.rest_client [req-277d7eac-84b6-45e8-94fb-7b9a83a15996 req-277d7eac-84b6-45e8-94fb-7b9a83a15996 ] Request (TenantUsagesTestJSON:setUpClass): 200 GET http://10.180.1.21/compute/v2.1/servers/c6ebf8b9-b4d9-43e3-ac3c-be57592805a9 0.091s
2025-04-04 03:33:30.578 69722 INFO tempest.lib.common.rest_client [req-d127455d-f590-4562-93d2-d7309ebe8f17 req-d127455d-f590-4562-93d2-d7309ebe8f17 ] Request (AttachInterfacesV270Test:setUpClass): 201 POST http://10.180.1.21/identity/v3/auth/tokens 0.063s
2025-04-04 03:33:30.614 69722 INFO tempest.lib.common.rest_client [req-8efc6b77-4c48-42a5-a4cb-beddbed32c33 req-8efc6b77-4c48-42a5-a4cb-beddbed32c33 ] Request (AttachInterfacesV270Test:setUpClass): 201 POST http://10.180.1.21/identity/v3/auth/tokens 0.032s
2025-04-04 03:33:30.621 69720 INFO tempest.lib.common.rest_client [req-96daa91a-1dbd-4678-81e0-9697390a0981 req-96daa91a-1dbd-4678-81e0-9697390a0981 ] Request (ServerAddressesTestJSON:tearDownClass): 200 GET http://10.180.1.21/compute/v2.1/servers/0a93f224-a989-4320-924b-4ebe511df638 0.142s
2025-04-04 03:33:30.645 69736 INFO tempest.lib.common.rest_client [req-fa6b077e-bd1e-46ee-b5f6-8e2144f97932 req-fa6b077e-bd1e-46ee-b5f6-8e2144f97932 ] Request (ServerTagsTestJSON:tearDownClass): 204 DELETE http://10.180.1.21/compute/v2.1/servers/849e17e3-3933-49e5-a564-2afe368d7fc2 0.119s
2025-04-04 03:33:30.647 69722 INFO tempest.lib.common.rest_client [req-2ec4a6de-8a92-4582-9e1c-1b8084f5a709 req-2ec4a6de-8a92-4582-9e1c-1b8084f5a709 ] Request (AttachInterfacesV270Test:setUpClass): 200 GET http://10.180.1.21/identity/v3/domains?name=Default 0.033s
2025-04-04 03:33:30.674 69710 INFO tempest.lib.common.rest_client [req-f566bb25-1a47-49f9-98d6-fbafcf5369fb req-f566bb25-1a47-49f9-98d6-fbafcf5369fb ] Request (MigrationsAdminTest:test_list_migrations_in_flavor_resize_situation): 201 POST http://10.180.1.21:9696/networking/v2.0/security-groups 0.115s
2025-04-04 03:33:30.682 69722 INFO tempest.lib.common.rest_client [req-e9a327bc-f196-40ed-8d7d-0622b3fc415e req-e9a327bc-f196-40ed-8d7d-0622b3fc415e ] Request (AttachInterfacesV270Test:setUpClass): 201 POST http://10.180.1.21/identity/v3/projects 0.035s
2025-04-04 03:33:30.688 69690 INFO tempest.lib.common.rest_client [req-3526cba6-a7e4-422c-9c8c-556f053b976d req-3526cba6-a7e4-422c-9c8c-556f053b976d ] Request (AttachInterfacesTestJSON:test_create_list_show_delete_interfaces_by_fixed_ip): 200 GET http://10.180.1.21/compute/v2.1/servers/53cb2fdd-0478-426e-a4e0-e5cf24fffa2a/os-interface 0.159s
2025-04-04 03:33:30.703 69743 INFO tempest.lib.common.rest_client [req-e1fef028-0019-4941-af36-3b6ed2f0a8b2 req-e1fef028-0019-4941-af36-3b6ed2f0a8b2 ] Request (ImagesTestJSON:test_create_image_from_suspended_server): 200 GET http://10.180.1.21/compute/v2.1/servers/c473f1f3-31a5-4caf-a424-71871bbaa28e 0.123s
2025-04-04 03:33:30.749 69722 INFO tempest.lib.common.rest_client [req-beb27741-523c-4c32-85e5-5cb15ab8fa6f req-beb27741-523c-4c32-85e5-5cb15ab8fa6f ] Request (AttachInterfacesV270Test:setUpClass): 201 POST http://10.180.1.21/identity/v3/users 0.066s
2025-04-04 03:33:30.759 69704 INFO tempest.lib.common.rest_client [req-50cd79b9-8e0e-42c6-a847-34e1600734cc req-50cd79b9-8e0e-42c6-a847-34e1600734cc ] Request (AttachVolumeTestJSON:test_attach_detach_volume): 200 GET http://10.180.1.21/compute/v2.1/servers/12166253-9d0a-4ffa-ba27-4ff6e783d0ab 0.064s
2025-04-04 03:33:30.771 69722 INFO tempest.lib.common.rest_client [req-34aae8b2-25f0-4f8b-88ce-4ef71850ea78 req-34aae8b2-25f0-4f8b-88ce-4ef71850ea78 ] Request (AttachInterfacesV270Test:setUpClass): 200 GET http://10.180.1.21/identity/v3/roles 0.022s
2025-04-04 03:33:30.772 69710 INFO tempest.lib.common.rest_client [req-288c67f5-bdd1-4744-91c5-e8020d793a68 req-288c67f5-bdd1-4744-91c5-e8020d793a68 ] Request (MigrationsAdminTest:test_list_migrations_in_flavor_resize_situation): 201 POST http://10.180.1.21:9696/networking/v2.0/security-group-rules 0.098s
2025-04-04 03:33:30.807 69722 INFO tempest.lib.common.rest_client [req-32842abc-5321-4b61-a870-d0b2b81b0ed4 req-32842abc-5321-4b61-a870-d0b2b81b0ed4 ] Request (AttachInterfacesV270Test:setUpClass): 204 PUT http://10.180.1.21/identity/v3/projects/93b70f4e5a1f4ee8b51e12758d4e8fe0/users/33e73497fe704194a1bfee839e085b1f/roles/1ca8e2da171645caba01ec83df1ded4a 0.035s
2025-04-04 03:33:30.807 69722 INFO tempest.lib.common.dynamic_creds [-] Dynamic test user 33e73497fe704194a1bfee839e085b1f is created with scope project and roles: ['member']
2025-04-04 03:33:30.807 69722 INFO tempest.lib.common.dynamic_creds [-] Acquired dynamic creds: credentials: Credentials: {'domain_id': 'default', 'domain_name': 'Default', 'username': 'tempest-AttachInterfacesV270Test-1851941359-project-member', 'project_domain_id': 'default', 'project_domain_name': 'Default', 'project_id': '93b70f4e5a1f4ee8b51e12758d4e8fe0', 'project_name': 'tempest-AttachInterfacesV270Test-1851941359', 'tenant_id': '93b70f4e5a1f4ee8b51e12758d4e8fe0', 'tenant_name': 'tempest-AttachInterfacesV270Test-1851941359', 'user_domain_id': 'default', 'user_domain_name': 'Default', 'user_id': '33e73497fe704194a1bfee839e085b1f', 'system': None}, Network: None, Subnet: None, Router: None
2025-04-04 03:33:30.814 69736 INFO tempest.lib.common.rest_client [req-9bc538ff-b179-4500-a317-19c98e4265ae req-9bc538ff-b179-4500-a317-19c98e4265ae ] Request (ServerTagsTestJSON:tearDownClass): 200 GET http://10.180.1.21/compute/v2.1/servers/849e17e3-3933-49e5-a564-2afe368d7fc2 0.169s
2025-04-04 03:33:30.855 69710 INFO tempest.lib.common.rest_client [req-463deb4d-274e-4100-aad8-6568ebae1027 req-463deb4d-274e-4100-aad8-6568ebae1027 ] Request (MigrationsAdminTest:test_list_migrations_in_flavor_resize_situation): 201 POST http://10.180.1.21:9696/networking/v2.0/security-group-rules 0.082s
2025-04-04 03:33:30.877 69722 INFO tempest.lib.common.rest_client [req-ef41da53-f17f-47a1-a178-a21434d93f05 req-ef41da53-f17f-47a1-a178-a21434d93f05 ] Request (AttachInterfacesV270Test:setUpClass): 201 POST http://10.180.1.21/identity/v3/auth/tokens 0.069s
2025-04-04 03:33:30.966 69706 WARNING tempest.lib.common.ssh [-] Failed to establish authenticated ssh connection to cirros@10.180.180.250 ([Errno None] Unable to connect to port 22 on 10.180.180.250). Number attempts: 1. Retry after 2 seconds.: paramiko.ssh_exception.NoValidConnectionsError: [Errno None] Unable to connect to port 22 on 10.180.180.250
2025-04-04 03:33:31.031 69688 INFO tempest.lib.common.rest_client [req-e16df0e4-14fd-4b19-982b-05185b0a1fcb req-e16df0e4-14fd-4b19-982b-05185b0a1fcb ] Request (VolumesAdminNegativeTest:test_update_attached_volume_with_nonexistent_volume_in_body): 200 GET http://10.180.1.21/compute/v2.1/servers/bb9e6f36-7178-4ecf-9fb5-4907aabe6c25 0.198s
2025-04-04 03:33:31.116 69712 INFO tempest.lib.common.rest_client [req-5dee5492-4f08-424c-8cd4-0b57824f1e5e req-5dee5492-4f08-424c-8cd4-0b57824f1e5e ] Request (ServerDiagnosticsV248Test:tearDownClass): 200 GET http://10.180.1.21/compute/v2.1/servers/7999266e-8690-4570-a9c2-f5251c4ed2f4 0.108s
2025-04-04 03:33:31.150 69724 INFO tempest.lib.common.rest_client [req-3f16e1ef-317e-46a1-bfba-14002bac1054 req-3f16e1ef-317e-46a1-bfba-14002bac1054 ] Request (ServerDiskConfigTestJSON:test_rebuild_server_with_auto_disk_config): 200 GET http://10.180.1.21/compute/v2.1/servers/c4ba7142-b548-498b-a11e-e62919e3aece 0.074s
2025-04-04 03:33:31.189 69686 INFO tempest.lib.common.rest_client [req-c88eca07-2490-458f-94a9-17f700f3fa22 req-c88eca07-2490-458f-94a9-17f700f3fa22 ] Request (ServerDiagnosticsNegativeTest:test_get_server_diagnostics_by_non_admin): 200 GET http://10.180.1.21/compute/v2.1/servers/8531106f-854e-475d-9cb3-83e2890d3493 0.107s
2025-04-04 03:33:31.233 69740 INFO tempest.lib.common.rest_client [req-4a1a264c-5aa5-41e3-bc31-c12f999fd717 req-4a1a264c-5aa5-41e3-bc31-c12f999fd717 ] Request (ListServersNegativeTestJSON:setUpClass): 200 GET http://10.180.1.21/compute/v2.1/servers/b40ab823-a68d-45ec-b451-9a8addecfcfe 0.093s
2025-04-04 03:33:31.252 69684 INFO tempest.lib.common.rest_client [req-7a342471-488e-489e-b51f-cf342512c075 req-7a342471-488e-489e-b51f-cf342512c075 ] Request (ServersAdminTestJSON:setUpClass): 200 GET http://10.180.1.21/compute/v2.1/servers/9fe6816e-c62f-4eeb-9ed5-d2209686ddd8 0.061s
2025-04-04 03:33:31.303 69722 INFO tempest.lib.common.rest_client [req-c64b5c53-4f44-4308-b3e8-583ac7a78116 req-c64b5c53-4f44-4308-b3e8-583ac7a78116 ] Request (AttachInterfacesV270Test:setUpClass): 201 POST http://10.180.1.21:9696/networking/v2.0/networks 0.426s
2025-04-04 03:33:31.343 69718 INFO tempest.lib.common.rest_client [req-809145c8-1fe5-454f-a873-f6cde1cd2c72 req-809145c8-1fe5-454f-a873-f6cde1cd2c72 ] Request (ImagesOneServerTestJSON:tearDownClass): 200 GET http://10.180.1.21/compute/v2.1/servers/d0af16e1-ef91-409d-af71-2c57bd1c4aef 0.086s
2025-04-04 03:33:31.381 69728 INFO tempest.lib.common.rest_client [req-95762cfd-985b-4970-b251-a40b0216e184 req-95762cfd-985b-4970-b251-a40b0216e184 ] Request (ServersNegativeTestMultiTenantJSON:setUpClass): 200 GET http://10.180.1.21/compute/v2.1/servers/0522f326-22ac-488f-9cc0-ee573eedefa9 0.074s
2025-04-04 03:33:31.408 69730 INFO tempest.lib.common.rest_client [req-c6ce8526-b49e-47ea-84da-15207efcf793 req-c6ce8526-b49e-47ea-84da-15207efcf793 ] Request (FloatingIPsAssociationTestJSON:setUpClass): 200 GET http://10.180.1.21/compute/v2.1/servers/00f771da-7432-42cc-85d2-1eb1aa119e2f 0.101s
2025-04-04 03:33:31.440 69732 INFO tempest.lib.common.rest_client [req-5acf1ab2-d3a2-4687-91c1-97b85b6f38a2 req-5acf1ab2-d3a2-4687-91c1-97b85b6f38a2 ] Request (ServerGroupTestJSON:test_create_server_with_scheduler_hint_group): 200 GET http://10.180.1.21/compute/v2.1/servers/a0de6319-99fe-4420-b042-6eea50509327 0.083s
2025-04-04 03:33:31.466 69734 INFO tempest.lib.common.rest_client [req-03dc336a-d710-4316-8a99-6b62ead39b9e req-03dc336a-d710-4316-8a99-6b62ead39b9e ] Request (ServerMetadataTestJSON:setUpClass): 200 GET http://10.180.1.21/compute/v2.1/servers/bf3bce53-2116-4cf1-bf48-035851ed563e 0.084s
2025-04-04 03:33:31.505 69694 INFO tempest.lib.common.rest_client [req-a728cc4a-8fd5-4899-ab34-0c8c72173edb req-a728cc4a-8fd5-4899-ab34-0c8c72173edb ] Request (ListImageFiltersTestJSON:setUpClass): 200 GET http://10.180.1.21/compute/v2.1/servers/b215212d-8db4-423d-9bf6-8480037708a5 0.062s
2025-04-04 03:33:31.522 69722 INFO tempest.lib.common.rest_client [req-0984c259-8fe0-4380-ac96-1c5e97d5c92e req-0984c259-8fe0-4380-ac96-1c5e97d5c92e ] Request (AttachInterfacesV270Test:setUpClass): 201 POST http://10.180.1.21:9696/networking/v2.0/subnets 0.218s
2025-04-04 03:33:31.553 69710 INFO tempest.lib.common.rest_client [req-aedf6658-26b5-4277-81b7-a59cd8d7ad17 req-aedf6658-26b5-4277-81b7-a59cd8d7ad17 ] Request (MigrationsAdminTest:test_list_migrations_in_flavor_resize_situation): 201 POST http://10.180.1.21:9696/networking/v2.0/floatingips 0.697s
2025-04-04 03:33:31.553 69696 INFO tempest.lib.common.rest_client [req-10391f31-d8e7-4a90-9724-ff3d77bee4e4 req-10391f31-d8e7-4a90-9724-ff3d77bee4e4 ] Request (SecurityGroupsTestJSON:test_server_security_groups): 200 GET http://10.180.1.21/compute/v2.1/servers/606f0211-32d3-4fdf-8c4d-dd5879db98a6 0.062s
2025-04-04 03:33:31.567 69710 INFO tempest.lib.common.rest_client [req-235124f8-f419-418a-b69a-efcede1dbd2d req-235124f8-f419-418a-b69a-efcede1dbd2d ] Request (MigrationsAdminTest:test_list_migrations_in_flavor_resize_situation): 200 GET http://10.180.1.21/compute/v2.1/os-migrations 0.013s
2025-04-04 03:33:31.577 69726 INFO tempest.lib.common.rest_client [req-99848b37-e424-4691-8d69-9907c36545c5 req-99848b37-e424-4691-8d69-9907c36545c5 ] Request (DeleteServersAdminTestJSON:test_delete_server_while_in_error_state): 200 GET http://10.180.1.21/compute/v2.1/servers/bd77f6de-9aa7-4bdf-bf9b-9bd935bc966a 0.056s
2025-04-04 03:33:31.588 69710 INFO tempest.lib.common.rest_client [req-76d7899d-5ae7-44a5-812a-f5e8ed9e7ecd req-76d7899d-5ae7-44a5-812a-f5e8ed9e7ecd ] Request (MigrationsAdminTest:test_resize_server_revert_deleted_flavor): 200 GET http://10.180.1.21/compute/v2.1/flavors/42 0.016s
2025-04-04 03:33:31.608 69710 INFO tempest.lib.common.rest_client [req-2e581a2f-226d-422f-8661-b9800ab7525d req-2e581a2f-226d-422f-8661-b9800ab7525d ] Request (MigrationsAdminTest:test_resize_server_revert_deleted_flavor): 200 POST http://10.180.1.21/compute/v2.1/flavors 0.018s
2025-04-04 03:33:31.626 69702 INFO tempest.lib.common.rest_client [req-d976d603-5f33-403e-a4a5-d177cc61eb44 req-d976d603-5f33-403e-a4a5-d177cc61eb44 ] Request (TenantUsagesTestJSON:setUpClass): 200 GET http://10.180.1.21/compute/v2.1/servers/c6ebf8b9-b4d9-43e3-ac3c-be57592805a9 0.052s
2025-04-04 03:33:31.627 69710 INFO tempest.lib.common.rest_client [req-88447acd-22e9-4551-8fab-65209d514fac req-88447acd-22e9-4551-8fab-65209d514fac ] Request (MigrationsAdminTest:test_resize_server_revert_deleted_flavor): 200 GET http://10.180.1.21/compute/v2.1/flavors/42/os-extra_specs 0.016s
2025-04-04 03:33:31.647 69710 INFO tempest.lib.common.rest_client [req-cf42cd8f-2aed-4dae-8274-8f36876053ad req-cf42cd8f-2aed-4dae-8274-8f36876053ad ] Request (MigrationsAdminTest:test_resize_server_revert_deleted_flavor): 200 POST http://10.180.1.21/compute/v2.1/flavors/39805a2c-3fd6-4cd3-8588-003f5d79cd82/os-extra_specs 0.019s
2025-04-04 03:33:31.690 69720 INFO tempest.lib.common.rest_client [req-794aa59a-8be8-40a5-a0d8-623016651cb0 req-794aa59a-8be8-40a5-a0d8-623016651cb0 ] Request (ServerAddressesTestJSON:tearDownClass): 200 GET http://10.180.1.21/compute/v2.1/servers/0a93f224-a989-4320-924b-4ebe511df638 0.061s
2025-04-04 03:33:31.717 69710 INFO tempest.lib.common.rest_client [req-7bcdf8ba-15fe-4537-adcb-2b98d4ba2d69 req-7bcdf8ba-15fe-4537-adcb-2b98d4ba2d69 ] Request (MigrationsAdminTest:test_resize_server_revert_deleted_flavor): 201 POST http://10.180.1.21/identity/v3/auth/tokens 0.065s
2025-04-04 03:33:31.717 69710 INFO tempest.lib.common.fixed_network [-] (MigrationsAdminTest:test_resize_server_revert_deleted_flavor) Found network None available for tenant
2025-04-04 03:33:31.763 69743 INFO tempest.lib.common.rest_client [req-dda7e269-8495-4d8a-9119-ce22e16171d0 req-dda7e269-8495-4d8a-9119-ce22e16171d0 ] Request (ImagesTestJSON:test_create_image_from_suspended_server): 200 GET http://10.180.1.21/compute/v2.1/servers/c473f1f3-31a5-4caf-a424-71871bbaa28e 0.051s
2025-04-04 03:33:31.771 69743 INFO tempest.common.waiters [-] State transition "BUILD/None" ==> "BUILD/networking" after 45 second wait
2025-04-04 03:33:31.784 69690 INFO tempest.lib.common.rest_client [req-2cce6605-8be0-4c84-a9be-bc7cc652b27c req-2cce6605-8be0-4c84-a9be-bc7cc652b27c ] Request (AttachInterfacesTestJSON:test_create_list_show_delete_interfaces_by_fixed_ip): 200 GET http://10.180.1.21/compute/v2.1/servers/53cb2fdd-0478-426e-a4e0-e5cf24fffa2a/os-interface 0.092s
2025-04-04 03:33:31.834 69704 INFO tempest.lib.common.rest_client [req-5106a9b3-63e6-4eac-b9de-c1d2f994f562 req-5106a9b3-63e6-4eac-b9de-c1d2f994f562 ] Request (AttachVolumeTestJSON:test_attach_detach_volume): 200 GET http://10.180.1.21/compute/v2.1/servers/12166253-9d0a-4ffa-ba27-4ff6e783d0ab 0.066s
2025-04-04 03:33:31.976 69736 INFO tempest.lib.common.rest_client [req-d52c0e30-d854-4e2c-bfdb-683fe1391709 req-d52c0e30-d854-4e2c-bfdb-683fe1391709 ] Request (ServerTagsTestJSON:tearDownClass): 200 GET http://10.180.1.21/compute/v2.1/servers/849e17e3-3933-49e5-a564-2afe368d7fc2 0.151s
2025-04-04 03:33:32.052 69698 WARNING tempest.lib.common.ssh [-] Failed to establish authenticated ssh connection to cirros@10.180.180.234 ([Errno None] Unable to connect to port 22 on 10.180.180.234). Number attempts: 7. Retry after 8 seconds.: paramiko.ssh_exception.NoValidConnectionsError: [Errno None] Unable to connect to port 22 on 10.180.180.234
2025-04-04 03:33:32.093 69710 INFO tempest.lib.common.rest_client [req-e19e2617-65de-4585-b928-5bd6b0286fe1 req-e19e2617-65de-4585-b928-5bd6b0286fe1 ] Request (MigrationsAdminTest:test_resize_server_revert_deleted_flavor): 202 POST http://10.180.1.21/compute/v2.1/servers 0.375s
2025-04-04 03:33:32.144 69710 INFO tempest.lib.common.rest_client [req-ad9656a1-2176-40a5-b41c-9f1430d85fc2 req-ad9656a1-2176-40a5-b41c-9f1430d85fc2 ] Request (MigrationsAdminTest:test_resize_server_revert_deleted_flavor): 200 GET http://10.180.1.21/compute/v2.1/servers/99e521a6-b45b-401f-9c18-9f05f8198e4c 0.049s
2025-04-04 03:33:32.231 69712 INFO tempest.lib.common.rest_client [req-b72dd04d-411b-45b4-a709-b4e4c70e8bba req-b72dd04d-411b-45b4-a709-b4e4c70e8bba ] Request (ServerDiagnosticsV248Test:tearDownClass): 200 GET http://10.180.1.21/compute/v2.1/servers/7999266e-8690-4570-a9c2-f5251c4ed2f4 0.100s
2025-04-04 03:33:32.244 69688 INFO tempest.lib.common.rest_client [req-871e1018-424f-42dd-bbd3-c74f1a28fe1a req-871e1018-424f-42dd-bbd3-c74f1a28fe1a ] Request (VolumesAdminNegativeTest:test_update_attached_volume_with_nonexistent_volume_in_body): 200 GET http://10.180.1.21/compute/v2.1/servers/bb9e6f36-7178-4ecf-9fb5-4907aabe6c25 0.201s
2025-04-04 03:33:32.291 69724 INFO tempest.lib.common.rest_client [req-de7639ff-e634-4abd-a1fd-12b9d3afc11d req-de7639ff-e634-4abd-a1fd-12b9d3afc11d ] Request (ServerDiskConfigTestJSON:test_rebuild_server_with_auto_disk_config): 200 GET http://10.180.1.21/compute/v2.1/servers/c4ba7142-b548-498b-a11e-e62919e3aece 0.128s
2025-04-04 03:33:32.296 69686 INFO tempest.lib.common.rest_client [req-59aa54ac-ab65-44b2-aed0-90293a01023e req-59aa54ac-ab65-44b2-aed0-90293a01023e ] Request (ServerDiagnosticsNegativeTest:test_get_server_diagnostics_by_non_admin): 200 GET http://10.180.1.21/compute/v2.1/servers/8531106f-854e-475d-9cb3-83e2890d3493 0.098s
2025-04-04 03:33:32.350 69684 INFO tempest.lib.common.rest_client [req-a4668b4a-0195-4451-8bed-4755765ba23a req-a4668b4a-0195-4451-8bed-4755765ba23a ] Request (ServersAdminTestJSON:setUpClass): 200 GET http://10.180.1.21/compute/v2.1/servers/9fe6816e-c62f-4eeb-9ed5-d2209686ddd8 0.088s
2025-04-04 03:33:32.362 69740 INFO tempest.lib.common.rest_client [req-d8f4957d-83ee-40bf-830d-34dd972341b8 req-d8f4957d-83ee-40bf-830d-34dd972341b8 ] Request (ListServersNegativeTestJSON:setUpClass): 200 GET http://10.180.1.21/compute/v2.1/servers/b40ab823-a68d-45ec-b451-9a8addecfcfe 0.120s
2025-04-04 03:33:32.457 69728 INFO tempest.lib.common.rest_client [req-90cc1899-2c3d-4f75-8466-fd43a4d70e98 req-90cc1899-2c3d-4f75-8466-fd43a4d70e98 ] Request (ServersNegativeTestMultiTenantJSON:setUpClass): 200 GET http://10.180.1.21/compute/v2.1/servers/0522f326-22ac-488f-9cc0-ee573eedefa9 0.062s
2025-04-04 03:33:32.508 69730 INFO tempest.lib.common.rest_client [req-58673f05-53b7-4d81-99a4-9bfd7666c317 req-58673f05-53b7-4d81-99a4-9bfd7666c317 ] Request (FloatingIPsAssociationTestJSON:setUpClass): 200 GET http://10.180.1.21/compute/v2.1/servers/00f771da-7432-42cc-85d2-1eb1aa119e2f 0.089s
2025-04-04 03:33:32.560 69732 INFO tempest.lib.common.rest_client [req-3269c2b9-90ad-4bb3-b504-f3c960758868 req-3269c2b9-90ad-4bb3-b504-f3c960758868 ] Request (ServerGroupTestJSON:test_create_server_with_scheduler_hint_group): 200 GET http://10.180.1.21/compute/v2.1/servers/a0de6319-99fe-4420-b042-6eea50509327 0.111s
2025-04-04 03:33:32.612 69718 INFO tempest.lib.common.rest_client [req-8bc45e0b-429c-447e-84a9-9b7f355e8a98 req-8bc45e0b-429c-447e-84a9-9b7f355e8a98 ] Request (ImagesOneServerTestJSON:tearDownClass): 200 GET http://10.180.1.21/compute/v2.1/servers/d0af16e1-ef91-409d-af71-2c57bd1c4aef 0.256s
2025-04-04 03:33:32.612 69734 INFO tempest.lib.common.rest_client [req-6493257b-e6cd-4f31-b49d-164b1d016057 req-6493257b-e6cd-4f31-b49d-164b1d016057 ] Request (ServerMetadataTestJSON:setUpClass): 200 GET http://10.180.1.21/compute/v2.1/servers/bf3bce53-2116-4cf1-bf48-035851ed563e 0.133s
2025-04-04 03:33:32.645 69722 INFO tempest.lib.common.rest_client [req-af7bf840-e0da-4a58-b138-ba8c4e28131c req-af7bf840-e0da-4a58-b138-ba8c4e28131c ] Request (AttachInterfacesV270Test:setUpClass): 201 POST http://10.180.1.21:9696/networking/v2.0/routers 1.123s
2025-04-04 03:33:32.664 69694 INFO tempest.lib.common.rest_client [req-6965663d-3a64-4ad7-9b90-b5de62c85684 req-6965663d-3a64-4ad7-9b90-b5de62c85684 ] Request (ListImageFiltersTestJSON:setUpClass): 200 GET http://10.180.1.21/compute/v2.1/servers/b215212d-8db4-423d-9bf6-8480037708a5 0.149s
2025-04-04 03:33:32.685 69696 INFO tempest.lib.common.rest_client [req-efd7633f-2c04-4eb7-a0c0-6b48c3a50a97 req-efd7633f-2c04-4eb7-a0c0-6b48c3a50a97 ] Request (SecurityGroupsTestJSON:test_server_security_groups): 200 GET http://10.180.1.21/compute/v2.1/servers/606f0211-32d3-4fdf-8c4d-dd5879db98a6 0.123s
2025-04-04 03:33:32.716 69726 INFO tempest.lib.common.rest_client [req-4b9ce08f-1f1b-415c-add3-021fb04c18f3 req-4b9ce08f-1f1b-415c-add3-021fb04c18f3 ] Request (DeleteServersAdminTestJSON:test_delete_server_while_in_error_state): 200 GET http://10.180.1.21/compute/v2.1/servers/bd77f6de-9aa7-4bdf-bf9b-9bd935bc966a 0.129s
2025-04-04 03:33:32.750 69702 INFO tempest.lib.common.rest_client [req-20faa08a-2ef8-4929-b84d-7cb5e91d11ba req-20faa08a-2ef8-4929-b84d-7cb5e91d11ba ] Request (TenantUsagesTestJSON:setUpClass): 200 GET http://10.180.1.21/compute/v2.1/servers/c6ebf8b9-b4d9-43e3-ac3c-be57592805a9 0.114s
2025-04-04 03:33:32.778 69720 INFO tempest.lib.common.rest_client [req-5623df06-be0a-41a0-99fc-57119903218d req-5623df06-be0a-41a0-99fc-57119903218d ] Request (ServerAddressesTestJSON:tearDownClass): 200 GET http://10.180.1.21/compute/v2.1/servers/0a93f224-a989-4320-924b-4ebe511df638 0.077s
2025-04-04 03:33:32.854 69690 INFO tempest.lib.common.rest_client [req-6aa79809-460f-4cf4-bba3-21fbf8fda8c8 req-6aa79809-460f-4cf4-bba3-21fbf8fda8c8 ] Request (AttachInterfacesTestJSON:test_create_list_show_delete_interfaces_by_fixed_ip): 200 GET http://10.180.1.21/compute/v2.1/servers/53cb2fdd-0478-426e-a4e0-e5cf24fffa2a/os-interface 0.067s
2025-04-04 03:33:32.904 69704 INFO tempest.lib.common.rest_client [req-07c69949-94d1-4dfb-8a6e-eb2b8f53ccd5 req-07c69949-94d1-4dfb-8a6e-eb2b8f53ccd5 ] Request (AttachVolumeTestJSON:test_attach_detach_volume): 200 GET http://10.180.1.21/compute/v2.1/servers/12166253-9d0a-4ffa-ba27-4ff6e783d0ab 0.061s
2025-04-04 03:33:32.941 69743 INFO tempest.lib.common.rest_client [req-abfa3340-08d6-4596-86bd-0fff624efa01 req-abfa3340-08d6-4596-86bd-0fff624efa01 ] Request (ImagesTestJSON:test_create_image_from_suspended_server): 200 GET http://10.180.1.21/compute/v2.1/servers/c473f1f3-31a5-4caf-a424-71871bbaa28e 0.169s
2025-04-04 03:33:32.947 69743 INFO tempest.common.waiters [-] State transition "BUILD/networking" ==> "BUILD/block_device_mapping" after 46 second wait
2025-04-04 03:33:33.112 69736 INFO tempest.lib.common.rest_client [req-6ba47d66-b38d-4422-9440-854f3324e268 req-6ba47d66-b38d-4422-9440-854f3324e268 ] Request (ServerTagsTestJSON:tearDownClass): 200 GET http://10.180.1.21/compute/v2.1/servers/849e17e3-3933-49e5-a564-2afe368d7fc2 0.126s
2025-04-04 03:33:33.210 69710 INFO tempest.lib.common.rest_client [req-52ba6e3d-427d-428c-9c98-70f81b6bd45d req-52ba6e3d-427d-428c-9c98-70f81b6bd45d ] Request (MigrationsAdminTest:test_resize_server_revert_deleted_flavor): 200 GET http://10.180.1.21/compute/v2.1/servers/99e521a6-b45b-401f-9c18-9f05f8198e4c 0.053s
2025-04-04 03:33:33.331 69712 INFO tempest.lib.common.rest_client [req-6019f74c-acc9-4722-9de8-704312085124 req-6019f74c-acc9-4722-9de8-704312085124 ] Request (ServerDiagnosticsV248Test:tearDownClass): 200 GET http://10.180.1.21/compute/v2.1/servers/7999266e-8690-4570-a9c2-f5251c4ed2f4 0.084s
2025-04-04 03:33:33.381 69688 INFO tempest.lib.common.rest_client [req-884c5f12-7392-4964-8eeb-0831809ec26d req-884c5f12-7392-4964-8eeb-0831809ec26d ] Request (VolumesAdminNegativeTest:test_update_attached_volume_with_nonexistent_volume_in_body): 200 GET http://10.180.1.21/compute/v2.1/servers/bb9e6f36-7178-4ecf-9fb5-4907aabe6c25 0.124s
2025-04-04 03:33:33.397 69724 INFO tempest.lib.common.rest_client [req-5e7db933-9892-46e7-b62b-0c046eb7f43a req-5e7db933-9892-46e7-b62b-0c046eb7f43a ] Request (ServerDiskConfigTestJSON:test_rebuild_server_with_auto_disk_config): 200 GET http://10.180.1.21/compute/v2.1/servers/c4ba7142-b548-498b-a11e-e62919e3aece 0.098s
2025-04-04 03:33:33.442 69686 INFO tempest.lib.common.rest_client [req-518ee092-cfc8-403b-b860-f6759dc59b34 req-518ee092-cfc8-403b-b860-f6759dc59b34 ] Request (ServerDiagnosticsNegativeTest:test_get_server_diagnostics_by_non_admin): 200 GET http://10.180.1.21/compute/v2.1/servers/8531106f-854e-475d-9cb3-83e2890d3493 0.134s
2025-04-04 03:33:33.451 69684 INFO tempest.lib.common.rest_client [req-30afb264-9960-4576-bb20-fcdb916c497d req-30afb264-9960-4576-bb20-fcdb916c497d ] Request (ServersAdminTestJSON:setUpClass): 200 GET http://10.180.1.21/compute/v2.1/servers/9fe6816e-c62f-4eeb-9ed5-d2209686ddd8 0.090s
