2025-04-04 03:31:58.963 69718 INFO tempest.lib.common.rest_client [req-e729eb6b-e6a7-4dcf-9513-9c856bbf3d7d req-e729eb6b-e6a7-4dcf-9513-9c856bbf3d7d ] Request (ImagesOneServerTestJSON:setUpClass): 200 GET http://10.180.1.21/compute/v2.1/servers/d0af16e1-ef91-409d-af71-2c57bd1c4aef 2.592s
2025-04-04 03:31:59.011 69720 INFO tempest.lib.common.rest_client [req-a9422e56-6774-4ec1-bdb5-949843d5b89b req-a9422e56-6774-4ec1-bdb5-949843d5b89b ] Request (MultipleCreateNegativeTestJSON:setUpClass): 201 POST http://10.180.1.21/identity/v3/auth/tokens 0.072s
2025-04-04 03:31:59.049 69720 INFO tempest.lib.common.rest_client [req-f0e30348-dd8c-481e-96d2-2233ee3a7924 req-f0e30348-dd8c-481e-96d2-2233ee3a7924 ] Request (MultipleCreateNegativeTestJSON:setUpClass): 201 POST http://10.180.1.21/identity/v3/auth/tokens 0.035s
2025-04-04 03:31:59.063 69684 INFO tempest.lib.common.rest_client [req-fc7ab13e-f84d-49e4-8628-1e9784cdd7ed req-fc7ab13e-f84d-49e4-8628-1e9784cdd7ed ] Request (ServerExternalEventsTest:test_create_server_external_events): 200 GET http://10.180.1.21/compute/v2.1/servers/992a7f0e-313c-4858-8cab-1ba670160225 2.634s
2025-04-04 03:31:59.073 69714 INFO tempest.lib.common.rest_client [req-7c43a130-d209-40bf-8c6c-6997e7ca361b req-7c43a130-d209-40bf-8c6c-6997e7ca361b ] Request (VolumesAssistedSnapshotsTest:test_volume_assisted_snapshot_create_delete): 202 POST http://10.180.1.21/volume/v3/volumes 0.400s
2025-04-04 03:31:59.078 69684 INFO tempest.common.waiters [-] State transition "BUILD/networking" ==> "BUILD/spawning" after 11 second wait
2025-04-04 03:31:59.086 69720 INFO tempest.lib.common.rest_client [req-a7898d1c-c500-4b10-a5b1-7211611ea840 req-a7898d1c-c500-4b10-a5b1-7211611ea840 ] Request (MultipleCreateNegativeTestJSON:setUpClass): 200 GET http://10.180.1.21/identity/v3/domains?name=Default 0.037s
2025-04-04 03:31:59.130 69720 INFO tempest.lib.common.rest_client [req-1536b243-13ea-405a-ae64-0d7a6e71d199 req-1536b243-13ea-405a-ae64-0d7a6e71d199 ] Request (MultipleCreateNegativeTestJSON:setUpClass): 201 POST http://10.180.1.21/identity/v3/projects 0.043s
2025-04-04 03:31:59.140 69722 INFO tempest.lib.common.rest_client [req-d733e81c-7e28-4e64-9538-49af88eebbc9 req-d733e81c-7e28-4e64-9538-49af88eebbc9 ] Request (FloatingIPsAssociationNegativeTestJSON:setUpClass): 200 GET http://10.180.1.21/compute/v2.1/servers/82c13f86-5dcc-4ca8-9006-dafc34dd00a1 2.624s
2025-04-04 03:31:59.156 69714 INFO tempest.lib.common.rest_client [req-14757fb5-7fa8-4994-ac63-d161431febb0 req-14757fb5-7fa8-4994-ac63-d161431febb0 ] Request (VolumesAssistedSnapshotsTest:test_volume_assisted_snapshot_create_delete): 200 GET http://10.180.1.21/volume/v3/volumes/50278e77-d92c-483b-817b-9cdd5e02bba2 0.074s
2025-04-04 03:31:59.207 69746 INFO tempest.lib.common.rest_client [req-773f1ec4-f76e-40e6-b916-761dc2530cd4 req-773f1ec4-f76e-40e6-b916-761dc2530cd4 ] Request (ServerPasswordTestJSON:setUpClass): 200 GET http://10.180.1.21/compute/v2.1/servers/c048f2b5-510c-4565-beb7-d015a0e786f7 2.620s
2025-04-04 03:31:59.217 69720 INFO tempest.lib.common.rest_client [req-cc51c690-e07c-4561-9d0f-f44cebfa98e2 req-cc51c690-e07c-4561-9d0f-f44cebfa98e2 ] Request (MultipleCreateNegativeTestJSON:setUpClass): 201 POST http://10.180.1.21/identity/v3/users 0.086s
2025-04-04 03:31:59.246 69720 INFO tempest.lib.common.rest_client [req-6374fdaf-25cd-4489-9aae-fbb60d69c18c req-6374fdaf-25cd-4489-9aae-fbb60d69c18c ] Request (MultipleCreateNegativeTestJSON:setUpClass): 200 GET http://10.180.1.21/identity/v3/roles 0.028s
2025-04-04 03:31:59.266 69692 INFO tempest.lib.common.rest_client [req-071df13c-39db-46d5-a462-bb0fbdf8e635 req-071df13c-39db-46d5-a462-bb0fbdf8e635 ] Request (ServersWithFlavorSwapResizeTest:test_flavor_swap_0_to_1024): 202 POST http://10.180.1.21/compute/v2.1/servers 3.248s
2025-04-04 03:31:59.284 69734 INFO tempest.lib.common.rest_client [req-6a7839c0-2b0c-41ee-95a9-e65141573f01 req-6a7839c0-2b0c-41ee-95a9-e65141573f01 ] Request (FlavorsAccessNegativeTestJSON:test_flavor_access_list_with_public_flavor): 200 POST http://10.180.1.21/compute/v2.1/flavors 2.052s
2025-04-04 03:31:59.292 69704 INFO tempest.lib.common.rest_client [req-901c613f-c273-47ca-bbc3-3e97d94d800f req-901c613f-c273-47ca-bbc3-3e97d94d800f ] Request (HostsAdminNegativeTestJSON:test_shutdown_host_with_non_admin_user): 403 GET http://10.180.1.21/compute/v2.1/os-hosts/devstack/shutdown 1.909s
2025-04-04 03:31:59.300 69702 INFO tempest.lib.common.rest_client [req-67680123-2a40-43fc-8286-e9a2caad3556 req-67680123-2a40-43fc-8286-e9a2caad3556 ] Request (FlavorsExtraSpecsNegativeTestJSON:test_flavor_non_admin_update_specific_key): 403 PUT http://10.180.1.21/compute/v2.1/flavors/403290096/os-extra_specs/hw:numa_nodes 1.873s
2025-04-04 03:31:59.302 69720 INFO tempest.lib.common.rest_client [req-b2eef71e-bd05-424b-a027-7f409f1ea942 req-b2eef71e-bd05-424b-a027-7f409f1ea942 ] Request (MultipleCreateNegativeTestJSON:setUpClass): 204 PUT http://10.180.1.21/identity/v3/projects/97f93ae6d4dd4d49abe3ac974c7d82d9/users/af3c60e3980e479d85120199c9a2845c/roles/1ca8e2da171645caba01ec83df1ded4a 0.056s
2025-04-04 03:31:59.302 69720 INFO tempest.lib.common.dynamic_creds [-] Dynamic test user af3c60e3980e479d85120199c9a2845c is created with scope project and roles: ['member']
2025-04-04 03:31:59.303 69720 INFO tempest.lib.common.dynamic_creds [-] Acquired dynamic creds: credentials: Credentials: {'domain_id': 'default', 'domain_name': 'Default', 'username': 'tempest-MultipleCreateNegativeTestJSON-150038900-project-member', 'project_domain_id': 'default', 'project_domain_name': 'Default', 'project_id': '97f93ae6d4dd4d49abe3ac974c7d82d9', 'project_name': 'tempest-MultipleCreateNegativeTestJSON-150038900', 'tenant_id': '97f93ae6d4dd4d49abe3ac974c7d82d9', 'tenant_name': 'tempest-MultipleCreateNegativeTestJSON-150038900', 'user_domain_id': 'default', 'user_domain_name': 'Default', 'user_id': 'af3c60e3980e479d85120199c9a2845c', 'system': None}, Network: None, Subnet: None, Router: None
2025-04-04 03:31:59.303 69720 INFO tempest.lib.common.dynamic_creds [-] Created isolated network resources for: credentials: Credentials: {'domain_id': 'default', 'domain_name': 'Default', 'username': 'tempest-MultipleCreateNegativeTestJSON-150038900-project-member', 'project_domain_id': 'default', 'project_domain_name': 'Default', 'project_id': '97f93ae6d4dd4d49abe3ac974c7d82d9', 'project_name': 'tempest-MultipleCreateNegativeTestJSON-150038900', 'tenant_id': '97f93ae6d4dd4d49abe3ac974c7d82d9', 'tenant_name': 'tempest-MultipleCreateNegativeTestJSON-150038900', 'user_domain_id': 'default', 'user_domain_name': 'Default', 'user_id': 'af3c60e3980e479d85120199c9a2845c', 'system': None}, Network: None, Subnet: None, Router: None
2025-04-04 03:31:59.327 69706 INFO tempest.lib.common.rest_client [req-8bd20616-cd12-4272-a469-bdbefe92db7c req-8bd20616-cd12-4272-a469-bdbefe92db7c ] Request (ServicesAdminNegativeV253TestJSON:test_get_service_by_invalid_service_and_valid_host): 200 GET http://10.180.1.21/compute/v2.1/os-services?host=devstack&binary=xxx 1.879s
2025-04-04 03:31:59.424 69720 INFO tempest.lib.common.rest_client [req-4a77b01c-2e04-44f8-8ae8-89712cb07bd8 req-4a77b01c-2e04-44f8-8ae8-89712cb07bd8 ] Request (MultipleCreateNegativeTestJSON:setUpClass): 201 POST http://10.180.1.21/identity/v3/auth/tokens 0.113s
2025-04-04 03:31:59.455 69720 INFO tempest.lib.common.rest_client [req-74315c98-47cd-4b63-b0ca-5940b4d96921 req-74315c98-47cd-4b63-b0ca-5940b4d96921 ] Request (MultipleCreateNegativeTestJSON:test_max_count_less_than_min_count): 201 POST http://10.180.1.21/identity/v3/auth/tokens 0.027s
2025-04-04 03:31:59.455 69720 INFO tempest.lib.common.fixed_network [-] (MultipleCreateNegativeTestJSON:test_max_count_less_than_min_count) Found network None available for tenant
2025-04-04 03:31:59.747 69738 INFO tempest.lib.common.rest_client [req-f3c9b614-096c-4313-90f3-9ab23a3bd6e2 req-f3c9b614-096c-4313-90f3-9ab23a3bd6e2 ] Request (FloatingIPDetailsTestJSON:test_get_floating_ip_details): 200 POST http://10.180.1.21/compute/v2.1/os-floating-ips 2.558s
2025-04-04 03:31:59.762 69716 INFO tempest.lib.common.rest_client [req-71735bf8-a16f-45d4-959b-410115c723ab req-71735bf8-a16f-45d4-959b-410115c723ab ] Request (ServersWithSpecificFlavorTestJSON:test_verify_created_server_ephemeral_disk): 200 GET http://10.180.1.21/compute/v2.1/flavors/42/os-extra_specs 2.087s
2025-04-04 03:31:59.811 69698 INFO tempest.lib.common.rest_client [req-77a6f9ca-715b-43ca-b30b-b3f8306ab796 req-77a6f9ca-715b-43ca-b30b-b3f8306ab796 ] Request (ServersTestJSON:setUpClass): 201 POST http://10.180.1.21:9696/networking/v2.0/floatingips 1.160s
2025-04-04 03:31:59.867 69690 INFO tempest.lib.common.rest_client [req-c577c8a3-eeea-40d3-a5d8-ec04cce5bfd8 req-c577c8a3-eeea-40d3-a5d8-ec04cce5bfd8 ] Request (ValidationResourcesFixture:setUp): 200 POST http://10.180.1.21/compute/v2.1/os-keypairs 2.145s
2025-04-04 03:31:59.870 69698 INFO tempest.lib.common.rest_client [req-be7a9a65-5743-4beb-8d8d-09d924b09e9e req-be7a9a65-5743-4beb-8d8d-09d924b09e9e ] Request (ServersTestJSON:setUpClass): 201 POST http://10.180.1.21/identity/v3/auth/tokens 0.055s
2025-04-04 03:31:59.870 69698 INFO tempest.lib.common.fixed_network [-] (ServersTestJSON:setUpClass) Found network {'id': '1bad14ad-f5bf-4e3c-a1cd-3a76230b5a17', 'name': 'tempest-ServersTestJSON-409472166-network', 'tenant_id': '661af1f6039345f3b6015d1319da0a77', 'admin_state_up': True, 'mtu': 8950, 'status': 'ACTIVE', 'subnets': [], 'shared': False, 'project_id': '661af1f6039345f3b6015d1319da0a77', 'port_security_enabled': True, 'router:external': False, 'provider:network_type': 'vlan', 'provider:physical_network': 'default', 'provider:segmentation_id': 947, 'availability_zone_hints': [], 'availability_zones': [], 'ipv4_address_scope': None, 'ipv6_address_scope': None, 'description': '', 'tags': [], 'created_at': '2025-04-04T03:31:48Z', 'updated_at': '2025-04-04T03:31:48Z', 'revision_number': 1} available for tenant
2025-04-04 03:31:59.895 69736 INFO tempest.lib.common.rest_client [req-7240bbad-9649-4d2e-9612-7cda20ac3af9 req-7240bbad-9649-4d2e-9612-7cda20ac3af9 ] Request (FlavorsV255TestJSON:_run_cleanups): 200 GET http://10.180.1.21/compute/v2.1/flavors/detail 1.960s
2025-04-04 03:31:59.967 69686 INFO tempest.lib.common.rest_client [req-b6152b21-20c0-4c08-a72c-c38065e96d7c req-b6152b21-20c0-4c08-a72c-c38065e96d7c ] Request (AggregatesAdminNegativeTestJSON:test_aggregate_add_host_as_user): 403 POST http://10.180.1.21/compute/v2.1/os-aggregates/2/action 1.987s
2025-04-04 03:32:00.002 69696 INFO tempest.lib.common.rest_client [req-2c40e2ae-7899-4909-b1de-3429765a92ff req-2c40e2ae-7899-4909-b1de-3429765a92ff ] Request (HostsAdminTestJSON:test_list_hosts_with_zone): 200 GET http://10.180.1.21/compute/v2.1/os-hosts?zone=internal 2.002s
2025-04-04 03:32:00.032 69690 INFO tempest.lib.common.rest_client [req-a312a644-a1e8-488a-a8b0-844e3dc5b298 req-a312a644-a1e8-488a-a8b0-844e3dc5b298 ] Request (ValidationResourcesFixture:setUp): 201 POST http://10.180.1.21:9696/networking/v2.0/security-groups 0.163s
2025-04-04 03:32:00.075 69736 INFO tempest.lib.common.rest_client [req-31ccb6ee-c935-4ae0-a209-9e477601165c req-31ccb6ee-c935-4ae0-a209-9e477601165c ] Request (FlavorsV255TestJSON:tearDownClass): 204 DELETE http://10.180.1.21/identity/v3/users/092da9ca17b44b71808017334d236e96 0.161s
2025-04-04 03:32:00.167 69690 INFO tempest.lib.common.rest_client [req-56c70743-8be1-4038-abc8-c126c52c9c80 req-56c70743-8be1-4038-abc8-c126c52c9c80 ] Request (ValidationResourcesFixture:setUp): 201 POST http://10.180.1.21:9696/networking/v2.0/security-group-rules 0.132s
2025-04-04 03:32:00.190 69736 INFO tempest.lib.common.rest_client [req-e162d9ea-91f3-4fd3-8897-00e3b89f8b17 req-e162d9ea-91f3-4fd3-8897-00e3b89f8b17 ] Request (FlavorsV255TestJSON:tearDownClass): 204 DELETE http://10.180.1.21/identity/v3/users/e72e3ffe36cb448295a11eeb2a3a8213 0.114s
2025-04-04 03:32:00.190 69736 INFO tempest.lib.common.dynamic_creds [-] Deleting project and security group for project: 2a62a110bb9c4df0a822fb14625337e3
2025-04-04 03:32:00.200 69714 INFO tempest.lib.common.rest_client [req-16cb75b4-a659-4d5a-87d7-d07493996cda req-16cb75b4-a659-4d5a-87d7-d07493996cda ] Request (VolumesAssistedSnapshotsTest:test_volume_assisted_snapshot_create_delete): 200 GET http://10.180.1.21/volume/v3/volumes/50278e77-d92c-483b-817b-9cdd5e02bba2 0.035s
2025-04-04 03:32:00.209 69714 INFO tempest.common.waiters [-] volume 50278e77-d92c-483b-817b-9cdd5e02bba2 reached available after waiting for 1.209686 seconds
2025-04-04 03:32:00.233 69712 INFO tempest.lib.common.rest_client [req-14eecc83-48f4-497f-89f7-39f83b0a0dee req-14eecc83-48f4-497f-89f7-39f83b0a0dee ] Request (QuotasAdminTestJSON:test_get_updated_quotas): 200 GET http://10.180.1.21/compute/v2.1/os-quota-sets/1da1d7d7fade4712b04c117ad6730b67/detail 2.099s
2025-04-04 03:32:00.268 69700 INFO tempest.lib.common.rest_client [req-68f9d7e1-fb19-44b1-b0df-cb10cc612ca6 req-68f9d7e1-fb19-44b1-b0df-cb10cc612ca6 ] Request (FlavorsV261TestJSON:_run_cleanups): 200 GET http://10.180.1.21/compute/v2.1/flavors/detail 2.120s
2025-04-04 03:32:00.290 69736 INFO tempest.lib.common.rest_client [req-7e9d52c4-f3ea-441a-a8ca-becbdc95a166 req-7e9d52c4-f3ea-441a-a8ca-becbdc95a166 ] Request (FlavorsV255TestJSON:tearDownClass): 201 POST http://10.180.1.21/identity/v3/auth/tokens 0.100s
2025-04-04 03:32:00.313 69708 INFO tempest.lib.common.rest_client [req-bbd75a8c-f350-4099-b4d4-94d1aea1ae30 req-bbd75a8c-f350-4099-b4d4-94d1aea1ae30 ] Request (FlavorsAccessTestJSON:_run_cleanups): 200 GET http://10.180.1.21/compute/v2.1/flavors/detail 2.154s
2025-04-04 03:32:00.381 69712 INFO tempest.lib.common.rest_client [req-dff093f6-4171-4fa5-ac01-0dc9d64ca7bd req-dff093f6-4171-4fa5-ac01-0dc9d64ca7bd ] Request (QuotasAdminTestJSON:test_get_updated_quotas): 200 GET http://10.180.1.21/identity/v3/domains?name=Default 0.142s
2025-04-04 03:32:00.382 69732 INFO tempest.lib.common.rest_client [req-e67e4891-0436-40cd-925e-b4008bb36234 req-e67e4891-0436-40cd-925e-b4008bb36234 ] Request (ImagesNegativeTestJSON:test_create_image_from_deleted_server): 202 POST http://10.180.1.21/compute/v2.1/servers 2.857s
2025-04-04 03:32:00.418 69700 INFO tempest.lib.common.rest_client [req-a30143eb-b6d9-4c97-a5b0-87f9ed759102 req-a30143eb-b6d9-4c97-a5b0-87f9ed759102 ] Request (FlavorsV261TestJSON:tearDownClass): 204 DELETE http://10.180.1.21/identity/v3/users/0ed9ca05469f4625acd0373b45a28227 0.128s
2025-04-04 03:32:00.424 69690 INFO tempest.lib.common.rest_client [req-0841b637-cc6d-4cd0-90dc-c72a073be308 req-0841b637-cc6d-4cd0-90dc-c72a073be308 ] Request (ValidationResourcesFixture:setUp): 201 POST http://10.180.1.21:9696/networking/v2.0/security-group-rules 0.257s
2025-04-04 03:32:00.475 69740 INFO tempest.lib.common.rest_client [req-bcdf6164-dad5-47a9-9d31-eb198cb3313d req-bcdf6164-dad5-47a9-9d31-eb198cb3313d ] Request (ListServersNegativeTestJSON:setUpClass): 201 POST http://10.180.1.21:9696/networking/v2.0/routers 1.867s
2025-04-04 03:32:00.492 69694 INFO tempest.lib.common.rest_client [req-2bcd4742-b2cc-4423-94a9-81e209d49fff req-2bcd4742-b2cc-4423-94a9-81e209d49fff ] Request (SecurityGroupsTestAdminJSON:test_list_security_groups_list_all_tenants_filter): 200 GET http://10.180.1.21/compute/v2.1/os-security-groups?all_tenants=true 1.988s
2025-04-04 03:32:00.494 69712 INFO tempest.lib.common.rest_client [req-1789bd0d-b43b-475e-b55e-897630832068 req-1789bd0d-b43b-475e-b55e-897630832068 ] Request (QuotasAdminTestJSON:test_get_updated_quotas): 201 POST http://10.180.1.21/identity/v3/users 0.112s
2025-04-04 03:32:00.554 69712 INFO tempest.lib.common.rest_client [req-857db53a-192b-4a9b-b6e2-0721be4b5a5a req-857db53a-192b-4a9b-b6e2-0721be4b5a5a ] Request (QuotasAdminTestJSON:test_get_updated_quotas): 200 GET http://10.180.1.21/identity/v3/domains?name=Default 0.059s
2025-04-04 03:32:00.583 69744 INFO tempest.lib.common.rest_client [req-d976a4f3-f08b-4337-8093-ce10e46ffcb2 req-d976a4f3-f08b-4337-8093-ce10e46ffcb2 ] Request (ServerShowV257Test:test_rebuild_server): 200 GET http://10.180.1.21/compute/v2.1/servers/631e2028-d9a5-4a52-90f7-ffab81a34392 1.342s
2025-04-04 03:32:00.595 69744 INFO tempest.common.waiters [-] State transition "BUILD/networking" ==> "BUILD/spawning" after 10 second wait
2025-04-04 03:32:00.611 69700 INFO tempest.lib.common.rest_client [req-b1d1a5bd-91da-4e1d-8989-f4322a88284d req-b1d1a5bd-91da-4e1d-8989-f4322a88284d ] Request (FlavorsV261TestJSON:tearDownClass): 204 DELETE http://10.180.1.21/identity/v3/users/e042f122c3d449c0b5bbb7abb3294343 0.193s
2025-04-04 03:32:00.612 69700 INFO tempest.lib.common.dynamic_creds [-] Deleting project and security group for project: f91bcd5ceafb485e8598f2adf8cb69b1
2025-04-04 03:32:00.648 69692 INFO tempest.lib.common.rest_client [req-d6ac5846-d52e-4d6d-979f-c45e2bc52a06 req-d6ac5846-d52e-4d6d-979f-c45e2bc52a06 ] Request (ServersWithFlavorSwapResizeTest:test_flavor_swap_0_to_1024): 200 GET http://10.180.1.21/compute/v2.1/servers/9bfcfc09-e373-4e94-96f6-2ac2b33ae05a 1.380s
2025-04-04 03:32:00.659 69734 INFO tempest.lib.common.rest_client [req-5d31e51e-08ff-422f-9751-b1ba1b1f95f2 req-5d31e51e-08ff-422f-9751-b1ba1b1f95f2 ] Request (FlavorsAccessNegativeTestJSON:test_flavor_access_list_with_public_flavor): 404 GET http://10.180.1.21/compute/v2.1/flavors/2708633/os-flavor-access 1.371s
2025-04-04 03:32:00.669 69700 INFO tempest.lib.common.rest_client [req-e0b9e7c1-3667-497b-82fa-ccd8710259ed req-e0b9e7c1-3667-497b-82fa-ccd8710259ed ] Request (FlavorsV261TestJSON:tearDownClass): 201 POST http://10.180.1.21/identity/v3/auth/tokens 0.057s
2025-04-04 03:32:00.670 69704 INFO tempest.lib.common.rest_client [req-00137048-7bf6-4b2c-8973-cd136df9b229 req-00137048-7bf6-4b2c-8973-cd136df9b229 ] Request (HostsAdminNegativeTestJSON:test_shutdown_nonexistent_host): 404 GET http://10.180.1.21/compute/v2.1/os-hosts/nonexistent_hostname/shutdown 1.377s
2025-04-04 03:32:00.679 69702 INFO tempest.lib.common.rest_client [req-15e092c9-30a8-4a38-9cf3-6ca20d512833 req-15e092c9-30a8-4a38-9cf3-6ca20d512833 ] Request (FlavorsExtraSpecsNegativeTestJSON:test_flavor_unset_nonexistent_key): 404 DELETE http://10.180.1.21/compute/v2.1/flavors/403290096/os-extra_specs/hw:cpu_thread_policy 1.378s
2025-04-04 03:32:00.686 69728 INFO tempest.lib.common.rest_client [req-d57a4bfd-c7cb-4301-ab61-590f0527dd14 req-d57a4bfd-c7cb-4301-ab61-590f0527dd14 ] Request (SecurityGroupRulesTestJSON:test_security_group_rules_create_with_optional_group_id): 200 POST http://10.180.1.21/compute/v2.1/os-security-groups 2.012s
2025-04-04 03:32:00.689 69736 INFO tempest.lib.common.rest_client [req-5a16a746-edf2-4d49-b4d1-0883addcafb1 req-5a16a746-edf2-4d49-b4d1-0883addcafb1 ] Request (FlavorsV255TestJSON:tearDownClass): 200 GET http://10.180.1.21:9696/networking/v2.0/security-groups?tenant_id=2a62a110bb9c4df0a822fb14625337e3&name=default 0.399s
2025-04-04 03:32:00.712 69706 INFO tempest.lib.common.rest_client [req-e853ec9a-13f7-4bb2-bcbc-8ae600f58e9c req-e853ec9a-13f7-4bb2-bcbc-8ae600f58e9c ] Request (ServicesAdminNegativeV253TestJSON:test_get_service_with_valid_service_and_invalid_host): 200 GET http://10.180.1.21/compute/v2.1/os-services 1.382s
2025-04-04 03:32:00.734 69724 INFO tempest.lib.common.rest_client [req-6fb50edb-4fe1-40ee-8a1e-5291b39cf76f req-6fb50edb-4fe1-40ee-8a1e-5291b39cf76f ] Request (ServerDiagnosticsTest:test_get_server_diagnostics): 200 GET http://10.180.1.21/compute/v2.1/servers/d4c933e5-f6c1-4fec-bb82-8e65954c22aa 1.431s
2025-04-04 03:32:00.814 69730 INFO tempest.lib.common.rest_client [req-a013af49-1bde-458e-99df-87235fa2547d req-a013af49-1bde-458e-99df-87235fa2547d ] Request (ServersAdmin275Test:test_rebuild_update_server_275): 200 GET http://10.180.1.21/compute/v2.1/servers/c71c0ece-f925-4ac2-a005-8922212a6f97 1.338s
2025-04-04 03:32:00.831 69730 INFO tempest.common.waiters [-] State transition "BUILD/spawning" ==> "ACTIVE/None" after 9 second wait
2025-04-04 03:32:00.854 69720 INFO tempest.lib.common.rest_client [req-c998eccc-0810-4eed-b4fb-214f27f7bb75 req-c998eccc-0810-4eed-b4fb-214f27f7bb75 ] Request (MultipleCreateNegativeTestJSON:test_max_count_less_than_min_count): 400 POST http://10.180.1.21/compute/v2.1/servers 1.397s
2025-04-04 03:32:00.872 69743 INFO tempest.lib.common.rest_client [req-ebdd700d-2b95-4c3e-ab55-0ba1bbcf1d0d req-ebdd700d-2b95-4c3e-ab55-0ba1bbcf1d0d ] Request (ImagesTestJSON:test_create_image_from_stopped_server): 200 GET http://10.180.1.21/compute/v2.1/servers/a093a10f-7e15-4efe-85ea-2b8e70ee61ed 1.295s
2025-04-04 03:32:00.884 69743 INFO tempest.common.waiters [-] State transition "BUILD/None" ==> "BUILD/networking" after 9 second wait
2025-04-04 03:32:00.898 69720 INFO tempest.lib.common.rest_client [req-51ff298e-1009-4b16-bfa9-2f275f45e957 req-51ff298e-1009-4b16-bfa9-2f275f45e957 ] Request (MultipleCreateNegativeTestJSON:test_max_count_less_than_one): 201 POST http://10.180.1.21/identity/v3/auth/tokens 0.040s
2025-04-04 03:32:00.899 69720 INFO tempest.lib.common.fixed_network [-] (MultipleCreateNegativeTestJSON:test_max_count_less_than_one) Found network None available for tenant
2025-04-04 03:32:00.910 69716 INFO tempest.lib.common.rest_client [req-557cc23d-307d-4e12-b7fe-5eeab8bdceff req-557cc23d-307d-4e12-b7fe-5eeab8bdceff ] Request (ServersWithSpecificFlavorTestJSON:test_verify_created_server_ephemeral_disk): 200 POST http://10.180.1.21/compute/v2.1/flavors/500146542/os-extra_specs 1.145s
2025-04-04 03:32:00.987 69736 INFO tempest.lib.common.rest_client [req-311245f4-e80c-455d-ac82-36f1c07029d6 req-311245f4-e80c-455d-ac82-36f1c07029d6 ] Request (FlavorsV255TestJSON:tearDownClass): 204 DELETE http://10.180.1.21:9696/networking/v2.0/security-groups/8ccd66ff-c5d0-4b93-94fa-3cebbeb2df31 0.297s
2025-04-04 03:32:01.032 69690 INFO tempest.lib.common.rest_client [req-bbe21975-becd-4f3b-b916-5330dc9ce0ca req-bbe21975-becd-4f3b-b916-5330dc9ce0ca ] Request (ValidationResourcesFixture:setUp): 201 POST http://10.180.1.21:9696/networking/v2.0/floatingips 0.607s
2025-04-04 03:32:01.066 69736 INFO tempest.lib.common.rest_client [req-64e7b770-3873-4cbc-9775-5e48d8ea975c req-64e7b770-3873-4cbc-9775-5e48d8ea975c ] Request (FlavorsV255TestJSON:tearDownClass): 204 DELETE http://10.180.1.21/identity/v3/projects/2a62a110bb9c4df0a822fb14625337e3 0.078s
2025-04-04 03:32:01.066 69736 INFO tempest.lib.common.dynamic_creds [-] Deleting project and security group for project: caa84a9b277e414196146aa1e3fbae15
2025-04-04 03:32:01.081 69738 INFO tempest.lib.common.rest_client [req-2aaca071-b49b-4307-af81-603bfd0b6e9b req-2aaca071-b49b-4307-af81-603bfd0b6e9b ] Request (FloatingIPDetailsTestJSON:test_get_floating_ip_details): 200 GET http://10.180.1.21/compute/v2.1/os-floating-ips/7502f23a-804d-4338-8b67-7d617a97e295 1.332s
2025-04-04 03:32:01.086 69710 INFO tempest.lib.common.rest_client [req-9012009e-9c88-4bd4-8f7f-4b5c2efdb112 req-9012009e-9c88-4bd4-8f7f-4b5c2efdb112 ] Request (MigrationsAdminTest:test_list_migrations_in_flavor_resize_situation): 200 GET http://10.180.1.21/compute/v2.1/servers/a71a4c5b-2874-450f-bc0b-1ac80c6f7655 1.284s
2025-04-04 03:32:01.163 69690 INFO tempest.lib.common.rest_client [req-1a29201d-0a17-4a04-b2d7-99cad0a86cef req-1a29201d-0a17-4a04-b2d7-99cad0a86cef ] Request (AttachInterfacesTestJSON:test_create_list_show_delete_interfaces_by_fixed_ip): 201 POST http://10.180.1.21/identity/v3/auth/tokens 0.126s
2025-04-04 03:32:01.164 69690 INFO tempest.lib.common.fixed_network [-] (AttachInterfacesTestJSON:test_create_list_show_delete_interfaces_by_fixed_ip) Found network {'id': 'b01a365a-10e4-4bbe-8803-f48e97ae2356', 'name': 'tempest-AttachInterfacesTestJSON-2010255202-network', 'tenant_id': '03188c2e9e3d4da7b18a41fb78d6d5be', 'admin_state_up': True, 'mtu': 8950, 'status': 'ACTIVE', 'subnets': [], 'shared': False, 'project_id': '03188c2e9e3d4da7b18a41fb78d6d5be', 'port_security_enabled': True, 'router:external': False, 'provider:network_type': 'vlan', 'provider:physical_network': 'default', 'provider:segmentation_id': 570, 'availability_zone_hints': [], 'availability_zones': [], 'ipv4_address_scope': None, 'ipv6_address_scope': None, 'description': '', 'tags': [], 'created_at': '2025-04-04T03:31:51Z', 'updated_at': '2025-04-04T03:31:52Z', 'revision_number': 1} available for tenant
2025-04-04 03:32:01.188 69700 INFO tempest.lib.common.rest_client [req-be4344bf-fd20-450e-bf54-d84a4103d26e req-be4344bf-fd20-450e-bf54-d84a4103d26e ] Request (FlavorsV261TestJSON:tearDownClass): 200 GET http://10.180.1.21:9696/networking/v2.0/security-groups?tenant_id=f91bcd5ceafb485e8598f2adf8cb69b1&name=default 0.518s
2025-04-04 03:32:01.342 69736 INFO tempest.lib.common.rest_client [req-b78e7550-197f-4119-94c0-b95c898701ca req-b78e7550-197f-4119-94c0-b95c898701ca ] Request (FlavorsV255TestJSON:tearDownClass): 200 GET http://10.180.1.21:9696/networking/v2.0/security-groups?tenant_id=caa84a9b277e414196146aa1e3fbae15&name=default 0.276s
2025-04-04 03:32:01.346 69726 INFO tempest.lib.common.rest_client [req-b00990fb-0d46-4ab4-95d9-56ab4867418e req-b00990fb-0d46-4ab4-95d9-56ab4867418e ] Request (DeleteServersAdminTestJSON:test_admin_delete_servers_of_others): 200 GET http://10.180.1.21/compute/v2.1/servers/cdbc4c38-4161-46b9-b382-930146f88912 1.420s
2025-04-04 03:32:01.383 69686 INFO tempest.lib.common.rest_client [req-54ee7d9c-b40b-4209-b916-5d55d8f439e7 req-54ee7d9c-b40b-4209-b916-5d55d8f439e7 ] Request (AggregatesAdminNegativeTestJSON:_run_cleanups): 200 DELETE http://10.180.1.21/compute/v2.1/os-aggregates/2 1.415s
2025-04-04 03:32:01.456 69700 INFO tempest.lib.common.rest_client [req-034d2b73-f446-49a7-a865-8046c5b312fc req-034d2b73-f446-49a7-a865-8046c5b312fc ] Request (FlavorsV261TestJSON:tearDownClass): 204 DELETE http://10.180.1.21:9696/networking/v2.0/security-groups/8c381cbc-974b-4481-8539-8c904a3621e9 0.266s
2025-04-04 03:32:01.465 69718 INFO tempest.lib.common.rest_client [req-79064f4d-f11d-4098-bf3f-64ac15ff76ab req-79064f4d-f11d-4098-bf3f-64ac15ff76ab ] Request (ImagesOneServerTestJSON:setUpClass): 200 GET http://10.180.1.21/compute/v2.1/servers/d0af16e1-ef91-409d-af71-2c57bd1c4aef 1.488s
2025-04-04 03:32:01.484 69736 INFO tempest.lib.common.rest_client [req-588fb105-61fb-44ae-a06f-91a7137557e4 req-588fb105-61fb-44ae-a06f-91a7137557e4 ] Request (FlavorsV255TestJSON:tearDownClass): 204 DELETE http://10.180.1.21:9696/networking/v2.0/security-groups/c5a09410-8ebc-40bd-bb87-71449006795c 0.142s
2025-04-04 03:32:01.494 69696 INFO tempest.lib.common.rest_client [req-446941c5-2d09-4973-a6bc-91037beec630 req-446941c5-2d09-4973-a6bc-91037beec630 ] Request (HostsAdminTestJSON:test_show_host_detail): 200 GET http://10.180.1.21/compute/v2.1/os-hosts 1.490s
2025-04-04 03:32:01.616 69684 INFO tempest.lib.common.rest_client [req-7da52f0e-8280-4b4f-8851-4818af28ee61 req-7da52f0e-8280-4b4f-8851-4818af28ee61 ] Request (ServerExternalEventsTest:test_create_server_external_events): 200 GET http://10.180.1.21/compute/v2.1/servers/992a7f0e-313c-4858-8cab-1ba670160225 1.537s
2025-04-04 03:32:01.631 69700 INFO tempest.lib.common.rest_client [req-bb50cdd4-9f44-45c5-8227-7e2c62ae6fbc req-bb50cdd4-9f44-45c5-8227-7e2c62ae6fbc ] Request (FlavorsV261TestJSON:tearDownClass): 204 DELETE http://10.180.1.21/identity/v3/projects/f91bcd5ceafb485e8598f2adf8cb69b1 0.174s
2025-04-04 03:32:01.631 69700 INFO tempest.lib.common.dynamic_creds [-] Deleting project and security group for project: 701e4509e46747ed8547d497b1b8eb1a
2025-04-04 03:32:01.635 69736 INFO tempest.lib.common.rest_client [req-a4910301-1145-4131-bb7e-4e95f1694ca8 req-a4910301-1145-4131-bb7e-4e95f1694ca8 ] Request (FlavorsV255TestJSON:tearDownClass): 204 DELETE http://10.180.1.21/identity/v3/projects/caa84a9b277e414196146aa1e3fbae15 0.150s
2025-04-04 03:32:01.700 69722 INFO tempest.lib.common.rest_client [req-c6db361c-aebd-4ae6-828e-259f305c3c8e req-c6db361c-aebd-4ae6-828e-259f305c3c8e ] Request (FloatingIPsAssociationNegativeTestJSON:setUpClass): 200 GET http://10.180.1.21/compute/v2.1/servers/82c13f86-5dcc-4ca8-9006-dafc34dd00a1 1.544s
2025-04-04 03:32:01.710 69736 INFO tempest.lib.common.rest_client [req-dd24df93-43d2-408e-9411-98a29a16846f req-dd24df93-43d2-408e-9411-98a29a16846f ] Request (ServicesAdminTestJSON:setUpClass): 201 POST http://10.180.1.21/identity/v3/auth/tokens 0.072s
2025-04-04 03:32:01.738 69700 INFO tempest.lib.common.rest_client [req-47db8e5e-a34b-4cb8-a759-09c3a8c7345d req-47db8e5e-a34b-4cb8-a759-09c3a8c7345d ] Request (FlavorsV261TestJSON:tearDownClass): 200 GET http://10.180.1.21:9696/networking/v2.0/security-groups?tenant_id=701e4509e46747ed8547d497b1b8eb1a&name=default 0.105s
2025-04-04 03:32:01.740 69736 INFO tempest.lib.common.rest_client [req-c6f444f3-9385-4774-8cb4-7befc52a2169 req-c6f444f3-9385-4774-8cb4-7befc52a2169 ] Request (ServicesAdminTestJSON:setUpClass): 201 POST http://10.180.1.21/identity/v3/auth/tokens 0.026s
2025-04-04 03:32:01.767 69736 INFO tempest.lib.common.rest_client [req-a43e9c2e-1b40-45a1-a141-8e4816a41e33 req-a43e9c2e-1b40-45a1-a141-8e4816a41e33 ] Request (ServicesAdminTestJSON:setUpClass): 200 GET http://10.180.1.21/identity/v3/domains?name=Default 0.026s
2025-04-04 03:32:01.806 69736 INFO tempest.lib.common.rest_client [req-3bb9e54f-aeae-41c0-bc27-e992fa4fa543 req-3bb9e54f-aeae-41c0-bc27-e992fa4fa543 ] Request (ServicesAdminTestJSON:setUpClass): 201 POST http://10.180.1.21/identity/v3/projects 0.038s
2025-04-04 03:32:01.825 69700 INFO tempest.lib.common.rest_client [req-bc2bdc3b-590c-45d3-8b81-dd86422d5355 req-bc2bdc3b-590c-45d3-8b81-dd86422d5355 ] Request (FlavorsV261TestJSON:tearDownClass): 204 DELETE http://10.180.1.21:9696/networking/v2.0/security-groups/c9d2b8de-3ad7-4073-b33e-b1a638f5cc20 0.087s
2025-04-04 03:32:01.881 69714 INFO tempest.lib.common.rest_client [req-b734391f-9223-4001-8ee8-1679c5cca7fa req-b734391f-9223-4001-8ee8-1679c5cca7fa ] Request (VolumesAssistedSnapshotsTest:test_volume_assisted_snapshot_create_delete): 200 POST http://10.180.1.21/compute/v2.1/os-keypairs 1.670s
2025-04-04 03:32:01.889 69736 INFO tempest.lib.common.rest_client [req-ea3a119f-ffe1-4a51-be09-eb923051aa29 req-ea3a119f-ffe1-4a51-be09-eb923051aa29 ] Request (ServicesAdminTestJSON:setUpClass): 201 POST http://10.180.1.21/identity/v3/users 0.082s
2025-04-04 03:32:01.889 69698 INFO tempest.lib.common.rest_client [req-ff7a288a-1174-46aa-8c24-41c58dc65a7e req-ff7a288a-1174-46aa-8c24-41c58dc65a7e ] Request (ServersTestJSON:setUpClass): 202 POST http://10.180.1.21/compute/v2.1/servers 2.018s
2025-04-04 03:32:01.920 69708 INFO tempest.lib.common.rest_client [req-0dcd57c9-0c95-4158-9aaf-52d94e66c2c3 req-0dcd57c9-0c95-4158-9aaf-52d94e66c2c3 ] Request (FlavorsAccessTestJSON:test_flavor_access_list_with_private_flavor): 200 POST http://10.180.1.21/compute/v2.1/flavors 1.587s
2025-04-04 03:32:01.921 69700 INFO tempest.lib.common.rest_client [req-c3933d66-8c2a-47da-b31f-a89d02d08887 req-c3933d66-8c2a-47da-b31f-a89d02d08887 ] Request (FlavorsV261TestJSON:tearDownClass): 204 DELETE http://10.180.1.21/identity/v3/projects/701e4509e46747ed8547d497b1b8eb1a 0.094s
2025-04-04 03:32:01.941 69746 INFO tempest.lib.common.rest_client [req-7b368f7d-4268-4be6-9f80-520140498a79 req-7b368f7d-4268-4be6-9f80-520140498a79 ] Request (ServerPasswordTestJSON:setUpClass): 200 GET http://10.180.1.21/compute/v2.1/servers/c048f2b5-510c-4565-beb7-d015a0e786f7 1.721s
2025-04-04 03:32:01.981 69736 INFO tempest.lib.common.rest_client [req-bee832c7-efc7-41d3-a28c-f46e1b352d0e req-bee832c7-efc7-41d3-a28c-f46e1b352d0e ] Request (ServicesAdminTestJSON:setUpClass): 200 GET http://10.180.1.21/identity/v3/roles 0.091s
2025-04-04 03:32:02.016 69700 INFO tempest.lib.common.rest_client [req-061ae95f-00aa-4aaf-ba50-b1942cf7f186 req-061ae95f-00aa-4aaf-ba50-b1942cf7f186 ] Request (HypervisorAdminV253TestBase:setUpClass): 201 POST http://10.180.1.21/identity/v3/auth/tokens 0.093s
2025-04-04 03:32:02.027 69736 INFO tempest.lib.common.rest_client [req-871fe2cb-da72-4962-b608-a0f12e858cf1 req-871fe2cb-da72-4962-b608-a0f12e858cf1 ] Request (ServicesAdminTestJSON:setUpClass): 204 PUT http://10.180.1.21/identity/v3/projects/71613a0dd2a84d939a293ac5f946aaac/users/5368a5da9cb945f0aaf5c817270717f0/roles/1ca8e2da171645caba01ec83df1ded4a 0.046s
2025-04-04 03:32:02.028 69736 INFO tempest.lib.common.dynamic_creds [-] Dynamic test user 5368a5da9cb945f0aaf5c817270717f0 is created with scope project and roles: ['member']
2025-04-04 03:32:02.028 69736 INFO tempest.lib.common.dynamic_creds [-] Acquired dynamic creds: credentials: Credentials: {'domain_id': 'default', 'domain_name': 'Default', 'username': 'tempest-ServicesAdminTestJSON-617214565-project-member', 'project_domain_id': 'default', 'project_domain_name': 'Default', 'project_id': '71613a0dd2a84d939a293ac5f946aaac', 'project_name': 'tempest-ServicesAdminTestJSON-617214565', 'tenant_id': '71613a0dd2a84d939a293ac5f946aaac', 'tenant_name': 'tempest-ServicesAdminTestJSON-617214565', 'user_domain_id': 'default', 'user_domain_name': 'Default', 'user_id': '5368a5da9cb945f0aaf5c817270717f0', 'system': None}, Network: None, Subnet: None, Router: None
2025-04-04 03:32:02.028 69736 INFO tempest.lib.common.dynamic_creds [-] Created isolated network resources for: credentials: Credentials: {'domain_id': 'default', 'domain_name': 'Default', 'username': 'tempest-ServicesAdminTestJSON-617214565-project-member', 'project_domain_id': 'default', 'project_domain_name': 'Default', 'project_id': '71613a0dd2a84d939a293ac5f946aaac', 'project_name': 'tempest-ServicesAdminTestJSON-617214565', 'tenant_id': '71613a0dd2a84d939a293ac5f946aaac', 'tenant_name': 'tempest-ServicesAdminTestJSON-617214565', 'user_domain_id': 'default', 'user_domain_name': 'Default', 'user_id': '5368a5da9cb945f0aaf5c817270717f0', 'system': None}, Network: None, Subnet: None, Router: None
2025-04-04 03:32:02.093 69700 INFO tempest.lib.common.rest_client [req-2b828521-e805-41a2-a90f-6009c634e737 req-2b828521-e805-41a2-a90f-6009c634e737 ] Request (HypervisorAdminV253TestBase:setUpClass): 201 POST http://10.180.1.21/identity/v3/auth/tokens 0.075s
2025-04-04 03:32:02.137 69700 INFO tempest.lib.common.rest_client [req-8ea306d9-c6bf-4585-b157-2cf6d3d7885f req-8ea306d9-c6bf-4585-b157-2cf6d3d7885f ] Request (HypervisorAdminV253TestBase:setUpClass): 200 GET http://10.180.1.21/identity/v3/domains?name=Default 0.041s
2025-04-04 03:32:02.165 69694 INFO tempest.lib.common.rest_client [req-68966764-dd6b-4237-bcd7-fb707b6750ce req-68966764-dd6b-4237-bcd7-fb707b6750ce ] Request (SecurityGroupsTestAdminJSON:_run_cleanups): 202 DELETE http://10.180.1.21/compute/v2.1/os-security-groups/64372fc0-cedc-4ca4-a887-599a81bf4b95 1.668s
2025-04-04 03:32:02.185 69700 INFO tempest.lib.common.rest_client [req-5c00471f-7e93-4815-808f-e6114fc55b6a req-5c00471f-7e93-4815-808f-e6114fc55b6a ] Request (HypervisorAdminV253TestBase:setUpClass): 201 POST http://10.180.1.21/identity/v3/projects 0.047s
2025-04-04 03:32:02.201 69736 INFO tempest.lib.common.rest_client [req-96fa0c94-8076-443c-b125-e1405c163277 req-96fa0c94-8076-443c-b125-e1405c163277 ] Request (ServicesAdminTestJSON:setUpClass): 201 POST http://10.180.1.21/identity/v3/auth/tokens 0.163s
2025-04-04 03:32:02.213 69732 INFO tempest.lib.common.rest_client [req-145205df-5b9d-4c82-90ad-46f985414389 req-145205df-5b9d-4c82-90ad-46f985414389 ] Request (ImagesNegativeTestJSON:test_create_image_from_deleted_server): 200 GET http://10.180.1.21/compute/v2.1/servers/96159685-0d1e-4992-9e01-a8142fdd47b8 1.829s
2025-04-04 03:32:02.234 69734 INFO tempest.lib.common.rest_client [req-3404945b-70c1-414b-90b6-3075e99c754a req-3404945b-70c1-414b-90b6-3075e99c754a ] Request (FlavorsAccessNegativeTestJSON:_run_cleanups): 202 DELETE http://10.180.1.21/compute/v2.1/flavors/2708633 1.574s
2025-04-04 03:32:02.250 69704 INFO tempest.lib.common.rest_client [req-4df9f932-dfb5-4693-9e45-4a42e1b0930b req-4df9f932-dfb5-4693-9e45-4a42e1b0930b ] Request (HostsAdminNegativeTestJSON:test_startup_host_with_non_admin_user): 403 GET http://10.180.1.21/compute/v2.1/os-hosts/devstack/startup 1.579s
2025-04-04 03:32:02.252 69702 INFO tempest.lib.common.rest_client [req-ebeaf227-05aa-4370-99bb-840bdce8d6d0 req-ebeaf227-05aa-4370-99bb-840bdce8d6d0 ] Request (FlavorsExtraSpecsNegativeTestJSON:test_flavor_update_mismatch_key): 400 PUT http://10.180.1.21/compute/v2.1/flavors/403290096/os-extra_specs/hw:numa_nodes 1.571s
2025-04-04 03:32:02.265 69700 INFO tempest.lib.common.rest_client [req-5ee2b9d1-f427-41a8-b356-2ec581cafc39 req-5ee2b9d1-f427-41a8-b356-2ec581cafc39 ] Request (HypervisorAdminV253TestBase:setUpClass): 201 POST http://10.180.1.21/identity/v3/users 0.079s
2025-04-04 03:32:02.322 69736 INFO tempest.lib.common.rest_client [req-96813e30-2c20-4f5a-872f-f43c04747683 req-96813e30-2c20-4f5a-872f-f43c04747683 ] Request (ServicesAdminTestJSON:setUpClass): 201 POST http://10.180.1.21/identity/v3/projects 0.120s
2025-04-04 03:32:02.376 69700 INFO tempest.lib.common.rest_client [req-17a670f9-5c02-4d0f-8437-5c70bcfdd318 req-17a670f9-5c02-4d0f-8437-5c70bcfdd318 ] Request (HypervisorAdminV253TestBase:setUpClass): 200 GET http://10.180.1.21/identity/v3/roles 0.108s
2025-04-04 03:32:02.397 69736 INFO tempest.lib.common.rest_client [req-eab1e0a4-7ce4-45ca-bb4a-b331a3ed992c req-eab1e0a4-7ce4-45ca-bb4a-b331a3ed992c ] Request (ServicesAdminTestJSON:setUpClass): 201 POST http://10.180.1.21/identity/v3/users 0.073s
2025-04-04 03:32:02.420 69700 INFO tempest.lib.common.rest_client [req-4a9dbc58-c780-43a6-9cb9-54899b0d2eb7 req-4a9dbc58-c780-43a6-9cb9-54899b0d2eb7 ] Request (HypervisorAdminV253TestBase:setUpClass): 204 PUT http://10.180.1.21/identity/v3/projects/331489a6e29f46fd87a78a516fbca2e7/users/6627ad267de7447fb704af3f0b944a26/roles/1ca8e2da171645caba01ec83df1ded4a 0.043s
2025-04-04 03:32:02.420 69700 INFO tempest.lib.common.dynamic_creds [-] Dynamic test user 6627ad267de7447fb704af3f0b944a26 is created with scope project and roles: ['member']
2025-04-04 03:32:02.420 69700 INFO tempest.lib.common.dynamic_creds [-] Acquired dynamic creds: credentials: Credentials: {'domain_id': 'default', 'domain_name': 'Default', 'username': 'tempest-HypervisorAdminV253TestBase-168595526-project-member', 'project_domain_id': 'default', 'project_domain_name': 'Default', 'project_id': '331489a6e29f46fd87a78a516fbca2e7', 'project_name': 'tempest-HypervisorAdminV253TestBase-168595526', 'tenant_id': '331489a6e29f46fd87a78a516fbca2e7', 'tenant_name': 'tempest-HypervisorAdminV253TestBase-168595526', 'user_domain_id': 'default', 'user_domain_name': 'Default', 'user_id': '6627ad267de7447fb704af3f0b944a26', 'system': None}, Network: None, Subnet: None, Router: None
2025-04-04 03:32:02.421 69700 INFO tempest.lib.common.dynamic_creds [-] Created isolated network resources for: credentials: Credentials: {'domain_id': 'default', 'domain_name': 'Default', 'username': 'tempest-HypervisorAdminV253TestBase-168595526-project-member', 'project_domain_id': 'default', 'project_domain_name': 'Default', 'project_id': '331489a6e29f46fd87a78a516fbca2e7', 'project_name': 'tempest-HypervisorAdminV253TestBase-168595526', 'tenant_id': '331489a6e29f46fd87a78a516fbca2e7', 'tenant_name': 'tempest-HypervisorAdminV253TestBase-168595526', 'user_domain_id': 'default', 'user_domain_name': 'Default', 'user_id': '6627ad267de7447fb704af3f0b944a26', 'system': None}, Network: None, Subnet: None, Router: None
2025-04-04 03:32:02.422 69736 INFO tempest.lib.common.rest_client [req-05d1d453-b646-4c6d-a1e9-22e6718cda34 req-05d1d453-b646-4c6d-a1e9-22e6718cda34 ] Request (ServicesAdminTestJSON:setUpClass): 200 GET http://10.180.1.21/identity/v3/roles 0.024s
2025-04-04 03:32:02.480 69712 INFO tempest.lib.common.rest_client [req-1d51be9e-6de3-4e9d-b76e-01fcf9fe7490 req-1d51be9e-6de3-4e9d-b76e-01fcf9fe7490 ] Request (QuotasAdminTestJSON:test_get_updated_quotas): 200 PUT http://10.180.1.21/compute/v2.1/os-quota-sets/1da1d7d7fade4712b04c117ad6730b67?user_id=c560550b88654dd89a018d1a900ea17d 1.926s
2025-04-04 03:32:02.501 69706 INFO tempest.lib.common.rest_client [req-af57a7a6-46a3-44e9-a018-719db1c08107 req-af57a7a6-46a3-44e9-a018-719db1c08107 ] Request (ServicesAdminNegativeV253TestJSON:test_get_service_with_valid_service_and_invalid_host): 200 GET http://10.180.1.21/compute/v2.1/os-services?host=xxx&binary=nova-scheduler 1.785s
2025-04-04 03:32:02.538 69736 INFO tempest.lib.common.rest_client [req-039848d6-54dd-40a6-8947-41cdd66ae17f req-039848d6-54dd-40a6-8947-41cdd66ae17f ] Request (ServicesAdminTestJSON:setUpClass): 204 PUT http://10.180.1.21/identity/v3/projects/8ee65e74759548da976a7f17cd234fff/users/2f845902df124f599cf33f9a518a8217/roles/70b06c3c510f48c1b1496d64317971a1 0.116s
2025-04-04 03:32:02.546 69700 INFO tempest.lib.common.rest_client [req-adec7caf-7161-4377-a360-221390b47454 req-adec7caf-7161-4377-a360-221390b47454 ] Request (HypervisorAdminV253TestBase:setUpClass): 201 POST http://10.180.1.21/identity/v3/auth/tokens 0.117s
2025-04-04 03:32:02.602 69714 INFO tempest.lib.common.rest_client [req-5ad96d97-5473-4c2c-8c05-c961422d89be req-5ad96d97-5473-4c2c-8c05-c961422d89be ] Request (VolumesAssistedSnapshotsTest:test_volume_assisted_snapshot_create_delete): 201 POST http://10.180.1.21:9696/networking/v2.0/security-groups 0.716s
2025-04-04 03:32:02.605 69736 INFO tempest.lib.common.rest_client [req-020c1526-8158-4f33-808d-67c45d6c211a req-020c1526-8158-4f33-808d-67c45d6c211a ] Request (ServicesAdminTestJSON:setUpClass): 200 GET http://10.180.1.21/identity/v3/roles 0.065s
2025-04-04 03:32:02.624 69700 INFO tempest.lib.common.rest_client [req-243e2f8f-457c-479f-89dc-4ed929574fb3 req-243e2f8f-457c-479f-89dc-4ed929574fb3 ] Request (HypervisorAdminV253TestBase:setUpClass): 201 POST http://10.180.1.21/identity/v3/projects 0.076s
2025-04-04 03:32:02.629 69736 INFO tempest.lib.common.rest_client [req-12e7fa9b-f7e3-4a7d-96f2-4f214b2512cc req-12e7fa9b-f7e3-4a7d-96f2-4f214b2512cc ] Request (ServicesAdminTestJSON:setUpClass): 204 PUT http://10.180.1.21/identity/v3/projects/8ee65e74759548da976a7f17cd234fff/users/2f845902df124f599cf33f9a518a8217/roles/70b06c3c510f48c1b1496d64317971a1 0.023s
2025-04-04 03:32:02.629 69736 INFO tempest.lib.common.dynamic_creds [-] Dynamic test user 2f845902df124f599cf33f9a518a8217 is created with scope project and roles: ['admin']
2025-04-04 03:32:02.629 69736 INFO tempest.lib.common.dynamic_creds [-] Acquired dynamic creds: credentials: Credentials: {'domain_id': 'default', 'domain_name': 'Default', 'username': 'tempest-ServicesAdminTestJSON-187667675-project-admin', 'project_domain_id': 'default', 'project_domain_name': 'Default', 'project_id': '8ee65e74759548da976a7f17cd234fff', 'project_name': 'tempest-ServicesAdminTestJSON-187667675', 'tenant_id': '8ee65e74759548da976a7f17cd234fff', 'tenant_name': 'tempest-ServicesAdminTestJSON-187667675', 'user_domain_id': 'default', 'user_domain_name': 'Default', 'user_id': '2f845902df124f599cf33f9a518a8217', 'system': None}, Network: None, Subnet: None, Router: None
2025-04-04 03:32:02.629 69736 INFO tempest.lib.common.dynamic_creds [-] Created isolated network resources for: credentials: Credentials: {'domain_id': 'default', 'domain_name': 'Default', 'username': 'tempest-ServicesAdminTestJSON-187667675-project-admin', 'project_domain_id': 'default', 'project_domain_name': 'Default', 'project_id': '8ee65e74759548da976a7f17cd234fff', 'project_name': 'tempest-ServicesAdminTestJSON-187667675', 'tenant_id': '8ee65e74759548da976a7f17cd234fff', 'tenant_name': 'tempest-ServicesAdminTestJSON-187667675', 'user_domain_id': 'default', 'user_domain_name': 'Default', 'user_id': '2f845902df124f599cf33f9a518a8217', 'system': None}, Network: None, Subnet: None, Router: None
2025-04-04 03:32:02.695 69714 INFO tempest.lib.common.rest_client [req-9dce67ec-641b-42a1-9ae1-fcac264a8d05 req-9dce67ec-641b-42a1-9ae1-fcac264a8d05 ] Request (VolumesAssistedSnapshotsTest:test_volume_assisted_snapshot_create_delete): 201 POST http://10.180.1.21:9696/networking/v2.0/security-group-rules 0.092s
2025-04-04 03:32:02.710 69736 INFO tempest.lib.common.rest_client [req-05a45d2a-4bcf-4e8a-8ef2-712b67ca742a req-05a45d2a-4bcf-4e8a-8ef2-712b67ca742a ] Request (ServicesAdminTestJSON:setUpClass): 201 POST http://10.180.1.21/identity/v3/auth/tokens 0.077s
2025-04-04 03:32:02.723 69728 INFO tempest.lib.common.rest_client [req-16527d0b-1ce9-4196-b3d9-0eeaad13d984 req-16527d0b-1ce9-4196-b3d9-0eeaad13d984 ] Request (SecurityGroupRulesTestJSON:test_security_group_rules_create_with_optional_group_id): 200 POST http://10.180.1.21/compute/v2.1/os-security-groups 2.033s
2025-04-04 03:32:02.728 69700 INFO tempest.lib.common.rest_client [req-1296f477-fdc7-4381-99d8-f62659941c8a req-1296f477-fdc7-4381-99d8-f62659941c8a ] Request (HypervisorAdminV253TestBase:setUpClass): 201 POST http://10.180.1.21/identity/v3/users 0.104s
2025-04-04 03:32:02.735 69720 INFO tempest.lib.common.rest_client [req-4336f9c0-1b32-46fc-b50c-1e62d2465a25 req-4336f9c0-1b32-46fc-b50c-1e62d2465a25 ] Request (MultipleCreateNegativeTestJSON:test_max_count_less_than_one): 400 POST http://10.180.1.21/compute/v2.1/servers 1.835s
2025-04-04 03:32:02.755 69700 INFO tempest.lib.common.rest_client [req-12d07174-55ff-4155-9c73-16600dd69ff7 req-12d07174-55ff-4155-9c73-16600dd69ff7 ] Request (HypervisorAdminV253TestBase:setUpClass): 200 GET http://10.180.1.21/identity/v3/roles 0.027s
2025-04-04 03:32:02.763 69716 INFO tempest.lib.common.rest_client [req-cf142ce1-e010-4cb2-982f-2e3758703769 req-cf142ce1-e010-4cb2-982f-2e3758703769 ] Request (ServersWithSpecificFlavorTestJSON:test_verify_created_server_ephemeral_disk): 200 POST http://10.180.1.21/compute/v2.1/flavors 1.852s
2025-04-04 03:32:02.776 69730 INFO tempest.lib.common.rest_client [req-7cf5f037-1f90-47aa-8bb2-54a5f1f7b913 req-7cf5f037-1f90-47aa-8bb2-54a5f1f7b913 ] Request (ServersAdmin275Test:test_rebuild_update_server_275): 202 POST http://10.180.1.21/compute/v2.1/servers/c71c0ece-f925-4ac2-a005-8922212a6f97/action 1.944s
2025-04-04 03:32:02.791 69700 INFO tempest.lib.common.rest_client [req-a9217853-a174-4bc5-88b8-52cd4a427849 req-a9217853-a174-4bc5-88b8-52cd4a427849 ] Request (HypervisorAdminV253TestBase:setUpClass): 204 PUT http://10.180.1.21/identity/v3/projects/83b7dc4db1cc4e92835278e973ea0c79/users/be17ed656ff24a9787e2ff15b116898c/roles/70b06c3c510f48c1b1496d64317971a1 0.035s
2025-04-04 03:32:02.804 69720 INFO tempest.lib.common.rest_client [req-6b01a36b-64e7-4bc3-87bd-c8ff6a21a0eb req-6b01a36b-64e7-4bc3-87bd-c8ff6a21a0eb ] Request (MultipleCreateNegativeTestJSON:test_max_count_non_integer): 201 POST http://10.180.1.21/identity/v3/auth/tokens 0.065s
2025-04-04 03:32:02.804 69720 INFO tempest.lib.common.fixed_network [-] (MultipleCreateNegativeTestJSON:test_max_count_non_integer) Found network None available for tenant
2025-04-04 03:32:02.847 69714 INFO tempest.lib.common.rest_client [req-892ca6db-de26-4ba2-a8e3-b6c8e5be6624 req-892ca6db-de26-4ba2-a8e3-b6c8e5be6624 ] Request (VolumesAssistedSnapshotsTest:test_volume_assisted_snapshot_create_delete): 201 POST http://10.180.1.21:9696/networking/v2.0/security-group-rules 0.152s
2025-04-04 03:32:02.848 69700 INFO tempest.lib.common.rest_client [req-b1757621-27d2-459b-8862-c587d0df1c83 req-b1757621-27d2-459b-8862-c587d0df1c83 ] Request (HypervisorAdminV253TestBase:setUpClass): 200 GET http://10.180.1.21/identity/v3/roles 0.056s
2025-04-04 03:32:02.869 69700 INFO tempest.lib.common.rest_client [req-eff74181-6a79-44b6-a5fc-9f4c82687cde req-eff74181-6a79-44b6-a5fc-9f4c82687cde ] Request (HypervisorAdminV253TestBase:setUpClass): 204 PUT http://10.180.1.21/identity/v3/projects/83b7dc4db1cc4e92835278e973ea0c79/users/be17ed656ff24a9787e2ff15b116898c/roles/70b06c3c510f48c1b1496d64317971a1 0.021s
2025-04-04 03:32:02.869 69700 INFO tempest.lib.common.dynamic_creds [-] Dynamic test user be17ed656ff24a9787e2ff15b116898c is created with scope project and roles: ['admin']
2025-04-04 03:32:02.869 69700 INFO tempest.lib.common.dynamic_creds [-] Acquired dynamic creds: credentials: Credentials: {'domain_id': 'default', 'domain_name': 'Default', 'username': 'tempest-HypervisorAdminV253TestBase-1067869082-project-admin', 'project_domain_id': 'default', 'project_domain_name': 'Default', 'project_id': '83b7dc4db1cc4e92835278e973ea0c79', 'project_name': 'tempest-HypervisorAdminV253TestBase-1067869082', 'tenant_id': '83b7dc4db1cc4e92835278e973ea0c79', 'tenant_name': 'tempest-HypervisorAdminV253TestBase-1067869082', 'user_domain_id': 'default', 'user_domain_name': 'Default', 'user_id': 'be17ed656ff24a9787e2ff15b116898c', 'system': None}, Network: None, Subnet: None, Router: None
2025-04-04 03:32:02.870 69700 INFO tempest.lib.common.dynamic_creds [-] Created isolated network resources for: credentials: Credentials: {'domain_id': 'default', 'domain_name': 'Default', 'username': 'tempest-HypervisorAdminV253TestBase-1067869082-project-admin', 'project_domain_id': 'default', 'project_domain_name': 'Default', 'project_id': '83b7dc4db1cc4e92835278e973ea0c79', 'project_name': 'tempest-HypervisorAdminV253TestBase-1067869082', 'tenant_id': '83b7dc4db1cc4e92835278e973ea0c79', 'tenant_name': 'tempest-HypervisorAdminV253TestBase-1067869082', 'user_domain_id': 'default', 'user_domain_name': 'Default', 'user_id': 'be17ed656ff24a9787e2ff15b116898c', 'system': None}, Network: None, Subnet: None, Router: None
2025-04-04 03:32:02.940 69700 INFO tempest.lib.common.rest_client [req-184b84d1-1762-4c7f-9a9a-61f1392e5bc8 req-184b84d1-1762-4c7f-9a9a-61f1392e5bc8 ] Request (HypervisorAdminV253TestBase:setUpClass): 201 POST http://10.180.1.21/identity/v3/auth/tokens 0.067s
2025-04-04 03:32:03.129 69690 INFO tempest.lib.common.rest_client [req-0e636e50-a547-42ad-a0e0-f660ce17ad1f req-0e636e50-a547-42ad-a0e0-f660ce17ad1f ] Request (AttachInterfacesTestJSON:test_create_list_show_delete_interfaces_by_fixed_ip): 202 POST http://10.180.1.21/compute/v2.1/servers 1.965s
