2025-04-04 03:33:39.650 69726 INFO tempest.lib.common.rest_client [req-f9960093-fc42-4da9-b594-c463de6732ff req-f9960093-fc42-4da9-b594-c463de6732ff ] Request (DeleteServersAdminTestJSON:test_delete_server_while_in_error_state): 200 GET http://10.180.1.21/compute/v2.1/servers/bd77f6de-9aa7-4bdf-bf9b-9bd935bc966a 0.192s
2025-04-04 03:33:39.707 69704 INFO tempest.lib.common.rest_client [req-45340894-051b-4afd-89e8-ec1be2dfe30b req-45340894-051b-4afd-89e8-ec1be2dfe30b ] Request (AttachVolumeTestJSON:test_attach_detach_volume): 200 GET http://10.180.1.21/compute/v2.1/servers/12166253-9d0a-4ffa-ba27-4ff6e783d0ab 0.107s
2025-04-04 03:33:39.709 69740 INFO tempest.lib.common.rest_client [req-3be3e2ad-c0c6-401e-9cfd-41bdb93be3b1 req-3be3e2ad-c0c6-401e-9cfd-41bdb93be3b1 ] Request (ListServersNegativeTestJSON:tearDownClass): 200 GET http://10.180.1.21/compute/v2.1/servers/7a67b10b-2d73-4a7c-a30a-2be123c42a30 0.141s
2025-04-04 03:33:39.764 69736 INFO tempest.lib.common.rest_client [req-4d3e4a00-1129-4d82-aff5-15d9fe3f4535 req-4d3e4a00-1129-4d82-aff5-15d9fe3f4535 ] Request (ServerTagsTestJSON:tearDownClass): 200 GET http://10.180.1.21/compute/v2.1/servers/849e17e3-3933-49e5-a564-2afe368d7fc2 0.089s
2025-04-04 03:33:39.781 69710 INFO tempest.lib.common.rest_client [req-07acb003-026c-4a39-bed1-05fb71bb4408 req-07acb003-026c-4a39-bed1-05fb71bb4408 ] Request (MigrationsAdminTest:test_resize_server_revert_deleted_flavor): 200 GET http://10.180.1.21/compute/v2.1/servers/99e521a6-b45b-401f-9c18-9f05f8198e4c 0.053s
2025-04-04 03:33:40.060 69722 INFO tempest.lib.common.rest_client [req-1ac8074d-0a82-4d13-bbcd-b2dbe3c38f29 req-1ac8074d-0a82-4d13-bbcd-b2dbe3c38f29 ] Request (AttachInterfacesV270Test:test_create_get_list_interfaces): 200 GET http://10.180.1.21/compute/v2.1/servers/e166ce10-33aa-499e-9020-1ecafc6c8cef 0.062s
2025-04-04 03:33:40.111 69724 INFO tempest.lib.common.rest_client [req-27a55a64-95a6-4a71-a1c5-dc5305add360 req-27a55a64-95a6-4a71-a1c5-dc5305add360 ] Request (ServerDiskConfigTestJSON:test_rebuild_server_with_auto_disk_config): 200 GET http://10.180.1.21/compute/v2.1/servers/c4ba7142-b548-498b-a11e-e62919e3aece 0.066s
2025-04-04 03:33:40.128 69743 INFO tempest.lib.common.rest_client [req-a26357e3-89b7-4c80-a6c7-bf7ccfb024e8 req-a26357e3-89b7-4c80-a6c7-bf7ccfb024e8 ] Request (ImagesTestJSON:test_create_image_from_suspended_server): 200 GET http://10.180.1.21/compute/v2.1/servers/c473f1f3-31a5-4caf-a424-71871bbaa28e 0.136s
2025-04-04 03:33:40.182 69712 INFO tempest.lib.common.rest_client [req-f4c67ea1-c2fe-4bd4-90cb-a67a516a7284 req-f4c67ea1-c2fe-4bd4-90cb-a67a516a7284 ] Request (ServerDiagnosticsV248Test:tearDownClass): 200 GET http://10.180.1.21/compute/v2.1/servers/7999266e-8690-4570-a9c2-f5251c4ed2f4 0.063s
2025-04-04 03:33:40.194 69686 INFO tempest.lib.common.rest_client [req-55fa371d-5444-46c6-ab0a-fda748194bc8 req-55fa371d-5444-46c6-ab0a-fda748194bc8 ] Request (ServerDiagnosticsNegativeTest:test_get_server_diagnostics_by_non_admin): 200 GET http://10.180.1.21/compute/v2.1/servers/8531106f-854e-475d-9cb3-83e2890d3493 0.066s
2025-04-04 03:33:40.239 69684 INFO tempest.lib.common.rest_client [req-ba10051f-ac82-4d6a-9f91-66378d0219fc req-ba10051f-ac82-4d6a-9f91-66378d0219fc ] Request (ServersAdminTestJSON:setUpClass): 200 GET http://10.180.1.21/compute/v2.1/servers/9fe6816e-c62f-4eeb-9ed5-d2209686ddd8 0.077s
2025-04-04 03:33:40.284 69728 INFO tempest.lib.common.rest_client [req-df1f28fe-dc55-489a-9c6b-6c29306f9372 req-df1f28fe-dc55-489a-9c6b-6c29306f9372 ] Request (ServersNegativeTestMultiTenantJSON:setUpClass): 200 GET http://10.180.1.21/compute/v2.1/servers/0522f326-22ac-488f-9cc0-ee573eedefa9 0.109s
2025-04-04 03:33:40.292 69730 INFO tempest.lib.common.rest_client [req-396e5237-c158-42e3-991f-d47c7da74ec2 req-396e5237-c158-42e3-991f-d47c7da74ec2 ] Request (FloatingIPsAssociationTestJSON:setUpClass): 200 GET http://10.180.1.21/compute/v2.1/servers/00f771da-7432-42cc-85d2-1eb1aa119e2f 0.083s
2025-04-04 03:33:40.373 69688 WARNING tempest.lib.common.ssh [-] Failed to establish authenticated ssh connection to cirros@10.180.180.141 ([Errno None] Unable to connect to port 22 on 10.180.180.141). Number attempts: 1. Retry after 2 seconds.: paramiko.ssh_exception.NoValidConnectionsError: [Errno None] Unable to connect to port 22 on 10.180.180.141
2025-04-04 03:33:40.378 69732 INFO tempest.lib.common.rest_client [req-fe7a5abb-fd88-445b-95f3-e5d640406c35 req-fe7a5abb-fd88-445b-95f3-e5d640406c35 ] Request (ServerGroupTestJSON:test_create_server_with_scheduler_hint_group): 200 GET http://10.180.1.21/compute/v2.1/servers/a0de6319-99fe-4420-b042-6eea50509327 0.133s
2025-04-04 03:33:40.407 69690 INFO tempest.lib.common.rest_client [req-09dff6f6-e74c-4cf1-8890-9048c0af8c10 req-09dff6f6-e74c-4cf1-8890-9048c0af8c10 ] Request (AttachInterfacesTestJSON:_run_cleanups): 200 GET http://10.180.1.21/compute/v2.1/servers/53cb2fdd-0478-426e-a4e0-e5cf24fffa2a 0.100s
2025-04-04 03:33:40.458 69718 INFO tempest.lib.common.rest_client [req-aae50b65-b0a2-4dd6-bd96-96cf3509b31a req-aae50b65-b0a2-4dd6-bd96-96cf3509b31a ] Request (ImagesOneServerTestJSON:tearDownClass): 200 GET http://10.180.1.21/compute/v2.1/servers/d0af16e1-ef91-409d-af71-2c57bd1c4aef 0.144s
2025-04-04 03:33:40.461 69694 INFO tempest.lib.common.rest_client [req-45e1b26d-4b9f-4416-aaea-7d42d28e2bb1 req-45e1b26d-4b9f-4416-aaea-7d42d28e2bb1 ] Request (ListImageFiltersTestJSON:setUpClass): 200 GET http://10.180.1.21/compute/v2.1/servers/b215212d-8db4-423d-9bf6-8480037708a5 0.101s
2025-04-04 03:33:40.507 69734 INFO tempest.lib.common.rest_client [req-bf19a463-89a1-495c-9713-2df6c22f0474 req-bf19a463-89a1-495c-9713-2df6c22f0474 ] Request (ServerMetadataTestJSON:setUpClass): 200 GET http://10.180.1.21/compute/v2.1/servers/bf3bce53-2116-4cf1-bf48-035851ed563e 0.110s
2025-04-04 03:33:40.520 69696 INFO tempest.lib.common.rest_client [req-9da250b7-76f4-45e3-a13d-5bedc24ed958 req-9da250b7-76f4-45e3-a13d-5bedc24ed958 ] Request (SecurityGroupsTestJSON:test_server_security_groups): 200 GET http://10.180.1.21/compute/v2.1/servers/606f0211-32d3-4fdf-8c4d-dd5879db98a6 0.095s
2025-04-04 03:33:40.588 69720 INFO tempest.lib.common.rest_client [req-6447e8e7-1148-41d5-be70-1967aa6aa7a9 req-6447e8e7-1148-41d5-be70-1967aa6aa7a9 ] Request (ServerAddressesTestJSON:tearDownClass): 200 GET http://10.180.1.21/compute/v2.1/servers/0a93f224-a989-4320-924b-4ebe511df638 0.078s
2025-04-04 03:33:40.640 69702 INFO tempest.lib.common.rest_client [req-5847bb96-6c8e-4287-8782-e759b319aa25 req-5847bb96-6c8e-4287-8782-e759b319aa25 ] Request (TenantUsagesTestJSON:setUpClass): 200 GET http://10.180.1.21/compute/v2.1/servers/c6ebf8b9-b4d9-43e3-ac3c-be57592805a9 0.188s
2025-04-04 03:33:40.647 69702 INFO tempest.common.waiters [-] State transition "BUILD/networking" ==> "BUILD/spawning" after 52 second wait
2025-04-04 03:33:40.817 69726 INFO tempest.lib.common.rest_client [req-6e8a2427-fd1d-48c3-a2ac-02179e8559af req-6e8a2427-fd1d-48c3-a2ac-02179e8559af ] Request (DeleteServersAdminTestJSON:test_delete_server_while_in_error_state): 200 GET http://10.180.1.21/compute/v2.1/servers/bd77f6de-9aa7-4bdf-bf9b-9bd935bc966a 0.158s
2025-04-04 03:33:40.916 69740 INFO tempest.lib.common.rest_client [req-23d63d96-68c2-41af-ba99-d48b37d9d9c3 req-23d63d96-68c2-41af-ba99-d48b37d9d9c3 ] Request (ListServersNegativeTestJSON:tearDownClass): 200 GET http://10.180.1.21/compute/v2.1/servers/7a67b10b-2d73-4a7c-a30a-2be123c42a30 0.198s
2025-04-04 03:33:41.005 69736 INFO tempest.lib.common.rest_client [req-56b2a5ff-4942-4e79-9b2e-6a5720e03660 req-56b2a5ff-4942-4e79-9b2e-6a5720e03660 ] Request (ServerTagsTestJSON:tearDownClass): 200 GET http://10.180.1.21/compute/v2.1/servers/849e17e3-3933-49e5-a564-2afe368d7fc2 0.231s
2025-04-04 03:33:41.015 69704 INFO tempest.lib.common.rest_client [req-32d5f849-08fb-4c55-9500-d8f3d22c4999 req-32d5f849-08fb-4c55-9500-d8f3d22c4999 ] Request (AttachVolumeTestJSON:test_attach_detach_volume): 200 GET http://10.180.1.21/compute/v2.1/servers/12166253-9d0a-4ffa-ba27-4ff6e783d0ab 0.300s
2025-04-04 03:33:41.069 69710 INFO tempest.lib.common.rest_client [req-7ac6e6e8-2dfd-46b1-b8bc-23b958c6ccb0 req-7ac6e6e8-2dfd-46b1-b8bc-23b958c6ccb0 ] Request (MigrationsAdminTest:test_resize_server_revert_deleted_flavor): 200 GET http://10.180.1.21/compute/v2.1/servers/99e521a6-b45b-401f-9c18-9f05f8198e4c 0.280s
2025-04-04 03:33:41.137 69722 INFO tempest.lib.common.rest_client [req-3d502fff-bcbc-4b2f-beba-8853bc4956e9 req-3d502fff-bcbc-4b2f-beba-8853bc4956e9 ] Request (AttachInterfacesV270Test:test_create_get_list_interfaces): 200 GET http://10.180.1.21/compute/v2.1/servers/e166ce10-33aa-499e-9020-1ecafc6c8cef 0.061s
2025-04-04 03:33:41.172 69724 INFO tempest.lib.common.rest_client [req-91eb89d0-b83c-4c1d-bddc-b50f15a0817a req-91eb89d0-b83c-4c1d-bddc-b50f15a0817a ] Request (ServerDiskConfigTestJSON:test_rebuild_server_with_auto_disk_config): 200 GET http://10.180.1.21/compute/v2.1/servers/c4ba7142-b548-498b-a11e-e62919e3aece 0.053s
2025-04-04 03:33:41.271 69712 INFO tempest.lib.common.rest_client [req-50365956-86af-4f3a-a152-adc95fa089e9 req-50365956-86af-4f3a-a152-adc95fa089e9 ] Request (ServerDiagnosticsV248Test:tearDownClass): 200 GET http://10.180.1.21/compute/v2.1/servers/7999266e-8690-4570-a9c2-f5251c4ed2f4 0.075s
2025-04-04 03:33:41.292 69743 INFO tempest.lib.common.rest_client [req-1ce644b1-b359-4f57-b9aa-7e5479464ffd req-1ce644b1-b359-4f57-b9aa-7e5479464ffd ] Request (ImagesTestJSON:test_create_image_from_suspended_server): 200 GET http://10.180.1.21/compute/v2.1/servers/c473f1f3-31a5-4caf-a424-71871bbaa28e 0.156s
2025-04-04 03:33:41.338 69686 INFO tempest.lib.common.rest_client [req-882dc5dc-e26e-46df-b485-38aa00773968 req-882dc5dc-e26e-46df-b485-38aa00773968 ] Request (ServerDiagnosticsNegativeTest:test_get_server_diagnostics_by_non_admin): 200 GET http://10.180.1.21/compute/v2.1/servers/8531106f-854e-475d-9cb3-83e2890d3493 0.136s
2025-04-04 03:33:41.349 69684 INFO tempest.lib.common.rest_client [req-31d8c90f-0d78-4b75-b738-f7c97437f200 req-31d8c90f-0d78-4b75-b738-f7c97437f200 ] Request (ServersAdminTestJSON:setUpClass): 200 GET http://10.180.1.21/compute/v2.1/servers/9fe6816e-c62f-4eeb-9ed5-d2209686ddd8 0.097s
2025-04-04 03:33:41.389 69728 INFO tempest.lib.common.rest_client [req-dff5e670-0529-4d14-bc49-798d70a49a54 req-dff5e670-0529-4d14-bc49-798d70a49a54 ] Request (ServersNegativeTestMultiTenantJSON:setUpClass): 200 GET http://10.180.1.21/compute/v2.1/servers/0522f326-22ac-488f-9cc0-ee573eedefa9 0.093s
2025-04-04 03:33:41.434 69730 INFO tempest.lib.common.rest_client [req-8baa91ba-13f7-4017-8876-3a30be37a79e req-8baa91ba-13f7-4017-8876-3a30be37a79e ] Request (FloatingIPsAssociationTestJSON:setUpClass): 200 GET http://10.180.1.21/compute/v2.1/servers/00f771da-7432-42cc-85d2-1eb1aa119e2f 0.134s
2025-04-04 03:33:41.440 69732 INFO tempest.lib.common.rest_client [req-f70a71d3-bfe6-4040-ba6f-e656813a08de req-f70a71d3-bfe6-4040-ba6f-e656813a08de ] Request (ServerGroupTestJSON:test_create_server_with_scheduler_hint_group): 200 GET http://10.180.1.21/compute/v2.1/servers/a0de6319-99fe-4420-b042-6eea50509327 0.052s
2025-04-04 03:33:41.486 69690 INFO tempest.lib.common.rest_client [req-de3e2dc1-672f-486a-9c74-65b20ac8dd3e req-de3e2dc1-672f-486a-9c74-65b20ac8dd3e ] Request (AttachInterfacesTestJSON:_run_cleanups): 200 GET http://10.180.1.21/compute/v2.1/servers/53cb2fdd-0478-426e-a4e0-e5cf24fffa2a 0.071s
2025-04-04 03:33:41.530 69718 INFO tempest.lib.common.rest_client [req-527ffdf5-930f-4cd2-9dbb-51eff2b420aa req-527ffdf5-930f-4cd2-9dbb-51eff2b420aa ] Request (ImagesOneServerTestJSON:tearDownClass): 200 GET http://10.180.1.21/compute/v2.1/servers/d0af16e1-ef91-409d-af71-2c57bd1c4aef 0.062s
2025-04-04 03:33:41.537 69694 INFO tempest.lib.common.rest_client [req-8b8c17f3-0ee7-4014-aada-aacdfc720a64 req-8b8c17f3-0ee7-4014-aada-aacdfc720a64 ] Request (ListImageFiltersTestJSON:setUpClass): 200 GET http://10.180.1.21/compute/v2.1/servers/b215212d-8db4-423d-9bf6-8480037708a5 0.069s
2025-04-04 03:33:41.591 69696 INFO tempest.lib.common.rest_client [req-6755f788-10d3-470d-a8f5-919443c36d70 req-6755f788-10d3-470d-a8f5-919443c36d70 ] Request (SecurityGroupsTestJSON:test_server_security_groups): 200 GET http://10.180.1.21/compute/v2.1/servers/606f0211-32d3-4fdf-8c4d-dd5879db98a6 0.063s
2025-04-04 03:33:41.591 69734 INFO tempest.lib.common.rest_client [req-bb78d62c-4287-4922-9722-897966bc219e req-bb78d62c-4287-4922-9722-897966bc219e ] Request (ServerMetadataTestJSON:setUpClass): 200 GET http://10.180.1.21/compute/v2.1/servers/bf3bce53-2116-4cf1-bf48-035851ed563e 0.075s
2025-04-04 03:33:41.650 69720 INFO tempest.lib.common.rest_client [req-9db36e6f-3693-46f7-9a06-e7740c6f9153 req-9db36e6f-3693-46f7-9a06-e7740c6f9153 ] Request (ServerAddressesTestJSON:tearDownClass): 200 GET http://10.180.1.21/compute/v2.1/servers/0a93f224-a989-4320-924b-4ebe511df638 0.053s
2025-04-04 03:33:41.735 69702 INFO tempest.lib.common.rest_client [req-9c6a65fb-3e86-4561-a892-8894fc99dbc5 req-9c6a65fb-3e86-4561-a892-8894fc99dbc5 ] Request (TenantUsagesTestJSON:setUpClass): 200 GET http://10.180.1.21/compute/v2.1/servers/c6ebf8b9-b4d9-43e3-ac3c-be57592805a9 0.087s
2025-04-04 03:33:41.943 69726 INFO tempest.lib.common.rest_client [req-148edabf-05bc-46a1-b595-bb758937102c req-148edabf-05bc-46a1-b595-bb758937102c ] Request (DeleteServersAdminTestJSON:test_delete_server_while_in_error_state): 200 GET http://10.180.1.21/compute/v2.1/servers/bd77f6de-9aa7-4bdf-bf9b-9bd935bc966a 0.115s
2025-04-04 03:33:41.979 69740 INFO tempest.lib.common.rest_client [req-d7769208-a295-4bfd-aeb2-bdf60a283aef req-d7769208-a295-4bfd-aeb2-bdf60a283aef ] Request (ListServersNegativeTestJSON:tearDownClass): 200 GET http://10.180.1.21/compute/v2.1/servers/7a67b10b-2d73-4a7c-a30a-2be123c42a30 0.053s
2025-04-04 03:33:42.076 69704 INFO tempest.lib.common.rest_client [req-ab3d748e-d71e-4c79-bbf7-a27157ed6bef req-ab3d748e-d71e-4c79-bbf7-a27157ed6bef ] Request (AttachVolumeTestJSON:test_attach_detach_volume): 200 GET http://10.180.1.21/compute/v2.1/servers/12166253-9d0a-4ffa-ba27-4ff6e783d0ab 0.047s
2025-04-04 03:33:42.087 69736 INFO tempest.lib.common.rest_client [req-a683a6a3-e4fb-4d69-a37b-7ba20a947731 req-a683a6a3-e4fb-4d69-a37b-7ba20a947731 ] Request (ServerTagsTestJSON:tearDownClass): 200 GET http://10.180.1.21/compute/v2.1/servers/849e17e3-3933-49e5-a564-2afe368d7fc2 0.064s
2025-04-04 03:33:42.126 69710 INFO tempest.lib.common.rest_client [req-ca037f2c-0b51-4f00-af27-e5177667277b req-ca037f2c-0b51-4f00-af27-e5177667277b ] Request (MigrationsAdminTest:test_resize_server_revert_deleted_flavor): 200 GET http://10.180.1.21/compute/v2.1/servers/99e521a6-b45b-401f-9c18-9f05f8198e4c 0.049s
2025-04-04 03:33:42.202 69722 INFO tempest.lib.common.rest_client [req-043336b9-c5e4-4368-9749-b99d1ca9dc18 req-043336b9-c5e4-4368-9749-b99d1ca9dc18 ] Request (AttachInterfacesV270Test:test_create_get_list_interfaces): 200 GET http://10.180.1.21/compute/v2.1/servers/e166ce10-33aa-499e-9020-1ecafc6c8cef 0.053s
2025-04-04 03:33:42.248 69724 INFO tempest.lib.common.rest_client [req-fa71a8d5-9235-40af-896d-c49d5d548c7f req-fa71a8d5-9235-40af-896d-c49d5d548c7f ] Request (ServerDiskConfigTestJSON:test_rebuild_server_with_auto_disk_config): 200 GET http://10.180.1.21/compute/v2.1/servers/c4ba7142-b548-498b-a11e-e62919e3aece 0.069s
2025-04-04 03:33:42.350 69712 INFO tempest.lib.common.rest_client [req-24025196-b012-4918-bcc5-055e1dc319cc req-24025196-b012-4918-bcc5-055e1dc319cc ] Request (ServerDiagnosticsV248Test:tearDownClass): 200 GET http://10.180.1.21/compute/v2.1/servers/7999266e-8690-4570-a9c2-f5251c4ed2f4 0.066s
2025-04-04 03:33:42.418 69686 INFO tempest.lib.common.rest_client [req-481e911a-667b-46c3-ba4b-4b25a4a9680e req-481e911a-667b-46c3-ba4b-4b25a4a9680e ] Request (ServerDiagnosticsNegativeTest:test_get_server_diagnostics_by_non_admin): 200 GET http://10.180.1.21/compute/v2.1/servers/8531106f-854e-475d-9cb3-83e2890d3493 0.067s
2025-04-04 03:33:42.446 69743 INFO tempest.lib.common.rest_client [req-460447fd-c7ad-4731-9933-7807b5e86ffe req-460447fd-c7ad-4731-9933-7807b5e86ffe ] Request (ImagesTestJSON:test_create_image_from_suspended_server): 200 GET http://10.180.1.21/compute/v2.1/servers/c473f1f3-31a5-4caf-a424-71871bbaa28e 0.140s
2025-04-04 03:33:42.461 69743 INFO tempest.common.waiters [-] State transition "BUILD/spawning" ==> "ACTIVE/None" after 56 second wait
2025-04-04 03:33:42.487 69684 INFO tempest.lib.common.rest_client [req-0ac44b88-6a89-4d6d-881f-a1722a894d42 req-0ac44b88-6a89-4d6d-881f-a1722a894d42 ] Request (ServersAdminTestJSON:setUpClass): 200 GET http://10.180.1.21/compute/v2.1/servers/9fe6816e-c62f-4eeb-9ed5-d2209686ddd8 0.124s
2025-04-04 03:33:42.500 69728 INFO tempest.lib.common.rest_client [req-df93bec0-967d-4291-8583-5c93f7165874 req-df93bec0-967d-4291-8583-5c93f7165874 ] Request (ServersNegativeTestMultiTenantJSON:setUpClass): 200 GET http://10.180.1.21/compute/v2.1/servers/0522f326-22ac-488f-9cc0-ee573eedefa9 0.098s
2025-04-04 03:33:42.550 69730 INFO tempest.lib.common.rest_client [req-30f3dcd6-a886-4cb4-a39f-31b45178a1d6 req-30f3dcd6-a886-4cb4-a39f-31b45178a1d6 ] Request (FloatingIPsAssociationTestJSON:setUpClass): 200 GET http://10.180.1.21/compute/v2.1/servers/00f771da-7432-42cc-85d2-1eb1aa119e2f 0.100s
2025-04-04 03:33:42.555 69732 INFO tempest.lib.common.rest_client [req-8d261b1a-dadc-44f1-a4b6-c3f3eaa44cc7 req-8d261b1a-dadc-44f1-a4b6-c3f3eaa44cc7 ] Request (ServerGroupTestJSON:test_create_server_with_scheduler_hint_group): 200 GET http://10.180.1.21/compute/v2.1/servers/a0de6319-99fe-4420-b042-6eea50509327 0.104s
2025-04-04 03:33:42.621 69690 INFO tempest.lib.common.rest_client [req-a32fb807-e45f-4b34-b151-47ed0e39a581 req-a32fb807-e45f-4b34-b151-47ed0e39a581 ] Request (AttachInterfacesTestJSON:_run_cleanups): 200 GET http://10.180.1.21/compute/v2.1/servers/53cb2fdd-0478-426e-a4e0-e5cf24fffa2a 0.126s
2025-04-04 03:33:42.623 69743 INFO tempest.lib.common.rest_client [req-6723ce4e-a89a-4c9e-a223-34eb43ae4028 req-6723ce4e-a89a-4c9e-a223-34eb43ae4028 ] Request (ImagesTestJSON:test_create_image_from_suspended_server): 202 POST http://10.180.1.21/compute/v2.1/servers/c473f1f3-31a5-4caf-a424-71871bbaa28e/action 0.162s
2025-04-04 03:33:42.632 69690 INFO tempest.common.waiters [-] State transition "ACTIVE/deleting" ==> "DELETED/None" after 4 second wait
2025-04-04 03:33:42.676 69718 INFO tempest.lib.common.rest_client [req-9e56cb82-f4bb-41a4-acfc-89af7a36f97f req-9e56cb82-f4bb-41a4-acfc-89af7a36f97f ] Request (ImagesOneServerTestJSON:tearDownClass): 200 GET http://10.180.1.21/compute/v2.1/servers/d0af16e1-ef91-409d-af71-2c57bd1c4aef 0.138s
2025-04-04 03:33:42.680 69694 INFO tempest.lib.common.rest_client [req-24a3028c-d879-463e-9c96-05209d48a2d3 req-24a3028c-d879-463e-9c96-05209d48a2d3 ] Request (ListImageFiltersTestJSON:setUpClass): 200 GET http://10.180.1.21/compute/v2.1/servers/b215212d-8db4-423d-9bf6-8480037708a5 0.135s
2025-04-04 03:33:42.725 69734 INFO tempest.lib.common.rest_client [req-5cb1220b-7706-47c3-b4ae-9c7430532a53 req-5cb1220b-7706-47c3-b4ae-9c7430532a53 ] Request (ServerMetadataTestJSON:setUpClass): 200 GET http://10.180.1.21/compute/v2.1/servers/bf3bce53-2116-4cf1-bf48-035851ed563e 0.126s
2025-04-04 03:33:42.732 69696 INFO tempest.lib.common.rest_client [req-dce53dc9-44ad-4749-9c88-9d8a3b9ba62b req-dce53dc9-44ad-4749-9c88-9d8a3b9ba62b ] Request (SecurityGroupsTestJSON:test_server_security_groups): 200 GET http://10.180.1.21/compute/v2.1/servers/606f0211-32d3-4fdf-8c4d-dd5879db98a6 0.133s
2025-04-04 03:33:42.785 69720 INFO tempest.lib.common.rest_client [req-5ced7421-1238-4486-af11-7094642bf30e req-5ced7421-1238-4486-af11-7094642bf30e ] Request (ServerAddressesTestJSON:tearDownClass): 200 GET http://10.180.1.21/compute/v2.1/servers/0a93f224-a989-4320-924b-4ebe511df638 0.128s
2025-04-04 03:33:42.816 69743 INFO tempest.lib.common.rest_client [req-dd6d84d8-76b8-4854-8f7c-153bbef7a95e req-dd6d84d8-76b8-4854-8f7c-153bbef7a95e ] Request (ImagesTestJSON:test_create_image_from_suspended_server): 200 GET http://10.180.1.21/compute/v2.1/servers/c473f1f3-31a5-4caf-a424-71871bbaa28e 0.192s
2025-04-04 03:33:42.880 69702 INFO tempest.lib.common.rest_client [req-e051e748-b545-4396-876a-57e5b6699a00 req-e051e748-b545-4396-876a-57e5b6699a00 ] Request (TenantUsagesTestJSON:setUpClass): 200 GET http://10.180.1.21/compute/v2.1/servers/c6ebf8b9-b4d9-43e3-ac3c-be57592805a9 0.136s
2025-04-04 03:33:43.036 69726 INFO tempest.lib.common.rest_client [req-a8190d08-c6d2-4790-8522-08ed083e2304 req-a8190d08-c6d2-4790-8522-08ed083e2304 ] Request (DeleteServersAdminTestJSON:test_delete_server_while_in_error_state): 200 GET http://10.180.1.21/compute/v2.1/servers/bd77f6de-9aa7-4bdf-bf9b-9bd935bc966a 0.085s
2025-04-04 03:33:43.041 69740 INFO tempest.lib.common.rest_client [req-cb77d308-6198-4253-b477-e76e05775267 req-cb77d308-6198-4253-b477-e76e05775267 ] Request (ListServersNegativeTestJSON:tearDownClass): 200 GET http://10.180.1.21/compute/v2.1/servers/7a67b10b-2d73-4a7c-a30a-2be123c42a30 0.054s
2025-04-04 03:33:43.048 69740 INFO tempest.common.waiters [-] State transition "ACTIVE/deleting" ==> "DELETED/None" after 5 second wait
2025-04-04 03:33:43.124 69706 WARNING tempest.lib.common.ssh [-] Failed to establish authenticated ssh connection to cirros@10.180.180.250 ([Errno None] Unable to connect to port 22 on 10.180.180.250). Number attempts: 3. Retry after 4 seconds.: paramiko.ssh_exception.NoValidConnectionsError: [Errno None] Unable to connect to port 22 on 10.180.180.250
2025-04-04 03:33:43.134 69704 INFO tempest.lib.common.rest_client [req-b7113903-af41-40eb-b453-4ca3023c23ea req-b7113903-af41-40eb-b453-4ca3023c23ea ] Request (AttachVolumeTestJSON:test_attach_detach_volume): 200 GET http://10.180.1.21/compute/v2.1/servers/12166253-9d0a-4ffa-ba27-4ff6e783d0ab 0.048s
2025-04-04 03:33:43.141 69704 INFO tempest.common.waiters [-] State transition "BUILD/scheduling" ==> "BUILD/None" after 38 second wait
2025-04-04 03:33:43.155 69736 INFO tempest.lib.common.rest_client [req-bf0a88bd-8038-4c4f-859c-cdd736d5f3df req-bf0a88bd-8038-4c4f-859c-cdd736d5f3df ] Request (ServerTagsTestJSON:tearDownClass): 200 GET http://10.180.1.21/compute/v2.1/servers/849e17e3-3933-49e5-a564-2afe368d7fc2 0.056s
2025-04-04 03:33:43.186 69710 INFO tempest.lib.common.rest_client [req-96edff92-4865-4c53-8444-473b46597d2a req-96edff92-4865-4c53-8444-473b46597d2a ] Request (MigrationsAdminTest:test_resize_server_revert_deleted_flavor): 200 GET http://10.180.1.21/compute/v2.1/servers/99e521a6-b45b-401f-9c18-9f05f8198e4c 0.052s
2025-04-04 03:33:43.264 69722 INFO tempest.lib.common.rest_client [req-71f9e320-e526-42be-96f0-858372762f8e req-71f9e320-e526-42be-96f0-858372762f8e ] Request (AttachInterfacesV270Test:test_create_get_list_interfaces): 200 GET http://10.180.1.21/compute/v2.1/servers/e166ce10-33aa-499e-9020-1ecafc6c8cef 0.053s
2025-04-04 03:33:43.314 69724 INFO tempest.lib.common.rest_client [req-3faf433e-f44b-446c-959f-f1199bbc37ff req-3faf433e-f44b-446c-959f-f1199bbc37ff ] Request (ServerDiskConfigTestJSON:test_rebuild_server_with_auto_disk_config): 200 GET http://10.180.1.21/compute/v2.1/servers/c4ba7142-b548-498b-a11e-e62919e3aece 0.050s
2025-04-04 03:33:43.429 69712 INFO tempest.lib.common.rest_client [req-adbe8470-fc80-45fc-a1fd-c12fb589ad6c req-adbe8470-fc80-45fc-a1fd-c12fb589ad6c ] Request (ServerDiagnosticsV248Test:tearDownClass): 200 GET http://10.180.1.21/compute/v2.1/servers/7999266e-8690-4570-a9c2-f5251c4ed2f4 0.068s
2025-04-04 03:33:43.445 69688 WARNING tempest.lib.common.ssh [-] Failed to establish authenticated ssh connection to cirros@10.180.180.141 ([Errno None] Unable to connect to port 22 on 10.180.180.141). Number attempts: 2. Retry after 3 seconds.: paramiko.ssh_exception.NoValidConnectionsError: [Errno None] Unable to connect to port 22 on 10.180.180.141
2025-04-04 03:33:43.481 69686 INFO tempest.lib.common.rest_client [req-a9a01dd1-4037-4c44-a07b-ccf006515243 req-a9a01dd1-4037-4c44-a07b-ccf006515243 ] Request (ServerDiagnosticsNegativeTest:test_get_server_diagnostics_by_non_admin): 200 GET http://10.180.1.21/compute/v2.1/servers/8531106f-854e-475d-9cb3-83e2890d3493 0.054s
2025-04-04 03:33:43.553 69684 INFO tempest.lib.common.rest_client [req-bbe0e8bf-8f8d-4a75-aceb-eb05cde79f3b req-bbe0e8bf-8f8d-4a75-aceb-eb05cde79f3b ] Request (ServersAdminTestJSON:setUpClass): 200 GET http://10.180.1.21/compute/v2.1/servers/9fe6816e-c62f-4eeb-9ed5-d2209686ddd8 0.056s
2025-04-04 03:33:43.560 69728 INFO tempest.lib.common.rest_client [req-3a313767-e3e1-46ac-a8e0-21c2892c1322 req-3a313767-e3e1-46ac-a8e0-21c2892c1322 ] Request (ServersNegativeTestMultiTenantJSON:setUpClass): 200 GET http://10.180.1.21/compute/v2.1/servers/0522f326-22ac-488f-9cc0-ee573eedefa9 0.051s
2025-04-04 03:33:43.607 69730 INFO tempest.lib.common.rest_client [req-b6f1f082-2210-444f-9317-f4035c219082 req-b6f1f082-2210-444f-9317-f4035c219082 ] Request (FloatingIPsAssociationTestJSON:setUpClass): 200 GET http://10.180.1.21/compute/v2.1/servers/00f771da-7432-42cc-85d2-1eb1aa119e2f 0.049s
2025-04-04 03:33:43.610 69732 INFO tempest.lib.common.rest_client [req-26a0663d-b88b-4b74-916e-9b69d25208e2 req-26a0663d-b88b-4b74-916e-9b69d25208e2 ] Request (ServerGroupTestJSON:test_create_server_with_scheduler_hint_group): 200 GET http://10.180.1.21/compute/v2.1/servers/a0de6319-99fe-4420-b042-6eea50509327 0.046s
2025-04-04 03:33:43.637 69698 WARNING tempest.lib.common.ssh [-] Failed to establish authenticated ssh connection to cirros@10.180.180.234 ([Errno None] Unable to connect to port 22 on 10.180.180.234). Number attempts: 8. Retry after 9 seconds.: paramiko.ssh_exception.NoValidConnectionsError: [Errno None] Unable to connect to port 22 on 10.180.180.234
2025-04-04 03:33:43.690 69690 INFO tempest.lib.common.rest_client [req-41001ec3-3d0c-4ddc-8d80-32246f962616 req-41001ec3-3d0c-4ddc-8d80-32246f962616 ] Request (AttachInterfacesTestJSON:_run_cleanups): 200 GET http://10.180.1.21/compute/v2.1/servers/53cb2fdd-0478-426e-a4e0-e5cf24fffa2a 0.057s
2025-04-04 03:33:43.735 69694 INFO tempest.lib.common.rest_client [req-cc0eb0fd-bb9a-4bec-b7e1-dee73e12c316 req-cc0eb0fd-bb9a-4bec-b7e1-dee73e12c316 ] Request (ListImageFiltersTestJSON:setUpClass): 200 GET http://10.180.1.21/compute/v2.1/servers/b215212d-8db4-423d-9bf6-8480037708a5 0.046s
2025-04-04 03:33:43.747 69718 INFO tempest.lib.common.rest_client [req-23f40aa5-0221-4ea3-b20a-42f20ccbc6c9 req-23f40aa5-0221-4ea3-b20a-42f20ccbc6c9 ] Request (ImagesOneServerTestJSON:tearDownClass): 200 GET http://10.180.1.21/compute/v2.1/servers/d0af16e1-ef91-409d-af71-2c57bd1c4aef 0.062s
2025-04-04 03:33:43.764 69700 WARNING tempest.lib.common.ssh [-] Failed to establish authenticated ssh connection to cirros@10.180.180.170 ([Errno None] Unable to connect to port 22 on 10.180.180.170). Number attempts: 3. Retry after 4 seconds.: paramiko.ssh_exception.NoValidConnectionsError: [Errno None] Unable to connect to port 22 on 10.180.180.170
2025-04-04 03:33:43.784 69734 INFO tempest.lib.common.rest_client [req-1e197284-d6a4-4414-9fa1-6d4e9d6151f1 req-1e197284-d6a4-4414-9fa1-6d4e9d6151f1 ] Request (ServerMetadataTestJSON:setUpClass): 200 GET http://10.180.1.21/compute/v2.1/servers/bf3bce53-2116-4cf1-bf48-035851ed563e 0.051s
2025-04-04 03:33:43.804 69696 INFO tempest.lib.common.rest_client [req-9e9aae4b-d704-42f3-8e5d-77a4296ee836 req-9e9aae4b-d704-42f3-8e5d-77a4296ee836 ] Request (SecurityGroupsTestJSON:test_server_security_groups): 200 GET http://10.180.1.21/compute/v2.1/servers/606f0211-32d3-4fdf-8c4d-dd5879db98a6 0.064s
2025-04-04 03:33:43.856 69720 INFO tempest.lib.common.rest_client [req-3b00285a-62bb-4411-b570-19f38cd521b5 req-3b00285a-62bb-4411-b570-19f38cd521b5 ] Request (ServerAddressesTestJSON:tearDownClass): 200 GET http://10.180.1.21/compute/v2.1/servers/0a93f224-a989-4320-924b-4ebe511df638 0.060s
2025-04-04 03:33:43.989 69702 INFO tempest.lib.common.rest_client [req-036a7423-8840-4125-a533-03f1871a09ce req-036a7423-8840-4125-a533-03f1871a09ce ] Request (TenantUsagesTestJSON:setUpClass): 200 GET http://10.180.1.21/compute/v2.1/servers/c6ebf8b9-b4d9-43e3-ac3c-be57592805a9 0.101s
2025-04-04 03:33:44.050 69743 INFO tempest.lib.common.rest_client [req-9ee7bdf3-e0ba-4af3-b622-660348cfeeb0 req-9ee7bdf3-e0ba-4af3-b622-660348cfeeb0 ] Request (ImagesTestJSON:test_create_image_from_suspended_server): 200 GET http://10.180.1.21/compute/v2.1/servers/c473f1f3-31a5-4caf-a424-71871bbaa28e 0.224s
2025-04-04 03:33:44.113 69740 INFO tempest.lib.common.rest_client [req-4a901d48-7aee-42de-9a57-9e7aa6c64e92 req-4a901d48-7aee-42de-9a57-9e7aa6c64e92 ] Request (ListServersNegativeTestJSON:tearDownClass): 200 GET http://10.180.1.21/compute/v2.1/servers/7a67b10b-2d73-4a7c-a30a-2be123c42a30 0.064s
2025-04-04 03:33:44.140 69726 INFO tempest.lib.common.rest_client [req-4e1457f4-5a14-485e-b2c5-214f28c6010d req-4e1457f4-5a14-485e-b2c5-214f28c6010d ] Request (DeleteServersAdminTestJSON:test_delete_server_while_in_error_state): 200 GET http://10.180.1.21/compute/v2.1/servers/bd77f6de-9aa7-4bdf-bf9b-9bd935bc966a 0.096s
2025-04-04 03:33:44.193 69704 INFO tempest.lib.common.rest_client [req-1cbbd8ed-2263-4c13-a3d6-4560425aa7dd req-1cbbd8ed-2263-4c13-a3d6-4560425aa7dd ] Request (AttachVolumeTestJSON:test_attach_detach_volume): 200 GET http://10.180.1.21/compute/v2.1/servers/12166253-9d0a-4ffa-ba27-4ff6e783d0ab 0.051s
2025-04-04 03:33:44.226 69736 INFO tempest.lib.common.rest_client [req-94f780a9-f997-4ea6-81af-3f7e2b19693a req-94f780a9-f997-4ea6-81af-3f7e2b19693a ] Request (ServerTagsTestJSON:tearDownClass): 200 GET http://10.180.1.21/compute/v2.1/servers/849e17e3-3933-49e5-a564-2afe368d7fc2 0.062s
2025-04-04 03:33:44.243 69710 INFO tempest.lib.common.rest_client [req-ac760cbe-2acd-4d26-a7d5-5ada65e9fb39 req-ac760cbe-2acd-4d26-a7d5-5ada65e9fb39 ] Request (MigrationsAdminTest:test_resize_server_revert_deleted_flavor): 200 GET http://10.180.1.21/compute/v2.1/servers/99e521a6-b45b-401f-9c18-9f05f8198e4c 0.050s
2025-04-04 03:33:44.276 69716 WARNING tempest.lib.common.ssh [-] Failed to establish authenticated ssh connection to cirros@10.180.180.246 ([Errno None] Unable to connect to port 22 on 10.180.180.246). Number attempts: 6. Retry after 7 seconds.: paramiko.ssh_exception.NoValidConnectionsError: [Errno None] Unable to connect to port 22 on 10.180.180.246
2025-04-04 03:33:44.327 69722 INFO tempest.lib.common.rest_client [req-6f3d6b2e-a6ce-42d6-b047-544244c46df4 req-6f3d6b2e-a6ce-42d6-b047-544244c46df4 ] Request (AttachInterfacesV270Test:test_create_get_list_interfaces): 200 GET http://10.180.1.21/compute/v2.1/servers/e166ce10-33aa-499e-9020-1ecafc6c8cef 0.051s
2025-04-04 03:33:44.368 69724 INFO tempest.lib.common.rest_client [req-28f3a4f4-3b1f-491e-813e-3827378adc51 req-28f3a4f4-3b1f-491e-813e-3827378adc51 ] Request (ServerDiskConfigTestJSON:test_rebuild_server_with_auto_disk_config): 200 GET http://10.180.1.21/compute/v2.1/servers/c4ba7142-b548-498b-a11e-e62919e3aece 0.048s
2025-04-04 03:33:44.501 69712 INFO tempest.lib.common.rest_client [req-50ec8ed3-62b8-41d0-bda8-5d7cb8f0fee8 req-50ec8ed3-62b8-41d0-bda8-5d7cb8f0fee8 ] Request (ServerDiagnosticsV248Test:tearDownClass): 200 GET http://10.180.1.21/compute/v2.1/servers/7999266e-8690-4570-a9c2-f5251c4ed2f4 0.059s
2025-04-04 03:33:44.544 69686 INFO tempest.lib.common.rest_client [req-f2580aa1-8309-4729-a0aa-9dd8d48b6b11 req-f2580aa1-8309-4729-a0aa-9dd8d48b6b11 ] Request (ServerDiagnosticsNegativeTest:test_get_server_diagnostics_by_non_admin): 200 GET http://10.180.1.21/compute/v2.1/servers/8531106f-854e-475d-9cb3-83e2890d3493 0.054s
2025-04-04 03:33:44.620 69684 INFO tempest.lib.common.rest_client [req-1aa62895-c709-4046-93da-5ebe10e24c5c req-1aa62895-c709-4046-93da-5ebe10e24c5c ] Request (ServersAdminTestJSON:setUpClass): 200 GET http://10.180.1.21/compute/v2.1/servers/9fe6816e-c62f-4eeb-9ed5-d2209686ddd8 0.059s
2025-04-04 03:33:44.625 69728 INFO tempest.lib.common.rest_client [req-e22a7874-1aaf-448c-8998-0f29d51f7bea req-e22a7874-1aaf-448c-8998-0f29d51f7bea ] Request (ServersNegativeTestMultiTenantJSON:setUpClass): 200 GET http://10.180.1.21/compute/v2.1/servers/0522f326-22ac-488f-9cc0-ee573eedefa9 0.057s
2025-04-04 03:33:44.675 69732 INFO tempest.lib.common.rest_client [req-f77a47d6-eb91-4c11-9a39-8db5f3f2ed4c req-f77a47d6-eb91-4c11-9a39-8db5f3f2ed4c ] Request (ServerGroupTestJSON:test_create_server_with_scheduler_hint_group): 200 GET http://10.180.1.21/compute/v2.1/servers/a0de6319-99fe-4420-b042-6eea50509327 0.057s
2025-04-04 03:33:44.685 69730 INFO tempest.lib.common.rest_client [req-8e0859ab-bd43-4c1b-86b4-4062001646be req-8e0859ab-bd43-4c1b-86b4-4062001646be ] Request (FloatingIPsAssociationTestJSON:setUpClass): 200 GET http://10.180.1.21/compute/v2.1/servers/00f771da-7432-42cc-85d2-1eb1aa119e2f 0.069s
2025-04-04 03:33:44.761 69690 INFO tempest.lib.common.rest_client [req-5b6199c5-2122-4378-b870-e87dd97fd182 req-5b6199c5-2122-4378-b870-e87dd97fd182 ] Request (AttachInterfacesTestJSON:_run_cleanups): 200 GET http://10.180.1.21/compute/v2.1/servers/53cb2fdd-0478-426e-a4e0-e5cf24fffa2a 0.063s
2025-04-04 03:33:44.826 69718 INFO tempest.lib.common.rest_client [req-ee43785c-8efc-4add-878f-7edee91bc521 req-ee43785c-8efc-4add-878f-7edee91bc521 ] Request (ImagesOneServerTestJSON:tearDownClass): 200 GET http://10.180.1.21/compute/v2.1/servers/d0af16e1-ef91-409d-af71-2c57bd1c4aef 0.070s
2025-04-04 03:33:44.841 69694 INFO tempest.lib.common.rest_client [req-db8cdd72-d222-42c9-9aec-696247775d34 req-db8cdd72-d222-42c9-9aec-696247775d34 ] Request (ListImageFiltersTestJSON:setUpClass): 200 GET http://10.180.1.21/compute/v2.1/servers/b215212d-8db4-423d-9bf6-8480037708a5 0.098s
2025-04-04 03:33:44.847 69694 INFO tempest.common.waiters [-] State transition "BUILD/None" ==> "BUILD/networking" after 49 second wait
2025-04-04 03:33:44.885 69734 INFO tempest.lib.common.rest_client [req-8e90a456-d392-440a-a3c8-1f03cd134df2 req-8e90a456-d392-440a-a3c8-1f03cd134df2 ] Request (ServerMetadataTestJSON:setUpClass): 200 GET http://10.180.1.21/compute/v2.1/servers/bf3bce53-2116-4cf1-bf48-035851ed563e 0.090s
2025-04-04 03:33:44.908 69696 INFO tempest.lib.common.rest_client [req-d714d858-8c02-433c-8113-4bf2f894796f req-d714d858-8c02-433c-8113-4bf2f894796f ] Request (SecurityGroupsTestJSON:test_server_security_groups): 200 GET http://10.180.1.21/compute/v2.1/servers/606f0211-32d3-4fdf-8c4d-dd5879db98a6 0.094s
2025-04-04 03:33:44.955 69720 INFO tempest.lib.common.rest_client [req-851bb46c-a3b4-422f-90fc-585492c98b27 req-851bb46c-a3b4-422f-90fc-585492c98b27 ] Request (ServerAddressesTestJSON:tearDownClass): 200 GET http://10.180.1.21/compute/v2.1/servers/0a93f224-a989-4320-924b-4ebe511df638 0.090s
2025-04-04 03:33:45.086 69702 INFO tempest.lib.common.rest_client [req-6fe6cfdb-a8e9-4003-9514-18bfbd2d2e0e req-6fe6cfdb-a8e9-4003-9514-18bfbd2d2e0e ] Request (TenantUsagesTestJSON:setUpClass): 200 GET http://10.180.1.21/compute/v2.1/servers/c6ebf8b9-b4d9-43e3-ac3c-be57592805a9 0.090s
2025-04-04 03:33:45.168 69743 INFO tempest.lib.common.rest_client [req-3d5e3f6b-6f26-43d8-8f12-511fc8180492 req-3d5e3f6b-6f26-43d8-8f12-511fc8180492 ] Request (ImagesTestJSON:test_create_image_from_suspended_server): 200 GET http://10.180.1.21/compute/v2.1/servers/c473f1f3-31a5-4caf-a424-71871bbaa28e 0.108s
2025-04-04 03:33:45.175 69743 INFO tempest.common.waiters [-] State transition "ACTIVE/suspending" ==> "SUSPENDED/None" after 3 second wait
2025-04-04 03:33:45.195 69740 INFO tempest.lib.common.rest_client [req-2cc6b44d-ce10-4eff-a4b0-7bc7c4ebbaa7 req-2cc6b44d-ce10-4eff-a4b0-7bc7c4ebbaa7 ] Request (ListServersNegativeTestJSON:tearDownClass): 200 GET http://10.180.1.21/compute/v2.1/servers/7a67b10b-2d73-4a7c-a30a-2be123c42a30 0.073s
2025-04-04 03:33:45.289 69726 INFO tempest.lib.common.rest_client [req-8393585e-1896-40c3-89b9-3712e70d708b req-8393585e-1896-40c3-89b9-3712e70d708b ] Request (DeleteServersAdminTestJSON:test_delete_server_while_in_error_state): 200 GET http://10.180.1.21/compute/v2.1/servers/bd77f6de-9aa7-4bdf-bf9b-9bd935bc966a 0.141s
2025-04-04 03:33:45.297 69726 INFO tempest.common.waiters [-] State transition "BUILD/spawning" ==> "ACTIVE/None" after 59 second wait
2025-04-04 03:33:45.338 69704 INFO tempest.lib.common.rest_client [req-aa935eaf-c732-471d-b884-e91d87965c5d req-aa935eaf-c732-471d-b884-e91d87965c5d ] Request (AttachVolumeTestJSON:test_attach_detach_volume): 200 GET http://10.180.1.21/compute/v2.1/servers/12166253-9d0a-4ffa-ba27-4ff6e783d0ab 0.137s
2025-04-04 03:33:45.398 69736 INFO tempest.lib.common.rest_client [req-5c2f7aff-4e7b-4c11-95dc-872e033f2377 req-5c2f7aff-4e7b-4c11-95dc-872e033f2377 ] Request (ServerTagsTestJSON:tearDownClass): 200 GET http://10.180.1.21/compute/v2.1/servers/849e17e3-3933-49e5-a564-2afe368d7fc2 0.160s
2025-04-04 03:33:45.443 69710 INFO tempest.lib.common.rest_client [req-35784df2-a3d5-4ef7-9062-fbf21c98ba7d req-35784df2-a3d5-4ef7-9062-fbf21c98ba7d ] Request (MigrationsAdminTest:test_resize_server_revert_deleted_flavor): 200 GET http://10.180.1.21/compute/v2.1/servers/99e521a6-b45b-401f-9c18-9f05f8198e4c 0.192s
2025-04-04 03:33:45.496 69726 INFO tempest.lib.common.rest_client [req-db03abc5-ecf4-40c1-b6d1-6b483cfc0da3 req-db03abc5-ecf4-40c1-b6d1-6b483cfc0da3 ] Request (DeleteServersAdminTestJSON:test_delete_server_while_in_error_state): 202 POST http://10.180.1.21/compute/v2.1/servers/bd77f6de-9aa7-4bdf-bf9b-9bd935bc966a/action 0.198s
2025-04-04 03:33:45.543 69722 INFO tempest.lib.common.rest_client [req-4e6bbab8-9503-46f7-8106-6389c8a5cd71 req-4e6bbab8-9503-46f7-8106-6389c8a5cd71 ] Request (AttachInterfacesV270Test:test_create_get_list_interfaces): 200 GET http://10.180.1.21/compute/v2.1/servers/e166ce10-33aa-499e-9020-1ecafc6c8cef 0.207s
2025-04-04 03:33:45.592 69743 INFO tempest.lib.common.rest_client [req-24a8e7d8-91d1-42df-93d7-a088fca7394b req-24a8e7d8-91d1-42df-93d7-a088fca7394b ] Request (ImagesTestJSON:test_create_image_from_suspended_server): 202 POST http://10.180.1.21/compute/v2.1/servers/c473f1f3-31a5-4caf-a424-71871bbaa28e/action 0.416s
2025-04-04 03:33:45.602 69724 INFO tempest.lib.common.rest_client [req-998bdd1d-0504-45f4-811f-edd478949e06 req-998bdd1d-0504-45f4-811f-edd478949e06 ] Request (ServerDiskConfigTestJSON:test_rebuild_server_with_auto_disk_config): 200 GET http://10.180.1.21/compute/v2.1/servers/c4ba7142-b548-498b-a11e-e62919e3aece 0.226s
2025-04-04 03:33:45.670 69712 INFO tempest.lib.common.rest_client [req-e579e02e-7c8e-48ff-9b26-085f445be857 req-e579e02e-7c8e-48ff-9b26-085f445be857 ] Request (ServerDiagnosticsV248Test:tearDownClass): 200 GET http://10.180.1.21/compute/v2.1/servers/7999266e-8690-4570-a9c2-f5251c4ed2f4 0.158s
2025-04-04 03:33:45.714 69726 INFO tempest.lib.common.rest_client [req-9000a44a-2043-494c-87dd-8a11ba3eaba7 req-9000a44a-2043-494c-87dd-8a11ba3eaba7 ] Request (DeleteServersAdminTestJSON:test_delete_server_while_in_error_state): 200 GET http://10.180.1.21/compute/v2.1/servers/bd77f6de-9aa7-4bdf-bf9b-9bd935bc966a 0.218s
2025-04-04 03:33:45.720 69686 INFO tempest.lib.common.rest_client [req-a7511839-9540-4c06-817a-fee1c856032c req-a7511839-9540-4c06-817a-fee1c856032c ] Request (ServerDiagnosticsNegativeTest:test_get_server_diagnostics_by_non_admin): 200 GET http://10.180.1.21/compute/v2.1/servers/8531106f-854e-475d-9cb3-83e2890d3493 0.167s
2025-04-04 03:33:45.748 69743 INFO tempest.lib.common.rest_client [req-63081eab-6241-4f29-83c4-42fb873bcc20 req-63081eab-6241-4f29-83c4-42fb873bcc20 ] Request (ImagesTestJSON:test_create_image_from_suspended_server): 200 GET http://10.180.1.21/compute/v2.1/images/373f8186-99f4-4470-bc6a-f8dfc20d6d52 0.154s
2025-04-04 03:33:45.772 69684 INFO tempest.lib.common.rest_client [req-643a4ab1-e762-4732-a73f-9038353090e6 req-643a4ab1-e762-4732-a73f-9038353090e6 ] Request (ServersAdminTestJSON:setUpClass): 200 GET http://10.180.1.21/compute/v2.1/servers/9fe6816e-c62f-4eeb-9ed5-d2209686ddd8 0.143s
2025-04-04 03:33:45.803 69728 INFO tempest.lib.common.rest_client [req-c22f9500-7111-4e3b-80d9-edf371f3cfa0 req-c22f9500-7111-4e3b-80d9-edf371f3cfa0 ] Request (ServersNegativeTestMultiTenantJSON:setUpClass): 200 GET http://10.180.1.21/compute/v2.1/servers/0522f326-22ac-488f-9cc0-ee573eedefa9 0.166s
2025-04-04 03:33:45.822 69732 INFO tempest.lib.common.rest_client [req-1b9cc25f-daf7-488e-a8eb-b033bf6b7258 req-1b9cc25f-daf7-488e-a8eb-b033bf6b7258 ] Request (ServerGroupTestJSON:test_create_server_with_scheduler_hint_group): 200 GET http://10.180.1.21/compute/v2.1/servers/a0de6319-99fe-4420-b042-6eea50509327 0.137s
2025-04-04 03:33:45.856 69730 INFO tempest.lib.common.rest_client [req-e353d826-52ec-419a-8cab-dc68ae174936 req-e353d826-52ec-419a-8cab-dc68ae174936 ] Request (FloatingIPsAssociationTestJSON:setUpClass): 200 GET http://10.180.1.21/compute/v2.1/servers/00f771da-7432-42cc-85d2-1eb1aa119e2f 0.164s
2025-04-04 03:33:45.919 69690 INFO tempest.lib.common.rest_client [req-5dd261c8-4765-4f95-ae54-76b126434707 req-5dd261c8-4765-4f95-ae54-76b126434707 ] Request (AttachInterfacesTestJSON:_run_cleanups): 200 GET http://10.180.1.21/compute/v2.1/servers/53cb2fdd-0478-426e-a4e0-e5cf24fffa2a 0.148s
2025-04-04 03:33:45.975 69718 INFO tempest.lib.common.rest_client [req-fe8a4e75-5b63-4589-8692-c961917b8a61 req-fe8a4e75-5b63-4589-8692-c961917b8a61 ] Request (ImagesOneServerTestJSON:tearDownClass): 200 GET http://10.180.1.21/compute/v2.1/servers/d0af16e1-ef91-409d-af71-2c57bd1c4aef 0.141s
2025-04-04 03:33:46.091 69694 INFO tempest.lib.common.rest_client [req-87e1e738-38f3-4973-8095-93fe375fcf6b req-87e1e738-38f3-4973-8095-93fe375fcf6b ] Request (ListImageFiltersTestJSON:setUpClass): 200 GET http://10.180.1.21/compute/v2.1/servers/b215212d-8db4-423d-9bf6-8480037708a5 0.242s
2025-04-04 03:33:46.097 69694 INFO tempest.common.waiters [-] State transition "BUILD/networking" ==> "BUILD/spawning" after 51 second wait
2025-04-04 03:33:46.116 69726 INFO tempest.lib.common.rest_client [req-add826fa-dc2d-4f52-8c3b-59e0533c38f4 req-add826fa-dc2d-4f52-8c3b-59e0533c38f4 ] Request (DeleteServersAdminTestJSON:test_delete_server_while_in_error_state): 204 DELETE http://10.180.1.21/compute/v2.1/servers/bd77f6de-9aa7-4bdf-bf9b-9bd935bc966a 0.394s
2025-04-04 03:33:46.142 69734 INFO tempest.lib.common.rest_client [req-04e99b40-f3a1-40dd-8aae-dba34b5be83b req-04e99b40-f3a1-40dd-8aae-dba34b5be83b ] Request (ServerMetadataTestJSON:setUpClass): 200 GET http://10.180.1.21/compute/v2.1/servers/bf3bce53-2116-4cf1-bf48-035851ed563e 0.247s
2025-04-04 03:33:46.165 69696 INFO tempest.lib.common.rest_client [req-a91b467f-fe46-4dad-a1c3-d3b18ebfde99 req-a91b467f-fe46-4dad-a1c3-d3b18ebfde99 ] Request (SecurityGroupsTestJSON:test_server_security_groups): 200 GET http://10.180.1.21/compute/v2.1/servers/606f0211-32d3-4fdf-8c4d-dd5879db98a6 0.245s
2025-04-04 03:33:46.199 69720 INFO tempest.lib.common.rest_client [req-9bab1748-7bce-4be5-8e0a-13b223192675 req-9bab1748-7bce-4be5-8e0a-13b223192675 ] Request (ServerAddressesTestJSON:tearDownClass): 200 GET http://10.180.1.21/compute/v2.1/servers/0a93f224-a989-4320-924b-4ebe511df638 0.236s
2025-04-04 03:33:46.272 69702 INFO tempest.lib.common.rest_client [req-cdc1a2b5-47c0-401f-ac23-42835ae540d7 req-cdc1a2b5-47c0-401f-ac23-42835ae540d7 ] Request (TenantUsagesTestJSON:setUpClass): 200 GET http://10.180.1.21/compute/v2.1/servers/c6ebf8b9-b4d9-43e3-ac3c-be57592805a9 0.178s
2025-04-04 03:33:46.295 69726 INFO tempest.lib.common.rest_client [req-792b87cc-0075-400f-b7c0-d571631269fc req-792b87cc-0075-400f-b7c0-d571631269fc ] Request (DeleteServersAdminTestJSON:test_delete_server_while_in_error_state): 200 GET http://10.180.1.21/compute/v2.1/servers/bd77f6de-9aa7-4bdf-bf9b-9bd935bc966a 0.178s
2025-04-04 03:33:46.334 69740 INFO tempest.lib.common.rest_client [req-1cfbacc1-9f1c-417b-a5ee-bff9537684a8 req-1cfbacc1-9f1c-417b-a5ee-bff9537684a8 ] Request (ListServersNegativeTestJSON:tearDownClass): 200 GET http://10.180.1.21/compute/v2.1/servers/7a67b10b-2d73-4a7c-a30a-2be123c42a30 0.131s
2025-04-04 03:33:46.404 69704 INFO tempest.lib.common.rest_client [req-43bd5fcf-0cc7-4fdd-9562-dd22570c3452 req-43bd5fcf-0cc7-4fdd-9562-dd22570c3452 ] Request (AttachVolumeTestJSON:test_attach_detach_volume): 200 GET http://10.180.1.21/compute/v2.1/servers/12166253-9d0a-4ffa-ba27-4ff6e783d0ab 0.054s
2025-04-04 03:33:46.471 69736 INFO tempest.lib.common.rest_client [req-4c42aaf6-3a70-4f68-a81e-d23817fc02a9 req-4c42aaf6-3a70-4f68-a81e-d23817fc02a9 ] Request (ServerTagsTestJSON:tearDownClass): 200 GET http://10.180.1.21/compute/v2.1/servers/849e17e3-3933-49e5-a564-2afe368d7fc2 0.064s
2025-04-04 03:33:46.509 69710 INFO tempest.lib.common.rest_client [req-44253410-64ad-4e67-9d60-69fb4e668c8e req-44253410-64ad-4e67-9d60-69fb4e668c8e ] Request (MigrationsAdminTest:test_resize_server_revert_deleted_flavor): 200 GET http://10.180.1.21/compute/v2.1/servers/99e521a6-b45b-401f-9c18-9f05f8198e4c 0.059s
2025-04-04 03:33:46.608 69722 INFO tempest.lib.common.rest_client [req-ffa0046a-9ca1-4a75-ba64-a8aee4e05ce4 req-ffa0046a-9ca1-4a75-ba64-a8aee4e05ce4 ] Request (AttachInterfacesV270Test:test_create_get_list_interfaces): 200 GET http://10.180.1.21/compute/v2.1/servers/e166ce10-33aa-499e-9020-1ecafc6c8cef 0.055s
2025-04-04 03:33:46.663 69724 INFO tempest.lib.common.rest_client [req-166e0a4a-b1dc-4ea8-8bc0-303a7858ed3f req-166e0a4a-b1dc-4ea8-8bc0-303a7858ed3f ] Request (ServerDiskConfigTestJSON:test_rebuild_server_with_auto_disk_config): 200 GET http://10.180.1.21/compute/v2.1/servers/c4ba7142-b548-498b-a11e-e62919e3aece 0.052s
2025-04-04 03:33:46.672 69724 INFO tempest.common.waiters [-] State transition "BUILD/scheduling" ==> "BUILD/None" after 39 second wait
2025-04-04 03:33:46.741 69712 INFO tempest.lib.common.rest_client [req-53cacffb-97eb-4c33-93dd-fcdf165af428 req-53cacffb-97eb-4c33-93dd-fcdf165af428 ] Request (ServerDiagnosticsV248Test:tearDownClass): 200 GET http://10.180.1.21/compute/v2.1/servers/7999266e-8690-4570-a9c2-f5251c4ed2f4 0.061s
2025-04-04 03:33:46.776 69686 INFO tempest.lib.common.rest_client [req-55fd395e-e009-465d-9d57-75f27f868a75 req-55fd395e-e009-465d-9d57-75f27f868a75 ] Request (ServerDiagnosticsNegativeTest:test_get_server_diagnostics_by_non_admin): 200 GET http://10.180.1.21/compute/v2.1/servers/8531106f-854e-475d-9cb3-83e2890d3493 0.048s
2025-04-04 03:33:46.789 69743 INFO tempest.lib.common.rest_client [req-2dda82df-e7a8-4d88-b6e2-58e94a1ede10 req-2dda82df-e7a8-4d88-b6e2-58e94a1ede10 ] Request (ImagesTestJSON:test_create_image_from_suspended_server): 200 GET http://10.180.1.21/compute/v2.1/images/373f8186-99f4-4470-bc6a-f8dfc20d6d52 0.036s
2025-04-04 03:33:46.829 69684 INFO tempest.lib.common.rest_client [req-9e343057-6767-4885-846f-6502cfce45f8 req-9e343057-6767-4885-846f-6502cfce45f8 ] Request (ServersAdminTestJSON:setUpClass): 200 GET http://10.180.1.21/compute/v2.1/servers/9fe6816e-c62f-4eeb-9ed5-d2209686ddd8 0.049s
2025-04-04 03:33:46.861 69728 INFO tempest.lib.common.rest_client [req-120a1595-8995-485d-9c92-6b542bc7da6f req-120a1595-8995-485d-9c92-6b542bc7da6f ] Request (ServersNegativeTestMultiTenantJSON:setUpClass): 200 GET http://10.180.1.21/compute/v2.1/servers/0522f326-22ac-488f-9cc0-ee573eedefa9 0.050s
2025-04-04 03:33:46.879 69732 INFO tempest.lib.common.rest_client [req-3b14da97-1053-45bd-a400-9033f16ba179 req-3b14da97-1053-45bd-a400-9033f16ba179 ] Request (ServerGroupTestJSON:test_create_server_with_scheduler_hint_group): 200 GET http://10.180.1.21/compute/v2.1/servers/a0de6319-99fe-4420-b042-6eea50509327 0.048s
2025-04-04 03:33:46.912 69730 INFO tempest.lib.common.rest_client [req-754a662c-087c-44c6-9bc2-e26180ca3de3 req-754a662c-087c-44c6-9bc2-e26180ca3de3 ] Request (FloatingIPsAssociationTestJSON:setUpClass): 200 GET http://10.180.1.21/compute/v2.1/servers/00f771da-7432-42cc-85d2-1eb1aa119e2f 0.047s
2025-04-04 03:33:46.984 69690 INFO tempest.lib.common.rest_client [req-92881aca-33ef-462e-be48-0ef27f663c66 req-92881aca-33ef-462e-be48-0ef27f663c66 ] Request (AttachInterfacesTestJSON:_run_cleanups): 200 GET http://10.180.1.21/compute/v2.1/servers/53cb2fdd-0478-426e-a4e0-e5cf24fffa2a 0.055s
2025-04-04 03:33:47.011 69718 INFO tempest.lib.common.rest_client [req-9da02797-2ce7-4488-a38e-723241934a23 req-9da02797-2ce7-4488-a38e-723241934a23 ] Request (ImagesOneServerTestJSON:tearDownClass): 404 GET http://10.180.1.21/compute/v2.1/servers/d0af16e1-ef91-409d-af71-2c57bd1c4aef 0.023s
2025-04-04 03:33:47.190 69694 INFO tempest.lib.common.rest_client [req-3e82c65c-0e5d-4aa4-981f-31f69cc27ca7 req-3e82c65c-0e5d-4aa4-981f-31f69cc27ca7 ] Request (ListImageFiltersTestJSON:setUpClass): 200 GET http://10.180.1.21/compute/v2.1/servers/b215212d-8db4-423d-9bf6-8480037708a5 0.091s
2025-04-04 03:33:47.216 69734 INFO tempest.lib.common.rest_client [req-12009ff6-2545-43f7-bb45-d10632288d62 req-12009ff6-2545-43f7-bb45-d10632288d62 ] Request (ServerMetadataTestJSON:setUpClass): 200 GET http://10.180.1.21/compute/v2.1/servers/bf3bce53-2116-4cf1-bf48-035851ed563e 0.066s
2025-04-04 03:33:47.239 69696 INFO tempest.lib.common.rest_client [req-f3486241-f777-46f2-b75a-6c460564b083 req-f3486241-f777-46f2-b75a-6c460564b083 ] Request (SecurityGroupsTestJSON:test_server_security_groups): 200 GET http://10.180.1.21/compute/v2.1/servers/606f0211-32d3-4fdf-8c4d-dd5879db98a6 0.063s
2025-04-04 03:33:47.277 69720 INFO tempest.lib.common.rest_client [req-954d205b-d8aa-4db8-a861-8101ac4e17d9 req-954d205b-d8aa-4db8-a861-8101ac4e17d9 ] Request (ServerAddressesTestJSON:tearDownClass): 200 GET http://10.180.1.21/compute/v2.1/servers/0a93f224-a989-4320-924b-4ebe511df638 0.068s
2025-04-04 03:33:47.284 69714 WARNING tempest.lib.common.ssh [-] Failed to establish authenticated ssh connection to cirros@10.180.180.172 ([Errno None] Unable to connect to port 22 on 10.180.180.172). Number attempts: 7. Retry after 8 seconds.: paramiko.ssh_exception.NoValidConnectionsError: [Errno None] Unable to connect to port 22 on 10.180.180.172
