2025-04-04 03:32:11.384 69702 INFO tempest.lib.common.rest_client [req-f4aa2067-9055-459f-8c00-0184701405a5 req-f4aa2067-9055-459f-8c00-0184701405a5 ] Request (NetworksTest:setUpClass): 204 PUT http://10.180.1.21/identity/v3/projects/c507034adba24623b3bf5626e30d7fa0/users/6b30a3489ed64922b2d2427ce749ff8f/roles/70b06c3c510f48c1b1496d64317971a1 0.053s
2025-04-04 03:32:11.384 69702 INFO tempest.lib.common.dynamic_creds [-] Dynamic test user 6b30a3489ed64922b2d2427ce749ff8f is created with scope project and roles: ['admin']
2025-04-04 03:32:11.385 69702 INFO tempest.lib.common.dynamic_creds [-] Acquired dynamic creds: credentials: Credentials: {'domain_id': 'default', 'domain_name': 'Default', 'username': 'tempest-NetworksTest-1918978965-project-admin', 'project_domain_id': 'default', 'project_domain_name': 'Default', 'project_id': 'c507034adba24623b3bf5626e30d7fa0', 'project_name': 'tempest-NetworksTest-1918978965', 'tenant_id': 'c507034adba24623b3bf5626e30d7fa0', 'tenant_name': 'tempest-NetworksTest-1918978965', 'user_domain_id': 'default', 'user_domain_name': 'Default', 'user_id': '6b30a3489ed64922b2d2427ce749ff8f', 'system': None}, Network: None, Subnet: None, Router: None
2025-04-04 03:32:11.385 69702 INFO tempest.lib.common.dynamic_creds [-] Created isolated network resources for: credentials: Credentials: {'domain_id': 'default', 'domain_name': 'Default', 'username': 'tempest-NetworksTest-1918978965-project-admin', 'project_domain_id': 'default', 'project_domain_name': 'Default', 'project_id': 'c507034adba24623b3bf5626e30d7fa0', 'project_name': 'tempest-NetworksTest-1918978965', 'tenant_id': 'c507034adba24623b3bf5626e30d7fa0', 'tenant_name': 'tempest-NetworksTest-1918978965', 'user_domain_id': 'default', 'user_domain_name': 'Default', 'user_id': '6b30a3489ed64922b2d2427ce749ff8f', 'system': None}, Network: None, Subnet: None, Router: None
2025-04-04 03:32:11.453 69700 INFO tempest.lib.common.rest_client [req-37494eb2-e2b7-4d3d-866d-06385c73af76 req-37494eb2-e2b7-4d3d-866d-06385c73af76 ] Request (HypervisorAdminNegativeUnderV252Test:setUpClass): 201 POST http://10.180.1.21/identity/v3/users 0.115s
2025-04-04 03:32:11.458 69702 INFO tempest.lib.common.rest_client [req-25bdcca3-5e20-4e92-984f-ab5af01b6a55 req-25bdcca3-5e20-4e92-984f-ab5af01b6a55 ] Request (NetworksTest:setUpClass): 201 POST http://10.180.1.21/identity/v3/auth/tokens 0.070s
2025-04-04 03:32:11.476 69700 INFO tempest.lib.common.rest_client [req-ff48f0c2-df0e-41e0-8501-969dfee7eecc req-ff48f0c2-df0e-41e0-8501-969dfee7eecc ] Request (HypervisorAdminNegativeUnderV252Test:setUpClass): 200 GET http://10.180.1.21/identity/v3/roles 0.023s
2025-04-04 03:32:11.499 69736 INFO tempest.lib.common.rest_client [req-6161d8f5-7785-4c9d-9dea-7f3bc7a1cebe req-6161d8f5-7785-4c9d-9dea-7f3bc7a1cebe ] Request (ServicesAdminTestJSON:tearDownClass): 204 DELETE http://10.180.1.21:9696/networking/v2.0/security-groups/ee5aa145-bde2-49c4-bb9d-f1fdf094f23f 0.208s
2025-04-04 03:32:11.505 69700 INFO tempest.lib.common.rest_client [req-7b68c6b5-3ce4-443d-b1d1-4e7737eabef9 req-7b68c6b5-3ce4-443d-b1d1-4e7737eabef9 ] Request (HypervisorAdminNegativeUnderV252Test:setUpClass): 204 PUT http://10.180.1.21/identity/v3/projects/07e7b5d12fc54a2c81be98576a0a6cf6/users/9949beba7a5649878e2f82c006390497/roles/70b06c3c510f48c1b1496d64317971a1 0.028s
2025-04-04 03:32:11.580 69700 INFO tempest.lib.common.rest_client [req-030230a9-e404-46de-b394-3f318a2c8548 req-030230a9-e404-46de-b394-3f318a2c8548 ] Request (HypervisorAdminNegativeUnderV252Test:setUpClass): 200 GET http://10.180.1.21/identity/v3/roles 0.075s
2025-04-04 03:32:11.604 69700 INFO tempest.lib.common.rest_client [req-a7885e9a-66cb-42f1-ba8a-a59c7da54a8b req-a7885e9a-66cb-42f1-ba8a-a59c7da54a8b ] Request (HypervisorAdminNegativeUnderV252Test:setUpClass): 204 PUT http://10.180.1.21/identity/v3/projects/07e7b5d12fc54a2c81be98576a0a6cf6/users/9949beba7a5649878e2f82c006390497/roles/70b06c3c510f48c1b1496d64317971a1 0.021s
2025-04-04 03:32:11.604 69700 INFO tempest.lib.common.dynamic_creds [-] Dynamic test user 9949beba7a5649878e2f82c006390497 is created with scope project and roles: ['admin']
2025-04-04 03:32:11.604 69700 INFO tempest.lib.common.dynamic_creds [-] Acquired dynamic creds: credentials: Credentials: {'domain_id': 'default', 'domain_name': 'Default', 'username': 'tempest-HypervisorAdminNegativeUnderV252Test-747301121-project-admin', 'project_domain_id': 'default', 'project_domain_name': 'Default', 'project_id': '07e7b5d12fc54a2c81be98576a0a6cf6', 'project_name': 'tempest-HypervisorAdminNegativeUnderV252Test-747301121', 'tenant_id': '07e7b5d12fc54a2c81be98576a0a6cf6', 'tenant_name': 'tempest-HypervisorAdminNegativeUnderV252Test-747301121', 'user_domain_id': 'default', 'user_domain_name': 'Default', 'user_id': '9949beba7a5649878e2f82c006390497', 'system': None}, Network: None, Subnet: None, Router: None
2025-04-04 03:32:11.604 69700 INFO tempest.lib.common.dynamic_creds [-] Created isolated network resources for: credentials: Credentials: {'domain_id': 'default', 'domain_name': 'Default', 'username': 'tempest-HypervisorAdminNegativeUnderV252Test-747301121-project-admin', 'project_domain_id': 'default', 'project_domain_name': 'Default', 'project_id': '07e7b5d12fc54a2c81be98576a0a6cf6', 'project_name': 'tempest-HypervisorAdminNegativeUnderV252Test-747301121', 'tenant_id': '07e7b5d12fc54a2c81be98576a0a6cf6', 'tenant_name': 'tempest-HypervisorAdminNegativeUnderV252Test-747301121', 'user_domain_id': 'default', 'user_domain_name': 'Default', 'user_id': '9949beba7a5649878e2f82c006390497', 'system': None}, Network: None, Subnet: None, Router: None
2025-04-04 03:32:11.632 69736 INFO tempest.lib.common.rest_client [req-962c2030-5caa-4ba3-8373-ad5afb6fd645 req-962c2030-5caa-4ba3-8373-ad5afb6fd645 ] Request (ServicesAdminTestJSON:tearDownClass): 204 DELETE http://10.180.1.21/identity/v3/projects/71613a0dd2a84d939a293ac5f946aaac 0.132s
2025-04-04 03:32:11.647 69720 INFO tempest.lib.common.rest_client [req-9d2ec356-4c6c-408b-bc28-d1d676dafd8d req-9d2ec356-4c6c-408b-bc28-d1d676dafd8d ] Request (ServerAddressesTestJSON:setUpClass): 201 POST http://10.180.1.21:9696/networking/v2.0/networks 0.620s
2025-04-04 03:32:11.691 69738 INFO tempest.lib.common.rest_client [req-8a693557-acda-4967-8a4f-0029edeb776c req-8a693557-acda-4967-8a4f-0029edeb776c ] Request (FloatingIPDetailsTestJSON:tearDownClass): 202 DELETE http://10.180.1.21/compute/v2.1/os-floating-ips/9f39773b-bb88-4856-9c7d-daad4fa4b30c 2.191s
2025-04-04 03:32:11.693 69700 INFO tempest.lib.common.rest_client [req-af1d6579-8e0a-487c-8f05-aa1e531a6283 req-af1d6579-8e0a-487c-8f05-aa1e531a6283 ] Request (HypervisorAdminNegativeUnderV252Test:setUpClass): 201 POST http://10.180.1.21/identity/v3/auth/tokens 0.084s
2025-04-04 03:32:11.702 69736 INFO tempest.lib.common.rest_client [req-56dd6940-3e92-480a-8f57-d44291c288b9 req-56dd6940-3e92-480a-8f57-d44291c288b9 ] Request (ServerTagsTestJSON:setUpClass): 201 POST http://10.180.1.21/identity/v3/auth/tokens 0.067s
2025-04-04 03:32:11.735 69736 INFO tempest.lib.common.rest_client [req-ee86f2dc-96b1-4bbc-95bf-84b26f859c44 req-ee86f2dc-96b1-4bbc-95bf-84b26f859c44 ] Request (ServerTagsTestJSON:setUpClass): 201 POST http://10.180.1.21/identity/v3/auth/tokens 0.031s
2025-04-04 03:32:11.768 69736 INFO tempest.lib.common.rest_client [req-5e0a1151-a049-4298-84f7-4d974e9ef4cc req-5e0a1151-a049-4298-84f7-4d974e9ef4cc ] Request (ServerTagsTestJSON:setUpClass): 200 GET http://10.180.1.21/identity/v3/domains?name=Default 0.032s
2025-04-04 03:32:11.774 69712 INFO tempest.lib.common.rest_client [req-4ac049c0-5fb4-40b1-8d07-cc5953accc02 req-4ac049c0-5fb4-40b1-8d07-cc5953accc02 ] Request (QuotasAdminTestJSON:tearDownClass): 204 DELETE http://10.180.1.21:9696/networking/v2.0/security-groups/c5da665a-0a80-49f5-ae6b-917ebb318510 0.489s
2025-04-04 03:32:11.797 69736 INFO tempest.lib.common.rest_client [req-a5943be3-1b3a-4666-bec6-d7336864a687 req-a5943be3-1b3a-4666-bec6-d7336864a687 ] Request (ServerTagsTestJSON:setUpClass): 201 POST http://10.180.1.21/identity/v3/projects 0.029s
2025-04-04 03:32:11.848 69712 INFO tempest.lib.common.rest_client [req-3313356d-fa70-4110-bacc-c24766ebbe8b req-3313356d-fa70-4110-bacc-c24766ebbe8b ] Request (QuotasAdminTestJSON:tearDownClass): 204 DELETE http://10.180.1.21/identity/v3/projects/2a7189bb1c3f478a986c60c03e5ee0b2 0.073s
2025-04-04 03:32:11.848 69712 INFO tempest.lib.common.dynamic_creds [-] Deleting project and security group for project: 51ced9e634314463b498a5d80040340d
2025-04-04 03:32:11.897 69696 INFO tempest.lib.common.rest_client [req-60876f8d-b9d5-4c07-ad4a-160092858196 req-60876f8d-b9d5-4c07-ad4a-160092858196 ] Request (SecurityGroupsTestJSON:test_list_security_groups_by_server): 200 POST http://10.180.1.21/compute/v2.1/os-security-groups 2.254s
2025-04-04 03:32:11.904 69736 INFO tempest.lib.common.rest_client [req-f11ec61d-847d-4146-b159-57feaf623f5a req-f11ec61d-847d-4146-b159-57feaf623f5a ] Request (ServerTagsTestJSON:setUpClass): 201 POST http://10.180.1.21/identity/v3/users 0.106s
2025-04-04 03:32:11.940 69736 INFO tempest.lib.common.rest_client [req-f31d58f1-a9a4-4937-a7ae-077413095adb req-f31d58f1-a9a4-4937-a7ae-077413095adb ] Request (ServerTagsTestJSON:setUpClass): 200 GET http://10.180.1.21/identity/v3/roles 0.035s
2025-04-04 03:32:11.973 69736 INFO tempest.lib.common.rest_client [req-31b61c3f-0ce1-4481-bcd7-f068da88df33 req-31b61c3f-0ce1-4481-bcd7-f068da88df33 ] Request (ServerTagsTestJSON:setUpClass): 204 PUT http://10.180.1.21/identity/v3/projects/3e4f3810287d4f839e62093a4e96bcd7/users/af5cd507e334462b9e40aec4e66e0a24/roles/1ca8e2da171645caba01ec83df1ded4a 0.032s
2025-04-04 03:32:11.974 69736 INFO tempest.lib.common.dynamic_creds [-] Dynamic test user af5cd507e334462b9e40aec4e66e0a24 is created with scope project and roles: ['member']
2025-04-04 03:32:11.974 69736 INFO tempest.lib.common.dynamic_creds [-] Acquired dynamic creds: credentials: Credentials: {'domain_id': 'default', 'domain_name': 'Default', 'username': 'tempest-ServerTagsTestJSON-963267998-project-member', 'project_domain_id': 'default', 'project_domain_name': 'Default', 'project_id': '3e4f3810287d4f839e62093a4e96bcd7', 'project_name': 'tempest-ServerTagsTestJSON-963267998', 'tenant_id': '3e4f3810287d4f839e62093a4e96bcd7', 'tenant_name': 'tempest-ServerTagsTestJSON-963267998', 'user_domain_id': 'default', 'user_domain_name': 'Default', 'user_id': 'af5cd507e334462b9e40aec4e66e0a24', 'system': None}, Network: None, Subnet: None, Router: None
2025-04-04 03:32:11.975 69724 INFO tempest.lib.common.rest_client [req-b312ef97-759f-44d4-bb7d-ddc5864658a6 req-b312ef97-759f-44d4-bb7d-ddc5864658a6 ] Request (ServerDiagnosticsTest:test_get_server_diagnostics): 200 GET http://10.180.1.21/compute/v2.1/servers/d4c933e5-f6c1-4fec-bb82-8e65954c22aa 2.321s
2025-04-04 03:32:11.986 69724 INFO tempest.common.waiters [-] State transition "BUILD/block_device_mapping" ==> "BUILD/spawning" after 17 second wait
2025-04-04 03:32:12.054 69736 INFO tempest.lib.common.rest_client [req-8a806d3f-fc70-40d7-894d-4809ddd616e4 req-8a806d3f-fc70-40d7-894d-4809ddd616e4 ] Request (ServerTagsTestJSON:setUpClass): 201 POST http://10.180.1.21/identity/v3/auth/tokens 0.080s
2025-04-04 03:32:12.131 69706 INFO tempest.lib.common.rest_client [req-b1f77fe0-4cd6-4f56-9ec6-6f13f37f3d27 req-b1f77fe0-4cd6-4f56-9ec6-6f13f37f3d27 ] Request (AbsoluteLimitsNegativeTestJSON:test_max_metadata_exceed_limit): 200 GET http://10.180.1.21/compute/v2.1/limits 1.952s
2025-04-04 03:32:12.137 69743 INFO tempest.lib.common.rest_client [req-00146530-9644-4b53-80d4-400b438ee2fb req-00146530-9644-4b53-80d4-400b438ee2fb ] Request (ImagesTestJSON:test_create_image_from_stopped_server): 200 GET http://10.180.1.21/compute/v2.1/servers/a093a10f-7e15-4efe-85ea-2b8e70ee61ed 1.982s
2025-04-04 03:32:12.189 69720 INFO tempest.lib.common.rest_client [req-18df59d7-0471-4ae5-92f6-89d24aa5d980 req-18df59d7-0471-4ae5-92f6-89d24aa5d980 ] Request (ServerAddressesTestJSON:setUpClass): 201 POST http://10.180.1.21:9696/networking/v2.0/subnets 0.540s
2025-04-04 03:32:12.193 69706 INFO tempest.lib.common.rest_client [req-248832e3-2230-4952-a993-1fae38e329c8 req-248832e3-2230-4952-a993-1fae38e329c8 ] Request (AbsoluteLimitsNegativeTestJSON:test_max_metadata_exceed_limit): 201 POST http://10.180.1.21/identity/v3/auth/tokens 0.052s
2025-04-04 03:32:12.194 69706 INFO tempest.lib.common.fixed_network [-] (AbsoluteLimitsNegativeTestJSON:test_max_metadata_exceed_limit) Found network None available for tenant
2025-04-04 03:32:12.217 69712 INFO tempest.lib.common.rest_client [req-c7986174-a046-4a62-be8c-cd02989044c3 req-c7986174-a046-4a62-be8c-cd02989044c3 ] Request (QuotasAdminTestJSON:tearDownClass): 200 GET http://10.180.1.21:9696/networking/v2.0/security-groups?tenant_id=51ced9e634314463b498a5d80040340d&name=default 0.369s
2025-04-04 03:32:12.245 69698 INFO tempest.lib.common.rest_client [req-d0a23ae1-2796-4c21-833e-b4602b41e8f9 req-d0a23ae1-2796-4c21-833e-b4602b41e8f9 ] Request (ServersTestJSON:setUpClass): 200 GET http://10.180.1.21/compute/v2.1/servers/205183f5-c414-49b0-b14f-cc7e70085cc1 2.013s
2025-04-04 03:32:12.246 69708 INFO tempest.lib.common.rest_client [req-2bb7cb05-4202-4c19-aaae-b1e346e4ff59 req-2bb7cb05-4202-4c19-aaae-b1e346e4ff59 ] Request (HypervisorAdminUnderV252Test:test_get_hypervisor_show_servers): 200 GET http://10.180.1.21/compute/v2.1/os-hypervisors 2.060s
2025-04-04 03:32:12.256 69698 INFO tempest.common.waiters [-] State transition "BUILD/scheduling" ==> "BUILD/None" after 9 second wait
2025-04-04 03:32:12.324 69740 INFO tempest.lib.common.rest_client [req-c0fa54ac-3d14-49e0-aa02-3af5724d94b7 req-c0fa54ac-3d14-49e0-aa02-3af5724d94b7 ] Request (ListServersNegativeTestJSON:setUpClass): 200 GET http://10.180.1.21/compute/v2.1/servers/07c180c9-fb11-4cb1-a411-a6b8e0f858b2 1.970s
2025-04-04 03:32:12.534 69712 INFO tempest.lib.common.rest_client [req-704827ed-e2f4-4d20-9fdc-4d481838b9cf req-704827ed-e2f4-4d20-9fdc-4d481838b9cf ] Request (QuotasAdminTestJSON:tearDownClass): 204 DELETE http://10.180.1.21:9696/networking/v2.0/security-groups/a2df7d71-160e-41cf-8cec-6723905345b2 0.316s
2025-04-04 03:32:12.620 69712 INFO tempest.lib.common.rest_client [req-86817a57-1b51-471b-ad56-6a93bd46b0cd req-86817a57-1b51-471b-ad56-6a93bd46b0cd ] Request (QuotasAdminTestJSON:tearDownClass): 204 DELETE http://10.180.1.21/identity/v3/projects/51ced9e634314463b498a5d80040340d 0.085s
2025-04-04 03:32:12.702 69712 INFO tempest.lib.common.rest_client [req-e5461ea9-cbed-43fd-8944-e2af6e13fbc6 req-e5461ea9-cbed-43fd-8944-e2af6e13fbc6 ] Request (ServerDiagnosticsV248Test:setUpClass): 201 POST http://10.180.1.21/identity/v3/auth/tokens 0.080s
2025-04-04 03:32:12.745 69712 INFO tempest.lib.common.rest_client [req-b5cd48c4-297a-496c-9d77-e5ecc6d057fc req-b5cd48c4-297a-496c-9d77-e5ecc6d057fc ] Request (ServerDiagnosticsV248Test:setUpClass): 201 POST http://10.180.1.21/identity/v3/auth/tokens 0.040s
2025-04-04 03:32:12.773 69712 INFO tempest.lib.common.rest_client [req-ff2c2544-b464-4af2-93f2-02e51eb179a5 req-ff2c2544-b464-4af2-93f2-02e51eb179a5 ] Request (ServerDiagnosticsV248Test:setUpClass): 200 GET http://10.180.1.21/identity/v3/domains?name=Default 0.028s
2025-04-04 03:32:12.821 69712 INFO tempest.lib.common.rest_client [req-913fdeab-792d-4644-9952-66d8089e7da5 req-913fdeab-792d-4644-9952-66d8089e7da5 ] Request (ServerDiagnosticsV248Test:setUpClass): 201 POST http://10.180.1.21/identity/v3/projects 0.047s
2025-04-04 03:32:12.885 69712 INFO tempest.lib.common.rest_client [req-1a78b439-9f9b-4310-9a9c-026df7c2a657 req-1a78b439-9f9b-4310-9a9c-026df7c2a657 ] Request (ServerDiagnosticsV248Test:setUpClass): 201 POST http://10.180.1.21/identity/v3/users 0.063s
2025-04-04 03:32:12.909 69728 INFO tempest.lib.common.rest_client [req-93e7102c-f1bc-401c-9475-35e078095218 req-93e7102c-f1bc-401c-9475-35e078095218 ] Request (SecurityGroupRulesTestJSON:test_security_group_rules_delete_when_peer_group_deleted): 202 DELETE http://10.180.1.21/compute/v2.1/os-security-groups/95e36127-e340-44b3-96e7-acb459644e2f 2.289s
2025-04-04 03:32:12.916 69712 INFO tempest.lib.common.rest_client [req-b90c3a8b-fb3b-453a-a772-b66c0a9bc18d req-b90c3a8b-fb3b-453a-a772-b66c0a9bc18d ] Request (ServerDiagnosticsV248Test:setUpClass): 200 GET http://10.180.1.21/identity/v3/roles 0.030s
2025-04-04 03:32:12.949 69712 INFO tempest.lib.common.rest_client [req-f922ff50-3f1a-4a49-ace6-b086ec54ec7e req-f922ff50-3f1a-4a49-ace6-b086ec54ec7e ] Request (ServerDiagnosticsV248Test:setUpClass): 204 PUT http://10.180.1.21/identity/v3/projects/c0b3a821eef6418189bb86fc742389bb/users/5d700720f42a4729a6bba3f7a8f55a9f/roles/1ca8e2da171645caba01ec83df1ded4a 0.033s
2025-04-04 03:32:12.949 69712 INFO tempest.lib.common.dynamic_creds [-] Dynamic test user 5d700720f42a4729a6bba3f7a8f55a9f is created with scope project and roles: ['member']
2025-04-04 03:32:12.950 69712 INFO tempest.lib.common.dynamic_creds [-] Acquired dynamic creds: credentials: Credentials: {'domain_id': 'default', 'domain_name': 'Default', 'username': 'tempest-ServerDiagnosticsV248Test-1921905873-project-member', 'project_domain_id': 'default', 'project_domain_name': 'Default', 'project_id': 'c0b3a821eef6418189bb86fc742389bb', 'project_name': 'tempest-ServerDiagnosticsV248Test-1921905873', 'tenant_id': 'c0b3a821eef6418189bb86fc742389bb', 'tenant_name': 'tempest-ServerDiagnosticsV248Test-1921905873', 'user_domain_id': 'default', 'user_domain_name': 'Default', 'user_id': '5d700720f42a4729a6bba3f7a8f55a9f', 'system': None}, Network: None, Subnet: None, Router: None
2025-04-04 03:32:12.950 69712 INFO tempest.lib.common.dynamic_creds [-] Created isolated network resources for: credentials: Credentials: {'domain_id': 'default', 'domain_name': 'Default', 'username': 'tempest-ServerDiagnosticsV248Test-1921905873-project-member', 'project_domain_id': 'default', 'project_domain_name': 'Default', 'project_id': 'c0b3a821eef6418189bb86fc742389bb', 'project_name': 'tempest-ServerDiagnosticsV248Test-1921905873', 'tenant_id': 'c0b3a821eef6418189bb86fc742389bb', 'tenant_name': 'tempest-ServerDiagnosticsV248Test-1921905873', 'user_domain_id': 'default', 'user_domain_name': 'Default', 'user_id': '5d700720f42a4729a6bba3f7a8f55a9f', 'system': None}, Network: None, Subnet: None, Router: None
2025-04-04 03:32:12.986 69736 INFO tempest.lib.common.rest_client [req-236b67ca-44a7-4daf-bb2d-7a386cd2ceac req-236b67ca-44a7-4daf-bb2d-7a386cd2ceac ] Request (ServerTagsTestJSON:setUpClass): 201 POST http://10.180.1.21:9696/networking/v2.0/networks 0.931s
2025-04-04 03:32:13.012 69716 INFO tempest.lib.common.rest_client [req-4ca79b8d-5ca1-44bc-a2ba-d49f1772cc95 req-4ca79b8d-5ca1-44bc-a2ba-d49f1772cc95 ] Request (ServersWithSpecificFlavorTestJSON:test_verify_created_server_ephemeral_disk): 202 POST http://10.180.1.21/compute/v2.1/servers 2.393s
2025-04-04 03:32:13.017 69686 INFO tempest.lib.common.rest_client [req-c3a7e97e-ea14-49a5-bd1f-b519978d05b1 req-c3a7e97e-ea14-49a5-bd1f-b519978d05b1 ] Request (AggregatesAdminNegativeTestJSON:test_aggregate_create_as_user): 403 POST http://10.180.1.21/compute/v2.1/os-aggregates 2.316s
2025-04-04 03:32:13.045 69734 INFO tempest.lib.common.rest_client [req-761ab3c6-2e91-4874-b3a4-2c001f5b9129 req-761ab3c6-2e91-4874-b3a4-2c001f5b9129 ] Request (FlavorsAccessNegativeTestJSON:test_flavor_non_admin_remove): 200 POST http://10.180.1.21/compute/v2.1/flavors 2.226s
2025-04-04 03:32:13.046 69712 INFO tempest.lib.common.rest_client [req-e7a994ab-b65e-4d81-88da-73b1a510bc95 req-e7a994ab-b65e-4d81-88da-73b1a510bc95 ] Request (ServerDiagnosticsV248Test:setUpClass): 201 POST http://10.180.1.21/identity/v3/auth/tokens 0.092s
2025-04-04 03:32:13.058 69704 INFO tempest.lib.common.rest_client [req-4aebda77-a824-4539-b1a1-dba93736f037 req-4aebda77-a824-4539-b1a1-dba93736f037 ] Request (HostsAdminNegativeTestJSON:test_update_nonexistent_host): 404 PUT http://10.180.1.21/compute/v2.1/os-hosts/nonexistent_hostname 2.240s
2025-04-04 03:32:13.095 69726 INFO tempest.lib.common.rest_client [req-7115b60a-e7e0-4a10-9220-12a7f3875e49 req-7115b60a-e7e0-4a10-9220-12a7f3875e49 ] Request (DeleteServersAdminTestJSON:test_admin_delete_servers_of_others): 200 GET http://10.180.1.21/compute/v2.1/servers/cdbc4c38-4161-46b9-b382-930146f88912 2.460s
2025-04-04 03:32:13.104 69726 INFO tempest.common.waiters [-] State transition "BUILD/spawning" ==> "ACTIVE/None" after 25 second wait
2025-04-04 03:32:13.133 69712 INFO tempest.lib.common.rest_client [req-2627d2c6-b6a6-4e7b-b97b-e8b9487a46e6 req-2627d2c6-b6a6-4e7b-b97b-e8b9487a46e6 ] Request (ServerDiagnosticsV248Test:setUpClass): 201 POST http://10.180.1.21/identity/v3/projects 0.087s
2025-04-04 03:32:13.164 69704 INFO tempest.lib.common.rest_client [req-74a8d814-d399-4f5a-8d4a-0b6c724fa423 req-74a8d814-d399-4f5a-8d4a-0b6c724fa423 ] Request (HostsAdminNegativeTestJSON:tearDownClass): 204 DELETE http://10.180.1.21/identity/v3/users/e0a961f2ef9f4718be64526daa0c2342 0.104s
2025-04-04 03:32:13.169 69694 INFO tempest.lib.common.rest_client [req-dd309fb4-eed8-4ea2-931c-c0e3c6d6aaab req-dd309fb4-eed8-4ea2-931c-c0e3c6d6aaab ] Request (FloatingIPsTestJSON:setUpClass): 201 POST http://10.180.1.21:9696/networking/v2.0/routers 2.082s
2025-04-04 03:32:13.235 69712 INFO tempest.lib.common.rest_client [req-56933381-dcd2-442d-bfff-b459269973ac req-56933381-dcd2-442d-bfff-b459269973ac ] Request (ServerDiagnosticsV248Test:setUpClass): 201 POST http://10.180.1.21/identity/v3/users 0.101s
2025-04-04 03:32:13.264 69718 INFO tempest.lib.common.rest_client [req-a1eff3f7-11d9-4fb7-ae80-d99d762a43d8 req-a1eff3f7-11d9-4fb7-ae80-d99d762a43d8 ] Request (ImagesOneServerTestJSON:setUpClass): 200 GET http://10.180.1.21/compute/v2.1/servers/d0af16e1-ef91-409d-af71-2c57bd1c4aef 2.359s
2025-04-04 03:32:13.267 69712 INFO tempest.lib.common.rest_client [req-9faf5c09-c558-4abb-a8ea-2e168bb3b9d6 req-9faf5c09-c558-4abb-a8ea-2e168bb3b9d6 ] Request (ServerDiagnosticsV248Test:setUpClass): 200 GET http://10.180.1.21/identity/v3/roles 0.031s
2025-04-04 03:32:13.328 69704 INFO tempest.lib.common.rest_client [req-0f47d4a4-2531-4add-99f7-38da196ef244 req-0f47d4a4-2531-4add-99f7-38da196ef244 ] Request (HostsAdminNegativeTestJSON:tearDownClass): 204 DELETE http://10.180.1.21/identity/v3/users/3f1ba3b83b604db4bd7d05801c630a5f 0.163s
2025-04-04 03:32:13.328 69704 INFO tempest.lib.common.dynamic_creds [-] Deleting project and security group for project: cabe0581709b4168aeea8e196bfde9e9
2025-04-04 03:32:13.361 69744 INFO tempest.lib.common.rest_client [req-cf1636d2-21b6-4c50-9826-10c355669134 req-cf1636d2-21b6-4c50-9826-10c355669134 ] Request (ServerShowV257Test:test_rebuild_server): 202 POST http://10.180.1.21/compute/v2.1/servers/631e2028-d9a5-4a52-90f7-ffab81a34392/action 2.302s
2025-04-04 03:32:13.383 69712 INFO tempest.lib.common.rest_client [req-790e08b9-ff09-4f2e-8775-a32014b0d45c req-790e08b9-ff09-4f2e-8775-a32014b0d45c ] Request (ServerDiagnosticsV248Test:setUpClass): 204 PUT http://10.180.1.21/identity/v3/projects/a69186d80b8240b9a8655411632597d2/users/8d5e6c9000244dc2b9032566f818262d/roles/70b06c3c510f48c1b1496d64317971a1 0.115s
2025-04-04 03:32:13.430 69704 INFO tempest.lib.common.rest_client [req-c4dba70e-4abd-46e5-b919-dceee63c1583 req-c4dba70e-4abd-46e5-b919-dceee63c1583 ] Request (HostsAdminNegativeTestJSON:tearDownClass): 201 POST http://10.180.1.21/identity/v3/auth/tokens 0.102s
2025-04-04 03:32:13.470 69712 INFO tempest.lib.common.rest_client [req-fcaed6fe-7c64-4de2-9f9f-fb877925d465 req-fcaed6fe-7c64-4de2-9f9f-fb877925d465 ] Request (ServerDiagnosticsV248Test:setUpClass): 200 GET http://10.180.1.21/identity/v3/roles 0.087s
2025-04-04 03:32:13.485 69736 INFO tempest.lib.common.rest_client [req-9508fb34-d636-4366-a34a-eefeee27ea3d req-9508fb34-d636-4366-a34a-eefeee27ea3d ] Request (ServerTagsTestJSON:setUpClass): 201 POST http://10.180.1.21:9696/networking/v2.0/subnets 0.497s
2025-04-04 03:32:13.497 69712 INFO tempest.lib.common.rest_client [req-a45ca5d3-3e1e-4d85-927a-a73290a4e9b7 req-a45ca5d3-3e1e-4d85-927a-a73290a4e9b7 ] Request (ServerDiagnosticsV248Test:setUpClass): 204 PUT http://10.180.1.21/identity/v3/projects/a69186d80b8240b9a8655411632597d2/users/8d5e6c9000244dc2b9032566f818262d/roles/70b06c3c510f48c1b1496d64317971a1 0.026s
2025-04-04 03:32:13.497 69712 INFO tempest.lib.common.dynamic_creds [-] Dynamic test user 8d5e6c9000244dc2b9032566f818262d is created with scope project and roles: ['admin']
2025-04-04 03:32:13.497 69712 INFO tempest.lib.common.dynamic_creds [-] Acquired dynamic creds: credentials: Credentials: {'domain_id': 'default', 'domain_name': 'Default', 'username': 'tempest-ServerDiagnosticsV248Test-1942060347-project-admin', 'project_domain_id': 'default', 'project_domain_name': 'Default', 'project_id': 'a69186d80b8240b9a8655411632597d2', 'project_name': 'tempest-ServerDiagnosticsV248Test-1942060347', 'tenant_id': 'a69186d80b8240b9a8655411632597d2', 'tenant_name': 'tempest-ServerDiagnosticsV248Test-1942060347', 'user_domain_id': 'default', 'user_domain_name': 'Default', 'user_id': '8d5e6c9000244dc2b9032566f818262d', 'system': None}, Network: None, Subnet: None, Router: None
2025-04-04 03:32:13.497 69712 INFO tempest.lib.common.dynamic_creds [-] Created isolated network resources for: credentials: Credentials: {'domain_id': 'default', 'domain_name': 'Default', 'username': 'tempest-ServerDiagnosticsV248Test-1942060347-project-admin', 'project_domain_id': 'default', 'project_domain_name': 'Default', 'project_id': 'a69186d80b8240b9a8655411632597d2', 'project_name': 'tempest-ServerDiagnosticsV248Test-1942060347', 'tenant_id': 'a69186d80b8240b9a8655411632597d2', 'tenant_name': 'tempest-ServerDiagnosticsV248Test-1942060347', 'user_domain_id': 'default', 'user_domain_name': 'Default', 'user_id': '8d5e6c9000244dc2b9032566f818262d', 'system': None}, Network: None, Subnet: None, Router: None
2025-04-04 03:32:13.501 69730 INFO tempest.lib.common.rest_client [req-c1280270-0151-4d50-8a6d-9dcb66e12660 req-c1280270-0151-4d50-8a6d-9dcb66e12660 ] Request (ServersAdmin275Test:test_rebuild_update_server_275): 200 GET http://10.180.1.21/compute/v2.1/servers/c71c0ece-f925-4ac2-a005-8922212a6f97 2.243s
2025-04-04 03:32:13.518 69730 INFO tempest.common.waiters [-] State transition "REBUILD/rebuild_spawning" ==> "ACTIVE/None" after 9 second wait
2025-04-04 03:32:13.601 69712 INFO tempest.lib.common.rest_client [req-bc77d174-a1da-4605-8790-521d51a66c48 req-bc77d174-a1da-4605-8790-521d51a66c48 ] Request (ServerDiagnosticsV248Test:setUpClass): 201 POST http://10.180.1.21/identity/v3/auth/tokens 0.100s
2025-04-04 03:32:13.616 69684 INFO tempest.lib.common.rest_client [req-f6fd615b-5262-4641-8375-7c430f218721 req-f6fd615b-5262-4641-8375-7c430f218721 ] Request (ServerExternalEventsTest:test_create_server_external_events): 200 GET http://10.180.1.21/compute/v2.1/servers/992a7f0e-313c-4858-8cab-1ba670160225 2.506s
2025-04-04 03:32:13.627 69684 INFO tempest.common.waiters [-] State transition "BUILD/spawning" ==> "ACTIVE/None" after 25 second wait
2025-04-04 03:32:13.698 69712 INFO tempest.lib.common.rest_client [req-88a1a629-0ea0-4f08-b117-6f04878e91f7 req-88a1a629-0ea0-4f08-b117-6f04878e91f7 ] Request (ServerDiagnosticsV248Test:test_get_server_diagnostics): 201 POST http://10.180.1.21/identity/v3/auth/tokens 0.090s
2025-04-04 03:32:13.698 69712 INFO tempest.lib.common.fixed_network [-] (ServerDiagnosticsV248Test:test_get_server_diagnostics) Found network None available for tenant
2025-04-04 03:32:13.767 69700 INFO tempest.lib.common.rest_client [req-a3510957-5579-4d0a-bfcf-707b46fed4b3 req-a3510957-5579-4d0a-bfcf-707b46fed4b3 ] Request (HypervisorAdminNegativeUnderV252Test:test_search_hypervisor_with_non_admin_user): 200 GET http://10.180.1.21/compute/v2.1/os-hypervisors 2.073s
2025-04-04 03:32:13.940 69702 INFO tempest.lib.common.rest_client [req-68abcccb-1019-479c-a20d-9a8b15d6b769 req-68abcccb-1019-479c-a20d-9a8b15d6b769 ] Request (NetworksTest:test_get_network): 200 GET http://10.180.1.21/compute/v2.1/os-networks 2.479s
2025-04-04 03:32:13.976 69738 INFO tempest.lib.common.rest_client [req-79f09819-7216-4495-8ae0-7f2e84d731c2 req-79f09819-7216-4495-8ae0-7f2e84d731c2 ] Request (FloatingIPDetailsTestJSON:tearDownClass): 200 PUT http://10.180.1.21:9696/networking/v2.0/routers/316afba7-b611-436c-8963-08c3310ab6df/remove_router_interface 2.284s
2025-04-04 03:32:14.054 69704 INFO tempest.lib.common.rest_client [req-348fd453-44a3-4fed-ac12-2fa85e9bfd16 req-348fd453-44a3-4fed-ac12-2fa85e9bfd16 ] Request (HostsAdminNegativeTestJSON:tearDownClass): 200 GET http://10.180.1.21:9696/networking/v2.0/security-groups?tenant_id=cabe0581709b4168aeea8e196bfde9e9&name=default 0.623s
2025-04-04 03:32:14.285 69722 INFO tempest.lib.common.rest_client [req-a94f7105-8dac-4386-ae05-90c6d609e0c1 req-a94f7105-8dac-4386-ae05-90c6d609e0c1 ] Request (FloatingIPsAssociationNegativeTestJSON:setUpClass): 200 GET http://10.180.1.21/compute/v2.1/servers/82c13f86-5dcc-4ca8-9006-dafc34dd00a1 2.575s
2025-04-04 03:32:14.394 69746 INFO tempest.lib.common.rest_client [req-a1790f7c-d4e6-4813-b243-48f9a21718e0 req-a1790f7c-d4e6-4813-b243-48f9a21718e0 ] Request (ServerPasswordTestJSON:setUpClass): 200 GET http://10.180.1.21/compute/v2.1/servers/c048f2b5-510c-4565-beb7-d015a0e786f7 2.616s
2025-04-04 03:32:14.402 69746 INFO tempest.common.waiters [-] State transition "BUILD/networking" ==> "BUILD/spawning" after 19 second wait
2025-04-04 03:32:14.486 69690 INFO tempest.lib.common.rest_client [req-c44a6943-5860-41b3-861f-9562043afc73 req-c44a6943-5860-41b3-861f-9562043afc73 ] Request (AttachInterfacesTestJSON:test_create_list_show_delete_interfaces_by_fixed_ip): 200 GET http://10.180.1.21/compute/v2.1/servers/53cb2fdd-0478-426e-a4e0-e5cf24fffa2a 2.584s
2025-04-04 03:32:14.495 69690 INFO tempest.common.waiters [-] State transition "BUILD/scheduling" ==> "BUILD/None" after 10 second wait
2025-04-04 03:32:14.663 69720 INFO tempest.lib.common.rest_client [req-38d425fd-7eaf-4844-8349-7082c27fd689 req-38d425fd-7eaf-4844-8349-7082c27fd689 ] Request (ServerAddressesTestJSON:setUpClass): 201 POST http://10.180.1.21:9696/networking/v2.0/routers 2.473s
2025-04-04 03:32:14.779 69704 INFO tempest.lib.common.rest_client [req-aa152e67-660b-469f-b1d4-5108a52379c8 req-aa152e67-660b-469f-b1d4-5108a52379c8 ] Request (HostsAdminNegativeTestJSON:tearDownClass): 204 DELETE http://10.180.1.21:9696/networking/v2.0/security-groups/155a370a-ff0e-4ecb-b203-66d3636db402 0.725s
2025-04-04 03:32:14.819 69710 INFO tempest.lib.common.rest_client [req-476b3dda-972e-41fe-b530-55e08458957e req-476b3dda-972e-41fe-b530-55e08458957e ] Request (MigrationsAdminTest:test_list_migrations_in_flavor_resize_situation): 200 GET http://10.180.1.21/compute/v2.1/servers/a71a4c5b-2874-450f-bc0b-1ac80c6f7655 2.949s
2025-04-04 03:32:14.825 69696 INFO tempest.lib.common.rest_client [req-a3b1b29f-3c06-401b-a339-8cc4153ff21f req-a3b1b29f-3c06-401b-a339-8cc4153ff21f ] Request (SecurityGroupsTestJSON:test_list_security_groups_by_server): 200 POST http://10.180.1.21/compute/v2.1/os-security-groups 2.921s
2025-04-04 03:32:14.882 69704 INFO tempest.lib.common.rest_client [req-7361f4f2-49a8-4e33-acae-5030318318f6 req-7361f4f2-49a8-4e33-acae-5030318318f6 ] Request (HostsAdminNegativeTestJSON:tearDownClass): 204 DELETE http://10.180.1.21/identity/v3/projects/cabe0581709b4168aeea8e196bfde9e9 0.103s
2025-04-04 03:32:14.882 69704 INFO tempest.lib.common.dynamic_creds [-] Deleting project and security group for project: e6de0c29e74d4a68bd0d8a19a3a25085
2025-04-04 03:32:14.924 69714 INFO tempest.lib.common.rest_client [req-c017efe3-771d-44c8-a2c2-edeed54231ab req-c017efe3-771d-44c8-a2c2-edeed54231ab ] Request (VolumesAssistedSnapshotsTest:test_volume_assisted_snapshot_create_delete): 200 GET http://10.180.1.21/compute/v2.1/servers/e77a293e-f845-4596-8d9b-58d42e3c19d8 2.973s
2025-04-04 03:32:14.941 69696 INFO tempest.lib.common.rest_client [req-166f5557-83d0-4924-ae96-cad53b9a4091 req-166f5557-83d0-4924-ae96-cad53b9a4091 ] Request (SecurityGroupsTestJSON:test_list_security_groups_by_server): 201 POST http://10.180.1.21/identity/v3/auth/tokens 0.109s
2025-04-04 03:32:14.941 69696 INFO tempest.lib.common.fixed_network [-] (SecurityGroupsTestJSON:test_list_security_groups_by_server) Found network {'id': '16076c1c-2254-4409-83b6-43fec4c9995f', 'name': 'tempest-SecurityGroupsTestJSON-773907600-network', 'tenant_id': '60d259d679704be8bc603a96dc18c3c7', 'admin_state_up': True, 'mtu': 8950, 'status': 'ACTIVE', 'subnets': [], 'shared': False, 'project_id': '60d259d679704be8bc603a96dc18c3c7', 'port_security_enabled': True, 'router:external': False, 'provider:network_type': 'vlan', 'provider:physical_network': 'default', 'provider:segmentation_id': 903, 'availability_zone_hints': [], 'availability_zones': [], 'ipv4_address_scope': None, 'ipv6_address_scope': None, 'description': '', 'tags': [], 'created_at': '2025-04-04T03:32:05Z', 'updated_at': '2025-04-04T03:32:05Z', 'revision_number': 1} available for tenant
2025-04-04 03:32:14.945 69732 INFO tempest.lib.common.rest_client [req-8bc2a00f-ef2c-48b5-a79e-028fed99dbc3 req-8bc2a00f-ef2c-48b5-a79e-028fed99dbc3 ] Request (ImagesNegativeTestJSON:test_create_image_from_deleted_server): 200 GET http://10.180.1.21/compute/v2.1/servers/96159685-0d1e-4992-9e01-a8142fdd47b8 2.947s
2025-04-04 03:32:15.150 69692 INFO tempest.lib.common.rest_client [req-a183ec40-ba7b-4cc5-b843-7a4c0297b38a req-a183ec40-ba7b-4cc5-b843-7a4c0297b38a ] Request (ServersWithFlavorSwapResizeTest:test_flavor_swap_0_to_1024): 200 GET http://10.180.1.21/compute/v2.1/servers/9bfcfc09-e373-4e94-96f6-2ac2b33ae05a 2.995s
2025-04-04 03:32:15.167 69692 INFO tempest.common.waiters [-] State transition "BUILD/None" ==> "BUILD/spawning" after 15 second wait
2025-04-04 03:32:15.212 69708 INFO tempest.lib.common.rest_client [req-959447e8-6c86-4998-9d9a-ff3e2bd97e2e req-959447e8-6c86-4998-9d9a-ff3e2bd97e2e ] Request (HypervisorAdminUnderV252Test:test_get_hypervisor_show_servers): 200 GET http://10.180.1.21/compute/v2.1/os-hypervisors/domain-c8.fc996f14-c53b-4953-92e3-bdfa48f5cc28/servers 2.964s
2025-04-04 03:32:15.226 69738 INFO tempest.lib.common.rest_client [req-086d904c-2bf5-44d2-9bd9-c6840b16efe4 req-086d904c-2bf5-44d2-9bd9-c6840b16efe4 ] Request (FloatingIPDetailsTestJSON:tearDownClass): 204 DELETE http://10.180.1.21:9696/networking/v2.0/routers/316afba7-b611-436c-8963-08c3310ab6df 1.249s
2025-04-04 03:32:15.242 69706 INFO tempest.lib.common.rest_client [req-5c094791-fd61-4ab6-a1e8-8b51605f9ec1 req-5c094791-fd61-4ab6-a1e8-8b51605f9ec1 ] Request (AbsoluteLimitsNegativeTestJSON:test_max_metadata_exceed_limit): 403 POST http://10.180.1.21/compute/v2.1/servers 3.046s
2025-04-04 03:32:15.252 69704 INFO tempest.lib.common.rest_client [req-5da6e4ca-3fd2-4ad7-a7d1-cf9a5e39551d req-5da6e4ca-3fd2-4ad7-a7d1-cf9a5e39551d ] Request (HostsAdminNegativeTestJSON:tearDownClass): 200 GET http://10.180.1.21:9696/networking/v2.0/security-groups?tenant_id=e6de0c29e74d4a68bd0d8a19a3a25085&name=default 0.369s
2025-04-04 03:32:15.288 69728 INFO tempest.lib.common.rest_client [req-c5d8a1d9-dae4-4502-9b87-20ef52385dcc req-c5d8a1d9-dae4-4502-9b87-20ef52385dcc ] Request (SecurityGroupRulesTestJSON:test_security_group_rules_delete_when_peer_group_deleted): 200 GET http://10.180.1.21/compute/v2.1/os-security-groups/9ae8cf57-b840-4c80-998c-b7ea326aa4cb 2.378s
2025-04-04 03:32:15.386 69688 INFO tempest.lib.common.rest_client [req-e3e31045-524a-4bfe-94c5-68ee089e7568 req-e3e31045-524a-4bfe-94c5-68ee089e7568 ] Request (QuotasAdminTestV257:test_get_updated_quotas): 200 GET http://10.180.1.21/identity/v3/domains?name=Default 0.081s
2025-04-04 03:32:15.411 69716 INFO tempest.lib.common.rest_client [req-3e852995-b122-4675-8272-1d4d3a292d62 req-3e852995-b122-4675-8272-1d4d3a292d62 ] Request (ServersWithSpecificFlavorTestJSON:test_verify_created_server_ephemeral_disk): 200 GET http://10.180.1.21/compute/v2.1/servers/1a09e1d1-c844-4d0b-8f13-a86d6596e85d 2.397s
2025-04-04 03:32:15.440 69686 INFO tempest.lib.common.rest_client [req-f56f0ff8-b930-4dc7-ad7e-466503bf97f4 req-f56f0ff8-b930-4dc7-ad7e-466503bf97f4 ] Request (AggregatesAdminNegativeTestJSON:test_aggregate_create_with_existent_aggregate_name): 200 POST http://10.180.1.21/compute/v2.1/os-aggregates 2.421s
2025-04-04 03:32:15.455 69706 INFO tempest.lib.common.rest_client [req-6d3307a3-3c6b-48ba-9183-984a81fe430d req-6d3307a3-3c6b-48ba-9183-984a81fe430d ] Request (AbsoluteLimitsNegativeTestJSON:tearDownClass): 204 DELETE http://10.180.1.21/identity/v3/users/a224207f42d54c568dd9a77b7a23c71a 0.212s
2025-04-04 03:32:15.455 69706 INFO tempest.lib.common.dynamic_creds [-] Deleting project and security group for project: 092216983f264ef79173ddf099df53a8
2025-04-04 03:32:15.474 69688 INFO tempest.lib.common.rest_client [req-42c30ab2-5223-41b7-92a3-cdc8fafc9fe4 req-42c30ab2-5223-41b7-92a3-cdc8fafc9fe4 ] Request (QuotasAdminTestV257:test_get_updated_quotas): 201 POST http://10.180.1.21/identity/v3/projects 0.087s
2025-04-04 03:32:15.533 69706 INFO tempest.lib.common.rest_client [req-ea918845-42d5-46f8-b613-dbc0b1445d85 req-ea918845-42d5-46f8-b613-dbc0b1445d85 ] Request (AbsoluteLimitsNegativeTestJSON:tearDownClass): 201 POST http://10.180.1.21/identity/v3/auth/tokens 0.077s
2025-04-04 03:32:15.550 69724 INFO tempest.lib.common.rest_client [req-8f68ad50-8c47-4b58-a1b1-6f0e9ef1d524 req-8f68ad50-8c47-4b58-a1b1-6f0e9ef1d524 ] Request (ServerDiagnosticsTest:test_get_server_diagnostics): 200 GET http://10.180.1.21/compute/v2.1/servers/d4c933e5-f6c1-4fec-bb82-8e65954c22aa 2.563s
2025-04-04 03:32:15.552 69704 INFO tempest.lib.common.rest_client [req-ec4b19d8-03c5-4dc7-ae29-576da5cce402 req-ec4b19d8-03c5-4dc7-ae29-576da5cce402 ] Request (HostsAdminNegativeTestJSON:tearDownClass): 204 DELETE http://10.180.1.21:9696/networking/v2.0/security-groups/42fa1391-ce5f-4310-9ee7-d091e9099bca 0.296s
2025-04-04 03:32:15.590 69688 INFO tempest.lib.common.rest_client [req-32e849b5-f6bf-432e-bb79-b1b5ce6e97a6 req-32e849b5-f6bf-432e-bb79-b1b5ce6e97a6 ] Request (QuotasAdminTestV257:test_get_updated_quotas): 200 GET http://10.180.1.21/identity/v3/domains?name=Default 0.116s
2025-04-04 03:32:15.625 69734 INFO tempest.lib.common.rest_client [req-e050937d-473f-4109-9b67-d9276994a9f7 req-e050937d-473f-4109-9b67-d9276994a9f7 ] Request (FlavorsAccessNegativeTestJSON:test_flavor_non_admin_remove): 200 POST http://10.180.1.21/compute/v2.1/flavors/570479615/action 2.578s
2025-04-04 03:32:15.647 69738 INFO tempest.lib.common.rest_client [req-2ed52d82-b630-4497-91cc-23dfbb7b12f5 req-2ed52d82-b630-4497-91cc-23dfbb7b12f5 ] Request (FloatingIPDetailsTestJSON:tearDownClass): 204 DELETE http://10.180.1.21:9696/networking/v2.0/subnets/a5dd8da1-0ca8-4dd3-b86e-da61076d316f 0.421s
2025-04-04 03:32:15.672 69704 INFO tempest.lib.common.rest_client [req-c3c2e71d-a243-4d78-bb5d-2a0a7b267d51 req-c3c2e71d-a243-4d78-bb5d-2a0a7b267d51 ] Request (HostsAdminNegativeTestJSON:tearDownClass): 204 DELETE http://10.180.1.21/identity/v3/projects/e6de0c29e74d4a68bd0d8a19a3a25085 0.119s
2025-04-04 03:32:15.757 69704 INFO tempest.lib.common.rest_client [req-c4f1d9f1-8493-4358-a125-4848b508eb88 req-c4f1d9f1-8493-4358-a125-4848b508eb88 ] Request (HypervisorAdminV228Test:setUpClass): 201 POST http://10.180.1.21/identity/v3/auth/tokens 0.084s
2025-04-04 03:32:15.787 69736 INFO tempest.lib.common.rest_client [req-90e43873-b426-4ccc-9868-1d357b3e93f4 req-90e43873-b426-4ccc-9868-1d357b3e93f4 ] Request (ServerTagsTestJSON:setUpClass): 201 POST http://10.180.1.21:9696/networking/v2.0/routers 2.301s
2025-04-04 03:32:15.800 69704 INFO tempest.lib.common.rest_client [req-234f4866-2de1-4a0a-9ecf-355b3330a1c0 req-234f4866-2de1-4a0a-9ecf-355b3330a1c0 ] Request (HypervisorAdminV228Test:setUpClass): 201 POST http://10.180.1.21/identity/v3/auth/tokens 0.038s
2025-04-04 03:32:15.835 69704 INFO tempest.lib.common.rest_client [req-ac3c88e6-4ee8-43ad-93e2-a48f2bd9d2a3 req-ac3c88e6-4ee8-43ad-93e2-a48f2bd9d2a3 ] Request (HypervisorAdminV228Test:setUpClass): 200 GET http://10.180.1.21/identity/v3/domains?name=Default 0.035s
2025-04-04 03:32:15.873 69704 INFO tempest.lib.common.rest_client [req-08879154-77b4-46aa-b7c9-f7214783d8b7 req-08879154-77b4-46aa-b7c9-f7214783d8b7 ] Request (HypervisorAdminV228Test:setUpClass): 201 POST http://10.180.1.21/identity/v3/projects 0.038s
2025-04-04 03:32:15.937 69704 INFO tempest.lib.common.rest_client [req-dac618c5-a35c-4979-bb9e-af4ca58c4b5b req-dac618c5-a35c-4979-bb9e-af4ca58c4b5b ] Request (HypervisorAdminV228Test:setUpClass): 201 POST http://10.180.1.21/identity/v3/users 0.062s
2025-04-04 03:32:15.950 69726 INFO tempest.lib.common.rest_client [req-f6b2d1a1-16c6-4a88-8d0e-d807074503bd req-f6b2d1a1-16c6-4a88-8d0e-d807074503bd ] Request (DeleteServersAdminTestJSON:test_admin_delete_servers_of_others): 204 DELETE http://10.180.1.21/compute/v2.1/servers/cdbc4c38-4161-46b9-b382-930146f88912 2.846s
2025-04-04 03:32:15.959 69743 INFO tempest.lib.common.rest_client [req-0c59a31a-71d0-4db1-ac39-9da19ef0d968 req-0c59a31a-71d0-4db1-ac39-9da19ef0d968 ] Request (ImagesTestJSON:test_create_image_from_stopped_server): 200 GET http://10.180.1.21/compute/v2.1/servers/a093a10f-7e15-4efe-85ea-2b8e70ee61ed 2.805s
2025-04-04 03:32:15.972 69743 INFO tempest.common.waiters [-] State transition "BUILD/spawning" ==> "ACTIVE/None" after 24 second wait
2025-04-04 03:32:15.980 69704 INFO tempest.lib.common.rest_client [req-9029e565-daf7-4112-9720-bc8836c2ebc7 req-9029e565-daf7-4112-9720-bc8836c2ebc7 ] Request (HypervisorAdminV228Test:setUpClass): 200 GET http://10.180.1.21/identity/v3/roles 0.043s
2025-04-04 03:32:16.013 69698 INFO tempest.lib.common.rest_client [req-63d965a3-da8a-4cea-b7af-50ee45451a0f req-63d965a3-da8a-4cea-b7af-50ee45451a0f ] Request (ServersTestJSON:setUpClass): 200 GET http://10.180.1.21/compute/v2.1/servers/205183f5-c414-49b0-b14f-cc7e70085cc1 2.753s
2025-04-04 03:32:16.017 69704 INFO tempest.lib.common.rest_client [req-3271eb8d-543a-4d8c-9edb-4928316786e1 req-3271eb8d-543a-4d8c-9edb-4928316786e1 ] Request (HypervisorAdminV228Test:setUpClass): 204 PUT http://10.180.1.21/identity/v3/projects/2dc0b6f77a8040439255b4ae719eb118/users/137ca6b89c6e4fdf9c2158b5c824636f/roles/1ca8e2da171645caba01ec83df1ded4a 0.037s
2025-04-04 03:32:16.017 69704 INFO tempest.lib.common.dynamic_creds [-] Dynamic test user 137ca6b89c6e4fdf9c2158b5c824636f is created with scope project and roles: ['member']
2025-04-04 03:32:16.018 69704 INFO tempest.lib.common.dynamic_creds [-] Acquired dynamic creds: credentials: Credentials: {'domain_id': 'default', 'domain_name': 'Default', 'username': 'tempest-HypervisorAdminV228Test-871456255-project-member', 'project_domain_id': 'default', 'project_domain_name': 'Default', 'project_id': '2dc0b6f77a8040439255b4ae719eb118', 'project_name': 'tempest-HypervisorAdminV228Test-871456255', 'tenant_id': '2dc0b6f77a8040439255b4ae719eb118', 'tenant_name': 'tempest-HypervisorAdminV228Test-871456255', 'user_domain_id': 'default', 'user_domain_name': 'Default', 'user_id': '137ca6b89c6e4fdf9c2158b5c824636f', 'system': None}, Network: None, Subnet: None, Router: None
2025-04-04 03:32:16.018 69704 INFO tempest.lib.common.dynamic_creds [-] Created isolated network resources for: credentials: Credentials: {'domain_id': 'default', 'domain_name': 'Default', 'username': 'tempest-HypervisorAdminV228Test-871456255-project-member', 'project_domain_id': 'default', 'project_domain_name': 'Default', 'project_id': '2dc0b6f77a8040439255b4ae719eb118', 'project_name': 'tempest-HypervisorAdminV228Test-871456255', 'tenant_id': '2dc0b6f77a8040439255b4ae719eb118', 'tenant_name': 'tempest-HypervisorAdminV228Test-871456255', 'user_domain_id': 'default', 'user_domain_name': 'Default', 'user_id': '137ca6b89c6e4fdf9c2158b5c824636f', 'system': None}, Network: None, Subnet: None, Router: None
2025-04-04 03:32:16.064 69740 INFO tempest.lib.common.rest_client [req-f2eac200-99d6-447f-874b-a9b6b099e7c1 req-f2eac200-99d6-447f-874b-a9b6b099e7c1 ] Request (ListServersNegativeTestJSON:setUpClass): 200 GET http://10.180.1.21/compute/v2.1/servers/07c180c9-fb11-4cb1-a411-a6b8e0f858b2 2.728s
2025-04-04 03:32:16.073 69694 INFO tempest.lib.common.rest_client [req-a6ddc008-591e-4468-b330-644b758020c1 req-a6ddc008-591e-4468-b330-644b758020c1 ] Request (FloatingIPsTestJSON:setUpClass): 200 PUT http://10.180.1.21:9696/networking/v2.0/routers/9f17216a-23f2-4630-8afa-4fba14b86c64/add_router_interface 2.904s
2025-04-04 03:32:16.073 69694 INFO tempest.lib.common.dynamic_creds [-] Created isolated network resources for: credentials: Credentials: {'domain_id': 'default', 'domain_name': 'Default', 'username': 'tempest-FloatingIPsTestJSON-1696477803-project-member', 'project_domain_id': 'default', 'project_domain_name': 'Default', 'project_id': 'c90c8712a6f24a32ac19e05d774500ef', 'project_name': 'tempest-FloatingIPsTestJSON-1696477803', 'tenant_id': 'c90c8712a6f24a32ac19e05d774500ef', 'tenant_name': 'tempest-FloatingIPsTestJSON-1696477803', 'user_domain_id': 'default', 'user_domain_name': 'Default', 'user_id': '9ef7066f975f4d7a8cf4b98f13dc485b', 'system': None}, Network: {'id': '94f62a9f-62c9-4b6a-915e-52da062589bd', 'name': 'tempest-FloatingIPsTestJSON-2034746690-network', 'tenant_id': 'c90c8712a6f24a32ac19e05d774500ef', 'admin_state_up': True, 'mtu': 8950, 'status': 'ACTIVE', 'subnets': [], 'shared': False, 'project_id': 'c90c8712a6f24a32ac19e05d774500ef', 'port_security_enabled': True, 'router:external': False, 'provider:network_type': 'vlan', 'provider:physical_network': 'default', 'provider:segmentation_id': 31, 'availability_zone_hints': [], 'availability_zones': [], 'ipv4_address_scope': None, 'ipv6_address_scope': None, 'description': '', 'tags': [], 'created_at': '2025-04-04T03:32:10Z', 'updated_at': '2025-04-04T03:32:10Z', 'revision_number': 1}, Subnet: {'id': 'c3728f7e-991d-4a82-a95c-ebe162de73e3', 'name': 'tempest-FloatingIPsTestJSON-2034746690-subnet', 'tenant_id': 'c90c8712a6f24a32ac19e05d774500ef', 'network_id': '94f62a9f-62c9-4b6a-915e-52da062589bd', 'ip_version': 4, 'subnetpool_id': None, 'enable_dhcp': True, 'ipv6_ra_mode': None, 'ipv6_address_mode': None, 'gateway_ip': '192.168.128.1', 'cidr': '192.168.128.0/28', 'allocation_pools': [{'start': '192.168.128.2', 'end': '192.168.128.14'}], 'host_routes': [], 'dns_nameservers': [], 'description': '', 'router:external': False, 'service_types': [], 'tags': [], 'created_at': '2025-04-04T03:32:10Z', 'updated_at': '2025-04-04T03:32:10Z', 'revision_number': 0, 'project_id': 'c90c8712a6f24a32ac19e05d774500ef'}, Router: {'id': '9f17216a-23f2-4630-8afa-4fba14b86c64', 'name': 'tempest-FloatingIPsTestJSON-2034746690-router', 'tenant_id': 'c90c8712a6f24a32ac19e05d774500ef', 'admin_state_up': True, 'status': 'ACTIVE', 'external_gateway_info': {'network_id': '44747fc1-3664-495e-a09c-ef797a9312e7', 'external_fixed_ips': [{'subnet_id': 'ebf3ab66-2505-4e5b-bd3a-b9ac528f2b8c', 'ip_address': '10.180.180.238'}], 'enable_snat': True}, 'description': '', 'availability_zones': [], 'distributed': False, 'ha': False, 'availability_zone_hints': [], 'routes': [], 'flavor_id': None, 'tags': [], 'created_at': '2025-04-04T03:32:11Z', 'updated_at': '2025-04-04T03:32:12Z', 'revision_number': 2, 'project_id': 'c90c8712a6f24a32ac19e05d774500ef'}
2025-04-04 03:32:16.088 69744 INFO tempest.lib.common.rest_client [req-dfcff51d-6752-4376-8993-3d7fa2defde8 req-dfcff51d-6752-4376-8993-3d7fa2defde8 ] Request (ServerShowV257Test:test_rebuild_server): 200 GET http://10.180.1.21/compute/v2.1/servers/631e2028-d9a5-4a52-90f7-ffab81a34392 2.709s
2025-04-04 03:32:16.105 69706 INFO tempest.lib.common.rest_client [req-1d220452-e62f-44c3-944a-195ed166b618 req-1d220452-e62f-44c3-944a-195ed166b618 ] Request (AbsoluteLimitsNegativeTestJSON:tearDownClass): 200 GET http://10.180.1.21:9696/networking/v2.0/security-groups?tenant_id=092216983f264ef79173ddf099df53a8&name=default 0.572s
2025-04-04 03:32:16.119 69704 INFO tempest.lib.common.rest_client [req-ed995a59-be02-4e76-8403-4e3742f9a869 req-ed995a59-be02-4e76-8403-4e3742f9a869 ] Request (HypervisorAdminV228Test:setUpClass): 201 POST http://10.180.1.21/identity/v3/auth/tokens 0.098s
2025-04-04 03:32:16.194 69694 INFO tempest.lib.common.rest_client [req-9188d2ef-a23d-4a64-9499-52f80fde064e req-9188d2ef-a23d-4a64-9499-52f80fde064e ] Request (FloatingIPsTestJSON:setUpClass): 201 POST http://10.180.1.21/identity/v3/auth/tokens 0.114s
2025-04-04 03:32:16.267 69704 INFO tempest.lib.common.rest_client [req-ccd63ad0-3647-4eae-8b64-00483109e9a5 req-ccd63ad0-3647-4eae-8b64-00483109e9a5 ] Request (HypervisorAdminV228Test:setUpClass): 201 POST http://10.180.1.21/identity/v3/projects 0.147s
2025-04-04 03:32:16.272 69706 INFO tempest.lib.common.rest_client [req-55463f06-454b-434a-99cb-50b8666c28db req-55463f06-454b-434a-99cb-50b8666c28db ] Request (AbsoluteLimitsNegativeTestJSON:tearDownClass): 204 DELETE http://10.180.1.21:9696/networking/v2.0/security-groups/29a3f5c6-80f5-4fe7-a096-4199e7529e62 0.166s
2025-04-04 03:32:16.324 69684 INFO tempest.lib.common.rest_client [req-19b4f0db-eb22-4052-a3a7-0da2b99ee35b req-19b4f0db-eb22-4052-a3a7-0da2b99ee35b ] Request (ServerExternalEventsTest:test_create_server_external_events): 200 POST http://10.180.1.21/compute/v2.1/os-server-external-events 2.696s
2025-04-04 03:32:16.372 69738 INFO tempest.lib.common.rest_client [req-89a46d30-678b-4965-b4a0-d66b91d5103d req-89a46d30-678b-4965-b4a0-d66b91d5103d ] Request (FloatingIPDetailsTestJSON:tearDownClass): 204 DELETE http://10.180.1.21:9696/networking/v2.0/networks/d108ba09-dae9-4d50-bc08-a39f4f1d421c 0.724s
2025-04-04 03:32:16.379 69704 INFO tempest.lib.common.rest_client [req-def68f02-e23c-40f2-ace5-cdddbffb6ebc req-def68f02-e23c-40f2-ace5-cdddbffb6ebc ] Request (HypervisorAdminV228Test:setUpClass): 201 POST http://10.180.1.21/identity/v3/users 0.111s
