2025-04-04 03:31:48.825 69690 INFO tempest.lib.common.rest_client [req-074a6518-1a7d-4802-8217-5bc530972355 req-074a6518-1a7d-4802-8217-5bc530972355 ] Request (QuotasSecurityGroupAdminNegativeTest:setUpClass): 204 PUT http://10.180.1.21/identity/v3/projects/0e96a847d19f4f06b9700fcf960afc22/users/40770f7bad564b9290b5826af402adc7/roles/1ca8e2da171645caba01ec83df1ded4a 0.026s
2025-04-04 03:31:48.825 69690 INFO tempest.lib.common.dynamic_creds [-] Dynamic test user 40770f7bad564b9290b5826af402adc7 is created with scope project and roles: ['member']
2025-04-04 03:31:48.826 69690 INFO tempest.lib.common.dynamic_creds [-] Acquired dynamic creds: credentials: Credentials: {'domain_id': 'default', 'domain_name': 'Default', 'username': 'tempest-QuotasSecurityGroupAdminNegativeTest-44197026-project-member', 'project_domain_id': 'default', 'project_domain_name': 'Default', 'project_id': '0e96a847d19f4f06b9700fcf960afc22', 'project_name': 'tempest-QuotasSecurityGroupAdminNegativeTest-44197026', 'tenant_id': '0e96a847d19f4f06b9700fcf960afc22', 'tenant_name': 'tempest-QuotasSecurityGroupAdminNegativeTest-44197026', 'user_domain_id': 'default', 'user_domain_name': 'Default', 'user_id': '40770f7bad564b9290b5826af402adc7', 'system': None}, Network: None, Subnet: None, Router: None
2025-04-04 03:31:48.826 69690 INFO tempest.lib.common.dynamic_creds [-] Created isolated network resources for: credentials: Credentials: {'domain_id': 'default', 'domain_name': 'Default', 'username': 'tempest-QuotasSecurityGroupAdminNegativeTest-44197026-project-member', 'project_domain_id': 'default', 'project_domain_name': 'Default', 'project_id': '0e96a847d19f4f06b9700fcf960afc22', 'project_name': 'tempest-QuotasSecurityGroupAdminNegativeTest-44197026', 'tenant_id': '0e96a847d19f4f06b9700fcf960afc22', 'tenant_name': 'tempest-QuotasSecurityGroupAdminNegativeTest-44197026', 'user_domain_id': 'default', 'user_domain_name': 'Default', 'user_id': '40770f7bad564b9290b5826af402adc7', 'system': None}, Network: None, Subnet: None, Router: None
2025-04-04 03:31:48.894 69690 INFO tempest.lib.common.rest_client [req-703c83f7-56c9-480e-a771-734356c90689 req-703c83f7-56c9-480e-a771-734356c90689 ] Request (QuotasSecurityGroupAdminNegativeTest:setUpClass): 201 POST http://10.180.1.21/identity/v3/auth/tokens 0.063s
2025-04-04 03:31:48.956 69690 INFO tempest.lib.common.rest_client [req-27bf5077-9f1a-4f0a-b572-c53daa769f30 req-27bf5077-9f1a-4f0a-b572-c53daa769f30 ] Request (QuotasSecurityGroupAdminNegativeTest:setUpClass): 201 POST http://10.180.1.21/identity/v3/projects 0.062s
2025-04-04 03:31:49.027 69690 INFO tempest.lib.common.rest_client [req-fc40a447-736f-4d3a-ae66-1a74a698ddc5 req-fc40a447-736f-4d3a-ae66-1a74a698ddc5 ] Request (QuotasSecurityGroupAdminNegativeTest:setUpClass): 201 POST http://10.180.1.21/identity/v3/users 0.069s
2025-04-04 03:31:49.036 69698 INFO tempest.lib.common.rest_client [req-97bec6fa-6d74-4f64-8252-a6c67e340b8b req-97bec6fa-6d74-4f64-8252-a6c67e340b8b ] Request (ServersTestJSON:setUpClass): 201 POST http://10.180.1.21:9696/networking/v2.0/networks 0.767s
2025-04-04 03:31:49.050 69690 INFO tempest.lib.common.rest_client [req-8fae2d4f-e0f1-474e-a15c-b211b8cfda2b req-8fae2d4f-e0f1-474e-a15c-b211b8cfda2b ] Request (QuotasSecurityGroupAdminNegativeTest:setUpClass): 200 GET http://10.180.1.21/identity/v3/roles 0.022s
2025-04-04 03:31:49.075 69690 INFO tempest.lib.common.rest_client [req-b1478098-33d5-45ec-a97e-f96ae0063066 req-b1478098-33d5-45ec-a97e-f96ae0063066 ] Request (QuotasSecurityGroupAdminNegativeTest:setUpClass): 204 PUT http://10.180.1.21/identity/v3/projects/684ac1f23da14fcc84dee5b2687ee067/users/42d5ec6b09324584823b26510b3656b5/roles/70b06c3c510f48c1b1496d64317971a1 0.024s
2025-04-04 03:31:49.124 69690 INFO tempest.lib.common.rest_client [req-7e55a0fe-2d19-41ba-b8c2-e63218dc5851 req-7e55a0fe-2d19-41ba-b8c2-e63218dc5851 ] Request (QuotasSecurityGroupAdminNegativeTest:setUpClass): 200 GET http://10.180.1.21/identity/v3/roles 0.049s
2025-04-04 03:31:49.141 69690 INFO tempest.lib.common.rest_client [req-7cab5124-67aa-4a4c-95e7-1bcc3c3c077c req-7cab5124-67aa-4a4c-95e7-1bcc3c3c077c ] Request (QuotasSecurityGroupAdminNegativeTest:setUpClass): 204 PUT http://10.180.1.21/identity/v3/projects/684ac1f23da14fcc84dee5b2687ee067/users/42d5ec6b09324584823b26510b3656b5/roles/70b06c3c510f48c1b1496d64317971a1 0.015s
2025-04-04 03:31:49.141 69690 INFO tempest.lib.common.dynamic_creds [-] Dynamic test user 42d5ec6b09324584823b26510b3656b5 is created with scope project and roles: ['admin']
2025-04-04 03:31:49.141 69690 INFO tempest.lib.common.dynamic_creds [-] Acquired dynamic creds: credentials: Credentials: {'domain_id': 'default', 'domain_name': 'Default', 'username': 'tempest-QuotasSecurityGroupAdminNegativeTest-1145699001-project-admin', 'project_domain_id': 'default', 'project_domain_name': 'Default', 'project_id': '684ac1f23da14fcc84dee5b2687ee067', 'project_name': 'tempest-QuotasSecurityGroupAdminNegativeTest-1145699001', 'tenant_id': '684ac1f23da14fcc84dee5b2687ee067', 'tenant_name': 'tempest-QuotasSecurityGroupAdminNegativeTest-1145699001', 'user_domain_id': 'default', 'user_domain_name': 'Default', 'user_id': '42d5ec6b09324584823b26510b3656b5', 'system': None}, Network: None, Subnet: None, Router: None
2025-04-04 03:31:49.141 69690 INFO tempest.lib.common.dynamic_creds [-] Created isolated network resources for: credentials: Credentials: {'domain_id': 'default', 'domain_name': 'Default', 'username': 'tempest-QuotasSecurityGroupAdminNegativeTest-1145699001-project-admin', 'project_domain_id': 'default', 'project_domain_name': 'Default', 'project_id': '684ac1f23da14fcc84dee5b2687ee067', 'project_name': 'tempest-QuotasSecurityGroupAdminNegativeTest-1145699001', 'tenant_id': '684ac1f23da14fcc84dee5b2687ee067', 'tenant_name': 'tempest-QuotasSecurityGroupAdminNegativeTest-1145699001', 'user_domain_id': 'default', 'user_domain_name': 'Default', 'user_id': '42d5ec6b09324584823b26510b3656b5', 'system': None}, Network: None, Subnet: None, Router: None
2025-04-04 03:31:49.224 69690 INFO tempest.lib.common.rest_client [req-4052b95b-7d1f-4857-abdd-72000cd617bc req-4052b95b-7d1f-4857-abdd-72000cd617bc ] Request (QuotasSecurityGroupAdminNegativeTest:setUpClass): 201 POST http://10.180.1.21/identity/v3/auth/tokens 0.081s
2025-04-04 03:31:49.225 69690 WARNING tempest.lib.common.rest_client [-] Deprecated: "tenant_id" property is deprecated for removal, use "project_id" instead
2025-04-04 03:31:49.317 69716 INFO tempest.lib.common.rest_client [req-c60a3467-30f7-49bc-a9e4-3654df88d6b0 req-c60a3467-30f7-49bc-a9e4-3654df88d6b0 ] Request (ServersWithSpecificFlavorTestJSON:setUpClass): 201 POST http://10.180.1.21:9696/networking/v2.0/routers 2.357s
2025-04-04 03:31:49.347 69718 INFO tempest.lib.common.rest_client [req-39f4e3c1-c6cb-402c-ba1f-1f1c897ed323 req-39f4e3c1-c6cb-402c-ba1f-1f1c897ed323 ] Request (ImagesOneServerTestJSON:setUpClass): 202 POST http://10.180.1.21/compute/v2.1/servers 2.725s
2025-04-04 03:31:49.399 69736 INFO tempest.lib.common.rest_client [req-5efc6852-2453-41ac-a635-6ec4b2cee1f2 req-5efc6852-2453-41ac-a635-6ec4b2cee1f2 ] Request (FlavorsV255TestJSON:test_crud_flavor): 200 PUT http://10.180.1.21/compute/v2.1/flavors/1768963447 2.673s
2025-04-04 03:31:49.442 69690 INFO tempest.lib.common.rest_client [req-1fc90a01-561a-4b5c-8be9-18814c0b6d1f req-1fc90a01-561a-4b5c-8be9-18814c0b6d1f ] Request (QuotasSecurityGroupAdminNegativeTest:tearDownClass): 204 DELETE http://10.180.1.21/identity/v3/users/40770f7bad564b9290b5826af402adc7 0.212s
2025-04-04 03:31:49.531 69698 INFO tempest.lib.common.rest_client [req-2391a4ae-96ca-4ad8-b741-c0f56ec7bd07 req-2391a4ae-96ca-4ad8-b741-c0f56ec7bd07 ] Request (ServersTestJSON:setUpClass): 201 POST http://10.180.1.21:9696/networking/v2.0/subnets 0.494s
2025-04-04 03:31:49.620 69690 INFO tempest.lib.common.rest_client [req-3a990e37-cc03-4d8e-a6c1-9383baef47ff req-3a990e37-cc03-4d8e-a6c1-9383baef47ff ] Request (QuotasSecurityGroupAdminNegativeTest:tearDownClass): 204 DELETE http://10.180.1.21/identity/v3/users/42d5ec6b09324584823b26510b3656b5 0.177s
2025-04-04 03:31:49.620 69690 INFO tempest.lib.common.dynamic_creds [-] Deleting project and security group for project: 0e96a847d19f4f06b9700fcf960afc22
2025-04-04 03:31:49.689 69690 INFO tempest.lib.common.rest_client [req-58f3099e-5f88-4090-b70c-6e7637e5d1bd req-58f3099e-5f88-4090-b70c-6e7637e5d1bd ] Request (QuotasSecurityGroupAdminNegativeTest:tearDownClass): 201 POST http://10.180.1.21/identity/v3/auth/tokens 0.069s
2025-04-04 03:31:50.169 69690 INFO tempest.lib.common.rest_client [req-0dc33e96-4131-44ae-b99b-4fad3c35645f req-0dc33e96-4131-44ae-b99b-4fad3c35645f ] Request (QuotasSecurityGroupAdminNegativeTest:tearDownClass): 200 GET http://10.180.1.21:9696/networking/v2.0/security-groups?tenant_id=0e96a847d19f4f06b9700fcf960afc22&name=default 0.479s
2025-04-04 03:31:50.280 69738 INFO tempest.lib.common.rest_client [req-d4140d34-2c84-4906-85b2-38a2e8b9b245 req-d4140d34-2c84-4906-85b2-38a2e8b9b245 ] Request (FloatingIPDetailsTestJSON:setUpClass): 200 POST http://10.180.1.21/compute/v2.1/os-floating-ips 3.557s
2025-04-04 03:31:50.306 69688 INFO tempest.lib.common.rest_client [req-26d72064-2965-4622-874f-21aad2e9a187 req-26d72064-2965-4622-874f-21aad2e9a187 ] Request (HypervisorAdminTestJSON:test_get_hypervisor_show_details): 200 GET http://10.180.1.21/compute/v2.1/os-hypervisors 3.550s
2025-04-04 03:31:50.394 69722 INFO tempest.lib.common.rest_client [req-e0d938ba-e2ea-4b5e-9561-ca3369d478c1 req-e0d938ba-e2ea-4b5e-9561-ca3369d478c1 ] Request (FloatingIPsAssociationNegativeTestJSON:setUpClass): 202 POST http://10.180.1.21/compute/v2.1/servers 3.650s
2025-04-04 03:31:50.410 69732 INFO tempest.lib.common.rest_client [req-58573136-2398-47e7-aa59-b71cf4153489 req-58573136-2398-47e7-aa59-b71cf4153489 ] Request (TenantUsagesNegativeTestJSON:test_list_usage_all_tenants_with_non_admin_user): 403 GET http://10.180.1.21/compute/v2.1/os-simple-tenant-usage?start=2025-04-03T03%3A31%3A42.337767&end=2025-04-05T03%3A31%3A42.337767&detailed=1 3.650s
2025-04-04 03:31:50.417 69690 INFO tempest.lib.common.rest_client [req-a22c87af-0482-453d-a798-95ba32f4e647 req-a22c87af-0482-453d-a798-95ba32f4e647 ] Request (QuotasSecurityGroupAdminNegativeTest:tearDownClass): 204 DELETE http://10.180.1.21:9696/networking/v2.0/security-groups/112dc72e-d75c-4347-b5b1-a308d72cb706 0.248s
2025-04-04 03:31:50.443 69686 INFO tempest.lib.common.rest_client [req-03dcb94a-ac2e-4d1b-b5c3-0e0883cc4225 req-03dcb94a-ac2e-4d1b-b5c3-0e0883cc4225 ] Request (AggregatesAdminNegativeTestJSON:test_aggregate_add_existent_host): 409 POST http://10.180.1.21/compute/v2.1/os-aggregates/1/action 3.667s
2025-04-04 03:31:50.449 69700 INFO tempest.lib.common.rest_client [req-fd116e1a-2456-4b24-bc52-77248b41812d req-fd116e1a-2456-4b24-bc52-77248b41812d ] Request (FlavorsV261TestJSON:test_crud_flavor): 200 PUT http://10.180.1.21/compute/v2.1/flavors/1770085212 3.511s
2025-04-04 03:31:50.490 69690 INFO tempest.lib.common.rest_client [req-8df1f7b9-ed31-44fc-9019-62057d3b4c6c req-8df1f7b9-ed31-44fc-9019-62057d3b4c6c ] Request (QuotasSecurityGroupAdminNegativeTest:tearDownClass): 204 DELETE http://10.180.1.21/identity/v3/projects/0e96a847d19f4f06b9700fcf960afc22 0.072s
2025-04-04 03:31:50.490 69690 INFO tempest.lib.common.dynamic_creds [-] Deleting project and security group for project: 684ac1f23da14fcc84dee5b2687ee067
2025-04-04 03:31:50.491 69732 INFO tempest.lib.common.rest_client [req-077501aa-df53-4cfb-95d0-c2857f73b779 req-077501aa-df53-4cfb-95d0-c2857f73b779 ] Request (TenantUsagesNegativeTestJSON:tearDownClass): 204 DELETE http://10.180.1.21/identity/v3/users/e2f764c2fac74bae8813d0985df8584a 0.080s
2025-04-04 03:31:50.576 69744 INFO tempest.lib.common.rest_client [req-bceca2a1-0fc3-4bd9-9539-ebc3e8365dfc req-bceca2a1-0fc3-4bd9-9539-ebc3e8365dfc ] Request (ServerShowV257Test:test_rebuild_server): 200 GET http://10.180.1.21/compute/v2.1/servers/631e2028-d9a5-4a52-90f7-ffab81a34392 3.565s
2025-04-04 03:31:50.583 69746 INFO tempest.lib.common.rest_client [req-fa3e694c-43c4-4e5e-bd8a-18360e4acea1 req-fa3e694c-43c4-4e5e-bd8a-18360e4acea1 ] Request (ServerPasswordTestJSON:setUpClass): 200 PUT http://10.180.1.21:9696/networking/v2.0/routers/419efeeb-2728-4bfe-8b41-46873cc7a04d/add_router_interface 2.006s
2025-04-04 03:31:50.583 69746 INFO tempest.lib.common.dynamic_creds [-] Created isolated network resources for: credentials: Credentials: {'domain_id': 'default', 'domain_name': 'Default', 'username': 'tempest-ServerPasswordTestJSON-968811084-project-member', 'project_domain_id': 'default', 'project_domain_name': 'Default', 'project_id': '9e3a2ab3f25c4e14868e4f4e8098b0aa', 'project_name': 'tempest-ServerPasswordTestJSON-968811084', 'tenant_id': '9e3a2ab3f25c4e14868e4f4e8098b0aa', 'tenant_name': 'tempest-ServerPasswordTestJSON-968811084', 'user_domain_id': 'default', 'user_domain_name': 'Default', 'user_id': '79c12e63fbfe42d397ce9dbacbe203be', 'system': None}, Network: {'id': '3c60721e-7c19-4431-88e2-4509b132b291', 'name': 'tempest-ServerPasswordTestJSON-2094303066-network', 'tenant_id': '9e3a2ab3f25c4e14868e4f4e8098b0aa', 'admin_state_up': True, 'mtu': 8950, 'status': 'ACTIVE', 'subnets': [], 'shared': False, 'project_id': '9e3a2ab3f25c4e14868e4f4e8098b0aa', 'port_security_enabled': True, 'router:external': False, 'provider:network_type': 'vlan', 'provider:physical_network': 'default', 'provider:segmentation_id': 301, 'availability_zone_hints': [], 'availability_zones': [], 'ipv4_address_scope': None, 'ipv6_address_scope': None, 'description': '', 'tags': [], 'created_at': '2025-04-04T03:31:44Z', 'updated_at': '2025-04-04T03:31:44Z', 'revision_number': 1}, Subnet: {'id': '26af6f2c-421f-49ad-a18c-fe38ad7e3e60', 'name': 'tempest-ServerPasswordTestJSON-2094303066-subnet', 'tenant_id': '9e3a2ab3f25c4e14868e4f4e8098b0aa', 'network_id': '3c60721e-7c19-4431-88e2-4509b132b291', 'ip_version': 4, 'subnetpool_id': None, 'enable_dhcp': True, 'ipv6_ra_mode': None, 'ipv6_address_mode': None, 'gateway_ip': '192.168.128.1', 'cidr': '192.168.128.0/28', 'allocation_pools': [{'start': '192.168.128.2', 'end': '192.168.128.14'}], 'host_routes': [], 'dns_nameservers': [], 'description': '', 'router:external': False, 'service_types': [], 'tags': [], 'created_at': '2025-04-04T03:31:44Z', 'updated_at': '2025-04-04T03:31:44Z', 'revision_number': 0, 'project_id': '9e3a2ab3f25c4e14868e4f4e8098b0aa'}, Router: {'id': '419efeeb-2728-4bfe-8b41-46873cc7a04d', 'name': 'tempest-ServerPasswordTestJSON-2094303066-router', 'tenant_id': '9e3a2ab3f25c4e14868e4f4e8098b0aa', 'admin_state_up': True, 'status': 'ACTIVE', 'external_gateway_info': {'network_id': '44747fc1-3664-495e-a09c-ef797a9312e7', 'external_fixed_ips': [{'subnet_id': 'ebf3ab66-2505-4e5b-bd3a-b9ac528f2b8c', 'ip_address': '10.180.180.134'}], 'enable_snat': True}, 'description': '', 'availability_zones': [], 'distributed': False, 'ha': False, 'availability_zone_hints': [], 'routes': [], 'flavor_id': None, 'tags': [], 'created_at': '2025-04-04T03:31:45Z', 'updated_at': '2025-04-04T03:31:47Z', 'revision_number': 2, 'project_id': '9e3a2ab3f25c4e14868e4f4e8098b0aa'}
2025-04-04 03:31:50.596 69732 INFO tempest.lib.common.rest_client [req-4a7d0790-722d-4ba4-92e2-90e46b928529 req-4a7d0790-722d-4ba4-92e2-90e46b928529 ] Request (TenantUsagesNegativeTestJSON:tearDownClass): 204 DELETE http://10.180.1.21/identity/v3/users/acae5ce880644e1c8b6c5a6bdd91de00 0.104s
2025-04-04 03:31:50.596 69732 INFO tempest.lib.common.dynamic_creds [-] Deleting project and security group for project: 67a0dfaddbc84f6787bf1e3fb27e9144
2025-04-04 03:31:50.610 69714 INFO tempest.lib.common.rest_client [req-2a976309-236d-4804-982e-8859d5f09628 req-2a976309-236d-4804-982e-8859d5f09628 ] Request (VolumesAssistedSnapshotsTest:setUpClass): 200 PUT http://10.180.1.21:9696/networking/v2.0/routers/b70172d6-58d6-44f2-8d44-b54824c6ecde/add_router_interface 2.442s
2025-04-04 03:31:50.611 69714 INFO tempest.lib.common.dynamic_creds [-] Created isolated network resources for: credentials: Credentials: {'domain_id': 'default', 'domain_name': 'Default', 'username': 'tempest-VolumesAssistedSnapshotsTest-1073722838-project-admin', 'project_domain_id': 'default', 'project_domain_name': 'Default', 'project_id': 'ed4a38bc039f43a2adcef4bf3cdeceb8', 'project_name': 'tempest-VolumesAssistedSnapshotsTest-1073722838', 'tenant_id': 'ed4a38bc039f43a2adcef4bf3cdeceb8', 'tenant_name': 'tempest-VolumesAssistedSnapshotsTest-1073722838', 'user_domain_id': 'default', 'user_domain_name': 'Default', 'user_id': '8a3cb21eed5d43fe93603544fc6a74b5', 'system': None}, Network: {'id': '7a5673e7-5db9-4a7c-9b50-1ab06bbc0584', 'name': 'tempest-VolumesAssistedSnapshotsTest-442496307-network', 'tenant_id': 'ed4a38bc039f43a2adcef4bf3cdeceb8', 'admin_state_up': True, 'mtu': 8950, 'status': 'ACTIVE', 'subnets': [], 'shared': False, 'project_id': 'ed4a38bc039f43a2adcef4bf3cdeceb8', 'port_security_enabled': True, 'router:external': False, 'provider:network_type': 'vlan', 'provider:physical_network': 'default', 'provider:segmentation_id': 967, 'availability_zone_hints': [], 'availability_zones': [], 'ipv4_address_scope': None, 'ipv6_address_scope': None, 'description': '', 'tags': [], 'created_at': '2025-04-04T03:31:43Z', 'updated_at': '2025-04-04T03:31:44Z', 'revision_number': 1}, Subnet: {'id': 'dcf03215-89e4-4e6b-a34a-e173eb401daa', 'name': 'tempest-VolumesAssistedSnapshotsTest-442496307-subnet', 'tenant_id': 'ed4a38bc039f43a2adcef4bf3cdeceb8', 'network_id': '7a5673e7-5db9-4a7c-9b50-1ab06bbc0584', 'ip_version': 4, 'subnetpool_id': None, 'enable_dhcp': True, 'ipv6_ra_mode': None, 'ipv6_address_mode': None, 'gateway_ip': '192.168.128.1', 'cidr': '192.168.128.0/28', 'allocation_pools': [{'start': '192.168.128.2', 'end': '192.168.128.14'}], 'host_routes': [], 'dns_nameservers': [], 'description': '', 'router:external': False, 'service_types': [], 'tags': [], 'created_at': '2025-04-04T03:31:44Z', 'updated_at': '2025-04-04T03:31:44Z', 'revision_number': 0, 'project_id': 'ed4a38bc039f43a2adcef4bf3cdeceb8'}, Router: {'id': 'b70172d6-58d6-44f2-8d44-b54824c6ecde', 'name': 'tempest-VolumesAssistedSnapshotsTest-442496307-router', 'tenant_id': 'ed4a38bc039f43a2adcef4bf3cdeceb8', 'admin_state_up': True, 'status': 'ACTIVE', 'external_gateway_info': {'network_id': '44747fc1-3664-495e-a09c-ef797a9312e7', 'external_fixed_ips': [{'subnet_id': 'ebf3ab66-2505-4e5b-bd3a-b9ac528f2b8c', 'ip_address': '10.180.180.221'}], 'enable_snat': True}, 'description': '', 'availability_zones': [], 'distributed': False, 'ha': False, 'availability_zone_hints': [], 'routes': [], 'flavor_id': None, 'tags': [], 'created_at': '2025-04-04T03:31:45Z', 'updated_at': '2025-04-04T03:31:46Z', 'revision_number': 2, 'project_id': 'ed4a38bc039f43a2adcef4bf3cdeceb8'}
2025-04-04 03:31:50.678 69746 INFO tempest.lib.common.rest_client [req-fa7e02fc-07ce-4372-863c-64fe2ef70556 req-fa7e02fc-07ce-4372-863c-64fe2ef70556 ] Request (ServerPasswordTestJSON:setUpClass): 201 POST http://10.180.1.21/identity/v3/auth/tokens 0.090s
2025-04-04 03:31:50.686 69690 INFO tempest.lib.common.rest_client [req-637eaf94-6175-43df-bcf4-61a3dfdd4d07 req-637eaf94-6175-43df-bcf4-61a3dfdd4d07 ] Request (QuotasSecurityGroupAdminNegativeTest:tearDownClass): 200 GET http://10.180.1.21:9696/networking/v2.0/security-groups?tenant_id=684ac1f23da14fcc84dee5b2687ee067&name=default 0.195s
2025-04-04 03:31:50.732 69732 INFO tempest.lib.common.rest_client [req-4e08b7dc-32d6-4794-bf87-6317f95dff7e req-4e08b7dc-32d6-4794-bf87-6317f95dff7e ] Request (TenantUsagesNegativeTestJSON:tearDownClass): 201 POST http://10.180.1.21/identity/v3/auth/tokens 0.135s
2025-04-04 03:31:50.734 69708 INFO tempest.lib.common.rest_client [req-1f528e3e-f84f-4482-9dd3-ed32c3041534 req-1f528e3e-f84f-4482-9dd3-ed32c3041534 ] Request (FlavorsAccessTestJSON:test_flavor_access_add_remove): 200 GET http://10.180.1.21/compute/v2.1/flavors/detail 3.446s
2025-04-04 03:31:50.758 69746 INFO tempest.lib.common.rest_client [req-083e55b2-000c-444f-b141-f5a6374a9f6e req-083e55b2-000c-444f-b141-f5a6374a9f6e ] Request (ServerPasswordTestJSON:setUpClass): 201 POST http://10.180.1.21/identity/v3/auth/tokens 0.074s
2025-04-04 03:31:50.759 69746 INFO tempest.lib.common.fixed_network [-] (ServerPasswordTestJSON:setUpClass) Found network {'id': '3c60721e-7c19-4431-88e2-4509b132b291', 'name': 'tempest-ServerPasswordTestJSON-2094303066-network', 'tenant_id': '9e3a2ab3f25c4e14868e4f4e8098b0aa', 'admin_state_up': True, 'mtu': 8950, 'status': 'ACTIVE', 'subnets': [], 'shared': False, 'project_id': '9e3a2ab3f25c4e14868e4f4e8098b0aa', 'port_security_enabled': True, 'router:external': False, 'provider:network_type': 'vlan', 'provider:physical_network': 'default', 'provider:segmentation_id': 301, 'availability_zone_hints': [], 'availability_zones': [], 'ipv4_address_scope': None, 'ipv6_address_scope': None, 'description': '', 'tags': [], 'created_at': '2025-04-04T03:31:44Z', 'updated_at': '2025-04-04T03:31:44Z', 'revision_number': 1} available for tenant
2025-04-04 03:31:50.765 69714 INFO tempest.lib.common.rest_client [req-6ab7584c-82cd-475f-8e7c-090b729e1ed4 req-6ab7584c-82cd-475f-8e7c-090b729e1ed4 ] Request (VolumesAssistedSnapshotsTest:setUpClass): 201 POST http://10.180.1.21/identity/v3/auth/tokens 0.150s
2025-04-04 03:31:50.815 69714 INFO tempest.lib.common.rest_client [req-667ca90e-c360-444e-a4ec-5025f8909077 req-667ca90e-c360-444e-a4ec-5025f8909077 ] Request (VolumesAssistedSnapshotsTest:setUpClass): 201 POST http://10.180.1.21/identity/v3/projects 0.050s
2025-04-04 03:31:50.876 69714 INFO tempest.lib.common.rest_client [req-946a034d-0110-4b23-8e94-e6fc41791632 req-946a034d-0110-4b23-8e94-e6fc41791632 ] Request (VolumesAssistedSnapshotsTest:setUpClass): 201 POST http://10.180.1.21/identity/v3/users 0.060s
2025-04-04 03:31:50.878 69690 INFO tempest.lib.common.rest_client [req-50b45c5c-ac7c-4d5b-a0c4-b15c6b44c71d req-50b45c5c-ac7c-4d5b-a0c4-b15c6b44c71d ] Request (QuotasSecurityGroupAdminNegativeTest:tearDownClass): 204 DELETE http://10.180.1.21:9696/networking/v2.0/security-groups/80ed9859-b2a3-44ca-948e-995b46545f96 0.192s
2025-04-04 03:31:50.890 69728 INFO tempest.lib.common.rest_client [req-9b1556be-f456-438d-9c36-9261357ccaac req-9b1556be-f456-438d-9c36-9261357ccaac ] Request (SecurityGroupRulesTestJSON:test_security_group_rules_create): 200 POST http://10.180.1.21/compute/v2.1/os-security-groups 3.895s
2025-04-04 03:31:50.896 69714 INFO tempest.lib.common.rest_client [req-78172696-a2b4-4d3f-980a-1eeb0b151a85 req-78172696-a2b4-4d3f-980a-1eeb0b151a85 ] Request (VolumesAssistedSnapshotsTest:setUpClass): 200 GET http://10.180.1.21/identity/v3/roles 0.020s
2025-04-04 03:31:50.943 69714 INFO tempest.lib.common.rest_client [req-d85ba3fe-2d07-4f1e-ba55-4c170e5234ff req-d85ba3fe-2d07-4f1e-ba55-4c170e5234ff ] Request (VolumesAssistedSnapshotsTest:setUpClass): 204 PUT http://10.180.1.21/identity/v3/projects/c499bc2e1107498aa55bbb4d4b06654f/users/b8e84ebc15054cc98970bdcabe5ef387/roles/70b06c3c510f48c1b1496d64317971a1 0.046s
2025-04-04 03:31:50.952 69740 INFO tempest.lib.common.rest_client [req-a1256435-1afb-4744-9341-0010cbba5f53 req-a1256435-1afb-4744-9341-0010cbba5f53 ] Request (FloatingIPsNegativeTestJSON:test_delete_nonexistent_floating_ip): 404 DELETE http://10.180.1.21/compute/v2.1/os-floating-ips/c8b62103-cc53-485e-85b2-8d987d404c2f 3.131s
2025-04-04 03:31:50.975 69690 INFO tempest.lib.common.rest_client [req-261952cd-57aa-44b5-9bed-58f55595cc68 req-261952cd-57aa-44b5-9bed-58f55595cc68 ] Request (QuotasSecurityGroupAdminNegativeTest:tearDownClass): 204 DELETE http://10.180.1.21/identity/v3/projects/684ac1f23da14fcc84dee5b2687ee067 0.097s
2025-04-04 03:31:51.013 69694 INFO tempest.lib.common.rest_client [req-39e620d8-f398-4db5-8405-c5f550cd0617 req-39e620d8-f398-4db5-8405-c5f550cd0617 ] Request (SecurityGroupsTestAdminJSON:test_list_security_groups_list_all_tenants_filter): 200 POST http://10.180.1.21/compute/v2.1/os-security-groups 3.241s
2025-04-04 03:31:51.027 69732 INFO tempest.lib.common.rest_client [req-c0cdc97d-cc7e-4be0-8485-6bd8fd210915 req-c0cdc97d-cc7e-4be0-8485-6bd8fd210915 ] Request (TenantUsagesNegativeTestJSON:tearDownClass): 200 GET http://10.180.1.21:9696/networking/v2.0/security-groups?tenant_id=67a0dfaddbc84f6787bf1e3fb27e9144&name=default 0.294s
2025-04-04 03:31:51.042 69714 INFO tempest.lib.common.rest_client [req-ca6de7a3-ffd8-47c7-a759-27fc1d04ec1e req-ca6de7a3-ffd8-47c7-a759-27fc1d04ec1e ] Request (VolumesAssistedSnapshotsTest:setUpClass): 200 GET http://10.180.1.21/identity/v3/roles 0.099s
2025-04-04 03:31:51.055 69698 INFO tempest.lib.common.rest_client [req-b7bc7f12-62df-46e3-9b06-febc55abfea8 req-b7bc7f12-62df-46e3-9b06-febc55abfea8 ] Request (ServersTestJSON:setUpClass): 201 POST http://10.180.1.21:9696/networking/v2.0/routers 1.523s
2025-04-04 03:31:51.090 69690 INFO tempest.lib.common.rest_client [req-66fb5f26-bea3-4877-941b-06e0835ecf1e req-66fb5f26-bea3-4877-941b-06e0835ecf1e ] Request (AttachInterfacesTestJSON:setUpClass): 201 POST http://10.180.1.21/identity/v3/auth/tokens 0.112s
2025-04-04 03:31:51.108 69734 INFO tempest.lib.common.rest_client [req-2a121900-5080-4363-9ada-227ca1722e67 req-2a121900-5080-4363-9ada-227ca1722e67 ] Request (FlavorsAccessNegativeTestJSON:_run_cleanups): 200 POST http://10.180.1.21/compute/v2.1/flavors/713090048/action 3.138s
2025-04-04 03:31:51.123 69714 INFO tempest.lib.common.rest_client [req-79b55629-9ae0-45c6-936b-588a2b7d762e req-79b55629-9ae0-45c6-936b-588a2b7d762e ] Request (VolumesAssistedSnapshotsTest:setUpClass): 204 PUT http://10.180.1.21/identity/v3/projects/c499bc2e1107498aa55bbb4d4b06654f/users/b8e84ebc15054cc98970bdcabe5ef387/roles/95446c819c3d4a28992ace1569bba5dc 0.080s
2025-04-04 03:31:51.123 69714 INFO tempest.lib.common.dynamic_creds [-] Dynamic test user b8e84ebc15054cc98970bdcabe5ef387 is created with scope project and roles: ['admin', 'service']
2025-04-04 03:31:51.124 69714 INFO tempest.lib.common.dynamic_creds [-] Acquired dynamic creds: credentials: Credentials: {'domain_id': 'default', 'domain_name': 'Default', 'username': 'tempest-VolumesAssistedSnapshotsTest-1889772151-project', 'project_domain_id': 'default', 'project_domain_name': 'Default', 'project_id': 'c499bc2e1107498aa55bbb4d4b06654f', 'project_name': 'tempest-VolumesAssistedSnapshotsTest-1889772151', 'tenant_id': 'c499bc2e1107498aa55bbb4d4b06654f', 'tenant_name': 'tempest-VolumesAssistedSnapshotsTest-1889772151', 'user_domain_id': 'default', 'user_domain_name': 'Default', 'user_id': 'b8e84ebc15054cc98970bdcabe5ef387', 'system': None}, Network: None, Subnet: None, Router: None
2025-04-04 03:31:51.180 69690 INFO tempest.lib.common.rest_client [req-f9d41b02-a076-4043-bcd9-2a094dc63ad9 req-f9d41b02-a076-4043-bcd9-2a094dc63ad9 ] Request (AttachInterfacesTestJSON:setUpClass): 201 POST http://10.180.1.21/identity/v3/auth/tokens 0.088s
2025-04-04 03:31:51.196 69692 INFO tempest.lib.common.rest_client [req-cca7553a-5be2-473b-a039-803875e3fcd7 req-cca7553a-5be2-473b-a039-803875e3fcd7 ] Request (ValidationResourcesFixture:setUp): 200 POST http://10.180.1.21/compute/v2.1/os-keypairs 3.160s
2025-04-04 03:31:51.205 69690 INFO tempest.lib.common.rest_client [req-368fd59e-14d5-4c7c-b063-767936779084 req-368fd59e-14d5-4c7c-b063-767936779084 ] Request (AttachInterfacesTestJSON:setUpClass): 200 GET http://10.180.1.21/identity/v3/domains?name=Default 0.025s
2025-04-04 03:31:51.237 69690 INFO tempest.lib.common.rest_client [req-a17a6502-c282-4642-a1d0-c5e47c2d2f7e req-a17a6502-c282-4642-a1d0-c5e47c2d2f7e ] Request (AttachInterfacesTestJSON:setUpClass): 201 POST http://10.180.1.21/identity/v3/projects 0.030s
2025-04-04 03:31:51.244 69732 INFO tempest.lib.common.rest_client [req-e22741ef-85dd-4f5e-9124-f29f441a221b req-e22741ef-85dd-4f5e-9124-f29f441a221b ] Request (TenantUsagesNegativeTestJSON:tearDownClass): 204 DELETE http://10.180.1.21:9696/networking/v2.0/security-groups/c8c483aa-4b30-406a-8c2f-b9a4c643529a 0.217s
2025-04-04 03:31:51.321 69730 INFO tempest.lib.common.rest_client [req-3bf09c8c-c0e3-4d3d-899c-c6b731f6bfb9 req-3bf09c8c-c0e3-4d3d-899c-c6b731f6bfb9 ] Request (ServersAdmin275Test:test_rebuild_update_server_275): 200 GET http://10.180.1.21/compute/v2.1/servers/c71c0ece-f925-4ac2-a005-8922212a6f97 3.215s
2025-04-04 03:31:51.352 69720 INFO tempest.lib.common.rest_client [req-7a4d325d-723c-434d-80f2-7cbdc93a5ca2 req-7a4d325d-723c-434d-80f2-7cbdc93a5ca2 ] Request (ServicesAdminNegativeTestJSON:test_get_service_with_valid_service_and_invalid_host): 200 GET http://10.180.1.21/compute/v2.1/os-services 3.231s
2025-04-04 03:31:51.365 69690 INFO tempest.lib.common.rest_client [req-88220aa4-aa2a-4a83-b008-5fa364ec1b95 req-88220aa4-aa2a-4a83-b008-5fa364ec1b95 ] Request (AttachInterfacesTestJSON:setUpClass): 201 POST http://10.180.1.21/identity/v3/users 0.127s
2025-04-04 03:31:51.369 69704 INFO tempest.lib.common.rest_client [req-d168b379-baf5-49a4-bbb0-4a9b4a209d56 req-d168b379-baf5-49a4-bbb0-4a9b4a209d56 ] Request (HostsAdminNegativeTestJSON:test_reboot_nonexistent_host): 404 GET http://10.180.1.21/compute/v2.1/os-hosts/nonexistent_hostname/reboot 3.242s
2025-04-04 03:31:51.393 69732 INFO tempest.lib.common.rest_client [req-7dff9e1f-ce5b-4fa7-b829-d820526b15b8 req-7dff9e1f-ce5b-4fa7-b829-d820526b15b8 ] Request (TenantUsagesNegativeTestJSON:tearDownClass): 204 DELETE http://10.180.1.21/identity/v3/projects/67a0dfaddbc84f6787bf1e3fb27e9144 0.148s
2025-04-04 03:31:51.393 69732 INFO tempest.lib.common.dynamic_creds [-] Deleting project and security group for project: cd8c14ec335548869f89007acf3a7d79
2025-04-04 03:31:51.400 69702 INFO tempest.lib.common.rest_client [req-e97d5e94-daf8-44c8-b716-b30a5c5cb1aa req-e97d5e94-daf8-44c8-b716-b30a5c5cb1aa ] Request (FlavorsExtraSpecsNegativeTestJSON:test_flavor_non_admin_unset_keys): 200 POST http://10.180.1.21/compute/v2.1/flavors/403290096/os-extra_specs 3.265s
2025-04-04 03:31:51.401 69716 INFO tempest.lib.common.rest_client [req-ff714db9-06c1-490d-85ff-792692f5eb2d req-ff714db9-06c1-490d-85ff-792692f5eb2d ] Request (ServersWithSpecificFlavorTestJSON:setUpClass): 200 PUT http://10.180.1.21:9696/networking/v2.0/routers/218b5632-ca2c-488f-91ef-af352e99e48a/add_router_interface 2.083s
2025-04-04 03:31:51.402 69716 INFO tempest.lib.common.dynamic_creds [-] Created isolated network resources for: credentials: Credentials: {'domain_id': 'default', 'domain_name': 'Default', 'username': 'tempest-ServersWithSpecificFlavorTestJSON-328530140-project-admin', 'project_domain_id': 'default', 'project_domain_name': 'Default', 'project_id': '37abee4eaaff4a2b8d8d56ea3f885184', 'project_name': 'tempest-ServersWithSpecificFlavorTestJSON-328530140', 'tenant_id': '37abee4eaaff4a2b8d8d56ea3f885184', 'tenant_name': 'tempest-ServersWithSpecificFlavorTestJSON-328530140', 'user_domain_id': 'default', 'user_domain_name': 'Default', 'user_id': '73714e87544748dbba00375aec398907', 'system': None}, Network: {'id': 'e6c51e14-0385-4881-a245-2d4b1779241c', 'name': 'tempest-ServersWithSpecificFlavorTestJSON-2004809176-network', 'tenant_id': '37abee4eaaff4a2b8d8d56ea3f885184', 'admin_state_up': True, 'mtu': 8950, 'status': 'ACTIVE', 'subnets': [], 'shared': False, 'project_id': '37abee4eaaff4a2b8d8d56ea3f885184', 'port_security_enabled': True, 'router:external': False, 'provider:network_type': 'vlan', 'provider:physical_network': 'default', 'provider:segmentation_id': 543, 'availability_zone_hints': [], 'availability_zones': [], 'ipv4_address_scope': None, 'ipv6_address_scope': None, 'description': '', 'tags': [], 'created_at': '2025-04-04T03:31:46Z', 'updated_at': '2025-04-04T03:31:46Z', 'revision_number': 1}, Subnet: {'id': '22dfc89f-8485-491b-9ac8-5fd41dcf2eeb', 'name': 'tempest-ServersWithSpecificFlavorTestJSON-2004809176-subnet', 'tenant_id': '37abee4eaaff4a2b8d8d56ea3f885184', 'network_id': 'e6c51e14-0385-4881-a245-2d4b1779241c', 'ip_version': 4, 'subnetpool_id': None, 'enable_dhcp': True, 'ipv6_ra_mode': None, 'ipv6_address_mode': None, 'gateway_ip': '192.168.128.1', 'cidr': '192.168.128.0/28', 'allocation_pools': [{'start': '192.168.128.2', 'end': '192.168.128.14'}], 'host_routes': [], 'dns_nameservers': [], 'description': '', 'router:external': False, 'service_types': [], 'tags': [], 'created_at': '2025-04-04T03:31:46Z', 'updated_at': '2025-04-04T03:31:46Z', 'revision_number': 0, 'project_id': '37abee4eaaff4a2b8d8d56ea3f885184'}, Router: {'id': '218b5632-ca2c-488f-91ef-af352e99e48a', 'name': 'tempest-ServersWithSpecificFlavorTestJSON-2004809176-router', 'tenant_id': '37abee4eaaff4a2b8d8d56ea3f885184', 'admin_state_up': True, 'status': 'ACTIVE', 'external_gateway_info': {'network_id': '44747fc1-3664-495e-a09c-ef797a9312e7', 'external_fixed_ips': [{'subnet_id': 'ebf3ab66-2505-4e5b-bd3a-b9ac528f2b8c', 'ip_address': '10.180.180.188'}], 'enable_snat': True}, 'description': '', 'availability_zones': [], 'distributed': False, 'ha': False, 'availability_zone_hints': [], 'routes': [], 'flavor_id': None, 'tags': [], 'created_at': '2025-04-04T03:31:47Z', 'updated_at': '2025-04-04T03:31:48Z', 'revision_number': 2, 'project_id': '37abee4eaaff4a2b8d8d56ea3f885184'}
2025-04-04 03:31:51.420 69706 INFO tempest.lib.common.rest_client [req-5e767854-5358-4886-a45d-fd227eeb4a94 req-5e767854-5358-4886-a45d-fd227eeb4a94 ] Request (ServicesAdminNegativeV253TestJSON:test_get_service_by_invalid_params): 200 GET http://10.180.1.21/compute/v2.1/os-services 3.082s
2025-04-04 03:31:51.447 69690 INFO tempest.lib.common.rest_client [req-caa9f9cd-5a48-47ef-bc39-3202bafb4f39 req-caa9f9cd-5a48-47ef-bc39-3202bafb4f39 ] Request (AttachInterfacesTestJSON:setUpClass): 200 GET http://10.180.1.21/identity/v3/roles 0.082s
2025-04-04 03:31:51.490 69716 INFO tempest.lib.common.rest_client [req-180ac8b9-5e51-4dea-ad6c-16b8b364093e req-180ac8b9-5e51-4dea-ad6c-16b8b364093e ] Request (ServersWithSpecificFlavorTestJSON:setUpClass): 201 POST http://10.180.1.21/identity/v3/auth/tokens 0.083s
2025-04-04 03:31:51.493 69690 INFO tempest.lib.common.rest_client [req-725d76d0-d999-4ed2-af31-871ea40f2516 req-725d76d0-d999-4ed2-af31-871ea40f2516 ] Request (AttachInterfacesTestJSON:setUpClass): 204 PUT http://10.180.1.21/identity/v3/projects/03188c2e9e3d4da7b18a41fb78d6d5be/users/bea9170487bc468691c980517ad8cd95/roles/1ca8e2da171645caba01ec83df1ded4a 0.045s
2025-04-04 03:31:51.494 69690 INFO tempest.lib.common.dynamic_creds [-] Dynamic test user bea9170487bc468691c980517ad8cd95 is created with scope project and roles: ['member']
2025-04-04 03:31:51.494 69690 INFO tempest.lib.common.dynamic_creds [-] Acquired dynamic creds: credentials: Credentials: {'domain_id': 'default', 'domain_name': 'Default', 'username': 'tempest-AttachInterfacesTestJSON-1836014512-project-member', 'project_domain_id': 'default', 'project_domain_name': 'Default', 'project_id': '03188c2e9e3d4da7b18a41fb78d6d5be', 'project_name': 'tempest-AttachInterfacesTestJSON-1836014512', 'tenant_id': '03188c2e9e3d4da7b18a41fb78d6d5be', 'tenant_name': 'tempest-AttachInterfacesTestJSON-1836014512', 'user_domain_id': 'default', 'user_domain_name': 'Default', 'user_id': 'bea9170487bc468691c980517ad8cd95', 'system': None}, Network: None, Subnet: None, Router: None
2025-04-04 03:31:51.550 69690 INFO tempest.lib.common.rest_client [req-ce9f871c-14b5-4ad8-9522-109bf741c585 req-ce9f871c-14b5-4ad8-9522-109bf741c585 ] Request (AttachInterfacesTestJSON:setUpClass): 201 POST http://10.180.1.21/identity/v3/auth/tokens 0.056s
2025-04-04 03:31:51.614 69724 INFO tempest.lib.common.rest_client [req-3dd07efb-faa8-4ac7-95d0-eba132d2cb4e req-3dd07efb-faa8-4ac7-95d0-eba132d2cb4e ] Request (ServerDiagnosticsTest:test_get_server_diagnostics): 202 POST http://10.180.1.21/compute/v2.1/servers 3.516s
2025-04-04 03:31:51.651 69712 INFO tempest.lib.common.rest_client [req-e4891932-0e4f-43e4-a2c3-334ac7f14f7d req-e4891932-0e4f-43e4-a2c3-334ac7f14f7d ] Request (QuotasAdminTestJSON:test_delete_quota): 200 GET http://10.180.1.21/compute/v2.1/os-quota-sets/0035cf03ad6f429da15fa26bcc6c11dd 3.292s
2025-04-04 03:31:51.662 69692 INFO tempest.lib.common.rest_client [req-4a74f349-fd68-440a-8069-c956c9f1db10 req-4a74f349-fd68-440a-8069-c956c9f1db10 ] Request (ValidationResourcesFixture:setUp): 201 POST http://10.180.1.21:9696/networking/v2.0/security-groups 0.462s
2025-04-04 03:31:51.716 69743 INFO tempest.lib.common.rest_client [req-53485d42-cedb-4ebe-a41e-102a03280f2e req-53485d42-cedb-4ebe-a41e-102a03280f2e ] Request (ImagesTestJSON:test_create_image_from_stopped_server): 200 GET http://10.180.1.21/compute/v2.1/servers/a093a10f-7e15-4efe-85ea-2b8e70ee61ed 3.057s
2025-04-04 03:31:51.752 69712 INFO tempest.lib.common.rest_client [req-615072c7-5994-4f33-b61f-e160b05babd4 req-615072c7-5994-4f33-b61f-e160b05babd4 ] Request (QuotasAdminTestJSON:_run_cleanups): 204 DELETE http://10.180.1.21/identity/v3/projects/0035cf03ad6f429da15fa26bcc6c11dd 0.098s
2025-04-04 03:31:51.804 69710 INFO tempest.lib.common.rest_client [req-8f7a19b2-a2fe-400f-803e-fc009d0076e9 req-8f7a19b2-a2fe-400f-803e-fc009d0076e9 ] Request (MigrationsAdminTest:test_list_migrations_in_flavor_resize_situation): 200 GET http://10.180.1.21/compute/v2.1/servers/a71a4c5b-2874-450f-bc0b-1ac80c6f7655 2.470s
2025-04-04 03:31:51.804 69726 INFO tempest.lib.common.rest_client [req-809b064e-a83f-40ea-a31e-fd0a6ca4ea00 req-809b064e-a83f-40ea-a31e-fd0a6ca4ea00 ] Request (DeleteServersAdminTestJSON:test_admin_delete_servers_of_others): 200 GET http://10.180.1.21/compute/v2.1/servers/cdbc4c38-4161-46b9-b382-930146f88912 2.562s
2025-04-04 03:31:51.813 69710 INFO tempest.common.waiters [-] State transition "BUILD/None" ==> "BUILD/networking" after 3 second wait
2025-04-04 03:31:51.822 69732 INFO tempest.lib.common.rest_client [req-6ace07cb-94f1-4067-b707-2c195ddb5aad req-6ace07cb-94f1-4067-b707-2c195ddb5aad ] Request (TenantUsagesNegativeTestJSON:tearDownClass): 200 GET http://10.180.1.21:9696/networking/v2.0/security-groups?tenant_id=cd8c14ec335548869f89007acf3a7d79&name=default 0.428s
2025-04-04 03:31:51.831 69736 INFO tempest.lib.common.rest_client [req-68fee349-79d2-4f1e-9e3d-af45987bdc43 req-68fee349-79d2-4f1e-9e3d-af45987bdc43 ] Request (FlavorsV255TestJSON:test_crud_flavor): 200 GET http://10.180.1.21/compute/v2.1/flavors/detail 2.429s
2025-04-04 03:31:51.865 69714 INFO tempest.lib.common.rest_client [req-2cadf69d-4e0a-4bd2-b269-0dcb43db9f75 req-2cadf69d-4e0a-4bd2-b269-0dcb43db9f75 ] Request (VolumesAssistedSnapshotsTest:setUpClass): 201 POST http://10.180.1.21:9696/networking/v2.0/networks 0.741s
2025-04-04 03:31:51.876 69718 INFO tempest.lib.common.rest_client [req-9dcddc58-b600-4bc8-ad85-b0f97da13d53 req-9dcddc58-b600-4bc8-ad85-b0f97da13d53 ] Request (ImagesOneServerTestJSON:setUpClass): 200 GET http://10.180.1.21/compute/v2.1/servers/d0af16e1-ef91-409d-af71-2c57bd1c4aef 2.527s
2025-04-04 03:31:51.898 69684 INFO tempest.lib.common.rest_client [req-37b1481c-4cd9-482f-b3e5-88b0333fad35 req-37b1481c-4cd9-482f-b3e5-88b0333fad35 ] Request (ServerExternalEventsTest:test_create_server_external_events): 200 GET http://10.180.1.21/compute/v2.1/servers/992a7f0e-313c-4858-8cab-1ba670160225 2.464s
2025-04-04 03:31:51.919 69688 INFO tempest.lib.common.rest_client [req-ef073cc5-b4aa-4d8a-b402-0c9fd7f8c2c6 req-ef073cc5-b4aa-4d8a-b402-0c9fd7f8c2c6 ] Request (HypervisorAdminTestJSON:test_get_hypervisor_show_details): 200 GET http://10.180.1.21/compute/v2.1/os-hypervisors/1 1.612s
2025-04-04 03:31:51.986 69692 INFO tempest.lib.common.rest_client [req-8750aa68-4ff5-48d2-8d4b-12fccdad4be9 req-8750aa68-4ff5-48d2-8d4b-12fccdad4be9 ] Request (ValidationResourcesFixture:setUp): 201 POST http://10.180.1.21:9696/networking/v2.0/security-group-rules 0.323s
2025-04-04 03:31:51.988 69722 INFO tempest.lib.common.rest_client [req-61219eee-5516-426e-92c1-d21a1bd9cadc req-61219eee-5516-426e-92c1-d21a1bd9cadc ] Request (FloatingIPsAssociationNegativeTestJSON:setUpClass): 200 GET http://10.180.1.21/compute/v2.1/servers/82c13f86-5dcc-4ca8-9006-dafc34dd00a1 1.592s
2025-04-04 03:31:52.234 69732 INFO tempest.lib.common.rest_client [req-4f1e5458-6164-49ee-91b7-646aeaf4869b req-4f1e5458-6164-49ee-91b7-646aeaf4869b ] Request (TenantUsagesNegativeTestJSON:tearDownClass): 204 DELETE http://10.180.1.21:9696/networking/v2.0/security-groups/0aefd788-e5ff-467a-9828-471e4846d3f2 0.412s
2025-04-04 03:31:52.310 69686 INFO tempest.lib.common.rest_client [req-e9b0a845-7093-4f8f-83dd-e6ff995bed3c req-e9b0a845-7093-4f8f-83dd-e6ff995bed3c ] Request (AggregatesAdminNegativeTestJSON:_run_cleanups): 200 POST http://10.180.1.21/compute/v2.1/os-aggregates/1/action 1.866s
2025-04-04 03:31:52.324 69690 INFO tempest.lib.common.rest_client [req-00b684fa-aa8e-4a6d-a410-69c8dc8366c0 req-00b684fa-aa8e-4a6d-a410-69c8dc8366c0 ] Request (AttachInterfacesTestJSON:setUpClass): 201 POST http://10.180.1.21:9696/networking/v2.0/networks 0.773s
2025-04-04 03:31:52.340 69700 INFO tempest.lib.common.rest_client [req-f249bd97-446d-4b04-84f0-60e9964ef5c2 req-f249bd97-446d-4b04-84f0-60e9964ef5c2 ] Request (FlavorsV261TestJSON:test_crud_flavor): 200 GET http://10.180.1.21/compute/v2.1/flavors/detail 1.887s
2025-04-04 03:31:52.352 69732 INFO tempest.lib.common.rest_client [req-2dd53d49-5b7a-431f-bcf9-de01726833aa req-2dd53d49-5b7a-431f-bcf9-de01726833aa ] Request (TenantUsagesNegativeTestJSON:tearDownClass): 204 DELETE http://10.180.1.21/identity/v3/projects/cd8c14ec335548869f89007acf3a7d79 0.118s
2025-04-04 03:31:52.382 69692 INFO tempest.lib.common.rest_client [req-9f1fb9fe-fbbc-4a8c-aa29-c96de04adb94 req-9f1fb9fe-fbbc-4a8c-aa29-c96de04adb94 ] Request (ValidationResourcesFixture:setUp): 201 POST http://10.180.1.21:9696/networking/v2.0/security-group-rules 0.395s
2025-04-04 03:31:52.425 69732 INFO tempest.lib.common.rest_client [req-3488ee05-c8b0-4162-88fa-4000f9a76a67 req-3488ee05-c8b0-4162-88fa-4000f9a76a67 ] Request (ImagesNegativeTestJSON:setUpClass): 201 POST http://10.180.1.21/identity/v3/auth/tokens 0.070s
2025-04-04 03:31:52.456 69732 INFO tempest.lib.common.rest_client [req-05fa9809-24bd-4980-8589-5c86cd2691cd req-05fa9809-24bd-4980-8589-5c86cd2691cd ] Request (ImagesNegativeTestJSON:setUpClass): 201 POST http://10.180.1.21/identity/v3/auth/tokens 0.028s
2025-04-04 03:31:52.483 69732 INFO tempest.lib.common.rest_client [req-31d6828e-892b-4c28-b707-5084a9d6faa3 req-31d6828e-892b-4c28-b707-5084a9d6faa3 ] Request (ImagesNegativeTestJSON:setUpClass): 200 GET http://10.180.1.21/identity/v3/domains?name=Default 0.026s
2025-04-04 03:31:52.520 69732 INFO tempest.lib.common.rest_client [req-2fed4ef3-2600-4894-a45d-f6cfc621e7f2 req-2fed4ef3-2600-4894-a45d-f6cfc621e7f2 ] Request (ImagesNegativeTestJSON:setUpClass): 201 POST http://10.180.1.21/identity/v3/projects 0.036s
2025-04-04 03:31:52.524 69708 INFO tempest.lib.common.rest_client [req-93e15257-8bc9-4f55-8a16-2ecf48da0292 req-93e15257-8bc9-4f55-8a16-2ecf48da0292 ] Request (FlavorsAccessTestJSON:test_flavor_access_add_remove): 200 POST http://10.180.1.21/compute/v2.1/flavors/1845280346/action 1.783s
2025-04-04 03:31:52.580 69732 INFO tempest.lib.common.rest_client [req-65dd9aec-8a1e-4e40-805e-50ac2ba223e4 req-65dd9aec-8a1e-4e40-805e-50ac2ba223e4 ] Request (ImagesNegativeTestJSON:setUpClass): 201 POST http://10.180.1.21/identity/v3/users 0.059s
2025-04-04 03:31:52.601 69732 INFO tempest.lib.common.rest_client [req-918e9b9c-6ef6-4960-9ffe-f67c682299b9 req-918e9b9c-6ef6-4960-9ffe-f67c682299b9 ] Request (ImagesNegativeTestJSON:setUpClass): 200 GET http://10.180.1.21/identity/v3/roles 0.021s
2025-04-04 03:31:52.627 69732 INFO tempest.lib.common.rest_client [req-29f3b6f0-721c-4179-a0bc-73b76820b043 req-29f3b6f0-721c-4179-a0bc-73b76820b043 ] Request (ImagesNegativeTestJSON:setUpClass): 204 PUT http://10.180.1.21/identity/v3/projects/ef2a9d7554a84f9ab500ceb2acdd052b/users/c38e718645184b1f87418b993d8c5b35/roles/1ca8e2da171645caba01ec83df1ded4a 0.025s
2025-04-04 03:31:52.627 69732 INFO tempest.lib.common.dynamic_creds [-] Dynamic test user c38e718645184b1f87418b993d8c5b35 is created with scope project and roles: ['member']
2025-04-04 03:31:52.628 69732 INFO tempest.lib.common.dynamic_creds [-] Acquired dynamic creds: credentials: Credentials: {'domain_id': 'default', 'domain_name': 'Default', 'username': 'tempest-ImagesNegativeTestJSON-559848275-project-member', 'project_domain_id': 'default', 'project_domain_name': 'Default', 'project_id': 'ef2a9d7554a84f9ab500ceb2acdd052b', 'project_name': 'tempest-ImagesNegativeTestJSON-559848275', 'tenant_id': 'ef2a9d7554a84f9ab500ceb2acdd052b', 'tenant_name': 'tempest-ImagesNegativeTestJSON-559848275', 'user_domain_id': 'default', 'user_domain_name': 'Default', 'user_id': 'c38e718645184b1f87418b993d8c5b35', 'system': None}, Network: None, Subnet: None, Router: None
2025-04-04 03:31:52.665 69714 INFO tempest.lib.common.rest_client [req-97a89f1d-14d8-4d65-9d45-891591a73add req-97a89f1d-14d8-4d65-9d45-891591a73add ] Request (VolumesAssistedSnapshotsTest:setUpClass): 201 POST http://10.180.1.21:9696/networking/v2.0/subnets 0.799s
2025-04-04 03:31:52.695 69732 INFO tempest.lib.common.rest_client [req-fa7d8f34-9431-4264-9360-fd6920a6b509 req-fa7d8f34-9431-4264-9360-fd6920a6b509 ] Request (ImagesNegativeTestJSON:setUpClass): 201 POST http://10.180.1.21/identity/v3/auth/tokens 0.067s
2025-04-04 03:31:52.823 69740 INFO tempest.lib.common.rest_client [req-5ab04110-3af5-496b-ab49-76231abdae9f req-5ab04110-3af5-496b-ab49-76231abdae9f ] Request (FloatingIPsNegativeTestJSON:tearDownClass): 200 PUT http://10.180.1.21:9696/networking/v2.0/routers/301bef42-debd-4304-bf4c-60f6aa80a632/remove_router_interface 1.867s
2025-04-04 03:31:53.212 69732 INFO tempest.lib.common.rest_client [req-3c954890-ab0b-4206-aee5-564cdb7fb3b6 req-3c954890-ab0b-4206-aee5-564cdb7fb3b6 ] Request (ImagesNegativeTestJSON:setUpClass): 201 POST http://10.180.1.21:9696/networking/v2.0/networks 0.517s
2025-04-04 03:31:53.231 69690 INFO tempest.lib.common.rest_client [req-3ad0a252-13cd-4574-8004-6936a1d4cc52 req-3ad0a252-13cd-4574-8004-6936a1d4cc52 ] Request (AttachInterfacesTestJSON:setUpClass): 201 POST http://10.180.1.21:9696/networking/v2.0/subnets 0.907s
2025-04-04 03:31:53.304 69746 INFO tempest.lib.common.rest_client [req-07e89880-967c-4f3c-ba70-e1e97f7c7609 req-07e89880-967c-4f3c-ba70-e1e97f7c7609 ] Request (ServerPasswordTestJSON:setUpClass): 202 POST http://10.180.1.21/compute/v2.1/servers 2.544s
2025-04-04 03:31:53.744 69728 INFO tempest.lib.common.rest_client [req-34455c3f-57bf-4ab8-964f-6f5f96a8673e req-34455c3f-57bf-4ab8-964f-6f5f96a8673e ] Request (SecurityGroupRulesTestJSON:test_security_group_rules_create): 200 POST http://10.180.1.21/compute/v2.1/os-security-group-rules 2.850s
2025-04-04 03:31:54.038 69692 INFO tempest.lib.common.rest_client [req-4c71dca5-417a-4d85-9f99-284d1110d416 req-4c71dca5-417a-4d85-9f99-284d1110d416 ] Request (ValidationResourcesFixture:setUp): 201 POST http://10.180.1.21:9696/networking/v2.0/floatingips 1.655s
2025-04-04 03:31:54.044 69738 INFO tempest.lib.common.rest_client [req-ba9ca2ce-94dd-4b1d-8da5-488b178e17b3 req-ba9ca2ce-94dd-4b1d-8da5-488b178e17b3 ] Request (FloatingIPDetailsTestJSON:setUpClass): 200 POST http://10.180.1.21/compute/v2.1/os-floating-ips 3.761s
2025-04-04 03:31:54.045 69732 INFO tempest.lib.common.rest_client [req-af0c057f-2e30-43e1-9456-f950ed398854 req-af0c057f-2e30-43e1-9456-f950ed398854 ] Request (ImagesNegativeTestJSON:setUpClass): 201 POST http://10.180.1.21:9696/networking/v2.0/subnets 0.832s
2025-04-04 03:31:54.072 69734 INFO tempest.lib.common.rest_client [req-b828fa73-a4d4-4158-9fa9-3152805f8fb5 req-b828fa73-a4d4-4158-9fa9-3152805f8fb5 ] Request (FlavorsAccessNegativeTestJSON:_run_cleanups): 202 DELETE http://10.180.1.21/compute/v2.1/flavors/713090048 2.963s
2025-04-04 03:31:54.097 69720 INFO tempest.lib.common.rest_client [req-1ecdbd5e-7a16-47a5-97fc-1e9c879d28da req-1ecdbd5e-7a16-47a5-97fc-1e9c879d28da ] Request (ServicesAdminNegativeTestJSON:test_get_service_with_valid_service_and_invalid_host): 200 GET http://10.180.1.21/compute/v2.1/os-services?host=xxx&binary=nova-scheduler 2.742s
2025-04-04 03:31:54.103 69704 INFO tempest.lib.common.rest_client [req-895280fd-f8e7-40f3-b247-973f2dcded20 req-895280fd-f8e7-40f3-b247-973f2dcded20 ] Request (HostsAdminNegativeTestJSON:test_show_host_detail_with_non_admin_user): 403 GET http://10.180.1.21/compute/v2.1/os-hosts/devstack 2.732s
2025-04-04 03:31:54.110 69702 INFO tempest.lib.common.rest_client [req-9e2477fe-77fc-48f8-9c5f-8ca74f5dd505 req-9e2477fe-77fc-48f8-9c5f-8ca74f5dd505 ] Request (FlavorsExtraSpecsNegativeTestJSON:test_flavor_non_admin_unset_keys): 403 DELETE http://10.180.1.21/compute/v2.1/flavors/403290096/os-extra_specs/hw:numa_nodes 2.709s
2025-04-04 03:31:54.128 69706 INFO tempest.lib.common.rest_client [req-eea19a0d-59e9-4347-a837-2dc039c90dad req-eea19a0d-59e9-4347-a837-2dc039c90dad ] Request (ServicesAdminNegativeV253TestJSON:test_get_service_by_invalid_params): 200 GET http://10.180.1.21/compute/v2.1/os-services?xxx=nova-compute 2.705s
2025-04-04 03:31:54.144 69698 INFO tempest.lib.common.rest_client [req-fae29944-1a7f-41cf-bece-756608624882 req-fae29944-1a7f-41cf-bece-756608624882 ] Request (ServersTestJSON:setUpClass): 200 PUT http://10.180.1.21:9696/networking/v2.0/routers/6d8bf1f4-355d-41a2-83c5-db8ed5ed4da1/add_router_interface 3.088s
