2024-10-31 12:10:12.811 62225 INFO tempest.lib.common.rest_client [req-4ac6613e-7c3b-41c0-9de8-79a51f802a85 req-4ac6613e-7c3b-41c0-9de8-79a51f802a85 ] Request (NetworksTest:tearDownClass): 204 DELETE http://10.180.1.21/identity/v3/projects/efd0e069b94a493ead9f346813e1be27 0.112s
2024-10-31 12:10:12.811 62225 INFO tempest.lib.common.dynamic_creds [-] Deleting project and security group for project: 0b58e03400aa4700bf51c5ef2eaec199
2024-10-31 12:10:12.824 62267 INFO tempest.lib.common.rest_client [req-f38cb2ec-7bd3-4ab1-9009-ea7bce100cc0 req-f38cb2ec-7bd3-4ab1-9009-ea7bce100cc0 ] Request (SecurityGroupsTestAdminJSON:tearDownClass): 204 DELETE http://10.180.1.21:9696/networking/v2.0/security-groups/cd09dd86-b359-4719-8e04-fad3609e3f43 0.077s
2024-10-31 12:10:12.873 62227 INFO tempest.lib.common.rest_client [req-6b93fe1e-9881-449b-a268-afccd84aca65 req-6b93fe1e-9881-449b-a268-afccd84aca65 ] Request (FlavorsV261TestJSON:setUpClass): 204 PUT http://10.180.1.21/identity/v3/projects/4069cb5fba78439d8f63feaf64a0fffe/users/e25402e2e7e74e38b0b48212c939eb2e/roles/2241628ce6574e15b9fc60a5ce14a715 0.148s
2024-10-31 12:10:12.912 62225 INFO tempest.lib.common.rest_client [req-041c4ce5-6719-483d-bc9a-37dbf4de747e req-041c4ce5-6719-483d-bc9a-37dbf4de747e ] Request (NetworksTest:tearDownClass): 200 GET http://10.180.1.21:9696/networking/v2.0/security-groups?tenant_id=0b58e03400aa4700bf51c5ef2eaec199&name=default 0.100s
2024-10-31 12:10:12.917 62229 INFO tempest.lib.common.rest_client [req-baa1b7fd-384e-4de6-be39-bf9ee910d6df req-baa1b7fd-384e-4de6-be39-bf9ee910d6df ] Request (QuotasAdminNegativeTest:_run_cleanups): 200 PUT http://10.180.1.21/compute/v2.1/os-quota-sets/ff00607abac54266b7308b9c7b4c0f28 1.197s
2024-10-31 12:10:12.923 62221 INFO tempest.lib.common.rest_client [req-d0f51564-dcad-4ba2-96a8-b704062a9414 req-d0f51564-dcad-4ba2-96a8-b704062a9414 ] Request (ServicesAdminTestJSON:tearDownClass): 201 POST http://10.180.1.21/identity/v3/auth/tokens 0.173s
2024-10-31 12:10:12.941 62227 INFO tempest.lib.common.rest_client [req-1bf31b1f-1fd3-499c-adc2-c78bf75548b4 req-1bf31b1f-1fd3-499c-adc2-c78bf75548b4 ] Request (FlavorsV261TestJSON:setUpClass): 200 GET http://10.180.1.21/identity/v3/roles 0.067s
2024-10-31 12:10:12.945 62213 INFO tempest.lib.common.rest_client [req-66d08cd0-429d-4c76-ac1b-b56afd18458d req-66d08cd0-429d-4c76-ac1b-b56afd18458d ] Request (ServersAdminNegativeTestJSON:setUpClass): 200 GET http://10.180.1.21/compute/v2.1/servers/2d43aa8e-ea11-4209-b166-b87159a37e72 1.212s
2024-10-31 12:10:12.987 62267 INFO tempest.lib.common.rest_client [req-32e9c8a7-3e32-4a90-8e9b-f282fc0215aa req-32e9c8a7-3e32-4a90-8e9b-f282fc0215aa ] Request (SecurityGroupsTestAdminJSON:tearDownClass): 204 DELETE http://10.180.1.21/identity/v3/projects/bbdb004937874dbe9af450330493775b 0.163s
2024-10-31 12:10:12.987 62267 INFO tempest.lib.common.dynamic_creds [-] Deleting project and security group for project: ab7e259e714044d69333cd1a5218e84c
2024-10-31 12:10:12.988 62247 INFO tempest.lib.common.rest_client [req-a7076f87-038f-44cb-97c8-a2698a0a6faf req-a7076f87-038f-44cb-97c8-a2698a0a6faf ] Request (ImagesTestJSON:test_create_image_from_stopped_server): 200 GET http://10.180.1.21/compute/v2.1/servers/d32a7937-792a-4959-bded-819463472399 1.230s
2024-10-31 12:10:13.012 62217 INFO tempest.lib.common.rest_client [req-f34317b7-32b5-49ec-b56e-8f8b2a46a98a req-f34317b7-32b5-49ec-b56e-8f8b2a46a98a ] Request (ServicesAdminNegativeV253TestJSON:test_get_service_by_invalid_params): 200 GET http://10.180.1.21/compute/v2.1/os-services 1.174s
2024-10-31 12:10:13.024 62259 INFO tempest.lib.common.rest_client [req-856adc77-2815-4c9a-9f1a-1340248c99f3 req-856adc77-2815-4c9a-9f1a-1340248c99f3 ] Request (FlavorsExtraSpecsTestJSON:test_flavor_set_get_update_show_unset_keys): 200 GET http://10.180.1.21/compute/v2.1/flavors/1688536620/os-extra_specs 1.167s
2024-10-31 12:10:13.024 62267 INFO tempest.lib.common.rest_client [req-ac2c8c95-d78a-4d17-811c-183d36cdc00b req-ac2c8c95-d78a-4d17-811c-183d36cdc00b ] Request (SecurityGroupsTestAdminJSON:tearDownClass): 200 GET http://10.180.1.21:9696/networking/v2.0/security-groups?tenant_id=ab7e259e714044d69333cd1a5218e84c&name=default 0.037s
2024-10-31 12:10:13.036 62209 INFO tempest.lib.common.rest_client [req-70326b1c-a700-4086-8853-4cd47a2caaaf req-70326b1c-a700-4086-8853-4cd47a2caaaf ] Request (HostsAdminNegativeTestJSON:test_reboot_nonexistent_host): 404 GET http://10.180.1.21/compute/v2.1/os-hosts/nonexistent_hostname/reboot 1.174s
2024-10-31 12:10:13.047 62225 INFO tempest.lib.common.rest_client [req-cb8673d5-1057-4898-b74c-83a91cff35a7 req-cb8673d5-1057-4898-b74c-83a91cff35a7 ] Request (NetworksTest:tearDownClass): 204 DELETE http://10.180.1.21:9696/networking/v2.0/security-groups/0cc35442-c560-45ce-bb52-6ee97fe2196b 0.135s
2024-10-31 12:10:13.050 62227 INFO tempest.lib.common.rest_client [req-8a2e54d4-db64-4a03-8bdd-eb5f64f654ea req-8a2e54d4-db64-4a03-8bdd-eb5f64f654ea ] Request (FlavorsV261TestJSON:setUpClass): 204 PUT http://10.180.1.21/identity/v3/projects/4069cb5fba78439d8f63feaf64a0fffe/users/e25402e2e7e74e38b0b48212c939eb2e/roles/2241628ce6574e15b9fc60a5ce14a715 0.108s
2024-10-31 12:10:13.050 62227 INFO tempest.lib.common.dynamic_creds [-] Dynamic test user e25402e2e7e74e38b0b48212c939eb2e is created with scope project and roles: ['admin']
2024-10-31 12:10:13.050 62227 INFO tempest.lib.common.dynamic_creds [-] Acquired dynamic creds: credentials: Credentials: {'domain_id': 'default', 'domain_name': 'Default', 'username': 'tempest-FlavorsV261TestJSON-1506641207-project-admin', 'project_domain_id': 'default', 'project_domain_name': 'Default', 'project_id': '4069cb5fba78439d8f63feaf64a0fffe', 'project_name': 'tempest-FlavorsV261TestJSON-1506641207', 'tenant_id': '4069cb5fba78439d8f63feaf64a0fffe', 'tenant_name': 'tempest-FlavorsV261TestJSON-1506641207', 'user_domain_id': 'default', 'user_domain_name': 'Default', 'user_id': 'e25402e2e7e74e38b0b48212c939eb2e', 'system': None}, Network: None, Subnet: None, Router: None
2024-10-31 12:10:13.050 62227 INFO tempest.lib.common.dynamic_creds [-] Created isolated network resources for: credentials: Credentials: {'domain_id': 'default', 'domain_name': 'Default', 'username': 'tempest-FlavorsV261TestJSON-1506641207-project-admin', 'project_domain_id': 'default', 'project_domain_name': 'Default', 'project_id': '4069cb5fba78439d8f63feaf64a0fffe', 'project_name': 'tempest-FlavorsV261TestJSON-1506641207', 'tenant_id': '4069cb5fba78439d8f63feaf64a0fffe', 'tenant_name': 'tempest-FlavorsV261TestJSON-1506641207', 'user_domain_id': 'default', 'user_domain_name': 'Default', 'user_id': 'e25402e2e7e74e38b0b48212c939eb2e', 'system': None}, Network: None, Subnet: None, Router: None
2024-10-31 12:10:13.054 62235 INFO tempest.lib.common.rest_client [req-49f07706-27f9-4c19-aade-9ac108089bcb req-49f07706-27f9-4c19-aade-9ac108089bcb ] Request (FlavorsAdminTestJSON:_run_cleanups): 200 GET http://10.180.1.21/compute/v2.1/flavors/detail 1.113s
2024-10-31 12:10:13.079 62263 INFO tempest.lib.common.rest_client [req-a2cc24c4-7c77-4252-bd9d-4f592bba77b2 req-a2cc24c4-7c77-4252-bd9d-4f592bba77b2 ] Request (FloatingIPsTestJSON:tearDownClass): 200 PUT http://10.180.1.21:9696/networking/v2.0/routers/31ecaccc-2ef5-47d8-8962-81f394368836/remove_router_interface 1.711s
2024-10-31 12:10:13.144 62249 INFO tempest.lib.common.rest_client [req-f04638a1-bf97-4448-9fc2-130eb2e8493c req-f04638a1-bf97-4448-9fc2-130eb2e8493c ] Request (ServerExternalEventsTest:test_create_server_external_events): 200 GET http://10.180.1.21/compute/v2.1/servers/0fae076c-ced2-4456-8223-2d71e78fabb4 1.155s
2024-10-31 12:10:13.145 62225 INFO tempest.lib.common.rest_client [req-e3de7766-b496-45ab-84ad-1901f9ecfb19 req-e3de7766-b496-45ab-84ad-1901f9ecfb19 ] Request (NetworksTest:tearDownClass): 204 DELETE http://10.180.1.21/identity/v3/projects/0b58e03400aa4700bf51c5ef2eaec199 0.097s
2024-10-31 12:10:13.170 62251 INFO tempest.lib.common.rest_client [req-2d7c95dd-67e6-468f-8d58-908999d74947 req-2d7c95dd-67e6-468f-8d58-908999d74947 ] Request (ServicesAdminNegativeTestJSON:test_get_service_by_invalid_params): 200 GET http://10.180.1.21/compute/v2.1/os-services?xxx=nova-compute 0.783s
2024-10-31 12:10:13.175 62255 INFO tempest.lib.common.rest_client [req-75d3edeb-3322-42bc-9373-2bdb9b2978d9 req-75d3edeb-3322-42bc-9373-2bdb9b2978d9 ] Request (AggregatesAdminNegativeTestJSON:test_aggregate_create_aggregate_name_length_exceeds_255): 400 POST http://10.180.1.21/compute/v2.1/os-aggregates 0.769s
2024-10-31 12:10:13.195 62267 INFO tempest.lib.common.rest_client [req-1e7c1ba8-17d4-49d1-9484-d698e09066c9 req-1e7c1ba8-17d4-49d1-9484-d698e09066c9 ] Request (SecurityGroupsTestAdminJSON:tearDownClass): 204 DELETE http://10.180.1.21:9696/networking/v2.0/security-groups/1f08b9b6-bd75-4ceb-ae7f-680e936ccff6 0.170s
2024-10-31 12:10:13.227 62227 INFO tempest.lib.common.rest_client [req-0582e23b-7e3f-4fcd-a44d-b5ff3a4c1dbd req-0582e23b-7e3f-4fcd-a44d-b5ff3a4c1dbd ] Request (FlavorsV261TestJSON:setUpClass): 201 POST http://10.180.1.21/identity/v3/auth/tokens 0.172s
2024-10-31 12:10:13.245 62231 INFO tempest.lib.common.rest_client [req-a8528f15-2730-4643-af8c-c9e5e5b3ab24 req-a8528f15-2730-4643-af8c-c9e5e5b3ab24 ] Request (VolumesAdminNegativeTest:test_update_attached_volume_with_nonexistent_volume_in_body): 200 GET http://10.180.1.21/compute/v2.1/servers/fb28710d-cd15-41d4-b7aa-8389093ea9a8 0.797s
2024-10-31 12:10:13.256 62231 INFO tempest.common.waiters [-] State transition "BUILD/scheduling" ==> "BUILD/None" after 2 second wait
2024-10-31 12:10:13.264 62225 INFO tempest.lib.common.rest_client [req-d74960c9-02e7-474a-820b-ee4c9db9d356 req-d74960c9-02e7-474a-820b-ee4c9db9d356 ] Request (ServerDiagnosticsNegativeTest:setUpClass): 201 POST http://10.180.1.21/identity/v3/auth/tokens 0.117s
2024-10-31 12:10:13.284 62221 INFO tempest.lib.common.rest_client [req-dcdd76b5-1c7e-4523-a64e-3f79b3c4a9be req-dcdd76b5-1c7e-4523-a64e-3f79b3c4a9be ] Request (ServicesAdminTestJSON:tearDownClass): 200 GET http://10.180.1.21:9696/networking/v2.0/security-groups?tenant_id=bd52a97dd4444537b6d3e60c1b31326f&name=default 0.361s
2024-10-31 12:10:13.301 62225 INFO tempest.lib.common.rest_client [req-054eb86a-ef60-4602-885a-b02addb45904 req-054eb86a-ef60-4602-885a-b02addb45904 ] Request (ServerDiagnosticsNegativeTest:setUpClass): 201 POST http://10.180.1.21/identity/v3/auth/tokens 0.034s
2024-10-31 12:10:13.317 62243 INFO tempest.lib.common.rest_client [req-194c4ed5-225d-45b7-af32-415fa9e8257f req-194c4ed5-225d-45b7-af32-415fa9e8257f ] Request (FloatingIPsAssociationTestJSON:setUpClass): 200 GET http://10.180.1.21/compute/v2.1/servers/7a7c98db-6ed4-4908-adc8-53347d693dca 0.855s
2024-10-31 12:10:13.330 62225 INFO tempest.lib.common.rest_client [req-4bf91459-c5b1-4141-9191-7a5fedad318e req-4bf91459-c5b1-4141-9191-7a5fedad318e ] Request (ServerDiagnosticsNegativeTest:setUpClass): 200 GET http://10.180.1.21/identity/v3/domains?name=Default 0.029s
2024-10-31 12:10:13.347 62233 INFO tempest.lib.common.rest_client [req-06de24e8-bd82-46d4-89b0-2e1cd3ec3526 req-06de24e8-bd82-46d4-89b0-2e1cd3ec3526 ] Request (QuotasAdminTestJSON:test_update_all_quota_resources_for_tenant): 200 PUT http://10.180.1.21/compute/v2.1/os-quota-sets/d2831a54c33045c4a1f56906fc45c3b2 1.522s
2024-10-31 12:10:13.349 62267 INFO tempest.lib.common.rest_client [req-8efa1a00-2fd0-47a8-b4c7-0dd6c25604ee req-8efa1a00-2fd0-47a8-b4c7-0dd6c25604ee ] Request (SecurityGroupsTestAdminJSON:tearDownClass): 204 DELETE http://10.180.1.21/identity/v3/projects/ab7e259e714044d69333cd1a5218e84c 0.154s
2024-10-31 12:10:13.390 62225 INFO tempest.lib.common.rest_client [req-324ff7b7-4128-4ad8-9263-2fd1315db507 req-324ff7b7-4128-4ad8-9263-2fd1315db507 ] Request (ServerDiagnosticsNegativeTest:setUpClass): 201 POST http://10.180.1.21/identity/v3/projects 0.059s
2024-10-31 12:10:13.405 62253 INFO tempest.lib.common.rest_client [req-ce2eb031-c5bf-4191-add0-1032ade0f5fd req-ce2eb031-c5bf-4191-add0-1032ade0f5fd ] Request (DeleteServersAdminTestJSON:test_admin_delete_servers_of_others): 200 GET http://10.180.1.21/compute/v2.1/servers/e3a373f2-640f-479d-98f6-963a5fbc38ac 0.894s
2024-10-31 12:10:13.414 62253 INFO tempest.common.waiters [-] State transition "BUILD/scheduling" ==> "ERROR/None" after 21 second wait
2024-10-31 12:10:13.440 62221 INFO tempest.lib.common.rest_client [req-03c96b8c-ae3b-4735-9da9-cd1b83d83f5a req-03c96b8c-ae3b-4735-9da9-cd1b83d83f5a ] Request (ServicesAdminTestJSON:tearDownClass): 204 DELETE http://10.180.1.21:9696/networking/v2.0/security-groups/854d0ad4-59c4-4d29-8555-00c5e9199d95 0.155s
2024-10-31 12:10:13.465 62241 INFO tempest.lib.common.rest_client [req-369b5fe7-268c-4ff6-bc99-cf39b3632e04 req-369b5fe7-268c-4ff6-bc99-cf39b3632e04 ] Request (AttachInterfacesTestJSON:test_create_list_show_delete_interfaces_by_fixed_ip): 200 GET http://10.180.1.21/compute/v2.1/servers/75e101c8-0ea7-40d1-a0ce-9a866b252772 0.874s
2024-10-31 12:10:13.467 62267 INFO tempest.lib.common.rest_client [req-ca684e35-179f-46ac-93be-891293c37ba5 req-ca684e35-179f-46ac-93be-891293c37ba5 ] Request (ImagesOneServerNegativeTestJSON:setUpClass): 201 POST http://10.180.1.21/identity/v3/auth/tokens 0.116s
2024-10-31 12:10:13.520 62225 INFO tempest.lib.common.rest_client [req-f2bf5db3-d677-4ed3-a94a-b80dfb9deca5 req-f2bf5db3-d677-4ed3-a94a-b80dfb9deca5 ] Request (ServerDiagnosticsNegativeTest:setUpClass): 201 POST http://10.180.1.21/identity/v3/users 0.129s
2024-10-31 12:10:13.532 62266 INFO tempest.lib.common.rest_client [req-3c449970-42b3-41f0-bde6-b39c86f1e3d1 req-3c449970-42b3-41f0-bde6-b39c86f1e3d1 ] Request (ServerDiagnosticsV248Test:test_get_server_diagnostics): 200 GET http://10.180.1.21/compute/v2.1/servers/72d434a7-ea70-4594-971f-7eec8ebea153 0.867s
2024-10-31 12:10:13.554 62263 INFO tempest.lib.common.rest_client [req-171870b0-da7b-4863-aa10-28868318e272 req-171870b0-da7b-4863-aa10-28868318e272 ] Request (FloatingIPsTestJSON:tearDownClass): 204 DELETE http://10.180.1.21:9696/networking/v2.0/routers/31ecaccc-2ef5-47d8-8962-81f394368836 0.472s
2024-10-31 12:10:13.600 62221 INFO tempest.lib.common.rest_client [req-2d5007dc-7d11-4d94-b346-7b9aeb51ba98 req-2d5007dc-7d11-4d94-b346-7b9aeb51ba98 ] Request (ServicesAdminTestJSON:tearDownClass): 204 DELETE http://10.180.1.21/identity/v3/projects/bd52a97dd4444537b6d3e60c1b31326f 0.159s
2024-10-31 12:10:13.600 62221 INFO tempest.lib.common.dynamic_creds [-] Deleting project and security group for project: 3e11906b08904fdd9102e1da34bce066
2024-10-31 12:10:13.623 62267 INFO tempest.lib.common.rest_client [req-190c982f-3a97-4274-aec2-393812ae925b req-190c982f-3a97-4274-aec2-393812ae925b ] Request (ImagesOneServerNegativeTestJSON:setUpClass): 201 POST http://10.180.1.21/identity/v3/auth/tokens 0.154s
2024-10-31 12:10:13.650 62267 INFO tempest.lib.common.rest_client [req-9515f147-32f8-4882-abe6-b8b40178886c req-9515f147-32f8-4882-abe6-b8b40178886c ] Request (ImagesOneServerNegativeTestJSON:setUpClass): 200 GET http://10.180.1.21/identity/v3/domains?name=Default 0.026s
2024-10-31 12:10:13.678 62225 INFO tempest.lib.common.rest_client [req-1baad2ad-b8c1-4f4d-aab7-9a90db39f44c req-1baad2ad-b8c1-4f4d-aab7-9a90db39f44c ] Request (ServerDiagnosticsNegativeTest:setUpClass): 200 GET http://10.180.1.21/identity/v3/roles 0.158s
2024-10-31 12:10:13.689 62267 INFO tempest.lib.common.rest_client [req-1c345283-b5b2-4bb9-af1d-191cafebdcf7 req-1c345283-b5b2-4bb9-af1d-191cafebdcf7 ] Request (ImagesOneServerNegativeTestJSON:setUpClass): 201 POST http://10.180.1.21/identity/v3/projects 0.039s
2024-10-31 12:10:13.724 62263 INFO tempest.lib.common.rest_client [req-efd1f7a1-39fb-4231-bca4-1f20df6b75dd req-efd1f7a1-39fb-4231-bca4-1f20df6b75dd ] Request (FloatingIPsTestJSON:tearDownClass): 204 DELETE http://10.180.1.21:9696/networking/v2.0/subnets/e5f3bc1e-358f-4794-98a8-7f661f6bff2d 0.170s
2024-10-31 12:10:13.764 62267 INFO tempest.lib.common.rest_client [req-7d308e87-3d39-416b-8864-bc6622717798 req-7d308e87-3d39-416b-8864-bc6622717798 ] Request (ImagesOneServerNegativeTestJSON:setUpClass): 201 POST http://10.180.1.21/identity/v3/users 0.074s
2024-10-31 12:10:13.788 62267 INFO tempest.lib.common.rest_client [req-4b7ebd94-cfda-4417-8209-1a586048da0b req-4b7ebd94-cfda-4417-8209-1a586048da0b ] Request (ImagesOneServerNegativeTestJSON:setUpClass): 200 GET http://10.180.1.21/identity/v3/roles 0.023s
2024-10-31 12:10:13.794 62225 INFO tempest.lib.common.rest_client [req-cd720f70-83a3-4df0-874a-b20ba9a1b334 req-cd720f70-83a3-4df0-874a-b20ba9a1b334 ] Request (ServerDiagnosticsNegativeTest:setUpClass): 204 PUT http://10.180.1.21/identity/v3/projects/6341aef2a0b14302a186b1c5c05ecb22/users/cbb84a5dee4944aab7645d46ca68def3/roles/48aa00fdfa674049a06500df21c41cd7 0.115s
2024-10-31 12:10:13.794 62225 INFO tempest.lib.common.dynamic_creds [-] Dynamic test user cbb84a5dee4944aab7645d46ca68def3 is created with scope project and roles: ['member']
2024-10-31 12:10:13.796 62225 INFO tempest.lib.common.dynamic_creds [-] Acquired dynamic creds: credentials: Credentials: {'domain_id': 'default', 'domain_name': 'Default', 'username': 'tempest-ServerDiagnosticsNegativeTest-312050512-project-member', 'project_domain_id': 'default', 'project_domain_name': 'Default', 'project_id': '6341aef2a0b14302a186b1c5c05ecb22', 'project_name': 'tempest-ServerDiagnosticsNegativeTest-312050512', 'tenant_id': '6341aef2a0b14302a186b1c5c05ecb22', 'tenant_name': 'tempest-ServerDiagnosticsNegativeTest-312050512', 'user_domain_id': 'default', 'user_domain_name': 'Default', 'user_id': 'cbb84a5dee4944aab7645d46ca68def3', 'system': None}, Network: None, Subnet: None, Router: None
2024-10-31 12:10:13.796 62225 INFO tempest.lib.common.dynamic_creds [-] Created isolated network resources for: credentials: Credentials: {'domain_id': 'default', 'domain_name': 'Default', 'username': 'tempest-ServerDiagnosticsNegativeTest-312050512-project-member', 'project_domain_id': 'default', 'project_domain_name': 'Default', 'project_id': '6341aef2a0b14302a186b1c5c05ecb22', 'project_name': 'tempest-ServerDiagnosticsNegativeTest-312050512', 'tenant_id': '6341aef2a0b14302a186b1c5c05ecb22', 'tenant_name': 'tempest-ServerDiagnosticsNegativeTest-312050512', 'user_domain_id': 'default', 'user_domain_name': 'Default', 'user_id': 'cbb84a5dee4944aab7645d46ca68def3', 'system': None}, Network: None, Subnet: None, Router: None
2024-10-31 12:10:13.869 62211 INFO tempest.lib.common.rest_client [req-9323b18c-6171-4a03-a38a-f02ddc8313b2 req-9323b18c-6171-4a03-a38a-f02ddc8313b2 ] Request (ImagesMetadataTestJSON:test_set_image_metadata): 200 PUT http://10.180.1.21/compute/v2.1/images/1af3e0d2-4540-4a84-9102-b8941c876ed3/metadata 1.132s
2024-10-31 12:10:13.884 62267 INFO tempest.lib.common.rest_client [req-b1af447a-87be-477f-bb67-2d27e8862f85 req-b1af447a-87be-477f-bb67-2d27e8862f85 ] Request (ImagesOneServerNegativeTestJSON:setUpClass): 204 PUT http://10.180.1.21/identity/v3/projects/5069db5a016f47eca003fa3678009393/users/2ea62ff37442443b977fa00ae956be69/roles/48aa00fdfa674049a06500df21c41cd7 0.096s
2024-10-31 12:10:13.884 62267 INFO tempest.lib.common.dynamic_creds [-] Dynamic test user 2ea62ff37442443b977fa00ae956be69 is created with scope project and roles: ['member']
2024-10-31 12:10:13.884 62267 INFO tempest.lib.common.dynamic_creds [-] Acquired dynamic creds: credentials: Credentials: {'domain_id': 'default', 'domain_name': 'Default', 'username': 'tempest-ImagesOneServerNegativeTestJSON-562931961-project-member', 'project_domain_id': 'default', 'project_domain_name': 'Default', 'project_id': '5069db5a016f47eca003fa3678009393', 'project_name': 'tempest-ImagesOneServerNegativeTestJSON-562931961', 'tenant_id': '5069db5a016f47eca003fa3678009393', 'tenant_name': 'tempest-ImagesOneServerNegativeTestJSON-562931961', 'user_domain_id': 'default', 'user_domain_name': 'Default', 'user_id': '2ea62ff37442443b977fa00ae956be69', 'system': None}, Network: None, Subnet: None, Router: None
2024-10-31 12:10:13.885 62225 INFO tempest.lib.common.rest_client [req-52554f48-7d5c-4f16-bdea-cd8e3990cacd req-52554f48-7d5c-4f16-bdea-cd8e3990cacd ] Request (ServerDiagnosticsNegativeTest:setUpClass): 201 POST http://10.180.1.21/identity/v3/auth/tokens 0.084s
2024-10-31 12:10:13.887 62221 INFO tempest.lib.common.rest_client [req-b5794e56-bbc0-4c51-839f-c4135d930bf8 req-b5794e56-bbc0-4c51-839f-c4135d930bf8 ] Request (ServicesAdminTestJSON:tearDownClass): 200 GET http://10.180.1.21:9696/networking/v2.0/security-groups?tenant_id=3e11906b08904fdd9102e1da34bce066&name=default 0.286s
2024-10-31 12:10:13.910 62229 INFO tempest.lib.common.rest_client [req-479172a4-b389-477f-ad88-16b39553ef46 req-479172a4-b389-477f-ad88-16b39553ef46 ] Request (QuotasAdminNegativeTest:test_update_quota_normal_user): 403 PUT http://10.180.1.21/compute/v2.1/os-quota-sets/ff00607abac54266b7308b9c7b4c0f28 0.989s
2024-10-31 12:10:13.967 62225 INFO tempest.lib.common.rest_client [req-f74c132f-615e-4795-a7e3-032e9529957c req-f74c132f-615e-4795-a7e3-032e9529957c ] Request (ServerDiagnosticsNegativeTest:setUpClass): 201 POST http://10.180.1.21/identity/v3/projects 0.081s
2024-10-31 12:10:13.976 62267 INFO tempest.lib.common.rest_client [req-18e5591e-f60f-4132-8a04-366c66ea8941 req-18e5591e-f60f-4132-8a04-366c66ea8941 ] Request (ImagesOneServerNegativeTestJSON:setUpClass): 201 POST http://10.180.1.21/identity/v3/auth/tokens 0.091s
2024-10-31 12:10:13.985 62223 INFO tempest.lib.common.rest_client [req-6fc019fd-8380-4562-b680-4420c81f590b req-6fc019fd-8380-4562-b680-4420c81f590b ] Request (VolumesAssistedSnapshotsTest:test_volume_assisted_snapshot_create_delete): 200 GET http://10.180.1.21/compute/v2.1/servers/96e5b238-aab4-4f75-abe8-f5a14b015099 1.054s
2024-10-31 12:10:14.010 62217 INFO tempest.lib.common.rest_client [req-6e8f0e0b-c2bd-4580-8dcb-f56e3d82c3b2 req-6e8f0e0b-c2bd-4580-8dcb-f56e3d82c3b2 ] Request (ServicesAdminNegativeV253TestJSON:test_get_service_by_invalid_params): 200 GET http://10.180.1.21/compute/v2.1/os-services?xxx=nova-compute 0.994s
2024-10-31 12:10:14.058 62259 INFO tempest.lib.common.rest_client [req-f995ee08-3ae9-4b87-8f4e-ea09680a7c0a req-f995ee08-3ae9-4b87-8f4e-ea09680a7c0a ] Request (FlavorsExtraSpecsTestJSON:tearDownClass): 202 DELETE http://10.180.1.21/compute/v2.1/flavors/1688536620 1.030s
2024-10-31 12:10:14.067 62209 INFO tempest.lib.common.rest_client [req-2762c130-ff9c-450d-abb7-23060a774ec4 req-2762c130-ff9c-450d-abb7-23060a774ec4 ] Request (HostsAdminNegativeTestJSON:test_show_host_detail_with_non_admin_user): 403 GET http://10.180.1.21/compute/v2.1/os-hosts/devstack 1.030s
2024-10-31 12:10:14.074 62225 INFO tempest.lib.common.rest_client [req-c9a4bc06-7b22-42ce-bf0d-57bbff5d2380 req-c9a4bc06-7b22-42ce-bf0d-57bbff5d2380 ] Request (ServerDiagnosticsNegativeTest:setUpClass): 201 POST http://10.180.1.21/identity/v3/users 0.106s
2024-10-31 12:10:14.079 62221 INFO tempest.lib.common.rest_client [req-7f9fc76e-ce20-4674-b1c0-2a02522d127b req-7f9fc76e-ce20-4674-b1c0-2a02522d127b ] Request (ServicesAdminTestJSON:tearDownClass): 204 DELETE http://10.180.1.21:9696/networking/v2.0/security-groups/1908335d-bb1b-46c8-ae1a-9ff7110034a0 0.190s
2024-10-31 12:10:14.091 62263 INFO tempest.lib.common.rest_client [req-8e9baade-1a19-46cc-9b9a-741c464460d9 req-8e9baade-1a19-46cc-9b9a-741c464460d9 ] Request (FloatingIPsTestJSON:tearDownClass): 204 DELETE http://10.180.1.21:9696/networking/v2.0/networks/6a29da16-4850-4556-89c5-fbc4b55de276 0.366s
2024-10-31 12:10:14.093 62235 INFO tempest.lib.common.rest_client [req-66d249d0-be71-47c3-a98d-881ba76b9f6b req-66d249d0-be71-47c3-a98d-881ba76b9f6b ] Request (FlavorsAdminTestJSON:test_create_flavor_with_uuid_id): 200 POST http://10.180.1.21/compute/v2.1/flavors 1.032s
2024-10-31 12:10:14.115 62251 INFO tempest.lib.common.rest_client [req-7856ee38-5697-45ee-808b-72f6417e1c8e req-7856ee38-5697-45ee-808b-72f6417e1c8e ] Request (ServicesAdminNegativeTestJSON:test_get_service_by_invalid_service_and_valid_host): 200 GET http://10.180.1.21/compute/v2.1/os-services 0.940s
2024-10-31 12:10:14.121 62255 INFO tempest.lib.common.rest_client [req-d591891b-397f-45ec-93d3-62017204d0c6 req-d591891b-397f-45ec-93d3-62017204d0c6 ] Request (AggregatesAdminNegativeTestJSON:test_aggregate_create_aggregate_name_length_less_than_1): 400 POST http://10.180.1.21/compute/v2.1/os-aggregates 0.942s
2024-10-31 12:10:14.124 62229 INFO tempest.lib.common.rest_client [req-09a9ac5d-4b88-4502-85b6-c1133f6ac0c9 req-09a9ac5d-4b88-4502-85b6-c1133f6ac0c9 ] Request (QuotasAdminNegativeTest:tearDownClass): 204 DELETE http://10.180.1.21/identity/v3/users/76191dacfed54f048e34d8c89dd9f021 0.213s
2024-10-31 12:10:14.142 62207 INFO tempest.lib.common.rest_client [req-f19d2088-833b-4e2a-adba-29675a8cd058 req-f19d2088-833b-4e2a-adba-29675a8cd058 ] Request (FloatingIPDetailsTestJSON:tearDownClass): 200 PUT http://10.180.1.21:9696/networking/v2.0/routers/be968927-db78-4df4-8ae6-352521946678/remove_router_interface 1.593s
2024-10-31 12:10:14.148 62219 INFO tempest.lib.common.rest_client [req-1cf755af-b83d-4d82-9b42-a953d87fcd2e req-1cf755af-b83d-4d82-9b42-a953d87fcd2e ] Request (ServerRescueTestJSONUnderV235:setUpClass): 202 POST http://10.180.1.21/compute/v2.1/servers 1.625s
2024-10-31 12:10:14.182 62225 INFO tempest.lib.common.rest_client [req-4a3ced42-7411-4fe5-9b80-8e44dc4bca0e req-4a3ced42-7411-4fe5-9b80-8e44dc4bca0e ] Request (ServerDiagnosticsNegativeTest:setUpClass): 200 GET http://10.180.1.21/identity/v3/roles 0.108s
2024-10-31 12:10:14.253 62221 INFO tempest.lib.common.rest_client [req-6931f765-e03c-4922-804e-be2dec8b4805 req-6931f765-e03c-4922-804e-be2dec8b4805 ] Request (ServicesAdminTestJSON:tearDownClass): 204 DELETE http://10.180.1.21/identity/v3/projects/3e11906b08904fdd9102e1da34bce066 0.173s
2024-10-31 12:10:14.259 62263 INFO tempest.lib.common.rest_client [req-5f0c448c-6230-44c0-b079-8aa32692cbd5 req-5f0c448c-6230-44c0-b079-8aa32692cbd5 ] Request (FloatingIPsTestJSON:tearDownClass): 204 DELETE http://10.180.1.21/identity/v3/users/bd1b17345e1941a380be23c7412d7db9 0.167s
2024-10-31 12:10:14.259 62263 INFO tempest.lib.common.dynamic_creds [-] Deleting project and security group for project: 89ed5db3ae5a46daa064bb67f6d232fc
2024-10-31 12:10:14.296 62263 INFO tempest.lib.common.rest_client [req-73f5eb04-ee22-490b-9949-1fca0e6a6638 req-73f5eb04-ee22-490b-9949-1fca0e6a6638 ] Request (FloatingIPsTestJSON:tearDownClass): 200 GET http://10.180.1.21:9696/networking/v2.0/security-groups?tenant_id=89ed5db3ae5a46daa064bb67f6d232fc&name=default 0.036s
2024-10-31 12:10:14.351 62229 INFO tempest.lib.common.rest_client [req-d877b998-b6e5-453c-92ee-e3389c084673 req-d877b998-b6e5-453c-92ee-e3389c084673 ] Request (QuotasAdminNegativeTest:tearDownClass): 204 DELETE http://10.180.1.21/identity/v3/users/8a80415b1d8342b58045d2ff38806442 0.226s
2024-10-31 12:10:14.351 62229 INFO tempest.lib.common.dynamic_creds [-] Deleting project and security group for project: fa487eb9903f4ab8813ed107bff2b21e
2024-10-31 12:10:14.410 62263 INFO tempest.lib.common.rest_client [req-ecc3e7f4-e198-4623-a13e-7bb80a069f99 req-ecc3e7f4-e198-4623-a13e-7bb80a069f99 ] Request (FloatingIPsTestJSON:tearDownClass): 204 DELETE http://10.180.1.21:9696/networking/v2.0/security-groups/89e6c4a7-e1b5-43ac-8cca-88b0b2e0da98 0.114s
2024-10-31 12:10:14.418 62227 INFO tempest.lib.common.rest_client [req-1addac23-d8fe-4d76-a029-8b96e29ae249 req-1addac23-d8fe-4d76-a029-8b96e29ae249 ] Request (FlavorsV261TestJSON:test_crud_flavor): 200 POST http://10.180.1.21/compute/v2.1/flavors 1.187s
2024-10-31 12:10:14.472 62221 INFO tempest.lib.common.rest_client [req-541eb1b4-e161-468c-8c82-470ae9a62b4b req-541eb1b4-e161-468c-8c82-470ae9a62b4b ] Request (SecurityGroupRulesTestJSON:setUpClass): 201 POST http://10.180.1.21/identity/v3/auth/tokens 0.216s
2024-10-31 12:10:14.474 62225 INFO tempest.lib.common.rest_client [req-9939f3d7-85a6-4ae2-9e7e-df201b846261 req-9939f3d7-85a6-4ae2-9e7e-df201b846261 ] Request (ServerDiagnosticsNegativeTest:setUpClass): 204 PUT http://10.180.1.21/identity/v3/projects/764db5155d684a0ba7e1bc74e50f3b4f/users/6569e0a413b24a2eb65efc2536c84d40/roles/2241628ce6574e15b9fc60a5ce14a715 0.290s
2024-10-31 12:10:14.523 62267 INFO tempest.lib.common.rest_client [req-89c1cb9e-c730-47e0-b8a3-a1403517264a req-89c1cb9e-c730-47e0-b8a3-a1403517264a ] Request (ImagesOneServerNegativeTestJSON:setUpClass): 201 POST http://10.180.1.21:9696/networking/v2.0/networks 0.547s
2024-10-31 12:10:14.534 62229 INFO tempest.lib.common.rest_client [req-e9cdafb4-106e-4a39-a5d2-1932846b54c5 req-e9cdafb4-106e-4a39-a5d2-1932846b54c5 ] Request (QuotasAdminNegativeTest:tearDownClass): 201 POST http://10.180.1.21/identity/v3/auth/tokens 0.183s
2024-10-31 12:10:14.615 62263 INFO tempest.lib.common.rest_client [req-a5e8bc5b-2383-448f-9c7e-6613791af170 req-a5e8bc5b-2383-448f-9c7e-6613791af170 ] Request (FloatingIPsTestJSON:tearDownClass): 204 DELETE http://10.180.1.21/identity/v3/projects/89ed5db3ae5a46daa064bb67f6d232fc 0.204s
2024-10-31 12:10:14.667 62225 INFO tempest.lib.common.rest_client [req-334c0d43-998d-4a9c-ada1-de61eb6004a0 req-334c0d43-998d-4a9c-ada1-de61eb6004a0 ] Request (ServerDiagnosticsNegativeTest:setUpClass): 200 GET http://10.180.1.21/identity/v3/roles 0.193s
2024-10-31 12:10:14.692 62221 INFO tempest.lib.common.rest_client [req-da68eb4b-f2bf-4771-a0b5-a11a5afaf755 req-da68eb4b-f2bf-4771-a0b5-a11a5afaf755 ] Request (SecurityGroupRulesTestJSON:setUpClass): 201 POST http://10.180.1.21/identity/v3/auth/tokens 0.217s
2024-10-31 12:10:14.720 62207 INFO tempest.lib.common.rest_client [req-f5505283-39ee-49d6-9d0d-11c53e4bd1a4 req-f5505283-39ee-49d6-9d0d-11c53e4bd1a4 ] Request (FloatingIPDetailsTestJSON:tearDownClass): 204 DELETE http://10.180.1.21:9696/networking/v2.0/routers/be968927-db78-4df4-8ae6-352521946678 0.577s
2024-10-31 12:10:14.726 62263 INFO tempest.lib.common.rest_client [req-3a145e8a-3f55-418a-b89c-9653d6261f45 req-3a145e8a-3f55-418a-b89c-9653d6261f45 ] Request (ImagesDeleteNegativeTestJSON:setUpClass): 201 POST http://10.180.1.21/identity/v3/auth/tokens 0.110s
2024-10-31 12:10:14.742 62225 INFO tempest.lib.common.rest_client [req-96e062d5-ad29-4f7c-8834-651bee42c29a req-96e062d5-ad29-4f7c-8834-651bee42c29a ] Request (ServerDiagnosticsNegativeTest:setUpClass): 204 PUT http://10.180.1.21/identity/v3/projects/764db5155d684a0ba7e1bc74e50f3b4f/users/6569e0a413b24a2eb65efc2536c84d40/roles/2241628ce6574e15b9fc60a5ce14a715 0.075s
2024-10-31 12:10:14.742 62225 INFO tempest.lib.common.dynamic_creds [-] Dynamic test user 6569e0a413b24a2eb65efc2536c84d40 is created with scope project and roles: ['admin']
2024-10-31 12:10:14.742 62225 INFO tempest.lib.common.dynamic_creds [-] Acquired dynamic creds: credentials: Credentials: {'domain_id': 'default', 'domain_name': 'Default', 'username': 'tempest-ServerDiagnosticsNegativeTest-1878052513-project-admin', 'project_domain_id': 'default', 'project_domain_name': 'Default', 'project_id': '764db5155d684a0ba7e1bc74e50f3b4f', 'project_name': 'tempest-ServerDiagnosticsNegativeTest-1878052513', 'tenant_id': '764db5155d684a0ba7e1bc74e50f3b4f', 'tenant_name': 'tempest-ServerDiagnosticsNegativeTest-1878052513', 'user_domain_id': 'default', 'user_domain_name': 'Default', 'user_id': '6569e0a413b24a2eb65efc2536c84d40', 'system': None}, Network: None, Subnet: None, Router: None
2024-10-31 12:10:14.743 62225 INFO tempest.lib.common.dynamic_creds [-] Created isolated network resources for: credentials: Credentials: {'domain_id': 'default', 'domain_name': 'Default', 'username': 'tempest-ServerDiagnosticsNegativeTest-1878052513-project-admin', 'project_domain_id': 'default', 'project_domain_name': 'Default', 'project_id': '764db5155d684a0ba7e1bc74e50f3b4f', 'project_name': 'tempest-ServerDiagnosticsNegativeTest-1878052513', 'tenant_id': '764db5155d684a0ba7e1bc74e50f3b4f', 'tenant_name': 'tempest-ServerDiagnosticsNegativeTest-1878052513', 'user_domain_id': 'default', 'user_domain_name': 'Default', 'user_id': '6569e0a413b24a2eb65efc2536c84d40', 'system': None}, Network: None, Subnet: None, Router: None
2024-10-31 12:10:14.765 62233 INFO tempest.lib.common.rest_client [req-ab0be1c3-61c8-4b81-bf1f-ccd8581b5b81 req-ab0be1c3-61c8-4b81-bf1f-ccd8581b5b81 ] Request (QuotasAdminTestJSON:_run_cleanups): 200 PUT http://10.180.1.21/compute/v2.1/os-quota-sets/d2831a54c33045c4a1f56906fc45c3b2 1.416s
2024-10-31 12:10:14.810 62221 INFO tempest.lib.common.rest_client [req-dbdc3619-8d46-499c-848f-c4cb945e2fee req-dbdc3619-8d46-499c-848f-c4cb945e2fee ] Request (SecurityGroupRulesTestJSON:setUpClass): 200 GET http://10.180.1.21/identity/v3/domains?name=Default 0.117s
2024-10-31 12:10:14.872 62267 INFO tempest.lib.common.rest_client [req-c371f9a2-216f-4ac2-8405-a65661e8eda8 req-c371f9a2-216f-4ac2-8405-a65661e8eda8 ] Request (ImagesOneServerNegativeTestJSON:setUpClass): 201 POST http://10.180.1.21:9696/networking/v2.0/subnets 0.347s
2024-10-31 12:10:14.872 62239 INFO tempest.lib.common.rest_client [req-9885917c-11cb-4b11-a32c-6d25762b1d09 req-9885917c-11cb-4b11-a32c-6d25762b1d09 ] Request (ImagesOneServerTestJSON:setUpClass): 200 GET http://10.180.1.21/compute/v2.1/servers/4f70d05b-de38-41d5-b2ff-4856abd85ee4 1.374s
2024-10-31 12:10:14.882 62239 INFO tempest.common.waiters [-] State transition "BUILD/spawning" ==> "ERROR/None" after 20 second wait
2024-10-31 12:10:14.890 62229 INFO tempest.lib.common.rest_client [req-8cbfe5f5-e489-4b58-a676-4015bcfdccae req-8cbfe5f5-e489-4b58-a676-4015bcfdccae ] Request (QuotasAdminNegativeTest:tearDownClass): 200 GET http://10.180.1.21:9696/networking/v2.0/security-groups?tenant_id=fa487eb9903f4ab8813ed107bff2b21e&name=default 0.355s
2024-10-31 12:10:14.912 62225 INFO tempest.lib.common.rest_client [req-6ccb5c4c-ca48-49bc-90a2-644ee9125803 req-6ccb5c4c-ca48-49bc-90a2-644ee9125803 ] Request (ServerDiagnosticsNegativeTest:setUpClass): 201 POST http://10.180.1.21/identity/v3/auth/tokens 0.162s
2024-10-31 12:10:14.918 62233 INFO tempest.lib.common.rest_client [req-8c560140-a573-41ef-a06b-efae1acbd52a req-8c560140-a573-41ef-a06b-efae1acbd52a ] Request (QuotasAdminTestJSON:tearDownClass): 204 DELETE http://10.180.1.21/identity/v3/users/b9779f2c14a24df987eabea1038205aa 0.148s
2024-10-31 12:10:14.943 62245 INFO tempest.lib.common.rest_client [req-6ea1ff43-0450-4e6e-898c-c5b34e2d3269 req-6ea1ff43-0450-4e6e-898c-c5b34e2d3269 ] Request (FloatingIPsAssociationNegativeTestJSON:setUpClass): 200 GET http://10.180.1.21/compute/v2.1/servers/433465bd-370b-4af0-a491-e4321124deca 1.377s
2024-10-31 12:10:14.958 62245 INFO tempest.common.waiters [-] State transition "BUILD/spawning" ==> "BUILD/scheduling" after 20 second wait
2024-10-31 12:10:14.977 62229 INFO tempest.lib.common.rest_client [req-bce83780-279f-4f06-bedc-56c39bdddc30 req-bce83780-279f-4f06-bedc-56c39bdddc30 ] Request (QuotasAdminNegativeTest:tearDownClass): 204 DELETE http://10.180.1.21:9696/networking/v2.0/security-groups/8c042710-5ddb-4dad-9449-67ede8d1903e 0.087s
2024-10-31 12:10:14.985 62263 INFO tempest.lib.common.rest_client [req-e19d8450-d7a7-4a4c-b708-261ed2bb976a req-e19d8450-d7a7-4a4c-b708-261ed2bb976a ] Request (ImagesDeleteNegativeTestJSON:setUpClass): 201 POST http://10.180.1.21/identity/v3/auth/tokens 0.207s
2024-10-31 12:10:14.999 62221 INFO tempest.lib.common.rest_client [req-016073c1-4fe9-4576-a72c-88e2dbcf2321 req-016073c1-4fe9-4576-a72c-88e2dbcf2321 ] Request (SecurityGroupRulesTestJSON:setUpClass): 201 POST http://10.180.1.21/identity/v3/projects 0.188s
2024-10-31 12:10:15.018 62207 INFO tempest.lib.common.rest_client [req-ba06f73b-b710-422b-ab23-4e1a2d95d77c req-ba06f73b-b710-422b-ab23-4e1a2d95d77c ] Request (FloatingIPDetailsTestJSON:tearDownClass): 204 DELETE http://10.180.1.21:9696/networking/v2.0/subnets/5d351150-178c-4ec3-b1e8-6c190ba277fe 0.298s
2024-10-31 12:10:15.030 62269 INFO tempest.lib.common.rest_client [req-e5faa8eb-95c0-4cd3-8282-367c8fad1498 req-e5faa8eb-95c0-4cd3-8282-367c8fad1498 ] Request (InstanceActionsNegativeTestJSON:setUpClass): 200 GET http://10.180.1.21/compute/v2.1/servers/96d406fc-7802-4d05-a9e7-f0fe5576aa74 1.378s
2024-10-31 12:10:15.061 62225 INFO tempest.lib.common.rest_client [req-82768b0a-b2e0-46ea-9455-2c8185dfecdc req-82768b0a-b2e0-46ea-9455-2c8185dfecdc ] Request (ServerDiagnosticsNegativeTest:test_get_server_diagnostics_by_non_admin): 201 POST http://10.180.1.21/identity/v3/auth/tokens 0.144s
2024-10-31 12:10:15.062 62225 INFO tempest.lib.common.fixed_network [-] (ServerDiagnosticsNegativeTest:test_get_server_diagnostics_by_non_admin) Found network None available for tenant
2024-10-31 12:10:15.076 62211 INFO tempest.lib.common.rest_client [req-613feb15-6889-42e7-bff3-75077cad2212 req-613feb15-6889-42e7-bff3-75077cad2212 ] Request (ImagesMetadataTestJSON:test_set_image_metadata): 200 GET http://10.180.1.21/compute/v2.1/images/1af3e0d2-4540-4a84-9102-b8941c876ed3/metadata 1.202s
2024-10-31 12:10:15.142 62213 INFO tempest.lib.common.rest_client [req-2d451c43-044e-47d8-be05-dd59eeec3b37 req-2d451c43-044e-47d8-be05-dd59eeec3b37 ] Request (ServersAdminNegativeTestJSON:setUpClass): 200 GET http://10.180.1.21/compute/v2.1/servers/2d43aa8e-ea11-4209-b166-b87159a37e72 1.189s
2024-10-31 12:10:15.189 62233 INFO tempest.lib.common.rest_client [req-08e21248-c2e0-4c6e-830f-b6d0970195a2 req-08e21248-c2e0-4c6e-830f-b6d0970195a2 ] Request (QuotasAdminTestJSON:tearDownClass): 204 DELETE http://10.180.1.21/identity/v3/users/4051f90964b34b189c82fe8346c05408 0.270s
2024-10-31 12:10:15.189 62233 INFO tempest.lib.common.dynamic_creds [-] Deleting project and security group for project: 9800c7af81dc4597a3025f5a0b7915e6
2024-10-31 12:10:15.198 62247 INFO tempest.lib.common.rest_client [req-8da07e27-cae5-40e2-a44e-f7de09550114 req-8da07e27-cae5-40e2-a44e-f7de09550114 ] Request (ImagesTestJSON:test_create_image_from_stopped_server): 200 GET http://10.180.1.21/compute/v2.1/servers/d32a7937-792a-4959-bded-819463472399 1.201s
2024-10-31 12:10:15.216 62217 INFO tempest.lib.common.rest_client [req-d9938be0-8060-44bf-a02a-8776d887db20 req-d9938be0-8060-44bf-a02a-8776d887db20 ] Request (ServicesAdminNegativeV253TestJSON:test_get_service_by_invalid_service_and_valid_host): 200 GET http://10.180.1.21/compute/v2.1/os-services 1.204s
2024-10-31 12:10:15.235 62259 INFO tempest.lib.common.rest_client [req-dd26a4ed-41d1-4a72-b630-f4e5b6fa89c6 req-dd26a4ed-41d1-4a72-b630-f4e5b6fa89c6 ] Request (FlavorsExtraSpecsTestJSON:tearDownClass): 200 GET http://10.180.1.21/compute/v2.1/flavors/detail 1.177s
2024-10-31 12:10:15.246 62209 INFO tempest.lib.common.rest_client [req-45c8847e-2dab-480b-8146-f79df400ae4f req-45c8847e-2dab-480b-8146-f79df400ae4f ] Request (HostsAdminNegativeTestJSON:test_show_host_detail_with_nonexistent_hostname): 404 GET http://10.180.1.21/compute/v2.1/os-hosts/nonexistent_hostname 1.178s
2024-10-31 12:10:15.252 62263 INFO tempest.lib.common.rest_client [req-08c59485-7fd8-415b-8c26-4cecd2242119 req-08c59485-7fd8-415b-8c26-4cecd2242119 ] Request (ImagesDeleteNegativeTestJSON:setUpClass): 200 GET http://10.180.1.21/identity/v3/domains?name=Default 0.267s
2024-10-31 12:10:15.264 62235 INFO tempest.lib.common.rest_client [req-bc1e983c-c1e3-4200-b0b1-24c60b450219 req-bc1e983c-c1e3-4200-b0b1-24c60b450219 ] Request (FlavorsAdminTestJSON:_run_cleanups): 202 DELETE http://10.180.1.21/compute/v2.1/flavors/c49aa9fa-2688-4ebb-b516-36e983009d8c 1.169s
2024-10-31 12:10:15.280 62229 INFO tempest.lib.common.rest_client [req-29a764a6-f7d9-4ab3-b31b-f45a21a1a076 req-29a764a6-f7d9-4ab3-b31b-f45a21a1a076 ] Request (QuotasAdminNegativeTest:tearDownClass): 204 DELETE http://10.180.1.21/identity/v3/projects/fa487eb9903f4ab8813ed107bff2b21e 0.302s
2024-10-31 12:10:15.280 62229 INFO tempest.lib.common.dynamic_creds [-] Deleting project and security group for project: ff00607abac54266b7308b9c7b4c0f28
2024-10-31 12:10:15.288 62251 INFO tempest.lib.common.rest_client [req-c384d0a5-027c-4092-8be3-e5c62311e461 req-c384d0a5-027c-4092-8be3-e5c62311e461 ] Request (ServicesAdminNegativeTestJSON:test_get_service_by_invalid_service_and_valid_host): 200 GET http://10.180.1.21/compute/v2.1/os-services?host=devstack&binary=xxx 1.169s
2024-10-31 12:10:15.294 62253 INFO tempest.lib.common.rest_client [req-0c9bd9e8-230a-449c-805f-c0f32b17575c req-0c9bd9e8-230a-449c-805f-c0f32b17575c ] Request (DeleteServersAdminTestJSON:test_admin_delete_servers_of_others): 204 DELETE http://10.180.1.21/compute/v2.1/servers/e3a373f2-640f-479d-98f6-963a5fbc38ac 1.879s
2024-10-31 12:10:15.295 62255 INFO tempest.lib.common.rest_client [req-5212f370-46e5-48b7-a497-d3b39116039a req-5212f370-46e5-48b7-a497-d3b39116039a ] Request (AggregatesAdminNegativeTestJSON:test_aggregate_create_as_user): 403 POST http://10.180.1.21/compute/v2.1/os-aggregates 1.172s
2024-10-31 12:10:15.303 62233 INFO tempest.lib.common.rest_client [req-42ea7254-8c78-4104-88e1-b475ecddb674 req-42ea7254-8c78-4104-88e1-b475ecddb674 ] Request (QuotasAdminTestJSON:tearDownClass): 201 POST http://10.180.1.21/identity/v3/auth/tokens 0.114s
2024-10-31 12:10:15.317 62207 INFO tempest.lib.common.rest_client [req-e4af8181-b883-49f7-8840-cdde48c071e2 req-e4af8181-b883-49f7-8840-cdde48c071e2 ] Request (FloatingIPDetailsTestJSON:tearDownClass): 204 DELETE http://10.180.1.21:9696/networking/v2.0/networks/024d12a4-29f6-48b2-ba33-7865e7dead4b 0.299s
2024-10-31 12:10:15.319 62221 INFO tempest.lib.common.rest_client [req-98af7191-4e6b-4b54-8bcf-7a3eeb318d3c req-98af7191-4e6b-4b54-8bcf-7a3eeb318d3c ] Request (SecurityGroupRulesTestJSON:setUpClass): 201 POST http://10.180.1.21/identity/v3/users 0.319s
2024-10-31 12:10:15.352 62263 INFO tempest.lib.common.rest_client [req-c9eaebd3-4ff5-4eea-92eb-115c8a9d1128 req-c9eaebd3-4ff5-4eea-92eb-115c8a9d1128 ] Request (ImagesDeleteNegativeTestJSON:setUpClass): 201 POST http://10.180.1.21/identity/v3/projects 0.099s
2024-10-31 12:10:15.357 62219 INFO tempest.lib.common.rest_client [req-bd328b08-db03-4346-9f87-7935a1077dc8 req-bd328b08-db03-4346-9f87-7935a1077dc8 ] Request (ServerRescueTestJSONUnderV235:setUpClass): 200 GET http://10.180.1.21/compute/v2.1/servers/24073cc5-cccd-4a1b-87d6-a8a6458251f9 1.206s
2024-10-31 12:10:15.374 62249 INFO tempest.lib.common.rest_client [req-e435222b-4796-4b0c-8b83-cedefed5ffad req-e435222b-4796-4b0c-8b83-cedefed5ffad ] Request (ServerExternalEventsTest:test_create_server_external_events): 200 GET http://10.180.1.21/compute/v2.1/servers/0fae076c-ced2-4456-8223-2d71e78fabb4 1.218s
2024-10-31 12:10:15.375 62259 INFO tempest.lib.common.rest_client [req-11543706-6836-4f17-bb87-add0a5cfe330 req-11543706-6836-4f17-bb87-add0a5cfe330 ] Request (FlavorsExtraSpecsTestJSON:tearDownClass): 204 DELETE http://10.180.1.21/identity/v3/users/f7091bac1c864852964321deafd3718b 0.135s
2024-10-31 12:10:15.426 62221 INFO tempest.lib.common.rest_client [req-1ce88b9e-58d3-4a41-a85f-e426ad5db434 req-1ce88b9e-58d3-4a41-a85f-e426ad5db434 ] Request (SecurityGroupRulesTestJSON:setUpClass): 200 GET http://10.180.1.21/identity/v3/roles 0.107s
2024-10-31 12:10:15.436 62231 INFO tempest.lib.common.rest_client [req-ff2bbd18-54de-40a9-8b35-027f21a2dc6b req-ff2bbd18-54de-40a9-8b35-027f21a2dc6b ] Request (VolumesAdminNegativeTest:test_update_attached_volume_with_nonexistent_volume_in_body): 200 GET http://10.180.1.21/compute/v2.1/servers/fb28710d-cd15-41d4-b7aa-8389093ea9a8 1.179s
2024-10-31 12:10:15.446 62243 INFO tempest.lib.common.rest_client [req-f07a1b28-77ae-4d21-8fec-3605552698b3 req-f07a1b28-77ae-4d21-8fec-3605552698b3 ] Request (FloatingIPsAssociationTestJSON:setUpClass): 200 GET http://10.180.1.21/compute/v2.1/servers/7a7c98db-6ed4-4908-adc8-53347d693dca 1.119s
2024-10-31 12:10:15.453 62243 INFO tempest.common.waiters [-] State transition "BUILD/scheduling" ==> "BUILD/None" after 4 second wait
2024-10-31 12:10:15.485 62207 INFO tempest.lib.common.rest_client [req-84d49617-b2ee-40fa-abd5-823872f8eadb req-84d49617-b2ee-40fa-abd5-823872f8eadb ] Request (FloatingIPDetailsTestJSON:tearDownClass): 204 DELETE http://10.180.1.21/identity/v3/users/235b85a24e4d49d0a488a6379d0f4993 0.167s
2024-10-31 12:10:15.485 62207 INFO tempest.lib.common.dynamic_creds [-] Deleting project and security group for project: 0a4f1e7f83d14c9d913d093e74c052e0
2024-10-31 12:10:15.513 62207 INFO tempest.lib.common.rest_client [req-7e71bdd2-97f2-4b8f-9f5f-2c7c1eae693f req-7e71bdd2-97f2-4b8f-9f5f-2c7c1eae693f ] Request (FloatingIPDetailsTestJSON:tearDownClass): 200 GET http://10.180.1.21:9696/networking/v2.0/security-groups?tenant_id=0a4f1e7f83d14c9d913d093e74c052e0&name=default 0.028s
2024-10-31 12:10:15.515 62263 INFO tempest.lib.common.rest_client [req-2d02453b-d1e5-4299-8b44-acea0453a177 req-2d02453b-d1e5-4299-8b44-acea0453a177 ] Request (ImagesDeleteNegativeTestJSON:setUpClass): 201 POST http://10.180.1.21/identity/v3/users 0.162s
2024-10-31 12:10:15.542 62221 INFO tempest.lib.common.rest_client [req-a70b4774-fafd-4ba0-aab0-c6adc72d72a9 req-a70b4774-fafd-4ba0-aab0-c6adc72d72a9 ] Request (SecurityGroupRulesTestJSON:setUpClass): 204 PUT http://10.180.1.21/identity/v3/projects/8902ca2d69ea4f40ba9f204ccad048cb/users/2fb1b7769d4d484086e062f9f4fe7b09/roles/48aa00fdfa674049a06500df21c41cd7 0.115s
2024-10-31 12:10:15.544 62221 INFO tempest.lib.common.dynamic_creds [-] Dynamic test user 2fb1b7769d4d484086e062f9f4fe7b09 is created with scope project and roles: ['member']
2024-10-31 12:10:15.544 62221 INFO tempest.lib.common.dynamic_creds [-] Acquired dynamic creds: credentials: Credentials: {'domain_id': 'default', 'domain_name': 'Default', 'username': 'tempest-SecurityGroupRulesTestJSON-1318962138-project-member', 'project_domain_id': 'default', 'project_domain_name': 'Default', 'project_id': '8902ca2d69ea4f40ba9f204ccad048cb', 'project_name': 'tempest-SecurityGroupRulesTestJSON-1318962138', 'tenant_id': '8902ca2d69ea4f40ba9f204ccad048cb', 'tenant_name': 'tempest-SecurityGroupRulesTestJSON-1318962138', 'user_domain_id': 'default', 'user_domain_name': 'Default', 'user_id': '2fb1b7769d4d484086e062f9f4fe7b09', 'system': None}, Network: None, Subnet: None, Router: None
2024-10-31 12:10:15.570 62259 INFO tempest.lib.common.rest_client [req-0dea6553-acca-42cb-80ea-3f47e757dfec req-0dea6553-acca-42cb-80ea-3f47e757dfec ] Request (FlavorsExtraSpecsTestJSON:tearDownClass): 204 DELETE http://10.180.1.21/identity/v3/users/1d94313346fc454a985b1899530cab32 0.194s
2024-10-31 12:10:15.570 62259 INFO tempest.lib.common.dynamic_creds [-] Deleting project and security group for project: 9e44751b729f46669af2353ba7f5de4c
2024-10-31 12:10:15.603 62207 INFO tempest.lib.common.rest_client [req-81b66a31-6bf7-4904-af2b-27d6dd0b152e req-81b66a31-6bf7-4904-af2b-27d6dd0b152e ] Request (FloatingIPDetailsTestJSON:tearDownClass): 204 DELETE http://10.180.1.21:9696/networking/v2.0/security-groups/233dec1a-38ca-4c6b-921e-916f59011ba8 0.088s
2024-10-31 12:10:15.626 62263 INFO tempest.lib.common.rest_client [req-aa0535ab-3c81-4d51-afd5-00f86026f0a5 req-aa0535ab-3c81-4d51-afd5-00f86026f0a5 ] Request (ImagesDeleteNegativeTestJSON:setUpClass): 200 GET http://10.180.1.21/identity/v3/roles 0.111s
2024-10-31 12:10:15.655 62221 INFO tempest.lib.common.rest_client [req-0499379d-4445-47e2-9983-1cf2017f7d73 req-0499379d-4445-47e2-9983-1cf2017f7d73 ] Request (SecurityGroupRulesTestJSON:setUpClass): 201 POST http://10.180.1.21/identity/v3/auth/tokens 0.110s
2024-10-31 12:10:15.661 62241 INFO tempest.lib.common.rest_client [req-64aa2ea1-4eae-4e29-8e66-d9a91cda1664 req-64aa2ea1-4eae-4e29-8e66-d9a91cda1664 ] Request (AttachInterfacesTestJSON:test_create_list_show_delete_interfaces_by_fixed_ip): 200 GET http://10.180.1.21/compute/v2.1/servers/75e101c8-0ea7-40d1-a0ce-9a866b252772 1.185s
2024-10-31 12:10:15.687 62227 INFO tempest.lib.common.rest_client [req-7497d95b-b0f4-46a6-ad43-007206427693 req-7497d95b-b0f4-46a6-ad43-007206427693 ] Request (FlavorsV261TestJSON:test_crud_flavor): 200 GET http://10.180.1.21/compute/v2.1/flavors/2099927850 1.266s
2024-10-31 12:10:15.689 62259 INFO tempest.lib.common.rest_client [req-05797194-60f2-4b98-abb7-7aeb851897d1 req-05797194-60f2-4b98-abb7-7aeb851897d1 ] Request (FlavorsExtraSpecsTestJSON:tearDownClass): 201 POST http://10.180.1.21/identity/v3/auth/tokens 0.118s
2024-10-31 12:10:15.716 62263 INFO tempest.lib.common.rest_client [req-6faf5475-f1af-4f2f-8c82-65925cbe059f req-6faf5475-f1af-4f2f-8c82-65925cbe059f ] Request (ImagesDeleteNegativeTestJSON:setUpClass): 204 PUT http://10.180.1.21/identity/v3/projects/193954adcc35489ea84ae986562ff800/users/52b2ec55d4a54176b6b828991946d1cd/roles/48aa00fdfa674049a06500df21c41cd7 0.089s
2024-10-31 12:10:15.717 62263 INFO tempest.lib.common.dynamic_creds [-] Dynamic test user 52b2ec55d4a54176b6b828991946d1cd is created with scope project and roles: ['member']
2024-10-31 12:10:15.717 62263 INFO tempest.lib.common.dynamic_creds [-] Acquired dynamic creds: credentials: Credentials: {'domain_id': 'default', 'domain_name': 'Default', 'username': 'tempest-ImagesDeleteNegativeTestJSON-933606058-project-member', 'project_domain_id': 'default', 'project_domain_name': 'Default', 'project_id': '193954adcc35489ea84ae986562ff800', 'project_name': 'tempest-ImagesDeleteNegativeTestJSON-933606058', 'tenant_id': '193954adcc35489ea84ae986562ff800', 'tenant_name': 'tempest-ImagesDeleteNegativeTestJSON-933606058', 'user_domain_id': 'default', 'user_domain_name': 'Default', 'user_id': '52b2ec55d4a54176b6b828991946d1cd', 'system': None}, Network: None, Subnet: None, Router: None
