2024-10-31 12:12:09.557 62225 INFO tempest.lib.common.rest_client [req-a1a952ea-a526-4291-95f5-a17e8bbcf388 req-a1a952ea-a526-4291-95f5-a17e8bbcf388 ] Request (ServersAdmin275Test:test_rebuild_update_server_275): 200 GET http://10.180.1.21/compute/v2.1/servers/9fd9fc35-7105-4941-8e05-cf4e45bb5d29 0.285s
2024-10-31 12:12:09.573 62247 INFO tempest.lib.common.rest_client [req-496a7a01-b2bc-4586-913a-b78f3daf9ed4 req-496a7a01-b2bc-4586-913a-b78f3daf9ed4 ] Request (ImagesTestJSON:test_create_image_from_suspended_server): 200 GET http://10.180.1.21/compute/v2.1/servers/92b06621-cdaa-4723-b339-c0f698897d24 0.269s
2024-10-31 12:12:09.581 62247 INFO tempest.common.waiters [-] State transition "BUILD/scheduling" ==> "BUILD/None" after 66 second wait
2024-10-31 12:12:09.622 62269 INFO tempest.lib.common.rest_client [req-9b0229df-1812-4be0-9d2e-239ad9ee5b6e req-9b0229df-1812-4be0-9d2e-239ad9ee5b6e ] Request (ServerGroupTestJSON:test_create_server_with_scheduler_hint_group): 200 GET http://10.180.1.21/compute/v2.1/servers/5c036232-736c-4c34-a2b7-7de517b9cd50 0.274s
2024-10-31 12:12:09.631 62223 INFO tempest.lib.common.rest_client [req-9ed39027-4dae-45fd-8364-3972bf627882 req-9ed39027-4dae-45fd-8364-3972bf627882 ] Request (ServersWithSpecificFlavorTestJSON:test_verify_created_server_ephemeral_disk): 200 GET http://10.180.1.21/compute/v2.1/servers/7801858d-bc2a-466e-a6f2-a8c6b6ff4705 0.222s
2024-10-31 12:12:09.676 62267 INFO tempest.lib.common.rest_client [req-5eb3fb68-473e-4ec2-9f39-abd549a0dd62 req-5eb3fb68-473e-4ec2-9f39-abd549a0dd62 ] Request (ServersTestBootFromVolume:setUpClass): 200 GET http://10.180.1.21/compute/v2.1/servers/bc10dded-e669-4fdb-9f5b-cc6abc3a37c7 0.250s
2024-10-31 12:12:09.685 62243 INFO tempest.lib.common.rest_client [req-b44b58ef-7a4f-448c-af86-d8b3e7458aad req-b44b58ef-7a4f-448c-af86-d8b3e7458aad ] Request (ServerMetadataTestJSON:setUpClass): 200 GET http://10.180.1.21/compute/v2.1/servers/e0d51c99-1916-4d66-a141-dfa5d4357174 0.212s
2024-10-31 12:12:09.717 62209 INFO tempest.lib.common.rest_client [req-14f824a1-776e-43ce-a434-eb98edf53364 req-14f824a1-776e-43ce-a434-eb98edf53364 ] Request (ServersTestMultiNic:test_verify_multiple_nics_order): 200 GET http://10.180.1.21/compute/v2.1/servers/a5a78743-e155-4ded-854e-822976192097 0.213s
2024-10-31 12:12:09.735 62257 INFO tempest.lib.common.rest_client [req-db0e41fe-1fb4-44a6-a0e7-f47ab5d1e31d req-db0e41fe-1fb4-44a6-a0e7-f47ab5d1e31d ] Request (ServerActionsTestJSON:setUpClass): 200 GET http://10.180.1.21/compute/v2.1/servers/5aba271f-72bb-4847-8c87-18adda584a74 0.247s
2024-10-31 12:12:09.735 62245 INFO tempest.lib.common.rest_client [req-2a89b3f2-6617-45e0-bb7f-5a3e08c4dd6b req-2a89b3f2-6617-45e0-bb7f-5a3e08c4dd6b ] Request (ServerActionsTestOtherA:tearDownClass): 204 DELETE http://10.180.1.21:9696/networking/v2.0/routers/221b9077-3b1f-4304-8b9b-e794a94ced37 0.357s
2024-10-31 12:12:09.762 62215 INFO tempest.lib.common.rest_client [req-c0dd17b2-dbcc-4c64-9bbb-56626231419d req-c0dd17b2-dbcc-4c64-9bbb-56626231419d ] Request (ListServerFiltersTestJSON:setUpClass): 200 GET http://10.180.1.21/compute/v2.1/servers/47bd9677-375a-413b-a5c5-989d491adec9 0.240s
2024-10-31 12:12:09.772 62251 INFO tempest.lib.common.rest_client [req-1f188663-99cf-4f9c-bb3a-9eb5cae209b2 req-1f188663-99cf-4f9c-bb3a-9eb5cae209b2 ] Request (SecurityGroupsTestJSON:test_server_security_groups): 200 GET http://10.180.1.21/compute/v2.1/servers/6cda8874-6af5-490a-b9a2-323992265eb4 0.230s
2024-10-31 12:12:09.826 62213 INFO tempest.lib.common.rest_client [req-b80c8c7d-bb24-4698-8d12-a30261f66521 req-b80c8c7d-bb24-4698-8d12-a30261f66521 ] Request (ServerActionsV293TestJSON:setUpClass): 200 GET http://10.180.1.21/compute/v2.1/servers/e0735ee2-0a9d-4291-8465-b644816bf8e3 0.230s
2024-10-31 12:12:09.834 62217 INFO tempest.lib.common.rest_client [req-21a0598f-ed4f-4e31-bce0-464592128bec req-21a0598f-ed4f-4e31-bce0-464592128bec ] Request (ServerTagsTestJSON:setUpClass): 200 GET http://10.180.1.21/compute/v2.1/servers/eeb44b48-ed08-4f20-9498-b0eed38a00a2 0.214s
2024-10-31 12:12:09.862 62245 INFO tempest.lib.common.rest_client [req-e49e42db-f469-44b5-9cc3-97c54a71c4cd req-e49e42db-f469-44b5-9cc3-97c54a71c4cd ] Request (ServerActionsTestOtherA:tearDownClass): 204 DELETE http://10.180.1.21:9696/networking/v2.0/subnets/5f754315-f6e4-441a-a915-4fad6bfcb95f 0.126s
2024-10-31 12:12:10.049 62235 INFO tempest.lib.common.rest_client [req-5d9b3d3f-db54-499a-b626-f7a54879e2f2 req-5d9b3d3f-db54-499a-b626-f7a54879e2f2 ] Request (ServersV294TestFqdnHostnames:setUpClass): 200 GET http://10.180.1.21/compute/v2.1/servers/503419e5-ae32-49d4-bc41-838fb3c9437e 0.394s
2024-10-31 12:12:10.053 62221 INFO tempest.lib.common.rest_client [req-36f1bf21-2fbf-491c-84c0-50744eeb40fb req-36f1bf21-2fbf-491c-84c0-50744eeb40fb ] Request (MultipleCreateTestJSON:test_multiple_create): 200 GET http://10.180.1.21/compute/v2.1/servers/22634f52-c696-417b-bfe9-0a7ca62aad40 0.377s
2024-10-31 12:12:10.083 62245 INFO tempest.lib.common.rest_client [req-5582cd3a-dee2-4494-a0af-51fb0b16c94d req-5582cd3a-dee2-4494-a0af-51fb0b16c94d ] Request (ServerActionsTestOtherA:tearDownClass): 204 DELETE http://10.180.1.21:9696/networking/v2.0/networks/9837642b-c272-4d9e-ace7-8db9264ee2c9 0.221s
2024-10-31 12:12:10.110 62241 INFO tempest.lib.common.rest_client [req-2b844927-b628-4a6b-8278-5f7511ca938e req-2b844927-b628-4a6b-8278-5f7511ca938e ] Request (AttachInterfacesTestJSON:test_reassign_port_between_servers): 200 GET http://10.180.1.21/compute/v2.1/servers/b986f147-a782-467c-92d1-bffb6a50c450 0.400s
2024-10-31 12:12:10.110 62231 INFO tempest.lib.common.rest_client [req-d97158a3-4be6-4837-96eb-830ba9c5aafb req-d97158a3-4be6-4837-96eb-830ba9c5aafb ] Request (VolumesAdminNegativeTest:test_update_attached_volume_with_nonexistent_volume_in_uri): 200 GET http://10.180.1.21/compute/v2.1/servers/2ba9f652-c274-4d79-84a2-ad1384c99b91 0.381s
2024-10-31 12:12:10.175 62237 INFO tempest.lib.common.rest_client [req-6966b8b6-e71f-4e3d-b5c2-5cd5ddff50fa req-6966b8b6-e71f-4e3d-b5c2-5cd5ddff50fa ] Request (ServersAdminTestJSON:setUpClass): 200 GET http://10.180.1.21/compute/v2.1/servers/0ac2f6eb-8d2e-4ae2-9819-d685a5bfafc4 0.239s
2024-10-31 12:12:10.180 62211 INFO tempest.lib.common.rest_client [req-5b19d8b4-ea5c-4eb5-871e-19a878bef385 req-5b19d8b4-ea5c-4eb5-871e-19a878bef385 ] Request (ServerDiskConfigTestJSON:test_rebuild_server_with_auto_disk_config): 200 GET http://10.180.1.21/compute/v2.1/servers/5b7223bd-66f3-44ec-b3bc-e9072eca515e 0.366s
2024-10-31 12:12:10.183 62245 INFO tempest.lib.common.rest_client [req-75349f2f-2dfd-42cc-899a-6b20df13ebb8 req-75349f2f-2dfd-42cc-899a-6b20df13ebb8 ] Request (ServerActionsTestOtherA:tearDownClass): 204 DELETE http://10.180.1.21/identity/v3/users/06452b75b6164422a6d6916ee7e1126d 0.099s
2024-10-31 12:12:10.183 62245 INFO tempest.lib.common.dynamic_creds [-] Deleting project and security group for project: c854c4989c58433688b50640d15ad6e0
2024-10-31 12:12:10.242 62245 INFO tempest.lib.common.rest_client [req-6884fc57-3a83-485d-a0d4-28aee7b403c3 req-6884fc57-3a83-485d-a0d4-28aee7b403c3 ] Request (ServerActionsTestOtherA:tearDownClass): 200 GET http://10.180.1.21:9696/networking/v2.0/security-groups?tenant_id=c854c4989c58433688b50640d15ad6e0&name=default 0.058s
2024-10-31 12:12:10.255 62219 INFO tempest.lib.common.rest_client [req-c0817410-8da4-4f89-b68e-2c445f28ee41 req-c0817410-8da4-4f89-b68e-2c445f28ee41 ] Request (ServerRescueNegativeTestJSON:setUpClass): 200 GET http://10.180.1.21/compute/v2.1/servers/2725d6ed-89d9-479f-b6ee-d16523e0abab 0.203s
2024-10-31 12:12:10.255 62239 INFO tempest.lib.common.rest_client [req-7fd56822-d267-4d15-afff-aad8a1065740 req-7fd56822-d267-4d15-afff-aad8a1065740 ] Request (InstanceActionsTestJSON:setUpClass): 200 GET http://10.180.1.21/compute/v2.1/servers/21c83740-56b6-4cc8-b97b-2b7a00380b91 0.259s
2024-10-31 12:12:10.305 62266 INFO tempest.lib.common.rest_client [req-b3101ccc-3ee4-45ef-828b-ed3e6d5df8be req-b3101ccc-3ee4-45ef-828b-ed3e6d5df8be ] Request (DeleteServersTestJSON:test_delete_active_server): 200 GET http://10.180.1.21/compute/v2.1/servers/a978943b-afd3-44f4-b6c1-5a72dda8ca35 0.123s
2024-10-31 12:12:10.312 62229 INFO tempest.lib.common.rest_client [req-108d921a-5bf6-4b23-989d-d2b5c6ee95ba req-108d921a-5bf6-4b23-989d-d2b5c6ee95ba ] Request (ServersTestJSON:setUpClass): 200 GET http://10.180.1.21/compute/v2.1/servers/9bfde590-fe6c-404d-88ad-9da1763c0870 0.205s
2024-10-31 12:12:10.326 62245 INFO tempest.lib.common.rest_client [req-67dc7f22-d53d-4a2b-bbc3-357e0dc18482 req-67dc7f22-d53d-4a2b-bbc3-357e0dc18482 ] Request (ServerActionsTestOtherA:tearDownClass): 204 DELETE http://10.180.1.21:9696/networking/v2.0/security-groups/f69abad3-5f6d-406a-8001-d5df49b20892 0.083s
2024-10-31 12:12:10.354 62207 INFO tempest.lib.common.rest_client [req-228da255-b175-488b-a2aa-4912e8628ec4 req-228da255-b175-488b-a2aa-4912e8628ec4 ] Request (ServerAddressesNegativeTestJSON:setUpClass): 200 GET http://10.180.1.21/compute/v2.1/servers/5300907c-d589-4ccf-a9c5-4a6bd819783b 0.109s
2024-10-31 12:12:10.393 62253 INFO tempest.lib.common.rest_client [req-75dbcbb9-5670-46f1-b0a1-e904d30aa8d5 req-75dbcbb9-5670-46f1-b0a1-e904d30aa8d5 ] Request (ServerActionsTestOtherB:setUpClass): 200 GET http://10.180.1.21/compute/v2.1/servers/dc5ef08a-8692-4274-84df-7c2923099249 0.049s
2024-10-31 12:12:10.414 62245 INFO tempest.lib.common.rest_client [req-c197068a-7460-4394-b3b1-95c52902b5c0 req-c197068a-7460-4394-b3b1-95c52902b5c0 ] Request (ServerActionsTestOtherA:tearDownClass): 204 DELETE http://10.180.1.21/identity/v3/projects/c854c4989c58433688b50640d15ad6e0 0.088s
2024-10-31 12:12:10.461 62233 INFO tempest.lib.common.rest_client [req-3acb09c0-722e-41a2-b5d1-1f3653584d1e req-3acb09c0-722e-41a2-b5d1-1f3653584d1e ] Request (TenantUsagesTestJSON:setUpClass): 200 GET http://10.180.1.21/compute/v2.1/servers/2b0039dd-1219-465d-beb8-0262e0e40029 0.047s
2024-10-31 12:12:10.474 62245 INFO tempest.lib.common.rest_client [req-75f37020-a749-4c21-b64f-280ec4327f76 req-75f37020-a749-4c21-b64f-280ec4327f76 ] Request (ServerRescueTestJSON:setUpClass): 201 POST http://10.180.1.21/identity/v3/auth/tokens 0.056s
2024-10-31 12:12:10.502 62245 INFO tempest.lib.common.rest_client [req-fe6edee8-dc2d-40cc-9973-637d8b2cf5b6 req-fe6edee8-dc2d-40cc-9973-637d8b2cf5b6 ] Request (ServerRescueTestJSON:setUpClass): 201 POST http://10.180.1.21/identity/v3/auth/tokens 0.026s
2024-10-31 12:12:10.523 62245 INFO tempest.lib.common.rest_client [req-c887759e-9329-454b-8029-3ec76799de7f req-c887759e-9329-454b-8029-3ec76799de7f ] Request (ServerRescueTestJSON:setUpClass): 200 GET http://10.180.1.21/identity/v3/domains?name=Default 0.020s
2024-10-31 12:12:10.525 62259 INFO tempest.lib.common.rest_client [req-c4468a71-c19d-401c-aefd-409e6f606f6c req-c4468a71-c19d-401c-aefd-409e6f606f6c ] Request (ServerShowV257Test:test_rebuild_server): 200 GET http://10.180.1.21/compute/v2.1/servers/036a2dfc-615d-410a-8a3f-32de621879c2 0.051s
2024-10-31 12:12:10.548 62245 INFO tempest.lib.common.rest_client [req-0d82fff7-c90e-44ef-bbcc-d54053685f16 req-0d82fff7-c90e-44ef-bbcc-d54053685f16 ] Request (ServerRescueTestJSON:setUpClass): 201 POST http://10.180.1.21/identity/v3/projects 0.025s
2024-10-31 12:12:10.579 62255 INFO tempest.lib.common.rest_client [req-24704c6b-b1d8-4144-8e29-a9171f296a45 req-24704c6b-b1d8-4144-8e29-a9171f296a45 ] Request (MigrationsAdminTest:test_list_migrations_in_flavor_resize_situation): 200 GET http://10.180.1.21/compute/v2.1/servers/3d32ec82-e623-4bbb-93c2-d39c934b4890 0.052s
2024-10-31 12:12:10.602 62245 INFO tempest.lib.common.rest_client [req-7dd19f62-7c03-4a4d-8dc3-307af782113f req-7dd19f62-7c03-4a4d-8dc3-307af782113f ] Request (ServerRescueTestJSON:setUpClass): 201 POST http://10.180.1.21/identity/v3/users 0.054s
2024-10-31 12:12:10.620 62245 INFO tempest.lib.common.rest_client [req-1bd008c6-1721-400d-8115-54fc5176e01b req-1bd008c6-1721-400d-8115-54fc5176e01b ] Request (ServerRescueTestJSON:setUpClass): 200 GET http://10.180.1.21/identity/v3/roles 0.016s
2024-10-31 12:12:10.624 62225 INFO tempest.lib.common.rest_client [req-145dae47-cefe-44a0-85db-c9f02a8e5d0e req-145dae47-cefe-44a0-85db-c9f02a8e5d0e ] Request (ServersAdmin275Test:test_rebuild_update_server_275): 200 GET http://10.180.1.21/compute/v2.1/servers/9fd9fc35-7105-4941-8e05-cf4e45bb5d29 0.054s
2024-10-31 12:12:10.632 62247 INFO tempest.lib.common.rest_client [req-8cb47bd5-9de5-4f07-afa5-10bdc6840189 req-8cb47bd5-9de5-4f07-afa5-10bdc6840189 ] Request (ImagesTestJSON:test_create_image_from_suspended_server): 200 GET http://10.180.1.21/compute/v2.1/servers/92b06621-cdaa-4723-b339-c0f698897d24 0.050s
2024-10-31 12:12:10.647 62245 INFO tempest.lib.common.rest_client [req-ef0ae8a1-b705-44b0-9124-e356f5295f72 req-ef0ae8a1-b705-44b0-9124-e356f5295f72 ] Request (ServerRescueTestJSON:setUpClass): 204 PUT http://10.180.1.21/identity/v3/projects/a6c46447bf904572b78f673fc04de853/users/91f140eb617e4136a765c5c15978643e/roles/48aa00fdfa674049a06500df21c41cd7 0.027s
2024-10-31 12:12:10.648 62245 INFO tempest.lib.common.dynamic_creds [-] Dynamic test user 91f140eb617e4136a765c5c15978643e is created with scope project and roles: ['member']
2024-10-31 12:12:10.648 62245 INFO tempest.lib.common.dynamic_creds [-] Acquired dynamic creds: credentials: Credentials: {'domain_id': 'default', 'domain_name': 'Default', 'username': 'tempest-ServerRescueTestJSON-1610341930-project-member', 'project_domain_id': 'default', 'project_domain_name': 'Default', 'project_id': 'a6c46447bf904572b78f673fc04de853', 'project_name': 'tempest-ServerRescueTestJSON-1610341930', 'tenant_id': 'a6c46447bf904572b78f673fc04de853', 'tenant_name': 'tempest-ServerRescueTestJSON-1610341930', 'user_domain_id': 'default', 'user_domain_name': 'Default', 'user_id': '91f140eb617e4136a765c5c15978643e', 'system': None}, Network: None, Subnet: None, Router: None
2024-10-31 12:12:10.680 62269 INFO tempest.lib.common.rest_client [req-a1ef4f0d-ba2f-4e76-8683-f196dedeac27 req-a1ef4f0d-ba2f-4e76-8683-f196dedeac27 ] Request (ServerGroupTestJSON:test_create_server_with_scheduler_hint_group): 200 GET http://10.180.1.21/compute/v2.1/servers/5c036232-736c-4c34-a2b7-7de517b9cd50 0.050s
2024-10-31 12:12:10.686 62223 INFO tempest.lib.common.rest_client [req-074fed04-f54c-4246-93c7-6da9fe5b1504 req-074fed04-f54c-4246-93c7-6da9fe5b1504 ] Request (ServersWithSpecificFlavorTestJSON:test_verify_created_server_ephemeral_disk): 200 GET http://10.180.1.21/compute/v2.1/servers/7801858d-bc2a-466e-a6f2-a8c6b6ff4705 0.044s
2024-10-31 12:12:10.699 62245 INFO tempest.lib.common.rest_client [req-fbe4820b-205f-49ce-9a8c-05b5b3e50469 req-fbe4820b-205f-49ce-9a8c-05b5b3e50469 ] Request (ServerRescueTestJSON:setUpClass): 201 POST http://10.180.1.21/identity/v3/auth/tokens 0.051s
2024-10-31 12:12:10.734 62267 INFO tempest.lib.common.rest_client [req-02acbaab-eddf-478d-b7f1-97323e805f02 req-02acbaab-eddf-478d-b7f1-97323e805f02 ] Request (ServersTestBootFromVolume:setUpClass): 200 GET http://10.180.1.21/compute/v2.1/servers/bc10dded-e669-4fdb-9f5b-cc6abc3a37c7 0.049s
2024-10-31 12:12:10.737 62243 INFO tempest.lib.common.rest_client [req-ae1c52ca-0154-4c9a-bda1-eb500dbc57b6 req-ae1c52ca-0154-4c9a-bda1-eb500dbc57b6 ] Request (ServerMetadataTestJSON:setUpClass): 200 GET http://10.180.1.21/compute/v2.1/servers/e0d51c99-1916-4d66-a141-dfa5d4357174 0.045s
2024-10-31 12:12:10.778 62209 INFO tempest.lib.common.rest_client [req-6fab9296-e695-48f2-960f-a256d52083a2 req-6fab9296-e695-48f2-960f-a256d52083a2 ] Request (ServersTestMultiNic:test_verify_multiple_nics_order): 200 GET http://10.180.1.21/compute/v2.1/servers/a5a78743-e155-4ded-854e-822976192097 0.050s
2024-10-31 12:12:10.789 62257 INFO tempest.lib.common.rest_client [req-320a43c5-68aa-4036-9dc4-cbb05eb8d9b4 req-320a43c5-68aa-4036-9dc4-cbb05eb8d9b4 ] Request (ServerActionsTestJSON:setUpClass): 200 GET http://10.180.1.21/compute/v2.1/servers/5aba271f-72bb-4847-8c87-18adda584a74 0.048s
2024-10-31 12:12:10.830 62215 INFO tempest.lib.common.rest_client [req-59584850-043e-4a9d-9c1a-90e816ea43ac req-59584850-043e-4a9d-9c1a-90e816ea43ac ] Request (ListServerFiltersTestJSON:setUpClass): 200 GET http://10.180.1.21/compute/v2.1/servers/47bd9677-375a-413b-a5c5-989d491adec9 0.061s
2024-10-31 12:12:10.839 62251 INFO tempest.lib.common.rest_client [req-63d5bcc8-5465-4431-9ca2-cd926b7a5509 req-63d5bcc8-5465-4431-9ca2-cd926b7a5509 ] Request (SecurityGroupsTestJSON:test_server_security_groups): 200 GET http://10.180.1.21/compute/v2.1/servers/6cda8874-6af5-490a-b9a2-323992265eb4 0.060s
2024-10-31 12:12:10.894 62213 INFO tempest.lib.common.rest_client [req-b7d2f48e-f974-45a9-8b0f-e04739b69b10 req-b7d2f48e-f974-45a9-8b0f-e04739b69b10 ] Request (ServerActionsV293TestJSON:setUpClass): 200 GET http://10.180.1.21/compute/v2.1/servers/e0735ee2-0a9d-4291-8465-b644816bf8e3 0.056s
2024-10-31 12:12:10.897 62217 INFO tempest.lib.common.rest_client [req-879ebecf-f4e0-4492-a763-6d86dd777b0c req-879ebecf-f4e0-4492-a763-6d86dd777b0c ] Request (ServerTagsTestJSON:setUpClass): 200 GET http://10.180.1.21/compute/v2.1/servers/eeb44b48-ed08-4f20-9498-b0eed38a00a2 0.051s
2024-10-31 12:12:10.920 62245 INFO tempest.lib.common.rest_client [req-3516cd13-048f-4a55-85b0-6c9c59c9ec72 req-3516cd13-048f-4a55-85b0-6c9c59c9ec72 ] Request (ServerRescueTestJSON:setUpClass): 201 POST http://10.180.1.21:9696/networking/v2.0/networks 0.221s
2024-10-31 12:12:11.055 62245 INFO tempest.lib.common.rest_client [req-3d0bb81d-4755-4005-a339-7b1ef1930ab4 req-3d0bb81d-4755-4005-a339-7b1ef1930ab4 ] Request (ServerRescueTestJSON:setUpClass): 201 POST http://10.180.1.21:9696/networking/v2.0/subnets 0.135s
2024-10-31 12:12:11.125 62221 INFO tempest.lib.common.rest_client [req-5881d897-3d52-47f3-8bd2-355af9b86e32 req-5881d897-3d52-47f3-8bd2-355af9b86e32 ] Request (MultipleCreateTestJSON:test_multiple_create): 200 GET http://10.180.1.21/compute/v2.1/servers/22634f52-c696-417b-bfe9-0a7ca62aad40 0.065s
2024-10-31 12:12:11.131 62235 INFO tempest.lib.common.rest_client [req-f792ba9a-e94e-4687-a781-f90eaf0af536 req-f792ba9a-e94e-4687-a781-f90eaf0af536 ] Request (ServersV294TestFqdnHostnames:setUpClass): 200 GET http://10.180.1.21/compute/v2.1/servers/503419e5-ae32-49d4-bc41-838fb3c9437e 0.072s
2024-10-31 12:12:11.195 62231 INFO tempest.lib.common.rest_client [req-e3c594ae-b1ea-4581-ad78-867e73542656 req-e3c594ae-b1ea-4581-ad78-867e73542656 ] Request (VolumesAdminNegativeTest:test_update_attached_volume_with_nonexistent_volume_in_uri): 200 GET http://10.180.1.21/compute/v2.1/servers/2ba9f652-c274-4d79-84a2-ad1384c99b91 0.075s
2024-10-31 12:12:11.204 62241 INFO tempest.lib.common.rest_client [req-5495f28e-addd-4fcb-921f-89c138ccbbe5 req-5495f28e-addd-4fcb-921f-89c138ccbbe5 ] Request (AttachInterfacesTestJSON:test_reassign_port_between_servers): 200 GET http://10.180.1.21/compute/v2.1/servers/b986f147-a782-467c-92d1-bffb6a50c450 0.085s
2024-10-31 12:12:11.250 62237 INFO tempest.lib.common.rest_client [req-241ef6af-0bb5-4b03-b9ba-bac37cdb5a09 req-241ef6af-0bb5-4b03-b9ba-bac37cdb5a09 ] Request (ServersAdminTestJSON:setUpClass): 200 GET http://10.180.1.21/compute/v2.1/servers/0ac2f6eb-8d2e-4ae2-9819-d685a5bfafc4 0.066s
2024-10-31 12:12:11.255 62211 INFO tempest.lib.common.rest_client [req-12d64794-9331-45db-acd0-1ffee3d05850 req-12d64794-9331-45db-acd0-1ffee3d05850 ] Request (ServerDiskConfigTestJSON:test_rebuild_server_with_auto_disk_config): 200 GET http://10.180.1.21/compute/v2.1/servers/5b7223bd-66f3-44ec-b3bc-e9072eca515e 0.067s
2024-10-31 12:12:11.312 62219 INFO tempest.lib.common.rest_client [req-d149ac54-6a83-4c68-a1ab-b045e4b0f7c8 req-d149ac54-6a83-4c68-a1ab-b045e4b0f7c8 ] Request (ServerRescueNegativeTestJSON:setUpClass): 200 GET http://10.180.1.21/compute/v2.1/servers/2725d6ed-89d9-479f-b6ee-d16523e0abab 0.050s
2024-10-31 12:12:11.317 62239 INFO tempest.lib.common.rest_client [req-a1311470-597f-4732-a96b-d0a9ec0f54a4 req-a1311470-597f-4732-a96b-d0a9ec0f54a4 ] Request (InstanceActionsTestJSON:setUpClass): 200 GET http://10.180.1.21/compute/v2.1/servers/21c83740-56b6-4cc8-b97b-2b7a00380b91 0.055s
2024-10-31 12:12:11.368 62266 INFO tempest.lib.common.rest_client [req-a225094e-df31-468c-b4d1-38ec70b17aa5 req-a225094e-df31-468c-b4d1-38ec70b17aa5 ] Request (DeleteServersTestJSON:test_delete_active_server): 200 GET http://10.180.1.21/compute/v2.1/servers/a978943b-afd3-44f4-b6c1-5a72dda8ca35 0.054s
2024-10-31 12:12:11.379 62229 INFO tempest.lib.common.rest_client [req-bfab6e37-6438-4ad0-8b22-86afce397251 req-bfab6e37-6438-4ad0-8b22-86afce397251 ] Request (ServersTestJSON:setUpClass): 200 GET http://10.180.1.21/compute/v2.1/servers/9bfde590-fe6c-404d-88ad-9da1763c0870 0.059s
2024-10-31 12:12:11.403 62207 INFO tempest.lib.common.rest_client [req-a0811bcf-77c7-4506-b9a8-74ae19b9369c req-a0811bcf-77c7-4506-b9a8-74ae19b9369c ] Request (ServerAddressesNegativeTestJSON:setUpClass): 200 GET http://10.180.1.21/compute/v2.1/servers/5300907c-d589-4ccf-a9c5-4a6bd819783b 0.043s
2024-10-31 12:12:11.445 62253 INFO tempest.lib.common.rest_client [req-860838d0-1deb-41c3-92a8-0c0f668694bc req-860838d0-1deb-41c3-92a8-0c0f668694bc ] Request (ServerActionsTestOtherB:setUpClass): 200 GET http://10.180.1.21/compute/v2.1/servers/dc5ef08a-8692-4274-84df-7c2923099249 0.044s
2024-10-31 12:12:11.514 62233 INFO tempest.lib.common.rest_client [req-594ecaff-0572-4240-aff7-88e9c26178de req-594ecaff-0572-4240-aff7-88e9c26178de ] Request (TenantUsagesTestJSON:setUpClass): 200 GET http://10.180.1.21/compute/v2.1/servers/2b0039dd-1219-465d-beb8-0262e0e40029 0.046s
2024-10-31 12:12:11.592 62259 INFO tempest.lib.common.rest_client [req-f43414ae-9e04-4a7a-8569-c40d5829019d req-f43414ae-9e04-4a7a-8569-c40d5829019d ] Request (ServerShowV257Test:test_rebuild_server): 200 GET http://10.180.1.21/compute/v2.1/servers/036a2dfc-615d-410a-8a3f-32de621879c2 0.059s
2024-10-31 12:12:11.636 62255 INFO tempest.lib.common.rest_client [req-2b5b8a61-8c64-464c-b55b-d6779fc696a7 req-2b5b8a61-8c64-464c-b55b-d6779fc696a7 ] Request (MigrationsAdminTest:test_list_migrations_in_flavor_resize_situation): 200 GET http://10.180.1.21/compute/v2.1/servers/3d32ec82-e623-4bbb-93c2-d39c934b4890 0.049s
2024-10-31 12:12:11.640 62245 INFO tempest.lib.common.rest_client [req-309f2e76-d428-4b53-b769-93fa45d8478e req-309f2e76-d428-4b53-b769-93fa45d8478e ] Request (ServerRescueTestJSON:setUpClass): 201 POST http://10.180.1.21:9696/networking/v2.0/routers 0.584s
2024-10-31 12:12:11.701 62225 INFO tempest.lib.common.rest_client [req-acecd310-93f4-4e77-9931-82c520db0cfb req-acecd310-93f4-4e77-9931-82c520db0cfb ] Request (ServersAdmin275Test:test_rebuild_update_server_275): 200 GET http://10.180.1.21/compute/v2.1/servers/9fd9fc35-7105-4941-8e05-cf4e45bb5d29 0.068s
2024-10-31 12:12:11.702 62247 INFO tempest.lib.common.rest_client [req-18fcf487-d121-49d0-bdd2-b33bfd35dff0 req-18fcf487-d121-49d0-bdd2-b33bfd35dff0 ] Request (ImagesTestJSON:test_create_image_from_suspended_server): 200 GET http://10.180.1.21/compute/v2.1/servers/92b06621-cdaa-4723-b339-c0f698897d24 0.063s
2024-10-31 12:12:11.749 62223 INFO tempest.lib.common.rest_client [req-e156d4b5-b388-40fc-95e5-62e53cfa034d req-e156d4b5-b388-40fc-95e5-62e53cfa034d ] Request (ServersWithSpecificFlavorTestJSON:test_verify_created_server_ephemeral_disk): 200 GET http://10.180.1.21/compute/v2.1/servers/7801858d-bc2a-466e-a6f2-a8c6b6ff4705 0.057s
2024-10-31 12:12:11.764 62269 INFO tempest.lib.common.rest_client [req-8b2937c6-0542-4562-90b2-b6bafb7ee9bd req-8b2937c6-0542-4562-90b2-b6bafb7ee9bd ] Request (ServerGroupTestJSON:test_create_server_with_scheduler_hint_group): 200 GET http://10.180.1.21/compute/v2.1/servers/5c036232-736c-4c34-a2b7-7de517b9cd50 0.077s
2024-10-31 12:12:11.801 62267 INFO tempest.lib.common.rest_client [req-66f8d53e-8453-4a43-95d0-56a70ad276dc req-66f8d53e-8453-4a43-95d0-56a70ad276dc ] Request (ServersTestBootFromVolume:setUpClass): 200 GET http://10.180.1.21/compute/v2.1/servers/bc10dded-e669-4fdb-9f5b-cc6abc3a37c7 0.060s
2024-10-31 12:12:11.860 62209 INFO tempest.lib.common.rest_client [req-7ac7af27-7253-4713-9dad-d213d740bed0 req-7ac7af27-7253-4713-9dad-d213d740bed0 ] Request (ServersTestMultiNic:test_verify_multiple_nics_order): 200 GET http://10.180.1.21/compute/v2.1/servers/a5a78743-e155-4ded-854e-822976192097 0.075s
2024-10-31 12:12:11.907 62257 INFO tempest.lib.common.rest_client [req-8970fb36-a070-4e6e-af10-e09be8ed2058 req-8970fb36-a070-4e6e-af10-e09be8ed2058 ] Request (ServerActionsTestJSON:setUpClass): 200 GET http://10.180.1.21/compute/v2.1/servers/5aba271f-72bb-4847-8c87-18adda584a74 0.106s
2024-10-31 12:12:11.953 62215 INFO tempest.lib.common.rest_client [req-e62d27c6-a953-4cfd-b1de-e7e035dc0d86 req-e62d27c6-a953-4cfd-b1de-e7e035dc0d86 ] Request (ListServerFiltersTestJSON:setUpClass): 200 GET http://10.180.1.21/compute/v2.1/servers/47bd9677-375a-413b-a5c5-989d491adec9 0.117s
2024-10-31 12:12:12.000 62251 INFO tempest.lib.common.rest_client [req-b6ed4572-28db-43c8-bad6-024d4b90c7b1 req-b6ed4572-28db-43c8-bad6-024d4b90c7b1 ] Request (SecurityGroupsTestJSON:test_server_security_groups): 200 GET http://10.180.1.21/compute/v2.1/servers/6cda8874-6af5-490a-b9a2-323992265eb4 0.154s
2024-10-31 12:12:12.009 62243 INFO tempest.lib.common.rest_client [req-b3e31db0-3bfb-4434-a91f-cd41cff9f695 req-b3e31db0-3bfb-4434-a91f-cd41cff9f695 ] Request (ServerMetadataTestJSON:setUpClass): 200 GET http://10.180.1.21/compute/v2.1/servers/e0d51c99-1916-4d66-a141-dfa5d4357174 0.266s
2024-10-31 12:12:12.053 62213 INFO tempest.lib.common.rest_client [req-e4b7b4ba-877e-4e3a-919f-88e49ab5692f req-e4b7b4ba-877e-4e3a-919f-88e49ab5692f ] Request (ServerActionsV293TestJSON:setUpClass): 200 GET http://10.180.1.21/compute/v2.1/servers/e0735ee2-0a9d-4291-8465-b644816bf8e3 0.149s
2024-10-31 12:12:12.056 62217 INFO tempest.lib.common.rest_client [req-4460d6b0-42e5-4143-a348-eefcbb842738 req-4460d6b0-42e5-4143-a348-eefcbb842738 ] Request (ServerTagsTestJSON:setUpClass): 200 GET http://10.180.1.21/compute/v2.1/servers/eeb44b48-ed08-4f20-9498-b0eed38a00a2 0.151s
2024-10-31 12:12:12.193 62221 INFO tempest.lib.common.rest_client [req-165cbcb1-d4f5-4ee5-9d1a-10f003107d03 req-165cbcb1-d4f5-4ee5-9d1a-10f003107d03 ] Request (MultipleCreateTestJSON:test_multiple_create): 200 GET http://10.180.1.21/compute/v2.1/servers/22634f52-c696-417b-bfe9-0a7ca62aad40 0.060s
2024-10-31 12:12:12.203 62235 INFO tempest.lib.common.rest_client [req-bae8f447-c9ea-46fc-8b32-6d3ab807ae5d req-bae8f447-c9ea-46fc-8b32-6d3ab807ae5d ] Request (ServersV294TestFqdnHostnames:setUpClass): 200 GET http://10.180.1.21/compute/v2.1/servers/503419e5-ae32-49d4-bc41-838fb3c9437e 0.061s
2024-10-31 12:12:12.254 62231 INFO tempest.lib.common.rest_client [req-b5acb424-c441-4f9f-b0e2-d8441748ffa0 req-b5acb424-c441-4f9f-b0e2-d8441748ffa0 ] Request (VolumesAdminNegativeTest:test_update_attached_volume_with_nonexistent_volume_in_uri): 200 GET http://10.180.1.21/compute/v2.1/servers/2ba9f652-c274-4d79-84a2-ad1384c99b91 0.051s
2024-10-31 12:12:12.269 62241 INFO tempest.lib.common.rest_client [req-8317fd54-762b-4c32-982c-ee304968c88a req-8317fd54-762b-4c32-982c-ee304968c88a ] Request (AttachInterfacesTestJSON:test_reassign_port_between_servers): 200 GET http://10.180.1.21/compute/v2.1/servers/b986f147-a782-467c-92d1-bffb6a50c450 0.055s
2024-10-31 12:12:12.314 62211 INFO tempest.lib.common.rest_client [req-35a0d60b-87dd-4cdc-b749-a31d9b601f80 req-35a0d60b-87dd-4cdc-b749-a31d9b601f80 ] Request (ServerDiskConfigTestJSON:test_rebuild_server_with_auto_disk_config): 200 GET http://10.180.1.21/compute/v2.1/servers/5b7223bd-66f3-44ec-b3bc-e9072eca515e 0.052s
2024-10-31 12:12:12.320 62237 INFO tempest.lib.common.rest_client [req-88daf2f2-3fd7-4218-a7a3-be6d4197f5e3 req-88daf2f2-3fd7-4218-a7a3-be6d4197f5e3 ] Request (ServersAdminTestJSON:setUpClass): 200 GET http://10.180.1.21/compute/v2.1/servers/0ac2f6eb-8d2e-4ae2-9819-d685a5bfafc4 0.060s
2024-10-31 12:12:12.382 62239 INFO tempest.lib.common.rest_client [req-cb74ed7b-ecab-489a-82c2-f01264db69ff req-cb74ed7b-ecab-489a-82c2-f01264db69ff ] Request (InstanceActionsTestJSON:setUpClass): 200 GET http://10.180.1.21/compute/v2.1/servers/21c83740-56b6-4cc8-b97b-2b7a00380b91 0.057s
2024-10-31 12:12:12.382 62219 INFO tempest.lib.common.rest_client [req-d5dc98d2-5bd0-4c03-b502-e3b32a1e904b req-d5dc98d2-5bd0-4c03-b502-e3b32a1e904b ] Request (ServerRescueNegativeTestJSON:setUpClass): 200 GET http://10.180.1.21/compute/v2.1/servers/2725d6ed-89d9-479f-b6ee-d16523e0abab 0.063s
2024-10-31 12:12:12.424 62266 INFO tempest.lib.common.rest_client [req-a13666ab-05c4-498e-afb6-a6acd0b1677e req-a13666ab-05c4-498e-afb6-a6acd0b1677e ] Request (DeleteServersTestJSON:test_delete_active_server): 200 GET http://10.180.1.21/compute/v2.1/servers/a978943b-afd3-44f4-b6c1-5a72dda8ca35 0.046s
2024-10-31 12:12:12.440 62229 INFO tempest.lib.common.rest_client [req-4aa66b77-b18a-4b14-a276-4f490f115c9a req-4aa66b77-b18a-4b14-a276-4f490f115c9a ] Request (ServersTestJSON:setUpClass): 200 GET http://10.180.1.21/compute/v2.1/servers/9bfde590-fe6c-404d-88ad-9da1763c0870 0.054s
2024-10-31 12:12:12.472 62207 INFO tempest.lib.common.rest_client [req-5b4c34cb-880e-4ef5-b750-8156381feadd req-5b4c34cb-880e-4ef5-b750-8156381feadd ] Request (ServerAddressesNegativeTestJSON:setUpClass): 200 GET http://10.180.1.21/compute/v2.1/servers/5300907c-d589-4ccf-a9c5-4a6bd819783b 0.062s
2024-10-31 12:12:12.499 62253 INFO tempest.lib.common.rest_client [req-540f5a82-a6ed-4986-b55a-d8f8b1a5dd10 req-540f5a82-a6ed-4986-b55a-d8f8b1a5dd10 ] Request (ServerActionsTestOtherB:setUpClass): 200 GET http://10.180.1.21/compute/v2.1/servers/dc5ef08a-8692-4274-84df-7c2923099249 0.047s
2024-10-31 12:12:12.542 62245 INFO tempest.lib.common.rest_client [req-e8a6ce23-e859-4c65-840a-69b3c6c14724 req-e8a6ce23-e859-4c65-840a-69b3c6c14724 ] Request (ServerRescueTestJSON:setUpClass): 200 PUT http://10.180.1.21:9696/networking/v2.0/routers/cd34e870-1ad1-471c-af7c-c67e1f07edb5/add_router_interface 0.901s
2024-10-31 12:12:12.542 62245 INFO tempest.lib.common.dynamic_creds [-] Created isolated network resources for: credentials: Credentials: {'domain_id': 'default', 'domain_name': 'Default', 'username': 'tempest-ServerRescueTestJSON-1610341930-project-member', 'project_domain_id': 'default', 'project_domain_name': 'Default', 'project_id': 'a6c46447bf904572b78f673fc04de853', 'project_name': 'tempest-ServerRescueTestJSON-1610341930', 'tenant_id': 'a6c46447bf904572b78f673fc04de853', 'tenant_name': 'tempest-ServerRescueTestJSON-1610341930', 'user_domain_id': 'default', 'user_domain_name': 'Default', 'user_id': '91f140eb617e4136a765c5c15978643e', 'system': None}, Network: {'id': '916a2753-7986-494b-ac1c-82ceff406647', 'name': 'tempest-ServerRescueTestJSON-1862494116-network', 'tenant_id': 'a6c46447bf904572b78f673fc04de853', 'admin_state_up': True, 'mtu': 8950, 'status': 'ACTIVE', 'subnets': [], 'shared': False, 'project_id': 'a6c46447bf904572b78f673fc04de853', 'port_security_enabled': True, 'router:external': False, 'provider:network_type': 'vlan', 'provider:physical_network': 'default', 'provider:segmentation_id': 693, 'availability_zone_hints': [], 'availability_zones': [], 'ipv4_address_scope': None, 'ipv6_address_scope': None, 'description': '', 'tags': [], 'created_at': '2024-10-31T12:12:10Z', 'updated_at': '2024-10-31T12:12:10Z', 'revision_number': 1}, Subnet: {'id': 'a9183a03-5e33-426e-a096-c78d5952b77f', 'name': 'tempest-ServerRescueTestJSON-1862494116-subnet', 'tenant_id': 'a6c46447bf904572b78f673fc04de853', 'network_id': '916a2753-7986-494b-ac1c-82ceff406647', 'ip_version': 4, 'subnetpool_id': None, 'enable_dhcp': False, 'ipv6_ra_mode': None, 'ipv6_address_mode': None, 'gateway_ip': '192.168.128.1', 'cidr': '192.168.128.0/28', 'allocation_pools': [{'start': '192.168.128.2', 'end': '192.168.128.14'}], 'host_routes': [], 'dns_nameservers': [], 'description': '', 'router:external': False, 'service_types': [], 'tags': [], 'created_at': '2024-10-31T12:12:10Z', 'updated_at': '2024-10-31T12:12:10Z', 'revision_number': 0, 'project_id': 'a6c46447bf904572b78f673fc04de853'}, Router: {'id': 'cd34e870-1ad1-471c-af7c-c67e1f07edb5', 'name': 'tempest-ServerRescueTestJSON-1862494116-router', 'tenant_id': 'a6c46447bf904572b78f673fc04de853', 'admin_state_up': True, 'status': 'ACTIVE', 'external_gateway_info': {'network_id': 'd4c5a448-32f1-42ab-a7f3-7169fef23477', 'external_fixed_ips': [{'subnet_id': 'd83715ed-4793-4657-8e80-a2bfb0858838', 'ip_address': '10.180.180.195'}], 'enable_snat': True}, 'description': '', 'availability_zones': [], 'distributed': False, 'ha': False, 'availability_zone_hints': [], 'routes': [], 'flavor_id': None, 'tags': [], 'created_at': '2024-10-31T12:12:11Z', 'updated_at': '2024-10-31T12:12:11Z', 'revision_number': 2, 'project_id': 'a6c46447bf904572b78f673fc04de853'}
2024-10-31 12:12:12.571 62233 INFO tempest.lib.common.rest_client [req-80d30249-d944-4406-9c2e-7dad8afab911 req-80d30249-d944-4406-9c2e-7dad8afab911 ] Request (TenantUsagesTestJSON:setUpClass): 200 GET http://10.180.1.21/compute/v2.1/servers/2b0039dd-1219-465d-beb8-0262e0e40029 0.051s
2024-10-31 12:12:12.627 62245 INFO tempest.lib.common.rest_client [req-e1a02612-0f97-45f2-90e7-f46a4b3e89ea req-e1a02612-0f97-45f2-90e7-f46a4b3e89ea ] Request (ServerRescueTestJSON:setUpClass): 201 POST http://10.180.1.21/identity/v3/auth/tokens 0.082s
2024-10-31 12:12:12.654 62259 INFO tempest.lib.common.rest_client [req-96d07305-ad5c-439f-8243-a4a16c082ba1 req-96d07305-ad5c-439f-8243-a4a16c082ba1 ] Request (ServerShowV257Test:test_rebuild_server): 200 GET http://10.180.1.21/compute/v2.1/servers/036a2dfc-615d-410a-8a3f-32de621879c2 0.055s
2024-10-31 12:12:12.662 62245 INFO tempest.lib.common.rest_client [req-761f1ac6-b275-43b9-9081-7585bdef9bd6 req-761f1ac6-b275-43b9-9081-7585bdef9bd6 ] Request (ServerRescueTestJSON:setUpClass): 201 POST http://10.180.1.21/identity/v3/auth/tokens 0.030s
2024-10-31 12:12:12.663 62245 INFO tempest.lib.common.fixed_network [-] (ServerRescueTestJSON:setUpClass) Found network {'id': '916a2753-7986-494b-ac1c-82ceff406647', 'name': 'tempest-ServerRescueTestJSON-1862494116-network', 'tenant_id': 'a6c46447bf904572b78f673fc04de853', 'admin_state_up': True, 'mtu': 8950, 'status': 'ACTIVE', 'subnets': [], 'shared': False, 'project_id': 'a6c46447bf904572b78f673fc04de853', 'port_security_enabled': True, 'router:external': False, 'provider:network_type': 'vlan', 'provider:physical_network': 'default', 'provider:segmentation_id': 693, 'availability_zone_hints': [], 'availability_zones': [], 'ipv4_address_scope': None, 'ipv6_address_scope': None, 'description': '', 'tags': [], 'created_at': '2024-10-31T12:12:10Z', 'updated_at': '2024-10-31T12:12:10Z', 'revision_number': 1} available for tenant
2024-10-31 12:12:12.698 62255 INFO tempest.lib.common.rest_client [req-d1dc8303-8957-402e-af63-6c52e59d3178 req-d1dc8303-8957-402e-af63-6c52e59d3178 ] Request (MigrationsAdminTest:test_list_migrations_in_flavor_resize_situation): 200 GET http://10.180.1.21/compute/v2.1/servers/3d32ec82-e623-4bbb-93c2-d39c934b4890 0.051s
2024-10-31 12:12:12.756 62247 INFO tempest.lib.common.rest_client [req-b687dab1-3385-4b10-8c87-df29b9fdcfc5 req-b687dab1-3385-4b10-8c87-df29b9fdcfc5 ] Request (ImagesTestJSON:test_create_image_from_suspended_server): 200 GET http://10.180.1.21/compute/v2.1/servers/92b06621-cdaa-4723-b339-c0f698897d24 0.046s
2024-10-31 12:12:12.813 62225 INFO tempest.lib.common.rest_client [req-4870d1e7-2f01-47c3-bc23-ed367fbaca7f req-4870d1e7-2f01-47c3-bc23-ed367fbaca7f ] Request (ServersAdmin275Test:test_rebuild_update_server_275): 200 GET http://10.180.1.21/compute/v2.1/servers/9fd9fc35-7105-4941-8e05-cf4e45bb5d29 0.102s
2024-10-31 12:12:12.863 62223 INFO tempest.lib.common.rest_client [req-eccfce1a-9528-4e33-a4e2-db540e3cb74f req-eccfce1a-9528-4e33-a4e2-db540e3cb74f ] Request (ServersWithSpecificFlavorTestJSON:test_verify_created_server_ephemeral_disk): 200 GET http://10.180.1.21/compute/v2.1/servers/7801858d-bc2a-466e-a6f2-a8c6b6ff4705 0.101s
2024-10-31 12:12:12.908 62269 INFO tempest.lib.common.rest_client [req-bbb86220-146f-4d00-a4eb-c00af41533e3 req-bbb86220-146f-4d00-a4eb-c00af41533e3 ] Request (ServerGroupTestJSON:test_create_server_with_scheduler_hint_group): 200 GET http://10.180.1.21/compute/v2.1/servers/5c036232-736c-4c34-a2b7-7de517b9cd50 0.136s
2024-10-31 12:12:12.954 62267 INFO tempest.lib.common.rest_client [req-79ad3ca7-aea9-4e44-b6df-2f7c20cc5002 req-79ad3ca7-aea9-4e44-b6df-2f7c20cc5002 ] Request (ServersTestBootFromVolume:setUpClass): 200 GET http://10.180.1.21/compute/v2.1/servers/bc10dded-e669-4fdb-9f5b-cc6abc3a37c7 0.144s
2024-10-31 12:12:13.001 62209 INFO tempest.lib.common.rest_client [req-99d9b983-4801-4267-9692-696a8364aa40 req-99d9b983-4801-4267-9692-696a8364aa40 ] Request (ServersTestMultiNic:test_verify_multiple_nics_order): 200 GET http://10.180.1.21/compute/v2.1/servers/a5a78743-e155-4ded-854e-822976192097 0.132s
2024-10-31 12:12:13.045 62257 INFO tempest.lib.common.rest_client [req-f0a72251-2790-4945-a2f1-61014648c57e req-f0a72251-2790-4945-a2f1-61014648c57e ] Request (ServerActionsTestJSON:setUpClass): 200 GET http://10.180.1.21/compute/v2.1/servers/5aba271f-72bb-4847-8c87-18adda584a74 0.131s
2024-10-31 12:12:13.058 62245 INFO tempest.lib.common.rest_client [req-f949885c-60ac-428c-bf50-1457f93bd821 req-f949885c-60ac-428c-bf50-1457f93bd821 ] Request (ServerRescueTestJSON:setUpClass): 202 POST http://10.180.1.21/compute/v2.1/servers 0.395s
2024-10-31 12:12:13.093 62215 INFO tempest.lib.common.rest_client [req-e83fac9b-0939-4377-a1eb-76f4576f03a0 req-e83fac9b-0939-4377-a1eb-76f4576f03a0 ] Request (ListServerFiltersTestJSON:setUpClass): 200 GET http://10.180.1.21/compute/v2.1/servers/47bd9677-375a-413b-a5c5-989d491adec9 0.131s
2024-10-31 12:12:13.107 62251 INFO tempest.lib.common.rest_client [req-3c9842ec-55e1-46be-95ef-19e620fbfa02 req-3c9842ec-55e1-46be-95ef-19e620fbfa02 ] Request (SecurityGroupsTestJSON:test_server_security_groups): 200 GET http://10.180.1.21/compute/v2.1/servers/6cda8874-6af5-490a-b9a2-323992265eb4 0.098s
2024-10-31 12:12:13.156 62243 INFO tempest.lib.common.rest_client [req-0083a585-547a-42e7-bb8e-1b5916d2a15a req-0083a585-547a-42e7-bb8e-1b5916d2a15a ] Request (ServerMetadataTestJSON:setUpClass): 200 GET http://10.180.1.21/compute/v2.1/servers/e0d51c99-1916-4d66-a141-dfa5d4357174 0.139s
2024-10-31 12:12:13.159 62245 INFO tempest.lib.common.rest_client [req-ae5d9bcd-7f5e-4aa1-90f0-c792943520c8 req-ae5d9bcd-7f5e-4aa1-90f0-c792943520c8 ] Request (ServerRescueTestJSON:setUpClass): 200 GET http://10.180.1.21/compute/v2.1/servers/67ecabfd-4efc-4e1c-a708-107197cfd018 0.099s
2024-10-31 12:12:13.210 62217 INFO tempest.lib.common.rest_client [req-88b913b1-8c73-437b-b7ab-a81011db8406 req-88b913b1-8c73-437b-b7ab-a81011db8406 ] Request (ServerTagsTestJSON:setUpClass): 200 GET http://10.180.1.21/compute/v2.1/servers/eeb44b48-ed08-4f20-9498-b0eed38a00a2 0.145s
2024-10-31 12:12:13.213 62213 INFO tempest.lib.common.rest_client [req-3541ded3-1fb0-406d-9eed-459fd81969f7 req-3541ded3-1fb0-406d-9eed-459fd81969f7 ] Request (ServerActionsV293TestJSON:setUpClass): 200 GET http://10.180.1.21/compute/v2.1/servers/e0735ee2-0a9d-4291-8465-b644816bf8e3 0.150s
2024-10-31 12:12:13.261 62221 INFO tempest.lib.common.rest_client [req-7febf741-aa85-462e-9746-4352b287e1cc req-7febf741-aa85-462e-9746-4352b287e1cc ] Request (MultipleCreateTestJSON:test_multiple_create): 200 GET http://10.180.1.21/compute/v2.1/servers/22634f52-c696-417b-bfe9-0a7ca62aad40 0.060s
2024-10-31 12:12:13.270 62235 INFO tempest.lib.common.rest_client [req-1a2d7a19-2319-42bb-9959-8528fd0e8586 req-1a2d7a19-2319-42bb-9959-8528fd0e8586 ] Request (ServersV294TestFqdnHostnames:setUpClass): 200 GET http://10.180.1.21/compute/v2.1/servers/503419e5-ae32-49d4-bc41-838fb3c9437e 0.058s
2024-10-31 12:12:13.309 62231 INFO tempest.lib.common.rest_client [req-0ce9ca56-1fc2-425c-a3a6-733a17d631fe req-0ce9ca56-1fc2-425c-a3a6-733a17d631fe ] Request (VolumesAdminNegativeTest:test_update_attached_volume_with_nonexistent_volume_in_uri): 200 GET http://10.180.1.21/compute/v2.1/servers/2ba9f652-c274-4d79-84a2-ad1384c99b91 0.047s
2024-10-31 12:12:13.330 62241 INFO tempest.lib.common.rest_client [req-9414ba15-f08e-4136-b48d-1be8957cacc8 req-9414ba15-f08e-4136-b48d-1be8957cacc8 ] Request (AttachInterfacesTestJSON:test_reassign_port_between_servers): 200 GET http://10.180.1.21/compute/v2.1/servers/b986f147-a782-467c-92d1-bffb6a50c450 0.052s
2024-10-31 12:12:13.370 62211 INFO tempest.lib.common.rest_client [req-9bff256c-7acd-4414-96e3-95dd698d561a req-9bff256c-7acd-4414-96e3-95dd698d561a ] Request (ServerDiskConfigTestJSON:test_rebuild_server_with_auto_disk_config): 200 GET http://10.180.1.21/compute/v2.1/servers/5b7223bd-66f3-44ec-b3bc-e9072eca515e 0.047s
2024-10-31 12:12:13.381 62237 INFO tempest.lib.common.rest_client [req-4c751954-a1c5-4dd2-8160-9aad3c353ec8 req-4c751954-a1c5-4dd2-8160-9aad3c353ec8 ] Request (ServersAdminTestJSON:setUpClass): 200 GET http://10.180.1.21/compute/v2.1/servers/0ac2f6eb-8d2e-4ae2-9819-d685a5bfafc4 0.048s
2024-10-31 12:12:13.435 62219 INFO tempest.lib.common.rest_client [req-72cd1f32-a8a6-48dc-885b-d7d0029f3fd8 req-72cd1f32-a8a6-48dc-885b-d7d0029f3fd8 ] Request (ServerRescueNegativeTestJSON:setUpClass): 200 GET http://10.180.1.21/compute/v2.1/servers/2725d6ed-89d9-479f-b6ee-d16523e0abab 0.045s
2024-10-31 12:12:13.444 62239 INFO tempest.lib.common.rest_client [req-22000aa2-cff9-48a1-9393-c6645981d28f req-22000aa2-cff9-48a1-9393-c6645981d28f ] Request (InstanceActionsTestJSON:setUpClass): 200 GET http://10.180.1.21/compute/v2.1/servers/21c83740-56b6-4cc8-b97b-2b7a00380b91 0.055s
2024-10-31 12:12:13.482 62266 INFO tempest.lib.common.rest_client [req-e1dcdab2-3145-43f1-8c9c-a1044a25218d req-e1dcdab2-3145-43f1-8c9c-a1044a25218d ] Request (DeleteServersTestJSON:test_delete_active_server): 200 GET http://10.180.1.21/compute/v2.1/servers/a978943b-afd3-44f4-b6c1-5a72dda8ca35 0.046s
2024-10-31 12:12:13.495 62229 INFO tempest.lib.common.rest_client [req-b2fbb062-1978-40c6-b144-fad0b1834924 req-b2fbb062-1978-40c6-b144-fad0b1834924 ] Request (ServersTestJSON:setUpClass): 200 GET http://10.180.1.21/compute/v2.1/servers/9bfde590-fe6c-404d-88ad-9da1763c0870 0.047s
2024-10-31 12:12:13.527 62207 INFO tempest.lib.common.rest_client [req-9deb1759-3c6e-45ad-8cb4-2ce72a2fe172 req-9deb1759-3c6e-45ad-8cb4-2ce72a2fe172 ] Request (ServerAddressesNegativeTestJSON:setUpClass): 200 GET http://10.180.1.21/compute/v2.1/servers/5300907c-d589-4ccf-a9c5-4a6bd819783b 0.047s
2024-10-31 12:12:13.552 62253 INFO tempest.lib.common.rest_client [req-baffa883-ff0b-44f0-b00d-1baf879f369d req-baffa883-ff0b-44f0-b00d-1baf879f369d ] Request (ServerActionsTestOtherB:setUpClass): 200 GET http://10.180.1.21/compute/v2.1/servers/dc5ef08a-8692-4274-84df-7c2923099249 0.045s
2024-10-31 12:12:13.627 62233 INFO tempest.lib.common.rest_client [req-30b54b22-0d24-4c7a-84e5-611dc955f22d req-30b54b22-0d24-4c7a-84e5-611dc955f22d ] Request (TenantUsagesTestJSON:setUpClass): 200 GET http://10.180.1.21/compute/v2.1/servers/2b0039dd-1219-465d-beb8-0262e0e40029 0.050s
2024-10-31 12:12:13.717 62259 INFO tempest.lib.common.rest_client [req-718e7a3b-36c2-4667-a788-b6ffb0058266 req-718e7a3b-36c2-4667-a788-b6ffb0058266 ] Request (ServerShowV257Test:test_rebuild_server): 200 GET http://10.180.1.21/compute/v2.1/servers/036a2dfc-615d-410a-8a3f-32de621879c2 0.053s
2024-10-31 12:12:13.753 62255 INFO tempest.lib.common.rest_client [req-65e496a6-377d-4fd7-b258-2bd42f85fd58 req-65e496a6-377d-4fd7-b258-2bd42f85fd58 ] Request (MigrationsAdminTest:test_list_migrations_in_flavor_resize_situation): 200 GET http://10.180.1.21/compute/v2.1/servers/3d32ec82-e623-4bbb-93c2-d39c934b4890 0.048s
2024-10-31 12:12:13.815 62247 INFO tempest.lib.common.rest_client [req-4b77b005-47bf-4ed6-80b5-7c18025edfb7 req-4b77b005-47bf-4ed6-80b5-7c18025edfb7 ] Request (ImagesTestJSON:test_create_image_from_suspended_server): 200 GET http://10.180.1.21/compute/v2.1/servers/92b06621-cdaa-4723-b339-c0f698897d24 0.053s
2024-10-31 12:12:13.889 62225 INFO tempest.lib.common.rest_client [req-249ef228-a3e2-4913-b0a0-173340ad4a50 req-249ef228-a3e2-4913-b0a0-173340ad4a50 ] Request (ServersAdmin275Test:test_rebuild_update_server_275): 200 GET http://10.180.1.21/compute/v2.1/servers/9fd9fc35-7105-4941-8e05-cf4e45bb5d29 0.065s
2024-10-31 12:12:13.923 62223 INFO tempest.lib.common.rest_client [req-205c511a-2a96-4f7b-bd38-9c035c5e81e9 req-205c511a-2a96-4f7b-bd38-9c035c5e81e9 ] Request (ServersWithSpecificFlavorTestJSON:test_verify_created_server_ephemeral_disk): 200 GET http://10.180.1.21/compute/v2.1/servers/7801858d-bc2a-466e-a6f2-a8c6b6ff4705 0.054s
2024-10-31 12:12:13.960 62269 INFO tempest.lib.common.rest_client [req-c8d52c87-b33a-40f7-a658-9bb3374102bc req-c8d52c87-b33a-40f7-a658-9bb3374102bc ] Request (ServerGroupTestJSON:test_create_server_with_scheduler_hint_group): 200 GET http://10.180.1.21/compute/v2.1/servers/5c036232-736c-4c34-a2b7-7de517b9cd50 0.045s
2024-10-31 12:12:14.007 62267 INFO tempest.lib.common.rest_client [req-a170f28d-fba7-4321-86c6-40d9fac97988 req-a170f28d-fba7-4321-86c6-40d9fac97988 ] Request (ServersTestBootFromVolume:setUpClass): 200 GET http://10.180.1.21/compute/v2.1/servers/bc10dded-e669-4fdb-9f5b-cc6abc3a37c7 0.046s
2024-10-31 12:12:14.054 62209 INFO tempest.lib.common.rest_client [req-5cd518c6-3f16-46c6-966a-f2f0b3792224 req-5cd518c6-3f16-46c6-966a-f2f0b3792224 ] Request (ServersTestMultiNic:test_verify_multiple_nics_order): 200 GET http://10.180.1.21/compute/v2.1/servers/a5a78743-e155-4ded-854e-822976192097 0.047s
2024-10-31 12:12:14.097 62257 INFO tempest.lib.common.rest_client [req-767b5eaf-0280-4aaa-b882-2ac82c8b481f req-767b5eaf-0280-4aaa-b882-2ac82c8b481f ] Request (ServerActionsTestJSON:setUpClass): 200 GET http://10.180.1.21/compute/v2.1/servers/5aba271f-72bb-4847-8c87-18adda584a74 0.045s
2024-10-31 12:12:14.159 62215 INFO tempest.lib.common.rest_client [req-7b23c2b2-0991-460f-922d-6b3725587d7b req-7b23c2b2-0991-460f-922d-6b3725587d7b ] Request (ListServerFiltersTestJSON:setUpClass): 200 GET http://10.180.1.21/compute/v2.1/servers/47bd9677-375a-413b-a5c5-989d491adec9 0.057s
2024-10-31 12:12:14.163 62251 INFO tempest.lib.common.rest_client [req-0e58edeb-d7f7-49d3-949a-481238fac58d req-0e58edeb-d7f7-49d3-949a-481238fac58d ] Request (SecurityGroupsTestJSON:test_server_security_groups): 200 GET http://10.180.1.21/compute/v2.1/servers/6cda8874-6af5-490a-b9a2-323992265eb4 0.049s
2024-10-31 12:12:14.220 62243 INFO tempest.lib.common.rest_client [req-e35fc121-3113-473d-9dea-e61b1fcb4b32 req-e35fc121-3113-473d-9dea-e61b1fcb4b32 ] Request (ServerMetadataTestJSON:setUpClass): 200 GET http://10.180.1.21/compute/v2.1/servers/e0d51c99-1916-4d66-a141-dfa5d4357174 0.057s
2024-10-31 12:12:14.221 62245 INFO tempest.lib.common.rest_client [req-de0214b9-c284-45db-910a-51a90fb346cc req-de0214b9-c284-45db-910a-51a90fb346cc ] Request (ServerRescueTestJSON:setUpClass): 200 GET http://10.180.1.21/compute/v2.1/servers/67ecabfd-4efc-4e1c-a708-107197cfd018 0.055s
2024-10-31 12:12:14.276 62217 INFO tempest.lib.common.rest_client [req-38a12559-12f9-4062-9669-23a3447e0508 req-38a12559-12f9-4062-9669-23a3447e0508 ] Request (ServerTagsTestJSON:setUpClass): 200 GET http://10.180.1.21/compute/v2.1/servers/eeb44b48-ed08-4f20-9498-b0eed38a00a2 0.050s
2024-10-31 12:12:14.288 62213 INFO tempest.lib.common.rest_client [req-99a73286-44d7-48be-949b-e69522a089fa req-99a73286-44d7-48be-949b-e69522a089fa ] Request (ServerActionsV293TestJSON:setUpClass): 200 GET http://10.180.1.21/compute/v2.1/servers/e0735ee2-0a9d-4291-8465-b644816bf8e3 0.063s
2024-10-31 12:12:14.319 62221 INFO tempest.lib.common.rest_client [req-63dd32a0-9203-424b-acc0-f4ad4d878c29 req-63dd32a0-9203-424b-acc0-f4ad4d878c29 ] Request (MultipleCreateTestJSON:test_multiple_create): 200 GET http://10.180.1.21/compute/v2.1/servers/22634f52-c696-417b-bfe9-0a7ca62aad40 0.051s
2024-10-31 12:12:14.334 62235 INFO tempest.lib.common.rest_client [req-ca84d913-a1c3-4de0-8c68-32562f571095 req-ca84d913-a1c3-4de0-8c68-32562f571095 ] Request (ServersV294TestFqdnHostnames:setUpClass): 200 GET http://10.180.1.21/compute/v2.1/servers/503419e5-ae32-49d4-bc41-838fb3c9437e 0.055s
2024-10-31 12:12:14.361 62231 INFO tempest.lib.common.rest_client [req-0f45581d-982f-4fc8-9054-52bac372e025 req-0f45581d-982f-4fc8-9054-52bac372e025 ] Request (VolumesAdminNegativeTest:test_update_attached_volume_with_nonexistent_volume_in_uri): 200 GET http://10.180.1.21/compute/v2.1/servers/2ba9f652-c274-4d79-84a2-ad1384c99b91 0.043s
2024-10-31 12:12:14.381 62241 INFO tempest.lib.common.rest_client [req-2439e690-c9be-470a-ac8a-34cb3a5d7c16 req-2439e690-c9be-470a-ac8a-34cb3a5d7c16 ] Request (AttachInterfacesTestJSON:test_reassign_port_between_servers): 200 GET http://10.180.1.21/compute/v2.1/servers/b986f147-a782-467c-92d1-bffb6a50c450 0.043s
2024-10-31 12:12:14.420 62211 INFO tempest.lib.common.rest_client [req-0d72921f-5915-4559-8167-33ebc3bade7f req-0d72921f-5915-4559-8167-33ebc3bade7f ] Request (ServerDiskConfigTestJSON:test_rebuild_server_with_auto_disk_config): 200 GET http://10.180.1.21/compute/v2.1/servers/5b7223bd-66f3-44ec-b3bc-e9072eca515e 0.043s
2024-10-31 12:12:14.432 62237 INFO tempest.lib.common.rest_client [req-5ca6ef2c-2272-4038-97a1-0b0bd40d8fee req-5ca6ef2c-2272-4038-97a1-0b0bd40d8fee ] Request (ServersAdminTestJSON:setUpClass): 200 GET http://10.180.1.21/compute/v2.1/servers/0ac2f6eb-8d2e-4ae2-9819-d685a5bfafc4 0.044s
2024-10-31 12:12:14.491 62219 INFO tempest.lib.common.rest_client [req-cbc00734-8e39-4804-b5c6-7ac087c64135 req-cbc00734-8e39-4804-b5c6-7ac087c64135 ] Request (ServerRescueNegativeTestJSON:setUpClass): 200 GET http://10.180.1.21/compute/v2.1/servers/2725d6ed-89d9-479f-b6ee-d16523e0abab 0.049s
2024-10-31 12:12:14.497 62239 INFO tempest.lib.common.rest_client [req-8a2fbabb-06c5-4503-831b-da3f7422f3a0 req-8a2fbabb-06c5-4503-831b-da3f7422f3a0 ] Request (InstanceActionsTestJSON:setUpClass): 200 GET http://10.180.1.21/compute/v2.1/servers/21c83740-56b6-4cc8-b97b-2b7a00380b91 0.047s
