2024-10-31 12:12:00.456 62211 INFO tempest.lib.common.dynamic_creds [-] Created isolated network resources for: credentials: Credentials: {'domain_id': 'default', 'domain_name': 'Default', 'username': 'tempest-ServerDiskConfigTestJSON-661301000-project-member', 'project_domain_id': 'default', 'project_domain_name': 'Default', 'project_id': '8a685a448ff041db8bc49b4429688e34', 'project_name': 'tempest-ServerDiskConfigTestJSON-661301000', 'tenant_id': '8a685a448ff041db8bc49b4429688e34', 'tenant_name': 'tempest-ServerDiskConfigTestJSON-661301000', 'user_domain_id': 'default', 'user_domain_name': 'Default', 'user_id': 'cefef67f4ae0451aaa108df20aa7a3db', 'system': None}, Network: {'id': '767c99dd-b0a1-4b40-91b5-a0241463e3d0', 'name': 'tempest-ServerDiskConfigTestJSON-456613371-network', 'tenant_id': '8a685a448ff041db8bc49b4429688e34', 'admin_state_up': True, 'mtu': 8950, 'status': 'ACTIVE', 'subnets': [], 'shared': False, 'project_id': '8a685a448ff041db8bc49b4429688e34', 'port_security_enabled': True, 'router:external': False, 'provider:network_type': 'vlan', 'provider:physical_network': 'default', 'provider:segmentation_id': 574, 'availability_zone_hints': [], 'availability_zones': [], 'ipv4_address_scope': None, 'ipv6_address_scope': None, 'description': '', 'tags': [], 'created_at': '2024-10-31T12:11:57Z', 'updated_at': '2024-10-31T12:11:57Z', 'revision_number': 1}, Subnet: {'id': '477b8346-cf14-4477-80e9-552a5683bd4f', 'name': 'tempest-ServerDiskConfigTestJSON-456613371-subnet', 'tenant_id': '8a685a448ff041db8bc49b4429688e34', 'network_id': '767c99dd-b0a1-4b40-91b5-a0241463e3d0', 'ip_version': 4, 'subnetpool_id': None, 'enable_dhcp': True, 'ipv6_ra_mode': None, 'ipv6_address_mode': None, 'gateway_ip': '192.168.128.1', 'cidr': '192.168.128.0/28', 'allocation_pools': [{'start': '192.168.128.2', 'end': '192.168.128.14'}], 'host_routes': [], 'dns_nameservers': [], 'description': '', 'router:external': False, 'service_types': [], 'tags': [], 'created_at': '2024-10-31T12:11:58Z', 'updated_at': '2024-10-31T12:11:58Z', 'revision_number': 0, 'project_id': '8a685a448ff041db8bc49b4429688e34'}, Router: {'id': '29823e50-eac1-456d-b605-24fce098d5f5', 'name': 'tempest-ServerDiskConfigTestJSON-456613371-router', 'tenant_id': '8a685a448ff041db8bc49b4429688e34', 'admin_state_up': True, 'status': 'ACTIVE', 'external_gateway_info': {'network_id': 'd4c5a448-32f1-42ab-a7f3-7169fef23477', 'external_fixed_ips': [{'subnet_id': 'd83715ed-4793-4657-8e80-a2bfb0858838', 'ip_address': '10.180.180.138'}], 'enable_snat': True}, 'description': '', 'availability_zones': [], 'distributed': False, 'ha': False, 'availability_zone_hints': [], 'routes': [], 'flavor_id': None, 'tags': [], 'created_at': '2024-10-31T12:11:58Z', 'updated_at': '2024-10-31T12:11:58Z', 'revision_number': 2, 'project_id': '8a685a448ff041db8bc49b4429688e34'}
2024-10-31 12:12:00.457 62235 INFO tempest.lib.common.rest_client [req-02c278f1-cd0f-4afb-bf0c-09206904d6d2 req-02c278f1-cd0f-4afb-bf0c-09206904d6d2 ] Request (ServersV294TestFqdnHostnames:setUpClass): 200 GET http://10.180.1.21/compute/v2.1/servers/503419e5-ae32-49d4-bc41-838fb3c9437e 0.405s
2024-10-31 12:12:00.464 62221 INFO tempest.lib.common.rest_client [req-77fb26bd-041a-4465-a5bf-47714168b4df req-77fb26bd-041a-4465-a5bf-47714168b4df ] Request (MultipleCreateTestJSON:test_multiple_create): 200 GET http://10.180.1.21/compute/v2.1/servers/22634f52-c696-417b-bfe9-0a7ca62aad40 0.388s
2024-10-31 12:12:00.479 62215 INFO tempest.lib.common.rest_client [req-f566f9a2-0489-45f2-83d3-9441e85cd65b req-f566f9a2-0489-45f2-83d3-9441e85cd65b ] Request (InstanceActionsV221TestJSON:test_get_list_deleted_instance_actions): 404 GET http://10.180.1.21/compute/v2.1/servers/aad5f67a-ad8f-4d0d-977c-1e65ada7682a 0.349s
2024-10-31 12:12:00.522 62239 INFO tempest.lib.common.rest_client [req-6046b752-b4e7-487f-9751-cfa75db1413b req-6046b752-b4e7-487f-9751-cfa75db1413b ] Request (AttachInterfacesV270Test:tearDownClass): 204 DELETE http://10.180.1.21/identity/v3/projects/09219842acaa4b948356f5a1d9ed4ccf 0.149s
2024-10-31 12:12:00.527 62237 INFO tempest.lib.common.rest_client [req-453b57d0-9bfd-4a77-a06d-84db33cbb17b req-453b57d0-9bfd-4a77-a06d-84db33cbb17b ] Request (ServersAdminTestJSON:setUpClass): 200 GET http://10.180.1.21/compute/v2.1/servers/0ac2f6eb-8d2e-4ae2-9819-d685a5bfafc4 0.375s
2024-10-31 12:12:00.535 62231 INFO tempest.lib.common.rest_client [req-f72ae0b8-d47f-4e05-b891-448a477512f2 req-f72ae0b8-d47f-4e05-b891-448a477512f2 ] Request (VolumesAdminNegativeTest:test_update_attached_volume_with_nonexistent_volume_in_uri): 200 GET http://10.180.1.21/compute/v2.1/servers/2ba9f652-c274-4d79-84a2-ad1384c99b91 0.310s
2024-10-31 12:12:00.550 62211 INFO tempest.lib.common.rest_client [req-2a4d13ec-89c4-46b3-9c88-75a28382e90a req-2a4d13ec-89c4-46b3-9c88-75a28382e90a ] Request (ServerDiskConfigTestJSON:setUpClass): 201 POST http://10.180.1.21/identity/v3/auth/tokens 0.091s
2024-10-31 12:12:00.587 62239 INFO tempest.lib.common.rest_client [req-0e146b6a-2cf3-4945-849d-0d6c03e6f5d6 req-0e146b6a-2cf3-4945-849d-0d6c03e6f5d6 ] Request (InstanceActionsTestJSON:setUpClass): 201 POST http://10.180.1.21/identity/v3/auth/tokens 0.063s
2024-10-31 12:12:00.589 62211 INFO tempest.lib.common.rest_client [req-4437a060-4a25-4504-9045-3b5a05636fcd req-4437a060-4a25-4504-9045-3b5a05636fcd ] Request (ServerDiskConfigTestJSON:test_rebuild_server_with_auto_disk_config): 201 POST http://10.180.1.21/identity/v3/auth/tokens 0.033s
2024-10-31 12:12:00.590 62211 INFO tempest.lib.common.fixed_network [-] (ServerDiskConfigTestJSON:test_rebuild_server_with_auto_disk_config) Found network {'id': '767c99dd-b0a1-4b40-91b5-a0241463e3d0', 'name': 'tempest-ServerDiskConfigTestJSON-456613371-network', 'tenant_id': '8a685a448ff041db8bc49b4429688e34', 'admin_state_up': True, 'mtu': 8950, 'status': 'ACTIVE', 'subnets': [], 'shared': False, 'project_id': '8a685a448ff041db8bc49b4429688e34', 'port_security_enabled': True, 'router:external': False, 'provider:network_type': 'vlan', 'provider:physical_network': 'default', 'provider:segmentation_id': 574, 'availability_zone_hints': [], 'availability_zones': [], 'ipv4_address_scope': None, 'ipv6_address_scope': None, 'description': '', 'tags': [], 'created_at': '2024-10-31T12:11:57Z', 'updated_at': '2024-10-31T12:11:57Z', 'revision_number': 1} available for tenant
2024-10-31 12:12:00.603 62219 INFO tempest.lib.common.rest_client [req-78772093-0237-4b70-82cf-55d54404884e req-78772093-0237-4b70-82cf-55d54404884e ] Request (ServerRescueNegativeTestJSON:setUpClass): 200 GET http://10.180.1.21/compute/v2.1/servers/2725d6ed-89d9-479f-b6ee-d16523e0abab 0.308s
2024-10-31 12:12:00.604 62229 INFO tempest.lib.common.rest_client [req-b404583a-a27a-4b19-a600-bb5c103cebf7 req-b404583a-a27a-4b19-a600-bb5c103cebf7 ] Request (ServersTestJSON:setUpClass): 200 GET http://10.180.1.21/compute/v2.1/servers/9bfde590-fe6c-404d-88ad-9da1763c0870 0.330s
2024-10-31 12:12:00.617 62239 INFO tempest.lib.common.rest_client [req-4436ee6e-83b0-4171-a401-5e20a07d4ed7 req-4436ee6e-83b0-4171-a401-5e20a07d4ed7 ] Request (InstanceActionsTestJSON:setUpClass): 201 POST http://10.180.1.21/identity/v3/auth/tokens 0.028s
2024-10-31 12:12:00.649 62239 INFO tempest.lib.common.rest_client [req-a052cd9e-02d4-4d96-a305-145a4005f22c req-a052cd9e-02d4-4d96-a305-145a4005f22c ] Request (InstanceActionsTestJSON:setUpClass): 200 GET http://10.180.1.21/identity/v3/domains?name=Default 0.032s
2024-10-31 12:12:00.658 62207 INFO tempest.lib.common.rest_client [req-90d273d8-1e57-4a61-a007-537292790dbc req-90d273d8-1e57-4a61-a007-537292790dbc ] Request (ServerAddressesNegativeTestJSON:setUpClass): 200 GET http://10.180.1.21/compute/v2.1/servers/5300907c-d589-4ccf-a9c5-4a6bd819783b 0.291s
2024-10-31 12:12:00.680 62253 INFO tempest.lib.common.rest_client [req-9c842e56-45de-4993-a549-f4440ee6a624 req-9c842e56-45de-4993-a549-f4440ee6a624 ] Request (ServerActionsTestOtherB:setUpClass): 200 GET http://10.180.1.21/compute/v2.1/servers/dc5ef08a-8692-4274-84df-7c2923099249 0.313s
2024-10-31 12:12:00.687 62239 INFO tempest.lib.common.rest_client [req-2934319f-cf30-4e24-af86-7d3560741e8f req-2934319f-cf30-4e24-af86-7d3560741e8f ] Request (InstanceActionsTestJSON:setUpClass): 201 POST http://10.180.1.21/identity/v3/projects 0.037s
2024-10-31 12:12:00.718 62241 INFO tempest.lib.common.rest_client [req-de848848-3249-400d-ba70-ce12367730f6 req-de848848-3249-400d-ba70-ce12367730f6 ] Request (AttachInterfacesTestJSON:test_create_list_show_delete_interfaces_by_network_port): 200 GET http://10.180.1.21/compute/v2.1/servers/98905e39-fda3-47a8-867d-130d76894e53 0.286s
2024-10-31 12:12:00.728 62241 INFO tempest.common.waiters [-] State transition "BUILD/spawning" ==> "BUILD/scheduling" after 76 second wait
2024-10-31 12:12:00.750 62266 INFO tempest.lib.common.rest_client [req-34d192cc-7d4c-4dda-913d-c2ee230f1773 req-34d192cc-7d4c-4dda-913d-c2ee230f1773 ] Request (DeleteServersTestJSON:test_delete_active_server): 200 GET http://10.180.1.21/compute/v2.1/servers/a978943b-afd3-44f4-b6c1-5a72dda8ca35 0.267s
2024-10-31 12:12:00.779 62239 INFO tempest.lib.common.rest_client [req-5ade5984-9796-4290-b86f-8e0c27156093 req-5ade5984-9796-4290-b86f-8e0c27156093 ] Request (InstanceActionsTestJSON:setUpClass): 201 POST http://10.180.1.21/identity/v3/users 0.092s
2024-10-31 12:12:00.783 62245 INFO tempest.lib.common.rest_client [req-73b53bbd-cff0-4191-b590-3fbf0fb02925 req-73b53bbd-cff0-4191-b590-3fbf0fb02925 ] Request (ServerActionsTestOtherA:setUpClass): 200 GET http://10.180.1.21/compute/v2.1/servers/3f4a6562-4c28-479c-8665-fb61c2d64dae 0.263s
2024-10-31 12:12:00.805 62239 INFO tempest.lib.common.rest_client [req-94e6979b-1b5e-4fdc-823a-827e4b8a4b9c req-94e6979b-1b5e-4fdc-823a-827e4b8a4b9c ] Request (InstanceActionsTestJSON:setUpClass): 200 GET http://10.180.1.21/identity/v3/roles 0.025s
2024-10-31 12:12:00.808 62233 INFO tempest.lib.common.rest_client [req-8c2db50f-df1c-43f0-bbda-3a26954b7edc req-8c2db50f-df1c-43f0-bbda-3a26954b7edc ] Request (TenantUsagesTestJSON:setUpClass): 200 GET http://10.180.1.21/compute/v2.1/servers/2b0039dd-1219-465d-beb8-0262e0e40029 0.243s
2024-10-31 12:12:00.832 62255 INFO tempest.lib.common.rest_client [req-f0485f4d-02db-4cfb-ac35-99eec013247f req-f0485f4d-02db-4cfb-ac35-99eec013247f ] Request (MigrationsAdminTest:test_list_migrations_in_flavor_resize_situation): 200 GET http://10.180.1.21/compute/v2.1/servers/3d32ec82-e623-4bbb-93c2-d39c934b4890 0.255s
2024-10-31 12:12:00.839 62255 INFO tempest.common.waiters [-] State transition "BUILD/None" ==> "BUILD/networking" after 73 second wait
2024-10-31 12:12:00.845 62239 INFO tempest.lib.common.rest_client [req-96589086-2ac9-4a2f-8f33-41f797799fec req-96589086-2ac9-4a2f-8f33-41f797799fec ] Request (InstanceActionsTestJSON:setUpClass): 204 PUT http://10.180.1.21/identity/v3/projects/f3d04867a4e544688e1c592a64b3b41d/users/7412ca04d3de45e39ef81f5e1b97e1d9/roles/48aa00fdfa674049a06500df21c41cd7 0.039s
2024-10-31 12:12:00.845 62239 INFO tempest.lib.common.dynamic_creds [-] Dynamic test user 7412ca04d3de45e39ef81f5e1b97e1d9 is created with scope project and roles: ['member']
2024-10-31 12:12:00.845 62239 INFO tempest.lib.common.dynamic_creds [-] Acquired dynamic creds: credentials: Credentials: {'domain_id': 'default', 'domain_name': 'Default', 'username': 'tempest-InstanceActionsTestJSON-1028660373-project-member', 'project_domain_id': 'default', 'project_domain_name': 'Default', 'project_id': 'f3d04867a4e544688e1c592a64b3b41d', 'project_name': 'tempest-InstanceActionsTestJSON-1028660373', 'tenant_id': 'f3d04867a4e544688e1c592a64b3b41d', 'tenant_name': 'tempest-InstanceActionsTestJSON-1028660373', 'user_domain_id': 'default', 'user_domain_name': 'Default', 'user_id': '7412ca04d3de45e39ef81f5e1b97e1d9', 'system': None}, Network: None, Subnet: None, Router: None
2024-10-31 12:12:00.893 62259 INFO tempest.lib.common.rest_client [req-c1678a02-6a80-43f0-bea0-32f93d995c0a req-c1678a02-6a80-43f0-bea0-32f93d995c0a ] Request (ServerShowV257Test:test_rebuild_server): 200 GET http://10.180.1.21/compute/v2.1/servers/036a2dfc-615d-410a-8a3f-32de621879c2 0.250s
2024-10-31 12:12:00.920 62239 INFO tempest.lib.common.rest_client [req-b9a4a7fd-0a01-44ec-af23-471ac0ce5f34 req-b9a4a7fd-0a01-44ec-af23-471ac0ce5f34 ] Request (InstanceActionsTestJSON:setUpClass): 201 POST http://10.180.1.21/identity/v3/auth/tokens 0.075s
2024-10-31 12:12:00.956 62225 INFO tempest.lib.common.rest_client [req-123a88e6-44b1-489b-8a61-cbdb90d63e9b req-123a88e6-44b1-489b-8a61-cbdb90d63e9b ] Request (ServersAdmin275Test:test_rebuild_update_server_275): 200 GET http://10.180.1.21/compute/v2.1/servers/9fd9fc35-7105-4941-8e05-cf4e45bb5d29 0.289s
2024-10-31 12:12:01.034 62247 INFO tempest.lib.common.rest_client [req-64f7f13b-54d0-44aa-ba81-dfb033efac88 req-64f7f13b-54d0-44aa-ba81-dfb033efac88 ] Request (ImagesTestJSON:test_create_image_from_suspended_server): 200 GET http://10.180.1.21/compute/v2.1/servers/92b06621-cdaa-4723-b339-c0f698897d24 0.335s
2024-10-31 12:12:01.100 62269 INFO tempest.lib.common.rest_client [req-c93147d3-ccea-4da4-8011-dac2b63b7996 req-c93147d3-ccea-4da4-8011-dac2b63b7996 ] Request (ServerGroupTestJSON:test_create_server_with_scheduler_hint_group): 200 GET http://10.180.1.21/compute/v2.1/servers/5c036232-736c-4c34-a2b7-7de517b9cd50 0.367s
2024-10-31 12:12:01.156 62223 INFO tempest.lib.common.rest_client [req-ca7eb5c0-d98a-428a-ab78-c784758c1899 req-ca7eb5c0-d98a-428a-ab78-c784758c1899 ] Request (ServersWithSpecificFlavorTestJSON:test_verify_created_server_ephemeral_disk): 200 GET http://10.180.1.21/compute/v2.1/servers/7801858d-bc2a-466e-a6f2-a8c6b6ff4705 0.337s
2024-10-31 12:12:01.225 62267 INFO tempest.lib.common.rest_client [req-1a3c71a6-c6cd-4a47-92db-b6b8802659ac req-1a3c71a6-c6cd-4a47-92db-b6b8802659ac ] Request (ServersTestBootFromVolume:setUpClass): 200 GET http://10.180.1.21/compute/v2.1/servers/bc10dded-e669-4fdb-9f5b-cc6abc3a37c7 0.293s
2024-10-31 12:12:01.301 62243 INFO tempest.lib.common.rest_client [req-d258ee47-8c1e-4f9b-a777-4e7e041f064d req-d258ee47-8c1e-4f9b-a777-4e7e041f064d ] Request (ServerMetadataTestJSON:setUpClass): 200 GET http://10.180.1.21/compute/v2.1/servers/e0d51c99-1916-4d66-a141-dfa5d4357174 0.305s
2024-10-31 12:12:01.307 62239 INFO tempest.lib.common.rest_client [req-ed73c6bb-ad13-46f4-8d69-a14338e27cc2 req-ed73c6bb-ad13-46f4-8d69-a14338e27cc2 ] Request (InstanceActionsTestJSON:setUpClass): 201 POST http://10.180.1.21:9696/networking/v2.0/networks 0.386s
2024-10-31 12:12:01.382 62257 INFO tempest.lib.common.rest_client [req-8ae548e3-e6fc-405a-a4dc-4dbbe3cb7d60 req-8ae548e3-e6fc-405a-a4dc-4dbbe3cb7d60 ] Request (ServerActionsTestJSON:setUpClass): 200 GET http://10.180.1.21/compute/v2.1/servers/5aba271f-72bb-4847-8c87-18adda584a74 0.340s
2024-10-31 12:12:01.391 62215 INFO tempest.lib.common.rest_client [req-171ed73f-aaa3-49f2-bfa1-bc641904608b req-171ed73f-aaa3-49f2-bfa1-bc641904608b ] Request (InstanceActionsV221TestJSON:tearDownClass): 200 PUT http://10.180.1.21:9696/networking/v2.0/routers/40175b93-e6b2-4a19-a34f-d74de4e8f469/remove_router_interface 0.909s
2024-10-31 12:12:01.454 62251 INFO tempest.lib.common.rest_client [req-de98f39c-cffc-48a5-960d-e61ce117a1f5 req-de98f39c-cffc-48a5-960d-e61ce117a1f5 ] Request (SecurityGroupsTestJSON:test_server_security_groups): 200 GET http://10.180.1.21/compute/v2.1/servers/6cda8874-6af5-490a-b9a2-323992265eb4 0.355s
2024-10-31 12:12:01.531 62213 INFO tempest.lib.common.rest_client [req-3222e6c8-462b-4e52-ba70-76603dd92c8b req-3222e6c8-462b-4e52-ba70-76603dd92c8b ] Request (ServerActionsV293TestJSON:setUpClass): 200 GET http://10.180.1.21/compute/v2.1/servers/e0735ee2-0a9d-4291-8465-b644816bf8e3 0.356s
2024-10-31 12:12:01.543 62211 INFO tempest.lib.common.rest_client [req-aa2a6a2e-f0ee-4728-981e-aa1d33ea1852 req-aa2a6a2e-f0ee-4728-981e-aa1d33ea1852 ] Request (ServerDiskConfigTestJSON:test_rebuild_server_with_auto_disk_config): 202 POST http://10.180.1.21/compute/v2.1/servers 0.952s
2024-10-31 12:12:01.592 62217 INFO tempest.lib.common.rest_client [req-6690101d-79e8-45a5-9657-783e7eec678c req-6690101d-79e8-45a5-9657-783e7eec678c ] Request (ServerTagsTestJSON:setUpClass): 200 GET http://10.180.1.21/compute/v2.1/servers/eeb44b48-ed08-4f20-9498-b0eed38a00a2 0.199s
2024-10-31 12:12:01.616 62209 INFO tempest.lib.common.rest_client [req-5e02866d-21b4-4bd9-875d-cb429c2fbea0 req-5e02866d-21b4-4bd9-875d-cb429c2fbea0 ] Request (ServersTestMultiNic:test_verify_duplicate_network_nics): 200 GET http://10.180.1.21/compute/v2.1/servers/a48c6a10-0c00-40f8-831f-713213390dfa 0.217s
2024-10-31 12:12:01.669 62235 INFO tempest.lib.common.rest_client [req-97f06b1a-6dd2-4485-ba18-0e3e7e9d9597 req-97f06b1a-6dd2-4485-ba18-0e3e7e9d9597 ] Request (ServersV294TestFqdnHostnames:setUpClass): 200 GET http://10.180.1.21/compute/v2.1/servers/503419e5-ae32-49d4-bc41-838fb3c9437e 0.202s
2024-10-31 12:12:01.684 62221 INFO tempest.lib.common.rest_client [req-17fcee76-6563-46a4-9c65-27c62317b0a6 req-17fcee76-6563-46a4-9c65-27c62317b0a6 ] Request (MultipleCreateTestJSON:test_multiple_create): 200 GET http://10.180.1.21/compute/v2.1/servers/22634f52-c696-417b-bfe9-0a7ca62aad40 0.212s
2024-10-31 12:12:01.735 62237 INFO tempest.lib.common.rest_client [req-0c0be342-e4b1-4a7e-9abe-8a6accbb1b0b req-0c0be342-e4b1-4a7e-9abe-8a6accbb1b0b ] Request (ServersAdminTestJSON:setUpClass): 200 GET http://10.180.1.21/compute/v2.1/servers/0ac2f6eb-8d2e-4ae2-9819-d685a5bfafc4 0.194s
2024-10-31 12:12:01.751 62239 INFO tempest.lib.common.rest_client [req-c31d70ab-c621-49b6-87a4-ccb44fb9980d req-c31d70ab-c621-49b6-87a4-ccb44fb9980d ] Request (InstanceActionsTestJSON:setUpClass): 201 POST http://10.180.1.21:9696/networking/v2.0/subnets 0.443s
2024-10-31 12:12:01.753 62231 INFO tempest.lib.common.rest_client [req-683e1e0b-f71d-4afa-806a-e608823089c5 req-683e1e0b-f71d-4afa-806a-e608823089c5 ] Request (VolumesAdminNegativeTest:test_update_attached_volume_with_nonexistent_volume_in_uri): 200 GET http://10.180.1.21/compute/v2.1/servers/2ba9f652-c274-4d79-84a2-ad1384c99b91 0.210s
2024-10-31 12:12:01.779 62211 INFO tempest.lib.common.rest_client [req-f068266a-3948-45a6-8399-47c0e6d1425e req-f068266a-3948-45a6-8399-47c0e6d1425e ] Request (ServerDiskConfigTestJSON:test_rebuild_server_with_auto_disk_config): 200 GET http://10.180.1.21/compute/v2.1/servers/5b7223bd-66f3-44ec-b3bc-e9072eca515e 0.231s
2024-10-31 12:12:01.810 62215 INFO tempest.lib.common.rest_client [req-adbe25de-5d85-49e1-b219-68f9c618f0c4 req-adbe25de-5d85-49e1-b219-68f9c618f0c4 ] Request (InstanceActionsV221TestJSON:tearDownClass): 204 DELETE http://10.180.1.21:9696/networking/v2.0/routers/40175b93-e6b2-4a19-a34f-d74de4e8f469 0.418s
2024-10-31 12:12:01.814 62219 INFO tempest.lib.common.rest_client [req-e6add156-95d3-48ad-ad1c-7133054f4a9e req-e6add156-95d3-48ad-ad1c-7133054f4a9e ] Request (ServerRescueNegativeTestJSON:setUpClass): 200 GET http://10.180.1.21/compute/v2.1/servers/2725d6ed-89d9-479f-b6ee-d16523e0abab 0.204s
2024-10-31 12:12:01.849 62229 INFO tempest.lib.common.rest_client [req-02aab1f8-9517-42fd-a796-8e7a5d9cc282 req-02aab1f8-9517-42fd-a796-8e7a5d9cc282 ] Request (ServersTestJSON:setUpClass): 200 GET http://10.180.1.21/compute/v2.1/servers/9bfde590-fe6c-404d-88ad-9da1763c0870 0.238s
2024-10-31 12:12:01.868 62207 INFO tempest.lib.common.rest_client [req-492be9e8-b4ab-4f1a-af97-36199fe8f0b9 req-492be9e8-b4ab-4f1a-af97-36199fe8f0b9 ] Request (ServerAddressesNegativeTestJSON:setUpClass): 200 GET http://10.180.1.21/compute/v2.1/servers/5300907c-d589-4ccf-a9c5-4a6bd819783b 0.203s
2024-10-31 12:12:01.913 62253 INFO tempest.lib.common.rest_client [req-3b379487-8c5e-4a7d-9627-682a81f95ef6 req-3b379487-8c5e-4a7d-9627-682a81f95ef6 ] Request (ServerActionsTestOtherB:setUpClass): 200 GET http://10.180.1.21/compute/v2.1/servers/dc5ef08a-8692-4274-84df-7c2923099249 0.219s
2024-10-31 12:12:01.924 62241 INFO tempest.lib.common.rest_client [req-4998aad8-ae44-4277-9aa6-89d57cf3f188 req-4998aad8-ae44-4277-9aa6-89d57cf3f188 ] Request (AttachInterfacesTestJSON:test_create_list_show_delete_interfaces_by_network_port): 200 GET http://10.180.1.21/compute/v2.1/servers/98905e39-fda3-47a8-867d-130d76894e53 0.193s
2024-10-31 12:12:01.932 62241 INFO tempest.common.waiters [-] State transition "BUILD/scheduling" ==> "ERROR/None" after 77 second wait
2024-10-31 12:12:01.974 62266 INFO tempest.lib.common.rest_client [req-036ee67a-81cd-47fe-ae6b-6c31e49f4923 req-036ee67a-81cd-47fe-ae6b-6c31e49f4923 ] Request (DeleteServersTestJSON:test_delete_active_server): 200 GET http://10.180.1.21/compute/v2.1/servers/a978943b-afd3-44f4-b6c1-5a72dda8ca35 0.211s
2024-10-31 12:12:01.986 62245 INFO tempest.lib.common.rest_client [req-3cd29330-5335-4319-be42-393dc498e9df req-3cd29330-5335-4319-be42-393dc498e9df ] Request (ServerActionsTestOtherA:setUpClass): 200 GET http://10.180.1.21/compute/v2.1/servers/3f4a6562-4c28-479c-8665-fb61c2d64dae 0.193s
2024-10-31 12:12:02.029 62215 INFO tempest.lib.common.rest_client [req-76e14656-9c87-4d94-91bc-984d264b51ab req-76e14656-9c87-4d94-91bc-984d264b51ab ] Request (InstanceActionsV221TestJSON:tearDownClass): 204 DELETE http://10.180.1.21:9696/networking/v2.0/subnets/9fbe0f77-2af4-4cc5-b574-56b6c5759205 0.219s
2024-10-31 12:12:02.032 62233 INFO tempest.lib.common.rest_client [req-2f6e92a6-69fc-4986-b3e9-afa541f7be44 req-2f6e92a6-69fc-4986-b3e9-afa541f7be44 ] Request (TenantUsagesTestJSON:setUpClass): 200 GET http://10.180.1.21/compute/v2.1/servers/2b0039dd-1219-465d-beb8-0262e0e40029 0.214s
2024-10-31 12:12:02.099 62259 INFO tempest.lib.common.rest_client [req-c8a509cb-1531-4c61-9ff9-25d9054765e4 req-c8a509cb-1531-4c61-9ff9-25d9054765e4 ] Request (ServerShowV257Test:test_rebuild_server): 200 GET http://10.180.1.21/compute/v2.1/servers/036a2dfc-615d-410a-8a3f-32de621879c2 0.195s
2024-10-31 12:12:02.179 62255 INFO tempest.lib.common.rest_client [req-fdeb08f0-878f-4e12-acbf-44f63872778f req-fdeb08f0-878f-4e12-acbf-44f63872778f ] Request (MigrationsAdminTest:test_list_migrations_in_flavor_resize_situation): 200 GET http://10.180.1.21/compute/v2.1/servers/3d32ec82-e623-4bbb-93c2-d39c934b4890 0.338s
2024-10-31 12:12:02.189 62255 INFO tempest.common.waiters [-] State transition "BUILD/networking" ==> "BUILD/spawning" after 75 second wait
2024-10-31 12:12:02.251 62225 INFO tempest.lib.common.rest_client [req-1ea16112-7267-479e-adfa-8ec87c8f2800 req-1ea16112-7267-479e-adfa-8ec87c8f2800 ] Request (ServersAdmin275Test:test_rebuild_update_server_275): 200 GET http://10.180.1.21/compute/v2.1/servers/9fd9fc35-7105-4941-8e05-cf4e45bb5d29 0.286s
2024-10-31 12:12:02.304 62247 INFO tempest.lib.common.rest_client [req-1751e72a-40e2-4f89-ae47-e8d7565c433a req-1751e72a-40e2-4f89-ae47-e8d7565c433a ] Request (ImagesTestJSON:test_create_image_from_suspended_server): 200 GET http://10.180.1.21/compute/v2.1/servers/92b06621-cdaa-4723-b339-c0f698897d24 0.261s
2024-10-31 12:12:02.334 62241 INFO tempest.lib.common.rest_client [req-8afa15bd-5e33-402a-93f6-814ded567224 req-8afa15bd-5e33-402a-93f6-814ded567224 ] Request (AttachInterfacesTestJSON:test_create_list_show_delete_interfaces_by_network_port): 204 DELETE http://10.180.1.21/compute/v2.1/servers/98905e39-fda3-47a8-867d-130d76894e53 0.402s
2024-10-31 12:12:02.354 62269 INFO tempest.lib.common.rest_client [req-c58f65a1-529c-4434-9a0a-b8a9fe180e16 req-c58f65a1-529c-4434-9a0a-b8a9fe180e16 ] Request (ServerGroupTestJSON:test_create_server_with_scheduler_hint_group): 200 GET http://10.180.1.21/compute/v2.1/servers/5c036232-736c-4c34-a2b7-7de517b9cd50 0.245s
2024-10-31 12:12:02.384 62223 INFO tempest.lib.common.rest_client [req-8d9b144b-6c83-45a3-b516-cde8a24ac3e1 req-8d9b144b-6c83-45a3-b516-cde8a24ac3e1 ] Request (ServersWithSpecificFlavorTestJSON:test_verify_created_server_ephemeral_disk): 200 GET http://10.180.1.21/compute/v2.1/servers/7801858d-bc2a-466e-a6f2-a8c6b6ff4705 0.219s
2024-10-31 12:12:02.404 62267 INFO tempest.lib.common.rest_client [req-39937026-bd4e-4bfb-ab87-7f019050aad0 req-39937026-bd4e-4bfb-ab87-7f019050aad0 ] Request (ServersTestBootFromVolume:setUpClass): 200 GET http://10.180.1.21/compute/v2.1/servers/bc10dded-e669-4fdb-9f5b-cc6abc3a37c7 0.171s
2024-10-31 12:12:02.424 62241 INFO tempest.lib.common.rest_client [req-515c1143-3824-4a8c-886a-1db9ad75420d req-515c1143-3824-4a8c-886a-1db9ad75420d ] Request (AttachInterfacesTestJSON:test_create_list_show_delete_interfaces_by_network_port): 404 GET http://10.180.1.21/compute/v2.1/servers/98905e39-fda3-47a8-867d-130d76894e53 0.089s
2024-10-31 12:12:02.437 62243 INFO tempest.lib.common.rest_client [req-c36566c7-a474-4e1f-a3f1-0b193656a2c2 req-c36566c7-a474-4e1f-a3f1-0b193656a2c2 ] Request (ServerMetadataTestJSON:setUpClass): 200 GET http://10.180.1.21/compute/v2.1/servers/e0d51c99-1916-4d66-a141-dfa5d4357174 0.127s
2024-10-31 12:12:02.438 62215 INFO tempest.lib.common.rest_client [req-a9c0f05a-b749-4670-aaf8-39df4a14879b req-a9c0f05a-b749-4670-aaf8-39df4a14879b ] Request (InstanceActionsV221TestJSON:tearDownClass): 204 DELETE http://10.180.1.21:9696/networking/v2.0/networks/120122bc-31df-4b3e-b24d-5d960fafa23b 0.408s
2024-10-31 12:12:02.454 62241 INFO tempest.lib.common.rest_client [req-22f589dd-4928-4871-867e-961b83d77030 req-22f589dd-4928-4871-867e-961b83d77030 ] Request (AttachInterfacesTestJSON:_run_cleanups): 202 DELETE http://10.180.1.21/compute/v2.1/os-keypairs/tempest-keypair-494406290 0.030s
2024-10-31 12:12:02.477 62257 INFO tempest.lib.common.rest_client [req-0e7ca031-3005-4b38-a1a1-45cb67901dd7 req-0e7ca031-3005-4b38-a1a1-45cb67901dd7 ] Request (ServerActionsTestJSON:setUpClass): 200 GET http://10.180.1.21/compute/v2.1/servers/5aba271f-72bb-4847-8c87-18adda584a74 0.088s
2024-10-31 12:12:02.531 62215 INFO tempest.lib.common.rest_client [req-0afdafff-fa37-4849-a382-1026397a381e req-0afdafff-fa37-4849-a382-1026397a381e ] Request (InstanceActionsV221TestJSON:tearDownClass): 204 DELETE http://10.180.1.21/identity/v3/users/423b480cd7264efaaa2b1e35e3a70f1a 0.093s
2024-10-31 12:12:02.531 62251 INFO tempest.lib.common.rest_client [req-46e1b6d1-c9af-4fcb-b7c3-363eb20243e3 req-46e1b6d1-c9af-4fcb-b7c3-363eb20243e3 ] Request (SecurityGroupsTestJSON:test_server_security_groups): 200 GET http://10.180.1.21/compute/v2.1/servers/6cda8874-6af5-490a-b9a2-323992265eb4 0.070s
2024-10-31 12:12:02.532 62215 INFO tempest.lib.common.dynamic_creds [-] Deleting project and security group for project: afeb65a860024d6f8e8371d599517f10
2024-10-31 12:12:02.585 62215 INFO tempest.lib.common.rest_client [req-61e77aa5-29ef-4045-a727-9193860f5a41 req-61e77aa5-29ef-4045-a727-9193860f5a41 ] Request (InstanceActionsV221TestJSON:tearDownClass): 200 GET http://10.180.1.21:9696/networking/v2.0/security-groups?tenant_id=afeb65a860024d6f8e8371d599517f10&name=default 0.052s
2024-10-31 12:12:02.613 62241 INFO tempest.lib.common.rest_client [req-3a2149cb-ad62-4bcf-a05d-5d69303d2ed7 req-3a2149cb-ad62-4bcf-a05d-5d69303d2ed7 ] Request (AttachInterfacesTestJSON:_run_cleanups): 204 DELETE http://10.180.1.21:9696/networking/v2.0/security-groups/4dca9b99-1e46-4338-b5dd-ed8a77cb5742 0.158s
2024-10-31 12:12:02.620 62213 INFO tempest.lib.common.rest_client [req-3d2f10ae-3f36-4705-941d-b89e6d1c9a47 req-3d2f10ae-3f36-4705-941d-b89e6d1c9a47 ] Request (ServerActionsV293TestJSON:setUpClass): 200 GET http://10.180.1.21/compute/v2.1/servers/e0735ee2-0a9d-4291-8465-b644816bf8e3 0.071s
2024-10-31 12:12:02.639 62241 INFO tempest.lib.common.rest_client [req-958fa719-3138-44bc-8287-636159c62991 req-958fa719-3138-44bc-8287-636159c62991 ] Request (AttachInterfacesTestJSON:_run_cleanups): 404 GET http://10.180.1.21:9696/networking/v2.0/security-groups/4dca9b99-1e46-4338-b5dd-ed8a77cb5742 0.025s
2024-10-31 12:12:02.682 62217 INFO tempest.lib.common.rest_client [req-4823d010-c956-45d0-b685-18cdc40a2728 req-4823d010-c956-45d0-b685-18cdc40a2728 ] Request (ServerTagsTestJSON:setUpClass): 200 GET http://10.180.1.21/compute/v2.1/servers/eeb44b48-ed08-4f20-9498-b0eed38a00a2 0.080s
2024-10-31 12:12:02.692 62209 INFO tempest.lib.common.rest_client [req-8a9481f1-5989-4a58-b434-a10bc6db1526 req-8a9481f1-5989-4a58-b434-a10bc6db1526 ] Request (ServersTestMultiNic:test_verify_duplicate_network_nics): 200 GET http://10.180.1.21/compute/v2.1/servers/a48c6a10-0c00-40f8-831f-713213390dfa 0.067s
2024-10-31 12:12:02.760 62235 INFO tempest.lib.common.rest_client [req-b1833f62-d7da-4595-a955-86db07fa50fe req-b1833f62-d7da-4595-a955-86db07fa50fe ] Request (ServersV294TestFqdnHostnames:setUpClass): 200 GET http://10.180.1.21/compute/v2.1/servers/503419e5-ae32-49d4-bc41-838fb3c9437e 0.079s
2024-10-31 12:12:02.767 62215 INFO tempest.lib.common.rest_client [req-3f41d8d8-00ad-46a2-9c11-cee219b25738 req-3f41d8d8-00ad-46a2-9c11-cee219b25738 ] Request (InstanceActionsV221TestJSON:tearDownClass): 204 DELETE http://10.180.1.21:9696/networking/v2.0/security-groups/c7c81b49-1304-4722-b97f-fb8ab16e4ffa 0.182s
2024-10-31 12:12:02.769 62235 INFO tempest.common.waiters [-] State transition "BUILD/scheduling" ==> "BUILD/None" after 62 second wait
2024-10-31 12:12:02.791 62221 INFO tempest.lib.common.rest_client [req-5afd3994-f67b-4dd4-96ab-b775be151021 req-5afd3994-f67b-4dd4-96ab-b775be151021 ] Request (MultipleCreateTestJSON:test_multiple_create): 200 GET http://10.180.1.21/compute/v2.1/servers/22634f52-c696-417b-bfe9-0a7ca62aad40 0.097s
2024-10-31 12:12:02.847 62239 INFO tempest.lib.common.rest_client [req-3c0c5b17-a122-493b-8b64-22cf7582f5a2 req-3c0c5b17-a122-493b-8b64-22cf7582f5a2 ] Request (InstanceActionsTestJSON:setUpClass): 201 POST http://10.180.1.21:9696/networking/v2.0/routers 1.095s
2024-10-31 12:12:02.866 62231 INFO tempest.lib.common.rest_client [req-4e4b89da-1eb2-497a-b78d-feb65c089091 req-4e4b89da-1eb2-497a-b78d-feb65c089091 ] Request (VolumesAdminNegativeTest:test_update_attached_volume_with_nonexistent_volume_in_uri): 200 GET http://10.180.1.21/compute/v2.1/servers/2ba9f652-c274-4d79-84a2-ad1384c99b91 0.105s
2024-10-31 12:12:02.874 62237 INFO tempest.lib.common.rest_client [req-86930a7b-856b-4f3b-b2eb-5458d9ba401a req-86930a7b-856b-4f3b-b2eb-5458d9ba401a ] Request (ServersAdminTestJSON:setUpClass): 200 GET http://10.180.1.21/compute/v2.1/servers/0ac2f6eb-8d2e-4ae2-9819-d685a5bfafc4 0.128s
2024-10-31 12:12:02.897 62215 INFO tempest.lib.common.rest_client [req-c09bfcd3-1a8d-4cd1-8697-6555983c503f req-c09bfcd3-1a8d-4cd1-8697-6555983c503f ] Request (InstanceActionsV221TestJSON:tearDownClass): 204 DELETE http://10.180.1.21/identity/v3/projects/afeb65a860024d6f8e8371d599517f10 0.130s
2024-10-31 12:12:02.925 62211 INFO tempest.lib.common.rest_client [req-4505a41e-f6f2-4365-8863-4c7f5d41acf0 req-4505a41e-f6f2-4365-8863-4c7f5d41acf0 ] Request (ServerDiskConfigTestJSON:test_rebuild_server_with_auto_disk_config): 200 GET http://10.180.1.21/compute/v2.1/servers/5b7223bd-66f3-44ec-b3bc-e9072eca515e 0.135s
2024-10-31 12:12:02.942 62219 INFO tempest.lib.common.rest_client [req-5fdd04bf-a5fc-4c01-9ca4-081d9b7e5283 req-5fdd04bf-a5fc-4c01-9ca4-081d9b7e5283 ] Request (ServerRescueNegativeTestJSON:setUpClass): 200 GET http://10.180.1.21/compute/v2.1/servers/2725d6ed-89d9-479f-b6ee-d16523e0abab 0.119s
2024-10-31 12:12:02.969 62215 INFO tempest.lib.common.rest_client [req-8ce9a957-3413-4286-9097-2a9c203622e9 req-8ce9a957-3413-4286-9097-2a9c203622e9 ] Request (ListServerFiltersTestJSON:setUpClass): 201 POST http://10.180.1.21/identity/v3/auth/tokens 0.070s
2024-10-31 12:12:02.999 62229 INFO tempest.lib.common.rest_client [req-f957a0ae-6253-4d2f-876b-0e518c347760 req-f957a0ae-6253-4d2f-876b-0e518c347760 ] Request (ServersTestJSON:setUpClass): 200 GET http://10.180.1.21/compute/v2.1/servers/9bfde590-fe6c-404d-88ad-9da1763c0870 0.142s
2024-10-31 12:12:03.005 62207 INFO tempest.lib.common.rest_client [req-4fa25638-e470-47d6-b497-d7369adec387 req-4fa25638-e470-47d6-b497-d7369adec387 ] Request (ServerAddressesNegativeTestJSON:setUpClass): 200 GET http://10.180.1.21/compute/v2.1/servers/5300907c-d589-4ccf-a9c5-4a6bd819783b 0.126s
2024-10-31 12:12:03.017 62215 INFO tempest.lib.common.rest_client [req-8cbadcfe-1a22-4cab-a247-e133255421ea req-8cbadcfe-1a22-4cab-a247-e133255421ea ] Request (ListServerFiltersTestJSON:setUpClass): 201 POST http://10.180.1.21/identity/v3/auth/tokens 0.045s
2024-10-31 12:12:03.045 62215 INFO tempest.lib.common.rest_client [req-251d7e22-3904-433e-9599-0b1efdedaa29 req-251d7e22-3904-433e-9599-0b1efdedaa29 ] Request (ListServerFiltersTestJSON:setUpClass): 200 GET http://10.180.1.21/identity/v3/domains?name=Default 0.026s
2024-10-31 12:12:03.055 62241 INFO tempest.lib.common.rest_client [req-da8c7020-a062-45a3-98f9-d21f30185a96 req-da8c7020-a062-45a3-98f9-d21f30185a96 ] Request (AttachInterfacesTestJSON:_run_cleanups): 204 DELETE http://10.180.1.21:9696/networking/v2.0/floatingips/3c4ddd26-8b5b-4804-807c-f02418aa9e01 0.416s
2024-10-31 12:12:03.074 62266 INFO tempest.lib.common.rest_client [req-c2c325ae-2503-4407-a67c-ab41bf54c729 req-c2c325ae-2503-4407-a67c-ab41bf54c729 ] Request (DeleteServersTestJSON:test_delete_active_server): 200 GET http://10.180.1.21/compute/v2.1/servers/a978943b-afd3-44f4-b6c1-5a72dda8ca35 0.092s
2024-10-31 12:12:03.080 62253 INFO tempest.lib.common.rest_client [req-7eef15e8-362d-467a-b885-2533db278d10 req-7eef15e8-362d-467a-b885-2533db278d10 ] Request (ServerActionsTestOtherB:setUpClass): 200 GET http://10.180.1.21/compute/v2.1/servers/dc5ef08a-8692-4274-84df-7c2923099249 0.157s
2024-10-31 12:12:03.087 62215 INFO tempest.lib.common.rest_client [req-d18b13e0-949b-4913-8365-bcbec863539c req-d18b13e0-949b-4913-8365-bcbec863539c ] Request (ListServerFiltersTestJSON:setUpClass): 201 POST http://10.180.1.21/identity/v3/projects 0.039s
2024-10-31 12:12:03.126 62245 INFO tempest.lib.common.rest_client [req-ae37f8c5-b528-42e9-a7e1-b2c9733d64b6 req-ae37f8c5-b528-42e9-a7e1-b2c9733d64b6 ] Request (ServerActionsTestOtherA:setUpClass): 200 GET http://10.180.1.21/compute/v2.1/servers/3f4a6562-4c28-479c-8665-fb61c2d64dae 0.129s
2024-10-31 12:12:03.171 62241 INFO tempest.lib.common.rest_client [req-bfa8afd4-74fa-49c3-aeab-5d6590e1417c req-bfa8afd4-74fa-49c3-aeab-5d6590e1417c ] Request (AttachInterfacesTestJSON:test_reassign_port_between_servers): 201 POST http://10.180.1.21/identity/v3/auth/tokens 0.110s
2024-10-31 12:12:03.171 62241 INFO tempest.lib.common.fixed_network [-] (AttachInterfacesTestJSON:test_reassign_port_between_servers) Found network {'id': '88f152b3-ccc4-4259-8c23-6a57085754ce', 'name': 'tempest-AttachInterfacesTestJSON-159284375-network', 'tenant_id': '5b80714a72c14aef842c7b02001edd92', 'admin_state_up': True, 'mtu': 8950, 'status': 'ACTIVE', 'subnets': [], 'shared': False, 'project_id': '5b80714a72c14aef842c7b02001edd92', 'port_security_enabled': True, 'router:external': False, 'provider:network_type': 'vlan', 'provider:physical_network': 'default', 'provider:segmentation_id': 676, 'availability_zone_hints': [], 'availability_zones': [], 'ipv4_address_scope': None, 'ipv6_address_scope': None, 'description': '', 'tags': [], 'created_at': '2024-10-31T12:09:43Z', 'updated_at': '2024-10-31T12:09:43Z', 'revision_number': 1} available for tenant
2024-10-31 12:12:03.171 62233 INFO tempest.lib.common.rest_client [req-edefca2a-5cff-4d80-9c9f-27c21d21c576 req-edefca2a-5cff-4d80-9c9f-27c21d21c576 ] Request (TenantUsagesTestJSON:setUpClass): 200 GET http://10.180.1.21/compute/v2.1/servers/2b0039dd-1219-465d-beb8-0262e0e40029 0.131s
2024-10-31 12:12:03.176 62215 INFO tempest.lib.common.rest_client [req-69f952ca-275b-4956-95c3-ea9f4d0ec3f6 req-69f952ca-275b-4956-95c3-ea9f4d0ec3f6 ] Request (ListServerFiltersTestJSON:setUpClass): 201 POST http://10.180.1.21/identity/v3/users 0.087s
2024-10-31 12:12:03.200 62215 INFO tempest.lib.common.rest_client [req-0023eb22-3413-4dcd-96b6-35c725b6c1d8 req-0023eb22-3413-4dcd-96b6-35c725b6c1d8 ] Request (ListServerFiltersTestJSON:setUpClass): 200 GET http://10.180.1.21/identity/v3/roles 0.024s
2024-10-31 12:12:03.220 62241 INFO tempest.lib.common.rest_client [req-a3cf0708-8084-4fdc-9b91-fed1b29bc1d3 req-a3cf0708-8084-4fdc-9b91-fed1b29bc1d3 ] Request (ValidationResourcesFixture:setUp): 200 POST http://10.180.1.21/compute/v2.1/os-keypairs 0.047s
2024-10-31 12:12:03.231 62215 INFO tempest.lib.common.rest_client [req-caaa11cb-ad9f-4b1b-9fa9-132aec63a41a req-caaa11cb-ad9f-4b1b-9fa9-132aec63a41a ] Request (ListServerFiltersTestJSON:setUpClass): 204 PUT http://10.180.1.21/identity/v3/projects/c6c59f1b269040d5a4605fa7a178cdf8/users/5c4d2671dab9481fb94161b1188de693/roles/48aa00fdfa674049a06500df21c41cd7 0.030s
2024-10-31 12:12:03.231 62215 INFO tempest.lib.common.dynamic_creds [-] Dynamic test user 5c4d2671dab9481fb94161b1188de693 is created with scope project and roles: ['member']
2024-10-31 12:12:03.231 62215 INFO tempest.lib.common.dynamic_creds [-] Acquired dynamic creds: credentials: Credentials: {'domain_id': 'default', 'domain_name': 'Default', 'username': 'tempest-ListServerFiltersTestJSON-1433027604-project-member', 'project_domain_id': 'default', 'project_domain_name': 'Default', 'project_id': 'c6c59f1b269040d5a4605fa7a178cdf8', 'project_name': 'tempest-ListServerFiltersTestJSON-1433027604', 'tenant_id': 'c6c59f1b269040d5a4605fa7a178cdf8', 'tenant_name': 'tempest-ListServerFiltersTestJSON-1433027604', 'user_domain_id': 'default', 'user_domain_name': 'Default', 'user_id': '5c4d2671dab9481fb94161b1188de693', 'system': None}, Network: None, Subnet: None, Router: None
2024-10-31 12:12:03.244 62259 INFO tempest.lib.common.rest_client [req-7cb53778-622c-4828-95d6-7c5fb8ef672a req-7cb53778-622c-4828-95d6-7c5fb8ef672a ] Request (ServerShowV257Test:test_rebuild_server): 200 GET http://10.180.1.21/compute/v2.1/servers/036a2dfc-615d-410a-8a3f-32de621879c2 0.131s
2024-10-31 12:12:03.286 62255 INFO tempest.lib.common.rest_client [req-29de72fb-0aac-42d4-a114-a907f8ef077e req-29de72fb-0aac-42d4-a114-a907f8ef077e ] Request (MigrationsAdminTest:test_list_migrations_in_flavor_resize_situation): 200 GET http://10.180.1.21/compute/v2.1/servers/3d32ec82-e623-4bbb-93c2-d39c934b4890 0.096s
2024-10-31 12:12:03.292 62215 INFO tempest.lib.common.rest_client [req-30b2906e-9b56-461e-9d82-e2c37a929e62 req-30b2906e-9b56-461e-9d82-e2c37a929e62 ] Request (ListServerFiltersTestJSON:setUpClass): 201 POST http://10.180.1.21/identity/v3/auth/tokens 0.061s
2024-10-31 12:12:03.340 62225 INFO tempest.lib.common.rest_client [req-804fcad4-16fc-4127-9e3f-6028b07ac254 req-804fcad4-16fc-4127-9e3f-6028b07ac254 ] Request (ServersAdmin275Test:test_rebuild_update_server_275): 200 GET http://10.180.1.21/compute/v2.1/servers/9fd9fc35-7105-4941-8e05-cf4e45bb5d29 0.076s
2024-10-31 12:12:03.388 62247 INFO tempest.lib.common.rest_client [req-1256999b-1fbe-45d8-b077-4dc2b26dc9d5 req-1256999b-1fbe-45d8-b077-4dc2b26dc9d5 ] Request (ImagesTestJSON:test_create_image_from_suspended_server): 200 GET http://10.180.1.21/compute/v2.1/servers/92b06621-cdaa-4723-b339-c0f698897d24 0.077s
2024-10-31 12:12:03.398 62241 INFO tempest.lib.common.rest_client [req-452c0be5-d802-46fb-ad34-15cb2df4ce2a req-452c0be5-d802-46fb-ad34-15cb2df4ce2a ] Request (ValidationResourcesFixture:setUp): 201 POST http://10.180.1.21:9696/networking/v2.0/security-groups 0.176s
2024-10-31 12:12:03.439 62269 INFO tempest.lib.common.rest_client [req-6a64e3dc-9e99-4b3a-8262-7cc2888e27ed req-6a64e3dc-9e99-4b3a-8262-7cc2888e27ed ] Request (ServerGroupTestJSON:test_create_server_with_scheduler_hint_group): 200 GET http://10.180.1.21/compute/v2.1/servers/5c036232-736c-4c34-a2b7-7de517b9cd50 0.076s
2024-10-31 12:12:03.463 62223 INFO tempest.lib.common.rest_client [req-9bb51c03-f824-44cf-abd6-12b10ee80a58 req-9bb51c03-f824-44cf-abd6-12b10ee80a58 ] Request (ServersWithSpecificFlavorTestJSON:test_verify_created_server_ephemeral_disk): 200 GET http://10.180.1.21/compute/v2.1/servers/7801858d-bc2a-466e-a6f2-a8c6b6ff4705 0.071s
2024-10-31 12:12:03.496 62267 INFO tempest.lib.common.rest_client [req-560e782b-f6cb-47ad-aa9f-122bdd4e27ca req-560e782b-f6cb-47ad-aa9f-122bdd4e27ca ] Request (ServersTestBootFromVolume:setUpClass): 200 GET http://10.180.1.21/compute/v2.1/servers/bc10dded-e669-4fdb-9f5b-cc6abc3a37c7 0.083s
2024-10-31 12:12:03.518 62243 INFO tempest.lib.common.rest_client [req-23d24273-cb3e-4ee8-8441-99cd7b5a6004 req-23d24273-cb3e-4ee8-8441-99cd7b5a6004 ] Request (ServerMetadataTestJSON:setUpClass): 200 GET http://10.180.1.21/compute/v2.1/servers/e0d51c99-1916-4d66-a141-dfa5d4357174 0.073s
2024-10-31 12:12:03.539 62241 INFO tempest.lib.common.rest_client [req-ce706059-ccdd-4a16-ac86-6069ef8519b4 req-ce706059-ccdd-4a16-ac86-6069ef8519b4 ] Request (ValidationResourcesFixture:setUp): 201 POST http://10.180.1.21:9696/networking/v2.0/security-group-rules 0.140s
2024-10-31 12:12:03.556 62257 INFO tempest.lib.common.rest_client [req-25d78d5e-17fb-4922-9eef-8ef012398cc2 req-25d78d5e-17fb-4922-9eef-8ef012398cc2 ] Request (ServerActionsTestJSON:setUpClass): 200 GET http://10.180.1.21/compute/v2.1/servers/5aba271f-72bb-4847-8c87-18adda584a74 0.068s
2024-10-31 12:12:03.592 62251 INFO tempest.lib.common.rest_client [req-a472e348-692d-424f-bd23-a537700ea091 req-a472e348-692d-424f-bd23-a537700ea091 ] Request (SecurityGroupsTestJSON:test_server_security_groups): 200 GET http://10.180.1.21/compute/v2.1/servers/6cda8874-6af5-490a-b9a2-323992265eb4 0.052s
2024-10-31 12:12:03.636 62215 INFO tempest.lib.common.rest_client [req-71d68128-af81-4f96-b2f5-2435b739473e req-71d68128-af81-4f96-b2f5-2435b739473e ] Request (ListServerFiltersTestJSON:setUpClass): 201 POST http://10.180.1.21:9696/networking/v2.0/networks 0.342s
2024-10-31 12:12:03.673 62241 INFO tempest.lib.common.rest_client [req-7c0927e4-2437-4387-bab8-715e9290cfd6 req-7c0927e4-2437-4387-bab8-715e9290cfd6 ] Request (ValidationResourcesFixture:setUp): 201 POST http://10.180.1.21:9696/networking/v2.0/security-group-rules 0.133s
2024-10-31 12:12:03.707 62213 INFO tempest.lib.common.rest_client [req-b5b13ab5-61a4-4078-9c92-1a0f9708ecc3 req-b5b13ab5-61a4-4078-9c92-1a0f9708ecc3 ] Request (ServerActionsV293TestJSON:setUpClass): 200 GET http://10.180.1.21/compute/v2.1/servers/e0735ee2-0a9d-4291-8465-b644816bf8e3 0.077s
2024-10-31 12:12:03.778 62217 INFO tempest.lib.common.rest_client [req-efedc810-3032-4c2b-9dd9-e6e7e16e47b8 req-efedc810-3032-4c2b-9dd9-e6e7e16e47b8 ] Request (ServerTagsTestJSON:setUpClass): 200 GET http://10.180.1.21/compute/v2.1/servers/eeb44b48-ed08-4f20-9498-b0eed38a00a2 0.086s
2024-10-31 12:12:03.787 62209 INFO tempest.lib.common.rest_client [req-c0712318-7a64-4056-8b27-28f490abd02b req-c0712318-7a64-4056-8b27-28f490abd02b ] Request (ServersTestMultiNic:test_verify_duplicate_network_nics): 200 GET http://10.180.1.21/compute/v2.1/servers/a48c6a10-0c00-40f8-831f-713213390dfa 0.088s
2024-10-31 12:12:03.844 62235 INFO tempest.lib.common.rest_client [req-505e969f-c67c-4268-b008-5dcfcd848644 req-505e969f-c67c-4268-b008-5dcfcd848644 ] Request (ServersV294TestFqdnHostnames:setUpClass): 200 GET http://10.180.1.21/compute/v2.1/servers/503419e5-ae32-49d4-bc41-838fb3c9437e 0.073s
2024-10-31 12:12:03.855 62221 INFO tempest.lib.common.rest_client [req-685bbf84-871a-4da4-914d-7a07c57a3e3d req-685bbf84-871a-4da4-914d-7a07c57a3e3d ] Request (MultipleCreateTestJSON:test_multiple_create): 200 GET http://10.180.1.21/compute/v2.1/servers/22634f52-c696-417b-bfe9-0a7ca62aad40 0.056s
2024-10-31 12:12:03.877 62215 INFO tempest.lib.common.rest_client [req-326a92ca-5559-4b73-85d0-9f667105cdbf req-326a92ca-5559-4b73-85d0-9f667105cdbf ] Request (ListServerFiltersTestJSON:setUpClass): 201 POST http://10.180.1.21:9696/networking/v2.0/subnets 0.240s
2024-10-31 12:12:03.878 62215 INFO tempest.lib.common.dynamic_creds [-] Created isolated network resources for: credentials: Credentials: {'domain_id': 'default', 'domain_name': 'Default', 'username': 'tempest-ListServerFiltersTestJSON-1433027604-project-member', 'project_domain_id': 'default', 'project_domain_name': 'Default', 'project_id': 'c6c59f1b269040d5a4605fa7a178cdf8', 'project_name': 'tempest-ListServerFiltersTestJSON-1433027604', 'tenant_id': 'c6c59f1b269040d5a4605fa7a178cdf8', 'tenant_name': 'tempest-ListServerFiltersTestJSON-1433027604', 'user_domain_id': 'default', 'user_domain_name': 'Default', 'user_id': '5c4d2671dab9481fb94161b1188de693', 'system': None}, Network: {'id': '8bbf9d4b-059e-4a8e-8f2d-4b35f08964ba', 'name': 'tempest-ListServerFiltersTestJSON-178561154-network', 'tenant_id': 'c6c59f1b269040d5a4605fa7a178cdf8', 'admin_state_up': True, 'mtu': 8950, 'status': 'ACTIVE', 'subnets': [], 'shared': False, 'project_id': 'c6c59f1b269040d5a4605fa7a178cdf8', 'port_security_enabled': True, 'router:external': False, 'provider:network_type': 'vlan', 'provider:physical_network': 'default', 'provider:segmentation_id': 525, 'availability_zone_hints': [], 'availability_zones': [], 'ipv4_address_scope': None, 'ipv6_address_scope': None, 'description': '', 'tags': [], 'created_at': '2024-10-31T12:12:03Z', 'updated_at': '2024-10-31T12:12:03Z', 'revision_number': 1}, Subnet: {'id': 'f60b12c6-18e7-4a43-9288-df2f60656d29', 'name': 'tempest-ListServerFiltersTestJSON-178561154-subnet', 'tenant_id': 'c6c59f1b269040d5a4605fa7a178cdf8', 'network_id': '8bbf9d4b-059e-4a8e-8f2d-4b35f08964ba', 'ip_version': 4, 'subnetpool_id': None, 'enable_dhcp': True, 'ipv6_ra_mode': None, 'ipv6_address_mode': None, 'gateway_ip': '192.168.128.1', 'cidr': '192.168.128.0/28', 'allocation_pools': [{'start': '192.168.128.2', 'end': '192.168.128.14'}], 'host_routes': [], 'dns_nameservers': [], 'description': '', 'router:external': False, 'service_types': [], 'tags': [], 'created_at': '2024-10-31T12:12:03Z', 'updated_at': '2024-10-31T12:12:03Z', 'revision_number': 0, 'project_id': 'c6c59f1b269040d5a4605fa7a178cdf8'}, Router: None
2024-10-31 12:12:03.945 62231 INFO tempest.lib.common.rest_client [req-a79c23bb-c861-4035-a4fa-0959ab652fde req-a79c23bb-c861-4035-a4fa-0959ab652fde ] Request (VolumesAdminNegativeTest:test_update_attached_volume_with_nonexistent_volume_in_uri): 200 GET http://10.180.1.21/compute/v2.1/servers/2ba9f652-c274-4d79-84a2-ad1384c99b91 0.069s
2024-10-31 12:12:03.953 62237 INFO tempest.lib.common.rest_client [req-a84282e6-1e3b-429d-a260-664f7d4b2567 req-a84282e6-1e3b-429d-a260-664f7d4b2567 ] Request (ServersAdminTestJSON:setUpClass): 200 GET http://10.180.1.21/compute/v2.1/servers/0ac2f6eb-8d2e-4ae2-9819-d685a5bfafc4 0.070s
2024-10-31 12:12:03.977 62215 INFO tempest.lib.common.rest_client [req-24202caa-431c-4e9e-840a-01409c1a71d6 req-24202caa-431c-4e9e-840a-01409c1a71d6 ] Request (ListServerFiltersTestJSON:setUpClass): 201 POST http://10.180.1.21/identity/v3/auth/tokens 0.095s
2024-10-31 12:12:03.998 62211 INFO tempest.lib.common.rest_client [req-5a82deed-d50e-4774-acc8-5e6555fedce8 req-5a82deed-d50e-4774-acc8-5e6555fedce8 ] Request (ServerDiskConfigTestJSON:test_rebuild_server_with_auto_disk_config): 200 GET http://10.180.1.21/compute/v2.1/servers/5b7223bd-66f3-44ec-b3bc-e9072eca515e 0.067s
2024-10-31 12:12:04.015 62219 INFO tempest.lib.common.rest_client [req-27360ab0-9630-4436-9bc0-120bed25cc6d req-27360ab0-9630-4436-9bc0-120bed25cc6d ] Request (ServerRescueNegativeTestJSON:setUpClass): 200 GET http://10.180.1.21/compute/v2.1/servers/2725d6ed-89d9-479f-b6ee-d16523e0abab 0.061s
2024-10-31 12:12:04.018 62215 INFO tempest.lib.common.rest_client [req-abf6b526-082a-4b50-91ad-870501411645 req-abf6b526-082a-4b50-91ad-870501411645 ] Request (ListServerFiltersTestJSON:setUpClass): 201 POST http://10.180.1.21/identity/v3/auth/tokens 0.036s
2024-10-31 12:12:04.018 62215 INFO tempest.lib.common.fixed_network [-] (ListServerFiltersTestJSON:setUpClass) Found network {'id': '8bbf9d4b-059e-4a8e-8f2d-4b35f08964ba', 'name': 'tempest-ListServerFiltersTestJSON-178561154-network', 'tenant_id': 'c6c59f1b269040d5a4605fa7a178cdf8', 'admin_state_up': True, 'mtu': 8950, 'status': 'ACTIVE', 'subnets': [], 'shared': False, 'project_id': 'c6c59f1b269040d5a4605fa7a178cdf8', 'port_security_enabled': True, 'router:external': False, 'provider:network_type': 'vlan', 'provider:physical_network': 'default', 'provider:segmentation_id': 525, 'availability_zone_hints': [], 'availability_zones': [], 'ipv4_address_scope': None, 'ipv6_address_scope': None, 'description': '', 'tags': [], 'created_at': '2024-10-31T12:12:03Z', 'updated_at': '2024-10-31T12:12:03Z', 'revision_number': 1} available for tenant
2024-10-31 12:12:04.062 62229 INFO tempest.lib.common.rest_client [req-348e20c0-7027-4a75-9fa0-af4daf616262 req-348e20c0-7027-4a75-9fa0-af4daf616262 ] Request (ServersTestJSON:setUpClass): 200 GET http://10.180.1.21/compute/v2.1/servers/9bfde590-fe6c-404d-88ad-9da1763c0870 0.053s
2024-10-31 12:12:04.066 62215 INFO tempest.lib.common.rest_client [req-d231b267-996c-475f-9a19-c31fd26a629a req-d231b267-996c-475f-9a19-c31fd26a629a ] Request (ListServerFiltersTestJSON:setUpClass): 201 POST http://10.180.1.21/identity/v3/auth/tokens 0.044s
2024-10-31 12:12:04.067 62215 INFO tempest.lib.common.fixed_network [-] (ListServerFiltersTestJSON:setUpClass) Found network {'id': '8bbf9d4b-059e-4a8e-8f2d-4b35f08964ba', 'name': 'tempest-ListServerFiltersTestJSON-178561154-network', 'tenant_id': 'c6c59f1b269040d5a4605fa7a178cdf8', 'admin_state_up': True, 'mtu': 8950, 'status': 'ACTIVE', 'subnets': [], 'shared': False, 'project_id': 'c6c59f1b269040d5a4605fa7a178cdf8', 'port_security_enabled': True, 'router:external': False, 'provider:network_type': 'vlan', 'provider:physical_network': 'default', 'provider:segmentation_id': 525, 'availability_zone_hints': [], 'availability_zones': [], 'ipv4_address_scope': None, 'ipv6_address_scope': None, 'description': '', 'tags': [], 'created_at': '2024-10-31T12:12:03Z', 'updated_at': '2024-10-31T12:12:03Z', 'revision_number': 1} available for tenant
2024-10-31 12:12:04.071 62207 INFO tempest.lib.common.rest_client [req-5c84ecde-3506-4ee2-9821-8662fb954605 req-5c84ecde-3506-4ee2-9821-8662fb954605 ] Request (ServerAddressesNegativeTestJSON:setUpClass): 200 GET http://10.180.1.21/compute/v2.1/servers/5300907c-d589-4ccf-a9c5-4a6bd819783b 0.057s
