2024-10-31 12:10:33.028 62269 INFO tempest.lib.common.rest_client [req-1b6d7470-2051-44a8-b166-05187e09d3fd req-1b6d7470-2051-44a8-b166-05187e09d3fd ] Request (ServerGroupTestJSON:setUpClass): 201 POST http://10.180.1.21/identity/v3/users 0.077s
2024-10-31 12:10:33.039 62249 INFO tempest.lib.common.rest_client [req-c704c4db-1e19-4d97-9691-69a3b380658c req-c704c4db-1e19-4d97-9691-69a3b380658c ] Request (KeyPairsV22TestJSON:setUpClass): 201 POST http://10.180.1.21/identity/v3/users 0.096s
2024-10-31 12:10:33.052 62269 INFO tempest.lib.common.rest_client [req-707fdcd7-d790-42a2-aa71-b65d78fb07d5 req-707fdcd7-d790-42a2-aa71-b65d78fb07d5 ] Request (ServerGroupTestJSON:setUpClass): 200 GET http://10.180.1.21/identity/v3/roles 0.023s
2024-10-31 12:10:33.059 62249 INFO tempest.lib.common.rest_client [req-315fcc95-a1d5-4046-b9fa-555c2a5d3b91 req-315fcc95-a1d5-4046-b9fa-555c2a5d3b91 ] Request (KeyPairsV22TestJSON:setUpClass): 200 GET http://10.180.1.21/identity/v3/roles 0.018s
2024-10-31 12:10:33.077 62229 INFO tempest.lib.common.rest_client [req-e156a6c3-9368-48e3-8636-a5ccbc926110 req-e156a6c3-9368-48e3-8636-a5ccbc926110 ] Request (FloatingIPDetailsNegativeTestJSON:tearDownClass): 200 PUT http://10.180.1.21:9696/networking/v2.0/routers/4d510ec0-ed14-4bdc-893e-660fe6a5aeab/remove_router_interface 4.194s
2024-10-31 12:10:33.087 62269 INFO tempest.lib.common.rest_client [req-50f60e34-3c13-4cb4-994d-1aceeb48c39d req-50f60e34-3c13-4cb4-994d-1aceeb48c39d ] Request (ServerGroupTestJSON:setUpClass): 204 PUT http://10.180.1.21/identity/v3/projects/02baa466ae264d89896a3049ab5767be/users/aa1286fe09cf48d19a1d528ac1b812fb/roles/48aa00fdfa674049a06500df21c41cd7 0.035s
2024-10-31 12:10:33.088 62269 INFO tempest.lib.common.dynamic_creds [-] Dynamic test user aa1286fe09cf48d19a1d528ac1b812fb is created with scope project and roles: ['member']
2024-10-31 12:10:33.088 62269 INFO tempest.lib.common.dynamic_creds [-] Acquired dynamic creds: credentials: Credentials: {'domain_id': 'default', 'domain_name': 'Default', 'username': 'tempest-ServerGroupTestJSON-1400091871-project-member', 'project_domain_id': 'default', 'project_domain_name': 'Default', 'project_id': '02baa466ae264d89896a3049ab5767be', 'project_name': 'tempest-ServerGroupTestJSON-1400091871', 'tenant_id': '02baa466ae264d89896a3049ab5767be', 'tenant_name': 'tempest-ServerGroupTestJSON-1400091871', 'user_domain_id': 'default', 'user_domain_name': 'Default', 'user_id': 'aa1286fe09cf48d19a1d528ac1b812fb', 'system': None}, Network: None, Subnet: None, Router: None
2024-10-31 12:10:33.097 62249 INFO tempest.lib.common.rest_client [req-1ca51fca-97fa-4ba6-aab3-b645c3f00b45 req-1ca51fca-97fa-4ba6-aab3-b645c3f00b45 ] Request (KeyPairsV22TestJSON:setUpClass): 204 PUT http://10.180.1.21/identity/v3/projects/ca0e9c86104248e887d39cc28793c9ee/users/de4b284b52bd4e90897f7ff2622bb525/roles/48aa00fdfa674049a06500df21c41cd7 0.038s
2024-10-31 12:10:33.101 62249 INFO tempest.lib.common.dynamic_creds [-] Dynamic test user de4b284b52bd4e90897f7ff2622bb525 is created with scope project and roles: ['member']
2024-10-31 12:10:33.101 62249 INFO tempest.lib.common.dynamic_creds [-] Acquired dynamic creds: credentials: Credentials: {'domain_id': 'default', 'domain_name': 'Default', 'username': 'tempest-KeyPairsV22TestJSON-592863023-project-member', 'project_domain_id': 'default', 'project_domain_name': 'Default', 'project_id': 'ca0e9c86104248e887d39cc28793c9ee', 'project_name': 'tempest-KeyPairsV22TestJSON-592863023', 'tenant_id': 'ca0e9c86104248e887d39cc28793c9ee', 'tenant_name': 'tempest-KeyPairsV22TestJSON-592863023', 'user_domain_id': 'default', 'user_domain_name': 'Default', 'user_id': 'de4b284b52bd4e90897f7ff2622bb525', 'system': None}, Network: None, Subnet: None, Router: None
2024-10-31 12:10:33.102 62249 INFO tempest.lib.common.dynamic_creds [-] Created isolated network resources for: credentials: Credentials: {'domain_id': 'default', 'domain_name': 'Default', 'username': 'tempest-KeyPairsV22TestJSON-592863023-project-member', 'project_domain_id': 'default', 'project_domain_name': 'Default', 'project_id': 'ca0e9c86104248e887d39cc28793c9ee', 'project_name': 'tempest-KeyPairsV22TestJSON-592863023', 'tenant_id': 'ca0e9c86104248e887d39cc28793c9ee', 'tenant_name': 'tempest-KeyPairsV22TestJSON-592863023', 'user_domain_id': 'default', 'user_domain_name': 'Default', 'user_id': 'de4b284b52bd4e90897f7ff2622bb525', 'system': None}, Network: None, Subnet: None, Router: None
2024-10-31 12:10:33.114 62207 INFO tempest.lib.common.rest_client [req-035460db-a494-43aa-9ee1-a901f377d72a req-035460db-a494-43aa-9ee1-a901f377d72a ] Request (SecurityGroupRulesNegativeTestJSON:test_create_security_group_rule_duplicate): 200 POST http://10.180.1.21/compute/v2.1/os-security-group-rules 1.939s
2024-10-31 12:10:33.114 62237 INFO tempest.lib.common.rest_client [req-c0c8fc94-a46c-4766-9a9c-b00314257582 req-c0c8fc94-a46c-4766-9a9c-b00314257582 ] Request (ServersAdminTestJSON:setUpClass): 201 POST http://10.180.1.21:9696/networking/v2.0/networks 0.794s
2024-10-31 12:10:33.175 62209 INFO tempest.lib.common.rest_client [req-08cb18b6-4d53-4cb1-947a-facc39dac3ba req-08cb18b6-4d53-4cb1-947a-facc39dac3ba ] Request (ServersTestMultiNic:setUpClass): 201 POST http://10.180.1.21:9696/networking/v2.0/routers 3.504s
2024-10-31 12:10:33.183 62269 INFO tempest.lib.common.rest_client [req-23b33872-cb99-4e9e-92d1-38193f006c18 req-23b33872-cb99-4e9e-92d1-38193f006c18 ] Request (ServerGroupTestJSON:setUpClass): 201 POST http://10.180.1.21/identity/v3/auth/tokens 0.095s
2024-10-31 12:10:33.202 62249 INFO tempest.lib.common.rest_client [req-eec2859d-7598-452e-9f13-ced717a41691 req-eec2859d-7598-452e-9f13-ced717a41691 ] Request (KeyPairsV22TestJSON:setUpClass): 201 POST http://10.180.1.21/identity/v3/auth/tokens 0.096s
2024-10-31 12:10:33.314 62251 INFO tempest.lib.common.rest_client [req-0dd58bb3-75eb-4479-8d78-36eebfb0c067 req-0dd58bb3-75eb-4479-8d78-36eebfb0c067 ] Request (SecurityGroupsTestJSON:test_list_security_groups_by_server): 200 POST http://10.180.1.21/compute/v2.1/os-security-groups 2.037s
2024-10-31 12:10:33.375 62227 INFO tempest.lib.common.rest_client [req-f9799df1-44f0-4c6a-8798-4fe46ea9a6a1 req-f9799df1-44f0-4c6a-8798-4fe46ea9a6a1 ] Request (HypervisorAdminV253TestBase:tearDownClass): 200 GET http://10.180.1.21:9696/networking/v2.0/security-groups?tenant_id=df938d1d08724198be01cfdc9e131f9a&name=default 0.496s
2024-10-31 12:10:33.408 62243 INFO tempest.lib.common.rest_client [req-c9e5067f-b26e-4ff1-aa3d-1b4431c05b58 req-c9e5067f-b26e-4ff1-aa3d-1b4431c05b58 ] Request (FloatingIPsAssociationTestJSON:setUpClass): 200 GET http://10.180.1.21/compute/v2.1/servers/7a7c98db-6ed4-4908-adc8-53347d693dca 2.004s
2024-10-31 12:10:33.433 62213 INFO tempest.lib.common.rest_client [req-db4b0b5f-461d-43ac-9d65-1708951aa0b9 req-db4b0b5f-461d-43ac-9d65-1708951aa0b9 ] Request (ServersAdminNegativeTestJSON:setUpClass): 404 GET http://10.180.1.21/compute/v2.1/servers/2d43aa8e-ea11-4209-b166-b87159a37e72 1.939s
2024-10-31 12:10:33.435 62213 INFO tempest.test [-] raised in ServersAdminNegativeTestJSON.setUpClass. Invoking tearDownClass.
2024-10-31 12:10:33.517 62213 INFO tempest.lib.common.rest_client [req-19b2fd0f-c4c6-4bed-adb8-bfdc756be1b3 req-19b2fd0f-c4c6-4bed-adb8-bfdc756be1b3 ] Request (ServersAdminNegativeTestJSON:tearDownClass): 204 DELETE http://10.180.1.21/identity/v3/users/0a9aa06fcd3c498399a3252cf9597832 0.082s
2024-10-31 12:10:33.540 62231 INFO tempest.lib.common.rest_client [req-062391e7-17b1-4f90-8020-7152208e581f req-062391e7-17b1-4f90-8020-7152208e581f ] Request (VolumesAdminNegativeTest:test_update_attached_volume_with_nonexistent_volume_in_body): 200 GET http://10.180.1.21/compute/v2.1/servers/fb28710d-cd15-41d4-b7aa-8389093ea9a8 2.234s
2024-10-31 12:10:33.552 62231 INFO tempest.common.waiters [-] State transition "BUILD/networking" ==> "BUILD/spawning" after 22 second wait
2024-10-31 12:10:33.623 62233 INFO tempest.lib.common.rest_client [req-cb00ac31-ef6a-4a51-af44-5ae935ccc689 req-cb00ac31-ef6a-4a51-af44-5ae935ccc689 ] Request (ServerDiagnosticsTest:test_get_server_diagnostics): 200 GET http://10.180.1.21/compute/v2.1/servers/2795b001-aaf2-4886-bba7-bd764c29638c 1.469s
2024-10-31 12:10:33.632 62213 INFO tempest.lib.common.rest_client [req-2e8b274b-6d6d-461c-8378-dc6d68d4403d req-2e8b274b-6d6d-461c-8378-dc6d68d4403d ] Request (ServersAdminNegativeTestJSON:tearDownClass): 204 DELETE http://10.180.1.21/identity/v3/users/4a5294f6fe9b467f81b5dcceebfb8341 0.114s
2024-10-31 12:10:33.633 62213 INFO tempest.lib.common.dynamic_creds [-] Deleting project and security group for project: 01faed7abf75415591c43407a1ea51c7
2024-10-31 12:10:33.688 62257 INFO tempest.lib.common.rest_client [req-ae9c6e84-ee57-4aad-9932-34f10b636f17 req-ae9c6e84-ee57-4aad-9932-34f10b636f17 ] Request (QuotasAdminTestV236:test_get_updated_quotas): 200 PUT http://10.180.1.21/compute/v2.1/os-quota-sets/326355d858644f0e99100718045e1161?user_id=eaaad319700842b69d0b1e5cf956d94a 2.005s
2024-10-31 12:10:33.697 62235 INFO tempest.lib.common.rest_client [req-3b9ad069-9086-4322-b2a6-1cc570f75cee req-3b9ad069-9086-4322-b2a6-1cc570f75cee ] Request (FlavorsAdminTestJSON:test_is_public_string_variations): 200 GET http://10.180.1.21/compute/v2.1/flavors/detail?is_public=no 1.359s
2024-10-31 12:10:33.713 62213 INFO tempest.lib.common.rest_client [req-7c1ce31e-7a9c-419b-b523-b81c60c422c7 req-7c1ce31e-7a9c-419b-b523-b81c60c422c7 ] Request (ServersAdminNegativeTestJSON:tearDownClass): 201 POST http://10.180.1.21/identity/v3/auth/tokens 0.080s
2024-10-31 12:10:33.716 62253 INFO tempest.lib.common.rest_client [req-e3a417d3-e09c-4bab-af7c-8f013e843970 req-e3a417d3-e09c-4bab-af7c-8f013e843970 ] Request (DeleteServersAdminTestJSON:test_delete_server_while_in_error_state): 200 GET http://10.180.1.21/compute/v2.1/servers/107b6153-65ad-48e4-9810-113bfacdd3d6 1.436s
2024-10-31 12:10:33.723 62255 INFO tempest.lib.common.rest_client [req-3100c7b9-f329-4466-a8fd-f7ae07170c9f req-3100c7b9-f329-4466-a8fd-f7ae07170c9f ] Request (AggregatesAdminNegativeTestJSON:test_aggregate_remove_host_as_user): 403 POST http://10.180.1.21/compute/v2.1/os-aggregates/7/action 1.160s
2024-10-31 12:10:33.741 62217 INFO tempest.lib.common.rest_client [req-2392edbe-e4a1-417d-ba02-7b5c7e6c5238 req-2392edbe-e4a1-417d-ba02-7b5c7e6c5238 ] Request (FlavorsV2TestJSON:test_list_flavors_detailed_filter_by_min_ram): 200 GET http://10.180.1.21/compute/v2.1/flavors/detail?minRam=193 1.162s
2024-10-31 12:10:33.764 62241 INFO tempest.lib.common.rest_client [req-737d883a-db67-421b-ab91-d7c5a5e25536 req-737d883a-db67-421b-ab91-d7c5a5e25536 ] Request (AttachInterfacesTestJSON:test_create_list_show_delete_interfaces_by_fixed_ip): 404 GET http://10.180.1.21/compute/v2.1/servers/75e101c8-0ea7-40d1-a0ce-9a866b252772 1.134s
2024-10-31 12:10:33.863 62247 INFO tempest.lib.common.rest_client [req-ea48dc98-6efb-4c5d-ac6f-1125539e4aa4 req-ea48dc98-6efb-4c5d-ac6f-1125539e4aa4 ] Request (ImagesTestJSON:test_create_image_from_stopped_server): 200 GET http://10.180.1.21/compute/v2.1/servers/d32a7937-792a-4959-bded-819463472399 1.218s
2024-10-31 12:10:33.883 62227 INFO tempest.lib.common.rest_client [req-af55b964-ae2a-4416-a665-84e998225c52 req-af55b964-ae2a-4416-a665-84e998225c52 ] Request (HypervisorAdminV253TestBase:tearDownClass): 204 DELETE http://10.180.1.21:9696/networking/v2.0/security-groups/6aa7f4c0-c20d-4dcc-b216-a378af8664ee 0.507s
2024-10-31 12:10:33.895 62237 INFO tempest.lib.common.rest_client [req-933f26a0-f341-46c4-b964-74950de34566 req-933f26a0-f341-46c4-b964-74950de34566 ] Request (ServersAdminTestJSON:setUpClass): 201 POST http://10.180.1.21:9696/networking/v2.0/subnets 0.779s
2024-10-31 12:10:33.960 62223 INFO tempest.lib.common.rest_client [req-9c8dc876-d3af-4b94-b230-4023606c9a14 req-9c8dc876-d3af-4b94-b230-4023606c9a14 ] Request (VolumesAssistedSnapshotsTest:test_volume_assisted_snapshot_create_delete): 200 GET http://10.180.1.21/compute/v2.1/servers/96e5b238-aab4-4f75-abe8-f5a14b015099 1.315s
2024-10-31 12:10:33.964 62227 INFO tempest.lib.common.rest_client [req-8f35386f-4c08-46d9-b828-7e8509309d09 req-8f35386f-4c08-46d9-b828-7e8509309d09 ] Request (HypervisorAdminV253TestBase:tearDownClass): 204 DELETE http://10.180.1.21/identity/v3/projects/df938d1d08724198be01cfdc9e131f9a 0.080s
2024-10-31 12:10:34.048 62219 INFO tempest.lib.common.rest_client [req-7001b83a-323f-43dc-beb3-fe0599a0aaa0 req-7001b83a-323f-43dc-beb3-fe0599a0aaa0 ] Request (ServerRescueTestJSONUnderV235:setUpClass): 200 GET http://10.180.1.21/compute/v2.1/servers/24073cc5-cccd-4a1b-87d6-a8a6458251f9 1.219s
2024-10-31 12:10:34.076 62227 INFO tempest.lib.common.rest_client [req-4ec7c0df-db98-4731-9a1c-2c9e1f11abfd req-4ec7c0df-db98-4731-9a1c-2c9e1f11abfd ] Request (InstanceUsageAuditLogTestJSON:setUpClass): 201 POST http://10.180.1.21/identity/v3/auth/tokens 0.110s
2024-10-31 12:10:34.128 62227 INFO tempest.lib.common.rest_client [req-f9262674-32e0-415a-ab0f-9ecfa4481725 req-f9262674-32e0-415a-ab0f-9ecfa4481725 ] Request (InstanceUsageAuditLogTestJSON:setUpClass): 201 POST http://10.180.1.21/identity/v3/auth/tokens 0.048s
2024-10-31 12:10:34.152 62225 INFO tempest.lib.common.rest_client [req-cab275dd-8904-4536-99d1-bf46a1fb497d req-cab275dd-8904-4536-99d1-bf46a1fb497d ] Request (ServerDiagnosticsNegativeTest:test_get_server_diagnostics_by_non_admin): 200 GET http://10.180.1.21/compute/v2.1/servers/9e258f66-df7b-4acf-a066-ba66958a7861 1.241s
2024-10-31 12:10:34.160 62227 INFO tempest.lib.common.rest_client [req-69011868-fd7e-4224-98fb-e76a2eadeb18 req-69011868-fd7e-4224-98fb-e76a2eadeb18 ] Request (InstanceUsageAuditLogTestJSON:setUpClass): 200 GET http://10.180.1.21/identity/v3/domains?name=Default 0.032s
2024-10-31 12:10:34.208 62227 INFO tempest.lib.common.rest_client [req-15e38fb3-6812-4df7-a88e-06f65c883082 req-15e38fb3-6812-4df7-a88e-06f65c883082 ] Request (InstanceUsageAuditLogTestJSON:setUpClass): 201 POST http://10.180.1.21/identity/v3/projects 0.047s
2024-10-31 12:10:34.273 62269 INFO tempest.lib.common.rest_client [req-3f395e16-a438-430b-bb3d-54846325d117 req-3f395e16-a438-430b-bb3d-54846325d117 ] Request (ServerGroupTestJSON:setUpClass): 201 POST http://10.180.1.21:9696/networking/v2.0/networks 1.089s
2024-10-31 12:10:34.277 62227 INFO tempest.lib.common.rest_client [req-174c41ac-e04a-4d28-bb09-ce941ecca2f9 req-174c41ac-e04a-4d28-bb09-ce941ecca2f9 ] Request (InstanceUsageAuditLogTestJSON:setUpClass): 201 POST http://10.180.1.21/identity/v3/users 0.068s
2024-10-31 12:10:34.300 62227 INFO tempest.lib.common.rest_client [req-16d95231-a7bb-43d0-8a46-b0e58c999996 req-16d95231-a7bb-43d0-8a46-b0e58c999996 ] Request (InstanceUsageAuditLogTestJSON:setUpClass): 200 GET http://10.180.1.21/identity/v3/roles 0.023s
2024-10-31 12:10:34.331 62227 INFO tempest.lib.common.rest_client [req-733d4c71-db81-4e63-8259-0fb17f70e45d req-733d4c71-db81-4e63-8259-0fb17f70e45d ] Request (InstanceUsageAuditLogTestJSON:setUpClass): 204 PUT http://10.180.1.21/identity/v3/projects/95268bb1dd0e49848432f9870bd70a25/users/8d36d6fd81064ec3bbbf87184634c833/roles/48aa00fdfa674049a06500df21c41cd7 0.030s
2024-10-31 12:10:34.331 62227 INFO tempest.lib.common.dynamic_creds [-] Dynamic test user 8d36d6fd81064ec3bbbf87184634c833 is created with scope project and roles: ['member']
2024-10-31 12:10:34.332 62227 INFO tempest.lib.common.dynamic_creds [-] Acquired dynamic creds: credentials: Credentials: {'domain_id': 'default', 'domain_name': 'Default', 'username': 'tempest-InstanceUsageAuditLogTestJSON-1436082506-project-member', 'project_domain_id': 'default', 'project_domain_name': 'Default', 'project_id': '95268bb1dd0e49848432f9870bd70a25', 'project_name': 'tempest-InstanceUsageAuditLogTestJSON-1436082506', 'tenant_id': '95268bb1dd0e49848432f9870bd70a25', 'tenant_name': 'tempest-InstanceUsageAuditLogTestJSON-1436082506', 'user_domain_id': 'default', 'user_domain_name': 'Default', 'user_id': '8d36d6fd81064ec3bbbf87184634c833', 'system': None}, Network: None, Subnet: None, Router: None
2024-10-31 12:10:34.332 62227 INFO tempest.lib.common.dynamic_creds [-] Created isolated network resources for: credentials: Credentials: {'domain_id': 'default', 'domain_name': 'Default', 'username': 'tempest-InstanceUsageAuditLogTestJSON-1436082506-project-member', 'project_domain_id': 'default', 'project_domain_name': 'Default', 'project_id': '95268bb1dd0e49848432f9870bd70a25', 'project_name': 'tempest-InstanceUsageAuditLogTestJSON-1436082506', 'tenant_id': '95268bb1dd0e49848432f9870bd70a25', 'tenant_name': 'tempest-InstanceUsageAuditLogTestJSON-1436082506', 'user_domain_id': 'default', 'user_domain_name': 'Default', 'user_id': '8d36d6fd81064ec3bbbf87184634c833', 'system': None}, Network: None, Subnet: None, Router: None
2024-10-31 12:10:34.355 62221 INFO tempest.lib.common.rest_client [req-d52dd6b7-c661-4d42-9aec-daf8c80806a4 req-d52dd6b7-c661-4d42-9aec-daf8c80806a4 ] Request (SecurityGroupRulesTestJSON:test_security_group_rules_create_with_optional_cidr): 200 POST http://10.180.1.21/compute/v2.1/os-security-group-rules 1.951s
2024-10-31 12:10:34.388 62207 INFO tempest.lib.common.rest_client [req-d6038c40-4437-47cb-ae3f-b7e0f1a9f5dc req-d6038c40-4437-47cb-ae3f-b7e0f1a9f5dc ] Request (SecurityGroupRulesNegativeTestJSON:test_create_security_group_rule_duplicate): 400 POST http://10.180.1.21/compute/v2.1/os-security-group-rules 1.271s
2024-10-31 12:10:34.390 62213 INFO tempest.lib.common.rest_client [req-2953bff4-6437-4ff5-a60c-2bcee4323072 req-2953bff4-6437-4ff5-a60c-2bcee4323072 ] Request (ServersAdminNegativeTestJSON:tearDownClass): 200 GET http://10.180.1.21:9696/networking/v2.0/security-groups?tenant_id=01faed7abf75415591c43407a1ea51c7&name=default 0.676s
2024-10-31 12:10:34.435 62227 INFO tempest.lib.common.rest_client [req-c8c4c420-7f9c-4d9b-a231-30d7c2d07ce4 req-c8c4c420-7f9c-4d9b-a231-30d7c2d07ce4 ] Request (InstanceUsageAuditLogTestJSON:setUpClass): 201 POST http://10.180.1.21/identity/v3/auth/tokens 0.097s
2024-10-31 12:10:34.453 62211 INFO tempest.lib.common.rest_client [req-f0cfc801-5404-4588-adbb-d565b29e9a12 req-f0cfc801-5404-4588-adbb-d565b29e9a12 ] Request (ImagesNegativeTestJSON:setUpClass): 200 PUT http://10.180.1.21:9696/networking/v2.0/routers/beb75b61-7ab3-4996-8e3d-ae882ea40ec0/add_router_interface 4.545s
2024-10-31 12:10:34.453 62211 INFO tempest.lib.common.dynamic_creds [-] Created isolated network resources for: credentials: Credentials: {'domain_id': 'default', 'domain_name': 'Default', 'username': 'tempest-ImagesNegativeTestJSON-2027549822-project-member', 'project_domain_id': 'default', 'project_domain_name': 'Default', 'project_id': '0a69b02d028a4a069ad5d7f80ccb527f', 'project_name': 'tempest-ImagesNegativeTestJSON-2027549822', 'tenant_id': '0a69b02d028a4a069ad5d7f80ccb527f', 'tenant_name': 'tempest-ImagesNegativeTestJSON-2027549822', 'user_domain_id': 'default', 'user_domain_name': 'Default', 'user_id': 'a05628d5d2d54088833dc99dd43fcfa8', 'system': None}, Network: {'id': 'ee2b1352-4cd3-4992-809b-d806adffe3d7', 'name': 'tempest-ImagesNegativeTestJSON-870618539-network', 'tenant_id': '0a69b02d028a4a069ad5d7f80ccb527f', 'admin_state_up': True, 'mtu': 8950, 'status': 'ACTIVE', 'subnets': [], 'shared': False, 'project_id': '0a69b02d028a4a069ad5d7f80ccb527f', 'port_security_enabled': True, 'router:external': False, 'provider:network_type': 'vlan', 'provider:physical_network': 'default', 'provider:segmentation_id': 109, 'availability_zone_hints': [], 'availability_zones': [], 'ipv4_address_scope': None, 'ipv6_address_scope': None, 'description': '', 'tags': [], 'created_at': '2024-10-31T12:10:24Z', 'updated_at': '2024-10-31T12:10:24Z', 'revision_number': 1}, Subnet: {'id': '8dd2d87c-db7e-4b01-aad8-be27fed3b315', 'name': 'tempest-ImagesNegativeTestJSON-870618539-subnet', 'tenant_id': '0a69b02d028a4a069ad5d7f80ccb527f', 'network_id': 'ee2b1352-4cd3-4992-809b-d806adffe3d7', 'ip_version': 4, 'subnetpool_id': None, 'enable_dhcp': True, 'ipv6_ra_mode': None, 'ipv6_address_mode': None, 'gateway_ip': '192.168.128.1', 'cidr': '192.168.128.0/28', 'allocation_pools': [{'start': '192.168.128.2', 'end': '192.168.128.14'}], 'host_routes': [], 'dns_nameservers': [], 'description': '', 'router:external': False, 'service_types': [], 'tags': [], 'created_at': '2024-10-31T12:10:26Z', 'updated_at': '2024-10-31T12:10:26Z', 'revision_number': 0, 'project_id': '0a69b02d028a4a069ad5d7f80ccb527f'}, Router: {'id': 'beb75b61-7ab3-4996-8e3d-ae882ea40ec0', 'name': 'tempest-ImagesNegativeTestJSON-870618539-router', 'tenant_id': '0a69b02d028a4a069ad5d7f80ccb527f', 'admin_state_up': True, 'status': 'ACTIVE', 'external_gateway_info': {'network_id': 'd4c5a448-32f1-42ab-a7f3-7169fef23477', 'external_fixed_ips': [{'subnet_id': 'd83715ed-4793-4657-8e80-a2bfb0858838', 'ip_address': '10.180.180.205'}], 'enable_snat': True}, 'description': '', 'availability_zones': [], 'distributed': False, 'ha': False, 'availability_zone_hints': [], 'routes': [], 'flavor_id': None, 'tags': [], 'created_at': '2024-10-31T12:10:26Z', 'updated_at': '2024-10-31T12:10:28Z', 'revision_number': 2, 'project_id': '0a69b02d028a4a069ad5d7f80ccb527f'}
2024-10-31 12:10:34.484 62267 INFO tempest.lib.common.rest_client [req-ce7a04fb-a256-46cf-b151-fe315dd09470 req-ce7a04fb-a256-46cf-b151-fe315dd09470 ] Request (ImagesOneServerNegativeTestJSON:setUpClass): 200 GET http://10.180.1.21/compute/v2.1/servers/6858305a-6ab4-401d-ad1f-e6d21117d9e3 1.275s
2024-10-31 12:10:34.508 62227 INFO tempest.lib.common.rest_client [req-84abc6d1-b31d-48c1-88af-d76ceb5f0a47 req-84abc6d1-b31d-48c1-88af-d76ceb5f0a47 ] Request (InstanceUsageAuditLogTestJSON:setUpClass): 201 POST http://10.180.1.21/identity/v3/projects 0.072s
2024-10-31 12:10:34.533 62249 INFO tempest.lib.common.rest_client [req-71fb6c06-4f4f-4886-b27f-ccfe0d2dafd5 req-71fb6c06-4f4f-4886-b27f-ccfe0d2dafd5 ] Request (KeyPairsV22TestJSON:test_get_keypair_detail): 201 POST http://10.180.1.21/compute/v2.1/os-keypairs 1.328s
2024-10-31 12:10:34.568 62227 INFO tempest.lib.common.rest_client [req-76dce608-ab7d-4bc1-9032-bb435c3a1d9b req-76dce608-ab7d-4bc1-9032-bb435c3a1d9b ] Request (InstanceUsageAuditLogTestJSON:setUpClass): 201 POST http://10.180.1.21/identity/v3/users 0.059s
2024-10-31 12:10:34.577 62211 INFO tempest.lib.common.rest_client [req-bee5d386-29dc-41f5-b5a5-f695654c99c8 req-bee5d386-29dc-41f5-b5a5-f695654c99c8 ] Request (ImagesNegativeTestJSON:setUpClass): 201 POST http://10.180.1.21/identity/v3/auth/tokens 0.120s
2024-10-31 12:10:34.583 62227 INFO tempest.lib.common.rest_client [req-122a0d5e-d35b-4fb8-9658-26c5c8514c41 req-122a0d5e-d35b-4fb8-9658-26c5c8514c41 ] Request (InstanceUsageAuditLogTestJSON:setUpClass): 200 GET http://10.180.1.21/identity/v3/roles 0.015s
2024-10-31 12:10:34.588 62229 INFO tempest.lib.common.rest_client [req-68896243-81bb-4615-85f0-77a82d441f4b req-68896243-81bb-4615-85f0-77a82d441f4b ] Request (FloatingIPDetailsNegativeTestJSON:tearDownClass): 204 DELETE http://10.180.1.21:9696/networking/v2.0/routers/4d510ec0-ed14-4bdc-893e-660fe6a5aeab 1.511s
2024-10-31 12:10:34.595 62213 INFO tempest.lib.common.rest_client [req-a6dcf2f1-f58f-465d-bfda-2f7b6e72ce83 req-a6dcf2f1-f58f-465d-bfda-2f7b6e72ce83 ] Request (ServersAdminNegativeTestJSON:tearDownClass): 204 DELETE http://10.180.1.21:9696/networking/v2.0/security-groups/285ad8d0-2301-4327-85be-460c18d508e6 0.204s
2024-10-31 12:10:34.613 62227 INFO tempest.lib.common.rest_client [req-5f67df92-51cb-465b-87be-73b2c3d2282a req-5f67df92-51cb-465b-87be-73b2c3d2282a ] Request (InstanceUsageAuditLogTestJSON:setUpClass): 204 PUT http://10.180.1.21/identity/v3/projects/6aa07df8b0ed41e39d62efef8c59bec9/users/4c88bdf22ee243cba7570e8a7205fa33/roles/2241628ce6574e15b9fc60a5ce14a715 0.029s
2024-10-31 12:10:34.628 62259 INFO tempest.lib.common.rest_client [req-80ee7947-a653-476f-a6de-ec776c28bde5 req-80ee7947-a653-476f-a6de-ec776c28bde5 ] Request (ListServersNegativeTestJSON:setUpClass): 200 GET http://10.180.1.21/compute/v2.1/servers/56b1ea80-3109-4212-959b-0e5fb2fc66d3 1.302s
2024-10-31 12:10:34.658 62211 INFO tempest.lib.common.rest_client [req-0a7ded54-7cc8-40bb-a610-cda9b59e914c req-0a7ded54-7cc8-40bb-a610-cda9b59e914c ] Request (ImagesNegativeTestJSON:test_create_image_from_deleted_server): 201 POST http://10.180.1.21/identity/v3/auth/tokens 0.078s
2024-10-31 12:10:34.659 62211 INFO tempest.lib.common.fixed_network [-] (ImagesNegativeTestJSON:test_create_image_from_deleted_server) Found network {'id': 'ee2b1352-4cd3-4992-809b-d806adffe3d7', 'name': 'tempest-ImagesNegativeTestJSON-870618539-network', 'tenant_id': '0a69b02d028a4a069ad5d7f80ccb527f', 'admin_state_up': True, 'mtu': 8950, 'status': 'ACTIVE', 'subnets': [], 'shared': False, 'project_id': '0a69b02d028a4a069ad5d7f80ccb527f', 'port_security_enabled': True, 'router:external': False, 'provider:network_type': 'vlan', 'provider:physical_network': 'default', 'provider:segmentation_id': 109, 'availability_zone_hints': [], 'availability_zones': [], 'ipv4_address_scope': None, 'ipv6_address_scope': None, 'description': '', 'tags': [], 'created_at': '2024-10-31T12:10:24Z', 'updated_at': '2024-10-31T12:10:24Z', 'revision_number': 1} available for tenant
2024-10-31 12:10:34.674 62227 INFO tempest.lib.common.rest_client [req-18364774-8eeb-409b-8002-0c60dd4d66f5 req-18364774-8eeb-409b-8002-0c60dd4d66f5 ] Request (InstanceUsageAuditLogTestJSON:setUpClass): 200 GET http://10.180.1.21/identity/v3/roles 0.060s
2024-10-31 12:10:34.695 62227 INFO tempest.lib.common.rest_client [req-4c8efcb0-5462-4ec4-932e-c68e5edc1647 req-4c8efcb0-5462-4ec4-932e-c68e5edc1647 ] Request (InstanceUsageAuditLogTestJSON:setUpClass): 204 PUT http://10.180.1.21/identity/v3/projects/6aa07df8b0ed41e39d62efef8c59bec9/users/4c88bdf22ee243cba7570e8a7205fa33/roles/2241628ce6574e15b9fc60a5ce14a715 0.021s
2024-10-31 12:10:34.696 62227 INFO tempest.lib.common.dynamic_creds [-] Dynamic test user 4c88bdf22ee243cba7570e8a7205fa33 is created with scope project and roles: ['admin']
2024-10-31 12:10:34.696 62227 INFO tempest.lib.common.dynamic_creds [-] Acquired dynamic creds: credentials: Credentials: {'domain_id': 'default', 'domain_name': 'Default', 'username': 'tempest-InstanceUsageAuditLogTestJSON-1580666616-project-admin', 'project_domain_id': 'default', 'project_domain_name': 'Default', 'project_id': '6aa07df8b0ed41e39d62efef8c59bec9', 'project_name': 'tempest-InstanceUsageAuditLogTestJSON-1580666616', 'tenant_id': '6aa07df8b0ed41e39d62efef8c59bec9', 'tenant_name': 'tempest-InstanceUsageAuditLogTestJSON-1580666616', 'user_domain_id': 'default', 'user_domain_name': 'Default', 'user_id': '4c88bdf22ee243cba7570e8a7205fa33', 'system': None}, Network: None, Subnet: None, Router: None
2024-10-31 12:10:34.696 62227 INFO tempest.lib.common.dynamic_creds [-] Created isolated network resources for: credentials: Credentials: {'domain_id': 'default', 'domain_name': 'Default', 'username': 'tempest-InstanceUsageAuditLogTestJSON-1580666616-project-admin', 'project_domain_id': 'default', 'project_domain_name': 'Default', 'project_id': '6aa07df8b0ed41e39d62efef8c59bec9', 'project_name': 'tempest-InstanceUsageAuditLogTestJSON-1580666616', 'tenant_id': '6aa07df8b0ed41e39d62efef8c59bec9', 'tenant_name': 'tempest-InstanceUsageAuditLogTestJSON-1580666616', 'user_domain_id': 'default', 'user_domain_name': 'Default', 'user_id': '4c88bdf22ee243cba7570e8a7205fa33', 'system': None}, Network: None, Subnet: None, Router: None
2024-10-31 12:10:34.709 62213 INFO tempest.lib.common.rest_client [req-669e65c5-a62a-4d98-8f94-64b71e16c460 req-669e65c5-a62a-4d98-8f94-64b71e16c460 ] Request (ServersAdminNegativeTestJSON:tearDownClass): 204 DELETE http://10.180.1.21/identity/v3/projects/01faed7abf75415591c43407a1ea51c7 0.114s
2024-10-31 12:10:34.709 62213 INFO tempest.lib.common.dynamic_creds [-] Deleting project and security group for project: 434f547698164b79a5f84f640c11494a
2024-10-31 12:10:34.715 62251 INFO tempest.lib.common.rest_client [req-062fd15b-b214-43ae-9287-be1583b66507 req-062fd15b-b214-43ae-9287-be1583b66507 ] Request (SecurityGroupsTestJSON:test_list_security_groups_by_server): 200 POST http://10.180.1.21/compute/v2.1/os-security-groups 1.398s
2024-10-31 12:10:34.731 62235 INFO tempest.lib.common.rest_client [req-23b1f192-ce63-493d-b704-18e40b377899 req-23b1f192-ce63-493d-b704-18e40b377899 ] Request (FlavorsAdminTestJSON:test_is_public_string_variations): 200 GET http://10.180.1.21/compute/v2.1/flavors/detail?is_public=0 1.031s
2024-10-31 12:10:34.761 62213 INFO tempest.lib.common.rest_client [req-21d130b4-fb3f-4ec1-a4b3-0b6b4e608064 req-21d130b4-fb3f-4ec1-a4b3-0b6b4e608064 ] Request (ServersAdminNegativeTestJSON:tearDownClass): 200 GET http://10.180.1.21:9696/networking/v2.0/security-groups?tenant_id=434f547698164b79a5f84f640c11494a&name=default 0.052s
2024-10-31 12:10:34.782 62227 INFO tempest.lib.common.rest_client [req-b82a81fb-16ee-412b-bef7-3dfb5c5f5181 req-b82a81fb-16ee-412b-bef7-3dfb5c5f5181 ] Request (InstanceUsageAuditLogTestJSON:setUpClass): 201 POST http://10.180.1.21/identity/v3/auth/tokens 0.083s
2024-10-31 12:10:34.817 62257 INFO tempest.lib.common.rest_client [req-34336501-f308-4272-9c31-a2c2ebc4c14b req-34336501-f308-4272-9c31-a2c2ebc4c14b ] Request (QuotasAdminTestV236:test_get_updated_quotas): 200 GET http://10.180.1.21/compute/v2.1/os-quota-sets/326355d858644f0e99100718045e1161?user_id=eaaad319700842b69d0b1e5cf956d94a 1.128s
2024-10-31 12:10:34.851 62217 INFO tempest.lib.common.rest_client [req-1f7f5498-a9d7-4801-8dc9-5936970377b3 req-1f7f5498-a9d7-4801-8dc9-5936970377b3 ] Request (FlavorsV2TestJSON:test_list_flavors_detailed_limit_results): 200 GET http://10.180.1.21/compute/v2.1/flavors/detail?limit=1 1.105s
2024-10-31 12:10:34.863 62251 INFO tempest.lib.common.rest_client [req-abe04430-4b96-4c61-b33c-dba4f6045024 req-abe04430-4b96-4c61-b33c-dba4f6045024 ] Request (SecurityGroupsTestJSON:test_list_security_groups_by_server): 201 POST http://10.180.1.21/identity/v3/auth/tokens 0.140s
2024-10-31 12:10:34.864 62251 INFO tempest.lib.common.fixed_network [-] (SecurityGroupsTestJSON:test_list_security_groups_by_server) Found network {'id': '896183e4-b0be-46a5-86ec-85415767ae5d', 'name': 'tempest-SecurityGroupsTestJSON-681071591-network', 'tenant_id': '871c1d0ed74c4c46861d512087263041', 'admin_state_up': True, 'mtu': 8950, 'status': 'ACTIVE', 'subnets': [], 'shared': False, 'project_id': '871c1d0ed74c4c46861d512087263041', 'port_security_enabled': True, 'router:external': False, 'provider:network_type': 'vlan', 'provider:physical_network': 'default', 'provider:segmentation_id': 908, 'availability_zone_hints': [], 'availability_zones': [], 'ipv4_address_scope': None, 'ipv6_address_scope': None, 'description': '', 'tags': [], 'created_at': '2024-10-31T12:10:21Z', 'updated_at': '2024-10-31T12:10:21Z', 'revision_number': 1} available for tenant
2024-10-31 12:10:34.871 62241 INFO tempest.lib.common.rest_client [req-330e73c5-48b4-40d0-bfad-637111ec4e0b req-330e73c5-48b4-40d0-bfad-637111ec4e0b ] Request (AttachInterfacesTestJSON:_run_cleanups): 202 DELETE http://10.180.1.21/compute/v2.1/os-keypairs/tempest-keypair-428729967 1.105s
2024-10-31 12:10:34.876 62255 INFO tempest.lib.common.rest_client [req-46acb26f-8e51-4dea-a0f0-6e8118c697e1 req-46acb26f-8e51-4dea-a0f0-6e8118c697e1 ] Request (AggregatesAdminNegativeTestJSON:_run_cleanups): 200 POST http://10.180.1.21/compute/v2.1/os-aggregates/7/action 1.152s
2024-10-31 12:10:34.925 62257 INFO tempest.lib.common.rest_client [req-2024dd18-377b-4e79-8d24-07354c893378 req-2024dd18-377b-4e79-8d24-07354c893378 ] Request (QuotasAdminTestV236:_run_cleanups): 204 DELETE http://10.180.1.21/identity/v3/users/eaaad319700842b69d0b1e5cf956d94a 0.105s
2024-10-31 12:10:34.933 62229 INFO tempest.lib.common.rest_client [req-29032b7e-7722-406b-badc-35d0cf89764d req-29032b7e-7722-406b-badc-35d0cf89764d ] Request (FloatingIPDetailsNegativeTestJSON:tearDownClass): 204 DELETE http://10.180.1.21:9696/networking/v2.0/subnets/8efb4639-459c-4ec1-a331-74cab9d81d8c 0.344s
2024-10-31 12:10:34.939 62213 INFO tempest.lib.common.rest_client [req-149a55c2-a012-4824-8574-98d051b01a80 req-149a55c2-a012-4824-8574-98d051b01a80 ] Request (ServersAdminNegativeTestJSON:tearDownClass): 204 DELETE http://10.180.1.21:9696/networking/v2.0/security-groups/3d6898fc-e0d7-4abc-a907-ba1257163ab8 0.177s
2024-10-31 12:10:35.044 62257 INFO tempest.lib.common.rest_client [req-4a93bfd2-43e5-4717-8eb9-d95d0367d656 req-4a93bfd2-43e5-4717-8eb9-d95d0367d656 ] Request (QuotasAdminTestV236:_run_cleanups): 204 DELETE http://10.180.1.21/identity/v3/projects/326355d858644f0e99100718045e1161 0.118s
2024-10-31 12:10:35.049 62213 INFO tempest.lib.common.rest_client [req-6cf98500-c3d9-4c13-bc92-e1bc4b784bb7 req-6cf98500-c3d9-4c13-bc92-e1bc4b784bb7 ] Request (ServersAdminNegativeTestJSON:tearDownClass): 204 DELETE http://10.180.1.21/identity/v3/projects/434f547698164b79a5f84f640c11494a 0.110s
2024-10-31 12:10:35.130 62241 INFO tempest.lib.common.rest_client [req-3f7e0e2e-b6d9-453e-9982-7dbf79f19880 req-3f7e0e2e-b6d9-453e-9982-7dbf79f19880 ] Request (AttachInterfacesTestJSON:_run_cleanups): 204 DELETE http://10.180.1.21:9696/networking/v2.0/security-groups/e5e5c2f8-bc1e-4583-bac4-969ae4d4da63 0.259s
2024-10-31 12:10:35.133 62213 INFO tempest.lib.common.rest_client [req-394d2c9f-64e6-4aaf-aacb-ba12337bf1d1 req-394d2c9f-64e6-4aaf-aacb-ba12337bf1d1 ] Request (KeyPairsV2TestJSON:setUpClass): 201 POST http://10.180.1.21/identity/v3/auth/tokens 0.079s
2024-10-31 12:10:35.152 62221 INFO tempest.lib.common.rest_client [req-3ef23b7f-e390-4334-a2f7-e48dde5439c4 req-3ef23b7f-e390-4334-a2f7-e48dde5439c4 ] Request (SecurityGroupRulesTestJSON:test_security_group_rules_create_with_optional_group_id): 200 POST http://10.180.1.21/compute/v2.1/os-security-groups 0.792s
2024-10-31 12:10:35.152 62207 INFO tempest.lib.common.rest_client [req-0d30369b-d14c-4916-b60d-f706f99ccd9c req-0d30369b-d14c-4916-b60d-f706f99ccd9c ] Request (SecurityGroupRulesNegativeTestJSON:_run_cleanups): 202 DELETE http://10.180.1.21/compute/v2.1/os-security-group-rules/95c70c50-a094-4adf-a5dd-27fbb533faee 0.763s
2024-10-31 12:10:35.152 62241 INFO tempest.lib.common.rest_client [req-9022bfe8-118e-498b-a65b-319940c97f1a req-9022bfe8-118e-498b-a65b-319940c97f1a ] Request (AttachInterfacesTestJSON:_run_cleanups): 404 GET http://10.180.1.21:9696/networking/v2.0/security-groups/e5e5c2f8-bc1e-4583-bac4-969ae4d4da63 0.020s
2024-10-31 12:10:35.167 62213 INFO tempest.lib.common.rest_client [req-c3e3e218-8116-4a1a-9b2b-0e24628b3f01 req-c3e3e218-8116-4a1a-9b2b-0e24628b3f01 ] Request (KeyPairsV2TestJSON:setUpClass): 201 POST http://10.180.1.21/identity/v3/auth/tokens 0.030s
2024-10-31 12:10:35.172 62249 INFO tempest.lib.common.rest_client [req-d4133b55-d3d6-4aca-84c7-186bd69cc337 req-d4133b55-d3d6-4aca-84c7-186bd69cc337 ] Request (KeyPairsV22TestJSON:test_get_keypair_detail): 200 GET http://10.180.1.21/compute/v2.1/os-keypairs/tempest-keypair-486025931 0.638s
2024-10-31 12:10:35.185 62213 INFO tempest.lib.common.rest_client [req-11283c7e-8bfa-4d69-a64f-6d3083019a42 req-11283c7e-8bfa-4d69-a64f-6d3083019a42 ] Request (KeyPairsV2TestJSON:setUpClass): 200 GET http://10.180.1.21/identity/v3/domains?name=Default 0.018s
2024-10-31 12:10:35.222 62213 INFO tempest.lib.common.rest_client [req-aaabc56b-da3f-4248-a9b1-0a2d55724bfb req-aaabc56b-da3f-4248-a9b1-0a2d55724bfb ] Request (KeyPairsV2TestJSON:setUpClass): 201 POST http://10.180.1.21/identity/v3/projects 0.036s
2024-10-31 12:10:35.230 62257 INFO tempest.lib.common.rest_client [req-f77277cf-b2f6-492c-b588-17c3a9482ee5 req-f77277cf-b2f6-492c-b588-17c3a9482ee5 ] Request (QuotasAdminTestV236:tearDownClass): 204 DELETE http://10.180.1.21/identity/v3/users/6c1a72be11254538bfd060b82bb611c1 0.131s
2024-10-31 12:10:35.244 62243 INFO tempest.lib.common.rest_client [req-8ae2b1c2-4066-4dc3-ace5-67b3bb07508b req-8ae2b1c2-4066-4dc3-ace5-67b3bb07508b ] Request (FloatingIPsAssociationTestJSON:setUpClass): 200 GET http://10.180.1.21/compute/v2.1/servers/7a7c98db-6ed4-4908-adc8-53347d693dca 0.829s
2024-10-31 12:10:35.305 62233 INFO tempest.lib.common.rest_client [req-e17d176e-f9f3-4bd6-82ea-b0df09ffbaf6 req-e17d176e-f9f3-4bd6-82ea-b0df09ffbaf6 ] Request (ServerDiagnosticsTest:test_get_server_diagnostics): 200 GET http://10.180.1.21/compute/v2.1/servers/2795b001-aaf2-4886-bba7-bd764c29638c 0.671s
2024-10-31 12:10:35.317 62213 INFO tempest.lib.common.rest_client [req-d283cb6c-4b79-4077-b0c1-f0d87cd14c42 req-d283cb6c-4b79-4077-b0c1-f0d87cd14c42 ] Request (KeyPairsV2TestJSON:setUpClass): 201 POST http://10.180.1.21/identity/v3/users 0.095s
2024-10-31 12:10:35.356 62231 INFO tempest.lib.common.rest_client [req-d63ace2f-fc90-4755-afc4-4a081dadb5f6 req-d63ace2f-fc90-4755-afc4-4a081dadb5f6 ] Request (VolumesAdminNegativeTest:test_update_attached_volume_with_nonexistent_volume_in_body): 200 GET http://10.180.1.21/compute/v2.1/servers/fb28710d-cd15-41d4-b7aa-8389093ea9a8 0.802s
2024-10-31 12:10:35.369 62257 INFO tempest.lib.common.rest_client [req-402b1c03-38b3-4323-a32f-b3264a8c8f46 req-402b1c03-38b3-4323-a32f-b3264a8c8f46 ] Request (QuotasAdminTestV236:tearDownClass): 204 DELETE http://10.180.1.21/identity/v3/users/2d5caf7df5114c67bf2eafdb170b8b3d 0.138s
2024-10-31 12:10:35.369 62257 INFO tempest.lib.common.dynamic_creds [-] Deleting project and security group for project: 061755aff51b4a40900d1e22e9ba5a31
2024-10-31 12:10:35.415 62253 INFO tempest.lib.common.rest_client [req-b65d3957-d0b1-4f1d-aaaa-8a34d0a49fb8 req-b65d3957-d0b1-4f1d-aaaa-8a34d0a49fb8 ] Request (DeleteServersAdminTestJSON:test_delete_server_while_in_error_state): 200 GET http://10.180.1.21/compute/v2.1/servers/107b6153-65ad-48e4-9810-113bfacdd3d6 0.691s
2024-10-31 12:10:35.421 62213 INFO tempest.lib.common.rest_client [req-1d17bec5-defe-4040-8ea7-2ffce7fc439e req-1d17bec5-defe-4040-8ea7-2ffce7fc439e ] Request (KeyPairsV2TestJSON:setUpClass): 200 GET http://10.180.1.21/identity/v3/roles 0.103s
2024-10-31 12:10:35.434 62235 INFO tempest.lib.common.rest_client [req-833ac316-cc17-4313-9b77-d9204fc27bef req-833ac316-cc17-4313-9b77-d9204fc27bef ] Request (FlavorsAdminTestJSON:test_is_public_string_variations): 200 GET http://10.180.1.21/compute/v2.1/flavors/detail?is_public=t 0.700s
2024-10-31 12:10:35.454 62257 INFO tempest.lib.common.rest_client [req-163c7b7a-005b-494b-8e68-d85b20e8f9a9 req-163c7b7a-005b-494b-8e68-d85b20e8f9a9 ] Request (QuotasAdminTestV236:tearDownClass): 201 POST http://10.180.1.21/identity/v3/auth/tokens 0.085s
2024-10-31 12:10:35.495 62213 INFO tempest.lib.common.rest_client [req-f48519d7-7b63-4e04-9288-d06f1d5df9e4 req-f48519d7-7b63-4e04-9288-d06f1d5df9e4 ] Request (KeyPairsV2TestJSON:setUpClass): 204 PUT http://10.180.1.21/identity/v3/projects/7643fe0b89aa48128fc27a3ca34ed70a/users/1894162ec7d244798435074401b7a037/roles/48aa00fdfa674049a06500df21c41cd7 0.073s
2024-10-31 12:10:35.495 62213 INFO tempest.lib.common.dynamic_creds [-] Dynamic test user 1894162ec7d244798435074401b7a037 is created with scope project and roles: ['member']
2024-10-31 12:10:35.495 62213 INFO tempest.lib.common.dynamic_creds [-] Acquired dynamic creds: credentials: Credentials: {'domain_id': 'default', 'domain_name': 'Default', 'username': 'tempest-KeyPairsV2TestJSON-195561079-project-member', 'project_domain_id': 'default', 'project_domain_name': 'Default', 'project_id': '7643fe0b89aa48128fc27a3ca34ed70a', 'project_name': 'tempest-KeyPairsV2TestJSON-195561079', 'tenant_id': '7643fe0b89aa48128fc27a3ca34ed70a', 'tenant_name': 'tempest-KeyPairsV2TestJSON-195561079', 'user_domain_id': 'default', 'user_domain_name': 'Default', 'user_id': '1894162ec7d244798435074401b7a037', 'system': None}, Network: None, Subnet: None, Router: None
2024-10-31 12:10:35.495 62213 INFO tempest.lib.common.dynamic_creds [-] Created isolated network resources for: credentials: Credentials: {'domain_id': 'default', 'domain_name': 'Default', 'username': 'tempest-KeyPairsV2TestJSON-195561079-project-member', 'project_domain_id': 'default', 'project_domain_name': 'Default', 'project_id': '7643fe0b89aa48128fc27a3ca34ed70a', 'project_name': 'tempest-KeyPairsV2TestJSON-195561079', 'tenant_id': '7643fe0b89aa48128fc27a3ca34ed70a', 'tenant_name': 'tempest-KeyPairsV2TestJSON-195561079', 'user_domain_id': 'default', 'user_domain_name': 'Default', 'user_id': '1894162ec7d244798435074401b7a037', 'system': None}, Network: None, Subnet: None, Router: None
2024-10-31 12:10:35.497 62241 INFO tempest.lib.common.rest_client [req-da2e698f-c769-4b28-80ab-a5f9fb4d5627 req-da2e698f-c769-4b28-80ab-a5f9fb4d5627 ] Request (AttachInterfacesTestJSON:_run_cleanups): 204 DELETE http://10.180.1.21:9696/networking/v2.0/floatingips/70a234b2-4713-40af-9c79-f836da942ed8 0.344s
2024-10-31 12:10:35.587 62269 INFO tempest.lib.common.rest_client [req-38033d5d-b227-41b5-9d4e-5bfc0998bb2d req-38033d5d-b227-41b5-9d4e-5bfc0998bb2d ] Request (ServerGroupTestJSON:setUpClass): 201 POST http://10.180.1.21:9696/networking/v2.0/subnets 1.314s
2024-10-31 12:10:35.617 62227 INFO tempest.lib.common.rest_client [req-98bc305a-805a-4ef7-8ef5-4bc05c438cb4 req-98bc305a-805a-4ef7-8ef5-4bc05c438cb4 ] Request (InstanceUsageAuditLogTestJSON:test_get_instance_usage_audit_log): 200 GET http://10.180.1.21/compute/v2.1/os-instance_usage_audit_log/2024-10-31%2012%3A10%3A34 0.833s
2024-10-31 12:10:35.629 62217 INFO tempest.lib.common.rest_client [req-c1928ace-38b7-4974-8009-51f9b36b0746 req-c1928ace-38b7-4974-8009-51f9b36b0746 ] Request (FlavorsV2TestJSON:test_list_flavors_detailed_using_marker): 200 GET http://10.180.1.21/compute/v2.1/flavors/42 0.772s
2024-10-31 12:10:35.652 62213 INFO tempest.lib.common.rest_client [req-4d4d55c8-7486-418c-9b46-f007ce98b8b6 req-4d4d55c8-7486-418c-9b46-f007ce98b8b6 ] Request (KeyPairsV2TestJSON:setUpClass): 201 POST http://10.180.1.21/identity/v3/auth/tokens 0.151s
2024-10-31 12:10:35.739 62245 INFO tempest.lib.common.rest_client [req-89499dba-023c-49af-a756-3ef82ee62c08 req-89499dba-023c-49af-a756-3ef82ee62c08 ] Request (ServerActionsTestOtherA:setUpClass): 201 POST http://10.180.1.21:9696/networking/v2.0/routers 3.843s
2024-10-31 12:10:35.983 62257 INFO tempest.lib.common.rest_client [req-0658514c-2aae-46cd-94dc-594cab885350 req-0658514c-2aae-46cd-94dc-594cab885350 ] Request (QuotasAdminTestV236:tearDownClass): 200 GET http://10.180.1.21:9696/networking/v2.0/security-groups?tenant_id=061755aff51b4a40900d1e22e9ba5a31&name=default 0.528s
2024-10-31 12:10:36.048 62211 INFO tempest.lib.common.rest_client [req-1298ac61-dbd9-4296-aa35-9e8045a3e631 req-1298ac61-dbd9-4296-aa35-9e8045a3e631 ] Request (ImagesNegativeTestJSON:test_create_image_from_deleted_server): 202 POST http://10.180.1.21/compute/v2.1/servers 1.389s
2024-10-31 12:10:36.101 62215 INFO tempest.lib.common.rest_client [req-13735989-0c77-410a-944c-0014f4b73bb8 req-13735989-0c77-410a-944c-0014f4b73bb8 ] Request (InstanceActionsV221TestJSON:setUpClass): 201 POST http://10.180.1.21:9696/networking/v2.0/routers 4.021s
2024-10-31 12:10:36.147 62247 INFO tempest.lib.common.rest_client [req-9da2ed0c-a5be-4025-8af3-c8abda4dd84a req-9da2ed0c-a5be-4025-8af3-c8abda4dd84a ] Request (ImagesTestJSON:test_create_image_from_stopped_server): 200 GET http://10.180.1.21/compute/v2.1/servers/d32a7937-792a-4959-bded-819463472399 1.273s
2024-10-31 12:10:36.175 62255 INFO tempest.lib.common.rest_client [req-ca934c0b-67b1-4051-97ee-e0a58d7e7ba7 req-ca934c0b-67b1-4051-97ee-e0a58d7e7ba7 ] Request (AggregatesAdminNegativeTestJSON:_run_cleanups): 200 DELETE http://10.180.1.21/compute/v2.1/os-aggregates/7 1.297s
2024-10-31 12:10:36.269 62223 INFO tempest.lib.common.rest_client [req-031ebfaf-d7bd-424f-96e6-f06f6cd6a91e req-031ebfaf-d7bd-424f-96e6-f06f6cd6a91e ] Request (VolumesAssistedSnapshotsTest:test_volume_assisted_snapshot_create_delete): 200 GET http://10.180.1.21/compute/v2.1/servers/96e5b238-aab4-4f75-abe8-f5a14b015099 1.300s
2024-10-31 12:10:36.306 62251 INFO tempest.lib.common.rest_client [req-90686ad8-0103-4bd2-9724-5982bdad2307 req-90686ad8-0103-4bd2-9724-5982bdad2307 ] Request (SecurityGroupsTestJSON:test_list_security_groups_by_server): 202 POST http://10.180.1.21/compute/v2.1/servers 1.440s
2024-10-31 12:10:36.331 62219 INFO tempest.lib.common.rest_client [req-03045f8f-5e7b-46e0-b82b-40b94f3472dd req-03045f8f-5e7b-46e0-b82b-40b94f3472dd ] Request (ServerRescueTestJSONUnderV235:setUpClass): 200 GET http://10.180.1.21/compute/v2.1/servers/24073cc5-cccd-4a1b-87d6-a8a6458251f9 1.272s
2024-10-31 12:10:36.403 62229 INFO tempest.lib.common.rest_client [req-b74619e7-4256-4754-b834-d5b3e53ee9c9 req-b74619e7-4256-4754-b834-d5b3e53ee9c9 ] Request (FloatingIPDetailsNegativeTestJSON:tearDownClass): 204 DELETE http://10.180.1.21:9696/networking/v2.0/networks/82599a69-083a-422e-9ecd-9fb9ca0665df 1.469s
2024-10-31 12:10:36.409 62261 INFO tempest.lib.common.rest_client [req-2b7c0503-983c-4344-b31c-9c37025bcb01 req-2b7c0503-983c-4344-b31c-9c37025bcb01 ] Request (QuotaClassesAdmin257Test:test_update_default_quotas): 200 GET http://10.180.1.21/compute/v2.1/os-quota-class-sets/default 1.293s
2024-10-31 12:10:36.487 62229 INFO tempest.lib.common.rest_client [req-ae95e781-47ba-436e-8786-5c3cb5a7c17e req-ae95e781-47ba-436e-8786-5c3cb5a7c17e ] Request (FloatingIPDetailsNegativeTestJSON:tearDownClass): 204 DELETE http://10.180.1.21/identity/v3/users/41dfe2f8f74748aabeb20c2fd8d4e79f 0.084s
2024-10-31 12:10:36.487 62229 INFO tempest.lib.common.dynamic_creds [-] Deleting project and security group for project: 959afb76d7e94b3ba45a145843101915
2024-10-31 12:10:36.494 62225 INFO tempest.lib.common.rest_client [req-d1dafc27-19e9-458f-8641-f8e70c5edf36 req-d1dafc27-19e9-458f-8641-f8e70c5edf36 ] Request (ServerDiagnosticsNegativeTest:test_get_server_diagnostics_by_non_admin): 200 GET http://10.180.1.21/compute/v2.1/servers/9e258f66-df7b-4acf-a066-ba66958a7861 1.332s
2024-10-31 12:10:36.611 62229 INFO tempest.lib.common.rest_client [req-8eee0035-820b-4ac5-b7f3-4b718132e82b req-8eee0035-820b-4ac5-b7f3-4b718132e82b ] Request (FloatingIPDetailsNegativeTestJSON:tearDownClass): 200 GET http://10.180.1.21:9696/networking/v2.0/security-groups?tenant_id=959afb76d7e94b3ba45a145843101915&name=default 0.123s
2024-10-31 12:10:36.629 62257 INFO tempest.lib.common.rest_client [req-41cfdc11-df70-4796-bcdc-e5af58a4eec9 req-41cfdc11-df70-4796-bcdc-e5af58a4eec9 ] Request (QuotasAdminTestV236:tearDownClass): 204 DELETE http://10.180.1.21:9696/networking/v2.0/security-groups/8622dc7f-b52f-487c-b47e-c62f9c9f6181 0.645s
2024-10-31 12:10:36.661 62207 INFO tempest.lib.common.rest_client [req-42329baf-9ed6-4862-9a8a-b24108356b13 req-42329baf-9ed6-4862-9a8a-b24108356b13 ] Request (SecurityGroupRulesNegativeTestJSON:test_create_security_group_rule_with_invalid_from_port): 200 POST http://10.180.1.21/compute/v2.1/os-security-groups 1.507s
2024-10-31 12:10:36.681 62249 INFO tempest.lib.common.rest_client [req-3e5a91eb-4dc8-42ce-b907-3b20c14a5579 req-3e5a91eb-4dc8-42ce-b907-3b20c14a5579 ] Request (KeyPairsV22TestJSON:_run_cleanups): 204 DELETE http://10.180.1.21/compute/v2.1/os-keypairs/tempest-keypair-486025931 1.504s
2024-10-31 12:10:36.697 62235 INFO tempest.lib.common.rest_client [req-6b425d45-da22-429a-a765-a1607c2b28a1 req-6b425d45-da22-429a-a765-a1607c2b28a1 ] Request (FlavorsAdminTestJSON:test_is_public_string_variations): 200 GET http://10.180.1.21/compute/v2.1/flavors/detail?is_public=true 1.252s
2024-10-31 12:10:36.752 62257 INFO tempest.lib.common.rest_client [req-f4272e80-0276-4cf7-9948-6166690c9dd3 req-f4272e80-0276-4cf7-9948-6166690c9dd3 ] Request (QuotasAdminTestV236:tearDownClass): 204 DELETE http://10.180.1.21/identity/v3/projects/061755aff51b4a40900d1e22e9ba5a31 0.123s
2024-10-31 12:10:36.753 62257 INFO tempest.lib.common.dynamic_creds [-] Deleting project and security group for project: ab30c41b87794690aeca7af126a1eec1
2024-10-31 12:10:36.954 62267 INFO tempest.lib.common.rest_client [req-b3f3307a-7d51-4f24-9f0f-bed07fab5def req-b3f3307a-7d51-4f24-9f0f-bed07fab5def ] Request (ImagesOneServerNegativeTestJSON:setUpClass): 200 GET http://10.180.1.21/compute/v2.1/servers/6858305a-6ab4-401d-ad1f-e6d21117d9e3 1.456s
2024-10-31 12:10:36.986 62241 INFO tempest.lib.common.rest_client [req-ff8a31af-18a0-4bf9-943e-33ed4d31a719 req-ff8a31af-18a0-4bf9-943e-33ed4d31a719 ] Request (ValidationResourcesFixture:setUp): 200 POST http://10.180.1.21/compute/v2.1/os-keypairs 1.477s
2024-10-31 12:10:37.000 62227 INFO tempest.lib.common.rest_client [req-54b6194f-d1dc-4743-b454-540ac7fc2ed9 req-54b6194f-d1dc-4743-b454-540ac7fc2ed9 ] Request (InstanceUsageAuditLogTestJSON:test_list_instance_usage_audit_logs): 200 GET http://10.180.1.21/compute/v2.1/os-instance_usage_audit_log 1.378s
2024-10-31 12:10:37.036 62217 INFO tempest.lib.common.rest_client [req-2166ee3a-594c-4d8c-a84a-e40dfded6294 req-2166ee3a-594c-4d8c-a84a-e40dfded6294 ] Request (FlavorsV2TestJSON:test_list_flavors_detailed_using_marker): 200 GET http://10.180.1.21/compute/v2.1/flavors/detail?marker=42 1.402s
2024-10-31 12:10:37.083 62221 INFO tempest.lib.common.rest_client [req-421d5550-3288-4b0e-a433-81138235e6c5 req-421d5550-3288-4b0e-a433-81138235e6c5 ] Request (SecurityGroupRulesTestJSON:test_security_group_rules_create_with_optional_group_id): 200 POST http://10.180.1.21/compute/v2.1/os-security-groups 1.927s
2024-10-31 12:10:37.121 62259 INFO tempest.lib.common.rest_client [req-726bda9c-d10a-4e83-98e5-dbf97b41a95b req-726bda9c-d10a-4e83-98e5-dbf97b41a95b ] Request (ListServersNegativeTestJSON:setUpClass): 200 GET http://10.180.1.21/compute/v2.1/servers/56b1ea80-3109-4212-959b-0e5fb2fc66d3 1.483s
2024-10-31 12:10:37.122 62229 INFO tempest.lib.common.rest_client [req-de62547d-6a0f-4d32-a017-2915e789c01a req-de62547d-6a0f-4d32-a017-2915e789c01a ] Request (FloatingIPDetailsNegativeTestJSON:tearDownClass): 204 DELETE http://10.180.1.21:9696/networking/v2.0/security-groups/703151e4-1ae3-4598-b4a3-676915fd6af9 0.510s
