2024-10-10 14:45:19.979 63462 INFO tempest.lib.common.rest_client [req-df927405-0da6-4a95-9625-83d92a82e6ab req-df927405-0da6-4a95-9625-83d92a82e6ab ] Request (InstanceUsageAuditLogNegativeTestJSON:setUpClass): 201 POST http://10.180.1.21/identity/v3/projects 0.058s
2024-10-10 14:45:19.997 63452 INFO tempest.lib.common.rest_client [req-8ac0593e-5c38-4c17-96be-633a8e4d07c1 req-8ac0593e-5c38-4c17-96be-633a8e4d07c1 ] Request (QuotasAdminTestV236:test_get_updated_quotas): 200 PUT http://10.180.1.21/compute/v2.1/os-quota-sets/548c111ce35740088faadfbfd60699e2 0.882s
2024-10-10 14:45:20.037 63468 INFO tempest.lib.common.rest_client [req-dee11072-1777-4172-8acd-7e12b49f4368 req-dee11072-1777-4172-8acd-7e12b49f4368 ] Request (QuotasAdminTestJSON:tearDownClass): 204 DELETE http://10.180.1.21/identity/v3/projects/b292ef5e17934a8e815d551ff09906ec 0.108s
2024-10-10 14:45:20.037 63468 INFO tempest.lib.common.dynamic_creds [-] Deleting project and security group for project: b8b0ba8c87a14556af418ef52272c83e
2024-10-10 14:45:20.046 63428 INFO tempest.lib.common.rest_client [req-b8f0a595-dd8e-41df-93ff-29059dea75d2 req-b8f0a595-dd8e-41df-93ff-29059dea75d2 ] Request (AZV2TestJSON:tearDownClass): 204 DELETE http://10.180.1.21:9696/networking/v2.0/security-groups/8fafd6fc-93a1-495f-9c9e-8f0815bab6fa 0.427s
2024-10-10 14:45:20.099 63470 INFO tempest.lib.common.rest_client [req-b9ac6a3c-6200-4315-a5ca-8494c01a0379 req-b9ac6a3c-6200-4315-a5ca-8494c01a0379 ] Request (SecurityGroupsNegativeTestJSON:setUpClass): 201 POST http://10.180.1.21:9696/networking/v2.0/networks 0.700s
2024-10-10 14:45:20.109 63462 INFO tempest.lib.common.rest_client [req-fe0bc624-0e33-4846-9255-fb362fc5d054 req-fe0bc624-0e33-4846-9255-fb362fc5d054 ] Request (InstanceUsageAuditLogNegativeTestJSON:setUpClass): 201 POST http://10.180.1.21/identity/v3/users 0.130s
2024-10-10 14:45:20.130 63462 INFO tempest.lib.common.rest_client [req-3b741901-c22d-4c8d-b447-3382acaab26e req-3b741901-c22d-4c8d-b447-3382acaab26e ] Request (InstanceUsageAuditLogNegativeTestJSON:setUpClass): 200 GET http://10.180.1.21/identity/v3/roles 0.020s
2024-10-10 14:45:20.136 63412 INFO tempest.lib.common.rest_client [req-0b720916-2190-4afe-839e-65c36e6c9713 req-0b720916-2190-4afe-839e-65c36e6c9713 ] Request (AggregatesAdminNegativeTestJSON:test_aggregate_remove_host_as_user): 200 POST http://10.180.1.21/compute/v2.1/os-aggregates/7/action 0.978s
2024-10-10 14:45:20.163 63428 INFO tempest.lib.common.rest_client [req-be5b327d-a2cc-4a66-861f-c39892b09789 req-be5b327d-a2cc-4a66-861f-c39892b09789 ] Request (AZV2TestJSON:tearDownClass): 204 DELETE http://10.180.1.21/identity/v3/projects/92e4fba304644e2f9c52f0850bf6df8b 0.116s
2024-10-10 14:45:20.188 63428 INFO tempest.lib.common.rest_client [req-35ee9ec3-c7a8-4e6b-b1b3-ae6478903823 req-35ee9ec3-c7a8-4e6b-b1b3-ae6478903823 ] Request (ListServerFiltersTestJSON:setUpClass): 201 POST http://10.180.1.21/identity/v3/auth/tokens 0.023s
2024-10-10 14:45:20.195 63462 INFO tempest.lib.common.rest_client [req-539420a3-85c7-4551-80e4-209b1f328a96 req-539420a3-85c7-4551-80e4-209b1f328a96 ] Request (InstanceUsageAuditLogNegativeTestJSON:setUpClass): 204 PUT http://10.180.1.21/identity/v3/projects/43348a631db54c49bbc0506101f7a60e/users/eab233827c6f471cb8615f25d211e1e5/roles/e42200c788b54814ab13ac6a38b8acd1 0.064s
2024-10-10 14:45:20.245 63462 INFO tempest.lib.common.rest_client [req-babe9e1d-1277-4914-8151-530eb31a24cb req-babe9e1d-1277-4914-8151-530eb31a24cb ] Request (InstanceUsageAuditLogNegativeTestJSON:setUpClass): 200 GET http://10.180.1.21/identity/v3/roles 0.049s
2024-10-10 14:45:20.250 63428 INFO tempest.lib.common.rest_client [req-b1d731bd-2b7e-4bbf-8f28-ad1f3d0fd60a req-b1d731bd-2b7e-4bbf-8f28-ad1f3d0fd60a ] Request (ListServerFiltersTestJSON:setUpClass): 201 POST http://10.180.1.21/identity/v3/auth/tokens 0.059s
2024-10-10 14:45:20.263 63462 INFO tempest.lib.common.rest_client [req-59b2143c-dfe6-4186-8c2e-476d4460ff3a req-59b2143c-dfe6-4186-8c2e-476d4460ff3a ] Request (InstanceUsageAuditLogNegativeTestJSON:setUpClass): 204 PUT http://10.180.1.21/identity/v3/projects/43348a631db54c49bbc0506101f7a60e/users/eab233827c6f471cb8615f25d211e1e5/roles/e42200c788b54814ab13ac6a38b8acd1 0.018s
2024-10-10 14:45:20.263 63462 INFO tempest.lib.common.dynamic_creds [-] Dynamic test user eab233827c6f471cb8615f25d211e1e5 is created with scope project and roles: ['admin']
2024-10-10 14:45:20.263 63462 INFO tempest.lib.common.dynamic_creds [-] Acquired dynamic creds: credentials: Credentials: {'domain_id': 'default', 'domain_name': 'Default', 'username': 'tempest-InstanceUsageAuditLogNegativeTestJSON-487576911-project-admin', 'project_domain_id': 'default', 'project_domain_name': 'Default', 'project_id': '43348a631db54c49bbc0506101f7a60e', 'project_name': 'tempest-InstanceUsageAuditLogNegativeTestJSON-487576911', 'tenant_id': '43348a631db54c49bbc0506101f7a60e', 'tenant_name': 'tempest-InstanceUsageAuditLogNegativeTestJSON-487576911', 'user_domain_id': 'default', 'user_domain_name': 'Default', 'user_id': 'eab233827c6f471cb8615f25d211e1e5', 'system': None}, Network: None, Subnet: None, Router: None
2024-10-10 14:45:20.263 63462 INFO tempest.lib.common.dynamic_creds [-] Created isolated network resources for: credentials: Credentials: {'domain_id': 'default', 'domain_name': 'Default', 'username': 'tempest-InstanceUsageAuditLogNegativeTestJSON-487576911-project-admin', 'project_domain_id': 'default', 'project_domain_name': 'Default', 'project_id': '43348a631db54c49bbc0506101f7a60e', 'project_name': 'tempest-InstanceUsageAuditLogNegativeTestJSON-487576911', 'tenant_id': '43348a631db54c49bbc0506101f7a60e', 'tenant_name': 'tempest-InstanceUsageAuditLogNegativeTestJSON-487576911', 'user_domain_id': 'default', 'user_domain_name': 'Default', 'user_id': 'eab233827c6f471cb8615f25d211e1e5', 'system': None}, Network: None, Subnet: None, Router: None
2024-10-10 14:45:20.272 63428 INFO tempest.lib.common.rest_client [req-0e916d93-6cde-4d58-9ace-6a4fc9a3fe57 req-0e916d93-6cde-4d58-9ace-6a4fc9a3fe57 ] Request (ListServerFiltersTestJSON:setUpClass): 200 GET http://10.180.1.21/identity/v3/domains?name=Default 0.022s
2024-10-10 14:45:20.320 63414 INFO tempest.lib.common.rest_client [req-d88b7404-284d-49df-a47b-c97453ce1751 req-d88b7404-284d-49df-a47b-c97453ce1751 ] Request (ListImageFiltersTestJSON:setUpClass): 200 GET http://10.180.1.21/compute/v2.1/servers/8fa60fe5-a397-4b57-bb18-f41c0029743b 1.087s
2024-10-10 14:45:20.342 63462 INFO tempest.lib.common.rest_client [req-2642cc3a-29a4-43f0-8fda-92dd6d822fb5 req-2642cc3a-29a4-43f0-8fda-92dd6d822fb5 ] Request (InstanceUsageAuditLogNegativeTestJSON:setUpClass): 201 POST http://10.180.1.21/identity/v3/auth/tokens 0.076s
2024-10-10 14:45:20.344 63428 INFO tempest.lib.common.rest_client [req-be883e18-a0f4-4359-be76-8f01cca4b056 req-be883e18-a0f4-4359-be76-8f01cca4b056 ] Request (ListServerFiltersTestJSON:setUpClass): 201 POST http://10.180.1.21/identity/v3/projects 0.071s
2024-10-10 14:45:20.408 63428 INFO tempest.lib.common.rest_client [req-c9080830-f8b9-415b-b660-6f9c3420cfdf req-c9080830-f8b9-415b-b660-6f9c3420cfdf ] Request (ListServerFiltersTestJSON:setUpClass): 201 POST http://10.180.1.21/identity/v3/users 0.064s
2024-10-10 14:45:20.412 63436 INFO tempest.lib.common.rest_client [req-9b1d06b3-031e-4beb-97ab-9bcbb372fc1c req-9b1d06b3-031e-4beb-97ab-9bcbb372fc1c ] Request (FloatingIPDetailsTestJSON:tearDownClass): 204 DELETE http://10.180.1.21:9696/networking/v2.0/routers/e562aa2e-bbc1-4674-88d7-f38b8f9a32aa 1.416s
2024-10-10 14:45:20.416 63426 INFO tempest.lib.common.rest_client [req-2249170f-91db-44d8-a748-cae49b37741e req-2249170f-91db-44d8-a748-cae49b37741e ] Request (ServersAdmin275Test:_run_cleanups): 200 GET http://10.180.1.21/compute/v2.1/servers/24ee74d8-33d2-4efa-97de-a642c89a3461 1.164s
2024-10-10 14:45:20.429 63426 INFO tempest.common.waiters [-] State transition "REBUILD/rebuilding" ==> "REBUILD/rebuild_spawning" after 4 second wait
2024-10-10 14:45:20.433 63428 INFO tempest.lib.common.rest_client [req-31560dc8-3fff-411c-9ff5-c4c0ec2425b1 req-31560dc8-3fff-411c-9ff5-c4c0ec2425b1 ] Request (ListServerFiltersTestJSON:setUpClass): 200 GET http://10.180.1.21/identity/v3/roles 0.024s
2024-10-10 14:45:20.466 63428 INFO tempest.lib.common.rest_client [req-31fb982b-032b-45e5-b73f-43dfd1838f11 req-31fb982b-032b-45e5-b73f-43dfd1838f11 ] Request (ListServerFiltersTestJSON:setUpClass): 204 PUT http://10.180.1.21/identity/v3/projects/52cea36517e548db8a19e0d9bd1e2381/users/4088b59ec3034a679e928ca63d0f20f1/roles/4016bce8fedc47c688dbced258ccb803 0.033s
2024-10-10 14:45:20.466 63428 INFO tempest.lib.common.dynamic_creds [-] Dynamic test user 4088b59ec3034a679e928ca63d0f20f1 is created with scope project and roles: ['member']
2024-10-10 14:45:20.467 63428 INFO tempest.lib.common.dynamic_creds [-] Acquired dynamic creds: credentials: Credentials: {'domain_id': 'default', 'domain_name': 'Default', 'username': 'tempest-ListServerFiltersTestJSON-81411072-project-member', 'project_domain_id': 'default', 'project_domain_name': 'Default', 'project_id': '52cea36517e548db8a19e0d9bd1e2381', 'project_name': 'tempest-ListServerFiltersTestJSON-81411072', 'tenant_id': '52cea36517e548db8a19e0d9bd1e2381', 'tenant_name': 'tempest-ListServerFiltersTestJSON-81411072', 'user_domain_id': 'default', 'user_domain_name': 'Default', 'user_id': '4088b59ec3034a679e928ca63d0f20f1', 'system': None}, Network: None, Subnet: None, Router: None
2024-10-10 14:45:20.500 63432 INFO tempest.lib.common.rest_client [req-a256a697-8c86-488c-af55-467a054f6de4 req-a256a697-8c86-488c-af55-467a054f6de4 ] Request (ServersTestManualDisk:setUpClass): 200 GET http://10.180.1.21/compute/v2.1/servers/dcea6ad2-4462-45d0-b66e-5b0dbbc02fa8 1.071s
2024-10-10 14:45:20.526 63424 INFO tempest.lib.common.rest_client [req-4fe49b67-0df0-40cb-bf58-3929745625e3 req-4fe49b67-0df0-40cb-bf58-3929745625e3 ] Request (ServersAdminNegativeTestJSON:setUpClass): 404 GET http://10.180.1.21/compute/v2.1/servers/18acf9cd-0661-48c0-8fd2-b80edba4dfa6 0.915s
2024-10-10 14:45:20.526 63424 INFO tempest.test [-] raised in ServersAdminNegativeTestJSON.setUpClass. Invoking tearDownClass.
2024-10-10 14:45:20.541 63428 INFO tempest.lib.common.rest_client [req-aea1c615-9327-4abf-9e6c-01948edabc1a req-aea1c615-9327-4abf-9e6c-01948edabc1a ] Request (ListServerFiltersTestJSON:setUpClass): 201 POST http://10.180.1.21/identity/v3/auth/tokens 0.074s
2024-10-10 14:45:20.577 63451 INFO tempest.lib.common.rest_client [req-1c4ac0a0-312c-48bd-bf9f-3afa053c81fe req-1c4ac0a0-312c-48bd-bf9f-3afa053c81fe ] Request (MigrationsAdminTest:test_list_migrations_in_flavor_resize_situation): 200 GET http://10.180.1.21/compute/v2.1/servers/e96543c8-dc4e-45b3-8ece-297ee6dbcedb 1.423s
2024-10-10 14:45:20.590 63458 INFO tempest.lib.common.rest_client [req-aba8eeef-ab02-4940-b0c0-f281118d859e req-aba8eeef-ab02-4940-b0c0-f281118d859e ] Request (FlavorsV2TestJSON:test_list_flavors_with_detail): 200 GET http://10.180.1.21/compute/v2.1/flavors/42 0.774s
2024-10-10 14:45:20.599 63468 INFO tempest.lib.common.rest_client [req-28940205-fa29-4934-9030-f3d03c3c4de4 req-28940205-fa29-4934-9030-f3d03c3c4de4 ] Request (QuotasAdminTestJSON:tearDownClass): 200 GET http://10.180.1.21:9696/networking/v2.0/security-groups?tenant_id=b8b0ba8c87a14556af418ef52272c83e&name=default 0.561s
2024-10-10 14:45:20.604 63430 INFO tempest.lib.common.rest_client [req-494fd222-6756-4459-9ada-246e1bccc9a9 req-494fd222-6756-4459-9ada-246e1bccc9a9 ] Request (ServerDiagnosticsNegativeTest:test_get_server_diagnostics_by_non_admin): 200 GET http://10.180.1.21/compute/v2.1/servers/652f4c1b-69b4-415d-ab14-bbf10043471d 0.983s
2024-10-10 14:45:20.608 63440 INFO tempest.lib.common.rest_client [req-8c5daaf1-b2e8-4144-9fd2-d01cd81583cd req-8c5daaf1-b2e8-4144-9fd2-d01cd81583cd ] Request (FlavorsAdminTestJSON:test_is_public_string_variations): 200 GET http://10.180.1.21/compute/v2.1/flavors/detail?is_public=t 0.693s
2024-10-10 14:45:20.634 63424 INFO tempest.lib.common.rest_client [req-3234d566-533d-4d75-a5a1-59e0a9ab96c1 req-3234d566-533d-4d75-a5a1-59e0a9ab96c1 ] Request (ServersAdminNegativeTestJSON:tearDownClass): 204 DELETE http://10.180.1.21/identity/v3/users/fffc81a470a543a7aeef1f6bae74e09d 0.103s
2024-10-10 14:45:20.702 63444 INFO tempest.lib.common.rest_client [req-84918629-0793-45ab-8a30-327e5ebc3f3a req-84918629-0793-45ab-8a30-327e5ebc3f3a ] Request (ServerAddressesTestJSON:setUpClass): 200 GET http://10.180.1.21/compute/v2.1/servers/7d227eb2-b270-4304-91ee-7ae20c33f633 0.744s
2024-10-10 14:45:20.721 63458 INFO tempest.lib.common.rest_client [req-a12aa64f-5caa-427b-854d-1cec18aea061 req-a12aa64f-5caa-427b-854d-1cec18aea061 ] Request (FlavorsV2TestJSON:tearDownClass): 204 DELETE http://10.180.1.21/identity/v3/users/fb5e83d2be0248c5bd97e502a1cc093e 0.124s
2024-10-10 14:45:20.721 63458 INFO tempest.lib.common.dynamic_creds [-] Deleting project and security group for project: b706fd1e17dd49418979575357d92a25
2024-10-10 14:45:20.728 63424 INFO tempest.lib.common.rest_client [req-bbfc7d20-5547-421a-8bda-a69ad92abbe0 req-bbfc7d20-5547-421a-8bda-a69ad92abbe0 ] Request (ServersAdminNegativeTestJSON:tearDownClass): 204 DELETE http://10.180.1.21/identity/v3/users/6d804ee4c58640baa45143130cbd9723 0.094s
2024-10-10 14:45:20.728 63424 INFO tempest.lib.common.dynamic_creds [-] Deleting project and security group for project: 248562f05fef4335a24ff4d93f2dbbc5
2024-10-10 14:45:20.782 63458 INFO tempest.lib.common.rest_client [req-bb24c962-6e02-4cf3-871f-35e4e256c659 req-bb24c962-6e02-4cf3-871f-35e4e256c659 ] Request (FlavorsV2TestJSON:tearDownClass): 201 POST http://10.180.1.21/identity/v3/auth/tokens 0.061s
2024-10-10 14:45:20.795 63472 INFO tempest.lib.common.rest_client [req-bdb23aec-91b3-4525-974a-806d8eca151b req-bdb23aec-91b3-4525-974a-806d8eca151b ] Request (DeleteServersTestJSON:test_delete_active_server): 200 GET http://10.180.1.21/compute/v2.1/servers/6d1c9a09-a5e6-4f2f-b79c-dde271b955f5 0.761s
2024-10-10 14:45:20.800 63416 INFO tempest.lib.common.rest_client [req-9158dbe2-2d40-409e-86bb-b4fe0315b623 req-9158dbe2-2d40-409e-86bb-b4fe0315b623 ] Request (ServersTestFqdnHostnames:setUpClass): 201 POST http://10.180.1.21:9696/networking/v2.0/routers 2.780s
2024-10-10 14:45:20.810 63424 INFO tempest.lib.common.rest_client [req-70d4246d-4513-443c-8dc9-1ed6a34e9613 req-70d4246d-4513-443c-8dc9-1ed6a34e9613 ] Request (ServersAdminNegativeTestJSON:tearDownClass): 201 POST http://10.180.1.21/identity/v3/auth/tokens 0.081s
2024-10-10 14:45:20.870 63452 INFO tempest.lib.common.rest_client [req-5648fef4-b326-43c4-8aa8-2ecdc6881356 req-5648fef4-b326-43c4-8aa8-2ecdc6881356 ] Request (QuotasAdminTestV236:test_get_updated_quotas): 200 GET http://10.180.1.21/compute/v2.1/os-quota-sets/548c111ce35740088faadfbfd60699e2/detail 0.871s
2024-10-10 14:45:20.904 63452 INFO tempest.lib.common.rest_client [req-595474bf-3fc1-4eeb-81f8-3acf458e07a2 req-595474bf-3fc1-4eeb-81f8-3acf458e07a2 ] Request (QuotasAdminTestV236:test_get_updated_quotas): 200 GET http://10.180.1.21/identity/v3/domains?name=Default 0.030s
2024-10-10 14:45:20.905 63412 INFO tempest.lib.common.rest_client [req-a419fd39-63af-4bf5-a468-5a397198c366 req-a419fd39-63af-4bf5-a468-5a397198c366 ] Request (AggregatesAdminNegativeTestJSON:test_aggregate_remove_host_as_user): 403 POST http://10.180.1.21/compute/v2.1/os-aggregates/7/action 0.766s
2024-10-10 14:45:20.921 63474 INFO tempest.lib.common.rest_client [req-fef3c204-0a59-4d57-b9bc-688d13752b6c req-fef3c204-0a59-4d57-b9bc-688d13752b6c ] Request (ServerExternalEventsTest:test_create_server_external_events): 200 GET http://10.180.1.21/compute/v2.1/servers/1561f155-ff79-4790-a164-43f08230e229 0.817s
2024-10-10 14:45:20.957 63452 INFO tempest.lib.common.rest_client [req-817c46e2-a773-4946-8e74-e940686e0150 req-817c46e2-a773-4946-8e74-e940686e0150 ] Request (QuotasAdminTestV236:test_get_updated_quotas): 201 POST http://10.180.1.21/identity/v3/users 0.051s
2024-10-10 14:45:20.979 63452 INFO tempest.lib.common.rest_client [req-7ae216ef-8f52-40cb-ad5d-54a9f7cad15a req-7ae216ef-8f52-40cb-ad5d-54a9f7cad15a ] Request (QuotasAdminTestV236:test_get_updated_quotas): 200 GET http://10.180.1.21/identity/v3/domains?name=Default 0.022s
2024-10-10 14:45:21.007 63434 INFO tempest.lib.common.rest_client [req-963541a8-d43e-46d1-8776-9a91647636c2 req-963541a8-d43e-46d1-8776-9a91647636c2 ] Request (InstanceActionsTestJSON:setUpClass): 200 GET http://10.180.1.21/compute/v2.1/servers/f33d2617-c4ef-4174-a838-ce0558867b9d 0.682s
2024-10-10 14:45:21.010 63448 INFO tempest.lib.common.rest_client [req-02cac55d-a523-48b3-aeea-37feb755e12a req-02cac55d-a523-48b3-aeea-37feb755e12a ] Request (VolumesAssistedSnapshotsTest:test_volume_assisted_snapshot_create_delete): 200 GET http://10.180.1.21/compute/v2.1/servers/16e6ac19-b902-4db9-b5a5-5e351cbb3dcf 0.744s
2024-10-10 14:45:21.017 63424 INFO tempest.lib.common.rest_client [req-c5197022-ee23-4aa4-9df6-0e6899872296 req-c5197022-ee23-4aa4-9df6-0e6899872296 ] Request (ServersAdminNegativeTestJSON:tearDownClass): 200 GET http://10.180.1.21:9696/networking/v2.0/security-groups?tenant_id=248562f05fef4335a24ff4d93f2dbbc5&name=default 0.206s
2024-10-10 14:45:21.037 63468 INFO tempest.lib.common.rest_client [req-3e50a400-7332-4ead-b95d-889017fcbe6a req-3e50a400-7332-4ead-b95d-889017fcbe6a ] Request (QuotasAdminTestJSON:tearDownClass): 204 DELETE http://10.180.1.21:9696/networking/v2.0/security-groups/2dc4fd3c-a85d-426e-983c-ccc89eb4f68d 0.437s
2024-10-10 14:45:21.046 63442 INFO tempest.lib.common.rest_client [req-2b99c573-ee29-4c88-b8b7-e658f1e904a8 req-2b99c573-ee29-4c88-b8b7-e658f1e904a8 ] Request (ImagesOneServerTestJSON:setUpClass): 201 POST http://10.180.1.21:9696/networking/v2.0/routers 2.626s
2024-10-10 14:45:21.051 63436 INFO tempest.lib.common.rest_client [req-20c6f876-711c-44f4-a0d2-d0348a771671 req-20c6f876-711c-44f4-a0d2-d0348a771671 ] Request (FloatingIPDetailsTestJSON:tearDownClass): 204 DELETE http://10.180.1.21:9696/networking/v2.0/subnets/c58d4382-d3a0-4186-9433-f6abcb01ef2c 0.638s
2024-10-10 14:45:21.097 63470 INFO tempest.lib.common.rest_client [req-d5aa0681-ba09-41c8-b939-1c28d2fa4b89 req-d5aa0681-ba09-41c8-b939-1c28d2fa4b89 ] Request (SecurityGroupsNegativeTestJSON:setUpClass): 201 POST http://10.180.1.21:9696/networking/v2.0/subnets 0.998s
2024-10-10 14:45:21.109 63468 INFO tempest.lib.common.rest_client [req-6e5fe959-7f6a-4bbf-9bcb-267ba361987e req-6e5fe959-7f6a-4bbf-9bcb-267ba361987e ] Request (QuotasAdminTestJSON:tearDownClass): 204 DELETE http://10.180.1.21/identity/v3/projects/b8b0ba8c87a14556af418ef52272c83e 0.071s
2024-10-10 14:45:21.117 63466 INFO tempest.lib.common.rest_client [req-ed184ed0-bf5f-4f8e-be05-b8bdcf987a56 req-ed184ed0-bf5f-4f8e-be05-b8bdcf987a56 ] Request (ServerActionsTestOtherA:setUpClass): 200 GET http://10.180.1.21/compute/v2.1/servers/3c50a11c-cab7-461f-9550-575c4f51a4e5 0.572s
2024-10-10 14:45:21.131 63462 INFO tempest.lib.common.rest_client [req-54b01f39-e55b-4cfc-af31-f4d025decca0 req-54b01f39-e55b-4cfc-af31-f4d025decca0 ] Request (InstanceUsageAuditLogNegativeTestJSON:test_get_instance_usage_audit_logs_with_invalid_time): 400 GET http://10.180.1.21/compute/v2.1/os-instance_usage_audit_log/invalid_time 0.788s
2024-10-10 14:45:21.149 63440 INFO tempest.lib.common.rest_client [req-889ea26c-7163-406f-a295-f4fb90b5adb4 req-889ea26c-7163-406f-a295-f4fb90b5adb4 ] Request (FlavorsAdminTestJSON:test_is_public_string_variations): 200 GET http://10.180.1.21/compute/v2.1/flavors/detail?is_public=true 0.534s
2024-10-10 14:45:21.189 63468 INFO tempest.lib.common.rest_client [req-4453b37d-301c-449d-a780-68bc523ee967 req-4453b37d-301c-449d-a780-68bc523ee967 ] Request (KeyPairsNegativeTestJSON:setUpClass): 201 POST http://10.180.1.21/identity/v3/auth/tokens 0.078s
2024-10-10 14:45:21.218 63468 INFO tempest.lib.common.rest_client [req-34215911-4f77-418e-a7c6-ad0e86dd83b9 req-34215911-4f77-418e-a7c6-ad0e86dd83b9 ] Request (KeyPairsNegativeTestJSON:setUpClass): 201 POST http://10.180.1.21/identity/v3/auth/tokens 0.027s
2024-10-10 14:45:21.229 63460 INFO tempest.lib.common.rest_client [req-c0016ee5-8582-473f-8f10-ff2c9348b6d9 req-c0016ee5-8582-473f-8f10-ff2c9348b6d9 ] Request (AttachInterfacesUnderV243Test:test_add_remove_fixed_ip): 200 GET http://10.180.1.21/compute/v2.1/servers/596f899b-18f2-42f0-968e-6e9159f1d4d6 0.520s
2024-10-10 14:45:21.231 63439 INFO tempest.lib.common.rest_client [req-a6bb68b0-6ff7-497c-908a-ecab86e3bc52 req-a6bb68b0-6ff7-497c-908a-ecab86e3bc52 ] Request (FloatingIPsAssociationTestJSON:setUpClass): 200 GET http://10.180.1.21/compute/v2.1/servers/9595c38c-3699-4b89-bf37-b2e435886878 0.560s
2024-10-10 14:45:21.242 63468 INFO tempest.lib.common.rest_client [req-70940185-dfa6-4ab1-8972-383ead05901e req-70940185-dfa6-4ab1-8972-383ead05901e ] Request (KeyPairsNegativeTestJSON:setUpClass): 200 GET http://10.180.1.21/identity/v3/domains?name=Default 0.023s
2024-10-10 14:45:21.287 63468 INFO tempest.lib.common.rest_client [req-6b9fa6a8-14e7-4c42-8151-f51d065af6d9 req-6b9fa6a8-14e7-4c42-8151-f51d065af6d9 ] Request (KeyPairsNegativeTestJSON:setUpClass): 201 POST http://10.180.1.21/identity/v3/projects 0.045s
2024-10-10 14:45:21.339 63454 INFO tempest.lib.common.rest_client [req-4a24c64c-78a4-4a6e-a533-ba71648afbe3 req-4a24c64c-78a4-4a6e-a533-ba71648afbe3 ] Request (DeleteServersAdminTestJSON:test_admin_delete_servers_of_others): 200 GET http://10.180.1.21/compute/v2.1/servers/380a6278-22d4-485b-b9cb-ccb1ac07d4a9 0.581s
2024-10-10 14:45:21.348 63458 INFO tempest.lib.common.rest_client [req-0181cf5c-06ff-454a-b55b-3901b3cf638b req-0181cf5c-06ff-454a-b55b-3901b3cf638b ] Request (FlavorsV2TestJSON:tearDownClass): 200 GET http://10.180.1.21:9696/networking/v2.0/security-groups?tenant_id=b706fd1e17dd49418979575357d92a25&name=default 0.565s
2024-10-10 14:45:21.347 63468 INFO tempest.lib.common.rest_client [req-849778cb-432f-4553-b66e-2eef84dbaf6e req-849778cb-432f-4553-b66e-2eef84dbaf6e ] Request (KeyPairsNegativeTestJSON:setUpClass): 201 POST http://10.180.1.21/identity/v3/users 0.059s
2024-10-10 14:45:21.363 63422 INFO tempest.lib.common.rest_client [req-ead11e7c-e326-42ee-92da-840d2c8ec7bc req-ead11e7c-e326-42ee-92da-840d2c8ec7bc ] Request (ServersWithSpecificFlavorTestJSON:test_verify_created_server_ephemeral_disk): 200 GET http://10.180.1.21/compute/v2.1/servers/edd63563-8fe3-4280-9300-8a11ba40ba68 0.567s
2024-10-10 14:45:21.372 63468 INFO tempest.lib.common.rest_client [req-b3dcac7b-f7ed-4341-92e9-d5e01ebb7cee req-b3dcac7b-f7ed-4341-92e9-d5e01ebb7cee ] Request (KeyPairsNegativeTestJSON:setUpClass): 200 GET http://10.180.1.21/identity/v3/roles 0.023s
2024-10-10 14:45:21.390 63428 INFO tempest.lib.common.rest_client [req-12301b93-4836-47a2-808d-3a4ce61bcc87 req-12301b93-4836-47a2-808d-3a4ce61bcc87 ] Request (ListServerFiltersTestJSON:setUpClass): 201 POST http://10.180.1.21:9696/networking/v2.0/networks 0.847s
2024-10-10 14:45:21.418 63468 INFO tempest.lib.common.rest_client [req-7229f46e-c218-4fc2-bf3e-4c043600d0d0 req-7229f46e-c218-4fc2-bf3e-4c043600d0d0 ] Request (KeyPairsNegativeTestJSON:setUpClass): 204 PUT http://10.180.1.21/identity/v3/projects/988f12a7711942e884078bb0b8205a8f/users/11a25812a5794049b75905d64eef28a4/roles/4016bce8fedc47c688dbced258ccb803 0.045s
2024-10-10 14:45:21.418 63468 INFO tempest.lib.common.dynamic_creds [-] Dynamic test user 11a25812a5794049b75905d64eef28a4 is created with scope project and roles: ['member']
2024-10-10 14:45:21.418 63468 INFO tempest.lib.common.dynamic_creds [-] Acquired dynamic creds: credentials: Credentials: {'domain_id': 'default', 'domain_name': 'Default', 'username': 'tempest-KeyPairsNegativeTestJSON-1418139463-project-member', 'project_domain_id': 'default', 'project_domain_name': 'Default', 'project_id': '988f12a7711942e884078bb0b8205a8f', 'project_name': 'tempest-KeyPairsNegativeTestJSON-1418139463', 'tenant_id': '988f12a7711942e884078bb0b8205a8f', 'tenant_name': 'tempest-KeyPairsNegativeTestJSON-1418139463', 'user_domain_id': 'default', 'user_domain_name': 'Default', 'user_id': '11a25812a5794049b75905d64eef28a4', 'system': None}, Network: None, Subnet: None, Router: None
2024-10-10 14:45:21.418 63468 INFO tempest.lib.common.dynamic_creds [-] Created isolated network resources for: credentials: Credentials: {'domain_id': 'default', 'domain_name': 'Default', 'username': 'tempest-KeyPairsNegativeTestJSON-1418139463-project-member', 'project_domain_id': 'default', 'project_domain_name': 'Default', 'project_id': '988f12a7711942e884078bb0b8205a8f', 'project_name': 'tempest-KeyPairsNegativeTestJSON-1418139463', 'tenant_id': '988f12a7711942e884078bb0b8205a8f', 'tenant_name': 'tempest-KeyPairsNegativeTestJSON-1418139463', 'user_domain_id': 'default', 'user_domain_name': 'Default', 'user_id': '11a25812a5794049b75905d64eef28a4', 'system': None}, Network: None, Subnet: None, Router: None
2024-10-10 14:45:21.463 63412 INFO tempest.lib.common.rest_client [req-fc9276b4-832c-49f9-ade5-8dc33a7c1ac5 req-fc9276b4-832c-49f9-ade5-8dc33a7c1ac5 ] Request (AggregatesAdminNegativeTestJSON:_run_cleanups): 200 POST http://10.180.1.21/compute/v2.1/os-aggregates/7/action 0.558s
2024-10-10 14:45:21.526 63456 INFO tempest.lib.common.rest_client [req-24372649-56c4-44e3-bd52-ecbb3c8e391a req-24372649-56c4-44e3-bd52-ecbb3c8e391a ] Request (ServersV294TestFqdnHostnames:setUpClass): 200 GET http://10.180.1.21/compute/v2.1/servers/0e0f0535-d539-4572-8752-e3e6a4b79b8c 0.617s
2024-10-10 14:45:21.538 63424 INFO tempest.lib.common.rest_client [req-2094bc29-a473-4d9a-be6c-2f82e9278d61 req-2094bc29-a473-4d9a-be6c-2f82e9278d61 ] Request (ServersAdminNegativeTestJSON:tearDownClass): 204 DELETE http://10.180.1.21:9696/networking/v2.0/security-groups/dc16a412-fb29-495c-a697-858869c542e7 0.521s
2024-10-10 14:45:21.539 63468 INFO tempest.lib.common.rest_client [req-d4fda4e2-eb0f-43f5-98c3-f03040272cef req-d4fda4e2-eb0f-43f5-98c3-f03040272cef ] Request (KeyPairsNegativeTestJSON:setUpClass): 201 POST http://10.180.1.21/identity/v3/auth/tokens 0.117s
2024-10-10 14:45:21.686 63462 INFO tempest.lib.common.rest_client [req-91bb9c2a-7b63-4b52-820a-b50442b9f1b4 req-91bb9c2a-7b63-4b52-820a-b50442b9f1b4 ] Request (InstanceUsageAuditLogNegativeTestJSON:test_instance_usage_audit_logs_with_nonadmin_user): 403 GET http://10.180.1.21/compute/v2.1/os-instance_usage_audit_log 0.552s
2024-10-10 14:45:21.703 63440 INFO tempest.lib.common.rest_client [req-334177be-03ec-4a7b-b6a1-6bb0ab36267d req-334177be-03ec-4a7b-b6a1-6bb0ab36267d ] Request (FlavorsAdminTestJSON:test_is_public_string_variations): 200 GET http://10.180.1.21/compute/v2.1/flavors/detail?is_public=yes 0.548s
2024-10-10 14:45:21.747 63452 INFO tempest.lib.common.rest_client [req-1cc888f8-3f43-466a-8e72-0074d5e3742b req-1cc888f8-3f43-466a-8e72-0074d5e3742b ] Request (QuotasAdminTestV236:test_get_updated_quotas): 200 PUT http://10.180.1.21/compute/v2.1/os-quota-sets/548c111ce35740088faadfbfd60699e2?user_id=ff3e369d6e534e3d9e443d20caa44524 0.767s
2024-10-10 14:45:21.782 63424 INFO tempest.lib.common.rest_client [req-f62ed038-1474-47ff-8ef0-2ca6ca4d16ff req-f62ed038-1474-47ff-8ef0-2ca6ca4d16ff ] Request (ServersAdminNegativeTestJSON:tearDownClass): 204 DELETE http://10.180.1.21/identity/v3/projects/248562f05fef4335a24ff4d93f2dbbc5 0.244s
2024-10-10 14:45:21.786 63424 INFO tempest.lib.common.dynamic_creds [-] Deleting project and security group for project: d893baff7431472a842243116ba6049c
2024-10-10 14:45:21.855 63418 INFO tempest.lib.common.rest_client [req-9f86252d-dbc8-496d-bb2f-9b36e1da261d req-9f86252d-dbc8-496d-bb2f-9b36e1da261d ] Request (ServerDiskConfigTestJSON:setUpClass): 201 POST http://10.180.1.21:9696/networking/v2.0/routers 2.946s
2024-10-10 14:45:21.907 63426 INFO tempest.lib.common.rest_client [req-35df1f7b-2153-4f44-8a03-77192c1802b0 req-35df1f7b-2153-4f44-8a03-77192c1802b0 ] Request (ServersAdmin275Test:_run_cleanups): 200 GET http://10.180.1.21/compute/v2.1/servers/24ee74d8-33d2-4efa-97de-a642c89a3461 0.477s
2024-10-10 14:45:21.931 63414 INFO tempest.lib.common.rest_client [req-c73d9f2a-709d-4d85-8fd8-af082de3fbb1 req-c73d9f2a-709d-4d85-8fd8-af082de3fbb1 ] Request (ListImageFiltersTestJSON:setUpClass): 200 GET http://10.180.1.21/compute/v2.1/servers/8fa60fe5-a397-4b57-bb18-f41c0029743b 0.597s
2024-10-10 14:45:21.946 63412 INFO tempest.lib.common.rest_client [req-e8eb4245-6f5c-47b9-ae45-062c3ffdfac8 req-e8eb4245-6f5c-47b9-ae45-062c3ffdfac8 ] Request (AggregatesAdminNegativeTestJSON:_run_cleanups): 200 DELETE http://10.180.1.21/compute/v2.1/os-aggregates/7 0.478s
2024-10-10 14:45:21.966 63436 INFO tempest.lib.common.rest_client [req-1b25c5b8-574b-414a-b2d0-5d6d12c509f6 req-1b25c5b8-574b-414a-b2d0-5d6d12c509f6 ] Request (FloatingIPDetailsTestJSON:tearDownClass): 204 DELETE http://10.180.1.21:9696/networking/v2.0/networks/213fe036-bb1c-43fd-90d4-b027d8cbfe80 0.914s
2024-10-10 14:45:22.061 63432 INFO tempest.lib.common.rest_client [req-fd0ecc2c-4cad-4d8e-8af5-a89d5bcde38a req-fd0ecc2c-4cad-4d8e-8af5-a89d5bcde38a ] Request (ServersTestManualDisk:setUpClass): 200 GET http://10.180.1.21/compute/v2.1/servers/dcea6ad2-4462-45d0-b66e-5b0dbbc02fa8 0.550s
2024-10-10 14:45:22.106 63468 INFO tempest.lib.common.rest_client [req-7d186d18-d4bf-4b16-a2e2-843f1bec6211 req-7d186d18-d4bf-4b16-a2e2-843f1bec6211 ] Request (KeyPairsNegativeTestJSON:test_create_keypair_invalid_name): 400 POST http://10.180.1.21/compute/v2.1/os-keypairs 0.565s
2024-10-10 14:45:22.156 63424 INFO tempest.lib.common.rest_client [req-562c6f6b-0220-43b9-9202-f8f5afefc5c8 req-562c6f6b-0220-43b9-9202-f8f5afefc5c8 ] Request (ServersAdminNegativeTestJSON:tearDownClass): 200 GET http://10.180.1.21:9696/networking/v2.0/security-groups?tenant_id=d893baff7431472a842243116ba6049c&name=default 0.369s
2024-10-10 14:45:22.157 63451 INFO tempest.lib.common.rest_client [req-5fdf5beb-bf70-4023-b162-f1e7e34b0877 req-5fdf5beb-bf70-4023-b162-f1e7e34b0877 ] Request (MigrationsAdminTest:test_list_migrations_in_flavor_resize_situation): 200 GET http://10.180.1.21/compute/v2.1/servers/e96543c8-dc4e-45b3-8ece-297ee6dbcedb 0.571s
2024-10-10 14:45:22.168 63462 INFO tempest.lib.common.rest_client [req-6cf416b9-7d3a-48a8-b70c-fb0910c94aae req-6cf416b9-7d3a-48a8-b70c-fb0910c94aae ] Request (InstanceUsageAuditLogNegativeTestJSON:test_instance_usage_audit_logs_with_nonadmin_user): 403 GET http://10.180.1.21/compute/v2.1/os-instance_usage_audit_log/2024-10-10%2014%3A45%3A21 0.482s
2024-10-10 14:45:22.171 63436 INFO tempest.lib.common.rest_client [req-5ea59986-3ac6-453e-862b-aa5ff77b2d11 req-5ea59986-3ac6-453e-862b-aa5ff77b2d11 ] Request (FloatingIPDetailsTestJSON:tearDownClass): 204 DELETE http://10.180.1.21/identity/v3/users/c9fd53acd4ee40568ac4ff3224c5b0f4 0.205s
2024-10-10 14:45:22.172 63436 INFO tempest.lib.common.dynamic_creds [-] Deleting project and security group for project: 7cef37c8b32647e29e6ef6857b73165f
2024-10-10 14:45:22.185 63440 INFO tempest.lib.common.rest_client [req-80de214b-b48b-4af5-a82e-50d1b3dd3214 req-80de214b-b48b-4af5-a82e-50d1b3dd3214 ] Request (FlavorsAdminTestJSON:test_is_public_string_variations): 200 GET http://10.180.1.21/compute/v2.1/flavors/detail?is_public=1 0.475s
2024-10-10 14:45:22.197 63430 INFO tempest.lib.common.rest_client [req-f8968453-7a03-4f59-8c33-865faeb5104e req-f8968453-7a03-4f59-8c33-865faeb5104e ] Request (ServerDiagnosticsNegativeTest:test_get_server_diagnostics_by_non_admin): 200 GET http://10.180.1.21/compute/v2.1/servers/652f4c1b-69b4-415d-ab14-bbf10043471d 0.584s
2024-10-10 14:45:22.207 63458 INFO tempest.lib.common.rest_client [req-7ee4e82f-1c79-42c8-84d0-d80553b06440 req-7ee4e82f-1c79-42c8-84d0-d80553b06440 ] Request (FlavorsV2TestJSON:tearDownClass): 204 DELETE http://10.180.1.21:9696/networking/v2.0/security-groups/5b211e29-a93d-4366-beee-85f0738e51ef 0.859s
2024-10-10 14:45:22.283 63444 INFO tempest.lib.common.rest_client [req-3c9ff65e-5817-40a2-a1bf-384c79c5799e req-3c9ff65e-5817-40a2-a1bf-384c79c5799e ] Request (ServerAddressesTestJSON:setUpClass): 200 GET http://10.180.1.21/compute/v2.1/servers/7d227eb2-b270-4304-91ee-7ae20c33f633 0.572s
2024-10-10 14:45:22.285 63462 INFO tempest.lib.common.rest_client [req-7be17d0f-8ca1-471d-bd1b-4e8e2e970d3d req-7be17d0f-8ca1-471d-bd1b-4e8e2e970d3d ] Request (InstanceUsageAuditLogNegativeTestJSON:tearDownClass): 204 DELETE http://10.180.1.21/identity/v3/users/ccaaeeaaee854dc6a61c6e3d89c4c8c1 0.115s
2024-10-10 14:45:22.291 63436 INFO tempest.lib.common.rest_client [req-cebc754b-ad79-4f3f-b31d-3e9a844390b1 req-cebc754b-ad79-4f3f-b31d-3e9a844390b1 ] Request (FloatingIPDetailsTestJSON:tearDownClass): 200 GET http://10.180.1.21:9696/networking/v2.0/security-groups?tenant_id=7cef37c8b32647e29e6ef6857b73165f&name=default 0.119s
2024-10-10 14:45:22.395 63472 INFO tempest.lib.common.rest_client [req-34c62560-8c6c-4ae4-b490-64b8adccbff1 req-34c62560-8c6c-4ae4-b490-64b8adccbff1 ] Request (DeleteServersTestJSON:test_delete_active_server): 200 GET http://10.180.1.21/compute/v2.1/servers/6d1c9a09-a5e6-4f2f-b79c-dde271b955f5 0.588s
2024-10-10 14:45:22.431 63458 INFO tempest.lib.common.rest_client [req-d0a2564e-7a0a-4bd6-9b7f-4e7208b34efd req-d0a2564e-7a0a-4bd6-9b7f-4e7208b34efd ] Request (FlavorsV2TestJSON:tearDownClass): 204 DELETE http://10.180.1.21/identity/v3/projects/b706fd1e17dd49418979575357d92a25 0.223s
2024-10-10 14:45:22.499 63452 INFO tempest.lib.common.rest_client [req-b1d3ba6d-b257-42b9-b761-aaa0b11faeee req-b1d3ba6d-b257-42b9-b761-aaa0b11faeee ] Request (QuotasAdminTestV236:test_get_updated_quotas): 200 GET http://10.180.1.21/compute/v2.1/os-quota-sets/548c111ce35740088faadfbfd60699e2?user_id=ff3e369d6e534e3d9e443d20caa44524 0.751s
2024-10-10 14:45:22.509 63474 INFO tempest.lib.common.rest_client [req-412b54a7-730f-41ac-bc8e-ddba37f15156 req-412b54a7-730f-41ac-bc8e-ddba37f15156 ] Request (ServerExternalEventsTest:test_create_server_external_events): 200 GET http://10.180.1.21/compute/v2.1/servers/1561f155-ff79-4790-a164-43f08230e229 0.576s
2024-10-10 14:45:22.526 63458 INFO tempest.lib.common.rest_client [req-4af14aef-40e7-425d-b335-2b040ec20e9d req-4af14aef-40e7-425d-b335-2b040ec20e9d ] Request (InstanceActionsV221TestJSON:setUpClass): 201 POST http://10.180.1.21/identity/v3/auth/tokens 0.093s
2024-10-10 14:45:22.550 63412 INFO tempest.lib.common.rest_client [req-512a6828-327b-432f-a2b6-e2d204afb04e req-512a6828-327b-432f-a2b6-e2d204afb04e ] Request (AggregatesAdminNegativeTestJSON:test_aggregate_remove_nonexistent_host): 200 POST http://10.180.1.21/compute/v2.1/os-aggregates 0.601s
2024-10-10 14:45:22.647 63462 INFO tempest.lib.common.rest_client [req-0327eadf-ddab-49e6-9d45-670797e3de9b req-0327eadf-ddab-49e6-9d45-670797e3de9b ] Request (InstanceUsageAuditLogNegativeTestJSON:tearDownClass): 204 DELETE http://10.180.1.21/identity/v3/users/eab233827c6f471cb8615f25d211e1e5 0.361s
2024-10-10 14:45:22.647 63462 INFO tempest.lib.common.dynamic_creds [-] Deleting project and security group for project: 43348a631db54c49bbc0506101f7a60e
2024-10-10 14:45:22.649 63448 INFO tempest.lib.common.rest_client [req-181405cb-fa00-40d4-85c6-51e758306264 req-181405cb-fa00-40d4-85c6-51e758306264 ] Request (VolumesAssistedSnapshotsTest:test_volume_assisted_snapshot_create_delete): 200 GET http://10.180.1.21/compute/v2.1/servers/16e6ac19-b902-4db9-b5a5-5e351cbb3dcf 0.631s
2024-10-10 14:45:22.674 63428 INFO tempest.lib.common.rest_client [req-93720075-892a-423b-9bb2-c43859cb6898 req-93720075-892a-423b-9bb2-c43859cb6898 ] Request (ListServerFiltersTestJSON:setUpClass): 201 POST http://10.180.1.21:9696/networking/v2.0/subnets 1.283s
2024-10-10 14:45:22.675 63428 INFO tempest.lib.common.dynamic_creds [-] Created isolated network resources for: credentials: Credentials: {'domain_id': 'default', 'domain_name': 'Default', 'username': 'tempest-ListServerFiltersTestJSON-81411072-project-member', 'project_domain_id': 'default', 'project_domain_name': 'Default', 'project_id': '52cea36517e548db8a19e0d9bd1e2381', 'project_name': 'tempest-ListServerFiltersTestJSON-81411072', 'tenant_id': '52cea36517e548db8a19e0d9bd1e2381', 'tenant_name': 'tempest-ListServerFiltersTestJSON-81411072', 'user_domain_id': 'default', 'user_domain_name': 'Default', 'user_id': '4088b59ec3034a679e928ca63d0f20f1', 'system': None}, Network: {'id': 'f9e020ae-e0e6-4517-ac41-9ff043265e54', 'name': 'tempest-ListServerFiltersTestJSON-738680390-network', 'tenant_id': '52cea36517e548db8a19e0d9bd1e2381', 'admin_state_up': True, 'mtu': 8950, 'status': 'ACTIVE', 'subnets': [], 'shared': False, 'project_id': '52cea36517e548db8a19e0d9bd1e2381', 'port_security_enabled': True, 'router:external': False, 'provider:network_type': 'vlan', 'provider:physical_network': 'default', 'provider:segmentation_id': 872, 'is_default': False, 'availability_zone_hints': [], 'availability_zones': [], 'ipv4_address_scope': None, 'ipv6_address_scope': None, 'description': '', 'tags': [], 'created_at': '2024-10-10T14:45:21Z', 'updated_at': '2024-10-10T14:45:21Z', 'revision_number': 1}, Subnet: {'id': '458840a5-1740-4aa7-bc7d-8814a3b75939', 'name': 'tempest-ListServerFiltersTestJSON-738680390-subnet', 'tenant_id': '52cea36517e548db8a19e0d9bd1e2381', 'network_id': 'f9e020ae-e0e6-4517-ac41-9ff043265e54', 'ip_version': 4, 'subnetpool_id': None, 'enable_dhcp': True, 'ipv6_ra_mode': None, 'ipv6_address_mode': None, 'gateway_ip': '192.168.128.1', 'cidr': '192.168.128.0/28', 'allocation_pools': [{'start': '192.168.128.2', 'end': '192.168.128.14'}], 'host_routes': [], 'dns_nameservers': [], 'description': '', 'router:external': False, 'service_types': [], 'tags': [], 'created_at': '2024-10-10T14:45:21Z', 'updated_at': '2024-10-10T14:45:21Z', 'revision_number': 0, 'project_id': '52cea36517e548db8a19e0d9bd1e2381'}, Router: None
2024-10-10 14:45:22.744 63468 INFO tempest.lib.common.rest_client [req-45f20ac9-5b31-409b-a865-1e2a5090046b req-45f20ac9-5b31-409b-a865-1e2a5090046b ] Request (KeyPairsNegativeTestJSON:test_create_keypair_when_public_key_bits_exceeds_maximum): 400 POST http://10.180.1.21/compute/v2.1/os-keypairs 0.636s
2024-10-10 14:45:22.749 63458 INFO tempest.lib.common.rest_client [req-43a80195-eef8-40aa-b1fb-bf1c861495a5 req-43a80195-eef8-40aa-b1fb-bf1c861495a5 ] Request (InstanceActionsV221TestJSON:setUpClass): 201 POST http://10.180.1.21/identity/v3/auth/tokens 0.218s
2024-10-10 14:45:22.801 63452 INFO tempest.lib.common.rest_client [req-9b99c132-e047-4d86-bf8c-d4f4ff302ec1 req-9b99c132-e047-4d86-bf8c-d4f4ff302ec1 ] Request (QuotasAdminTestV236:_run_cleanups): 204 DELETE http://10.180.1.21/identity/v3/users/ff3e369d6e534e3d9e443d20caa44524 0.296s
2024-10-10 14:45:22.834 63424 INFO tempest.lib.common.rest_client [req-b9016e20-e807-4df0-8671-5178060472ea req-b9016e20-e807-4df0-8671-5178060472ea ] Request (ServersAdminNegativeTestJSON:tearDownClass): 204 DELETE http://10.180.1.21:9696/networking/v2.0/security-groups/bda0de12-7eed-4760-91b8-6c9fe8368d0d 0.677s
2024-10-10 14:45:22.845 63434 INFO tempest.lib.common.rest_client [req-8336acd7-d1be-4d9f-95ac-2e3110e8d8e5 req-8336acd7-d1be-4d9f-95ac-2e3110e8d8e5 ] Request (InstanceActionsTestJSON:setUpClass): 200 GET http://10.180.1.21/compute/v2.1/servers/f33d2617-c4ef-4174-a838-ce0558867b9d 0.825s
2024-10-10 14:45:22.847 63466 INFO tempest.lib.common.rest_client [req-e1a2d5df-8d4c-41cb-83c3-6b11109550bf req-e1a2d5df-8d4c-41cb-83c3-6b11109550bf ] Request (ServerActionsTestOtherA:setUpClass): 200 GET http://10.180.1.21/compute/v2.1/servers/3c50a11c-cab7-461f-9550-575c4f51a4e5 0.720s
2024-10-10 14:45:22.864 63462 INFO tempest.lib.common.rest_client [req-30e4b401-bb8e-4276-812f-90c7139e2e03 req-30e4b401-bb8e-4276-812f-90c7139e2e03 ] Request (InstanceUsageAuditLogNegativeTestJSON:tearDownClass): 201 POST http://10.180.1.21/identity/v3/auth/tokens 0.217s
2024-10-10 14:45:22.881 63440 INFO tempest.lib.common.rest_client [req-0323f046-4ea6-41e0-974c-13319c5e53e0 req-0323f046-4ea6-41e0-974c-13319c5e53e0 ] Request (FlavorsAdminTestJSON:_run_cleanups): 202 DELETE http://10.180.1.21/compute/v2.1/flavors/1563938928 0.691s
2024-10-10 14:45:22.886 63428 INFO tempest.lib.common.rest_client [req-c163f38a-283f-4c4d-8705-7e1acbe95ca5 req-c163f38a-283f-4c4d-8705-7e1acbe95ca5 ] Request (ListServerFiltersTestJSON:setUpClass): 201 POST http://10.180.1.21/identity/v3/auth/tokens 0.206s
2024-10-10 14:45:22.918 63458 INFO tempest.lib.common.rest_client [req-a17a58ea-c3ad-4312-b79a-56e865bd4414 req-a17a58ea-c3ad-4312-b79a-56e865bd4414 ] Request (InstanceActionsV221TestJSON:setUpClass): 200 GET http://10.180.1.21/identity/v3/domains?name=Default 0.167s
2024-10-10 14:45:22.949 63439 INFO tempest.lib.common.rest_client [req-4875ab50-9466-41ef-8e00-b5f811f03fa6 req-4875ab50-9466-41ef-8e00-b5f811f03fa6 ] Request (FloatingIPsAssociationTestJSON:setUpClass): 200 GET http://10.180.1.21/compute/v2.1/servers/9595c38c-3699-4b89-bf37-b2e435886878 0.701s
2024-10-10 14:45:22.952 63436 INFO tempest.lib.common.rest_client [req-eb5755b7-4f49-448e-b0ef-b5e35bdf567d req-eb5755b7-4f49-448e-b0ef-b5e35bdf567d ] Request (FloatingIPDetailsTestJSON:tearDownClass): 204 DELETE http://10.180.1.21:9696/networking/v2.0/security-groups/acdd2ed3-d280-4034-aaa3-3d6713e619b4 0.660s
2024-10-10 14:45:22.965 63460 INFO tempest.lib.common.rest_client [req-158b74ec-10a8-463e-b1dd-e2148de8f031 req-158b74ec-10a8-463e-b1dd-e2148de8f031 ] Request (AttachInterfacesUnderV243Test:test_add_remove_fixed_ip): 200 GET http://10.180.1.21/compute/v2.1/servers/596f899b-18f2-42f0-968e-6e9159f1d4d6 0.719s
2024-10-10 14:45:22.997 63424 INFO tempest.lib.common.rest_client [req-862d2ade-2791-497a-a32e-287966969eab req-862d2ade-2791-497a-a32e-287966969eab ] Request (ServersAdminNegativeTestJSON:tearDownClass): 204 DELETE http://10.180.1.21/identity/v3/projects/d893baff7431472a842243116ba6049c 0.162s
2024-10-10 14:45:23.016 63454 INFO tempest.lib.common.rest_client [req-1948d7bd-e98c-4679-a525-6021a8bb1659 req-1948d7bd-e98c-4679-a525-6021a8bb1659 ] Request (DeleteServersAdminTestJSON:test_admin_delete_servers_of_others): 200 GET http://10.180.1.21/compute/v2.1/servers/380a6278-22d4-485b-b9cb-ccb1ac07d4a9 0.666s
2024-10-10 14:45:23.024 63454 INFO tempest.common.waiters [-] State transition "BUILD/spawning" ==> "ERROR/None" after 37 second wait
2024-10-10 14:45:23.032 63452 INFO tempest.lib.common.rest_client [req-755f8be1-e249-42c7-a1bb-fcddf605d8db req-755f8be1-e249-42c7-a1bb-fcddf605d8db ] Request (QuotasAdminTestV236:_run_cleanups): 204 DELETE http://10.180.1.21/identity/v3/projects/548c111ce35740088faadfbfd60699e2 0.231s
2024-10-10 14:45:23.044 63412 INFO tempest.lib.common.rest_client [req-30f01167-b038-4dc0-9148-8e71760433cf req-30f01167-b038-4dc0-9148-8e71760433cf ] Request (AggregatesAdminNegativeTestJSON:test_aggregate_remove_nonexistent_host): 404 POST http://10.180.1.21/compute/v2.1/os-aggregates/8/action 0.491s
2024-10-10 14:45:23.069 63422 INFO tempest.lib.common.rest_client [req-5a6fded7-bb5b-4967-8752-aca14d1f9fa7 req-5a6fded7-bb5b-4967-8752-aca14d1f9fa7 ] Request (ServersWithSpecificFlavorTestJSON:test_verify_created_server_ephemeral_disk): 200 GET http://10.180.1.21/compute/v2.1/servers/edd63563-8fe3-4280-9300-8a11ba40ba68 0.693s
2024-10-10 14:45:23.098 63428 INFO tempest.lib.common.rest_client [req-7848966b-7504-4fc3-ba0a-8ff21be1607b req-7848966b-7504-4fc3-ba0a-8ff21be1607b ] Request (ListServerFiltersTestJSON:setUpClass): 201 POST http://10.180.1.21/identity/v3/auth/tokens 0.207s
2024-10-10 14:45:23.098 63428 INFO tempest.lib.common.fixed_network [-] (ListServerFiltersTestJSON:setUpClass) Found network {'id': 'f9e020ae-e0e6-4517-ac41-9ff043265e54', 'name': 'tempest-ListServerFiltersTestJSON-738680390-network', 'tenant_id': '52cea36517e548db8a19e0d9bd1e2381', 'admin_state_up': True, 'mtu': 8950, 'status': 'ACTIVE', 'subnets': [], 'shared': False, 'project_id': '52cea36517e548db8a19e0d9bd1e2381', 'port_security_enabled': True, 'router:external': False, 'provider:network_type': 'vlan', 'provider:physical_network': 'default', 'provider:segmentation_id': 872, 'is_default': False, 'availability_zone_hints': [], 'availability_zones': [], 'ipv4_address_scope': None, 'ipv6_address_scope': None, 'description': '', 'tags': [], 'created_at': '2024-10-10T14:45:21Z', 'updated_at': '2024-10-10T14:45:21Z', 'revision_number': 1} available for tenant
2024-10-10 14:45:23.114 63468 INFO tempest.lib.common.rest_client [req-a856d0d1-d51f-4117-8ed7-b3234b975409 req-a856d0d1-d51f-4117-8ed7-b3234b975409 ] Request (KeyPairsNegativeTestJSON:test_create_keypair_with_duplicate_name): 200 POST http://10.180.1.21/compute/v2.1/os-keypairs 0.367s
2024-10-10 14:45:23.119 63456 INFO tempest.lib.common.rest_client [req-886109be-a826-4aee-bb39-40b13f116642 req-886109be-a826-4aee-bb39-40b13f116642 ] Request (ServersV294TestFqdnHostnames:setUpClass): 200 GET http://10.180.1.21/compute/v2.1/servers/0e0f0535-d539-4572-8752-e3e6a4b79b8c 0.521s
2024-10-10 14:45:23.129 63440 INFO tempest.lib.common.rest_client [req-99b48bf7-9406-4d93-aa7c-6802abe388f6 req-99b48bf7-9406-4d93-aa7c-6802abe388f6 ] Request (FlavorsAdminTestJSON:_run_cleanups): 200 GET http://10.180.1.21/compute/v2.1/flavors/detail 0.248s
2024-10-10 14:45:23.166 63436 INFO tempest.lib.common.rest_client [req-4d995de7-e814-4339-b39e-611284676f06 req-4d995de7-e814-4339-b39e-611284676f06 ] Request (FloatingIPDetailsTestJSON:tearDownClass): 204 DELETE http://10.180.1.21/identity/v3/projects/7cef37c8b32647e29e6ef6857b73165f 0.212s
2024-10-10 14:45:23.219 63414 INFO tempest.lib.common.rest_client [req-ad448415-26bf-4b70-929e-b5c59913d114 req-ad448415-26bf-4b70-929e-b5c59913d114 ] Request (ListImageFiltersTestJSON:setUpClass): 200 GET http://10.180.1.21/compute/v2.1/servers/8fa60fe5-a397-4b57-bb18-f41c0029743b 0.279s
2024-10-10 14:45:23.225 63426 INFO tempest.lib.common.rest_client [req-2deab421-b663-41bc-94f1-5cfa868bad89 req-2deab421-b663-41bc-94f1-5cfa868bad89 ] Request (ServersAdmin275Test:_run_cleanups): 200 GET http://10.180.1.21/compute/v2.1/servers/24ee74d8-33d2-4efa-97de-a642c89a3461 0.306s
2024-10-10 14:45:23.229 63424 INFO tempest.lib.common.rest_client [req-b669d55e-5eee-482b-8790-c00130f745d5 req-b669d55e-5eee-482b-8790-c00130f745d5 ] Request (VolumesAdminNegativeTest:setUpClass): 201 POST http://10.180.1.21/identity/v3/auth/tokens 0.224s
2024-10-10 14:45:23.247 63458 INFO tempest.lib.common.rest_client [req-ff3f4480-2e6f-47da-8ad1-d387c59620b1 req-ff3f4480-2e6f-47da-8ad1-d387c59620b1 ] Request (InstanceActionsV221TestJSON:setUpClass): 201 POST http://10.180.1.21/identity/v3/projects 0.328s
2024-10-10 14:45:23.259 63412 INFO tempest.lib.common.rest_client [req-b8d2b4a5-a8db-4b39-b834-f10525cef208 req-b8d2b4a5-a8db-4b39-b834-f10525cef208 ] Request (AggregatesAdminNegativeTestJSON:_run_cleanups): 200 DELETE http://10.180.1.21/compute/v2.1/os-aggregates/8 0.214s
2024-10-10 14:45:23.277 63416 INFO tempest.lib.common.rest_client [req-5ce40b43-ac99-49d3-9a3f-e29afc48fb1e req-5ce40b43-ac99-49d3-9a3f-e29afc48fb1e ] Request (ServersTestFqdnHostnames:setUpClass): 200 PUT http://10.180.1.21:9696/networking/v2.0/routers/a4745f38-85ab-4b73-848f-eed5f7a7dc56/add_router_interface 2.477s
2024-10-10 14:45:23.278 63416 INFO tempest.lib.common.dynamic_creds [-] Created isolated network resources for: credentials: Credentials: {'domain_id': 'default', 'domain_name': 'Default', 'username': 'tempest-ServersTestFqdnHostnames-1652452562-project-member', 'project_domain_id': 'default', 'project_domain_name': 'Default', 'project_id': 'a13977fe862d4b58879c912fa7b7828b', 'project_name': 'tempest-ServersTestFqdnHostnames-1652452562', 'tenant_id': 'a13977fe862d4b58879c912fa7b7828b', 'tenant_name': 'tempest-ServersTestFqdnHostnames-1652452562', 'user_domain_id': 'default', 'user_domain_name': 'Default', 'user_id': '0a3cc30cb1c94f00b66e5e5321e71cae', 'system': None}, Network: {'id': '62f8c60f-b0d7-4937-9c45-6fdc82f57b96', 'name': 'tempest-ServersTestFqdnHostnames-1102281051-network', 'tenant_id': 'a13977fe862d4b58879c912fa7b7828b', 'admin_state_up': True, 'mtu': 8950, 'status': 'ACTIVE', 'subnets': [], 'shared': False, 'project_id': 'a13977fe862d4b58879c912fa7b7828b', 'port_security_enabled': True, 'router:external': False, 'provider:network_type': 'vlan', 'provider:physical_network': 'default', 'provider:segmentation_id': 336, 'is_default': False, 'availability_zone_hints': [], 'availability_zones': [], 'ipv4_address_scope': None, 'ipv6_address_scope': None, 'description': '', 'tags': [], 'created_at': '2024-10-10T14:45:17Z', 'updated_at': '2024-10-10T14:45:17Z', 'revision_number': 1}, Subnet: {'id': '92bf9d5f-4389-463d-9017-06ab01b5e3ae', 'name': 'tempest-ServersTestFqdnHostnames-1102281051-subnet', 'tenant_id': 'a13977fe862d4b58879c912fa7b7828b', 'network_id': '62f8c60f-b0d7-4937-9c45-6fdc82f57b96', 'ip_version': 4, 'subnetpool_id': None, 'enable_dhcp': True, 'ipv6_ra_mode': None, 'ipv6_address_mode': None, 'gateway_ip': '192.168.128.1', 'cidr': '192.168.128.0/28', 'allocation_pools': [{'start': '192.168.128.2', 'end': '192.168.128.14'}], 'host_routes': [], 'dns_nameservers': [], 'description': '', 'router:external': False, 'service_types': [], 'tags': [], 'created_at': '2024-10-10T14:45:17Z', 'updated_at': '2024-10-10T14:45:17Z', 'revision_number': 0, 'project_id': 'a13977fe862d4b58879c912fa7b7828b'}, Router: {'id': 'a4745f38-85ab-4b73-848f-eed5f7a7dc56', 'name': 'tempest-ServersTestFqdnHostnames-1102281051-router', 'tenant_id': 'a13977fe862d4b58879c912fa7b7828b', 'admin_state_up': True, 'status': 'ACTIVE', 'external_gateway_info': {'network_id': '9dd72194-e6c4-4945-9473-8c485b75e554', 'external_fixed_ips': [{'subnet_id': '0e05b10f-7520-4179-9de3-77c31f1c8f37', 'ip_address': '10.180.180.222'}], 'enable_snat': True}, 'description': '', 'availability_zones': [], 'distributed': False, 'ha': False, 'availability_zone_hints': [], 'routes': [], 'flavor_id': None, 'tags': [], 'created_at': '2024-10-10T14:45:18Z', 'updated_at': '2024-10-10T14:45:19Z', 'revision_number': 2, 'project_id': 'a13977fe862d4b58879c912fa7b7828b'}
