2024-10-10 14:45:33.794 63451 INFO tempest.lib.common.rest_client [req-38322516-513e-4d9b-a15c-05d033b5b043 req-38322516-513e-4d9b-a15c-05d033b5b043 ] Request (MigrationsAdminTest:test_list_migrations_in_flavor_resize_situation): 200 GET http://10.180.1.21/compute/v2.1/servers/e96543c8-dc4e-45b3-8ece-297ee6dbcedb 0.711s
2024-10-10 14:45:33.842 63470 INFO tempest.lib.common.rest_client [req-29cfbdab-30a5-4b60-9058-8ba94316762e req-29cfbdab-30a5-4b60-9058-8ba94316762e ] Request (SecurityGroupsNegativeTestJSON:test_security_group_get_nonexistent_group): 404 GET http://10.180.1.21/compute/v2.1/os-security-groups/beee1a00-93c8-416e-89c2-929ad5ae7242 0.693s
2024-10-10 14:45:33.871 63458 INFO tempest.lib.common.rest_client [req-df7aa54d-94f1-4d0c-ada4-4ca7ad0186be req-df7aa54d-94f1-4d0c-ada4-4ca7ad0186be ] Request (InstanceActionsV221TestJSON:test_get_list_deleted_instance_actions): 200 GET http://10.180.1.21/compute/v2.1/servers/d9e39ddc-e4a5-417d-a9be-905bfc3f5ead 0.786s
2024-10-10 14:45:33.927 63418 INFO tempest.lib.common.rest_client [req-3e5cf567-0f72-475e-997e-64c175ca797b req-3e5cf567-0f72-475e-997e-64c175ca797b ] Request (ServerDiskConfigTestJSON:test_rebuild_server_with_auto_disk_config): 200 GET http://10.180.1.21/compute/v2.1/servers/27f2e664-e3a4-4d12-8a9a-a7b8f7ff2caa 0.768s
2024-10-10 14:45:33.944 63412 INFO tempest.lib.common.rest_client [req-c0cac130-684b-4ee1-830a-2fdb5c72ebf1 req-c0cac130-684b-4ee1-830a-2fdb5c72ebf1 ] Request (FlavorsAccessTestJSON:_run_cleanups): 202 DELETE http://10.180.1.21/compute/v2.1/flavors/415837393 0.693s
2024-10-10 14:45:33.971 63474 INFO tempest.lib.common.rest_client [req-92f2b5ca-34f2-43bb-8cd6-918b61573f10 req-92f2b5ca-34f2-43bb-8cd6-918b61573f10 ] Request (ServerActionsV293TestJSON:setUpClass): 201 POST http://10.180.1.21:9696/networking/v2.0/networks 0.690s
2024-10-10 14:45:34.009 63444 INFO tempest.lib.common.rest_client [req-c48e742f-2c12-437b-8fce-c600c635f1c1 req-c48e742f-2c12-437b-8fce-c600c635f1c1 ] Request (ServerAddressesTestJSON:setUpClass): 200 GET http://10.180.1.21/compute/v2.1/servers/7d227eb2-b270-4304-91ee-7ae20c33f633 0.786s
2024-10-10 14:45:34.014 63440 INFO tempest.lib.common.rest_client [req-62c68319-6eb7-425a-9487-563010e7395f req-62c68319-6eb7-425a-9487-563010e7395f ] Request (FlavorsAdminTestJSON:tearDownClass): 200 GET http://10.180.1.21:9696/networking/v2.0/security-groups?tenant_id=f5e7fa8b93a74f56938c69dedfa5f51b&name=default 0.759s
2024-10-10 14:45:34.105 63472 INFO tempest.lib.common.rest_client [req-b55d1594-e40f-4244-b4b2-a692e073dbd5 req-b55d1594-e40f-4244-b4b2-a692e073dbd5 ] Request (DeleteServersTestJSON:test_delete_active_server): 200 GET http://10.180.1.21/compute/v2.1/servers/6d1c9a09-a5e6-4f2f-b79c-dde271b955f5 0.796s
2024-10-10 14:45:34.190 63436 INFO tempest.lib.common.rest_client [req-6ced1137-463f-4433-95d5-4ea2b3b43834 req-6ced1137-463f-4433-95d5-4ea2b3b43834 ] Request (ServerActionsTestOtherB:setUpClass): 201 POST http://10.180.1.21:9696/networking/v2.0/security-groups 0.571s
2024-10-10 14:45:34.216 63456 INFO tempest.lib.common.rest_client [req-25797367-0dcc-4b25-ae26-bc225f6b7c12 req-25797367-0dcc-4b25-ae26-bc225f6b7c12 ] Request (ServersV294TestFqdnHostnames:tearDownClass): 200 PUT http://10.180.1.21:9696/networking/v2.0/routers/a06c7162-bf5f-4b85-839f-59df3a300b9a/remove_router_interface 2.168s
2024-10-10 14:45:34.217 63448 INFO tempest.lib.common.rest_client [req-3b7ff8d7-dfdf-4033-b1cf-7a7bb670ba17 req-3b7ff8d7-dfdf-4033-b1cf-7a7bb670ba17 ] Request (VolumesAssistedSnapshotsTest:test_volume_assisted_snapshot_create_delete): 200 GET http://10.180.1.21/compute/v2.1/servers/16e6ac19-b902-4db9-b5a5-5e351cbb3dcf 0.696s
2024-10-10 14:45:34.315 63420 INFO tempest.lib.common.rest_client [req-17f7d398-455b-4189-b916-5e5f052c7e57 req-17f7d398-455b-4189-b916-5e5f052c7e57 ] Request (ServerTagsTestJSON:setUpClass): 201 POST http://10.180.1.21:9696/networking/v2.0/networks 1.080s
2024-10-10 14:45:34.327 63446 INFO tempest.lib.common.rest_client [req-9739e0f2-5cd3-496d-9599-39185afeb27d req-9739e0f2-5cd3-496d-9599-39185afeb27d ] Request (ServerDiagnosticsV248Test:tearDownClass): 200 GET http://10.180.1.21/compute/v2.1/servers/56b3ba41-0406-4b69-89af-b00e87feaa89 0.710s
2024-10-10 14:45:34.411 63440 INFO tempest.lib.common.rest_client [req-24db97eb-3088-425c-bd60-0dd3ee023fca req-24db97eb-3088-425c-bd60-0dd3ee023fca ] Request (FlavorsAdminTestJSON:tearDownClass): 204 DELETE http://10.180.1.21:9696/networking/v2.0/security-groups/51e8664d-037d-45fc-8d1f-d92e5b184426 0.397s
2024-10-10 14:45:34.425 63434 INFO tempest.lib.common.rest_client [req-942859df-6607-4758-8ca8-818335e763d2 req-942859df-6607-4758-8ca8-818335e763d2 ] Request (InstanceActionsTestJSON:setUpClass): 200 GET http://10.180.1.21/compute/v2.1/servers/f33d2617-c4ef-4174-a838-ce0558867b9d 0.734s
2024-10-10 14:45:34.431 63434 INFO tempest.common.waiters [-] State transition "BUILD/None" ==> "BUILD/block_device_mapping" after 33 second wait
2024-10-10 14:45:34.500 63442 INFO tempest.lib.common.rest_client [req-a02a71b1-e234-4235-bceb-65bf616a6be3 req-a02a71b1-e234-4235-bceb-65bf616a6be3 ] Request (ImagesOneServerTestJSON:setUpClass): 200 GET http://10.180.1.21/compute/v2.1/servers/425a1271-cda7-45e4-89cb-cccd6231b623 0.743s
2024-10-10 14:45:34.512 63440 INFO tempest.lib.common.rest_client [req-1309c8c1-e463-476e-9a8f-e5722051da27 req-1309c8c1-e463-476e-9a8f-e5722051da27 ] Request (FlavorsAdminTestJSON:tearDownClass): 204 DELETE http://10.180.1.21/identity/v3/projects/f5e7fa8b93a74f56938c69dedfa5f51b 0.101s
2024-10-10 14:45:34.512 63440 INFO tempest.lib.common.dynamic_creds [-] Deleting project and security group for project: 5a01d5cc01ea45b49bfe433e90c48933
2024-10-10 14:45:34.598 63466 INFO tempest.lib.common.rest_client [req-7053cb45-9508-4940-b45d-83d8cf5f8569 req-7053cb45-9508-4940-b45d-83d8cf5f8569 ] Request (ServerActionsTestOtherA:setUpClass): 200 GET http://10.180.1.21/compute/v2.1/servers/3c50a11c-cab7-461f-9550-575c4f51a4e5 0.773s
2024-10-10 14:45:34.632 63470 INFO tempest.lib.common.rest_client [req-86d7451e-89b5-4f11-bd5e-da9ab2e6b93a req-86d7451e-89b5-4f11-bd5e-da9ab2e6b93a ] Request (SecurityGroupsNegativeTestJSON:test_update_non_existent_security_group): 404 PUT http://10.180.1.21/compute/v2.1/os-security-groups/cfbd4d29-dea0-424d-8925-03e9012e3f10 0.785s
2024-10-10 14:45:34.728 63439 INFO tempest.lib.common.rest_client [req-2aacd110-50cb-4138-a168-92d03cb405df req-2aacd110-50cb-4138-a168-92d03cb405df ] Request (FloatingIPsAssociationTestJSON:setUpClass): 200 GET http://10.180.1.21/compute/v2.1/servers/9595c38c-3699-4b89-bf37-b2e435886878 0.806s
2024-10-10 14:45:34.757 63412 INFO tempest.lib.common.rest_client [req-da9537cb-ff3e-42da-b6e8-96170122e2fe req-da9537cb-ff3e-42da-b6e8-96170122e2fe ] Request (FlavorsAccessTestJSON:_run_cleanups): 200 GET http://10.180.1.21/compute/v2.1/flavors/detail 0.812s
2024-10-10 14:45:34.843 63416 INFO tempest.lib.common.rest_client [req-877374ba-b934-4032-bf76-ed85ffb0f67f req-877374ba-b934-4032-bf76-ed85ffb0f67f ] Request (ServersTestFqdnHostnames:test_create_server_with_fqdn_name): 200 GET http://10.180.1.21/compute/v2.1/servers/2cb7696b-f146-4db6-9e83-385fb8af1127 0.684s
2024-10-10 14:45:34.860 63436 INFO tempest.lib.common.rest_client [req-f5e41bbf-d5ff-48a1-aaa6-80853ab03712 req-f5e41bbf-d5ff-48a1-aaa6-80853ab03712 ] Request (ServerActionsTestOtherB:setUpClass): 201 POST http://10.180.1.21:9696/networking/v2.0/security-group-rules 0.669s
2024-10-10 14:45:34.914 63440 INFO tempest.lib.common.rest_client [req-45c1cc1a-948c-4137-93a7-3a1c11bb5102 req-45c1cc1a-948c-4137-93a7-3a1c11bb5102 ] Request (FlavorsAdminTestJSON:tearDownClass): 200 GET http://10.180.1.21:9696/networking/v2.0/security-groups?tenant_id=5a01d5cc01ea45b49bfe433e90c48933&name=default 0.401s
2024-10-10 14:45:34.925 63420 INFO tempest.lib.common.rest_client [req-68b2018f-f830-461e-b9a3-abadb9352a29 req-68b2018f-f830-461e-b9a3-abadb9352a29 ] Request (ServerTagsTestJSON:setUpClass): 201 POST http://10.180.1.21:9696/networking/v2.0/subnets 0.609s
2024-10-10 14:45:34.947 63426 INFO tempest.lib.common.rest_client [req-73b7253f-eb81-4b7f-aafe-9fe0ac783760 req-73b7253f-eb81-4b7f-aafe-9fe0ac783760 ] Request (ServersAdmin275Test:tearDownClass): 200 GET http://10.180.1.21/compute/v2.1/servers/24ee74d8-33d2-4efa-97de-a642c89a3461 0.705s
2024-10-10 14:45:35.019 63424 INFO tempest.lib.common.rest_client [req-43ccef75-192b-4403-b9b7-1db7b3a6fbb4 req-43ccef75-192b-4403-b9b7-1db7b3a6fbb4 ] Request (VolumesAdminNegativeTest:setUpClass): 201 POST http://10.180.1.21:9696/networking/v2.0/routers 2.282s
2024-10-10 14:45:35.022 63454 INFO tempest.lib.common.rest_client [req-5b897336-4a9c-46ca-a78b-48daeb0cd6a8 req-5b897336-4a9c-46ca-a78b-48daeb0cd6a8 ] Request (DeleteServersAdminTestJSON:test_delete_server_while_in_error_state): 200 GET http://10.180.1.21/compute/v2.1/servers/6cd44d90-9092-483b-ab80-442e8f59435e 0.739s
2024-10-10 14:45:35.071 63474 INFO tempest.lib.common.rest_client [req-51f24595-bb43-4e39-b665-b67e8d3665b1 req-51f24595-bb43-4e39-b665-b67e8d3665b1 ] Request (ServerActionsV293TestJSON:setUpClass): 201 POST http://10.180.1.21:9696/networking/v2.0/subnets 1.099s
2024-10-10 14:45:35.146 63422 INFO tempest.lib.common.rest_client [req-c93a8221-bf05-4431-8485-f36b5def4664 req-c93a8221-bf05-4431-8485-f36b5def4664 ] Request (ServersWithSpecificFlavorTestJSON:test_verify_created_server_ephemeral_disk): 200 GET http://10.180.1.21/compute/v2.1/servers/edd63563-8fe3-4280-9300-8a11ba40ba68 0.820s
2024-10-10 14:45:35.190 63452 INFO tempest.lib.common.rest_client [req-f256572d-3e45-45d7-87ed-68c0aa97b8b9 req-f256572d-3e45-45d7-87ed-68c0aa97b8b9 ] Request (ImagesOneServerNegativeTestJSON:setUpClass): 202 POST http://10.180.1.21/compute/v2.1/servers 1.901s
2024-10-10 14:45:35.242 63460 INFO tempest.lib.common.rest_client [req-949e87eb-7c00-4c88-b2af-a5c13eba6400 req-949e87eb-7c00-4c88-b2af-a5c13eba6400 ] Request (AttachInterfacesUnderV243Test:test_add_remove_fixed_ip): 200 GET http://10.180.1.21/compute/v2.1/servers/596f899b-18f2-42f0-968e-6e9159f1d4d6 0.892s
2024-10-10 14:45:35.295 63414 INFO tempest.lib.common.rest_client [req-e635393e-fdd1-46f0-9275-711155861c59 req-e635393e-fdd1-46f0-9275-711155861c59 ] Request (ListImageFiltersTestJSON:setUpClass): 200 GET http://10.180.1.21/compute/v2.1/servers/8fa60fe5-a397-4b57-bb18-f41c0029743b 0.906s
2024-10-10 14:45:35.376 63430 INFO tempest.lib.common.rest_client [req-2c0cc8dd-dc70-4a11-b65e-24496cfa8886 req-2c0cc8dd-dc70-4a11-b65e-24496cfa8886 ] Request (ServerDiagnosticsNegativeTest:test_get_server_diagnostics_by_non_admin): 200 GET http://10.180.1.21/compute/v2.1/servers/652f4c1b-69b4-415d-ab14-bbf10043471d 0.662s
2024-10-10 14:45:35.474 63428 INFO tempest.lib.common.rest_client [req-a89f8bf4-1bc4-4ecb-abf9-e9a7baf6351f req-a89f8bf4-1bc4-4ecb-abf9-e9a7baf6351f ] Request (ListServerFiltersTestJSON:setUpClass): 200 GET http://10.180.1.21/compute/v2.1/servers/5da92241-84f0-4510-b19d-b28cb57079ab 0.735s
2024-10-10 14:45:35.499 63412 INFO tempest.lib.common.rest_client [req-006cfd78-f3ce-41ef-ab93-9b03b407dc68 req-006cfd78-f3ce-41ef-ab93-9b03b407dc68 ] Request (FlavorsAccessTestJSON:test_flavor_access_list_with_private_flavor): 200 POST http://10.180.1.21/compute/v2.1/flavors 0.734s
2024-10-10 14:45:35.541 63432 INFO tempest.lib.common.rest_client [req-67f4fa6a-4743-493e-974c-9a2dd80ca6ea req-67f4fa6a-4743-493e-974c-9a2dd80ca6ea ] Request (ServersTestManualDisk:setUpClass): 200 GET http://10.180.1.21/compute/v2.1/servers/dcea6ad2-4462-45d0-b66e-5b0dbbc02fa8 0.924s
2024-10-10 14:45:35.600 63451 INFO tempest.lib.common.rest_client [req-6a2222fb-e6a2-4900-8cf5-2c8aac1d991b req-6a2222fb-e6a2-4900-8cf5-2c8aac1d991b ] Request (MigrationsAdminTest:test_list_migrations_in_flavor_resize_situation): 200 GET http://10.180.1.21/compute/v2.1/servers/e96543c8-dc4e-45b3-8ece-297ee6dbcedb 0.797s
2024-10-10 14:45:35.631 63436 INFO tempest.lib.common.rest_client [req-c2deb2fa-7787-4c4e-8717-2c2722ca2d10 req-c2deb2fa-7787-4c4e-8717-2c2722ca2d10 ] Request (ServerActionsTestOtherB:setUpClass): 201 POST http://10.180.1.21:9696/networking/v2.0/security-group-rules 0.771s
2024-10-10 14:45:35.655 63458 INFO tempest.lib.common.rest_client [req-d357c4bf-e31d-43bf-a4fa-6422cd689c95 req-d357c4bf-e31d-43bf-a4fa-6422cd689c95 ] Request (InstanceActionsV221TestJSON:test_get_list_deleted_instance_actions): 200 GET http://10.180.1.21/compute/v2.1/servers/d9e39ddc-e4a5-417d-a9be-905bfc3f5ead 0.774s
2024-10-10 14:45:35.739 63440 INFO tempest.lib.common.rest_client [req-27279f56-08d7-4c9a-b46a-6c18f5cfdd40 req-27279f56-08d7-4c9a-b46a-6c18f5cfdd40 ] Request (FlavorsAdminTestJSON:tearDownClass): 204 DELETE http://10.180.1.21:9696/networking/v2.0/security-groups/237bf458-eaee-4184-a4ea-3ac3ec53061f 0.825s
2024-10-10 14:45:35.753 63444 INFO tempest.lib.common.rest_client [req-ee965b07-8653-4877-b0c2-c53005299d5e req-ee965b07-8653-4877-b0c2-c53005299d5e ] Request (ServerAddressesTestJSON:setUpClass): 200 GET http://10.180.1.21/compute/v2.1/servers/7d227eb2-b270-4304-91ee-7ae20c33f633 0.736s
2024-10-10 14:45:35.859 63418 INFO tempest.lib.common.rest_client [req-5af4448e-a289-4da2-b008-399dc86df0c4 req-5af4448e-a289-4da2-b008-399dc86df0c4 ] Request (ServerDiskConfigTestJSON:test_rebuild_server_with_auto_disk_config): 200 GET http://10.180.1.21/compute/v2.1/servers/27f2e664-e3a4-4d12-8a9a-a7b8f7ff2caa 0.921s
2024-10-10 14:45:35.889 63440 INFO tempest.lib.common.rest_client [req-2af6014d-e818-4be8-8fec-4dd95d60958e req-2af6014d-e818-4be8-8fec-4dd95d60958e ] Request (FlavorsAdminTestJSON:tearDownClass): 204 DELETE http://10.180.1.21/identity/v3/projects/5a01d5cc01ea45b49bfe433e90c48933 0.150s
2024-10-10 14:45:35.899 63472 INFO tempest.lib.common.rest_client [req-94233e71-51a5-43f6-9b81-12708dac1014 req-94233e71-51a5-43f6-9b81-12708dac1014 ] Request (DeleteServersTestJSON:test_delete_active_server): 200 GET http://10.180.1.21/compute/v2.1/servers/6d1c9a09-a5e6-4f2f-b79c-dde271b955f5 0.784s
2024-10-10 14:45:35.968 63440 INFO tempest.lib.common.rest_client [req-0158cd55-255c-49eb-bf94-2ac5a546ee60 req-0158cd55-255c-49eb-bf94-2ac5a546ee60 ] Request (SecurityGroupRulesNegativeTestJSON:setUpClass): 201 POST http://10.180.1.21/identity/v3/auth/tokens 0.077s
2024-10-10 14:45:35.970 63452 INFO tempest.lib.common.rest_client [req-78cebb51-b025-47a3-a1bc-48628e1daa8c req-78cebb51-b025-47a3-a1bc-48628e1daa8c ] Request (ImagesOneServerNegativeTestJSON:setUpClass): 200 GET http://10.180.1.21/compute/v2.1/servers/b8b82813-b9c1-4d5c-964f-19016393b985 0.777s
2024-10-10 14:45:35.998 63448 INFO tempest.lib.common.rest_client [req-f7dbebff-11b8-4980-9377-a41a7a986198 req-f7dbebff-11b8-4980-9377-a41a7a986198 ] Request (VolumesAssistedSnapshotsTest:test_volume_assisted_snapshot_create_delete): 200 GET http://10.180.1.21/compute/v2.1/servers/16e6ac19-b902-4db9-b5a5-5e351cbb3dcf 0.769s
2024-10-10 14:45:36.015 63440 INFO tempest.lib.common.rest_client [req-8eeab0db-e886-4f68-92ca-800b5803d046 req-8eeab0db-e886-4f68-92ca-800b5803d046 ] Request (SecurityGroupRulesNegativeTestJSON:setUpClass): 201 POST http://10.180.1.21/identity/v3/auth/tokens 0.045s
2024-10-10 14:45:36.030 63456 INFO tempest.lib.common.rest_client [req-85a6abf1-5265-4c27-9130-745a36b463c1 req-85a6abf1-5265-4c27-9130-745a36b463c1 ] Request (ServersV294TestFqdnHostnames:tearDownClass): 204 DELETE http://10.180.1.21:9696/networking/v2.0/routers/a06c7162-bf5f-4b85-839f-59df3a300b9a 1.813s
2024-10-10 14:45:36.046 63440 INFO tempest.lib.common.rest_client [req-4465458a-3f86-4272-9f0d-8841fc8eaffb req-4465458a-3f86-4272-9f0d-8841fc8eaffb ] Request (SecurityGroupRulesNegativeTestJSON:setUpClass): 200 GET http://10.180.1.21/identity/v3/domains?name=Default 0.030s
2024-10-10 14:45:36.079 63440 INFO tempest.lib.common.rest_client [req-421d6fb6-92f0-47f4-a26d-56c41c1d4916 req-421d6fb6-92f0-47f4-a26d-56c41c1d4916 ] Request (SecurityGroupRulesNegativeTestJSON:setUpClass): 201 POST http://10.180.1.21/identity/v3/projects 0.032s
2024-10-10 14:45:36.108 63446 INFO tempest.lib.common.rest_client [req-58bcd9ed-1305-4c98-9b86-a0bbe3388272 req-58bcd9ed-1305-4c98-9b86-a0bbe3388272 ] Request (ServerDiagnosticsV248Test:tearDownClass): 200 GET http://10.180.1.21/compute/v2.1/servers/56b3ba41-0406-4b69-89af-b00e87feaa89 0.760s
2024-10-10 14:45:36.130 63412 INFO tempest.lib.common.rest_client [req-c78c8d4a-e6b7-40dd-971a-eb4ffe9d57fe req-c78c8d4a-e6b7-40dd-971a-eb4ffe9d57fe ] Request (FlavorsAccessTestJSON:test_flavor_access_list_with_private_flavor): 200 GET http://10.180.1.21/compute/v2.1/flavors/137811716/os-flavor-access 0.628s
2024-10-10 14:45:36.165 63440 INFO tempest.lib.common.rest_client [req-4b6cab7b-d3f5-42f7-99a5-c43f1824755d req-4b6cab7b-d3f5-42f7-99a5-c43f1824755d ] Request (SecurityGroupRulesNegativeTestJSON:setUpClass): 201 POST http://10.180.1.21/identity/v3/users 0.085s
2024-10-10 14:45:36.195 63440 INFO tempest.lib.common.rest_client [req-1bdf46ba-1bd1-439e-8c84-afdafad0e84d req-1bdf46ba-1bd1-439e-8c84-afdafad0e84d ] Request (SecurityGroupRulesNegativeTestJSON:setUpClass): 200 GET http://10.180.1.21/identity/v3/roles 0.027s
2024-10-10 14:45:36.218 63442 INFO tempest.lib.common.rest_client [req-a200e16a-e77e-498f-bdfc-9206c9c25121 req-a200e16a-e77e-498f-bdfc-9206c9c25121 ] Request (ImagesOneServerTestJSON:setUpClass): 200 GET http://10.180.1.21/compute/v2.1/servers/425a1271-cda7-45e4-89cb-cccd6231b623 0.702s
2024-10-10 14:45:36.226 63440 INFO tempest.lib.common.rest_client [req-488f3930-9a9e-4d8b-8669-0f844fc0e496 req-488f3930-9a9e-4d8b-8669-0f844fc0e496 ] Request (SecurityGroupRulesNegativeTestJSON:setUpClass): 204 PUT http://10.180.1.21/identity/v3/projects/e2e176742efc46da8d7d622fa8543b7d/users/c6a11f4c56b246ff985be6ddc8ca69db/roles/4016bce8fedc47c688dbced258ccb803 0.031s
2024-10-10 14:45:36.226 63440 INFO tempest.lib.common.dynamic_creds [-] Dynamic test user c6a11f4c56b246ff985be6ddc8ca69db is created with scope project and roles: ['member']
2024-10-10 14:45:36.226 63440 INFO tempest.lib.common.dynamic_creds [-] Acquired dynamic creds: credentials: Credentials: {'domain_id': 'default', 'domain_name': 'Default', 'username': 'tempest-SecurityGroupRulesNegativeTestJSON-1739863476-project-member', 'project_domain_id': 'default', 'project_domain_name': 'Default', 'project_id': 'e2e176742efc46da8d7d622fa8543b7d', 'project_name': 'tempest-SecurityGroupRulesNegativeTestJSON-1739863476', 'tenant_id': 'e2e176742efc46da8d7d622fa8543b7d', 'tenant_name': 'tempest-SecurityGroupRulesNegativeTestJSON-1739863476', 'user_domain_id': 'default', 'user_domain_name': 'Default', 'user_id': 'c6a11f4c56b246ff985be6ddc8ca69db', 'system': None}, Network: None, Subnet: None, Router: None
2024-10-10 14:45:36.288 63440 INFO tempest.lib.common.rest_client [req-1bb52049-b254-4c26-985a-81bb7d77883c req-1bb52049-b254-4c26-985a-81bb7d77883c ] Request (SecurityGroupRulesNegativeTestJSON:setUpClass): 201 POST http://10.180.1.21/identity/v3/auth/tokens 0.061s
2024-10-10 14:45:36.289 63466 INFO tempest.lib.common.rest_client [req-2b0f3e9f-65f5-4438-834b-56a642f5d0e3 req-2b0f3e9f-65f5-4438-834b-56a642f5d0e3 ] Request (ServerActionsTestOtherA:setUpClass): 200 GET http://10.180.1.21/compute/v2.1/servers/3c50a11c-cab7-461f-9550-575c4f51a4e5 0.680s
2024-10-10 14:45:36.398 63439 INFO tempest.lib.common.rest_client [req-42572105-55b3-41bb-92c8-8a16ad537d91 req-42572105-55b3-41bb-92c8-8a16ad537d91 ] Request (FloatingIPsAssociationTestJSON:setUpClass): 200 GET http://10.180.1.21/compute/v2.1/servers/9595c38c-3699-4b89-bf37-b2e435886878 0.659s
2024-10-10 14:45:36.497 63416 INFO tempest.lib.common.rest_client [req-7067aebe-bb3f-4c01-9e87-fc836f779604 req-7067aebe-bb3f-4c01-9e87-fc836f779604 ] Request (ServersTestFqdnHostnames:test_create_server_with_fqdn_name): 200 GET http://10.180.1.21/compute/v2.1/servers/2cb7696b-f146-4db6-9e83-385fb8af1127 0.645s
2024-10-10 14:45:36.595 63434 INFO tempest.lib.common.rest_client [req-25a28ce3-2beb-408a-af35-9c5e797f32dc req-25a28ce3-2beb-408a-af35-9c5e797f32dc ] Request (InstanceActionsTestJSON:setUpClass): 200 GET http://10.180.1.21/compute/v2.1/servers/f33d2617-c4ef-4174-a838-ce0558867b9d 1.164s
2024-10-10 14:45:36.605 63434 INFO tempest.common.waiters [-] State transition "BUILD/block_device_mapping" ==> "BUILD/spawning" after 35 second wait
2024-10-10 14:45:36.631 63426 INFO tempest.lib.common.rest_client [req-0de7648b-a8af-4d8f-bdad-5dc01a7c698a req-0de7648b-a8af-4d8f-bdad-5dc01a7c698a ] Request (ServersAdmin275Test:tearDownClass): 200 GET http://10.180.1.21/compute/v2.1/servers/24ee74d8-33d2-4efa-97de-a642c89a3461 0.673s
2024-10-10 14:45:36.653 63412 INFO tempest.lib.common.rest_client [req-40c873f8-7292-4d9b-9656-ebf6e54ca896 req-40c873f8-7292-4d9b-9656-ebf6e54ca896 ] Request (FlavorsAccessTestJSON:_run_cleanups): 202 DELETE http://10.180.1.21/compute/v2.1/flavors/137811716 0.522s
2024-10-10 14:45:36.706 63454 INFO tempest.lib.common.rest_client [req-56470565-d46f-4ebe-bf3c-dacbe416dc9a req-56470565-d46f-4ebe-bf3c-dacbe416dc9a ] Request (DeleteServersAdminTestJSON:test_delete_server_while_in_error_state): 200 GET http://10.180.1.21/compute/v2.1/servers/6cd44d90-9092-483b-ab80-442e8f59435e 0.674s
2024-10-10 14:45:36.722 63462 INFO tempest.lib.common.rest_client [req-75943236-8bb1-467a-bfec-9330bc3dc338 req-75943236-8bb1-467a-bfec-9330bc3dc338 ] Request (FloatingIPDetailsNegativeTestJSON:tearDownClass): 200 PUT http://10.180.1.21:9696/networking/v2.0/routers/89fe420c-dd90-457c-9411-9f5e90944c43/remove_router_interface 3.233s
2024-10-10 14:45:36.757 63422 INFO tempest.lib.common.rest_client [req-4f511b85-6dea-40ae-9aa1-0f2485345d5c req-4f511b85-6dea-40ae-9aa1-0f2485345d5c ] Request (ServersWithSpecificFlavorTestJSON:test_verify_created_server_ephemeral_disk): 200 GET http://10.180.1.21/compute/v2.1/servers/edd63563-8fe3-4280-9300-8a11ba40ba68 0.604s
2024-10-10 14:45:36.764 63422 INFO tempest.common.waiters [-] State transition "BUILD/None" ==> "BUILD/networking" after 35 second wait
2024-10-10 14:45:36.830 63414 INFO tempest.lib.common.rest_client [req-68c4a7c3-9fdb-4a4a-a892-28eec6e1a2ee req-68c4a7c3-9fdb-4a4a-a892-28eec6e1a2ee ] Request (ListImageFiltersTestJSON:setUpClass): 200 GET http://10.180.1.21/compute/v2.1/servers/8fa60fe5-a397-4b57-bb18-f41c0029743b 0.523s
2024-10-10 14:45:36.836 63460 INFO tempest.lib.common.rest_client [req-e24854ce-d8cf-4dd2-90ad-dcdfbfc2e481 req-e24854ce-d8cf-4dd2-90ad-dcdfbfc2e481 ] Request (AttachInterfacesUnderV243Test:test_add_remove_fixed_ip): 200 GET http://10.180.1.21/compute/v2.1/servers/596f899b-18f2-42f0-968e-6e9159f1d4d6 0.582s
2024-10-10 14:45:36.845 63456 INFO tempest.lib.common.rest_client [req-d205da85-f222-4a27-95fc-5d960258d4a6 req-d205da85-f222-4a27-95fc-5d960258d4a6 ] Request (ServersV294TestFqdnHostnames:tearDownClass): 204 DELETE http://10.180.1.21:9696/networking/v2.0/subnets/0d10b0fa-89da-427f-959d-972ff079a49e 0.815s
2024-10-10 14:45:36.923 63430 INFO tempest.lib.common.rest_client [req-3ac10da5-8204-421f-bb8e-53127509e5f8 req-3ac10da5-8204-421f-bb8e-53127509e5f8 ] Request (ServerDiagnosticsNegativeTest:test_get_server_diagnostics_by_non_admin): 200 GET http://10.180.1.21/compute/v2.1/servers/652f4c1b-69b4-415d-ab14-bbf10043471d 0.537s
2024-10-10 14:45:36.938 63428 INFO tempest.lib.common.rest_client [req-29c08ab2-7411-4766-a8ce-be36da57032c req-29c08ab2-7411-4766-a8ce-be36da57032c ] Request (ListServerFiltersTestJSON:setUpClass): 200 GET http://10.180.1.21/compute/v2.1/servers/5da92241-84f0-4510-b19d-b28cb57079ab 0.452s
2024-10-10 14:45:37.007 63432 INFO tempest.lib.common.rest_client [req-0083b461-c2a0-4437-8b81-d9768cd4312c req-0083b461-c2a0-4437-8b81-d9768cd4312c ] Request (ServersTestManualDisk:setUpClass): 200 GET http://10.180.1.21/compute/v2.1/servers/dcea6ad2-4462-45d0-b66e-5b0dbbc02fa8 0.454s
2024-10-10 14:45:37.028 63412 INFO tempest.lib.common.rest_client [req-9a29f7bd-b404-4de2-8e45-2a0261aa7ded req-9a29f7bd-b404-4de2-8e45-2a0261aa7ded ] Request (FlavorsAccessTestJSON:_run_cleanups): 200 GET http://10.180.1.21/compute/v2.1/flavors/detail 0.374s
2024-10-10 14:45:37.037 63451 INFO tempest.lib.common.rest_client [req-5e9554cd-d37d-45f2-b38c-9533031c2a08 req-5e9554cd-d37d-45f2-b38c-9533031c2a08 ] Request (MigrationsAdminTest:test_list_migrations_in_flavor_resize_situation): 200 GET http://10.180.1.21/compute/v2.1/servers/e96543c8-dc4e-45b3-8ece-297ee6dbcedb 0.423s
2024-10-10 14:45:37.115 63412 INFO tempest.lib.common.rest_client [req-87759346-b98d-4586-8788-5ad02b040be1 req-87759346-b98d-4586-8788-5ad02b040be1 ] Request (FlavorsAccessTestJSON:tearDownClass): 204 DELETE http://10.180.1.21/identity/v3/users/67961b5dd18a4d33aa04b2cf53a66a5a 0.082s
2024-10-10 14:45:37.131 63458 INFO tempest.lib.common.rest_client [req-c1da7e38-bffa-42f4-a96d-9db38d4fe40d req-c1da7e38-bffa-42f4-a96d-9db38d4fe40d ] Request (InstanceActionsV221TestJSON:test_get_list_deleted_instance_actions): 200 GET http://10.180.1.21/compute/v2.1/servers/d9e39ddc-e4a5-417d-a9be-905bfc3f5ead 0.466s
2024-10-10 14:45:37.142 63444 INFO tempest.lib.common.rest_client [req-c0e7456b-7726-467e-adca-b143b8510afb req-c0e7456b-7726-467e-adca-b143b8510afb ] Request (ServerAddressesTestJSON:setUpClass): 200 GET http://10.180.1.21/compute/v2.1/servers/7d227eb2-b270-4304-91ee-7ae20c33f633 0.380s
2024-10-10 14:45:37.211 63418 INFO tempest.lib.common.rest_client [req-5019ce4c-e024-4058-994a-cb0500bccedd req-5019ce4c-e024-4058-994a-cb0500bccedd ] Request (ServerDiskConfigTestJSON:test_rebuild_server_with_auto_disk_config): 200 GET http://10.180.1.21/compute/v2.1/servers/27f2e664-e3a4-4d12-8a9a-a7b8f7ff2caa 0.342s
2024-10-10 14:45:37.216 63412 INFO tempest.lib.common.rest_client [req-7e3e6880-4117-4380-8dc5-550980f848a8 req-7e3e6880-4117-4380-8dc5-550980f848a8 ] Request (FlavorsAccessTestJSON:tearDownClass): 204 DELETE http://10.180.1.21/identity/v3/users/555936cf3a614ee99f02cb206e48b1bf 0.100s
2024-10-10 14:45:37.216 63412 INFO tempest.lib.common.dynamic_creds [-] Deleting project and security group for project: fc16f76a31fb4cca93b68100b3ca6a46
2024-10-10 14:45:37.218 63440 INFO tempest.lib.common.rest_client [req-49bb132d-cd9a-4371-a4e3-453c445de117 req-49bb132d-cd9a-4371-a4e3-453c445de117 ] Request (SecurityGroupRulesNegativeTestJSON:setUpClass): 201 POST http://10.180.1.21:9696/networking/v2.0/networks 0.929s
2024-10-10 14:45:37.222 63472 INFO tempest.lib.common.rest_client [req-559fd93a-98bc-4b22-a053-ac4db3c091fb req-559fd93a-98bc-4b22-a053-ac4db3c091fb ] Request (DeleteServersTestJSON:test_delete_active_server): 200 GET http://10.180.1.21/compute/v2.1/servers/6d1c9a09-a5e6-4f2f-b79c-dde271b955f5 0.314s
2024-10-10 14:45:37.272 63412 INFO tempest.lib.common.rest_client [req-5d95ef49-9076-4b84-9838-0578aa540552 req-5d95ef49-9076-4b84-9838-0578aa540552 ] Request (FlavorsAccessTestJSON:tearDownClass): 201 POST http://10.180.1.21/identity/v3/auth/tokens 0.056s
2024-10-10 14:45:37.300 63452 INFO tempest.lib.common.rest_client [req-4f1e3118-90ee-4bff-9b76-8ce953f865a3 req-4f1e3118-90ee-4bff-9b76-8ce953f865a3 ] Request (ImagesOneServerNegativeTestJSON:setUpClass): 200 GET http://10.180.1.21/compute/v2.1/servers/b8b82813-b9c1-4d5c-964f-19016393b985 0.322s
2024-10-10 14:45:37.397 63446 INFO tempest.lib.common.rest_client [req-36227ebf-7951-49bd-bde5-b81663aa99be req-36227ebf-7951-49bd-bde5-b81663aa99be ] Request (ServerDiagnosticsV248Test:tearDownClass): 200 GET http://10.180.1.21/compute/v2.1/servers/56b3ba41-0406-4b69-89af-b00e87feaa89 0.277s
2024-10-10 14:45:37.470 63448 INFO tempest.lib.common.rest_client [req-cd3d99a9-f891-4558-9692-28fd6e5ca26d req-cd3d99a9-f891-4558-9692-28fd6e5ca26d ] Request (VolumesAssistedSnapshotsTest:test_volume_assisted_snapshot_create_delete): 200 GET http://10.180.1.21/compute/v2.1/servers/16e6ac19-b902-4db9-b5a5-5e351cbb3dcf 0.464s
2024-10-10 14:45:37.481 63442 INFO tempest.lib.common.rest_client [req-90e5c5e0-7df3-4620-80af-cd7dd4bea195 req-90e5c5e0-7df3-4620-80af-cd7dd4bea195 ] Request (ImagesOneServerTestJSON:setUpClass): 200 GET http://10.180.1.21/compute/v2.1/servers/425a1271-cda7-45e4-89cb-cccd6231b623 0.251s
2024-10-10 14:45:37.587 63466 INFO tempest.lib.common.rest_client [req-8293a171-081c-47b2-8be1-b6469356f251 req-8293a171-081c-47b2-8be1-b6469356f251 ] Request (ServerActionsTestOtherA:setUpClass): 200 GET http://10.180.1.21/compute/v2.1/servers/3c50a11c-cab7-461f-9550-575c4f51a4e5 0.288s
2024-10-10 14:45:37.713 63416 INFO tempest.lib.common.rest_client [req-9c2a98b9-4cd1-478d-9e8b-35c03b4f719b req-9c2a98b9-4cd1-478d-9e8b-35c03b4f719b ] Request (ServersTestFqdnHostnames:test_create_server_with_fqdn_name): 200 GET http://10.180.1.21/compute/v2.1/servers/2cb7696b-f146-4db6-9e83-385fb8af1127 0.206s
2024-10-10 14:45:37.719 63439 INFO tempest.lib.common.rest_client [req-bf2a9950-c8e9-47fa-bb97-f776108575c4 req-bf2a9950-c8e9-47fa-bb97-f776108575c4 ] Request (FloatingIPsAssociationTestJSON:setUpClass): 200 GET http://10.180.1.21/compute/v2.1/servers/9595c38c-3699-4b89-bf37-b2e435886878 0.309s
2024-10-10 14:45:37.819 63426 INFO tempest.lib.common.rest_client [req-6e91e16c-c2cf-4646-a5d2-144ea712e062 req-6e91e16c-c2cf-4646-a5d2-144ea712e062 ] Request (ServersAdmin275Test:tearDownClass): 200 GET http://10.180.1.21/compute/v2.1/servers/24ee74d8-33d2-4efa-97de-a642c89a3461 0.179s
2024-10-10 14:45:37.822 63468 INFO tempest.lib.common.rest_client [req-29a18329-222b-4409-971a-3796face764b req-29a18329-222b-4409-971a-3796face764b ] Request (ServerRescueTestJSONUnderV235:setUpClass): 200 PUT http://10.180.1.21:9696/networking/v2.0/routers/a4a8beda-8c69-40d6-a234-ee4ccb7bbacc/add_router_interface 4.394s
2024-10-10 14:45:37.822 63468 INFO tempest.lib.common.dynamic_creds [-] Created isolated network resources for: credentials: Credentials: {'domain_id': 'default', 'domain_name': 'Default', 'username': 'tempest-ServerRescueTestJSONUnderV235-1094297641-project-member', 'project_domain_id': 'default', 'project_domain_name': 'Default', 'project_id': '6b0ce95c54a240929c99f9a7740de356', 'project_name': 'tempest-ServerRescueTestJSONUnderV235-1094297641', 'tenant_id': '6b0ce95c54a240929c99f9a7740de356', 'tenant_name': 'tempest-ServerRescueTestJSONUnderV235-1094297641', 'user_domain_id': 'default', 'user_domain_name': 'Default', 'user_id': '346fd19aa4674ebaa588b086eceb09de', 'system': None}, Network: {'id': '3effd012-7f21-46e3-a3f8-20d77f0d515d', 'name': 'tempest-ServerRescueTestJSONUnderV235-1621053123-network', 'tenant_id': '6b0ce95c54a240929c99f9a7740de356', 'admin_state_up': True, 'mtu': 8950, 'status': 'ACTIVE', 'subnets': [], 'shared': False, 'project_id': '6b0ce95c54a240929c99f9a7740de356', 'port_security_enabled': True, 'router:external': False, 'provider:network_type': 'vlan', 'provider:physical_network': 'default', 'provider:segmentation_id': 793, 'is_default': False, 'availability_zone_hints': [], 'availability_zones': [], 'ipv4_address_scope': None, 'ipv6_address_scope': None, 'description': '', 'tags': [], 'created_at': '2024-10-10T14:45:30Z', 'updated_at': '2024-10-10T14:45:31Z', 'revision_number': 1}, Subnet: {'id': '78461240-ade9-4caf-9997-4de92212d9e8', 'name': 'tempest-ServerRescueTestJSONUnderV235-1621053123-subnet', 'tenant_id': '6b0ce95c54a240929c99f9a7740de356', 'network_id': '3effd012-7f21-46e3-a3f8-20d77f0d515d', 'ip_version': 4, 'subnetpool_id': None, 'enable_dhcp': False, 'ipv6_ra_mode': None, 'ipv6_address_mode': None, 'gateway_ip': '192.168.128.1', 'cidr': '192.168.128.0/28', 'allocation_pools': [{'start': '192.168.128.2', 'end': '192.168.128.14'}], 'host_routes': [], 'dns_nameservers': [], 'description': '', 'router:external': False, 'service_types': [], 'tags': [], 'created_at': '2024-10-10T14:45:31Z', 'updated_at': '2024-10-10T14:45:31Z', 'revision_number': 0, 'project_id': '6b0ce95c54a240929c99f9a7740de356'}, Router: {'id': 'a4a8beda-8c69-40d6-a234-ee4ccb7bbacc', 'name': 'tempest-ServerRescueTestJSONUnderV235-1621053123-router', 'tenant_id': '6b0ce95c54a240929c99f9a7740de356', 'admin_state_up': True, 'status': 'ACTIVE', 'external_gateway_info': {'network_id': '9dd72194-e6c4-4945-9473-8c485b75e554', 'external_fixed_ips': [{'subnet_id': '0e05b10f-7520-4179-9de3-77c31f1c8f37', 'ip_address': '10.180.180.221'}], 'enable_snat': True}, 'description': '', 'availability_zones': [], 'distributed': False, 'ha': False, 'availability_zone_hints': [], 'routes': [], 'flavor_id': None, 'tags': [], 'created_at': '2024-10-10T14:45:31Z', 'updated_at': '2024-10-10T14:45:32Z', 'revision_number': 2, 'project_id': '6b0ce95c54a240929c99f9a7740de356'}
2024-10-10 14:45:37.909 63454 INFO tempest.lib.common.rest_client [req-350f0299-684a-47c4-9293-81de72746bd9 req-350f0299-684a-47c4-9293-81de72746bd9 ] Request (DeleteServersAdminTestJSON:test_delete_server_while_in_error_state): 200 GET http://10.180.1.21/compute/v2.1/servers/6cd44d90-9092-483b-ab80-442e8f59435e 0.194s
2024-10-10 14:45:37.932 63412 INFO tempest.lib.common.rest_client [req-6368fc1a-b3c0-4eab-a04a-81aa42f45726 req-6368fc1a-b3c0-4eab-a04a-81aa42f45726 ] Request (FlavorsAccessTestJSON:tearDownClass): 200 GET http://10.180.1.21:9696/networking/v2.0/security-groups?tenant_id=fc16f76a31fb4cca93b68100b3ca6a46&name=default 0.659s
2024-10-10 14:45:37.942 63468 INFO tempest.lib.common.rest_client [req-1973939d-8207-4428-a7ef-76ab2b9795b2 req-1973939d-8207-4428-a7ef-76ab2b9795b2 ] Request (ServerRescueTestJSONUnderV235:setUpClass): 201 POST http://10.180.1.21/identity/v3/auth/tokens 0.116s
2024-10-10 14:45:37.979 63468 INFO tempest.lib.common.rest_client [req-2b4dcb6b-cc53-428a-9c42-3599f4d022ae req-2b4dcb6b-cc53-428a-9c42-3599f4d022ae ] Request (ServerRescueTestJSONUnderV235:setUpClass): 201 POST http://10.180.1.21/identity/v3/auth/tokens 0.033s
2024-10-10 14:45:37.979 63468 INFO tempest.lib.common.fixed_network [-] (ServerRescueTestJSONUnderV235:setUpClass) Found network {'id': '3effd012-7f21-46e3-a3f8-20d77f0d515d', 'name': 'tempest-ServerRescueTestJSONUnderV235-1621053123-network', 'tenant_id': '6b0ce95c54a240929c99f9a7740de356', 'admin_state_up': True, 'mtu': 8950, 'status': 'ACTIVE', 'subnets': [], 'shared': False, 'project_id': '6b0ce95c54a240929c99f9a7740de356', 'port_security_enabled': True, 'router:external': False, 'provider:network_type': 'vlan', 'provider:physical_network': 'default', 'provider:segmentation_id': 793, 'is_default': False, 'availability_zone_hints': [], 'availability_zones': [], 'ipv4_address_scope': None, 'ipv6_address_scope': None, 'description': '', 'tags': [], 'created_at': '2024-10-10T14:45:30Z', 'updated_at': '2024-10-10T14:45:31Z', 'revision_number': 1} available for tenant
2024-10-10 14:45:38.009 63456 INFO tempest.lib.common.rest_client [req-f373610e-c507-4617-a0e7-c2b2aa284a72 req-f373610e-c507-4617-a0e7-c2b2aa284a72 ] Request (ServersV294TestFqdnHostnames:tearDownClass): 204 DELETE http://10.180.1.21:9696/networking/v2.0/networks/26721c59-622c-43fd-a356-4018c2d94303 1.163s
2024-10-10 14:45:38.054 63474 INFO tempest.lib.common.rest_client [req-514832ef-9526-4623-813e-f7de8ac540cb req-514832ef-9526-4623-813e-f7de8ac540cb ] Request (ServerActionsV293TestJSON:setUpClass): 201 POST http://10.180.1.21:9696/networking/v2.0/routers 2.982s
2024-10-10 14:45:38.102 63456 INFO tempest.lib.common.rest_client [req-b3c36552-a750-416a-9a49-87e82aee08f7 req-b3c36552-a750-416a-9a49-87e82aee08f7 ] Request (ServersV294TestFqdnHostnames:tearDownClass): 204 DELETE http://10.180.1.21/identity/v3/users/18b70e10722c4a47907ce844dcf41ca2 0.093s
2024-10-10 14:45:38.102 63456 INFO tempest.lib.common.dynamic_creds [-] Deleting project and security group for project: 7bff8e7afe6d4bcc98b46f4dd8becff7
2024-10-10 14:45:38.187 63434 INFO tempest.lib.common.rest_client [req-ef159020-6d02-477c-98f9-0690ee9d4a85 req-ef159020-6d02-477c-98f9-0690ee9d4a85 ] Request (InstanceActionsTestJSON:setUpClass): 200 GET http://10.180.1.21/compute/v2.1/servers/f33d2617-c4ef-4174-a838-ce0558867b9d 0.577s
2024-10-10 14:45:38.203 63412 INFO tempest.lib.common.rest_client [req-c07d49fb-968d-4b96-a5ff-25d55bce9472 req-c07d49fb-968d-4b96-a5ff-25d55bce9472 ] Request (FlavorsAccessTestJSON:tearDownClass): 204 DELETE http://10.180.1.21:9696/networking/v2.0/security-groups/8b2f1d33-7a19-47b7-86ac-069ad2905498 0.270s
2024-10-10 14:45:38.215 63436 INFO tempest.lib.common.rest_client [req-f05404a6-5476-4bdd-855f-41ee4ec768ed req-f05404a6-5476-4bdd-855f-41ee4ec768ed ] Request (ServerActionsTestOtherB:setUpClass): 201 POST http://10.180.1.21:9696/networking/v2.0/floatingips 2.583s
2024-10-10 14:45:38.223 63422 INFO tempest.lib.common.rest_client [req-8d51d598-d4c0-4809-bf52-bb02c5ae0d6d req-8d51d598-d4c0-4809-bf52-bb02c5ae0d6d ] Request (ServersWithSpecificFlavorTestJSON:test_verify_created_server_ephemeral_disk): 200 GET http://10.180.1.21/compute/v2.1/servers/edd63563-8fe3-4280-9300-8a11ba40ba68 0.458s
2024-10-10 14:45:38.236 63422 INFO tempest.common.waiters [-] State transition "BUILD/networking" ==> "BUILD/spawning" after 37 second wait
2024-10-10 14:45:38.284 63460 INFO tempest.lib.common.rest_client [req-d90869c2-f06d-478b-b429-a753e3c1a859 req-d90869c2-f06d-478b-b429-a753e3c1a859 ] Request (AttachInterfacesUnderV243Test:test_add_remove_fixed_ip): 200 GET http://10.180.1.21/compute/v2.1/servers/596f899b-18f2-42f0-968e-6e9159f1d4d6 0.433s
2024-10-10 14:45:38.290 63436 INFO tempest.lib.common.rest_client [req-94e1338c-a0aa-4599-8f6d-c4a115dc0fb4 req-94e1338c-a0aa-4599-8f6d-c4a115dc0fb4 ] Request (ServerActionsTestOtherB:setUpClass): 201 POST http://10.180.1.21/identity/v3/auth/tokens 0.072s
2024-10-10 14:45:38.291 63436 INFO tempest.lib.common.fixed_network [-] (ServerActionsTestOtherB:setUpClass) Found network {'id': '5be58284-1de0-4b32-b01a-9d3bed07a885', 'name': 'tempest-ServerActionsTestOtherB-982859488-network', 'tenant_id': '7791eda987384331a57213ea754060cf', 'admin_state_up': True, 'mtu': 8950, 'status': 'ACTIVE', 'subnets': [], 'shared': False, 'project_id': '7791eda987384331a57213ea754060cf', 'port_security_enabled': True, 'router:external': False, 'provider:network_type': 'vlan', 'provider:physical_network': 'default', 'provider:segmentation_id': 480, 'is_default': False, 'availability_zone_hints': [], 'availability_zones': [], 'ipv4_address_scope': None, 'ipv6_address_scope': None, 'description': '', 'tags': [], 'created_at': '2024-10-10T14:45:24Z', 'updated_at': '2024-10-10T14:45:24Z', 'revision_number': 1} available for tenant
2024-10-10 14:45:38.313 63414 INFO tempest.lib.common.rest_client [req-1d613af1-da82-4cf8-9e75-81364c98a407 req-1d613af1-da82-4cf8-9e75-81364c98a407 ] Request (ListImageFiltersTestJSON:setUpClass): 200 GET http://10.180.1.21/compute/v2.1/servers/8fa60fe5-a397-4b57-bb18-f41c0029743b 0.473s
2024-10-10 14:45:38.321 63412 INFO tempest.lib.common.rest_client [req-630b27a2-5826-40b8-a2c6-fde91a35c201 req-630b27a2-5826-40b8-a2c6-fde91a35c201 ] Request (FlavorsAccessTestJSON:tearDownClass): 204 DELETE http://10.180.1.21/identity/v3/projects/fc16f76a31fb4cca93b68100b3ca6a46 0.118s
2024-10-10 14:45:38.322 63412 INFO tempest.lib.common.dynamic_creds [-] Deleting project and security group for project: 3fcde38a86c54fa9ac3b68204632b66e
2024-10-10 14:45:38.355 63430 INFO tempest.lib.common.rest_client [req-5a537489-4b06-4c66-bf3e-2d8dbef62678 req-5a537489-4b06-4c66-bf3e-2d8dbef62678 ] Request (ServerDiagnosticsNegativeTest:test_get_server_diagnostics_by_non_admin): 200 GET http://10.180.1.21/compute/v2.1/servers/652f4c1b-69b4-415d-ab14-bbf10043471d 0.423s
2024-10-10 14:45:38.445 63456 INFO tempest.lib.common.rest_client [req-be67073c-561a-4973-968c-a1f3384d534d req-be67073c-561a-4973-968c-a1f3384d534d ] Request (ServersV294TestFqdnHostnames:tearDownClass): 200 GET http://10.180.1.21:9696/networking/v2.0/security-groups?tenant_id=7bff8e7afe6d4bcc98b46f4dd8becff7&name=default 0.342s
2024-10-10 14:45:38.450 63428 INFO tempest.lib.common.rest_client [req-a88f9c90-4a2d-4488-9a46-38730d47143d req-a88f9c90-4a2d-4488-9a46-38730d47143d ] Request (ListServerFiltersTestJSON:setUpClass): 200 GET http://10.180.1.21/compute/v2.1/servers/5da92241-84f0-4510-b19d-b28cb57079ab 0.504s
2024-10-10 14:45:38.575 63432 INFO tempest.lib.common.rest_client [req-e6686087-e125-4834-bb27-85f233431486 req-e6686087-e125-4834-bb27-85f233431486 ] Request (ServersTestManualDisk:setUpClass): 200 GET http://10.180.1.21/compute/v2.1/servers/dcea6ad2-4462-45d0-b66e-5b0dbbc02fa8 0.557s
2024-10-10 14:45:38.626 63456 INFO tempest.lib.common.rest_client [req-465982a4-38a2-464d-a458-0a22731f4a5b req-465982a4-38a2-464d-a458-0a22731f4a5b ] Request (ServersV294TestFqdnHostnames:tearDownClass): 204 DELETE http://10.180.1.21:9696/networking/v2.0/security-groups/9ae45006-def8-4767-b743-51a017b3aed6 0.181s
2024-10-10 14:45:38.669 63440 INFO tempest.lib.common.rest_client [req-c210a293-995f-4e0b-9cc6-d6bae2c471ed req-c210a293-995f-4e0b-9cc6-d6bae2c471ed ] Request (SecurityGroupRulesNegativeTestJSON:setUpClass): 201 POST http://10.180.1.21:9696/networking/v2.0/subnets 1.450s
2024-10-10 14:45:38.706 63451 INFO tempest.lib.common.rest_client [req-a901ed3d-8023-4e35-951c-1346517f123b req-a901ed3d-8023-4e35-951c-1346517f123b ] Request (MigrationsAdminTest:test_list_migrations_in_flavor_resize_situation): 200 GET http://10.180.1.21/compute/v2.1/servers/e96543c8-dc4e-45b3-8ece-297ee6dbcedb 0.658s
2024-10-10 14:45:38.719 63456 INFO tempest.lib.common.rest_client [req-1cf17c42-7bf4-4e6d-9b66-3654d10944bc req-1cf17c42-7bf4-4e6d-9b66-3654d10944bc ] Request (ServersV294TestFqdnHostnames:tearDownClass): 204 DELETE http://10.180.1.21/identity/v3/projects/7bff8e7afe6d4bcc98b46f4dd8becff7 0.092s
2024-10-10 14:45:38.790 63456 INFO tempest.lib.common.rest_client [req-e544bdb9-7e4e-4efe-b62a-36efb084ac9a req-e544bdb9-7e4e-4efe-b62a-36efb084ac9a ] Request (ServerMetadataTestJSON:setUpClass): 201 POST http://10.180.1.21/identity/v3/auth/tokens 0.059s
2024-10-10 14:45:38.819 63456 INFO tempest.lib.common.rest_client [req-ec727284-b1db-449b-8aca-43e524743539 req-ec727284-b1db-449b-8aca-43e524743539 ] Request (ServerMetadataTestJSON:setUpClass): 201 POST http://10.180.1.21/identity/v3/auth/tokens 0.027s
2024-10-10 14:45:38.840 63456 INFO tempest.lib.common.rest_client [req-1ccaea3c-76d7-4dd6-88d6-50d08ba44aa7 req-1ccaea3c-76d7-4dd6-88d6-50d08ba44aa7 ] Request (ServerMetadataTestJSON:setUpClass): 200 GET http://10.180.1.21/identity/v3/domains?name=Default 0.020s
2024-10-10 14:45:38.864 63456 INFO tempest.lib.common.rest_client [req-b9c3fd99-08fb-4bac-ab6d-2f5522d466f1 req-b9c3fd99-08fb-4bac-ab6d-2f5522d466f1 ] Request (ServerMetadataTestJSON:setUpClass): 201 POST http://10.180.1.21/identity/v3/projects 0.024s
2024-10-10 14:45:38.924 63456 INFO tempest.lib.common.rest_client [req-f0f597e0-044a-4f18-9552-7a1ae3a47dc3 req-f0f597e0-044a-4f18-9552-7a1ae3a47dc3 ] Request (ServerMetadataTestJSON:setUpClass): 201 POST http://10.180.1.21/identity/v3/users 0.060s
2024-10-10 14:45:38.940 63456 INFO tempest.lib.common.rest_client [req-2aa6247f-e3a4-484e-ad67-07a128915f1c req-2aa6247f-e3a4-484e-ad67-07a128915f1c ] Request (ServerMetadataTestJSON:setUpClass): 200 GET http://10.180.1.21/identity/v3/roles 0.015s
2024-10-10 14:45:38.971 63456 INFO tempest.lib.common.rest_client [req-407f7977-a14a-4495-97a1-1e08abbd7f4b req-407f7977-a14a-4495-97a1-1e08abbd7f4b ] Request (ServerMetadataTestJSON:setUpClass): 204 PUT http://10.180.1.21/identity/v3/projects/4b34e1c3fa6347fcba22f391626741a0/users/863baae1d2194eeebb4b59f72eded329/roles/4016bce8fedc47c688dbced258ccb803 0.030s
2024-10-10 14:45:38.971 63456 INFO tempest.lib.common.dynamic_creds [-] Dynamic test user 863baae1d2194eeebb4b59f72eded329 is created with scope project and roles: ['member']
2024-10-10 14:45:38.972 63456 INFO tempest.lib.common.dynamic_creds [-] Acquired dynamic creds: credentials: Credentials: {'domain_id': 'default', 'domain_name': 'Default', 'username': 'tempest-ServerMetadataTestJSON-294456322-project-member', 'project_domain_id': 'default', 'project_domain_name': 'Default', 'project_id': '4b34e1c3fa6347fcba22f391626741a0', 'project_name': 'tempest-ServerMetadataTestJSON-294456322', 'tenant_id': '4b34e1c3fa6347fcba22f391626741a0', 'tenant_name': 'tempest-ServerMetadataTestJSON-294456322', 'user_domain_id': 'default', 'user_domain_name': 'Default', 'user_id': '863baae1d2194eeebb4b59f72eded329', 'system': None}, Network: None, Subnet: None, Router: None
2024-10-10 14:45:39.003 63468 INFO tempest.lib.common.rest_client [req-852d39e1-67f9-4cae-9442-0ae34ceeaaab req-852d39e1-67f9-4cae-9442-0ae34ceeaaab ] Request (ServerRescueTestJSONUnderV235:setUpClass): 202 POST http://10.180.1.21/compute/v2.1/servers 1.023s
2024-10-10 14:45:39.012 63458 INFO tempest.lib.common.rest_client [req-b47acf05-15c6-4567-bcff-873cd05ed5cc req-b47acf05-15c6-4567-bcff-873cd05ed5cc ] Request (InstanceActionsV221TestJSON:test_get_list_deleted_instance_actions): 200 GET http://10.180.1.21/compute/v2.1/servers/d9e39ddc-e4a5-417d-a9be-905bfc3f5ead 0.872s
2024-10-10 14:45:39.033 63456 INFO tempest.lib.common.rest_client [req-d4be013d-2c77-411f-acf5-a47489a3ce26 req-d4be013d-2c77-411f-acf5-a47489a3ce26 ] Request (ServerMetadataTestJSON:setUpClass): 201 POST http://10.180.1.21/identity/v3/auth/tokens 0.060s
2024-10-10 14:45:39.075 63444 INFO tempest.lib.common.rest_client [req-e83c23f3-6bd4-4783-803f-751b1c81da58 req-e83c23f3-6bd4-4783-803f-751b1c81da58 ] Request (ServerAddressesTestJSON:setUpClass): 200 GET http://10.180.1.21/compute/v2.1/servers/7d227eb2-b270-4304-91ee-7ae20c33f633 0.924s
2024-10-10 14:45:39.082 63462 INFO tempest.lib.common.rest_client [req-6c15348a-ffca-4c06-8f79-3503ec64cbfd req-6c15348a-ffca-4c06-8f79-3503ec64cbfd ] Request (FloatingIPDetailsNegativeTestJSON:tearDownClass): 204 DELETE http://10.180.1.21:9696/networking/v2.0/routers/89fe420c-dd90-457c-9411-9f5e90944c43 2.360s
2024-10-10 14:45:39.099 63418 INFO tempest.lib.common.rest_client [req-6dd4d74f-e586-4ac4-b5ed-0569a3c5e9e1 req-6dd4d74f-e586-4ac4-b5ed-0569a3c5e9e1 ] Request (ServerDiskConfigTestJSON:test_rebuild_server_with_auto_disk_config): 200 GET http://10.180.1.21/compute/v2.1/servers/27f2e664-e3a4-4d12-8a9a-a7b8f7ff2caa 0.877s
2024-10-10 14:45:39.135 63470 INFO tempest.lib.common.rest_client [req-5e0ac72d-83da-434d-b906-4b0814482e75 req-5e0ac72d-83da-434d-b906-4b0814482e75 ] Request (SecurityGroupsNegativeTestJSON:tearDownClass): 200 PUT http://10.180.1.21:9696/networking/v2.0/routers/9378f183-e098-485b-aee7-5f8bee26623d/remove_router_interface 4.496s
2024-10-10 14:45:39.143 63472 INFO tempest.lib.common.rest_client [req-dc11cc61-ad69-4230-8c93-5241ecec104e req-dc11cc61-ad69-4230-8c93-5241ecec104e ] Request (DeleteServersTestJSON:test_delete_active_server): 200 GET http://10.180.1.21/compute/v2.1/servers/6d1c9a09-a5e6-4f2f-b79c-dde271b955f5 0.909s
2024-10-10 14:45:39.198 63412 INFO tempest.lib.common.rest_client [req-5c0a752f-ab1e-40e7-8ef0-5fad090dbe78 req-5c0a752f-ab1e-40e7-8ef0-5fad090dbe78 ] Request (FlavorsAccessTestJSON:tearDownClass): 200 GET http://10.180.1.21:9696/networking/v2.0/security-groups?tenant_id=3fcde38a86c54fa9ac3b68204632b66e&name=default 0.876s
2024-10-10 14:45:39.262 63452 INFO tempest.lib.common.rest_client [req-49d3e900-5738-4290-ae80-15846eb8b147 req-49d3e900-5738-4290-ae80-15846eb8b147 ] Request (ImagesOneServerNegativeTestJSON:setUpClass): 200 GET http://10.180.1.21/compute/v2.1/servers/b8b82813-b9c1-4d5c-964f-19016393b985 0.954s
2024-10-10 14:45:39.333 63420 INFO tempest.lib.common.rest_client [req-9fd2939d-f308-4ba0-b3be-e7acb48cca82 req-9fd2939d-f308-4ba0-b3be-e7acb48cca82 ] Request (ServerTagsTestJSON:setUpClass): 201 POST http://10.180.1.21:9696/networking/v2.0/routers 4.407s
2024-10-10 14:45:39.390 63446 INFO tempest.lib.common.rest_client [req-9f3fbf2a-2fd7-4d56-8042-de5758bca6e2 req-9f3fbf2a-2fd7-4d56-8042-de5758bca6e2 ] Request (ServerDiagnosticsV248Test:tearDownClass): 200 GET http://10.180.1.21/compute/v2.1/servers/56b3ba41-0406-4b69-89af-b00e87feaa89 0.980s
2024-10-10 14:45:39.510 63448 INFO tempest.lib.common.rest_client [req-1e709731-c84b-4d9b-9f2c-d691b6c20818 req-1e709731-c84b-4d9b-9f2c-d691b6c20818 ] Request (VolumesAssistedSnapshotsTest:test_volume_assisted_snapshot_create_delete): 200 GET http://10.180.1.21/compute/v2.1/servers/16e6ac19-b902-4db9-b5a5-5e351cbb3dcf 1.028s
2024-10-10 14:45:39.549 63462 INFO tempest.lib.common.rest_client [req-e2e9cca8-9e2b-4e46-a126-2f3dc883c3e4 req-e2e9cca8-9e2b-4e46-a126-2f3dc883c3e4 ] Request (FloatingIPDetailsNegativeTestJSON:tearDownClass): 204 DELETE http://10.180.1.21:9696/networking/v2.0/subnets/551eaa38-94a6-4471-bbe1-2fbe22442317 0.466s
2024-10-10 14:45:39.625 63442 INFO tempest.lib.common.rest_client [req-2dda759f-de66-4b59-a8a9-a819c75b7d4a req-2dda759f-de66-4b59-a8a9-a819c75b7d4a ] Request (ImagesOneServerTestJSON:setUpClass): 200 GET http://10.180.1.21/compute/v2.1/servers/425a1271-cda7-45e4-89cb-cccd6231b623 1.135s
2024-10-10 14:45:39.731 63466 INFO tempest.lib.common.rest_client [req-f2cbea84-bd03-4541-b899-1765ed4bf065 req-f2cbea84-bd03-4541-b899-1765ed4bf065 ] Request (ServerActionsTestOtherA:setUpClass): 200 GET http://10.180.1.21/compute/v2.1/servers/3c50a11c-cab7-461f-9550-575c4f51a4e5 1.134s
2024-10-10 14:45:39.771 63412 INFO tempest.lib.common.rest_client [req-2f2d8869-8150-496d-a49b-d20ffa0e2e41 req-2f2d8869-8150-496d-a49b-d20ffa0e2e41 ] Request (FlavorsAccessTestJSON:tearDownClass): 204 DELETE http://10.180.1.21:9696/networking/v2.0/security-groups/efd385a8-b8d2-47bf-8345-b472010d7c32 0.573s
2024-10-10 14:45:39.834 63416 INFO tempest.lib.common.rest_client [req-43230252-a21b-44db-b7d8-9cf02696d607 req-43230252-a21b-44db-b7d8-9cf02696d607 ] Request (ServersTestFqdnHostnames:test_create_server_with_fqdn_name): 200 GET http://10.180.1.21/compute/v2.1/servers/2cb7696b-f146-4db6-9e83-385fb8af1127 1.112s
2024-10-10 14:45:39.867 63412 INFO tempest.lib.common.rest_client [req-362c2003-33a9-45eb-aee6-0f9db2c5dc72 req-362c2003-33a9-45eb-aee6-0f9db2c5dc72 ] Request (FlavorsAccessTestJSON:tearDownClass): 204 DELETE http://10.180.1.21/identity/v3/projects/3fcde38a86c54fa9ac3b68204632b66e 0.095s
