2024-10-10 14:46:49.552 63472 INFO tempest.lib.common.rest_client [req-2f300a01-aa84-4b47-989d-70f33ca5a794 req-2f300a01-aa84-4b47-989d-70f33ca5a794 ] Request (DeleteServersTestJSON:test_delete_server_while_in_attached_volume): 200 GET http://10.180.1.21/compute/v2.1/servers/0f8e580e-fb14-4db8-b995-a9ffe06d8bac 0.088s
2024-10-10 14:46:49.571 63432 INFO tempest.lib.common.rest_client [req-e54e9a22-b3cd-4a26-a99f-fc1504c928f1 req-e54e9a22-b3cd-4a26-a99f-fc1504c928f1 ] Request (InstanceActionsNegativeTestJSON:setUpClass): 201 POST http://10.180.1.21:9696/networking/v2.0/networks 0.263s
2024-10-10 14:46:49.598 63452 INFO tempest.lib.common.rest_client [req-a6828067-e4f1-4a1f-a07c-e4e00162fc37 req-a6828067-e4f1-4a1f-a07c-e4e00162fc37 ] Request (ImagesOneServerNegativeTestJSON:setUpClass): 200 GET http://10.180.1.21/compute/v2.1/servers/b8b82813-b9c1-4d5c-964f-19016393b985 0.062s
2024-10-10 14:46:49.717 63432 INFO tempest.lib.common.rest_client [req-a2b2134a-5279-42e6-adbe-df6a5f0f41bd req-a2b2134a-5279-42e6-adbe-df6a5f0f41bd ] Request (InstanceActionsNegativeTestJSON:setUpClass): 201 POST http://10.180.1.21:9696/networking/v2.0/subnets 0.145s
2024-10-10 14:46:49.776 63418 INFO tempest.lib.common.rest_client [req-df2f5d65-8012-4511-be1a-c438a8c2943c req-df2f5d65-8012-4511-be1a-c438a8c2943c ] Request (ServerDiskConfigTestJSON:test_rebuild_server_with_auto_disk_config): 200 GET http://10.180.1.21/compute/v2.1/servers/27f2e664-e3a4-4d12-8a9a-a7b8f7ff2caa 0.059s
2024-10-10 14:46:49.780 63424 INFO tempest.lib.common.rest_client [req-8d7b8c5d-611f-4dfe-b2f0-024af4ee5d91 req-8d7b8c5d-611f-4dfe-b2f0-024af4ee5d91 ] Request (VolumesAdminNegativeTest:test_update_attached_volume_with_nonexistent_volume_in_body): 200 GET http://10.180.1.21/compute/v2.1/servers/7a25b67c-47b8-420f-9aa2-8c296b8ab221 0.072s
2024-10-10 14:46:49.825 63436 INFO tempest.lib.common.rest_client [req-82b2d1bc-97f4-4e8d-8dbf-689f8ae92011 req-82b2d1bc-97f4-4e8d-8dbf-689f8ae92011 ] Request (ServerActionsTestOtherB:setUpClass): 200 GET http://10.180.1.21/compute/v2.1/servers/070514d0-ccc0-4fed-90bd-c7914760db09 0.070s
2024-10-10 14:46:49.876 63412 INFO tempest.lib.common.rest_client [req-62a4d37b-af6d-4b35-ac18-1313b6fa5d81 req-62a4d37b-af6d-4b35-ac18-1313b6fa5d81 ] Request (MultipleCreateTestJSON:test_multiple_create): 200 GET http://10.180.1.21/compute/v2.1/servers/8b305bcb-87e0-4fc9-9579-56a5af9ace8e 0.069s
2024-10-10 14:46:49.935 63439 INFO tempest.lib.common.rest_client [req-ddd05c36-8fe7-492a-9ce3-2783e319ec81 req-ddd05c36-8fe7-492a-9ce3-2783e319ec81 ] Request (AttachVolumeShelveTestJSON:test_attach_volume_shelved_or_offload_server): 200 GET http://10.180.1.21/compute/v2.1/servers/182b1cc6-9626-4146-be9a-e15c5690aa1d 0.114s
2024-10-10 14:46:49.977 63442 INFO tempest.lib.common.rest_client [req-13cd78bf-ad69-49ab-9a3e-4614bec2e258 req-13cd78bf-ad69-49ab-9a3e-4614bec2e258 ] Request (ImagesOneServerTestJSON:setUpClass): 200 GET http://10.180.1.21/compute/v2.1/servers/425a1271-cda7-45e4-89cb-cccd6231b623 0.077s
2024-10-10 14:46:49.990 63426 INFO tempest.lib.common.rest_client [req-242a0928-6b5c-4db8-aab6-1b4411050eff req-242a0928-6b5c-4db8-aab6-1b4411050eff ] Request (ServersTestBootFromVolume:setUpClass): 200 GET http://10.180.1.21/compute/v2.1/servers/e137904f-dc43-4ebb-90ab-e10ea5487fe5 0.217s
2024-10-10 14:46:50.019 63420 INFO tempest.lib.common.rest_client [req-fe450d26-63cd-4f1b-8004-fdaf0710db9f req-fe450d26-63cd-4f1b-8004-fdaf0710db9f ] Request (ServerTagsTestJSON:setUpClass): 200 GET http://10.180.1.21/compute/v2.1/servers/a5d426c1-9f30-43a7-942e-06cbda2fce30 0.068s
2024-10-10 14:46:50.033 63460 INFO tempest.lib.common.rest_client [req-af8a7791-9ac3-4af6-9e94-416dfa81d433 req-af8a7791-9ac3-4af6-9e94-416dfa81d433 ] Request (ListServersNegativeTestJSON:setUpClass): 200 GET http://10.180.1.21/compute/v2.1/servers/d5bc39a7-a493-41a3-a2f4-8958883adca8 0.059s
2024-10-10 14:46:50.090 63454 INFO tempest.lib.common.rest_client [req-43a5e174-1708-4330-bd40-86dc0a7e99cc req-43a5e174-1708-4330-bd40-86dc0a7e99cc ] Request (DeleteServersAdminTestJSON:test_delete_server_while_in_error_state): 200 GET http://10.180.1.21/compute/v2.1/servers/6cd44d90-9092-483b-ab80-442e8f59435e 0.053s
2024-10-10 14:46:50.138 63422 INFO tempest.lib.common.rest_client [req-399751a9-4747-428d-903d-42f5ddf4185a req-399751a9-4747-428d-903d-42f5ddf4185a ] Request (ServersAdminTestJSON:setUpClass): 200 GET http://10.180.1.21/compute/v2.1/servers/12a2d788-c995-468b-b2a2-17dba8ad01db 0.050s
2024-10-10 14:46:50.286 63468 INFO tempest.lib.common.rest_client [req-fa5cb065-0eab-4f01-bf59-3f4e22ac3926 req-fa5cb065-0eab-4f01-bf59-3f4e22ac3926 ] Request (ServerRescueTestJSONUnderV235:setUpClass): 200 GET http://10.180.1.21/compute/v2.1/servers/b4acfb83-7200-46a3-9d0e-ae5d4ecb4dd3 0.047s
2024-10-10 14:46:50.339 63416 INFO tempest.lib.common.rest_client [req-6f98eee4-0d3e-4edc-bc23-c91102e1f71c req-6f98eee4-0d3e-4edc-bc23-c91102e1f71c ] Request (ServersTestFqdnHostnames:test_create_server_with_fqdn_name): 200 GET http://10.180.1.21/compute/v2.1/servers/2cb7696b-f146-4db6-9e83-385fb8af1127 0.051s
2024-10-10 14:46:50.345 63416 INFO tempest.common.waiters [-] State transition "BUILD/block_device_mapping" ==> "BUILD/spawning" after 79 second wait
2024-10-10 14:46:50.350 63414 INFO tempest.lib.common.rest_client [req-a5a96735-5d59-4645-b52b-42115b928c19 req-a5a96735-5d59-4645-b52b-42115b928c19 ] Request (ServerShowV254Test:test_rebuild_server): 200 GET http://10.180.1.21/compute/v2.1/servers/36089589-d105-49e0-8ae7-790c814b036c 0.046s
2024-10-10 14:46:50.394 63440 INFO tempest.lib.common.rest_client [req-3752edab-6ce5-487d-ab3a-a0f741d652a7 req-3752edab-6ce5-487d-ab3a-a0f741d652a7 ] Request (ServersTestJSON:setUpClass): 200 GET http://10.180.1.21/compute/v2.1/servers/295e958d-20d4-493c-856b-71880cce8b98 0.052s
2024-10-10 14:46:50.407 63474 INFO tempest.lib.common.rest_client [req-98598f3c-6835-4b4b-9096-d686aed46177 req-98598f3c-6835-4b4b-9096-d686aed46177 ] Request (ServerActionsV293TestJSON:setUpClass): 200 GET http://10.180.1.21/compute/v2.1/servers/0179d80c-9d1f-49c8-bf3a-041bb6ead8d5 0.052s
2024-10-10 14:46:50.450 63428 INFO tempest.lib.common.rest_client [req-7ee5a8af-853c-4cfc-bf9a-514f1a221302 req-7ee5a8af-853c-4cfc-bf9a-514f1a221302 ] Request (ListServerFiltersTestJSON:setUpClass): 200 GET http://10.180.1.21/compute/v2.1/servers/5da92241-84f0-4510-b19d-b28cb57079ab 0.045s
2024-10-10 14:46:50.450 63458 INFO tempest.lib.common.rest_client [req-e42a86a8-7ff1-4dd1-9ddc-f7a166f0e14d req-e42a86a8-7ff1-4dd1-9ddc-f7a166f0e14d ] Request (InstanceActionsV221TestJSON:test_get_list_deleted_instance_actions): 200 GET http://10.180.1.21/compute/v2.1/servers/d9e39ddc-e4a5-417d-a9be-905bfc3f5ead 0.050s
2024-10-10 14:46:50.457 63458 INFO tempest.common.waiters [-] State transition "BUILD/None" ==> "BUILD/networking" after 77 second wait
2024-10-10 14:46:50.497 63434 INFO tempest.lib.common.rest_client [req-79b69329-57d9-4e4f-b3cc-51884b271e3c req-79b69329-57d9-4e4f-b3cc-51884b271e3c ] Request (ServerActionsTestJSON:setUpClass): 200 GET http://10.180.1.21/compute/v2.1/servers/501f803b-f4ea-4777-909e-7bb808628cc5 0.047s
2024-10-10 14:46:50.503 63448 INFO tempest.lib.common.rest_client [req-c0d573de-9c6a-4de6-bf7c-326b2d0947a3 req-c0d573de-9c6a-4de6-bf7c-326b2d0947a3 ] Request (FloatingIPsAssociationNegativeTestJSON:setUpClass): 200 GET http://10.180.1.21/compute/v2.1/servers/67e8715d-b729-4013-8cca-44eaa55c662e 0.054s
2024-10-10 14:46:50.548 63451 INFO tempest.lib.common.rest_client [req-096515b4-4b5a-44c9-8e0b-e8e1b9d1a359 req-096515b4-4b5a-44c9-8e0b-e8e1b9d1a359 ] Request (MigrationsAdminTest:test_resize_server_revert_deleted_flavor): 200 GET http://10.180.1.21/compute/v2.1/servers/9af5d212-c032-4446-b3cd-87fe4e66ad7c 0.044s
2024-10-10 14:46:50.560 63456 INFO tempest.lib.common.rest_client [req-74b8f2b5-2659-4d3d-a40c-308090a9f3fe req-74b8f2b5-2659-4d3d-a40c-308090a9f3fe ] Request (ServerMetadataTestJSON:setUpClass): 200 GET http://10.180.1.21/compute/v2.1/servers/d85e98e9-d3d5-4781-8428-d8ab517be146 0.056s
2024-10-10 14:46:50.565 63432 INFO tempest.lib.common.rest_client [req-f06bba98-cf16-4765-abd4-312cf1911b90 req-f06bba98-cf16-4765-abd4-312cf1911b90 ] Request (InstanceActionsNegativeTestJSON:setUpClass): 201 POST http://10.180.1.21:9696/networking/v2.0/routers 0.848s
2024-10-10 14:46:50.600 63446 INFO tempest.lib.common.rest_client [req-f9916859-c8ca-45f3-8262-aae6f42a1eac req-f9916859-c8ca-45f3-8262-aae6f42a1eac ] Request (TenantUsagesTestJSON:setUpClass): 200 GET http://10.180.1.21/compute/v2.1/servers/4dcb8813-c428-4e0f-a761-3b06a8cba173 0.049s
2024-10-10 14:46:50.612 63472 INFO tempest.lib.common.rest_client [req-e7d3f1dc-311c-436e-ab67-204ef5a05500 req-e7d3f1dc-311c-436e-ab67-204ef5a05500 ] Request (DeleteServersTestJSON:test_delete_server_while_in_attached_volume): 200 GET http://10.180.1.21/compute/v2.1/servers/0f8e580e-fb14-4db8-b995-a9ffe06d8bac 0.051s
2024-10-10 14:46:50.660 63452 INFO tempest.lib.common.rest_client [req-b1f0f203-3630-47be-a5a3-165b5a456d2c req-b1f0f203-3630-47be-a5a3-165b5a456d2c ] Request (ImagesOneServerNegativeTestJSON:setUpClass): 200 GET http://10.180.1.21/compute/v2.1/servers/b8b82813-b9c1-4d5c-964f-19016393b985 0.054s
2024-10-10 14:46:50.841 63418 INFO tempest.lib.common.rest_client [req-2db3ecd3-fe93-4f3a-a6cf-e8b26c5dba6f req-2db3ecd3-fe93-4f3a-a6cf-e8b26c5dba6f ] Request (ServerDiskConfigTestJSON:test_rebuild_server_with_auto_disk_config): 200 GET http://10.180.1.21/compute/v2.1/servers/27f2e664-e3a4-4d12-8a9a-a7b8f7ff2caa 0.058s
2024-10-10 14:46:50.849 63424 INFO tempest.lib.common.rest_client [req-9ad8c744-c7ee-4b4d-8f24-f7dbc5bd38ce req-9ad8c744-c7ee-4b4d-8f24-f7dbc5bd38ce ] Request (VolumesAdminNegativeTest:test_update_attached_volume_with_nonexistent_volume_in_body): 200 GET http://10.180.1.21/compute/v2.1/servers/7a25b67c-47b8-420f-9aa2-8c296b8ab221 0.054s
2024-10-10 14:46:50.895 63436 INFO tempest.lib.common.rest_client [req-3042981b-620a-4d2f-bec5-c1b86c512f1a req-3042981b-620a-4d2f-bec5-c1b86c512f1a ] Request (ServerActionsTestOtherB:setUpClass): 200 GET http://10.180.1.21/compute/v2.1/servers/070514d0-ccc0-4fed-90bd-c7914760db09 0.063s
2024-10-10 14:46:50.938 63412 INFO tempest.lib.common.rest_client [req-877154ee-7536-4b05-84d0-00cd83fa66ce req-877154ee-7536-4b05-84d0-00cd83fa66ce ] Request (MultipleCreateTestJSON:test_multiple_create): 200 GET http://10.180.1.21/compute/v2.1/servers/8b305bcb-87e0-4fc9-9579-56a5af9ace8e 0.051s
2024-10-10 14:46:51.008 63439 INFO tempest.lib.common.rest_client [req-268c36bf-bd88-4668-bbc5-861c03518c2a req-268c36bf-bd88-4668-bbc5-861c03518c2a ] Request (AttachVolumeShelveTestJSON:test_attach_volume_shelved_or_offload_server): 200 GET http://10.180.1.21/compute/v2.1/servers/182b1cc6-9626-4146-be9a-e15c5690aa1d 0.061s
2024-10-10 14:46:51.041 63442 INFO tempest.lib.common.rest_client [req-520a12d9-eebc-4dd6-83a3-92dd05aac851 req-520a12d9-eebc-4dd6-83a3-92dd05aac851 ] Request (ImagesOneServerTestJSON:setUpClass): 200 GET http://10.180.1.21/compute/v2.1/servers/425a1271-cda7-45e4-89cb-cccd6231b623 0.057s
2024-10-10 14:46:51.091 63426 INFO tempest.lib.common.rest_client [req-9ca08cf0-961b-4d43-9be8-6a007ccde62b req-9ca08cf0-961b-4d43-9be8-6a007ccde62b ] Request (ServersTestBootFromVolume:setUpClass): 200 GET http://10.180.1.21/compute/v2.1/servers/e137904f-dc43-4ebb-90ab-e10ea5487fe5 0.095s
2024-10-10 14:46:51.109 63420 INFO tempest.lib.common.rest_client [req-0a0fe5b3-6663-4edc-b965-05fb5ace2daa req-0a0fe5b3-6663-4edc-b965-05fb5ace2daa ] Request (ServerTagsTestJSON:setUpClass): 200 GET http://10.180.1.21/compute/v2.1/servers/a5d426c1-9f30-43a7-942e-06cbda2fce30 0.081s
2024-10-10 14:46:51.160 63460 INFO tempest.lib.common.rest_client [req-6eecc89e-181a-436f-872d-4f0453a5b330 req-6eecc89e-181a-436f-872d-4f0453a5b330 ] Request (ListServersNegativeTestJSON:setUpClass): 200 GET http://10.180.1.21/compute/v2.1/servers/d5bc39a7-a493-41a3-a2f4-8958883adca8 0.120s
2024-10-10 14:46:51.164 63454 INFO tempest.lib.common.rest_client [req-31ab6e8c-3835-47d4-ac07-eb6ca8f688f2 req-31ab6e8c-3835-47d4-ac07-eb6ca8f688f2 ] Request (DeleteServersAdminTestJSON:test_delete_server_while_in_error_state): 200 GET http://10.180.1.21/compute/v2.1/servers/6cd44d90-9092-483b-ab80-442e8f59435e 0.066s
2024-10-10 14:46:51.207 63422 INFO tempest.lib.common.rest_client [req-5db959ec-437b-4bcf-9f91-944ce7511b3f req-5db959ec-437b-4bcf-9f91-944ce7511b3f ] Request (ServersAdminTestJSON:setUpClass): 200 GET http://10.180.1.21/compute/v2.1/servers/12a2d788-c995-468b-b2a2-17dba8ad01db 0.062s
2024-10-10 14:46:51.356 63468 INFO tempest.lib.common.rest_client [req-a9957e2f-3259-44bb-b67c-7696ee4f8a12 req-a9957e2f-3259-44bb-b67c-7696ee4f8a12 ] Request (ServerRescueTestJSONUnderV235:setUpClass): 200 GET http://10.180.1.21/compute/v2.1/servers/b4acfb83-7200-46a3-9d0e-ae5d4ecb4dd3 0.061s
2024-10-10 14:46:51.403 63416 INFO tempest.lib.common.rest_client [req-8111059d-de46-4062-bda5-2b9a91cd2b08 req-8111059d-de46-4062-bda5-2b9a91cd2b08 ] Request (ServersTestFqdnHostnames:test_create_server_with_fqdn_name): 200 GET http://10.180.1.21/compute/v2.1/servers/2cb7696b-f146-4db6-9e83-385fb8af1127 0.056s
2024-10-10 14:46:51.421 63414 INFO tempest.lib.common.rest_client [req-e8edb808-ec21-4a6f-b76a-3291e8acb039 req-e8edb808-ec21-4a6f-b76a-3291e8acb039 ] Request (ServerShowV254Test:test_rebuild_server): 200 GET http://10.180.1.21/compute/v2.1/servers/36089589-d105-49e0-8ae7-790c814b036c 0.059s
2024-10-10 14:46:51.465 63440 INFO tempest.lib.common.rest_client [req-21fd438d-be1e-4790-a20d-c11d894b56c8 req-21fd438d-be1e-4790-a20d-c11d894b56c8 ] Request (ServersTestJSON:setUpClass): 200 GET http://10.180.1.21/compute/v2.1/servers/295e958d-20d4-493c-856b-71880cce8b98 0.064s
2024-10-10 14:46:51.475 63474 INFO tempest.lib.common.rest_client [req-dc66bc69-bf12-4a56-9f1b-0d3b29c22785 req-dc66bc69-bf12-4a56-9f1b-0d3b29c22785 ] Request (ServerActionsV293TestJSON:setUpClass): 200 GET http://10.180.1.21/compute/v2.1/servers/0179d80c-9d1f-49c8-bf3a-041bb6ead8d5 0.058s
2024-10-10 14:46:51.497 63432 INFO tempest.lib.common.rest_client [req-3f190998-37cc-4833-a81a-fdaeeb93b588 req-3f190998-37cc-4833-a81a-fdaeeb93b588 ] Request (InstanceActionsNegativeTestJSON:setUpClass): 200 PUT http://10.180.1.21:9696/networking/v2.0/routers/8b4e2ea8-6dfd-4eba-8f97-8a96319c7862/add_router_interface 0.932s
2024-10-10 14:46:51.498 63432 INFO tempest.lib.common.dynamic_creds [-] Created isolated network resources for: credentials: Credentials: {'domain_id': 'default', 'domain_name': 'Default', 'username': 'tempest-InstanceActionsNegativeTestJSON-1114257627-project-member', 'project_domain_id': 'default', 'project_domain_name': 'Default', 'project_id': '605540b1524442baa6e48276b50c5537', 'project_name': 'tempest-InstanceActionsNegativeTestJSON-1114257627', 'tenant_id': '605540b1524442baa6e48276b50c5537', 'tenant_name': 'tempest-InstanceActionsNegativeTestJSON-1114257627', 'user_domain_id': 'default', 'user_domain_name': 'Default', 'user_id': 'bc420d5547b745f790e65fa1cc25a48b', 'system': None}, Network: {'id': '555a093b-7f2b-4816-a4c5-cc69c19fcc6e', 'name': 'tempest-InstanceActionsNegativeTestJSON-1915575734-network', 'tenant_id': '605540b1524442baa6e48276b50c5537', 'admin_state_up': True, 'mtu': 8950, 'status': 'ACTIVE', 'subnets': [], 'shared': False, 'project_id': '605540b1524442baa6e48276b50c5537', 'port_security_enabled': True, 'router:external': False, 'provider:network_type': 'vlan', 'provider:physical_network': 'default', 'provider:segmentation_id': 743, 'is_default': False, 'availability_zone_hints': [], 'availability_zones': [], 'ipv4_address_scope': None, 'ipv6_address_scope': None, 'description': '', 'tags': [], 'created_at': '2024-10-10T14:46:49Z', 'updated_at': '2024-10-10T14:46:49Z', 'revision_number': 1}, Subnet: {'id': '0328edd4-7a5b-46f9-8b86-cf98a683dae8', 'name': 'tempest-InstanceActionsNegativeTestJSON-1915575734-subnet', 'tenant_id': '605540b1524442baa6e48276b50c5537', 'network_id': '555a093b-7f2b-4816-a4c5-cc69c19fcc6e', 'ip_version': 4, 'subnetpool_id': None, 'enable_dhcp': True, 'ipv6_ra_mode': None, 'ipv6_address_mode': None, 'gateway_ip': '192.168.128.1', 'cidr': '192.168.128.0/28', 'allocation_pools': [{'start': '192.168.128.2', 'end': '192.168.128.14'}], 'host_routes': [], 'dns_nameservers': [], 'description': '', 'router:external': False, 'service_types': [], 'tags': [], 'created_at': '2024-10-10T14:46:49Z', 'updated_at': '2024-10-10T14:46:49Z', 'revision_number': 0, 'project_id': '605540b1524442baa6e48276b50c5537'}, Router: {'id': '8b4e2ea8-6dfd-4eba-8f97-8a96319c7862', 'name': 'tempest-InstanceActionsNegativeTestJSON-1915575734-router', 'tenant_id': '605540b1524442baa6e48276b50c5537', 'admin_state_up': True, 'status': 'ACTIVE', 'external_gateway_info': {'network_id': '9dd72194-e6c4-4945-9473-8c485b75e554', 'external_fixed_ips': [{'subnet_id': '0e05b10f-7520-4179-9de3-77c31f1c8f37', 'ip_address': '10.180.180.219'}], 'enable_snat': True}, 'description': '', 'availability_zones': [], 'distributed': False, 'ha': False, 'availability_zone_hints': [], 'routes': [], 'flavor_id': None, 'tags': [], 'created_at': '2024-10-10T14:46:49Z', 'updated_at': '2024-10-10T14:46:50Z', 'revision_number': 2, 'project_id': '605540b1524442baa6e48276b50c5537'}
2024-10-10 14:46:51.518 63428 INFO tempest.lib.common.rest_client [req-6437f454-5aac-4015-acbe-ef4ae49205cb req-6437f454-5aac-4015-acbe-ef4ae49205cb ] Request (ListServerFiltersTestJSON:setUpClass): 200 GET http://10.180.1.21/compute/v2.1/servers/5da92241-84f0-4510-b19d-b28cb57079ab 0.061s
2024-10-10 14:46:51.566 63434 INFO tempest.lib.common.rest_client [req-93af083a-424c-4a26-8019-2bed22f77ee6 req-93af083a-424c-4a26-8019-2bed22f77ee6 ] Request (ServerActionsTestJSON:setUpClass): 200 GET http://10.180.1.21/compute/v2.1/servers/501f803b-f4ea-4777-909e-7bb808628cc5 0.062s
2024-10-10 14:46:51.574 63432 INFO tempest.lib.common.rest_client [req-08b7dc65-8cfa-4e43-b521-8b79ca6f003a req-08b7dc65-8cfa-4e43-b521-8b79ca6f003a ] Request (InstanceActionsNegativeTestJSON:setUpClass): 201 POST http://10.180.1.21/identity/v3/auth/tokens 0.073s
2024-10-10 14:46:51.619 63448 INFO tempest.lib.common.rest_client [req-ff89d865-13cc-41d4-a21f-296b54ea0c21 req-ff89d865-13cc-41d4-a21f-296b54ea0c21 ] Request (FloatingIPsAssociationNegativeTestJSON:setUpClass): 200 GET http://10.180.1.21/compute/v2.1/servers/67e8715d-b729-4013-8cca-44eaa55c662e 0.106s
2024-10-10 14:46:51.625 63432 INFO tempest.lib.common.rest_client [req-bdbe8a89-feab-45b4-929d-c07c3a0130cc req-bdbe8a89-feab-45b4-929d-c07c3a0130cc ] Request (InstanceActionsNegativeTestJSON:setUpClass): 201 POST http://10.180.1.21/identity/v3/auth/tokens 0.043s
2024-10-10 14:46:51.626 63432 INFO tempest.lib.common.fixed_network [-] (InstanceActionsNegativeTestJSON:setUpClass) Found network {'id': '555a093b-7f2b-4816-a4c5-cc69c19fcc6e', 'name': 'tempest-InstanceActionsNegativeTestJSON-1915575734-network', 'tenant_id': '605540b1524442baa6e48276b50c5537', 'admin_state_up': True, 'mtu': 8950, 'status': 'ACTIVE', 'subnets': [], 'shared': False, 'project_id': '605540b1524442baa6e48276b50c5537', 'port_security_enabled': True, 'router:external': False, 'provider:network_type': 'vlan', 'provider:physical_network': 'default', 'provider:segmentation_id': 743, 'is_default': False, 'availability_zone_hints': [], 'availability_zones': [], 'ipv4_address_scope': None, 'ipv6_address_scope': None, 'description': '', 'tags': [], 'created_at': '2024-10-10T14:46:49Z', 'updated_at': '2024-10-10T14:46:49Z', 'revision_number': 1} available for tenant
2024-10-10 14:46:51.665 63458 INFO tempest.lib.common.rest_client [req-dc41a6d7-cced-4174-9462-ed9f40d02f0f req-dc41a6d7-cced-4174-9462-ed9f40d02f0f ] Request (InstanceActionsV221TestJSON:test_get_list_deleted_instance_actions): 200 GET http://10.180.1.21/compute/v2.1/servers/d9e39ddc-e4a5-417d-a9be-905bfc3f5ead 0.207s
2024-10-10 14:46:51.672 63458 INFO tempest.common.waiters [-] State transition "BUILD/networking" ==> "BUILD/block_device_mapping" after 78 second wait
2024-10-10 14:46:51.696 63451 INFO tempest.lib.common.rest_client [req-08f0eb9e-204f-4c0b-9e9d-964a536f61d2 req-08f0eb9e-204f-4c0b-9e9d-964a536f61d2 ] Request (MigrationsAdminTest:test_resize_server_revert_deleted_flavor): 200 GET http://10.180.1.21/compute/v2.1/servers/9af5d212-c032-4446-b3cd-87fe4e66ad7c 0.141s
2024-10-10 14:46:51.739 63456 INFO tempest.lib.common.rest_client [req-befb0eb5-df4a-494e-a926-e661eac639b2 req-befb0eb5-df4a-494e-a926-e661eac639b2 ] Request (ServerMetadataTestJSON:setUpClass): 200 GET http://10.180.1.21/compute/v2.1/servers/d85e98e9-d3d5-4781-8428-d8ab517be146 0.170s
2024-10-10 14:46:51.761 63446 INFO tempest.lib.common.rest_client [req-d6a7c5b1-fc6b-4792-8fe9-3a951da1fc69 req-d6a7c5b1-fc6b-4792-8fe9-3a951da1fc69 ] Request (TenantUsagesTestJSON:setUpClass): 200 GET http://10.180.1.21/compute/v2.1/servers/4dcb8813-c428-4e0f-a761-3b06a8cba173 0.152s
2024-10-10 14:46:51.794 63472 INFO tempest.lib.common.rest_client [req-122ca4f8-9070-4ad6-addd-a48900a7d9f5 req-122ca4f8-9070-4ad6-addd-a48900a7d9f5 ] Request (DeleteServersTestJSON:test_delete_server_while_in_attached_volume): 200 GET http://10.180.1.21/compute/v2.1/servers/0f8e580e-fb14-4db8-b995-a9ffe06d8bac 0.173s
2024-10-10 14:46:51.846 63452 INFO tempest.lib.common.rest_client [req-dd17c959-6439-495e-be7b-c18ef25cf57f req-dd17c959-6439-495e-be7b-c18ef25cf57f ] Request (ImagesOneServerNegativeTestJSON:setUpClass): 200 GET http://10.180.1.21/compute/v2.1/servers/b8b82813-b9c1-4d5c-964f-19016393b985 0.171s
2024-10-10 14:46:51.930 63418 INFO tempest.lib.common.rest_client [req-b9659865-e1db-4127-b2e4-96aad9798b2e req-b9659865-e1db-4127-b2e4-96aad9798b2e ] Request (ServerDiskConfigTestJSON:test_rebuild_server_with_auto_disk_config): 200 GET http://10.180.1.21/compute/v2.1/servers/27f2e664-e3a4-4d12-8a9a-a7b8f7ff2caa 0.074s
2024-10-10 14:46:51.988 63424 INFO tempest.lib.common.rest_client [req-c932fcb5-88e8-4870-8d0f-73fb06485671 req-c932fcb5-88e8-4870-8d0f-73fb06485671 ] Request (VolumesAdminNegativeTest:test_update_attached_volume_with_nonexistent_volume_in_body): 200 GET http://10.180.1.21/compute/v2.1/servers/7a25b67c-47b8-420f-9aa2-8c296b8ab221 0.128s
2024-10-10 14:46:52.053 63436 INFO tempest.lib.common.rest_client [req-c67e9389-1640-48d2-a503-10284e0da202 req-c67e9389-1640-48d2-a503-10284e0da202 ] Request (ServerActionsTestOtherB:setUpClass): 200 GET http://10.180.1.21/compute/v2.1/servers/070514d0-ccc0-4fed-90bd-c7914760db09 0.147s
2024-10-10 14:46:52.109 63412 INFO tempest.lib.common.rest_client [req-e7bdadb0-1e70-4973-b1e5-183032f84ded req-e7bdadb0-1e70-4973-b1e5-183032f84ded ] Request (MultipleCreateTestJSON:test_multiple_create): 200 GET http://10.180.1.21/compute/v2.1/servers/8b305bcb-87e0-4fc9-9579-56a5af9ace8e 0.164s
2024-10-10 14:46:52.170 63439 INFO tempest.lib.common.rest_client [req-3f6b3e8b-8f31-49a1-9257-6fa8ea67f95c req-3f6b3e8b-8f31-49a1-9257-6fa8ea67f95c ] Request (AttachVolumeShelveTestJSON:test_attach_volume_shelved_or_offload_server): 200 GET http://10.180.1.21/compute/v2.1/servers/182b1cc6-9626-4146-be9a-e15c5690aa1d 0.151s
2024-10-10 14:46:52.178 63432 INFO tempest.lib.common.rest_client [req-afd6bc8b-4969-4756-a110-b15aa156629a req-afd6bc8b-4969-4756-a110-b15aa156629a ] Request (InstanceActionsNegativeTestJSON:setUpClass): 202 POST http://10.180.1.21/compute/v2.1/servers 0.551s
2024-10-10 14:46:52.223 63442 INFO tempest.lib.common.rest_client [req-95eb5050-d869-44ee-ba67-2a37a1e88cb6 req-95eb5050-d869-44ee-ba67-2a37a1e88cb6 ] Request (ImagesOneServerTestJSON:setUpClass): 200 GET http://10.180.1.21/compute/v2.1/servers/425a1271-cda7-45e4-89cb-cccd6231b623 0.167s
2024-10-10 14:46:52.239 63426 INFO tempest.lib.common.rest_client [req-6a62d51d-1ebf-425f-a7c9-17b766afaa71 req-6a62d51d-1ebf-425f-a7c9-17b766afaa71 ] Request (ServersTestBootFromVolume:setUpClass): 200 GET http://10.180.1.21/compute/v2.1/servers/e137904f-dc43-4ebb-90ab-e10ea5487fe5 0.138s
2024-10-10 14:46:52.287 63420 INFO tempest.lib.common.rest_client [req-15a774cd-ce63-42ec-a576-1b3d34bd6c84 req-15a774cd-ce63-42ec-a576-1b3d34bd6c84 ] Request (ServerTagsTestJSON:setUpClass): 200 GET http://10.180.1.21/compute/v2.1/servers/a5d426c1-9f30-43a7-942e-06cbda2fce30 0.165s
2024-10-10 14:46:52.296 63460 INFO tempest.lib.common.rest_client [req-3354a2d8-302b-4bd0-a18d-5fe7a244bb85 req-3354a2d8-302b-4bd0-a18d-5fe7a244bb85 ] Request (ListServersNegativeTestJSON:setUpClass): 200 GET http://10.180.1.21/compute/v2.1/servers/d5bc39a7-a493-41a3-a2f4-8958883adca8 0.128s
2024-10-10 14:46:52.336 63432 INFO tempest.lib.common.rest_client [req-49dc303c-86ac-4876-ba77-b60f1bbb2994 req-49dc303c-86ac-4876-ba77-b60f1bbb2994 ] Request (InstanceActionsNegativeTestJSON:setUpClass): 200 GET http://10.180.1.21/compute/v2.1/servers/39e55060-73a7-4dbd-96cf-bc48d8737c1c 0.156s
2024-10-10 14:46:52.337 63454 INFO tempest.lib.common.rest_client [req-9ac6d6f8-da87-48d1-b645-fba29d4d6261 req-9ac6d6f8-da87-48d1-b645-fba29d4d6261 ] Request (DeleteServersAdminTestJSON:test_delete_server_while_in_error_state): 200 GET http://10.180.1.21/compute/v2.1/servers/6cd44d90-9092-483b-ab80-442e8f59435e 0.164s
2024-10-10 14:46:52.384 63422 INFO tempest.lib.common.rest_client [req-b1540b97-8aa1-4d87-a734-dc553a50ed47 req-b1540b97-8aa1-4d87-a734-dc553a50ed47 ] Request (ServersAdminTestJSON:setUpClass): 200 GET http://10.180.1.21/compute/v2.1/servers/12a2d788-c995-468b-b2a2-17dba8ad01db 0.169s
2024-10-10 14:46:52.409 63468 INFO tempest.lib.common.rest_client [req-2a125448-6f83-4343-be79-268d8c2cb8b7 req-2a125448-6f83-4343-be79-268d8c2cb8b7 ] Request (ServerRescueTestJSONUnderV235:setUpClass): 200 GET http://10.180.1.21/compute/v2.1/servers/b4acfb83-7200-46a3-9d0e-ae5d4ecb4dd3 0.046s
2024-10-10 14:46:52.474 63416 INFO tempest.lib.common.rest_client [req-dbc3f2d4-6809-451b-96f2-379b60928817 req-dbc3f2d4-6809-451b-96f2-379b60928817 ] Request (ServersTestFqdnHostnames:test_create_server_with_fqdn_name): 200 GET http://10.180.1.21/compute/v2.1/servers/2cb7696b-f146-4db6-9e83-385fb8af1127 0.056s
2024-10-10 14:46:52.480 63414 INFO tempest.lib.common.rest_client [req-ffdd43ac-963a-43ce-96c9-5f4d69955827 req-ffdd43ac-963a-43ce-96c9-5f4d69955827 ] Request (ServerShowV254Test:test_rebuild_server): 200 GET http://10.180.1.21/compute/v2.1/servers/36089589-d105-49e0-8ae7-790c814b036c 0.048s
2024-10-10 14:46:52.523 63440 INFO tempest.lib.common.rest_client [req-e0b6f774-3d71-4a7c-bf54-6a20d96d6617 req-e0b6f774-3d71-4a7c-bf54-6a20d96d6617 ] Request (ServersTestJSON:setUpClass): 200 GET http://10.180.1.21/compute/v2.1/servers/295e958d-20d4-493c-856b-71880cce8b98 0.047s
2024-10-10 14:46:52.541 63474 INFO tempest.lib.common.rest_client [req-64d6d812-1746-4d4f-aea0-87ddeb3bbe56 req-64d6d812-1746-4d4f-aea0-87ddeb3bbe56 ] Request (ServerActionsV293TestJSON:setUpClass): 200 GET http://10.180.1.21/compute/v2.1/servers/0179d80c-9d1f-49c8-bf3a-041bb6ead8d5 0.053s
2024-10-10 14:46:52.570 63428 INFO tempest.lib.common.rest_client [req-9012a0a1-b7c5-40cd-84d4-ae08f9681697 req-9012a0a1-b7c5-40cd-84d4-ae08f9681697 ] Request (ListServerFiltersTestJSON:setUpClass): 200 GET http://10.180.1.21/compute/v2.1/servers/5da92241-84f0-4510-b19d-b28cb57079ab 0.044s
2024-10-10 14:46:52.626 63434 INFO tempest.lib.common.rest_client [req-3f05a85a-e429-4865-938b-040aa125097e req-3f05a85a-e429-4865-938b-040aa125097e ] Request (ServerActionsTestJSON:setUpClass): 200 GET http://10.180.1.21/compute/v2.1/servers/501f803b-f4ea-4777-909e-7bb808628cc5 0.051s
2024-10-10 14:46:52.675 63448 INFO tempest.lib.common.rest_client [req-cc98ac9e-60e3-41e1-88ce-6e3e7ad653c0 req-cc98ac9e-60e3-41e1-88ce-6e3e7ad653c0 ] Request (FloatingIPsAssociationNegativeTestJSON:setUpClass): 200 GET http://10.180.1.21/compute/v2.1/servers/67e8715d-b729-4013-8cca-44eaa55c662e 0.047s
2024-10-10 14:46:52.727 63458 INFO tempest.lib.common.rest_client [req-f9150a5d-04a8-4f11-8f16-70cd27e6be14 req-f9150a5d-04a8-4f11-8f16-70cd27e6be14 ] Request (InstanceActionsV221TestJSON:test_get_list_deleted_instance_actions): 200 GET http://10.180.1.21/compute/v2.1/servers/d9e39ddc-e4a5-417d-a9be-905bfc3f5ead 0.053s
2024-10-10 14:46:52.734 63458 INFO tempest.common.waiters [-] State transition "BUILD/block_device_mapping" ==> "BUILD/spawning" after 79 second wait
2024-10-10 14:46:52.757 63451 INFO tempest.lib.common.rest_client [req-934191bf-2be7-47e6-a0ff-6fbcb64cb987 req-934191bf-2be7-47e6-a0ff-6fbcb64cb987 ] Request (MigrationsAdminTest:test_resize_server_revert_deleted_flavor): 200 GET http://10.180.1.21/compute/v2.1/servers/9af5d212-c032-4446-b3cd-87fe4e66ad7c 0.052s
2024-10-10 14:46:52.806 63456 INFO tempest.lib.common.rest_client [req-0cca1e46-0783-4552-9c3b-4b1021490715 req-0cca1e46-0783-4552-9c3b-4b1021490715 ] Request (ServerMetadataTestJSON:setUpClass): 200 GET http://10.180.1.21/compute/v2.1/servers/d85e98e9-d3d5-4781-8428-d8ab517be146 0.057s
2024-10-10 14:46:52.840 63446 INFO tempest.lib.common.rest_client [req-b1236f71-cdb2-4644-8962-0b3bd212f710 req-b1236f71-cdb2-4644-8962-0b3bd212f710 ] Request (TenantUsagesTestJSON:setUpClass): 200 GET http://10.180.1.21/compute/v2.1/servers/4dcb8813-c428-4e0f-a761-3b06a8cba173 0.068s
2024-10-10 14:46:52.874 63472 INFO tempest.lib.common.rest_client [req-ef1590e1-1748-4195-bfde-7d6290cd4988 req-ef1590e1-1748-4195-bfde-7d6290cd4988 ] Request (DeleteServersTestJSON:test_delete_server_while_in_attached_volume): 200 GET http://10.180.1.21/compute/v2.1/servers/0f8e580e-fb14-4db8-b995-a9ffe06d8bac 0.068s
2024-10-10 14:46:52.915 63452 INFO tempest.lib.common.rest_client [req-76d18cfe-666d-4b6c-ab8f-264b50e6cebd req-76d18cfe-666d-4b6c-ab8f-264b50e6cebd ] Request (ImagesOneServerNegativeTestJSON:setUpClass): 200 GET http://10.180.1.21/compute/v2.1/servers/b8b82813-b9c1-4d5c-964f-19016393b985 0.059s
2024-10-10 14:46:52.985 63418 INFO tempest.lib.common.rest_client [req-f376e22a-0a60-417d-bf10-c8fbcd145b3d req-f376e22a-0a60-417d-bf10-c8fbcd145b3d ] Request (ServerDiskConfigTestJSON:test_rebuild_server_with_auto_disk_config): 200 GET http://10.180.1.21/compute/v2.1/servers/27f2e664-e3a4-4d12-8a9a-a7b8f7ff2caa 0.048s
2024-10-10 14:46:53.053 63424 INFO tempest.lib.common.rest_client [req-968d7cd2-0e23-4cf6-a362-44c133c30584 req-968d7cd2-0e23-4cf6-a362-44c133c30584 ] Request (VolumesAdminNegativeTest:test_update_attached_volume_with_nonexistent_volume_in_body): 200 GET http://10.180.1.21/compute/v2.1/servers/7a25b67c-47b8-420f-9aa2-8c296b8ab221 0.054s
2024-10-10 14:46:53.108 63436 INFO tempest.lib.common.rest_client [req-a9ecaf05-70f0-4d52-bebf-ad9356c93b02 req-a9ecaf05-70f0-4d52-bebf-ad9356c93b02 ] Request (ServerActionsTestOtherB:setUpClass): 200 GET http://10.180.1.21/compute/v2.1/servers/070514d0-ccc0-4fed-90bd-c7914760db09 0.048s
2024-10-10 14:46:53.166 63412 INFO tempest.lib.common.rest_client [req-66153235-ae3d-442b-a42c-c91bbf8004d5 req-66153235-ae3d-442b-a42c-c91bbf8004d5 ] Request (MultipleCreateTestJSON:test_multiple_create): 200 GET http://10.180.1.21/compute/v2.1/servers/8b305bcb-87e0-4fc9-9579-56a5af9ace8e 0.050s
2024-10-10 14:46:53.229 63439 INFO tempest.lib.common.rest_client [req-7ee426a1-0a23-4c96-8280-b40673880461 req-7ee426a1-0a23-4c96-8280-b40673880461 ] Request (AttachVolumeShelveTestJSON:test_attach_volume_shelved_or_offload_server): 200 GET http://10.180.1.21/compute/v2.1/servers/182b1cc6-9626-4146-be9a-e15c5690aa1d 0.049s
2024-10-10 14:46:53.283 63442 INFO tempest.lib.common.rest_client [req-f0dedecd-61b4-4fdd-b499-1d3e7132f7f0 req-f0dedecd-61b4-4fdd-b499-1d3e7132f7f0 ] Request (ImagesOneServerTestJSON:setUpClass): 200 GET http://10.180.1.21/compute/v2.1/servers/425a1271-cda7-45e4-89cb-cccd6231b623 0.049s
2024-10-10 14:46:53.296 63426 INFO tempest.lib.common.rest_client [req-92abaca8-43af-4f86-8bdf-efe65582bb64 req-92abaca8-43af-4f86-8bdf-efe65582bb64 ] Request (ServersTestBootFromVolume:setUpClass): 200 GET http://10.180.1.21/compute/v2.1/servers/e137904f-dc43-4ebb-90ab-e10ea5487fe5 0.046s
2024-10-10 14:46:53.350 63460 INFO tempest.lib.common.rest_client [req-75861e63-7f45-481d-9f0f-8c082335965a req-75861e63-7f45-481d-9f0f-8c082335965a ] Request (ListServersNegativeTestJSON:setUpClass): 200 GET http://10.180.1.21/compute/v2.1/servers/d5bc39a7-a493-41a3-a2f4-8958883adca8 0.045s
2024-10-10 14:46:53.351 63420 INFO tempest.lib.common.rest_client [req-f44b3bf6-ac34-4f09-803a-4972b6b66eb7 req-f44b3bf6-ac34-4f09-803a-4972b6b66eb7 ] Request (ServerTagsTestJSON:setUpClass): 200 GET http://10.180.1.21/compute/v2.1/servers/a5d426c1-9f30-43a7-942e-06cbda2fce30 0.055s
2024-10-10 14:46:53.396 63454 INFO tempest.lib.common.rest_client [req-60bb79e1-df5c-4192-bf33-095b1f2dc457 req-60bb79e1-df5c-4192-bf33-095b1f2dc457 ] Request (DeleteServersAdminTestJSON:test_delete_server_while_in_error_state): 200 GET http://10.180.1.21/compute/v2.1/servers/6cd44d90-9092-483b-ab80-442e8f59435e 0.054s
2024-10-10 14:46:53.403 63432 INFO tempest.lib.common.rest_client [req-b85c57eb-30a4-4598-8fcf-8d80f40a05aa req-b85c57eb-30a4-4598-8fcf-8d80f40a05aa ] Request (InstanceActionsNegativeTestJSON:setUpClass): 200 GET http://10.180.1.21/compute/v2.1/servers/39e55060-73a7-4dbd-96cf-bc48d8737c1c 0.061s
2024-10-10 14:46:53.440 63422 INFO tempest.lib.common.rest_client [req-4e9fca48-a1f5-4df8-9237-7f9af39ef72d req-4e9fca48-a1f5-4df8-9237-7f9af39ef72d ] Request (ServersAdminTestJSON:setUpClass): 200 GET http://10.180.1.21/compute/v2.1/servers/12a2d788-c995-468b-b2a2-17dba8ad01db 0.049s
2024-10-10 14:46:53.459 63468 INFO tempest.lib.common.rest_client [req-d7d515d2-3c73-452b-8c5e-2a52089844b9 req-d7d515d2-3c73-452b-8c5e-2a52089844b9 ] Request (ServerRescueTestJSONUnderV235:setUpClass): 200 GET http://10.180.1.21/compute/v2.1/servers/b4acfb83-7200-46a3-9d0e-ae5d4ecb4dd3 0.043s
2024-10-10 14:46:53.526 63416 INFO tempest.lib.common.rest_client [req-fecc55ab-9000-4201-8a85-0b6317ec2ddc req-fecc55ab-9000-4201-8a85-0b6317ec2ddc ] Request (ServersTestFqdnHostnames:test_create_server_with_fqdn_name): 200 GET http://10.180.1.21/compute/v2.1/servers/2cb7696b-f146-4db6-9e83-385fb8af1127 0.045s
2024-10-10 14:46:53.533 63414 INFO tempest.lib.common.rest_client [req-d9f14b36-0487-458e-b8e0-de916fbdbf36 req-d9f14b36-0487-458e-b8e0-de916fbdbf36 ] Request (ServerShowV254Test:test_rebuild_server): 200 GET http://10.180.1.21/compute/v2.1/servers/36089589-d105-49e0-8ae7-790c814b036c 0.045s
2024-10-10 14:46:53.573 63440 INFO tempest.lib.common.rest_client [req-c2ee14b0-8766-4681-bb51-2341fa05a6d6 req-c2ee14b0-8766-4681-bb51-2341fa05a6d6 ] Request (ServersTestJSON:setUpClass): 200 GET http://10.180.1.21/compute/v2.1/servers/295e958d-20d4-493c-856b-71880cce8b98 0.043s
2024-10-10 14:46:53.600 63474 INFO tempest.lib.common.rest_client [req-fb38651f-af0e-4fb3-8b66-7e13d39585d1 req-fb38651f-af0e-4fb3-8b66-7e13d39585d1 ] Request (ServerActionsV293TestJSON:setUpClass): 200 GET http://10.180.1.21/compute/v2.1/servers/0179d80c-9d1f-49c8-bf3a-041bb6ead8d5 0.049s
2024-10-10 14:46:53.624 63428 INFO tempest.lib.common.rest_client [req-e8a38672-d454-4319-9bf2-f2d19932eb4f req-e8a38672-d454-4319-9bf2-f2d19932eb4f ] Request (ListServerFiltersTestJSON:setUpClass): 200 GET http://10.180.1.21/compute/v2.1/servers/5da92241-84f0-4510-b19d-b28cb57079ab 0.047s
2024-10-10 14:46:53.682 63434 INFO tempest.lib.common.rest_client [req-7352524b-a822-4d3c-9269-95cb4f24d7bf req-7352524b-a822-4d3c-9269-95cb4f24d7bf ] Request (ServerActionsTestJSON:setUpClass): 200 GET http://10.180.1.21/compute/v2.1/servers/501f803b-f4ea-4777-909e-7bb808628cc5 0.048s
2024-10-10 14:46:53.730 63448 INFO tempest.lib.common.rest_client [req-f87dd1bb-53d5-4d8a-abd3-a3db32daf05a req-f87dd1bb-53d5-4d8a-abd3-a3db32daf05a ] Request (FloatingIPsAssociationNegativeTestJSON:setUpClass): 200 GET http://10.180.1.21/compute/v2.1/servers/67e8715d-b729-4013-8cca-44eaa55c662e 0.047s
2024-10-10 14:46:53.785 63458 INFO tempest.lib.common.rest_client [req-bd903c7c-390c-43b3-ba68-d13e38002979 req-bd903c7c-390c-43b3-ba68-d13e38002979 ] Request (InstanceActionsV221TestJSON:test_get_list_deleted_instance_actions): 200 GET http://10.180.1.21/compute/v2.1/servers/d9e39ddc-e4a5-417d-a9be-905bfc3f5ead 0.050s
2024-10-10 14:46:53.809 63451 INFO tempest.lib.common.rest_client [req-c0fadf66-51a4-4ca4-a089-f8e5063e7425 req-c0fadf66-51a4-4ca4-a089-f8e5063e7425 ] Request (MigrationsAdminTest:test_resize_server_revert_deleted_flavor): 200 GET http://10.180.1.21/compute/v2.1/servers/9af5d212-c032-4446-b3cd-87fe4e66ad7c 0.044s
2024-10-10 14:46:53.858 63456 INFO tempest.lib.common.rest_client [req-d2aae460-58ea-471d-bd55-ba80b809f48f req-d2aae460-58ea-471d-bd55-ba80b809f48f ] Request (ServerMetadataTestJSON:setUpClass): 200 GET http://10.180.1.21/compute/v2.1/servers/d85e98e9-d3d5-4781-8428-d8ab517be146 0.042s
2024-10-10 14:46:53.889 63446 INFO tempest.lib.common.rest_client [req-ae035884-4d93-4c79-8173-aa554f4c4d39 req-ae035884-4d93-4c79-8173-aa554f4c4d39 ] Request (TenantUsagesTestJSON:setUpClass): 200 GET http://10.180.1.21/compute/v2.1/servers/4dcb8813-c428-4e0f-a761-3b06a8cba173 0.042s
2024-10-10 14:46:53.927 63472 INFO tempest.lib.common.rest_client [req-b88a9769-dbc5-49f6-a117-eb75d3ddedc5 req-b88a9769-dbc5-49f6-a117-eb75d3ddedc5 ] Request (DeleteServersTestJSON:test_delete_server_while_in_attached_volume): 200 GET http://10.180.1.21/compute/v2.1/servers/0f8e580e-fb14-4db8-b995-a9ffe06d8bac 0.042s
2024-10-10 14:46:53.965 63452 INFO tempest.lib.common.rest_client [req-1b67c06a-2b1c-44cc-9d52-9dbdb1d1a308 req-1b67c06a-2b1c-44cc-9d52-9dbdb1d1a308 ] Request (ImagesOneServerNegativeTestJSON:setUpClass): 200 GET http://10.180.1.21/compute/v2.1/servers/b8b82813-b9c1-4d5c-964f-19016393b985 0.043s
2024-10-10 14:46:54.035 63418 INFO tempest.lib.common.rest_client [req-1bafba9a-05d6-405e-97df-830cad47c2ab req-1bafba9a-05d6-405e-97df-830cad47c2ab ] Request (ServerDiskConfigTestJSON:test_rebuild_server_with_auto_disk_config): 200 GET http://10.180.1.21/compute/v2.1/servers/27f2e664-e3a4-4d12-8a9a-a7b8f7ff2caa 0.044s
2024-10-10 14:46:54.109 63424 INFO tempest.lib.common.rest_client [req-69ba6a38-bf26-4e6c-85e9-15c0ea2f84c2 req-69ba6a38-bf26-4e6c-85e9-15c0ea2f84c2 ] Request (VolumesAdminNegativeTest:test_update_attached_volume_with_nonexistent_volume_in_body): 200 GET http://10.180.1.21/compute/v2.1/servers/7a25b67c-47b8-420f-9aa2-8c296b8ab221 0.045s
2024-10-10 14:46:54.159 63436 INFO tempest.lib.common.rest_client [req-34515fc4-92ca-4b96-a821-73787878986e req-34515fc4-92ca-4b96-a821-73787878986e ] Request (ServerActionsTestOtherB:setUpClass): 200 GET http://10.180.1.21/compute/v2.1/servers/070514d0-ccc0-4fed-90bd-c7914760db09 0.044s
2024-10-10 14:46:54.225 63412 INFO tempest.lib.common.rest_client [req-729fbdec-f14e-4468-a773-d5d2e60e3056 req-729fbdec-f14e-4468-a773-d5d2e60e3056 ] Request (MultipleCreateTestJSON:test_multiple_create): 200 GET http://10.180.1.21/compute/v2.1/servers/8b305bcb-87e0-4fc9-9579-56a5af9ace8e 0.045s
2024-10-10 14:46:54.288 63439 INFO tempest.lib.common.rest_client [req-bbf9b5f6-3b5c-45f6-8917-d4665a86db82 req-bbf9b5f6-3b5c-45f6-8917-d4665a86db82 ] Request (AttachVolumeShelveTestJSON:test_attach_volume_shelved_or_offload_server): 200 GET http://10.180.1.21/compute/v2.1/servers/182b1cc6-9626-4146-be9a-e15c5690aa1d 0.050s
2024-10-10 14:46:54.341 63442 INFO tempest.lib.common.rest_client [req-6582b6b5-29eb-483f-ba02-39bf9b68a703 req-6582b6b5-29eb-483f-ba02-39bf9b68a703 ] Request (ImagesOneServerTestJSON:setUpClass): 200 GET http://10.180.1.21/compute/v2.1/servers/425a1271-cda7-45e4-89cb-cccd6231b623 0.050s
2024-10-10 14:46:54.350 63426 INFO tempest.lib.common.rest_client [req-989bfe32-9de4-4f27-a216-dc319c4e8848 req-989bfe32-9de4-4f27-a216-dc319c4e8848 ] Request (ServersTestBootFromVolume:setUpClass): 200 GET http://10.180.1.21/compute/v2.1/servers/e137904f-dc43-4ebb-90ab-e10ea5487fe5 0.048s
2024-10-10 14:46:54.404 63460 INFO tempest.lib.common.rest_client [req-26d1eeb5-47cf-41a5-8d76-a63f4bacc389 req-26d1eeb5-47cf-41a5-8d76-a63f4bacc389 ] Request (ListServersNegativeTestJSON:setUpClass): 200 GET http://10.180.1.21/compute/v2.1/servers/d5bc39a7-a493-41a3-a2f4-8958883adca8 0.045s
2024-10-10 14:46:54.410 63420 INFO tempest.lib.common.rest_client [req-5dbcb12d-1701-4710-98de-f1794daede5c req-5dbcb12d-1701-4710-98de-f1794daede5c ] Request (ServerTagsTestJSON:setUpClass): 200 GET http://10.180.1.21/compute/v2.1/servers/a5d426c1-9f30-43a7-942e-06cbda2fce30 0.049s
2024-10-10 14:46:54.449 63454 INFO tempest.lib.common.rest_client [req-829ded1a-b8d7-4c00-8641-3426c900c361 req-829ded1a-b8d7-4c00-8641-3426c900c361 ] Request (DeleteServersAdminTestJSON:test_delete_server_while_in_error_state): 200 GET http://10.180.1.21/compute/v2.1/servers/6cd44d90-9092-483b-ab80-442e8f59435e 0.045s
2024-10-10 14:46:54.460 63432 INFO tempest.lib.common.rest_client [req-e6d0a4b6-0f5c-4313-88cc-81042ba17574 req-e6d0a4b6-0f5c-4313-88cc-81042ba17574 ] Request (InstanceActionsNegativeTestJSON:setUpClass): 200 GET http://10.180.1.21/compute/v2.1/servers/39e55060-73a7-4dbd-96cf-bc48d8737c1c 0.051s
2024-10-10 14:46:54.491 63422 INFO tempest.lib.common.rest_client [req-eb2a0c95-2eae-44d0-8af3-2d2a181591b4 req-eb2a0c95-2eae-44d0-8af3-2d2a181591b4 ] Request (ServersAdminTestJSON:setUpClass): 200 GET http://10.180.1.21/compute/v2.1/servers/12a2d788-c995-468b-b2a2-17dba8ad01db 0.045s
2024-10-10 14:46:54.514 63468 INFO tempest.lib.common.rest_client [req-0364ae26-172e-4bf6-8628-a89b24720808 req-0364ae26-172e-4bf6-8628-a89b24720808 ] Request (ServerRescueTestJSONUnderV235:setUpClass): 200 GET http://10.180.1.21/compute/v2.1/servers/b4acfb83-7200-46a3-9d0e-ae5d4ecb4dd3 0.048s
2024-10-10 14:46:54.578 63416 INFO tempest.lib.common.rest_client [req-3a880c79-d007-444f-860b-58d99dde1a3b req-3a880c79-d007-444f-860b-58d99dde1a3b ] Request (ServersTestFqdnHostnames:test_create_server_with_fqdn_name): 200 GET http://10.180.1.21/compute/v2.1/servers/2cb7696b-f146-4db6-9e83-385fb8af1127 0.045s
2024-10-10 14:46:54.589 63414 INFO tempest.lib.common.rest_client [req-d1e5f8ca-599b-4d4e-ab2b-c64bf634cf91 req-d1e5f8ca-599b-4d4e-ab2b-c64bf634cf91 ] Request (ServerShowV254Test:test_rebuild_server): 200 GET http://10.180.1.21/compute/v2.1/servers/36089589-d105-49e0-8ae7-790c814b036c 0.048s
2024-10-10 14:46:54.623 63440 INFO tempest.lib.common.rest_client [req-1f979218-10ad-4908-9aa7-6577685026fe req-1f979218-10ad-4908-9aa7-6577685026fe ] Request (ServersTestJSON:setUpClass): 200 GET http://10.180.1.21/compute/v2.1/servers/295e958d-20d4-493c-856b-71880cce8b98 0.042s
2024-10-10 14:46:54.659 63474 INFO tempest.lib.common.rest_client [req-a0ab5ba1-3224-4ded-994b-eeb0fff5302c req-a0ab5ba1-3224-4ded-994b-eeb0fff5302c ] Request (ServerActionsV293TestJSON:setUpClass): 200 GET http://10.180.1.21/compute/v2.1/servers/0179d80c-9d1f-49c8-bf3a-041bb6ead8d5 0.049s
2024-10-10 14:46:54.675 63428 INFO tempest.lib.common.rest_client [req-18c3e79b-3875-41ad-9753-a8d00c0b8018 req-18c3e79b-3875-41ad-9753-a8d00c0b8018 ] Request (ListServerFiltersTestJSON:setUpClass): 200 GET http://10.180.1.21/compute/v2.1/servers/5da92241-84f0-4510-b19d-b28cb57079ab 0.044s
2024-10-10 14:46:54.730 63434 INFO tempest.lib.common.rest_client [req-80b570db-1c3a-4518-8665-0d1e90c79ae4 req-80b570db-1c3a-4518-8665-0d1e90c79ae4 ] Request (ServerActionsTestJSON:setUpClass): 200 GET http://10.180.1.21/compute/v2.1/servers/501f803b-f4ea-4777-909e-7bb808628cc5 0.041s
2024-10-10 14:46:54.779 63448 INFO tempest.lib.common.rest_client [req-d70b72d6-a789-4693-beb1-9b6c4cc33cd9 req-d70b72d6-a789-4693-beb1-9b6c4cc33cd9 ] Request (FloatingIPsAssociationNegativeTestJSON:setUpClass): 200 GET http://10.180.1.21/compute/v2.1/servers/67e8715d-b729-4013-8cca-44eaa55c662e 0.044s
2024-10-10 14:46:54.841 63458 INFO tempest.lib.common.rest_client [req-13e0f1ef-ae76-43e8-818a-31a24d595794 req-13e0f1ef-ae76-43e8-818a-31a24d595794 ] Request (InstanceActionsV221TestJSON:test_get_list_deleted_instance_actions): 200 GET http://10.180.1.21/compute/v2.1/servers/d9e39ddc-e4a5-417d-a9be-905bfc3f5ead 0.047s
2024-10-10 14:46:54.861 63451 INFO tempest.lib.common.rest_client [req-357e1746-fda2-4197-82ad-098bc1aa3f0d req-357e1746-fda2-4197-82ad-098bc1aa3f0d ] Request (MigrationsAdminTest:test_resize_server_revert_deleted_flavor): 200 GET http://10.180.1.21/compute/v2.1/servers/9af5d212-c032-4446-b3cd-87fe4e66ad7c 0.046s
2024-10-10 14:46:54.909 63456 INFO tempest.lib.common.rest_client [req-c09a28d2-2ce8-4dd2-a987-6ba5d9fd14dd req-c09a28d2-2ce8-4dd2-a987-6ba5d9fd14dd ] Request (ServerMetadataTestJSON:setUpClass): 200 GET http://10.180.1.21/compute/v2.1/servers/d85e98e9-d3d5-4781-8428-d8ab517be146 0.044s
2024-10-10 14:46:54.939 63446 INFO tempest.lib.common.rest_client [req-3135c5af-1c00-4324-b3d0-07e3c5059f61 req-3135c5af-1c00-4324-b3d0-07e3c5059f61 ] Request (TenantUsagesTestJSON:setUpClass): 200 GET http://10.180.1.21/compute/v2.1/servers/4dcb8813-c428-4e0f-a761-3b06a8cba173 0.044s
2024-10-10 14:46:54.977 63472 INFO tempest.lib.common.rest_client [req-dff9a7b3-f46e-4b68-826e-3473e3bfc4bd req-dff9a7b3-f46e-4b68-826e-3473e3bfc4bd ] Request (DeleteServersTestJSON:test_delete_server_while_in_attached_volume): 200 GET http://10.180.1.21/compute/v2.1/servers/0f8e580e-fb14-4db8-b995-a9ffe06d8bac 0.043s
2024-10-10 14:46:55.018 63452 INFO tempest.lib.common.rest_client [req-95e09e2c-dafe-48d8-a8ee-11063d106306 req-95e09e2c-dafe-48d8-a8ee-11063d106306 ] Request (ImagesOneServerNegativeTestJSON:setUpClass): 200 GET http://10.180.1.21/compute/v2.1/servers/b8b82813-b9c1-4d5c-964f-19016393b985 0.046s
2024-10-10 14:46:55.087 63418 INFO tempest.lib.common.rest_client [req-f8e456e8-468c-4e84-8883-9ab12dedf9a7 req-f8e456e8-468c-4e84-8883-9ab12dedf9a7 ] Request (ServerDiskConfigTestJSON:test_rebuild_server_with_auto_disk_config): 200 GET http://10.180.1.21/compute/v2.1/servers/27f2e664-e3a4-4d12-8a9a-a7b8f7ff2caa 0.045s
2024-10-10 14:46:55.163 63424 INFO tempest.lib.common.rest_client [req-23cd6bf7-e7c0-444d-9315-6145516ee944 req-23cd6bf7-e7c0-444d-9315-6145516ee944 ] Request (VolumesAdminNegativeTest:test_update_attached_volume_with_nonexistent_volume_in_body): 200 GET http://10.180.1.21/compute/v2.1/servers/7a25b67c-47b8-420f-9aa2-8c296b8ab221 0.047s
2024-10-10 14:46:55.210 63436 INFO tempest.lib.common.rest_client [req-a1fee1a3-f03d-482d-a51a-5bebaf32ee58 req-a1fee1a3-f03d-482d-a51a-5bebaf32ee58 ] Request (ServerActionsTestOtherB:setUpClass): 200 GET http://10.180.1.21/compute/v2.1/servers/070514d0-ccc0-4fed-90bd-c7914760db09 0.044s
2024-10-10 14:46:55.277 63412 INFO tempest.lib.common.rest_client [req-e164e3c4-8c64-46b7-88eb-20a9600ac154 req-e164e3c4-8c64-46b7-88eb-20a9600ac154 ] Request (MultipleCreateTestJSON:test_multiple_create): 200 GET http://10.180.1.21/compute/v2.1/servers/8b305bcb-87e0-4fc9-9579-56a5af9ace8e 0.045s
2024-10-10 14:46:55.346 63439 INFO tempest.lib.common.rest_client [req-e1b38313-9999-44f7-b581-cddcff39e970 req-e1b38313-9999-44f7-b581-cddcff39e970 ] Request (AttachVolumeShelveTestJSON:test_attach_volume_shelved_or_offload_server): 200 GET http://10.180.1.21/compute/v2.1/servers/182b1cc6-9626-4146-be9a-e15c5690aa1d 0.047s
2024-10-10 14:46:55.395 63442 INFO tempest.lib.common.rest_client [req-5eb039dc-0bed-475e-b81b-b64279e27551 req-5eb039dc-0bed-475e-b81b-b64279e27551 ] Request (ImagesOneServerTestJSON:setUpClass): 200 GET http://10.180.1.21/compute/v2.1/servers/425a1271-cda7-45e4-89cb-cccd6231b623 0.047s
2024-10-10 14:46:55.404 63426 INFO tempest.lib.common.rest_client [req-6ed91519-fd88-460f-a6c8-dd2dfefee0e6 req-6ed91519-fd88-460f-a6c8-dd2dfefee0e6 ] Request (ServersTestBootFromVolume:setUpClass): 200 GET http://10.180.1.21/compute/v2.1/servers/e137904f-dc43-4ebb-90ab-e10ea5487fe5 0.047s
2024-10-10 14:46:55.462 63460 INFO tempest.lib.common.rest_client [req-efc5d5ff-ae8a-428a-8b9c-a1fa2260ee27 req-efc5d5ff-ae8a-428a-8b9c-a1fa2260ee27 ] Request (ListServersNegativeTestJSON:setUpClass): 200 GET http://10.180.1.21/compute/v2.1/servers/d5bc39a7-a493-41a3-a2f4-8958883adca8 0.052s
2024-10-10 14:46:55.473 63420 INFO tempest.lib.common.rest_client [req-33fab90a-e110-4481-9080-2934268f9c3c req-33fab90a-e110-4481-9080-2934268f9c3c ] Request (ServerTagsTestJSON:setUpClass): 200 GET http://10.180.1.21/compute/v2.1/servers/a5d426c1-9f30-43a7-942e-06cbda2fce30 0.055s
2024-10-10 14:46:55.514 63454 INFO tempest.lib.common.rest_client [req-1a3a75fb-4898-4b7a-8420-bd6c6435c882 req-1a3a75fb-4898-4b7a-8420-bd6c6435c882 ] Request (DeleteServersAdminTestJSON:test_delete_server_while_in_error_state): 200 GET http://10.180.1.21/compute/v2.1/servers/6cd44d90-9092-483b-ab80-442e8f59435e 0.058s
2024-10-10 14:46:55.522 63432 INFO tempest.lib.common.rest_client [req-a431cdf1-bbab-4d9f-801e-6e16fb161a9a req-a431cdf1-bbab-4d9f-801e-6e16fb161a9a ] Request (InstanceActionsNegativeTestJSON:setUpClass): 200 GET http://10.180.1.21/compute/v2.1/servers/39e55060-73a7-4dbd-96cf-bc48d8737c1c 0.055s
2024-10-10 14:46:55.559 63422 INFO tempest.lib.common.rest_client [req-4b9fc93e-ba5a-46ab-96e1-7606361494ef req-4b9fc93e-ba5a-46ab-96e1-7606361494ef ] Request (ServersAdminTestJSON:setUpClass): 200 GET http://10.180.1.21/compute/v2.1/servers/12a2d788-c995-468b-b2a2-17dba8ad01db 0.058s
2024-10-10 14:46:55.565 63468 INFO tempest.lib.common.rest_client [req-ef87a2d6-5d76-4436-99ad-9cc28b6e781b req-ef87a2d6-5d76-4436-99ad-9cc28b6e781b ] Request (ServerRescueTestJSONUnderV235:setUpClass): 200 GET http://10.180.1.21/compute/v2.1/servers/b4acfb83-7200-46a3-9d0e-ae5d4ecb4dd3 0.043s
2024-10-10 14:46:55.636 63416 INFO tempest.lib.common.rest_client [req-83e65387-c793-4724-93c6-95ccc5095983 req-83e65387-c793-4724-93c6-95ccc5095983 ] Request (ServersTestFqdnHostnames:test_create_server_with_fqdn_name): 200 GET http://10.180.1.21/compute/v2.1/servers/2cb7696b-f146-4db6-9e83-385fb8af1127 0.052s
2024-10-10 14:46:55.652 63414 INFO tempest.lib.common.rest_client [req-7835ced2-e13a-4b31-8fc3-740606a51b7d req-7835ced2-e13a-4b31-8fc3-740606a51b7d ] Request (ServerShowV254Test:test_rebuild_server): 200 GET http://10.180.1.21/compute/v2.1/servers/36089589-d105-49e0-8ae7-790c814b036c 0.054s
