2024-10-10 14:44:58.981 63448 INFO tempest.lib.common.rest_client [req-6678bc8d-ba20-4987-8cad-156c00e40e74 req-6678bc8d-ba20-4987-8cad-156c00e40e74 ] Request (VolumesAssistedSnapshotsTest:test_volume_assisted_snapshot_create_delete): 201 POST http://10.180.1.21:9696/networking/v2.0/security-groups 0.260s
2024-10-10 14:44:58.989 63452 INFO tempest.lib.common.rest_client [req-d3d6a3ac-f3af-402c-a665-1715e1465c8a req-d3d6a3ac-f3af-402c-a665-1715e1465c8a ] Request (QuotasAdminTestV236:setUpClass): 201 POST http://10.180.1.21/identity/v3/projects 0.033s
2024-10-10 14:44:59.043 63434 INFO tempest.lib.common.rest_client [req-f8738ac7-e6ae-4ee5-9e50-1668e1dac1c4 req-f8738ac7-e6ae-4ee5-9e50-1668e1dac1c4 ] Request (InstanceActionsTestJSON:setUpClass): 202 POST http://10.180.1.21/compute/v2.1/servers 1.876s
2024-10-10 14:44:59.087 63452 INFO tempest.lib.common.rest_client [req-25cc791b-3250-4a4a-9af3-3969d80256cd req-25cc791b-3250-4a4a-9af3-3969d80256cd ] Request (QuotasAdminTestV236:setUpClass): 201 POST http://10.180.1.21/identity/v3/users 0.097s
2024-10-10 14:44:59.134 63452 INFO tempest.lib.common.rest_client [req-373bf499-7120-4a67-9972-861afd750768 req-373bf499-7120-4a67-9972-861afd750768 ] Request (QuotasAdminTestV236:setUpClass): 200 GET http://10.180.1.21/identity/v3/roles 0.047s
2024-10-10 14:44:59.174 63452 INFO tempest.lib.common.rest_client [req-2f673b00-bf20-4fcf-a885-c68ecf7d388d req-2f673b00-bf20-4fcf-a885-c68ecf7d388d ] Request (QuotasAdminTestV236:setUpClass): 204 PUT http://10.180.1.21/identity/v3/projects/faf2262b461a4e559c8c3a523fe12874/users/cfe6662c789a4c228aef2712765a54c8/roles/4016bce8fedc47c688dbced258ccb803 0.039s
2024-10-10 14:44:59.174 63452 INFO tempest.lib.common.dynamic_creds [-] Dynamic test user cfe6662c789a4c228aef2712765a54c8 is created with scope project and roles: ['member']
2024-10-10 14:44:59.174 63452 INFO tempest.lib.common.dynamic_creds [-] Acquired dynamic creds: credentials: Credentials: {'domain_id': 'default', 'domain_name': 'Default', 'username': 'tempest-QuotasAdminTestV236-1385003829-project-member', 'project_domain_id': 'default', 'project_domain_name': 'Default', 'project_id': 'faf2262b461a4e559c8c3a523fe12874', 'project_name': 'tempest-QuotasAdminTestV236-1385003829', 'tenant_id': 'faf2262b461a4e559c8c3a523fe12874', 'tenant_name': 'tempest-QuotasAdminTestV236-1385003829', 'user_domain_id': 'default', 'user_domain_name': 'Default', 'user_id': 'cfe6662c789a4c228aef2712765a54c8', 'system': None}, Network: None, Subnet: None, Router: None
2024-10-10 14:44:59.174 63452 INFO tempest.lib.common.dynamic_creds [-] Created isolated network resources for: credentials: Credentials: {'domain_id': 'default', 'domain_name': 'Default', 'username': 'tempest-QuotasAdminTestV236-1385003829-project-member', 'project_domain_id': 'default', 'project_domain_name': 'Default', 'project_id': 'faf2262b461a4e559c8c3a523fe12874', 'project_name': 'tempest-QuotasAdminTestV236-1385003829', 'tenant_id': 'faf2262b461a4e559c8c3a523fe12874', 'tenant_name': 'tempest-QuotasAdminTestV236-1385003829', 'user_domain_id': 'default', 'user_domain_name': 'Default', 'user_id': 'cfe6662c789a4c228aef2712765a54c8', 'system': None}, Network: None, Subnet: None, Router: None
2024-10-10 14:44:59.272 63466 INFO tempest.lib.common.rest_client [req-7099a254-7f9e-4937-a42f-b60aa8c1c5fa req-7099a254-7f9e-4937-a42f-b60aa8c1c5fa ] Request (ServerActionsTestOtherA:setUpClass): 201 POST http://10.180.1.21:9696/networking/v2.0/subnets 0.302s
2024-10-10 14:44:59.289 63452 INFO tempest.lib.common.rest_client [req-ec40dfa4-40b2-447f-a726-fcccb4927a28 req-ec40dfa4-40b2-447f-a726-fcccb4927a28 ] Request (QuotasAdminTestV236:setUpClass): 201 POST http://10.180.1.21/identity/v3/auth/tokens 0.111s
2024-10-10 14:44:59.349 63452 INFO tempest.lib.common.rest_client [req-d9e66012-f2b4-4be0-b923-c55fe4eb0ae3 req-d9e66012-f2b4-4be0-b923-c55fe4eb0ae3 ] Request (QuotasAdminTestV236:setUpClass): 201 POST http://10.180.1.21/identity/v3/projects 0.059s
2024-10-10 14:44:59.379 63428 INFO tempest.lib.common.rest_client [req-148b6c6d-c027-4376-bd7c-546e84f7edd4 req-148b6c6d-c027-4376-bd7c-546e84f7edd4 ] Request (QuotasAdminNegativeTest:test_create_server_when_cpu_quota_is_full): 403 POST http://10.180.1.21/compute/v2.1/servers 1.797s
2024-10-10 14:44:59.401 63458 INFO tempest.lib.common.rest_client [req-2b368096-234b-4184-95e3-67afaf70aa4b req-2b368096-234b-4184-95e3-67afaf70aa4b ] Request (FlavorsV2TestJSON:test_list_flavors): 200 GET http://10.180.1.21/compute/v2.1/flavors 1.787s
2024-10-10 14:44:59.408 63452 INFO tempest.lib.common.rest_client [req-14a04777-6636-4c19-8b8e-a78d24eefc00 req-14a04777-6636-4c19-8b8e-a78d24eefc00 ] Request (QuotasAdminTestV236:setUpClass): 201 POST http://10.180.1.21/identity/v3/users 0.058s
2024-10-10 14:44:59.408 63448 INFO tempest.lib.common.rest_client [req-1f075af2-d2b0-42c4-8e35-9aab372da7ee req-1f075af2-d2b0-42c4-8e35-9aab372da7ee ] Request (VolumesAssistedSnapshotsTest:test_volume_assisted_snapshot_create_delete): 201 POST http://10.180.1.21:9696/networking/v2.0/security-group-rules 0.426s
2024-10-10 14:44:59.424 63452 INFO tempest.lib.common.rest_client [req-900cc5ee-2bc7-4a00-a41a-7041ebad75e0 req-900cc5ee-2bc7-4a00-a41a-7041ebad75e0 ] Request (QuotasAdminTestV236:setUpClass): 200 GET http://10.180.1.21/identity/v3/roles 0.016s
2024-10-10 14:44:59.446 63414 INFO tempest.lib.common.rest_client [req-2053f378-214d-45ad-ac62-a6005d394b88 req-2053f378-214d-45ad-ac62-a6005d394b88 ] Request (ListImageFiltersTestJSON:setUpClass): 201 POST http://10.180.1.21/image/v2/images 0.493s
2024-10-10 14:44:59.453 63452 INFO tempest.lib.common.rest_client [req-8bebc4f0-a42d-4e7b-a837-275198e5f67e req-8bebc4f0-a42d-4e7b-a837-275198e5f67e ] Request (QuotasAdminTestV236:setUpClass): 204 PUT http://10.180.1.21/identity/v3/projects/4a3abc28335c42b88cf0d03db881e38f/users/8b1d82d7c4734da3bee72dfe39148a30/roles/e42200c788b54814ab13ac6a38b8acd1 0.028s
2024-10-10 14:44:59.462 63451 INFO tempest.lib.common.rest_client [req-75562801-3350-4aff-be37-643465f10e9d req-75562801-3350-4aff-be37-643465f10e9d ] Request (MigrationsAdminTest:test_list_migrations_in_flavor_resize_situation): 200 GET http://10.180.1.21/compute/v2.1/servers/e96543c8-dc4e-45b3-8ece-297ee6dbcedb 1.816s
2024-10-10 14:44:59.483 63442 INFO tempest.lib.common.rest_client [req-a89a5e57-cf28-44a6-a007-9a300c6a8ae6 req-a89a5e57-cf28-44a6-a007-9a300c6a8ae6 ] Request (FlavorsExtraSpecsTestJSON:test_flavor_non_admin_get_specific_key): 200 POST http://10.180.1.21/compute/v2.1/flavors/1798734865/os-extra_specs 1.736s
2024-10-10 14:44:59.504 63452 INFO tempest.lib.common.rest_client [req-2b439367-6832-4e73-8fca-39aec3332d22 req-2b439367-6832-4e73-8fca-39aec3332d22 ] Request (QuotasAdminTestV236:setUpClass): 200 GET http://10.180.1.21/identity/v3/roles 0.051s
2024-10-10 14:44:59.525 63448 INFO tempest.lib.common.rest_client [req-7f1c67cc-553a-46d4-8f1e-6cfe9c90b580 req-7f1c67cc-553a-46d4-8f1e-6cfe9c90b580 ] Request (VolumesAssistedSnapshotsTest:test_volume_assisted_snapshot_create_delete): 201 POST http://10.180.1.21:9696/networking/v2.0/security-group-rules 0.114s
2024-10-10 14:44:59.525 63452 INFO tempest.lib.common.rest_client [req-09ac226a-e1dc-408d-a9d5-2799c8a43c1a req-09ac226a-e1dc-408d-a9d5-2799c8a43c1a ] Request (QuotasAdminTestV236:setUpClass): 204 PUT http://10.180.1.21/identity/v3/projects/4a3abc28335c42b88cf0d03db881e38f/users/8b1d82d7c4734da3bee72dfe39148a30/roles/e42200c788b54814ab13ac6a38b8acd1 0.019s
2024-10-10 14:44:59.525 63452 INFO tempest.lib.common.dynamic_creds [-] Dynamic test user 8b1d82d7c4734da3bee72dfe39148a30 is created with scope project and roles: ['admin']
2024-10-10 14:44:59.525 63452 INFO tempest.lib.common.dynamic_creds [-] Acquired dynamic creds: credentials: Credentials: {'domain_id': 'default', 'domain_name': 'Default', 'username': 'tempest-QuotasAdminTestV236-2078072416-project-admin', 'project_domain_id': 'default', 'project_domain_name': 'Default', 'project_id': '4a3abc28335c42b88cf0d03db881e38f', 'project_name': 'tempest-QuotasAdminTestV236-2078072416', 'tenant_id': '4a3abc28335c42b88cf0d03db881e38f', 'tenant_name': 'tempest-QuotasAdminTestV236-2078072416', 'user_domain_id': 'default', 'user_domain_name': 'Default', 'user_id': '8b1d82d7c4734da3bee72dfe39148a30', 'system': None}, Network: None, Subnet: None, Router: None
2024-10-10 14:44:59.526 63452 INFO tempest.lib.common.dynamic_creds [-] Created isolated network resources for: credentials: Credentials: {'domain_id': 'default', 'domain_name': 'Default', 'username': 'tempest-QuotasAdminTestV236-2078072416-project-admin', 'project_domain_id': 'default', 'project_domain_name': 'Default', 'project_id': '4a3abc28335c42b88cf0d03db881e38f', 'project_name': 'tempest-QuotasAdminTestV236-2078072416', 'tenant_id': '4a3abc28335c42b88cf0d03db881e38f', 'tenant_name': 'tempest-QuotasAdminTestV236-2078072416', 'user_domain_id': 'default', 'user_domain_name': 'Default', 'user_id': '8b1d82d7c4734da3bee72dfe39148a30', 'system': None}, Network: None, Subnet: None, Router: None
2024-10-10 14:44:59.554 63418 INFO tempest.lib.common.rest_client [req-4e1cb9ce-36c2-4124-a0ca-8c9ae01e2240 req-4e1cb9ce-36c2-4124-a0ca-8c9ae01e2240 ] Request (ServerDiagnosticsTest:test_get_server_diagnostics): 200 GET http://10.180.1.21/compute/v2.1/servers/0e5d3fa1-19ea-4458-974f-4cb76e7d0b52 1.697s
2024-10-10 14:44:59.608 63452 INFO tempest.lib.common.rest_client [req-61cd5bf2-2049-4bb1-aa74-e3171074dbc1 req-61cd5bf2-2049-4bb1-aa74-e3171074dbc1 ] Request (QuotasAdminTestV236:setUpClass): 201 POST http://10.180.1.21/identity/v3/auth/tokens 0.078s
2024-10-10 14:44:59.609 63452 WARNING tempest.lib.common.rest_client [-] Deprecated: "tenant_id" property is deprecated for removal, use "project_id" instead
2024-10-10 14:44:59.614 63424 INFO tempest.lib.common.rest_client [req-32e9a474-a4e2-4b8d-9a56-17767c6ee327 req-32e9a474-a4e2-4b8d-9a56-17767c6ee327 ] Request (ServersAdminNegativeTestJSON:setUpClass): 200 GET http://10.180.1.21/compute/v2.1/servers/18acf9cd-0661-48c0-8fd2-b80edba4dfa6 1.682s
2024-10-10 14:44:59.807 63472 INFO tempest.lib.common.rest_client [req-6e32d7e7-d24e-40d6-a8be-6141619f2901 req-6e32d7e7-d24e-40d6-a8be-6141619f2901 ] Request (ImagesMetadataTestJSON:test_set_image_metadata_item): 200 PUT http://10.180.1.21/compute/v2.1/images/86e43b31-64f8-4904-85fb-3fec40bb8f4d/metadata/os_version 1.835s
2024-10-10 14:44:59.868 63446 INFO tempest.lib.common.rest_client [req-95232a83-b47f-476e-9230-ccb7e4695f11 req-95232a83-b47f-476e-9230-ccb7e4695f11 ] Request (ServerDiagnosticsV248Test:test_get_server_diagnostics): 200 GET http://10.180.1.21/compute/v2.1/servers/56b3ba41-0406-4b69-89af-b00e87feaa89 1.773s
2024-10-10 14:44:59.878 63446 INFO tempest.common.waiters [-] State transition "BUILD/block_device_mapping" ==> "BUILD/spawning" after 13 second wait
2024-10-10 14:44:59.945 63448 INFO tempest.lib.common.rest_client [req-309a0a2f-5a29-4be1-9d67-474009b5ae89 req-309a0a2f-5a29-4be1-9d67-474009b5ae89 ] Request (VolumesAssistedSnapshotsTest:test_volume_assisted_snapshot_create_delete): 201 POST http://10.180.1.21:9696/networking/v2.0/floatingips 0.419s
2024-10-10 14:44:59.995 63416 INFO tempest.lib.common.rest_client [req-8e61426a-29c2-4a29-97eb-efbf925e5670 req-8e61426a-29c2-4a29-97eb-efbf925e5670 ] Request (QuotasAdminTestV257:test_get_updated_quotas): 200 GET http://10.180.1.21/compute/v2.1/os-quota-sets/cd5a7d8078924e3a8400a9dad89883e8?user_id=2f7930bc7ecf4a95ac3417ae84b4c2b4 1.841s
2024-10-10 14:45:00.002 63412 INFO tempest.lib.common.rest_client [req-bee1a876-3022-4afb-ab38-29ea63ce299c req-bee1a876-3022-4afb-ab38-29ea63ce299c ] Request (AggregatesAdminNegativeTestJSON:test_aggregate_create_aggregate_name_length_exceeds_255): 400 POST http://10.180.1.21/compute/v2.1/os-aggregates 1.823s
2024-10-10 14:45:00.006 63422 INFO tempest.lib.common.rest_client [req-0b3a911d-de87-455d-97fa-730e81195d5c req-0b3a911d-de87-455d-97fa-730e81195d5c ] Request (ServersWithSpecificFlavorTestJSON:test_verify_created_server_ephemeral_disk): 202 POST http://10.180.1.21/compute/v2.1/servers 2.477s
2024-10-10 14:45:00.012 63430 INFO tempest.lib.common.rest_client [req-dd50b62b-e051-4656-80ce-1d996eb7da96 req-dd50b62b-e051-4656-80ce-1d996eb7da96 ] Request (HostsAdminNegativeTestJSON:test_update_host_without_param): 400 PUT http://10.180.1.21/compute/v2.1/os-hosts/devstack 1.760s
2024-10-10 14:45:00.015 63448 INFO tempest.lib.common.rest_client [req-0c6b3d37-ecca-47b5-8269-77fd3f236e70 req-0c6b3d37-ecca-47b5-8269-77fd3f236e70 ] Request (VolumesAssistedSnapshotsTest:test_volume_assisted_snapshot_create_delete): 201 POST http://10.180.1.21/identity/v3/auth/tokens 0.067s
2024-10-10 14:45:00.016 63448 INFO tempest.lib.common.fixed_network [-] (VolumesAssistedSnapshotsTest:test_volume_assisted_snapshot_create_delete) Found network {'id': '9c947d62-c338-4990-816d-26b7d5c96416', 'name': 'tempest-VolumesAssistedSnapshotsTest-111054902-network', 'tenant_id': 'c17e0c1c22a94bae96c555868bd5d1f3', 'admin_state_up': True, 'mtu': 8950, 'status': 'ACTIVE', 'subnets': [], 'shared': False, 'project_id': 'c17e0c1c22a94bae96c555868bd5d1f3', 'port_security_enabled': True, 'router:external': False, 'provider:network_type': 'vlan', 'provider:physical_network': 'default', 'provider:segmentation_id': 338, 'is_default': False, 'availability_zone_hints': [], 'availability_zones': [], 'ipv4_address_scope': None, 'ipv6_address_scope': None, 'description': '', 'tags': [], 'created_at': '2024-10-10T14:44:39Z', 'updated_at': '2024-10-10T14:44:39Z', 'revision_number': 1} available for tenant
2024-10-10 14:45:00.030 63444 INFO tempest.lib.common.rest_client [req-42cbae91-1489-4743-b122-52c93394a19a req-42cbae91-1489-4743-b122-52c93394a19a ] Request (InstanceUsageAuditLogTestJSON:test_list_instance_usage_audit_logs): 200 GET http://10.180.1.21/compute/v2.1/os-instance_usage_audit_log 1.674s
2024-10-10 14:45:00.046 63440 INFO tempest.lib.common.rest_client [req-c0fd10f7-8d41-4b75-b324-d19ffa4b3bf2 req-c0fd10f7-8d41-4b75-b324-d19ffa4b3bf2 ] Request (FlavorsAdminTestJSON:_run_cleanups): 202 DELETE http://10.180.1.21/compute/v2.1/flavors/888d09f2-b3fa-4122-8e9c-4a62fd18135e 1.678s
2024-10-10 14:45:00.051 63462 INFO tempest.lib.common.rest_client [req-10494309-9fca-42af-a3ae-dcf94c0aac8e req-10494309-9fca-42af-a3ae-dcf94c0aac8e ] Request (FlavorsAccessNegativeTestJSON:_run_cleanups): 202 DELETE http://10.180.1.21/compute/v2.1/flavors/682012919 1.599s
2024-10-10 14:45:00.081 63416 INFO tempest.lib.common.rest_client [req-1f8f6d90-1a8c-4e4c-845d-a9ddf6a816d8 req-1f8f6d90-1a8c-4e4c-845d-a9ddf6a816d8 ] Request (QuotasAdminTestV257:_run_cleanups): 204 DELETE http://10.180.1.21/identity/v3/users/2f7930bc7ecf4a95ac3417ae84b4c2b4 0.085s
2024-10-10 14:45:00.176 63444 INFO tempest.lib.common.rest_client [req-c0141197-00c1-4aab-b7b7-23fe98e7bab4 req-c0141197-00c1-4aab-b7b7-23fe98e7bab4 ] Request (InstanceUsageAuditLogTestJSON:tearDownClass): 204 DELETE http://10.180.1.21/identity/v3/users/9fb1aa993b774ccdad2288f42d4c16d8 0.139s
2024-10-10 14:45:00.263 63416 INFO tempest.lib.common.rest_client [req-02ee15d8-25dc-41c3-ba7f-a7da19f3a060 req-02ee15d8-25dc-41c3-ba7f-a7da19f3a060 ] Request (QuotasAdminTestV257:_run_cleanups): 204 DELETE http://10.180.1.21/identity/v3/projects/cd5a7d8078924e3a8400a9dad89883e8 0.181s
2024-10-10 14:45:00.366 63444 INFO tempest.lib.common.rest_client [req-f5dc36c3-779d-4df4-b220-0c74d80e75dc req-f5dc36c3-779d-4df4-b220-0c74d80e75dc ] Request (InstanceUsageAuditLogTestJSON:tearDownClass): 204 DELETE http://10.180.1.21/identity/v3/users/6fec7bdafcea48ba835705fa8fa7f2bd 0.190s
2024-10-10 14:45:00.366 63444 INFO tempest.lib.common.dynamic_creds [-] Deleting project and security group for project: ab53733ed5df4db090e44a279f6e6b56
2024-10-10 14:45:00.374 63416 INFO tempest.lib.common.rest_client [req-b6c8391b-2580-492f-8d2d-8b76db02ddbc req-b6c8391b-2580-492f-8d2d-8b76db02ddbc ] Request (QuotasAdminTestV257:tearDownClass): 204 DELETE http://10.180.1.21/identity/v3/users/8fa902bdc75a47688e68186de41a991b 0.110s
2024-10-10 14:45:00.429 63444 INFO tempest.lib.common.rest_client [req-f93c8568-fb89-4070-ba30-79b2713589b7 req-f93c8568-fb89-4070-ba30-79b2713589b7 ] Request (InstanceUsageAuditLogTestJSON:tearDownClass): 201 POST http://10.180.1.21/identity/v3/auth/tokens 0.062s
2024-10-10 14:45:00.455 63468 INFO tempest.lib.common.rest_client [req-ab387543-7f9e-42a9-bb75-23a5b13e92c2 req-ab387543-7f9e-42a9-bb75-23a5b13e92c2 ] Request (QuotasAdminTestJSON:test_delete_quota): 200 GET http://10.180.1.21/identity/v3/domains?name=Default 0.093s
2024-10-10 14:45:00.504 63416 INFO tempest.lib.common.rest_client [req-7e0ae3a0-61ef-4b99-a7bf-e14b19a41622 req-7e0ae3a0-61ef-4b99-a7bf-e14b19a41622 ] Request (QuotasAdminTestV257:tearDownClass): 204 DELETE http://10.180.1.21/identity/v3/users/5bf64067006e407daffccd8e5aa48464 0.127s
2024-10-10 14:45:00.504 63416 INFO tempest.lib.common.dynamic_creds [-] Deleting project and security group for project: 369963fd4d6d4ffaa5ecde93b784af42
2024-10-10 14:45:00.507 63432 INFO tempest.lib.common.rest_client [req-4dcd7b1f-0c0d-40fe-b3c6-6ba7e32613a8 req-4dcd7b1f-0c0d-40fe-b3c6-6ba7e32613a8 ] Request (FloatingIPsNegativeTestJSON:setUpClass): 201 POST http://10.180.1.21:9696/networking/v2.0/routers 2.011s
2024-10-10 14:45:00.648 63416 INFO tempest.lib.common.rest_client [req-3fc878bc-a5a1-40d4-9d7c-38b5bc0c79d5 req-3fc878bc-a5a1-40d4-9d7c-38b5bc0c79d5 ] Request (QuotasAdminTestV257:tearDownClass): 201 POST http://10.180.1.21/identity/v3/auth/tokens 0.144s
2024-10-10 14:45:00.699 63468 INFO tempest.lib.common.rest_client [req-c4d21e65-8cd4-4d70-bea7-fd3479e4bf49 req-c4d21e65-8cd4-4d70-bea7-fd3479e4bf49 ] Request (QuotasAdminTestJSON:test_delete_quota): 201 POST http://10.180.1.21/identity/v3/projects 0.243s
2024-10-10 14:45:00.775 63468 INFO tempest.lib.common.rest_client [req-809e6a30-88aa-4002-8bcd-7cdef7a1ade8 req-809e6a30-88aa-4002-8bcd-7cdef7a1ade8 ] Request (QuotasAdminTestJSON:test_delete_quota): 200 GET http://10.180.1.21/identity/v3/domains?name=Default 0.074s
2024-10-10 14:45:00.787 63470 INFO tempest.lib.common.rest_client [req-9eb8b4d2-999d-4d70-a869-79197c4ad6dc req-9eb8b4d2-999d-4d70-a869-79197c4ad6dc ] Request (SecurityGroupsTestAdminJSON:test_list_security_groups_list_all_tenants_filter): 200 POST http://10.180.1.21/compute/v2.1/os-security-groups 2.319s
2024-10-10 14:45:00.885 63436 INFO tempest.lib.common.rest_client [req-b9a0c018-a056-43ce-92db-bccbf75f2569 req-b9a0c018-a056-43ce-92db-bccbf75f2569 ] Request (FloatingIPDetailsTestJSON:setUpClass): 200 POST http://10.180.1.21/compute/v2.1/os-floating-ips 2.253s
2024-10-10 14:45:00.890 63426 INFO tempest.lib.common.rest_client [req-c4df65b1-efeb-484a-93ad-5f5e0fc35308 req-c4df65b1-efeb-484a-93ad-5f5e0fc35308 ] Request (ServersAdmin275Test:test_rebuild_update_server_275): 200 GET http://10.180.1.21/compute/v2.1/servers/24ee74d8-33d2-4efa-97de-a642c89a3461 2.141s
2024-10-10 14:45:00.905 63426 INFO tempest.common.waiters [-] State transition "BUILD/spawning" ==> "ACTIVE/None" after 14 second wait
2024-10-10 14:45:00.941 63464 INFO tempest.lib.common.rest_client [req-a1d5b7a3-451f-4bff-b270-df27f5dc2035 req-a1d5b7a3-451f-4bff-b270-df27f5dc2035 ] Request (ImagesDeleteNegativeTestJSON:test_delete_image_negative_image_id): 404 DELETE http://10.180.1.21/compute/v2.1/images/-1 2.059s
2024-10-10 14:45:01.005 63474 INFO tempest.lib.common.rest_client [req-ed774037-ce84-4fb9-ac1c-0b990f61f484 req-ed774037-ce84-4fb9-ac1c-0b990f61f484 ] Request (ServerExternalEventsTest:test_create_server_external_events): 200 GET http://10.180.1.21/compute/v2.1/servers/1561f155-ff79-4790-a164-43f08230e229 2.119s
2024-10-10 14:45:01.014 63474 INFO tempest.common.waiters [-] State transition "BUILD/None" ==> "BUILD/networking" after 14 second wait
2024-10-10 14:45:01.042 63416 INFO tempest.lib.common.rest_client [req-92a8affe-9fdc-4ca1-adbe-f8331cec7ccb req-92a8affe-9fdc-4ca1-adbe-f8331cec7ccb ] Request (QuotasAdminTestV257:tearDownClass): 200 GET http://10.180.1.21:9696/networking/v2.0/security-groups?tenant_id=369963fd4d6d4ffaa5ecde93b784af42&name=default 0.393s
2024-10-10 14:45:01.067 63434 INFO tempest.lib.common.rest_client [req-21e98a55-1c90-48e5-87ef-d211ea28a1fc req-21e98a55-1c90-48e5-87ef-d211ea28a1fc ] Request (InstanceActionsTestJSON:setUpClass): 200 GET http://10.180.1.21/compute/v2.1/servers/f33d2617-c4ef-4174-a838-ce0558867b9d 2.022s
2024-10-10 14:45:01.105 63444 INFO tempest.lib.common.rest_client [req-dfbdd869-45e3-4fe8-b1fb-cf7312b93a92 req-dfbdd869-45e3-4fe8-b1fb-cf7312b93a92 ] Request (InstanceUsageAuditLogTestJSON:tearDownClass): 200 GET http://10.180.1.21:9696/networking/v2.0/security-groups?tenant_id=ab53733ed5df4db090e44a279f6e6b56&name=default 0.675s
2024-10-10 14:45:01.125 63420 INFO tempest.lib.common.rest_client [req-4348e121-bc4c-4cb8-845c-b82074c8afad req-4348e121-bc4c-4cb8-845c-b82074c8afad ] Request (ImagesNegativeTestJSON:test_create_image_from_deleted_server): 200 GET http://10.180.1.21/compute/v2.1/servers/a7919094-1f9a-46e1-a0fc-6b7ae07fb6cf 1.864s
2024-10-10 14:45:01.166 63416 INFO tempest.lib.common.rest_client [req-fa51c2fe-52a7-4294-8980-e7f0efbc7649 req-fa51c2fe-52a7-4294-8980-e7f0efbc7649 ] Request (QuotasAdminTestV257:tearDownClass): 204 DELETE http://10.180.1.21:9696/networking/v2.0/security-groups/729785a6-9160-48f9-bfa2-30e0f9841bf3 0.123s
2024-10-10 14:45:01.244 63414 INFO tempest.lib.common.rest_client [req-40b160bc-464b-42e0-87a5-15ae3091d147 req-40b160bc-464b-42e0-87a5-15ae3091d147 ] Request (ListImageFiltersTestJSON:setUpClass): 204 PUT http://10.180.1.21/image/v2/images/d2b3d8a1-02c5-46b9-b261-f4cf4c659148/file 0.796s
2024-10-10 14:45:01.256 63416 INFO tempest.lib.common.rest_client [req-68cf94fc-e71a-49b1-9f10-7b3636acfd81 req-68cf94fc-e71a-49b1-9f10-7b3636acfd81 ] Request (QuotasAdminTestV257:tearDownClass): 204 DELETE http://10.180.1.21/identity/v3/projects/369963fd4d6d4ffaa5ecde93b784af42 0.090s
2024-10-10 14:45:01.256 63416 INFO tempest.lib.common.dynamic_creds [-] Deleting project and security group for project: d662c817afb944dabe4e74fd28534ba0
2024-10-10 14:45:01.280 63428 INFO tempest.lib.common.rest_client [req-c1e79e41-7ef9-4542-aece-dbf41d7b784c req-c1e79e41-7ef9-4542-aece-dbf41d7b784c ] Request (QuotasAdminNegativeTest:_run_cleanups): 200 PUT http://10.180.1.21/compute/v2.1/os-quota-sets/04882d3bebff4852bddbdbfb76f5cb20 1.900s
2024-10-10 14:45:01.294 63458 INFO tempest.lib.common.rest_client [req-4831e14b-1802-438f-bf63-f420e924b017 req-4831e14b-1802-438f-bf63-f420e924b017 ] Request (FlavorsV2TestJSON:test_list_flavors): 200 GET http://10.180.1.21/compute/v2.1/flavors/42 1.889s
2024-10-10 14:45:01.350 63460 INFO tempest.lib.common.rest_client [req-2cf1ef8c-4b97-4380-ad92-e6c1ef64c0b3 req-2cf1ef8c-4b97-4380-ad92-e6c1ef64c0b3 ] Request (AttachInterfacesUnderV243Test:test_add_remove_fixed_ip): 200 GET http://10.180.1.21/compute/v2.1/servers/596f899b-18f2-42f0-968e-6e9159f1d4d6 1.876s
2024-10-10 14:45:01.362 63442 INFO tempest.lib.common.rest_client [req-74b85eea-03c0-47ba-ac51-19287d910768 req-74b85eea-03c0-47ba-ac51-19287d910768 ] Request (FlavorsExtraSpecsTestJSON:test_flavor_non_admin_get_specific_key): 200 GET http://10.180.1.21/compute/v2.1/flavors/1798734865/os-extra_specs/hw:numa_nodes 1.876s
2024-10-10 14:45:01.374 63416 INFO tempest.lib.common.rest_client [req-0854a3e9-2f16-4c99-b2d0-f5d14b50193b req-0854a3e9-2f16-4c99-b2d0-f5d14b50193b ] Request (QuotasAdminTestV257:tearDownClass): 200 GET http://10.180.1.21:9696/networking/v2.0/security-groups?tenant_id=d662c817afb944dabe4e74fd28534ba0&name=default 0.117s
2024-10-10 14:45:01.420 63439 INFO tempest.lib.common.rest_client [req-7fc43c29-f01e-4e29-a49d-ac3adeaa43d7 req-7fc43c29-f01e-4e29-a49d-ac3adeaa43d7 ] Request (FloatingIPsAssociationTestJSON:setUpClass): 200 GET http://10.180.1.21/compute/v2.1/servers/9595c38c-3699-4b89-bf37-b2e435886878 1.885s
2024-10-10 14:45:01.460 63472 INFO tempest.lib.common.rest_client [req-298c6eed-98b3-4843-aedf-480bb397901e req-298c6eed-98b3-4843-aedf-480bb397901e ] Request (ImagesMetadataTestJSON:test_set_image_metadata_item): 200 GET http://10.180.1.21/compute/v2.1/images/86e43b31-64f8-4904-85fb-3fec40bb8f4d/metadata 1.651s
2024-10-10 14:45:01.521 63416 INFO tempest.lib.common.rest_client [req-d36545e5-7e77-431f-8ff3-658240aef606 req-d36545e5-7e77-431f-8ff3-658240aef606 ] Request (QuotasAdminTestV257:tearDownClass): 204 DELETE http://10.180.1.21:9696/networking/v2.0/security-groups/35c64906-0501-4c65-b5a0-51b77642f0bc 0.147s
2024-10-10 14:45:01.525 63454 INFO tempest.lib.common.rest_client [req-04a1bc1a-a6d9-41f8-8484-2a602c73444d req-04a1bc1a-a6d9-41f8-8484-2a602c73444d ] Request (DeleteServersAdminTestJSON:test_admin_delete_servers_of_others): 200 GET http://10.180.1.21/compute/v2.1/servers/380a6278-22d4-485b-b9cb-ccb1ac07d4a9 2.697s
2024-10-10 14:45:01.532 63454 INFO tempest.common.waiters [-] State transition "BUILD/None" ==> "BUILD/spawning" after 15 second wait
2024-10-10 14:45:01.536 63412 INFO tempest.lib.common.rest_client [req-6a2ea86e-5d4b-44ce-86f8-0245bfd5c0e1 req-6a2ea86e-5d4b-44ce-86f8-0245bfd5c0e1 ] Request (AggregatesAdminNegativeTestJSON:test_aggregate_create_aggregate_name_length_less_than_1): 400 POST http://10.180.1.21/compute/v2.1/os-aggregates 1.531s
2024-10-10 14:45:01.537 63456 INFO tempest.lib.common.rest_client [req-53971759-66f2-45e1-849e-7cb8caee1dc8 req-53971759-66f2-45e1-849e-7cb8caee1dc8 ] Request (ServersV294TestFqdnHostnames:setUpClass): 200 GET http://10.180.1.21/compute/v2.1/servers/0e0f0535-d539-4572-8752-e3e6a4b79b8c 1.560s
2024-10-10 14:45:01.551 63430 INFO tempest.lib.common.rest_client [req-d04fa429-5fec-4ce2-b8b3-e698b807d32a req-d04fa429-5fec-4ce2-b8b3-e698b807d32a ] Request (HostsAdminNegativeTestJSON:test_update_nonexistent_host): 404 PUT http://10.180.1.21/compute/v2.1/os-hosts/nonexistent_hostname 1.537s
2024-10-10 14:45:01.629 63422 INFO tempest.lib.common.rest_client [req-66d0e180-3cfa-4841-94c2-e15812971661 req-66d0e180-3cfa-4841-94c2-e15812971661 ] Request (ServersWithSpecificFlavorTestJSON:test_verify_created_server_ephemeral_disk): 200 GET http://10.180.1.21/compute/v2.1/servers/edd63563-8fe3-4280-9300-8a11ba40ba68 1.621s
2024-10-10 14:45:01.642 63440 INFO tempest.lib.common.rest_client [req-49a8895d-3155-4ff2-972f-43b0630b67f5 req-49a8895d-3155-4ff2-972f-43b0630b67f5 ] Request (FlavorsAdminTestJSON:_run_cleanups): 200 GET http://10.180.1.21/compute/v2.1/flavors/detail 1.595s
2024-10-10 14:45:01.652 63416 INFO tempest.lib.common.rest_client [req-21bc329c-5a29-40d4-a57f-8a0ee1996ee1 req-21bc329c-5a29-40d4-a57f-8a0ee1996ee1 ] Request (QuotasAdminTestV257:tearDownClass): 204 DELETE http://10.180.1.21/identity/v3/projects/d662c817afb944dabe4e74fd28534ba0 0.127s
2024-10-10 14:45:01.658 63462 INFO tempest.lib.common.rest_client [req-ef762f41-a998-4b88-a7fe-0d5f809beb6e req-ef762f41-a998-4b88-a7fe-0d5f809beb6e ] Request (FlavorsAccessNegativeTestJSON:_run_cleanups): 200 GET http://10.180.1.21/compute/v2.1/flavors/detail 1.606s
2024-10-10 14:45:01.675 63430 INFO tempest.lib.common.rest_client [req-66d34e3a-98bd-419f-bb8b-c957c1624cce req-66d34e3a-98bd-419f-bb8b-c957c1624cce ] Request (HostsAdminNegativeTestJSON:tearDownClass): 204 DELETE http://10.180.1.21/identity/v3/users/7c0a61aad93147839a1a448d3c65b285 0.122s
2024-10-10 14:45:01.699 63444 INFO tempest.lib.common.rest_client [req-2793bd89-b1b3-4c51-a453-4a66122083f6 req-2793bd89-b1b3-4c51-a453-4a66122083f6 ] Request (InstanceUsageAuditLogTestJSON:tearDownClass): 204 DELETE http://10.180.1.21:9696/networking/v2.0/security-groups/34a80d16-1a63-423c-916b-b48a7caa7302 0.593s
2024-10-10 14:45:01.715 63416 INFO tempest.lib.common.rest_client [req-b2ae2f08-0a13-4c93-95b2-79e29bb1255e req-b2ae2f08-0a13-4c93-95b2-79e29bb1255e ] Request (ServicesAdminTestJSON:setUpClass): 201 POST http://10.180.1.21/identity/v3/auth/tokens 0.061s
2024-10-10 14:45:01.747 63451 INFO tempest.lib.common.rest_client [req-b8a4bf1b-4029-4011-8735-9f00bfac2a15 req-b8a4bf1b-4029-4011-8735-9f00bfac2a15 ] Request (MigrationsAdminTest:test_list_migrations_in_flavor_resize_situation): 200 GET http://10.180.1.21/compute/v2.1/servers/e96543c8-dc4e-45b3-8ece-297ee6dbcedb 1.275s
2024-10-10 14:45:01.780 63430 INFO tempest.lib.common.rest_client [req-8a347beb-1856-4f40-813b-e496215c175c req-8a347beb-1856-4f40-813b-e496215c175c ] Request (HostsAdminNegativeTestJSON:tearDownClass): 204 DELETE http://10.180.1.21/identity/v3/users/49d0076c7b9747b29a86fbc5b2085888 0.104s
2024-10-10 14:45:01.780 63430 INFO tempest.lib.common.dynamic_creds [-] Deleting project and security group for project: b52a9a65913841e88d3bd66c43ca21e4
2024-10-10 14:45:01.796 63444 INFO tempest.lib.common.rest_client [req-6ed6cc49-ec97-4c4d-a741-67aeb9f539f0 req-6ed6cc49-ec97-4c4d-a741-67aeb9f539f0 ] Request (InstanceUsageAuditLogTestJSON:tearDownClass): 204 DELETE http://10.180.1.21/identity/v3/projects/ab53733ed5df4db090e44a279f6e6b56 0.097s
2024-10-10 14:45:01.796 63444 INFO tempest.lib.common.dynamic_creds [-] Deleting project and security group for project: ae37a188ac2e45f7974ebef960602021
2024-10-10 14:45:01.828 63418 INFO tempest.lib.common.rest_client [req-e7a2fb52-6a94-4c7b-ab33-622e4f5c29da req-e7a2fb52-6a94-4c7b-ab33-622e4f5c29da ] Request (ServerDiagnosticsTest:test_get_server_diagnostics): 200 GET http://10.180.1.21/compute/v2.1/servers/0e5d3fa1-19ea-4458-974f-4cb76e7d0b52 1.266s
2024-10-10 14:45:01.830 63466 INFO tempest.lib.common.rest_client [req-65a5e435-55ec-4b68-a6e4-87c80cfcc1ed req-65a5e435-55ec-4b68-a6e4-87c80cfcc1ed ] Request (ServerActionsTestOtherA:setUpClass): 201 POST http://10.180.1.21:9696/networking/v2.0/routers 2.556s
2024-10-10 14:45:01.833 63416 INFO tempest.lib.common.rest_client [req-4e367244-1985-4f0d-b3af-d7c55bac0833 req-4e367244-1985-4f0d-b3af-d7c55bac0833 ] Request (ServicesAdminTestJSON:setUpClass): 201 POST http://10.180.1.21/identity/v3/auth/tokens 0.116s
2024-10-10 14:45:01.858 63430 INFO tempest.lib.common.rest_client [req-c709be69-bd78-400e-9488-9fc0dbeee945 req-c709be69-bd78-400e-9488-9fc0dbeee945 ] Request (HostsAdminNegativeTestJSON:tearDownClass): 201 POST http://10.180.1.21/identity/v3/auth/tokens 0.078s
2024-10-10 14:45:01.865 63416 INFO tempest.lib.common.rest_client [req-a80e0e02-2f84-4f68-95a8-783b0d984ea7 req-a80e0e02-2f84-4f68-95a8-783b0d984ea7 ] Request (ServicesAdminTestJSON:setUpClass): 200 GET http://10.180.1.21/identity/v3/domains?name=Default 0.031s
2024-10-10 14:45:01.903 63416 INFO tempest.lib.common.rest_client [req-c7abd174-074a-43ec-a1a8-704f1d33e054 req-c7abd174-074a-43ec-a1a8-704f1d33e054 ] Request (ServicesAdminTestJSON:setUpClass): 201 POST http://10.180.1.21/identity/v3/projects 0.037s
2024-10-10 14:45:01.929 63424 INFO tempest.lib.common.rest_client [req-0673e556-40b9-4c1e-a66a-53fdfef1b2ae req-0673e556-40b9-4c1e-a66a-53fdfef1b2ae ] Request (ServersAdminNegativeTestJSON:setUpClass): 200 GET http://10.180.1.21/compute/v2.1/servers/18acf9cd-0661-48c0-8fd2-b80edba4dfa6 1.306s
2024-10-10 14:45:01.966 63416 INFO tempest.lib.common.rest_client [req-5d6d2ba8-11cb-422d-8edb-135bbf37f369 req-5d6d2ba8-11cb-422d-8edb-135bbf37f369 ] Request (ServicesAdminTestJSON:setUpClass): 201 POST http://10.180.1.21/identity/v3/users 0.062s
2024-10-10 14:45:01.990 63416 INFO tempest.lib.common.rest_client [req-7ad5b394-257e-429a-bb29-01805abb91ec req-7ad5b394-257e-429a-bb29-01805abb91ec ] Request (ServicesAdminTestJSON:setUpClass): 200 GET http://10.180.1.21/identity/v3/roles 0.023s
2024-10-10 14:45:02.015 63416 INFO tempest.lib.common.rest_client [req-92dce165-86f0-4bba-a53e-88d51f37c3c8 req-92dce165-86f0-4bba-a53e-88d51f37c3c8 ] Request (ServicesAdminTestJSON:setUpClass): 204 PUT http://10.180.1.21/identity/v3/projects/695194c2cafa48ffb586d6bb5532f158/users/5dcd963ae1054b62a57ff8dda51b37c1/roles/4016bce8fedc47c688dbced258ccb803 0.024s
2024-10-10 14:45:02.015 63416 INFO tempest.lib.common.dynamic_creds [-] Dynamic test user 5dcd963ae1054b62a57ff8dda51b37c1 is created with scope project and roles: ['member']
2024-10-10 14:45:02.015 63416 INFO tempest.lib.common.dynamic_creds [-] Acquired dynamic creds: credentials: Credentials: {'domain_id': 'default', 'domain_name': 'Default', 'username': 'tempest-ServicesAdminTestJSON-2087358694-project-member', 'project_domain_id': 'default', 'project_domain_name': 'Default', 'project_id': '695194c2cafa48ffb586d6bb5532f158', 'project_name': 'tempest-ServicesAdminTestJSON-2087358694', 'tenant_id': '695194c2cafa48ffb586d6bb5532f158', 'tenant_name': 'tempest-ServicesAdminTestJSON-2087358694', 'user_domain_id': 'default', 'user_domain_name': 'Default', 'user_id': '5dcd963ae1054b62a57ff8dda51b37c1', 'system': None}, Network: None, Subnet: None, Router: None
2024-10-10 14:45:02.015 63416 INFO tempest.lib.common.dynamic_creds [-] Created isolated network resources for: credentials: Credentials: {'domain_id': 'default', 'domain_name': 'Default', 'username': 'tempest-ServicesAdminTestJSON-2087358694-project-member', 'project_domain_id': 'default', 'project_domain_name': 'Default', 'project_id': '695194c2cafa48ffb586d6bb5532f158', 'project_name': 'tempest-ServicesAdminTestJSON-2087358694', 'tenant_id': '695194c2cafa48ffb586d6bb5532f158', 'tenant_name': 'tempest-ServicesAdminTestJSON-2087358694', 'user_domain_id': 'default', 'user_domain_name': 'Default', 'user_id': '5dcd963ae1054b62a57ff8dda51b37c1', 'system': None}, Network: None, Subnet: None, Router: None
2024-10-10 14:45:02.085 63416 INFO tempest.lib.common.rest_client [req-6bd763c8-28a6-469d-8c6c-b7a451d965c4 req-6bd763c8-28a6-469d-8c6c-b7a451d965c4 ] Request (ServicesAdminTestJSON:setUpClass): 201 POST http://10.180.1.21/identity/v3/auth/tokens 0.066s
2024-10-10 14:45:02.090 63444 INFO tempest.lib.common.rest_client [req-c733485d-39a8-4cda-b9a1-bc80597fc684 req-c733485d-39a8-4cda-b9a1-bc80597fc684 ] Request (InstanceUsageAuditLogTestJSON:tearDownClass): 200 GET http://10.180.1.21:9696/networking/v2.0/security-groups?tenant_id=ae37a188ac2e45f7974ebef960602021&name=default 0.294s
2024-10-10 14:45:02.145 63448 INFO tempest.lib.common.rest_client [req-4d51522f-5359-4eeb-8675-009d3ff19c5b req-4d51522f-5359-4eeb-8675-009d3ff19c5b ] Request (VolumesAssistedSnapshotsTest:test_volume_assisted_snapshot_create_delete): 202 POST http://10.180.1.21/compute/v2.1/servers 2.128s
2024-10-10 14:45:02.154 63416 INFO tempest.lib.common.rest_client [req-d4057c4d-961e-4855-9cc8-2e6074c47b61 req-d4057c4d-961e-4855-9cc8-2e6074c47b61 ] Request (ServicesAdminTestJSON:setUpClass): 201 POST http://10.180.1.21/identity/v3/projects 0.069s
2024-10-10 14:45:02.222 63416 INFO tempest.lib.common.rest_client [req-5ebb3def-3e17-4f7c-a01e-54e875d20db8 req-5ebb3def-3e17-4f7c-a01e-54e875d20db8 ] Request (ServicesAdminTestJSON:setUpClass): 201 POST http://10.180.1.21/identity/v3/users 0.067s
2024-10-10 14:45:02.232 63444 INFO tempest.lib.common.rest_client [req-71636a2c-7a76-43b0-a252-32a85127f2ac req-71636a2c-7a76-43b0-a252-32a85127f2ac ] Request (InstanceUsageAuditLogTestJSON:tearDownClass): 204 DELETE http://10.180.1.21:9696/networking/v2.0/security-groups/f74e8ec5-a88e-4112-9687-5b899e8d868a 0.141s
2024-10-10 14:45:02.248 63468 INFO tempest.lib.common.rest_client [req-92e42ae1-ec30-438e-8cba-7882b44b0333 req-92e42ae1-ec30-438e-8cba-7882b44b0333 ] Request (QuotasAdminTestJSON:test_delete_quota): 200 GET http://10.180.1.21/compute/v2.1/os-quota-sets/62adea8f2ff04a0e94902d0337cad02b 1.472s
2024-10-10 14:45:02.248 63416 INFO tempest.lib.common.rest_client [req-d34161ef-0ffb-49d3-849c-869a6261d2da req-d34161ef-0ffb-49d3-849c-869a6261d2da ] Request (ServicesAdminTestJSON:setUpClass): 200 GET http://10.180.1.21/identity/v3/roles 0.025s
2024-10-10 14:45:02.277 63470 INFO tempest.lib.common.rest_client [req-c617ff9a-f20a-4b0c-844b-dffcdd00d550 req-c617ff9a-f20a-4b0c-844b-dffcdd00d550 ] Request (SecurityGroupsTestAdminJSON:test_list_security_groups_list_all_tenants_filter): 200 POST http://10.180.1.21/compute/v2.1/os-security-groups 1.487s
2024-10-10 14:45:02.305 63416 INFO tempest.lib.common.rest_client [req-f429ac84-ff27-43de-8bbf-82f3045d4a4f req-f429ac84-ff27-43de-8bbf-82f3045d4a4f ] Request (ServicesAdminTestJSON:setUpClass): 204 PUT http://10.180.1.21/identity/v3/projects/23fa27c2385740d1a53612bdf59682df/users/da01b07299c04c8b963e11ac18751d86/roles/e42200c788b54814ab13ac6a38b8acd1 0.056s
2024-10-10 14:45:02.348 63444 INFO tempest.lib.common.rest_client [req-612e617a-4cf7-4e3b-b906-b3fe29bda3d3 req-612e617a-4cf7-4e3b-b906-b3fe29bda3d3 ] Request (InstanceUsageAuditLogTestJSON:tearDownClass): 204 DELETE http://10.180.1.21/identity/v3/projects/ae37a188ac2e45f7974ebef960602021 0.115s
2024-10-10 14:45:02.349 63444 INFO tempest.test [-] raised in UpdateMultiattachVolumeNegativeTest.setUpClass. Invoking tearDownClass.
2024-10-10 14:45:02.364 63446 INFO tempest.lib.common.rest_client [req-ca59c341-d0a0-408f-9b51-8d9036cfc334 req-ca59c341-d0a0-408f-9b51-8d9036cfc334 ] Request (ServerDiagnosticsV248Test:test_get_server_diagnostics): 200 GET http://10.180.1.21/compute/v2.1/servers/56b3ba41-0406-4b69-89af-b00e87feaa89 1.484s
2024-10-10 14:45:02.414 63416 INFO tempest.lib.common.rest_client [req-41b19831-6909-4e96-94ae-12cd201ba024 req-41b19831-6909-4e96-94ae-12cd201ba024 ] Request (ServicesAdminTestJSON:setUpClass): 200 GET http://10.180.1.21/identity/v3/roles 0.108s
2024-10-10 14:45:02.421 63444 INFO tempest.lib.common.rest_client [req-bfbeae05-0a7a-4b7d-ab7f-364a809e2c86 req-bfbeae05-0a7a-4b7d-ab7f-364a809e2c86 ] Request (ServerAddressesTestJSON:setUpClass): 201 POST http://10.180.1.21/identity/v3/auth/tokens 0.069s
2024-10-10 14:45:02.426 63430 INFO tempest.lib.common.rest_client [req-8362bb61-326c-48fd-8635-183ab2eda30b req-8362bb61-326c-48fd-8635-183ab2eda30b ] Request (HostsAdminNegativeTestJSON:tearDownClass): 200 GET http://10.180.1.21:9696/networking/v2.0/security-groups?tenant_id=b52a9a65913841e88d3bd66c43ca21e4&name=default 0.567s
2024-10-10 14:45:02.448 63416 INFO tempest.lib.common.rest_client [req-95a99bfa-b87f-494b-9f40-c192089b8804 req-95a99bfa-b87f-494b-9f40-c192089b8804 ] Request (ServicesAdminTestJSON:setUpClass): 204 PUT http://10.180.1.21/identity/v3/projects/23fa27c2385740d1a53612bdf59682df/users/da01b07299c04c8b963e11ac18751d86/roles/e42200c788b54814ab13ac6a38b8acd1 0.034s
2024-10-10 14:45:02.448 63416 INFO tempest.lib.common.dynamic_creds [-] Dynamic test user da01b07299c04c8b963e11ac18751d86 is created with scope project and roles: ['admin']
2024-10-10 14:45:02.448 63416 INFO tempest.lib.common.dynamic_creds [-] Acquired dynamic creds: credentials: Credentials: {'domain_id': 'default', 'domain_name': 'Default', 'username': 'tempest-ServicesAdminTestJSON-745769332-project-admin', 'project_domain_id': 'default', 'project_domain_name': 'Default', 'project_id': '23fa27c2385740d1a53612bdf59682df', 'project_name': 'tempest-ServicesAdminTestJSON-745769332', 'tenant_id': '23fa27c2385740d1a53612bdf59682df', 'tenant_name': 'tempest-ServicesAdminTestJSON-745769332', 'user_domain_id': 'default', 'user_domain_name': 'Default', 'user_id': 'da01b07299c04c8b963e11ac18751d86', 'system': None}, Network: None, Subnet: None, Router: None
2024-10-10 14:45:02.448 63416 INFO tempest.lib.common.dynamic_creds [-] Created isolated network resources for: credentials: Credentials: {'domain_id': 'default', 'domain_name': 'Default', 'username': 'tempest-ServicesAdminTestJSON-745769332-project-admin', 'project_domain_id': 'default', 'project_domain_name': 'Default', 'project_id': '23fa27c2385740d1a53612bdf59682df', 'project_name': 'tempest-ServicesAdminTestJSON-745769332', 'tenant_id': '23fa27c2385740d1a53612bdf59682df', 'tenant_name': 'tempest-ServicesAdminTestJSON-745769332', 'user_domain_id': 'default', 'user_domain_name': 'Default', 'user_id': 'da01b07299c04c8b963e11ac18751d86', 'system': None}, Network: None, Subnet: None, Router: None
2024-10-10 14:45:02.490 63444 INFO tempest.lib.common.rest_client [req-c71f8306-8169-4839-a934-6098919bead8 req-c71f8306-8169-4839-a934-6098919bead8 ] Request (ServerAddressesTestJSON:setUpClass): 201 POST http://10.180.1.21/identity/v3/auth/tokens 0.065s
2024-10-10 14:45:02.515 63444 INFO tempest.lib.common.rest_client [req-7d02c0d7-a6cb-4216-9522-d2e9a78e6a6c req-7d02c0d7-a6cb-4216-9522-d2e9a78e6a6c ] Request (ServerAddressesTestJSON:setUpClass): 200 GET http://10.180.1.21/identity/v3/domains?name=Default 0.024s
2024-10-10 14:45:02.543 63444 INFO tempest.lib.common.rest_client [req-e118a752-9477-4b4c-9657-ce0fc4599cf8 req-e118a752-9477-4b4c-9657-ce0fc4599cf8 ] Request (ServerAddressesTestJSON:setUpClass): 201 POST http://10.180.1.21/identity/v3/projects 0.027s
2024-10-10 14:45:02.544 63416 INFO tempest.lib.common.rest_client [req-637c0fbd-7eb7-40d8-a25c-9a7c9af6bd3a req-637c0fbd-7eb7-40d8-a25c-9a7c9af6bd3a ] Request (ServicesAdminTestJSON:setUpClass): 201 POST http://10.180.1.21/identity/v3/auth/tokens 0.088s
2024-10-10 14:45:02.596 63444 INFO tempest.lib.common.rest_client [req-96f5970c-1f32-48a9-a536-0da73bf4e8f5 req-96f5970c-1f32-48a9-a536-0da73bf4e8f5 ] Request (ServerAddressesTestJSON:setUpClass): 201 POST http://10.180.1.21/identity/v3/users 0.052s
2024-10-10 14:45:02.610 63430 INFO tempest.lib.common.rest_client [req-bd626131-7110-4e27-afb3-f0d233cf1bee req-bd626131-7110-4e27-afb3-f0d233cf1bee ] Request (HostsAdminNegativeTestJSON:tearDownClass): 204 DELETE http://10.180.1.21:9696/networking/v2.0/security-groups/4139d849-5a7f-4f50-897f-8b862a691693 0.183s
2024-10-10 14:45:02.623 63444 INFO tempest.lib.common.rest_client [req-e08a423d-fef0-4b56-94af-bbeef67b2717 req-e08a423d-fef0-4b56-94af-bbeef67b2717 ] Request (ServerAddressesTestJSON:setUpClass): 200 GET http://10.180.1.21/identity/v3/roles 0.027s
2024-10-10 14:45:02.651 63444 INFO tempest.lib.common.rest_client [req-f95ac6ba-c101-454c-b10c-c0049c606bab req-f95ac6ba-c101-454c-b10c-c0049c606bab ] Request (ServerAddressesTestJSON:setUpClass): 204 PUT http://10.180.1.21/identity/v3/projects/997e36a77dcf4dae890333f724e6945a/users/5ae6287ac33e45adae596ab185c16c16/roles/4016bce8fedc47c688dbced258ccb803 0.026s
2024-10-10 14:45:02.651 63444 INFO tempest.lib.common.dynamic_creds [-] Dynamic test user 5ae6287ac33e45adae596ab185c16c16 is created with scope project and roles: ['member']
2024-10-10 14:45:02.651 63444 INFO tempest.lib.common.dynamic_creds [-] Acquired dynamic creds: credentials: Credentials: {'domain_id': 'default', 'domain_name': 'Default', 'username': 'tempest-ServerAddressesTestJSON-1984200958-project-member', 'project_domain_id': 'default', 'project_domain_name': 'Default', 'project_id': '997e36a77dcf4dae890333f724e6945a', 'project_name': 'tempest-ServerAddressesTestJSON-1984200958', 'tenant_id': '997e36a77dcf4dae890333f724e6945a', 'tenant_name': 'tempest-ServerAddressesTestJSON-1984200958', 'user_domain_id': 'default', 'user_domain_name': 'Default', 'user_id': '5ae6287ac33e45adae596ab185c16c16', 'system': None}, Network: None, Subnet: None, Router: None
2024-10-10 14:45:02.663 63426 INFO tempest.lib.common.rest_client [req-9ee4f4e0-ffcb-41d0-970d-b924802547eb req-9ee4f4e0-ffcb-41d0-970d-b924802547eb ] Request (ServersAdmin275Test:test_rebuild_update_server_275): 202 POST http://10.180.1.21/compute/v2.1/servers/24ee74d8-33d2-4efa-97de-a642c89a3461/action 1.757s
2024-10-10 14:45:02.671 63430 INFO tempest.lib.common.rest_client [req-76697c2e-b16c-4e2b-9cd0-2f5d53f25900 req-76697c2e-b16c-4e2b-9cd0-2f5d53f25900 ] Request (HostsAdminNegativeTestJSON:tearDownClass): 204 DELETE http://10.180.1.21/identity/v3/projects/b52a9a65913841e88d3bd66c43ca21e4 0.061s
2024-10-10 14:45:02.672 63430 INFO tempest.lib.common.dynamic_creds [-] Deleting project and security group for project: 72aa9897d19841ac94cf194ceb9fa661
2024-10-10 14:45:02.686 63464 INFO tempest.lib.common.rest_client [req-24196d9c-3982-420d-a1ac-9abd37101947 req-24196d9c-3982-420d-a1ac-9abd37101947 ] Request (ImagesDeleteNegativeTestJSON:test_delete_image_non_hex_string_id): 404 DELETE http://10.180.1.21/compute/v2.1/images/9ddc37ae-cf2a-4469-b033-d8411e1fa3ej 1.742s
2024-10-10 14:45:02.717 63444 INFO tempest.lib.common.rest_client [req-dd98862a-77ce-48ad-b41b-c8ec77f0b279 req-dd98862a-77ce-48ad-b41b-c8ec77f0b279 ] Request (ServerAddressesTestJSON:setUpClass): 201 POST http://10.180.1.21/identity/v3/auth/tokens 0.065s
2024-10-10 14:45:02.737 63414 INFO tempest.lib.common.rest_client [req-64134201-118e-448a-bd4c-c6077448015b req-64134201-118e-448a-bd4c-c6077448015b ] Request (ListImageFiltersTestJSON:setUpClass): 200 GET http://10.180.1.21/compute/v2.1/images/d2b3d8a1-02c5-46b9-b261-f4cf4c659148 1.492s
2024-10-10 14:45:02.855 63428 INFO tempest.lib.common.rest_client [req-d52c720e-7833-474b-82f6-b18e9a3b103a req-d52c720e-7833-474b-82f6-b18e9a3b103a ] Request (QuotasAdminNegativeTest:test_create_server_when_instances_quota_is_full): 200 GET http://10.180.1.21/compute/v2.1/os-quota-sets/04882d3bebff4852bddbdbfb76f5cb20 1.571s
2024-10-10 14:45:02.867 63458 INFO tempest.lib.common.rest_client [req-ddd27a43-6790-45b6-88ae-1c2efa00f7bc req-ddd27a43-6790-45b6-88ae-1c2efa00f7bc ] Request (FlavorsV2TestJSON:test_list_flavors_detailed_filter_by_min_disk): 200 GET http://10.180.1.21/compute/v2.1/flavors/42 1.569s
2024-10-10 14:45:02.884 63442 INFO tempest.lib.common.rest_client [req-16ee1b43-d02a-4e12-b45f-7a1c61349ef5 req-16ee1b43-d02a-4e12-b45f-7a1c61349ef5 ] Request (FlavorsExtraSpecsTestJSON:test_flavor_set_get_update_show_unset_keys): 200 POST http://10.180.1.21/compute/v2.1/flavors/1798734865/os-extra_specs 1.520s
2024-10-10 14:45:02.887 63430 INFO tempest.lib.common.rest_client [req-d8463e37-f2ff-46cb-a6d3-026f80a096e0 req-d8463e37-f2ff-46cb-a6d3-026f80a096e0 ] Request (HostsAdminNegativeTestJSON:tearDownClass): 200 GET http://10.180.1.21:9696/networking/v2.0/security-groups?tenant_id=72aa9897d19841ac94cf194ceb9fa661&name=default 0.215s
2024-10-10 14:45:03.004 63436 INFO tempest.lib.common.rest_client [req-6abb491d-d511-4a06-a1ad-c093c2a7148f req-6abb491d-d511-4a06-a1ad-c093c2a7148f ] Request (FloatingIPDetailsTestJSON:setUpClass): 200 POST http://10.180.1.21/compute/v2.1/os-floating-ips 2.116s
2024-10-10 14:45:03.013 63412 INFO tempest.lib.common.rest_client [req-33e752b3-ee98-4bce-9173-6bfbea022dad req-33e752b3-ee98-4bce-9173-6bfbea022dad ] Request (AggregatesAdminNegativeTestJSON:test_aggregate_create_as_user): 403 POST http://10.180.1.21/compute/v2.1/os-aggregates 1.476s
2024-10-10 14:45:03.030 63440 INFO tempest.lib.common.rest_client [req-dbf478eb-7deb-4f5e-a800-0d74d8553c9d req-dbf478eb-7deb-4f5e-a800-0d74d8553c9d ] Request (FlavorsAdminTestJSON:test_create_list_flavor_without_extra_data): 200 POST http://10.180.1.21/compute/v2.1/flavors 1.377s
2024-10-10 14:45:03.055 63462 INFO tempest.lib.common.rest_client [req-779d6652-178d-4716-9524-0f061234134e req-779d6652-178d-4716-9524-0f061234134e ] Request (FlavorsAccessNegativeTestJSON:test_flavor_non_admin_remove): 200 POST http://10.180.1.21/compute/v2.1/flavors 1.389s
2024-10-10 14:45:03.084 63430 INFO tempest.lib.common.rest_client [req-18a97b42-f5c7-49e7-b301-3e497a149eb2 req-18a97b42-f5c7-49e7-b301-3e497a149eb2 ] Request (HostsAdminNegativeTestJSON:tearDownClass): 204 DELETE http://10.180.1.21:9696/networking/v2.0/security-groups/e5f4caa1-8e08-42de-aff1-ba1de8bec9b2 0.196s
2024-10-10 14:45:03.087 63472 INFO tempest.lib.common.rest_client [req-6718a024-a304-4fd0-a06a-940138f3f125 req-6718a024-a304-4fd0-a06a-940138f3f125 ] Request (ImagesMetadataTestJSON:setUp): 200 PUT http://10.180.1.21/compute/v2.1/images/86e43b31-64f8-4904-85fb-3fec40bb8f4d/metadata 1.624s
2024-10-10 14:45:03.179 63430 INFO tempest.lib.common.rest_client [req-ff7bb4b9-03a0-48fb-9d51-d821d4f446ae req-ff7bb4b9-03a0-48fb-9d51-d821d4f446ae ] Request (HostsAdminNegativeTestJSON:tearDownClass): 204 DELETE http://10.180.1.21/identity/v3/projects/72aa9897d19841ac94cf194ceb9fa661 0.094s
2024-10-10 14:45:03.185 63444 INFO tempest.lib.common.rest_client [req-47310e8d-6f1a-410f-bec9-da958dbdb71c req-47310e8d-6f1a-410f-bec9-da958dbdb71c ] Request (ServerAddressesTestJSON:setUpClass): 201 POST http://10.180.1.21:9696/networking/v2.0/networks 0.467s
2024-10-10 14:45:03.193 63434 INFO tempest.lib.common.rest_client [req-b28c035f-3635-40bb-9dff-556f2b092e1a req-b28c035f-3635-40bb-9dff-556f2b092e1a ] Request (InstanceActionsTestJSON:setUpClass): 200 GET http://10.180.1.21/compute/v2.1/servers/f33d2617-c4ef-4174-a838-ce0558867b9d 1.115s
2024-10-10 14:45:03.253 63430 INFO tempest.lib.common.rest_client [req-bcfdd8fa-d0e0-4522-9700-b8b4de4d4f14 req-bcfdd8fa-d0e0-4522-9700-b8b4de4d4f14 ] Request (HypervisorAdminV228Test:setUpClass): 201 POST http://10.180.1.21/identity/v3/auth/tokens 0.069s
2024-10-10 14:45:03.283 63430 INFO tempest.lib.common.rest_client [req-7a8d981c-84c0-47ed-b009-9a742e5b0aae req-7a8d981c-84c0-47ed-b009-9a742e5b0aae ] Request (HypervisorAdminV228Test:setUpClass): 201 POST http://10.180.1.21/identity/v3/auth/tokens 0.027s
2024-10-10 14:45:03.292 63474 INFO tempest.lib.common.rest_client [req-e2f3d03f-ab50-49cb-88aa-ff1c27cf6d00 req-e2f3d03f-ab50-49cb-88aa-ff1c27cf6d00 ] Request (ServerExternalEventsTest:test_create_server_external_events): 200 GET http://10.180.1.21/compute/v2.1/servers/1561f155-ff79-4790-a164-43f08230e229 1.277s
2024-10-10 14:45:03.299 63474 INFO tempest.common.waiters [-] State transition "BUILD/networking" ==> "BUILD/spawning" after 16 second wait
2024-10-10 14:45:03.311 63430 INFO tempest.lib.common.rest_client [req-d8c13578-b368-4680-b96e-9578ecff5ae8 req-d8c13578-b368-4680-b96e-9578ecff5ae8 ] Request (HypervisorAdminV228Test:setUpClass): 200 GET http://10.180.1.21/identity/v3/domains?name=Default 0.028s
2024-10-10 14:45:03.348 63430 INFO tempest.lib.common.rest_client [req-e8a825a2-7af9-4080-b148-15a841802eef req-e8a825a2-7af9-4080-b148-15a841802eef ] Request (HypervisorAdminV228Test:setUpClass): 201 POST http://10.180.1.21/identity/v3/projects 0.036s
