2024-10-10 15:07:43.077 62098 INFO tempest.lib.common.rest_client [req-db5c5780-ee5c-4cc0-a957-a0c28996ea6c req-db5c5780-ee5c-4cc0-a957-a0c28996ea6c ] Request (HypervisorAdminUnderV252Test:tearDownClass): 204 DELETE http://10.180.1.21:9696/networking/v2.0/security-groups/b1ce3f82-e049-42db-9fac-422e4889ce8b 0.310s
2024-10-10 15:07:43.080 62140 INFO tempest.lib.common.rest_client [req-a5ae1b1a-b47d-4494-a281-76f991c1cf0b req-a5ae1b1a-b47d-4494-a281-76f991c1cf0b ] Request (SecurityGroupRulesTestJSON:test_security_group_rules_create): 200 POST http://10.180.1.21/compute/v2.1/os-security-group-rules 2.752s
2024-10-10 15:07:43.101 62142 INFO tempest.lib.common.rest_client [req-4c0326bb-b719-46bc-aae8-a4016d810a94 req-4c0326bb-b719-46bc-aae8-a4016d810a94 ] Request (ServersAdminTestJSON:setUpClass): 201 POST http://10.180.1.21/identity/v3/auth/tokens 0.102s
2024-10-10 15:07:43.126 62150 INFO tempest.lib.common.rest_client [req-3947912b-e01e-4b4a-81ba-56eeaeac315c req-3947912b-e01e-4b4a-81ba-56eeaeac315c ] Request (TenantUsagesNegativeTestJSON:test_list_usage_all_tenants_with_non_admin_user): 403 GET http://10.180.1.21/compute/v2.1/os-simple-tenant-usage?start=2024-10-09T15%3A07%3A36.851499&end=2024-10-11T15%3A07%3A36.851499&detailed=1 1.951s
2024-10-10 15:07:43.147 62132 INFO tempest.lib.common.rest_client [req-8620d050-a797-4f31-b9cf-e158e09527da req-8620d050-a797-4f31-b9cf-e158e09527da ] Request (KeyPairsV2TestJSON:_run_cleanups): 202 DELETE http://10.180.1.21/compute/v2.1/os-keypairs/tempest-keypair-1510845646 1.878s
2024-10-10 15:07:43.159 62096 INFO tempest.lib.common.rest_client [req-cf333b0a-bfb1-4b92-8a90-34e4eefabdc0 req-cf333b0a-bfb1-4b92-8a90-34e4eefabdc0 ] Request (QuotaClassesAdmin257Test:setUpClass): 200 GET http://10.180.1.21/identity/v3/roles 0.138s
2024-10-10 15:07:43.172 62092 INFO tempest.lib.common.rest_client [req-e40222eb-0a50-4cc1-9fca-54b1d27740ff req-e40222eb-0a50-4cc1-9fca-54b1d27740ff ] Request (AggregatesAdminNegativeTestJSON:_run_cleanups): 200 DELETE http://10.180.1.21/compute/v2.1/os-aggregates/1 1.437s
2024-10-10 15:07:43.186 62126 INFO tempest.lib.common.rest_client [req-6fb6c144-b591-4773-ac9a-00a39daf9f9e req-6fb6c144-b591-4773-ac9a-00a39daf9f9e ] Request (VolumesAssistedSnapshotsTest:setUpClass): 201 POST http://10.180.1.21/identity/v3/auth/tokens 0.160s
2024-10-10 15:07:43.214 62124 INFO tempest.lib.common.rest_client [req-43a7d962-86bf-4b7a-be3d-7fb6711406ce req-43a7d962-86bf-4b7a-be3d-7fb6711406ce ] Request (ServicesAdminTestJSON:tearDownClass): 204 DELETE http://10.180.1.21/identity/v3/projects/7dade227a4964a64b7a48e358b9f598c 0.148s
2024-10-10 15:07:43.214 62124 INFO tempest.lib.common.dynamic_creds [-] Deleting project and security group for project: 03d5f68dfec44cf3abcbe5539c885016
2024-10-10 15:07:43.238 62153 INFO tempest.lib.common.rest_client [req-7caac6be-a74d-44c8-b0d3-706dff8dd621 req-7caac6be-a74d-44c8-b0d3-706dff8dd621 ] Request (HypervisorAdminV253TestBase:tearDownClass): 200 GET http://10.180.1.21:9696/networking/v2.0/security-groups?tenant_id=0e9104604aa14d75a335d9ff9527b8ff&name=default 0.210s
2024-10-10 15:07:43.282 62098 INFO tempest.lib.common.rest_client [req-7379f8f3-2681-4f09-94f4-7fdaac9b2212 req-7379f8f3-2681-4f09-94f4-7fdaac9b2212 ] Request (HypervisorAdminUnderV252Test:tearDownClass): 204 DELETE http://10.180.1.21/identity/v3/projects/e05f795e1f564565ba3d67d1bf1547d9 0.205s
2024-10-10 15:07:43.282 62098 INFO tempest.lib.common.dynamic_creds [-] Deleting project and security group for project: 0394c66117dd44939b04812f20fc9330
2024-10-10 15:07:43.337 62142 INFO tempest.lib.common.rest_client [req-14b9b425-b669-4432-8462-8877d67f9585 req-14b9b425-b669-4432-8462-8877d67f9585 ] Request (ServersAdminTestJSON:setUpClass): 201 POST http://10.180.1.21/identity/v3/auth/tokens 0.191s
2024-10-10 15:07:43.338 62142 INFO tempest.lib.common.fixed_network [-] (ServersAdminTestJSON:setUpClass) Found network {'id': 'fff83bfd-b4de-4605-9b00-97ec30fe47d7', 'name': 'tempest-ServersAdminTestJSON-1566705078-network', 'tenant_id': 'a585d894a27148298cf7a991a43eb34b', 'admin_state_up': True, 'mtu': 8950, 'status': 'ACTIVE', 'subnets': [], 'shared': False, 'project_id': 'a585d894a27148298cf7a991a43eb34b', 'port_security_enabled': True, 'router:external': False, 'provider:network_type': 'vlan', 'provider:physical_network': 'default', 'provider:segmentation_id': 194, 'is_default': False, 'availability_zone_hints': [], 'availability_zones': [], 'ipv4_address_scope': None, 'ipv6_address_scope': None, 'description': '', 'tags': [], 'created_at': '2024-10-10T15:07:30Z', 'updated_at': '2024-10-10T15:07:30Z', 'revision_number': 1} available for tenant
2024-10-10 15:07:43.339 62150 INFO tempest.lib.common.rest_client [req-3fa2c8b9-80ae-4b6d-86a2-765ab0e2ab6c req-3fa2c8b9-80ae-4b6d-86a2-765ab0e2ab6c ] Request (TenantUsagesNegativeTestJSON:tearDownClass): 204 DELETE http://10.180.1.21/identity/v3/users/9a927f871b084028ae3ae84edcc79d38 0.211s
2024-10-10 15:07:43.347 62106 INFO tempest.lib.common.rest_client [req-7c8107aa-4fe5-4028-8d2a-821fb4aa0efc req-7c8107aa-4fe5-4028-8d2a-821fb4aa0efc ] Request (HypervisorAdminV228Test:tearDownClass): 204 DELETE http://10.180.1.21:9696/networking/v2.0/security-groups/2640a879-79e8-4a15-8f02-c65e2fed589a 0.690s
2024-10-10 15:07:43.402 62096 INFO tempest.lib.common.rest_client [req-18030b6a-a15b-4615-9f1e-870dd80d42e5 req-18030b6a-a15b-4615-9f1e-870dd80d42e5 ] Request (QuotaClassesAdmin257Test:setUpClass): 204 PUT http://10.180.1.21/identity/v3/projects/f68a20375d35419bb387aede5de54170/users/306186cf135845268fe9173cb2836fe4/roles/308063b346f546fa999cc78d9b801522 0.242s
2024-10-10 15:07:43.402 62096 INFO tempest.lib.common.dynamic_creds [-] Dynamic test user 306186cf135845268fe9173cb2836fe4 is created with scope project and roles: ['member']
2024-10-10 15:07:43.402 62096 INFO tempest.lib.common.dynamic_creds [-] Acquired dynamic creds: credentials: Credentials: {'domain_id': 'default', 'domain_name': 'Default', 'username': 'tempest-QuotaClassesAdmin257Test-1792516457-project-member', 'project_domain_id': 'default', 'project_domain_name': 'Default', 'project_id': 'f68a20375d35419bb387aede5de54170', 'project_name': 'tempest-QuotaClassesAdmin257Test-1792516457', 'tenant_id': 'f68a20375d35419bb387aede5de54170', 'tenant_name': 'tempest-QuotaClassesAdmin257Test-1792516457', 'user_domain_id': 'default', 'user_domain_name': 'Default', 'user_id': '306186cf135845268fe9173cb2836fe4', 'system': None}, Network: None, Subnet: None, Router: None
2024-10-10 15:07:43.403 62096 INFO tempest.lib.common.dynamic_creds [-] Created isolated network resources for: credentials: Credentials: {'domain_id': 'default', 'domain_name': 'Default', 'username': 'tempest-QuotaClassesAdmin257Test-1792516457-project-member', 'project_domain_id': 'default', 'project_domain_name': 'Default', 'project_id': 'f68a20375d35419bb387aede5de54170', 'project_name': 'tempest-QuotaClassesAdmin257Test-1792516457', 'tenant_id': 'f68a20375d35419bb387aede5de54170', 'tenant_name': 'tempest-QuotaClassesAdmin257Test-1792516457', 'user_domain_id': 'default', 'user_domain_name': 'Default', 'user_id': '306186cf135845268fe9173cb2836fe4', 'system': None}, Network: None, Subnet: None, Router: None
2024-10-10 15:07:43.421 62126 INFO tempest.lib.common.rest_client [req-e80ca8f9-63cb-4c4a-ba52-5fb55135b018 req-e80ca8f9-63cb-4c4a-ba52-5fb55135b018 ] Request (VolumesAssistedSnapshotsTest:setUpClass): 201 POST http://10.180.1.21/identity/v3/projects 0.234s
2024-10-10 15:07:43.433 62124 INFO tempest.lib.common.rest_client [req-f63bb700-7a53-44ea-a6bc-d4c5f1e70256 req-f63bb700-7a53-44ea-a6bc-d4c5f1e70256 ] Request (ServicesAdminTestJSON:tearDownClass): 200 GET http://10.180.1.21:9696/networking/v2.0/security-groups?tenant_id=03d5f68dfec44cf3abcbe5539c885016&name=default 0.218s
2024-10-10 15:07:43.473 62153 INFO tempest.lib.common.rest_client [req-3ba12269-94e5-4df0-ab68-500f30ac609f req-3ba12269-94e5-4df0-ab68-500f30ac609f ] Request (HypervisorAdminV253TestBase:tearDownClass): 204 DELETE http://10.180.1.21:9696/networking/v2.0/security-groups/0df06807-cf82-4de4-943c-696204fba6fa 0.235s
2024-10-10 15:07:43.503 62098 INFO tempest.lib.common.rest_client [req-c3b310df-0af7-4414-88ed-6e383846becd req-c3b310df-0af7-4414-88ed-6e383846becd ] Request (HypervisorAdminUnderV252Test:tearDownClass): 200 GET http://10.180.1.21:9696/networking/v2.0/security-groups?tenant_id=0394c66117dd44939b04812f20fc9330&name=default 0.219s
2024-10-10 15:07:43.510 62150 INFO tempest.lib.common.rest_client [req-c435fd50-a158-49b6-8595-5d89961f3989 req-c435fd50-a158-49b6-8595-5d89961f3989 ] Request (TenantUsagesNegativeTestJSON:tearDownClass): 204 DELETE http://10.180.1.21/identity/v3/users/e0899bdff4714816b94810821038df9e 0.171s
2024-10-10 15:07:43.511 62150 INFO tempest.lib.common.dynamic_creds [-] Deleting project and security group for project: 85fd7f27cabc4bc1a64b67c46098cb51
2024-10-10 15:07:43.534 62094 INFO tempest.lib.common.rest_client [req-06b293d2-847d-43fd-816c-7b9b2e6d4a13 req-06b293d2-847d-43fd-816c-7b9b2e6d4a13 ] Request (FlavorsAccessTestJSON:test_flavor_access_add_remove): 200 POST http://10.180.1.21/compute/v2.1/flavors/1108742453/action 2.274s
2024-10-10 15:07:43.556 62114 INFO tempest.lib.common.rest_client [req-59878bd6-f461-41d5-8b30-f0585421c8da req-59878bd6-f461-41d5-8b30-f0585421c8da ] Request (FlavorsV261TestJSON:test_crud_flavor): 200 GET http://10.180.1.21/compute/v2.1/flavors 1.780s
2024-10-10 15:07:43.572 62116 INFO tempest.lib.common.rest_client [req-74900586-f09b-44e0-b335-59d834eae6ed req-74900586-f09b-44e0-b335-59d834eae6ed ] Request (FlavorsV255TestJSON:test_crud_flavor): 200 GET http://10.180.1.21/compute/v2.1/flavors 1.782s
2024-10-10 15:07:43.625 62124 INFO tempest.lib.common.rest_client [req-6266f406-f2f2-42dd-a299-4b71252cee48 req-6266f406-f2f2-42dd-a299-4b71252cee48 ] Request (ServicesAdminTestJSON:tearDownClass): 204 DELETE http://10.180.1.21:9696/networking/v2.0/security-groups/55f6d978-b484-4c5d-884c-2d64a0744288 0.191s
2024-10-10 15:07:43.634 62106 INFO tempest.lib.common.rest_client [req-777ffdd2-417a-4da3-aa53-44d5d08d8063 req-777ffdd2-417a-4da3-aa53-44d5d08d8063 ] Request (HypervisorAdminV228Test:tearDownClass): 204 DELETE http://10.180.1.21/identity/v3/projects/ebc001d5b16e49318f80440cd506b7e5 0.286s
2024-10-10 15:07:43.643 62098 INFO tempest.lib.common.rest_client [req-bd56aec4-0d54-47cc-a4f7-7e6c7f8cfeb6 req-bd56aec4-0d54-47cc-a4f7-7e6c7f8cfeb6 ] Request (HypervisorAdminUnderV252Test:tearDownClass): 204 DELETE http://10.180.1.21:9696/networking/v2.0/security-groups/1d08831b-b34f-4001-8d74-ea245cbe6015 0.139s
2024-10-10 15:07:43.664 62110 INFO tempest.lib.common.rest_client [req-7cca703a-96cf-47e1-8c2a-a9fa935b7b35 req-7cca703a-96cf-47e1-8c2a-a9fa935b7b35 ] Request (QuotasAdminTestJSON:test_delete_quota): 200 GET http://10.180.1.21/compute/v2.1/os-quota-sets/0d6ca9bcb9c94e33947030104fce308b 1.915s
2024-10-10 15:07:43.671 62128 INFO tempest.lib.common.rest_client [req-a99d9558-ffcf-4246-8add-a5e017ba032c req-a99d9558-ffcf-4246-8add-a5e017ba032c ] Request (ServersAdminNegativeTestJSON:setUpClass): 200 GET http://10.180.1.21/compute/v2.1/servers/a0315505-7950-443f-b902-47c710c40306 1.580s
2024-10-10 15:07:43.710 62096 INFO tempest.lib.common.rest_client [req-a7943906-175a-413f-a399-b9ce16fa701f req-a7943906-175a-413f-a399-b9ce16fa701f ] Request (QuotaClassesAdmin257Test:setUpClass): 201 POST http://10.180.1.21/identity/v3/auth/tokens 0.304s
2024-10-10 15:07:43.713 62126 INFO tempest.lib.common.rest_client [req-7765bd3f-e83e-46d6-a907-7e8ebf0d204d req-7765bd3f-e83e-46d6-a907-7e8ebf0d204d ] Request (VolumesAssistedSnapshotsTest:setUpClass): 201 POST http://10.180.1.21/identity/v3/users 0.291s
2024-10-10 15:07:43.742 62150 INFO tempest.lib.common.rest_client [req-3ee4a89e-cbb0-4f86-b959-6d18797bf09b req-3ee4a89e-cbb0-4f86-b959-6d18797bf09b ] Request (TenantUsagesNegativeTestJSON:tearDownClass): 201 POST http://10.180.1.21/identity/v3/auth/tokens 0.231s
2024-10-10 15:07:43.776 62153 INFO tempest.lib.common.rest_client [req-c0574bf1-11d5-49f1-9e6f-6b75437c0a54 req-c0574bf1-11d5-49f1-9e6f-6b75437c0a54 ] Request (HypervisorAdminV253TestBase:tearDownClass): 204 DELETE http://10.180.1.21/identity/v3/projects/0e9104604aa14d75a335d9ff9527b8ff 0.301s
2024-10-10 15:07:43.799 62106 INFO tempest.lib.common.rest_client [req-b800b998-9405-4d1b-9e93-42e6c1379ff1 req-b800b998-9405-4d1b-9e93-42e6c1379ff1 ] Request (FloatingIPDetailsTestJSON:setUpClass): 201 POST http://10.180.1.21/identity/v3/auth/tokens 0.162s
2024-10-10 15:07:43.828 62124 INFO tempest.lib.common.rest_client [req-ff14390b-2f52-4939-be51-0e5cdc29f5a9 req-ff14390b-2f52-4939-be51-0e5cdc29f5a9 ] Request (ServicesAdminTestJSON:tearDownClass): 204 DELETE http://10.180.1.21/identity/v3/projects/03d5f68dfec44cf3abcbe5539c885016 0.201s
2024-10-10 15:07:43.830 62124 INFO tempest.test [-] raised in TestVolumeSwap.setUpClass. Invoking tearDownClass.
2024-10-10 15:07:43.879 62098 INFO tempest.lib.common.rest_client [req-b377f733-e2f3-460e-8c89-3a03695e7558 req-b377f733-e2f3-460e-8c89-3a03695e7558 ] Request (HypervisorAdminUnderV252Test:tearDownClass): 204 DELETE http://10.180.1.21/identity/v3/projects/0394c66117dd44939b04812f20fc9330 0.236s
2024-10-10 15:07:43.881 62098 INFO tempest.test [-] raised in UpdateMultiattachVolumeNegativeTest.setUpClass. Invoking tearDownClass.
2024-10-10 15:07:43.891 62154 INFO tempest.lib.common.rest_client [req-94ec7ffd-b01a-4e67-b198-d2d820a5e72f req-94ec7ffd-b01a-4e67-b198-d2d820a5e72f ] Request (FloatingIPDetailsNegativeTestJSON:tearDownClass): 204 DELETE http://10.180.1.21:9696/networking/v2.0/routers/46795203-8cdd-4b8b-b85c-08b0bac5b2d3 1.547s
2024-10-10 15:07:43.976 62096 INFO tempest.lib.common.rest_client [req-73e2b4f4-228d-4469-81b8-50fca3de5b77 req-73e2b4f4-228d-4469-81b8-50fca3de5b77 ] Request (QuotaClassesAdmin257Test:setUpClass): 201 POST http://10.180.1.21/identity/v3/projects 0.266s
2024-10-10 15:07:43.988 62110 INFO tempest.lib.common.rest_client [req-65dbc12d-9457-40cb-998a-be98552315f0 req-65dbc12d-9457-40cb-998a-be98552315f0 ] Request (QuotasAdminTestJSON:_run_cleanups): 204 DELETE http://10.180.1.21/identity/v3/projects/0d6ca9bcb9c94e33947030104fce308b 0.320s
2024-10-10 15:07:44.007 62154 INFO tempest.lib.common.rest_client [req-402f8d34-0a00-42a6-9f1e-580b14a89c0c req-402f8d34-0a00-42a6-9f1e-580b14a89c0c ] Request (FloatingIPDetailsNegativeTestJSON:tearDownClass): 204 DELETE http://10.180.1.21:9696/networking/v2.0/subnets/afc082ab-15cb-4f92-9164-b12cfb61a56a 0.115s
2024-10-10 15:07:44.036 62126 INFO tempest.lib.common.rest_client [req-f2468594-96b2-4dcc-a79a-28797e074924 req-f2468594-96b2-4dcc-a79a-28797e074924 ] Request (VolumesAssistedSnapshotsTest:setUpClass): 200 GET http://10.180.1.21/identity/v3/roles 0.322s
2024-10-10 15:07:44.064 62153 INFO tempest.lib.common.rest_client [req-1c3c5b53-fdf5-4e4c-9153-f7d6c022058a req-1c3c5b53-fdf5-4e4c-9153-f7d6c022058a ] Request (ServersAdmin275Test:setUpClass): 201 POST http://10.180.1.21/identity/v3/auth/tokens 0.287s
2024-10-10 15:07:44.072 62130 INFO tempest.lib.common.rest_client [req-86ad0696-2bbe-48f6-843e-4a83059009dc req-86ad0696-2bbe-48f6-843e-4a83059009dc ] Request (SecurityGroupsNegativeTestJSON:test_delete_the_default_security_group): 400 DELETE http://10.180.1.21/compute/v2.1/os-security-groups/e1db15b9-413f-451b-a007-bd36d8a377c6 1.856s
2024-10-10 15:07:44.075 62118 INFO tempest.lib.common.rest_client [req-aa0cc417-6edf-459e-bbb6-d3d8c54d27e7 req-aa0cc417-6edf-459e-bbb6-d3d8c54d27e7 ] Request (HypervisorAdminNegativeUnderV252Test:test_show_servers_with_non_admin_user): 403 GET http://10.180.1.21/compute/v2.1/os-hypervisors/1/servers 1.827s
2024-10-10 15:07:44.091 62106 INFO tempest.lib.common.rest_client [req-27f5e7bf-db27-4963-a71d-f2f3636eec52 req-27f5e7bf-db27-4963-a71d-f2f3636eec52 ] Request (FloatingIPDetailsTestJSON:setUpClass): 201 POST http://10.180.1.21/identity/v3/auth/tokens 0.289s
2024-10-10 15:07:44.094 62124 INFO tempest.lib.common.rest_client [req-01bc83ae-17fc-406b-93c8-aa0e1257204e req-01bc83ae-17fc-406b-93c8-aa0e1257204e ] Request (AbsoluteLimitsNegativeTestJSON:setUpClass): 201 POST http://10.180.1.21/identity/v3/auth/tokens 0.261s
2024-10-10 15:07:44.113 62098 INFO tempest.lib.common.rest_client [req-8a51b6ee-001f-4abf-9d06-099974457300 req-8a51b6ee-001f-4abf-9d06-099974457300 ] Request (ServerRescueTestJSON:setUpClass): 201 POST http://10.180.1.21/identity/v3/auth/tokens 0.228s
2024-10-10 15:07:44.138 62096 INFO tempest.lib.common.rest_client [req-e67dd759-4a65-4fc4-9fe1-35be5e2ecdef req-e67dd759-4a65-4fc4-9fe1-35be5e2ecdef ] Request (QuotaClassesAdmin257Test:setUpClass): 201 POST http://10.180.1.21/identity/v3/users 0.162s
2024-10-10 15:07:44.153 62148 INFO tempest.lib.common.rest_client [req-b0116a4e-deed-4d72-b5ee-6159c8cb8ffa req-b0116a4e-deed-4d72-b5ee-6159c8cb8ffa ] Request (MultipleCreateTestJSON:test_multiple_create): 200 GET http://10.180.1.21/compute/v2.1/servers/2c139c4c-c133-490b-aa01-8dbfa7878af7 1.884s
2024-10-10 15:07:44.167 62126 INFO tempest.lib.common.rest_client [req-77c5e6ad-85a9-40a8-b41c-590eca803c00 req-77c5e6ad-85a9-40a8-b41c-590eca803c00 ] Request (VolumesAssistedSnapshotsTest:setUpClass): 204 PUT http://10.180.1.21/identity/v3/projects/f4c053a86c294ed29b24f2ae4161ff6a/users/36bba2fc55f4499e9b003a4a3e652ded/roles/ac5909a3ad28450fb292ab017a5b6c6b 0.131s
2024-10-10 15:07:44.178 62100 INFO tempest.lib.common.rest_client [req-4c1e8f55-0c55-4fe9-b58e-c00c2639b237 req-4c1e8f55-0c55-4fe9-b58e-c00c2639b237 ] Request (FlavorsAdminTestJSON:test_create_flavor_verify_entry_in_list_details): 200 GET http://10.180.1.21/compute/v2.1/flavors/detail 1.902s
2024-10-10 15:07:44.191 62144 INFO tempest.lib.common.rest_client [req-4914124e-8074-486d-aaeb-87a1747ee032 req-4914124e-8074-486d-aaeb-87a1747ee032 ] Request (ServersWithSpecificFlavorTestJSON:setUpClass): 201 POST http://10.180.1.21:9696/networking/v2.0/routers 2.555s
2024-10-10 15:07:44.204 62104 INFO tempest.lib.common.rest_client [req-1674473e-0150-4116-888e-e096695ed31f req-1674473e-0150-4116-888e-e096695ed31f ] Request (HypervisorAdminTestJSON:test_get_hypervisor_stats): 200 GET http://10.180.1.21/compute/v2.1/os-hypervisors/statistics 1.811s
2024-10-10 15:07:44.223 62122 INFO tempest.lib.common.rest_client [req-90ab1ac7-9884-4931-8ad7-749a4f15ea44 req-90ab1ac7-9884-4931-8ad7-749a4f15ea44 ] Request (FlavorsV2TestJSON:test_list_flavors_detailed_filter_by_min_ram): 200 GET http://10.180.1.21/compute/v2.1/flavors/42 1.807s
2024-10-10 15:07:44.255 62153 INFO tempest.lib.common.rest_client [req-39a1681b-fcb2-435f-9b90-8a1508aa7be6 req-39a1681b-fcb2-435f-9b90-8a1508aa7be6 ] Request (ServersAdmin275Test:setUpClass): 201 POST http://10.180.1.21/identity/v3/auth/tokens 0.188s
2024-10-10 15:07:44.256 62136 INFO tempest.lib.common.rest_client [req-a97334bb-c1e6-452f-bf09-b5131fc8bb26 req-a97334bb-c1e6-452f-bf09-b5131fc8bb26 ] Request (KeyPairsV210TestJSON:_run_cleanups): 204 DELETE http://10.180.1.21/compute/v2.1/os-keypairs/tempest-KeyPairsV210TestJSON-keypair-271627682 1.832s
2024-10-10 15:07:44.273 62102 INFO tempest.lib.common.rest_client [req-86a4a9f5-df6d-46bc-80bc-2c003fb28fbe req-86a4a9f5-df6d-46bc-80bc-2c003fb28fbe ] Request (FlavorsAccessNegativeTestJSON:_run_cleanups): 200 POST http://10.180.1.21/compute/v2.1/flavors/788929886/action 2.132s
2024-10-10 15:07:44.282 62106 INFO tempest.lib.common.rest_client [req-13e626f3-aa3c-4cf1-b7de-74c9a2091f00 req-13e626f3-aa3c-4cf1-b7de-74c9a2091f00 ] Request (FloatingIPDetailsTestJSON:setUpClass): 200 GET http://10.180.1.21/identity/v3/domains?name=Default 0.190s
2024-10-10 15:07:44.309 62154 INFO tempest.lib.common.rest_client [req-152c591f-7f8a-49af-8a63-c6f14944e460 req-152c591f-7f8a-49af-8a63-c6f14944e460 ] Request (FloatingIPDetailsNegativeTestJSON:tearDownClass): 204 DELETE http://10.180.1.21:9696/networking/v2.0/networks/e105261c-399a-4f38-ae6c-ef5dacbc3fbb 0.301s
2024-10-10 15:07:44.309 62124 INFO tempest.lib.common.rest_client [req-a305b710-4fef-47cf-93fb-8fd0405205b0 req-a305b710-4fef-47cf-93fb-8fd0405205b0 ] Request (AbsoluteLimitsNegativeTestJSON:setUpClass): 201 POST http://10.180.1.21/identity/v3/auth/tokens 0.212s
2024-10-10 15:07:44.310 62098 INFO tempest.lib.common.rest_client [req-b8e53579-0325-493a-9ad2-2f61f608c4f3 req-b8e53579-0325-493a-9ad2-2f61f608c4f3 ] Request (ServerRescueTestJSON:setUpClass): 201 POST http://10.180.1.21/identity/v3/auth/tokens 0.194s
2024-10-10 15:07:44.321 62096 INFO tempest.lib.common.rest_client [req-154cc1ad-5459-49d8-a624-fd448efcb722 req-154cc1ad-5459-49d8-a624-fd448efcb722 ] Request (QuotaClassesAdmin257Test:setUpClass): 200 GET http://10.180.1.21/identity/v3/roles 0.182s
2024-10-10 15:07:44.325 62126 INFO tempest.lib.common.rest_client [req-c1e6a3e7-eeca-4e3f-90b4-8bdabeec3b55 req-c1e6a3e7-eeca-4e3f-90b4-8bdabeec3b55 ] Request (VolumesAssistedSnapshotsTest:setUpClass): 200 GET http://10.180.1.21/identity/v3/roles 0.156s
2024-10-10 15:07:44.360 62112 INFO tempest.lib.common.rest_client [req-4ff0f64c-1174-4d85-85d0-a75c028530b0 req-4ff0f64c-1174-4d85-85d0-a75c028530b0 ] Request (ServerDiagnosticsTest:test_get_server_diagnostics): 200 GET http://10.180.1.21/compute/v2.1/servers/463b9d22-bfe4-40c9-9b8a-5892da99ce41 1.594s
2024-10-10 15:07:44.373 62153 INFO tempest.lib.common.rest_client [req-8f0047aa-a237-4c68-9a11-2138c65a2d82 req-8f0047aa-a237-4c68-9a11-2138c65a2d82 ] Request (ServersAdmin275Test:setUpClass): 200 GET http://10.180.1.21/identity/v3/domains?name=Default 0.118s
2024-10-10 15:07:44.392 62150 INFO tempest.lib.common.rest_client [req-6b15fc3d-61ac-45b8-9486-2e5200be7808 req-6b15fc3d-61ac-45b8-9486-2e5200be7808 ] Request (TenantUsagesNegativeTestJSON:tearDownClass): 200 GET http://10.180.1.21:9696/networking/v2.0/security-groups?tenant_id=85fd7f27cabc4bc1a64b67c46098cb51&name=default 0.648s
2024-10-10 15:07:44.404 62104 INFO tempest.lib.common.rest_client [req-2fde08c1-8237-45ea-a097-4c46913a0dfd req-2fde08c1-8237-45ea-a097-4c46913a0dfd ] Request (HypervisorAdminTestJSON:tearDownClass): 204 DELETE http://10.180.1.21/identity/v3/users/830937fb10de49078dd5526f209f2c2c 0.188s
2024-10-10 15:07:44.411 62108 INFO tempest.lib.common.rest_client [req-8e7ee070-b89e-4a11-bc00-93f673b9b65c req-8e7ee070-b89e-4a11-bc00-93f673b9b65c ] Request (VolumesAdminNegativeTest:setUpClass): 200 PUT http://10.180.1.21:9696/networking/v2.0/routers/9f3c0d1d-4f69-47eb-9dc8-c4ccd90821fe/add_router_interface 3.438s
2024-10-10 15:07:44.411 62108 INFO tempest.lib.common.dynamic_creds [-] Created isolated network resources for: credentials: Credentials: {'domain_id': 'default', 'domain_name': 'Default', 'username': 'tempest-VolumesAdminNegativeTest-1684148868-project-admin', 'project_domain_id': 'default', 'project_domain_name': 'Default', 'project_id': '404e8d2e8e6145df937d22bbfd39bc6a', 'project_name': 'tempest-VolumesAdminNegativeTest-1684148868', 'tenant_id': '404e8d2e8e6145df937d22bbfd39bc6a', 'tenant_name': 'tempest-VolumesAdminNegativeTest-1684148868', 'user_domain_id': 'default', 'user_domain_name': 'Default', 'user_id': '7b0f465598b4466bbce603f746ab97fd', 'system': None}, Network: {'id': '5ea15eda-70c4-447f-b7fa-2a38304a7c9e', 'name': 'tempest-VolumesAdminNegativeTest-1705988242-network', 'tenant_id': '404e8d2e8e6145df937d22bbfd39bc6a', 'admin_state_up': True, 'mtu': 8950, 'status': 'ACTIVE', 'subnets': [], 'shared': False, 'project_id': '404e8d2e8e6145df937d22bbfd39bc6a', 'port_security_enabled': True, 'router:external': False, 'provider:network_type': 'vlan', 'provider:physical_network': 'default', 'provider:segmentation_id': 86, 'is_default': False, 'availability_zone_hints': [], 'availability_zones': [], 'ipv4_address_scope': None, 'ipv6_address_scope': None, 'description': '', 'tags': [], 'created_at': '2024-10-10T15:07:37Z', 'updated_at': '2024-10-10T15:07:37Z', 'revision_number': 1}, Subnet: {'id': '5ebe3b7d-2a75-43bb-9a6a-5c9759ad58c9', 'name': 'tempest-VolumesAdminNegativeTest-1705988242-subnet', 'tenant_id': '404e8d2e8e6145df937d22bbfd39bc6a', 'network_id': '5ea15eda-70c4-447f-b7fa-2a38304a7c9e', 'ip_version': 4, 'subnetpool_id': None, 'enable_dhcp': True, 'ipv6_ra_mode': None, 'ipv6_address_mode': None, 'gateway_ip': '192.168.128.1', 'cidr': '192.168.128.0/28', 'allocation_pools': [{'start': '192.168.128.2', 'end': '192.168.128.14'}], 'host_routes': [], 'dns_nameservers': [], 'description': '', 'router:external': False, 'service_types': [], 'tags': [], 'created_at': '2024-10-10T15:07:38Z', 'updated_at': '2024-10-10T15:07:38Z', 'revision_number': 0, 'project_id': '404e8d2e8e6145df937d22bbfd39bc6a'}, Router: {'id': '9f3c0d1d-4f69-47eb-9dc8-c4ccd90821fe', 'name': 'tempest-VolumesAdminNegativeTest-1705988242-router', 'tenant_id': '404e8d2e8e6145df937d22bbfd39bc6a', 'admin_state_up': True, 'status': 'ACTIVE', 'external_gateway_info': {'network_id': '422e1a17-574a-4dab-9a6e-a3147f27d288', 'external_fixed_ips': [{'subnet_id': '0203d5bd-abdc-469d-8fb7-4a1445dfaa0e', 'ip_address': '10.180.180.144'}], 'enable_snat': True}, 'description': '', 'availability_zones': [], 'distributed': False, 'ha': False, 'availability_zone_hints': [], 'routes': [], 'flavor_id': None, 'tags': [], 'created_at': '2024-10-10T15:07:38Z', 'updated_at': '2024-10-10T15:07:39Z', 'revision_number': 2, 'project_id': '404e8d2e8e6145df937d22bbfd39bc6a'}
2024-10-10 15:07:44.493 62106 INFO tempest.lib.common.rest_client [req-0f5a8586-b918-403d-be27-8937f7c76b52 req-0f5a8586-b918-403d-be27-8937f7c76b52 ] Request (FloatingIPDetailsTestJSON:setUpClass): 201 POST http://10.180.1.21/identity/v3/projects 0.210s
2024-10-10 15:07:44.596 62124 INFO tempest.lib.common.rest_client [req-c826c9c8-dd79-48b6-9d53-73268ebd01c6 req-c826c9c8-dd79-48b6-9d53-73268ebd01c6 ] Request (AbsoluteLimitsNegativeTestJSON:setUpClass): 200 GET http://10.180.1.21/identity/v3/domains?name=Default 0.286s
2024-10-10 15:07:44.634 62098 INFO tempest.lib.common.rest_client [req-f0123610-bd4a-4b1d-88b5-b929eed53bd3 req-f0123610-bd4a-4b1d-88b5-b929eed53bd3 ] Request (ServerRescueTestJSON:setUpClass): 200 GET http://10.180.1.21/identity/v3/domains?name=Default 0.323s
2024-10-10 15:07:44.655 62154 INFO tempest.lib.common.rest_client [req-dbfddbe5-af79-4a30-a456-1b4776bcd2f0 req-dbfddbe5-af79-4a30-a456-1b4776bcd2f0 ] Request (FloatingIPDetailsNegativeTestJSON:tearDownClass): 204 DELETE http://10.180.1.21/identity/v3/users/81d80a3defe54c029e5ef7a5ee82cfc2 0.346s
2024-10-10 15:07:44.655 62154 INFO tempest.lib.common.dynamic_creds [-] Deleting project and security group for project: 0343d0706ce24e2facb64b05306e03e8
2024-10-10 15:07:44.704 62096 INFO tempest.lib.common.rest_client [req-f4da362d-b71d-42b2-82fb-5f3dc5d41a89 req-f4da362d-b71d-42b2-82fb-5f3dc5d41a89 ] Request (QuotaClassesAdmin257Test:setUpClass): 204 PUT http://10.180.1.21/identity/v3/projects/aae18cc0378c467499e33f18dc3e7d8b/users/9822bd1ea4a64cea940005f84504e25a/roles/ac5909a3ad28450fb292ab017a5b6c6b 0.383s
2024-10-10 15:07:44.707 62126 INFO tempest.lib.common.rest_client [req-e2aaeed8-f445-409e-9f02-82dae8eee533 req-e2aaeed8-f445-409e-9f02-82dae8eee533 ] Request (VolumesAssistedSnapshotsTest:setUpClass): 204 PUT http://10.180.1.21/identity/v3/projects/f4c053a86c294ed29b24f2ae4161ff6a/users/36bba2fc55f4499e9b003a4a3e652ded/roles/79f8353d225945af95cfa7db7047ad87 0.381s
2024-10-10 15:07:44.707 62126 INFO tempest.lib.common.dynamic_creds [-] Dynamic test user 36bba2fc55f4499e9b003a4a3e652ded is created with scope project and roles: ['admin', 'service']
2024-10-10 15:07:44.709 62126 INFO tempest.lib.common.dynamic_creds [-] Acquired dynamic creds: credentials: Credentials: {'domain_id': 'default', 'domain_name': 'Default', 'username': 'tempest-VolumesAssistedSnapshotsTest-1916001334-project', 'project_domain_id': 'default', 'project_domain_name': 'Default', 'project_id': 'f4c053a86c294ed29b24f2ae4161ff6a', 'project_name': 'tempest-VolumesAssistedSnapshotsTest-1916001334', 'tenant_id': 'f4c053a86c294ed29b24f2ae4161ff6a', 'tenant_name': 'tempest-VolumesAssistedSnapshotsTest-1916001334', 'user_domain_id': 'default', 'user_domain_name': 'Default', 'user_id': '36bba2fc55f4499e9b003a4a3e652ded', 'system': None}, Network: None, Subnet: None, Router: None
2024-10-10 15:07:44.751 62150 INFO tempest.lib.common.rest_client [req-6bfa4a18-8236-4b32-8285-db76d5acba9d req-6bfa4a18-8236-4b32-8285-db76d5acba9d ] Request (TenantUsagesNegativeTestJSON:tearDownClass): 204 DELETE http://10.180.1.21:9696/networking/v2.0/security-groups/f024f094-9768-44ec-be04-6bc52afbc313 0.358s
2024-10-10 15:07:44.780 62153 INFO tempest.lib.common.rest_client [req-bc20f402-d16e-4d84-abf0-d1f61a937546 req-bc20f402-d16e-4d84-abf0-d1f61a937546 ] Request (ServersAdmin275Test:setUpClass): 201 POST http://10.180.1.21/identity/v3/projects 0.406s
2024-10-10 15:07:44.826 62104 INFO tempest.lib.common.rest_client [req-85333d42-3be5-4cb9-9a3b-7427e66750f2 req-85333d42-3be5-4cb9-9a3b-7427e66750f2 ] Request (HypervisorAdminTestJSON:tearDownClass): 204 DELETE http://10.180.1.21/identity/v3/users/10e7a56bf12247bd866cc1f2bf7820a8 0.422s
2024-10-10 15:07:44.827 62104 INFO tempest.lib.common.dynamic_creds [-] Deleting project and security group for project: e9f5cc0af42a480ba8f6b509901761c8
2024-10-10 15:07:44.851 62108 INFO tempest.lib.common.rest_client [req-9886909a-001b-4951-a30a-cb9f0ce1a801 req-9886909a-001b-4951-a30a-cb9f0ce1a801 ] Request (VolumesAdminNegativeTest:setUpClass): 201 POST http://10.180.1.21/identity/v3/auth/tokens 0.435s
2024-10-10 15:07:44.890 62106 INFO tempest.lib.common.rest_client [req-4f8c8558-2b2e-4c03-b235-58211b736ef7 req-4f8c8558-2b2e-4c03-b235-58211b736ef7 ] Request (FloatingIPDetailsTestJSON:setUpClass): 201 POST http://10.180.1.21/identity/v3/users 0.396s
2024-10-10 15:07:44.895 62154 INFO tempest.lib.common.rest_client [req-52887931-75b2-4f6f-8402-e3b6adcaf597 req-52887931-75b2-4f6f-8402-e3b6adcaf597 ] Request (FloatingIPDetailsNegativeTestJSON:tearDownClass): 200 GET http://10.180.1.21:9696/networking/v2.0/security-groups?tenant_id=0343d0706ce24e2facb64b05306e03e8&name=default 0.240s
2024-10-10 15:07:44.922 62124 INFO tempest.lib.common.rest_client [req-71ce07bf-c283-4538-81fd-6e7a1e8fa610 req-71ce07bf-c283-4538-81fd-6e7a1e8fa610 ] Request (AbsoluteLimitsNegativeTestJSON:setUpClass): 201 POST http://10.180.1.21/identity/v3/projects 0.326s
2024-10-10 15:07:44.927 62098 INFO tempest.lib.common.rest_client [req-c98ff01d-dabc-4f86-96bf-ef012c519eea req-c98ff01d-dabc-4f86-96bf-ef012c519eea ] Request (ServerRescueTestJSON:setUpClass): 201 POST http://10.180.1.21/identity/v3/projects 0.292s
2024-10-10 15:07:44.972 62146 INFO tempest.lib.common.rest_client [req-68d50286-1e5b-48da-87b2-4c98d20ef11b req-68d50286-1e5b-48da-87b2-4c98d20ef11b ] Request (TenantUsagesTestJSON:setUpClass): 202 POST http://10.180.1.21/compute/v2.1/servers 2.324s
2024-10-10 15:07:44.988 62096 INFO tempest.lib.common.rest_client [req-6ca0481a-4dd6-463e-9106-1041303a730e req-6ca0481a-4dd6-463e-9106-1041303a730e ] Request (QuotaClassesAdmin257Test:setUpClass): 200 GET http://10.180.1.21/identity/v3/roles 0.283s
2024-10-10 15:07:45.042 62150 INFO tempest.lib.common.rest_client [req-01abe0f9-987f-4a3c-a6d8-16fa3bfd8152 req-01abe0f9-987f-4a3c-a6d8-16fa3bfd8152 ] Request (TenantUsagesNegativeTestJSON:tearDownClass): 204 DELETE http://10.180.1.21/identity/v3/projects/85fd7f27cabc4bc1a64b67c46098cb51 0.291s
2024-10-10 15:07:45.043 62150 INFO tempest.lib.common.dynamic_creds [-] Deleting project and security group for project: 3c918fa9b2d24ee5b463873a6f685240
2024-10-10 15:07:45.113 62153 INFO tempest.lib.common.rest_client [req-0252d1e9-21ef-4b3e-b05d-48aacf258e58 req-0252d1e9-21ef-4b3e-b05d-48aacf258e58 ] Request (ServersAdmin275Test:setUpClass): 201 POST http://10.180.1.21/identity/v3/users 0.330s
2024-10-10 15:07:45.138 62104 INFO tempest.lib.common.rest_client [req-2247dfeb-2205-4b3e-8826-2013e99f0253 req-2247dfeb-2205-4b3e-8826-2013e99f0253 ] Request (HypervisorAdminTestJSON:tearDownClass): 201 POST http://10.180.1.21/identity/v3/auth/tokens 0.311s
2024-10-10 15:07:45.154 62106 INFO tempest.lib.common.rest_client [req-f845abf0-a16a-42fd-ab8e-8b6285d4c2ce req-f845abf0-a16a-42fd-ab8e-8b6285d4c2ce ] Request (FloatingIPDetailsTestJSON:setUpClass): 200 GET http://10.180.1.21/identity/v3/roles 0.264s
2024-10-10 15:07:45.196 62124 INFO tempest.lib.common.rest_client [req-b45f58c8-bdcc-44fc-a458-6433ee48c973 req-b45f58c8-bdcc-44fc-a458-6433ee48c973 ] Request (AbsoluteLimitsNegativeTestJSON:setUpClass): 201 POST http://10.180.1.21/identity/v3/users 0.273s
2024-10-10 15:07:45.200 62098 INFO tempest.lib.common.rest_client [req-d30600c5-7fae-431f-9e7d-fd33185b4891 req-d30600c5-7fae-431f-9e7d-fd33185b4891 ] Request (ServerRescueTestJSON:setUpClass): 201 POST http://10.180.1.21/identity/v3/users 0.273s
2024-10-10 15:07:45.214 62153 INFO tempest.lib.common.rest_client [req-8460af7e-abaf-4bc6-90c2-580fd3341f26 req-8460af7e-abaf-4bc6-90c2-580fd3341f26 ] Request (ServersAdmin275Test:setUpClass): 200 GET http://10.180.1.21/identity/v3/roles 0.101s
2024-10-10 15:07:45.223 62096 INFO tempest.lib.common.rest_client [req-cba520f9-fc88-4222-9d47-e9f1181406a7 req-cba520f9-fc88-4222-9d47-e9f1181406a7 ] Request (QuotaClassesAdmin257Test:setUpClass): 204 PUT http://10.180.1.21/identity/v3/projects/aae18cc0378c467499e33f18dc3e7d8b/users/9822bd1ea4a64cea940005f84504e25a/roles/ac5909a3ad28450fb292ab017a5b6c6b 0.235s
2024-10-10 15:07:45.223 62096 INFO tempest.lib.common.dynamic_creds [-] Dynamic test user 9822bd1ea4a64cea940005f84504e25a is created with scope project and roles: ['admin']
2024-10-10 15:07:45.223 62096 INFO tempest.lib.common.dynamic_creds [-] Acquired dynamic creds: credentials: Credentials: {'domain_id': 'default', 'domain_name': 'Default', 'username': 'tempest-QuotaClassesAdmin257Test-1980416081-project-admin', 'project_domain_id': 'default', 'project_domain_name': 'Default', 'project_id': 'aae18cc0378c467499e33f18dc3e7d8b', 'project_name': 'tempest-QuotaClassesAdmin257Test-1980416081', 'tenant_id': 'aae18cc0378c467499e33f18dc3e7d8b', 'tenant_name': 'tempest-QuotaClassesAdmin257Test-1980416081', 'user_domain_id': 'default', 'user_domain_name': 'Default', 'user_id': '9822bd1ea4a64cea940005f84504e25a', 'system': None}, Network: None, Subnet: None, Router: None
2024-10-10 15:07:45.224 62096 INFO tempest.lib.common.dynamic_creds [-] Created isolated network resources for: credentials: Credentials: {'domain_id': 'default', 'domain_name': 'Default', 'username': 'tempest-QuotaClassesAdmin257Test-1980416081-project-admin', 'project_domain_id': 'default', 'project_domain_name': 'Default', 'project_id': 'aae18cc0378c467499e33f18dc3e7d8b', 'project_name': 'tempest-QuotaClassesAdmin257Test-1980416081', 'tenant_id': 'aae18cc0378c467499e33f18dc3e7d8b', 'tenant_name': 'tempest-QuotaClassesAdmin257Test-1980416081', 'user_domain_id': 'default', 'user_domain_name': 'Default', 'user_id': '9822bd1ea4a64cea940005f84504e25a', 'system': None}, Network: None, Subnet: None, Router: None
2024-10-10 15:07:45.275 62106 INFO tempest.lib.common.rest_client [req-fbbcb7e5-8e59-4caa-8b81-0cf88ce4df90 req-fbbcb7e5-8e59-4caa-8b81-0cf88ce4df90 ] Request (FloatingIPDetailsTestJSON:setUpClass): 204 PUT http://10.180.1.21/identity/v3/projects/4cb1edd7c4774bfaaed3f93c3043f509/users/c891e18c568c49119bdcffcba6520642/roles/308063b346f546fa999cc78d9b801522 0.120s
2024-10-10 15:07:45.275 62106 INFO tempest.lib.common.dynamic_creds [-] Dynamic test user c891e18c568c49119bdcffcba6520642 is created with scope project and roles: ['member']
2024-10-10 15:07:45.275 62106 INFO tempest.lib.common.dynamic_creds [-] Acquired dynamic creds: credentials: Credentials: {'domain_id': 'default', 'domain_name': 'Default', 'username': 'tempest-FloatingIPDetailsTestJSON-1596993776-project-member', 'project_domain_id': 'default', 'project_domain_name': 'Default', 'project_id': '4cb1edd7c4774bfaaed3f93c3043f509', 'project_name': 'tempest-FloatingIPDetailsTestJSON-1596993776', 'tenant_id': '4cb1edd7c4774bfaaed3f93c3043f509', 'tenant_name': 'tempest-FloatingIPDetailsTestJSON-1596993776', 'user_domain_id': 'default', 'user_domain_name': 'Default', 'user_id': 'c891e18c568c49119bdcffcba6520642', 'system': None}, Network: None, Subnet: None, Router: None
2024-10-10 15:07:45.281 62140 INFO tempest.lib.common.rest_client [req-2f50cc02-979f-4358-a2d6-9461982bac12 req-2f50cc02-979f-4358-a2d6-9461982bac12 ] Request (SecurityGroupRulesTestJSON:test_security_group_rules_create_with_optional_cidr): 200 POST http://10.180.1.21/compute/v2.1/os-security-groups 2.193s
2024-10-10 15:07:45.326 62132 INFO tempest.lib.common.rest_client [req-f99bc823-ca06-460d-924f-c3633358d075 req-f99bc823-ca06-460d-924f-c3633358d075 ] Request (KeyPairsV2TestJSON:test_keypair_create_delete): 200 POST http://10.180.1.21/compute/v2.1/os-keypairs 2.177s
2024-10-10 15:07:45.329 62124 INFO tempest.lib.common.rest_client [req-7d83ef68-6c8a-4e01-9c31-e11a429f440c req-7d83ef68-6c8a-4e01-9c31-e11a429f440c ] Request (AbsoluteLimitsNegativeTestJSON:setUpClass): 200 GET http://10.180.1.21/identity/v3/roles 0.133s
2024-10-10 15:07:45.332 62098 INFO tempest.lib.common.rest_client [req-9a5b7644-26be-4c47-8579-dc78a2c3cd2a req-9a5b7644-26be-4c47-8579-dc78a2c3cd2a ] Request (ServerRescueTestJSON:setUpClass): 200 GET http://10.180.1.21/identity/v3/roles 0.130s
2024-10-10 15:07:45.354 62092 INFO tempest.lib.common.rest_client [req-70e3d8a9-b624-46d4-a22d-c9dcb0aae6ea req-70e3d8a9-b624-46d4-a22d-c9dcb0aae6ea ] Request (AggregatesAdminNegativeTestJSON:test_aggregate_add_host_as_user): 200 POST http://10.180.1.21/compute/v2.1/os-aggregates 2.122s
2024-10-10 15:07:45.363 62153 INFO tempest.lib.common.rest_client [req-dbd575a8-80e9-4f7c-b36e-90618c70a400 req-dbd575a8-80e9-4f7c-b36e-90618c70a400 ] Request (ServersAdmin275Test:setUpClass): 204 PUT http://10.180.1.21/identity/v3/projects/18e814be55224597814c40fec659e6f6/users/f58fe02f197a48fa9b185b4cdaa4ff8d/roles/308063b346f546fa999cc78d9b801522 0.148s
2024-10-10 15:07:45.363 62150 INFO tempest.lib.common.rest_client [req-f554a475-9cfb-45ff-a8d0-d51ce4372ae0 req-f554a475-9cfb-45ff-a8d0-d51ce4372ae0 ] Request (TenantUsagesNegativeTestJSON:tearDownClass): 200 GET http://10.180.1.21:9696/networking/v2.0/security-groups?tenant_id=3c918fa9b2d24ee5b463873a6f685240&name=default 0.320s
2024-10-10 15:07:45.363 62153 INFO tempest.lib.common.dynamic_creds [-] Dynamic test user f58fe02f197a48fa9b185b4cdaa4ff8d is created with scope project and roles: ['member']
2024-10-10 15:07:45.363 62153 INFO tempest.lib.common.dynamic_creds [-] Acquired dynamic creds: credentials: Credentials: {'domain_id': 'default', 'domain_name': 'Default', 'username': 'tempest-ServersAdmin275Test-1427890385-project-member', 'project_domain_id': 'default', 'project_domain_name': 'Default', 'project_id': '18e814be55224597814c40fec659e6f6', 'project_name': 'tempest-ServersAdmin275Test-1427890385', 'tenant_id': '18e814be55224597814c40fec659e6f6', 'tenant_name': 'tempest-ServersAdmin275Test-1427890385', 'user_domain_id': 'default', 'user_domain_name': 'Default', 'user_id': 'f58fe02f197a48fa9b185b4cdaa4ff8d', 'system': None}, Network: None, Subnet: None, Router: None
2024-10-10 15:07:45.364 62153 INFO tempest.lib.common.dynamic_creds [-] Created isolated network resources for: credentials: Credentials: {'domain_id': 'default', 'domain_name': 'Default', 'username': 'tempest-ServersAdmin275Test-1427890385-project-member', 'project_domain_id': 'default', 'project_domain_name': 'Default', 'project_id': '18e814be55224597814c40fec659e6f6', 'project_name': 'tempest-ServersAdmin275Test-1427890385', 'tenant_id': '18e814be55224597814c40fec659e6f6', 'tenant_name': 'tempest-ServersAdmin275Test-1427890385', 'user_domain_id': 'default', 'user_domain_name': 'Default', 'user_id': 'f58fe02f197a48fa9b185b4cdaa4ff8d', 'system': None}, Network: None, Subnet: None, Router: None
2024-10-10 15:07:45.393 62154 INFO tempest.lib.common.rest_client [req-fd6dd1fe-74c7-4676-b92a-da3f2cf6e508 req-fd6dd1fe-74c7-4676-b92a-da3f2cf6e508 ] Request (FloatingIPDetailsNegativeTestJSON:tearDownClass): 204 DELETE http://10.180.1.21:9696/networking/v2.0/security-groups/51c1bb3e-60c3-4717-9755-535584835344 0.497s
2024-10-10 15:07:45.394 62096 INFO tempest.lib.common.rest_client [req-12602052-f139-4878-844a-3404b48e9f3c req-12602052-f139-4878-844a-3404b48e9f3c ] Request (QuotaClassesAdmin257Test:setUpClass): 201 POST http://10.180.1.21/identity/v3/auth/tokens 0.165s
2024-10-10 15:07:45.432 62106 INFO tempest.lib.common.rest_client [req-4a6d1405-533e-49aa-a9e9-48c4ac3dba55 req-4a6d1405-533e-49aa-a9e9-48c4ac3dba55 ] Request (FloatingIPDetailsTestJSON:setUpClass): 201 POST http://10.180.1.21/identity/v3/auth/tokens 0.157s
2024-10-10 15:07:45.446 62124 INFO tempest.lib.common.rest_client [req-062c756f-18aa-4dab-aeec-1b552caa7c5c req-062c756f-18aa-4dab-aeec-1b552caa7c5c ] Request (AbsoluteLimitsNegativeTestJSON:setUpClass): 204 PUT http://10.180.1.21/identity/v3/projects/44fffc25a32a464bbd178ca879088e0d/users/9f1bef35e0e24199a15627163ca2134d/roles/308063b346f546fa999cc78d9b801522 0.116s
2024-10-10 15:07:45.446 62124 INFO tempest.lib.common.dynamic_creds [-] Dynamic test user 9f1bef35e0e24199a15627163ca2134d is created with scope project and roles: ['member']
2024-10-10 15:07:45.446 62124 INFO tempest.lib.common.dynamic_creds [-] Acquired dynamic creds: credentials: Credentials: {'domain_id': 'default', 'domain_name': 'Default', 'username': 'tempest-AbsoluteLimitsNegativeTestJSON-821757600-project-member', 'project_domain_id': 'default', 'project_domain_name': 'Default', 'project_id': '44fffc25a32a464bbd178ca879088e0d', 'project_name': 'tempest-AbsoluteLimitsNegativeTestJSON-821757600', 'tenant_id': '44fffc25a32a464bbd178ca879088e0d', 'tenant_name': 'tempest-AbsoluteLimitsNegativeTestJSON-821757600', 'user_domain_id': 'default', 'user_domain_name': 'Default', 'user_id': '9f1bef35e0e24199a15627163ca2134d', 'system': None}, Network: None, Subnet: None, Router: None
2024-10-10 15:07:45.447 62124 INFO tempest.lib.common.dynamic_creds [-] Created isolated network resources for: credentials: Credentials: {'domain_id': 'default', 'domain_name': 'Default', 'username': 'tempest-AbsoluteLimitsNegativeTestJSON-821757600-project-member', 'project_domain_id': 'default', 'project_domain_name': 'Default', 'project_id': '44fffc25a32a464bbd178ca879088e0d', 'project_name': 'tempest-AbsoluteLimitsNegativeTestJSON-821757600', 'tenant_id': '44fffc25a32a464bbd178ca879088e0d', 'tenant_name': 'tempest-AbsoluteLimitsNegativeTestJSON-821757600', 'user_domain_id': 'default', 'user_domain_name': 'Default', 'user_id': '9f1bef35e0e24199a15627163ca2134d', 'system': None}, Network: None, Subnet: None, Router: None
2024-10-10 15:07:45.459 62126 INFO tempest.lib.common.rest_client [req-7e389350-197f-4c62-80b7-0bee81d9998e req-7e389350-197f-4c62-80b7-0bee81d9998e ] Request (VolumesAssistedSnapshotsTest:setUpClass): 201 POST http://10.180.1.21:9696/networking/v2.0/networks 0.750s
2024-10-10 15:07:45.468 62098 INFO tempest.lib.common.rest_client [req-1e9bf6a5-f016-4d74-87c3-751f455275fa req-1e9bf6a5-f016-4d74-87c3-751f455275fa ] Request (ServerRescueTestJSON:setUpClass): 204 PUT http://10.180.1.21/identity/v3/projects/995c088be7824af5b7a50da091180be2/users/72ba4b2c40394cf290e829e2ab8f8f35/roles/308063b346f546fa999cc78d9b801522 0.136s
2024-10-10 15:07:45.468 62098 INFO tempest.lib.common.dynamic_creds [-] Dynamic test user 72ba4b2c40394cf290e829e2ab8f8f35 is created with scope project and roles: ['member']
2024-10-10 15:07:45.469 62098 INFO tempest.lib.common.dynamic_creds [-] Acquired dynamic creds: credentials: Credentials: {'domain_id': 'default', 'domain_name': 'Default', 'username': 'tempest-ServerRescueTestJSON-1198655889-project-member', 'project_domain_id': 'default', 'project_domain_name': 'Default', 'project_id': '995c088be7824af5b7a50da091180be2', 'project_name': 'tempest-ServerRescueTestJSON-1198655889', 'tenant_id': '995c088be7824af5b7a50da091180be2', 'tenant_name': 'tempest-ServerRescueTestJSON-1198655889', 'user_domain_id': 'default', 'user_domain_name': 'Default', 'user_id': '72ba4b2c40394cf290e829e2ab8f8f35', 'system': None}, Network: None, Subnet: None, Router: None
2024-10-10 15:07:45.535 62153 INFO tempest.lib.common.rest_client [req-5cca2efd-1428-4824-b1fe-450f528c9d2d req-5cca2efd-1428-4824-b1fe-450f528c9d2d ] Request (ServersAdmin275Test:setUpClass): 201 POST http://10.180.1.21/identity/v3/auth/tokens 0.168s
2024-10-10 15:07:45.649 62124 INFO tempest.lib.common.rest_client [req-4281783f-a95e-44ab-be20-6fd1489410de req-4281783f-a95e-44ab-be20-6fd1489410de ] Request (AbsoluteLimitsNegativeTestJSON:setUpClass): 201 POST http://10.180.1.21/identity/v3/auth/tokens 0.198s
2024-10-10 15:07:45.677 62104 INFO tempest.lib.common.rest_client [req-66b7ca1a-09d0-4024-9f1f-0f23a3b803b0 req-66b7ca1a-09d0-4024-9f1f-0f23a3b803b0 ] Request (HypervisorAdminTestJSON:tearDownClass): 200 GET http://10.180.1.21:9696/networking/v2.0/security-groups?tenant_id=e9f5cc0af42a480ba8f6b509901761c8&name=default 0.538s
2024-10-10 15:07:45.726 62154 INFO tempest.lib.common.rest_client [req-136676d3-83b7-40ef-98e3-592eef1d1d9a req-136676d3-83b7-40ef-98e3-592eef1d1d9a ] Request (FloatingIPDetailsNegativeTestJSON:tearDownClass): 204 DELETE http://10.180.1.21/identity/v3/projects/0343d0706ce24e2facb64b05306e03e8 0.331s
2024-10-10 15:07:45.727 62150 INFO tempest.lib.common.rest_client [req-96418384-0546-4a49-94c7-21a1d6ad34f3 req-96418384-0546-4a49-94c7-21a1d6ad34f3 ] Request (TenantUsagesNegativeTestJSON:tearDownClass): 204 DELETE http://10.180.1.21:9696/networking/v2.0/security-groups/fc08d169-b2cd-45a4-96f9-c9a4bd04a38f 0.363s
2024-10-10 15:07:45.757 62098 INFO tempest.lib.common.rest_client [req-8f01c8e6-f88d-4c00-9211-3be659dacab6 req-8f01c8e6-f88d-4c00-9211-3be659dacab6 ] Request (ServerRescueTestJSON:setUpClass): 201 POST http://10.180.1.21/identity/v3/auth/tokens 0.288s
2024-10-10 15:07:45.770 62153 INFO tempest.lib.common.rest_client [req-ed0d439a-31d0-42c3-9473-507865f6ca94 req-ed0d439a-31d0-42c3-9473-507865f6ca94 ] Request (ServersAdmin275Test:setUpClass): 201 POST http://10.180.1.21/identity/v3/projects 0.235s
2024-10-10 15:07:45.818 62150 INFO tempest.lib.common.rest_client [req-2cece4bb-b297-4e27-bb99-2dcd64a83c8c req-2cece4bb-b297-4e27-bb99-2dcd64a83c8c ] Request (TenantUsagesNegativeTestJSON:tearDownClass): 204 DELETE http://10.180.1.21/identity/v3/projects/3c918fa9b2d24ee5b463873a6f685240 0.090s
2024-10-10 15:07:45.822 62154 INFO tempest.lib.common.rest_client [req-dd130514-b68c-44d6-b01c-980a85772f08 req-dd130514-b68c-44d6-b01c-980a85772f08 ] Request (ImagesDeleteNegativeTestJSON:setUpClass): 201 POST http://10.180.1.21/identity/v3/auth/tokens 0.095s
2024-10-10 15:07:45.883 62153 INFO tempest.lib.common.rest_client [req-d9f1d4fc-1763-414d-81ef-85cbaa8ac59e req-d9f1d4fc-1763-414d-81ef-85cbaa8ac59e ] Request (ServersAdmin275Test:setUpClass): 201 POST http://10.180.1.21/identity/v3/users 0.112s
2024-10-10 15:07:45.913 62154 INFO tempest.lib.common.rest_client [req-023bd8d9-e8ac-4764-b47d-bb49102a50ee req-023bd8d9-e8ac-4764-b47d-bb49102a50ee ] Request (ImagesDeleteNegativeTestJSON:setUpClass): 201 POST http://10.180.1.21/identity/v3/auth/tokens 0.086s
2024-10-10 15:07:45.916 62150 INFO tempest.lib.common.rest_client [req-271dd27e-9dbb-4faf-b349-a44e7411033b req-271dd27e-9dbb-4faf-b349-a44e7411033b ] Request (ListImageFiltersTestJSON:setUpClass): 201 POST http://10.180.1.21/identity/v3/auth/tokens 0.097s
2024-10-10 15:07:45.929 62153 INFO tempest.lib.common.rest_client [req-be3be968-c4db-431a-b719-bf68902ca509 req-be3be968-c4db-431a-b719-bf68902ca509 ] Request (ServersAdmin275Test:setUpClass): 200 GET http://10.180.1.21/identity/v3/roles 0.045s
2024-10-10 15:07:45.952 62150 INFO tempest.lib.common.rest_client [req-4f721a06-0df4-40cc-bcba-90386f7c5e45 req-4f721a06-0df4-40cc-bcba-90386f7c5e45 ] Request (ListImageFiltersTestJSON:setUpClass): 201 POST http://10.180.1.21/identity/v3/auth/tokens 0.033s
2024-10-10 15:07:45.955 62153 INFO tempest.lib.common.rest_client [req-9184af22-7c3b-4fcf-90e8-4d40e137a0df req-9184af22-7c3b-4fcf-90e8-4d40e137a0df ] Request (ServersAdmin275Test:setUpClass): 204 PUT http://10.180.1.21/identity/v3/projects/f795739305cc48958ace50a8213f6a5a/users/0f45cc800d804c388f8eed33a6d4b184/roles/ac5909a3ad28450fb292ab017a5b6c6b 0.025s
2024-10-10 15:07:45.997 62126 INFO tempest.lib.common.rest_client [req-684e3243-b35f-45be-b34a-b834b4eef0f3 req-684e3243-b35f-45be-b34a-b834b4eef0f3 ] Request (VolumesAssistedSnapshotsTest:setUpClass): 201 POST http://10.180.1.21:9696/networking/v2.0/subnets 0.537s
2024-10-10 15:07:46.006 62153 INFO tempest.lib.common.rest_client [req-63efa1bc-9b18-4431-85e2-73eb6a5a6185 req-63efa1bc-9b18-4431-85e2-73eb6a5a6185 ] Request (ServersAdmin275Test:setUpClass): 200 GET http://10.180.1.21/identity/v3/roles 0.049s
2024-10-10 15:07:46.013 62150 INFO tempest.lib.common.rest_client [req-ff47a602-95ff-4fa4-a875-317e7a671b1d req-ff47a602-95ff-4fa4-a875-317e7a671b1d ] Request (ListImageFiltersTestJSON:setUpClass): 200 GET http://10.180.1.21/identity/v3/domains?name=Default 0.061s
2024-10-10 15:07:46.021 62104 INFO tempest.lib.common.rest_client [req-b8352870-7791-411d-966b-ab5d2d4418c2 req-b8352870-7791-411d-966b-ab5d2d4418c2 ] Request (HypervisorAdminTestJSON:tearDownClass): 204 DELETE http://10.180.1.21:9696/networking/v2.0/security-groups/5203231a-7d1e-4652-849f-20be6e4440c8 0.343s
2024-10-10 15:07:46.022 62154 INFO tempest.lib.common.rest_client [req-e70689c7-dfbe-49df-b62c-c0f5a145894b req-e70689c7-dfbe-49df-b62c-c0f5a145894b ] Request (ImagesDeleteNegativeTestJSON:setUpClass): 200 GET http://10.180.1.21/identity/v3/domains?name=Default 0.108s
