2024-10-10 15:09:40.252 62140 INFO tempest.lib.common.rest_client [req-8dbb1261-7442-489c-9651-b29df4902dc6 req-8dbb1261-7442-489c-9651-b29df4902dc6 ] Request (ServersTestBootFromVolume:setUpClass): 200 GET http://10.180.1.21/compute/v2.1/servers/5ede440d-7b9c-428f-9925-5d1d50645eb4 0.079s
2024-10-10 15:09:40.272 62130 INFO tempest.lib.common.rest_client [req-98ecebf9-eabb-4634-983e-bfad63ee4f08 req-98ecebf9-eabb-4634-983e-bfad63ee4f08 ] Request (ServerRescueNegativeTestJSON:tearDownClass): 204 DELETE http://10.180.1.21:9696/networking/v2.0/networks/4ff1ec49-84a3-43b1-aa28-aebff51b4006 0.295s
2024-10-10 15:09:40.308 62100 INFO tempest.lib.common.rest_client [req-65403a2b-9007-48d0-87dc-74f2da142e7b req-65403a2b-9007-48d0-87dc-74f2da142e7b ] Request (InstanceActionsV221TestJSON:test_get_list_deleted_instance_actions): 200 GET http://10.180.1.21/compute/v2.1/servers/b31fbf32-24b7-4ef1-b0e0-0cbdcb0b1b28 0.057s
2024-10-10 15:09:40.310 62104 INFO tempest.lib.common.rest_client [req-cca78bc4-705b-4221-a038-c45374725445 req-cca78bc4-705b-4221-a038-c45374725445 ] Request (ServersTestMultiNic:test_verify_duplicate_network_nics): 200 GET http://10.180.1.21/compute/v2.1/servers/04ad263c-d29b-4876-b593-a6dc5a8cb280 0.096s
2024-10-10 15:09:40.370 62134 INFO tempest.lib.common.rest_client [req-57b5c1ac-7d53-49d7-8d67-fe89153e5437 req-57b5c1ac-7d53-49d7-8d67-fe89153e5437 ] Request (ServerExternalEventsTest:test_create_server_external_events): 200 GET http://10.180.1.21/compute/v2.1/servers/4475e36c-7546-431f-839d-9b67a6b0e67f 0.098s
2024-10-10 15:09:40.382 62130 INFO tempest.lib.common.rest_client [req-2d736d20-abd0-4214-ab3c-c8c19385c758 req-2d736d20-abd0-4214-ab3c-c8c19385c758 ] Request (ServerRescueNegativeTestJSON:tearDownClass): 204 DELETE http://10.180.1.21/identity/v3/users/f539f67fefd64630a5c17edde6d03e2b 0.110s
2024-10-10 15:09:40.382 62130 INFO tempest.lib.common.dynamic_creds [-] Deleting project and security group for project: 06611a65ae9b428bb409e5b449c2e2ad
2024-10-10 15:09:40.391 62116 INFO tempest.lib.common.rest_client [req-dec9a84c-d9c1-4acc-8877-d8355f639503 req-dec9a84c-d9c1-4acc-8877-d8355f639503 ] Request (AttachInterfacesTestJSON:test_create_list_show_delete_interfaces_by_network_port): 200 GET http://10.180.1.21/compute/v2.1/servers/220405df-8ef3-4687-a361-a05279dc322d 0.072s
2024-10-10 15:09:40.430 62098 INFO tempest.lib.common.rest_client [req-bb4ae9ed-5dbb-466a-a3d7-b78696d134ae req-bb4ae9ed-5dbb-466a-a3d7-b78696d134ae ] Request (AttachVolumeShelveTestJSON:test_attach_volume_shelved_or_offload_server): 200 GET http://10.180.1.21/compute/v2.1/servers/a71c17e5-14ed-4c5b-9b65-88d08a58963a 0.110s
2024-10-10 15:09:40.444 62110 INFO tempest.lib.common.rest_client [req-415ea855-cd8e-48ab-9d48-9df621040e33 req-415ea855-cd8e-48ab-9d48-9df621040e33 ] Request (FloatingIPsAssociationNegativeTestJSON:setUpClass): 200 GET http://10.180.1.21/compute/v2.1/servers/f892617e-f41d-4bec-b82b-ca4a000992cd 0.059s
2024-10-10 15:09:40.447 62130 INFO tempest.lib.common.rest_client [req-b7c7028f-c232-4301-9986-626e0f76ebfa req-b7c7028f-c232-4301-9986-626e0f76ebfa ] Request (ServerRescueNegativeTestJSON:tearDownClass): 200 GET http://10.180.1.21:9696/networking/v2.0/security-groups?tenant_id=06611a65ae9b428bb409e5b449c2e2ad&name=default 0.064s
2024-10-10 15:09:40.475 62154 INFO tempest.lib.common.rest_client [req-3c15cb6b-4de2-4593-a923-4f6240ee86c8 req-3c15cb6b-4de2-4593-a923-4f6240ee86c8 ] Request (ServerActionsTestOtherA:tearDownClass): 204 DELETE http://10.180.1.21:9696/networking/v2.0/floatingips/cc7dc742-9db0-4571-b534-36a96017e46f 0.294s
2024-10-10 15:09:40.515 62106 INFO tempest.lib.common.rest_client [req-70601925-67b6-4414-b058-ff3e52b83c9a req-70601925-67b6-4414-b058-ff3e52b83c9a ] Request (ImagesNegativeTestJSON:test_create_image_from_deleted_server): 200 GET http://10.180.1.21/compute/v2.1/servers/e7b29521-65a2-423a-b5d2-3314cc55b7b5 0.080s
2024-10-10 15:09:40.578 62144 INFO tempest.lib.common.rest_client [req-d8d785a2-3f33-4ca9-aa7d-d84aeb5b0158 req-d8d785a2-3f33-4ca9-aa7d-d84aeb5b0158 ] Request (MigrationsAdminTest:test_list_migrations_in_flavor_resize_situation): 200 GET http://10.180.1.21/compute/v2.1/servers/cfdd91ff-8462-4dca-a2e7-3bc6500355cd 0.124s
2024-10-10 15:09:40.618 62130 INFO tempest.lib.common.rest_client [req-dd12db36-1126-4865-b884-4423f1fbc951 req-dd12db36-1126-4865-b884-4423f1fbc951 ] Request (ServerRescueNegativeTestJSON:tearDownClass): 204 DELETE http://10.180.1.21:9696/networking/v2.0/security-groups/29993004-2785-4bf5-838a-e22ede262ae1 0.170s
2024-10-10 15:09:40.619 62148 INFO tempest.lib.common.rest_client [req-3d5049d8-a16b-4f99-9cd2-2efc959cf5be req-3d5049d8-a16b-4f99-9cd2-2efc959cf5be ] Request (MultipleCreateTestJSON:test_multiple_create_with_reservation_return): 200 GET http://10.180.1.21/compute/v2.1/servers/0c020ac4-5458-459b-b847-14029502ef0b 0.228s
2024-10-10 15:09:40.629 62148 INFO tempest.common.waiters [-] State transition "BUILD/networking" ==> "BUILD/spawning" after 84 second wait
2024-10-10 15:09:40.652 62114 INFO tempest.lib.common.rest_client [req-cfb19a7e-97ee-4800-afbb-a51abe613ace req-cfb19a7e-97ee-4800-afbb-a51abe613ace ] Request (ServerShowV257Test:test_rebuild_server): 200 GET http://10.180.1.21/compute/v2.1/servers/314d0be4-4e0a-418c-95f0-ab6cd79fd5a2 0.147s
2024-10-10 15:09:40.708 62153 INFO tempest.lib.common.rest_client [req-47513caa-2203-4b08-ad4a-af876a873ece req-47513caa-2203-4b08-ad4a-af876a873ece ] Request (ServersV294TestFqdnHostnames:setUpClass): 200 GET http://10.180.1.21/compute/v2.1/servers/4c060096-0866-4b4a-b05c-3941a368155c 0.178s
2024-10-10 15:09:40.715 62096 INFO tempest.lib.common.rest_client [req-838a878a-ff9c-4f40-b7a9-716130416b0e req-838a878a-ff9c-4f40-b7a9-716130416b0e ] Request (ServersAaction247Test:test_create_backup): 200 GET http://10.180.1.21/compute/v2.1/servers/82f330b1-7797-44f2-944a-9fa96ddea3eb 0.144s
2024-10-10 15:09:40.727 62130 INFO tempest.lib.common.rest_client [req-49b43ca3-7b5c-48e1-bad1-e34f2a6bb8ea req-49b43ca3-7b5c-48e1-bad1-e34f2a6bb8ea ] Request (ServerRescueNegativeTestJSON:tearDownClass): 204 DELETE http://10.180.1.21/identity/v3/projects/06611a65ae9b428bb409e5b449c2e2ad 0.109s
2024-10-10 15:09:40.780 62118 INFO tempest.lib.common.rest_client [req-3bb17d9d-9c30-4767-8aa4-e623c6b12edb req-3bb17d9d-9c30-4767-8aa4-e623c6b12edb ] Request (ServerDiskConfigTestJSON:test_rebuild_server_with_manual_disk_config): 200 GET http://10.180.1.21/compute/v2.1/servers/bed27415-889e-4fc3-adb7-b6b81a51c659 0.203s
2024-10-10 15:09:40.791 62112 INFO tempest.lib.common.rest_client [req-554b51f4-b117-4b9e-b874-f9ad5dc60bf9 req-554b51f4-b117-4b9e-b874-f9ad5dc60bf9 ] Request (ImagesOneServerTestJSON:setUpClass): 200 GET http://10.180.1.21/compute/v2.1/servers/e995d485-8f2f-49f2-8801-82ade3b47657 0.153s
2024-10-10 15:09:40.830 62142 INFO tempest.lib.common.rest_client [req-6f8fa10e-d10b-4772-80bb-00aa675d3f51 req-6f8fa10e-d10b-4772-80bb-00aa675d3f51 ] Request (ServerAddressesTestJSON:setUpClass): 200 GET http://10.180.1.21/compute/v2.1/servers/cb7d1180-f963-4939-bdb1-2b6a99ddd273 0.189s
2024-10-10 15:09:40.844 62128 INFO tempest.lib.common.rest_client [req-f7f31049-8bee-4343-8518-99a333b51bc5 req-f7f31049-8bee-4343-8518-99a333b51bc5 ] Request (ListServerFiltersTestJSON:setUpClass): 200 GET http://10.180.1.21/compute/v2.1/servers/1d2ad2a5-c80f-42d6-918e-3fdace683d93 0.144s
2024-10-10 15:09:40.889 62124 INFO tempest.lib.common.rest_client [req-0a57fa78-8aa4-42f1-be28-692539b2c62e req-0a57fa78-8aa4-42f1-be28-692539b2c62e ] Request (SecurityGroupsTestJSON:test_list_security_groups_by_server): 200 GET http://10.180.1.21/compute/v2.1/servers/c3fb280b-8ef2-4022-a347-625abfc9dcc9 0.118s
2024-10-10 15:09:40.904 62122 INFO tempest.lib.common.rest_client [req-dca1577f-fcdd-4436-a95f-7a876f591f64 req-dca1577f-fcdd-4436-a95f-7a876f591f64 ] Request (InstanceActionsTestJSON:setUpClass): 200 GET http://10.180.1.21/compute/v2.1/servers/47768c87-0a7c-4451-8b09-0b85a613c96d 0.077s
2024-10-10 15:09:40.939 62126 INFO tempest.lib.common.rest_client [req-81d68a9c-911a-4d7c-99a6-337aa3187999 req-81d68a9c-911a-4d7c-99a6-337aa3187999 ] Request (ImagesTestJSON:test_create_image_from_stopped_server): 200 GET http://10.180.1.21/compute/v2.1/servers/3de862e2-21b2-4776-baa4-957cc97b1a46 0.054s
2024-10-10 15:09:41.006 62146 INFO tempest.lib.common.rest_client [req-0b886d03-b4e9-40c0-a75b-8990f874c3e7 req-0b886d03-b4e9-40c0-a75b-8990f874c3e7 ] Request (ServerMetadataTestJSON:setUpClass): 200 GET http://10.180.1.21/compute/v2.1/servers/a44c147a-1862-491a-8161-4581a245dc27 0.053s
2024-10-10 15:09:41.042 62121 INFO tempest.lib.common.rest_client [req-e31b1edc-9878-40e2-bdcd-7a2184d8fc5f req-e31b1edc-9878-40e2-bdcd-7a2184d8fc5f ] Request (ServerActionsTestJSON:setUpClass): 200 GET http://10.180.1.21/compute/v2.1/servers/cc9c73ab-427b-4951-b0be-043746971707 0.049s
2024-10-10 15:09:41.099 62132 INFO tempest.lib.common.rest_client [req-951e3c08-3e93-4ef5-9858-b4dd412f7860 req-951e3c08-3e93-4ef5-9858-b4dd412f7860 ] Request (ServerGroupTestJSON:test_create_server_with_scheduler_hint_group): 200 GET http://10.180.1.21/compute/v2.1/servers/b647c33b-5666-4e47-a253-6fe5d1587c98 0.062s
2024-10-10 15:09:41.106 62132 INFO tempest.common.waiters [-] State transition "BUILD/scheduling" ==> "BUILD/None" after 79 second wait
2024-10-10 15:09:41.107 62094 INFO tempest.lib.common.rest_client [req-634ef11c-8d8f-49e0-8228-d6f5d44a9fe9 req-634ef11c-8d8f-49e0-8228-d6f5d44a9fe9 ] Request (InstanceActionsNegativeTestJSON:setUpClass): 200 GET http://10.180.1.21/compute/v2.1/servers/a3a78c0e-9db4-4699-877b-5db8f6921463 0.045s
2024-10-10 15:09:41.203 62108 INFO tempest.lib.common.rest_client [req-9178bc2e-2390-4c6b-b064-dbfd0655303b req-9178bc2e-2390-4c6b-b064-dbfd0655303b ] Request (VolumesAdminNegativeTest:test_update_attached_volume_with_nonexistent_volume_in_uri): 200 GET http://10.180.1.21/compute/v2.1/servers/de5e0231-f7b8-448c-9c73-9caf65fd4f76 0.057s
2024-10-10 15:09:41.232 62150 INFO tempest.lib.common.rest_client [req-4903459b-86bf-409c-bc52-8feaa5c9c973 req-4903459b-86bf-409c-bc52-8feaa5c9c973 ] Request (ListImageFiltersTestJSON:setUpClass): 200 GET http://10.180.1.21/compute/v2.1/servers/6e3c0489-b436-4482-9346-3e21fd6e9118 0.050s
2024-10-10 15:09:41.261 62092 INFO tempest.lib.common.rest_client [req-0921af7d-d3ac-477e-b848-ee0c0d19c75d req-0921af7d-d3ac-477e-b848-ee0c0d19c75d ] Request (FloatingIPsAssociationTestJSON:setUpClass): 200 GET http://10.180.1.21/compute/v2.1/servers/f3b10ff9-ddb1-4fc4-a62f-8968c422cddc 0.055s
2024-10-10 15:09:41.315 62102 INFO tempest.lib.common.rest_client [req-0ae0133e-728e-42ba-a16f-fc97cb42d87e req-0ae0133e-728e-42ba-a16f-fc97cb42d87e ] Request (ListServersNegativeTestJSON:setUpClass): 200 GET http://10.180.1.21/compute/v2.1/servers/fa4000f8-7a32-4042-80dc-ad5bee782b3b 0.058s
2024-10-10 15:09:41.370 62100 INFO tempest.lib.common.rest_client [req-39037821-30d4-4664-9e56-d64615daa291 req-39037821-30d4-4664-9e56-d64615daa291 ] Request (InstanceActionsV221TestJSON:test_get_list_deleted_instance_actions): 200 GET http://10.180.1.21/compute/v2.1/servers/b31fbf32-24b7-4ef1-b0e0-0cbdcb0b1b28 0.054s
2024-10-10 15:09:41.422 62104 INFO tempest.lib.common.rest_client [req-70296b0f-c124-4a30-9312-5e66715e0656 req-70296b0f-c124-4a30-9312-5e66715e0656 ] Request (ServersTestMultiNic:test_verify_duplicate_network_nics): 200 GET http://10.180.1.21/compute/v2.1/servers/04ad263c-d29b-4876-b593-a6dc5a8cb280 0.100s
2024-10-10 15:09:41.445 62140 INFO tempest.lib.common.rest_client [req-7a324dd5-161e-4724-8217-ccb62c36fca6 req-7a324dd5-161e-4724-8217-ccb62c36fca6 ] Request (ServersTestBootFromVolume:setUpClass): 200 GET http://10.180.1.21/compute/v2.1/servers/5ede440d-7b9c-428f-9925-5d1d50645eb4 0.179s
2024-10-10 15:09:41.467 62134 INFO tempest.lib.common.rest_client [req-53e24336-8b4b-4d7f-85bf-efaa28328130 req-53e24336-8b4b-4d7f-85bf-efaa28328130 ] Request (ServerExternalEventsTest:test_create_server_external_events): 200 GET http://10.180.1.21/compute/v2.1/servers/4475e36c-7546-431f-839d-9b67a6b0e67f 0.085s
2024-10-10 15:09:41.496 62116 INFO tempest.lib.common.rest_client [req-23eb7168-1634-4521-8b2e-00414d928d57 req-23eb7168-1634-4521-8b2e-00414d928d57 ] Request (AttachInterfacesTestJSON:test_create_list_show_delete_interfaces_by_network_port): 200 GET http://10.180.1.21/compute/v2.1/servers/220405df-8ef3-4687-a361-a05279dc322d 0.098s
2024-10-10 15:09:41.512 62098 INFO tempest.lib.common.rest_client [req-1033d6ab-2a62-42e7-a388-b8e8351b7d41 req-1033d6ab-2a62-42e7-a388-b8e8351b7d41 ] Request (AttachVolumeShelveTestJSON:test_attach_volume_shelved_or_offload_server): 200 GET http://10.180.1.21/compute/v2.1/servers/a71c17e5-14ed-4c5b-9b65-88d08a58963a 0.071s
2024-10-10 15:09:41.543 62110 INFO tempest.lib.common.rest_client [req-7a3786f1-3c98-4145-8a79-3ebf7433a6a5 req-7a3786f1-3c98-4145-8a79-3ebf7433a6a5 ] Request (FloatingIPsAssociationNegativeTestJSON:setUpClass): 200 GET http://10.180.1.21/compute/v2.1/servers/f892617e-f41d-4bec-b82b-ca4a000992cd 0.091s
2024-10-10 15:09:41.575 62106 INFO tempest.lib.common.rest_client [req-71e7069e-7555-4fee-8e68-ea99a4bbdd0c req-71e7069e-7555-4fee-8e68-ea99a4bbdd0c ] Request (ImagesNegativeTestJSON:test_create_image_from_deleted_server): 200 GET http://10.180.1.21/compute/v2.1/servers/e7b29521-65a2-423a-b5d2-3314cc55b7b5 0.046s
2024-10-10 15:09:41.644 62144 INFO tempest.lib.common.rest_client [req-7c5e4114-1753-49d6-94b4-7646161b9b52 req-7c5e4114-1753-49d6-94b4-7646161b9b52 ] Request (MigrationsAdminTest:test_list_migrations_in_flavor_resize_situation): 200 GET http://10.180.1.21/compute/v2.1/servers/cfdd91ff-8462-4dca-a2e7-3bc6500355cd 0.056s
2024-10-10 15:09:41.658 62154 INFO tempest.lib.common.rest_client [req-40233428-dfba-4642-8021-cdecea8b612f req-40233428-dfba-4642-8021-cdecea8b612f ] Request (ServerActionsTestOtherA:tearDownClass): 200 PUT http://10.180.1.21:9696/networking/v2.0/routers/1cdb7f47-c41c-4504-b1e3-688aa2419a87/remove_router_interface 1.183s
2024-10-10 15:09:41.684 62148 INFO tempest.lib.common.rest_client [req-7a778799-c4cb-4b1f-988b-e29836de88d5 req-7a778799-c4cb-4b1f-988b-e29836de88d5 ] Request (MultipleCreateTestJSON:test_multiple_create_with_reservation_return): 200 GET http://10.180.1.21/compute/v2.1/servers/0c020ac4-5458-459b-b847-14029502ef0b 0.053s
2024-10-10 15:09:41.726 62114 INFO tempest.lib.common.rest_client [req-49048697-3d63-4266-8846-18e6f0772b04 req-49048697-3d63-4266-8846-18e6f0772b04 ] Request (ServerShowV257Test:test_rebuild_server): 200 GET http://10.180.1.21/compute/v2.1/servers/314d0be4-4e0a-418c-95f0-ab6cd79fd5a2 0.065s
2024-10-10 15:09:41.772 62096 INFO tempest.lib.common.rest_client [req-ce873deb-4f11-4f38-9ea7-c8e67c443ccb req-ce873deb-4f11-4f38-9ea7-c8e67c443ccb ] Request (ServersAaction247Test:test_create_backup): 200 GET http://10.180.1.21/compute/v2.1/servers/82f330b1-7797-44f2-944a-9fa96ddea3eb 0.048s
2024-10-10 15:09:41.779 62153 INFO tempest.lib.common.rest_client [req-160c160b-ed71-4a90-a426-f001c80d7953 req-160c160b-ed71-4a90-a426-f001c80d7953 ] Request (ServersV294TestFqdnHostnames:setUpClass): 200 GET http://10.180.1.21/compute/v2.1/servers/4c060096-0866-4b4a-b05c-3941a368155c 0.060s
2024-10-10 15:09:41.838 62118 INFO tempest.lib.common.rest_client [req-0a3bbbc0-d8a2-42bc-84f3-e688eaad1fcf req-0a3bbbc0-d8a2-42bc-84f3-e688eaad1fcf ] Request (ServerDiskConfigTestJSON:test_rebuild_server_with_manual_disk_config): 200 GET http://10.180.1.21/compute/v2.1/servers/bed27415-889e-4fc3-adb7-b6b81a51c659 0.051s
2024-10-10 15:09:41.848 62112 INFO tempest.lib.common.rest_client [req-505b8f5f-d6e6-4a42-94eb-9595d7dd0b69 req-505b8f5f-d6e6-4a42-94eb-9595d7dd0b69 ] Request (ImagesOneServerTestJSON:setUpClass): 200 GET http://10.180.1.21/compute/v2.1/servers/e995d485-8f2f-49f2-8801-82ade3b47657 0.048s
2024-10-10 15:09:41.890 62142 INFO tempest.lib.common.rest_client [req-b9748fcf-88a0-42e1-b5e4-961fb02e3aef req-b9748fcf-88a0-42e1-b5e4-961fb02e3aef ] Request (ServerAddressesTestJSON:setUpClass): 200 GET http://10.180.1.21/compute/v2.1/servers/cb7d1180-f963-4939-bdb1-2b6a99ddd273 0.050s
2024-10-10 15:09:41.902 62128 INFO tempest.lib.common.rest_client [req-be1668b1-0562-4bc4-b76c-6c3a705e8cac req-be1668b1-0562-4bc4-b76c-6c3a705e8cac ] Request (ListServerFiltersTestJSON:setUpClass): 200 GET http://10.180.1.21/compute/v2.1/servers/1d2ad2a5-c80f-42d6-918e-3fdace683d93 0.049s
2024-10-10 15:09:41.955 62124 INFO tempest.lib.common.rest_client [req-f92e579b-ecac-4155-88a3-bb86c14183f1 req-f92e579b-ecac-4155-88a3-bb86c14183f1 ] Request (SecurityGroupsTestJSON:test_list_security_groups_by_server): 200 GET http://10.180.1.21/compute/v2.1/servers/c3fb280b-8ef2-4022-a347-625abfc9dcc9 0.055s
2024-10-10 15:09:41.959 62122 INFO tempest.lib.common.rest_client [req-71c9c95c-0379-44e2-85fe-47d817ff9aef req-71c9c95c-0379-44e2-85fe-47d817ff9aef ] Request (InstanceActionsTestJSON:setUpClass): 200 GET http://10.180.1.21/compute/v2.1/servers/47768c87-0a7c-4451-8b09-0b85a613c96d 0.048s
2024-10-10 15:09:42.005 62126 INFO tempest.lib.common.rest_client [req-91826f82-6139-4777-a4ae-144bbd6cde2a req-91826f82-6139-4777-a4ae-144bbd6cde2a ] Request (ImagesTestJSON:test_create_image_from_stopped_server): 200 GET http://10.180.1.21/compute/v2.1/servers/3de862e2-21b2-4776-baa4-957cc97b1a46 0.060s
2024-10-10 15:09:42.067 62146 INFO tempest.lib.common.rest_client [req-11f02dc7-ab1b-4463-9643-5525ce629f60 req-11f02dc7-ab1b-4463-9643-5525ce629f60 ] Request (ServerMetadataTestJSON:setUpClass): 200 GET http://10.180.1.21/compute/v2.1/servers/a44c147a-1862-491a-8161-4581a245dc27 0.054s
2024-10-10 15:09:42.107 62121 INFO tempest.lib.common.rest_client [req-39a10bf7-3aa1-41d3-84be-20041535b7d8 req-39a10bf7-3aa1-41d3-84be-20041535b7d8 ] Request (ServerActionsTestJSON:setUpClass): 200 GET http://10.180.1.21/compute/v2.1/servers/cc9c73ab-427b-4951-b0be-043746971707 0.056s
2024-10-10 15:09:42.107 62154 INFO tempest.lib.common.rest_client [req-0713cb2a-3399-4b91-8b54-4d0bc3ae7e06 req-0713cb2a-3399-4b91-8b54-4d0bc3ae7e06 ] Request (ServerActionsTestOtherA:tearDownClass): 204 DELETE http://10.180.1.21:9696/networking/v2.0/routers/1cdb7f47-c41c-4504-b1e3-688aa2419a87 0.448s
2024-10-10 15:09:42.165 62132 INFO tempest.lib.common.rest_client [req-a3ac4f35-1b9d-48bd-a35f-a70478031aab req-a3ac4f35-1b9d-48bd-a35f-a70478031aab ] Request (ServerGroupTestJSON:test_create_server_with_scheduler_hint_group): 200 GET http://10.180.1.21/compute/v2.1/servers/b647c33b-5666-4e47-a253-6fe5d1587c98 0.057s
2024-10-10 15:09:42.173 62094 INFO tempest.lib.common.rest_client [req-bbf337e7-7720-46bc-a347-5aa67aa9052e req-bbf337e7-7720-46bc-a347-5aa67aa9052e ] Request (InstanceActionsNegativeTestJSON:setUpClass): 200 GET http://10.180.1.21/compute/v2.1/servers/a3a78c0e-9db4-4699-877b-5db8f6921463 0.060s
2024-10-10 15:09:42.237 62154 INFO tempest.lib.common.rest_client [req-3fe817b3-4639-4fca-b010-5b1ce36dd2f0 req-3fe817b3-4639-4fca-b010-5b1ce36dd2f0 ] Request (ServerActionsTestOtherA:tearDownClass): 204 DELETE http://10.180.1.21:9696/networking/v2.0/subnets/231cfd1a-2814-46e2-a88a-5455e916de86 0.129s
2024-10-10 15:09:42.277 62108 INFO tempest.lib.common.rest_client [req-ddaf2620-c0e7-4004-bc33-c03ca18c1fc2 req-ddaf2620-c0e7-4004-bc33-c03ca18c1fc2 ] Request (VolumesAdminNegativeTest:test_update_attached_volume_with_nonexistent_volume_in_uri): 200 GET http://10.180.1.21/compute/v2.1/servers/de5e0231-f7b8-448c-9c73-9caf65fd4f76 0.063s
2024-10-10 15:09:42.305 62150 INFO tempest.lib.common.rest_client [req-5441efb9-0635-45b3-9fcb-f7007613d37f req-5441efb9-0635-45b3-9fcb-f7007613d37f ] Request (ListImageFiltersTestJSON:setUpClass): 200 GET http://10.180.1.21/compute/v2.1/servers/6e3c0489-b436-4482-9346-3e21fd6e9118 0.065s
2024-10-10 15:09:42.336 62092 INFO tempest.lib.common.rest_client [req-44d35aa9-65ee-4675-a074-dc04680717ce req-44d35aa9-65ee-4675-a074-dc04680717ce ] Request (FloatingIPsAssociationTestJSON:setUpClass): 200 GET http://10.180.1.21/compute/v2.1/servers/f3b10ff9-ddb1-4fc4-a62f-8968c422cddc 0.068s
2024-10-10 15:09:42.378 62102 INFO tempest.lib.common.rest_client [req-a7c1e3b0-5dd5-4403-a12c-091a926c791b req-a7c1e3b0-5dd5-4403-a12c-091a926c791b ] Request (ListServersNegativeTestJSON:setUpClass): 200 GET http://10.180.1.21/compute/v2.1/servers/fa4000f8-7a32-4042-80dc-ad5bee782b3b 0.057s
2024-10-10 15:09:42.443 62100 INFO tempest.lib.common.rest_client [req-e0f1f02b-cb18-4402-86bf-0ce08db2d3a8 req-e0f1f02b-cb18-4402-86bf-0ce08db2d3a8 ] Request (InstanceActionsV221TestJSON:test_get_list_deleted_instance_actions): 200 GET http://10.180.1.21/compute/v2.1/servers/b31fbf32-24b7-4ef1-b0e0-0cbdcb0b1b28 0.061s
2024-10-10 15:09:42.494 62104 INFO tempest.lib.common.rest_client [req-f50eeb4c-ce95-4a1d-be39-303470e1d4ad req-f50eeb4c-ce95-4a1d-be39-303470e1d4ad ] Request (ServersTestMultiNic:test_verify_duplicate_network_nics): 200 GET http://10.180.1.21/compute/v2.1/servers/04ad263c-d29b-4876-b593-a6dc5a8cb280 0.063s
2024-10-10 15:09:42.504 62140 INFO tempest.lib.common.rest_client [req-95557c7a-c32e-417e-8d1f-9b22b978ccee req-95557c7a-c32e-417e-8d1f-9b22b978ccee ] Request (ServersTestBootFromVolume:setUpClass): 200 GET http://10.180.1.21/compute/v2.1/servers/5ede440d-7b9c-428f-9925-5d1d50645eb4 0.052s
2024-10-10 15:09:42.528 62154 INFO tempest.lib.common.rest_client [req-60e6b960-1111-4670-b7a8-278869290736 req-60e6b960-1111-4670-b7a8-278869290736 ] Request (ServerActionsTestOtherA:tearDownClass): 204 DELETE http://10.180.1.21:9696/networking/v2.0/networks/7eb055c8-db75-4d79-8bce-b4e39f2bc3a2 0.291s
2024-10-10 15:09:42.549 62134 INFO tempest.lib.common.rest_client [req-a3689b1a-f8df-4936-a324-02ccee8e2565 req-a3689b1a-f8df-4936-a324-02ccee8e2565 ] Request (ServerExternalEventsTest:test_create_server_external_events): 200 GET http://10.180.1.21/compute/v2.1/servers/4475e36c-7546-431f-839d-9b67a6b0e67f 0.076s
2024-10-10 15:09:42.557 62116 INFO tempest.lib.common.rest_client [req-9745e11f-af8e-4c63-b411-54e53dfaf176 req-9745e11f-af8e-4c63-b411-54e53dfaf176 ] Request (AttachInterfacesTestJSON:test_create_list_show_delete_interfaces_by_network_port): 200 GET http://10.180.1.21/compute/v2.1/servers/220405df-8ef3-4687-a361-a05279dc322d 0.050s
2024-10-10 15:09:42.604 62098 INFO tempest.lib.common.rest_client [req-28bcb590-a02d-4a11-acd3-7ee783ac77e8 req-28bcb590-a02d-4a11-acd3-7ee783ac77e8 ] Request (AttachVolumeShelveTestJSON:test_attach_volume_shelved_or_offload_server): 200 GET http://10.180.1.21/compute/v2.1/servers/a71c17e5-14ed-4c5b-9b65-88d08a58963a 0.082s
2024-10-10 15:09:42.607 62110 INFO tempest.lib.common.rest_client [req-e5e17b92-c87b-4487-82ad-c986df8302cd req-e5e17b92-c87b-4487-82ad-c986df8302cd ] Request (FloatingIPsAssociationNegativeTestJSON:setUpClass): 200 GET http://10.180.1.21/compute/v2.1/servers/f892617e-f41d-4bec-b82b-ca4a000992cd 0.057s
2024-10-10 15:09:42.647 62154 INFO tempest.lib.common.rest_client [req-6e9f9556-e7f8-4267-a25c-e0a729607bcf req-6e9f9556-e7f8-4267-a25c-e0a729607bcf ] Request (ServerActionsTestOtherA:tearDownClass): 204 DELETE http://10.180.1.21/identity/v3/users/902c0b1b1aaa4e2fa859517427440b82 0.118s
2024-10-10 15:09:42.647 62154 INFO tempest.lib.common.dynamic_creds [-] Deleting project and security group for project: aa2c3e018ff54ef0906aa0770c5b61b6
2024-10-10 15:09:42.651 62106 INFO tempest.lib.common.rest_client [req-874de43e-97f9-4f29-859a-4cec17406f0c req-874de43e-97f9-4f29-859a-4cec17406f0c ] Request (ImagesNegativeTestJSON:test_create_image_from_deleted_server): 200 GET http://10.180.1.21/compute/v2.1/servers/e7b29521-65a2-423a-b5d2-3314cc55b7b5 0.069s
2024-10-10 15:09:42.703 62154 INFO tempest.lib.common.rest_client [req-25ee0ae0-c3e8-427f-867c-df9f975e54eb req-25ee0ae0-c3e8-427f-867c-df9f975e54eb ] Request (ServerActionsTestOtherA:tearDownClass): 200 GET http://10.180.1.21:9696/networking/v2.0/security-groups?tenant_id=aa2c3e018ff54ef0906aa0770c5b61b6&name=default 0.055s
2024-10-10 15:09:42.708 62144 INFO tempest.lib.common.rest_client [req-fd8935cd-7e70-4419-8344-ee915088d800 req-fd8935cd-7e70-4419-8344-ee915088d800 ] Request (MigrationsAdminTest:test_list_migrations_in_flavor_resize_situation): 200 GET http://10.180.1.21/compute/v2.1/servers/cfdd91ff-8462-4dca-a2e7-3bc6500355cd 0.057s
2024-10-10 15:09:42.762 62148 INFO tempest.lib.common.rest_client [req-22832fa7-9020-4d65-8c67-90d1db4b119c req-22832fa7-9020-4d65-8c67-90d1db4b119c ] Request (MultipleCreateTestJSON:test_multiple_create_with_reservation_return): 200 GET http://10.180.1.21/compute/v2.1/servers/0c020ac4-5458-459b-b847-14029502ef0b 0.063s
2024-10-10 15:09:42.794 62114 INFO tempest.lib.common.rest_client [req-7a59b8f1-a9f9-428f-b5d8-931a7eb69faf req-7a59b8f1-a9f9-428f-b5d8-931a7eb69faf ] Request (ServerShowV257Test:test_rebuild_server): 200 GET http://10.180.1.21/compute/v2.1/servers/314d0be4-4e0a-418c-95f0-ab6cd79fd5a2 0.057s
2024-10-10 15:09:42.840 62154 INFO tempest.lib.common.rest_client [req-b19ff851-e17e-4147-b22d-879306e96ae8 req-b19ff851-e17e-4147-b22d-879306e96ae8 ] Request (ServerActionsTestOtherA:tearDownClass): 204 DELETE http://10.180.1.21:9696/networking/v2.0/security-groups/02c49f8d-b05e-4e68-9d2b-92b36f3f3e87 0.136s
2024-10-10 15:09:42.841 62096 INFO tempest.lib.common.rest_client [req-83ad5db2-6a48-4c4d-8941-7ac9474e750b req-83ad5db2-6a48-4c4d-8941-7ac9474e750b ] Request (ServersAaction247Test:test_create_backup): 200 GET http://10.180.1.21/compute/v2.1/servers/82f330b1-7797-44f2-944a-9fa96ddea3eb 0.059s
2024-10-10 15:09:42.856 62153 INFO tempest.lib.common.rest_client [req-b21c2266-aa62-4dba-b852-76cc5cb472da req-b21c2266-aa62-4dba-b852-76cc5cb472da ] Request (ServersV294TestFqdnHostnames:setUpClass): 200 GET http://10.180.1.21/compute/v2.1/servers/4c060096-0866-4b4a-b05c-3941a368155c 0.068s
2024-10-10 15:09:42.892 62118 INFO tempest.lib.common.rest_client [req-80279be4-68f8-407a-9e16-d566f55f367d req-80279be4-68f8-407a-9e16-d566f55f367d ] Request (ServerDiskConfigTestJSON:test_rebuild_server_with_manual_disk_config): 200 GET http://10.180.1.21/compute/v2.1/servers/bed27415-889e-4fc3-adb7-b6b81a51c659 0.045s
2024-10-10 15:09:42.898 62112 INFO tempest.lib.common.rest_client [req-6d964107-8f38-4226-9ca4-511e51286d1c req-6d964107-8f38-4226-9ca4-511e51286d1c ] Request (ImagesOneServerTestJSON:setUpClass): 200 GET http://10.180.1.21/compute/v2.1/servers/e995d485-8f2f-49f2-8801-82ade3b47657 0.043s
2024-10-10 15:09:42.943 62154 INFO tempest.lib.common.rest_client [req-94da77b7-65d3-4ff2-8db7-4609f7de57de req-94da77b7-65d3-4ff2-8db7-4609f7de57de ] Request (ServerActionsTestOtherA:tearDownClass): 204 DELETE http://10.180.1.21/identity/v3/projects/aa2c3e018ff54ef0906aa0770c5b61b6 0.102s
2024-10-10 15:09:42.946 62142 INFO tempest.lib.common.rest_client [req-2b8563a9-7551-4c84-9575-cb8f477407a3 req-2b8563a9-7551-4c84-9575-cb8f477407a3 ] Request (ServerAddressesTestJSON:setUpClass): 200 GET http://10.180.1.21/compute/v2.1/servers/cb7d1180-f963-4939-bdb1-2b6a99ddd273 0.046s
2024-10-10 15:09:42.955 62128 INFO tempest.lib.common.rest_client [req-ab54e731-33bb-42db-a83a-450f8440b35a req-ab54e731-33bb-42db-a83a-450f8440b35a ] Request (ListServerFiltersTestJSON:setUpClass): 200 GET http://10.180.1.21/compute/v2.1/servers/1d2ad2a5-c80f-42d6-918e-3fdace683d93 0.046s
2024-10-10 15:09:42.999 62154 INFO tempest.lib.common.rest_client [req-0c3742cd-0c53-4546-beca-554f448b3523 req-0c3742cd-0c53-4546-beca-554f448b3523 ] Request (AttachVolumeNegativeTest:setUpClass): 201 POST http://10.180.1.21/identity/v3/auth/tokens 0.051s
2024-10-10 15:09:43.007 62124 INFO tempest.lib.common.rest_client [req-bfab0241-69bc-47bc-b451-3f8dfd36e738 req-bfab0241-69bc-47bc-b451-3f8dfd36e738 ] Request (SecurityGroupsTestJSON:test_list_security_groups_by_server): 200 GET http://10.180.1.21/compute/v2.1/servers/c3fb280b-8ef2-4022-a347-625abfc9dcc9 0.045s
2024-10-10 15:09:43.011 62122 INFO tempest.lib.common.rest_client [req-f360b485-075e-4c51-a55d-05805c8512f7 req-f360b485-075e-4c51-a55d-05805c8512f7 ] Request (InstanceActionsTestJSON:setUpClass): 200 GET http://10.180.1.21/compute/v2.1/servers/47768c87-0a7c-4451-8b09-0b85a613c96d 0.044s
2024-10-10 15:09:43.027 62154 INFO tempest.lib.common.rest_client [req-9fca5613-288a-47b1-952b-6985e235410e req-9fca5613-288a-47b1-952b-6985e235410e ] Request (AttachVolumeNegativeTest:setUpClass): 201 POST http://10.180.1.21/identity/v3/auth/tokens 0.025s
2024-10-10 15:09:43.045 62154 INFO tempest.lib.common.rest_client [req-51c06a76-57b7-4d5f-9141-9998cb37f4bb req-51c06a76-57b7-4d5f-9141-9998cb37f4bb ] Request (AttachVolumeNegativeTest:setUpClass): 200 GET http://10.180.1.21/identity/v3/domains?name=Default 0.018s
2024-10-10 15:09:43.057 62126 INFO tempest.lib.common.rest_client [req-ce094cf6-842d-414f-9c1c-874e569ef2ef req-ce094cf6-842d-414f-9c1c-874e569ef2ef ] Request (ImagesTestJSON:test_create_image_from_stopped_server): 200 GET http://10.180.1.21/compute/v2.1/servers/3de862e2-21b2-4776-baa4-957cc97b1a46 0.043s
2024-10-10 15:09:43.069 62154 INFO tempest.lib.common.rest_client [req-c43937d8-e0e2-456b-8e47-c32a9ab6e1e7 req-c43937d8-e0e2-456b-8e47-c32a9ab6e1e7 ] Request (AttachVolumeNegativeTest:setUpClass): 201 POST http://10.180.1.21/identity/v3/projects 0.023s
2024-10-10 15:09:43.119 62154 INFO tempest.lib.common.rest_client [req-9188b254-33c3-45f4-b385-3b5ecf8c2dbf req-9188b254-33c3-45f4-b385-3b5ecf8c2dbf ] Request (AttachVolumeNegativeTest:setUpClass): 201 POST http://10.180.1.21/identity/v3/users 0.050s
2024-10-10 15:09:43.121 62146 INFO tempest.lib.common.rest_client [req-6dff944e-4c66-47a4-8715-fe2ffd696f79 req-6dff944e-4c66-47a4-8715-fe2ffd696f79 ] Request (ServerMetadataTestJSON:setUpClass): 200 GET http://10.180.1.21/compute/v2.1/servers/a44c147a-1862-491a-8161-4581a245dc27 0.047s
2024-10-10 15:09:43.137 62154 INFO tempest.lib.common.rest_client [req-3b05a157-ecb3-44c7-87ed-e37a7efc75e6 req-3b05a157-ecb3-44c7-87ed-e37a7efc75e6 ] Request (AttachVolumeNegativeTest:setUpClass): 200 GET http://10.180.1.21/identity/v3/roles 0.017s
2024-10-10 15:09:43.159 62121 INFO tempest.lib.common.rest_client [req-47654487-a384-4e0e-bff2-e0b7efb4e4b0 req-47654487-a384-4e0e-bff2-e0b7efb4e4b0 ] Request (ServerActionsTestJSON:setUpClass): 200 GET http://10.180.1.21/compute/v2.1/servers/cc9c73ab-427b-4951-b0be-043746971707 0.046s
2024-10-10 15:09:43.162 62154 INFO tempest.lib.common.rest_client [req-cd49668f-592c-44cd-a553-5873828a76d0 req-cd49668f-592c-44cd-a553-5873828a76d0 ] Request (AttachVolumeNegativeTest:setUpClass): 204 PUT http://10.180.1.21/identity/v3/projects/4969b4935fc04f1f91ee7c68868d56ba/users/9a5cd4d1a3c248eba3b045cc7b1274f6/roles/308063b346f546fa999cc78d9b801522 0.025s
2024-10-10 15:09:43.162 62154 INFO tempest.lib.common.dynamic_creds [-] Dynamic test user 9a5cd4d1a3c248eba3b045cc7b1274f6 is created with scope project and roles: ['member']
2024-10-10 15:09:43.163 62154 INFO tempest.lib.common.dynamic_creds [-] Acquired dynamic creds: credentials: Credentials: {'domain_id': 'default', 'domain_name': 'Default', 'username': 'tempest-AttachVolumeNegativeTest-1001611514-project-member', 'project_domain_id': 'default', 'project_domain_name': 'Default', 'project_id': '4969b4935fc04f1f91ee7c68868d56ba', 'project_name': 'tempest-AttachVolumeNegativeTest-1001611514', 'tenant_id': '4969b4935fc04f1f91ee7c68868d56ba', 'tenant_name': 'tempest-AttachVolumeNegativeTest-1001611514', 'user_domain_id': 'default', 'user_domain_name': 'Default', 'user_id': '9a5cd4d1a3c248eba3b045cc7b1274f6', 'system': None}, Network: None, Subnet: None, Router: None
2024-10-10 15:09:43.213 62154 INFO tempest.lib.common.rest_client [req-98c5fe2e-6c69-4274-b03e-42f27eb18cff req-98c5fe2e-6c69-4274-b03e-42f27eb18cff ] Request (AttachVolumeNegativeTest:setUpClass): 201 POST http://10.180.1.21/identity/v3/auth/tokens 0.050s
2024-10-10 15:09:43.221 62132 INFO tempest.lib.common.rest_client [req-0f7a3a4f-629b-45b6-b1c6-a3cd3a01fc4c req-0f7a3a4f-629b-45b6-b1c6-a3cd3a01fc4c ] Request (ServerGroupTestJSON:test_create_server_with_scheduler_hint_group): 200 GET http://10.180.1.21/compute/v2.1/servers/b647c33b-5666-4e47-a253-6fe5d1587c98 0.049s
2024-10-10 15:09:43.230 62094 INFO tempest.lib.common.rest_client [req-fe8f881b-9dcc-4748-aabc-d1d218cbb442 req-fe8f881b-9dcc-4748-aabc-d1d218cbb442 ] Request (InstanceActionsNegativeTestJSON:setUpClass): 200 GET http://10.180.1.21/compute/v2.1/servers/a3a78c0e-9db4-4699-877b-5db8f6921463 0.050s
2024-10-10 15:09:43.336 62108 INFO tempest.lib.common.rest_client [req-230b44eb-25da-4f19-9482-bfe6730ef20b req-230b44eb-25da-4f19-9482-bfe6730ef20b ] Request (VolumesAdminNegativeTest:test_update_attached_volume_with_nonexistent_volume_in_uri): 200 GET http://10.180.1.21/compute/v2.1/servers/de5e0231-f7b8-448c-9c73-9caf65fd4f76 0.051s
2024-10-10 15:09:43.361 62150 INFO tempest.lib.common.rest_client [req-19508472-9beb-4394-bcbf-f623e9c6e8b6 req-19508472-9beb-4394-bcbf-f623e9c6e8b6 ] Request (ListImageFiltersTestJSON:setUpClass): 200 GET http://10.180.1.21/compute/v2.1/servers/6e3c0489-b436-4482-9346-3e21fd6e9118 0.046s
2024-10-10 15:09:43.368 62150 INFO tempest.common.waiters [-] State transition "BUILD/spawning" ==> "BUILD/scheduling" after 93 second wait
2024-10-10 15:09:43.394 62092 INFO tempest.lib.common.rest_client [req-2e4fecd2-7eb4-45e0-ae38-a41d8a790551 req-2e4fecd2-7eb4-45e0-ae38-a41d8a790551 ] Request (FloatingIPsAssociationTestJSON:setUpClass): 200 GET http://10.180.1.21/compute/v2.1/servers/f3b10ff9-ddb1-4fc4-a62f-8968c422cddc 0.048s
2024-10-10 15:09:43.437 62102 INFO tempest.lib.common.rest_client [req-3a335310-ed5b-462a-ac67-4c9ec60c7421 req-3a335310-ed5b-462a-ac67-4c9ec60c7421 ] Request (ListServersNegativeTestJSON:setUpClass): 200 GET http://10.180.1.21/compute/v2.1/servers/fa4000f8-7a32-4042-80dc-ad5bee782b3b 0.050s
2024-10-10 15:09:43.461 62154 INFO tempest.lib.common.rest_client [req-7c88b092-91ee-4755-a634-87424352d33c req-7c88b092-91ee-4755-a634-87424352d33c ] Request (AttachVolumeNegativeTest:setUpClass): 201 POST http://10.180.1.21:9696/networking/v2.0/networks 0.247s
2024-10-10 15:09:43.506 62100 INFO tempest.lib.common.rest_client [req-924a2417-9783-4f9e-b95f-b6cea2b4c3e3 req-924a2417-9783-4f9e-b95f-b6cea2b4c3e3 ] Request (InstanceActionsV221TestJSON:test_get_list_deleted_instance_actions): 200 GET http://10.180.1.21/compute/v2.1/servers/b31fbf32-24b7-4ef1-b0e0-0cbdcb0b1b28 0.051s
2024-10-10 15:09:43.565 62140 INFO tempest.lib.common.rest_client [req-3965cda1-ba06-45af-8691-2e5f481288d4 req-3965cda1-ba06-45af-8691-2e5f481288d4 ] Request (ServersTestBootFromVolume:setUpClass): 200 GET http://10.180.1.21/compute/v2.1/servers/5ede440d-7b9c-428f-9925-5d1d50645eb4 0.053s
2024-10-10 15:09:43.611 62134 INFO tempest.lib.common.rest_client [req-545f6655-e13d-4c6a-a823-82f3dc55bad5 req-545f6655-e13d-4c6a-a823-82f3dc55bad5 ] Request (ServerExternalEventsTest:test_create_server_external_events): 200 GET http://10.180.1.21/compute/v2.1/servers/4475e36c-7546-431f-839d-9b67a6b0e67f 0.054s
2024-10-10 15:09:43.631 62154 INFO tempest.lib.common.rest_client [req-d23578c8-f778-4709-95e5-01cbf01fc7d6 req-d23578c8-f778-4709-95e5-01cbf01fc7d6 ] Request (AttachVolumeNegativeTest:setUpClass): 201 POST http://10.180.1.21:9696/networking/v2.0/subnets 0.169s
2024-10-10 15:09:43.657 62116 INFO tempest.lib.common.rest_client [req-8071c020-a258-4da2-9d18-36778ede0f6f req-8071c020-a258-4da2-9d18-36778ede0f6f ] Request (AttachInterfacesTestJSON:test_create_list_show_delete_interfaces_by_network_port): 200 GET http://10.180.1.21/compute/v2.1/servers/220405df-8ef3-4687-a361-a05279dc322d 0.092s
2024-10-10 15:09:43.729 62098 INFO tempest.lib.common.rest_client [req-363ac8b4-ca89-4931-b8fd-00e5bfa9a74a req-363ac8b4-ca89-4931-b8fd-00e5bfa9a74a ] Request (AttachVolumeShelveTestJSON:test_attach_volume_shelved_or_offload_server): 200 GET http://10.180.1.21/compute/v2.1/servers/a71c17e5-14ed-4c5b-9b65-88d08a58963a 0.118s
2024-10-10 15:09:43.761 62104 INFO tempest.lib.common.rest_client [req-36f127ca-f967-4ad4-a1bb-e952fc7ac9d4 req-36f127ca-f967-4ad4-a1bb-e952fc7ac9d4 ] Request (ServersTestMultiNic:test_verify_duplicate_network_nics): 200 GET http://10.180.1.21/compute/v2.1/servers/04ad263c-d29b-4876-b593-a6dc5a8cb280 0.258s
2024-10-10 15:09:43.788 62110 INFO tempest.lib.common.rest_client [req-34af94e2-21f5-45d2-802c-7d8d274330d6 req-34af94e2-21f5-45d2-802c-7d8d274330d6 ] Request (FloatingIPsAssociationNegativeTestJSON:setUpClass): 200 GET http://10.180.1.21/compute/v2.1/servers/f892617e-f41d-4bec-b82b-ca4a000992cd 0.172s
2024-10-10 15:09:43.824 62106 INFO tempest.lib.common.rest_client [req-605df991-6397-4d6d-86e7-fbbc44ed6138 req-605df991-6397-4d6d-86e7-fbbc44ed6138 ] Request (ImagesNegativeTestJSON:test_create_image_from_deleted_server): 200 GET http://10.180.1.21/compute/v2.1/servers/e7b29521-65a2-423a-b5d2-3314cc55b7b5 0.163s
2024-10-10 15:09:43.860 62144 INFO tempest.lib.common.rest_client [req-acc1832e-1339-4f46-af9d-f2a656e62475 req-acc1832e-1339-4f46-af9d-f2a656e62475 ] Request (MigrationsAdminTest:test_list_migrations_in_flavor_resize_situation): 200 GET http://10.180.1.21/compute/v2.1/servers/cfdd91ff-8462-4dca-a2e7-3bc6500355cd 0.143s
2024-10-10 15:09:43.915 62114 INFO tempest.lib.common.rest_client [req-82f59eab-7409-4341-b473-2da995c30616 req-82f59eab-7409-4341-b473-2da995c30616 ] Request (ServerShowV257Test:test_rebuild_server): 200 GET http://10.180.1.21/compute/v2.1/servers/314d0be4-4e0a-418c-95f0-ab6cd79fd5a2 0.111s
2024-10-10 15:09:43.967 62096 INFO tempest.lib.common.rest_client [req-94cf49b6-8b7d-4241-9350-dabf562ce3f3 req-94cf49b6-8b7d-4241-9350-dabf562ce3f3 ] Request (ServersAaction247Test:test_create_backup): 200 GET http://10.180.1.21/compute/v2.1/servers/82f330b1-7797-44f2-944a-9fa96ddea3eb 0.119s
2024-10-10 15:09:44.011 62148 INFO tempest.lib.common.rest_client [req-293252a7-c2df-4e40-902a-2dce618f324a req-293252a7-c2df-4e40-902a-2dce618f324a ] Request (MultipleCreateTestJSON:test_multiple_create_with_reservation_return): 200 GET http://10.180.1.21/compute/v2.1/servers/0c020ac4-5458-459b-b847-14029502ef0b 0.242s
2024-10-10 15:09:44.018 62153 INFO tempest.lib.common.rest_client [req-0435bd4c-4e30-4933-b45e-38328c2ccc15 req-0435bd4c-4e30-4933-b45e-38328c2ccc15 ] Request (ServersV294TestFqdnHostnames:setUpClass): 200 GET http://10.180.1.21/compute/v2.1/servers/4c060096-0866-4b4a-b05c-3941a368155c 0.154s
2024-10-10 15:09:44.057 62118 INFO tempest.lib.common.rest_client [req-708c0980-8410-4160-9532-b347f828ae2e req-708c0980-8410-4160-9532-b347f828ae2e ] Request (ServerDiskConfigTestJSON:test_rebuild_server_with_manual_disk_config): 200 GET http://10.180.1.21/compute/v2.1/servers/bed27415-889e-4fc3-adb7-b6b81a51c659 0.158s
2024-10-10 15:09:44.075 62112 INFO tempest.lib.common.rest_client [req-df8f1a3d-6767-48b8-acb7-e9adf1626219 req-df8f1a3d-6767-48b8-acb7-e9adf1626219 ] Request (ImagesOneServerTestJSON:setUpClass): 200 GET http://10.180.1.21/compute/v2.1/servers/e995d485-8f2f-49f2-8801-82ade3b47657 0.170s
2024-10-10 15:09:44.110 62142 INFO tempest.lib.common.rest_client [req-d06a7263-10d2-4819-8722-2a15b006ce65 req-d06a7263-10d2-4819-8722-2a15b006ce65 ] Request (ServerAddressesTestJSON:setUpClass): 200 GET http://10.180.1.21/compute/v2.1/servers/cb7d1180-f963-4939-bdb1-2b6a99ddd273 0.157s
2024-10-10 15:09:44.124 62128 INFO tempest.lib.common.rest_client [req-2f0ab3e8-dd7b-4e45-871d-142c89fdacfe req-2f0ab3e8-dd7b-4e45-871d-142c89fdacfe ] Request (ListServerFiltersTestJSON:setUpClass): 200 GET http://10.180.1.21/compute/v2.1/servers/1d2ad2a5-c80f-42d6-918e-3fdace683d93 0.160s
2024-10-10 15:09:44.165 62124 INFO tempest.lib.common.rest_client [req-65722bec-820b-4b0b-8c15-a31ca6f0a13c req-65722bec-820b-4b0b-8c15-a31ca6f0a13c ] Request (SecurityGroupsTestJSON:test_list_security_groups_by_server): 200 GET http://10.180.1.21/compute/v2.1/servers/c3fb280b-8ef2-4022-a347-625abfc9dcc9 0.151s
2024-10-10 15:09:44.175 62122 INFO tempest.lib.common.rest_client [req-38b32f41-adf3-4bbb-b817-8f9b28035158 req-38b32f41-adf3-4bbb-b817-8f9b28035158 ] Request (InstanceActionsTestJSON:setUpClass): 200 GET http://10.180.1.21/compute/v2.1/servers/47768c87-0a7c-4451-8b09-0b85a613c96d 0.157s
2024-10-10 15:09:44.215 62126 INFO tempest.lib.common.rest_client [req-0f3e723a-fb9f-4b14-86c8-48c958bcda16 req-0f3e723a-fb9f-4b14-86c8-48c958bcda16 ] Request (ImagesTestJSON:test_create_image_from_stopped_server): 200 GET http://10.180.1.21/compute/v2.1/servers/3de862e2-21b2-4776-baa4-957cc97b1a46 0.149s
2024-10-10 15:09:44.222 62146 INFO tempest.lib.common.rest_client [req-a882d4f8-0895-4488-8684-f7ab86ce25d8 req-a882d4f8-0895-4488-8684-f7ab86ce25d8 ] Request (ServerMetadataTestJSON:setUpClass): 200 GET http://10.180.1.21/compute/v2.1/servers/a44c147a-1862-491a-8161-4581a245dc27 0.094s
2024-10-10 15:09:44.274 62121 INFO tempest.lib.common.rest_client [req-192b2ee8-ec00-4451-8c7d-3103fe13bf8f req-192b2ee8-ec00-4451-8c7d-3103fe13bf8f ] Request (ServerActionsTestJSON:setUpClass): 200 GET http://10.180.1.21/compute/v2.1/servers/cc9c73ab-427b-4951-b0be-043746971707 0.107s
2024-10-10 15:09:44.285 62132 INFO tempest.lib.common.rest_client [req-dc6a3553-b22e-4875-9ee7-b9f123b30221 req-dc6a3553-b22e-4875-9ee7-b9f123b30221 ] Request (ServerGroupTestJSON:test_create_server_with_scheduler_hint_group): 200 GET http://10.180.1.21/compute/v2.1/servers/b647c33b-5666-4e47-a253-6fe5d1587c98 0.054s
2024-10-10 15:09:44.336 62094 INFO tempest.lib.common.rest_client [req-e12f5147-6108-43a7-a74d-c0a179b95272 req-e12f5147-6108-43a7-a74d-c0a179b95272 ] Request (InstanceActionsNegativeTestJSON:setUpClass): 200 GET http://10.180.1.21/compute/v2.1/servers/a3a78c0e-9db4-4699-877b-5db8f6921463 0.096s
2024-10-10 15:09:44.391 62108 INFO tempest.lib.common.rest_client [req-afef4530-acf0-4285-8bb9-fadd188983d9 req-afef4530-acf0-4285-8bb9-fadd188983d9 ] Request (VolumesAdminNegativeTest:test_update_attached_volume_with_nonexistent_volume_in_uri): 200 GET http://10.180.1.21/compute/v2.1/servers/de5e0231-f7b8-448c-9c73-9caf65fd4f76 0.049s
2024-10-10 15:09:44.429 62150 INFO tempest.lib.common.rest_client [req-196e1a5a-b1fa-4bd8-aadd-88e6daedc310 req-196e1a5a-b1fa-4bd8-aadd-88e6daedc310 ] Request (ListImageFiltersTestJSON:setUpClass): 200 GET http://10.180.1.21/compute/v2.1/servers/6e3c0489-b436-4482-9346-3e21fd6e9118 0.060s
2024-10-10 15:09:44.434 62150 INFO tempest.common.waiters [-] State transition "BUILD/scheduling" ==> "ERROR/None" after 94 second wait
2024-10-10 15:09:44.450 62092 INFO tempest.lib.common.rest_client [req-25c21f1e-6820-4dfd-84aa-cf9c7eeef4e4 req-25c21f1e-6820-4dfd-84aa-cf9c7eeef4e4 ] Request (FloatingIPsAssociationTestJSON:setUpClass): 200 GET http://10.180.1.21/compute/v2.1/servers/f3b10ff9-ddb1-4fc4-a62f-8968c422cddc 0.048s
2024-10-10 15:09:44.500 62102 INFO tempest.lib.common.rest_client [req-1300d7a7-ce57-423d-825d-8fde680399cc req-1300d7a7-ce57-423d-825d-8fde680399cc ] Request (ListServersNegativeTestJSON:setUpClass): 200 GET http://10.180.1.21/compute/v2.1/servers/fa4000f8-7a32-4042-80dc-ad5bee782b3b 0.055s
2024-10-10 15:09:44.553 62154 INFO tempest.lib.common.rest_client [req-e446b250-7517-4c8d-89c1-bd5015615887 req-e446b250-7517-4c8d-89c1-bd5015615887 ] Request (AttachVolumeNegativeTest:setUpClass): 201 POST http://10.180.1.21:9696/networking/v2.0/routers 0.922s
2024-10-10 15:09:44.570 62100 INFO tempest.lib.common.rest_client [req-63cdd550-cb30-4f4d-a5ec-9d1f835a8223 req-63cdd550-cb30-4f4d-a5ec-9d1f835a8223 ] Request (InstanceActionsV221TestJSON:test_get_list_deleted_instance_actions): 200 GET http://10.180.1.21/compute/v2.1/servers/b31fbf32-24b7-4ef1-b0e0-0cbdcb0b1b28 0.056s
2024-10-10 15:09:44.604 62150 INFO tempest.lib.common.rest_client [req-5a93af3d-213d-4813-9bb3-387da9248b5d req-5a93af3d-213d-4813-9bb3-387da9248b5d ] Request (ListImageFiltersTestJSON:setUpClass): 204 DELETE http://10.180.1.21/compute/v2.1/servers/6e3c0489-b436-4482-9346-3e21fd6e9118 0.169s
2024-10-10 15:09:44.617 62140 INFO tempest.lib.common.rest_client [req-081011a2-4c31-43c7-8f61-489f4697b154 req-081011a2-4c31-43c7-8f61-489f4697b154 ] Request (ServersTestBootFromVolume:setUpClass): 200 GET http://10.180.1.21/compute/v2.1/servers/5ede440d-7b9c-428f-9925-5d1d50645eb4 0.046s
2024-10-10 15:09:44.625 62150 INFO tempest.lib.common.rest_client [req-31bde37a-07b7-4e59-8b90-93c894407812 req-31bde37a-07b7-4e59-8b90-93c894407812 ] Request (ListImageFiltersTestJSON:setUpClass): 404 GET http://10.180.1.21/compute/v2.1/servers/6e3c0489-b436-4482-9346-3e21fd6e9118 0.021s
2024-10-10 15:09:44.626 62150 INFO tempest.test [-] raised in ListImageFiltersTestJSON.setUpClass. Invoking tearDownClass.
2024-10-10 15:09:44.671 62134 INFO tempest.lib.common.rest_client [req-055c3c51-19d5-47c4-9a2f-9a9123cb18da req-055c3c51-19d5-47c4-9a2f-9a9123cb18da ] Request (ServerExternalEventsTest:test_create_server_external_events): 200 GET http://10.180.1.21/compute/v2.1/servers/4475e36c-7546-431f-839d-9b67a6b0e67f 0.052s
2024-10-10 15:09:44.729 62116 INFO tempest.lib.common.rest_client [req-d4501f94-c371-4dc4-ab14-22544c41c7a8 req-d4501f94-c371-4dc4-ab14-22544c41c7a8 ] Request (AttachInterfacesTestJSON:test_create_list_show_delete_interfaces_by_network_port): 200 GET http://10.180.1.21/compute/v2.1/servers/220405df-8ef3-4687-a361-a05279dc322d 0.065s
2024-10-10 15:09:44.797 62098 INFO tempest.lib.common.rest_client [req-16281784-35b0-4b7b-9156-289c71212613 req-16281784-35b0-4b7b-9156-289c71212613 ] Request (AttachVolumeShelveTestJSON:test_attach_volume_shelved_or_offload_server): 200 GET http://10.180.1.21/compute/v2.1/servers/a71c17e5-14ed-4c5b-9b65-88d08a58963a 0.058s
2024-10-10 15:09:44.832 62150 INFO tempest.lib.common.rest_client [req-824011d2-375f-40e0-8f0c-551207830d95 req-824011d2-375f-40e0-8f0c-551207830d95 ] Request (ListImageFiltersTestJSON:tearDownClass): 204 DELETE http://10.180.1.21/compute/v2.1/servers/0341f55d-b954-4aa6-8bbd-a17733e4667f 0.206s
2024-10-10 15:09:44.853 62104 INFO tempest.lib.common.rest_client [req-dd4814aa-15e4-4c2f-a541-42ce9ebc9202 req-dd4814aa-15e4-4c2f-a541-42ce9ebc9202 ] Request (ServersTestMultiNic:test_verify_duplicate_network_nics): 200 GET http://10.180.1.21/compute/v2.1/servers/04ad263c-d29b-4876-b593-a6dc5a8cb280 0.081s
2024-10-10 15:09:44.882 62110 INFO tempest.lib.common.rest_client [req-fef4045d-0024-4407-be19-979c52dc38b2 req-fef4045d-0024-4407-be19-979c52dc38b2 ] Request (FloatingIPsAssociationNegativeTestJSON:setUpClass): 200 GET http://10.180.1.21/compute/v2.1/servers/f892617e-f41d-4bec-b82b-ca4a000992cd 0.081s
2024-10-10 15:09:44.900 62150 INFO tempest.lib.common.rest_client [req-1f2fb74f-de99-45ad-8c95-992199677f90 req-1f2fb74f-de99-45ad-8c95-992199677f90 ] Request (ListImageFiltersTestJSON:tearDownClass): 404 GET http://10.180.1.21/compute/v2.1/servers/0341f55d-b954-4aa6-8bbd-a17733e4667f 0.067s
2024-10-10 15:09:44.906 62106 INFO tempest.lib.common.rest_client [req-fdda35cd-315b-43c8-9cbf-2ce2fba2ca04 req-fdda35cd-315b-43c8-9cbf-2ce2fba2ca04 ] Request (ImagesNegativeTestJSON:test_create_image_from_deleted_server): 200 GET http://10.180.1.21/compute/v2.1/servers/e7b29521-65a2-423a-b5d2-3314cc55b7b5 0.076s
2024-10-10 15:09:44.912 62106 INFO tempest.common.waiters [-] State transition "BUILD/scheduling" ==> "BUILD/None" after 79 second wait
2024-10-10 15:09:44.964 62144 INFO tempest.lib.common.rest_client [req-db79c48b-3088-4121-a342-63d44faf0176 req-db79c48b-3088-4121-a342-63d44faf0176 ] Request (MigrationsAdminTest:test_list_migrations_in_flavor_resize_situation): 200 GET http://10.180.1.21/compute/v2.1/servers/cfdd91ff-8462-4dca-a2e7-3bc6500355cd 0.089s
2024-10-10 15:09:44.968 62150 INFO tempest.lib.common.rest_client [req-f1864a7a-5654-42d4-bcf4-54fbb7f346e5 req-f1864a7a-5654-42d4-bcf4-54fbb7f346e5 ] Request (ListImageFiltersTestJSON:tearDownClass): 204 DELETE http://10.180.1.21/compute/v2.1/images/78a87b9a-5354-491e-acc7-691259e397f1 0.067s
2024-10-10 15:09:45.017 62114 INFO tempest.lib.common.rest_client [req-b07c81d6-d5e2-4bb5-aa51-5df581319e84 req-b07c81d6-d5e2-4bb5-aa51-5df581319e84 ] Request (ServerShowV257Test:test_rebuild_server): 200 GET http://10.180.1.21/compute/v2.1/servers/314d0be4-4e0a-418c-95f0-ab6cd79fd5a2 0.092s
2024-10-10 15:09:45.045 62150 INFO tempest.lib.common.rest_client [req-ae24acc4-7205-404f-9b79-217b2eb8769f req-ae24acc4-7205-404f-9b79-217b2eb8769f ] Request (ListImageFiltersTestJSON:tearDownClass): 204 DELETE http://10.180.1.21/compute/v2.1/images/85382ec9-d3d8-48c6-8151-3c9f2e733eae 0.076s
2024-10-10 15:09:45.072 62096 INFO tempest.lib.common.rest_client [req-ea2ba181-5ceb-4862-9e48-572bbad27d61 req-ea2ba181-5ceb-4862-9e48-572bbad27d61 ] Request (ServersAaction247Test:test_create_backup): 200 GET http://10.180.1.21/compute/v2.1/servers/82f330b1-7797-44f2-944a-9fa96ddea3eb 0.096s
2024-10-10 15:09:45.094 62148 INFO tempest.lib.common.rest_client [req-d30afba4-3c56-4d73-9224-7a566440b056 req-d30afba4-3c56-4d73-9224-7a566440b056 ] Request (MultipleCreateTestJSON:test_multiple_create_with_reservation_return): 200 GET http://10.180.1.21/compute/v2.1/servers/0c020ac4-5458-459b-b847-14029502ef0b 0.069s
2024-10-10 15:09:45.126 62153 INFO tempest.lib.common.rest_client [req-5bb9bc53-f9fe-4ed6-84b7-c31654c34dac req-5bb9bc53-f9fe-4ed6-84b7-c31654c34dac ] Request (ServersV294TestFqdnHostnames:setUpClass): 200 GET http://10.180.1.21/compute/v2.1/servers/4c060096-0866-4b4a-b05c-3941a368155c 0.099s
2024-10-10 15:09:45.152 62150 INFO tempest.lib.common.rest_client [req-13e01ac4-967e-422f-86e1-412409b170a8 req-13e01ac4-967e-422f-86e1-412409b170a8 ] Request (ListImageFiltersTestJSON:tearDownClass): 204 DELETE http://10.180.1.21/compute/v2.1/images/bdd25c59-805c-460a-9fb5-4fcb983b3208 0.107s
2024-10-10 15:09:45.187 62118 INFO tempest.lib.common.rest_client [req-a4f8bda3-d0a1-4eca-a360-d850b06d9f06 req-a4f8bda3-d0a1-4eca-a360-d850b06d9f06 ] Request (ServerDiskConfigTestJSON:test_rebuild_server_with_manual_disk_config): 200 GET http://10.180.1.21/compute/v2.1/servers/bed27415-889e-4fc3-adb7-b6b81a51c659 0.123s
