2024-10-10 15:08:05.134 62130 INFO tempest.lib.common.rest_client [req-90ffb20b-e2fb-472f-87da-40b9a49ec617 req-90ffb20b-e2fb-472f-87da-40b9a49ec617 ] Request (ServerRescueNegativeTestJSON:setUpClass): 202 POST http://10.180.1.21/compute/v2.1/servers 2.084s
2024-10-10 15:08:05.153 62094 INFO tempest.lib.common.rest_client [req-f5947626-b466-45e7-810d-4aa4086afbf0 req-f5947626-b466-45e7-810d-4aa4086afbf0 ] Request (ServicesAdminNegativeV253TestJSON:test_disable_service_with_invalid_service_id): 404 PUT http://10.180.1.21/compute/v2.1/os-services/b9812489-2ee9-47f2-ab01-a04c820c7e0e 1.407s
2024-10-10 15:08:05.160 62142 INFO tempest.lib.common.rest_client [req-4b095d3e-c6b3-4ed3-8871-53b3a537c551 req-4b095d3e-c6b3-4ed3-8871-53b3a537c551 ] Request (ServersAdminTestJSON:setUpClass): 200 GET http://10.180.1.21/compute/v2.1/servers/cf5d59b1-cd31-46d5-8a3f-5368169a3941 1.496s
2024-10-10 15:08:05.168 62142 INFO tempest.common.waiters [-] State transition "BUILD/block_device_mapping" ==> "BUILD/spawning" after 14 second wait
2024-10-10 15:08:05.203 62150 INFO tempest.lib.common.rest_client [req-6ddf6590-372b-4f42-838f-b394849d3289 req-6ddf6590-372b-4f42-838f-b394849d3289 ] Request (ListImageFiltersTestJSON:setUpClass): 200 GET http://10.180.1.21/compute/v2.1/images/78a87b9a-5354-491e-acc7-691259e397f1 1.410s
2024-10-10 15:08:05.226 62132 INFO tempest.lib.common.rest_client [req-f7052d5f-cfda-4203-92bc-a3ba255f0c6b req-f7052d5f-cfda-4203-92bc-a3ba255f0c6b ] Request (ServerGroupTestJSON:setUpClass): 201 POST http://10.180.1.21:9696/networking/v2.0/networks 0.511s
2024-10-10 15:08:05.230 62098 INFO tempest.lib.common.rest_client [req-4b917250-3e61-401c-a180-76b05a0d078c req-4b917250-3e61-401c-a180-76b05a0d078c ] Request (ServerRescueTestJSON:setUpClass): 200 GET http://10.180.1.21/compute/v2.1/servers/1991dad6-eac3-4a85-bac5-549d0c076792 1.459s
2024-10-10 15:08:05.277 62150 INFO tempest.lib.common.rest_client [req-8e747470-af6d-4127-9a1e-a28d4a8703fc req-8e747470-af6d-4127-9a1e-a28d4a8703fc ] Request (ListImageFiltersTestJSON:setUpClass): 201 POST http://10.180.1.21/identity/v3/auth/tokens 0.065s
2024-10-10 15:08:05.277 62150 INFO tempest.lib.common.fixed_network [-] (ListImageFiltersTestJSON:setUpClass) Found network None available for tenant
2024-10-10 15:08:05.299 62126 INFO tempest.lib.common.rest_client [req-5c648c52-559d-4909-a791-d687dd71f5fb req-5c648c52-559d-4909-a791-d687dd71f5fb ] Request (VolumesAssistedSnapshotsTest:test_volume_assisted_snapshot_create_delete): 200 GET http://10.180.1.21/compute/v2.1/servers/6e77c34a-7e27-46c8-a1be-b3da6351368e 1.342s
2024-10-10 15:08:05.306 62096 INFO tempest.lib.common.rest_client [req-7d0f0f3e-cf7c-45bc-b21b-ab7ddce38381 req-7d0f0f3e-cf7c-45bc-b21b-ab7ddce38381 ] Request (KeyPairsV22TestJSON:test_get_keypair_detail): 200 GET http://10.180.1.21/compute/v2.1/os-keypairs/tempest-keypair-331782440 1.109s
2024-10-10 15:08:05.325 62128 INFO tempest.lib.common.rest_client [req-a9950f0e-07df-4268-bda2-90515f15dfd8 req-a9950f0e-07df-4268-bda2-90515f15dfd8 ] Request (ImagesMetadataNegativeTestJSON:test_set_nonexistent_image_metadata): 404 PUT http://10.180.1.21/compute/v2.1/images/3c17caa8-aee2-42ab-8708-fd3ffc24b888/metadata 1.030s
2024-10-10 15:08:05.341 62122 INFO tempest.lib.common.rest_client [req-7ccd5c47-c0ed-4533-a114-e20b5b38110b req-7ccd5c47-c0ed-4533-a114-e20b5b38110b ] Request (FlavorsV2TestJSON:test_list_flavors_with_detail): 200 GET http://10.180.1.21/compute/v2.1/flavors/detail 1.016s
2024-10-10 15:08:05.475 62154 INFO tempest.lib.common.rest_client [req-96568f62-a7f2-4eaf-861c-7867e8a4a1e9 req-96568f62-a7f2-4eaf-861c-7867e8a4a1e9 ] Request (ServerActionsTestOtherA:setUpClass): 200 POST http://10.180.1.21/compute/v2.1/os-keypairs 1.019s
2024-10-10 15:08:05.637 62132 INFO tempest.lib.common.rest_client [req-5c588f36-9189-4e45-a9e4-303b470396bc req-5c588f36-9189-4e45-a9e4-303b470396bc ] Request (ServerGroupTestJSON:setUpClass): 201 POST http://10.180.1.21:9696/networking/v2.0/subnets 0.409s
2024-10-10 15:08:05.680 62106 INFO tempest.lib.common.rest_client [req-3e259a93-0b59-4b3a-af7c-af42529be30a req-3e259a93-0b59-4b3a-af7c-af42529be30a ] Request (FloatingIPDetailsTestJSON:test_get_floating_ip_details): 200 GET http://10.180.1.21/compute/v2.1/os-floating-ips/1da322ad-6f73-41d6-931a-13de3acc4260 1.218s
2024-10-10 15:08:05.761 62104 INFO tempest.lib.common.rest_client [req-be70da9f-58f8-4f8b-9a53-4aae9a0f03ef req-be70da9f-58f8-4f8b-9a53-4aae9a0f03ef ] Request (ValidationResourcesFixture:setUp): 201 POST http://10.180.1.21:9696/networking/v2.0/floatingips 1.022s
2024-10-10 15:08:05.816 62154 INFO tempest.lib.common.rest_client [req-cc67bcee-aecc-4144-b834-93641c9bad23 req-cc67bcee-aecc-4144-b834-93641c9bad23 ] Request (ServerActionsTestOtherA:setUpClass): 201 POST http://10.180.1.21:9696/networking/v2.0/security-groups 0.340s
2024-10-10 15:08:05.841 62104 INFO tempest.lib.common.rest_client [req-4c3532f2-89be-4355-94aa-9aafb819f7a4 req-4c3532f2-89be-4355-94aa-9aafb819f7a4 ] Request (AttachInterfacesUnderV243Test:test_add_remove_fixed_ip): 201 POST http://10.180.1.21/identity/v3/auth/tokens 0.077s
2024-10-10 15:08:05.841 62104 INFO tempest.lib.common.fixed_network [-] (AttachInterfacesUnderV243Test:test_add_remove_fixed_ip) Found network {'id': '8b978f55-b19d-43a1-ba53-2cb7639fd996', 'name': 'tempest-AttachInterfacesUnderV243Test-1651091431-network', 'tenant_id': '8761561ce3f14566b490f6ea40c0ab69', 'admin_state_up': True, 'mtu': 8950, 'status': 'ACTIVE', 'subnets': [], 'shared': False, 'project_id': '8761561ce3f14566b490f6ea40c0ab69', 'port_security_enabled': True, 'router:external': False, 'provider:network_type': 'vlan', 'provider:physical_network': 'default', 'provider:segmentation_id': 70, 'is_default': False, 'availability_zone_hints': [], 'availability_zones': [], 'ipv4_address_scope': None, 'ipv6_address_scope': None, 'description': '', 'tags': [], 'created_at': '2024-10-10T15:07:55Z', 'updated_at': '2024-10-10T15:07:55Z', 'revision_number': 1} available for tenant
2024-10-10 15:08:05.863 62144 INFO tempest.lib.common.rest_client [req-ed3b7678-5c0c-44b0-a4d6-70d0fd4f3fe9 req-ed3b7678-5c0c-44b0-a4d6-70d0fd4f3fe9 ] Request (ServersWithSpecificFlavorTestJSON:test_verify_created_server_ephemeral_disk): 202 POST http://10.180.1.21/compute/v2.1/servers 1.804s
2024-10-10 15:08:05.930 62118 INFO tempest.lib.common.rest_client [req-6ab47024-bef0-4968-9e36-e1a905418040 req-6ab47024-bef0-4968-9e36-e1a905418040 ] Request (ServerDiskConfigTestJSON:test_rebuild_server_with_auto_disk_config): 200 GET http://10.180.1.21/compute/v2.1/servers/bd3cbd1e-17c8-4c91-a57e-7882d433e8a2 1.324s
2024-10-10 15:08:05.934 62154 INFO tempest.lib.common.rest_client [req-a2f5fbee-6d51-43b6-9b09-b3c0524e257c req-a2f5fbee-6d51-43b6-9b09-b3c0524e257c ] Request (ServerActionsTestOtherA:setUpClass): 201 POST http://10.180.1.21:9696/networking/v2.0/security-group-rules 0.117s
2024-10-10 15:08:05.956 62140 INFO tempest.lib.common.rest_client [req-8f2e2528-aee2-4c4a-9ff1-5f73270de28f req-8f2e2528-aee2-4c4a-9ff1-5f73270de28f ] Request (SecurityGroupRulesTestJSON:test_security_group_rules_list): 200 POST http://10.180.1.21/compute/v2.1/os-security-groups 1.361s
2024-10-10 15:08:06.058 62102 INFO tempest.lib.common.rest_client [req-8f4d4421-a1ce-452f-bf5f-e4c453f0570c req-8f4d4421-a1ce-452f-bf5f-e4c453f0570c ] Request (FlavorsAccessNegativeTestJSON:test_flavor_non_admin_remove): 200 POST http://10.180.1.21/compute/v2.1/flavors/1386170078/action 1.239s
2024-10-10 15:08:06.064 62154 INFO tempest.lib.common.rest_client [req-46ff6c5d-5b9a-4117-ae9f-99919230c72e req-46ff6c5d-5b9a-4117-ae9f-99919230c72e ] Request (ServerActionsTestOtherA:setUpClass): 201 POST http://10.180.1.21:9696/networking/v2.0/security-group-rules 0.130s
2024-10-10 15:08:06.078 62138 INFO tempest.lib.common.rest_client [req-3016995f-5733-47f1-a387-78d712bbf86d req-3016995f-5733-47f1-a387-78d712bbf86d ] Request (ServicesAdminNegativeTestJSON:test_get_service_with_valid_service_and_invalid_host): 200 GET http://10.180.1.21/compute/v2.1/os-services?host=xxx&binary=nova-scheduler 1.232s
2024-10-10 15:08:06.098 62092 INFO tempest.lib.common.rest_client [req-a34b773e-8a6c-4055-8591-660fbd738283 req-a34b773e-8a6c-4055-8591-660fbd738283 ] Request (AggregatesAdminNegativeTestJSON:test_aggregate_delete_as_user): 200 POST http://10.180.1.21/compute/v2.1/os-aggregates 1.221s
2024-10-10 15:08:06.195 62110 INFO tempest.lib.common.rest_client [req-381d5fd4-3f64-4c94-98fd-d015979f640c req-381d5fd4-3f64-4c94-98fd-d015979f640c ] Request (QuotasAdminTestJSON:test_get_updated_quotas): 200 PUT http://10.180.1.21/compute/v2.1/os-quota-sets/979f12d61936442aa00c9adefa3ca04b?user_id=aa32f40fc97b4b58a1de67478280f096 1.287s
2024-10-10 15:08:06.228 62114 INFO tempest.lib.common.rest_client [req-373c6d65-7583-425a-bb2b-2d562ad05fd0 req-373c6d65-7583-425a-bb2b-2d562ad05fd0 ] Request (HostsAdminTestJSON:test_show_host_detail): 200 GET http://10.180.1.21/compute/v2.1/os-hosts/cpu-1 1.259s
2024-10-10 15:08:06.239 62100 INFO tempest.lib.common.rest_client [req-77690fd1-ab37-4b05-873d-4ab9ec02daab req-77690fd1-ab37-4b05-873d-4ab9ec02daab ] Request (FlavorsAdminTestJSON:test_create_list_flavor_without_extra_data): 200 GET http://10.180.1.21/compute/v2.1/flavors/633883293 1.252s
2024-10-10 15:08:06.322 62153 INFO tempest.lib.common.rest_client [req-ff1b4553-3552-4750-8cd0-7b01a20afbd2 req-ff1b4553-3552-4750-8cd0-7b01a20afbd2 ] Request (ServersAdmin275Test:test_rebuild_update_server_275): 200 GET http://10.180.1.21/compute/v2.1/servers/9f2bbdd7-0925-439e-ad65-4fa0d03e89e1 1.282s
2024-10-10 15:08:06.327 62114 INFO tempest.lib.common.rest_client [req-995f5e61-ffce-4322-bf0a-ddee73ea8c77 req-995f5e61-ffce-4322-bf0a-ddee73ea8c77 ] Request (HostsAdminTestJSON:tearDownClass): 204 DELETE http://10.180.1.21/identity/v3/users/59cd7807ebb9408196156fb6aee7ab67 0.097s
2024-10-10 15:08:06.463 62114 INFO tempest.lib.common.rest_client [req-021f76de-5ccc-4c8f-b1d2-293e1b3e8091 req-021f76de-5ccc-4c8f-b1d2-293e1b3e8091 ] Request (HostsAdminTestJSON:tearDownClass): 204 DELETE http://10.180.1.21/identity/v3/users/b68d99d36f824be88e7f11323bc1b234 0.136s
2024-10-10 15:08:06.464 62114 INFO tempest.lib.common.dynamic_creds [-] Deleting project and security group for project: ac454e70de4d43879ca15c656a90d861
2024-10-10 15:08:06.493 62116 INFO tempest.lib.common.rest_client [req-abc3cc8a-ec68-4640-b444-6989192c46be req-abc3cc8a-ec68-4640-b444-6989192c46be ] Request (AttachInterfacesTestJSON:test_create_list_show_delete_interfaces_by_fixed_ip): 202 POST http://10.180.1.21/compute/v2.1/servers 1.864s
2024-10-10 15:08:06.557 62114 INFO tempest.lib.common.rest_client [req-27696a7b-9540-42d2-b1a1-06c12eb048a9 req-27696a7b-9540-42d2-b1a1-06c12eb048a9 ] Request (HostsAdminTestJSON:tearDownClass): 201 POST http://10.180.1.21/identity/v3/auth/tokens 0.093s
2024-10-10 15:08:06.569 62112 INFO tempest.lib.common.rest_client [req-2effc50f-4d31-4450-b45a-cd3f0aa7d02f req-2effc50f-4d31-4450-b45a-cd3f0aa7d02f ] Request (ServerDiagnosticsNegativeTest:test_get_server_diagnostics_by_non_admin): 200 GET http://10.180.1.21/compute/v2.1/servers/0ab9b146-7592-49f2-a5a8-155c977a48e5 1.452s
2024-10-10 15:08:06.643 62130 INFO tempest.lib.common.rest_client [req-509385d7-dda7-4435-8bcd-2a45d0578030 req-509385d7-dda7-4435-8bcd-2a45d0578030 ] Request (ServerRescueNegativeTestJSON:setUpClass): 200 GET http://10.180.1.21/compute/v2.1/servers/d4e00705-eaf9-4696-b505-0dec77e037be 1.507s
2024-10-10 15:08:06.660 62094 INFO tempest.lib.common.rest_client [req-635554c4-cd88-401d-9831-63565b67d52b req-635554c4-cd88-401d-9831-63565b67d52b ] Request (ServicesAdminNegativeV253TestJSON:test_enable_service_with_invalid_service_id): 404 PUT http://10.180.1.21/compute/v2.1/os-services/b9812489-2ee9-47f2-ab01-a04c820c7e0e 1.502s
2024-10-10 15:08:06.667 62154 INFO tempest.lib.common.rest_client [req-bdcc4956-f84d-48bd-8999-2ed6b41f155a req-bdcc4956-f84d-48bd-8999-2ed6b41f155a ] Request (ServerActionsTestOtherA:setUpClass): 201 POST http://10.180.1.21:9696/networking/v2.0/floatingips 0.603s
2024-10-10 15:08:06.769 62130 INFO tempest.lib.common.rest_client [req-1ab48d37-0a35-4472-90a2-d57d0c538d64 req-1ab48d37-0a35-4472-90a2-d57d0c538d64 ] Request (ServerRescueNegativeTestJSON:setUpClass): 201 POST http://10.180.1.21/identity/v3/auth/tokens 0.106s
2024-10-10 15:08:06.770 62130 INFO tempest.lib.common.fixed_network [-] (ServerRescueNegativeTestJSON:setUpClass) Found network {'id': '4ff1ec49-84a3-43b1-aa28-aebff51b4006', 'name': 'tempest-ServerRescueNegativeTestJSON-330161560-network', 'tenant_id': '06611a65ae9b428bb409e5b449c2e2ad', 'admin_state_up': True, 'mtu': 8950, 'status': 'ACTIVE', 'subnets': [], 'shared': False, 'project_id': '06611a65ae9b428bb409e5b449c2e2ad', 'port_security_enabled': True, 'router:external': False, 'provider:network_type': 'vlan', 'provider:physical_network': 'default', 'provider:segmentation_id': 697, 'is_default': False, 'availability_zone_hints': [], 'availability_zones': [], 'ipv4_address_scope': None, 'ipv6_address_scope': None, 'description': '', 'tags': [], 'created_at': '2024-10-10T15:07:55Z', 'updated_at': '2024-10-10T15:07:55Z', 'revision_number': 1} available for tenant
2024-10-10 15:08:06.779 62154 INFO tempest.lib.common.rest_client [req-249529a0-6b11-4064-b7d1-beed84acd277 req-249529a0-6b11-4064-b7d1-beed84acd277 ] Request (ServerActionsTestOtherA:setUpClass): 201 POST http://10.180.1.21/identity/v3/auth/tokens 0.108s
2024-10-10 15:08:06.779 62154 INFO tempest.lib.common.fixed_network [-] (ServerActionsTestOtherA:setUpClass) Found network {'id': '7eb055c8-db75-4d79-8bce-b4e39f2bc3a2', 'name': 'tempest-ServerActionsTestOtherA-97429827-network', 'tenant_id': 'aa2c3e018ff54ef0906aa0770c5b61b6', 'admin_state_up': True, 'mtu': 8950, 'status': 'ACTIVE', 'subnets': [], 'shared': False, 'project_id': 'aa2c3e018ff54ef0906aa0770c5b61b6', 'port_security_enabled': True, 'router:external': False, 'provider:network_type': 'vlan', 'provider:physical_network': 'default', 'provider:segmentation_id': 159, 'is_default': False, 'availability_zone_hints': [], 'availability_zones': [], 'ipv4_address_scope': None, 'ipv6_address_scope': None, 'description': '', 'tags': [], 'created_at': '2024-10-10T15:07:59Z', 'updated_at': '2024-10-10T15:07:59Z', 'revision_number': 1} available for tenant
2024-10-10 15:08:06.852 62134 INFO tempest.lib.common.rest_client [req-79aeb134-f36e-44ff-82c3-55f280380131 req-79aeb134-f36e-44ff-82c3-55f280380131 ] Request (DeleteServersAdminTestJSON:test_delete_server_while_in_error_state): 202 POST http://10.180.1.21/compute/v2.1/servers 1.750s
2024-10-10 15:08:06.865 62114 INFO tempest.lib.common.rest_client [req-7b1e483e-a788-4cfc-b3cd-28cb723fe622 req-7b1e483e-a788-4cfc-b3cd-28cb723fe622 ] Request (HostsAdminTestJSON:tearDownClass): 200 GET http://10.180.1.21:9696/networking/v2.0/security-groups?tenant_id=ac454e70de4d43879ca15c656a90d861&name=default 0.308s
2024-10-10 15:08:06.925 62108 INFO tempest.lib.common.rest_client [req-61bb4c89-8d21-4b2b-8e00-0209fab88b5b req-61bb4c89-8d21-4b2b-8e00-0209fab88b5b ] Request (VolumesAdminNegativeTest:test_update_attached_volume_with_nonexistent_volume_in_body): 200 GET http://10.180.1.21/compute/v2.1/servers/3e4316c7-92b0-4c6f-95c5-f929a9845d6d 1.638s
2024-10-10 15:08:06.936 62108 INFO tempest.common.waiters [-] State transition "BUILD/None" ==> "BUILD/networking" after 13 second wait
2024-10-10 15:08:06.944 62096 INFO tempest.lib.common.rest_client [req-cd60766a-b4d6-4ee7-bb78-1fe9214bb172 req-cd60766a-b4d6-4ee7-bb78-1fe9214bb172 ] Request (KeyPairsV22TestJSON:_run_cleanups): 204 DELETE http://10.180.1.21/compute/v2.1/os-keypairs/tempest-keypair-331782440 1.634s
2024-10-10 15:08:06.975 62128 INFO tempest.lib.common.rest_client [req-c4c15e21-d344-45ae-9069-5b45cf20a956 req-c4c15e21-d344-45ae-9069-5b45cf20a956 ] Request (ImagesMetadataNegativeTestJSON:test_set_nonexistent_image_metadata_item): 404 PUT http://10.180.1.21/compute/v2.1/images/dc829687-ea08-452d-bc76-99b518da342b/metadata/os_distro 1.649s
2024-10-10 15:08:06.996 62122 INFO tempest.lib.common.rest_client [req-90d706df-f53b-49b8-bc8d-6b93d3d4eaa8 req-90d706df-f53b-49b8-bc8d-6b93d3d4eaa8 ] Request (FlavorsV2TestJSON:test_list_flavors_with_detail): 200 GET http://10.180.1.21/compute/v2.1/flavors/42 1.649s
2024-10-10 15:08:07.020 62114 INFO tempest.lib.common.rest_client [req-6ec86872-7a60-458c-b885-8db7d5968fc5 req-6ec86872-7a60-458c-b885-8db7d5968fc5 ] Request (HostsAdminTestJSON:tearDownClass): 204 DELETE http://10.180.1.21:9696/networking/v2.0/security-groups/0cef959c-4bee-4a5d-acfa-a18a6c876702 0.154s
2024-10-10 15:08:07.038 62150 INFO tempest.lib.common.rest_client [req-8c34318f-e30c-433f-a20b-6368d94888a6 req-8c34318f-e30c-433f-a20b-6368d94888a6 ] Request (ListImageFiltersTestJSON:setUpClass): 202 POST http://10.180.1.21/compute/v2.1/servers 1.760s
2024-10-10 15:08:07.056 62121 INFO tempest.lib.common.rest_client [req-471d66f5-5b66-4132-93ce-fd5abed4b765 req-471d66f5-5b66-4132-93ce-fd5abed4b765 ] Request (ServerActionsTestJSON:setUpClass): 200 PUT http://10.180.1.21:9696/networking/v2.0/routers/4786022d-6470-4a08-8196-ec36c5b573c0/add_router_interface 1.985s
2024-10-10 15:08:07.056 62121 INFO tempest.lib.common.dynamic_creds [-] Created isolated network resources for: credentials: Credentials: {'domain_id': 'default', 'domain_name': 'Default', 'username': 'tempest-ServerActionsTestJSON-867469976-project-member', 'project_domain_id': 'default', 'project_domain_name': 'Default', 'project_id': '5cfde5b5f7a64cd897f921125bfdb41b', 'project_name': 'tempest-ServerActionsTestJSON-867469976', 'tenant_id': '5cfde5b5f7a64cd897f921125bfdb41b', 'tenant_name': 'tempest-ServerActionsTestJSON-867469976', 'user_domain_id': 'default', 'user_domain_name': 'Default', 'user_id': '8565e7069e5a41dc8b48e8eb936ea4da', 'system': None}, Network: {'id': 'afd34afb-72a7-4ead-bd74-eff01816781d', 'name': 'tempest-ServerActionsTestJSON-1216519481-network', 'tenant_id': '5cfde5b5f7a64cd897f921125bfdb41b', 'admin_state_up': True, 'mtu': 8950, 'status': 'ACTIVE', 'subnets': [], 'shared': False, 'project_id': '5cfde5b5f7a64cd897f921125bfdb41b', 'port_security_enabled': True, 'router:external': False, 'provider:network_type': 'vlan', 'provider:physical_network': 'default', 'provider:segmentation_id': 326, 'is_default': False, 'availability_zone_hints': [], 'availability_zones': [], 'ipv4_address_scope': None, 'ipv6_address_scope': None, 'description': '', 'tags': [], 'created_at': '2024-10-10T15:08:02Z', 'updated_at': '2024-10-10T15:08:02Z', 'revision_number': 1}, Subnet: {'id': '71c705a1-ce0d-4eb2-8eb4-e67e0d4c4932', 'name': 'tempest-ServerActionsTestJSON-1216519481-subnet', 'tenant_id': '5cfde5b5f7a64cd897f921125bfdb41b', 'network_id': 'afd34afb-72a7-4ead-bd74-eff01816781d', 'ip_version': 4, 'subnetpool_id': None, 'enable_dhcp': True, 'ipv6_ra_mode': None, 'ipv6_address_mode': None, 'gateway_ip': '192.168.128.1', 'cidr': '192.168.128.0/28', 'allocation_pools': [{'start': '192.168.128.2', 'end': '192.168.128.14'}], 'host_routes': [], 'dns_nameservers': [], 'description': '', 'router:external': False, 'service_types': [], 'tags': [], 'created_at': '2024-10-10T15:08:03Z', 'updated_at': '2024-10-10T15:08:03Z', 'revision_number': 0, 'project_id': '5cfde5b5f7a64cd897f921125bfdb41b'}, Router: {'id': '4786022d-6470-4a08-8196-ec36c5b573c0', 'name': 'tempest-ServerActionsTestJSON-1216519481-router', 'tenant_id': '5cfde5b5f7a64cd897f921125bfdb41b', 'admin_state_up': True, 'status': 'ACTIVE', 'external_gateway_info': {'network_id': '422e1a17-574a-4dab-9a6e-a3147f27d288', 'external_fixed_ips': [{'subnet_id': '0203d5bd-abdc-469d-8fb7-4a1445dfaa0e', 'ip_address': '10.180.180.193'}], 'enable_snat': True}, 'description': '', 'availability_zones': [], 'distributed': False, 'ha': False, 'availability_zone_hints': [], 'routes': [], 'flavor_id': None, 'tags': [], 'created_at': '2024-10-10T15:08:03Z', 'updated_at': '2024-10-10T15:08:04Z', 'revision_number': 2, 'project_id': '5cfde5b5f7a64cd897f921125bfdb41b'}
2024-10-10 15:08:07.063 62146 INFO tempest.lib.common.rest_client [req-87e6ab11-a0bb-45e1-b2ba-13538aab6205 req-87e6ab11-a0bb-45e1-b2ba-13538aab6205 ] Request (TenantUsagesTestJSON:setUpClass): 200 GET http://10.180.1.21/compute/v2.1/servers/198f1144-f06f-4095-92cc-1a9d05d7bc1c 1.527s
2024-10-10 15:08:07.141 62114 INFO tempest.lib.common.rest_client [req-008c3b4d-05c0-472b-afc3-5e19b8763ddd req-008c3b4d-05c0-472b-afc3-5e19b8763ddd ] Request (HostsAdminTestJSON:tearDownClass): 204 DELETE http://10.180.1.21/identity/v3/projects/ac454e70de4d43879ca15c656a90d861 0.121s
2024-10-10 15:08:07.141 62114 INFO tempest.lib.common.dynamic_creds [-] Deleting project and security group for project: 131d57b98a4c44eca0d38001d5685a2c
2024-10-10 15:08:07.142 62122 INFO tempest.lib.common.rest_client [req-67a03787-7eb0-4893-95ee-13b009470f96 req-67a03787-7eb0-4893-95ee-13b009470f96 ] Request (FlavorsV2TestJSON:tearDownClass): 204 DELETE http://10.180.1.21/identity/v3/users/07e5eba412644ec2b2cd89a4b3002ea1 0.141s
2024-10-10 15:08:07.142 62122 INFO tempest.lib.common.dynamic_creds [-] Deleting project and security group for project: 27cd41830968486f86d7fd628e4f94b3
2024-10-10 15:08:07.171 62132 INFO tempest.lib.common.rest_client [req-f2fd8770-e0e5-4062-8ce6-5070d0e1ba10 req-f2fd8770-e0e5-4062-8ce6-5070d0e1ba10 ] Request (ServerGroupTestJSON:setUpClass): 201 POST http://10.180.1.21:9696/networking/v2.0/routers 1.533s
2024-10-10 15:08:07.207 62150 INFO tempest.lib.common.rest_client [req-a583dea9-d1e9-4880-906b-cf470acf2625 req-a583dea9-d1e9-4880-906b-cf470acf2625 ] Request (ListImageFiltersTestJSON:setUpClass): 201 POST http://10.180.1.21/identity/v3/auth/tokens 0.165s
2024-10-10 15:08:07.207 62150 INFO tempest.lib.common.fixed_network [-] (ListImageFiltersTestJSON:setUpClass) Found network None available for tenant
2024-10-10 15:08:07.226 62121 INFO tempest.lib.common.rest_client [req-84eeea94-498f-4753-92e3-6531a842d37c req-84eeea94-498f-4753-92e3-6531a842d37c ] Request (ServerActionsTestJSON:setUpClass): 201 POST http://10.180.1.21/identity/v3/auth/tokens 0.163s
2024-10-10 15:08:07.279 62122 INFO tempest.lib.common.rest_client [req-7d1445a0-fc20-4575-8ecf-a17b8e87d346 req-7d1445a0-fc20-4575-8ecf-a17b8e87d346 ] Request (FlavorsV2TestJSON:tearDownClass): 201 POST http://10.180.1.21/identity/v3/auth/tokens 0.136s
2024-10-10 15:08:07.464 62114 INFO tempest.lib.common.rest_client [req-9627a37c-0a35-4212-af00-b476e4488b7d req-9627a37c-0a35-4212-af00-b476e4488b7d ] Request (HostsAdminTestJSON:tearDownClass): 200 GET http://10.180.1.21:9696/networking/v2.0/security-groups?tenant_id=131d57b98a4c44eca0d38001d5685a2c&name=default 0.323s
2024-10-10 15:08:07.635 62122 INFO tempest.lib.common.rest_client [req-4983b3b6-411f-4698-8cbf-c9b0ae0c3f31 req-4983b3b6-411f-4698-8cbf-c9b0ae0c3f31 ] Request (FlavorsV2TestJSON:tearDownClass): 200 GET http://10.180.1.21:9696/networking/v2.0/security-groups?tenant_id=27cd41830968486f86d7fd628e4f94b3&name=default 0.355s
2024-10-10 15:08:07.754 62104 INFO tempest.lib.common.rest_client [req-6b6bd46f-b6e2-4ed0-b6bf-f10deb7647f9 req-6b6bd46f-b6e2-4ed0-b6bf-f10deb7647f9 ] Request (AttachInterfacesUnderV243Test:test_add_remove_fixed_ip): 202 POST http://10.180.1.21/compute/v2.1/servers 1.913s
2024-10-10 15:08:07.756 62114 INFO tempest.lib.common.rest_client [req-8a2161c4-befd-46c2-a64c-3a8348ddbd05 req-8a2161c4-befd-46c2-a64c-3a8348ddbd05 ] Request (HostsAdminTestJSON:tearDownClass): 204 DELETE http://10.180.1.21:9696/networking/v2.0/security-groups/68b3eb3d-f9c7-453b-b8d1-0bbbb44f6fb5 0.291s
2024-10-10 15:08:07.820 62144 INFO tempest.lib.common.rest_client [req-85f2c46d-6f3f-420a-8139-c3d023a17efe req-85f2c46d-6f3f-420a-8139-c3d023a17efe ] Request (ServersWithSpecificFlavorTestJSON:test_verify_created_server_ephemeral_disk): 200 GET http://10.180.1.21/compute/v2.1/servers/6acc2d77-58a6-45f1-894d-6057a6ddb98c 1.955s
2024-10-10 15:08:07.828 62114 INFO tempest.lib.common.rest_client [req-7780a88c-01fd-4703-87da-689c206e22cc req-7780a88c-01fd-4703-87da-689c206e22cc ] Request (HostsAdminTestJSON:tearDownClass): 204 DELETE http://10.180.1.21/identity/v3/projects/131d57b98a4c44eca0d38001d5685a2c 0.070s
2024-10-10 15:08:07.898 62114 INFO tempest.lib.common.rest_client [req-9e038da9-c846-4763-8f41-1af1f3abdc38 req-9e038da9-c846-4763-8f41-1af1f3abdc38 ] Request (NetworksTest:setUpClass): 201 POST http://10.180.1.21/identity/v3/auth/tokens 0.069s
2024-10-10 15:08:07.931 62114 INFO tempest.lib.common.rest_client [req-260036b1-38a2-45c6-9478-018a3035dedf req-260036b1-38a2-45c6-9478-018a3035dedf ] Request (NetworksTest:setUpClass): 201 POST http://10.180.1.21/identity/v3/auth/tokens 0.031s
2024-10-10 15:08:07.935 62106 INFO tempest.lib.common.rest_client [req-f9ac59b6-c79a-4751-8bad-4a2476ec11bf req-f9ac59b6-c79a-4751-8bad-4a2476ec11bf ] Request (FloatingIPDetailsTestJSON:_run_cleanups): 202 DELETE http://10.180.1.21/compute/v2.1/os-floating-ips/1da322ad-6f73-41d6-931a-13de3acc4260 2.253s
2024-10-10 15:08:07.962 62114 INFO tempest.lib.common.rest_client [req-abec8b13-1c60-49d7-90ed-af9ed275a2a6 req-abec8b13-1c60-49d7-90ed-af9ed275a2a6 ] Request (NetworksTest:setUpClass): 200 GET http://10.180.1.21/identity/v3/domains?name=Default 0.029s
2024-10-10 15:08:08.002 62114 INFO tempest.lib.common.rest_client [req-5bb7c666-a903-484d-b73d-9f6b011ab563 req-5bb7c666-a903-484d-b73d-9f6b011ab563 ] Request (NetworksTest:setUpClass): 201 POST http://10.180.1.21/identity/v3/projects 0.040s
2024-10-10 15:08:08.019 62148 INFO tempest.lib.common.rest_client [req-4f3ad624-ada9-4750-bb86-57d9a8227a5b req-4f3ad624-ada9-4750-bb86-57d9a8227a5b ] Request (MultipleCreateTestJSON:test_multiple_create): 200 GET http://10.180.1.21/compute/v2.1/servers/2c139c4c-c133-490b-aa01-8dbfa7878af7 2.059s
2024-10-10 15:08:08.024 62102 INFO tempest.lib.common.rest_client [req-374139d9-e555-4a1a-9c12-421b47d80b4c req-374139d9-e555-4a1a-9c12-421b47d80b4c ] Request (FlavorsAccessNegativeTestJSON:test_flavor_non_admin_remove): 403 POST http://10.180.1.21/compute/v2.1/flavors/1386170078/action 1.964s
2024-10-10 15:08:08.040 62122 INFO tempest.lib.common.rest_client [req-f3f6f2f0-9d6b-4a28-bb5b-298bab7b51c5 req-f3f6f2f0-9d6b-4a28-bb5b-298bab7b51c5 ] Request (FlavorsV2TestJSON:tearDownClass): 204 DELETE http://10.180.1.21:9696/networking/v2.0/security-groups/84b5c14b-e690-4eac-a2da-5e4a2ab6da03 0.405s
2024-10-10 15:08:08.072 62148 INFO tempest.common.waiters [-] State transition "BUILD/spawning" ==> "ERROR/None" after 24 second wait
2024-10-10 15:08:08.093 62114 INFO tempest.lib.common.rest_client [req-ef9bbd67-e4cc-45d0-b17c-3c1ae480f60a req-ef9bbd67-e4cc-45d0-b17c-3c1ae480f60a ] Request (NetworksTest:setUpClass): 201 POST http://10.180.1.21/identity/v3/users 0.090s
2024-10-10 15:08:08.126 62140 INFO tempest.lib.common.rest_client [req-228934b3-1ddf-4898-a56e-5564b3360cf0 req-228934b3-1ddf-4898-a56e-5564b3360cf0 ] Request (SecurityGroupRulesTestJSON:test_security_group_rules_list): 200 POST http://10.180.1.21/compute/v2.1/os-security-group-rules 2.168s
2024-10-10 15:08:08.134 62138 INFO tempest.lib.common.rest_client [req-e71ce517-fe78-414c-8b32-5ecfaeec0f32 req-e71ce517-fe78-414c-8b32-5ecfaeec0f32 ] Request (ServicesAdminNegativeTestJSON:test_list_services_with_non_admin_user): 403 GET http://10.180.1.21/compute/v2.1/os-services 2.052s
2024-10-10 15:08:08.135 62092 INFO tempest.lib.common.rest_client [req-d079238a-66f4-4502-a9ca-5bda77c9450a req-d079238a-66f4-4502-a9ca-5bda77c9450a ] Request (AggregatesAdminNegativeTestJSON:test_aggregate_delete_as_user): 403 DELETE http://10.180.1.21/compute/v2.1/os-aggregates/5 2.036s
2024-10-10 15:08:08.141 62114 INFO tempest.lib.common.rest_client [req-01ac0f07-f110-43d5-81c2-a49a156fa444 req-01ac0f07-f110-43d5-81c2-a49a156fa444 ] Request (NetworksTest:setUpClass): 200 GET http://10.180.1.21/identity/v3/roles 0.048s
2024-10-10 15:08:08.159 62122 INFO tempest.lib.common.rest_client [req-d839785a-6c0b-4f49-8a67-f31db040a30a req-d839785a-6c0b-4f49-8a67-f31db040a30a ] Request (FlavorsV2TestJSON:tearDownClass): 204 DELETE http://10.180.1.21/identity/v3/projects/27cd41830968486f86d7fd628e4f94b3 0.118s
2024-10-10 15:08:08.226 62142 INFO tempest.lib.common.rest_client [req-9481f9c5-3d2f-41b2-8095-a92f4d2cce1d req-9481f9c5-3d2f-41b2-8095-a92f4d2cce1d ] Request (ServersAdminTestJSON:setUpClass): 200 GET http://10.180.1.21/compute/v2.1/servers/cf5d59b1-cd31-46d5-8a3f-5368169a3941 2.056s
2024-10-10 15:08:08.245 62114 INFO tempest.lib.common.rest_client [req-a1d65c8e-6d7f-4b71-b85b-1b0991b18239 req-a1d65c8e-6d7f-4b71-b85b-1b0991b18239 ] Request (NetworksTest:setUpClass): 204 PUT http://10.180.1.21/identity/v3/projects/e543359d85f9454ab545ccf644a61c96/users/d7332afd156348ae99b7b6094c30cf10/roles/308063b346f546fa999cc78d9b801522 0.103s
2024-10-10 15:08:08.245 62114 INFO tempest.lib.common.dynamic_creds [-] Dynamic test user d7332afd156348ae99b7b6094c30cf10 is created with scope project and roles: ['member']
2024-10-10 15:08:08.246 62114 INFO tempest.lib.common.dynamic_creds [-] Acquired dynamic creds: credentials: Credentials: {'domain_id': 'default', 'domain_name': 'Default', 'username': 'tempest-NetworksTest-1827169078-project-member', 'project_domain_id': 'default', 'project_domain_name': 'Default', 'project_id': 'e543359d85f9454ab545ccf644a61c96', 'project_name': 'tempest-NetworksTest-1827169078', 'tenant_id': 'e543359d85f9454ab545ccf644a61c96', 'tenant_name': 'tempest-NetworksTest-1827169078', 'user_domain_id': 'default', 'user_domain_name': 'Default', 'user_id': 'd7332afd156348ae99b7b6094c30cf10', 'system': None}, Network: None, Subnet: None, Router: None
2024-10-10 15:08:08.246 62114 INFO tempest.lib.common.dynamic_creds [-] Created isolated network resources for: credentials: Credentials: {'domain_id': 'default', 'domain_name': 'Default', 'username': 'tempest-NetworksTest-1827169078-project-member', 'project_domain_id': 'default', 'project_domain_name': 'Default', 'project_id': 'e543359d85f9454ab545ccf644a61c96', 'project_name': 'tempest-NetworksTest-1827169078', 'tenant_id': 'e543359d85f9454ab545ccf644a61c96', 'tenant_name': 'tempest-NetworksTest-1827169078', 'user_domain_id': 'default', 'user_domain_name': 'Default', 'user_id': 'd7332afd156348ae99b7b6094c30cf10', 'system': None}, Network: None, Subnet: None, Router: None
2024-10-10 15:08:08.307 62098 INFO tempest.lib.common.rest_client [req-a56adabf-df3d-4d00-894b-ec6ffd0efdec req-a56adabf-df3d-4d00-894b-ec6ffd0efdec ] Request (ServerRescueTestJSON:setUpClass): 200 GET http://10.180.1.21/compute/v2.1/servers/1991dad6-eac3-4a85-bac5-549d0c076792 2.064s
2024-10-10 15:08:08.312 62138 INFO tempest.lib.common.rest_client [req-89e514fc-5b83-4f54-8145-e8be74cc95fe req-89e514fc-5b83-4f54-8145-e8be74cc95fe ] Request (ServicesAdminNegativeTestJSON:tearDownClass): 204 DELETE http://10.180.1.21/identity/v3/users/dad9355101be4bd6b7b38bfaad758e02 0.174s
2024-10-10 15:08:08.344 62122 INFO tempest.lib.common.rest_client [req-dea4ef4e-5512-47aa-b4b2-ec876ae8b8b5 req-dea4ef4e-5512-47aa-b4b2-ec876ae8b8b5 ] Request (InstanceActionsTestJSON:setUpClass): 201 POST http://10.180.1.21/identity/v3/auth/tokens 0.183s
2024-10-10 15:08:08.409 62114 INFO tempest.lib.common.rest_client [req-9685175e-8892-4a27-a7de-324e77efb2a1 req-9685175e-8892-4a27-a7de-324e77efb2a1 ] Request (NetworksTest:setUpClass): 201 POST http://10.180.1.21/identity/v3/auth/tokens 0.158s
2024-10-10 15:08:08.417 62110 INFO tempest.lib.common.rest_client [req-0e200c72-5c0b-449c-a774-cd2ee1aa769d req-0e200c72-5c0b-449c-a774-cd2ee1aa769d ] Request (QuotasAdminTestJSON:test_get_updated_quotas): 200 GET http://10.180.1.21/compute/v2.1/os-quota-sets/979f12d61936442aa00c9adefa3ca04b?user_id=aa32f40fc97b4b58a1de67478280f096 2.220s
2024-10-10 15:08:08.476 62100 INFO tempest.lib.common.rest_client [req-190944d0-6d7b-49fa-9745-24595c7c5f28 req-190944d0-6d7b-49fa-9745-24595c7c5f28 ] Request (FlavorsAdminTestJSON:test_create_list_flavor_without_extra_data): 200 GET http://10.180.1.21/compute/v2.1/flavors/detail 2.232s
2024-10-10 15:08:08.485 62126 INFO tempest.lib.common.rest_client [req-337431b1-7597-4f99-abbc-cf515ae4b261 req-337431b1-7597-4f99-abbc-cf515ae4b261 ] Request (VolumesAssistedSnapshotsTest:test_volume_assisted_snapshot_create_delete): 200 GET http://10.180.1.21/compute/v2.1/servers/6e77c34a-7e27-46c8-a1be-b3da6351368e 2.175s
2024-10-10 15:08:08.508 62094 INFO tempest.lib.common.rest_client [req-e4f463de-4eb6-4871-b246-45af3a4f3a34 req-e4f463de-4eb6-4871-b246-45af3a4f3a34 ] Request (ServicesAdminNegativeV253TestJSON:test_get_service_by_invalid_params): 200 GET http://10.180.1.21/compute/v2.1/os-services 1.845s
2024-10-10 15:08:08.512 62138 INFO tempest.lib.common.rest_client [req-3b4de76e-be9d-41f2-b0d5-4b3a2afc0519 req-3b4de76e-be9d-41f2-b0d5-4b3a2afc0519 ] Request (ServicesAdminNegativeTestJSON:tearDownClass): 204 DELETE http://10.180.1.21/identity/v3/users/e612c29bc8844de4986474c665ec37eb 0.198s
2024-10-10 15:08:08.512 62138 INFO tempest.lib.common.dynamic_creds [-] Deleting project and security group for project: df1729a31dd24a53b13e5b4844c47e11
2024-10-10 15:08:08.539 62122 INFO tempest.lib.common.rest_client [req-5ef7dc23-b495-4582-931a-6cfda3754f09 req-5ef7dc23-b495-4582-931a-6cfda3754f09 ] Request (InstanceActionsTestJSON:setUpClass): 201 POST http://10.180.1.21/identity/v3/auth/tokens 0.191s
2024-10-10 15:08:08.539 62116 INFO tempest.lib.common.rest_client [req-e3270732-4bda-4eaf-bbf7-9ddf8e38d47f req-e3270732-4bda-4eaf-bbf7-9ddf8e38d47f ] Request (AttachInterfacesTestJSON:test_create_list_show_delete_interfaces_by_fixed_ip): 200 GET http://10.180.1.21/compute/v2.1/servers/0ab661ac-dd65-40b7-a1eb-12c1ceadb658 2.044s
2024-10-10 15:08:08.578 62114 INFO tempest.lib.common.rest_client [req-0bba67a1-e846-42d7-b07e-c47dd53d0d51 req-0bba67a1-e846-42d7-b07e-c47dd53d0d51 ] Request (NetworksTest:setUpClass): 201 POST http://10.180.1.21/identity/v3/projects 0.168s
2024-10-10 15:08:08.636 62138 INFO tempest.lib.common.rest_client [req-d349ba1d-febd-4f4c-aaab-da6b998b6f69 req-d349ba1d-febd-4f4c-aaab-da6b998b6f69 ] Request (ServicesAdminNegativeTestJSON:tearDownClass): 201 POST http://10.180.1.21/identity/v3/auth/tokens 0.124s
2024-10-10 15:08:08.655 62122 INFO tempest.lib.common.rest_client [req-3b529dd5-33ee-4921-a958-c818d02b7d86 req-3b529dd5-33ee-4921-a958-c818d02b7d86 ] Request (InstanceActionsTestJSON:setUpClass): 200 GET http://10.180.1.21/identity/v3/domains?name=Default 0.116s
2024-10-10 15:08:08.682 62114 INFO tempest.lib.common.rest_client [req-236bc30e-924c-4144-a67f-3977a7bf0db7 req-236bc30e-924c-4144-a67f-3977a7bf0db7 ] Request (NetworksTest:setUpClass): 201 POST http://10.180.1.21/identity/v3/users 0.103s
2024-10-10 15:08:08.693 62132 INFO tempest.lib.common.rest_client [req-bf20d28a-f108-48f6-aa86-f19892891358 req-bf20d28a-f108-48f6-aa86-f19892891358 ] Request (ServerGroupTestJSON:setUpClass): 200 PUT http://10.180.1.21:9696/networking/v2.0/routers/6d695990-3d07-4a4a-a5de-db530ec2a0f9/add_router_interface 1.522s
2024-10-10 15:08:08.694 62132 INFO tempest.lib.common.dynamic_creds [-] Created isolated network resources for: credentials: Credentials: {'domain_id': 'default', 'domain_name': 'Default', 'username': 'tempest-ServerGroupTestJSON-1397571292-project-member', 'project_domain_id': 'default', 'project_domain_name': 'Default', 'project_id': 'b971dfefff8e405ea231c872b7e3ade8', 'project_name': 'tempest-ServerGroupTestJSON-1397571292', 'tenant_id': 'b971dfefff8e405ea231c872b7e3ade8', 'tenant_name': 'tempest-ServerGroupTestJSON-1397571292', 'user_domain_id': 'default', 'user_domain_name': 'Default', 'user_id': '7a3909a54bbb49bb843b22e048b03abe', 'system': None}, Network: {'id': '76f22505-482e-4412-a46e-2a850278ca75', 'name': 'tempest-ServerGroupTestJSON-1299698514-network', 'tenant_id': 'b971dfefff8e405ea231c872b7e3ade8', 'admin_state_up': True, 'mtu': 8950, 'status': 'ACTIVE', 'subnets': [], 'shared': False, 'project_id': 'b971dfefff8e405ea231c872b7e3ade8', 'port_security_enabled': True, 'router:external': False, 'provider:network_type': 'vlan', 'provider:physical_network': 'default', 'provider:segmentation_id': 139, 'is_default': False, 'availability_zone_hints': [], 'availability_zones': [], 'ipv4_address_scope': None, 'ipv6_address_scope': None, 'description': '', 'tags': [], 'created_at': '2024-10-10T15:08:05Z', 'updated_at': '2024-10-10T15:08:05Z', 'revision_number': 1}, Subnet: {'id': '9e7c7379-8b0b-4300-8469-6498fc0edecf', 'name': 'tempest-ServerGroupTestJSON-1299698514-subnet', 'tenant_id': 'b971dfefff8e405ea231c872b7e3ade8', 'network_id': '76f22505-482e-4412-a46e-2a850278ca75', 'ip_version': 4, 'subnetpool_id': None, 'enable_dhcp': True, 'ipv6_ra_mode': None, 'ipv6_address_mode': None, 'gateway_ip': '192.168.128.1', 'cidr': '192.168.128.0/28', 'allocation_pools': [{'start': '192.168.128.2', 'end': '192.168.128.14'}], 'host_routes': [], 'dns_nameservers': [], 'description': '', 'router:external': False, 'service_types': [], 'tags': [], 'created_at': '2024-10-10T15:08:05Z', 'updated_at': '2024-10-10T15:08:05Z', 'revision_number': 0, 'project_id': 'b971dfefff8e405ea231c872b7e3ade8'}, Router: {'id': '6d695990-3d07-4a4a-a5de-db530ec2a0f9', 'name': 'tempest-ServerGroupTestJSON-1299698514-router', 'tenant_id': 'b971dfefff8e405ea231c872b7e3ade8', 'admin_state_up': True, 'status': 'ACTIVE', 'external_gateway_info': {'network_id': '422e1a17-574a-4dab-9a6e-a3147f27d288', 'external_fixed_ips': [{'subnet_id': '0203d5bd-abdc-469d-8fb7-4a1445dfaa0e', 'ip_address': '10.180.180.215'}], 'enable_snat': True}, 'description': '', 'availability_zones': [], 'distributed': False, 'ha': False, 'availability_zone_hints': [], 'routes': [], 'flavor_id': None, 'tags': [], 'created_at': '2024-10-10T15:08:05Z', 'updated_at': '2024-10-10T15:08:06Z', 'revision_number': 2, 'project_id': 'b971dfefff8e405ea231c872b7e3ade8'}
2024-10-10 15:08:08.741 62110 INFO tempest.lib.common.rest_client [req-4607383e-2adb-44c3-b874-a1a284ebe263 req-4607383e-2adb-44c3-b874-a1a284ebe263 ] Request (QuotasAdminTestJSON:_run_cleanups): 204 DELETE http://10.180.1.21/identity/v3/users/aa32f40fc97b4b58a1de67478280f096 0.322s
2024-10-10 15:08:08.814 62122 INFO tempest.lib.common.rest_client [req-201f9996-d28f-4305-8a83-feb20d88cc5e req-201f9996-d28f-4305-8a83-feb20d88cc5e ] Request (InstanceActionsTestJSON:setUpClass): 201 POST http://10.180.1.21/identity/v3/projects 0.158s
2024-10-10 15:08:08.877 62114 INFO tempest.lib.common.rest_client [req-cc59a076-65c8-436a-9b3b-0243aed3f7d6 req-cc59a076-65c8-436a-9b3b-0243aed3f7d6 ] Request (NetworksTest:setUpClass): 200 GET http://10.180.1.21/identity/v3/roles 0.195s
2024-10-10 15:08:08.892 62132 INFO tempest.lib.common.rest_client [req-88f84aa6-4f25-493d-a36c-b035446ef62b req-88f84aa6-4f25-493d-a36c-b035446ef62b ] Request (ServerGroupTestJSON:setUpClass): 201 POST http://10.180.1.21/identity/v3/auth/tokens 0.194s
2024-10-10 15:08:08.898 62130 INFO tempest.lib.common.rest_client [req-deb74de1-4d0f-48e6-b8fb-b1a1b9b1ac66 req-deb74de1-4d0f-48e6-b8fb-b1a1b9b1ac66 ] Request (ServerRescueNegativeTestJSON:setUpClass): 202 POST http://10.180.1.21/compute/v2.1/servers 2.128s
2024-10-10 15:08:08.911 62122 INFO tempest.lib.common.rest_client [req-ec9e8371-5f00-42ff-8c64-be4ae2111afd req-ec9e8371-5f00-42ff-8c64-be4ae2111afd ] Request (InstanceActionsTestJSON:setUpClass): 201 POST http://10.180.1.21/identity/v3/users 0.097s
2024-10-10 15:08:08.937 62114 INFO tempest.lib.common.rest_client [req-4b41f489-1cd6-4141-b00c-c988225572d9 req-4b41f489-1cd6-4141-b00c-c988225572d9 ] Request (NetworksTest:setUpClass): 204 PUT http://10.180.1.21/identity/v3/projects/3d41d20f8ed34c60ae9aee4406e97fc1/users/85e3557634424207b37c76583c614215/roles/ac5909a3ad28450fb292ab017a5b6c6b 0.059s
2024-10-10 15:08:08.949 62138 INFO tempest.lib.common.rest_client [req-9f1ab067-8187-4371-9bd5-697a7001b313 req-9f1ab067-8187-4371-9bd5-697a7001b313 ] Request (ServicesAdminNegativeTestJSON:tearDownClass): 200 GET http://10.180.1.21:9696/networking/v2.0/security-groups?tenant_id=df1729a31dd24a53b13e5b4844c47e11&name=default 0.313s
2024-10-10 15:08:08.970 62134 INFO tempest.lib.common.rest_client [req-39d5e8e8-1d22-4bc7-a0b3-8fefa7ce042f req-39d5e8e8-1d22-4bc7-a0b3-8fefa7ce042f ] Request (DeleteServersAdminTestJSON:test_delete_server_while_in_error_state): 200 GET http://10.180.1.21/compute/v2.1/servers/58288d75-3b8a-4efa-8e4b-6ba453c7627c 2.115s
2024-10-10 15:08:08.972 62110 INFO tempest.lib.common.rest_client [req-2d3f9f21-2151-4fde-9639-2e03822e50c6 req-2d3f9f21-2151-4fde-9639-2e03822e50c6 ] Request (QuotasAdminTestJSON:_run_cleanups): 204 DELETE http://10.180.1.21/identity/v3/projects/979f12d61936442aa00c9adefa3ca04b 0.230s
2024-10-10 15:08:09.030 62114 INFO tempest.lib.common.rest_client [req-951b4546-4190-4bf1-bad5-30af3c644047 req-951b4546-4190-4bf1-bad5-30af3c644047 ] Request (NetworksTest:setUpClass): 200 GET http://10.180.1.21/identity/v3/roles 0.093s
2024-10-10 15:08:09.031 62118 INFO tempest.lib.common.rest_client [req-86f7b8d9-96d5-49be-be27-0e9a82745861 req-86f7b8d9-96d5-49be-be27-0e9a82745861 ] Request (ServerDiskConfigTestJSON:test_rebuild_server_with_auto_disk_config): 200 GET http://10.180.1.21/compute/v2.1/servers/bd3cbd1e-17c8-4c91-a57e-7882d433e8a2 2.091s
2024-10-10 15:08:09.041 62122 INFO tempest.lib.common.rest_client [req-e4bbe55f-5d6e-4c18-ac6b-53fbf5f6cb16 req-e4bbe55f-5d6e-4c18-ac6b-53fbf5f6cb16 ] Request (InstanceActionsTestJSON:setUpClass): 200 GET http://10.180.1.21/identity/v3/roles 0.128s
2024-10-10 15:08:09.063 62114 INFO tempest.lib.common.rest_client [req-dec69333-36ed-4804-bb9d-e63684cf8f0b req-dec69333-36ed-4804-bb9d-e63684cf8f0b ] Request (NetworksTest:setUpClass): 204 PUT http://10.180.1.21/identity/v3/projects/3d41d20f8ed34c60ae9aee4406e97fc1/users/85e3557634424207b37c76583c614215/roles/ac5909a3ad28450fb292ab017a5b6c6b 0.033s
2024-10-10 15:08:09.064 62114 INFO tempest.lib.common.dynamic_creds [-] Dynamic test user 85e3557634424207b37c76583c614215 is created with scope project and roles: ['admin']
2024-10-10 15:08:09.064 62114 INFO tempest.lib.common.dynamic_creds [-] Acquired dynamic creds: credentials: Credentials: {'domain_id': 'default', 'domain_name': 'Default', 'username': 'tempest-NetworksTest-1716467724-project-admin', 'project_domain_id': 'default', 'project_domain_name': 'Default', 'project_id': '3d41d20f8ed34c60ae9aee4406e97fc1', 'project_name': 'tempest-NetworksTest-1716467724', 'tenant_id': '3d41d20f8ed34c60ae9aee4406e97fc1', 'tenant_name': 'tempest-NetworksTest-1716467724', 'user_domain_id': 'default', 'user_domain_name': 'Default', 'user_id': '85e3557634424207b37c76583c614215', 'system': None}, Network: None, Subnet: None, Router: None
2024-10-10 15:08:09.064 62114 INFO tempest.lib.common.dynamic_creds [-] Created isolated network resources for: credentials: Credentials: {'domain_id': 'default', 'domain_name': 'Default', 'username': 'tempest-NetworksTest-1716467724-project-admin', 'project_domain_id': 'default', 'project_domain_name': 'Default', 'project_id': '3d41d20f8ed34c60ae9aee4406e97fc1', 'project_name': 'tempest-NetworksTest-1716467724', 'tenant_id': '3d41d20f8ed34c60ae9aee4406e97fc1', 'tenant_name': 'tempest-NetworksTest-1716467724', 'user_domain_id': 'default', 'user_domain_name': 'Default', 'user_id': '85e3557634424207b37c76583c614215', 'system': None}, Network: None, Subnet: None, Router: None
2024-10-10 15:08:09.079 62096 INFO tempest.lib.common.rest_client [req-e1f72726-38b5-45f8-b1b1-4b2c98c8c359 req-e1f72726-38b5-45f8-b1b1-4b2c98c8c359 ] Request (KeyPairsV22TestJSON:test_keypair_create_delete): 201 POST http://10.180.1.21/compute/v2.1/os-keypairs 2.132s
2024-10-10 15:08:09.096 62138 INFO tempest.lib.common.rest_client [req-ac04b7b9-30c9-4e9d-893f-0999ce765bca req-ac04b7b9-30c9-4e9d-893f-0999ce765bca ] Request (ServicesAdminNegativeTestJSON:tearDownClass): 204 DELETE http://10.180.1.21:9696/networking/v2.0/security-groups/52f66fdd-7fc2-4d97-9867-df2d90cde006 0.146s
2024-10-10 15:08:09.098 62128 INFO tempest.lib.common.rest_client [req-126012a4-dab6-40dd-968d-c0bf49b53288 req-126012a4-dab6-40dd-968d-c0bf49b53288 ] Request (ImagesMetadataNegativeTestJSON:test_update_nonexistent_image_metadata): 404 POST http://10.180.1.21/compute/v2.1/images/caec21e3-29e0-461b-af9d-546f0701efff/metadata 2.119s
2024-10-10 15:08:09.104 62154 INFO tempest.lib.common.rest_client [req-e06c33af-7b53-4755-9bcc-9061f10fdbf4 req-e06c33af-7b53-4755-9bcc-9061f10fdbf4 ] Request (ServerActionsTestOtherA:setUpClass): 202 POST http://10.180.1.21/compute/v2.1/servers 2.324s
2024-10-10 15:08:09.152 62114 INFO tempest.lib.common.rest_client [req-6ecfd33b-2a31-4aab-9f2f-9cd8ad92e1c6 req-6ecfd33b-2a31-4aab-9f2f-9cd8ad92e1c6 ] Request (NetworksTest:setUpClass): 201 POST http://10.180.1.21/identity/v3/auth/tokens 0.083s
2024-10-10 15:08:09.157 62122 INFO tempest.lib.common.rest_client [req-3bed605a-becb-47ae-8074-78a5691e5580 req-3bed605a-becb-47ae-8074-78a5691e5580 ] Request (InstanceActionsTestJSON:setUpClass): 204 PUT http://10.180.1.21/identity/v3/projects/8428447ee38848998cb6348362c79567/users/c3e98f56693e4a34b8b08e18d0e2a929/roles/308063b346f546fa999cc78d9b801522 0.115s
2024-10-10 15:08:09.157 62122 INFO tempest.lib.common.dynamic_creds [-] Dynamic test user c3e98f56693e4a34b8b08e18d0e2a929 is created with scope project and roles: ['member']
2024-10-10 15:08:09.157 62122 INFO tempest.lib.common.dynamic_creds [-] Acquired dynamic creds: credentials: Credentials: {'domain_id': 'default', 'domain_name': 'Default', 'username': 'tempest-InstanceActionsTestJSON-1846945112-project-member', 'project_domain_id': 'default', 'project_domain_name': 'Default', 'project_id': '8428447ee38848998cb6348362c79567', 'project_name': 'tempest-InstanceActionsTestJSON-1846945112', 'tenant_id': '8428447ee38848998cb6348362c79567', 'tenant_name': 'tempest-InstanceActionsTestJSON-1846945112', 'user_domain_id': 'default', 'user_domain_name': 'Default', 'user_id': 'c3e98f56693e4a34b8b08e18d0e2a929', 'system': None}, Network: None, Subnet: None, Router: None
2024-10-10 15:08:09.257 62138 INFO tempest.lib.common.rest_client [req-884da8ad-83ca-40cc-9daa-9c06efb2d40c req-884da8ad-83ca-40cc-9daa-9c06efb2d40c ] Request (ServicesAdminNegativeTestJSON:tearDownClass): 204 DELETE http://10.180.1.21/identity/v3/projects/df1729a31dd24a53b13e5b4844c47e11 0.161s
2024-10-10 15:08:09.258 62138 INFO tempest.lib.common.dynamic_creds [-] Deleting project and security group for project: 1865afc71eeb47fba2f80ce4b3c871ca
2024-10-10 15:08:09.273 62128 INFO tempest.lib.common.rest_client [req-3e392ffd-f6b0-4d90-9486-44f4ebed3471 req-3e392ffd-f6b0-4d90-9486-44f4ebed3471 ] Request (ImagesMetadataNegativeTestJSON:tearDownClass): 204 DELETE http://10.180.1.21/identity/v3/users/67db5cd5ef0a48eea94a6a1fa409887a 0.172s
2024-10-10 15:08:09.273 62128 INFO tempest.lib.common.dynamic_creds [-] Deleting project and security group for project: 52264bd7bede45e486c174bf638592a8
2024-10-10 15:08:09.336 62150 INFO tempest.lib.common.rest_client [req-88e7fcec-971d-4cec-a36b-7def0786888f req-88e7fcec-971d-4cec-a36b-7def0786888f ] Request (ListImageFiltersTestJSON:setUpClass): 202 POST http://10.180.1.21/compute/v2.1/servers 2.128s
2024-10-10 15:08:09.342 62122 INFO tempest.lib.common.rest_client [req-94f489fd-becd-497f-b5fb-80f1c388f7f8 req-94f489fd-becd-497f-b5fb-80f1c388f7f8 ] Request (InstanceActionsTestJSON:setUpClass): 201 POST http://10.180.1.21/identity/v3/auth/tokens 0.183s
2024-10-10 15:08:09.365 62128 INFO tempest.lib.common.rest_client [req-bb991ec8-6b89-482f-85ba-1fdd65c4ff84 req-bb991ec8-6b89-482f-85ba-1fdd65c4ff84 ] Request (ImagesMetadataNegativeTestJSON:tearDownClass): 201 POST http://10.180.1.21/identity/v3/auth/tokens 0.091s
2024-10-10 15:08:09.379 62138 INFO tempest.lib.common.rest_client [req-637f0ff9-ce27-4065-902e-6bc18efc30a6 req-637f0ff9-ce27-4065-902e-6bc18efc30a6 ] Request (ServicesAdminNegativeTestJSON:tearDownClass): 200 GET http://10.180.1.21:9696/networking/v2.0/security-groups?tenant_id=1865afc71eeb47fba2f80ce4b3c871ca&name=default 0.121s
2024-10-10 15:08:09.428 62153 INFO tempest.lib.common.rest_client [req-55e8b11a-42c9-4594-be25-ae8b489435e3 req-55e8b11a-42c9-4594-be25-ae8b489435e3 ] Request (ServersAdmin275Test:test_rebuild_update_server_275): 200 GET http://10.180.1.21/compute/v2.1/servers/9f2bbdd7-0925-439e-ad65-4fa0d03e89e1 2.097s
2024-10-10 15:08:09.442 62121 INFO tempest.lib.common.rest_client [req-71d52b8a-7351-434c-bcab-a96e6f4221de req-71d52b8a-7351-434c-bcab-a96e6f4221de ] Request (ServerActionsTestJSON:setUpClass): 200 POST http://10.180.1.21/compute/v2.1/os-keypairs 2.211s
2024-10-10 15:08:09.509 62112 INFO tempest.lib.common.rest_client [req-f2ef4a53-a526-4be3-a6fe-7ffa0cf63f3b req-f2ef4a53-a526-4be3-a6fe-7ffa0cf63f3b ] Request (ServerDiagnosticsNegativeTest:test_get_server_diagnostics_by_non_admin): 200 GET http://10.180.1.21/compute/v2.1/servers/0ab9b146-7592-49f2-a5a8-155c977a48e5 1.931s
2024-10-10 15:08:09.516 62112 INFO tempest.common.waiters [-] State transition "BUILD/scheduling" ==> "BUILD/None" after 5 second wait
2024-10-10 15:08:09.521 62104 INFO tempest.lib.common.rest_client [req-8f266988-6117-4d6c-a157-329ca2145fb4 req-8f266988-6117-4d6c-a157-329ca2145fb4 ] Request (AttachInterfacesUnderV243Test:test_add_remove_fixed_ip): 200 GET http://10.180.1.21/compute/v2.1/servers/426e490f-82f7-4792-b61f-8c3210973ca8 1.765s
2024-10-10 15:08:09.592 62108 INFO tempest.lib.common.rest_client [req-19d70de5-b08b-4590-b8a6-f1871ec8b4ec req-19d70de5-b08b-4590-b8a6-f1871ec8b4ec ] Request (VolumesAdminNegativeTest:test_update_attached_volume_with_nonexistent_volume_in_body): 200 GET http://10.180.1.21/compute/v2.1/servers/3e4316c7-92b0-4c6f-95c5-f929a9845d6d 1.654s
