2024-10-10 15:08:24.942 62124 INFO tempest.lib.common.rest_client [req-9d191734-7f26-4540-b4a9-db9941309000 req-9d191734-7f26-4540-b4a9-db9941309000 ] Request (SecurityGroupsTestJSON:test_list_security_groups_by_server): 201 POST http://10.180.1.21/identity/v3/auth/tokens 0.107s
2024-10-10 15:08:24.943 62124 INFO tempest.lib.common.fixed_network [-] (SecurityGroupsTestJSON:test_list_security_groups_by_server) Found network {'id': '17a35bdc-7ac0-400f-8bbd-65af8e982085', 'name': 'tempest-SecurityGroupsTestJSON-1269056560-network', 'tenant_id': '41728fddf8974551aea7b044d17ce81b', 'admin_state_up': True, 'mtu': 8950, 'status': 'ACTIVE', 'subnets': [], 'shared': False, 'project_id': '41728fddf8974551aea7b044d17ce81b', 'port_security_enabled': True, 'router:external': False, 'provider:network_type': 'vlan', 'provider:physical_network': 'default', 'provider:segmentation_id': 202, 'is_default': False, 'availability_zone_hints': [], 'availability_zones': [], 'ipv4_address_scope': None, 'ipv6_address_scope': None, 'description': '', 'tags': [], 'created_at': '2024-10-10T15:08:16Z', 'updated_at': '2024-10-10T15:08:16Z', 'revision_number': 1} available for tenant
2024-10-10 15:08:24.966 62140 INFO tempest.lib.common.rest_client [req-f0e29ff3-e3bc-4c9a-a6d9-0a8dd7a64d99 req-f0e29ff3-e3bc-4c9a-a6d9-0a8dd7a64d99 ] Request (AZV2TestJSON:tearDownClass): 204 DELETE http://10.180.1.21:9696/networking/v2.0/security-groups/90df0a62-9600-4d57-bb94-fdf278e6d2f3 0.176s
2024-10-10 15:08:24.984 62121 INFO tempest.lib.common.rest_client [req-e8f17fa4-e2cc-4fe8-8bef-31145afd372b req-e8f17fa4-e2cc-4fe8-8bef-31145afd372b ] Request (ServerActionsTestJSON:setUpClass): 200 GET http://10.180.1.21/compute/v2.1/servers/cc9c73ab-427b-4951-b0be-043746971707 1.375s
2024-10-10 15:08:25.001 62110 INFO tempest.lib.common.rest_client [req-f270af80-5563-4132-8760-746a48d68aed req-f270af80-5563-4132-8760-746a48d68aed ] Request (QuotasAdminNegativeTest:test_create_server_when_memory_quota_is_full): 201 POST http://10.180.1.21/identity/v3/auth/tokens 0.140s
2024-10-10 15:08:25.001 62110 INFO tempest.lib.common.fixed_network [-] (QuotasAdminNegativeTest:test_create_server_when_memory_quota_is_full) Found network None available for tenant
2024-10-10 15:08:25.007 62102 INFO tempest.lib.common.rest_client [req-71483424-b843-4d16-9340-44046c9bc3b8 req-71483424-b843-4d16-9340-44046c9bc3b8 ] Request (FlavorsExtraSpecsTestJSON:test_flavor_set_get_update_show_unset_keys): 200 PUT http://10.180.1.21/compute/v2.1/flavors/217795482/os-extra_specs/hw:numa_nodes 1.375s
2024-10-10 15:08:25.046 62134 INFO tempest.lib.common.rest_client [req-bd5e3269-6406-404b-803e-2c3b246e56f7 req-bd5e3269-6406-404b-803e-2c3b246e56f7 ] Request (DeleteServersAdminTestJSON:test_delete_server_while_in_error_state): 200 GET http://10.180.1.21/compute/v2.1/servers/58288d75-3b8a-4efa-8e4b-6ba453c7627c 1.490s
2024-10-10 15:08:25.046 62140 INFO tempest.lib.common.rest_client [req-b8e87398-85ac-4e76-9022-c5ce9640cb42 req-b8e87398-85ac-4e76-9022-c5ce9640cb42 ] Request (AZV2TestJSON:tearDownClass): 204 DELETE http://10.180.1.21/identity/v3/projects/c2c4a34977fa40459e090b0a1bff89d1 0.079s
2024-10-10 15:08:25.120 62140 INFO tempest.lib.common.rest_client [req-d27f958c-8245-4948-a217-52043da9052b req-d27f958c-8245-4948-a217-52043da9052b ] Request (ServersTestBootFromVolume:setUpClass): 201 POST http://10.180.1.21/identity/v3/auth/tokens 0.072s
2024-10-10 15:08:25.126 62153 INFO tempest.lib.common.rest_client [req-611fa541-5d24-40ca-97b3-4e203daab36d req-611fa541-5d24-40ca-97b3-4e203daab36d ] Request (ServersAdmin275Test:test_rebuild_update_server_275): 200 GET http://10.180.1.21/compute/v2.1/servers/9f2bbdd7-0925-439e-ad65-4fa0d03e89e1 1.399s
2024-10-10 15:08:25.151 62140 INFO tempest.lib.common.rest_client [req-ef90f17d-4275-4cb1-aa5a-a9c96989085f req-ef90f17d-4275-4cb1-aa5a-a9c96989085f ] Request (ServersTestBootFromVolume:setUpClass): 201 POST http://10.180.1.21/identity/v3/auth/tokens 0.029s
2024-10-10 15:08:25.184 62140 INFO tempest.lib.common.rest_client [req-24928414-4503-4202-940c-716656815373 req-24928414-4503-4202-940c-716656815373 ] Request (ServersTestBootFromVolume:setUpClass): 200 GET http://10.180.1.21/identity/v3/domains?name=Default 0.032s
2024-10-10 15:08:25.198 62112 INFO tempest.lib.common.rest_client [req-c5b66468-74c9-4dc1-9f74-9c48fa8c24ea req-c5b66468-74c9-4dc1-9f74-9c48fa8c24ea ] Request (ServerDiagnosticsNegativeTest:test_get_server_diagnostics_by_non_admin): 200 GET http://10.180.1.21/compute/v2.1/servers/0ab9b146-7592-49f2-a5a8-155c977a48e5 1.465s
2024-10-10 15:08:25.217 62140 INFO tempest.lib.common.rest_client [req-03d0462e-93a7-46f8-b24a-e3e762bfe2b6 req-03d0462e-93a7-46f8-b24a-e3e762bfe2b6 ] Request (ServersTestBootFromVolume:setUpClass): 201 POST http://10.180.1.21/identity/v3/projects 0.032s
2024-10-10 15:08:25.264 62118 INFO tempest.lib.common.rest_client [req-86e6ebd6-14db-42c4-804a-9aa290968eab req-86e6ebd6-14db-42c4-804a-9aa290968eab ] Request (ServerDiskConfigTestJSON:test_rebuild_server_with_auto_disk_config): 200 GET http://10.180.1.21/compute/v2.1/servers/bd3cbd1e-17c8-4c91-a57e-7882d433e8a2 1.608s
2024-10-10 15:08:25.266 62132 INFO tempest.lib.common.rest_client [req-224bc789-f6a7-4fae-9ef0-85eaa2db95e9 req-224bc789-f6a7-4fae-9ef0-85eaa2db95e9 ] Request (ServerGroupTestJSON:test_create_server_with_scheduler_hint_group): 200 GET http://10.180.1.21/compute/v2.1/servers/b647c33b-5666-4e47-a253-6fe5d1587c98 1.463s
2024-10-10 15:08:25.272 62118 INFO tempest.common.waiters [-] State transition "BUILD/None" ==> "BUILD/block_device_mapping" after 22 second wait
2024-10-10 15:08:25.303 62140 INFO tempest.lib.common.rest_client [req-a3eb9797-dbf9-43cb-a0cd-07804942e6ad req-a3eb9797-dbf9-43cb-a0cd-07804942e6ad ] Request (ServersTestBootFromVolume:setUpClass): 201 POST http://10.180.1.21/identity/v3/users 0.085s
2024-10-10 15:08:25.323 62140 INFO tempest.lib.common.rest_client [req-632b5dba-5d9b-491d-836f-7abe9a61da8e req-632b5dba-5d9b-491d-836f-7abe9a61da8e ] Request (ServersTestBootFromVolume:setUpClass): 200 GET http://10.180.1.21/identity/v3/roles 0.019s
2024-10-10 15:08:25.330 62104 INFO tempest.lib.common.rest_client [req-ca62453d-1c66-4960-b35c-be10490ef796 req-ca62453d-1c66-4960-b35c-be10490ef796 ] Request (AttachInterfacesUnderV243Test:test_add_remove_fixed_ip): 200 GET http://10.180.1.21/compute/v2.1/servers/426e490f-82f7-4792-b61f-8c3210973ca8 1.450s
2024-10-10 15:08:25.331 62108 INFO tempest.lib.common.rest_client [req-15c42a80-53fe-4451-8fe2-72e9464d2a1c req-15c42a80-53fe-4451-8fe2-72e9464d2a1c ] Request (VolumesAdminNegativeTest:test_update_attached_volume_with_nonexistent_volume_in_body): 200 GET http://10.180.1.21/compute/v2.1/servers/3e4316c7-92b0-4c6f-95c5-f929a9845d6d 1.451s
2024-10-10 15:08:25.359 62140 INFO tempest.lib.common.rest_client [req-cfc5ef8a-c5a3-46b4-88e6-2371ea6fc309 req-cfc5ef8a-c5a3-46b4-88e6-2371ea6fc309 ] Request (ServersTestBootFromVolume:setUpClass): 204 PUT http://10.180.1.21/identity/v3/projects/ac67ed01ae424b08ac2fff59dedec67a/users/ab85ccadfb9441c2979ef42fc27f8cb7/roles/308063b346f546fa999cc78d9b801522 0.035s
2024-10-10 15:08:25.359 62140 INFO tempest.lib.common.dynamic_creds [-] Dynamic test user ab85ccadfb9441c2979ef42fc27f8cb7 is created with scope project and roles: ['member']
2024-10-10 15:08:25.359 62140 INFO tempest.lib.common.dynamic_creds [-] Acquired dynamic creds: credentials: Credentials: {'domain_id': 'default', 'domain_name': 'Default', 'username': 'tempest-ServersTestBootFromVolume-1867471883-project-member', 'project_domain_id': 'default', 'project_domain_name': 'Default', 'project_id': 'ac67ed01ae424b08ac2fff59dedec67a', 'project_name': 'tempest-ServersTestBootFromVolume-1867471883', 'tenant_id': 'ac67ed01ae424b08ac2fff59dedec67a', 'tenant_name': 'tempest-ServersTestBootFromVolume-1867471883', 'user_domain_id': 'default', 'user_domain_name': 'Default', 'user_id': 'ab85ccadfb9441c2979ef42fc27f8cb7', 'system': None}, Network: None, Subnet: None, Router: None
2024-10-10 15:08:25.393 62144 INFO tempest.lib.common.rest_client [req-f6dcf1f6-b7f5-43c7-a8bd-c158c4ac44a7 req-f6dcf1f6-b7f5-43c7-a8bd-c158c4ac44a7 ] Request (ServersWithSpecificFlavorTestJSON:test_verify_created_server_ephemeral_disk): 200 GET http://10.180.1.21/compute/v2.1/servers/6acc2d77-58a6-45f1-894d-6057a6ddb98c 1.443s
2024-10-10 15:08:25.396 62114 INFO tempest.lib.common.rest_client [req-5012a06c-87ad-43f0-8754-d84ff041ed5e req-5012a06c-87ad-43f0-8754-d84ff041ed5e ] Request (ServerShowV257Test:test_rebuild_server): 200 GET http://10.180.1.21/compute/v2.1/servers/314d0be4-4e0a-418c-95f0-ab6cd79fd5a2 1.356s
2024-10-10 15:08:25.433 62140 INFO tempest.lib.common.rest_client [req-901499ae-511b-4fc1-aaaa-26edb2ed00b8 req-901499ae-511b-4fc1-aaaa-26edb2ed00b8 ] Request (ServersTestBootFromVolume:setUpClass): 201 POST http://10.180.1.21/identity/v3/auth/tokens 0.073s
2024-10-10 15:08:25.451 62106 INFO tempest.lib.common.rest_client [req-b2560f71-08d4-4744-a623-366c66845689 req-b2560f71-08d4-4744-a623-366c66845689 ] Request (ImagesNegativeTestJSON:test_create_image_from_deleted_server): 200 GET http://10.180.1.21/compute/v2.1/servers/e7b29521-65a2-423a-b5d2-3314cc55b7b5 1.326s
2024-10-10 15:08:25.462 62130 INFO tempest.lib.common.rest_client [req-45f9e424-f3fe-4f22-a525-7228efc1464b req-45f9e424-f3fe-4f22-a525-7228efc1464b ] Request (ServerRescueNegativeTestJSON:setUpClass): 200 GET http://10.180.1.21/compute/v2.1/servers/eb1b2f3c-ad03-4d31-91eb-9449c6197255 1.370s
2024-10-10 15:08:25.501 62142 INFO tempest.lib.common.rest_client [req-19e24e36-c342-43dc-9ce9-4374f6bcb99b req-19e24e36-c342-43dc-9ce9-4374f6bcb99b ] Request (ServersAdminTestJSON:setUpClass): 200 GET http://10.180.1.21/compute/v2.1/servers/cf5d59b1-cd31-46d5-8a3f-5368169a3941 1.262s
2024-10-10 15:08:25.513 62092 INFO tempest.lib.common.rest_client [req-89e70877-e931-4003-8c48-dace29326949 req-89e70877-e931-4003-8c48-dace29326949 ] Request (FloatingIPsAssociationTestJSON:setUpClass): 201 POST http://10.180.1.21:9696/networking/v2.0/routers 1.540s
2024-10-10 15:08:25.515 62154 INFO tempest.lib.common.rest_client [req-92613d2c-ac13-478b-a996-3b6e7a3573c3 req-92613d2c-ac13-478b-a996-3b6e7a3573c3 ] Request (ServerActionsTestOtherA:setUpClass): 200 GET http://10.180.1.21/compute/v2.1/servers/654456e2-cecb-4073-a953-69096c951fef 1.264s
2024-10-10 15:08:25.568 62122 INFO tempest.lib.common.rest_client [req-15676eb2-ed91-458d-ae46-c11eb90f2b4a req-15676eb2-ed91-458d-ae46-c11eb90f2b4a ] Request (InstanceActionsTestJSON:setUpClass): 200 GET http://10.180.1.21/compute/v2.1/servers/47768c87-0a7c-4451-8b09-0b85a613c96d 1.130s
2024-10-10 15:08:25.602 62128 INFO tempest.lib.common.rest_client [req-2a6f29df-f298-4ee6-ae04-f6e7e26b0c65 req-2a6f29df-f298-4ee6-ae04-f6e7e26b0c65 ] Request (ListServerFiltersTestJSON:setUpClass): 200 GET http://10.180.1.21/compute/v2.1/servers/1d2ad2a5-c80f-42d6-918e-3fdace683d93 1.307s
2024-10-10 15:08:25.617 62148 INFO tempest.lib.common.rest_client [req-636e1762-c5b0-4ad7-97fb-ad6a4b25d5cc req-636e1762-c5b0-4ad7-97fb-ad6a4b25d5cc ] Request (MultipleCreateTestJSON:test_multiple_create_with_reservation_return): 200 GET http://10.180.1.21/compute/v2.1/servers/0c020ac4-5458-459b-b847-14029502ef0b 1.140s
2024-10-10 15:08:25.627 62146 INFO tempest.lib.common.rest_client [req-223dd9d8-2a0a-40ae-a2da-833177f657c7 req-223dd9d8-2a0a-40ae-a2da-833177f657c7 ] Request (TenantUsagesTestJSON:setUpClass): 404 GET http://10.180.1.21/compute/v2.1/servers/198f1144-f06f-4095-92cc-1a9d05d7bc1c 1.086s
2024-10-10 15:08:25.628 62146 INFO tempest.test [-] raised in TenantUsagesTestJSON.setUpClass. Invoking tearDownClass.
2024-10-10 15:08:25.716 62094 INFO tempest.lib.common.rest_client [req-b2a61580-b253-4786-8d47-925d349dee57 req-b2a61580-b253-4786-8d47-925d349dee57 ] Request (InstanceActionsNegativeTestJSON:setUpClass): 200 GET http://10.180.1.21/compute/v2.1/servers/a3a78c0e-9db4-4699-877b-5db8f6921463 1.093s
2024-10-10 15:08:25.724 62098 INFO tempest.lib.common.rest_client [req-b2376bd8-d76d-4ecd-9d6e-67f1b56b56ce req-b2376bd8-d76d-4ecd-9d6e-67f1b56b56ce ] Request (ServerRescueTestJSON:setUpClass): 200 GET http://10.180.1.21/compute/v2.1/servers/1991dad6-eac3-4a85-bac5-549d0c076792 1.175s
2024-10-10 15:08:25.821 62096 INFO tempest.lib.common.rest_client [req-2e333d6d-8fcf-49e5-ab85-4db99b455a04 req-2e333d6d-8fcf-49e5-ab85-4db99b455a04 ] Request (KeyPairsV22TestJSON:_run_cleanups): 204 DELETE http://10.180.1.21/compute/v2.1/os-keypairs/tempest-keypair-854050997 0.979s
2024-10-10 15:08:25.849 62100 INFO tempest.lib.common.rest_client [req-36233da6-140a-480e-a0b2-fdde25675c5e req-36233da6-140a-480e-a0b2-fdde25675c5e ] Request (FlavorsAdminTestJSON:_run_cleanups): 200 GET http://10.180.1.21/compute/v2.1/flavors/detail 0.925s
2024-10-10 15:08:25.903 62116 INFO tempest.lib.common.rest_client [req-a162fdf0-09cc-437a-ad7c-02ea5b54f8b4 req-a162fdf0-09cc-437a-ad7c-02ea5b54f8b4 ] Request (AttachInterfacesTestJSON:test_create_list_show_delete_interfaces_by_fixed_ip): 200 GET http://10.180.1.21/compute/v2.1/servers/0ab661ac-dd65-40b7-a1eb-12c1ceadb658 1.271s
2024-10-10 15:08:25.963 62146 INFO tempest.lib.common.rest_client [req-5aed2428-6464-4970-aace-2985c6cd258c req-5aed2428-6464-4970-aace-2985c6cd258c ] Request (TenantUsagesTestJSON:tearDownClass): 204 DELETE http://10.180.1.21/identity/v3/users/4fb0f2d2a5a945eaa83511e658eab4f7 0.333s
2024-10-10 15:08:26.041 62140 INFO tempest.lib.common.rest_client [req-56db383f-21e6-4fc8-871c-c1faf477d751 req-56db383f-21e6-4fc8-871c-c1faf477d751 ] Request (ServersTestBootFromVolume:setUpClass): 201 POST http://10.180.1.21:9696/networking/v2.0/networks 0.607s
2024-10-10 15:08:26.082 62136 INFO tempest.lib.common.rest_client [req-b28b4c3c-8caa-48e7-a364-ec0a14c1dbaf req-b28b4c3c-8caa-48e7-a364-ec0a14c1dbaf ] Request (FlavorsV2NegativeTest:test_boot_with_low_ram): 400 POST http://10.180.1.21/compute/v2.1/servers 1.157s
2024-10-10 15:08:26.093 62096 INFO tempest.lib.common.rest_client [req-2b942875-b970-4734-9608-a590e70973b9 req-2b942875-b970-4734-9608-a590e70973b9 ] Request (KeyPairsV22TestJSON:tearDownClass): 204 DELETE http://10.180.1.21/identity/v3/users/b9cccd01160e40868900deb239259c80 0.270s
2024-10-10 15:08:26.094 62096 INFO tempest.lib.common.dynamic_creds [-] Deleting project and security group for project: 67d4f7b69cdd4619856d54310f5fa579
2024-10-10 15:08:26.094 62146 INFO tempest.lib.common.rest_client [req-a4216a74-ec5c-4e9c-a525-d47710490685 req-a4216a74-ec5c-4e9c-a525-d47710490685 ] Request (TenantUsagesTestJSON:tearDownClass): 204 DELETE http://10.180.1.21/identity/v3/users/b03fc23f04ca4d669a73fe895390b69d 0.131s
2024-10-10 15:08:26.095 62146 INFO tempest.lib.common.dynamic_creds [-] Deleting project and security group for project: 4efdc6d369534615a87ae7bbb1b43085
2024-10-10 15:08:26.161 62136 INFO tempest.lib.common.rest_client [req-46d55bf2-302a-46d9-a4ab-b913f7776a87 req-46d55bf2-302a-46d9-a4ab-b913f7776a87 ] Request (FlavorsV2NegativeTest:_run_cleanups): 204 DELETE http://10.180.1.21/image/v2/images/32db481f-f6f9-43e5-9636-e9d908477fd2 0.078s
2024-10-10 15:08:26.161 62146 INFO tempest.lib.common.rest_client [req-dadbb4f9-f7ea-4b59-b6b1-d18f74f867f2 req-dadbb4f9-f7ea-4b59-b6b1-d18f74f867f2 ] Request (TenantUsagesTestJSON:tearDownClass): 201 POST http://10.180.1.21/identity/v3/auth/tokens 0.067s
2024-10-10 15:08:26.163 62096 INFO tempest.lib.common.rest_client [req-2bd468c3-59b0-4ce9-a790-4121fb650b80 req-2bd468c3-59b0-4ce9-a790-4121fb650b80 ] Request (KeyPairsV22TestJSON:tearDownClass): 201 POST http://10.180.1.21/identity/v3/auth/tokens 0.069s
2024-10-10 15:08:26.183 62126 INFO tempest.lib.common.rest_client [req-b083f2a4-7311-4596-bd74-1b6f5f3d68d6 req-b083f2a4-7311-4596-bd74-1b6f5f3d68d6 ] Request (VolumesAssistedSnapshotsTest:test_volume_assisted_snapshot_create_delete): 200 GET http://10.180.1.21/compute/v2.1/servers/6e77c34a-7e27-46c8-a1be-b3da6351368e 1.215s
2024-10-10 15:08:26.235 62136 INFO tempest.lib.common.rest_client [req-faa4268a-f0e1-4795-a43e-80cc12841e1e req-faa4268a-f0e1-4795-a43e-80cc12841e1e ] Request (FlavorsV2NegativeTest:tearDownClass): 204 DELETE http://10.180.1.21/identity/v3/users/0c2018e518554a42ba75044573e0ba5b 0.072s
2024-10-10 15:08:26.236 62136 INFO tempest.lib.common.dynamic_creds [-] Deleting project and security group for project: 8e4805c2f835407f9ac4d9528221f430
2024-10-10 15:08:26.324 62136 INFO tempest.lib.common.rest_client [req-aa09f0a8-45d9-4099-b61a-1ce04f8cec92 req-aa09f0a8-45d9-4099-b61a-1ce04f8cec92 ] Request (FlavorsV2NegativeTest:tearDownClass): 201 POST http://10.180.1.21/identity/v3/auth/tokens 0.089s
2024-10-10 15:08:26.439 62110 INFO tempest.lib.common.rest_client [req-d54c4d73-6f36-40a7-85ea-98b6138b1159 req-d54c4d73-6f36-40a7-85ea-98b6138b1159 ] Request (QuotasAdminNegativeTest:test_create_server_when_memory_quota_is_full): 403 POST http://10.180.1.21/compute/v2.1/servers 1.436s
2024-10-10 15:08:26.449 62102 INFO tempest.lib.common.rest_client [req-264a9de4-955a-4437-b40e-47cbb26a82fb req-264a9de4-955a-4437-b40e-47cbb26a82fb ] Request (FlavorsExtraSpecsTestJSON:test_flavor_set_get_update_show_unset_keys): 200 GET http://10.180.1.21/compute/v2.1/flavors/217795482/os-extra_specs 1.441s
2024-10-10 15:08:26.466 62146 INFO tempest.lib.common.rest_client [req-c5ae6ec5-48c4-4100-8565-8842142557eb req-c5ae6ec5-48c4-4100-8565-8842142557eb ] Request (TenantUsagesTestJSON:tearDownClass): 200 GET http://10.180.1.21:9696/networking/v2.0/security-groups?tenant_id=4efdc6d369534615a87ae7bbb1b43085&name=default 0.304s
2024-10-10 15:08:26.536 62096 INFO tempest.lib.common.rest_client [req-a493ad5f-30e5-4d60-a517-f39576a1c550 req-a493ad5f-30e5-4d60-a517-f39576a1c550 ] Request (KeyPairsV22TestJSON:tearDownClass): 200 GET http://10.180.1.21:9696/networking/v2.0/security-groups?tenant_id=67d4f7b69cdd4619856d54310f5fa579&name=default 0.373s
2024-10-10 15:08:26.548 62150 INFO tempest.lib.common.rest_client [req-cfa94372-7ea0-4c12-8264-8a79d0722f63 req-cfa94372-7ea0-4c12-8264-8a79d0722f63 ] Request (ListImageFiltersTestJSON:setUpClass): 200 GET http://10.180.1.21/compute/v2.1/servers/6e3c0489-b436-4482-9346-3e21fd6e9118 1.346s
2024-10-10 15:08:26.566 62100 INFO tempest.lib.common.rest_client [req-316b064c-c6a1-4eae-8f9b-dafbf137404d req-316b064c-c6a1-4eae-8f9b-dafbf137404d ] Request (FlavorsAdminTestJSON:test_list_non_public_flavor): 200 POST http://10.180.1.21/compute/v2.1/flavors 0.711s
2024-10-10 15:08:26.626 62124 INFO tempest.lib.common.rest_client [req-fb00c1ae-531b-47e0-bb31-8800924a5483 req-fb00c1ae-531b-47e0-bb31-8800924a5483 ] Request (SecurityGroupsTestJSON:test_list_security_groups_by_server): 202 POST http://10.180.1.21/compute/v2.1/servers 1.682s
2024-10-10 15:08:26.636 62121 INFO tempest.lib.common.rest_client [req-11fee1ba-dc39-4cfb-b53c-c0f721ae51be req-11fee1ba-dc39-4cfb-b53c-c0f721ae51be ] Request (ServerActionsTestJSON:setUpClass): 200 GET http://10.180.1.21/compute/v2.1/servers/cc9c73ab-427b-4951-b0be-043746971707 0.646s
2024-10-10 15:08:26.641 62140 INFO tempest.lib.common.rest_client [req-7c30c0f9-aaac-42cd-83b1-666658f2a720 req-7c30c0f9-aaac-42cd-83b1-666658f2a720 ] Request (ServersTestBootFromVolume:setUpClass): 201 POST http://10.180.1.21:9696/networking/v2.0/subnets 0.599s
2024-10-10 15:08:26.684 62136 INFO tempest.lib.common.rest_client [req-49895f0b-0eb0-4733-9e4e-0dd774612083 req-49895f0b-0eb0-4733-9e4e-0dd774612083 ] Request (FlavorsV2NegativeTest:tearDownClass): 200 GET http://10.180.1.21:9696/networking/v2.0/security-groups?tenant_id=8e4805c2f835407f9ac4d9528221f430&name=default 0.359s
2024-10-10 15:08:26.732 62134 INFO tempest.lib.common.rest_client [req-13a6c252-f398-43d5-9074-69e0ea23daef req-13a6c252-f398-43d5-9074-69e0ea23daef ] Request (DeleteServersAdminTestJSON:test_delete_server_while_in_error_state): 200 GET http://10.180.1.21/compute/v2.1/servers/58288d75-3b8a-4efa-8e4b-6ba453c7627c 0.678s
2024-10-10 15:08:26.734 62153 INFO tempest.lib.common.rest_client [req-7c86c869-07a1-40f2-ab78-d52464d04fd3 req-7c86c869-07a1-40f2-ab78-d52464d04fd3 ] Request (ServersAdmin275Test:test_rebuild_update_server_275): 200 GET http://10.180.1.21/compute/v2.1/servers/9f2bbdd7-0925-439e-ad65-4fa0d03e89e1 0.598s
2024-10-10 15:08:26.748 62153 INFO tempest.common.waiters [-] State transition "REBUILD/rebuild_spawning" ==> "ACTIVE/None" after 13 second wait
2024-10-10 15:08:26.760 62146 INFO tempest.lib.common.rest_client [req-8045d2d1-9e2f-4589-b120-82895983170c req-8045d2d1-9e2f-4589-b120-82895983170c ] Request (TenantUsagesTestJSON:tearDownClass): 204 DELETE http://10.180.1.21:9696/networking/v2.0/security-groups/fb641303-b87b-411c-ac35-5e98d32ab6b7 0.293s
2024-10-10 15:08:26.842 62096 INFO tempest.lib.common.rest_client [req-e0f0be7d-ae1f-4a3a-be6f-f9d9872060a2 req-e0f0be7d-ae1f-4a3a-be6f-f9d9872060a2 ] Request (KeyPairsV22TestJSON:tearDownClass): 204 DELETE http://10.180.1.21:9696/networking/v2.0/security-groups/ae4ff52e-f47c-4de6-9550-6ca6b1ae2a14 0.306s
2024-10-10 15:08:26.858 62146 INFO tempest.lib.common.rest_client [req-4e5c6726-317e-45ca-8898-a80e76c61f39 req-4e5c6726-317e-45ca-8898-a80e76c61f39 ] Request (TenantUsagesTestJSON:tearDownClass): 204 DELETE http://10.180.1.21/identity/v3/projects/4efdc6d369534615a87ae7bbb1b43085 0.097s
2024-10-10 15:08:26.858 62146 INFO tempest.lib.common.dynamic_creds [-] Deleting project and security group for project: ffc8d6eb59554171957e32240e0d174c
2024-10-10 15:08:26.859 62112 INFO tempest.lib.common.rest_client [req-a6b0cc8b-1803-4a0c-aa03-78268a9e3ba5 req-a6b0cc8b-1803-4a0c-aa03-78268a9e3ba5 ] Request (ServerDiagnosticsNegativeTest:test_get_server_diagnostics_by_non_admin): 200 GET http://10.180.1.21/compute/v2.1/servers/0ab9b146-7592-49f2-a5a8-155c977a48e5 0.654s
2024-10-10 15:08:26.927 62132 INFO tempest.lib.common.rest_client [req-760c9e84-b578-4f3e-a608-b89199428a87 req-760c9e84-b578-4f3e-a608-b89199428a87 ] Request (ServerGroupTestJSON:test_create_server_with_scheduler_hint_group): 200 GET http://10.180.1.21/compute/v2.1/servers/b647c33b-5666-4e47-a253-6fe5d1587c98 0.649s
2024-10-10 15:08:26.979 62096 INFO tempest.lib.common.rest_client [req-e718f82e-d642-457d-ab61-2e1c8ad16fd0 req-e718f82e-d642-457d-ab61-2e1c8ad16fd0 ] Request (KeyPairsV22TestJSON:tearDownClass): 204 DELETE http://10.180.1.21/identity/v3/projects/67d4f7b69cdd4619856d54310f5fa579 0.136s
2024-10-10 15:08:26.979 62136 INFO tempest.lib.common.rest_client [req-a9b7394b-5870-4d7f-a7a0-f268e289c79a req-a9b7394b-5870-4d7f-a7a0-f268e289c79a ] Request (FlavorsV2NegativeTest:tearDownClass): 204 DELETE http://10.180.1.21:9696/networking/v2.0/security-groups/6211bf82-511b-41a3-9c74-5d80ba5083fa 0.295s
2024-10-10 15:08:26.981 62118 INFO tempest.lib.common.rest_client [req-50325a78-8f47-4bf8-bf0f-3517bce74f70 req-50325a78-8f47-4bf8-bf0f-3517bce74f70 ] Request (ServerDiskConfigTestJSON:test_rebuild_server_with_auto_disk_config): 200 GET http://10.180.1.21/compute/v2.1/servers/bd3cbd1e-17c8-4c91-a57e-7882d433e8a2 0.707s
2024-10-10 15:08:26.990 62118 INFO tempest.common.waiters [-] State transition "BUILD/block_device_mapping" ==> "BUILD/spawning" after 23 second wait
2024-10-10 15:08:27.033 62104 INFO tempest.lib.common.rest_client [req-4d8ab53e-99f4-466c-b3fc-717e1a109729 req-4d8ab53e-99f4-466c-b3fc-717e1a109729 ] Request (AttachInterfacesUnderV243Test:test_add_remove_fixed_ip): 200 GET http://10.180.1.21/compute/v2.1/servers/426e490f-82f7-4792-b61f-8c3210973ca8 0.694s
2024-10-10 15:08:27.057 62096 INFO tempest.lib.common.rest_client [req-d87cc8f8-6c5d-4125-86e0-12f625a020b4 req-d87cc8f8-6c5d-4125-86e0-12f625a020b4 ] Request (ServersAaction247Test:setUpClass): 201 POST http://10.180.1.21/identity/v3/auth/tokens 0.077s
2024-10-10 15:08:27.063 62108 INFO tempest.lib.common.rest_client [req-94e3e7ae-0731-4735-bac1-b7df35cfd239 req-94e3e7ae-0731-4735-bac1-b7df35cfd239 ] Request (VolumesAdminNegativeTest:test_update_attached_volume_with_nonexistent_volume_in_body): 200 GET http://10.180.1.21/compute/v2.1/servers/3e4316c7-92b0-4c6f-95c5-f929a9845d6d 0.719s
2024-10-10 15:08:27.092 62136 INFO tempest.lib.common.rest_client [req-0cdc290c-016a-4dee-aed8-5b331ad88be6 req-0cdc290c-016a-4dee-aed8-5b331ad88be6 ] Request (FlavorsV2NegativeTest:tearDownClass): 204 DELETE http://10.180.1.21/identity/v3/projects/8e4805c2f835407f9ac4d9528221f430 0.112s
2024-10-10 15:08:27.110 62146 INFO tempest.lib.common.rest_client [req-a10a5b5f-66de-4ad6-a676-678b9d5baabb req-a10a5b5f-66de-4ad6-a676-678b9d5baabb ] Request (TenantUsagesTestJSON:tearDownClass): 200 GET http://10.180.1.21:9696/networking/v2.0/security-groups?tenant_id=ffc8d6eb59554171957e32240e0d174c&name=default 0.251s
2024-10-10 15:08:27.119 62144 INFO tempest.lib.common.rest_client [req-64fce69a-7769-4af4-9acb-375e8088745a req-64fce69a-7769-4af4-9acb-375e8088745a ] Request (ServersWithSpecificFlavorTestJSON:test_verify_created_server_ephemeral_disk): 200 GET http://10.180.1.21/compute/v2.1/servers/6acc2d77-58a6-45f1-894d-6057a6ddb98c 0.710s
2024-10-10 15:08:27.125 62096 INFO tempest.lib.common.rest_client [req-3ca5cf0e-a714-41ca-b177-6c682e2c5cff req-3ca5cf0e-a714-41ca-b177-6c682e2c5cff ] Request (ServersAaction247Test:setUpClass): 201 POST http://10.180.1.21/identity/v3/auth/tokens 0.062s
2024-10-10 15:08:27.148 62096 INFO tempest.lib.common.rest_client [req-c9eba80a-36eb-496f-9d12-41dae12efc96 req-c9eba80a-36eb-496f-9d12-41dae12efc96 ] Request (ServersAaction247Test:setUpClass): 200 GET http://10.180.1.21/identity/v3/domains?name=Default 0.023s
2024-10-10 15:08:27.152 62136 INFO tempest.lib.common.rest_client [req-7372e614-0f5a-4ae3-87eb-aefdd0862d03 req-7372e614-0f5a-4ae3-87eb-aefdd0862d03 ] Request (FloatingIPsNegativeTestJSON:setUpClass): 201 POST http://10.180.1.21/identity/v3/auth/tokens 0.058s
2024-10-10 15:08:27.179 62096 INFO tempest.lib.common.rest_client [req-28d4303c-1362-4c39-814c-272ea2a1633d req-28d4303c-1362-4c39-814c-272ea2a1633d ] Request (ServersAaction247Test:setUpClass): 201 POST http://10.180.1.21/identity/v3/projects 0.030s
2024-10-10 15:08:27.186 62114 INFO tempest.lib.common.rest_client [req-3869ce9c-cbb7-4193-bc03-769099f0044a req-3869ce9c-cbb7-4193-bc03-769099f0044a ] Request (ServerShowV257Test:test_rebuild_server): 200 GET http://10.180.1.21/compute/v2.1/servers/314d0be4-4e0a-418c-95f0-ab6cd79fd5a2 0.769s
2024-10-10 15:08:27.234 62102 INFO tempest.lib.common.rest_client [req-1b006900-da8a-4809-9fa4-ecfe70871f2d req-1b006900-da8a-4809-9fa4-ecfe70871f2d ] Request (FlavorsExtraSpecsTestJSON:test_flavor_set_get_update_show_unset_keys): 200 DELETE http://10.180.1.21/compute/v2.1/flavors/217795482/os-extra_specs/hw:numa_nodes 0.784s
2024-10-10 15:08:27.241 62136 INFO tempest.lib.common.rest_client [req-618e4c3d-f51a-4c31-a1f7-49a24b950e66 req-618e4c3d-f51a-4c31-a1f7-49a24b950e66 ] Request (FloatingIPsNegativeTestJSON:setUpClass): 201 POST http://10.180.1.21/identity/v3/auth/tokens 0.086s
2024-10-10 15:08:27.269 62096 INFO tempest.lib.common.rest_client [req-f0ac2b81-2da6-41be-96e4-39eaf0ec4cb0 req-f0ac2b81-2da6-41be-96e4-39eaf0ec4cb0 ] Request (ServersAaction247Test:setUpClass): 201 POST http://10.180.1.21/identity/v3/users 0.089s
2024-10-10 15:08:27.270 62146 INFO tempest.lib.common.rest_client [req-6a8b4cde-8988-4036-8d3c-a5194a875dfa req-6a8b4cde-8988-4036-8d3c-a5194a875dfa ] Request (TenantUsagesTestJSON:tearDownClass): 204 DELETE http://10.180.1.21:9696/networking/v2.0/security-groups/d2ff5226-89ef-4e4e-b2b3-bd6f0e060e44 0.160s
2024-10-10 15:08:27.291 62136 INFO tempest.lib.common.rest_client [req-67dcb1d0-5df6-4b69-96f1-c2f27f585960 req-67dcb1d0-5df6-4b69-96f1-c2f27f585960 ] Request (FloatingIPsNegativeTestJSON:setUpClass): 200 GET http://10.180.1.21/identity/v3/domains?name=Default 0.049s
2024-10-10 15:08:27.304 62106 INFO tempest.lib.common.rest_client [req-75c005ba-b27a-48f0-b245-b373e1734d0a req-75c005ba-b27a-48f0-b245-b373e1734d0a ] Request (ImagesNegativeTestJSON:test_create_image_from_deleted_server): 200 GET http://10.180.1.21/compute/v2.1/servers/e7b29521-65a2-423a-b5d2-3314cc55b7b5 0.840s
2024-10-10 15:08:27.320 62096 INFO tempest.lib.common.rest_client [req-8bc9a243-401b-4bdb-b9f7-df9a0cafa4a4 req-8bc9a243-401b-4bdb-b9f7-df9a0cafa4a4 ] Request (ServersAaction247Test:setUpClass): 200 GET http://10.180.1.21/identity/v3/roles 0.050s
2024-10-10 15:08:27.348 62136 INFO tempest.lib.common.rest_client [req-e2063cb0-bb93-4789-8183-07c20fdab889 req-e2063cb0-bb93-4789-8183-07c20fdab889 ] Request (FloatingIPsNegativeTestJSON:setUpClass): 201 POST http://10.180.1.21/identity/v3/projects 0.056s
2024-10-10 15:08:27.353 62146 INFO tempest.lib.common.rest_client [req-8acaae64-e049-432e-8161-c8c383e0b735 req-8acaae64-e049-432e-8161-c8c383e0b735 ] Request (TenantUsagesTestJSON:tearDownClass): 204 DELETE http://10.180.1.21/identity/v3/projects/ffc8d6eb59554171957e32240e0d174c 0.082s
2024-10-10 15:08:27.362 62110 INFO tempest.lib.common.rest_client [req-25becda1-c45e-4c78-9bda-696244f8ac59 req-25becda1-c45e-4c78-9bda-696244f8ac59 ] Request (QuotasAdminNegativeTest:_run_cleanups): 200 PUT http://10.180.1.21/compute/v2.1/os-quota-sets/86f7465220cf4a1fbcf445b472b3e546 0.923s
2024-10-10 15:08:27.368 62130 INFO tempest.lib.common.rest_client [req-bfd9cad5-1e05-462c-9d54-dc801ae9e0cd req-bfd9cad5-1e05-462c-9d54-dc801ae9e0cd ] Request (ServerRescueNegativeTestJSON:setUpClass): 200 GET http://10.180.1.21/compute/v2.1/servers/eb1b2f3c-ad03-4d31-91eb-9449c6197255 0.897s
2024-10-10 15:08:27.405 62136 INFO tempest.lib.common.rest_client [req-9181cf02-a48b-4de2-bdae-429b7319cd1b req-9181cf02-a48b-4de2-bdae-429b7319cd1b ] Request (FloatingIPsNegativeTestJSON:setUpClass): 201 POST http://10.180.1.21/identity/v3/users 0.057s
2024-10-10 15:08:27.413 62096 INFO tempest.lib.common.rest_client [req-9875c3b5-f656-4337-9a8b-5c2a9cc07c1a req-9875c3b5-f656-4337-9a8b-5c2a9cc07c1a ] Request (ServersAaction247Test:setUpClass): 204 PUT http://10.180.1.21/identity/v3/projects/e63a2c35692547efa45530def87bdba0/users/9115786dc02a42fa9bf2a0fee6ddd0af/roles/308063b346f546fa999cc78d9b801522 0.093s
2024-10-10 15:08:27.413 62096 INFO tempest.lib.common.dynamic_creds [-] Dynamic test user 9115786dc02a42fa9bf2a0fee6ddd0af is created with scope project and roles: ['member']
2024-10-10 15:08:27.414 62096 INFO tempest.lib.common.dynamic_creds [-] Acquired dynamic creds: credentials: Credentials: {'domain_id': 'default', 'domain_name': 'Default', 'username': 'tempest-ServersAaction247Test-868193952-project-member', 'project_domain_id': 'default', 'project_domain_name': 'Default', 'project_id': 'e63a2c35692547efa45530def87bdba0', 'project_name': 'tempest-ServersAaction247Test-868193952', 'tenant_id': 'e63a2c35692547efa45530def87bdba0', 'tenant_name': 'tempest-ServersAaction247Test-868193952', 'user_domain_id': 'default', 'user_domain_name': 'Default', 'user_id': '9115786dc02a42fa9bf2a0fee6ddd0af', 'system': None}, Network: None, Subnet: None, Router: None
2024-10-10 15:08:27.414 62096 INFO tempest.lib.common.dynamic_creds [-] Created isolated network resources for: credentials: Credentials: {'domain_id': 'default', 'domain_name': 'Default', 'username': 'tempest-ServersAaction247Test-868193952-project-member', 'project_domain_id': 'default', 'project_domain_name': 'Default', 'project_id': 'e63a2c35692547efa45530def87bdba0', 'project_name': 'tempest-ServersAaction247Test-868193952', 'tenant_id': 'e63a2c35692547efa45530def87bdba0', 'tenant_name': 'tempest-ServersAaction247Test-868193952', 'user_domain_id': 'default', 'user_domain_name': 'Default', 'user_id': '9115786dc02a42fa9bf2a0fee6ddd0af', 'system': None}, Network: None, Subnet: None, Router: None
2024-10-10 15:08:27.416 62142 INFO tempest.lib.common.rest_client [req-b7407aed-99b8-4fb0-8537-c5e9c5bacfc7 req-b7407aed-99b8-4fb0-8537-c5e9c5bacfc7 ] Request (ServersAdminTestJSON:setUpClass): 200 GET http://10.180.1.21/compute/v2.1/servers/cf5d59b1-cd31-46d5-8a3f-5368169a3941 0.901s
2024-10-10 15:08:27.422 62154 INFO tempest.lib.common.rest_client [req-7dc84689-5841-4e88-a886-f8f23b7403ca req-7dc84689-5841-4e88-a886-f8f23b7403ca ] Request (ServerActionsTestOtherA:setUpClass): 200 GET http://10.180.1.21/compute/v2.1/servers/654456e2-cecb-4073-a953-69096c951fef 0.896s
2024-10-10 15:08:27.430 62100 INFO tempest.lib.common.rest_client [req-e190d289-fb6e-4707-abd2-59b244d5ec2b req-e190d289-fb6e-4707-abd2-59b244d5ec2b ] Request (FlavorsAdminTestJSON:test_list_non_public_flavor): 200 GET http://10.180.1.21/compute/v2.1/flavors/detail 0.862s
2024-10-10 15:08:27.458 62136 INFO tempest.lib.common.rest_client [req-b08ac4c8-d177-430f-b677-4fceabe7c610 req-b08ac4c8-d177-430f-b677-4fceabe7c610 ] Request (FloatingIPsNegativeTestJSON:setUpClass): 200 GET http://10.180.1.21/identity/v3/roles 0.052s
2024-10-10 15:08:27.459 62146 INFO tempest.lib.common.rest_client [req-299262a7-06f2-4314-882c-9d26896b158b req-299262a7-06f2-4314-882c-9d26896b158b ] Request (FloatingIPsTestJSON:setUpClass): 201 POST http://10.180.1.21/identity/v3/auth/tokens 0.101s
2024-10-10 15:08:27.469 62122 INFO tempest.lib.common.rest_client [req-23ce8b4c-376a-4a10-8707-3df560b1f925 req-23ce8b4c-376a-4a10-8707-3df560b1f925 ] Request (InstanceActionsTestJSON:setUpClass): 200 GET http://10.180.1.21/compute/v2.1/servers/47768c87-0a7c-4451-8b09-0b85a613c96d 0.894s
2024-10-10 15:08:27.485 62136 INFO tempest.lib.common.rest_client [req-ece32626-07d4-4423-8b4f-cf68b051eaa8 req-ece32626-07d4-4423-8b4f-cf68b051eaa8 ] Request (FloatingIPsNegativeTestJSON:setUpClass): 204 PUT http://10.180.1.21/identity/v3/projects/0153cdfd54ab41eca033ccf9cb079071/users/d4e96279b680424395ae15fc64bf3d10/roles/308063b346f546fa999cc78d9b801522 0.026s
2024-10-10 15:08:27.485 62136 INFO tempest.lib.common.dynamic_creds [-] Dynamic test user d4e96279b680424395ae15fc64bf3d10 is created with scope project and roles: ['member']
2024-10-10 15:08:27.485 62136 INFO tempest.lib.common.dynamic_creds [-] Acquired dynamic creds: credentials: Credentials: {'domain_id': 'default', 'domain_name': 'Default', 'username': 'tempest-FloatingIPsNegativeTestJSON-1871175514-project-member', 'project_domain_id': 'default', 'project_domain_name': 'Default', 'project_id': '0153cdfd54ab41eca033ccf9cb079071', 'project_name': 'tempest-FloatingIPsNegativeTestJSON-1871175514', 'tenant_id': '0153cdfd54ab41eca033ccf9cb079071', 'tenant_name': 'tempest-FloatingIPsNegativeTestJSON-1871175514', 'user_domain_id': 'default', 'user_domain_name': 'Default', 'user_id': 'd4e96279b680424395ae15fc64bf3d10', 'system': None}, Network: None, Subnet: None, Router: None
2024-10-10 15:08:27.495 62128 INFO tempest.lib.common.rest_client [req-95bb4315-5cb0-4c5d-85f3-5366db3d100b req-95bb4315-5cb0-4c5d-85f3-5366db3d100b ] Request (ListServerFiltersTestJSON:setUpClass): 200 GET http://10.180.1.21/compute/v2.1/servers/1d2ad2a5-c80f-42d6-918e-3fdace683d93 0.885s
2024-10-10 15:08:27.517 62148 INFO tempest.lib.common.rest_client [req-f616cb22-fc58-4f3f-9bd7-6b4788fca1c6 req-f616cb22-fc58-4f3f-9bd7-6b4788fca1c6 ] Request (MultipleCreateTestJSON:test_multiple_create_with_reservation_return): 200 GET http://10.180.1.21/compute/v2.1/servers/0c020ac4-5458-459b-b847-14029502ef0b 0.890s
2024-10-10 15:08:27.520 62096 INFO tempest.lib.common.rest_client [req-632cc922-ae7f-4a16-a59d-b444c7f838da req-632cc922-ae7f-4a16-a59d-b444c7f838da ] Request (ServersAaction247Test:setUpClass): 201 POST http://10.180.1.21/identity/v3/auth/tokens 0.103s
2024-10-10 15:08:27.534 62146 INFO tempest.lib.common.rest_client [req-fc3414ca-5ddc-4715-ab6b-33dd5aa6c325 req-fc3414ca-5ddc-4715-ab6b-33dd5aa6c325 ] Request (FloatingIPsTestJSON:setUpClass): 201 POST http://10.180.1.21/identity/v3/auth/tokens 0.073s
2024-10-10 15:08:27.546 62136 INFO tempest.lib.common.rest_client [req-2d0e796c-3e62-4b10-a44f-133d51837279 req-2d0e796c-3e62-4b10-a44f-133d51837279 ] Request (FloatingIPsNegativeTestJSON:setUpClass): 201 POST http://10.180.1.21/identity/v3/auth/tokens 0.060s
2024-10-10 15:08:27.551 62124 INFO tempest.lib.common.rest_client [req-823ac472-921b-4add-b4e5-76e78cc2569a req-823ac472-921b-4add-b4e5-76e78cc2569a ] Request (SecurityGroupsTestJSON:test_list_security_groups_by_server): 200 GET http://10.180.1.21/compute/v2.1/servers/c3fb280b-8ef2-4022-a347-625abfc9dcc9 0.922s
2024-10-10 15:08:27.558 62096 INFO tempest.lib.common.rest_client [req-987210a5-2abe-49c1-bb03-8cda7dbe9d1f req-987210a5-2abe-49c1-bb03-8cda7dbe9d1f ] Request (ServersAaction247Test:test_create_backup): 201 POST http://10.180.1.21/identity/v3/auth/tokens 0.034s
2024-10-10 15:08:27.559 62096 INFO tempest.lib.common.fixed_network [-] (ServersAaction247Test:test_create_backup) Found network None available for tenant
2024-10-10 15:08:27.564 62146 INFO tempest.lib.common.rest_client [req-96d2a770-f0c7-49a8-b50f-9701e4b9d57b req-96d2a770-f0c7-49a8-b50f-9701e4b9d57b ] Request (FloatingIPsTestJSON:setUpClass): 200 GET http://10.180.1.21/identity/v3/domains?name=Default 0.029s
2024-10-10 15:08:27.565 62094 INFO tempest.lib.common.rest_client [req-0bb5a33a-5dc1-46bc-b98f-25386a0a3820 req-0bb5a33a-5dc1-46bc-b98f-25386a0a3820 ] Request (InstanceActionsNegativeTestJSON:setUpClass): 200 GET http://10.180.1.21/compute/v2.1/servers/a3a78c0e-9db4-4699-877b-5db8f6921463 0.839s
2024-10-10 15:08:27.597 62146 INFO tempest.lib.common.rest_client [req-5f3be983-c49f-477e-b106-334a87c55d3d req-5f3be983-c49f-477e-b106-334a87c55d3d ] Request (FloatingIPsTestJSON:setUpClass): 201 POST http://10.180.1.21/identity/v3/projects 0.031s
2024-10-10 15:08:27.658 62146 INFO tempest.lib.common.rest_client [req-3ef689f9-3567-490e-9887-44aec61edb7b req-3ef689f9-3567-490e-9887-44aec61edb7b ] Request (FloatingIPsTestJSON:setUpClass): 201 POST http://10.180.1.21/identity/v3/users 0.061s
2024-10-10 15:08:27.682 62146 INFO tempest.lib.common.rest_client [req-7b7f7f05-abc9-43ff-a6e7-cca4ebeb0403 req-7b7f7f05-abc9-43ff-a6e7-cca4ebeb0403 ] Request (FloatingIPsTestJSON:setUpClass): 200 GET http://10.180.1.21/identity/v3/roles 0.023s
2024-10-10 15:08:27.707 62146 INFO tempest.lib.common.rest_client [req-ebbe41c5-2bea-426c-955b-c4f3d93b3050 req-ebbe41c5-2bea-426c-955b-c4f3d93b3050 ] Request (FloatingIPsTestJSON:setUpClass): 204 PUT http://10.180.1.21/identity/v3/projects/792d0057fc2348f08fc0735dda8d6a20/users/e1a56eba2343499fae5b5057a9217e17/roles/308063b346f546fa999cc78d9b801522 0.025s
2024-10-10 15:08:27.707 62146 INFO tempest.lib.common.dynamic_creds [-] Dynamic test user e1a56eba2343499fae5b5057a9217e17 is created with scope project and roles: ['member']
2024-10-10 15:08:27.707 62146 INFO tempest.lib.common.dynamic_creds [-] Acquired dynamic creds: credentials: Credentials: {'domain_id': 'default', 'domain_name': 'Default', 'username': 'tempest-FloatingIPsTestJSON-101488554-project-member', 'project_domain_id': 'default', 'project_domain_name': 'Default', 'project_id': '792d0057fc2348f08fc0735dda8d6a20', 'project_name': 'tempest-FloatingIPsTestJSON-101488554', 'tenant_id': '792d0057fc2348f08fc0735dda8d6a20', 'tenant_name': 'tempest-FloatingIPsTestJSON-101488554', 'user_domain_id': 'default', 'user_domain_name': 'Default', 'user_id': 'e1a56eba2343499fae5b5057a9217e17', 'system': None}, Network: None, Subnet: None, Router: None
2024-10-10 15:08:27.764 62146 INFO tempest.lib.common.rest_client [req-3d269029-6b8b-42cb-a706-e14a2454dc46 req-3d269029-6b8b-42cb-a706-e14a2454dc46 ] Request (FloatingIPsTestJSON:setUpClass): 201 POST http://10.180.1.21/identity/v3/auth/tokens 0.056s
2024-10-10 15:08:27.808 62098 INFO tempest.lib.common.rest_client [req-8164f904-150e-49fe-968a-26e02c504048 req-8164f904-150e-49fe-968a-26e02c504048 ] Request (ServerRescueTestJSON:setUpClass): 200 GET http://10.180.1.21/compute/v2.1/servers/1991dad6-eac3-4a85-bac5-549d0c076792 1.077s
2024-10-10 15:08:27.874 62092 INFO tempest.lib.common.rest_client [req-cb6e5932-7735-4d3e-9e1b-15b8abad68c5 req-cb6e5932-7735-4d3e-9e1b-15b8abad68c5 ] Request (FloatingIPsAssociationTestJSON:setUpClass): 200 PUT http://10.180.1.21:9696/networking/v2.0/routers/548ece46-9f3b-4916-b591-796dc9d8ed55/add_router_interface 2.361s
2024-10-10 15:08:27.874 62092 INFO tempest.lib.common.dynamic_creds [-] Created isolated network resources for: credentials: Credentials: {'domain_id': 'default', 'domain_name': 'Default', 'username': 'tempest-FloatingIPsAssociationTestJSON-1197689366-project-member', 'project_domain_id': 'default', 'project_domain_name': 'Default', 'project_id': 'f720c4ff57e14cbbb91e7e7d43d79704', 'project_name': 'tempest-FloatingIPsAssociationTestJSON-1197689366', 'tenant_id': 'f720c4ff57e14cbbb91e7e7d43d79704', 'tenant_name': 'tempest-FloatingIPsAssociationTestJSON-1197689366', 'user_domain_id': 'default', 'user_domain_name': 'Default', 'user_id': '7c78fbf60ee248f98c00aeab77bc42d3', 'system': None}, Network: {'id': 'd64bf9ce-f0b0-41b2-abc6-59bbbb55fdf2', 'name': 'tempest-FloatingIPsAssociationTestJSON-1439880821-network', 'tenant_id': 'f720c4ff57e14cbbb91e7e7d43d79704', 'admin_state_up': True, 'mtu': 8950, 'status': 'ACTIVE', 'subnets': [], 'shared': False, 'project_id': 'f720c4ff57e14cbbb91e7e7d43d79704', 'port_security_enabled': True, 'router:external': False, 'provider:network_type': 'vlan', 'provider:physical_network': 'default', 'provider:segmentation_id': 310, 'is_default': False, 'availability_zone_hints': [], 'availability_zones': [], 'ipv4_address_scope': None, 'ipv6_address_scope': None, 'description': '', 'tags': [], 'created_at': '2024-10-10T15:08:23Z', 'updated_at': '2024-10-10T15:08:23Z', 'revision_number': 1}, Subnet: {'id': 'e76c6847-a193-4770-b91e-800fe84341f1', 'name': 'tempest-FloatingIPsAssociationTestJSON-1439880821-subnet', 'tenant_id': 'f720c4ff57e14cbbb91e7e7d43d79704', 'network_id': 'd64bf9ce-f0b0-41b2-abc6-59bbbb55fdf2', 'ip_version': 4, 'subnetpool_id': None, 'enable_dhcp': True, 'ipv6_ra_mode': None, 'ipv6_address_mode': None, 'gateway_ip': '192.168.128.1', 'cidr': '192.168.128.0/28', 'allocation_pools': [{'start': '192.168.128.2', 'end': '192.168.128.14'}], 'host_routes': [], 'dns_nameservers': [], 'description': '', 'router:external': False, 'service_types': [], 'tags': [], 'created_at': '2024-10-10T15:08:23Z', 'updated_at': '2024-10-10T15:08:23Z', 'revision_number': 0, 'project_id': 'f720c4ff57e14cbbb91e7e7d43d79704'}, Router: {'id': '548ece46-9f3b-4916-b591-796dc9d8ed55', 'name': 'tempest-FloatingIPsAssociationTestJSON-1439880821-router', 'tenant_id': 'f720c4ff57e14cbbb91e7e7d43d79704', 'admin_state_up': True, 'status': 'ACTIVE', 'external_gateway_info': {'network_id': '422e1a17-574a-4dab-9a6e-a3147f27d288', 'external_fixed_ips': [{'subnet_id': '0203d5bd-abdc-469d-8fb7-4a1445dfaa0e', 'ip_address': '10.180.180.191'}], 'enable_snat': True}, 'description': '', 'availability_zones': [], 'distributed': False, 'ha': False, 'availability_zone_hints': [], 'routes': [], 'flavor_id': None, 'tags': [], 'created_at': '2024-10-10T15:08:24Z', 'updated_at': '2024-10-10T15:08:24Z', 'revision_number': 2, 'project_id': 'f720c4ff57e14cbbb91e7e7d43d79704'}
2024-10-10 15:08:27.884 62116 INFO tempest.lib.common.rest_client [req-4b0b1ab8-e4cf-4517-b6ef-aea13f2a18ad req-4b0b1ab8-e4cf-4517-b6ef-aea13f2a18ad ] Request (AttachInterfacesTestJSON:test_create_list_show_delete_interfaces_by_fixed_ip): 200 GET http://10.180.1.21/compute/v2.1/servers/0ab661ac-dd65-40b7-a1eb-12c1ceadb658 0.973s
2024-10-10 15:08:27.952 62126 INFO tempest.lib.common.rest_client [req-6d218352-f13b-4fef-b2a3-593475e45794 req-6d218352-f13b-4fef-b2a3-593475e45794 ] Request (VolumesAssistedSnapshotsTest:test_volume_assisted_snapshot_create_delete): 200 GET http://10.180.1.21/compute/v2.1/servers/6e77c34a-7e27-46c8-a1be-b3da6351368e 0.760s
2024-10-10 15:08:27.968 62102 INFO tempest.lib.common.rest_client [req-b341220d-1a93-4d65-b492-89f6276d9f31 req-b341220d-1a93-4d65-b492-89f6276d9f31 ] Request (FlavorsExtraSpecsTestJSON:test_flavor_set_get_update_show_unset_keys): 200 DELETE http://10.180.1.21/compute/v2.1/flavors/217795482/os-extra_specs/hw:cpu_policy 0.734s
2024-10-10 15:08:27.970 62092 INFO tempest.lib.common.rest_client [req-b79253e4-610f-4d20-a231-877052cf6930 req-b79253e4-610f-4d20-a231-877052cf6930 ] Request (FloatingIPsAssociationTestJSON:setUpClass): 201 POST http://10.180.1.21/identity/v3/auth/tokens 0.092s
2024-10-10 15:08:27.975 62110 INFO tempest.lib.common.rest_client [req-beb5fac3-b820-4092-b486-81e1fdfb303d req-beb5fac3-b820-4092-b486-81e1fdfb303d ] Request (QuotasAdminNegativeTest:test_update_quota_normal_user): 403 PUT http://10.180.1.21/compute/v2.1/os-quota-sets/86f7465220cf4a1fbcf445b472b3e546 0.610s
2024-10-10 15:08:27.990 62153 INFO tempest.lib.common.rest_client [req-96bd39dc-61cf-496a-b7f8-e32cd0e4e5d6 req-96bd39dc-61cf-496a-b7f8-e32cd0e4e5d6 ] Request (ServersAdmin275Test:test_rebuild_update_server_275): 202 POST http://10.180.1.21/compute/v2.1/servers/9f2bbdd7-0925-439e-ad65-4fa0d03e89e1/action 1.242s
2024-10-10 15:08:28.002 62100 INFO tempest.lib.common.rest_client [req-5c75253c-cfb9-4428-b885-901558abde74 req-5c75253c-cfb9-4428-b885-901558abde74 ] Request (FlavorsAdminTestJSON:test_list_non_public_flavor): 200 GET http://10.180.1.21/compute/v2.1/flavors/detail 0.564s
2024-10-10 15:08:28.003 62092 INFO tempest.lib.common.rest_client [req-e2a0c7bf-692b-4b87-a386-0b2818296973 req-e2a0c7bf-692b-4b87-a386-0b2818296973 ] Request (FloatingIPsAssociationTestJSON:setUpClass): 201 POST http://10.180.1.21/identity/v3/auth/tokens 0.025s
2024-10-10 15:08:28.003 62092 INFO tempest.lib.common.fixed_network [-] (FloatingIPsAssociationTestJSON:setUpClass) Found network {'id': 'd64bf9ce-f0b0-41b2-abc6-59bbbb55fdf2', 'name': 'tempest-FloatingIPsAssociationTestJSON-1439880821-network', 'tenant_id': 'f720c4ff57e14cbbb91e7e7d43d79704', 'admin_state_up': True, 'mtu': 8950, 'status': 'ACTIVE', 'subnets': [], 'shared': False, 'project_id': 'f720c4ff57e14cbbb91e7e7d43d79704', 'port_security_enabled': True, 'router:external': False, 'provider:network_type': 'vlan', 'provider:physical_network': 'default', 'provider:segmentation_id': 310, 'is_default': False, 'availability_zone_hints': [], 'availability_zones': [], 'ipv4_address_scope': None, 'ipv6_address_scope': None, 'description': '', 'tags': [], 'created_at': '2024-10-10T15:08:23Z', 'updated_at': '2024-10-10T15:08:23Z', 'revision_number': 1} available for tenant
2024-10-10 15:08:28.048 62110 INFO tempest.lib.common.rest_client [req-45d2dac5-5dd4-4d62-9cd2-68acc19ac3be req-45d2dac5-5dd4-4d62-9cd2-68acc19ac3be ] Request (QuotasAdminNegativeTest:tearDownClass): 204 DELETE http://10.180.1.21/identity/v3/users/237d0b82716045538230ddde04b61385 0.070s
2024-10-10 15:08:28.063 62150 INFO tempest.lib.common.rest_client [req-c1b15305-c2fb-4baa-b2fd-d3e4b3f0a73c req-c1b15305-c2fb-4baa-b2fd-d3e4b3f0a73c ] Request (ListImageFiltersTestJSON:setUpClass): 200 GET http://10.180.1.21/compute/v2.1/servers/6e3c0489-b436-4482-9346-3e21fd6e9118 0.507s
2024-10-10 15:08:28.077 62146 INFO tempest.lib.common.rest_client [req-ae433f13-fd2e-4cce-b093-98cd9180eaf7 req-ae433f13-fd2e-4cce-b093-98cd9180eaf7 ] Request (FloatingIPsTestJSON:setUpClass): 201 POST http://10.180.1.21:9696/networking/v2.0/networks 0.313s
2024-10-10 15:08:28.118 62121 INFO tempest.lib.common.rest_client [req-ddbf91e0-b8c7-45e3-ae68-7622224c6879 req-ddbf91e0-b8c7-45e3-ae68-7622224c6879 ] Request (ServerActionsTestJSON:setUpClass): 200 GET http://10.180.1.21/compute/v2.1/servers/cc9c73ab-427b-4951-b0be-043746971707 0.474s
2024-10-10 15:08:28.135 62110 INFO tempest.lib.common.rest_client [req-b58f88f0-27d2-4990-991a-06f5634d3bc8 req-b58f88f0-27d2-4990-991a-06f5634d3bc8 ] Request (QuotasAdminNegativeTest:tearDownClass): 204 DELETE http://10.180.1.21/identity/v3/users/bdfbf185375f4b4c9481cc2539c3f7a8 0.086s
2024-10-10 15:08:28.135 62110 INFO tempest.lib.common.dynamic_creds [-] Deleting project and security group for project: b439f0ea9817477c9db0a6c8fa4def3e
2024-10-10 15:08:28.137 62136 INFO tempest.lib.common.rest_client [req-f93038ea-b5aa-4846-8188-f9d8743b823d req-f93038ea-b5aa-4846-8188-f9d8743b823d ] Request (FloatingIPsNegativeTestJSON:setUpClass): 201 POST http://10.180.1.21:9696/networking/v2.0/networks 0.591s
2024-10-10 15:08:28.171 62140 INFO tempest.lib.common.rest_client [req-8ac50130-70d4-45f5-b4fd-0e4e49af8fb3 req-8ac50130-70d4-45f5-b4fd-0e4e49af8fb3 ] Request (ServersTestBootFromVolume:setUpClass): 201 POST http://10.180.1.21:9696/networking/v2.0/routers 1.529s
2024-10-10 15:08:28.195 62110 INFO tempest.lib.common.rest_client [req-e1ed395d-26c0-4756-a3a7-35ef582eb19c req-e1ed395d-26c0-4756-a3a7-35ef582eb19c ] Request (QuotasAdminNegativeTest:tearDownClass): 201 POST http://10.180.1.21/identity/v3/auth/tokens 0.060s
2024-10-10 15:08:28.200 62134 INFO tempest.lib.common.rest_client [req-5f2c5c45-5547-474a-be2e-443990ffd48d req-5f2c5c45-5547-474a-be2e-443990ffd48d ] Request (DeleteServersAdminTestJSON:test_delete_server_while_in_error_state): 200 GET http://10.180.1.21/compute/v2.1/servers/58288d75-3b8a-4efa-8e4b-6ba453c7627c 0.451s
2024-10-10 15:08:28.250 62096 INFO tempest.lib.common.rest_client [req-37acea48-2ea9-478b-bf44-da131a3bce4c req-37acea48-2ea9-478b-bf44-da131a3bce4c ] Request (ServersAaction247Test:test_create_backup): 202 POST http://10.180.1.21/compute/v2.1/servers 0.690s
2024-10-10 15:08:28.258 62112 INFO tempest.lib.common.rest_client [req-a97de8ae-df10-423a-b92e-35f6eb41c9b1 req-a97de8ae-df10-423a-b92e-35f6eb41c9b1 ] Request (ServerDiagnosticsNegativeTest:test_get_server_diagnostics_by_non_admin): 200 GET http://10.180.1.21/compute/v2.1/servers/0ab9b146-7592-49f2-a5a8-155c977a48e5 0.381s
2024-10-10 15:08:28.270 62102 INFO tempest.lib.common.rest_client [req-49a62143-344b-4418-a38b-18b0100f2a19 req-49a62143-344b-4418-a38b-18b0100f2a19 ] Request (FlavorsExtraSpecsTestJSON:test_flavor_set_get_update_show_unset_keys): 200 GET http://10.180.1.21/compute/v2.1/flavors/217795482/os-extra_specs 0.301s
