2024-10-10 15:08:13.713 62102 INFO tempest.lib.common.rest_client [req-d910ea63-1e0d-4e27-af8f-854651817a4d req-d910ea63-1e0d-4e27-af8f-854651817a4d ] Request (FlavorsAccessNegativeTestJSON:test_remove_flavor_access_not_found): 404 POST http://10.180.1.21/compute/v2.1/flavors/167281447/action 1.206s
2024-10-10 15:08:13.763 62114 INFO tempest.lib.common.rest_client [req-b1be53e0-4eb2-4de3-9aad-20d037b46114 req-b1be53e0-4eb2-4de3-9aad-20d037b46114 ] Request (NetworksTest:tearDownClass): 204 DELETE http://10.180.1.21:9696/networking/v2.0/security-groups/c9c07cf9-5746-4762-8997-84b2723ba82c 0.116s
2024-10-10 15:08:13.772 62110 INFO tempest.lib.common.rest_client [req-83ba991d-64a1-4475-93d8-0328cce268b0 req-83ba991d-64a1-4475-93d8-0328cce268b0 ] Request (QuotasAdminNegativeTest:setUpClass): 201 POST http://10.180.1.21/identity/v3/users 0.066s
2024-10-10 15:08:13.812 62110 INFO tempest.lib.common.rest_client [req-7e28e959-19d6-4a76-89b9-aef9baa27895 req-7e28e959-19d6-4a76-89b9-aef9baa27895 ] Request (QuotasAdminNegativeTest:setUpClass): 200 GET http://10.180.1.21/identity/v3/roles 0.040s
2024-10-10 15:08:13.825 62124 INFO tempest.lib.common.rest_client [req-20f78a19-ac00-46fb-8b99-a177b3b235fd req-20f78a19-ac00-46fb-8b99-a177b3b235fd ] Request (AbsoluteLimitsNegativeTestJSON:test_max_metadata_exceed_limit): 200 GET http://10.180.1.21/compute/v2.1/limits 1.294s
2024-10-10 15:08:13.834 62114 INFO tempest.lib.common.rest_client [req-b28ce7ee-2601-406e-b0d9-e048681f0d4e req-b28ce7ee-2601-406e-b0d9-e048681f0d4e ] Request (NetworksTest:tearDownClass): 204 DELETE http://10.180.1.21/identity/v3/projects/e543359d85f9454ab545ccf644a61c96 0.070s
2024-10-10 15:08:13.840 62092 INFO tempest.lib.common.rest_client [req-a84e25c8-8bde-46eb-b507-97e90e418e84 req-a84e25c8-8bde-46eb-b507-97e90e418e84 ] Request (AggregatesAdminNegativeTestJSON:_run_cleanups): 200 DELETE http://10.180.1.21/compute/v2.1/os-aggregates/6 1.017s
2024-10-10 15:08:13.856 62100 INFO tempest.lib.common.rest_client [req-941efb01-a4d8-49b2-9e9b-d5bd16553016 req-941efb01-a4d8-49b2-9e9b-d5bd16553016 ] Request (FlavorsAdminTestJSON:_run_cleanups): 202 DELETE http://10.180.1.21/compute/v2.1/flavors/1755484543 1.020s
2024-10-10 15:08:13.870 62110 INFO tempest.lib.common.rest_client [req-4b8d542c-23e5-45d3-b220-d229ba4e87e8 req-4b8d542c-23e5-45d3-b220-d229ba4e87e8 ] Request (QuotasAdminNegativeTest:setUpClass): 204 PUT http://10.180.1.21/identity/v3/projects/86f7465220cf4a1fbcf445b472b3e546/users/237d0b82716045538230ddde04b61385/roles/308063b346f546fa999cc78d9b801522 0.058s
2024-10-10 15:08:13.871 62110 INFO tempest.lib.common.dynamic_creds [-] Dynamic test user 237d0b82716045538230ddde04b61385 is created with scope project and roles: ['member']
2024-10-10 15:08:13.871 62110 INFO tempest.lib.common.dynamic_creds [-] Acquired dynamic creds: credentials: Credentials: {'domain_id': 'default', 'domain_name': 'Default', 'username': 'tempest-QuotasAdminNegativeTest-1924036296-project-member', 'project_domain_id': 'default', 'project_domain_name': 'Default', 'project_id': '86f7465220cf4a1fbcf445b472b3e546', 'project_name': 'tempest-QuotasAdminNegativeTest-1924036296', 'tenant_id': '86f7465220cf4a1fbcf445b472b3e546', 'tenant_name': 'tempest-QuotasAdminNegativeTest-1924036296', 'user_domain_id': 'default', 'user_domain_name': 'Default', 'user_id': '237d0b82716045538230ddde04b61385', 'system': None}, Network: None, Subnet: None, Router: None
2024-10-10 15:08:13.871 62110 INFO tempest.lib.common.dynamic_creds [-] Created isolated network resources for: credentials: Credentials: {'domain_id': 'default', 'domain_name': 'Default', 'username': 'tempest-QuotasAdminNegativeTest-1924036296-project-member', 'project_domain_id': 'default', 'project_domain_name': 'Default', 'project_id': '86f7465220cf4a1fbcf445b472b3e546', 'project_name': 'tempest-QuotasAdminNegativeTest-1924036296', 'tenant_id': '86f7465220cf4a1fbcf445b472b3e546', 'tenant_name': 'tempest-QuotasAdminNegativeTest-1924036296', 'user_domain_id': 'default', 'user_domain_name': 'Default', 'user_id': '237d0b82716045538230ddde04b61385', 'system': None}, Network: None, Subnet: None, Router: None
2024-10-10 15:08:13.882 62140 INFO tempest.lib.common.rest_client [req-22f8caa3-5ac7-4587-8de2-8c07e7f8109f req-22f8caa3-5ac7-4587-8de2-8c07e7f8109f ] Request (SecurityGroupRulesTestJSON:tearDownClass): 404 DELETE http://10.180.1.21/compute/v2.1/os-security-groups/09df8975-ade2-4028-a573-2698649fc336 1.019s
2024-10-10 15:08:13.886 62124 INFO tempest.lib.common.rest_client [req-eb582880-8840-4da3-9346-50ab79a6b229 req-eb582880-8840-4da3-9346-50ab79a6b229 ] Request (AbsoluteLimitsNegativeTestJSON:test_max_metadata_exceed_limit): 201 POST http://10.180.1.21/identity/v3/auth/tokens 0.054s
2024-10-10 15:08:13.886 62124 INFO tempest.lib.common.fixed_network [-] (AbsoluteLimitsNegativeTestJSON:test_max_metadata_exceed_limit) Found network None available for tenant
2024-10-10 15:08:13.926 62114 INFO tempest.lib.common.rest_client [req-feb3bdb7-ffb5-4ae0-abee-677d857bd51d req-feb3bdb7-ffb5-4ae0-abee-677d857bd51d ] Request (ListImageFiltersNegativeTestJSON:setUpClass): 201 POST http://10.180.1.21/identity/v3/auth/tokens 0.090s
2024-10-10 15:08:13.959 62114 INFO tempest.lib.common.rest_client [req-3f0261be-513c-4cfa-9be3-85d5160c7a17 req-3f0261be-513c-4cfa-9be3-85d5160c7a17 ] Request (ListImageFiltersNegativeTestJSON:setUpClass): 201 POST http://10.180.1.21/identity/v3/auth/tokens 0.031s
2024-10-10 15:08:13.964 62110 INFO tempest.lib.common.rest_client [req-2a7fbf1c-9407-4ae7-8d55-8d299e89b1c4 req-2a7fbf1c-9407-4ae7-8d55-8d299e89b1c4 ] Request (QuotasAdminNegativeTest:setUpClass): 201 POST http://10.180.1.21/identity/v3/auth/tokens 0.089s
2024-10-10 15:08:13.966 62144 INFO tempest.lib.common.rest_client [req-93d85b42-fdf5-47c0-b2e2-41a4182838ed req-93d85b42-fdf5-47c0-b2e2-41a4182838ed ] Request (ServersWithSpecificFlavorTestJSON:test_verify_created_server_ephemeral_disk): 200 GET http://10.180.1.21/compute/v2.1/servers/6acc2d77-58a6-45f1-894d-6057a6ddb98c 1.046s
2024-10-10 15:08:13.984 62114 INFO tempest.lib.common.rest_client [req-12c9b128-30af-4ff9-8fa5-df48e7ee84fc req-12c9b128-30af-4ff9-8fa5-df48e7ee84fc ] Request (ListImageFiltersNegativeTestJSON:setUpClass): 200 GET http://10.180.1.21/identity/v3/domains?name=Default 0.024s
2024-10-10 15:08:13.986 62094 INFO tempest.lib.common.rest_client [req-2f8bd3da-2a5d-40dc-b71e-a2a58d0452eb req-2f8bd3da-2a5d-40dc-b71e-a2a58d0452eb ] Request (ServicesAdminNegativeV253TestJSON:test_get_service_with_valid_service_and_invalid_host): 200 GET http://10.180.1.21/compute/v2.1/os-services?host=xxx&binary=nova-scheduler 1.053s
2024-10-10 15:08:14.003 62110 INFO tempest.lib.common.rest_client [req-3cfd6955-cac6-4013-bc99-c0af238e04ea req-3cfd6955-cac6-4013-bc99-c0af238e04ea ] Request (QuotasAdminNegativeTest:setUpClass): 201 POST http://10.180.1.21/identity/v3/projects 0.038s
2024-10-10 15:08:14.012 62114 INFO tempest.lib.common.rest_client [req-48550322-3b26-408c-aee0-5f208e04ad21 req-48550322-3b26-408c-aee0-5f208e04ad21 ] Request (ListImageFiltersNegativeTestJSON:setUpClass): 201 POST http://10.180.1.21/identity/v3/projects 0.027s
2024-10-10 15:08:14.018 62128 INFO tempest.lib.common.rest_client [req-af9d50c2-d34f-480c-9b2e-093996cab85b req-af9d50c2-d34f-480c-9b2e-093996cab85b ] Request (ListServerFiltersTestJSON:setUpClass): 202 POST http://10.180.1.21/compute/v2.1/servers 1.241s
2024-10-10 15:08:14.033 62096 INFO tempest.lib.common.rest_client [req-b9198b82-ca0a-4bd6-bcaf-316f567e4ce3 req-b9198b82-ca0a-4bd6-bcaf-316f567e4ce3 ] Request (KeyPairsV22TestJSON:test_keypairs_create_list_delete): 201 POST http://10.180.1.21/compute/v2.1/os-keypairs 1.046s
2024-10-10 15:08:14.033 62132 INFO tempest.lib.common.rest_client [req-89c0810b-990f-41fd-89e6-ece4dd49e1c2 req-89c0810b-990f-41fd-89e6-ece4dd49e1c2 ] Request (ServerGroupTestJSON:test_create_delete_multiple_server_groups_with_same_name_policy): 200 GET http://10.180.1.21/compute/v2.1/os-server-groups 1.018s
2024-10-10 15:08:14.068 62114 INFO tempest.lib.common.rest_client [req-bdfa0632-38a6-41f2-9957-27459b63300b req-bdfa0632-38a6-41f2-9957-27459b63300b ] Request (ListImageFiltersNegativeTestJSON:setUpClass): 201 POST http://10.180.1.21/identity/v3/users 0.056s
2024-10-10 15:08:14.093 62110 INFO tempest.lib.common.rest_client [req-a6b2aa2a-5d63-4817-b485-19bf21956d36 req-a6b2aa2a-5d63-4817-b485-19bf21956d36 ] Request (QuotasAdminNegativeTest:setUpClass): 201 POST http://10.180.1.21/identity/v3/users 0.090s
2024-10-10 15:08:14.096 62130 INFO tempest.lib.common.rest_client [req-d4de676d-23e2-441d-810e-fcffe847af7d req-d4de676d-23e2-441d-810e-fcffe847af7d ] Request (ServerRescueNegativeTestJSON:setUpClass): 200 GET http://10.180.1.21/compute/v2.1/servers/eb1b2f3c-ad03-4d31-91eb-9449c6197255 1.077s
2024-10-10 15:08:14.113 62114 INFO tempest.lib.common.rest_client [req-d0e8bab0-5847-4fc4-9c64-fbce574009f9 req-d0e8bab0-5847-4fc4-9c64-fbce574009f9 ] Request (ListImageFiltersNegativeTestJSON:setUpClass): 200 GET http://10.180.1.21/identity/v3/roles 0.044s
2024-10-10 15:08:14.115 62128 INFO tempest.lib.common.rest_client [req-784f3606-27e4-401d-8f45-95eb9f220eec req-784f3606-27e4-401d-8f45-95eb9f220eec ] Request (ListServerFiltersTestJSON:setUpClass): 201 POST http://10.180.1.21/identity/v3/auth/tokens 0.092s
2024-10-10 15:08:14.115 62128 INFO tempest.lib.common.fixed_network [-] (ListServerFiltersTestJSON:setUpClass) Found network {'id': 'f17e8053-32af-48c1-a4d6-04e10f0f59d0', 'name': 'tempest-ListServerFiltersTestJSON-741815103-network', 'tenant_id': '22b2a715f8764cf2bfb92546cf558945', 'admin_state_up': True, 'mtu': 8950, 'status': 'ACTIVE', 'subnets': [], 'shared': False, 'project_id': '22b2a715f8764cf2bfb92546cf558945', 'port_security_enabled': True, 'router:external': False, 'provider:network_type': 'vlan', 'provider:physical_network': 'default', 'provider:segmentation_id': 852, 'is_default': False, 'availability_zone_hints': [], 'availability_zones': [], 'ipv4_address_scope': None, 'ipv6_address_scope': None, 'description': '', 'tags': [], 'created_at': '2024-10-10T15:08:10Z', 'updated_at': '2024-10-10T15:08:10Z', 'revision_number': 1} available for tenant
2024-10-10 15:08:14.131 62110 INFO tempest.lib.common.rest_client [req-a5a16aee-917a-43ee-b105-735f1a2268b4 req-a5a16aee-917a-43ee-b105-735f1a2268b4 ] Request (QuotasAdminNegativeTest:setUpClass): 200 GET http://10.180.1.21/identity/v3/roles 0.038s
2024-10-10 15:08:14.142 62114 INFO tempest.lib.common.rest_client [req-a77d0961-7e70-40ae-985c-e2b03e1ca7e5 req-a77d0961-7e70-40ae-985c-e2b03e1ca7e5 ] Request (ListImageFiltersNegativeTestJSON:setUpClass): 204 PUT http://10.180.1.21/identity/v3/projects/85407f885e0840e091a58bd8e1561f8e/users/2c739036cd784d67862d0e6647bcf1a0/roles/308063b346f546fa999cc78d9b801522 0.029s
2024-10-10 15:08:14.143 62114 INFO tempest.lib.common.dynamic_creds [-] Dynamic test user 2c739036cd784d67862d0e6647bcf1a0 is created with scope project and roles: ['member']
2024-10-10 15:08:14.143 62114 INFO tempest.lib.common.dynamic_creds [-] Acquired dynamic creds: credentials: Credentials: {'domain_id': 'default', 'domain_name': 'Default', 'username': 'tempest-ListImageFiltersNegativeTestJSON-389489847-project-member', 'project_domain_id': 'default', 'project_domain_name': 'Default', 'project_id': '85407f885e0840e091a58bd8e1561f8e', 'project_name': 'tempest-ListImageFiltersNegativeTestJSON-389489847', 'tenant_id': '85407f885e0840e091a58bd8e1561f8e', 'tenant_name': 'tempest-ListImageFiltersNegativeTestJSON-389489847', 'user_domain_id': 'default', 'user_domain_name': 'Default', 'user_id': '2c739036cd784d67862d0e6647bcf1a0', 'system': None}, Network: None, Subnet: None, Router: None
2024-10-10 15:08:14.143 62114 INFO tempest.lib.common.dynamic_creds [-] Created isolated network resources for: credentials: Credentials: {'domain_id': 'default', 'domain_name': 'Default', 'username': 'tempest-ListImageFiltersNegativeTestJSON-389489847-project-member', 'project_domain_id': 'default', 'project_domain_name': 'Default', 'project_id': '85407f885e0840e091a58bd8e1561f8e', 'project_name': 'tempest-ListImageFiltersNegativeTestJSON-389489847', 'tenant_id': '85407f885e0840e091a58bd8e1561f8e', 'tenant_name': 'tempest-ListImageFiltersNegativeTestJSON-389489847', 'user_domain_id': 'default', 'user_domain_name': 'Default', 'user_id': '2c739036cd784d67862d0e6647bcf1a0', 'system': None}, Network: None, Subnet: None, Router: None
2024-10-10 15:08:14.173 62110 INFO tempest.lib.common.rest_client [req-b4cb64ff-7471-4eba-9b48-e29b86729553 req-b4cb64ff-7471-4eba-9b48-e29b86729553 ] Request (QuotasAdminNegativeTest:setUpClass): 204 PUT http://10.180.1.21/identity/v3/projects/b439f0ea9817477c9db0a6c8fa4def3e/users/bdfbf185375f4b4c9481cc2539c3f7a8/roles/ac5909a3ad28450fb292ab017a5b6c6b 0.040s
2024-10-10 15:08:14.185 62154 INFO tempest.lib.common.rest_client [req-205950f4-5e52-417a-967b-f0efddea6874 req-205950f4-5e52-417a-967b-f0efddea6874 ] Request (ServerActionsTestOtherA:setUpClass): 200 GET http://10.180.1.21/compute/v2.1/servers/654456e2-cecb-4073-a953-69096c951fef 0.887s
2024-10-10 15:08:14.224 62114 INFO tempest.lib.common.rest_client [req-a1c411de-5f9a-497d-9c70-eefa58de1aab req-a1c411de-5f9a-497d-9c70-eefa58de1aab ] Request (ListImageFiltersNegativeTestJSON:setUpClass): 201 POST http://10.180.1.21/identity/v3/auth/tokens 0.076s
2024-10-10 15:08:14.240 62110 INFO tempest.lib.common.rest_client [req-4d035cb4-b6c9-45ff-9946-9719e05a6074 req-4d035cb4-b6c9-45ff-9946-9719e05a6074 ] Request (QuotasAdminNegativeTest:setUpClass): 200 GET http://10.180.1.21/identity/v3/roles 0.067s
2024-10-10 15:08:14.260 62142 INFO tempest.lib.common.rest_client [req-e7a48e1a-b5c7-4bc3-aec9-37dc56ae0d19 req-e7a48e1a-b5c7-4bc3-aec9-37dc56ae0d19 ] Request (ServersAdminTestJSON:setUpClass): 200 GET http://10.180.1.21/compute/v2.1/servers/cf5d59b1-cd31-46d5-8a3f-5368169a3941 0.886s
2024-10-10 15:08:14.270 62110 INFO tempest.lib.common.rest_client [req-59406816-dfbc-4c2a-b00d-8e597a971c6a req-59406816-dfbc-4c2a-b00d-8e597a971c6a ] Request (QuotasAdminNegativeTest:setUpClass): 204 PUT http://10.180.1.21/identity/v3/projects/b439f0ea9817477c9db0a6c8fa4def3e/users/bdfbf185375f4b4c9481cc2539c3f7a8/roles/ac5909a3ad28450fb292ab017a5b6c6b 0.030s
2024-10-10 15:08:14.271 62110 INFO tempest.lib.common.dynamic_creds [-] Dynamic test user bdfbf185375f4b4c9481cc2539c3f7a8 is created with scope project and roles: ['admin']
2024-10-10 15:08:14.271 62110 INFO tempest.lib.common.dynamic_creds [-] Acquired dynamic creds: credentials: Credentials: {'domain_id': 'default', 'domain_name': 'Default', 'username': 'tempest-QuotasAdminNegativeTest-252552955-project-admin', 'project_domain_id': 'default', 'project_domain_name': 'Default', 'project_id': 'b439f0ea9817477c9db0a6c8fa4def3e', 'project_name': 'tempest-QuotasAdminNegativeTest-252552955', 'tenant_id': 'b439f0ea9817477c9db0a6c8fa4def3e', 'tenant_name': 'tempest-QuotasAdminNegativeTest-252552955', 'user_domain_id': 'default', 'user_domain_name': 'Default', 'user_id': 'bdfbf185375f4b4c9481cc2539c3f7a8', 'system': None}, Network: None, Subnet: None, Router: None
2024-10-10 15:08:14.271 62110 INFO tempest.lib.common.dynamic_creds [-] Created isolated network resources for: credentials: Credentials: {'domain_id': 'default', 'domain_name': 'Default', 'username': 'tempest-QuotasAdminNegativeTest-252552955-project-admin', 'project_domain_id': 'default', 'project_domain_name': 'Default', 'project_id': 'b439f0ea9817477c9db0a6c8fa4def3e', 'project_name': 'tempest-QuotasAdminNegativeTest-252552955', 'tenant_id': 'b439f0ea9817477c9db0a6c8fa4def3e', 'tenant_name': 'tempest-QuotasAdminNegativeTest-252552955', 'user_domain_id': 'default', 'user_domain_name': 'Default', 'user_id': 'bdfbf185375f4b4c9481cc2539c3f7a8', 'system': None}, Network: None, Subnet: None, Router: None
2024-10-10 15:08:14.336 62122 INFO tempest.lib.common.rest_client [req-8fcfd61e-0a8d-43c4-86e0-1744a77088d1 req-8fcfd61e-0a8d-43c4-86e0-1744a77088d1 ] Request (InstanceActionsTestJSON:setUpClass): 200 GET http://10.180.1.21/compute/v2.1/servers/47768c87-0a7c-4451-8b09-0b85a613c96d 0.742s
2024-10-10 15:08:14.345 62110 INFO tempest.lib.common.rest_client [req-45e44e92-7dbd-43c6-a918-4426329c0595 req-45e44e92-7dbd-43c6-a918-4426329c0595 ] Request (QuotasAdminNegativeTest:setUpClass): 201 POST http://10.180.1.21/identity/v3/auth/tokens 0.070s
2024-10-10 15:08:14.350 62106 INFO tempest.lib.common.rest_client [req-6b9b1be9-899d-497e-8175-703e6f37ddcb req-6b9b1be9-899d-497e-8175-703e6f37ddcb ] Request (FloatingIPDetailsTestJSON:tearDownClass): 200 PUT http://10.180.1.21:9696/networking/v2.0/routers/641cb5ef-6bb8-4990-9551-86a330a0267c/remove_router_interface 0.893s
2024-10-10 15:08:14.352 62102 INFO tempest.lib.common.rest_client [req-b66fce7d-ffb7-4190-8475-7d56e33b7c55 req-b66fce7d-ffb7-4190-8475-7d56e33b7c55 ] Request (FlavorsAccessNegativeTestJSON:_run_cleanups): 202 DELETE http://10.180.1.21/compute/v2.1/flavors/167281447 0.639s
2024-10-10 15:08:14.409 62098 INFO tempest.lib.common.rest_client [req-ab7d1e86-cdb4-4eda-b3e2-7e178251ab7d req-ab7d1e86-cdb4-4eda-b3e2-7e178251ab7d ] Request (ServerRescueTestJSON:setUpClass): 200 GET http://10.180.1.21/compute/v2.1/servers/1991dad6-eac3-4a85-bac5-549d0c076792 0.687s
2024-10-10 15:08:14.421 62148 INFO tempest.lib.common.rest_client [req-743550fc-fad7-42f3-91ec-0686165b4559 req-743550fc-fad7-42f3-91ec-0686165b4559 ] Request (MultipleCreateTestJSON:test_multiple_create_with_reservation_return): 202 POST http://10.180.1.21/compute/v2.1/servers 1.395s
2024-10-10 15:08:14.488 62116 INFO tempest.lib.common.rest_client [req-f361fb14-2115-4f8e-be2a-c885a5170b07 req-f361fb14-2115-4f8e-be2a-c885a5170b07 ] Request (AttachInterfacesTestJSON:test_create_list_show_delete_interfaces_by_fixed_ip): 200 GET http://10.180.1.21/compute/v2.1/servers/0ab661ac-dd65-40b7-a1eb-12c1ceadb658 0.663s
2024-10-10 15:08:14.496 62092 INFO tempest.lib.common.rest_client [req-81d4c522-b475-4d32-829b-200045546f52 req-81d4c522-b475-4d32-829b-200045546f52 ] Request (AggregatesAdminNegativeTestJSON:test_aggregate_get_details_with_invalid_id): 404 GET http://10.180.1.21/compute/v2.1/os-aggregates/-1 0.655s
2024-10-10 15:08:14.511 62100 INFO tempest.lib.common.rest_client [req-4ed05a80-fd10-46e9-a993-b0d83e95468b req-4ed05a80-fd10-46e9-a993-b0d83e95468b ] Request (FlavorsAdminTestJSON:_run_cleanups): 200 GET http://10.180.1.21/compute/v2.1/flavors/detail 0.654s
2024-10-10 15:08:14.600 62150 INFO tempest.lib.common.rest_client [req-cd093e8c-ad4c-485c-b22d-8732ffebceef req-cd093e8c-ad4c-485c-b22d-8732ffebceef ] Request (ListImageFiltersTestJSON:setUpClass): 200 GET http://10.180.1.21/compute/v2.1/servers/6e3c0489-b436-4482-9346-3e21fd6e9118 0.827s
2024-10-10 15:08:14.649 62140 INFO tempest.lib.common.rest_client [req-1806244d-622f-44b2-b65b-72962dc343aa req-1806244d-622f-44b2-b65b-72962dc343aa ] Request (SecurityGroupRulesTestJSON:tearDownClass): 202 DELETE http://10.180.1.21/compute/v2.1/os-security-groups/d7a67053-1e67-41e6-bf0d-43ba83c6e073 0.767s
2024-10-10 15:08:14.712 62126 INFO tempest.lib.common.rest_client [req-16edfbca-a24a-4cc5-9603-742cdb1c7524 req-16edfbca-a24a-4cc5-9603-742cdb1c7524 ] Request (VolumesAssistedSnapshotsTest:test_volume_assisted_snapshot_create_delete): 200 GET http://10.180.1.21/compute/v2.1/servers/6e77c34a-7e27-46c8-a1be-b3da6351368e 0.809s
2024-10-10 15:08:14.760 62134 INFO tempest.lib.common.rest_client [req-b8d400ce-ae24-4785-98fd-0a98eaf1aace req-b8d400ce-ae24-4785-98fd-0a98eaf1aace ] Request (DeleteServersAdminTestJSON:test_delete_server_while_in_error_state): 200 GET http://10.180.1.21/compute/v2.1/servers/58288d75-3b8a-4efa-8e4b-6ba453c7627c 0.838s
2024-10-10 15:08:14.803 62124 INFO tempest.lib.common.rest_client [req-5889d195-5c14-4c7e-9a04-e32d4a1e8f38 req-5889d195-5c14-4c7e-9a04-e32d4a1e8f38 ] Request (AbsoluteLimitsNegativeTestJSON:test_max_metadata_exceed_limit): 403 POST http://10.180.1.21/compute/v2.1/servers 0.915s
2024-10-10 15:08:14.812 62121 INFO tempest.lib.common.rest_client [req-931ed2cd-9e6c-4ba4-ade8-3cda8d632c9a req-931ed2cd-9e6c-4ba4-ade8-3cda8d632c9a ] Request (ServerActionsTestJSON:setUpClass): 200 GET http://10.180.1.21/compute/v2.1/servers/cc9c73ab-427b-4951-b0be-043746971707 0.855s
2024-10-10 15:08:14.860 62118 INFO tempest.lib.common.rest_client [req-ebd537c4-4000-466a-b1e0-f698d06df71d req-ebd537c4-4000-466a-b1e0-f698d06df71d ] Request (ServerDiskConfigTestJSON:test_rebuild_server_with_auto_disk_config): 200 GET http://10.180.1.21/compute/v2.1/servers/bd3cbd1e-17c8-4c91-a57e-7882d433e8a2 0.844s
2024-10-10 15:08:14.890 62096 INFO tempest.lib.common.rest_client [req-16731611-f3dd-47bc-b63c-da0d19235a01 req-16731611-f3dd-47bc-b63c-da0d19235a01 ] Request (KeyPairsV22TestJSON:test_keypairs_create_list_delete): 201 POST http://10.180.1.21/compute/v2.1/os-keypairs 0.855s
2024-10-10 15:08:14.911 62132 INFO tempest.lib.common.rest_client [req-910a53c4-fb00-4315-b31b-d39afddc4147 req-910a53c4-fb00-4315-b31b-d39afddc4147 ] Request (ServerGroupTestJSON:test_create_delete_multiple_server_groups_with_same_name_policy): 204 DELETE http://10.180.1.21/compute/v2.1/os-server-groups/4f97c1e3-bee6-44e5-a232-424d4d9a1978 0.876s
2024-10-10 15:08:14.922 62094 INFO tempest.lib.common.rest_client [req-b64d3b18-ac8b-4673-b028-cadbb8348c05 req-b64d3b18-ac8b-4673-b028-cadbb8348c05 ] Request (ServicesAdminNegativeV253TestJSON:test_list_services_with_non_admin_user): 403 GET http://10.180.1.21/compute/v2.1/os-services 0.933s
2024-10-10 15:08:14.931 62124 INFO tempest.lib.common.rest_client [req-e3cab1a1-7500-4e27-a78c-41b9d8962816 req-e3cab1a1-7500-4e27-a78c-41b9d8962816 ] Request (AbsoluteLimitsNegativeTestJSON:tearDownClass): 204 DELETE http://10.180.1.21/identity/v3/users/9f1bef35e0e24199a15627163ca2134d 0.126s
2024-10-10 15:08:14.932 62124 INFO tempest.lib.common.dynamic_creds [-] Deleting project and security group for project: 44fffc25a32a464bbd178ca879088e0d
2024-10-10 15:08:14.988 62153 INFO tempest.lib.common.rest_client [req-46ea4c79-0a1a-4a01-ae62-ea7a16b0b7df req-46ea4c79-0a1a-4a01-ae62-ea7a16b0b7df ] Request (ServersAdmin275Test:test_rebuild_update_server_275): 200 GET http://10.180.1.21/compute/v2.1/servers/9f2bbdd7-0925-439e-ad65-4fa0d03e89e1 0.904s
2024-10-10 15:08:15.037 62136 INFO tempest.lib.common.rest_client [req-5112658c-33b7-426a-a2b1-2c247624ebce req-5112658c-33b7-426a-a2b1-2c247624ebce ] Request (QuotasAdminTestV257:test_get_updated_quotas): 200 GET http://10.180.1.21/identity/v3/domains?name=Default 0.184s
2024-10-10 15:08:15.039 62106 INFO tempest.lib.common.rest_client [req-0022e484-b313-42f7-b9dd-7f997037983e req-0022e484-b313-42f7-b9dd-7f997037983e ] Request (FloatingIPDetailsTestJSON:tearDownClass): 204 DELETE http://10.180.1.21:9696/networking/v2.0/routers/641cb5ef-6bb8-4990-9551-86a330a0267c 0.688s
2024-10-10 15:08:15.056 62112 INFO tempest.lib.common.rest_client [req-ecd98ad9-1f72-478c-96d6-f8478ac542cc req-ecd98ad9-1f72-478c-96d6-f8478ac542cc ] Request (ServerDiagnosticsNegativeTest:test_get_server_diagnostics_by_non_admin): 200 GET http://10.180.1.21/compute/v2.1/servers/0ab9b146-7592-49f2-a5a8-155c977a48e5 0.927s
2024-10-10 15:08:15.095 62124 INFO tempest.lib.common.rest_client [req-91cf8d34-baaa-4458-a77a-cc07502402ec req-91cf8d34-baaa-4458-a77a-cc07502402ec ] Request (AbsoluteLimitsNegativeTestJSON:tearDownClass): 201 POST http://10.180.1.21/identity/v3/auth/tokens 0.163s
2024-10-10 15:08:15.112 62094 INFO tempest.lib.common.rest_client [req-3432684f-b7b0-4d38-9c69-1f9ea1274d7f req-3432684f-b7b0-4d38-9c69-1f9ea1274d7f ] Request (ServicesAdminNegativeV253TestJSON:tearDownClass): 204 DELETE http://10.180.1.21/identity/v3/users/cf6a422cabfd4d8f8843cc182fcc182c 0.188s
2024-10-10 15:08:15.215 62136 INFO tempest.lib.common.rest_client [req-a6efb846-90ce-44bd-9f8d-860459a0b51b req-a6efb846-90ce-44bd-9f8d-860459a0b51b ] Request (QuotasAdminTestV257:test_get_updated_quotas): 201 POST http://10.180.1.21/identity/v3/projects 0.177s
2024-10-10 15:08:15.221 62114 INFO tempest.lib.common.rest_client [req-c1b987b8-0326-4833-a6f3-212446783446 req-c1b987b8-0326-4833-a6f3-212446783446 ] Request (ListImageFiltersNegativeTestJSON:test_get_nonexistent_image): 404 GET http://10.180.1.21/compute/v2.1/images/72923772-a5a6-4769-9051-f0f5d0e46f53 0.995s
2024-10-10 15:08:15.254 62106 INFO tempest.lib.common.rest_client [req-d8a6ff37-4c21-4b24-b9b2-08029a727a05 req-d8a6ff37-4c21-4b24-b9b2-08029a727a05 ] Request (FloatingIPDetailsTestJSON:tearDownClass): 204 DELETE http://10.180.1.21:9696/networking/v2.0/subnets/f210c3e0-d6ba-44f3-9758-cdc1218ece36 0.215s
2024-10-10 15:08:15.299 62094 INFO tempest.lib.common.rest_client [req-26e2341c-81ac-46c3-9549-a98280a7e90a req-26e2341c-81ac-46c3-9549-a98280a7e90a ] Request (ServicesAdminNegativeV253TestJSON:tearDownClass): 204 DELETE http://10.180.1.21/identity/v3/users/9eff8a00d3734ac480d35cc641f701ad 0.186s
2024-10-10 15:08:15.299 62094 INFO tempest.lib.common.dynamic_creds [-] Deleting project and security group for project: 3ce8ac1080034dab83b33a57a9c878b8
2024-10-10 15:08:15.319 62128 INFO tempest.lib.common.rest_client [req-5422f74e-8be8-4ae8-8d1a-cbdca3a7fe4f req-5422f74e-8be8-4ae8-8d1a-cbdca3a7fe4f ] Request (ListServerFiltersTestJSON:setUpClass): 202 POST http://10.180.1.21/compute/v2.1/servers 1.203s
2024-10-10 15:08:15.340 62102 INFO tempest.lib.common.rest_client [req-3f69e9c1-101c-4905-bd72-da3336e95ecb req-3f69e9c1-101c-4905-bd72-da3336e95ecb ] Request (FlavorsAccessNegativeTestJSON:_run_cleanups): 200 GET http://10.180.1.21/compute/v2.1/flavors/detail 0.987s
2024-10-10 15:08:15.358 62136 INFO tempest.lib.common.rest_client [req-1434256e-b947-4fee-bc5a-0b3fc826fe9b req-1434256e-b947-4fee-bc5a-0b3fc826fe9b ] Request (QuotasAdminTestV257:test_get_updated_quotas): 200 GET http://10.180.1.21/identity/v3/domains?name=Default 0.142s
2024-10-10 15:08:15.419 62094 INFO tempest.lib.common.rest_client [req-7ee4a299-230d-49a3-b4c7-96f8a8cc97bf req-7ee4a299-230d-49a3-b4c7-96f8a8cc97bf ] Request (ServicesAdminNegativeV253TestJSON:tearDownClass): 201 POST http://10.180.1.21/identity/v3/auth/tokens 0.120s
2024-10-10 15:08:15.443 62124 INFO tempest.lib.common.rest_client [req-73f0413a-81b4-4dba-abf8-89842356241f req-73f0413a-81b4-4dba-abf8-89842356241f ] Request (AbsoluteLimitsNegativeTestJSON:tearDownClass): 200 GET http://10.180.1.21:9696/networking/v2.0/security-groups?tenant_id=44fffc25a32a464bbd178ca879088e0d&name=default 0.348s
2024-10-10 15:08:15.454 62114 INFO tempest.lib.common.rest_client [req-5f20d572-b32e-4efd-a51a-c3a5aa4ecac9 req-5f20d572-b32e-4efd-a51a-c3a5aa4ecac9 ] Request (ListImageFiltersNegativeTestJSON:tearDownClass): 204 DELETE http://10.180.1.21/identity/v3/users/2c739036cd784d67862d0e6647bcf1a0 0.229s
2024-10-10 15:08:15.454 62114 INFO tempest.lib.common.dynamic_creds [-] Deleting project and security group for project: 85407f885e0840e091a58bd8e1561f8e
2024-10-10 15:08:15.461 62148 INFO tempest.lib.common.rest_client [req-909b8ab4-c1b0-4393-a3dc-21b2cbfea20b req-909b8ab4-c1b0-4393-a3dc-21b2cbfea20b ] Request (MultipleCreateTestJSON:test_multiple_create_with_reservation_return): 200 GET http://10.180.1.21/compute/v2.1/servers 1.039s
2024-10-10 15:08:15.468 62092 INFO tempest.lib.common.rest_client [req-2cb0ed2c-e2fc-48d9-a2d4-5930157dc740 req-2cb0ed2c-e2fc-48d9-a2d4-5930157dc740 ] Request (AggregatesAdminNegativeTestJSON:test_aggregate_list_as_user): 403 GET http://10.180.1.21/compute/v2.1/os-aggregates 0.970s
2024-10-10 15:08:15.483 62100 INFO tempest.lib.common.rest_client [req-c6400d22-b80f-4911-9074-470c1dc670fe req-c6400d22-b80f-4911-9074-470c1dc670fe ] Request (FlavorsAdminTestJSON:test_is_public_string_variations): 200 POST http://10.180.1.21/compute/v2.1/flavors 0.966s
2024-10-10 15:08:15.504 62102 INFO tempest.lib.common.rest_client [req-e7441d7b-f019-41c1-bb26-44683561c95e req-e7441d7b-f019-41c1-bb26-44683561c95e ] Request (FlavorsAccessNegativeTestJSON:tearDownClass): 204 DELETE http://10.180.1.21/identity/v3/users/4131c87099684f83919e7f9bbd1ea672 0.159s
2024-10-10 15:08:15.543 62104 INFO tempest.lib.common.rest_client [req-3a8070f9-aa0e-49a0-b46f-3376621daf34 req-3a8070f9-aa0e-49a0-b46f-3376621daf34 ] Request (AttachInterfacesUnderV243Test:test_add_remove_fixed_ip): 200 GET http://10.180.1.21/compute/v2.1/servers/426e490f-82f7-4792-b61f-8c3210973ca8 0.984s
2024-10-10 15:08:15.551 62114 INFO tempest.lib.common.rest_client [req-420f5563-f9b4-45f7-b95b-76e90faa94fe req-420f5563-f9b4-45f7-b95b-76e90faa94fe ] Request (ListImageFiltersNegativeTestJSON:tearDownClass): 201 POST http://10.180.1.21/identity/v3/auth/tokens 0.096s
2024-10-10 15:08:15.551 62124 INFO tempest.lib.common.rest_client [req-d90c0a9f-d7a9-417d-8fb1-b5fbd09b40a7 req-d90c0a9f-d7a9-417d-8fb1-b5fbd09b40a7 ] Request (AbsoluteLimitsNegativeTestJSON:tearDownClass): 204 DELETE http://10.180.1.21:9696/networking/v2.0/security-groups/cd521107-f8e8-4909-bc57-e06bdaf40583 0.108s
2024-10-10 15:08:15.588 62106 INFO tempest.lib.common.rest_client [req-045b2aaa-de65-4592-851c-9e90046bae94 req-045b2aaa-de65-4592-851c-9e90046bae94 ] Request (FloatingIPDetailsTestJSON:tearDownClass): 204 DELETE http://10.180.1.21:9696/networking/v2.0/networks/0a7c9fb2-5503-4f9a-a353-3ff70774b014 0.334s
2024-10-10 15:08:15.594 62108 INFO tempest.lib.common.rest_client [req-c05c52ca-740b-4641-b7e2-5735d25ebc5d req-c05c52ca-740b-4641-b7e2-5735d25ebc5d ] Request (VolumesAdminNegativeTest:test_update_attached_volume_with_nonexistent_volume_in_body): 200 GET http://10.180.1.21/compute/v2.1/servers/3e4316c7-92b0-4c6f-95c5-f929a9845d6d 0.974s
2024-10-10 15:08:15.627 62102 INFO tempest.lib.common.rest_client [req-eb33f668-a39f-43fa-a210-9228974bd876 req-eb33f668-a39f-43fa-a210-9228974bd876 ] Request (FlavorsAccessNegativeTestJSON:tearDownClass): 204 DELETE http://10.180.1.21/identity/v3/users/995d5bc10d4c49ad9101bc03b0a37cf0 0.122s
2024-10-10 15:08:15.679 62094 INFO tempest.lib.common.rest_client [req-0c9daf3d-ee67-4a51-afd9-7b83b3761890 req-0c9daf3d-ee67-4a51-afd9-7b83b3761890 ] Request (ServicesAdminNegativeV253TestJSON:tearDownClass): 200 GET http://10.180.1.21:9696/networking/v2.0/security-groups?tenant_id=3ce8ac1080034dab83b33a57a9c878b8&name=default 0.259s
2024-10-10 15:08:15.726 62110 INFO tempest.lib.common.rest_client [req-95204f2e-a1de-4391-b4bc-bd4dc668aa80 req-95204f2e-a1de-4391-b4bc-bd4dc668aa80 ] Request (QuotasAdminNegativeTest:test_create_server_when_cpu_quota_is_full): 200 GET http://10.180.1.21/compute/v2.1/os-quota-sets/86f7465220cf4a1fbcf445b472b3e546 1.380s
2024-10-10 15:08:15.741 62124 INFO tempest.lib.common.rest_client [req-9c401606-d8e4-405d-a519-3a97545518c0 req-9c401606-d8e4-405d-a519-3a97545518c0 ] Request (AbsoluteLimitsNegativeTestJSON:tearDownClass): 204 DELETE http://10.180.1.21/identity/v3/projects/44fffc25a32a464bbd178ca879088e0d 0.189s
2024-10-10 15:08:15.746 62140 INFO tempest.lib.common.rest_client [req-dc9121e5-a01d-4c24-97f7-0e81f6d70e5f req-dc9121e5-a01d-4c24-97f7-0e81f6d70e5f ] Request (SecurityGroupRulesTestJSON:tearDownClass): 202 DELETE http://10.180.1.21/compute/v2.1/os-security-groups/25588a3e-8fd6-4bef-9ef8-e59d45b48c9d 1.096s
2024-10-10 15:08:15.758 62096 INFO tempest.lib.common.rest_client [req-5593a41d-e972-4a30-b435-0e449140ea44 req-5593a41d-e972-4a30-b435-0e449140ea44 ] Request (KeyPairsV22TestJSON:test_keypairs_create_list_delete): 200 GET http://10.180.1.21/compute/v2.1/os-keypairs 0.866s
2024-10-10 15:08:15.776 62132 INFO tempest.lib.common.rest_client [req-3a628bc9-23d9-4e09-bb33-dad9033a39ef req-3a628bc9-23d9-4e09-bb33-dad9033a39ef ] Request (ServerGroupTestJSON:test_create_delete_multiple_server_groups_with_same_name_policy): 200 GET http://10.180.1.21/compute/v2.1/os-server-groups 0.865s
2024-10-10 15:08:15.800 62146 INFO tempest.lib.common.rest_client [req-aa7bcda6-bb1b-4e52-adf8-9db037a719e8 req-aa7bcda6-bb1b-4e52-adf8-9db037a719e8 ] Request (TenantUsagesTestJSON:setUpClass): 200 GET http://10.180.1.21/compute/v2.1/servers/198f1144-f06f-4095-92cc-1a9d05d7bc1c 1.120s
2024-10-10 15:08:15.809 62094 INFO tempest.lib.common.rest_client [req-222fe94b-f384-465e-be9f-f0f8992e15ae req-222fe94b-f384-465e-be9f-f0f8992e15ae ] Request (ServicesAdminNegativeV253TestJSON:tearDownClass): 204 DELETE http://10.180.1.21:9696/networking/v2.0/security-groups/1af61233-7963-4ab2-ae18-376c8ac24fbe 0.129s
2024-10-10 15:08:15.840 62144 INFO tempest.lib.common.rest_client [req-30b03469-41e6-484d-9ffc-709c59c16230 req-30b03469-41e6-484d-9ffc-709c59c16230 ] Request (ServersWithSpecificFlavorTestJSON:test_verify_created_server_ephemeral_disk): 200 GET http://10.180.1.21/compute/v2.1/servers/6acc2d77-58a6-45f1-894d-6057a6ddb98c 0.866s
2024-10-10 15:08:15.849 62130 INFO tempest.lib.common.rest_client [req-38fb62c5-21ac-4786-a1a9-a9fcfe1e39ea req-38fb62c5-21ac-4786-a1a9-a9fcfe1e39ea ] Request (ServerRescueNegativeTestJSON:setUpClass): 200 GET http://10.180.1.21/compute/v2.1/servers/eb1b2f3c-ad03-4d31-91eb-9449c6197255 0.739s
2024-10-10 15:08:15.854 62106 INFO tempest.lib.common.rest_client [req-2a0ce8e5-4ee3-49b2-a20f-2cf0c32128c8 req-2a0ce8e5-4ee3-49b2-a20f-2cf0c32128c8 ] Request (FloatingIPDetailsTestJSON:tearDownClass): 204 DELETE http://10.180.1.21/identity/v3/users/c891e18c568c49119bdcffcba6520642 0.265s
2024-10-10 15:08:15.854 62106 INFO tempest.lib.common.dynamic_creds [-] Deleting project and security group for project: 4cb1edd7c4774bfaaed3f93c3043f509
2024-10-10 15:08:15.897 62102 INFO tempest.lib.common.rest_client [req-6e799217-9ee4-4c16-8c99-ebc0a6bcd52e req-6e799217-9ee4-4c16-8c99-ebc0a6bcd52e ] Request (FlavorsAccessNegativeTestJSON:tearDownClass): 204 DELETE http://10.180.1.21/identity/v3/users/fd473cf8b70a40c99cdb448f725f94c2 0.270s
2024-10-10 15:08:15.898 62102 INFO tempest.lib.common.dynamic_creds [-] Deleting project and security group for project: 858b0aa976cc46b283ffedba2c41f4ad
2024-10-10 15:08:15.909 62142 INFO tempest.lib.common.rest_client [req-a929ff79-c0a1-4d12-88c7-34d3a01550a8 req-a929ff79-c0a1-4d12-88c7-34d3a01550a8 ] Request (ServersAdminTestJSON:setUpClass): 200 GET http://10.180.1.21/compute/v2.1/servers/cf5d59b1-cd31-46d5-8a3f-5368169a3941 0.636s
2024-10-10 15:08:15.910 62106 INFO tempest.lib.common.rest_client [req-a08662d8-fb4a-47fd-9a0e-70c52b99911b req-a08662d8-fb4a-47fd-9a0e-70c52b99911b ] Request (FloatingIPDetailsTestJSON:tearDownClass): 200 GET http://10.180.1.21:9696/networking/v2.0/security-groups?tenant_id=4cb1edd7c4774bfaaed3f93c3043f509&name=default 0.055s
2024-10-10 15:08:15.914 62154 INFO tempest.lib.common.rest_client [req-d284addf-f4aa-4d2f-bd4c-92f9697b977b req-d284addf-f4aa-4d2f-bd4c-92f9697b977b ] Request (ServerActionsTestOtherA:setUpClass): 200 GET http://10.180.1.21/compute/v2.1/servers/654456e2-cecb-4073-a953-69096c951fef 0.713s
2024-10-10 15:08:15.922 62124 INFO tempest.lib.common.rest_client [req-a6c8f893-81e4-4005-b929-9e0160805810 req-a6c8f893-81e4-4005-b929-9e0160805810 ] Request (SecurityGroupsTestJSON:setUpClass): 201 POST http://10.180.1.21/identity/v3/auth/tokens 0.179s
2024-10-10 15:08:15.959 62128 INFO tempest.lib.common.rest_client [req-8af4a139-7c36-428d-af54-84ebccb17fb3 req-8af4a139-7c36-428d-af54-84ebccb17fb3 ] Request (ListServerFiltersTestJSON:setUpClass): 200 GET http://10.180.1.21/compute/v2.1/servers/1d2ad2a5-c80f-42d6-918e-3fdace683d93 0.639s
2024-10-10 15:08:15.960 62102 INFO tempest.lib.common.rest_client [req-179c7b48-fc96-4bb3-aea5-4b4479cd1364 req-179c7b48-fc96-4bb3-aea5-4b4479cd1364 ] Request (FlavorsAccessNegativeTestJSON:tearDownClass): 201 POST http://10.180.1.21/identity/v3/auth/tokens 0.061s
2024-10-10 15:08:15.965 62114 INFO tempest.lib.common.rest_client [req-8e3e00a5-d032-4eda-8411-660508825fb7 req-8e3e00a5-d032-4eda-8411-660508825fb7 ] Request (ListImageFiltersNegativeTestJSON:tearDownClass): 200 GET http://10.180.1.21:9696/networking/v2.0/security-groups?tenant_id=85407f885e0840e091a58bd8e1561f8e&name=default 0.413s
2024-10-10 15:08:15.971 62122 INFO tempest.lib.common.rest_client [req-873f5ca9-e853-4053-8fa1-377719ef4e52 req-873f5ca9-e853-4053-8fa1-377719ef4e52 ] Request (InstanceActionsTestJSON:setUpClass): 200 GET http://10.180.1.21/compute/v2.1/servers/47768c87-0a7c-4451-8b09-0b85a613c96d 0.626s
2024-10-10 15:08:15.991 62094 INFO tempest.lib.common.rest_client [req-57e3ee3f-68e2-4783-9ae6-97497a5aa381 req-57e3ee3f-68e2-4783-9ae6-97497a5aa381 ] Request (ServicesAdminNegativeV253TestJSON:tearDownClass): 204 DELETE http://10.180.1.21/identity/v3/projects/3ce8ac1080034dab83b33a57a9c878b8 0.182s
2024-10-10 15:08:15.991 62094 INFO tempest.lib.common.dynamic_creds [-] Deleting project and security group for project: e2907ca366a44b16a5abd1368619e377
2024-10-10 15:08:16.019 62124 INFO tempest.lib.common.rest_client [req-656100f7-f749-4ff8-a128-c790dfc43263 req-656100f7-f749-4ff8-a128-c790dfc43263 ] Request (SecurityGroupsTestJSON:setUpClass): 201 POST http://10.180.1.21/identity/v3/auth/tokens 0.094s
2024-10-10 15:08:16.024 62098 INFO tempest.lib.common.rest_client [req-306d9693-886b-4ec6-9cb1-db84c378e600 req-306d9693-886b-4ec6-9cb1-db84c378e600 ] Request (ServerRescueTestJSON:setUpClass): 200 GET http://10.180.1.21/compute/v2.1/servers/1991dad6-eac3-4a85-bac5-549d0c076792 0.607s
2024-10-10 15:08:16.081 62106 INFO tempest.lib.common.rest_client [req-ec85e887-8180-4624-af9a-702f127b816d req-ec85e887-8180-4624-af9a-702f127b816d ] Request (FloatingIPDetailsTestJSON:tearDownClass): 204 DELETE http://10.180.1.21:9696/networking/v2.0/security-groups/6ba2822b-b8b9-46e5-9223-780956075ac8 0.171s
2024-10-10 15:08:16.083 62124 INFO tempest.lib.common.rest_client [req-0511d777-0ddd-4478-9c6b-a5f9addf86a0 req-0511d777-0ddd-4478-9c6b-a5f9addf86a0 ] Request (SecurityGroupsTestJSON:setUpClass): 200 GET http://10.180.1.21/identity/v3/domains?name=Default 0.064s
2024-10-10 15:08:16.092 62114 INFO tempest.lib.common.rest_client [req-0c3b7dd6-fa12-4ba2-89ad-7f658de84438 req-0c3b7dd6-fa12-4ba2-89ad-7f658de84438 ] Request (ListImageFiltersNegativeTestJSON:tearDownClass): 204 DELETE http://10.180.1.21:9696/networking/v2.0/security-groups/ab98fbc4-069a-4d83-bce7-72e4162a1dc3 0.126s
2024-10-10 15:08:16.099 62148 INFO tempest.lib.common.rest_client [req-669d4bb3-a728-4f02-9ec3-c7551d620287 req-669d4bb3-a728-4f02-9ec3-c7551d620287 ] Request (MultipleCreateTestJSON:test_multiple_create_with_reservation_return): 200 GET http://10.180.1.21/compute/v2.1/servers/0c020ac4-5458-459b-b847-14029502ef0b 0.635s
2024-10-10 15:08:16.126 62124 INFO tempest.lib.common.rest_client [req-c2a88782-9977-49de-b823-5c645381b221 req-c2a88782-9977-49de-b823-5c645381b221 ] Request (SecurityGroupsTestJSON:setUpClass): 201 POST http://10.180.1.21/identity/v3/projects 0.043s
2024-10-10 15:08:16.131 62092 INFO tempest.lib.common.rest_client [req-27482eff-368b-4a35-bb11-d748720bdf2e req-27482eff-368b-4a35-bb11-d748720bdf2e ] Request (AggregatesAdminNegativeTestJSON:test_aggregate_remove_host_as_user): 200 POST http://10.180.1.21/compute/v2.1/os-aggregates 0.662s
2024-10-10 15:08:16.147 62100 INFO tempest.lib.common.rest_client [req-1e93567c-043e-403d-ace3-846c9ac472b3 req-1e93567c-043e-403d-ace3-846c9ac472b3 ] Request (FlavorsAdminTestJSON:test_is_public_string_variations): 200 POST http://10.180.1.21/compute/v2.1/flavors 0.662s
2024-10-10 15:08:16.151 62106 INFO tempest.lib.common.rest_client [req-7d22fd9c-966b-481e-9d38-fa11556ea388 req-7d22fd9c-966b-481e-9d38-fa11556ea388 ] Request (FloatingIPDetailsTestJSON:tearDownClass): 204 DELETE http://10.180.1.21/identity/v3/projects/4cb1edd7c4774bfaaed3f93c3043f509 0.070s
2024-10-10 15:08:16.153 62094 INFO tempest.lib.common.rest_client [req-675a1c40-849b-4af1-9467-236ea4488a9d req-675a1c40-849b-4af1-9467-236ea4488a9d ] Request (ServicesAdminNegativeV253TestJSON:tearDownClass): 200 GET http://10.180.1.21:9696/networking/v2.0/security-groups?tenant_id=e2907ca366a44b16a5abd1368619e377&name=default 0.162s
2024-10-10 15:08:16.209 62116 INFO tempest.lib.common.rest_client [req-ca0e0e7a-f5c2-4540-8f98-40681e51076a req-ca0e0e7a-f5c2-4540-8f98-40681e51076a ] Request (AttachInterfacesTestJSON:test_create_list_show_delete_interfaces_by_fixed_ip): 200 GET http://10.180.1.21/compute/v2.1/servers/0ab661ac-dd65-40b7-a1eb-12c1ceadb658 0.706s
2024-10-10 15:08:16.223 62124 INFO tempest.lib.common.rest_client [req-366e8c74-5af7-45d4-8f6e-3d6881d2259f req-366e8c74-5af7-45d4-8f6e-3d6881d2259f ] Request (SecurityGroupsTestJSON:setUpClass): 201 POST http://10.180.1.21/identity/v3/users 0.096s
2024-10-10 15:08:16.224 62102 INFO tempest.lib.common.rest_client [req-a6cc4e56-0300-4e85-b501-024d25d51d68 req-a6cc4e56-0300-4e85-b501-024d25d51d68 ] Request (FlavorsAccessNegativeTestJSON:tearDownClass): 200 GET http://10.180.1.21:9696/networking/v2.0/security-groups?tenant_id=858b0aa976cc46b283ffedba2c41f4ad&name=default 0.264s
2024-10-10 15:08:16.255 62094 INFO tempest.lib.common.rest_client [req-fad7f95b-22b3-48bb-8c9d-63ace33fda2e req-fad7f95b-22b3-48bb-8c9d-63ace33fda2e ] Request (ServicesAdminNegativeV253TestJSON:tearDownClass): 204 DELETE http://10.180.1.21:9696/networking/v2.0/security-groups/c9ab82c2-f696-4549-935d-b6bff9580073 0.101s
2024-10-10 15:08:16.266 62114 INFO tempest.lib.common.rest_client [req-b33e9f91-2c40-475d-9042-8b07f6e93eeb req-b33e9f91-2c40-475d-9042-8b07f6e93eeb ] Request (ListImageFiltersNegativeTestJSON:tearDownClass): 204 DELETE http://10.180.1.21/identity/v3/projects/85407f885e0840e091a58bd8e1561f8e 0.174s
2024-10-10 15:08:16.266 62150 INFO tempest.lib.common.rest_client [req-0a7a8997-345e-475e-95e6-3c04a6c9fcd0 req-0a7a8997-345e-475e-95e6-3c04a6c9fcd0 ] Request (ListImageFiltersTestJSON:setUpClass): 200 GET http://10.180.1.21/compute/v2.1/servers/6e3c0489-b436-4482-9346-3e21fd6e9118 0.654s
2024-10-10 15:08:16.284 62106 INFO tempest.lib.common.rest_client [req-d68fc5bc-cce0-4c54-a8ce-fbc17e41278d req-d68fc5bc-cce0-4c54-a8ce-fbc17e41278d ] Request (ImagesNegativeTestJSON:setUpClass): 201 POST http://10.180.1.21/identity/v3/auth/tokens 0.131s
2024-10-10 15:08:16.306 62124 INFO tempest.lib.common.rest_client [req-9198f5f2-de8e-456d-9db2-2b998e4d92d1 req-9198f5f2-de8e-456d-9db2-2b998e4d92d1 ] Request (SecurityGroupsTestJSON:setUpClass): 200 GET http://10.180.1.21/identity/v3/roles 0.083s
2024-10-10 15:08:16.322 62126 INFO tempest.lib.common.rest_client [req-6ab87e73-4cd0-4317-aa49-a41df63f1c97 req-6ab87e73-4cd0-4317-aa49-a41df63f1c97 ] Request (VolumesAssistedSnapshotsTest:test_volume_assisted_snapshot_create_delete): 200 GET http://10.180.1.21/compute/v2.1/servers/6e77c34a-7e27-46c8-a1be-b3da6351368e 0.601s
2024-10-10 15:08:16.336 62102 INFO tempest.lib.common.rest_client [req-c7a7939b-9195-49c6-84cc-3d325c650410 req-c7a7939b-9195-49c6-84cc-3d325c650410 ] Request (FlavorsAccessNegativeTestJSON:tearDownClass): 204 DELETE http://10.180.1.21:9696/networking/v2.0/security-groups/bde32434-651c-45d1-8ad1-a3019951c8a3 0.111s
2024-10-10 15:08:16.359 62094 INFO tempest.lib.common.rest_client [req-1043f526-30a8-43cd-b3a0-4d66f41a87c7 req-1043f526-30a8-43cd-b3a0-4d66f41a87c7 ] Request (ServicesAdminNegativeV253TestJSON:tearDownClass): 204 DELETE http://10.180.1.21/identity/v3/projects/e2907ca366a44b16a5abd1368619e377 0.103s
2024-10-10 15:08:16.406 62114 INFO tempest.lib.common.rest_client [req-990ca96d-c77c-4d40-b327-82935cb5c7d7 req-990ca96d-c77c-4d40-b327-82935cb5c7d7 ] Request (ServerShowV257Test:setUpClass): 201 POST http://10.180.1.21/identity/v3/auth/tokens 0.138s
2024-10-10 15:08:16.413 62136 INFO tempest.lib.common.rest_client [req-c7afc8ba-f973-477a-9e03-52a19b6d798f req-c7afc8ba-f973-477a-9e03-52a19b6d798f ] Request (QuotasAdminTestV257:test_get_updated_quotas): 200 PUT http://10.180.1.21/compute/v2.1/os-quota-sets/5575e5d490d94abf89055d2bc5b46f8a 1.054s
2024-10-10 15:08:16.430 62106 INFO tempest.lib.common.rest_client [req-4b1b83b7-7681-43d5-9f10-2d670d6a3d08 req-4b1b83b7-7681-43d5-9f10-2d670d6a3d08 ] Request (ImagesNegativeTestJSON:setUpClass): 201 POST http://10.180.1.21/identity/v3/auth/tokens 0.142s
2024-10-10 15:08:16.431 62124 INFO tempest.lib.common.rest_client [req-3ca54482-a8ea-4872-8315-0597096f2933 req-3ca54482-a8ea-4872-8315-0597096f2933 ] Request (SecurityGroupsTestJSON:setUpClass): 204 PUT http://10.180.1.21/identity/v3/projects/41728fddf8974551aea7b044d17ce81b/users/7e197fee8d4f494c93bcd1de4765427f/roles/308063b346f546fa999cc78d9b801522 0.124s
2024-10-10 15:08:16.431 62124 INFO tempest.lib.common.dynamic_creds [-] Dynamic test user 7e197fee8d4f494c93bcd1de4765427f is created with scope project and roles: ['member']
2024-10-10 15:08:16.431 62124 INFO tempest.lib.common.dynamic_creds [-] Acquired dynamic creds: credentials: Credentials: {'domain_id': 'default', 'domain_name': 'Default', 'username': 'tempest-SecurityGroupsTestJSON-1340953170-project-member', 'project_domain_id': 'default', 'project_domain_name': 'Default', 'project_id': '41728fddf8974551aea7b044d17ce81b', 'project_name': 'tempest-SecurityGroupsTestJSON-1340953170', 'tenant_id': '41728fddf8974551aea7b044d17ce81b', 'tenant_name': 'tempest-SecurityGroupsTestJSON-1340953170', 'user_domain_id': 'default', 'user_domain_name': 'Default', 'user_id': '7e197fee8d4f494c93bcd1de4765427f', 'system': None}, Network: None, Subnet: None, Router: None
2024-10-10 15:08:16.481 62094 INFO tempest.lib.common.rest_client [req-5fb7b70b-5b2f-48d7-842a-9d6fc9df0e7f req-5fb7b70b-5b2f-48d7-842a-9d6fc9df0e7f ] Request (InstanceActionsNegativeTestJSON:setUpClass): 201 POST http://10.180.1.21/identity/v3/auth/tokens 0.121s
2024-10-10 15:08:16.509 62102 INFO tempest.lib.common.rest_client [req-c8ce75c1-7c43-4eb7-868e-6ceef1bcac5e req-c8ce75c1-7c43-4eb7-868e-6ceef1bcac5e ] Request (FlavorsAccessNegativeTestJSON:tearDownClass): 204 DELETE http://10.180.1.21/identity/v3/projects/858b0aa976cc46b283ffedba2c41f4ad 0.173s
2024-10-10 15:08:16.509 62102 INFO tempest.lib.common.dynamic_creds [-] Deleting project and security group for project: 6eb072c8e47b4678a55823ce82cecd4b
2024-10-10 15:08:16.528 62114 INFO tempest.lib.common.rest_client [req-b01339b9-796f-455e-bbd6-09e341b77f35 req-b01339b9-796f-455e-bbd6-09e341b77f35 ] Request (ServerShowV257Test:setUpClass): 201 POST http://10.180.1.21/identity/v3/auth/tokens 0.117s
2024-10-10 15:08:16.531 62140 INFO tempest.lib.common.rest_client [req-73a9fa11-46b8-47f7-9cc5-da12bf031603 req-73a9fa11-46b8-47f7-9cc5-da12bf031603 ] Request (SecurityGroupRulesTestJSON:tearDownClass): 202 DELETE http://10.180.1.21/compute/v2.1/os-security-groups/938c1e7f-9a0d-43dd-8d76-be1212b6aa2a 0.784s
2024-10-10 15:08:16.547 62096 INFO tempest.lib.common.rest_client [req-7a4e419c-b377-4f94-89b5-50bb620a16a2 req-7a4e419c-b377-4f94-89b5-50bb620a16a2 ] Request (KeyPairsV22TestJSON:_run_cleanups): 204 DELETE http://10.180.1.21/compute/v2.1/os-keypairs/tempest-KeyPairsV22TestJSON-keypair-521270005 0.788s
2024-10-10 15:08:16.551 62124 INFO tempest.lib.common.rest_client [req-694d6833-ecc2-4771-9136-e0583dd6f6f2 req-694d6833-ecc2-4771-9136-e0583dd6f6f2 ] Request (SecurityGroupsTestJSON:setUpClass): 201 POST http://10.180.1.21/identity/v3/auth/tokens 0.119s
2024-10-10 15:08:16.552 62106 INFO tempest.lib.common.rest_client [req-dc274ccf-9320-4466-962b-e549f3adc228 req-dc274ccf-9320-4466-962b-e549f3adc228 ] Request (ImagesNegativeTestJSON:setUpClass): 200 GET http://10.180.1.21/identity/v3/domains?name=Default 0.122s
2024-10-10 15:08:16.576 62094 INFO tempest.lib.common.rest_client [req-fee38886-1c45-42a7-962e-e7a24e4679da req-fee38886-1c45-42a7-962e-e7a24e4679da ] Request (InstanceActionsNegativeTestJSON:setUpClass): 201 POST http://10.180.1.21/identity/v3/auth/tokens 0.093s
2024-10-10 15:08:16.592 62114 INFO tempest.lib.common.rest_client [req-4c4b42d9-7cb1-4b54-9099-2b4308c32cc0 req-4c4b42d9-7cb1-4b54-9099-2b4308c32cc0 ] Request (ServerShowV257Test:setUpClass): 200 GET http://10.180.1.21/identity/v3/domains?name=Default 0.063s
2024-10-10 15:08:16.609 62134 INFO tempest.lib.common.rest_client [req-bc5595cd-182f-4646-b6fa-df381cce451f req-bc5595cd-182f-4646-b6fa-df381cce451f ] Request (DeleteServersAdminTestJSON:test_delete_server_while_in_error_state): 200 GET http://10.180.1.21/compute/v2.1/servers/58288d75-3b8a-4efa-8e4b-6ba453c7627c 0.841s
2024-10-10 15:08:16.615 62106 INFO tempest.lib.common.rest_client [req-15b8a31c-32e0-48ea-80ed-4998133f06ec req-15b8a31c-32e0-48ea-80ed-4998133f06ec ] Request (ImagesNegativeTestJSON:setUpClass): 201 POST http://10.180.1.21/identity/v3/projects 0.062s
2024-10-10 15:08:16.631 62102 INFO tempest.lib.common.rest_client [req-d8aca915-809c-4e12-b602-37b041c7f76c req-d8aca915-809c-4e12-b602-37b041c7f76c ] Request (FlavorsAccessNegativeTestJSON:tearDownClass): 200 GET http://10.180.1.21:9696/networking/v2.0/security-groups?tenant_id=6eb072c8e47b4678a55823ce82cecd4b&name=default 0.122s
2024-10-10 15:08:16.666 62132 INFO tempest.lib.common.rest_client [req-21ff08c1-e3d6-4b24-82f5-701d2ec893d2 req-21ff08c1-e3d6-4b24-82f5-701d2ec893d2 ] Request (ServerGroupTestJSON:test_create_delete_server_group_with_affinity_policy): 200 POST http://10.180.1.21/compute/v2.1/os-server-groups 0.885s
2024-10-10 15:08:16.733 62121 INFO tempest.lib.common.rest_client [req-6b382612-2558-4fae-88cb-c73a61cdf150 req-6b382612-2558-4fae-88cb-c73a61cdf150 ] Request (ServerActionsTestJSON:setUpClass): 200 GET http://10.180.1.21/compute/v2.1/servers/cc9c73ab-427b-4951-b0be-043746971707 0.912s
2024-10-10 15:08:16.737 62094 INFO tempest.lib.common.rest_client [req-59d5ed61-b485-4f01-9a7e-c0b0c189745a req-59d5ed61-b485-4f01-9a7e-c0b0c189745a ] Request (InstanceActionsNegativeTestJSON:setUpClass): 200 GET http://10.180.1.21/identity/v3/domains?name=Default 0.160s
2024-10-10 15:08:16.746 62110 INFO tempest.lib.common.rest_client [req-5f7ff705-6c00-4215-ab51-3880bd8e58f1 req-5f7ff705-6c00-4215-ab51-3880bd8e58f1 ] Request (QuotasAdminNegativeTest:test_create_server_when_cpu_quota_is_full): 200 PUT http://10.180.1.21/compute/v2.1/os-quota-sets/86f7465220cf4a1fbcf445b472b3e546 1.018s
